02:14:49.709 T:4054840112 DEBUG: Channel Count : 2
02:14:49.709 T:4054840112 DEBUG: Channel Layout: FL, FR
02:14:49.709 T:4054840112 DEBUG: Frames : 4096
02:14:49.709 T:4054840112 DEBUG: Frame Size : 8
02:14:49.933 T:4090460992 DEBUG: ------ Window Deinit (DialogConfirm.xml) ------
02:14:49.950 T:4090460992 DEBUG: Activating window ID: 10000
02:14:49.950 T:4090460992 DEBUG: ------ Window Deinit (Startup.xml) ------
02:14:49.950 T:4090460992 DEBUG: ------ Window Init (Home.xml) ------
02:14:49.950 T:4090460992 INFO: Loading skin file: Home.xml, load type: KEEP_IN_MEMORY
02:14:50.187 T:4090460992 DEBUG: CDirectoryProvider[addons://]: refreshing..
02:14:50.188 T:4090460992 DEBUG: CDirectoryProvider[addons://sources/video/]: refreshing..
02:14:50.188 T:4090460992 DEBUG: CDirectoryProvider[addons://sources/audio/]: refreshing..
02:14:50.188 T:4090460992 DEBUG: CDirectoryProvider[addons://sources/game/]: refreshing..
02:14:50.188 T:3918201648 DEBUG: Thread JobWorker start, auto delete: true
02:14:50.188 T:4090460992 DEBUG: CDirectoryProvider[addons://sources/executable/]: refreshing..
02:14:50.188 T:4090460992 DEBUG: CDirectoryProvider[addons://sources/image/]: refreshing..
02:14:50.188 T:4090460992 DEBUG: CDirectoryProvider[library://video/]: refreshing..
02:14:50.188 T:4090460992 DEBUG: CDirectoryProvider[sources://video/]: refreshing..
02:14:50.188 T:4090460992 DEBUG: CDirectoryProvider[special://videoplaylists/]: refreshing..
02:14:50.188 T:4090460992 DEBUG: CDirectoryProvider[favourites://]: refreshing..
02:14:50.189 T:4090460992 DEBUG: CDirectoryProvider[addons://sources/game/]: refreshing..
02:14:50.256 T:3908039472 DEBUG: CAddonMgr::GetAvailableUpdates took 58 ms
02:14:50.302 T:4090460992 DEBUG: JSONRPC: JSON schema type definition references an unknown type Setting.Details.Setting
02:14:50.303 T:4090460992 WARNING: JSONRPC: Could not parse type "Setting.Details.SettingList"
02:14:50.303 T:4090460992 INFO: JSONRPC: Adding type "Setting.Details.SettingList" to list of incomplete definitions (waiting for "Setting.Details.Setting")
02:14:50.303 T:4090460992 INFO: JSONRPC: Resolving incomplete types/methods referencing Setting.Details.Setting
02:14:50.347 T:3908039472 DEBUG: CMultiPathDirectory::GetDirectory(multipath://special%3a%2f%2fprofile%2fplaylists%2fvideo/special%3a%2f%2fprofile%2fplaylists%2fmixed/)
02:14:50.347 T:3908039472 DEBUG: Getting Directory (special://profile/playlists/video)
02:14:50.349 T:3908039472 DEBUG: Getting Directory (special://profile/playlists/mixed)
02:14:50.350 T:3908039472 DEBUG: CMultiPathDirectory::MergeItems, items = 0
02:14:50.353 T:3853513520 DEBUG: CRecentlyAddedJob::UpdateMusic() - Running RecentlyAdded home screen update
02:14:50.369 T:3853513520 DEBUG: GetRecentlyAddedAlbumSongs() query: SELECT songview.*, songartistview.* FROM (SELECT idAlbum FROM album ORDER BY idAlbum DESC LIMIT 10) AS recentalbums JOIN songview ON songview.idAlbum = recentalbums.idAlbum JOIN songartistview ON songview.idSong = songartistview.idSong ORDER BY songview.idAlbum DESC, songview.idSong, songartistview.idRole, songartistview.iOrder
02:14:50.369 T:4090460992 INFO: JSONRPC v10.0.1: Successfully initialized
02:14:50.369 T:3908039472 INFO: WEATHER: Downloading weather
02:14:50.370 T:3832542000 DEBUG: Thread LanguageInvoker start, auto delete: false
02:14:50.371 T:3832542000 INFO: initializing python engine.
02:14:50.371 T:4090460992 DEBUG: LoadMappings - loaded node "Motorola Nyxboard Hybrid"
02:14:50.372 T:4090460992 DEBUG: LoadMappings - loaded node "CEC Adapter"
02:14:50.372 T:4090460992 DEBUG: LoadMappings - loaded node "Pulse-Eight CEC Adapter"
02:14:50.372 T:4090460992 DEBUG: LoadMappings - loaded node "iMON HID device"
02:14:50.372 T:4090460992 DEBUG: LoadMappings - loaded node "WETEK Play remote"
02:14:50.372 T:4090460992 DEBUG: LoadMappings - loaded node ""
02:14:50.373 T:3853513520 DEBUG: GetRecentlyAddedAlbums query: SELECT albumview.*, albumartistview.* FROM (SELECT idAlbum FROM album WHERE strAlbum != '' ORDER BY idAlbum DESC LIMIT 10) AS recentalbums JOIN albumview ON albumview.idAlbum = recentalbums.idAlbum JOIN albumartistview ON albumview.idAlbum = albumartistview.idAlbum ORDER BY albumview.idAlbum desc, albumartistview.iOrder
02:14:50.373 T:4090460992 DEBUG: CPeripheralBusUSB - initialised udev monitor
02:14:50.374 T:4090460992 DEBUG: Add-on bus: Registering add-on peripheral.joystick
02:14:50.375 T:4090460992 DEBUG: PERIPHERAL - CreateAddon - creating peripheral add-on instance 'Joystick Support'
02:14:50.375 T:4090460992 DEBUG: ADDON: Dll Initializing - Joystick Support
02:14:50.375 T:4090460992 DEBUG: SECTION:LoadDLL(/usr/lib/kodi/addons/peripheral.joystick/peripheral.joystick.so.1.4.6)
02:14:50.376 T:4090460992 DEBUG: Loading: /usr/lib/kodi/addons/peripheral.joystick/peripheral.joystick.so.1.4.6
02:14:50.378 T:3853513520 DEBUG: CRecentlyAddedJob::UpdateVideos() - Running RecentlyAdded home screen update
02:14:50.403 T:4090460992 DEBUG: AddOnLog: Joystick Support: Loaded 14 joystick families with 97 total joysticks
02:14:50.403 T:4090460992 DEBUG: Calling TransferSettings for: Joystick Support
02:14:50.404 T:4090460992 DEBUG: CAddonSettings[peripheral.joystick]: loading setting definitions
02:14:50.405 T:4090460992 INFO: AddOnLog: Joystick Support: Enabling joystick interface "linux"
02:14:50.405 T:3815756592 DEBUG: Thread PeripBusUSBUdev start, auto delete: false
02:14:50.406 T:3807363888 DEBUG: Thread PeripBusCEC start, auto delete: false
02:14:50.413 T:3853513520 DEBUG: CRecentlyAddedJob::UpdateTotal() - Running RecentlyAdded home screen update
02:14:50.417 T:3798971184 DEBUG: Thread PeripBusAddon start, auto delete: false
02:14:50.419 T:4090460992 DEBUG: Initialise - initialised peripheral on 'keyboard' with 1 features and 0 sub devices
02:14:50.419 T:4090460992 NOTICE: Register - new keyboard device registered on application->keyboard: Keyboard (0000:0000)
02:14:50.421 T:4090460992 DEBUG: Initialise - initialised peripheral on 'mouse' with 1 features and 0 sub devices
02:14:50.421 T:4090460992 NOTICE: Register - new mouse device registered on application->mouse: Mouse (0000:0000)
02:14:50.426 T:4090460992 DEBUG: ContextMenuManager: addon menus reloaded.
02:14:50.426 T:4090460992 NOTICE: Loading player core factory settings from special://xbmc/system/playercorefactory.xml.
02:14:50.427 T:3788501808 DEBUG: Thread PeripEventScanner start, auto delete: false
02:14:50.428 T:4090460992 DEBUG: CPlayerCoreConfig::: created player VideoPlayer
02:14:50.428 T:4090460992 DEBUG: CPlayerCoreConfig::: created player PAPlayer
02:14:50.428 T:4090460992 DEBUG: CPlayerCoreConfig::: created player RetroPlayer
02:14:50.428 T:4090460992 DEBUG: CPlayerSelectionRule::Initialize: creating rule: system rules
02:14:50.428 T:4090460992 DEBUG: CPlayerSelectionRule::Initialize: creating rule: mms/udp
02:14:50.428 T:4090460992 DEBUG: CPlayerSelectionRule::Initialize: creating rule: lastfm/shout
02:14:50.428 T:4090460992 DEBUG: CPlayerSelectionRule::Initialize: creating rule: rtmp
02:14:50.428 T:4090460992 DEBUG: CPlayerSelectionRule::Initialize: creating rule: rtsp
02:14:50.428 T:4090460992 DEBUG: CPlayerSelectionRule::Initialize: creating rule: streams
02:14:50.428 T:4090460992 DEBUG: CPlayerSelectionRule::Initialize: creating rule: aacp/sdp
02:14:50.428 T:4090460992 DEBUG: CPlayerSelectionRule::Initialize: creating rule: mp2
02:14:50.428 T:4090460992 DEBUG: CPlayerSelectionRule::Initialize: creating rule: dvd
02:14:50.428 T:4090460992 DEBUG: CPlayerSelectionRule::Initialize: creating rule: dvdimage
02:14:50.428 T:4090460992 DEBUG: CPlayerSelectionRule::Initialize: creating rule: sdp/asf
02:14:50.428 T:4090460992 DEBUG: CPlayerSelectionRule::Initialize: creating rule: nsv
02:14:50.428 T:4090460992 DEBUG: CPlayerSelectionRule::Initialize: creating rule: radio
02:14:50.428 T:4090460992 NOTICE: Loaded playercorefactory configuration
02:14:50.429 T:4090460992 NOTICE: Loading player core factory settings from special://masterprofile/playercorefactory.xml.
02:14:50.429 T:4090460992 NOTICE: special://masterprofile/playercorefactory.xml does not exist. Skipping.
02:14:50.429 T:3853513520 DEBUG: GetArtistsByWhere query: SELECT COUNT(DISTINCT artistview.idArtist) FROM artistview WHERE ((EXISTS (SELECT 1 FROM song_artist WHERE song_artist.idArtist = artistview.idArtist AND song_artist.idRole = 1) OR EXISTS (SELECT 1 FROM album_artist WHERE album_artist.idArtist = artistview.idArtist)) AND (artistview.strArtist != '')) AND (artistview.strArtist <> 'Various artists')
02:14:50.429 T:4090460992 INFO: removing tempfiles
02:14:50.440 T:3832542000 DEBUG: CPythonInvoker(0, /storage/.kodi/addons/weather.gismeteo/default.py): start processing
02:14:50.452 T:4090460992 DEBUG: CRepositoryUpdater: previous update at 16/01/2019 1:45:21, next at 17/01/2019 1:45:21
02:14:50.457 T:3780109104 DEBUG: Thread Timer start, auto delete: false
02:14:50.459 T:4090460992 DEBUG: CServiceAddonManager: starting service.coreelec.settings
02:14:50.461 T:3771716400 DEBUG: Thread LanguageInvoker start, auto delete: false
02:14:50.461 T:3771716400 INFO: initializing python engine.
02:14:50.462 T:3771716400 DEBUG: CPythonInvoker(1, /usr/share/kodi/addons/service.coreelec.settings/service.py): start processing
02:14:50.463 T:4090460992 DEBUG: CServiceAddonManager: starting script.embuary.helper
02:14:50.463 T:3763323696 DEBUG: Thread LanguageInvoker start, auto delete: false
02:14:50.463 T:3763323696 INFO: initializing python engine.
02:14:50.463 T:3763323696 DEBUG: CPythonInvoker(2, /storage/.kodi/addons/script.embuary.helper/service.py): start processing
02:14:50.466 T:4090460992 DEBUG: CServiceAddonManager: starting service.skin.widgets
02:14:50.467 T:3754930992 DEBUG: Thread LanguageInvoker start, auto delete: false
02:14:50.467 T:4090460992 DEBUG: CServiceAddonManager: starting script.tv.show.next.aired
02:14:50.467 T:3754930992 INFO: initializing python engine.
02:14:50.467 T:3754930992 DEBUG: CPythonInvoker(3, /storage/.kodi/addons/service.skin.widgets/default.py): start processing
02:14:50.477 T:3746538288 DEBUG: Thread LanguageInvoker start, auto delete: false
02:14:50.477 T:4090460992 DEBUG: CServiceAddonManager: starting plugin.video.youtube
02:14:50.479 T:3738145584 DEBUG: Thread LanguageInvoker start, auto delete: false
02:14:50.479 T:4090460992 NOTICE: initialize done
02:14:50.479 T:4090460992 NOTICE: Running the application...
02:14:50.480 T:4090460992 DEBUG: no profile autoexec.py (/storage/.kodi/userdata/autoexec.py) found, skipping
02:14:50.487 T:3746538288 INFO: initializing python engine.
02:14:50.487 T:3746538288 INFO: Previous line repeats 1 times.
02:14:50.487 T:3746538288 DEBUG: CPythonInvoker(4, /storage/.kodi/addons/script.tv.show.next.aired/service.py): start processing
02:14:50.487 T:3738145584 DEBUG: CPythonInvoker(5, /storage/.kodi/addons/plugin.video.youtube/resources/lib/startup.py): start processing
02:14:50.554 T:3832542000 DEBUG: -->Python Interpreter Initialized<--
02:14:50.554 T:3832542000 DEBUG: CPythonInvoker(0, /storage/.kodi/addons/weather.gismeteo/default.py): the source file to load is "/storage/.kodi/addons/weather.gismeteo/default.py"
02:14:50.642 T:3807363888 DEBUG: GetMappingForDevice - device (0000:0000) mapped to CEC Adapter (type = cec)
02:14:50.644 T:3807363888 DEBUG: InitialiseFeature - using libCEC v4.0.4
02:14:50.645 T:3807363888 DEBUG: Initialise - initialised peripheral on 'AOCEC' with 2 features and 0 sub devices
02:14:50.645 T:3706782512 DEBUG: Thread CECAdapter start, auto delete: false
02:14:50.645 T:3807363888 NOTICE: Register - new cec device registered on cec->AOCEC: CEC Adapter (0000:0000)
02:14:50.645 T:3706782512 DEBUG: OpenConnection - opening a connection to the CEC adapter: AOCEC
02:14:50.648 T:3763323696 DEBUG: -->Python Interpreter Initialized<--
02:14:50.648 T:3763323696 DEBUG: CPythonInvoker(2, /storage/.kodi/addons/script.embuary.helper/service.py): the source file to load is "/storage/.kodi/addons/script.embuary.helper/service.py"
02:14:50.685 T:3832542000 DEBUG: CPythonInvoker(0, /storage/.kodi/addons/weather.gismeteo/default.py): setting the Python path to /storage/.kodi/addons/weather.gismeteo:/storage/.kodi/addons/script.module.future/libs:/usr/lib/python27.zip:/usr/lib/python2.7:/usr/lib/python2.7/plat-linux2:/usr/lib/python2.7/lib-tk:/usr/lib/python2.7/lib-old:/usr/lib/python2.7/lib-dynload:/usr/lib/python2.7/site-packages:/usr/lib/python2.7/site-packages/gtk-2.0
02:14:50.685 T:3832542000 DEBUG: CPythonInvoker(0, /storage/.kodi/addons/weather.gismeteo/default.py): entering source directory /storage/.kodi/addons/weather.gismeteo
02:14:50.711 T:3832542000 DEBUG: CPythonInvoker(0, /storage/.kodi/addons/weather.gismeteo/default.py): instantiating addon using automatically obtained id of "weather.gismeteo" dependent on version 2.25.0 of the xbmc.python api
02:14:50.756 T:3746538288 DEBUG: -->Python Interpreter Initialized<--
02:14:50.756 T:3746538288 DEBUG: CPythonInvoker(4, /storage/.kodi/addons/script.tv.show.next.aired/service.py): the source file to load is "/storage/.kodi/addons/script.tv.show.next.aired/service.py"
02:14:50.950 T:4090460992 DEBUG: LogindUPowerSyscall - Received unknown signal NameAcquired
02:14:50.951 T:4090460992 DEBUG: ------ Window Init (DialogNotification.xml) ------
02:14:50.953 T:4067849008 DEBUG: Thread RSSReader start, auto delete: false
02:14:50.954 T:4067849008 DEBUG: CurlFile::Open(0xf2766c00) http://feeds.kodi.tv/xbmc
02:14:50.954 T:4067849008 INFO: easy_acquire - Created session to http://feeds.kodi.tv
02:14:51.224 T:3763323696 DEBUG: CPythonInvoker(2, /storage/.kodi/addons/script.embuary.helper/service.py): setting the Python path to /storage/.kodi/addons/script.embuary.helper:/storage/.kodi/addons/script.module.simplejson/lib:/usr/share/kodi/addons/script.module.pil/lib:/usr/lib/python27.zip:/usr/lib/python2.7:/usr/lib/python2.7/plat-linux2:/usr/lib/python2.7/lib-tk:/usr/lib/python2.7/lib-old:/usr/lib/python2.7/lib-dynload:/usr/lib/python2.7/site-packages:/usr/lib/python2.7/site-packages/gtk-2.0
02:14:51.224 T:3763323696 DEBUG: CPythonInvoker(2, /storage/.kodi/addons/script.embuary.helper/service.py): entering source directory /storage/.kodi/addons/script.embuary.helper
02:14:51.225 T:3754930992 DEBUG: -->Python Interpreter Initialized<--
02:14:51.225 T:3754930992 DEBUG: CPythonInvoker(3, /storage/.kodi/addons/service.skin.widgets/default.py): the source file to load is "/storage/.kodi/addons/service.skin.widgets/default.py"
02:14:51.225 T:3738145584 DEBUG: -->Python Interpreter Initialized<--
02:14:51.226 T:3738145584 DEBUG: CPythonInvoker(5, /storage/.kodi/addons/plugin.video.youtube/resources/lib/startup.py): the source file to load is "/storage/.kodi/addons/plugin.video.youtube/resources/lib/startup.py"
02:14:51.227 T:3763323696 DEBUG: CPythonInvoker(2, /storage/.kodi/addons/script.embuary.helper/service.py): instantiating addon using automatically obtained id of "script.embuary.helper" dependent on version 2.1.0 of the xbmc.python api
02:14:51.231 T:3771716400 DEBUG: -->Python Interpreter Initialized<--
02:14:51.231 T:3771716400 DEBUG: CPythonInvoker(1, /usr/share/kodi/addons/service.coreelec.settings/service.py): the source file to load is "/usr/share/kodi/addons/service.coreelec.settings/service.py"
02:14:51.231 T:3746538288 DEBUG: CPythonInvoker(4, /storage/.kodi/addons/script.tv.show.next.aired/service.py): setting the Python path to /storage/.kodi/addons/script.tv.show.next.aired:/storage/.kodi/addons/script.module.simplejson/lib:/usr/lib/python27.zip:/usr/lib/python2.7:/usr/lib/python2.7/plat-linux2:/usr/lib/python2.7/lib-tk:/usr/lib/python2.7/lib-old:/usr/lib/python2.7/lib-dynload:/usr/lib/python2.7/site-packages:/usr/lib/python2.7/site-packages/gtk-2.0
02:14:51.231 T:3746538288 DEBUG: CPythonInvoker(4, /storage/.kodi/addons/script.tv.show.next.aired/service.py): entering source directory /storage/.kodi/addons/script.tv.show.next.aired
02:14:51.284 T:3746538288 DEBUG: CPythonInvoker(4, /storage/.kodi/addons/script.tv.show.next.aired/service.py): instantiating addon using automatically obtained id of "script.tv.show.next.aired" dependent on version 2.1.0 of the xbmc.python api
02:14:51.459 T:4067849008 DEBUG: Got rss feed: http://feeds.kodi.tv/xbmc
02:14:51.487 T:4067849008 DEBUG: RSS feed encoding: UTF-8
02:14:51.489 T:4067849008 DEBUG: Parsed rss feed: http://feeds.kodi.tv/xbmc
02:14:51.489 T:4067849008 DEBUG: CurlFile::Open(0xf2766c00) http://feeds.kodi.tv/latest_xbmc_addons
02:14:51.495 T:3754930992 DEBUG: CPythonInvoker(3, /storage/.kodi/addons/service.skin.widgets/default.py): setting the Python path to /storage/.kodi/addons/service.skin.widgets:/storage/.kodi/addons/script.module.simplejson/lib:/usr/lib/python27.zip:/usr/lib/python2.7:/usr/lib/python2.7/plat-linux2:/usr/lib/python2.7/lib-tk:/usr/lib/python2.7/lib-old:/usr/lib/python2.7/lib-dynload:/usr/lib/python2.7/site-packages:/usr/lib/python2.7/site-packages/gtk-2.0
02:14:51.495 T:3754930992 DEBUG: CPythonInvoker(3, /storage/.kodi/addons/service.skin.widgets/default.py): entering source directory /storage/.kodi/addons/service.skin.widgets
02:14:51.495 T:3738145584 DEBUG: CPythonInvoker(5, /storage/.kodi/addons/plugin.video.youtube/resources/lib/startup.py): setting the Python path to /storage/.kodi/addons/plugin.video.youtube/resources/lib:/storage/.kodi/addons/script.module.certifi/lib:/storage/.kodi/addons/script.module.chardet/lib:/storage/.kodi/addons/script.module.idna/lib:/storage/.kodi/addons/script.module.requests/lib:/storage/.kodi/addons/script.module.six/lib:/storage/.kodi/addons/script.module.urllib3/lib:/usr/lib/python27.zip:/usr/lib/python2.7:/usr/lib/python2.7/plat-linux2:/usr/lib/python2.7/lib-tk:/usr/lib/python2.7/lib-old:/usr/lib/python2.7/lib-dynload:/usr/lib/python2.7/site-packages:/usr/lib/python2.7/site-packages/gtk-2.0
02:14:51.495 T:3738145584 DEBUG: CPythonInvoker(5, /storage/.kodi/addons/plugin.video.youtube/resources/lib/startup.py): entering source directory /storage/.kodi/addons/plugin.video.youtube/resources/lib
02:14:51.495 T:3754930992 DEBUG: CPythonInvoker(3, /storage/.kodi/addons/service.skin.widgets/default.py): instantiating addon using automatically obtained id of "service.skin.widgets" dependent on version 2.14.0 of the xbmc.python api
02:14:51.552 T:3738145584 DEBUG: CPythonInvoker(5, /storage/.kodi/addons/plugin.video.youtube/resources/lib/startup.py): instantiating addon using automatically obtained id of "plugin.video.youtube" dependent on version 2.20.0 of the xbmc.python api
02:14:51.742 T:4067849008 DEBUG: Got rss feed: http://feeds.kodi.tv/latest_xbmc_addons
02:14:51.759 T:4067849008 DEBUG: RSS feed encoding:
02:14:51.759 T:4067849008 DEBUG: CurlFile::Open(0xf2766c00) http://feeds.kodi.tv/updated_xbmc_addons
02:14:51.855 T:4067849008 DEBUG: Got rss feed: http://feeds.kodi.tv/updated_xbmc_addons
02:14:51.863 T:4067849008 DEBUG: RSS feed encoding:
02:14:51.864 T:4067849008 DEBUG: Thread RSSReader 4067849008 terminating
02:14:51.871 T:3771716400 DEBUG: CPythonInvoker(1, /usr/share/kodi/addons/service.coreelec.settings/service.py): setting the Python path to /usr/share/kodi/addons/service.coreelec.settings:/usr/lib/python27.zip:/usr/lib/python2.7:/usr/lib/python2.7/plat-linux2:/usr/lib/python2.7/lib-tk:/usr/lib/python2.7/lib-old:/usr/lib/python2.7/lib-dynload:/usr/lib/python2.7/site-packages:/usr/lib/python2.7/site-packages/gtk-2.0
02:14:51.871 T:3771716400 DEBUG: CPythonInvoker(1, /usr/share/kodi/addons/service.coreelec.settings/service.py): entering source directory /usr/share/kodi/addons/service.coreelec.settings
02:14:52.079 T:3746538288 DEBUG: CAddonSettings[script.tv.show.next.aired]: loading setting definitions
02:14:52.079 T:3746538288 DEBUG: CAddonSettings[script.tv.show.next.aired]: trying to load setting definitions from old format...
02:14:52.081 T:3746538288 DEBUG: script.tv.show.next.aired: ### params: {'service': 'true'}
02:14:52.082 T:3746538288 NOTICE: script.tv.show.next.aired: ### TV Show - Next Aired starting background proc (6.0.15)
02:14:52.137 T:3771716400 DEBUG: CPythonInvoker(1, /usr/share/kodi/addons/service.coreelec.settings/service.py): instantiating addon using automatically obtained id of "service.coreelec.settings" dependent on version 2.1.0 of the xbmc.python api
02:14:52.338 T:3832542000 DEBUG: CAddonSettings[weather.gismeteo]: loading setting definitions
02:14:52.338 T:3832542000 DEBUG: CAddonSettings[weather.gismeteo]: trying to load setting definitions from old format...
02:14:52.341 T:3832542000 DEBUG: CAddonSettings[weather.gismeteo]: loading setting values
02:14:52.624 T:3746538288 NOTICE: script.tv.show.next.aired: ### no prior data found
02:14:53.482 T:3738145584 DEBUG: [plugin.video.youtube] YouTube service initialization...
02:14:53.647 T:3738145584 DEBUG: [plugin.video.youtube] Cleared home window properties: []
02:14:53.653 T:3738145584 DEBUG: CAddonSettings[plugin.video.youtube]: loading setting definitions
02:14:53.653 T:3738145584 DEBUG: CAddonSettings[plugin.video.youtube]: trying to load setting definitions from old format...
02:14:53.664 T:3738145584 DEBUG: CAddonSettings[plugin.video.youtube]: loading setting values
02:14:53.681 T:3771716400 DEBUG: ## CoreELEC Addon ## 9.0.0
02:14:53.706 T:3763323696 NOTICE: script.embuary.helper: Service started
02:14:53.706 T:3763323696 NOTICE: script.embuary.helper: Start new fanart grabber process
02:14:53.838 T:3754930992 DEBUG: Skin Widgets: script version 0.0.33 started
02:14:54.160 T:3763323696 NOTICE: script.embuary.helper: Backgrounds: No movie artworks found.
02:14:54.163 T:3754930992 DEBUG: CAddonSettings[service.skin.widgets]: loading setting definitions
02:14:54.163 T:3754930992 DEBUG: CAddonSettings[service.skin.widgets]: trying to load setting definitions from old format...
02:14:54.193 T:3763323696 NOTICE: script.embuary.helper: Backgrounds: No TV show artworks found.
02:14:54.193 T:3763323696 NOTICE: script.embuary.helper: Update widget reload property
02:14:54.198 T:3763323696 NOTICE: script.embuary.helper: Update cache reload property
02:14:54.275 T:3754930992 DEBUG: GetAlbumsByWhereJSON query: SELECT a1.*, album_artist.idArtist AS idArtist, artist.strArtist AS strArtist FROM (SELECT albumview.idAlbum, strAlbum, strReview, strGenres, strThemes, strMoods, strStyles, strType, strLabel, fRating, iYear, iTimesPlayed, art.url AS thumbnail FROM albumview LEFT JOIN art ON art.media_id = idAlbum AND art.media_type = 'album' AND art.type = 'thumb' WHERE albumview.strReleaseType = 'album' ORDER BY RANDOM() LIMIT 20) AS a1 JOIN album_artist ON album_artist.idAlbum = a1.idAlbum JOIN artist ON artist.idArtist = album_artist.idArtist GROUP BY a1.idAlbum, album_artist.idArtist ORDER BY a1.idAlbum, album_artist.iOrder
02:14:54.277 T:3754930992 DEBUG: GetAlbumsByWhereJSON - query took 2 ms
02:14:54.296 T:3754930992 DEBUG: GetArtistsByWhereJSON query: SELECT a1.*, art.art_id AS idArt, art.type AS artType, art.url AS artURL FROM (SELECT artist.idArtist, strArtist, strInstruments, strBiography, strGenres, strMoods, strStyles, strYearsActive, strBorn, strFormed, strDied, strDisbanded FROM artist WHERE ((EXISTS (SELECT 1 FROM song_artist WHERE song_artist.idArtist = artist.idArtist AND song_artist.idRole = 1) OR EXISTS (SELECT 1 FROM album_artist WHERE album_artist.idArtist = artist.idArtist)) AND (artist.strArtist != '')) AND (artist.strArtist <> 'Various artists') ORDER BY RANDOM() LIMIT 20) AS a1 LEFT JOIN art ON art.media_id = a1.idArtist AND art.media_type = 'artist' GROUP BY a1.idArtist, art.art_id ORDER BY a1.idArtist, arttype
02:14:54.298 T:3754930992 DEBUG: GetArtistsByWhereJSON - query took 2 ms
02:14:54.324 T:3754930992 DEBUG: GetSongsByWhereJSON query: SELECT sv.*, song_artist.idArtist AS idArtist, songartist.strArtist AS strArtist FROM (SELECT song.idSong, strTitle, song.iYear, iTimesPlayed, rating, path.strPath || strFilename AS strPathFile, album.strAlbum AS strAlbum FROM song JOIN album ON album.idAlbum = song.idAlbum JOIN path ON path.idPath = song.idPath WHERE ((CAST(song.iTimesPlayed as DECIMAL(5,1)) < 1)) ORDER BY RANDOM() LIMIT 20) AS sv JOIN song_artist ON song_artist.idSong = sv.idSong AND song_artist.idRole = 1 JOIN artist AS songartist ON songartist.idArtist = song_artist.idArtist GROUP BY sv.idSong, song_artist.idArtist ORDER BY sv.idSong, song_artist.iOrder
02:14:54.325 T:3754930992 DEBUG: GetSongsByWhereJSON - query took 1 ms
02:14:54.331 T:3832542000 DEBUG: CAddonSettings[weather.gismeteo]: loading setting definitions
02:14:54.331 T:3832542000 DEBUG: CAddonSettings[weather.gismeteo]: trying to load setting definitions from old format...
02:14:54.334 T:3832542000 DEBUG: CAddonSettings[weather.gismeteo]: loading setting values
02:14:54.377 T:3832542000 DEBUG: weather.gismeteo [v.0.3.3]:
02:14:54.378 T:3832542000 DEBUG: weather.gismeteo [v.0.3.3]: Actions: ['root', 'location', 'clear_cache']
02:14:54.378 T:3832542000 DEBUG: weather.gismeteo [v.0.3.3]: Called action root with params
02:14:54.436 T:3771716400 INFO: ## CoreELEC Addon ## system::set_hostname ## CoreELEC
02:14:54.444 T:3771716400 INFO: ## CoreELEC Addon ## system::set_keyboard_layout ## pt-latin9
02:14:54.444 T:3771716400 INFO: ## CoreELEC Addon ## system::set_keyboard_layout ## loadkmap < `ls -1 /usr/lib/keymaps/*/pt-latin9.bmap`
02:14:54.625 T:3746538288 NOTICE: script.tv.show.next.aired: ### starting data update
02:14:54.626 T:3746538288 NOTICE: script.tv.show.next.aired: ### grabbing a new country mapping list
02:14:54.677 T:3754930992 DEBUG: Skin Widgets: Total time needed to request random queries: 0:00:00.511060
02:14:54.701 T:3832542000 INFO: CPythonInvoker(0, /storage/.kodi/addons/weather.gismeteo/default.py): script successfully run
02:14:54.724 T:3832542000 DEBUG: onExecutionDone(0, /storage/.kodi/addons/weather.gismeteo/default.py)
02:14:54.734 T:3754930992 DEBUG: GetAlbumsByWhereJSON query: SELECT a1.*, album_artist.idArtist AS idArtist, artist.strArtist AS strArtist FROM (SELECT albumview.idAlbum, strAlbum, strReview, strGenres, strThemes, strMoods, strStyles, strType, strLabel, fRating, iYear, strArtists, iTimesPlayed, art.url AS thumbnail FROM albumview LEFT JOIN art ON art.media_id = idAlbum AND art.media_type = 'album' AND art.type = 'thumb' WHERE albumview.strReleaseType = 'album' ORDER BY iTimesPlayed DESC, CASE WHEN CAST(strAlbum AS INTEGER) = 0 THEN 100000000 ELSE CAST(strAlbum AS INTEGER) END DESC, strAlbum COLLATE NOCASE DESC, CASE WHEN CAST(strArtists AS INTEGER) = 0 THEN 100000000 ELSE CAST(strArtists AS INTEGER) END DESC, strArtists COLLATE NOCASE DESC, albumview.idAlbum DESC LIMIT 20) AS a1 JOIN album_artist ON album_artist.idAlbum = a1.idAlbum JOIN artist ON artist.idArtist = album_artist.idArtist GROUP BY a1.idAlbum, album_artist.idArtist ORDER BY iTimesPlayed DESC, CASE WHEN CAST(strAlbum AS INTEGER) = 0 THEN 100000000 ELSE CAST(strAlbum AS INTEGER) END DESC, strAlbum COLLATE NOCASE DESC, CASE WHEN CAST(strArtists AS INTEGER) = 0 THEN 100000000 ELSE CAST(strArtists AS INTEGER) END DESC, strArtists COLLATE NOCASE DESC, a1.idAlbum DESC, album_artist.iOrder
02:14:54.736 T:3754930992 DEBUG: GetAlbumsByWhereJSON - query took 3 ms
02:14:54.862 T:3832542000 INFO: Python interpreter stopped
02:14:54.862 T:3832542000 DEBUG: Thread LanguageInvoker 3832542000 terminating
02:14:54.878 T:3754930992 DEBUG: Skin Widgets: Total time needed to request recommended queries: 0:00:00.200571
02:14:54.899 T:3908039472 DEBUG: POParser: loaded 130 weather tokens
02:14:54.928 T:3754930992 DEBUG: GetAlbumsByWhereJSON query: SELECT a1.*, album_artist.idArtist AS idArtist, artist.strArtist AS strArtist FROM (SELECT albumview.idAlbum, strAlbum, strReview, strGenres, strThemes, strMoods, strStyles, strType, strLabel, fRating, iYear, iTimesPlayed, dateAdded, art.url AS thumbnail FROM albumview LEFT JOIN art ON art.media_id = idAlbum AND art.media_type = 'album' AND art.type = 'thumb' WHERE albumview.strReleaseType = 'album' ORDER BY dateAdded DESC, albumview.idAlbum DESC LIMIT 20) AS a1 JOIN album_artist ON album_artist.idAlbum = a1.idAlbum JOIN artist ON artist.idArtist = album_artist.idArtist GROUP BY a1.idAlbum, album_artist.idArtist ORDER BY dateAdded DESC, a1.idAlbum DESC, album_artist.iOrder
02:14:54.930 T:3754930992 DEBUG: GetAlbumsByWhereJSON - query took 1 ms
02:14:54.931 T:3754930992 DEBUG: Skin Widgets: Total time needed to request recent items queries: 0:00:00.053103
02:14:54.932 T:3754930992 DEBUG: Skin Widgets: Total time needed for all queries: 0:00:00.766022
02:14:55.195 T:3771716400 INFO: ## CoreELEC Addon ## updates::updateThread ## Started
02:14:55.196 T:3771716400 INFO: ## CoreELEC Addon ## updates::set_auto_update ## auto
02:14:55.277 T:3650089776 INFO: ## CoreELEC Addon ## _service_::run ## WAITING:
02:14:55.304 T:3724768048 INFO: ## CoreELEC Addon ## xdbus Monitor started. ##
02:14:55.472 T:3746538288 DEBUG: script.tv.show.next.aired: ### search language = "en"
02:14:55.837 T:3706782512 DEBUG: OpenConnection - connection to the CEC adapter opened
02:14:55.837 T:3706782512 DEBUG: SetConfigurationFromLibCEC - settings updated by libCEC
02:14:55.838 T:3641697072 DEBUG: Thread CECAdapterUpdate start, auto delete: false
02:14:56.681 T:4090460992 DEBUG: ------ Window Deinit (DialogNotification.xml) ------
02:15:04.437 T:4009747248 DEBUG: LIRC: - NEW 6c 0 KEY_DOWN devinput (KEY_DOWN)
02:15:04.451 T:4090460992 DEBUG: HandleKey: 167 (0xa7, obc88) pressed, action is Down
02:15:05.717 T:4009747248 DEBUG: LIRC: - NEW 67 0 KEY_UP devinput (KEY_UP)
02:15:05.731 T:4090460992 DEBUG: HandleKey: 166 (0xa6, obc89) pressed, action is Up
02:15:06.622 T:4009747248 DEBUG: LIRC: - NEW 67 0 KEY_UP devinput (KEY_UP)
02:15:06.631 T:4090460992 DEBUG: HandleKey: 166 (0xa6, obc89) pressed, action is Up
02:15:07.297 T:4009747248 DEBUG: LIRC: - NEW 6a 0 KEY_RIGHT devinput (KEY_RIGHT)
02:15:07.311 T:4090460992 DEBUG: HandleKey: 168 (0xa8, obc87) pressed, action is Right
02:15:07.797 T:4009747248 DEBUG: LIRC: - NEW 1c 0 KEY_ENTER devinput (KEY_ENTER)
02:15:07.811 T:4090460992 DEBUG: HandleKey: 11 (0x0b, obc244) pressed, action is Select
02:15:07.811 T:4090460992 DEBUG: Activating window ID: 10004
02:15:08.120 T:4090460992 DEBUG: ------ Window Deinit (Home.xml) ------
02:15:08.120 T:4090460992 DEBUG: FreeVisualisation() done
02:15:08.131 T:4090460992 DEBUG: ------ Window Init (Settings.xml) ------
02:15:08.131 T:4090460992 INFO: Loading skin file: Settings.xml, load type: KEEP_IN_MEMORY
02:15:09.067 T:4009747248 DEBUG: LIRC: - NEW 67 0 KEY_UP devinput (KEY_UP)
02:15:09.071 T:4090460992 DEBUG: HandleKey: 166 (0xa6, obc89) pressed, action is Up
02:15:10.443 T:4009747248 DEBUG: LIRC: - NEW 6c 0 KEY_DOWN devinput (KEY_DOWN)
02:15:10.451 T:4090460992 DEBUG: HandleKey: 167 (0xa7, obc88) pressed, action is Down
02:15:10.879 T:4009747248 DEBUG: LIRC: - NEW 6c 0 KEY_DOWN devinput (KEY_DOWN)
02:15:10.891 T:4090460992 DEBUG: HandleKey: 167 (0xa7, obc88) pressed, action is Down
02:15:11.318 T:4009747248 DEBUG: LIRC: - NEW 6c 0 KEY_DOWN devinput (KEY_DOWN)
02:15:11.358 T:4090460992 DEBUG: HandleKey: 167 (0xa7, obc88) pressed, action is Down
02:15:12.107 T:4009747248 DEBUG: LIRC: - NEW 1c 0 KEY_ENTER devinput (KEY_ENTER)
02:15:12.111 T:4090460992 DEBUG: HandleKey: 11 (0x0b, obc244) pressed, action is Select
02:15:12.112 T:3633304368 DEBUG: Thread LanguageInvoker start, auto delete: false
02:15:12.113 T:3633304368 INFO: initializing python engine.
02:15:12.113 T:3633304368 DEBUG: CPythonInvoker(6, /usr/share/kodi/addons/service.coreelec.settings/default.py): start processing
02:15:12.157 T:3633304368 DEBUG: -->Python Interpreter Initialized<--
02:15:12.157 T:3633304368 DEBUG: CPythonInvoker(6, /usr/share/kodi/addons/service.coreelec.settings/default.py): the source file to load is "/usr/share/kodi/addons/service.coreelec.settings/default.py"
02:15:12.157 T:3633304368 DEBUG: CPythonInvoker(6, /usr/share/kodi/addons/service.coreelec.settings/default.py): setting the Python path to /usr/share/kodi/addons/service.coreelec.settings:/usr/lib/python27.zip:/usr/lib/python2.7:/usr/lib/python2.7/plat-linux2:/usr/lib/python2.7/lib-tk:/usr/lib/python2.7/lib-old:/usr/lib/python2.7/lib-dynload:/usr/lib/python2.7/site-packages:/usr/lib/python2.7/site-packages/gtk-2.0
02:15:12.157 T:3633304368 DEBUG: CPythonInvoker(6, /usr/share/kodi/addons/service.coreelec.settings/default.py): entering source directory /usr/share/kodi/addons/service.coreelec.settings
02:15:12.157 T:3633304368 DEBUG: CPythonInvoker(6, /usr/share/kodi/addons/service.coreelec.settings/default.py): instantiating addon using automatically obtained id of "service.coreelec.settings" dependent on version 2.1.0 of the xbmc.python api
02:15:12.172 T:3633304368 INFO: CPythonInvoker(6, /usr/share/kodi/addons/service.coreelec.settings/default.py): script successfully run
02:15:12.172 T:3633304368 DEBUG: onExecutionDone(6, /usr/share/kodi/addons/service.coreelec.settings/default.py)
02:15:12.172 T:3650089776 INFO: ## CoreELEC Addon ## _service_::run ## MESSAGE:'openConfigurationWindow'
02:15:12.287 T:3633304368 INFO: Python interpreter stopped
02:15:12.287 T:3633304368 DEBUG: Thread LanguageInvoker 3633304368 terminating
02:15:12.291 T:4090460992 DEBUG: ------ Window Init (/usr/share/kodi/addons/service.coreelec.settings/resources/skins/Default/1080i/service-CoreELEC-Settings-mainWindow.xml) ------
02:15:12.291 T:4090460992 INFO: Loading skin file: /usr/share/kodi/addons/service.coreelec.settings/resources/skins/Default/1080i/service-CoreELEC-Settings-mainWindow.xml, load type: LOAD_ON_GUI_INIT
02:15:12.327 T:4090460992 ERROR: Window Translator: Can't find window videolibrary
02:15:12.327 T:4090460992 WARNING: Label Formating: $VAR[GlobalFanartVar] is not defined
02:15:12.392 T:4090460992 ERROR: Control 1000 in window 13001 has been asked to focus, but it can't
02:15:12.393 T:3650089776 INFO: ## CoreELEC Addon ## _service_::run ## WAITING:
02:15:13.786 T:4009747248 DEBUG: LIRC: - NEW 6c 0 KEY_DOWN devinput (KEY_DOWN)
02:15:13.791 T:4090460992 DEBUG: HandleKey: 167 (0xa7, obc88) pressed, action is Down
02:15:14.245 T:4009747248 DEBUG: LIRC: - NEW 6c 0 KEY_DOWN devinput (KEY_DOWN)
02:15:14.271 T:4090460992 DEBUG: HandleKey: 167 (0xa7, obc88) pressed, action is Down
02:15:15.727 T:4009747248 DEBUG: LIRC: - NEW 6c 0 KEY_DOWN devinput (KEY_DOWN)
02:15:15.729 T:4090460992 DEBUG: HandleKey: 167 (0xa7, obc88) pressed, action is Down
02:15:15.975 T:4090460992 DEBUG: [Warning] CGUITextureManager::GetTexturePath: could not find texture 'lists/separator.png'
02:15:17.957 T:4009747248 DEBUG: LIRC: - NEW 9e 0 KEY_BACK devinput (KEY_BACK)
02:15:17.981 T:4090460992 DEBUG: HandleKey: menu (0xd8) pressed, action is Back
02:15:18.342 T:4090460992 DEBUG: ------ Window Deinit (/usr/share/kodi/addons/service.coreelec.settings/resources/skins/Default/1080i/service-CoreELEC-Settings-mainWindow.xml) ------
02:15:18.343 T:4090460992 DEBUG: FreeVisualisation() done
02:15:20.441 T:3918201648 DEBUG: Previous line repeats 1 times.
02:15:20.441 T:3918201648 DEBUG: Thread JobWorker 3918201648 terminating (autodelete)
02:15:20.463 T:3853513520 DEBUG: Thread JobWorker 3853513520 terminating (autodelete)
02:15:22.111 T:4090460992 INFO: CheckIdle - Closing session to http://feeds.kodi.tv (easy=0xf30014a8, multi=0xf30065a0)
02:15:24.902 T:3908039472 DEBUG: Thread JobWorker 3908039472 terminating (autodelete) ################################################################################ # ... output of cat /storage/.kodi/temp/kodi.old.log # LibreELEC release: S912.arm-8.95.7 # ################################################################################
00:00:26.249 T:4089289536 NOTICE: -----------------------------------------------------------------------
00:00:26.249 T:4089289536 NOTICE: Starting Kodi (18.0-RC4 Git:18.0rc4-Leia). Platform: Linux ARM 32-bit
00:00:26.249 T:4089289536 NOTICE: Using Release Kodi x32 build
00:00:26.249 T:4089289536 NOTICE: Kodi compiled 2019-01-03 by GCC 8.2.0 for Linux ARM 32-bit version 3.14.29 (200221)
00:00:26.249 T:4089289536 NOTICE: Running on CoreELEC (official): 8.95.7 (9.0), kernel: Linux ARM 64-bit version 3.14.29 aarch64
00:00:26.249 T:4089289536 NOTICE: FFmpeg version/source: 4.0.3-Kodi
00:00:26.249 T:4089289536 NOTICE: Host CPU: AArch64 Processor rev 4 (aarch64), 8 cores available
00:00:26.249 T:4089289536 NOTICE: ARM Features: Neon enabled
00:00:26.249 T:4089289536 NOTICE: special://xbmc/ is mapped to: /usr/share/kodi/
00:00:26.249 T:4089289536 NOTICE: special://xbmcbin/ is mapped to: /usr/lib/kodi
00:00:26.249 T:4089289536 NOTICE: special://xbmcbinaddons/ is mapped to: /usr/lib/kodi/addons
00:00:26.249 T:4089289536 NOTICE: special://masterprofile/ is mapped to: /storage/.kodi/userdata
00:00:26.249 T:4089289536 NOTICE: special://envhome/ is mapped to: /storage
00:00:26.249 T:4089289536 NOTICE: special://home/ is mapped to: /storage/.kodi
00:00:26.249 T:4089289536 NOTICE: special://temp/ is mapped to: /storage/.kodi/temp
00:00:26.249 T:4089289536 NOTICE: special://logpath/ is mapped to: /storage/.kodi/temp
00:00:26.249 T:4089289536 NOTICE: The executable running is: /usr/lib/kodi/kodi.bin
00:00:26.249 T:4089289536 NOTICE: Local hostname: CoreELEC
00:00:26.250 T:4089289536 NOTICE: Log File is located: /storage/.kodi/temp/kodi.log
00:00:26.250 T:4089289536 NOTICE: -----------------------------------------------------------------------
00:00:26.260 T:4089289536 INFO: loading settings
00:00:26.262 T:4089289536 NOTICE: special://profile/ is mapped to: special://masterprofile/
00:00:26.293 T:4089289536 DEBUG: CSkinSettings: no tag found
00:00:26.294 T:4089289536 NOTICE: CMediaSourceSettings: loading media sources from special://masterprofile/sources.xml
00:00:26.298 T:4089289536 NOTICE: Loaded settings file from special://xbmc/system/advancedsettings.xml
00:00:26.298 T:4089289536 NOTICE: Contents of special://xbmc/system/advancedsettings.xml are... /usr/bin/cputemp /usr/bin/gputemp false 1 30 false
00:00:26.298 T:4089289536 WARNING: CSettingsManager: missing version attribute
00:00:26.300 T:4089289536 NOTICE: No settings file to load (special://masterprofile/advancedsettings.xml)
00:00:26.300 T:4089289536 NOTICE: Default Video Player: VideoPlayer
00:00:26.300 T:4089289536 NOTICE: Default Audio Player: paplayer
00:00:26.300 T:4089289536 NOTICE: Enabled debug logging due to GUI setting (2)
00:00:26.300 T:4089289536 NOTICE: Log level changed to "LOG_LEVEL_DEBUG_FREEMEM"
00:00:26.315 T:4089289536 INFO: creating subdirectories
00:00:26.316 T:4089289536 INFO: userdata folder: special://masterprofile/
00:00:26.316 T:4089289536 INFO: recording folder:
00:00:26.316 T:4089289536 INFO: screenshots folder: /storage/screenshots/
00:00:26.346 T:4089289536 DEBUG: libinput: event2: device is ignored
00:00:26.486 T:4089289536 NOTICE: PulseAudio: Server found running - will try to use Pulse
00:00:26.487 T:4008698672 DEBUG: Thread Lirc start, auto delete: false
00:00:26.488 T:4075811632 DEBUG: Thread libinput start, auto delete: false
00:00:26.488 T:4008698672 INFO: Loading special://xbmc/system/Lircmap.xml
00:00:26.498 T:4008698672 INFO: * Adding remote mapping for device 'mceusb'
00:00:26.498 T:4008698672 INFO: * Adding remote mapping for device 'XboxDVDDongle'
00:00:26.498 T:4008698672 INFO: * Adding remote mapping for device 'Microsoft_Xbox'
00:00:26.499 T:4008698672 INFO: * Adding remote mapping for device 'PinnacleSysPCTVRemote'
00:00:26.499 T:4008698672 INFO: * Adding remote mapping for device 'anysee'
00:00:26.499 T:4008698672 INFO: * Adding remote mapping for device 'iMON-PAD'
00:00:26.499 T:4008698672 INFO: * Adding remote mapping for device 'Antec_Veris_RM200'
00:00:26.499 T:4008698672 INFO: * Adding remote mapping for device 'MCE_via_iMON'
00:00:26.499 T:4008698672 INFO: * Adding remote mapping for device 'TwinHanRemote'
00:00:26.499 T:4008698672 INFO: * Adding remote mapping for device 'linux-input-layer'
00:00:26.499 T:4008698672 INFO: * Linking remote mapping for 'linux-input-layer' to 'cx23885_remote'
00:00:26.499 T:4008698672 INFO: * Adding remote mapping for device 'mediacenter'
00:00:26.499 T:4008698672 INFO: * Adding remote mapping for device 'devinput'
00:00:26.500 T:4008698672 INFO: * Adding remote mapping for device 'devinput-32'
00:00:26.500 T:4008698672 INFO: * Adding remote mapping for device 'devinput-64'
00:00:26.501 T:4008698672 DEBUG: CIRTranslator::Load - no userdata Lircmap.xml found, skipping
00:00:26.570 T:4089289536 NOTICE: Running database version Addons27
00:00:26.689 T:4075811632 DEBUG: CLibInputHandler::DeviceAdded - keyboard type device added: gpio_keypad (event0)
00:00:26.689 T:4075811632 DEBUG: CLibInputKeyboard::GetRepeat - delay: 500ms repeat: -1ms for gpio_keypad (event0)
00:00:26.739 T:4089289536 INFO: ADDON: cpluff: 'Could not read plug-in directory /usr/lib/kodi/addons: No such file or directory'
00:00:26.740 T:4089289536 DEBUG: ADDON: cpluff: 'Not all directories were successfully scanned.'
00:00:26.741 T:4089289536 NOTICE: ADDON: audioencoder.kodi.builtin.aac v1.0.0 installed
00:00:26.741 T:4089289536 NOTICE: ADDON: audioencoder.kodi.builtin.wma v1.0.0 installed
00:00:26.741 T:4089289536 NOTICE: ADDON: driver.dvb.crazycat_aml v9.0.0 installed
00:00:26.741 T:4089289536 NOTICE: ADDON: driver.dvb.dvb-latest v9.0.0 installed
00:00:26.741 T:4089289536 NOTICE: ADDON: game.controller.default v1.0.8 installed
00:00:26.741 T:4089289536 NOTICE: ADDON: game.controller.snes v1.0.8 installed
00:00:26.741 T:4089289536 NOTICE: ADDON: kodi.binary.global.audioengine v1.0.1 installed
00:00:26.741 T:4089289536 NOTICE: ADDON: kodi.binary.global.filesystem v1.0.2 installed
00:00:26.741 T:4089289536 NOTICE: ADDON: kodi.binary.global.general v1.0.3 installed
00:00:26.741 T:4089289536 NOTICE: ADDON: kodi.binary.global.gui v5.12.0 installed
00:00:26.741 T:4089289536 NOTICE: ADDON: kodi.binary.global.main v1.0.13 installed
00:00:26.741 T:4089289536 NOTICE: ADDON: kodi.binary.global.network v1.0.0 installed
00:00:26.741 T:4089289536 NOTICE: ADDON: kodi.binary.instance.audiodecoder v2.0.0 installed
00:00:26.741 T:4089289536 NOTICE: ADDON: kodi.binary.instance.audioencoder v2.0.0 installed
00:00:26.741 T:4089289536 NOTICE: ADDON: kodi.binary.instance.game v1.1.0 installed
00:00:26.741 T:4089289536 NOTICE: ADDON: kodi.binary.instance.imagedecoder v2.0.0 installed
00:00:26.741 T:4089289536 NOTICE: ADDON: kodi.binary.instance.inputstream v2.0.8 installed
00:00:26.741 T:4089289536 NOTICE: ADDON: kodi.binary.instance.peripheral v1.3.7 installed
00:00:26.741 T:4089289536 NOTICE: ADDON: kodi.binary.instance.pvr v5.10.4 installed
00:00:26.741 T:4089289536 NOTICE: ADDON: kodi.binary.instance.screensaver v2.0.0 installed
00:00:26.741 T:4089289536 NOTICE: ADDON: kodi.binary.instance.vfs v2.0.0 installed
00:00:26.741 T:4089289536 NOTICE: ADDON: kodi.binary.instance.videocodec v1.0.1 installed
00:00:26.741 T:4089289536 NOTICE: ADDON: kodi.binary.instance.visualization v2.0.1 installed
00:00:26.742 T:4089289536 NOTICE: ADDON: kodi.resource v1.0.0 installed
00:00:26.742 T:4089289536 NOTICE: ADDON: metadata.album.universal v3.1.1 installed
00:00:26.742 T:4089289536 NOTICE: ADDON: metadata.artists.universal v4.2.1 installed
00:00:26.742 T:4089289536 NOTICE: ADDON: metadata.common.allmusic.com v3.2.0 installed
00:00:26.742 T:4089289536 NOTICE: ADDON: metadata.common.fanart.tv v3.5.0 installed
00:00:26.742 T:4089289536 NOTICE: ADDON: metadata.common.imdb.com v3.1.4 installed
00:00:26.742 T:4089289536 NOTICE: ADDON: metadata.common.musicbrainz.org v2.2.1 installed
00:00:26.742 T:4089289536 NOTICE: ADDON: metadata.common.theaudiodb.com v2.0.0 installed
00:00:26.742 T:4089289536 NOTICE: ADDON: metadata.common.themoviedb.org v3.1.8 installed
00:00:26.742 T:4089289536 NOTICE: ADDON: metadata.local v1.0.0 installed
00:00:26.742 T:4089289536 NOTICE: ADDON: metadata.themoviedb.org v5.1.4 installed
00:00:26.742 T:4089289536 NOTICE: ADDON: metadata.tvshows.themoviedb.org v3.1.0 installed
00:00:26.742 T:4089289536 NOTICE: ADDON: os.libreelec.tv v9.0 installed
00:00:26.742 T:4089289536 NOTICE: ADDON: os.openelec.tv v9.0 installed
00:00:26.742 T:4089289536 NOTICE: ADDON: peripheral.joystick v1.4.6 installed
00:00:26.742 T:4089289536 NOTICE: ADDON: plugin.image.bancasapo v2.0.0 installed
00:00:26.742 T:4089289536 NOTICE: ADDON: plugin.program.autocompletion v1.0.1 installed
00:00:26.742 T:4089289536 NOTICE: ADDON: plugin.video.southpark_unofficial v0.4.7 installed
00:00:26.742 T:4089289536 NOTICE: ADDON: plugin.video.youtube v6.2.3 installed
00:00:26.742 T:4089289536 NOTICE: ADDON: pvr.iptvsimple v3.5.5.2 installed
00:00:26.742 T:4089289536 NOTICE: ADDON: repository.coreelec v9.0.2 installed
00:00:26.742 T:4089289536 NOTICE: ADDON: repository.kodinerds v6.0.0 installed
00:00:26.742 T:4089289536 NOTICE: ADDON: repository.xbmc.org v3.1.4 installed
00:00:26.742 T:4089289536 NOTICE: ADDON: repository.zomboided.plugins v1.0.0 installed
00:00:26.742 T:4089289536 NOTICE: ADDON: resource.images.moviegenreicons.white v0.0.6 installed
00:00:26.742 T:4089289536 NOTICE: ADDON: resource.images.musicgenreicons.grey v0.0.6 installed
00:00:26.742 T:4089289536 NOTICE: ADDON: resource.images.studios.white v0.0.18 installed
00:00:26.742 T:4089289536 NOTICE: ADDON: resource.images.weatherfanart.multi v0.0.6 installed
00:00:26.742 T:4089289536 NOTICE: ADDON: resource.images.weathericons.default v1.1.8 installed
00:00:26.742 T:4089289536 NOTICE: ADDON: resource.images.weathericons.outline-hd v0.0.3 installed
00:00:26.742 T:4089289536 NOTICE: ADDON: resource.language.en_gb v2.0.1 installed
00:00:26.743 T:4089289536 NOTICE: ADDON: resource.uisounds.kodi v1.0.0 installed
00:00:26.743 T:4089289536 NOTICE: ADDON: screensaver.xbmc.builtin.black v1.0.32 installed
00:00:26.743 T:4089289536 NOTICE: ADDON: screensaver.xbmc.builtin.dim v1.0.49 installed
00:00:26.743 T:4089289536 NOTICE: ADDON: script.artistslideshow v2.1.3 installed
00:00:26.743 T:4089289536 NOTICE: ADDON: script.embuary.helper v0.1.7 installed
00:00:26.743 T:4089289536 NOTICE: ADDON: script.favourites v7.1.1 installed
00:00:26.743 T:4089289536 NOTICE: ADDON: script.globalsearch v8.0.8 installed
00:00:26.743 T:4089289536 NOTICE: ADDON: script.kodi.loguploader v0.3.2 installed
00:00:26.743 T:4089289536 NOTICE: ADDON: script.module.autocompletion v1.1.2 installed
00:00:26.743 T:4089289536 NOTICE: ADDON: script.module.certifi v2017.07.27.1 installed
00:00:26.743 T:4089289536 NOTICE: ADDON: script.module.chardet v3.0.4 installed
00:00:26.743 T:4089289536 NOTICE: ADDON: script.module.future v0.16.0.4 installed
00:00:26.743 T:4089289536 NOTICE: ADDON: script.module.idna v2.6 installed
00:00:26.743 T:4089289536 NOTICE: ADDON: script.module.pil v1.1.7 installed
00:00:26.743 T:4089289536 NOTICE: ADDON: script.module.pycryptodome v3.4.3 installed
00:00:26.743 T:4089289536 NOTICE: ADDON: script.module.pyqrcode v0.0.2 installed
00:00:26.743 T:4089289536 NOTICE: ADDON: script.module.requests v2.19.1 installed
00:00:26.743 T:4089289536 NOTICE: ADDON: script.module.routing v0.2.1 installed
00:00:26.743 T:4089289536 NOTICE: ADDON: script.module.simplejson v3.3.0 installed
00:00:26.743 T:4089289536 NOTICE: ADDON: script.module.six v1.11.0 installed
00:00:26.743 T:4089289536 NOTICE: ADDON: script.module.unidecode v0.4.16 installed
00:00:26.743 T:4089289536 NOTICE: ADDON: script.module.urllib3 v1.22 installed
00:00:26.743 T:4089289536 NOTICE: ADDON: script.program.driverselect v0.1.6.1 installed
00:00:26.743 T:4089289536 NOTICE: ADDON: script.rss.editor v3.0.2 installed
00:00:26.743 T:4089289536 NOTICE: ADDON: script.skinshortcuts v1.0.17 installed
00:00:26.743 T:4089289536 NOTICE: ADDON: script.toolbox v1.1.1 installed
00:00:26.743 T:4089289536 NOTICE: ADDON: script.tv.show.next.aired v6.0.15 installed
00:00:26.743 T:4089289536 NOTICE: ADDON: script.videolanguage v0.1.0 installed
00:00:26.743 T:4089289536 NOTICE: ADDON: service.coreelec.settings v9.0.0 installed
00:00:26.743 T:4089289536 NOTICE: ADDON: service.skin.widgets v0.0.33 installed
00:00:26.743 T:4089289536 NOTICE: ADDON: service.subtitles.opensubtitles v5.0.16 installed
00:00:26.744 T:4089289536 NOTICE: ADDON: service.vpn.manager v5.0.7 installed
00:00:26.744 T:4089289536 NOTICE: ADDON: skin.embuary-leia v18.5.6a installed
00:00:26.744 T:4089289536 NOTICE: ADDON: skin.estuary v2.0.17 installed
00:00:26.744 T:4089289536 NOTICE: ADDON: vfs.libarchive v1.0.4.1 installed
00:00:26.744 T:4089289536 NOTICE: ADDON: vfs.rar v2.0.5.2 installed
00:00:26.744 T:4089289536 NOTICE: ADDON: weather.gismeteo v0.3.3 installed
00:00:26.744 T:4089289536 NOTICE: ADDON: webinterface.default v18.x-2.4.6 installed
00:00:26.744 T:4089289536 NOTICE: ADDON: xbmc.addon v17.9.940 installed
00:00:26.744 T:4089289536 NOTICE: ADDON: xbmc.core v0.1.0 installed
00:00:26.744 T:4089289536 NOTICE: ADDON: xbmc.gui v5.14.0 installed
00:00:26.744 T:4089289536 NOTICE: ADDON: xbmc.json v10.0.1 installed
00:00:26.744 T:4089289536 NOTICE: ADDON: xbmc.metadata v2.1.0 installed
00:00:26.744 T:4089289536 NOTICE: ADDON: xbmc.python v2.26.0 installed
00:00:26.744 T:4089289536 NOTICE: ADDON: xbmc.webinterface v1.0.0 installed
00:00:26.755 T:4075811632 DEBUG: CLibInputHandler::DeviceAdded - keyboard type device added: cec_input (event1)
00:00:26.755 T:4075811632 DEBUG: CLibInputKeyboard::GetRepeat - could not get key repeat for event1 (Function not implemented)
00:00:26.755 T:4075811632 DEBUG: CLibInputKeyboard::GetRepeat - delay: 400ms repeat: 80ms for cec_input (event1)
00:00:26.782 T:4089289536 DEBUG: ADDON: Dll Initializing - Archive support
00:00:26.782 T:4089289536 DEBUG: SECTION:LoadDLL(/storage/.kodi/addons/vfs.libarchive/vfs.libarchive.so.1.0.4)
00:00:26.782 T:4089289536 DEBUG: Loading: /storage/.kodi/addons/vfs.libarchive/vfs.libarchive.so.1.0.4
00:00:26.799 T:4089289536 DEBUG: ADDON: Dll Initializing - RAR archive support
00:00:26.799 T:4089289536 DEBUG: SECTION:LoadDLL(/storage/.kodi/addons/vfs.rar/vfs.rar.so.2.0.5)
00:00:26.799 T:4089289536 DEBUG: Loading: /storage/.kodi/addons/vfs.rar/vfs.rar.so.2.0.5
