17:09:53.367 T:3652584240 DEBUG: CVideoPlayer::ProcessVideoData size:13482 dts:8.092 pts:8.212 dur:40.000ms, clock:5.903 level:73
17:09:53.368 T:3652584240 DEBUG: CSettingsManager: requested setting (videoplayer.usedisplayasclock.null) was not found.
17:09:53.374 T:3652584240 DEBUG: CVideoPlayer::ProcessVideoData size:33375 dts:8.112 pts:8.112 dur:40.000ms, clock:5.910 level:73
17:09:53.375 T:3652584240 DEBUG: CVideoPlayer::ProcessVideoData size:8993 dts:8.132 pts:8.132 dur:40.000ms, clock:5.910 level:74
17:09:53.375 T:3652584240 DEBUG: CVideoPlayer::ProcessVideoData size:28486 dts:8.152 pts:8.152 dur:40.000ms, clock:5.910 level:74
17:09:53.376 T:3652584240 DEBUG: CVideoPlayer::ProcessVideoData size:9849 dts:8.172 pts:8.172 dur:40.000ms, clock:5.911 level:74
17:09:53.391 T:3435967280 DEBUG: CVideoPlayerVideo::OutputPicture - ttd:-3974ms pts:1.952 Clock:5.926 Level:0 elapsed:0.005ms
17:09:53.422 T:3435967280 DEBUG: CVideoPlayerVideo::OutputPicture - ttd:-3995ms pts:1.962 Clock:5.957 Level:0 elapsed:0.006ms
17:09:53.461 T:3652584240 DEBUG: CVideoPlayer::ProcessVideoData size:39070 dts:8.192 pts:8.312 dur:40.000ms, clock:5.996 level:74
17:09:53.461 T:3652584240 DEBUG: CVideoPlayer::ProcessVideoData size:10625 dts:8.212 pts:8.332 dur:40.000ms, clock:5.996 level:74
17:09:53.462 T:3652584240 DEBUG: CVideoPlayer::ProcessVideoData size:18887 dts:8.232 pts:8.232 dur:40.000ms, clock:5.997 level:74
17:09:53.462 T:3652584240 DEBUG: CVideoPlayer::ProcessVideoData size:3077 dts:8.252 pts:8.252 dur:40.000ms, clock:5.998 level:75
17:09:53.463 T:3652584240 DEBUG: CVideoPlayer::ProcessVideoData size:14516 dts:8.272 pts:8.272 dur:40.000ms, clock:5.998 level:75
17:09:53.545 T:3435967280 DEBUG: CVideoPlayerVideo::OutputPicture - ttd:-4088ms pts:1.992 Clock:6.080 Level:0 elapsed:0.006ms
17:09:53.558 T:3652584240 DEBUG: CVideoPlayer::ProcessVideoData size:6763 dts:8.292 pts:8.292 dur:40.000ms, clock:6.094 level:75
17:09:53.562 T:3652584240 DEBUG: CVideoPlayer::ProcessVideoData size:76526 dts:8.312 pts:8.432 dur:40.000ms, clock:6.097 level:75
17:09:53.575 T:3435967280 DEBUG: CVideoPlayerVideo::OutputPicture - ttd:-4108ms pts:2.002 Clock:6.110 Level:0 elapsed:0.008ms
17:09:53.656 T:3652584240 DEBUG: CVideoPlayer::ProcessVideoData size:50590 dts:8.332 pts:8.452 dur:40.000ms, clock:6.192 level:75
17:09:53.657 T:3652584240 DEBUG: CSettingsManager: requested setting (videoplayer.usedisplayasclock.null) was not found.
17:09:53.657 T:3652584240 DEBUG: CVideoPlayer::ProcessVideoData size:10408 dts:8.352 pts:8.352 dur:40.000ms, clock:6.192 level:75
17:09:53.657 T:3652584240 DEBUG: CVideoPlayer::ProcessVideoData size:4426 dts:8.372 pts:8.372 dur:40.000ms, clock:6.192 level:76
17:09:53.658 T:3652584240 DEBUG: CVideoPlayer::ProcessVideoData size:7643 dts:8.392 pts:8.392 dur:40.000ms, clock:6.193 level:76
17:09:53.658 T:3652584240 DEBUG: CVideoPlayer::ProcessVideoData size:2440 dts:8.412 pts:8.412 dur:40.000ms, clock:6.193 level:76
17:09:53.659 T:3652584240 DEBUG: CVideoPlayer::ProcessVideoData size:93021 dts:8.432 pts:8.512 dur:40.000ms, clock:6.195 level:76
17:09:53.701 T:3435967280 DEBUG: CVideoPlayerVideo::OutputPicture - ttd:-4204ms pts:2.032 Clock:6.237 Level:0 elapsed:0.005ms
17:09:53.734 T:3435967280 DEBUG: CVideoPlayerVideo::OutputPicture - ttd:-4227ms pts:2.042 Clock:6.270 Level:0 elapsed:0.005ms
17:09:53.754 T:3652584240 DEBUG: CVideoPlayer::ProcessVideoData size:14618 dts:8.452 pts:8.532 dur:40.000ms, clock:6.290 level:76
17:09:53.756 T:3652584240 DEBUG: CVideoPlayer::ProcessVideoData size:35252 dts:8.472 pts:8.472 dur:40.000ms, clock:6.291 level:76
17:09:53.756 T:3652584240 DEBUG: CVideoPlayer::ProcessVideoData size:1420 dts:8.492 pts:8.492 dur:40.000ms, clock:6.292 level:77
17:09:53.757 T:3652584240 DEBUG: CVideoPlayer::ProcessVideoData size:54003 dts:8.512 pts:8.552 dur:40.000ms, clock:6.293 level:77
17:09:53.757 T:3652584240 DEBUG: CVideoPlayer::ProcessVideoData size:9724 dts:8.532 pts:8.572 dur:40.000ms, clock:6.293 level:77
17:09:53.854 T:3652584240 DEBUG: CVideoPlayer::ProcessVideoData size:33039 dts:8.552 pts:8.592 dur:40.000ms, clock:6.390 level:77
17:09:53.855 T:3652584240 DEBUG: CVideoPlayer::ProcessVideoData size:11213 dts:8.572 pts:8.612 dur:40.000ms, clock:6.390 level:78
17:09:53.855 T:3652584240 DEBUG: CVideoPlayer::ProcessVideoData size:20689 dts:8.592 pts:8.632 dur:40.000ms, clock:6.390 level:78
17:09:53.855 T:3652584240 DEBUG: CVideoPlayer::ProcessVideoData size:6628 dts:8.612 pts:8.652 dur:40.000ms, clock:6.390 level:78
17:09:53.855 T:3652584240 DEBUG: CVideoPlayer::ProcessVideoData size:20230 dts:8.632 pts:8.672 dur:40.000ms, clock:6.391 level:78
17:09:53.856 T:3652584240 DEBUG: CVideoPlayer::ProcessVideoData size:7399 dts:8.652 pts:8.692 dur:40.000ms, clock:6.391 level:79
17:09:53.856 T:3652584240 DEBUG: CVideoPlayer::ProcessVideoData size:21459 dts:8.672 pts:8.712 dur:40.000ms, clock:6.391 level:79
17:09:53.866 T:3435967280 DEBUG: CVideoPlayerVideo::OutputPicture - ttd:-4329ms pts:2.072 Clock:6.401 Level:0 elapsed:0.006ms
17:09:53.896 T:3435967280 DEBUG: CVideoPlayerVideo::OutputPicture - ttd:-4349ms pts:2.082 Clock:6.432 Level:0 elapsed:0.006ms
17:09:53.949 T:3652584240 DEBUG: CVideoPlayer::ProcessVideoData size:11849 dts:8.692 pts:8.732 dur:40.000ms, clock:6.485 level:79
17:09:53.950 T:3652584240 DEBUG: CSettingsManager: requested setting (videoplayer.usedisplayasclock.null) was not found.
17:09:53.951 T:3652584240 DEBUG: CVideoPlayer::ProcessVideoData size:18305 dts:8.712 pts:8.752 dur:40.000ms, clock:6.486 level:79
17:09:53.951 T:3652584240 DEBUG: CVideoPlayer::ProcessVideoData size:9363 dts:8.732 pts:8.772 dur:40.000ms, clock:6.486 level:79
17:09:53.952 T:3652584240 DEBUG: CVideoPlayer::ProcessVideoData size:38711 dts:8.752 pts:8.792 dur:40.000ms, clock:6.487 level:79
17:09:53.952 T:3652584240 DEBUG: CVideoPlayer::ProcessVideoData size:13260 dts:8.772 pts:8.812 dur:40.000ms, clock:6.487 level:80
17:09:54.034 T:3435967280 DEBUG: CVideoPlayerVideo::OutputPicture - ttd:-4457ms pts:2.112 Clock:6.570 Level:0 elapsed:0.006ms
17:09:54.050 T:3652584240 DEBUG: CVideoPlayer::ProcessVideoData size:37667 dts:8.792 pts:8.832 dur:40.000ms, clock:6.585 level:80
17:09:54.050 T:3652584240 DEBUG: CVideoPlayer::ProcessVideoData size:12159 dts:8.812 pts:8.852 dur:40.000ms, clock:6.585 level:80
17:09:54.051 T:3652584240 DEBUG: CVideoPlayer::ProcessVideoData size:44848 dts:8.832 pts:8.872 dur:40.000ms, clock:6.586 level:80
17:09:54.051 T:3652584240 DEBUG: CVideoPlayer::ProcessVideoData size:8547 dts:8.852 pts:8.892 dur:40.000ms, clock:6.586 level:81
17:09:54.065 T:3435967280 DEBUG: CVideoPlayerVideo::OutputPicture - ttd:-4478ms pts:2.122 Clock:6.601 Level:0 elapsed:0.008ms
17:09:54.145 T:3652584240 DEBUG: CVideoPlayer::ProcessVideoData size:46086 dts:8.872 pts:8.912 dur:40.000ms, clock:6.680 level:80
17:09:54.145 T:3652584240 DEBUG: CVideoPlayer::ProcessVideoData size:12649 dts:8.892 pts:8.932 dur:40.000ms, clock:6.681 level:81
17:09:54.146 T:3652584240 DEBUG: CVideoPlayer::ProcessVideoData size:45712 dts:8.912 pts:8.952 dur:40.000ms, clock:6.682 level:81
17:09:54.147 T:3652584240 DEBUG: CVideoPlayer::ProcessVideoData size:1442 dts:8.932 pts:8.972 dur:40.000ms, clock:6.682 level:81
17:09:54.198 T:3435967280 DEBUG: CVideoPlayerVideo::OutputPicture - ttd:-4581ms pts:2.152 Clock:6.733 Level:0 elapsed:0.006ms
17:09:54.226 T:3435967280 DEBUG: CVideoPlayerVideo::OutputPicture - ttd:-4599ms pts:2.162 Clock:6.761 Level:0 elapsed:0.006ms
17:09:54.242 T:3652584240 DEBUG: CSettingsManager: requested setting (videoplayer.usedisplayasclock.null) was not found.
17:09:54.243 T:3652584240 DEBUG: CVideoPlayer::ProcessVideoData size:62950 dts:8.952 pts:8.992 dur:40.000ms, clock:6.779 level:81
17:09:54.244 T:3652584240 DEBUG: CVideoPlayer::ProcessVideoData size:1410 dts:8.972 pts:9.012 dur:40.000ms, clock:6.779 level:81
17:09:54.245 T:3652584240 DEBUG: CVideoPlayer::ProcessVideoData size:81758 dts:8.992 pts:9.032 dur:40.000ms, clock:6.781 level:81
17:09:54.246 T:3652584240 DEBUG: CVideoPlayer::ProcessVideoData size:5669 dts:9.012 pts:9.052 dur:40.000ms, clock:6.781 level:82
17:09:54.340 T:3652584240 DEBUG: CVideoPlayer::ProcessVideoData size:71451 dts:9.032 pts:9.072 dur:40.000ms, clock:6.876 level:82
17:09:54.340 T:3652584240 DEBUG: CVideoPlayer::ProcessVideoData size:10080 dts:9.052 pts:9.092 dur:40.000ms, clock:6.876 level:82
17:09:54.346 T:3435967280 DEBUG: CVideoPlayerVideo::OutputPicture - ttd:-4689ms pts:2.192 Clock:6.881 Level:0 elapsed:0.006ms
17:09:54.375 T:3435967280 DEBUG: CVideoPlayerVideo::OutputPicture - ttd:-4707ms pts:2.202 Clock:6.910 Level:0 elapsed:0.004ms
17:09:54.437 T:3652584240 DEBUG: CVideoPlayer::ProcessVideoData size:69619 dts:9.072 pts:9.192 dur:40.000ms, clock:6.972 level:82
17:09:54.437 T:3652584240 DEBUG: CVideoPlayer::ProcessVideoData size:9985 dts:9.092 pts:9.212 dur:40.000ms, clock:6.973 level:82
17:09:54.438 T:3652584240 DEBUG: CVideoPlayer::ProcessVideoData size:25165 dts:9.112 pts:9.112 dur:40.000ms, clock:6.973 level:82
17:09:54.439 T:3652584240 DEBUG: CVideoPlayer::ProcessVideoData size:24218 dts:9.132 pts:9.132 dur:40.000ms, clock:6.974 level:83
17:09:54.439 T:3652584240 DEBUG: CVideoPlayer::ProcessVideoData size:17970 dts:9.152 pts:9.152 dur:40.000ms, clock:6.974 level:83
17:09:54.439 T:3652584240 DEBUG: CVideoPlayer::ProcessVideoData size:22686 dts:9.172 pts:9.172 dur:40.000ms, clock:6.974 level:83
17:09:54.494 T:3435967280 DEBUG: CVideoPlayerVideo::OutputPicture - ttd:-4797ms pts:2.232 Clock:7.030 Level:0 elapsed:0.004ms
17:09:54.525 T:3435967280 DEBUG: CVideoPlayerVideo::OutputPicture - ttd:-4818ms pts:2.242 Clock:7.060 Level:0 elapsed:0.006ms
17:09:54.534 T:3652584240 DEBUG: CSettingsManager: requested setting (videoplayer.usedisplayasclock.null) was not found.
17:09:54.537 T:3652584240 DEBUG: CVideoPlayer::ProcessVideoData size:95562 dts:9.192 pts:9.312 dur:40.000ms, clock:7.072 level:83
17:09:54.537 T:3652584240 DEBUG: CVideoPlayer::ProcessVideoData size:4047 dts:9.212 pts:9.332 dur:40.000ms, clock:7.072 level:83
17:09:54.537 T:3652584240 DEBUG: CVideoPlayer::ProcessVideoData size:22852 dts:9.232 pts:9.232 dur:40.000ms, clock:7.072 level:83
17:09:54.537 T:3652584240 DEBUG: CVideoPlayer::ProcessVideoData size:2043 dts:9.252 pts:9.252 dur:40.000ms, clock:7.072 level:84
17:09:54.639 T:3652584240 DEBUG: CVideoPlayer::ProcessVideoData size:20147 dts:9.272 pts:9.272 dur:40.000ms, clock:7.174 level:84
17:09:54.639 T:3652584240 DEBUG: CVideoPlayer::ProcessVideoData size:2384 dts:9.292 pts:9.292 dur:40.000ms, clock:7.174 level:84
17:09:54.639 T:3652584240 DEBUG: CVideoPlayer::ProcessVideoData size:103053 dts:9.312 pts:9.432 dur:40.000ms, clock:7.175 level:84
17:09:54.639 T:3652584240 DEBUG: CVideoPlayer::ProcessVideoData size:5998 dts:9.332 pts:9.452 dur:40.000ms, clock:7.175 level:85
17:09:54.659 T:3435967280 DEBUG: CVideoPlayerVideo::OutputPicture - ttd:-4922ms pts:2.272 Clock:7.195 Level:0 elapsed:0.007ms
17:09:54.690 T:3435967280 DEBUG: CVideoPlayerVideo::OutputPicture - ttd:-4942ms pts:2.282 Clock:7.225 Level:0 elapsed:0.006ms
17:09:54.729 T:3652584240 DEBUG: CVideoPlayer::ProcessVideoData size:29270 dts:9.352 pts:9.352 dur:40.000ms, clock:7.264 level:84
17:09:54.729 T:3652584240 DEBUG: CVideoPlayer::ProcessVideoData size:1828 dts:9.372 pts:9.372 dur:40.000ms, clock:7.265 level:85
17:09:54.729 T:3652584240 DEBUG: CVideoPlayer::ProcessVideoData size:21906 dts:9.392 pts:9.392 dur:40.000ms, clock:7.265 level:85
17:09:54.730 T:3652584240 DEBUG: CVideoPlayer::ProcessVideoData size:1868 dts:9.412 pts:9.412 dur:40.000ms, clock:7.265 level:85
17:09:54.825 T:3435967280 DEBUG: CVideoPlayerVideo::OutputPicture - ttd:-5048ms pts:2.312 Clock:7.360 Level:0 elapsed:0.007ms
17:09:54.827 T:3652584240 DEBUG: CVideoPlayer::ProcessVideoData size:77429 dts:9.432 pts:9.552 dur:40.000ms, clock:7.362 level:85
17:09:54.827 T:3652584240 DEBUG: CSettingsManager: requested setting (videoplayer.usedisplayasclock.null) was not found.
17:09:54.827 T:3652584240 DEBUG: CVideoPlayer::ProcessVideoData size:3773 dts:9.452 pts:9.572 dur:40.000ms, clock:7.362 level:86
17:09:54.827 T:3652584240 DEBUG: CVideoPlayer::ProcessVideoData size:27349 dts:9.472 pts:9.472 dur:40.000ms, clock:7.363 level:86
17:09:54.827 T:3652584240 DEBUG: CVideoPlayer::ProcessVideoData size:2053 dts:9.492 pts:9.492 dur:40.000ms, clock:7.363 level:86
17:09:54.828 T:3652584240 DEBUG: CVideoPlayer::ProcessVideoData size:22396 dts:9.512 pts:9.512 dur:40.000ms, clock:7.363 level:86
17:09:54.828 T:3652584240 DEBUG: CVideoPlayer::ProcessVideoData size:2582 dts:9.532 pts:9.532 dur:40.000ms, clock:7.364 level:87
17:09:54.854 T:3435967280 DEBUG: CVideoPlayerVideo::OutputPicture - ttd:-5066ms pts:2.322 Clock:7.389 Level:0 elapsed:0.006ms
17:09:54.925 T:3652584240 DEBUG: CVideoPlayer::ProcessVideoData size:91442 dts:9.552 pts:9.672 dur:40.000ms, clock:7.460 level:86
17:09:54.925 T:3652584240 DEBUG: CVideoPlayer::ProcessVideoData size:20512 dts:9.572 pts:9.692 dur:40.000ms, clock:7.460 level:87
17:09:54.926 T:3652584240 DEBUG: CVideoPlayer::ProcessVideoData size:34493 dts:9.592 pts:9.592 dur:40.000ms, clock:7.461 level:87
17:09:54.927 T:3652584240 DEBUG: CVideoPlayer::ProcessVideoData size:35135 dts:9.612 pts:9.612 dur:40.000ms, clock:7.462 level:87
17:09:54.972 T:3435967280 DEBUG: CVideoPlayerVideo::OutputPicture - ttd:-5155ms pts:2.352 Clock:7.508 Level:0 elapsed:0.005ms
17:09:55.001 T:3435967280 DEBUG: CVideoPlayerVideo::OutputPicture - ttd:-5174ms pts:2.362 Clock:7.537 Level:0 elapsed:0.008ms
17:09:55.022 T:3652584240 DEBUG: CVideoPlayer::ProcessVideoData size:27980 dts:9.632 pts:9.632 dur:40.000ms, clock:7.557 level:87
17:09:55.023 T:3652584240 DEBUG: CVideoPlayer::ProcessVideoData size:32720 dts:9.652 pts:9.652 dur:40.000ms, clock:7.558 level:87
17:09:55.120 T:3652584240 DEBUG: CVideoPlayer::ProcessVideoData size:87313 dts:9.672 pts:9.792 dur:40.000ms, clock:7.655 level:87
17:09:55.120 T:3652584240 DEBUG: CSettingsManager: requested setting (videoplayer.usedisplayasclock.null) was not found.
17:09:55.120 T:3652584240 DEBUG: CVideoPlayer::ProcessVideoData size:10533 dts:9.692 pts:9.812 dur:40.000ms, clock:7.656 level:88
17:09:55.121 T:3652584240 DEBUG: CVideoPlayer::ProcessVideoData size:32605 dts:9.712 pts:9.712 dur:40.000ms, clock:7.657 level:88
17:09:55.122 T:3652584240 DEBUG: CVideoPlayer::ProcessVideoData size:11259 dts:9.732 pts:9.732 dur:40.000ms, clock:7.657 level:88
17:09:55.122 T:3652584240 DEBUG: CVideoPlayer::ProcessVideoData size:22165 dts:9.752 pts:9.752 dur:40.000ms, clock:7.657 level:88
17:09:55.122 T:3652584240 DEBUG: CVideoPlayer::ProcessVideoData size:4853 dts:9.772 pts:9.772 dur:40.000ms, clock:7.657 level:89
17:09:55.124 T:3435967280 DEBUG: CVideoPlayerVideo::OutputPicture - ttd:-5267ms pts:2.392 Clock:7.659 Level:0 elapsed:0.006ms
17:09:55.155 T:3435967280 DEBUG: CVideoPlayerVideo::OutputPicture - ttd:-5287ms pts:2.402 Clock:7.690 Level:0 elapsed:0.008ms
17:09:55.218 T:3652584240 DEBUG: CVideoPlayer::ProcessVideoData size:65049 dts:9.792 pts:9.872 dur:40.000ms, clock:7.753 level:88
17:09:55.218 T:3652584240 DEBUG: CVideoPlayer::ProcessVideoData size:8220 dts:9.812 pts:9.892 dur:40.000ms, clock:7.753 level:89
17:09:55.219 T:3652584240 DEBUG: CVideoPlayer::ProcessVideoData size:29130 dts:9.832 pts:9.832 dur:40.000ms, clock:7.755 level:89
17:09:55.219 T:3652584240 DEBUG: CVideoPlayer::ProcessVideoData size:2032 dts:9.852 pts:9.852 dur:40.000ms, clock:7.755 level:89
17:09:55.277 T:3435967280 DEBUG: CVideoPlayerVideo::OutputPicture - ttd:-5380ms pts:2.432 Clock:7.812 Level:0 elapsed:0.005ms
17:09:55.306 T:3435967280 DEBUG: CVideoPlayerVideo::OutputPicture - ttd:-5398ms pts:2.442 Clock:7.841 Level:0 elapsed:0.009ms
17:09:55.315 T:3652584240 DEBUG: CVideoPlayer::ProcessVideoData size:54932 dts:9.872 pts:9.992 dur:40.000ms, clock:7.851 level:89
17:09:55.316 T:3652584240 DEBUG: CVideoPlayer::ProcessVideoData size:8688 dts:9.892 pts:10.012 dur:40.000ms, clock:7.851 level:89
17:09:55.316 T:3652584240 DEBUG: CVideoPlayer::ProcessVideoData size:19049 dts:9.912 pts:9.912 dur:40.000ms, clock:7.851 level:89
17:09:55.317 T:3652584240 DEBUG: CVideoPlayer::ProcessVideoData size:5537 dts:9.932 pts:9.932 dur:40.000ms, clock:7.852 level:90
17:09:55.317 T:3652584240 DEBUG: CVideoPlayer::ProcessVideoData size:19405 dts:9.952 pts:9.952 dur:40.000ms, clock:7.853 level:90
17:09:55.318 T:3652584240 DEBUG: CVideoPlayer::ProcessVideoData size:2856 dts:9.972 pts:9.972 dur:40.000ms, clock:7.853 level:90
17:09:55.318 T:3652584240 DEBUG: CVideoPlayer::ProcessVideoData size:40046 dts:9.992 pts:10.072 dur:40.000ms, clock:7.853 level:90
17:09:55.318 T:3652584240 DEBUG: CVideoPlayer::ProcessVideoData size:5195 dts:10.012 pts:10.092 dur:40.000ms, clock:7.854 level:91
17:09:55.411 T:3652584240 DEBUG: CVideoPlayer::ProcessVideoData size:15029 dts:10.032 pts:10.032 dur:40.000ms, clock:7.947 level:91
17:09:55.411 T:3652584240 DEBUG: CSettingsManager: requested setting (videoplayer.usedisplayasclock.null) was not found.
17:09:55.412 T:3652584240 DEBUG: CVideoPlayer::ProcessVideoData size:5691 dts:10.052 pts:10.052 dur:40.000ms, clock:7.947 level:91
17:09:55.416 T:3652584240 DEBUG: CVideoPlayer::ProcessVideoData size:108210 dts:10.072 pts:10.112 dur:40.000ms, clock:7.951 level:91
17:09:55.416 T:3652584240 DEBUG: CVideoPlayer::ProcessVideoData size:4147 dts:10.092 pts:10.132 dur:40.000ms, clock:7.951 level:92
17:09:55.439 T:3435967280 DEBUG: CVideoPlayerVideo::OutputPicture - ttd:-5502ms pts:2.472 Clock:7.975 Level:0 elapsed:0.007ms
17:09:55.468 T:3435967280 DEBUG: CVideoPlayerVideo::OutputPicture - ttd:-5521ms pts:2.482 Clock:8.003 Level:0 elapsed:0.006ms
17:09:55.513 T:3652584240 DEBUG: CVideoPlayer::ProcessVideoData size:65352 dts:10.112 pts:10.232 dur:40.000ms, clock:8.048 level:91
17:09:55.513 T:3652584240 DEBUG: CVideoPlayer::ProcessVideoData size:8951 dts:10.132 pts:10.252 dur:40.000ms, clock:8.048 level:92
17:09:55.513 T:3652584240 DEBUG: CVideoPlayer::ProcessVideoData size:14335 dts:10.152 pts:10.152 dur:40.000ms, clock:8.048 level:92
17:09:55.513 T:3652584240 DEBUG: CVideoPlayer::ProcessVideoData size:4853 dts:10.172 pts:10.172 dur:40.000ms, clock:8.049 level:92
17:09:55.513 T:3652584240 DEBUG: CVideoPlayer::ProcessVideoData size:5845 dts:10.192 pts:10.192 dur:40.000ms, clock:8.049 level:92
17:09:55.513 T:3652584240 DEBUG: CVideoPlayer::ProcessVideoData size:6983 dts:10.212 pts:10.212 dur:40.000ms, clock:8.049 level:93
17:09:55.593 T:3435967280 DEBUG: CVideoPlayerVideo::OutputPicture - ttd:-5615ms pts:2.512 Clock:8.128 Level:0 elapsed:0.006ms
17:09:55.610 T:3652584240 DEBUG: CVideoPlayer::ProcessVideoData size:73758 dts:10.232 pts:10.352 dur:40.000ms, clock:8.145 level:93
17:09:55.610 T:3652584240 DEBUG: CVideoPlayer::ProcessVideoData size:7613 dts:10.252 pts:10.372 dur:40.000ms, clock:8.145 level:93
17:09:55.610 T:3652584240 DEBUG: CVideoPlayer::ProcessVideoData size:7538 dts:10.272 pts:10.272 dur:40.000ms, clock:8.145 level:93
17:09:55.610 T:3652584240 DEBUG: CVideoPlayer::ProcessVideoData size:9632 dts:10.292 pts:10.292 dur:40.000ms, clock:8.146 level:94
17:09:55.610 T:3652584240 DEBUG: CVideoPlayer::ProcessVideoData size:6501 dts:10.312 pts:10.312 dur:40.000ms, clock:8.146 level:94
17:09:55.610 T:3652584240 DEBUG: CVideoPlayer::ProcessVideoData size:7791 dts:10.332 pts:10.332 dur:40.000ms, clock:8.146 level:94
17:09:55.622 T:3435967280 DEBUG: CVideoPlayerVideo::OutputPicture - ttd:-5635ms pts:2.522 Clock:8.157 Level:0 elapsed:0.006ms
17:09:55.706 T:3652584240 DEBUG: CSettingsManager: requested setting (videoplayer.usedisplayasclock.null) was not found.
17:09:55.707 T:3652584240 DEBUG: CVideoPlayer::ProcessVideoData size:78495 dts:10.352 pts:10.472 dur:40.000ms, clock:8.242 level:94
17:09:55.707 T:3652584240 DEBUG: CVideoPlayer::ProcessVideoData size:4521 dts:10.372 pts:10.492 dur:40.000ms, clock:8.243 level:94
17:09:55.707 T:3652584240 DEBUG: CVideoPlayer::ProcessVideoData size:7797 dts:10.392 pts:10.392 dur:40.000ms, clock:8.243 level:94
17:09:55.708 T:3652584240 DEBUG: CVideoPlayer::ProcessVideoData size:12784 dts:10.412 pts:10.412 dur:40.000ms, clock:8.243 level:95
17:09:55.708 T:3652584240 DEBUG: CVideoPlayer::ProcessVideoData size:6536 dts:10.432 pts:10.432 dur:40.000ms, clock:8.243 level:95
17:09:55.708 T:3652584240 DEBUG: CVideoPlayer::ProcessVideoData size:9612 dts:10.452 pts:10.452 dur:40.000ms, clock:8.243 level:95
17:09:55.747 T:3435967280 DEBUG: CVideoPlayerVideo::OutputPicture - ttd:-5729ms pts:2.552 Clock:8.282 Level:0 elapsed:0.006ms
17:09:55.776 T:3435967280 DEBUG: CVideoPlayerVideo::OutputPicture - ttd:-5749ms pts:2.562 Clock:8.311 Level:0 elapsed:0.009ms
17:09:55.807 T:3652584240 DEBUG: CVideoPlayer::ProcessVideoData size:83998 dts:10.472 pts:10.592 dur:40.000ms, clock:8.342 level:95
17:09:55.808 T:3652584240 DEBUG: CVideoPlayer::ProcessVideoData size:4362 dts:10.492 pts:10.612 dur:40.000ms, clock:8.343 level:95
17:09:55.808 T:3652584240 DEBUG: CVideoPlayer::ProcessVideoData size:7797 dts:10.512 pts:10.512 dur:40.000ms, clock:8.343 level:95
17:09:55.808 T:3652584240 DEBUG: CVideoPlayer::ProcessVideoData size:11559 dts:10.532 pts:10.532 dur:40.000ms, clock:8.343 level:96
17:09:55.808 T:3652584240 DEBUG: CVideoPlayer::ProcessVideoData size:5776 dts:10.552 pts:10.552 dur:40.000ms, clock:8.344 level:96
17:09:55.808 T:3652584240 DEBUG: CVideoPlayer::ProcessVideoData size:8705 dts:10.572 pts:10.572 dur:40.000ms, clock:8.344 level:96
17:09:55.893 T:3435967280 DEBUG: CVideoPlayerVideo::OutputPicture - ttd:-5836ms pts:2.592 Clock:8.429 Level:0 elapsed:0.004ms
17:09:55.902 T:3652584240 DEBUG: CVideoPlayer::ProcessVideoData size:60721 dts:10.592 pts:10.712 dur:40.000ms, clock:8.437 level:96
17:09:55.902 T:3652584240 DEBUG: CVideoPlayer::ProcessVideoData size:6542 dts:10.612 pts:10.732 dur:40.000ms, clock:8.438 level:97
17:09:55.903 T:3652584240 DEBUG: CVideoPlayer::ProcessVideoData size:6479 dts:10.632 pts:10.632 dur:40.000ms, clock:8.438 level:97
17:09:55.903 T:3652584240 DEBUG: CVideoPlayer::ProcessVideoData size:8731 dts:10.652 pts:10.652 dur:40.000ms, clock:8.439 level:97
17:09:55.904 T:3652584240 DEBUG: CVideoPlayer::ProcessVideoData size:5032 dts:10.672 pts:10.672 dur:40.000ms, clock:8.439 level:97
17:09:55.904 T:3652584240 DEBUG: CVideoPlayer::ProcessVideoData size:7477 dts:10.692 pts:10.692 dur:40.000ms, clock:8.439 level:98
17:09:55.922 T:3435967280 DEBUG: CVideoPlayerVideo::OutputPicture - ttd:-5855ms pts:2.602 Clock:8.457 Level:0 elapsed:0.008ms
17:09:55.999 T:3652584240 DEBUG: CVideoPlayer::ProcessVideoData size:60196 dts:10.712 pts:10.832 dur:40.000ms, clock:8.535 level:97
17:09:56.000 T:3652584240 DEBUG: CSettingsManager: requested setting (videoplayer.usedisplayasclock.null) was not found.
17:09:56.000 T:3652584240 DEBUG: CVideoPlayer::ProcessVideoData size:8407 dts:10.732 pts:10.852 dur:40.000ms, clock:8.535 level:98
17:09:56.000 T:3652584240 DEBUG: CVideoPlayer::ProcessVideoData size:6083 dts:10.752 pts:10.752 dur:40.000ms, clock:8.535 level:98
17:09:56.001 T:3652584240 DEBUG: CVideoPlayer::ProcessVideoData size:7960 dts:10.772 pts:10.772 dur:40.000ms, clock:8.536 level:98
17:09:56.001 T:3652584240 DEBUG: CVideoPlayer::ProcessVideoData size:6414 dts:10.792 pts:10.792 dur:40.000ms, clock:8.536 level:98
17:09:56.002 T:3652584240 DEBUG: CVideoPlayer::ProcessVideoData size:9813 dts:10.812 pts:10.812 dur:40.000ms, clock:8.537 level:99
17:09:56.044 T:3435967280 DEBUG: CVideoPlayerVideo::OutputPicture - ttd:-5947ms pts:2.632 Clock:8.579 Level:0 elapsed:0.006ms
17:09:56.073 T:3435967280 DEBUG: CVideoPlayerVideo::OutputPicture - ttd:-5966ms pts:2.642 Clock:8.608 Level:0 elapsed:0.005ms
17:09:56.097 T:3652584240 DEBUG: CVideoPlayer::ProcessVideoData size:47587 dts:10.832 pts:10.872 dur:40.000ms, clock:8.632 level:98
17:09:56.099 T:3652584240 DEBUG: CVideoPlayer::ProcessVideoData size:7232 dts:10.852 pts:10.892 dur:40.000ms, clock:8.634 level:99
17:09:56.196 T:3652584240 DEBUG: CVideoPlayer::ProcessVideoData size:125835 dts:10.872 pts:10.912 dur:40.000ms, clock:8.732 level:99
17:09:56.197 T:3652584240 DEBUG: CVideoPlayer::ProcessVideoData size:2943 dts:10.892 pts:10.932 dur:40.000ms, clock:8.732 level:99
17:09:56.198 T:3652584240 DEBUG: CVideoPlayer::ProcessVideoData size:80733 dts:10.912 pts:11.032 dur:40.000ms, clock:8.733 level:99
17:09:56.203 T:3435967280 DEBUG: CVideoPlayerVideo::OutputPicture - ttd:-6066ms pts:2.672 Clock:8.739 Level:0 elapsed:0.006ms
17:09:56.208 T:3652584240 DEBUG: CSettingsManager: requested setting (videoplayer.usedisplayasclock.null) was not found.
17:09:56.235 T:3435967280 DEBUG: CVideoPlayerVideo::OutputPicture - ttd:-6087ms pts:2.682 Clock:8.770 Level:0 elapsed:0.006ms
17:09:56.291 T:3652584240 DEBUG: CVideoPlayer::ProcessVideoData size:8837 dts:10.932 pts:11.052 dur:40.000ms, clock:8.826 level:99
17:09:56.293 T:3652584240 DEBUG: CVideoPlayer::ProcessVideoData size:28364 dts:10.952 pts:10.952 dur:40.000ms, clock:8.828 level:99
17:09:56.337 T:3227525936 DEBUG: Skin Helper Service --> Started Background worker...
17:09:56.351 T:3435967280 DEBUG: CVideoPlayerVideo::OutputPicture - ttd:-6174ms pts:2.712 Clock:8.886 Level:0 elapsed:0.006ms
17:09:56.380 T:3435967280 DEBUG: CVideoPlayerVideo::OutputPicture - ttd:-6193ms pts:2.722 Clock:8.916 Level:0 elapsed:0.007ms
17:09:56.384 T:3652584240 DEBUG: CVideoPlayer::ProcessVideoData size:3160 dts:10.972 pts:10.972 dur:40.000ms, clock:8.919 level:99
17:09:56.384 T:3652584240 DEBUG: CVideoPlayer::ProcessVideoData size:26326 dts:10.992 pts:10.992 dur:40.000ms, clock:8.919 level:99
17:09:56.415 T:3652584240 DEBUG: CSettingsManager: requested setting (videoplayer.usedisplayasclock.null) was not found.
17:09:56.508 T:3435967280 DEBUG: CVideoPlayerVideo::OutputPicture - ttd:-6291ms pts:2.752 Clock:9.043 Level:0 elapsed:0.005ms
17:09:56.539 T:3435967280 DEBUG: CVideoPlayerVideo::OutputPicture - ttd:-6312ms pts:2.762 Clock:9.074 Level:0 elapsed:0.007ms
17:09:56.547 T:3652584240 DEBUG: CVideoPlayer::ProcessVideoData size:7662 dts:11.012 pts:11.012 dur:40.000ms, clock:9.082 level:99
17:09:56.548 T:3652584240 DEBUG: CVideoPlayer::ProcessVideoData size:102213 dts:11.032 pts:11.152 dur:40.000ms, clock:9.083 level:99
17:09:56.619 T:3652584240 DEBUG: CSettingsManager: requested setting (videoplayer.usedisplayasclock.null) was not found.
17:09:56.666 T:3435967280 DEBUG: CVideoPlayerVideo::OutputPicture - ttd:-6409ms pts:2.792 Clock:9.202 Level:0 elapsed:0.008ms
17:09:56.698 T:3435967280 DEBUG: CVideoPlayerVideo::OutputPicture - ttd:-6431ms pts:2.802 Clock:9.234 Level:0 elapsed:0.006ms
17:09:56.704 T:3652584240 DEBUG: CVideoPlayer::ProcessVideoData size:6985 dts:11.052 pts:11.172 dur:40.000ms, clock:9.239 level:99
17:09:56.704 T:3652584240 DEBUG: CVideoPlayer::ProcessVideoData size:33934 dts:11.072 pts:11.072 dur:40.000ms, clock:9.240 level:99
17:09:56.732 T:3227525936 DEBUG: Skin Helper Service --> Ended Background worker...
17:09:56.817 T:3435967280 DEBUG: CVideoPlayerVideo::OutputPicture - ttd:-6519ms pts:2.832 Clock:9.352 Level:0 elapsed:0.006ms
17:09:56.826 T:3652584240 DEBUG: CSettingsManager: requested setting (videoplayer.usedisplayasclock.null) was not found.
17:09:56.845 T:3435967280 DEBUG: CVideoPlayerVideo::OutputPicture - ttd:-6538ms pts:2.842 Clock:9.381 Level:0 elapsed:0.006ms
17:09:56.857 T:3652584240 DEBUG: CVideoPlayer::ProcessVideoData size:8551 dts:11.092 pts:11.092 dur:40.000ms, clock:9.392 level:99
17:09:56.857 T:3652584240 DEBUG: CVideoPlayer::ProcessVideoData size:28556 dts:11.112 pts:11.112 dur:40.000ms, clock:9.392 level:99
17:09:56.969 T:3435967280 DEBUG: CVideoPlayerVideo::OutputPicture - ttd:-6632ms pts:2.872 Clock:9.504 Level:0 elapsed:0.005ms
17:09:56.998 T:3435967280 DEBUG: CVideoPlayerVideo::OutputPicture - ttd:-6650ms pts:2.882 Clock:9.533 Level:0 elapsed:0.005ms
17:09:57.000 T:3652584240 DEBUG: CVideoPlayer::ProcessVideoData size:8100 dts:11.132 pts:11.132 dur:40.000ms, clock:9.535 level:99
17:09:57.001 T:3652584240 DEBUG: CVideoPlayer::ProcessVideoData size:97742 dts:11.152 pts:11.272 dur:40.000ms, clock:9.536 level:99
17:09:57.031 T:3652584240 DEBUG: CSettingsManager: requested setting (videoplayer.usedisplayasclock.null) was not found.
17:09:57.119 T:3435967280 DEBUG: CVideoPlayerVideo::OutputPicture - ttd:-6742ms pts:2.912 Clock:9.654 Level:0 elapsed:0.006ms
17:09:57.149 T:3435967280 DEBUG: CVideoPlayerVideo::OutputPicture - ttd:-6761ms pts:2.922 Clock:9.684 Level:0 elapsed:0.006ms
17:09:57.153 T:3652584240 DEBUG: CVideoPlayer::ProcessVideoData size:7064 dts:11.172 pts:11.292 dur:40.000ms, clock:9.689 level:99
17:09:57.154 T:3652584240 DEBUG: CVideoPlayer::ProcessVideoData size:30412 dts:11.192 pts:11.192 dur:40.000ms, clock:9.689 level:99
17:09:57.235 T:3652584240 DEBUG: CSettingsManager: requested setting (videoplayer.usedisplayasclock.null) was not found.
17:09:57.269 T:3435967280 DEBUG: CVideoPlayerVideo::OutputPicture - ttd:-6852ms pts:2.952 Clock:9.805 Level:0 elapsed:0.006ms
17:09:57.299 T:3435967280 DEBUG: CPtsTracker: detected pattern of length 2: 10000.00 30000.00, frameduration: 20000.000000
17:09:57.299 T:3435967280 DEBUG: CVideoPlayerVideo::OutputPicture - ttd:-6872ms pts:2.962 Clock:9.834 Level:0 elapsed:0.007ms
17:09:57.308 T:3652584240 DEBUG: CVideoPlayer::ProcessVideoData size:7930 dts:11.212 pts:11.212 dur:40.000ms, clock:9.843 level:99
17:09:57.308 T:3652584240 DEBUG: CVideoPlayer::ProcessVideoData size:24419 dts:11.232 pts:11.232 dur:40.000ms, clock:9.843 level:99
17:09:57.420 T:3435967280 DEBUG: CVideoPlayerVideo::OutputPicture - ttd:-6963ms pts:2.992 Clock:9.956 Level:0 elapsed:0.006ms
17:09:57.440 T:3652584240 DEBUG: CSettingsManager: requested setting (videoplayer.usedisplayasclock.null) was not found.
17:09:57.450 T:3435967280 DEBUG: CVideoPlayerVideo::OutputPicture - ttd:-6982ms pts:3.002 Clock:9.985 Level:0 elapsed:0.006ms
17:09:57.460 T:3652584240 DEBUG: CVideoPlayer::ProcessVideoData size:7096 dts:11.252 pts:11.252 dur:40.000ms, clock:9.995 level:99
17:09:57.462 T:3652584240 DEBUG: CVideoPlayer::ProcessVideoData size:94366 dts:11.272 pts:11.392 dur:40.000ms, clock:9.997 level:99
17:09:57.570 T:3435967280 DEBUG: CVideoPlayerVideo::OutputPicture - ttd:-7073ms pts:3.032 Clock:10.105 Level:0 elapsed:0.006ms
17:09:57.599 T:3435967280 DEBUG: CVideoPlayerVideo::OutputPicture - ttd:-7092ms pts:3.042 Clock:10.135 Level:0 elapsed:0.006ms
17:09:57.604 T:3652584240 DEBUG: CVideoPlayer::ProcessVideoData size:5509 dts:11.292 pts:11.412 dur:40.000ms, clock:10.140 level:99
17:09:57.605 T:3652584240 DEBUG: CVideoPlayer::ProcessVideoData size:26783 dts:11.312 pts:11.312 dur:40.000ms, clock:10.140 level:99
17:09:57.645 T:3652584240 DEBUG: CSettingsManager: requested setting (videoplayer.usedisplayasclock.null) was not found.
17:09:57.737 T:3435967280 DEBUG: CVideoPlayerVideo::OutputPicture - ttd:-7200ms pts:3.072 Clock:10.272 Level:0 elapsed:0.005ms
17:09:57.774 T:3435967280 DEBUG: CVideoPlayerVideo::OutputPicture - ttd:-7226ms pts:3.082 Clock:10.309 Level:0 elapsed:0.005ms
17:09:57.777 T:3652584240 DEBUG: CVideoPlayer::ProcessVideoData size:7663 dts:11.332 pts:11.332 dur:40.000ms, clock:10.313 level:99
17:09:57.778 T:3652584240 DEBUG: CVideoPlayer::ProcessVideoData size:22997 dts:11.352 pts:11.352 dur:40.000ms, clock:10.314 level:99
17:09:57.849 T:3652584240 DEBUG: CSettingsManager: requested setting (videoplayer.usedisplayasclock.null) was not found.
17:09:57.906 T:3435967280 DEBUG: CVideoPlayerVideo::OutputPicture - ttd:-7329ms pts:3.112 Clock:10.442 Level:0 elapsed:0.006ms
17:09:57.937 T:3435967280 DEBUG: CVideoPlayerVideo::OutputPicture - ttd:-7349ms pts:3.122 Clock:10.472 Level:0 elapsed:0.006ms
17:09:57.941 T:3652584240 DEBUG: CVideoPlayer::ProcessVideoData size:7262 dts:11.372 pts:11.372 dur:40.000ms, clock:10.476 level:99
17:09:57.942 T:3652584240 DEBUG: CVideoPlayer::ProcessVideoData size:90249 dts:11.392 pts:11.512 dur:40.000ms, clock:10.477 level:99
17:09:58.055 T:3652584240 DEBUG: CSettingsManager: requested setting (videoplayer.usedisplayasclock.null) was not found.
17:09:58.060 T:3435967280 DEBUG: CVideoPlayerVideo::OutputPicture - ttd:-7443ms pts:3.152 Clock:10.595 Level:0 elapsed:0.006ms
17:09:58.089 T:3435967280 DEBUG: CVideoPlayerVideo::OutputPicture - ttd:-7462ms pts:3.162 Clock:10.624 Level:0 elapsed:0.006ms
17:09:58.096 T:3652584240 DEBUG: CVideoPlayer::ProcessVideoData size:5120 dts:11.412 pts:11.532 dur:40.000ms, clock:10.631 level:99
17:09:58.096 T:3652584240 DEBUG: CVideoPlayer::ProcessVideoData size:23734 dts:11.432 pts:11.432 dur:40.000ms, clock:10.632 level:99
17:09:58.210 T:3435967280 DEBUG: CVideoPlayerVideo::OutputPicture - ttd:-7553ms pts:3.192 Clock:10.746 Level:0 elapsed:0.006ms
17:09:58.240 T:3435967280 DEBUG: CVideoPlayerVideo::OutputPicture - ttd:-7573ms pts:3.202 Clock:10.775 Level:0 elapsed:0.006ms
17:09:58.248 T:3652584240 DEBUG: CVideoPlayer::ProcessVideoData size:6830 dts:11.452 pts:11.452 dur:40.000ms, clock:10.784 level:99
17:09:58.249 T:3652584240 DEBUG: CVideoPlayer::ProcessVideoData size:18458 dts:11.472 pts:11.472 dur:40.000ms, clock:10.784 level:99
17:09:58.259 T:3652584240 DEBUG: CSettingsManager: requested setting (videoplayer.usedisplayasclock.null) was not found.
17:09:58.361 T:3435967280 DEBUG: CVideoPlayerVideo::OutputPicture - ttd:-7663ms pts:3.232 Clock:10.896 Level:0 elapsed:0.006ms
17:09:58.390 T:3435967280 DEBUG: CVideoPlayerVideo::OutputPicture - ttd:-7683ms pts:3.242 Clock:10.925 Level:0 elapsed:0.006ms
17:09:58.401 T:3652584240 DEBUG: CVideoPlayer::ProcessVideoData size:5550 dts:11.492 pts:11.492 dur:40.000ms, clock:10.936 level:99
17:09:58.402 T:3652584240 DEBUG: CVideoPlayer::ProcessVideoData size:71049 dts:11.512 pts:11.632 dur:40.000ms, clock:10.937 level:99
17:09:58.463 T:3652584240 DEBUG: CSettingsManager: requested setting (videoplayer.usedisplayasclock.null) was not found.
17:09:58.510 T:3435967280 DEBUG: CVideoPlayerVideo::OutputPicture - ttd:-7773ms pts:3.272 Clock:11.045 Level:0 elapsed:0.006ms
17:09:58.540 T:3435967280 DEBUG: CVideoPlayerVideo::OutputPicture - ttd:-7792ms pts:3.282 Clock:11.075 Level:0 elapsed:0.007ms
17:09:58.545 T:3652584240 DEBUG: CVideoPlayer::ProcessVideoData size:4972 dts:11.532 pts:11.652 dur:40.000ms, clock:11.081 level:99
17:09:58.545 T:3652584240 DEBUG: CVideoPlayer::ProcessVideoData size:21811 dts:11.552 pts:11.552 dur:40.000ms, clock:11.081 level:99
17:09:58.656 T:3435967280 DEBUG: CVideoPlayerVideo::OutputPicture - ttd:-7879ms pts:3.312 Clock:11.191 Level:0 elapsed:0.006ms
17:09:58.667 T:3652584240 DEBUG: CSettingsManager: requested setting (videoplayer.usedisplayasclock.null) was not found.
17:09:58.685 T:3435967280 DEBUG: CVideoPlayerVideo::OutputPicture - ttd:-7898ms pts:3.322 Clock:11.220 Level:0 elapsed:0.007ms
17:09:58.688 T:3652584240 DEBUG: CVideoPlayer::ProcessVideoData size:6504 dts:11.572 pts:11.572 dur:40.000ms, clock:11.223 level:99
17:09:58.688 T:3652584240 DEBUG: CVideoPlayer::ProcessVideoData size:16961 dts:11.592 pts:11.592 dur:40.000ms, clock:11.223 level:99
17:09:58.809 T:3652584240 DEBUG: VideoPlayer:Speed adjust:-0.05 aq:0
17:09:58.809 T:3652584240 DEBUG: CDVDClock::SetSpeedAdjust - adjusted:-0.050000
17:09:58.821 T:3435967280 DEBUG: CVideoPlayerVideo::OutputPicture - ttd:-8004ms pts:3.352 Clock:11.356 Level:0 elapsed:0.007ms
17:09:58.852 T:3435967280 DEBUG: CVideoPlayerVideo::OutputPicture - ttd:-8023ms pts:3.362 Clock:11.385 Level:0 elapsed:0.003ms
17:09:58.860 T:3652584240 DEBUG: CVideoPlayer::ProcessVideoData size:7705 dts:11.612 pts:11.612 dur:40.000ms, clock:11.393 level:99
17:09:58.861 T:3652584240 DEBUG: CVideoPlayer::ProcessVideoData size:60344 dts:11.632 pts:11.672 dur:40.000ms, clock:11.393 level:99
17:09:58.871 T:3652584240 DEBUG: CSettingsManager: requested setting (videoplayer.usedisplayasclock.null) was not found.
17:09:58.974 T:3435967280 DEBUG: CVideoPlayerVideo::OutputPicture - ttd:-8108ms pts:3.392 Clock:11.501 Level:0 elapsed:0.006ms
17:09:59.003 T:3435967280 DEBUG: CVideoPlayerVideo::OutputPicture - ttd:-8126ms pts:3.402 Clock:11.529 Level:0 elapsed:0.009ms
17:09:59.014 T:3652584240 DEBUG: CVideoPlayer::ProcessVideoData size:6731 dts:11.652 pts:11.692 dur:40.000ms, clock:11.539 level:99
17:09:59.015 T:3652584240 DEBUG: CVideoPlayer::ProcessVideoData size:90111 dts:11.672 pts:11.712 dur:40.000ms, clock:11.540 level:99
17:09:59.076 T:3652584240 DEBUG: CSettingsManager: requested setting (videoplayer.usedisplayasclock.null) was not found.
17:09:59.125 T:3435967280 DEBUG: CVideoPlayerVideo::OutputPicture - ttd:-8212ms pts:3.432 Clock:11.645 Level:0 elapsed:0.007ms
17:09:59.155 T:3435967280 DEBUG: CVideoPlayerVideo::OutputPicture - ttd:-8231ms pts:3.442 Clock:11.673 Level:0 elapsed:0.007ms
17:09:59.158 T:3652584240 DEBUG: CVideoPlayer::ProcessVideoData size:1488 dts:11.692 pts:11.732 dur:40.000ms, clock:11.676 level:99
17:09:59.159 T:3652584240 DEBUG: CVideoPlayer::ProcessVideoData size:79038 dts:11.712 pts:11.832 dur:40.000ms, clock:11.677 level:99
17:09:59.266 T:3427574576 NOTICE: CVideoPlayerAudio::Process - stream stalled pts:11.712 clock:11.778
17:09:59.271 T:3652584240 DEBUG: Stream stalled, start buffering. Audio: 0 - Video: 100
17:09:59.271 T:3652584240 DEBUG: CDVDClock::SetSpeedAdjust - adjusted:0.000000
17:09:59.271 T:3427574576 DEBUG: CDVDAudio::Pause - pausing audio stream
17:09:59.275 T:3435967280 DEBUG: CVideoPlayerVideo::OutputPicture - ttd:-8311ms pts:3.472 Clock:11.783 Level:0 elapsed:0.006ms
17:09:59.281 T:3652584240 DEBUG: CSettingsManager: requested setting (videoplayer.usedisplayasclock.null) was not found.
17:09:59.281 T:3652584240 DEBUG: CVideoPlayer::ProcessVideoData size:1806 dts:11.732 pts:11.852 dur:40.000ms, clock:11.783 level:99
17:09:59.281 T:3652584240 DEBUG: CDVDClock::SetSpeedAdjust - adjusted:0.000000
17:09:59.281 T:3427574576 DEBUG: CDVDAudio::Pause - pausing audio stream
17:09:59.282 T:3652584240 DEBUG: CDVDClock::SetSpeedAdjust - adjusted:0.000000
17:09:59.282 T:3427574576 DEBUG: CDVDAudio::Resume - resume audio stream
17:09:59.292 T:3652584240 DEBUG: CDVDClock::SetSpeedAdjust - adjusted:0.000000
17:09:59.292 T:3652584240 DEBUG: VideoPlayer:Speed adjust:-0.05 aq:0
17:09:59.292 T:3652584240 DEBUG: CDVDClock::SetSpeedAdjust - adjusted:-0.050000
17:09:59.299 T:4095601888 DEBUG: GLES: Extension Support Test - GL_EXT_texture_format_BGRA8888 YES
17:09:59.303 T:3427574576 DEBUG: Previous line repeats 2 times.
17:09:59.303 T:3427574576 NOTICE: CVideoPlayerAudio::Process - stream stalled pts:11.712 clock:11.804
17:09:59.309 T:3435967280 DEBUG: CVideoPlayerVideo::OutputPicture - ttd:-8327ms pts:3.482 Clock:11.809 Level:0 elapsed:0.010ms
17:09:59.312 T:3652584240 DEBUG: Stream stalled, start buffering. Audio: 0 - Video: 99
17:09:59.312 T:3652584240 DEBUG: CDVDClock::SetSpeedAdjust - adjusted:0.000000
17:09:59.312 T:3427574576 DEBUG: CDVDAudio::Pause - pausing audio stream
17:09:59.313 T:3652584240 DEBUG: CVideoPlayer::ProcessVideoData size:11185 dts:11.752 pts:11.752 dur:40.000ms, clock:11.813 level:99
17:09:59.313 T:3652584240 DEBUG: CDVDClock::SetSpeedAdjust - adjusted:0.000000
17:09:59.313 T:3427574576 DEBUG: CDVDAudio::Pause - pausing audio stream
17:09:59.313 T:3652584240 DEBUG: CDVDClock::SetSpeedAdjust - adjusted:0.000000
17:09:59.313 T:3427574576 DEBUG: CDVDAudio::Resume - resume audio stream
17:09:59.314 T:3427574576 DEBUG: CDVDClock::ErrorAdjust - CVideoPlayerAudio::OutputPacket - error:-27161.496166, adjusted:-20000.000000
17:09:59.324 T:3652584240 DEBUG: CDVDClock::SetSpeedAdjust - adjusted:0.000000
17:09:59.324 T:3652584240 DEBUG: VideoPlayer:Speed adjust:-0.05 aq:0
17:09:59.324 T:3652584240 DEBUG: CDVDClock::SetSpeedAdjust - adjusted:-0.050000
17:09:59.384 T:3427574576 NOTICE: CVideoPlayerAudio::Process - stream stalled pts:11.760 clock:11.860
17:09:59.385 T:3652584240 DEBUG: Stream stalled, start buffering. Audio: 0 - Video: 100
17:09:59.385 T:3652584240 DEBUG: CDVDClock::SetSpeedAdjust - adjusted:0.000000
17:09:59.385 T:3427574576 DEBUG: CDVDAudio::Pause - pausing audio stream
17:09:59.395 T:3652584240 DEBUG: CDVDClock::SetSpeedAdjust - adjusted:0.000000
17:09:59.395 T:3427574576 DEBUG: CDVDAudio::Pause - pausing audio stream
17:09:59.395 T:3652584240 DEBUG: CDVDClock::SetSpeedAdjust - adjusted:0.000000
17:09:59.395 T:3427574576 DEBUG: CDVDAudio::Resume - resume audio stream
17:09:59.405 T:3652584240 DEBUG: CDVDClock::SetSpeedAdjust - adjusted:0.000000
17:09:59.406 T:3652584240 DEBUG: VideoPlayer:Speed adjust:-0.05 aq:0
17:09:59.406 T:3652584240 DEBUG: CDVDClock::SetSpeedAdjust - adjusted:-0.050000
17:09:59.426 T:3435967280 DEBUG: CVideoPlayerVideo::OutputPicture - ttd:-8378ms pts:3.512 Clock:11.891 Level:0 elapsed:0.006ms
17:09:59.429 T:3652584240 DEBUG: CVideoPlayer::ProcessVideoData size:1352 dts:11.772 pts:11.772 dur:40.000ms, clock:11.894 level:99
17:09:59.458 T:3435967280 DEBUG: CVideoPlayerVideo::OutputPicture - ttd:-8398ms pts:3.522 Clock:11.921 Level:0 elapsed:0.009ms
17:09:59.460 T:3652584240 DEBUG: CVideoPlayer::ProcessVideoData size:8688 dts:11.792 pts:11.792 dur:40.000ms, clock:11.923 level:99
17:09:59.464 T:3427574576 NOTICE: CVideoPlayerAudio::Process - stream stalled pts:11.760 clock:11.927
17:09:59.470 T:3652584240 DEBUG: Stream stalled, start buffering. Audio: 0 - Video: 100
17:09:59.470 T:3652584240 DEBUG: CDVDClock::SetSpeedAdjust - adjusted:0.000000
17:09:59.470 T:3427574576 DEBUG: CDVDAudio::Pause - pausing audio stream
17:09:59.481 T:3652584240 DEBUG: CDVDClock::SetSpeedAdjust - adjusted:0.000000
17:09:59.481 T:3427574576 DEBUG: CDVDAudio::Pause - pausing audio stream
17:09:59.481 T:3652584240 DEBUG: CDVDClock::SetSpeedAdjust - adjusted:0.000000
17:09:59.481 T:3427574576 DEBUG: CDVDAudio::Resume - resume audio stream
17:09:59.491 T:3652584240 DEBUG: CDVDClock::SetSpeedAdjust - adjusted:0.000000
17:09:59.491 T:3652584240 DEBUG: VideoPlayer:Speed adjust:-0.05 aq:0
17:09:59.491 T:3652584240 DEBUG: CDVDClock::SetSpeedAdjust - adjusted:-0.050000
17:09:59.491 T:3652584240 DEBUG: CSettingsManager: requested setting (videoplayer.usedisplayasclock.null) was not found.
17:09:59.550 T:3427574576 NOTICE: CVideoPlayerAudio::Process - stream stalled pts:11.760 clock:11.999
17:09:59.552 T:3652584240 DEBUG: Stream stalled, start buffering. Audio: 0 - Video: 100
17:09:59.552 T:3652584240 DEBUG: CDVDClock::SetSpeedAdjust - adjusted:0.000000
17:09:59.552 T:3427574576 DEBUG: CDVDAudio::Pause - pausing audio stream
17:09:59.563 T:3652584240 DEBUG: CDVDClock::SetSpeedAdjust - adjusted:0.000000
17:09:59.563 T:3427574576 DEBUG: CDVDAudio::Pause - pausing audio stream
17:09:59.563 T:3652584240 DEBUG: CDVDClock::SetSpeedAdjust - adjusted:0.000000
17:09:59.563 T:3427574576 DEBUG: CDVDAudio::Resume - resume audio stream
17:09:59.573 T:3652584240 DEBUG: CDVDClock::SetSpeedAdjust - adjusted:0.000000
17:09:59.573 T:3652584240 DEBUG: VideoPlayer:Speed adjust:-0.05 aq:0
17:09:59.573 T:3652584240 DEBUG: CDVDClock::SetSpeedAdjust - adjusted:-0.050000
17:09:59.578 T:3435967280 DEBUG: CVideoPlayerVideo::OutputPicture - ttd:-8464ms pts:3.552 Clock:12.017 Level:0 elapsed:0.005ms
17:09:59.583 T:3652584240 DEBUG: CVideoPlayer::ProcessVideoData size:1157 dts:11.812 pts:11.812 dur:40.000ms, clock:12.022 level:99
17:09:59.609 T:3435967280 DEBUG: CVideoPlayerVideo::OutputPicture - ttd:-8483ms pts:3.562 Clock:12.046 Level:0 elapsed:0.006ms
17:09:59.615 T:3652584240 DEBUG: CVideoPlayer::ProcessVideoData size:57959 dts:11.832 pts:11.952 dur:40.000ms, clock:12.051 level:99
17:09:59.696 T:3652584240 DEBUG: CSettingsManager: requested setting (videoplayer.usedisplayasclock.null) was not found.
17:09:59.696 T:4069618480 DEBUG: ActiveAE - start sync of audio stream
17:09:59.732 T:3427574576 NOTICE: CVideoPlayerAudio::Process - stream stalled pts:11.808 clock:12.163
17:09:59.733 T:3435967280 DEBUG: CVideoPlayerVideo::OutputPicture - ttd:-8571ms pts:3.592 Clock:12.164 Level:0 elapsed:0.006ms
17:09:59.737 T:3652584240 DEBUG: Stream stalled, start buffering. Audio: 0 - Video: 100
17:09:59.737 T:3652584240 DEBUG: CDVDClock::SetSpeedAdjust - adjusted:0.000000
17:09:59.737 T:3427574576 DEBUG: CDVDAudio::Pause - pausing audio stream
17:09:59.747 T:3652584240 DEBUG: CDVDClock::SetSpeedAdjust - adjusted:0.000000
17:09:59.747 T:3427574576 DEBUG: Previous line repeats 1 times.
17:09:59.747 T:3427574576 DEBUG: CDVDAudio::Pause - pausing audio stream
17:09:59.747 T:3427574576 DEBUG: CDVDAudio::Resume - resume audio stream
17:09:59.757 T:3652584240 DEBUG: CDVDClock::SetSpeedAdjust - adjusted:0.000000
17:09:59.758 T:3652584240 DEBUG: VideoPlayer:Speed adjust:-0.05 aq:0
17:09:59.758 T:3652584240 DEBUG: CDVDClock::SetSpeedAdjust - adjusted:-0.050000
17:09:59.761 T:3435967280 DEBUG: CVideoPlayerVideo::OutputPicture - ttd:-8578ms pts:3.602 Clock:12.181 Level:0 elapsed:0.005ms
17:09:59.768 T:3652584240 DEBUG: CVideoPlayer::ProcessVideoData size:2328 dts:11.852 pts:11.972 dur:40.000ms, clock:12.187 level:99
17:09:59.768 T:3652584240 DEBUG: CVideoPlayer::ProcessVideoData size:13199 dts:11.872 pts:11.872 dur:40.000ms, clock:12.188 level:99
17:09:59.780 T:3427574576 NOTICE: CVideoPlayerAudio::Process - stream stalled pts:11.808 clock:12.198
17:09:59.789 T:3652584240 DEBUG: Stream stalled, start buffering. Audio: 0 - Video: 100
17:09:59.789 T:3652584240 DEBUG: CDVDClock::SetSpeedAdjust - adjusted:0.000000
17:09:59.789 T:3427574576 DEBUG: CDVDAudio::Pause - pausing audio stream
17:09:59.799 T:3652584240 DEBUG: CDVDClock::SetSpeedAdjust - adjusted:0.000000
17:09:59.799 T:3427574576 DEBUG: CDVDAudio::Pause - pausing audio stream
17:09:59.799 T:3652584240 DEBUG: CDVDClock::SetSpeedAdjust - adjusted:0.000000
17:09:59.799 T:3427574576 DEBUG: CDVDAudio::Resume - resume audio stream
17:09:59.810 T:3652584240 DEBUG: CDVDClock::SetSpeedAdjust - adjusted:0.000000
17:09:59.810 T:3652584240 DEBUG: VideoPlayer:Speed adjust:-0.05 aq:0
17:09:59.810 T:3652584240 DEBUG: CDVDClock::SetSpeedAdjust - adjusted:-0.050000
17:09:59.832 T:3427574576 NOTICE: CVideoPlayerAudio::Process - stream stalled pts:11.808 clock:12.238
17:09:59.840 T:3652584240 DEBUG: Stream stalled, start buffering. Audio: 0 - Video: 100
17:09:59.840 T:3652584240 DEBUG: CDVDClock::SetSpeedAdjust - adjusted:0.000000
17:09:59.841 T:3427574576 DEBUG: CDVDAudio::Pause - pausing audio stream
17:09:59.851 T:3652584240 DEBUG: CDVDClock::SetSpeedAdjust - adjusted:0.000000
17:09:59.851 T:3427574576 DEBUG: CDVDAudio::Pause - pausing audio stream
17:09:59.851 T:3652584240 DEBUG: CDVDClock::SetSpeedAdjust - adjusted:0.000000
17:09:59.851 T:3427574576 DEBUG: CDVDAudio::Resume - resume audio stream
17:09:59.861 T:3652584240 DEBUG: CDVDClock::SetSpeedAdjust - adjusted:0.000000
17:09:59.861 T:3652584240 DEBUG: VideoPlayer:Speed adjust:-0.05 aq:0
17:09:59.861 T:3652584240 DEBUG: CDVDClock::SetSpeedAdjust - adjusted:-0.050000
17:09:59.883 T:3427574576 NOTICE: CVideoPlayerAudio::Process - stream stalled pts:11.808 clock:12.278
17:09:59.892 T:3652584240 DEBUG: Stream stalled, start buffering. Audio: 0 - Video: 100
17:09:59.892 T:3652584240 DEBUG: CDVDClock::SetSpeedAdjust - adjusted:0.000000
17:09:59.892 T:3427574576 DEBUG: CDVDAudio::Pause - pausing audio stream
17:09:59.895 T:3435967280 DEBUG: CVideoPlayerVideo::OutputPicture - ttd:-8654ms pts:3.632 Clock:12.286 Level:0 elapsed:0.006ms
17:09:59.902 T:3652584240 DEBUG: CSettingsManager: requested setting (videoplayer.usedisplayasclock.null) was not found.
17:09:59.903 T:3652584240 DEBUG: CVideoPlayer::ProcessVideoData size:1661 dts:11.892 pts:11.892 dur:40.000ms, clock:12.286 level:99
17:09:59.903 T:3652584240 DEBUG: CDVDClock::SetSpeedAdjust - adjusted:0.000000
17:09:59.903 T:3427574576 DEBUG: Previous line repeats 1 times.
17:09:59.903 T:3427574576 DEBUG: CDVDAudio::Pause - pausing audio stream
17:09:59.903 T:3427574576 DEBUG: CDVDAudio::Resume - resume audio stream
17:09:59.913 T:3652584240 DEBUG: CDVDClock::SetSpeedAdjust - adjusted:0.000000
17:09:59.913 T:3652584240 DEBUG: VideoPlayer:Speed adjust:-0.05 aq:0
17:09:59.913 T:3652584240 DEBUG: CDVDClock::SetSpeedAdjust - adjusted:-0.050000
17:09:59.926 T:3435967280 DEBUG: CVideoPlayerVideo::OutputPicture - ttd:-8666ms pts:3.642 Clock:12.308 Level:0 elapsed:0.009ms
17:09:59.934 T:3652584240 DEBUG: CVideoPlayer::ProcessVideoData size:12291 dts:11.912 pts:11.912 dur:40.000ms, clock:12.316 level:99
17:09:59.935 T:3427574576 NOTICE: CVideoPlayerAudio::Process - stream stalled pts:11.808 clock:12.317
17:09:59.944 T:3652584240 DEBUG: Stream stalled, start buffering. Audio: 0 - Video: 100
17:09:59.945 T:3652584240 DEBUG: CDVDClock::SetSpeedAdjust - adjusted:0.000000
17:09:59.945 T:3427574576 DEBUG: CDVDAudio::Pause - pausing audio stream
17:09:59.955 T:3652584240 DEBUG: CDVDClock::SetSpeedAdjust - adjusted:0.000000
17:09:59.955 T:3427574576 DEBUG: CDVDAudio::Pause - pausing audio stream
17:09:59.955 T:3652584240 DEBUG: CDVDClock::SetSpeedAdjust - adjusted:0.000000
17:09:59.955 T:3427574576 DEBUG: CDVDAudio::Resume - resume audio stream
17:09:59.965 T:3652584240 DEBUG: CDVDClock::SetSpeedAdjust - adjusted:0.000000
17:09:59.965 T:3652584240 DEBUG: VideoPlayer:Speed adjust:-0.05 aq:0
17:09:59.966 T:3652584240 DEBUG: CDVDClock::SetSpeedAdjust - adjusted:-0.050000
17:09:59.987 T:3427574576 NOTICE: CVideoPlayerAudio::Process - stream stalled pts:11.808 clock:12.357
17:09:59.996 T:3652584240 DEBUG: Stream stalled, start buffering. Audio: 0 - Video: 100
17:09:59.996 T:3652584240 DEBUG: CDVDClock::SetSpeedAdjust - adjusted:0.000000
17:09:59.996 T:3427574576 DEBUG: CDVDAudio::Pause - pausing audio stream
17:10:00.006 T:3652584240 DEBUG: CDVDClock::SetSpeedAdjust - adjusted:0.000000
17:10:00.006 T:3427574576 DEBUG: CDVDAudio::Pause - pausing audio stream
17:10:00.007 T:3652584240 DEBUG: CDVDClock::SetSpeedAdjust - adjusted:0.000000
17:10:00.007 T:3427574576 DEBUG: CDVDAudio::Resume - resume audio stream
17:10:00.017 T:3652584240 DEBUG: CDVDClock::SetSpeedAdjust - adjusted:0.000000
17:10:00.017 T:3652584240 DEBUG: VideoPlayer:Speed adjust:-0.05 aq:0
17:10:00.017 T:3652584240 DEBUG: CDVDClock::SetSpeedAdjust - adjusted:-0.050000
17:10:00.039 T:3427574576 NOTICE: CVideoPlayerAudio::Process - stream stalled pts:11.808 clock:12.397
