17:10:00.043 T:3435967280 DEBUG: CVideoPlayerVideo::OutputPicture - ttd:-8729ms pts:3.672 Clock:12.401 Level:0 elapsed:0.006ms
17:10:00.047 T:3652584240 DEBUG: Stream stalled, start buffering. Audio: 0 - Video: 99
17:10:00.048 T:3652584240 DEBUG: CDVDClock::SetSpeedAdjust - adjusted:0.000000
17:10:00.048 T:3427574576 DEBUG: CDVDAudio::Pause - pausing audio stream
17:10:00.048 T:3652584240 DEBUG: CVideoPlayer::ProcessVideoData size:1805 dts:11.932 pts:11.932 dur:40.000ms, clock:12.405 level:99
17:10:00.048 T:3652584240 DEBUG: CDVDClock::SetSpeedAdjust - adjusted:0.000000
17:10:00.048 T:3427574576 DEBUG: CDVDAudio::Pause - pausing audio stream
17:10:00.048 T:3652584240 DEBUG: CDVDClock::SetSpeedAdjust - adjusted:0.000000
17:10:00.048 T:3427574576 DEBUG: CDVDAudio::Resume - resume audio stream
17:10:00.058 T:3652584240 DEBUG: CDVDClock::SetSpeedAdjust - adjusted:0.000000
17:10:00.058 T:3652584240 DEBUG: VideoPlayer:Speed adjust:-0.05 aq:0
17:10:00.058 T:3652584240 DEBUG: CDVDClock::SetSpeedAdjust - adjusted:-0.050000
17:10:00.073 T:3435967280 DEBUG: CVideoPlayerVideo::OutputPicture - ttd:-8746ms pts:3.682 Clock:12.429 Level:0 elapsed:0.005ms
17:10:00.080 T:3652584240 DEBUG: CVideoPlayer::ProcessVideoData size:55798 dts:11.952 pts:12.072 dur:40.000ms, clock:12.436 level:99
17:10:00.110 T:3652584240 DEBUG: CSettingsManager: requested setting (videoplayer.usedisplayasclock.null) was not found.
17:10:00.159 T:3427574576 NOTICE: CVideoPlayerAudio::Process - stream stalled pts:11.856 clock:12.511
17:10:00.161 T:3652584240 DEBUG: Stream stalled, start buffering. Audio: 0 - Video: 100
17:10:00.161 T:3652584240 DEBUG: CDVDClock::SetSpeedAdjust - adjusted:0.000000
17:10:00.161 T:3427574576 DEBUG: CDVDAudio::Pause - pausing audio stream
17:10:00.171 T:3652584240 DEBUG: CDVDClock::SetSpeedAdjust - adjusted:0.000000
17:10:00.171 T:3427574576 DEBUG: CDVDAudio::Pause - pausing audio stream
17:10:00.171 T:3652584240 DEBUG: CDVDClock::SetSpeedAdjust - adjusted:0.000000
17:10:00.171 T:3427574576 DEBUG: CDVDAudio::Resume - resume audio stream
17:10:00.182 T:3652584240 DEBUG: CDVDClock::SetSpeedAdjust - adjusted:0.000000
17:10:00.182 T:3652584240 DEBUG: VideoPlayer:Speed adjust:-0.05 aq:0
17:10:00.182 T:3652584240 DEBUG: CDVDClock::SetSpeedAdjust - adjusted:-0.050000
17:10:00.189 T:3435967280 DEBUG: CVideoPlayerVideo::OutputPicture - ttd:-8817ms pts:3.712 Clock:12.530 Level:0 elapsed:0.006ms
17:10:00.193 T:3652584240 DEBUG: CVideoPlayer::ProcessVideoData size:27288 dts:11.972 pts:12.092 dur:40.000ms, clock:12.534 level:99
17:10:00.227 T:3435967280 DEBUG: CVideoPlayerVideo::OutputPicture - ttd:-8844ms pts:3.722 Clock:12.566 Level:0 elapsed:0.006ms
17:10:00.234 T:3652584240 DEBUG: CVideoPlayer::ProcessVideoData size:18431 dts:11.992 pts:11.992 dur:40.000ms, clock:12.572 level:99
17:10:00.316 T:3652584240 DEBUG: CSettingsManager: requested setting (videoplayer.usedisplayasclock.null) was not found.
17:10:00.321 T:3427574576 NOTICE: CVideoPlayerAudio::Process - stream stalled pts:11.904 clock:12.656
17:10:00.326 T:3652584240 DEBUG: Stream stalled, start buffering. Audio: 0 - Video: 100
17:10:00.327 T:3652584240 DEBUG: CDVDClock::SetSpeedAdjust - adjusted:0.000000
17:10:00.327 T:3427574576 DEBUG: CDVDAudio::Pause - pausing audio stream
17:10:00.337 T:3652584240 DEBUG: CDVDClock::SetSpeedAdjust - adjusted:0.000000
17:10:00.337 T:3427574576 DEBUG: CDVDAudio::Pause - pausing audio stream
17:10:00.337 T:3652584240 DEBUG: CDVDClock::SetSpeedAdjust - adjusted:0.000000
17:10:00.337 T:3427574576 DEBUG: CDVDAudio::Resume - resume audio stream
17:10:00.347 T:3652584240 DEBUG: CDVDClock::SetSpeedAdjust - adjusted:0.000000
17:10:00.348 T:3652584240 DEBUG: VideoPlayer:Speed adjust:-0.05 aq:0
17:10:00.348 T:3652584240 DEBUG: CDVDClock::SetSpeedAdjust - adjusted:-0.050000
17:10:00.361 T:3435967280 DEBUG: CVideoPlayerVideo::OutputPicture - ttd:-8931ms pts:3.752 Clock:12.683 Level:0 elapsed:0.006ms
17:10:00.368 T:3652584240 DEBUG: CVideoPlayer::ProcessVideoData size:1190 dts:12.012 pts:12.012 dur:40.000ms, clock:12.691 level:99
17:10:00.389 T:3435967280 DEBUG: CVideoPlayerVideo::OutputPicture - ttd:-8948ms pts:3.762 Clock:12.711 Level:0 elapsed:0.005ms
17:10:00.399 T:3652584240 DEBUG: CVideoPlayer::ProcessVideoData size:12828 dts:12.032 pts:12.032 dur:40.000ms, clock:12.720 level:99
17:10:00.465 T:4069618480 DEBUG: ActiveAE - start sync of audio stream
17:10:00.465 T:3427574576 NOTICE: CVideoPlayerAudio::Process - stream stalled pts:11.904 clock:12.783
17:10:00.470 T:3652584240 DEBUG: Stream stalled, start buffering. Audio: 0 - Video: 100
17:10:00.470 T:3652584240 DEBUG: CDVDClock::SetSpeedAdjust - adjusted:0.000000
17:10:00.470 T:3427574576 DEBUG: CDVDAudio::Pause - pausing audio stream
17:10:00.486 T:3652584240 DEBUG: CDVDClock::SetSpeedAdjust - adjusted:0.000000
17:10:00.486 T:3427574576 DEBUG: CDVDAudio::Pause - pausing audio stream
17:10:00.486 T:3652584240 DEBUG: CDVDClock::SetSpeedAdjust - adjusted:0.000000
17:10:00.486 T:3427574576 DEBUG: CDVDAudio::Resume - resume audio stream
17:10:00.497 T:3652584240 DEBUG: CDVDClock::SetSpeedAdjust - adjusted:0.000000
17:10:00.497 T:3652584240 DEBUG: VideoPlayer:Speed adjust:-0.05 aq:0
17:10:00.497 T:3652584240 DEBUG: CDVDClock::SetSpeedAdjust - adjusted:-0.050000
17:10:00.506 T:3435967280 DEBUG: CVideoPlayerVideo::OutputPicture - ttd:-9014ms pts:3.792 Clock:12.807 Level:0 elapsed:0.005ms
17:10:00.507 T:3652584240 DEBUG: CVideoPlayer::ProcessVideoData size:1717 dts:12.052 pts:12.052 dur:40.000ms, clock:12.808 level:99
17:10:00.518 T:3652584240 DEBUG: CSettingsManager: requested setting (videoplayer.usedisplayasclock.null) was not found.
17:10:00.529 T:3427574576 NOTICE: CVideoPlayerAudio::Process - stream stalled pts:11.904 clock:12.828
17:10:00.534 T:3435967280 DEBUG: CVideoPlayerVideo::OutputPicture - ttd:-9031ms pts:3.802 Clock:12.833 Level:0 elapsed:0.005ms
17:10:00.538 T:3652584240 DEBUG: Stream stalled, start buffering. Audio: 0 - Video: 99
17:10:00.539 T:3652584240 DEBUG: CDVDClock::SetSpeedAdjust - adjusted:0.000000
17:10:00.539 T:3427574576 DEBUG: CDVDAudio::Pause - pausing audio stream
17:10:00.540 T:3652584240 DEBUG: CVideoPlayer::ProcessVideoData size:136421 dts:12.072 pts:12.192 dur:40.000ms, clock:12.837 level:99
17:10:00.540 T:3652584240 DEBUG: CDVDClock::SetSpeedAdjust - adjusted:0.000000
17:10:00.540 T:3427574576 DEBUG: CDVDAudio::Pause - pausing audio stream
17:10:00.540 T:3652584240 DEBUG: CDVDClock::SetSpeedAdjust - adjusted:0.000000
17:10:00.540 T:3427574576 DEBUG: CDVDAudio::Resume - resume audio stream
17:10:00.550 T:3652584240 DEBUG: CDVDClock::SetSpeedAdjust - adjusted:0.000000
17:10:00.551 T:3652584240 DEBUG: VideoPlayer:Speed adjust:-0.05 aq:0
17:10:00.551 T:3652584240 DEBUG: CDVDClock::SetSpeedAdjust - adjusted:-0.050000
17:10:00.635 T:4069618480 DEBUG: ActiveAE - start sync of audio stream
17:10:00.654 T:3435967280 DEBUG: CVideoPlayerVideo::OutputPicture - ttd:-9114ms pts:3.832 Clock:12.946 Level:0 elapsed:0.005ms
17:10:00.662 T:3652584240 DEBUG: CVideoPlayer::ProcessVideoData size:1877 dts:12.092 pts:12.212 dur:40.000ms, clock:12.954 level:99
17:10:00.680 T:3427574576 NOTICE: CVideoPlayerAudio::Process - stream stalled pts:12.000 clock:12.971
17:10:00.683 T:3652584240 DEBUG: Stream stalled, start buffering. Audio: 0 - Video: 100
17:10:00.683 T:3652584240 DEBUG: CDVDClock::SetSpeedAdjust - adjusted:0.000000
17:10:00.683 T:3427574576 DEBUG: CDVDAudio::Pause - pausing audio stream
17:10:00.684 T:3435967280 DEBUG: CVideoPlayerVideo::OutputPicture - ttd:-9131ms pts:3.842 Clock:12.973 Level:0 elapsed:0.013ms
17:10:00.694 T:3652584240 DEBUG: CVideoPlayer::ProcessVideoData size:21066 dts:12.112 pts:12.112 dur:40.000ms, clock:12.973 level:99
17:10:00.694 T:3652584240 DEBUG: CDVDClock::SetSpeedAdjust - adjusted:0.000000
17:10:00.694 T:3427574576 DEBUG: CDVDAudio::Pause - pausing audio stream
17:10:00.694 T:3652584240 DEBUG: CDVDClock::SetSpeedAdjust - adjusted:0.000000
17:10:00.694 T:3427574576 DEBUG: CDVDAudio::Resume - resume audio stream
17:10:00.705 T:3652584240 DEBUG: CDVDClock::SetSpeedAdjust - adjusted:0.000000
17:10:00.705 T:3652584240 DEBUG: VideoPlayer:Speed adjust:-0.05 aq:0
17:10:00.705 T:3652584240 DEBUG: CDVDClock::SetSpeedAdjust - adjusted:-0.050000
17:10:00.720 T:4069618480 DEBUG: ActiveAE - start sync of audio stream
17:10:00.725 T:3652584240 DEBUG: CSettingsManager: requested setting (videoplayer.usedisplayasclock.null) was not found.
17:10:00.797 T:3427574576 NOTICE: CVideoPlayerAudio::Process - stream stalled pts:12.048 clock:13.071
17:10:00.802 T:3652584240 DEBUG: Stream stalled, start buffering. Audio: 0 - Video: 100
17:10:00.802 T:3652584240 DEBUG: CDVDClock::SetSpeedAdjust - adjusted:0.000000
17:10:00.802 T:3427574576 DEBUG: CDVDAudio::Pause - pausing audio stream
17:10:00.813 T:3652584240 DEBUG: CDVDClock::SetSpeedAdjust - adjusted:0.000000
17:10:00.813 T:3427574576 DEBUG: CDVDAudio::Pause - pausing audio stream
17:10:00.813 T:3652584240 DEBUG: CDVDClock::SetSpeedAdjust - adjusted:0.000000
17:10:00.813 T:3427574576 DEBUG: CDVDAudio::Resume - resume audio stream
17:10:00.816 T:3435967280 DEBUG: CVideoPlayerVideo::OutputPicture - ttd:-9207ms pts:3.872 Clock:13.079 Level:0 elapsed:0.006ms
17:10:00.823 T:3652584240 DEBUG: CDVDClock::SetSpeedAdjust - adjusted:0.000000
17:10:00.823 T:3652584240 DEBUG: VideoPlayer:Speed adjust:-0.05 aq:0
17:10:00.823 T:3652584240 DEBUG: CDVDClock::SetSpeedAdjust - adjusted:-0.050000
17:10:00.823 T:3652584240 DEBUG: CVideoPlayer::ProcessVideoData size:1748 dts:12.132 pts:12.132 dur:40.000ms, clock:13.087 level:99
17:10:00.829 T:3427574576 NOTICE: CVideoPlayerAudio::Process - stream stalled pts:12.048 clock:13.092
17:10:00.834 T:3652584240 DEBUG: Stream stalled, start buffering. Audio: 0 - Video: 100
17:10:00.834 T:3652584240 DEBUG: CDVDClock::SetSpeedAdjust - adjusted:0.000000
17:10:00.834 T:3427574576 DEBUG: CDVDAudio::Pause - pausing audio stream
17:10:00.844 T:3652584240 DEBUG: CDVDClock::SetSpeedAdjust - adjusted:0.000000
17:10:00.845 T:3427574576 DEBUG: CDVDAudio::Pause - pausing audio stream
17:10:00.845 T:3652584240 DEBUG: CDVDClock::SetSpeedAdjust - adjusted:0.000000
17:10:00.845 T:3427574576 DEBUG: CDVDAudio::Resume - resume audio stream
17:10:00.845 T:3435967280 DEBUG: CPtsTracker: pattern lost on diff -10000.000000, number of losses 1
17:10:00.845 T:3435967280 DEBUG: CVideoPlayerVideo::OutputPicture - ttd:-9235ms pts:3.862 Clock:13.097 Level:0 elapsed:0.008ms
17:10:00.855 T:3652584240 DEBUG: CDVDClock::SetSpeedAdjust - adjusted:0.000000
17:10:00.855 T:3652584240 DEBUG: VideoPlayer:Speed adjust:-0.05 aq:0
17:10:00.855 T:3652584240 DEBUG: CDVDClock::SetSpeedAdjust - adjusted:-0.050000
17:10:00.855 T:3652584240 DEBUG: CVideoPlayer::ProcessVideoData size:16523 dts:12.152 pts:12.152 dur:40.000ms, clock:13.107 level:99
17:10:00.861 T:3427574576 NOTICE: CVideoPlayerAudio::Process - stream stalled pts:12.048 clock:13.113
17:10:00.865 T:3652584240 DEBUG: Stream stalled, start buffering. Audio: 0 - Video: 100
17:10:00.866 T:3652584240 DEBUG: CDVDClock::SetSpeedAdjust - adjusted:0.000000
17:10:00.866 T:3427574576 DEBUG: CDVDAudio::Pause - pausing audio stream
17:10:00.876 T:3652584240 DEBUG: CDVDClock::SetSpeedAdjust - adjusted:0.000000
17:10:00.876 T:3427574576 DEBUG: CDVDAudio::Pause - pausing audio stream
17:10:00.876 T:3652584240 DEBUG: CDVDClock::SetSpeedAdjust - adjusted:0.000000
17:10:00.876 T:3427574576 DEBUG: CDVDAudio::Resume - resume audio stream
17:10:00.886 T:3652584240 DEBUG: CDVDClock::SetSpeedAdjust - adjusted:0.000000
17:10:00.887 T:3652584240 DEBUG: VideoPlayer:Speed adjust:-0.05 aq:0
17:10:00.887 T:3652584240 DEBUG: CDVDClock::SetSpeedAdjust - adjusted:-0.050000
17:10:00.892 T:3427574576 NOTICE: CVideoPlayerAudio::Process - stream stalled pts:12.048 clock:13.133
17:10:00.897 T:3652584240 DEBUG: Stream stalled, start buffering. Audio: 0 - Video: 100
17:10:00.897 T:3652584240 DEBUG: CDVDClock::SetSpeedAdjust - adjusted:0.000000
17:10:00.897 T:3427574576 DEBUG: CDVDAudio::Pause - pausing audio stream
17:10:00.907 T:3652584240 DEBUG: CDVDClock::SetSpeedAdjust - adjusted:0.000000
17:10:00.907 T:3427574576 DEBUG: CDVDAudio::Pause - pausing audio stream
17:10:00.907 T:3652584240 DEBUG: CDVDClock::SetSpeedAdjust - adjusted:0.000000
17:10:00.907 T:3427574576 DEBUG: CDVDAudio::Resume - resume audio stream
17:10:00.918 T:3652584240 DEBUG: CDVDClock::SetSpeedAdjust - adjusted:0.000000
17:10:00.918 T:3652584240 DEBUG: VideoPlayer:Speed adjust:-0.05 aq:0
17:10:00.918 T:3652584240 DEBUG: CDVDClock::SetSpeedAdjust - adjusted:-0.050000
17:10:00.924 T:3427574576 NOTICE: CVideoPlayerAudio::Process - stream stalled pts:12.048 clock:13.153
17:10:00.928 T:3652584240 DEBUG: Stream stalled, start buffering. Audio: 0 - Video: 100
17:10:00.928 T:3652584240 DEBUG: CDVDClock::SetSpeedAdjust - adjusted:0.000000
17:10:00.928 T:3427574576 DEBUG: CDVDAudio::Pause - pausing audio stream
17:10:00.928 T:3652584240 DEBUG: CSettingsManager: requested setting (videoplayer.usedisplayasclock.null) was not found.
17:10:00.934 T:4095601888 DEBUG: GLES: Extension Support Test - GL_EXT_texture_format_BGRA8888 YES
17:10:00.941 T:3652584240 DEBUG: CDVDClock::SetSpeedAdjust - adjusted:0.000000
17:10:00.942 T:3427574576 DEBUG: CDVDAudio::Pause - pausing audio stream
17:10:00.942 T:3652584240 DEBUG: CDVDClock::SetSpeedAdjust - adjusted:0.000000
17:10:00.942 T:3427574576 DEBUG: CDVDAudio::Resume - resume audio stream
17:10:00.952 T:3652584240 DEBUG: CDVDClock::SetSpeedAdjust - adjusted:0.000000
17:10:00.952 T:3652584240 DEBUG: VideoPlayer:Speed adjust:-0.05 aq:0
17:10:00.952 T:3652584240 DEBUG: CDVDClock::SetSpeedAdjust - adjusted:-0.050000
17:10:00.958 T:3427574576 NOTICE: CVideoPlayerAudio::Process - stream stalled pts:12.048 clock:13.173
17:10:00.960 T:3435967280 DEBUG: CVideoPlayerVideo::OutputPicture - ttd:-9263ms pts:3.912 Clock:13.175 Level:0 elapsed:0.005ms
17:10:00.962 T:3652584240 DEBUG: Stream stalled, start buffering. Audio: 0 - Video: 99
17:10:00.963 T:3652584240 DEBUG: CDVDClock::SetSpeedAdjust - adjusted:0.000000
17:10:00.963 T:3427574576 DEBUG: CDVDAudio::Pause - pausing audio stream
17:10:00.963 T:3652584240 DEBUG: CVideoPlayer::ProcessVideoData size:1201 dts:12.172 pts:12.172 dur:40.000ms, clock:13.178 level:99
17:10:00.963 T:3652584240 DEBUG: CDVDClock::SetSpeedAdjust - adjusted:0.000000
17:10:00.963 T:3427574576 DEBUG: CDVDAudio::Pause - pausing audio stream
17:10:00.963 T:3652584240 DEBUG: CDVDClock::SetSpeedAdjust - adjusted:0.000000
17:10:00.963 T:3427574576 DEBUG: CDVDAudio::Resume - resume audio stream
17:10:00.973 T:3652584240 DEBUG: CDVDClock::SetSpeedAdjust - adjusted:0.000000
17:10:00.973 T:3652584240 DEBUG: VideoPlayer:Speed adjust:-0.05 aq:0
17:10:00.974 T:3652584240 DEBUG: CDVDClock::SetSpeedAdjust - adjusted:-0.050000
17:10:00.979 T:3427574576 NOTICE: CVideoPlayerAudio::Process - stream stalled pts:12.048 clock:13.194
17:10:00.984 T:3652584240 DEBUG: Stream stalled, start buffering. Audio: 0 - Video: 100
17:10:00.984 T:3652584240 DEBUG: CDVDClock::SetSpeedAdjust - adjusted:0.000000
17:10:00.984 T:3427574576 DEBUG: CDVDAudio::Pause - pausing audio stream
17:10:00.989 T:3435967280 DEBUG: CVideoPlayerVideo::OutputPicture - ttd:-9276ms pts:3.922 Clock:13.198 Level:0 elapsed:0.006ms
17:10:00.995 T:3652584240 DEBUG: CVideoPlayer::ProcessVideoData size:90477 dts:12.192 pts:12.312 dur:40.000ms, clock:13.198 level:99
17:10:00.996 T:3652584240 DEBUG: CDVDClock::SetSpeedAdjust - adjusted:0.000000
17:10:00.996 T:3427574576 DEBUG: CDVDAudio::Pause - pausing audio stream
17:10:00.996 T:3652584240 DEBUG: CDVDClock::SetSpeedAdjust - adjusted:0.000000
17:10:00.996 T:3427574576 DEBUG: CDVDAudio::Resume - resume audio stream
17:10:01.006 T:3652584240 DEBUG: CDVDClock::SetSpeedAdjust - adjusted:0.000000
17:10:01.006 T:3652584240 DEBUG: VideoPlayer:Speed adjust:-0.05 aq:0
17:10:01.006 T:3652584240 DEBUG: CDVDClock::SetSpeedAdjust - adjusted:-0.050000
17:10:01.108 T:3435967280 DEBUG: CVideoPlayerVideo::OutputPicture - ttd:-9353ms pts:3.952 Clock:13.305 Level:0 elapsed:0.005ms
17:10:01.110 T:3427574576 NOTICE: CVideoPlayerAudio::Process - stream stalled pts:12.144 clock:13.307
17:10:01.117 T:3652584240 DEBUG: Stream stalled, start buffering. Audio: 0 - Video: 99
17:10:01.118 T:3652584240 DEBUG: CDVDClock::SetSpeedAdjust - adjusted:0.000000
17:10:01.118 T:3652584240 DEBUG: CVideoPlayer::ProcessVideoData size:10756 dts:12.212 pts:12.332 dur:40.000ms, clock:13.315 level:99
17:10:01.118 T:3652584240 DEBUG: CDVDClock::SetSpeedAdjust - adjusted:0.000000
17:10:01.118 T:3427574576 DEBUG: Previous line repeats 1 times.
17:10:01.118 T:3427574576 DEBUG: CDVDAudio::Pause - pausing audio stream
17:10:01.118 T:3427574576 DEBUG: Previous line repeats 1 times.
17:10:01.118 T:3427574576 DEBUG: CDVDAudio::Resume - resume audio stream
17:10:01.128 T:3652584240 DEBUG: CDVDClock::SetSpeedAdjust - adjusted:0.000000
17:10:01.128 T:3652584240 DEBUG: VideoPlayer:Speed adjust:-0.05 aq:0
17:10:01.129 T:3652584240 DEBUG: CDVDClock::SetSpeedAdjust - adjusted:-0.050000
17:10:01.129 T:3652584240 DEBUG: CSettingsManager: requested setting (videoplayer.usedisplayasclock.null) was not found.
17:10:01.139 T:3435967280 DEBUG: CVideoPlayerVideo::OutputPicture - ttd:-9392ms pts:3.942 Clock:13.334 Level:0 elapsed:0.005ms
17:10:01.139 T:3652584240 DEBUG: CVideoPlayer::ProcessVideoData size:14588 dts:12.232 pts:12.232 dur:40.000ms, clock:13.335 level:99
17:10:01.231 T:3427574576 NOTICE: CVideoPlayerAudio::Process - stream stalled pts:12.144 clock:13.422
17:10:01.240 T:3652584240 DEBUG: Stream stalled, start buffering. Audio: 0 - Video: 100
17:10:01.240 T:3652584240 DEBUG: CDVDClock::SetSpeedAdjust - adjusted:0.000000
17:10:01.241 T:3427574576 DEBUG: CDVDAudio::Pause - pausing audio stream
17:10:01.251 T:3652584240 DEBUG: CDVDClock::SetSpeedAdjust - adjusted:0.000000
17:10:01.251 T:3427574576 DEBUG: CDVDAudio::Pause - pausing audio stream
17:10:01.251 T:3652584240 DEBUG: CDVDClock::SetSpeedAdjust - adjusted:0.000000
17:10:01.251 T:3427574576 DEBUG: CDVDAudio::Resume - resume audio stream
17:10:01.258 T:3435967280 DEBUG: CVideoPlayerVideo::OutputPicture - ttd:-9446ms pts:3.992 Clock:13.438 Level:0 elapsed:0.005ms
17:10:01.261 T:3652584240 DEBUG: CDVDClock::SetSpeedAdjust - adjusted:0.000000
17:10:01.261 T:3652584240 DEBUG: VideoPlayer:Speed adjust:-0.05 aq:0
17:10:01.261 T:3652584240 DEBUG: CDVDClock::SetSpeedAdjust - adjusted:-0.050000
17:10:01.262 T:3652584240 DEBUG: CVideoPlayer::ProcessVideoData size:1514 dts:12.252 pts:12.252 dur:40.000ms, clock:13.442 level:99
17:10:01.287 T:3435967280 DEBUG: CVideoPlayerVideo::OutputPicture - ttd:-9463ms pts:4.002 Clock:13.466 Level:0 elapsed:0.007ms
17:10:01.293 T:3652584240 DEBUG: CVideoPlayer::ProcessVideoData size:10136 dts:12.272 pts:12.272 dur:40.000ms, clock:13.472 level:99
17:10:01.334 T:3652584240 DEBUG: CSettingsManager: requested setting (videoplayer.usedisplayasclock.null) was not found.
17:10:01.363 T:3427574576 NOTICE: CVideoPlayerAudio::Process - stream stalled pts:12.144 clock:13.538
17:10:01.364 T:3652584240 DEBUG: Stream stalled, start buffering. Audio: 0 - Video: 100
17:10:01.364 T:3652584240 DEBUG: CDVDClock::SetSpeedAdjust - adjusted:0.000000
17:10:01.364 T:3427574576 DEBUG: CDVDAudio::Pause - pausing audio stream
17:10:01.375 T:3652584240 DEBUG: CDVDClock::SetSpeedAdjust - adjusted:0.000000
17:10:01.375 T:3427574576 DEBUG: CDVDAudio::Pause - pausing audio stream
17:10:01.375 T:3652584240 DEBUG: CDVDClock::SetSpeedAdjust - adjusted:0.000000
17:10:01.375 T:3427574576 DEBUG: CDVDAudio::Resume - resume audio stream
17:10:01.385 T:3652584240 DEBUG: CDVDClock::SetSpeedAdjust - adjusted:0.000000
17:10:01.385 T:3652584240 DEBUG: VideoPlayer:Speed adjust:-0.05 aq:0
17:10:01.385 T:3652584240 DEBUG: CDVDClock::SetSpeedAdjust - adjusted:-0.050000
17:10:01.402 T:3435967280 DEBUG: CVideoPlayerVideo::OutputPicture - ttd:-9533ms pts:4.032 Clock:13.566 Level:0 elapsed:0.006ms
17:10:01.406 T:3652584240 DEBUG: CVideoPlayer::ProcessVideoData size:13746 dts:12.292 pts:12.292 dur:40.000ms, clock:13.569 level:99
17:10:01.434 T:3435967280 DEBUG: CVideoPlayerVideo::OutputPicture - ttd:-9554ms pts:4.042 Clock:13.596 Level:0 elapsed:0.006ms
17:10:01.438 T:3652584240 DEBUG: CVideoPlayer::ProcessVideoData size:85549 dts:12.312 pts:12.352 dur:40.000ms, clock:13.600 level:99
17:10:01.539 T:3652584240 DEBUG: CSettingsManager: requested setting (videoplayer.usedisplayasclock.null) was not found.
17:10:01.558 T:3435967280 DEBUG: CVideoPlayerVideo::OutputPicture - ttd:-9641ms pts:4.072 Clock:13.714 Level:0 elapsed:0.006ms
17:10:01.574 T:4069618480 DEBUG: ActiveAE - start sync of audio stream
17:10:01.587 T:3435967280 DEBUG: CVideoPlayerVideo::OutputPicture - ttd:-9659ms pts:4.082 Clock:13.742 Level:0 elapsed:0.006ms
17:10:01.590 T:3652584240 DEBUG: CVideoPlayer::ProcessVideoData size:11950 dts:12.332 pts:12.372 dur:40.000ms, clock:13.745 level:99
17:10:01.591 T:3652584240 DEBUG: CVideoPlayer::ProcessVideoData size:106655 dts:12.352 pts:12.392 dur:40.000ms, clock:13.746 level:99
17:10:01.641 T:3427574576 NOTICE: CVideoPlayerAudio::Process - stream stalled pts:12.336 clock:13.793
17:10:01.642 T:3652584240 DEBUG: Stream stalled, start buffering. Audio: 0 - Video: 100
17:10:01.642 T:3652584240 DEBUG: CDVDClock::SetSpeedAdjust - adjusted:0.000000
17:10:01.642 T:3427574576 DEBUG: CDVDAudio::Pause - pausing audio stream
17:10:01.653 T:3652584240 DEBUG: CDVDClock::SetSpeedAdjust - adjusted:0.000000
17:10:01.653 T:3427574576 DEBUG: CDVDAudio::Pause - pausing audio stream
17:10:01.653 T:3652584240 DEBUG: CDVDClock::SetSpeedAdjust - adjusted:0.000000
17:10:01.653 T:3427574576 DEBUG: CDVDAudio::Resume - resume audio stream
17:10:01.663 T:3652584240 DEBUG: CDVDClock::SetSpeedAdjust - adjusted:0.000000
17:10:01.663 T:3652584240 DEBUG: VideoPlayer:Speed adjust:-0.05 aq:0
17:10:01.663 T:3652584240 DEBUG: CDVDClock::SetSpeedAdjust - adjusted:-0.050000
17:10:01.701 T:3427574576 NOTICE: CVideoPlayerAudio::Process - stream stalled pts:12.336 clock:13.841
17:10:01.705 T:3652584240 DEBUG: Stream stalled, start buffering. Audio: 0 - Video: 100
17:10:01.705 T:3652584240 DEBUG: CDVDClock::SetSpeedAdjust - adjusted:0.000000
17:10:01.705 T:3427574576 DEBUG: CDVDAudio::Pause - pausing audio stream
17:10:01.715 T:3652584240 DEBUG: CDVDClock::SetSpeedAdjust - adjusted:0.000000
17:10:01.715 T:3427574576 DEBUG: CDVDAudio::Pause - pausing audio stream
17:10:01.715 T:3652584240 DEBUG: CDVDClock::SetSpeedAdjust - adjusted:0.000000
17:10:01.715 T:3427574576 DEBUG: CDVDAudio::Resume - resume audio stream
17:10:01.723 T:3435967280 DEBUG: CVideoPlayerVideo::OutputPicture - ttd:-9740ms pts:4.112 Clock:13.852 Level:0 elapsed:0.007ms
17:10:01.726 T:3652584240 DEBUG: CDVDClock::SetSpeedAdjust - adjusted:0.000000
17:10:01.726 T:3652584240 DEBUG: VideoPlayer:Speed adjust:-0.05 aq:0
17:10:01.726 T:3652584240 DEBUG: CDVDClock::SetSpeedAdjust - adjusted:-0.050000
17:10:01.726 T:3652584240 DEBUG: CVideoPlayer::ProcessVideoData size:11381 dts:12.372 pts:12.412 dur:40.000ms, clock:13.855 level:99
17:10:01.746 T:3652584240 DEBUG: CSettingsManager: requested setting (videoplayer.usedisplayasclock.null) was not found.
17:10:01.753 T:3435967280 DEBUG: CVideoPlayerVideo::OutputPicture - ttd:-9758ms pts:4.122 Clock:13.880 Level:0 elapsed:0.005ms
17:10:01.758 T:3652584240 DEBUG: CVideoPlayer::ProcessVideoData size:80428 dts:12.392 pts:12.512 dur:40.000ms, clock:13.885 level:99
17:10:01.759 T:4069618480 DEBUG: ActiveAE - start sync of audio stream
17:10:01.855 T:3427574576 NOTICE: CVideoPlayerAudio::Process - stream stalled pts:12.384 clock:13.977
17:10:01.861 T:3652584240 DEBUG: Stream stalled, start buffering. Audio: 0 - Video: 100
17:10:01.862 T:3652584240 DEBUG: CDVDClock::SetSpeedAdjust - adjusted:0.000000
17:10:01.862 T:3427574576 DEBUG: CDVDAudio::Pause - pausing audio stream
17:10:01.870 T:3435967280 DEBUG: CVideoPlayerVideo::OutputPicture - ttd:-9831ms pts:4.152 Clock:13.984 Level:0 elapsed:0.007ms
17:10:01.872 T:3652584240 DEBUG: CVideoPlayer::ProcessVideoData size:10416 dts:12.412 pts:12.532 dur:40.000ms, clock:13.984 level:99
17:10:01.872 T:3652584240 DEBUG: CDVDClock::SetSpeedAdjust - adjusted:0.000000
17:10:01.872 T:3427574576 DEBUG: Previous line repeats 1 times.
17:10:01.872 T:3427574576 DEBUG: CDVDAudio::Pause - pausing audio stream
17:10:01.872 T:3427574576 DEBUG: CDVDAudio::Resume - resume audio stream
17:10:01.883 T:3652584240 DEBUG: CDVDClock::SetSpeedAdjust - adjusted:0.000000
17:10:01.883 T:3427574576 NOTICE: CVideoPlayerAudio::Process - stream stalled pts:12.384 clock:13.994
17:10:01.883 T:3652584240 DEBUG: VideoPlayer:Speed adjust:-0.05 aq:0
17:10:01.883 T:3652584240 DEBUG: CDVDClock::SetSpeedAdjust - adjusted:-0.050000
17:10:01.893 T:3652584240 DEBUG: Stream stalled, start buffering. Audio: 0 - Video: 100
17:10:01.893 T:3652584240 DEBUG: CDVDClock::SetSpeedAdjust - adjusted:0.000000
17:10:01.893 T:3427574576 DEBUG: CDVDAudio::Pause - pausing audio stream
17:10:01.904 T:3652584240 DEBUG: CDVDClock::SetSpeedAdjust - adjusted:0.000000
17:10:01.904 T:3427574576 DEBUG: CDVDAudio::Pause - pausing audio stream
17:10:01.904 T:3652584240 DEBUG: CDVDClock::SetSpeedAdjust - adjusted:0.000000
17:10:01.904 T:3427574576 DEBUG: CDVDAudio::Resume - resume audio stream
17:10:01.905 T:3435967280 DEBUG: CVideoPlayerVideo::OutputPicture - ttd:-9843ms pts:4.162 Clock:14.006 Level:0 elapsed:0.005ms
17:10:01.914 T:3652584240 DEBUG: CDVDClock::SetSpeedAdjust - adjusted:0.000000
17:10:01.914 T:3427574576 NOTICE: CVideoPlayerAudio::Process - stream stalled pts:12.384 clock:14.014
17:10:01.914 T:3652584240 DEBUG: VideoPlayer:Speed adjust:-0.05 aq:0
17:10:01.914 T:3652584240 DEBUG: CDVDClock::SetSpeedAdjust - adjusted:-0.050000
17:10:01.914 T:3652584240 DEBUG: Stream stalled, start buffering. Audio: 0 - Video: 99
17:10:01.915 T:3652584240 DEBUG: CDVDClock::SetSpeedAdjust - adjusted:0.000000
17:10:01.915 T:3427574576 DEBUG: CDVDAudio::Pause - pausing audio stream
17:10:01.915 T:3652584240 DEBUG: CVideoPlayer::ProcessVideoData size:12721 dts:12.432 pts:12.432 dur:40.000ms, clock:14.015 level:99
17:10:01.915 T:3652584240 DEBUG: CDVDClock::SetSpeedAdjust - adjusted:0.000000
17:10:01.915 T:3427574576 DEBUG: CDVDAudio::Pause - pausing audio stream
17:10:01.915 T:3652584240 DEBUG: CDVDClock::SetSpeedAdjust - adjusted:0.000000
17:10:01.915 T:3427574576 DEBUG: CDVDAudio::Resume - resume audio stream
17:10:01.926 T:3652584240 DEBUG: CDVDClock::SetSpeedAdjust - adjusted:0.000000
17:10:01.926 T:3652584240 DEBUG: VideoPlayer:Speed adjust:-0.05 aq:0
17:10:01.926 T:3652584240 DEBUG: CDVDClock::SetSpeedAdjust - adjusted:-0.050000
17:10:01.956 T:3652584240 DEBUG: CSettingsManager: requested setting (videoplayer.usedisplayasclock.null) was not found.
17:10:01.974 T:3427574576 NOTICE: CVideoPlayerAudio::Process - stream stalled pts:12.432 clock:14.071
17:10:01.977 T:3652584240 DEBUG: Stream stalled, start buffering. Audio: 0 - Video: 100
17:10:01.977 T:3652584240 DEBUG: CDVDClock::SetSpeedAdjust - adjusted:0.000000
17:10:01.977 T:3427574576 DEBUG: CDVDAudio::Pause - pausing audio stream
17:10:01.987 T:3652584240 DEBUG: CDVDClock::SetSpeedAdjust - adjusted:0.000000
17:10:01.987 T:3427574576 DEBUG: CDVDAudio::Pause - pausing audio stream
17:10:01.987 T:3652584240 DEBUG: CDVDClock::SetSpeedAdjust - adjusted:0.000000
17:10:01.987 T:3427574576 DEBUG: CDVDAudio::Resume - resume audio stream
17:10:01.998 T:3652584240 DEBUG: CDVDClock::SetSpeedAdjust - adjusted:0.000000
17:10:01.998 T:3652584240 DEBUG: VideoPlayer:Speed adjust:-0.05 aq:0
17:10:01.998 T:3652584240 DEBUG: CDVDClock::SetSpeedAdjust - adjusted:-0.050000
17:10:02.037 T:3435967280 DEBUG: CVideoPlayerVideo::OutputPicture - ttd:-9929ms pts:4.192 Clock:14.121 Level:0 elapsed:0.006ms
17:10:02.038 T:3652584240 DEBUG: CVideoPlayer::ProcessVideoData size:11615 dts:12.452 pts:12.452 dur:40.000ms, clock:14.123 level:99
17:10:02.046 T:3427574576 NOTICE: CVideoPlayerAudio::Process - stream stalled pts:12.432 clock:14.130
17:10:02.049 T:3652584240 DEBUG: Stream stalled, start buffering. Audio: 0 - Video: 100
17:10:02.049 T:3652584240 DEBUG: CDVDClock::SetSpeedAdjust - adjusted:0.000000
17:10:02.049 T:3427574576 DEBUG: CDVDAudio::Pause - pausing audio stream
17:10:02.059 T:3652584240 DEBUG: CDVDClock::SetSpeedAdjust - adjusted:0.000000
17:10:02.059 T:3427574576 DEBUG: CDVDAudio::Pause - pausing audio stream
17:10:02.059 T:3652584240 DEBUG: CDVDClock::SetSpeedAdjust - adjusted:0.000000
17:10:02.059 T:3427574576 DEBUG: CDVDAudio::Resume - resume audio stream
17:10:02.070 T:3652584240 DEBUG: CDVDClock::SetSpeedAdjust - adjusted:0.000000
17:10:02.070 T:3652584240 DEBUG: VideoPlayer:Speed adjust:-0.05 aq:0
17:10:02.070 T:3652584240 DEBUG: CDVDClock::SetSpeedAdjust - adjusted:-0.050000
17:10:02.072 T:3435967280 DEBUG: CVideoPlayerVideo::OutputPicture - ttd:-9942ms pts:4.202 Clock:14.145 Level:0 elapsed:0.005ms
17:10:02.080 T:3652584240 DEBUG: CVideoPlayer::ProcessVideoData size:10487 dts:12.472 pts:12.472 dur:40.000ms, clock:14.153 level:99
17:10:02.118 T:3427574576 NOTICE: CVideoPlayerAudio::Process - stream stalled pts:12.432 clock:14.189
17:10:02.121 T:3652584240 DEBUG: Stream stalled, start buffering. Audio: 0 - Video: 100
17:10:02.121 T:3652584240 DEBUG: CDVDClock::SetSpeedAdjust - adjusted:0.000000
17:10:02.121 T:3427574576 DEBUG: CDVDAudio::Pause - pausing audio stream
17:10:02.131 T:3652584240 DEBUG: CDVDClock::SetSpeedAdjust - adjusted:0.000000
17:10:02.131 T:3427574576 DEBUG: CDVDAudio::Pause - pausing audio stream
17:10:02.131 T:3652584240 DEBUG: CDVDClock::SetSpeedAdjust - adjusted:0.000000
17:10:02.131 T:3427574576 DEBUG: CDVDAudio::Resume - resume audio stream
17:10:02.141 T:3652584240 DEBUG: CDVDClock::SetSpeedAdjust - adjusted:0.000000
17:10:02.142 T:3652584240 DEBUG: VideoPlayer:Speed adjust:-0.05 aq:0
17:10:02.142 T:3652584240 DEBUG: CDVDClock::SetSpeedAdjust - adjusted:-0.050000
17:10:02.162 T:3652584240 DEBUG: CSettingsManager: requested setting (videoplayer.usedisplayasclock.null) was not found.
17:10:02.189 T:3435967280 DEBUG: CVideoPlayerVideo::OutputPicture - ttd:-10014ms pts:4.232 Clock:14.247 Level:0 elapsed:0.006ms
17:10:02.190 T:3427574576 NOTICE: CVideoPlayerAudio::Process - stream stalled pts:12.432 clock:14.248
17:10:02.193 T:3652584240 DEBUG: Stream stalled, start buffering. Audio: 0 - Video: 99
17:10:02.193 T:3652584240 DEBUG: CDVDClock::SetSpeedAdjust - adjusted:0.000000
17:10:02.193 T:3427574576 DEBUG: CDVDAudio::Pause - pausing audio stream
17:10:02.193 T:3652584240 DEBUG: CVideoPlayer::ProcessVideoData size:6467 dts:12.492 pts:12.492 dur:40.000ms, clock:14.251 level:99
17:10:02.194 T:3652584240 DEBUG: CDVDClock::SetSpeedAdjust - adjusted:0.000000
17:10:02.194 T:3427574576 DEBUG: CDVDAudio::Pause - pausing audio stream
17:10:02.194 T:3652584240 DEBUG: CDVDClock::SetSpeedAdjust - adjusted:0.000000
17:10:02.194 T:3427574576 DEBUG: CDVDAudio::Resume - resume audio stream
17:10:02.204 T:3652584240 DEBUG: CDVDClock::SetSpeedAdjust - adjusted:0.000000
17:10:02.204 T:3652584240 DEBUG: VideoPlayer:Speed adjust:-0.05 aq:0
17:10:02.204 T:3652584240 DEBUG: CDVDClock::SetSpeedAdjust - adjusted:-0.050000
17:10:02.218 T:3435967280 DEBUG: CVideoPlayerVideo::OutputPicture - ttd:-10032ms pts:4.242 Clock:14.275 Level:0 elapsed:0.009ms
17:10:02.225 T:3652584240 DEBUG: CVideoPlayer::ProcessVideoData size:79207 dts:12.512 pts:12.632 dur:40.000ms, clock:14.282 level:99
17:10:02.332 T:3427574576 NOTICE: CVideoPlayerAudio::Process - stream stalled pts:12.480 clock:14.383
17:10:02.334 T:3435967280 DEBUG: CVideoPlayerVideo::OutputPicture - ttd:-10113ms pts:4.272 Clock:14.385 Level:0 elapsed:0.005ms
17:10:02.337 T:3652584240 DEBUG: Stream stalled, start buffering. Audio: 0 - Video: 100
17:10:02.337 T:3652584240 DEBUG: CDVDClock::SetSpeedAdjust - adjusted:0.000000
17:10:02.337 T:3427574576 DEBUG: CDVDAudio::Pause - pausing audio stream
17:10:02.347 T:3652584240 DEBUG: CDVDClock::SetSpeedAdjust - adjusted:0.000000
17:10:02.348 T:3427574576 DEBUG: CDVDAudio::Pause - pausing audio stream
17:10:02.348 T:3652584240 DEBUG: CDVDClock::SetSpeedAdjust - adjusted:0.000000
17:10:02.348 T:3427574576 DEBUG: CDVDAudio::Resume - resume audio stream
17:10:02.358 T:3652584240 DEBUG: CDVDClock::SetSpeedAdjust - adjusted:0.000000
17:10:02.358 T:3652584240 DEBUG: VideoPlayer:Speed adjust:-0.05 aq:0
17:10:02.358 T:3652584240 DEBUG: CDVDClock::SetSpeedAdjust - adjusted:-0.050000
17:10:02.364 T:3435967280 DEBUG: CVideoPlayerVideo::OutputPicture - ttd:-10121ms pts:4.282 Clock:14.403 Level:0 elapsed:0.006ms
17:10:02.368 T:3652584240 DEBUG: CSettingsManager: requested setting (videoplayer.usedisplayasclock.null) was not found.
17:10:02.369 T:3652584240 DEBUG: CVideoPlayer::ProcessVideoData size:10921 dts:12.532 pts:12.652 dur:40.000ms, clock:14.409 level:99
17:10:02.369 T:3652584240 DEBUG: CVideoPlayer::ProcessVideoData size:12751 dts:12.552 pts:12.552 dur:40.000ms, clock:14.409 level:99
17:10:02.482 T:3435967280 DEBUG: CVideoPlayerVideo::OutputPicture - ttd:-10203ms pts:4.312 Clock:14.515 Level:0 elapsed:0.006ms
17:10:02.510 T:3435967280 DEBUG: CVideoPlayerVideo::OutputPicture - ttd:-10220ms pts:4.322 Clock:14.542 Level:0 elapsed:0.006ms
17:10:02.513 T:4069618480 DEBUG: ActiveAE - start sync of audio stream
17:10:02.521 T:3652584240 DEBUG: CVideoPlayer::ProcessVideoData size:8338 dts:12.572 pts:12.572 dur:40.000ms, clock:14.553 level:99
17:10:02.522 T:3652584240 DEBUG: CVideoPlayer::ProcessVideoData size:10257 dts:12.592 pts:12.592 dur:40.000ms, clock:14.553 level:99
17:10:02.524 T:3427574576 NOTICE: CVideoPlayerAudio::Process - stream stalled pts:12.528 clock:14.555
17:10:02.532 T:3652584240 DEBUG: Stream stalled, start buffering. Audio: 0 - Video: 100
17:10:02.532 T:3652584240 DEBUG: CDVDClock::SetSpeedAdjust - adjusted:0.000000
17:10:02.532 T:3427574576 DEBUG: CDVDAudio::Pause - pausing audio stream
17:10:02.542 T:3652584240 DEBUG: CDVDClock::SetSpeedAdjust - adjusted:0.000000
17:10:02.542 T:3427574576 DEBUG: CDVDAudio::Pause - pausing audio stream
17:10:02.543 T:3652584240 DEBUG: CDVDClock::SetSpeedAdjust - adjusted:0.000000
17:10:02.543 T:3427574576 DEBUG: CDVDAudio::Resume - resume audio stream
17:10:02.553 T:3652584240 DEBUG: CDVDClock::SetSpeedAdjust - adjusted:0.000000
17:10:02.553 T:3652584240 DEBUG: VideoPlayer:Speed adjust:-0.05 aq:0
17:10:02.553 T:3652584240 DEBUG: CDVDClock::SetSpeedAdjust - adjusted:-0.050000
17:10:02.573 T:3652584240 DEBUG: CSettingsManager: requested setting (videoplayer.usedisplayasclock.null) was not found.
17:10:02.612 T:3427574576 NOTICE: CVideoPlayerAudio::Process - stream stalled pts:12.528 clock:14.630
17:10:02.617 T:3652584240 DEBUG: Stream stalled, start buffering. Audio: 0 - Video: 100
17:10:02.617 T:3652584240 DEBUG: CDVDClock::SetSpeedAdjust - adjusted:0.000000
17:10:02.617 T:3427574576 DEBUG: CDVDAudio::Pause - pausing audio stream
17:10:02.627 T:3652584240 DEBUG: CDVDClock::SetSpeedAdjust - adjusted:0.000000
17:10:02.627 T:3427574576 DEBUG: CDVDAudio::Pause - pausing audio stream
17:10:02.627 T:3652584240 DEBUG: CDVDClock::SetSpeedAdjust - adjusted:0.000000
17:10:02.627 T:3427574576 DEBUG: CDVDAudio::Resume - resume audio stream
17:10:02.638 T:3652584240 DEBUG: CDVDClock::SetSpeedAdjust - adjusted:0.000000
17:10:02.638 T:3652584240 DEBUG: VideoPlayer:Speed adjust:-0.05 aq:0
17:10:02.638 T:3652584240 DEBUG: CDVDClock::SetSpeedAdjust - adjusted:-0.050000
17:10:02.644 T:3435967280 DEBUG: CVideoPlayerVideo::OutputPicture - ttd:-10298ms pts:4.352 Clock:14.650 Level:0 elapsed:0.006ms
17:10:02.648 T:3652584240 DEBUG: CVideoPlayer::ProcessVideoData size:5010 dts:12.612 pts:12.612 dur:40.000ms, clock:14.655 level:99
17:10:02.672 T:3435967280 DEBUG: CVideoPlayerVideo::OutputPicture - ttd:-10315ms pts:4.362 Clock:14.678 Level:0 elapsed:0.005ms
17:10:02.680 T:3652584240 DEBUG: CVideoPlayer::ProcessVideoData size:68825 dts:12.632 pts:12.752 dur:40.000ms, clock:14.685 level:99
17:10:02.684 T:4069618480 DEBUG: ActiveAE - start sync of audio stream
17:10:02.781 T:3652584240 DEBUG: CSettingsManager: requested setting (videoplayer.usedisplayasclock.null) was not found.
17:10:02.788 T:3435967280 DEBUG: CVideoPlayerVideo::OutputPicture - ttd:-10395ms pts:4.392 Clock:14.788 Level:0 elapsed:0.006ms
17:10:02.797 T:3427574576 NOTICE: CVideoPlayerAudio::Process - stream stalled pts:12.576 clock:14.796
17:10:02.801 T:3652584240 DEBUG: Stream stalled, start buffering. Audio: 0 - Video: 100
17:10:02.802 T:3652584240 DEBUG: CDVDClock::SetSpeedAdjust - adjusted:0.000000
17:10:02.802 T:3427574576 DEBUG: CDVDAudio::Pause - pausing audio stream
17:10:02.812 T:3652584240 DEBUG: CDVDClock::SetSpeedAdjust - adjusted:0.000000
17:10:02.812 T:3427574576 DEBUG: CDVDAudio::Pause - pausing audio stream
17:10:02.812 T:3652584240 DEBUG: CDVDClock::SetSpeedAdjust - adjusted:0.000000
17:10:02.812 T:3427574576 DEBUG: CDVDAudio::Resume - resume audio stream
17:10:02.817 T:3435967280 DEBUG: CVideoPlayerVideo::OutputPicture - ttd:-10403ms pts:4.402 Clock:14.806 Level:0 elapsed:0.008ms
17:10:02.822 T:3652584240 DEBUG: CDVDClock::SetSpeedAdjust - adjusted:0.000000
17:10:02.822 T:3652584240 DEBUG: VideoPlayer:Speed adjust:-0.05 aq:0
17:10:02.823 T:3652584240 DEBUG: CDVDClock::SetSpeedAdjust - adjusted:-0.050000
17:10:02.823 T:3652584240 DEBUG: CVideoPlayer::ProcessVideoData size:7207 dts:12.652 pts:12.772 dur:40.000ms, clock:14.811 level:99
17:10:02.823 T:3652584240 DEBUG: CVideoPlayer::ProcessVideoData size:13292 dts:12.672 pts:12.672 dur:40.000ms, clock:14.812 level:99
17:10:02.903 T:3427574576 NOTICE: CVideoPlayerAudio::Process - stream stalled pts:12.624 clock:14.887
17:10:02.904 T:3652584240 DEBUG: Stream stalled, start buffering. Audio: 0 - Video: 100
17:10:02.904 T:3652584240 DEBUG: CDVDClock::SetSpeedAdjust - adjusted:0.000000
17:10:02.905 T:3427574576 DEBUG: CDVDAudio::Pause - pausing audio stream
17:10:02.915 T:3652584240 DEBUG: CDVDClock::SetSpeedAdjust - adjusted:0.000000
17:10:02.915 T:3427574576 DEBUG: CDVDAudio::Pause - pausing audio stream
17:10:02.915 T:3652584240 DEBUG: CDVDClock::SetSpeedAdjust - adjusted:0.000000
17:10:02.915 T:3427574576 DEBUG: CDVDAudio::Resume - resume audio stream
17:10:02.925 T:3652584240 DEBUG: CDVDClock::SetSpeedAdjust - adjusted:0.000000
17:10:02.925 T:3652584240 DEBUG: VideoPlayer:Speed adjust:-0.05 aq:0
17:10:02.925 T:3652584240 DEBUG: CDVDClock::SetSpeedAdjust - adjusted:-0.050000
17:10:02.937 T:3435967280 DEBUG: CVideoPlayerVideo::OutputPicture - ttd:-10478ms pts:4.432 Clock:14.910 Level:0 elapsed:0.005ms
17:10:02.946 T:3652584240 DEBUG: CVideoPlayer::ProcessVideoData size:5991 dts:12.692 pts:12.692 dur:40.000ms, clock:14.919 level:99
17:10:02.966 T:3435967280 DEBUG: CVideoPlayerVideo::OutputPicture - ttd:-10495ms pts:4.442 Clock:14.937 Level:0 elapsed:0.011ms
17:10:02.977 T:3652584240 DEBUG: CVideoPlayer::ProcessVideoData size:9958 dts:12.712 pts:12.712 dur:40.000ms, clock:14.948 level:99
17:10:02.987 T:3652584240 DEBUG: CSettingsManager: requested setting (videoplayer.usedisplayasclock.null) was not found.
17:10:02.994 T:3427574576 NOTICE: CVideoPlayerAudio::Process - stream stalled pts:12.624 clock:14.965
17:10:02.997 T:3652584240 DEBUG: Stream stalled, start buffering. Audio: 0 - Video: 100
17:10:02.997 T:3652584240 DEBUG: CDVDClock::SetSpeedAdjust - adjusted:0.000000
17:10:02.997 T:3427574576 DEBUG: CDVDAudio::Pause - pausing audio stream
17:10:03.008 T:3652584240 DEBUG: CDVDClock::SetSpeedAdjust - adjusted:0.000000
17:10:03.008 T:3427574576 DEBUG: CDVDAudio::Pause - pausing audio stream
17:10:03.008 T:3652584240 DEBUG: CDVDClock::SetSpeedAdjust - adjusted:0.000000
17:10:03.008 T:3427574576 DEBUG: CDVDAudio::Resume - resume audio stream
17:10:03.018 T:3652584240 DEBUG: CDVDClock::SetSpeedAdjust - adjusted:0.000000
17:10:03.018 T:3652584240 DEBUG: VideoPlayer:Speed adjust:-0.05 aq:0
17:10:03.018 T:3652584240 DEBUG: CDVDClock::SetSpeedAdjust - adjusted:-0.050000
17:10:03.087 T:3427574576 NOTICE: CVideoPlayerAudio::Process - stream stalled pts:12.624 clock:15.043
17:10:03.089 T:3652584240 DEBUG: Stream stalled, start buffering. Audio: 0 - Video: 100
17:10:03.089 T:3652584240 DEBUG: CDVDClock::SetSpeedAdjust - adjusted:0.000000
17:10:03.089 T:3427574576 DEBUG: CDVDAudio::Pause - pausing audio stream
17:10:03.094 T:3435967280 DEBUG: CVideoPlayerVideo::OutputPicture - ttd:-10573ms pts:4.472 Clock:15.045 Level:0 elapsed:0.005ms
17:10:03.100 T:3652584240 DEBUG: CVideoPlayer::ProcessVideoData size:4617 dts:12.732 pts:12.732 dur:40.000ms, clock:15.045 level:99
17:10:03.100 T:3652584240 DEBUG: CDVDClock::SetSpeedAdjust - adjusted:0.000000
17:10:03.100 T:3427574576 DEBUG: CDVDAudio::Pause - pausing audio stream
17:10:03.100 T:3652584240 DEBUG: CDVDClock::SetSpeedAdjust - adjusted:0.000000
17:10:03.100 T:3427574576 DEBUG: CDVDAudio::Resume - resume audio stream
17:10:03.110 T:3652584240 DEBUG: CDVDClock::SetSpeedAdjust - adjusted:0.000000
17:10:03.110 T:3652584240 DEBUG: VideoPlayer:Speed adjust:-0.05 aq:0
17:10:03.110 T:3652584240 DEBUG: CDVDClock::SetSpeedAdjust - adjusted:-0.050000
17:10:03.132 T:3435967280 DEBUG: CVideoPlayerVideo::OutputPicture - ttd:-10594ms pts:4.482 Clock:15.076 Level:0 elapsed:0.005ms
17:10:03.142 T:3652584240 DEBUG: CVideoPlayer::ProcessVideoData size:63391 dts:12.752 pts:12.872 dur:40.000ms, clock:15.085 level:99
17:10:03.142 T:4069618480 DEBUG: ActiveAE - start sync of audio stream
17:10:03.184 T:3427574576 NOTICE: CVideoPlayerAudio::Process - stream stalled pts:12.672 clock:15.126
17:10:03.192 T:3652584240 DEBUG: Stream stalled, start buffering. Audio: 0 - Video: 100
17:10:03.193 T:3652584240 DEBUG: CDVDClock::SetSpeedAdjust - adjusted:0.000000
17:10:03.193 T:3427574576 DEBUG: CDVDAudio::Pause - pausing audio stream
17:10:03.193 T:3652584240 DEBUG: CSettingsManager: requested setting (videoplayer.usedisplayasclock.null) was not found.
17:10:03.203 T:3652584240 DEBUG: CDVDClock::SetSpeedAdjust - adjusted:0.000000
17:10:03.203 T:3427574576 DEBUG: CDVDAudio::Pause - pausing audio stream
17:10:03.203 T:3652584240 DEBUG: CDVDClock::SetSpeedAdjust - adjusted:0.000000
17:10:03.203 T:3427574576 DEBUG: CDVDAudio::Resume - resume audio stream
17:10:03.213 T:3652584240 DEBUG: CDVDClock::SetSpeedAdjust - adjusted:0.000000
17:10:03.213 T:3652584240 DEBUG: VideoPlayer:Speed adjust:-0.05 aq:0
17:10:03.214 T:3652584240 DEBUG: CDVDClock::SetSpeedAdjust - adjusted:-0.050000
17:10:03.245 T:3427574576 NOTICE: CVideoPlayerAudio::Process - stream stalled pts:12.672 clock:15.174
17:10:03.251 T:3435967280 DEBUG: CVideoPlayerVideo::OutputPicture - ttd:-10667ms pts:4.512 Clock:15.180 Level:0 elapsed:0.005ms
17:10:03.255 T:3652584240 DEBUG: Stream stalled, start buffering. Audio: 0 - Video: 99
17:10:03.255 T:3652584240 DEBUG: CDVDClock::SetSpeedAdjust - adjusted:0.000000
17:10:03.255 T:3427574576 DEBUG: CDVDAudio::Pause - pausing audio stream
17:10:03.256 T:3652584240 DEBUG: CVideoPlayer::ProcessVideoData size:6443 dts:12.772 pts:12.892 dur:40.000ms, clock:15.184 level:99
17:10:03.256 T:3652584240 DEBUG: CDVDClock::SetSpeedAdjust - adjusted:0.000000
17:10:03.256 T:3427574576 DEBUG: CDVDAudio::Pause - pausing audio stream
17:10:03.256 T:3652584240 DEBUG: CDVDClock::SetSpeedAdjust - adjusted:0.000000
17:10:03.256 T:3427574576 DEBUG: CDVDAudio::Resume - resume audio stream
17:10:03.266 T:3652584240 DEBUG: CDVDClock::SetSpeedAdjust - adjusted:0.000000
17:10:03.266 T:3652584240 DEBUG: VideoPlayer:Speed adjust:-0.05 aq:0
17:10:03.266 T:3652584240 DEBUG: CDVDClock::SetSpeedAdjust - adjusted:-0.050000
17:10:03.287 T:3435967280 DEBUG: CVideoPlayerVideo::OutputPicture - ttd:-10691ms pts:4.522 Clock:15.214 Level:0 elapsed:0.006ms
17:10:03.297 T:3652584240 DEBUG: CVideoPlayer::ProcessVideoData size:10069 dts:12.792 pts:12.792 dur:40.000ms, clock:15.224 level:99
17:10:03.298 T:3427574576 NOTICE: CVideoPlayerAudio::Process - stream stalled pts:12.672 clock:15.225
17:10:03.307 T:3652584240 DEBUG: Stream stalled, start buffering. Audio: 0 - Video: 100
17:10:03.308 T:3652584240 DEBUG: CDVDClock::SetSpeedAdjust - adjusted:0.000000
17:10:03.308 T:3427574576 DEBUG: CDVDAudio::Pause - pausing audio stream
17:10:03.318 T:3652584240 DEBUG: CDVDClock::SetSpeedAdjust - adjusted:0.000000
17:10:03.318 T:3427574576 DEBUG: CDVDAudio::Pause - pausing audio stream
17:10:03.318 T:3652584240 DEBUG: CDVDClock::SetSpeedAdjust - adjusted:0.000000
17:10:03.318 T:3427574576 DEBUG: CDVDAudio::Resume - resume audio stream
17:10:03.328 T:3652584240 DEBUG: CDVDClock::SetSpeedAdjust - adjusted:0.000000
17:10:03.329 T:3652584240 DEBUG: VideoPlayer:Speed adjust:-0.05 aq:0
17:10:03.329 T:3652584240 DEBUG: CDVDClock::SetSpeedAdjust - adjusted:-0.050000
17:10:03.360 T:3427574576 NOTICE: CVideoPlayerAudio::Process - stream stalled pts:12.672 clock:15.274
17:10:03.369 T:3652584240 DEBUG: Stream stalled, start buffering. Audio: 0 - Video: 100
17:10:03.369 T:3652584240 DEBUG: CDVDClock::SetSpeedAdjust - adjusted:0.000000
17:10:03.369 T:3427574576 DEBUG: CDVDAudio::Pause - pausing audio stream
17:10:03.384 T:3652584240 DEBUG: CDVDClock::SetSpeedAdjust - adjusted:0.000000
17:10:03.384 T:3427574576 DEBUG: CDVDAudio::Pause - pausing audio stream
17:10:03.384 T:3652584240 DEBUG: CDVDClock::SetSpeedAdjust - adjusted:0.000000
17:10:03.384 T:3427574576 DEBUG: CDVDAudio::Resume - resume audio stream
17:10:03.395 T:3652584240 DEBUG: CDVDClock::SetSpeedAdjust - adjusted:0.000000
17:10:03.395 T:3652584240 DEBUG: VideoPlayer:Speed adjust:-0.05 aq:0
17:10:03.395 T:3652584240 DEBUG: CDVDClock::SetSpeedAdjust - adjusted:-0.050000
17:10:03.395 T:3652584240 DEBUG: CSettingsManager: requested setting (videoplayer.usedisplayasclock.null) was not found.
17:10:03.402 T:3435967280 DEBUG: CVideoPlayerVideo::OutputPicture - ttd:-10748ms pts:4.552 Clock:15.300 Level:0 elapsed:0.005ms
17:10:03.405 T:3652584240 DEBUG: CVideoPlayer::ProcessVideoData size:4262 dts:12.812 pts:12.812 dur:40.000ms, clock:15.303 level:99
17:10:03.427 T:3427574576 NOTICE: CVideoPlayerAudio::Process - stream stalled pts:12.672 clock:15.323
17:10:03.435 T:3435967280 DEBUG: CVideoPlayerVideo::OutputPicture - ttd:-10769ms pts:4.562 Clock:15.331 Level:0 elapsed:0.005ms
17:10:03.436 T:3652584240 DEBUG: Stream stalled, start buffering. Audio: 0 - Video: 100
17:10:03.436 T:3652584240 DEBUG: CDVDClock::SetSpeedAdjust - adjusted:0.000000
17:10:03.436 T:3427574576 DEBUG: CDVDAudio::Pause - pausing audio stream
17:10:03.436 T:3652584240 DEBUG: CVideoPlayer::ProcessVideoData size:8284 dts:12.832 pts:12.832 dur:40.000ms, clock:15.332 level:99
17:10:03.436 T:3652584240 DEBUG: CDVDClock::SetSpeedAdjust - adjusted:0.000000
17:10:03.436 T:3427574576 DEBUG: CDVDAudio::Pause - pausing audio stream
17:10:03.436 T:3652584240 DEBUG: CDVDClock::SetSpeedAdjust - adjusted:0.000000
17:10:03.436 T:3427574576 DEBUG: CDVDAudio::Resume - resume audio stream
17:10:03.447 T:3652584240 DEBUG: CDVDClock::SetSpeedAdjust - adjusted:0.000000
17:10:03.447 T:3652584240 DEBUG: VideoPlayer:Speed adjust:-0.05 aq:0
17:10:03.447 T:3652584240 DEBUG: CDVDClock::SetSpeedAdjust - adjusted:-0.050000
17:10:03.479 T:3427574576 NOTICE: CVideoPlayerAudio::Process - stream stalled pts:12.672 clock:15.373
17:10:03.487 T:3652584240 DEBUG: Stream stalled, start buffering. Audio: 0 - Video: 100
17:10:03.488 T:3652584240 DEBUG: CDVDClock::SetSpeedAdjust - adjusted:0.000000
17:10:03.488 T:3427574576 DEBUG: CDVDAudio::Pause - pausing audio stream
17:10:03.498 T:3652584240 DEBUG: CDVDClock::SetSpeedAdjust - adjusted:0.000000
17:10:03.498 T:3427574576 DEBUG: CDVDAudio::Pause - pausing audio stream
17:10:03.498 T:3652584240 DEBUG: CDVDClock::SetSpeedAdjust - adjusted:0.000000
17:10:03.498 T:3427574576 DEBUG: CDVDAudio::Resume - resume audio stream
17:10:03.508 T:3652584240 DEBUG: CDVDClock::SetSpeedAdjust - adjusted:0.000000
17:10:03.508 T:3652584240 DEBUG: VideoPlayer:Speed adjust:-0.05 aq:0
17:10:03.508 T:3652584240 DEBUG: CDVDClock::SetSpeedAdjust - adjusted:-0.050000
17:10:03.540 T:3427574576 NOTICE: CVideoPlayerAudio::Process - stream stalled pts:12.672 clock:15.422
17:10:03.550 T:3652584240 DEBUG: Stream stalled, start buffering. Audio: 0 - Video: 100
17:10:03.551 T:3652584240 DEBUG: CDVDClock::SetSpeedAdjust - adjusted:0.000000
17:10:03.551 T:3427574576 DEBUG: CDVDAudio::Pause - pausing audio stream
17:10:03.551 T:3435967280 DEBUG: CVideoPlayerVideo::OutputPicture - ttd:-10839ms pts:4.592 Clock:15.432 Level:0 elapsed:0.005ms
17:10:03.562 T:3652584240 DEBUG: CVideoPlayer::ProcessVideoData size:4020 dts:12.852 pts:12.852 dur:40.000ms, clock:15.432 level:99
17:10:03.562 T:3652584240 DEBUG: CDVDClock::SetSpeedAdjust - adjusted:0.000000
17:10:03.562 T:3427574576 DEBUG: CDVDAudio::Pause - pausing audio stream
17:10:03.562 T:3652584240 DEBUG: CDVDClock::SetSpeedAdjust - adjusted:0.000000
17:10:03.562 T:3427574576 DEBUG: CDVDAudio::Resume - resume audio stream
17:10:03.572 T:3652584240 DEBUG: CDVDClock::SetSpeedAdjust - adjusted:0.000000
17:10:03.572 T:3652584240 DEBUG: VideoPlayer:Speed adjust:-0.05 aq:0
17:10:03.572 T:3652584240 DEBUG: CDVDClock::SetSpeedAdjust - adjusted:-0.050000
17:10:03.583 T:3435967280 DEBUG: CVideoPlayerVideo::OutputPicture - ttd:-10870ms pts:4.582 Clock:15.453 Level:0 elapsed:0.006ms
17:10:03.593 T:3652584240 DEBUG: CVideoPlayer::ProcessVideoData size:47174 dts:12.872 pts:12.952 dur:40.000ms, clock:15.462 level:99
17:10:03.603 T:3652584240 DEBUG: CSettingsManager: requested setting (videoplayer.usedisplayasclock.null) was not found.
17:10:03.653 T:3427574576 NOTICE: CVideoPlayerAudio::Process - stream stalled pts:12.720 clock:15.519
17:10:03.654 T:3652584240 DEBUG: Stream stalled, start buffering. Audio: 0 - Video: 100
17:10:03.654 T:3652584240 DEBUG: CDVDClock::SetSpeedAdjust - adjusted:0.000000
17:10:03.654 T:3427574576 DEBUG: CDVDAudio::Pause - pausing audio stream
17:10:03.665 T:3652584240 DEBUG: CDVDClock::SetSpeedAdjust - adjusted:0.000000
17:10:03.665 T:3427574576 DEBUG: CDVDAudio::Pause - pausing audio stream
17:10:03.665 T:3652584240 DEBUG: CDVDClock::SetSpeedAdjust - adjusted:0.000000
