17:10:03.665 T:3427574576 DEBUG: CDVDAudio::Resume - resume audio stream
17:10:03.679 T:3652584240 DEBUG: CDVDClock::SetSpeedAdjust - adjusted:0.000000
17:10:03.680 T:3652584240 DEBUG: VideoPlayer:Speed adjust:-0.05 aq:0
17:10:03.680 T:3652584240 DEBUG: CDVDClock::SetSpeedAdjust - adjusted:-0.050000
17:10:03.701 T:3435967280 DEBUG: CVideoPlayerVideo::OutputPicture - ttd:-10923ms pts:4.632 Clock:15.556 Level:0 elapsed:0.006ms
17:10:03.710 T:3652584240 DEBUG: CVideoPlayer::ProcessVideoData size:8936 dts:12.892 pts:12.972 dur:40.000ms, clock:15.564 level:99
17:10:03.734 T:3435967280 DEBUG: CVideoPlayerVideo::OutputPicture - ttd:-10945ms pts:4.642 Clock:15.587 Level:0 elapsed:0.006ms
17:10:03.742 T:3652584240 DEBUG: CVideoPlayer::ProcessVideoData size:9262 dts:12.912 pts:12.912 dur:40.000ms, clock:15.594 level:99
17:10:03.813 T:3652584240 DEBUG: CSettingsManager: requested setting (videoplayer.usedisplayasclock.null) was not found.
17:10:03.850 T:3435967280 DEBUG: CVideoPlayerVideo::OutputPicture - ttd:-11024ms pts:4.672 Clock:15.697 Level:0 elapsed:0.006ms
17:10:03.878 T:4069618480 DEBUG: ActiveAE - start sync of audio stream
17:10:03.880 T:3435967280 DEBUG: CVideoPlayerVideo::OutputPicture - ttd:-11043ms pts:4.682 Clock:15.725 Level:0 elapsed:0.006ms
17:10:03.880 T:3427574576 NOTICE: CVideoPlayerAudio::Process - stream stalled pts:12.768 clock:15.726
17:10:03.884 T:3652584240 DEBUG: Stream stalled, start buffering. Audio: 0 - Video: 99
17:10:03.884 T:3652584240 DEBUG: CDVDClock::SetSpeedAdjust - adjusted:0.000000
17:10:03.884 T:3427574576 DEBUG: CDVDAudio::Pause - pausing audio stream
17:10:03.884 T:3652584240 DEBUG: CVideoPlayer::ProcessVideoData size:5230 dts:12.932 pts:12.932 dur:40.000ms, clock:15.729 level:99
17:10:03.885 T:3652584240 DEBUG: CVideoPlayer::ProcessVideoData size:121125 dts:12.952 pts:12.992 dur:40.000ms, clock:15.729 level:99
17:10:03.885 T:3652584240 DEBUG: CDVDClock::SetSpeedAdjust - adjusted:0.000000
17:10:03.885 T:3427574576 DEBUG: CDVDAudio::Pause - pausing audio stream
17:10:03.885 T:3652584240 DEBUG: CDVDClock::SetSpeedAdjust - adjusted:0.000000
17:10:03.885 T:3427574576 DEBUG: CDVDAudio::Resume - resume audio stream
17:10:03.896 T:3652584240 DEBUG: CDVDClock::SetSpeedAdjust - adjusted:0.000000
17:10:03.896 T:3652584240 DEBUG: VideoPlayer:Speed adjust:-0.05 aq:0
17:10:03.896 T:3652584240 DEBUG: CDVDClock::SetSpeedAdjust - adjusted:-0.050000
17:10:03.962 T:4069618480 DEBUG: ActiveAE - start sync of audio stream
17:10:04.000 T:3435967280 DEBUG: CVideoPlayerVideo::OutputPicture - ttd:-11126ms pts:4.712 Clock:15.839 Level:0 elapsed:0.006ms
17:10:04.003 T:3652584240 DEBUG: CVideoPlayer::ProcessVideoData size:5365 dts:12.972 pts:13.012 dur:40.000ms, clock:15.841 level:99
17:10:04.013 T:3652584240 DEBUG: CSettingsManager: requested setting (videoplayer.usedisplayasclock.null) was not found.
17:10:04.030 T:3435967280 DEBUG: CVideoPlayerVideo::OutputPicture - ttd:-11144ms pts:4.722 Clock:15.867 Level:0 elapsed:0.006ms
17:10:04.034 T:3652584240 DEBUG: CVideoPlayer::ProcessVideoData size:58404 dts:12.992 pts:13.112 dur:40.000ms, clock:15.871 level:99
17:10:04.061 T:3427574576 NOTICE: CVideoPlayerAudio::Process - stream stalled pts:12.912 clock:15.896
17:10:04.065 T:3652584240 DEBUG: Stream stalled, start buffering. Audio: 0 - Video: 100
17:10:04.065 T:3652584240 DEBUG: CDVDClock::SetSpeedAdjust - adjusted:0.000000
17:10:04.065 T:3427574576 DEBUG: CDVDAudio::Pause - pausing audio stream
17:10:04.075 T:3652584240 DEBUG: CDVDClock::SetSpeedAdjust - adjusted:0.000000
17:10:04.075 T:3427574576 DEBUG: CDVDAudio::Pause - pausing audio stream
17:10:04.075 T:3652584240 DEBUG: CDVDClock::SetSpeedAdjust - adjusted:0.000000
17:10:04.075 T:3427574576 DEBUG: CDVDAudio::Resume - resume audio stream
17:10:04.086 T:3652584240 DEBUG: CDVDClock::SetSpeedAdjust - adjusted:0.000000
17:10:04.086 T:3652584240 DEBUG: VideoPlayer:Speed adjust:-0.05 aq:0
17:10:04.086 T:3652584240 DEBUG: CDVDClock::SetSpeedAdjust - adjusted:-0.050000
17:10:04.102 T:3427574576 NOTICE: CVideoPlayerAudio::Process - stream stalled pts:12.912 clock:15.926
17:10:04.106 T:3652584240 DEBUG: Stream stalled, start buffering. Audio: 0 - Video: 100
17:10:04.106 T:3652584240 DEBUG: CDVDClock::SetSpeedAdjust - adjusted:0.000000
17:10:04.106 T:3427574576 DEBUG: CDVDAudio::Pause - pausing audio stream
17:10:04.116 T:3652584240 DEBUG: CDVDClock::SetSpeedAdjust - adjusted:0.000000
17:10:04.117 T:3427574576 DEBUG: CDVDAudio::Pause - pausing audio stream
17:10:04.117 T:3652584240 DEBUG: CDVDClock::SetSpeedAdjust - adjusted:0.000000
17:10:04.117 T:3427574576 DEBUG: CDVDAudio::Resume - resume audio stream
17:10:04.127 T:3652584240 DEBUG: CDVDClock::SetSpeedAdjust - adjusted:0.000000
17:10:04.127 T:3652584240 DEBUG: VideoPlayer:Speed adjust:-0.05 aq:0
17:10:04.127 T:3652584240 DEBUG: CDVDClock::SetSpeedAdjust - adjusted:-0.050000
17:10:04.143 T:3427574576 NOTICE: CVideoPlayerAudio::Process - stream stalled pts:12.912 clock:15.955
17:10:04.147 T:3652584240 DEBUG: Stream stalled, start buffering. Audio: 0 - Video: 100
17:10:04.148 T:3652584240 DEBUG: CDVDClock::SetSpeedAdjust - adjusted:0.000000
17:10:04.148 T:3427574576 DEBUG: CDVDAudio::Pause - pausing audio stream
17:10:04.149 T:3435967280 DEBUG: CVideoPlayerVideo::OutputPicture - ttd:-11207ms pts:4.752 Clock:15.960 Level:0 elapsed:0.005ms
17:10:04.158 T:3652584240 DEBUG: CVideoPlayer::ProcessVideoData size:16900 dts:13.012 pts:13.132 dur:40.000ms, clock:15.960 level:99
17:10:04.158 T:3652584240 DEBUG: CDVDClock::SetSpeedAdjust - adjusted:0.000000
17:10:04.158 T:3427574576 DEBUG: CDVDAudio::Pause - pausing audio stream
17:10:04.158 T:3652584240 DEBUG: CDVDClock::SetSpeedAdjust - adjusted:0.000000
17:10:04.158 T:3427574576 DEBUG: CDVDAudio::Resume - resume audio stream
17:10:04.169 T:3652584240 DEBUG: CDVDClock::SetSpeedAdjust - adjusted:0.000000
17:10:04.169 T:3652584240 DEBUG: VideoPlayer:Speed adjust:-0.05 aq:0
17:10:04.169 T:3652584240 DEBUG: CDVDClock::SetSpeedAdjust - adjusted:-0.050000
17:10:04.177 T:3435967280 DEBUG: CVideoPlayerVideo::OutputPicture - ttd:-11216ms pts:4.762 Clock:15.978 Level:0 elapsed:0.008ms
17:10:04.179 T:3652584240 DEBUG: CVideoPlayer::ProcessVideoData size:9975 dts:13.032 pts:13.032 dur:40.000ms, clock:15.980 level:99
17:10:04.185 T:3427574576 NOTICE: CVideoPlayerAudio::Process - stream stalled pts:12.912 clock:15.985
17:10:04.190 T:3652584240 DEBUG: Stream stalled, start buffering. Audio: 0 - Video: 100
17:10:04.190 T:3652584240 DEBUG: CDVDClock::SetSpeedAdjust - adjusted:0.000000
17:10:04.190 T:3427574576 DEBUG: CDVDAudio::Pause - pausing audio stream
17:10:04.200 T:3652584240 DEBUG: CDVDClock::SetSpeedAdjust - adjusted:0.000000
17:10:04.200 T:3427574576 DEBUG: Previous line repeats 1 times.
17:10:04.201 T:3427574576 DEBUG: CDVDAudio::Pause - pausing audio stream
17:10:04.201 T:3427574576 DEBUG: CDVDAudio::Resume - resume audio stream
17:10:04.210 T:3652584240 DEBUG: CDVDClock::SetSpeedAdjust - adjusted:0.000000
17:10:04.211 T:3652584240 DEBUG: VideoPlayer:Speed adjust:-0.05 aq:0
17:10:04.211 T:3652584240 DEBUG: CDVDClock::SetSpeedAdjust - adjusted:-0.050000
17:10:04.221 T:3652584240 DEBUG: CSettingsManager: requested setting (videoplayer.usedisplayasclock.null) was not found.
17:10:04.227 T:3427574576 NOTICE: CVideoPlayerAudio::Process - stream stalled pts:12.912 clock:16.016
17:10:04.231 T:3652584240 DEBUG: Stream stalled, start buffering. Audio: 0 - Video: 100
17:10:04.231 T:3652584240 DEBUG: CDVDClock::SetSpeedAdjust - adjusted:0.000000
17:10:04.231 T:3427574576 DEBUG: CDVDAudio::Pause - pausing audio stream
17:10:04.242 T:3652584240 DEBUG: CDVDClock::SetSpeedAdjust - adjusted:0.000000
17:10:04.242 T:3427574576 DEBUG: CDVDAudio::Pause - pausing audio stream
17:10:04.242 T:3652584240 DEBUG: CDVDClock::SetSpeedAdjust - adjusted:0.000000
17:10:04.242 T:3427574576 DEBUG: CDVDAudio::Resume - resume audio stream
17:10:04.252 T:3652584240 DEBUG: CDVDClock::SetSpeedAdjust - adjusted:0.000000
17:10:04.252 T:3652584240 DEBUG: VideoPlayer:Speed adjust:-0.05 aq:0
17:10:04.252 T:3652584240 DEBUG: CDVDClock::SetSpeedAdjust - adjusted:-0.050000
17:10:04.268 T:3427574576 NOTICE: CVideoPlayerAudio::Process - stream stalled pts:12.912 clock:16.046
17:10:04.272 T:3652584240 DEBUG: Stream stalled, start buffering. Audio: 0 - Video: 100
17:10:04.273 T:3652584240 DEBUG: CDVDClock::SetSpeedAdjust - adjusted:0.000000
17:10:04.273 T:3427574576 DEBUG: CDVDAudio::Pause - pausing audio stream
17:10:04.283 T:3652584240 DEBUG: CDVDClock::SetSpeedAdjust - adjusted:0.000000
17:10:04.283 T:3427574576 DEBUG: CDVDAudio::Pause - pausing audio stream
17:10:04.283 T:3652584240 DEBUG: CDVDClock::SetSpeedAdjust - adjusted:0.000000
17:10:04.283 T:3427574576 DEBUG: CDVDAudio::Resume - resume audio stream
17:10:04.293 T:3652584240 DEBUG: CDVDClock::SetSpeedAdjust - adjusted:0.000000
17:10:04.293 T:3435967280 DEBUG: CVideoPlayerVideo::OutputPicture - ttd:-11268ms pts:4.792 Clock:16.060 Level:0 elapsed:0.005ms
17:10:04.294 T:3652584240 DEBUG: VideoPlayer:Speed adjust:-0.05 aq:0
17:10:04.294 T:3652584240 DEBUG: CDVDClock::SetSpeedAdjust - adjusted:-0.050000
17:10:04.294 T:3652584240 DEBUG: CVideoPlayer::ProcessVideoData size:5543 dts:13.052 pts:13.052 dur:40.000ms, clock:16.061 level:99
17:10:04.309 T:3427574576 NOTICE: CVideoPlayerAudio::Process - stream stalled pts:12.912 clock:16.075
17:10:04.314 T:3652584240 DEBUG: Stream stalled, start buffering. Audio: 0 - Video: 100
17:10:04.314 T:3652584240 DEBUG: CDVDClock::SetSpeedAdjust - adjusted:0.000000
17:10:04.314 T:3427574576 DEBUG: CDVDAudio::Pause - pausing audio stream
17:10:04.325 T:3652584240 DEBUG: CDVDClock::SetSpeedAdjust - adjusted:0.000000
17:10:04.325 T:3427574576 DEBUG: CDVDAudio::Pause - pausing audio stream
17:10:04.325 T:3652584240 DEBUG: CDVDClock::SetSpeedAdjust - adjusted:0.000000
17:10:04.325 T:3427574576 DEBUG: CDVDAudio::Resume - resume audio stream
17:10:04.325 T:3435967280 DEBUG: CVideoPlayerVideo::OutputPicture - ttd:-11278ms pts:4.802 Clock:16.080 Level:0 elapsed:0.005ms
17:10:04.335 T:3652584240 DEBUG: CDVDClock::SetSpeedAdjust - adjusted:0.000000
17:10:04.335 T:3652584240 DEBUG: VideoPlayer:Speed adjust:-0.05 aq:0
17:10:04.335 T:3652584240 DEBUG: CDVDClock::SetSpeedAdjust - adjusted:-0.050000
17:10:04.336 T:3652584240 DEBUG: CVideoPlayer::ProcessVideoData size:7579 dts:13.072 pts:13.072 dur:40.000ms, clock:16.091 level:99
17:10:04.411 T:3427574576 NOTICE: CVideoPlayerAudio::Process - stream stalled pts:12.960 clock:16.162
17:10:04.423 T:3652584240 DEBUG: Stream stalled, start buffering. Audio: 0 - Video: 100
17:10:04.423 T:3652584240 DEBUG: CDVDClock::SetSpeedAdjust - adjusted:0.000000
17:10:04.423 T:3427574576 DEBUG: CDVDAudio::Pause - pausing audio stream
17:10:04.423 T:3652584240 DEBUG: CSettingsManager: requested setting (videoplayer.usedisplayasclock.null) was not found.
17:10:04.434 T:3652584240 DEBUG: CDVDClock::SetSpeedAdjust - adjusted:0.000000
17:10:04.434 T:3427574576 DEBUG: CDVDAudio::Pause - pausing audio stream
17:10:04.434 T:3652584240 DEBUG: CDVDClock::SetSpeedAdjust - adjusted:0.000000
17:10:04.434 T:3427574576 DEBUG: CDVDAudio::Resume - resume audio stream
17:10:04.441 T:3435967280 DEBUG: CVideoPlayerVideo::OutputPicture - ttd:-11349ms pts:4.832 Clock:16.181 Level:0 elapsed:0.006ms
17:10:04.444 T:3652584240 DEBUG: CDVDClock::SetSpeedAdjust - adjusted:0.000000
17:10:04.444 T:3652584240 DEBUG: VideoPlayer:Speed adjust:-0.05 aq:0
17:10:04.444 T:3652584240 DEBUG: CDVDClock::SetSpeedAdjust - adjusted:-0.050000
17:10:04.445 T:3652584240 DEBUG: CVideoPlayer::ProcessVideoData size:5790 dts:13.092 pts:13.092 dur:40.000ms, clock:16.185 level:99
17:10:04.473 T:3435967280 DEBUG: CVideoPlayerVideo::OutputPicture - ttd:-11369ms pts:4.842 Clock:16.212 Level:0 elapsed:0.005ms
17:10:04.476 T:3652584240 DEBUG: CVideoPlayer::ProcessVideoData size:70142 dts:13.112 pts:13.232 dur:40.000ms, clock:16.215 level:99
17:10:04.593 T:3435967280 DEBUG: CVideoPlayerVideo::OutputPicture - ttd:-11453ms pts:4.872 Clock:16.325 Level:0 elapsed:0.006ms
17:10:04.599 T:3427574576 NOTICE: CVideoPlayerAudio::Process - stream stalled pts:13.008 clock:16.331
17:10:04.608 T:3652584240 DEBUG: Stream stalled, start buffering. Audio: 0 - Video: 100
17:10:04.609 T:3652584240 DEBUG: CDVDClock::SetSpeedAdjust - adjusted:0.000000
17:10:04.609 T:3427574576 DEBUG: CDVDAudio::Pause - pausing audio stream
17:10:04.619 T:3652584240 DEBUG: CDVDClock::SetSpeedAdjust - adjusted:0.000000
17:10:04.619 T:3427574576 DEBUG: CDVDAudio::Pause - pausing audio stream
17:10:04.619 T:3652584240 DEBUG: CDVDClock::SetSpeedAdjust - adjusted:0.000000
17:10:04.619 T:3427574576 DEBUG: CDVDAudio::Resume - resume audio stream
17:10:04.621 T:3435967280 DEBUG: CVideoPlayerVideo::OutputPicture - ttd:-11459ms pts:4.882 Clock:16.342 Level:0 elapsed:0.005ms
17:10:04.630 T:3652584240 DEBUG: CDVDClock::SetSpeedAdjust - adjusted:0.000000
17:10:04.630 T:3652584240 DEBUG: VideoPlayer:Speed adjust:-0.05 aq:0
17:10:04.630 T:3652584240 DEBUG: CDVDClock::SetSpeedAdjust - adjusted:-0.050000
17:10:04.630 T:3652584240 DEBUG: CSettingsManager: requested setting (videoplayer.usedisplayasclock.null) was not found.
17:10:04.630 T:3652584240 DEBUG: CVideoPlayer::ProcessVideoData size:20686 dts:13.132 pts:13.252 dur:40.000ms, clock:16.351 level:99
17:10:04.630 T:3652584240 DEBUG: CVideoPlayer::ProcessVideoData size:12375 dts:13.152 pts:13.152 dur:40.000ms, clock:16.351 level:99
17:10:04.739 T:3435967280 DEBUG: CVideoPlayerVideo::OutputPicture - ttd:-11542ms pts:4.912 Clock:16.455 Level:0 elapsed:0.007ms
17:10:04.742 T:3427574576 NOTICE: CVideoPlayerAudio::Process - stream stalled pts:13.008 clock:16.457
17:10:04.747 T:3652584240 DEBUG: Stream stalled, start buffering. Audio: 0 - Video: 100
17:10:04.747 T:3652584240 DEBUG: CDVDClock::SetSpeedAdjust - adjusted:0.000000
17:10:04.747 T:3427574576 DEBUG: CDVDAudio::Pause - pausing audio stream
17:10:04.757 T:3652584240 DEBUG: CDVDClock::SetSpeedAdjust - adjusted:0.000000
17:10:04.757 T:3427574576 DEBUG: CDVDAudio::Pause - pausing audio stream
17:10:04.758 T:3652584240 DEBUG: CDVDClock::SetSpeedAdjust - adjusted:0.000000
17:10:04.758 T:3427574576 DEBUG: CDVDAudio::Resume - resume audio stream
17:10:04.768 T:3652584240 DEBUG: CDVDClock::SetSpeedAdjust - adjusted:0.000000
17:10:04.768 T:3652584240 DEBUG: VideoPlayer:Speed adjust:-0.05 aq:0
17:10:04.768 T:3652584240 DEBUG: CDVDClock::SetSpeedAdjust - adjusted:-0.050000
17:10:04.770 T:3435967280 DEBUG: CVideoPlayerVideo::OutputPicture - ttd:-11552ms pts:4.922 Clock:16.475 Level:0 elapsed:0.006ms
17:10:04.778 T:3652584240 DEBUG: CVideoPlayer::ProcessVideoData size:7810 dts:13.172 pts:13.172 dur:40.000ms, clock:16.482 level:99
17:10:04.779 T:3652584240 DEBUG: CVideoPlayer::ProcessVideoData size:7993 dts:13.192 pts:13.192 dur:40.000ms, clock:16.483 level:99
17:10:04.840 T:3652584240 DEBUG: CSettingsManager: requested setting (videoplayer.usedisplayasclock.null) was not found.
17:10:04.892 T:3435967280 DEBUG: CVideoPlayerVideo::OutputPicture - ttd:-11638ms pts:4.952 Clock:16.590 Level:0 elapsed:0.005ms
17:10:04.902 T:4069618480 DEBUG: ActiveAE - start sync of audio stream
17:10:04.919 T:3435967280 DEBUG: CVideoPlayerVideo::OutputPicture - ttd:-11654ms pts:4.962 Clock:16.616 Level:0 elapsed:0.006ms
17:10:04.921 T:3652584240 DEBUG: CVideoPlayer::ProcessVideoData size:10762 dts:13.212 pts:13.212 dur:40.000ms, clock:16.618 level:99
17:10:04.922 T:3652584240 DEBUG: CVideoPlayer::ProcessVideoData size:80972 dts:13.232 pts:13.352 dur:40.000ms, clock:16.619 level:99
17:10:04.971 T:3427574576 NOTICE: CVideoPlayerAudio::Process - stream stalled pts:13.104 clock:16.665
17:10:04.973 T:3652584240 DEBUG: Stream stalled, start buffering. Audio: 0 - Video: 100
17:10:04.973 T:3652584240 DEBUG: CDVDClock::SetSpeedAdjust - adjusted:0.000000
17:10:04.974 T:3427574576 DEBUG: CDVDAudio::Pause - pausing audio stream
17:10:04.983 T:3652584240 DEBUG: CDVDClock::SetSpeedAdjust - adjusted:0.000000
17:10:04.984 T:3427574576 DEBUG: CDVDAudio::Pause - pausing audio stream
17:10:04.984 T:3652584240 DEBUG: CDVDClock::SetSpeedAdjust - adjusted:0.000000
17:10:04.984 T:3427574576 DEBUG: CDVDAudio::Resume - resume audio stream
17:10:04.994 T:3652584240 DEBUG: CDVDClock::SetSpeedAdjust - adjusted:0.000000
17:10:04.994 T:3652584240 DEBUG: VideoPlayer:Speed adjust:-0.05 aq:0
17:10:04.994 T:3652584240 DEBUG: CDVDClock::SetSpeedAdjust - adjusted:-0.050000
17:10:05.032 T:3427574576 NOTICE: CVideoPlayerAudio::Process - stream stalled pts:13.104 clock:16.714
17:10:05.035 T:3652584240 DEBUG: Stream stalled, start buffering. Audio: 0 - Video: 100
17:10:05.035 T:3652584240 DEBUG: CDVDClock::SetSpeedAdjust - adjusted:0.000000
17:10:05.035 T:3427574576 DEBUG: CDVDAudio::Pause - pausing audio stream
17:10:05.045 T:3652584240 DEBUG: CDVDClock::SetSpeedAdjust - adjusted:0.000000
17:10:05.045 T:3427574576 DEBUG: CDVDAudio::Pause - pausing audio stream
17:10:05.045 T:3652584240 DEBUG: CDVDClock::SetSpeedAdjust - adjusted:0.000000
17:10:05.045 T:3427574576 DEBUG: CDVDAudio::Resume - resume audio stream
17:10:05.045 T:3652584240 DEBUG: CSettingsManager: requested setting (videoplayer.usedisplayasclock.null) was not found.
17:10:05.053 T:3435967280 DEBUG: CVideoPlayerVideo::OutputPicture - ttd:-11732ms pts:4.992 Clock:16.724 Level:0 elapsed:0.006ms
17:10:05.056 T:3652584240 DEBUG: CDVDClock::SetSpeedAdjust - adjusted:0.000000
17:10:05.056 T:3652584240 DEBUG: VideoPlayer:Speed adjust:-0.05 aq:0
17:10:05.056 T:3652584240 DEBUG: CDVDClock::SetSpeedAdjust - adjusted:-0.050000
17:10:05.056 T:3652584240 DEBUG: CVideoPlayer::ProcessVideoData size:15798 dts:13.252 pts:13.372 dur:40.000ms, clock:16.727 level:99
17:10:05.082 T:3435967280 DEBUG: CVideoPlayerVideo::OutputPicture - ttd:-11749ms pts:5.002 Clock:16.752 Level:0 elapsed:0.009ms
17:10:05.087 T:3652584240 DEBUG: CVideoPlayer::ProcessVideoData size:10697 dts:13.272 pts:13.272 dur:40.000ms, clock:16.756 level:99
17:10:05.094 T:3427574576 NOTICE: CVideoPlayerAudio::Process - stream stalled pts:13.104 clock:16.763
17:10:05.097 T:3652584240 DEBUG: Stream stalled, start buffering. Audio: 0 - Video: 100
17:10:05.097 T:3652584240 DEBUG: CDVDClock::SetSpeedAdjust - adjusted:0.000000
17:10:05.097 T:3427574576 DEBUG: CDVDAudio::Pause - pausing audio stream
17:10:05.107 T:3652584240 DEBUG: CDVDClock::SetSpeedAdjust - adjusted:0.000000
17:10:05.108 T:3427574576 DEBUG: CDVDAudio::Pause - pausing audio stream
17:10:05.108 T:3652584240 DEBUG: CDVDClock::SetSpeedAdjust - adjusted:0.000000
17:10:05.108 T:3427574576 DEBUG: CDVDAudio::Resume - resume audio stream
17:10:05.118 T:3652584240 DEBUG: CDVDClock::SetSpeedAdjust - adjusted:0.000000
17:10:05.118 T:3652584240 DEBUG: VideoPlayer:Speed adjust:-0.05 aq:0
17:10:05.118 T:3652584240 DEBUG: CDVDClock::SetSpeedAdjust - adjusted:-0.050000
17:10:05.156 T:3427574576 NOTICE: CVideoPlayerAudio::Process - stream stalled pts:13.104 clock:16.813
17:10:05.159 T:3652584240 DEBUG: Stream stalled, start buffering. Audio: 0 - Video: 100
17:10:05.159 T:3652584240 DEBUG: CDVDClock::SetSpeedAdjust - adjusted:0.000000
17:10:05.159 T:3427574576 DEBUG: CDVDAudio::Pause - pausing audio stream
17:10:05.169 T:3652584240 DEBUG: CDVDClock::SetSpeedAdjust - adjusted:0.000000
17:10:05.169 T:3427574576 DEBUG: CDVDAudio::Pause - pausing audio stream
17:10:05.169 T:3652584240 DEBUG: CDVDClock::SetSpeedAdjust - adjusted:0.000000
17:10:05.169 T:3427574576 DEBUG: CDVDAudio::Resume - resume audio stream
17:10:05.180 T:3652584240 DEBUG: CDVDClock::SetSpeedAdjust - adjusted:0.000000
17:10:05.180 T:3652584240 DEBUG: VideoPlayer:Speed adjust:-0.05 aq:0
17:10:05.180 T:3652584240 DEBUG: CDVDClock::SetSpeedAdjust - adjusted:-0.050000
17:10:05.197 T:3435967280 DEBUG: CVideoPlayerVideo::OutputPicture - ttd:-11810ms pts:5.032 Clock:16.842 Level:0 elapsed:0.005ms
17:10:05.201 T:3652584240 DEBUG: CVideoPlayer::ProcessVideoData size:7487 dts:13.292 pts:13.292 dur:40.000ms, clock:16.846 level:99
17:10:05.233 T:3435967280 DEBUG: CVideoPlayerVideo::OutputPicture - ttd:-11833ms pts:5.042 Clock:16.876 Level:0 elapsed:0.004ms
17:10:05.242 T:3652584240 DEBUG: CVideoPlayer::ProcessVideoData size:8181 dts:13.312 pts:13.312 dur:40.000ms, clock:16.885 level:99
17:10:05.243 T:4069618480 DEBUG: ActiveAE - start sync of audio stream
17:10:05.252 T:3652584240 DEBUG: CSettingsManager: requested setting (videoplayer.usedisplayasclock.null) was not found.
17:10:05.297 T:3427574576 NOTICE: CVideoPlayerAudio::Process - stream stalled pts:13.152 clock:16.938
17:10:05.302 T:3652584240 DEBUG: Stream stalled, start buffering. Audio: 0 - Video: 100
17:10:05.303 T:3652584240 DEBUG: CDVDClock::SetSpeedAdjust - adjusted:0.000000
17:10:05.303 T:3427574576 DEBUG: CDVDAudio::Pause - pausing audio stream
17:10:05.313 T:3652584240 DEBUG: CDVDClock::SetSpeedAdjust - adjusted:0.000000
17:10:05.313 T:3427574576 DEBUG: CDVDAudio::Pause - pausing audio stream
17:10:05.313 T:3652584240 DEBUG: CDVDClock::SetSpeedAdjust - adjusted:0.000000
17:10:05.313 T:3427574576 DEBUG: CDVDAudio::Resume - resume audio stream
17:10:05.327 T:3652584240 DEBUG: CDVDClock::SetSpeedAdjust - adjusted:0.000000
17:10:05.327 T:3652584240 DEBUG: VideoPlayer:Speed adjust:-0.05 aq:0
17:10:05.327 T:3652584240 DEBUG: CDVDClock::SetSpeedAdjust - adjusted:-0.050000
17:10:05.329 T:3427574576 NOTICE: CVideoPlayerAudio::Process - stream stalled pts:13.152 clock:16.958
17:10:05.337 T:3652584240 DEBUG: Stream stalled, start buffering. Audio: 0 - Video: 100
17:10:05.337 T:3652584240 DEBUG: CDVDClock::SetSpeedAdjust - adjusted:0.000000
17:10:05.337 T:3427574576 DEBUG: CDVDAudio::Pause - pausing audio stream
17:10:05.348 T:3652584240 DEBUG: CDVDClock::SetSpeedAdjust - adjusted:0.000000
17:10:05.348 T:3427574576 DEBUG: CDVDAudio::Pause - pausing audio stream
17:10:05.348 T:3652584240 DEBUG: CDVDClock::SetSpeedAdjust - adjusted:0.000000
17:10:05.348 T:3427574576 DEBUG: CDVDAudio::Resume - resume audio stream
17:10:05.350 T:3435967280 DEBUG: CVideoPlayerVideo::OutputPicture - ttd:-11896ms pts:5.072 Clock:16.968 Level:0 elapsed:0.005ms
17:10:05.358 T:3652584240 DEBUG: CDVDClock::SetSpeedAdjust - adjusted:0.000000
17:10:05.358 T:3652584240 DEBUG: VideoPlayer:Speed adjust:-0.05 aq:0
17:10:05.358 T:3652584240 DEBUG: CDVDClock::SetSpeedAdjust - adjusted:-0.050000
17:10:05.359 T:3652584240 DEBUG: CVideoPlayer::ProcessVideoData size:13075 dts:13.332 pts:13.332 dur:40.000ms, clock:16.977 level:99
17:10:05.359 T:3427574576 NOTICE: CVideoPlayerAudio::Process - stream stalled pts:13.152 clock:16.977
17:10:05.369 T:3652584240 DEBUG: Stream stalled, start buffering. Audio: 0 - Video: 100
17:10:05.369 T:3652584240 DEBUG: CDVDClock::SetSpeedAdjust - adjusted:0.000000
17:10:05.369 T:3427574576 DEBUG: CDVDAudio::Pause - pausing audio stream
17:10:05.379 T:3652584240 DEBUG: CDVDClock::SetSpeedAdjust - adjusted:0.000000
17:10:05.379 T:3427574576 DEBUG: CDVDAudio::Pause - pausing audio stream
17:10:05.379 T:3652584240 DEBUG: CDVDClock::SetSpeedAdjust - adjusted:0.000000
17:10:05.380 T:3427574576 DEBUG: CDVDAudio::Resume - resume audio stream
17:10:05.382 T:3435967280 DEBUG: CVideoPlayerVideo::OutputPicture - ttd:-11906ms pts:5.082 Clock:16.989 Level:0 elapsed:0.005ms
17:10:05.390 T:3427574576 NOTICE: CVideoPlayerAudio::Process - stream stalled pts:13.152 clock:16.997
17:10:05.390 T:3652584240 DEBUG: CDVDClock::SetSpeedAdjust - adjusted:0.000000
17:10:05.390 T:3652584240 DEBUG: Stream stalled, start buffering. Audio: 0 - Video: 99
17:10:05.390 T:3652584240 DEBUG: CDVDClock::SetSpeedAdjust - adjusted:0.000000
17:10:05.390 T:3427574576 DEBUG: CDVDAudio::Pause - pausing audio stream
17:10:05.391 T:3652584240 DEBUG: CVideoPlayer::ProcessVideoData size:79206 dts:13.352 pts:13.472 dur:40.000ms, clock:16.997 level:99
17:10:05.391 T:3652584240 DEBUG: CDVDClock::SetSpeedAdjust - adjusted:0.000000
17:10:05.391 T:3427574576 DEBUG: CDVDAudio::Pause - pausing audio stream
17:10:05.391 T:3652584240 DEBUG: CDVDClock::SetSpeedAdjust - adjusted:0.000000
17:10:05.391 T:3427574576 DEBUG: CDVDAudio::Resume - resume audio stream
17:10:05.401 T:3652584240 DEBUG: CDVDClock::SetSpeedAdjust - adjusted:0.000000
17:10:05.402 T:3652584240 DEBUG: VideoPlayer:Speed adjust:-0.05 aq:0
17:10:05.402 T:3652584240 DEBUG: CDVDClock::SetSpeedAdjust - adjusted:-0.050000
17:10:05.450 T:3427574576 NOTICE: CVideoPlayerAudio::Process - stream stalled pts:13.200 clock:17.054
17:10:05.452 T:3652584240 DEBUG: Stream stalled, start buffering. Audio: 0 - Video: 100
17:10:05.452 T:3652584240 DEBUG: CDVDClock::SetSpeedAdjust - adjusted:0.000000
17:10:05.452 T:3427574576 DEBUG: CDVDAudio::Pause - pausing audio stream
17:10:05.452 T:3652584240 DEBUG: CSettingsManager: requested setting (videoplayer.usedisplayasclock.null) was not found.
17:10:05.463 T:3652584240 DEBUG: CDVDClock::SetSpeedAdjust - adjusted:0.000000
17:10:05.463 T:3427574576 DEBUG: CDVDAudio::Pause - pausing audio stream
17:10:05.463 T:3652584240 DEBUG: CDVDClock::SetSpeedAdjust - adjusted:0.000000
17:10:05.463 T:3427574576 DEBUG: CDVDAudio::Resume - resume audio stream
17:10:05.473 T:3652584240 DEBUG: CDVDClock::SetSpeedAdjust - adjusted:0.000000
17:10:05.473 T:3652584240 DEBUG: VideoPlayer:Speed adjust:-0.05 aq:0
17:10:05.473 T:3652584240 DEBUG: CDVDClock::SetSpeedAdjust - adjusted:-0.050000
17:10:05.511 T:3435967280 DEBUG: CVideoPlayerVideo::OutputPicture - ttd:-11990ms pts:5.112 Clock:17.102 Level:0 elapsed:0.005ms
17:10:05.515 T:3652584240 DEBUG: CVideoPlayer::ProcessVideoData size:15054 dts:13.372 pts:13.492 dur:40.000ms, clock:17.106 level:99
17:10:05.545 T:3435967280 DEBUG: CVideoPlayerVideo::OutputPicture - ttd:-12012ms pts:5.122 Clock:17.135 Level:0 elapsed:0.006ms
17:10:05.556 T:3652584240 DEBUG: CVideoPlayer::ProcessVideoData size:7462 dts:13.392 pts:13.392 dur:40.000ms, clock:17.145 level:99
17:10:05.621 T:3427574576 NOTICE: CVideoPlayerAudio::Process - stream stalled pts:13.248 clock:17.207
17:10:05.627 T:3652584240 DEBUG: Stream stalled, start buffering. Audio: 0 - Video: 100
17:10:05.627 T:3652584240 DEBUG: CDVDClock::SetSpeedAdjust - adjusted:0.000000
17:10:05.627 T:3427574576 DEBUG: CDVDAudio::Pause - pausing audio stream
17:10:05.637 T:3652584240 DEBUG: CDVDClock::SetSpeedAdjust - adjusted:0.000000
17:10:05.640 T:3427574576 DEBUG: Previous line repeats 1 times.
17:10:05.640 T:3427574576 DEBUG: CDVDAudio::Pause - pausing audio stream
17:10:05.640 T:3427574576 DEBUG: CDVDAudio::Resume - resume audio stream
17:10:05.648 T:3652584240 DEBUG: CDVDClock::SetSpeedAdjust - adjusted:0.000000
17:10:05.648 T:3652584240 DEBUG: VideoPlayer:Speed adjust:-0.05 aq:0
17:10:05.648 T:3652584240 DEBUG: CDVDClock::SetSpeedAdjust - adjusted:-0.050000
17:10:05.658 T:3652584240 DEBUG: CSettingsManager: requested setting (videoplayer.usedisplayasclock.null) was not found.
17:10:05.660 T:3435967280 DEBUG: CVideoPlayerVideo::OutputPicture - ttd:-12082ms pts:5.152 Clock:17.234 Level:0 elapsed:0.005ms
17:10:05.668 T:3652584240 DEBUG: CVideoPlayer::ProcessVideoData size:10008 dts:13.412 pts:13.412 dur:40.000ms, clock:17.242 level:99
17:10:05.689 T:3435967280 DEBUG: CVideoPlayerVideo::OutputPicture - ttd:-12099ms pts:5.162 Clock:17.262 Level:0 elapsed:0.006ms
17:10:05.699 T:3652584240 DEBUG: CVideoPlayer::ProcessVideoData size:3342 dts:13.432 pts:13.432 dur:40.000ms, clock:17.271 level:99
17:10:05.746 T:3427574576 NOTICE: CVideoPlayerAudio::Process - stream stalled pts:13.248 clock:17.316
17:10:05.750 T:3652584240 DEBUG: Stream stalled, start buffering. Audio: 0 - Video: 100
17:10:05.750 T:3652584240 DEBUG: CDVDClock::SetSpeedAdjust - adjusted:0.000000
17:10:05.750 T:3427574576 DEBUG: CDVDAudio::Pause - pausing audio stream
17:10:05.760 T:3652584240 DEBUG: CDVDClock::SetSpeedAdjust - adjusted:0.000000
17:10:05.760 T:3427574576 DEBUG: CDVDAudio::Pause - pausing audio stream
17:10:05.760 T:3652584240 DEBUG: CDVDClock::SetSpeedAdjust - adjusted:0.000000
17:10:05.760 T:3427574576 DEBUG: CDVDAudio::Resume - resume audio stream
17:10:05.771 T:3652584240 DEBUG: CDVDClock::SetSpeedAdjust - adjusted:0.000000
17:10:05.771 T:3652584240 DEBUG: VideoPlayer:Speed adjust:-0.05 aq:0
17:10:05.771 T:3652584240 DEBUG: CDVDClock::SetSpeedAdjust - adjusted:-0.050000
17:10:05.807 T:3435967280 DEBUG: CVideoPlayerVideo::OutputPicture - ttd:-12172ms pts:5.192 Clock:17.364 Level:0 elapsed:0.005ms
17:10:05.812 T:3652584240 DEBUG: CVideoPlayer::ProcessVideoData size:2253 dts:13.452 pts:13.452 dur:40.000ms, clock:17.369 level:99
17:10:05.840 T:4069618480 DEBUG: ActiveAE - start sync of audio stream
17:10:05.843 T:3435967280 DEBUG: CVideoPlayerVideo::OutputPicture - ttd:-12196ms pts:5.202 Clock:17.399 Level:0 elapsed:0.005ms
17:10:05.853 T:3652584240 DEBUG: CVideoPlayer::ProcessVideoData size:28490 dts:13.472 pts:13.552 dur:40.000ms, clock:17.408 level:99
17:10:05.863 T:3652584240 DEBUG: CSettingsManager: requested setting (videoplayer.usedisplayasclock.null) was not found.
17:10:05.966 T:3435967280 DEBUG: CVideoPlayerVideo::OutputPicture - ttd:-12284ms pts:5.232 Clock:17.516 Level:0 elapsed:0.006ms
17:10:05.967 T:3427574576 NOTICE: CVideoPlayerAudio::Process - stream stalled pts:13.296 clock:17.516
17:10:05.974 T:3652584240 DEBUG: Stream stalled, start buffering. Audio: 0 - Video: 100
17:10:05.975 T:3652584240 DEBUG: CDVDClock::SetSpeedAdjust - adjusted:0.000000
17:10:05.975 T:3427574576 DEBUG: CDVDAudio::Pause - pausing audio stream
17:10:05.985 T:3652584240 DEBUG: CDVDClock::SetSpeedAdjust - adjusted:0.000000
17:10:05.985 T:3427574576 DEBUG: CDVDAudio::Pause - pausing audio stream
17:10:05.985 T:3652584240 DEBUG: CDVDClock::SetSpeedAdjust - adjusted:0.000000
17:10:05.985 T:3427574576 DEBUG: CDVDAudio::Resume - resume audio stream
17:10:05.995 T:3652584240 DEBUG: CDVDClock::SetSpeedAdjust - adjusted:0.000000
17:10:05.996 T:3652584240 DEBUG: VideoPlayer:Speed adjust:-0.05 aq:0
17:10:05.996 T:3652584240 DEBUG: CDVDClock::SetSpeedAdjust - adjusted:-0.050000
17:10:05.998 T:3435967280 DEBUG: CVideoPlayerVideo::OutputPicture - ttd:-12295ms pts:5.242 Clock:17.537 Level:0 elapsed:0.007ms
17:10:06.006 T:3652584240 DEBUG: CVideoPlayer::ProcessVideoData size:7501 dts:13.492 pts:13.572 dur:40.000ms, clock:17.544 level:99
17:10:06.007 T:3652584240 DEBUG: CVideoPlayer::ProcessVideoData size:4950 dts:13.512 pts:13.512 dur:40.000ms, clock:17.545 level:99
17:10:06.011 T:4069618480 DEBUG: ActiveAE - start sync of audio stream
17:10:06.068 T:3652584240 DEBUG: CSettingsManager: requested setting (videoplayer.usedisplayasclock.null) was not found.
17:10:06.124 T:3427574576 NOTICE: CVideoPlayerAudio::Process - stream stalled pts:13.344 clock:17.657
17:10:06.129 T:3652584240 DEBUG: Stream stalled, start buffering. Audio: 0 - Video: 100
17:10:06.129 T:3652584240 DEBUG: CDVDClock::SetSpeedAdjust - adjusted:0.000000
17:10:06.129 T:3427574576 DEBUG: CDVDAudio::Pause - pausing audio stream
17:10:06.139 T:3652584240 DEBUG: CDVDClock::SetSpeedAdjust - adjusted:0.000000
17:10:06.139 T:3427574576 DEBUG: CDVDAudio::Pause - pausing audio stream
17:10:06.139 T:3652584240 DEBUG: CDVDClock::SetSpeedAdjust - adjusted:0.000000
17:10:06.139 T:3427574576 DEBUG: CDVDAudio::Resume - resume audio stream
17:10:06.144 T:3435967280 DEBUG: CVideoPlayerVideo::OutputPicture - ttd:-12393ms pts:5.272 Clock:17.666 Level:0 elapsed:0.006ms
17:10:06.150 T:3652584240 DEBUG: CDVDClock::SetSpeedAdjust - adjusted:0.000000
17:10:06.150 T:3652584240 DEBUG: VideoPlayer:Speed adjust:-0.05 aq:0
17:10:06.150 T:3652584240 DEBUG: CDVDClock::SetSpeedAdjust - adjusted:-0.050000
17:10:06.150 T:3652584240 DEBUG: CVideoPlayer::ProcessVideoData size:4064 dts:13.532 pts:13.532 dur:40.000ms, clock:17.671 level:99
17:10:06.172 T:3427574576 NOTICE: CVideoPlayerAudio::Process - stream stalled pts:13.344 clock:17.692
17:10:06.173 T:3435967280 DEBUG: CVideoPlayerVideo::OutputPicture - ttd:-12411ms pts:5.282 Clock:17.693 Level:0 elapsed:0.005ms
17:10:06.180 T:3652584240 DEBUG: Stream stalled, start buffering. Audio: 0 - Video: 99
17:10:06.181 T:3652584240 DEBUG: CDVDClock::SetSpeedAdjust - adjusted:0.000000
17:10:06.181 T:3427574576 DEBUG: CDVDAudio::Pause - pausing audio stream
17:10:06.182 T:3652584240 DEBUG: CVideoPlayer::ProcessVideoData size:84848 dts:13.552 pts:13.592 dur:40.000ms, clock:17.701 level:99
17:10:06.182 T:3652584240 DEBUG: CDVDClock::SetSpeedAdjust - adjusted:0.000000
17:10:06.182 T:3427574576 DEBUG: CDVDAudio::Pause - pausing audio stream
17:10:06.182 T:3652584240 DEBUG: CDVDClock::SetSpeedAdjust - adjusted:0.000000
17:10:06.182 T:3427574576 DEBUG: CDVDAudio::Resume - resume audio stream
17:10:06.193 T:3652584240 DEBUG: CDVDClock::SetSpeedAdjust - adjusted:0.000000
17:10:06.193 T:3652584240 DEBUG: VideoPlayer:Speed adjust:-0.05 aq:0
17:10:06.193 T:3652584240 DEBUG: CDVDClock::SetSpeedAdjust - adjusted:-0.050000
17:10:06.266 T:4069618480 DEBUG: ActiveAE - start sync of audio stream
17:10:06.274 T:3652584240 DEBUG: CSettingsManager: requested setting (videoplayer.usedisplayasclock.null) was not found.
17:10:06.296 T:3435967280 DEBUG: CVideoPlayerVideo::OutputPicture - ttd:-12497ms pts:5.312 Clock:17.809 Level:0 elapsed:0.006ms
17:10:06.304 T:3652584240 DEBUG: CVideoPlayer::ProcessVideoData size:16325 dts:13.572 pts:13.612 dur:40.000ms, clock:17.817 level:99
17:10:06.312 T:3427574576 NOTICE: CVideoPlayerAudio::Process - stream stalled pts:13.440 clock:17.824
17:10:06.315 T:3652584240 DEBUG: Stream stalled, start buffering. Audio: 0 - Video: 100
17:10:06.315 T:3652584240 DEBUG: CDVDClock::SetSpeedAdjust - adjusted:0.000000
17:10:06.315 T:3427574576 DEBUG: CDVDAudio::Pause - pausing audio stream
17:10:06.325 T:3652584240 DEBUG: CDVDClock::SetSpeedAdjust - adjusted:0.000000
17:10:06.326 T:3427574576 DEBUG: CDVDAudio::Pause - pausing audio stream
17:10:06.326 T:3652584240 DEBUG: CDVDClock::SetSpeedAdjust - adjusted:0.000000
17:10:06.326 T:3427574576 DEBUG: CDVDAudio::Resume - resume audio stream
17:10:06.327 T:3435967280 DEBUG: CVideoPlayerVideo::OutputPicture - ttd:-12506ms pts:5.322 Clock:17.828 Level:0 elapsed:0.007ms
17:10:06.336 T:3652584240 DEBUG: CDVDClock::SetSpeedAdjust - adjusted:0.000000
17:10:06.336 T:3652584240 DEBUG: VideoPlayer:Speed adjust:-0.05 aq:0
17:10:06.336 T:3652584240 DEBUG: CDVDClock::SetSpeedAdjust - adjusted:-0.050000
17:10:06.337 T:3652584240 DEBUG: CVideoPlayer::ProcessVideoData size:69181 dts:13.592 pts:13.632 dur:40.000ms, clock:17.838 level:99
17:10:06.352 T:4069618480 DEBUG: ActiveAE - start sync of audio stream
17:10:06.428 T:3427574576 NOTICE: CVideoPlayerAudio::Process - stream stalled pts:13.488 clock:17.925
17:10:06.437 T:3652584240 DEBUG: Stream stalled, start buffering. Audio: 0 - Video: 100
17:10:06.437 T:3652584240 DEBUG: CDVDClock::SetSpeedAdjust - adjusted:0.000000
17:10:06.437 T:3427574576 DEBUG: CDVDAudio::Pause - pausing audio stream
17:10:06.447 T:3652584240 DEBUG: CDVDClock::SetSpeedAdjust - adjusted:0.000000
17:10:06.447 T:3427574576 DEBUG: CDVDAudio::Pause - pausing audio stream
17:10:06.447 T:3652584240 DEBUG: CDVDClock::SetSpeedAdjust - adjusted:0.000000
17:10:06.447 T:3427574576 DEBUG: CDVDAudio::Resume - resume audio stream
17:10:06.453 T:3427574576 NOTICE: CVideoPlayerAudio::Process - stream stalled pts:13.488 clock:17.939
17:10:06.459 T:3435967280 DEBUG: CVideoPlayerVideo::OutputPicture - ttd:-12593ms pts:5.352 Clock:17.945 Level:0 elapsed:0.005ms
17:10:06.468 T:3652584240 DEBUG: CVideoPlayer::ProcessVideoData size:21835 dts:13.612 pts:13.652 dur:40.000ms, clock:17.954 level:99
17:10:06.478 T:3652584240 DEBUG: CSettingsManager: requested setting (videoplayer.usedisplayasclock.null) was not found.
17:10:06.490 T:3435967280 DEBUG: CVideoPlayerVideo::OutputPicture - ttd:-12614ms pts:5.362 Clock:17.976 Level:0 elapsed:0.005ms
17:10:06.499 T:3652584240 DEBUG: CVideoPlayer::ProcessVideoData size:59773 dts:13.632 pts:13.672 dur:40.000ms, clock:17.985 level:99
17:10:06.622 T:3435967280 DEBUG: CVideoPlayerVideo::OutputPicture - ttd:-12716ms pts:5.392 Clock:18.108 Level:0 elapsed:0.006ms
17:10:06.653 T:3435967280 DEBUG: CVideoPlayerVideo::OutputPicture - ttd:-12737ms pts:5.402 Clock:18.139 Level:0 elapsed:0.005ms
17:10:06.658 T:3652584240 DEBUG: CVideoPlayer::ProcessVideoData size:17820 dts:13.652 pts:13.692 dur:40.000ms, clock:18.144 level:99
17:10:06.658 T:3652584240 DEBUG: CVideoPlayer::ProcessVideoData size:22801 dts:13.672 pts:13.712 dur:40.000ms, clock:18.144 level:99
17:10:06.659 T:4069618480 DEBUG: ActiveAE - start sync of audio stream
17:10:06.678 T:3652584240 DEBUG: CSettingsManager: requested setting (videoplayer.usedisplayasclock.null) was not found.
17:10:06.780 T:3435967280 DEBUG: CVideoPlayerVideo::OutputPicture - ttd:-12834ms pts:5.432 Clock:18.266 Level:0 elapsed:0.006ms
17:10:06.812 T:3435967280 DEBUG: CVideoPlayerVideo::OutputPicture - ttd:-12856ms pts:5.442 Clock:18.298 Level:0 elapsed:0.004ms
17:10:06.820 T:3652584240 DEBUG: CVideoPlayer::ProcessVideoData size:4210 dts:13.692 pts:13.732 dur:40.000ms, clock:18.306 level:99
17:10:06.821 T:3652584240 DEBUG: CVideoPlayer::ProcessVideoData size:24400 dts:13.712 pts:13.752 dur:40.000ms, clock:18.307 level:99
17:10:06.882 T:3652584240 DEBUG: CSettingsManager: requested setting (videoplayer.usedisplayasclock.null) was not found.
17:10:06.945 T:3435967280 DEBUG: CVideoPlayerVideo::OutputPicture - ttd:-12959ms pts:5.472 Clock:18.431 Level:0 elapsed:0.006ms
17:10:06.974 T:3435967280 DEBUG: CVideoPlayerVideo::OutputPicture - ttd:-12978ms pts:5.482 Clock:18.460 Level:0 elapsed:0.005ms
17:10:06.983 T:3652584240 DEBUG: CVideoPlayer::ProcessVideoData size:8109 dts:13.732 pts:13.772 dur:40.000ms, clock:18.469 level:99
17:10:06.983 T:3652584240 DEBUG: CVideoPlayer::ProcessVideoData size:47972 dts:13.752 pts:13.792 dur:40.000ms, clock:18.469 level:99
17:10:07.085 T:3652584240 DEBUG: CSettingsManager: requested setting (videoplayer.usedisplayasclock.null) was not found.
17:10:07.096 T:3435967280 DEBUG: CVideoPlayerVideo::OutputPicture - ttd:-13070ms pts:5.512 Clock:18.582 Level:0 elapsed:0.006ms
17:10:07.124 T:3435967280 DEBUG: CVideoPlayerVideo::OutputPicture - ttd:-13088ms pts:5.522 Clock:18.610 Level:0 elapsed:0.007ms
17:10:07.136 T:3652584240 DEBUG: CVideoPlayer::ProcessVideoData size:2120 dts:13.772 pts:13.812 dur:40.000ms, clock:18.622 level:99
17:10:07.137 T:4069618480 WARNING: ActiveAE - large audio sync error: -5368.243657
17:10:07.137 T:4069618480 DEBUG: ActiveAE::SyncStream - average error of -5000.000000, start adjusting
17:10:07.137 T:3652584240 DEBUG: CVideoPlayer::ProcessVideoData size:98555 dts:13.792 pts:13.832 dur:40.000ms, clock:18.623 level:99
17:10:07.247 T:3435967280 DEBUG: CVideoPlayerVideo::OutputPicture - ttd:-13180ms pts:5.552 Clock:18.733 Level:0 elapsed:0.006ms
17:10:07.275 T:3435967280 DEBUG: CVideoPlayerVideo::OutputPicture - ttd:-13199ms pts:5.562 Clock:18.761 Level:0 elapsed:0.008ms
17:10:07.279 T:3652584240 DEBUG: CVideoPlayer::ProcessVideoData size:2963 dts:13.812 pts:13.852 dur:40.000ms, clock:18.765 level:99
17:10:07.280 T:4069618480 WARNING: ActiveAE - large audio sync error: -5368.404365
17:10:07.280 T:3652584240 DEBUG: CVideoPlayer::ProcessVideoData size:119061 dts:13.832 pts:13.872 dur:40.000ms, clock:18.766 level:99
17:10:07.281 T:4069618480 WARNING: ActiveAE - large audio sync error: -5282.398573
17:10:07.291 T:3652584240 DEBUG: CSettingsManager: requested setting (videoplayer.usedisplayasclock.null) was not found.
17:10:07.399 T:3435967280 DEBUG: CVideoPlayerVideo::OutputPicture - ttd:-13293ms pts:5.592 Clock:18.885 Level:0 elapsed:0.005ms
17:10:07.410 T:4014990128 DEBUG: LIRC: - NEW 80 0 KEY_STOP devinput (KEY_STOP)
17:10:07.429 T:3435967280 DEBUG: CVideoPlayerVideo::OutputPicture - ttd:-13312ms pts:5.602 Clock:18.915 Level:0 elapsed:0.006ms
17:10:07.431 T:4095601888 DEBUG: HandleKey: guide (0xe0) pressed, action is Stop
17:10:07.431 T:4095601888 NOTICE: CVideoPlayer::CloseFile()
17:10:07.431 T:4095601888 NOTICE: VideoPlayer: waiting for threads to exit
17:10:07.432 T:3652584240 NOTICE: CVideoPlayer::OnExit()
17:10:07.432 T:3652584240 DEBUG: CDVDClock::SetSpeedAdjust - adjusted:0.000000
17:10:07.432 T:3652584240 NOTICE: Closing stream player 1
17:10:07.433 T:3652584240 NOTICE: Waiting for audio thread to exit
17:10:07.438 T:3427574576 NOTICE: thread end: CVideoPlayerAudio::OnExit()
17:10:07.439 T:3427574576 DEBUG: Thread VideoPlayerAudio 3427574576 terminating
17:10:07.439 T:3652584240 NOTICE: Closing audio device
17:10:07.461 T:3652584240 DEBUG: CDVDAudio::Flush - flush audio stream
17:10:07.461 T:4069618480 DEBUG: CActiveAE::DiscardStream - audio stream deleted
17:10:07.461 T:4069618480 DEBUG: CActiveAE::ClearDiscardedBuffers - buffer pool deleted
17:10:07.462 T:3652584240 DEBUG: Previous line repeats 2 times.
17:10:07.462 T:3652584240 NOTICE: Deleting audio codec
17:10:07.462 T:3652584240 NOTICE: Closing stream player 2
17:10:07.462 T:3652584240 NOTICE: waiting for video thread to exit
17:10:07.525 T:3591365424 DEBUG: AddOnLog: Tvheadend HTSP Client: pvr.hts - Dropped packet with unknown stream index 2
17:10:07.525 T:3591365424 DEBUG: Previous line repeats 1 times.
17:10:07.525 T:3591365424 DEBUG: AddOnLog: Tvheadend HTSP Client: pvr.hts - Dropped packet with unknown stream index 3
17:10:07.525 T:3591365424 DEBUG: Previous line repeats 1 times.
17:10:07.525 T:3591365424 DEBUG: AddOnLog: Tvheadend HTSP Client: pvr.hts - Dropped packet with unknown stream index 4
17:10:07.526 T:3591365424 DEBUG: Previous line repeats 1 times.
17:10:07.526 T:3591365424 DEBUG: AddOnLog: Tvheadend HTSP Client: pvr.hts - Dropped packet with unknown stream index 1
17:10:07.526 T:3591365424 DEBUG: Previous line repeats 2 times.
17:10:07.526 T:3591365424 DEBUG: AddOnLog: Tvheadend HTSP Client: pvr.hts - Dropped packet with unknown stream index 2
17:10:07.526 T:3591365424 DEBUG: Previous line repeats 1 times.
17:10:07.526 T:3591365424 DEBUG: AddOnLog: Tvheadend HTSP Client: pvr.hts - Dropped packet with unknown stream index 3
17:10:07.526 T:3591365424 DEBUG: Previous line repeats 1 times.
17:10:07.526 T:3591365424 DEBUG: AddOnLog: Tvheadend HTSP Client: pvr.hts - Dropped packet with unknown stream index 4
17:10:07.527 T:3591365424 DEBUG: Previous line repeats 1 times.
17:10:07.527 T:3591365424 DEBUG: AddOnLog: Tvheadend HTSP Client: pvr.hts - Dropped packet with unknown stream index 1
17:10:07.547 T:4060082992 DEBUG: Previous line repeats 2 times.
17:10:07.547 T:4060082992 INFO: CActiveAESink::OpenSink - initialize sink
17:10:07.547 T:3435967280 DEBUG: CVideoPlayerVideo::OutputPicture - ttd:-13401ms pts:5.632 Clock:19.033 Level:1 elapsed:0.006ms
17:10:07.547 T:3435967280 NOTICE: thread end: video_thread
17:10:07.547 T:3435967280 DEBUG: Thread VideoPlayerVideo 3435967280 terminating
17:10:07.548 T:3652584240 NOTICE: deleting video codec
17:10:07.580 T:3652584240 DEBUG: AddOnLog: Tvheadend HTSP Client: pvr.hts - demux unsubscribe from 2024443716
17:10:07.581 T:3652584240 DEBUG: AddOnLog: Tvheadend HTSP Client: pvr.hts - demux successfully unsubscribed from channel id 2024443716, subscription id 1
17:10:07.587 T:3652584240 DEBUG: AddOnLog: Tvheadend HTSP Client: pvr.hts - demux close
17:10:07.587 T:3652584240 DEBUG: CInputStreamPVRChannel - ClosePVRStream - closed channel stream pvr://channels/tv/All channels/pvr.hts_2024443716.pvr
17:10:07.587 T:3652584240 DEBUG: Thread VideoPlayer 3652584240 terminating
17:10:07.587 T:4095601888 NOTICE: VideoPlayer: finished waiting
17:10:07.587 T:4095601888 DEBUG: DeleteRenderer - deleting renderer
17:10:07.587 T:4095601888 DEBUG: LinuxRendererGL: Cleaning up GL resources
17:10:07.598 T:3893338928 DEBUG: OnPlayBackStopped: CApplication::OnPlayBackStopped
17:10:07.599 T:4095601888 NOTICE: CVideoPlayer::CloseFile()
17:10:07.599 T:4095601888 NOTICE: VideoPlayer: waiting for threads to exit
17:10:07.599 T:4095601888 NOTICE: VideoPlayer: finished waiting
17:10:07.603 T:4095601888 DEBUG: Radio UECP (RDS) Processor - delete ~CDVDRadioRDSData
17:10:07.665 T:4091687728 DEBUG: CAnnouncementManager - Announcement: OnStop from xbmc
17:10:07.665 T:4091687728 DEBUG: GOT ANNOUNCEMENT, type: 1, from xbmc, message OnStop
17:10:07.671 T:3765404464 DEBUG: Skin Helper Widgets --> Kodi_Monitor: sender xbmc - method: Player.OnStop - data: {"end":false,"item":{"channeltype":"tv","id":518,"title":"LIGA SANTANDER 3","type":"channel"}}
17:10:07.674 T:4095601888 DEBUG: CGUIWindowManager::PreviousWindow: Deactivate
17:10:07.674 T:4095601888 DEBUG: ------ Window Deinit (VideoFullScreen.xml) ------
17:10:07.691 T:4095601888 DEBUG: CGUIWindowManager::PreviousWindow: Activate new
17:10:07.691 T:4095601888 DEBUG: ------ Window Init (MyPVRChannels.xml) ------
17:10:07.696 T:4095601888 DEBUG: CGUIMediaWindow::GetDirectory (pvr://channels/tv/Asiasat5 C/)
17:10:07.696 T:4095601888 DEBUG: ParentPath = [pvr://channels/tv/Asiasat5 C/]
17:10:07.697 T:4095601888 DEBUG: CPVRDirectory::GetDirectory(pvr://channels/tv/Asiasat5 C)
17:10:07.713 T:3723440944 DEBUG: Skin Helper Service --> Kodi_Monitor: sender xbmc - method: Player.OnStop - data: {"end":false,"item":{"channeltype":"tv","id":518,"title":"LIGA SANTANDER 3","type":"channel"}}
17:10:07.742 T:4095601888 DEBUG: ffmpeg[F41DECE0]: Invalid return value 0 for stream protocol
17:10:07.889 T:4060082992 DEBUG: Previous line repeats 1 times.
17:10:07.889 T:4060082992 DEBUG: CActiveAESink::OpenSink - trying to open device ALSA:default
17:10:07.889 T:4060082992 INFO: CAESinkALSA::Initialize - Requested layout: FL, FR
17:10:07.889 T:4060082992 INFO: CAESinkALSA::Initialize - Attempting to open device "default"
17:10:07.894 T:4060082992 INFO: CAESinkALSA::Initialize - Opened device "default"
17:10:07.895 T:4060082992 INFO: CAESinkALSA::InitializeHW - Your hardware does not support AE_FMT_FLOAT, trying other formats
17:10:07.896 T:4060082992 INFO: CAESinkALSA::InitializeHW - Using data format AE_FMT_S32NE
17:10:07.896 T:4060082992 DEBUG: CAESinkALSA::InitializeHW - Request: periodSize 4096, bufferSize 16384
17:10:07.897 T:4060082992 DEBUG: CAESinkALSA::InitializeHW - Got: periodSize 4096, bufferSize 16384
17:10:07.897 T:4060082992 DEBUG: CAESinkALSA::InitializeHW - Setting timeout to 372 ms
17:10:07.897 T:4060082992 INFO: CAESinkALSA::Initialize - setting default aud_ch to 0
17:10:07.897 T:4060082992 DEBUG: CAESinkALSA::GetChannelLayout - Input Channel Count: 2 Output Channel Count: 2
17:10:07.897 T:4060082992 DEBUG: CAESinkALSA::GetChannelLayout - Requested Layout: FL, FR
17:10:07.898 T:4060082992 DEBUG: CAESinkALSA::GetChannelLayout - Got Layout: FL, FR (ALSA: none) (CEA: 0)
17:10:07.898 T:4060082992 DEBUG: CActiveAESink::OpenSink - ALSA Initialized:
17:10:07.898 T:4060082992 DEBUG: Output Device : Default (AML-M8AUDIO Analog)
17:10:07.898 T:4060082992 DEBUG: Sample Rate : 44100
17:10:07.898 T:4060082992 DEBUG: Sample Format : AE_FMT_S32NE
17:10:07.898 T:4060082992 DEBUG: Channel Count : 2
17:10:07.898 T:4060082992 DEBUG: Channel Layout: FL, FR
17:10:07.898 T:4060082992 DEBUG: Frames : 4096
17:10:07.898 T:4060082992 DEBUG: Frame Size : 8
17:10:07.899 T:4069618480 DEBUG: CActiveAE::ClearDiscardedBuffers - buffer pool deleted
17:10:08.016 T:4095601888 DEBUG: Previous line repeats 1 times.
17:10:08.016 T:4095601888 DEBUG: ffmpeg[F41DECE0]: Invalid return value 0 for stream protocol
17:10:08.074 T:3561448240 DEBUG: Previous line repeats 1 times.
17:10:08.074 T:3561448240 DEBUG: GetImageHash - unable to stat url http://127.0.0.1:9981/imagecache/5
17:10:08.075 T:3911185200 DEBUG: GetImageHash - unable to stat url http://127.0.0.1:9981/imagecache/29
17:10:08.075 T:3893338928 DEBUG: GetImageHash - unable to stat url http://127.0.0.1:9981/imagecache/80
17:10:08.077 T:3561448240 DEBUG: GetImageHash - unable to stat url http://127.0.0.1:9981/imagecache/69
17:10:08.078 T:3911185200 DEBUG: GetImageHash - unable to stat url http://127.0.0.1:9981/imagecache/219
17:10:08.078 T:3893338928 DEBUG: GetImageHash - unable to stat url http://127.0.0.1:9981/imagecache/101
17:10:08.079 T:3561448240 DEBUG: GetImageHash - unable to stat url http://127.0.0.1:9981/imagecache/193
17:10:08.082 T:3911185200 DEBUG: GetImageHash - unable to stat url http://127.0.0.1:9981/imagecache/107
17:10:08.089 T:4095601888 DEBUG: GLES: Extension Support Test - GL_EXT_texture_format_BGRA8888 YES
17:10:08.246 T:3740226352 DEBUG: Previous line repeats 12 times.
17:10:08.246 T:3740226352 DEBUG: [plugin.video.youtube] Cleared home window properties: []
17:10:09.350 T:4014990128 DEBUG: LIRC: - NEW 9e 0 KEY_BACK devinput (KEY_BACK)
17:10:09.359 T:4095601888 DEBUG: HandleKey: menu (0xd8) pressed, action is Back
17:10:09.360 T:4095601888 DEBUG: Activating window ID: 10000
17:10:09.361 T:4060082992 INFO: CActiveAESink::OpenSink - initialize sink
17:10:09.361 T:4060082992 DEBUG: CActiveAESink::OpenSink - trying to open device ALSA:default
17:10:09.361 T:4060082992 INFO: CAESinkALSA::Initialize - Requested layout: FL, FR
17:10:09.361 T:4060082992 INFO: CAESinkALSA::Initialize - Attempting to open device "default"
17:10:09.367 T:4060082992 INFO: CAESinkALSA::Initialize - Opened device "default"
17:10:09.369 T:4060082992 INFO: CAESinkALSA::InitializeHW - Your hardware does not support AE_FMT_FLOAT, trying other formats
17:10:09.369 T:4060082992 INFO: CAESinkALSA::InitializeHW - Using data format AE_FMT_S32NE
17:10:09.369 T:4060082992 DEBUG: CAESinkALSA::InitializeHW - Request: periodSize 4096, bufferSize 16384
17:10:09.370 T:4060082992 DEBUG: CAESinkALSA::InitializeHW - Got: periodSize 4096, bufferSize 16384
17:10:09.370 T:4060082992 DEBUG: CAESinkALSA::InitializeHW - Setting timeout to 372 ms
17:10:09.370 T:4060082992 INFO: CAESinkALSA::Initialize - setting default aud_ch to 0
17:10:09.371 T:4060082992 DEBUG: CAESinkALSA::GetChannelLayout - Input Channel Count: 2 Output Channel Count: 2
17:10:09.371 T:4060082992 DEBUG: CAESinkALSA::GetChannelLayout - Requested Layout: FL, FR
17:10:09.371 T:4060082992 DEBUG: CAESinkALSA::GetChannelLayout - Got Layout: FL, FR (ALSA: none) (CEA: 0)
17:10:09.371 T:4060082992 DEBUG: CActiveAESink::OpenSink - ALSA Initialized:
17:10:09.371 T:4060082992 DEBUG: Output Device : Default (AML-M8AUDIO Analog)
