21:38:11.177 T:3436147504 DEBUG: CVideoPlayerVideo::OutputPicture - ttd:-19088ms pts:7.042 Clock:26.130 Level:0 elapsed:0.005ms
21:38:11.184 T:3494896432 DEBUG: CVideoPlayer::ProcessVideoData size:35205 dts:15.292 pts:15.412 dur:40.000ms, clock:26.138 level:99
21:38:11.184 T:3494896432 DEBUG: CVideoPlayer::ProcessVideoData size:12425 dts:15.312 pts:15.312 dur:40.000ms, clock:26.138 level:99
21:38:11.185 T:4065424176 WARNING: ActiveAE - large audio sync error: -11296.216002
21:38:11.205 T:3494896432 DEBUG: CSettingsManager: requested setting (videoplayer.usedisplayasclock.null) was not found.
21:38:11.300 T:3436147504 DEBUG: CVideoPlayerVideo::OutputPicture - ttd:-19180ms pts:7.072 Clock:26.253 Level:0 elapsed:0.004ms
21:38:11.330 T:3436147504 DEBUG: CVideoPlayerVideo::OutputPicture - ttd:-19201ms pts:7.082 Clock:26.284 Level:0 elapsed:0.006ms
21:38:11.337 T:3494896432 DEBUG: CVideoPlayer::ProcessVideoData size:16246 dts:15.332 pts:15.332 dur:40.000ms, clock:26.290 level:99
21:38:11.337 T:3494896432 DEBUG: CVideoPlayer::ProcessVideoData size:9283 dts:15.352 pts:15.352 dur:40.000ms, clock:26.290 level:99
21:38:11.408 T:3494896432 DEBUG: CSettingsManager: requested setting (videoplayer.usedisplayasclock.null) was not found.
21:38:11.463 T:3436147504 DEBUG: CVideoPlayerVideo::OutputPicture - ttd:-19304ms pts:7.112 Clock:26.416 Level:0 elapsed:0.007ms
21:38:11.493 T:3436147504 DEBUG: CVideoPlayerVideo::OutputPicture - ttd:-19324ms pts:7.122 Clock:26.446 Level:0 elapsed:0.006ms
21:38:11.499 T:3494896432 DEBUG: CVideoPlayer::ProcessVideoData size:14121 dts:15.372 pts:15.372 dur:40.000ms, clock:26.453 level:99
21:38:11.500 T:3494896432 DEBUG: CVideoPlayer::ProcessVideoData size:61728 dts:15.392 pts:15.512 dur:40.000ms, clock:26.454 level:99
21:38:11.597 T:4092062944 INFO: CheckIdle - Closing session to http://127.0.0.1 (easy=0xe8483a60, multi=(nil))
21:38:11.612 T:3494896432 DEBUG: CSettingsManager: requested setting (videoplayer.usedisplayasclock.null) was not found.
21:38:11.631 T:3436147504 DEBUG: CVideoPlayerVideo::OutputPicture - ttd:-19431ms pts:7.152 Clock:26.584 Level:0 elapsed:0.005ms
21:38:11.663 T:3436147504 DEBUG: CVideoPlayerVideo::OutputPicture - ttd:-19454ms pts:7.162 Clock:26.616 Level:0 elapsed:0.005ms
21:38:11.673 T:3494896432 DEBUG: CVideoPlayer::ProcessVideoData size:32077 dts:15.412 pts:15.532 dur:40.000ms, clock:26.627 level:99
21:38:11.673 T:3494896432 DEBUG: CVideoPlayer::ProcessVideoData size:8053 dts:15.432 pts:15.432 dur:40.000ms, clock:26.627 level:99
21:38:11.674 T:4065424176 WARNING: ActiveAE - large audio sync error: -11722.626377
21:38:11.785 T:3436147504 DEBUG: CVideoPlayerVideo::OutputPicture - ttd:-19546ms pts:7.192 Clock:26.739 Level:0 elapsed:0.004ms
21:38:11.815 T:3494896432 DEBUG: CSettingsManager: requested setting (videoplayer.usedisplayasclock.null) was not found.
21:38:11.818 T:3436147504 DEBUG: CVideoPlayerVideo::OutputPicture - ttd:-19569ms pts:7.202 Clock:26.771 Level:0 elapsed:0.007ms
21:38:11.825 T:3494896432 DEBUG: CVideoPlayer::ProcessVideoData size:11202 dts:15.452 pts:15.452 dur:40.000ms, clock:26.779 level:99
21:38:11.826 T:3494896432 DEBUG: CVideoPlayer::ProcessVideoData size:6400 dts:15.472 pts:15.472 dur:40.000ms, clock:26.779 level:99
21:38:11.954 T:3436147504 DEBUG: CVideoPlayerVideo::OutputPicture - ttd:-19675ms pts:7.232 Clock:26.907 Level:0 elapsed:0.007ms
21:38:11.987 T:3436147504 DEBUG: CVideoPlayerVideo::OutputPicture - ttd:-19698ms pts:7.242 Clock:26.940 Level:0 elapsed:0.008ms
21:38:11.998 T:3494896432 DEBUG: CVideoPlayer::ProcessVideoData size:8309 dts:15.492 pts:15.492 dur:40.000ms, clock:26.951 level:99
21:38:11.998 T:3494896432 DEBUG: CVideoPlayer::ProcessVideoData size:51660 dts:15.512 pts:15.592 dur:40.000ms, clock:26.952 level:99
21:38:11.999 T:4065424176 WARNING: ActiveAE - large audio sync error: -11893.149627
21:38:12.019 T:3494896432 DEBUG: CSettingsManager: requested setting (videoplayer.usedisplayasclock.null) was not found.
21:38:12.126 T:3436147504 DEBUG: CVideoPlayerVideo::OutputPicture - ttd:-19807ms pts:7.272 Clock:27.080 Level:0 elapsed:0.005ms
21:38:12.162 T:3436147504 DEBUG: CVideoPlayerVideo::OutputPicture - ttd:-19833ms pts:7.282 Clock:27.115 Level:0 elapsed:0.006ms
21:38:12.171 T:3494896432 DEBUG: CVideoPlayer::ProcessVideoData size:24468 dts:15.532 pts:15.612 dur:40.000ms, clock:27.124 level:99
21:38:12.171 T:3494896432 DEBUG: CVideoPlayer::ProcessVideoData size:9080 dts:15.552 pts:15.552 dur:40.000ms, clock:27.125 level:99
21:38:12.222 T:3494896432 DEBUG: CSettingsManager: requested setting (videoplayer.usedisplayasclock.null) was not found.
21:38:12.282 T:3436147504 DEBUG: CVideoPlayerVideo::OutputPicture - ttd:-19923ms pts:7.312 Clock:27.235 Level:0 elapsed:0.003ms
21:38:12.311 T:3436147504 DEBUG: CVideoPlayerVideo::OutputPicture - ttd:-19942ms pts:7.322 Clock:27.265 Level:0 elapsed:0.008ms
21:38:12.313 T:3494896432 DEBUG: CVideoPlayer::ProcessVideoData size:11487 dts:15.572 pts:15.572 dur:40.000ms, clock:27.266 level:99
21:38:12.314 T:3494896432 DEBUG: CVideoPlayer::ProcessVideoData size:102338 dts:15.592 pts:15.632 dur:40.000ms, clock:27.268 level:99
21:38:12.315 T:4065424176 WARNING: ActiveAE - large audio sync error: -12149.177918
21:38:12.428 T:3494896432 DEBUG: CSettingsManager: requested setting (videoplayer.usedisplayasclock.null) was not found.
21:38:12.449 T:3436147504 DEBUG: CVideoPlayerVideo::OutputPicture - ttd:-20050ms pts:7.352 Clock:27.403 Level:0 elapsed:0.005ms
21:38:12.486 T:3436147504 DEBUG: CVideoPlayerVideo::OutputPicture - ttd:-20077ms pts:7.362 Clock:27.439 Level:0 elapsed:0.008ms
21:38:12.489 T:3494896432 DEBUG: CVideoPlayer::ProcessVideoData size:15919 dts:15.612 pts:15.652 dur:40.000ms, clock:27.442 level:99
21:38:12.490 T:3494896432 DEBUG: CVideoPlayer::ProcessVideoData size:81593 dts:15.632 pts:15.752 dur:40.000ms, clock:27.443 level:99
21:38:12.491 T:4065424176 WARNING: ActiveAE - large audio sync error: -12234.857711
21:38:12.623 T:3436147504 DEBUG: CVideoPlayerVideo::OutputPicture - ttd:-20184ms pts:7.392 Clock:27.576 Level:0 elapsed:0.006ms
21:38:12.631 T:3494896432 DEBUG: CSettingsManager: requested setting (videoplayer.usedisplayasclock.null) was not found.
21:38:12.655 T:3436147504 DEBUG: CVideoPlayerVideo::OutputPicture - ttd:-20206ms pts:7.402 Clock:27.608 Level:0 elapsed:0.009ms
21:38:12.662 T:3494896432 DEBUG: CVideoPlayer::ProcessVideoData size:13842 dts:15.652 pts:15.772 dur:40.000ms, clock:27.616 level:99
21:38:12.663 T:3494896432 DEBUG: CVideoPlayer::ProcessVideoData size:19778 dts:15.672 pts:15.672 dur:40.000ms, clock:27.616 level:99
21:38:12.775 T:3436147504 DEBUG: CVideoPlayerVideo::OutputPicture - ttd:-20296ms pts:7.432 Clock:27.729 Level:0 elapsed:0.006ms
21:38:12.805 T:3436147504 DEBUG: CVideoPlayerVideo::OutputPicture - ttd:-20316ms pts:7.442 Clock:27.758 Level:0 elapsed:0.008ms
21:38:12.814 T:3494896432 DEBUG: CVideoPlayer::ProcessVideoData size:4051 dts:15.692 pts:15.692 dur:40.000ms, clock:27.768 level:99
21:38:12.815 T:3494896432 DEBUG: CVideoPlayer::ProcessVideoData size:14127 dts:15.712 pts:15.712 dur:40.000ms, clock:27.768 level:99
21:38:12.835 T:3494896432 DEBUG: CSettingsManager: requested setting (videoplayer.usedisplayasclock.null) was not found.
21:38:12.938 T:3436147504 DEBUG: CVideoPlayerVideo::OutputPicture - ttd:-20419ms pts:7.472 Clock:27.891 Level:0 elapsed:0.006ms
21:38:12.975 T:3436147504 DEBUG: CVideoPlayerVideo::OutputPicture - ttd:-20446ms pts:7.482 Clock:27.929 Level:0 elapsed:0.008ms
21:38:12.985 T:3494896432 DEBUG: CVideoPlayer::ProcessVideoData size:4356 dts:15.732 pts:15.732 dur:40.000ms, clock:27.938 level:99
21:38:12.986 T:4065424176 WARNING: ActiveAE - large audio sync error: -12660.938836
21:38:12.986 T:3494896432 DEBUG: CVideoPlayer::ProcessVideoData size:94311 dts:15.752 pts:15.872 dur:40.000ms, clock:27.939 level:99
21:38:13.037 T:3494896432 DEBUG: CSettingsManager: requested setting (videoplayer.usedisplayasclock.null) was not found.
21:38:13.100 T:3436147504 DEBUG: CVideoPlayerVideo::OutputPicture - ttd:-20541ms pts:7.512 Clock:28.054 Level:0 elapsed:0.004ms
21:38:13.132 T:3436147504 DEBUG: CVideoPlayerVideo::OutputPicture - ttd:-20563ms pts:7.522 Clock:28.085 Level:0 elapsed:0.005ms
21:38:13.138 T:3494896432 DEBUG: CVideoPlayer::ProcessVideoData size:30555 dts:15.772 pts:15.892 dur:40.000ms, clock:28.092 level:99
21:38:13.139 T:3494896432 DEBUG: CVideoPlayer::ProcessVideoData size:21272 dts:15.792 pts:15.792 dur:40.000ms, clock:28.092 level:99
21:38:13.139 T:4065424176 WARNING: ActiveAE - large audio sync error: -12746.639793
21:38:13.240 T:3494896432 DEBUG: CSettingsManager: requested setting (videoplayer.usedisplayasclock.null) was not found.
21:38:13.261 T:3436147504 DEBUG: CVideoPlayerVideo::OutputPicture - ttd:-20662ms pts:7.552 Clock:28.215 Level:0 elapsed:0.006ms
21:38:13.294 T:3436147504 DEBUG: CVideoPlayerVideo::OutputPicture - ttd:-20685ms pts:7.562 Clock:28.248 Level:0 elapsed:0.005ms
21:38:13.301 T:3494896432 DEBUG: CVideoPlayer::ProcessVideoData size:4914 dts:15.812 pts:15.812 dur:40.000ms, clock:28.255 level:99
21:38:13.301 T:3494896432 DEBUG: CVideoPlayer::ProcessVideoData size:16236 dts:15.832 pts:15.832 dur:40.000ms, clock:28.255 level:99
21:38:13.423 T:3436147504 DEBUG: CVideoPlayerVideo::OutputPicture - ttd:-20784ms pts:7.592 Clock:28.376 Level:0 elapsed:0.005ms
21:38:13.441 T:3494896432 DEBUG: CSettingsManager: requested setting (videoplayer.usedisplayasclock.null) was not found.
21:38:13.453 T:3436147504 DEBUG: CVideoPlayerVideo::OutputPicture - ttd:-20804ms pts:7.602 Clock:28.406 Level:0 elapsed:0.006ms
21:38:13.462 T:3494896432 DEBUG: CVideoPlayer::ProcessVideoData size:16578 dts:15.852 pts:15.852 dur:40.000ms, clock:28.415 level:99
21:38:13.463 T:3494896432 DEBUG: CVideoPlayer::ProcessVideoData size:83775 dts:15.872 pts:15.992 dur:40.000ms, clock:28.417 level:99
21:38:13.464 T:4065424176 WARNING: ActiveAE - large audio sync error: -13003.246294
21:38:13.574 T:3436147504 DEBUG: CVideoPlayerVideo::OutputPicture - ttd:-20895ms pts:7.632 Clock:28.527 Level:0 elapsed:0.006ms
21:38:13.604 T:3436147504 DEBUG: CVideoPlayerVideo::OutputPicture - ttd:-20915ms pts:7.642 Clock:28.558 Level:0 elapsed:0.007ms
21:38:13.616 T:3494896432 DEBUG: CVideoPlayer::ProcessVideoData size:27869 dts:15.892 pts:16.012 dur:40.000ms, clock:28.569 level:99
21:38:13.616 T:3494896432 DEBUG: CVideoPlayer::ProcessVideoData size:18686 dts:15.912 pts:15.912 dur:40.000ms, clock:28.569 level:99
21:38:13.646 T:3494896432 DEBUG: CSettingsManager: requested setting (videoplayer.usedisplayasclock.null) was not found.
21:38:13.728 T:3436147504 DEBUG: CVideoPlayerVideo::OutputPicture - ttd:-21009ms pts:7.672 Clock:28.682 Level:0 elapsed:0.006ms
21:38:13.759 T:3436147504 DEBUG: CVideoPlayerVideo::OutputPicture - ttd:-21030ms pts:7.682 Clock:28.712 Level:0 elapsed:0.006ms
21:38:13.768 T:3494896432 DEBUG: CVideoPlayer::ProcessVideoData size:17130 dts:15.932 pts:15.932 dur:40.000ms, clock:28.722 level:99
21:38:13.769 T:3494896432 DEBUG: CVideoPlayer::ProcessVideoData size:14192 dts:15.952 pts:15.952 dur:40.000ms, clock:28.722 level:99
21:38:13.769 T:4065424176 WARNING: ActiveAE - large audio sync error: -13172.892877
21:38:13.850 T:3494896432 DEBUG: CSettingsManager: requested setting (videoplayer.usedisplayasclock.null) was not found.
21:38:13.883 T:3436147504 DEBUG: CVideoPlayerVideo::OutputPicture - ttd:-21124ms pts:7.712 Clock:28.836 Level:0 elapsed:0.005ms
21:38:13.911 T:3436147504 DEBUG: CVideoPlayerVideo::OutputPicture - ttd:-21142ms pts:7.722 Clock:28.865 Level:0 elapsed:0.006ms
21:38:13.921 T:3494896432 DEBUG: CVideoPlayer::ProcessVideoData size:16168 dts:15.972 pts:15.972 dur:40.000ms, clock:28.874 level:99
21:38:13.921 T:3494896432 DEBUG: CVideoPlayer::ProcessVideoData size:74908 dts:15.992 pts:16.112 dur:40.000ms, clock:28.875 level:99
21:38:14.032 T:3436147504 DEBUG: CVideoPlayerVideo::OutputPicture - ttd:-21233ms pts:7.752 Clock:28.986 Level:0 elapsed:0.004ms
21:38:14.053 T:3494896432 DEBUG: CSettingsManager: requested setting (videoplayer.usedisplayasclock.null) was not found.
21:38:14.061 T:3436147504 DEBUG: CVideoPlayerVideo::OutputPicture - ttd:-21252ms pts:7.762 Clock:29.015 Level:0 elapsed:0.005ms
21:38:14.064 T:3494896432 DEBUG: CVideoPlayer::ProcessVideoData size:10003 dts:16.012 pts:16.132 dur:40.000ms, clock:29.017 level:99
21:38:14.064 T:3494896432 DEBUG: CVideoPlayer::ProcessVideoData size:16921 dts:16.032 pts:16.032 dur:40.000ms, clock:29.017 level:99
21:38:14.064 T:4065424176 WARNING: ActiveAE - large audio sync error: -13429.326668
21:38:14.081 T:4010795824 DEBUG: LIRC: - NEW 80 0 KEY_STOP devinput (KEY_STOP)
21:38:14.097 T:4092062944 DEBUG: HandleKey: guide (0xe0) pressed, action is Stop
21:38:14.097 T:4092062944 NOTICE: CVideoPlayer::CloseFile()
21:38:14.098 T:4092062944 NOTICE: VideoPlayer: waiting for threads to exit
21:38:14.099 T:3587171120 DEBUG: AddOnLog: Tvheadend HTSP Client: pvr.hts - Dropped packet with unknown stream index 1
21:38:14.103 T:3587171120 DEBUG: Previous line repeats 2 times.
21:38:14.103 T:3587171120 DEBUG: AddOnLog: Tvheadend HTSP Client: pvr.hts - Dropped packet with unknown stream index 2
21:38:14.103 T:3587171120 DEBUG: Previous line repeats 1 times.
21:38:14.103 T:3587171120 DEBUG: AddOnLog: Tvheadend HTSP Client: pvr.hts - Dropped packet with unknown stream index 3
21:38:14.104 T:3587171120 DEBUG: Previous line repeats 1 times.
21:38:14.104 T:3587171120 DEBUG: AddOnLog: Tvheadend HTSP Client: pvr.hts - Dropped packet with unknown stream index 4
21:38:14.104 T:3494896432 DEBUG: Previous line repeats 1 times.
21:38:14.105 T:3494896432 NOTICE: CVideoPlayer::OnExit()
21:38:14.105 T:3494896432 DEBUG: CDVDClock::SetSpeedAdjust - adjusted:0.000000
21:38:14.105 T:3494896432 NOTICE: Closing stream player 1
21:38:14.105 T:3494896432 NOTICE: Waiting for audio thread to exit
21:38:14.105 T:3427754800 ERROR: Got MSGQ_ABORT or MSGO_IS_ERROR return true
21:38:14.105 T:3427754800 NOTICE: thread end: CVideoPlayerAudio::OnExit()
21:38:14.105 T:3494896432 NOTICE: Closing audio device
21:38:14.105 T:3427754800 DEBUG: Thread VideoPlayerAudio 3427754800 terminating
21:38:14.146 T:3494896432 DEBUG: CDVDAudio::Flush - flush audio stream
21:38:14.146 T:4065424176 DEBUG: CActiveAE::DiscardStream - audio stream deleted
21:38:14.146 T:4065424176 DEBUG: CActiveAE::ClearDiscardedBuffers - buffer pool deleted
21:38:14.147 T:3494896432 DEBUG: Previous line repeats 2 times.
21:38:14.147 T:3494896432 NOTICE: Deleting audio codec
21:38:14.147 T:3494896432 NOTICE: Closing stream player 2
21:38:14.147 T:3494896432 NOTICE: waiting for video thread to exit
21:38:14.182 T:3436147504 DEBUG: CVideoPlayerVideo::OutputPicture - ttd:-21343ms pts:7.792 Clock:29.136 Level:0 elapsed:0.006ms
21:38:14.182 T:3436147504 NOTICE: thread end: video_thread
21:38:14.182 T:3436147504 DEBUG: Thread VideoPlayerVideo 3436147504 terminating
21:38:14.183 T:3494896432 NOTICE: deleting video codec
21:38:14.189 T:3906990896 DEBUG: Thread JobWorker 3906990896 terminating (autodelete)
21:38:14.189 T:3503289136 DEBUG: Thread JobWorker 3503289136 terminating (autodelete)
21:38:14.189 T:3880751920 DEBUG: Thread JobWorker 3880751920 terminating (autodelete)
21:38:14.193 T:3587171120 DEBUG: AddOnLog: Tvheadend HTSP Client: pvr.hts - Dropped packet with unknown stream index 1
21:38:14.195 T:3587171120 DEBUG: Previous line repeats 3 times.
21:38:14.195 T:3587171120 DEBUG: AddOnLog: Tvheadend HTSP Client: pvr.hts - Dropped packet with unknown stream index 2
21:38:14.195 T:3587171120 DEBUG: Previous line repeats 1 times.
21:38:14.195 T:3587171120 DEBUG: AddOnLog: Tvheadend HTSP Client: pvr.hts - Dropped packet with unknown stream index 3
21:38:14.196 T:3587171120 DEBUG: Previous line repeats 1 times.
21:38:14.196 T:3587171120 DEBUG: AddOnLog: Tvheadend HTSP Client: pvr.hts - Dropped packet with unknown stream index 4
21:38:14.201 T:3587171120 DEBUG: Previous line repeats 1 times.
21:38:14.201 T:3587171120 DEBUG: AddOnLog: Tvheadend HTSP Client: pvr.hts - Dropped packet with unknown stream index 2
21:38:14.201 T:3587171120 DEBUG: Previous line repeats 1 times.
21:38:14.201 T:3587171120 DEBUG: AddOnLog: Tvheadend HTSP Client: pvr.hts - Dropped packet with unknown stream index 3
21:38:14.202 T:3587171120 DEBUG: Previous line repeats 1 times.
21:38:14.202 T:3587171120 DEBUG: AddOnLog: Tvheadend HTSP Client: pvr.hts - Dropped packet with unknown stream index 4
21:38:14.202 T:3587171120 DEBUG: Previous line repeats 1 times.
21:38:14.202 T:3587171120 DEBUG: AddOnLog: Tvheadend HTSP Client: pvr.hts - Dropped packet with unknown stream index 1
21:38:14.219 T:3494896432 DEBUG: Previous line repeats 3 times.
21:38:14.219 T:3494896432 DEBUG: AddOnLog: Tvheadend HTSP Client: pvr.hts - demux unsubscribe from 467410978
21:38:14.219 T:3494896432 DEBUG: AddOnLog: Tvheadend HTSP Client: pvr.hts - demux successfully unsubscribed from channel id 467410978, subscription id 1
21:38:14.232 T:4055888688 INFO: CActiveAESink::OpenSink - initialize sink
21:38:14.235 T:3494896432 DEBUG: AddOnLog: Tvheadend HTSP Client: pvr.hts - demux close
21:38:14.236 T:3494896432 DEBUG: CInputStreamPVRChannel - ClosePVRStream - closed channel stream pvr://channels/tv/All channels/pvr.hts_467410978.pvr
21:38:14.236 T:3494896432 DEBUG: Thread VideoPlayer 3494896432 terminating
21:38:14.236 T:4092062944 NOTICE: VideoPlayer: finished waiting
21:38:14.236 T:4092062944 DEBUG: DeleteRenderer - deleting renderer
21:38:14.236 T:4092062944 DEBUG: LinuxRendererGL: Cleaning up GL resources
21:38:14.242 T:3494896432 DEBUG: Thread JobWorker start, auto delete: true
21:38:14.243 T:3494896432 DEBUG: OnPlayBackStopped: CApplication::OnPlayBackStopped
21:38:14.248 T:4092062944 NOTICE: CVideoPlayer::CloseFile()
21:38:14.248 T:4092062944 NOTICE: VideoPlayer: waiting for threads to exit
21:38:14.248 T:4092062944 NOTICE: VideoPlayer: finished waiting
21:38:14.252 T:4092062944 DEBUG: Radio UECP (RDS) Processor - delete ~CDVDRadioRDSData
21:38:14.307 T:4088148784 DEBUG: CAnnouncementManager - Announcement: OnStop from xbmc
21:38:14.307 T:4088148784 DEBUG: GOT ANNOUNCEMENT, type: 1, from xbmc, message OnStop
21:38:14.313 T:4092062944 DEBUG: CGUIWindowManager::PreviousWindow: Deactivate
21:38:14.313 T:4092062944 DEBUG: ------ Window Deinit (VideoFullScreen.xml) ------
21:38:14.330 T:4092062944 DEBUG: CGUIWindowManager::PreviousWindow: Activate new
21:38:14.330 T:4092062944 DEBUG: ------ Window Init (MyPVRChannels.xml) ------
21:38:14.331 T:3761210160 DEBUG: Skin Helper Widgets --> Kodi_Monitor: sender xbmc - method: Player.OnStop - data: {"end":false,"item":{"channeltype":"tv","id":516,"title":"LIGA SANTANDER 2","type":"channel"}}
21:38:14.335 T:4092062944 DEBUG: CGUIMediaWindow::GetDirectory (pvr://channels/tv/Asiasat5 C/)
21:38:14.335 T:4092062944 DEBUG: ParentPath = [pvr://channels/tv/Asiasat5 C/]
21:38:14.336 T:4092062944 DEBUG: CPVRDirectory::GetDirectory(pvr://channels/tv/Asiasat5 C)
21:38:14.348 T:3719246640 DEBUG: Skin Helper Service --> Kodi_Monitor: sender xbmc - method: Player.OnStop - data: {"end":false,"item":{"channeltype":"tv","id":516,"title":"LIGA SANTANDER 2","type":"channel"}}
21:38:14.381 T:4092062944 DEBUG: ffmpeg[F3E7ECE0]: Invalid return value 0 for stream protocol
21:38:14.573 T:4055888688 DEBUG: Previous line repeats 1 times.
21:38:14.573 T:4055888688 DEBUG: CActiveAESink::OpenSink - trying to open device ALSA:default
21:38:14.573 T:4055888688 INFO: CAESinkALSA::Initialize - Requested layout: FL, FR
21:38:14.573 T:4055888688 INFO: CAESinkALSA::Initialize - Attempting to open device "default"
21:38:14.579 T:4055888688 INFO: CAESinkALSA::Initialize - Opened device "default"
21:38:14.580 T:4055888688 INFO: CAESinkALSA::InitializeHW - Your hardware does not support AE_FMT_FLOAT, trying other formats
21:38:14.580 T:4055888688 INFO: CAESinkALSA::InitializeHW - Using data format AE_FMT_S32NE
21:38:14.580 T:4055888688 DEBUG: CAESinkALSA::InitializeHW - Request: periodSize 4096, bufferSize 16384
21:38:14.582 T:4055888688 DEBUG: CAESinkALSA::InitializeHW - Got: periodSize 4096, bufferSize 16384
21:38:14.582 T:4055888688 DEBUG: CAESinkALSA::InitializeHW - Setting timeout to 372 ms
21:38:14.582 T:4055888688 INFO: CAESinkALSA::Initialize - setting default aud_ch to 0
21:38:14.582 T:4055888688 DEBUG: CAESinkALSA::GetChannelLayout - Input Channel Count: 2 Output Channel Count: 2
21:38:14.582 T:4055888688 DEBUG: CAESinkALSA::GetChannelLayout - Requested Layout: FL, FR
21:38:14.582 T:4055888688 DEBUG: CAESinkALSA::GetChannelLayout - Got Layout: FL, FR (ALSA: none) (CEA: 0)
21:38:14.582 T:4055888688 DEBUG: CActiveAESink::OpenSink - ALSA Initialized:
21:38:14.582 T:4055888688 DEBUG: Output Device : Default (AML-M8AUDIO Analog)
21:38:14.582 T:4055888688 DEBUG: Sample Rate : 44100
21:38:14.582 T:4055888688 DEBUG: Sample Format : AE_FMT_S32NE
21:38:14.582 T:4055888688 DEBUG: Channel Count : 2
21:38:14.582 T:4055888688 DEBUG: Channel Layout: FL, FR
21:38:14.583 T:4055888688 DEBUG: Frames : 4096
21:38:14.583 T:4055888688 DEBUG: Frame Size : 8
21:38:14.584 T:4065424176 DEBUG: CActiveAE::ClearDiscardedBuffers - buffer pool deleted
21:38:14.654 T:4092062944 DEBUG: Previous line repeats 1 times.
21:38:14.654 T:4092062944 DEBUG: ffmpeg[F3E7ECE0]: Invalid return value 0 for stream protocol
21:38:14.709 T:3889144624 DEBUG: Previous line repeats 1 times.
21:38:14.709 T:3889144624 INFO: easy_acquire - Created session to http://127.0.0.1
21:38:14.710 T:3486503728 DEBUG: Thread JobWorker start, auto delete: true
21:38:14.711 T:3889144624 DEBUG: GetImageHash - unable to stat url http://127.0.0.1:9981/imagecache/5
21:38:14.711 T:3503289136 DEBUG: Thread JobWorker start, auto delete: true
21:38:14.712 T:3494896432 DEBUG: GetImageHash - unable to stat url http://127.0.0.1:9981/imagecache/29
21:38:14.713 T:3503289136 INFO: easy_acquire - Created session to http://127.0.0.1
21:38:14.714 T:3889144624 INFO: Previous line repeats 1 times.
21:38:14.714 T:3889144624 DEBUG: GetImageHash - unable to stat url http://127.0.0.1:9981/imagecache/80
21:38:14.715 T:3503289136 DEBUG: GetImageHash - unable to stat url http://127.0.0.1:9981/imagecache/69
21:38:14.715 T:3494896432 DEBUG: GetImageHash - unable to stat url http://127.0.0.1:9981/imagecache/219
21:38:14.717 T:3889144624 DEBUG: GetImageHash - unable to stat url http://127.0.0.1:9981/imagecache/101
21:38:14.717 T:3503289136 DEBUG: GetImageHash - unable to stat url http://127.0.0.1:9981/imagecache/193
21:38:14.718 T:3494896432 DEBUG: GetImageHash - unable to stat url http://127.0.0.1:9981/imagecache/107
21:38:14.726 T:4092062944 DEBUG: GLES: Extension Support Test - GL_EXT_texture_format_BGRA8888 YES
21:38:14.870 T:3736032048 DEBUG: Previous line repeats 12 times.
21:38:14.870 T:3736032048 DEBUG: [plugin.video.youtube] Cleared home window properties: []