21:37:50.473 T:3494896432 DEBUG: CVideoPlayer::ProcessVideoData size:10175 dts:7.532 pts:7.532 dur:40.000ms, clock:5.480 level:68
21:37:50.474 T:3494896432 DEBUG: CVideoPlayer::ProcessVideoData size:71563 dts:7.552 pts:7.672 dur:40.000ms, clock:5.481 level:68
21:37:50.495 T:3436147504 DEBUG: CVideoPlayerVideo::OutputPicture - ttd:-3669ms pts:1.832 Clock:5.501 Level:0 elapsed:0.006ms
21:37:50.526 T:3436147504 DEBUG: CVideoPlayerVideo::OutputPicture - ttd:-3690ms pts:1.842 Clock:5.532 Level:0 elapsed:0.006ms
21:37:50.562 T:3494896432 DEBUG: CVideoPlayer::ProcessVideoData size:19391 dts:7.572 pts:7.692 dur:40.000ms, clock:5.569 level:68
21:37:50.564 T:3494896432 DEBUG: CVideoPlayer::ProcessVideoData size:12869 dts:7.592 pts:7.592 dur:40.000ms, clock:5.570 level:68
21:37:50.566 T:3494896432 DEBUG: CVideoPlayer::ProcessVideoData size:13961 dts:7.612 pts:7.612 dur:40.000ms, clock:5.572 level:68
21:37:50.566 T:3494896432 DEBUG: CSettingsManager: requested setting (videoplayer.usedisplayasclock.null) was not found.
21:37:50.566 T:3494896432 DEBUG: CVideoPlayer::ProcessVideoData size:9899 dts:7.632 pts:7.632 dur:40.000ms, clock:5.573 level:68
21:37:50.566 T:3494896432 DEBUG: CVideoPlayer::ProcessVideoData size:9702 dts:7.652 pts:7.652 dur:40.000ms, clock:5.573 level:69
21:37:50.573 T:3494896432 DEBUG: CVideoPlayer::ProcessVideoData size:64236 dts:7.672 pts:7.792 dur:40.000ms, clock:5.579 level:69
21:37:50.650 T:3436147504 DEBUG: CVideoPlayerVideo::OutputPicture - ttd:-3784ms pts:1.872 Clock:5.657 Level:0 elapsed:0.006ms
21:37:50.661 T:3494896432 DEBUG: CVideoPlayer::ProcessVideoData size:20712 dts:7.692 pts:7.812 dur:40.000ms, clock:5.668 level:69
21:37:50.662 T:3494896432 DEBUG: CVideoPlayer::ProcessVideoData size:12112 dts:7.712 pts:7.712 dur:40.000ms, clock:5.668 level:69
21:37:50.662 T:3494896432 DEBUG: CVideoPlayer::ProcessVideoData size:11221 dts:7.732 pts:7.732 dur:40.000ms, clock:5.668 level:70
21:37:50.664 T:3494896432 DEBUG: CVideoPlayer::ProcessVideoData size:9545 dts:7.752 pts:7.752 dur:40.000ms, clock:5.671 level:70
21:37:50.666 T:3494896432 DEBUG: CVideoPlayer::ProcessVideoData size:9984 dts:7.772 pts:7.772 dur:40.000ms, clock:5.673 level:70
21:37:50.671 T:3494896432 DEBUG: CVideoPlayer::ProcessVideoData size:61568 dts:7.792 pts:7.912 dur:40.000ms, clock:5.678 level:70
21:37:50.683 T:3436147504 DEBUG: CVideoPlayerVideo::OutputPicture - ttd:-3807ms pts:1.882 Clock:5.689 Level:0 elapsed:0.005ms
21:37:50.758 T:3494896432 DEBUG: CVideoPlayer::ProcessVideoData size:26500 dts:7.812 pts:7.932 dur:40.000ms, clock:5.764 level:70
21:37:50.759 T:3494896432 DEBUG: CVideoPlayer::ProcessVideoData size:14113 dts:7.832 pts:7.832 dur:40.000ms, clock:5.766 level:70
21:37:50.761 T:3494896432 DEBUG: CVideoPlayer::ProcessVideoData size:13142 dts:7.852 pts:7.852 dur:40.000ms, clock:5.768 level:71
21:37:50.762 T:3494896432 DEBUG: CVideoPlayer::ProcessVideoData size:9439 dts:7.872 pts:7.872 dur:40.000ms, clock:5.769 level:71
21:37:50.763 T:3494896432 DEBUG: CVideoPlayer::ProcessVideoData size:10086 dts:7.892 pts:7.892 dur:40.000ms, clock:5.770 level:71
21:37:50.768 T:3494896432 DEBUG: CSettingsManager: requested setting (videoplayer.usedisplayasclock.null) was not found.
21:37:50.769 T:3494896432 DEBUG: CVideoPlayer::ProcessVideoData size:57930 dts:7.912 pts:8.032 dur:40.000ms, clock:5.775 level:71
21:37:50.817 T:3436147504 DEBUG: CVideoPlayerVideo::OutputPicture - ttd:-3911ms pts:1.912 Clock:5.824 Level:0 elapsed:0.005ms
21:37:50.848 T:3436147504 DEBUG: CVideoPlayerVideo::OutputPicture - ttd:-3932ms pts:1.922 Clock:5.854 Level:0 elapsed:0.004ms
21:37:50.858 T:3494896432 DEBUG: CVideoPlayer::ProcessVideoData size:27645 dts:7.932 pts:8.052 dur:40.000ms, clock:5.865 level:71
21:37:50.859 T:3494896432 DEBUG: CVideoPlayer::ProcessVideoData size:11700 dts:7.952 pts:7.952 dur:40.000ms, clock:5.865 level:71
21:37:50.861 T:3494896432 DEBUG: CVideoPlayer::ProcessVideoData size:13545 dts:7.972 pts:7.972 dur:40.000ms, clock:5.867 level:72
21:37:50.861 T:3494896432 DEBUG: CVideoPlayer::ProcessVideoData size:9279 dts:7.992 pts:7.992 dur:40.000ms, clock:5.867 level:72
21:37:50.864 T:3494896432 DEBUG: CVideoPlayer::ProcessVideoData size:10678 dts:8.012 pts:8.012 dur:40.000ms, clock:5.871 level:72
21:37:50.955 T:3494896432 DEBUG: CVideoPlayer::ProcessVideoData size:61944 dts:8.032 pts:8.152 dur:40.000ms, clock:5.962 level:72
21:37:50.957 T:3494896432 DEBUG: CVideoPlayer::ProcessVideoData size:26248 dts:8.052 pts:8.172 dur:40.000ms, clock:5.964 level:73
21:37:50.958 T:3494896432 DEBUG: CVideoPlayer::ProcessVideoData size:15498 dts:8.072 pts:8.072 dur:40.000ms, clock:5.965 level:73
21:37:50.960 T:3494896432 DEBUG: CVideoPlayer::ProcessVideoData size:13600 dts:8.092 pts:8.092 dur:40.000ms, clock:5.967 level:73
21:37:50.962 T:3494896432 DEBUG: CVideoPlayer::ProcessVideoData size:11772 dts:8.112 pts:8.112 dur:40.000ms, clock:5.969 level:73
21:37:50.972 T:3436147504 DEBUG: CVideoPlayerVideo::OutputPicture - ttd:-4026ms pts:1.952 Clock:5.979 Level:0 elapsed:0.039ms
21:37:51.003 T:3436147504 DEBUG: CVideoPlayerVideo::OutputPicture - ttd:-4047ms pts:1.962 Clock:6.010 Level:0 elapsed:0.008ms
21:37:51.052 T:3494896432 DEBUG: CVideoPlayer::ProcessVideoData size:10900 dts:8.132 pts:8.132 dur:40.000ms, clock:6.059 level:73
21:37:51.052 T:3494896432 DEBUG: CSettingsManager: requested setting (videoplayer.usedisplayasclock.null) was not found.
21:37:51.061 T:3494896432 DEBUG: CVideoPlayer::ProcessVideoData size:86596 dts:8.152 pts:8.272 dur:40.000ms, clock:6.067 level:73
21:37:51.061 T:3494896432 DEBUG: CVideoPlayer::ProcessVideoData size:11127 dts:8.172 pts:8.292 dur:40.000ms, clock:6.067 level:74
21:37:51.062 T:3494896432 DEBUG: CVideoPlayer::ProcessVideoData size:7545 dts:8.192 pts:8.192 dur:40.000ms, clock:6.068 level:74
21:37:51.063 T:3494896432 DEBUG: CVideoPlayer::ProcessVideoData size:10666 dts:8.212 pts:8.212 dur:40.000ms, clock:6.069 level:74
21:37:51.140 T:3436147504 DEBUG: CVideoPlayerVideo::OutputPicture - ttd:-4154ms pts:1.992 Clock:6.146 Level:0 elapsed:0.005ms
21:37:51.149 T:3494896432 DEBUG: CVideoPlayer::ProcessVideoData size:6190 dts:8.232 pts:8.232 dur:40.000ms, clock:6.156 level:74
21:37:51.151 T:3494896432 DEBUG: CVideoPlayer::ProcessVideoData size:8848 dts:8.252 pts:8.252 dur:40.000ms, clock:6.158 level:75
21:37:51.156 T:3494896432 DEBUG: CVideoPlayer::ProcessVideoData size:46887 dts:8.272 pts:8.312 dur:40.000ms, clock:6.162 level:75
21:37:51.156 T:3494896432 DEBUG: CVideoPlayer::ProcessVideoData size:4749 dts:8.292 pts:8.332 dur:40.000ms, clock:6.163 level:75
21:37:51.171 T:3436147504 DEBUG: CVideoPlayerVideo::OutputPicture - ttd:-4175ms pts:2.002 Clock:6.177 Level:0 elapsed:0.007ms
21:37:51.252 T:3494896432 DEBUG: CVideoPlayer::ProcessVideoData size:96927 dts:8.312 pts:8.352 dur:40.000ms, clock:6.258 level:75
21:37:51.252 T:3494896432 DEBUG: CVideoPlayer::ProcessVideoData size:8574 dts:8.332 pts:8.372 dur:40.000ms, clock:6.259 level:75
21:37:51.255 T:3494896432 DEBUG: CSettingsManager: requested setting (videoplayer.usedisplayasclock.null) was not found.
21:37:51.294 T:3436147504 DEBUG: CVideoPlayerVideo::OutputPicture - ttd:-4268ms pts:2.032 Clock:6.300 Level:0 elapsed:0.006ms
21:37:51.326 T:3436147504 DEBUG: CVideoPlayerVideo::OutputPicture - ttd:-4290ms pts:2.042 Clock:6.332 Level:0 elapsed:0.006ms
21:37:51.347 T:3494896432 DEBUG: CVideoPlayer::ProcessVideoData size:91964 dts:8.352 pts:8.472 dur:40.000ms, clock:6.353 level:75
21:37:51.348 T:3494896432 DEBUG: CVideoPlayer::ProcessVideoData size:12708 dts:8.372 pts:8.492 dur:40.000ms, clock:6.355 level:75
21:37:51.350 T:3494896432 DEBUG: CVideoPlayer::ProcessVideoData size:27038 dts:8.392 pts:8.392 dur:40.000ms, clock:6.357 level:75
21:37:51.350 T:3494896432 DEBUG: CVideoPlayer::ProcessVideoData size:5102 dts:8.412 pts:8.412 dur:40.000ms, clock:6.357 level:76
21:37:51.355 T:3494896432 DEBUG: CVideoPlayer::ProcessVideoData size:25345 dts:8.432 pts:8.432 dur:40.000ms, clock:6.361 level:76
21:37:51.356 T:3494896432 DEBUG: CVideoPlayer::ProcessVideoData size:3854 dts:8.452 pts:8.452 dur:40.000ms, clock:6.362 level:76
21:37:51.445 T:3436147504 DEBUG: CVideoPlayerVideo::OutputPicture - ttd:-4379ms pts:2.072 Clock:6.451 Level:0 elapsed:0.006ms
21:37:51.451 T:3494896432 DEBUG: CVideoPlayer::ProcessVideoData size:97364 dts:8.472 pts:8.592 dur:40.000ms, clock:6.457 level:76
21:37:51.452 T:3494896432 DEBUG: CVideoPlayer::ProcessVideoData size:11880 dts:8.492 pts:8.612 dur:40.000ms, clock:6.458 level:77
21:37:51.454 T:3494896432 DEBUG: CVideoPlayer::ProcessVideoData size:25870 dts:8.512 pts:8.512 dur:40.000ms, clock:6.461 level:77
21:37:51.454 T:3494896432 DEBUG: CVideoPlayer::ProcessVideoData size:4870 dts:8.532 pts:8.532 dur:40.000ms, clock:6.461 level:77
21:37:51.476 T:3436147504 DEBUG: CVideoPlayerVideo::OutputPicture - ttd:-4400ms pts:2.082 Clock:6.482 Level:0 elapsed:0.006ms
21:37:51.541 T:3494896432 DEBUG: CVideoPlayer::ProcessVideoData size:20135 dts:8.552 pts:8.552 dur:40.000ms, clock:6.548 level:77
21:37:51.541 T:3494896432 DEBUG: CSettingsManager: requested setting (videoplayer.usedisplayasclock.null) was not found.
21:37:51.541 T:3494896432 DEBUG: CVideoPlayer::ProcessVideoData size:3680 dts:8.572 pts:8.572 dur:40.000ms, clock:6.548 level:77
21:37:51.551 T:3494896432 DEBUG: CVideoPlayer::ProcessVideoData size:96238 dts:8.592 pts:8.712 dur:40.000ms, clock:6.558 level:77
21:37:51.551 T:3494896432 DEBUG: CVideoPlayer::ProcessVideoData size:9700 dts:8.612 pts:8.732 dur:40.000ms, clock:6.558 level:78
21:37:51.597 T:3436147504 DEBUG: CVideoPlayerVideo::OutputPicture - ttd:-4491ms pts:2.112 Clock:6.604 Level:0 elapsed:0.004ms
21:37:51.628 T:3436147504 DEBUG: CVideoPlayerVideo::OutputPicture - ttd:-4513ms pts:2.122 Clock:6.635 Level:0 elapsed:0.005ms
21:37:51.641 T:3494896432 DEBUG: CVideoPlayer::ProcessVideoData size:25622 dts:8.632 pts:8.632 dur:40.000ms, clock:6.647 level:77
21:37:51.641 T:3494896432 DEBUG: CVideoPlayer::ProcessVideoData size:4622 dts:8.652 pts:8.652 dur:40.000ms, clock:6.647 level:78
21:37:51.643 T:3494896432 DEBUG: CVideoPlayer::ProcessVideoData size:21559 dts:8.672 pts:8.672 dur:40.000ms, clock:6.650 level:78
21:37:51.643 T:3494896432 DEBUG: CVideoPlayer::ProcessVideoData size:3233 dts:8.692 pts:8.692 dur:40.000ms, clock:6.650 level:78
21:37:51.739 T:3494896432 DEBUG: CVideoPlayer::ProcessVideoData size:103626 dts:8.712 pts:8.832 dur:40.000ms, clock:6.746 level:78
21:37:51.739 T:3494896432 DEBUG: CVideoPlayer::ProcessVideoData size:6544 dts:8.732 pts:8.852 dur:40.000ms, clock:6.746 level:79
21:37:51.741 T:3494896432 DEBUG: CVideoPlayer::ProcessVideoData size:22041 dts:8.752 pts:8.752 dur:40.000ms, clock:6.747 level:79
21:37:51.741 T:3494896432 DEBUG: CVideoPlayer::ProcessVideoData size:4419 dts:8.772 pts:8.772 dur:40.000ms, clock:6.747 level:79
21:37:51.743 T:3494896432 DEBUG: CVideoPlayer::ProcessVideoData size:21660 dts:8.792 pts:8.792 dur:40.000ms, clock:6.749 level:79
21:37:51.743 T:3494896432 DEBUG: CSettingsManager: requested setting (videoplayer.usedisplayasclock.null) was not found.
21:37:51.744 T:3494896432 DEBUG: CVideoPlayer::ProcessVideoData size:3456 dts:8.812 pts:8.812 dur:40.000ms, clock:6.750 level:80
21:37:51.758 T:3436147504 DEBUG: CVideoPlayerVideo::OutputPicture - ttd:-4612ms pts:2.152 Clock:6.764 Level:0 elapsed:0.005ms
21:37:51.790 T:3436147504 DEBUG: CVideoPlayerVideo::OutputPicture - ttd:-4634ms pts:2.162 Clock:6.797 Level:0 elapsed:0.007ms
21:37:51.839 T:3494896432 DEBUG: CVideoPlayer::ProcessVideoData size:100396 dts:8.832 pts:8.952 dur:40.000ms, clock:6.846 level:79
21:37:51.840 T:3494896432 DEBUG: CVideoPlayer::ProcessVideoData size:7274 dts:8.852 pts:8.972 dur:40.000ms, clock:6.846 level:80
21:37:51.843 T:3494896432 DEBUG: CVideoPlayer::ProcessVideoData size:25134 dts:8.872 pts:8.872 dur:40.000ms, clock:6.850 level:80
21:37:51.843 T:3494896432 DEBUG: CVideoPlayer::ProcessVideoData size:3204 dts:8.892 pts:8.892 dur:40.000ms, clock:6.850 level:80
21:37:51.929 T:3436147504 DEBUG: CVideoPlayerVideo::OutputPicture - ttd:-4743ms pts:2.192 Clock:6.936 Level:0 elapsed:0.005ms
21:37:51.932 T:3494896432 DEBUG: CVideoPlayer::ProcessVideoData size:17359 dts:8.912 pts:8.912 dur:40.000ms, clock:6.939 level:80
21:37:51.933 T:3494896432 DEBUG: CVideoPlayer::ProcessVideoData size:3822 dts:8.932 pts:8.932 dur:40.000ms, clock:6.939 level:81
21:37:51.944 T:3494896432 DEBUG: CVideoPlayer::ProcessVideoData size:104479 dts:8.952 pts:9.072 dur:40.000ms, clock:6.950 level:81
21:37:51.944 T:3494896432 DEBUG: CSettingsManager: requested setting (videoplayer.usedisplayasclock.null) was not found.
21:37:51.944 T:3494896432 DEBUG: CVideoPlayer::ProcessVideoData size:4815 dts:8.972 pts:9.092 dur:40.000ms, clock:6.951 level:81
21:37:51.961 T:3436147504 DEBUG: CVideoPlayerVideo::OutputPicture - ttd:-4766ms pts:2.202 Clock:6.968 Level:0 elapsed:0.006ms
21:37:52.031 T:3494896432 DEBUG: CVideoPlayer::ProcessVideoData size:18511 dts:8.992 pts:8.992 dur:40.000ms, clock:7.037 level:81
21:37:52.031 T:3494896432 DEBUG: CVideoPlayer::ProcessVideoData size:3292 dts:9.012 pts:9.012 dur:40.000ms, clock:7.038 level:81
21:37:52.033 T:3494896432 DEBUG: CVideoPlayer::ProcessVideoData size:15508 dts:9.032 pts:9.032 dur:40.000ms, clock:7.040 level:81
21:37:52.033 T:3494896432 DEBUG: CVideoPlayer::ProcessVideoData size:3266 dts:9.052 pts:9.052 dur:40.000ms, clock:7.040 level:82
21:37:52.041 T:3494896432 DEBUG: CVideoPlayer::ProcessVideoData size:100922 dts:9.072 pts:9.192 dur:40.000ms, clock:7.048 level:82
21:37:52.086 T:3436147504 DEBUG: CVideoPlayerVideo::OutputPicture - ttd:-4860ms pts:2.232 Clock:7.092 Level:0 elapsed:0.005ms
21:37:52.117 T:3436147504 DEBUG: CVideoPlayerVideo::OutputPicture - ttd:-4881ms pts:2.242 Clock:7.124 Level:0 elapsed:0.006ms
21:37:52.129 T:3494896432 DEBUG: CVideoPlayer::ProcessVideoData size:4614 dts:9.092 pts:9.212 dur:40.000ms, clock:7.136 level:82
21:37:52.132 T:3494896432 DEBUG: CVideoPlayer::ProcessVideoData size:20244 dts:9.112 pts:9.112 dur:40.000ms, clock:7.139 level:82
21:37:52.133 T:3494896432 DEBUG: CVideoPlayer::ProcessVideoData size:2845 dts:9.132 pts:9.132 dur:40.000ms, clock:7.139 level:82
21:37:52.133 T:3494896432 DEBUG: CVideoPlayer::ProcessVideoData size:16893 dts:9.152 pts:9.152 dur:40.000ms, clock:7.140 level:82
21:37:52.134 T:3494896432 DEBUG: CVideoPlayer::ProcessVideoData size:2782 dts:9.172 pts:9.172 dur:40.000ms, clock:7.140 level:83
21:37:52.228 T:3494896432 DEBUG: CSettingsManager: requested setting (videoplayer.usedisplayasclock.null) was not found.
21:37:52.233 T:3494896432 DEBUG: CVideoPlayer::ProcessVideoData size:127602 dts:9.192 pts:9.312 dur:40.000ms, clock:7.240 level:83
21:37:52.234 T:3494896432 DEBUG: CVideoPlayer::ProcessVideoData size:6018 dts:9.212 pts:9.332 dur:40.000ms, clock:7.240 level:83
21:37:52.236 T:3494896432 DEBUG: CVideoPlayer::ProcessVideoData size:22209 dts:9.232 pts:9.232 dur:40.000ms, clock:7.242 level:83
21:37:52.236 T:3494896432 DEBUG: CVideoPlayer::ProcessVideoData size:4653 dts:9.252 pts:9.252 dur:40.000ms, clock:7.243 level:84
21:37:52.238 T:3494896432 DEBUG: CVideoPlayer::ProcessVideoData size:15122 dts:9.272 pts:9.272 dur:40.000ms, clock:7.245 level:84
21:37:52.239 T:3494896432 DEBUG: CVideoPlayer::ProcessVideoData size:4113 dts:9.292 pts:9.292 dur:40.000ms, clock:7.245 level:84
21:37:52.258 T:3436147504 DEBUG: CVideoPlayerVideo::OutputPicture - ttd:-4992ms pts:2.272 Clock:7.264 Level:0 elapsed:0.006ms
21:37:52.291 T:3436147504 DEBUG: CVideoPlayerVideo::OutputPicture - ttd:-5015ms pts:2.282 Clock:7.297 Level:0 elapsed:0.006ms
21:37:52.332 T:3494896432 DEBUG: CVideoPlayer::ProcessVideoData size:85336 dts:9.312 pts:9.432 dur:40.000ms, clock:7.338 level:84
21:37:52.334 T:3494896432 DEBUG: CVideoPlayer::ProcessVideoData size:28738 dts:9.332 pts:9.452 dur:40.000ms, clock:7.340 level:84
21:37:52.336 T:3494896432 DEBUG: CVideoPlayer::ProcessVideoData size:19049 dts:9.352 pts:9.352 dur:40.000ms, clock:7.342 level:84
21:37:52.336 T:3494896432 DEBUG: CVideoPlayer::ProcessVideoData size:4118 dts:9.372 pts:9.372 dur:40.000ms, clock:7.343 level:85
21:37:52.420 T:3436147504 DEBUG: CVideoPlayerVideo::OutputPicture - ttd:-5114ms pts:2.312 Clock:7.426 Level:0 elapsed:0.004ms
21:37:52.423 T:3494896432 DEBUG: CVideoPlayer::ProcessVideoData size:13525 dts:9.392 pts:9.392 dur:40.000ms, clock:7.430 level:85
21:37:52.425 T:3494896432 DEBUG: CVideoPlayer::ProcessVideoData size:9929 dts:9.412 pts:9.412 dur:40.000ms, clock:7.431 level:85
21:37:52.429 T:3494896432 DEBUG: CSettingsManager: requested setting (videoplayer.usedisplayasclock.null) was not found.
21:37:52.437 T:3494896432 DEBUG: CVideoPlayer::ProcessVideoData size:93153 dts:9.432 pts:9.552 dur:40.000ms, clock:7.443 level:85
21:37:52.452 T:3436147504 DEBUG: CVideoPlayerVideo::OutputPicture - ttd:-5136ms pts:2.322 Clock:7.458 Level:1 elapsed:0.005ms
21:37:52.453 T:4092062944 DEBUG: CRenderManager::PrepareNextRender Frame Skip:1 iter.pts:2.322 lf:256 latency:0.067 Clock:7.459
21:37:52.521 T:3494896432 DEBUG: CVideoPlayer::ProcessVideoData size:22337 dts:9.452 pts:9.572 dur:40.000ms, clock:7.527 level:85
21:37:52.523 T:3494896432 DEBUG: CVideoPlayer::ProcessVideoData size:16484 dts:9.472 pts:9.472 dur:40.000ms, clock:7.529 level:85
21:37:52.523 T:3494896432 DEBUG: CVideoPlayer::ProcessVideoData size:11091 dts:9.492 pts:9.492 dur:40.000ms, clock:7.530 level:86
21:37:52.523 T:3494896432 DEBUG: CVideoPlayer::ProcessVideoData size:8886 dts:9.512 pts:9.512 dur:40.000ms, clock:7.530 level:86
21:37:52.525 T:3494896432 DEBUG: CVideoPlayer::ProcessVideoData size:6107 dts:9.532 pts:9.532 dur:40.000ms, clock:7.532 level:86
21:37:52.531 T:3494896432 DEBUG: CVideoPlayer::ProcessVideoData size:63919 dts:9.552 pts:9.672 dur:40.000ms, clock:7.538 level:86
21:37:52.532 T:3494896432 DEBUG: CVideoPlayer::ProcessVideoData size:4642 dts:9.572 pts:9.692 dur:40.000ms, clock:7.538 level:87
21:37:52.576 T:3436147504 DEBUG: CVideoPlayerVideo::OutputPicture - ttd:-5230ms pts:2.352 Clock:7.582 Level:0 elapsed:0.006ms
21:37:52.605 T:3436147504 DEBUG: CVideoPlayerVideo::OutputPicture - ttd:-5249ms pts:2.362 Clock:7.611 Level:0 elapsed:0.006ms
21:37:52.620 T:3494896432 DEBUG: CVideoPlayer::ProcessVideoData size:15817 dts:9.592 pts:9.592 dur:40.000ms, clock:7.626 level:86
21:37:52.620 T:3494896432 DEBUG: CVideoPlayer::ProcessVideoData size:6063 dts:9.612 pts:9.612 dur:40.000ms, clock:7.626 level:87
21:37:52.621 T:3494896432 DEBUG: CVideoPlayer::ProcessVideoData size:18013 dts:9.632 pts:9.632 dur:40.000ms, clock:7.627 level:87
21:37:52.621 T:3494896432 DEBUG: CVideoPlayer::ProcessVideoData size:4327 dts:9.652 pts:9.652 dur:40.000ms, clock:7.628 level:87
21:37:52.725 T:3494896432 DEBUG: CVideoPlayer::ProcessVideoData size:124156 dts:9.672 pts:9.712 dur:40.000ms, clock:7.731 level:87
21:37:52.725 T:3494896432 DEBUG: CSettingsManager: requested setting (videoplayer.usedisplayasclock.null) was not found.
21:37:52.725 T:3494896432 DEBUG: CVideoPlayer::ProcessVideoData size:5282 dts:9.692 pts:9.732 dur:40.000ms, clock:7.732 level:88
21:37:52.731 T:3494896432 DEBUG: CVideoPlayer::ProcessVideoData size:63453 dts:9.712 pts:9.832 dur:40.000ms, clock:7.737 level:88
21:37:52.731 T:3494896432 DEBUG: CVideoPlayer::ProcessVideoData size:10698 dts:9.732 pts:9.852 dur:40.000ms, clock:7.738 level:88
21:37:52.739 T:3436147504 DEBUG: CVideoPlayerVideo::OutputPicture - ttd:-5353ms pts:2.392 Clock:7.745 Level:0 elapsed:0.005ms
21:37:52.769 T:3436147504 DEBUG: CVideoPlayerVideo::OutputPicture - ttd:-5373ms pts:2.402 Clock:7.775 Level:0 elapsed:0.008ms
21:37:52.817 T:3494896432 DEBUG: CVideoPlayer::ProcessVideoData size:9461 dts:9.752 pts:9.752 dur:40.000ms, clock:7.823 level:88
21:37:52.817 T:3494896432 DEBUG: CVideoPlayer::ProcessVideoData size:8055 dts:9.772 pts:9.772 dur:40.000ms, clock:7.824 level:88
21:37:52.818 T:3494896432 DEBUG: CVideoPlayer::ProcessVideoData size:7377 dts:9.792 pts:9.792 dur:40.000ms, clock:7.824 level:88
21:37:52.818 T:3494896432 DEBUG: CVideoPlayer::ProcessVideoData size:7049 dts:9.812 pts:9.812 dur:40.000ms, clock:7.825 level:89
21:37:52.826 T:3494896432 DEBUG: CVideoPlayer::ProcessVideoData size:78068 dts:9.832 pts:9.952 dur:40.000ms, clock:7.833 level:89
21:37:52.826 T:3494896432 DEBUG: CVideoPlayer::ProcessVideoData size:10744 dts:9.852 pts:9.972 dur:40.000ms, clock:7.833 level:89
21:37:52.893 T:3436147504 DEBUG: CVideoPlayerVideo::OutputPicture - ttd:-5467ms pts:2.432 Clock:7.899 Level:0 elapsed:0.006ms
21:37:52.915 T:3494896432 DEBUG: CVideoPlayer::ProcessVideoData size:11843 dts:9.872 pts:9.872 dur:40.000ms, clock:7.921 level:89
21:37:52.915 T:3494896432 DEBUG: CVideoPlayer::ProcessVideoData size:10425 dts:9.892 pts:9.892 dur:40.000ms, clock:7.921 level:90
21:37:52.916 T:3494896432 DEBUG: CVideoPlayer::ProcessVideoData size:8591 dts:9.912 pts:9.912 dur:40.000ms, clock:7.923 level:90
21:37:52.916 T:3494896432 DEBUG: CVideoPlayer::ProcessVideoData size:7505 dts:9.932 pts:9.932 dur:40.000ms, clock:7.923 level:90
21:37:52.922 T:3436147504 DEBUG: CVideoPlayerVideo::OutputPicture - ttd:-5486ms pts:2.442 Clock:7.928 Level:0 elapsed:0.007ms
21:37:52.923 T:3494896432 DEBUG: CVideoPlayer::ProcessVideoData size:64451 dts:9.952 pts:10.072 dur:40.000ms, clock:7.929 level:90
21:37:52.925 T:3494896432 DEBUG: CVideoPlayer::ProcessVideoData size:13748 dts:9.972 pts:10.092 dur:40.000ms, clock:7.931 level:90
21:37:52.925 T:3494896432 DEBUG: CVideoPlayer::ProcessVideoData size:10594 dts:9.992 pts:9.992 dur:40.000ms, clock:7.932 level:90
21:37:52.925 T:3494896432 DEBUG: CSettingsManager: requested setting (videoplayer.usedisplayasclock.null) was not found.
21:37:52.926 T:3494896432 DEBUG: CVideoPlayer::ProcessVideoData size:8460 dts:10.012 pts:10.012 dur:40.000ms, clock:7.932 level:91
21:37:53.013 T:3494896432 DEBUG: CVideoPlayer::ProcessVideoData size:9572 dts:10.032 pts:10.032 dur:40.000ms, clock:8.019 level:91
21:37:53.013 T:3494896432 DEBUG: CVideoPlayer::ProcessVideoData size:7865 dts:10.052 pts:10.052 dur:40.000ms, clock:8.019 level:91
21:37:53.021 T:3494896432 DEBUG: CVideoPlayer::ProcessVideoData size:84840 dts:10.072 pts:10.192 dur:40.000ms, clock:8.028 level:91
21:37:53.023 T:3494896432 DEBUG: CVideoPlayer::ProcessVideoData size:8698 dts:10.092 pts:10.212 dur:40.000ms, clock:8.029 level:92
21:37:53.023 T:3494896432 DEBUG: CVideoPlayer::ProcessVideoData size:11100 dts:10.112 pts:10.112 dur:40.000ms, clock:8.030 level:92
21:37:53.056 T:3436147504 DEBUG: CVideoPlayerVideo::OutputPicture - ttd:-5590ms pts:2.472 Clock:8.062 Level:0 elapsed:0.005ms
21:37:53.086 T:3436147504 DEBUG: CVideoPlayerVideo::OutputPicture - ttd:-5610ms pts:2.482 Clock:8.092 Level:0 elapsed:0.006ms
21:37:53.113 T:3494896432 DEBUG: CVideoPlayer::ProcessVideoData size:10437 dts:10.132 pts:10.132 dur:40.000ms, clock:8.119 level:92
21:37:53.113 T:3494896432 DEBUG: CVideoPlayer::ProcessVideoData size:5743 dts:10.152 pts:10.152 dur:40.000ms, clock:8.119 level:92
21:37:53.113 T:3494896432 DEBUG: CVideoPlayer::ProcessVideoData size:5596 dts:10.172 pts:10.172 dur:40.000ms, clock:8.120 level:92
21:37:53.211 T:3494896432 DEBUG: CVideoPlayer::ProcessVideoData size:118747 dts:10.192 pts:10.312 dur:40.000ms, clock:8.217 level:92
21:37:53.211 T:3494896432 DEBUG: CSettingsManager: requested setting (videoplayer.usedisplayasclock.null) was not found.
21:37:53.211 T:3494896432 DEBUG: CVideoPlayer::ProcessVideoData size:2640 dts:10.212 pts:10.332 dur:40.000ms, clock:8.218 level:93
21:37:53.211 T:3494896432 DEBUG: CVideoPlayer::ProcessVideoData size:8706 dts:10.232 pts:10.232 dur:40.000ms, clock:8.218 level:93
21:37:53.213 T:3494896432 DEBUG: CVideoPlayer::ProcessVideoData size:9397 dts:10.252 pts:10.252 dur:40.000ms, clock:8.219 level:93
21:37:53.215 T:3494896432 DEBUG: CVideoPlayer::ProcessVideoData size:10167 dts:10.272 pts:10.272 dur:40.000ms, clock:8.221 level:93
21:37:53.216 T:3494896432 DEBUG: CVideoPlayer::ProcessVideoData size:7997 dts:10.292 pts:10.292 dur:40.000ms, clock:8.222 level:94
21:37:53.226 T:3436147504 DEBUG: CVideoPlayerVideo::OutputPicture - ttd:-5720ms pts:2.512 Clock:8.233 Level:0 elapsed:0.006ms
21:37:53.256 T:3436147504 DEBUG: CVideoPlayerVideo::OutputPicture - ttd:-5740ms pts:2.522 Clock:8.263 Level:0 elapsed:0.006ms
21:37:53.310 T:3494896432 DEBUG: CVideoPlayer::ProcessVideoData size:118307 dts:10.312 pts:10.352 dur:40.000ms, clock:8.317 level:93
21:37:53.311 T:3494896432 DEBUG: CVideoPlayer::ProcessVideoData size:3500 dts:10.332 pts:10.372 dur:40.000ms, clock:8.318 level:94
21:37:53.317 T:3494896432 DEBUG: CVideoPlayer::ProcessVideoData size:64849 dts:10.352 pts:10.472 dur:40.000ms, clock:8.323 level:94
21:37:53.317 T:3494896432 DEBUG: CVideoPlayer::ProcessVideoData size:6543 dts:10.372 pts:10.492 dur:40.000ms, clock:8.323 level:94
21:37:53.377 T:3436147504 DEBUG: CVideoPlayerVideo::OutputPicture - ttd:-5831ms pts:2.552 Clock:8.383 Level:0 elapsed:0.006ms
21:37:53.407 T:3494896432 DEBUG: CVideoPlayer::ProcessVideoData size:9826 dts:10.392 pts:10.392 dur:40.000ms, clock:8.413 level:94
21:37:53.407 T:3494896432 DEBUG: CVideoPlayer::ProcessVideoData size:9675 dts:10.412 pts:10.412 dur:40.000ms, clock:8.413 level:95
21:37:53.408 T:3494896432 DEBUG: CVideoPlayer::ProcessVideoData size:9300 dts:10.432 pts:10.432 dur:40.000ms, clock:8.415 level:95
21:37:53.408 T:3494896432 DEBUG: CVideoPlayer::ProcessVideoData size:8205 dts:10.452 pts:10.452 dur:40.000ms, clock:8.415 level:95
21:37:53.410 T:3436147504 DEBUG: CVideoPlayerVideo::OutputPicture - ttd:-5855ms pts:2.562 Clock:8.417 Level:0 elapsed:0.006ms
21:37:53.411 T:3494896432 DEBUG: CSettingsManager: requested setting (videoplayer.usedisplayasclock.null) was not found.
21:37:53.416 T:3494896432 DEBUG: CVideoPlayer::ProcessVideoData size:71235 dts:10.472 pts:10.592 dur:40.000ms, clock:8.422 level:95
21:37:53.418 T:3494896432 DEBUG: CVideoPlayer::ProcessVideoData size:6699 dts:10.492 pts:10.612 dur:40.000ms, clock:8.425 level:95
21:37:53.418 T:3494896432 DEBUG: CVideoPlayer::ProcessVideoData size:9743 dts:10.512 pts:10.512 dur:40.000ms, clock:8.425 level:95
21:37:53.504 T:3494896432 DEBUG: CVideoPlayer::ProcessVideoData size:8402 dts:10.532 pts:10.532 dur:40.000ms, clock:8.511 level:96
21:37:53.504 T:3494896432 DEBUG: CVideoPlayer::ProcessVideoData size:8688 dts:10.552 pts:10.552 dur:40.000ms, clock:8.511 level:96
21:37:53.504 T:3494896432 DEBUG: CVideoPlayer::ProcessVideoData size:6492 dts:10.572 pts:10.572 dur:40.000ms, clock:8.511 level:96
21:37:53.546 T:3436147504 DEBUG: CVideoPlayerVideo::OutputPicture - ttd:-5960ms pts:2.592 Clock:8.553 Level:0 elapsed:0.006ms
21:37:53.576 T:3436147504 DEBUG: CVideoPlayerVideo::OutputPicture - ttd:-5980ms pts:2.602 Clock:8.583 Level:0 elapsed:0.006ms
21:37:53.604 T:3494896432 DEBUG: CVideoPlayer::ProcessVideoData size:116814 dts:10.592 pts:10.712 dur:40.000ms, clock:8.610 level:96
21:37:53.604 T:3494896432 DEBUG: CVideoPlayer::ProcessVideoData size:5255 dts:10.612 pts:10.732 dur:40.000ms, clock:8.611 level:96
21:37:53.605 T:3494896432 DEBUG: CVideoPlayer::ProcessVideoData size:11476 dts:10.632 pts:10.632 dur:40.000ms, clock:8.611 level:96
21:37:53.605 T:3494896432 DEBUG: CVideoPlayer::ProcessVideoData size:9939 dts:10.652 pts:10.652 dur:40.000ms, clock:8.612 level:97
21:37:53.606 T:3494896432 DEBUG: CVideoPlayer::ProcessVideoData size:7033 dts:10.672 pts:10.672 dur:40.000ms, clock:8.613 level:97
21:37:53.607 T:3494896432 DEBUG: CVideoPlayer::ProcessVideoData size:6974 dts:10.692 pts:10.692 dur:40.000ms, clock:8.614 level:97
21:37:53.611 T:3494896432 DEBUG: CSettingsManager: requested setting (videoplayer.usedisplayasclock.null) was not found.
21:37:53.613 T:3494896432 DEBUG: CVideoPlayer::ProcessVideoData size:69278 dts:10.712 pts:10.832 dur:40.000ms, clock:8.620 level:97
21:37:53.613 T:3494896432 DEBUG: CVideoPlayer::ProcessVideoData size:8224 dts:10.732 pts:10.852 dur:40.000ms, clock:8.620 level:98
21:37:53.699 T:3494896432 DEBUG: CVideoPlayer::ProcessVideoData size:12534 dts:10.752 pts:10.752 dur:40.000ms, clock:8.706 level:98
21:37:53.700 T:3494896432 DEBUG: CVideoPlayer::ProcessVideoData size:9633 dts:10.772 pts:10.772 dur:40.000ms, clock:8.706 level:98
21:37:53.703 T:3494896432 DEBUG: CVideoPlayer::ProcessVideoData size:9568 dts:10.792 pts:10.792 dur:40.000ms, clock:8.710 level:98
21:37:53.704 T:3494896432 DEBUG: CVideoPlayer::ProcessVideoData size:8169 dts:10.812 pts:10.812 dur:40.000ms, clock:8.710 level:99
21:37:53.713 T:3436147504 DEBUG: CVideoPlayerVideo::OutputPicture - ttd:-6087ms pts:2.632 Clock:8.719 Level:0 elapsed:0.007ms
21:37:53.743 T:3436147504 DEBUG: CVideoPlayerVideo::OutputPicture - ttd:-6107ms pts:2.642 Clock:8.750 Level:0 elapsed:0.006ms
21:37:53.798 T:3494896432 DEBUG: CVideoPlayer::ProcessVideoData size:91138 dts:10.832 pts:10.952 dur:40.000ms, clock:8.804 level:98
21:37:53.799 T:3494896432 DEBUG: CVideoPlayer::ProcessVideoData size:10279 dts:10.852 pts:10.972 dur:40.000ms, clock:8.806 level:99
21:37:53.800 T:3494896432 DEBUG: CVideoPlayer::ProcessVideoData size:9845 dts:10.872 pts:10.872 dur:40.000ms, clock:8.806 level:99
21:37:53.802 T:3494896432 DEBUG: CVideoPlayer::ProcessVideoData size:10500 dts:10.892 pts:10.892 dur:40.000ms, clock:8.808 level:99
21:37:53.802 T:3494896432 DEBUG: CVideoPlayer::ProcessVideoData size:10979 dts:10.912 pts:10.912 dur:40.000ms, clock:8.808 level:99
21:37:53.812 T:3494896432 DEBUG: CSettingsManager: requested setting (videoplayer.usedisplayasclock.null) was not found.
21:37:53.865 T:3436147504 DEBUG: CVideoPlayerVideo::OutputPicture - ttd:-6199ms pts:2.672 Clock:8.872 Level:0 elapsed:0.005ms
21:37:53.901 T:3436147504 DEBUG: CVideoPlayerVideo::OutputPicture - ttd:-6225ms pts:2.682 Clock:8.907 Level:0 elapsed:0.005ms
21:37:53.904 T:3494896432 DEBUG: CVideoPlayer::ProcessVideoData size:8589 dts:10.932 pts:10.932 dur:40.000ms, clock:8.910 level:99
21:37:53.905 T:3494896432 DEBUG: CVideoPlayer::ProcessVideoData size:105549 dts:10.952 pts:11.032 dur:40.000ms, clock:8.912 level:99
21:37:54.017 T:3494896432 DEBUG: CSettingsManager: requested setting (videoplayer.usedisplayasclock.null) was not found.
21:37:54.052 T:3436147504 DEBUG: CVideoPlayerVideo::OutputPicture - ttd:-6346ms pts:2.712 Clock:9.058 Level:0 elapsed:0.005ms
21:37:54.086 T:3436147504 DEBUG: CVideoPlayerVideo::OutputPicture - ttd:-6370ms pts:2.722 Clock:9.092 Level:0 elapsed:0.007ms
21:37:54.088 T:3494896432 DEBUG: CVideoPlayer::ProcessVideoData size:7958 dts:10.972 pts:11.052 dur:40.000ms, clock:9.094 level:99
21:37:54.088 T:3494896432 DEBUG: CVideoPlayer::ProcessVideoData size:9549 dts:10.992 pts:10.992 dur:40.000ms, clock:9.095 level:99
21:37:54.209 T:3436147504 DEBUG: CVideoPlayerVideo::OutputPicture - ttd:-6463ms pts:2.752 Clock:9.215 Level:0 elapsed:0.006ms
21:37:54.226 T:3494896432 DEBUG: CSettingsManager: requested setting (videoplayer.usedisplayasclock.null) was not found.
21:37:54.239 T:3436147504 DEBUG: CVideoPlayerVideo::OutputPicture - ttd:-6483ms pts:2.762 Clock:9.245 Level:0 elapsed:0.005ms
21:37:54.247 T:3494896432 DEBUG: CVideoPlayer::ProcessVideoData size:8709 dts:11.012 pts:11.012 dur:40.000ms, clock:9.254 level:99
21:37:54.248 T:3494896432 DEBUG: CVideoPlayer::ProcessVideoData size:89191 dts:11.032 pts:11.072 dur:40.000ms, clock:9.255 level:99
21:37:54.362 T:3436147504 DEBUG: CVideoPlayerVideo::OutputPicture - ttd:-6576ms pts:2.792 Clock:9.369 Level:0 elapsed:0.007ms
21:37:54.392 T:3436147504 DEBUG: CVideoPlayerVideo::OutputPicture - ttd:-6596ms pts:2.802 Clock:9.399 Level:0 elapsed:0.006ms
21:37:54.400 T:3494896432 DEBUG: CVideoPlayer::ProcessVideoData size:16158 dts:11.052 pts:11.092 dur:40.000ms, clock:9.407 level:99
21:37:54.401 T:3494896432 DEBUG: CVideoPlayer::ProcessVideoData size:76063 dts:11.072 pts:11.192 dur:40.000ms, clock:9.408 level:99
21:37:54.432 T:3494896432 DEBUG: CSettingsManager: requested setting (videoplayer.usedisplayasclock.null) was not found.
21:37:54.532 T:3436147504 DEBUG: CVideoPlayerVideo::OutputPicture - ttd:-6706ms pts:2.832 Clock:9.539 Level:0 elapsed:0.004ms
21:37:54.562 T:3436147504 DEBUG: CVideoPlayerVideo::OutputPicture - ttd:-6726ms pts:2.842 Clock:9.569 Level:0 elapsed:0.009ms
21:37:54.565 T:3494896432 DEBUG: CVideoPlayer::ProcessVideoData size:16457 dts:11.092 pts:11.212 dur:40.000ms, clock:9.572 level:99
21:37:54.566 T:3494896432 DEBUG: CVideoPlayer::ProcessVideoData size:11344 dts:11.112 pts:11.112 dur:40.000ms, clock:9.573 level:99
21:37:54.637 T:3494896432 DEBUG: CSettingsManager: requested setting (videoplayer.usedisplayasclock.null) was not found.
21:37:54.682 T:3436147504 DEBUG: CVideoPlayerVideo::OutputPicture - ttd:-6817ms pts:2.872 Clock:9.689 Level:0 elapsed:0.006ms
21:37:54.712 T:3436147504 DEBUG: CVideoPlayerVideo::OutputPicture - ttd:-6836ms pts:2.882 Clock:9.719 Level:0 elapsed:0.008ms
21:37:54.714 T:3494896432 DEBUG: CVideoPlayer::ProcessVideoData size:16311 dts:11.132 pts:11.132 dur:40.000ms, clock:9.721 level:99
21:37:54.714 T:3494896432 DEBUG: CVideoPlayer::ProcessVideoData size:10723 dts:11.152 pts:11.152 dur:40.000ms, clock:9.721 level:99
21:37:54.846 T:3494896432 DEBUG: CSettingsManager: requested setting (videoplayer.usedisplayasclock.null) was not found.
21:37:54.848 T:3436147504 DEBUG: CVideoPlayerVideo::OutputPicture - ttd:-6942ms pts:2.912 Clock:9.854 Level:0 elapsed:0.006ms
21:37:54.878 T:3436147504 DEBUG: CVideoPlayerVideo::OutputPicture - ttd:-6962ms pts:2.922 Clock:9.884 Level:0 elapsed:0.008ms
21:37:54.887 T:3494896432 DEBUG: CVideoPlayer::ProcessVideoData size:14895 dts:11.172 pts:11.172 dur:40.000ms, clock:9.894 level:99
21:37:54.888 T:3494896432 DEBUG: CVideoPlayer::ProcessVideoData size:78882 dts:11.192 pts:11.312 dur:40.000ms, clock:9.895 level:99
21:37:55.000 T:3436147504 DEBUG: CVideoPlayerVideo::OutputPicture - ttd:-7054ms pts:2.952 Clock:10.006 Level:0 elapsed:0.005ms
21:37:55.032 T:3436147504 DEBUG: CPtsTracker: detected pattern of length 2: 10000.00 30000.00, frameduration: 20000.000000
21:37:55.032 T:3436147504 DEBUG: CVideoPlayerVideo::OutputPicture - ttd:-7076ms pts:2.962 Clock:10.039 Level:0 elapsed:0.005ms
21:37:55.038 T:3494896432 DEBUG: CVideoPlayer::ProcessVideoData size:14916 dts:11.212 pts:11.332 dur:40.000ms, clock:10.045 level:99
21:37:55.038 T:3494896432 DEBUG: CVideoPlayer::ProcessVideoData size:29448 dts:11.232 pts:11.232 dur:40.000ms, clock:10.045 level:99
21:37:55.049 T:3494896432 DEBUG: CSettingsManager: requested setting (videoplayer.usedisplayasclock.null) was not found.
21:37:55.167 T:3436147504 DEBUG: CVideoPlayerVideo::OutputPicture - ttd:-7181ms pts:2.992 Clock:10.174 Level:0 elapsed:0.006ms
21:37:55.199 T:3436147504 DEBUG: CVideoPlayerVideo::OutputPicture - ttd:-7203ms pts:3.002 Clock:10.205 Level:0 elapsed:0.005ms
21:37:55.201 T:3494896432 DEBUG: CVideoPlayer::ProcessVideoData size:16326 dts:11.252 pts:11.252 dur:40.000ms, clock:10.208 level:99
21:37:55.201 T:3494896432 DEBUG: CVideoPlayer::ProcessVideoData size:21062 dts:11.272 pts:11.272 dur:40.000ms, clock:10.208 level:99
21:37:55.252 T:3494896432 DEBUG: CSettingsManager: requested setting (videoplayer.usedisplayasclock.null) was not found.
21:37:55.347 T:3436147504 DEBUG: CVideoPlayerVideo::OutputPicture - ttd:-7321ms pts:3.032 Clock:10.354 Level:0 elapsed:0.004ms
21:37:55.377 T:3436147504 DEBUG: CVideoPlayerVideo::OutputPicture - ttd:-7341ms pts:3.042 Clock:10.384 Level:0 elapsed:0.006ms
21:37:55.385 T:3494896432 DEBUG: CVideoPlayer::ProcessVideoData size:13689 dts:11.292 pts:11.292 dur:40.000ms, clock:10.391 level:99
21:37:55.386 T:3494896432 DEBUG: CVideoPlayer::ProcessVideoData size:84096 dts:11.312 pts:11.432 dur:40.000ms, clock:10.393 level:99
21:37:55.457 T:3494896432 DEBUG: CSettingsManager: requested setting (videoplayer.usedisplayasclock.null) was not found.
21:37:55.513 T:3436147504 DEBUG: CVideoPlayerVideo::OutputPicture - ttd:-7447ms pts:3.072 Clock:10.519 Level:0 elapsed:0.006ms
21:37:55.543 T:3436147504 DEBUG: CVideoPlayerVideo::OutputPicture - ttd:-7467ms pts:3.082 Clock:10.549 Level:0 elapsed:0.005ms
21:37:55.549 T:3494896432 DEBUG: CVideoPlayer::ProcessVideoData size:13940 dts:11.332 pts:11.452 dur:40.000ms, clock:10.556 level:99
21:37:55.549 T:3494896432 DEBUG: CVideoPlayer::ProcessVideoData size:16537 dts:11.352 pts:11.352 dur:40.000ms, clock:10.556 level:99
21:37:55.663 T:3436147504 DEBUG: CVideoPlayerVideo::OutputPicture - ttd:-7557ms pts:3.112 Clock:10.669 Level:0 elapsed:0.007ms
21:37:55.665 T:3494896432 DEBUG: CSettingsManager: requested setting (videoplayer.usedisplayasclock.null) was not found.
21:37:55.692 T:3436147504 DEBUG: CVideoPlayerVideo::OutputPicture - ttd:-7576ms pts:3.122 Clock:10.699 Level:0 elapsed:0.006ms
21:37:55.696 T:3494896432 DEBUG: CVideoPlayer::ProcessVideoData size:18686 dts:11.372 pts:11.372 dur:40.000ms, clock:10.702 level:99
21:37:55.696 T:3494896432 DEBUG: CVideoPlayer::ProcessVideoData size:12564 dts:11.392 pts:11.392 dur:40.000ms, clock:10.703 level:99
21:37:55.813 T:3436147504 DEBUG: CVideoPlayerVideo::OutputPicture - ttd:-7667ms pts:3.152 Clock:10.819 Level:0 elapsed:0.006ms
21:37:55.842 T:3436147504 DEBUG: CVideoPlayerVideo::OutputPicture - ttd:-7687ms pts:3.162 Clock:10.849 Level:0 elapsed:0.006ms
21:37:55.848 T:3494896432 DEBUG: CVideoPlayer::ProcessVideoData size:16278 dts:11.412 pts:11.412 dur:40.000ms, clock:10.855 level:99
21:37:55.849 T:3494896432 DEBUG: CVideoPlayer::ProcessVideoData size:82309 dts:11.432 pts:11.552 dur:40.000ms, clock:10.856 level:99
21:37:55.870 T:3494896432 DEBUG: CSettingsManager: requested setting (videoplayer.usedisplayasclock.null) was not found.
21:37:55.962 T:3436147504 DEBUG: CVideoPlayerVideo::OutputPicture - ttd:-7776ms pts:3.192 Clock:10.968 Level:0 elapsed:0.005ms
21:37:55.993 T:3436147504 DEBUG: CVideoPlayerVideo::OutputPicture - ttd:-7797ms pts:3.202 Clock:10.999 Level:0 elapsed:0.005ms
21:37:56.002 T:3494896432 DEBUG: CVideoPlayer::ProcessVideoData size:11964 dts:11.452 pts:11.572 dur:40.000ms, clock:11.008 level:99
21:37:56.003 T:3494896432 DEBUG: CVideoPlayer::ProcessVideoData size:15803 dts:11.472 pts:11.472 dur:40.000ms, clock:11.009 level:99
21:37:56.074 T:3494896432 DEBUG: CSettingsManager: requested setting (videoplayer.usedisplayasclock.null) was not found.
21:37:56.128 T:3436147504 DEBUG: CVideoPlayerVideo::OutputPicture - ttd:-7902ms pts:3.232 Clock:11.134 Level:0 elapsed:0.006ms
21:37:56.158 T:3436147504 DEBUG: CVideoPlayerVideo::OutputPicture - ttd:-7922ms pts:3.242 Clock:11.164 Level:0 elapsed:0.006ms
21:37:56.165 T:3494896432 DEBUG: CVideoPlayer::ProcessVideoData size:19251 dts:11.492 pts:11.492 dur:40.000ms, clock:11.172 level:99
21:37:56.165 T:3494896432 DEBUG: CVideoPlayer::ProcessVideoData size:12789 dts:11.512 pts:11.512 dur:40.000ms, clock:11.172 level:99
21:37:56.236 T:3494896432 DEBUG: VideoPlayer:Speed adjust:-0.05 aq:0
21:37:56.236 T:3494896432 DEBUG: CDVDClock::SetSpeedAdjust - adjusted:-0.050000
21:37:56.279 T:3494896432 DEBUG: CSettingsManager: requested setting (videoplayer.usedisplayasclock.null) was not found.
21:37:56.282 T:3436147504 DEBUG: CVideoPlayerVideo::OutputPicture - ttd:-8013ms pts:3.272 Clock:11.286 Level:0 elapsed:0.005ms
21:37:56.311 T:3436147504 DEBUG: CVideoPlayerVideo::OutputPicture - ttd:-8032ms pts:3.282 Clock:11.314 Level:0 elapsed:0.008ms
21:37:56.320 T:3494896432 DEBUG: CVideoPlayer::ProcessVideoData size:16616 dts:11.532 pts:11.532 dur:40.000ms, clock:11.322 level:99
21:37:56.321 T:3494896432 DEBUG: CVideoPlayer::ProcessVideoData size:79927 dts:11.552 pts:11.672 dur:40.000ms, clock:11.323 level:99
21:37:56.451 T:3436147504 DEBUG: CVideoPlayerVideo::OutputPicture - ttd:-8134ms pts:3.312 Clock:11.447 Level:0 elapsed:0.008ms
21:37:56.481 T:3436147504 DEBUG: CVideoPlayerVideo::OutputPicture - ttd:-8153ms pts:3.322 Clock:11.476 Level:0 elapsed:0.005ms
21:37:56.484 T:3494896432 DEBUG: CSettingsManager: requested setting (videoplayer.usedisplayasclock.null) was not found.
21:37:56.485 T:3494896432 DEBUG: CVideoPlayer::ProcessVideoData size:12083 dts:11.572 pts:11.692 dur:40.000ms, clock:11.479 level:99
21:37:56.485 T:3494896432 DEBUG: CVideoPlayer::ProcessVideoData size:14441 dts:11.592 pts:11.592 dur:40.000ms, clock:11.479 level:99
21:37:56.529 T:3427754800 NOTICE: CVideoPlayerAudio::Process - stream stalled pts:11.520 clock:11.521
21:37:56.535 T:3494896432 DEBUG: Stream stalled, start buffering. Audio: 0 - Video: 100
21:37:56.535 T:3494896432 DEBUG: CDVDClock::SetSpeedAdjust - adjusted:0.000000
21:37:56.539 T:3427754800 DEBUG: CDVDAudio::Pause - pausing audio stream
21:37:56.546 T:3494896432 DEBUG: CDVDClock::SetSpeedAdjust - adjusted:0.000000
21:37:56.546 T:3427754800 DEBUG: CDVDAudio::Pause - pausing audio stream
21:37:56.546 T:3494896432 DEBUG: CDVDClock::SetSpeedAdjust - adjusted:0.000000
21:37:56.546 T:3427754800 DEBUG: CDVDAudio::Resume - resume audio stream
21:37:56.546 T:3427754800 NOTICE: CVideoPlayerAudio::Process - stream stalled pts:11.520 clock:11.528
21:37:56.620 T:3436147504 DEBUG: CVideoPlayerVideo::OutputPicture - ttd:-8249ms pts:3.352 Clock:11.601 Level:0 elapsed:0.005ms
21:37:56.631 T:3494896432 DEBUG: CVideoPlayer::ProcessVideoData size:19599 dts:11.612 pts:11.612 dur:40.000ms, clock:11.612 level:99
21:37:56.634 T:3427754800 DEBUG: CDVDClock::ErrorAdjust - CVideoPlayerAudio::OutputPacket - error:-27736.837143, adjusted:-27736.837143
21:37:56.650 T:3436147504 DEBUG: CVideoPlayerVideo::OutputPicture - ttd:-8241ms pts:3.362 Clock:11.603 Level:0 elapsed:0.007ms
21:37:56.661 T:3494896432 DEBUG: CVideoPlayer::ProcessVideoData size:11909 dts:11.632 pts:11.632 dur:40.000ms, clock:11.615 level:99
21:37:56.692 T:3494896432 DEBUG: CSettingsManager: requested setting (videoplayer.usedisplayasclock.null) was not found.
21:37:56.775 T:3436147504 DEBUG: CVideoPlayerVideo::OutputPicture - ttd:-8336ms pts:3.392 Clock:11.728 Level:0 elapsed:0.006ms
21:37:56.803 T:3436147504 DEBUG: CVideoPlayerVideo::OutputPicture - ttd:-8354ms pts:3.402 Clock:11.756 Level:0 elapsed:0.007ms
21:37:56.814 T:3494896432 DEBUG: CVideoPlayer::ProcessVideoData size:15906 dts:11.652 pts:11.652 dur:40.000ms, clock:11.767 level:99
21:37:56.814 T:3494896432 DEBUG: CVideoPlayer::ProcessVideoData size:70383 dts:11.672 pts:11.792 dur:40.000ms, clock:11.768 level:99
21:37:56.815 T:4065424176 DEBUG: ActiveAE - start sync of audio stream
21:37:56.896 T:3494896432 DEBUG: CSettingsManager: requested setting (videoplayer.usedisplayasclock.null) was not found.
21:37:56.937 T:3436147504 DEBUG: CVideoPlayerVideo::OutputPicture - ttd:-8458ms pts:3.432 Clock:11.890 Level:0 elapsed:0.006ms
21:37:56.967 T:3436147504 DEBUG: CVideoPlayerVideo::OutputPicture - ttd:-8478ms pts:3.442 Clock:11.920 Level:0 elapsed:0.005ms
21:37:56.977 T:3494896432 DEBUG: CVideoPlayer::ProcessVideoData size:12763 dts:11.692 pts:11.812 dur:40.000ms, clock:11.930 level:99
21:37:56.977 T:3494896432 DEBUG: CVideoPlayer::ProcessVideoData size:12483 dts:11.712 pts:11.712 dur:40.000ms, clock:11.931 level:99
21:37:57.085 T:3436147504 DEBUG: CVideoPlayerVideo::OutputPicture - ttd:-8566ms pts:3.472 Clock:12.039 Level:0 elapsed:0.005ms
21:37:57.099 T:3494896432 DEBUG: CSettingsManager: requested setting (videoplayer.usedisplayasclock.null) was not found.
21:37:57.115 T:3436147504 DEBUG: CVideoPlayerVideo::OutputPicture - ttd:-8586ms pts:3.482 Clock:12.068 Level:0 elapsed:0.004ms
21:37:57.120 T:3494896432 DEBUG: CVideoPlayer::ProcessVideoData size:16543 dts:11.732 pts:11.732 dur:40.000ms, clock:12.073 level:99
21:37:57.120 T:3494896432 DEBUG: CVideoPlayer::ProcessVideoData size:9123 dts:11.752 pts:11.752 dur:40.000ms, clock:12.073 level:99
21:37:57.243 T:3436147504 DEBUG: CVideoPlayerVideo::OutputPicture - ttd:-8684ms pts:3.512 Clock:12.196 Level:0 elapsed:0.005ms
21:37:57.272 T:3436147504 DEBUG: CVideoPlayerVideo::OutputPicture - ttd:-8703ms pts:3.522 Clock:12.226 Level:0 elapsed:0.005ms
21:37:57.283 T:3494896432 DEBUG: CVideoPlayer::ProcessVideoData size:14472 dts:11.772 pts:11.772 dur:40.000ms, clock:12.237 level:99
21:37:57.284 T:3494896432 DEBUG: CVideoPlayer::ProcessVideoData size:69231 dts:11.792 pts:11.912 dur:40.000ms, clock:12.238 level:99
21:37:57.285 T:4065424176 DEBUG: ActiveAE::SyncStream - average error of -885.568044, start adjusting
21:37:57.305 T:3494896432 DEBUG: CSettingsManager: requested setting (videoplayer.usedisplayasclock.null) was not found.
21:37:57.391 T:3436147504 DEBUG: CVideoPlayerVideo::OutputPicture - ttd:-8792ms pts:3.552 Clock:12.344 Level:0 elapsed:0.006ms
21:37:57.421 T:3436147504 DEBUG: CVideoPlayerVideo::OutputPicture - ttd:-8812ms pts:3.562 Clock:12.374 Level:0 elapsed:0.009ms
21:37:57.429 T:3494896432 DEBUG: CVideoPlayer::ProcessVideoData size:13697 dts:11.812 pts:11.932 dur:40.000ms, clock:12.382 level:99
21:37:57.429 T:3494896432 DEBUG: CVideoPlayer::ProcessVideoData size:12582 dts:11.832 pts:11.832 dur:40.000ms, clock:12.383 level:99
21:37:57.510 T:3494896432 DEBUG: CSettingsManager: requested setting (videoplayer.usedisplayasclock.null) was not found.
21:37:57.547 T:3436147504 DEBUG: CVideoPlayerVideo::OutputPicture - ttd:-8908ms pts:3.592 Clock:12.500 Level:0 elapsed:0.006ms
21:37:57.581 T:3436147504 DEBUG: CVideoPlayerVideo::OutputPicture - ttd:-8932ms pts:3.602 Clock:12.534 Level:0 elapsed:0.005ms
21:37:57.592 T:3494896432 DEBUG: CVideoPlayer::ProcessVideoData size:14168 dts:11.852 pts:11.852 dur:40.000ms, clock:12.545 level:99
21:37:57.592 T:3494896432 DEBUG: CVideoPlayer::ProcessVideoData size:9074 dts:11.872 pts:11.872 dur:40.000ms, clock:12.545 level:99
21:37:57.706 T:3436147504 DEBUG: CVideoPlayerVideo::OutputPicture - ttd:-9027ms pts:3.632 Clock:12.660 Level:0 elapsed:0.006ms
21:37:57.714 T:3494896432 DEBUG: CSettingsManager: requested setting (videoplayer.usedisplayasclock.null) was not found.
21:37:57.737 T:3436147504 DEBUG: CVideoPlayerVideo::OutputPicture - ttd:-9048ms pts:3.642 Clock:12.690 Level:0 elapsed:0.008ms
21:37:57.744 T:3494896432 DEBUG: CVideoPlayer::ProcessVideoData size:13010 dts:11.892 pts:11.892 dur:40.000ms, clock:12.698 level:99
21:37:57.745 T:3494896432 DEBUG: CVideoPlayer::ProcessVideoData size:89058 dts:11.912 pts:12.032 dur:40.000ms, clock:12.699 level:99
21:37:57.857 T:3436147504 DEBUG: CVideoPlayerVideo::OutputPicture - ttd:-9138ms pts:3.672 Clock:12.810 Level:0 elapsed:0.005ms
21:37:57.886 T:3436147504 DEBUG: CVideoPlayerVideo::OutputPicture - ttd:-9157ms pts:3.682 Clock:12.840 Level:0 elapsed:0.006ms
21:37:57.897 T:3494896432 DEBUG: CVideoPlayer::ProcessVideoData size:14570 dts:11.932 pts:12.052 dur:40.000ms, clock:12.851 level:99
21:37:57.897 T:3494896432 DEBUG: CVideoPlayer::ProcessVideoData size:13364 dts:11.952 pts:11.952 dur:40.000ms, clock:12.851 level:99
21:37:57.918 T:3494896432 DEBUG: CSettingsManager: requested setting (videoplayer.usedisplayasclock.null) was not found.
21:37:58.019 T:3436147504 DEBUG: CVideoPlayerVideo::OutputPicture - ttd:-9260ms pts:3.712 Clock:12.972 Level:0 elapsed:0.005ms
21:37:58.048 T:3436147504 DEBUG: CVideoPlayerVideo::OutputPicture - ttd:-9279ms pts:3.722 Clock:13.001 Level:0 elapsed:0.005ms
21:37:58.050 T:3494896432 DEBUG: CVideoPlayer::ProcessVideoData size:13691 dts:11.972 pts:11.972 dur:40.000ms, clock:13.003 level:99
21:37:58.050 T:3494896432 DEBUG: CVideoPlayer::ProcessVideoData size:9796 dts:11.992 pts:11.992 dur:40.000ms, clock:13.004 level:99
21:37:58.121 T:3494896432 DEBUG: CSettingsManager: requested setting (videoplayer.usedisplayasclock.null) was not found.
21:37:58.170 T:3436147504 DEBUG: CVideoPlayerVideo::OutputPicture - ttd:-9371ms pts:3.752 Clock:13.123 Level:0 elapsed:0.005ms
21:37:58.199 T:3436147504 DEBUG: CVideoPlayerVideo::OutputPicture - ttd:-9390ms pts:3.762 Clock:13.153 Level:0 elapsed:0.004ms
21:37:58.203 T:3494896432 DEBUG: CVideoPlayer::ProcessVideoData size:12954 dts:12.012 pts:12.012 dur:40.000ms, clock:13.156 level:99
21:37:58.204 T:3494896432 DEBUG: CVideoPlayer::ProcessVideoData size:68159 dts:12.032 pts:12.152 dur:40.000ms, clock:13.157 level:99
21:37:58.325 T:3494896432 DEBUG: CSettingsManager: requested setting (videoplayer.usedisplayasclock.null) was not found.
21:37:58.351 T:3436147504 DEBUG: CVideoPlayerVideo::OutputPicture - ttd:-9512ms pts:3.792 Clock:13.305 Level:0 elapsed:0.005ms
21:37:58.381 T:3436147504 DEBUG: CVideoPlayerVideo::OutputPicture - ttd:-9532ms pts:3.802 Clock:13.334 Level:0 elapsed:0.005ms
21:37:58.386 T:3494896432 DEBUG: CVideoPlayer::ProcessVideoData size:15831 dts:12.052 pts:12.172 dur:40.000ms, clock:13.340 level:99
21:37:58.387 T:3494896432 DEBUG: CVideoPlayer::ProcessVideoData size:12217 dts:12.072 pts:12.072 dur:40.000ms, clock:13.340 level:99
21:37:58.505 T:3436147504 DEBUG: CVideoPlayerVideo::OutputPicture - ttd:-9626ms pts:3.832 Clock:13.458 Level:0 elapsed:0.005ms
21:37:58.531 T:3494896432 DEBUG: CSettingsManager: requested setting (videoplayer.usedisplayasclock.null) was not found.
21:37:58.534 T:3436147504 DEBUG: CVideoPlayerVideo::OutputPicture - ttd:-9645ms pts:3.842 Clock:13.487 Level:0 elapsed:0.006ms
21:37:58.541 T:3494896432 DEBUG: CVideoPlayer::ProcessVideoData size:13321 dts:12.092 pts:12.092 dur:40.000ms, clock:13.495 level:99
21:37:58.541 T:3494896432 DEBUG: CVideoPlayer::ProcessVideoData size:37151 dts:12.112 pts:12.112 dur:40.000ms, clock:13.495 level:99
21:37:58.653 T:3436147504 DEBUG: CVideoPlayerVideo::OutputPicture - ttd:-9734ms pts:3.872 Clock:13.606 Level:0 elapsed:0.005ms
21:37:58.683 T:3436147504 DEBUG: CVideoPlayerVideo::OutputPicture - ttd:-9754ms pts:3.882 Clock:13.636 Level:0 elapsed:0.006ms
21:37:58.694 T:3494896432 DEBUG: CVideoPlayer::ProcessVideoData size:14222 dts:12.132 pts:12.132 dur:40.000ms, clock:13.647 level:99
21:37:58.695 T:3494896432 DEBUG: CVideoPlayer::ProcessVideoData size:63868 dts:12.152 pts:12.272 dur:40.000ms, clock:13.648 level:99
21:37:58.735 T:3494896432 DEBUG: CSettingsManager: requested setting (videoplayer.usedisplayasclock.null) was not found.
21:37:58.801 T:3436147504 DEBUG: CVideoPlayerVideo::OutputPicture - ttd:-9842ms pts:3.912 Clock:13.755 Level:0 elapsed:0.004ms
21:37:58.831 T:3436147504 DEBUG: CVideoPlayerVideo::OutputPicture - ttd:-9862ms pts:3.922 Clock:13.784 Level:0 elapsed:0.004ms
