2019-04-28 14:10:14.857 T:3576222512 DEBUG: CWebServer[8080]: request received for /jsonrpc
2019-04-28 14:10:14.889 T:3474797360 DEBUG: CVideoPlayerVideo::OutputPicture - ttd:390ms pts:20.312 Clock:19.921 Level:6 elapsed:34.670ms
2019-04-28 14:10:14.892 T:3458011952 ERROR: ffmpeg[CE1D1330]: [aac] channel element 2.15 is not allocated
2019-04-28 14:10:14.892 T:3552891696 DEBUG: CVideoPlayer::ProcessVideoData size:37 dts:28.612 pts:28.654 dur:41.708ms, clock:19.959 level:107
2019-04-28 14:10:14.931 T:3474797360 DEBUG: CVideoPlayerVideo::OutputPicture - ttd:393ms pts:20.354 Clock:19.960 Level:6 elapsed:38.137ms
2019-04-28 14:10:14.932 T:3458011952 ERROR: ffmpeg[CE1D1330]: [aac] Reserved bit set.
2019-04-28 14:10:14.932 T:3552891696 DEBUG: CVideoPlayer::ProcessVideoData size:37 dts:28.654 pts:28.695 dur:41.708ms, clock:20.000 level:106
2019-04-28 14:10:14.933 T:3458011952 ERROR: ffmpeg[CE1D1330]: [aac] Prediction is not allowed in AAC-LC.
2019-04-28 14:10:14.947 T:3785339696 DEBUG: [plugin.video.netflix (0)] Executing JSON-RPC: {"params": {"playerid": 1, "properties": ["audiostreams", "currentaudiostream", "subtitles", "currentsubtitle", "subtitleenabled", "percentage", "time"]}, "jsonrpc": "2.0", "method": "Player.GetProperties", "id": 1}
2019-04-28 14:10:14.949 T:3785339696 DEBUG: [plugin.video.netflix (0)] Notifying all managers of on_tick (data={u'currentaudiostream': {u'index': 0, u'name': u'AAC ', u'language': u'eng', u'channels': 2, u'codec': u'aac', u'bitrate': 98304}, u'elapsed_seconds': 19, u'time': {u'hours': 0, u'seconds': 19, u'minutes': 0, u'milliseconds': 906}, u'subtitleenabled': True, u'percentage': 0.38750243186950684, u'currentsubtitle': {u'index': 0, u'name': u'', u'language': u'eng'}, u'audiostreams': [{u'index': 0, u'name': u'AAC ', u'language': u'eng', u'channels': 2, u'codec': u'aac', u'bitrate': 98304}, {u'index': 1, u'name': u'AAC ', u'language': u'spa', u'channels': 2, u'codec': u'aac', u'bitrate': 98304}, {u'index': 2, u'name': u'AAC ', u'language': u'fre', u'channels': 2, u'codec': u'aac', u'bitrate': 98304}, {u'index': 3, u'name': u'AAC ', u'language': u'por', u'channels': 2, u'codec': u'aac', u'bitrate': 98304}], u'subtitles': [{u'index': 0, u'name': u'', u'language': u'eng'}, {u'index': 1, u'name': u'', u'language': u'spa'}, {u'index': 2, u'name': u'', u'language': u'spa'}, {u'index': 3, u'name': u'', u'language': u'fre'}, {u'index': 4, u'name': u'', u'language': u'fre'}, {u'index': 5, u'name': u'', u'language': u'por'}]})
2019-04-28 14:10:14.973 T:3474797360 DEBUG: CVideoPlayerVideo::OutputPicture - ttd:390ms pts:20.395 Clock:20.005 Level:6 elapsed:35.187ms
2019-04-28 14:10:14.984 T:3552891696 DEBUG: CVideoPlayer::ProcessVideoData size:37 dts:28.695 pts:28.737 dur:41.708ms, clock:20.051 level:107
2019-04-28 14:10:14.984 T:3458011952 ERROR: ffmpeg[CE1D1330]: [aac] channel element 2.3 is not allocated
2019-04-28 14:10:15.014 T:3474797360 DEBUG: CVideoPlayerVideo::OutputPicture - ttd:393ms pts:20.437 Clock:20.044 Level:6 elapsed:37.715ms
2019-04-28 14:10:15.024 T:3458011952 ERROR: ffmpeg[CE1D1330]: [aac] Number of bands (19) exceeds limit (3).
2019-04-28 14:10:15.024 T:3552891696 DEBUG: CVideoPlayer::ProcessVideoData size:37 dts:28.737 pts:28.779 dur:41.708ms, clock:20.092 level:106
2019-04-28 14:10:15.056 T:3474797360 DEBUG: CVideoPlayerVideo::OutputPicture - ttd:389ms pts:20.479 Clock:20.089 Level:6 elapsed:34.133ms
2019-04-28 14:10:15.065 T:3458011952 ERROR: ffmpeg[CE1D1330]: [aac] channel element 3.1 is not allocated
2019-04-28 14:10:15.065 T:3552891696 DEBUG: CVideoPlayer::ProcessVideoData size:37 dts:28.779 pts:28.820 dur:41.708ms, clock:20.132 level:107
2019-04-28 14:10:15.098 T:3474797360 DEBUG: CVideoPlayerVideo::OutputPicture - ttd:393ms pts:20.520 Clock:20.127 Level:6 elapsed:38.250ms
2019-04-28 14:10:15.106 T:3458011952 ERROR: ffmpeg[CE1D1330]: [aac] Reserved bit set.
2019-04-28 14:10:15.106 T:3552891696 DEBUG: CVideoPlayer::ProcessVideoData size:37 dts:28.820 pts:28.862 dur:41.708ms, clock:20.173 level:106
2019-04-28 14:10:15.106 T:3458011952 ERROR: ffmpeg[CE1D1330]: [aac] invalid band type
2019-04-28 14:10:15.139 T:3474797360 DEBUG: CVideoPlayerVideo::OutputPicture - ttd:390ms pts:20.562 Clock:20.172 Level:6 elapsed:34.722ms
2019-04-28 14:10:15.147 T:3458011952 ERROR: ffmpeg[CE1D1330]: [aac] Inconsistent channel configuration.
2019-04-28 14:10:15.147 T:3552891696 DEBUG: CVideoPlayer::ProcessVideoData size:37 dts:28.862 pts:28.904 dur:41.708ms, clock:20.214 level:107
2019-04-28 14:10:15.147 T:3458011952 ERROR: ffmpeg[CE1D1330]: [aac] get_buffer() failed
2019-04-28 14:10:15.181 T:3474797360 DEBUG: CVideoPlayerVideo::OutputPicture - ttd:394ms pts:20.604 Clock:20.210 Level:6 elapsed:38.672ms
2019-04-28 14:10:15.188 T:3458011952 ERROR: ffmpeg[CE1D1330]: [aac] channel element 2.10 is not allocated
2019-04-28 14:10:15.188 T:3552891696 DEBUG: CVideoPlayer::ProcessVideoData size:37 dts:28.904 pts:28.946 dur:41.708ms, clock:20.255 level:106
2019-04-28 14:10:15.222 T:3474797360 DEBUG: CVideoPlayerVideo::OutputPicture - ttd:394ms pts:20.646 Clock:20.252 Level:6 elapsed:37.887ms
2019-04-28 14:10:15.229 T:3552891696 DEBUG: CVideoPlayer::ProcessVideoData size:37 dts:28.946 pts:28.987 dur:41.708ms, clock:20.296 level:106
2019-04-28 14:10:15.229 T:3458011952 ERROR: ffmpeg[CE1D1330]: [aac] channel element 2.4 is not allocated
2019-04-28 14:10:15.264 T:3474797360 DEBUG: CVideoPlayerVideo::OutputPicture - ttd:391ms pts:20.687 Clock:20.296 Level:6 elapsed:35.552ms
2019-04-28 14:10:15.270 T:3458011952 ERROR: ffmpeg[CE1D1330]: [aac] Reserved bit set.
2019-04-28 14:10:15.270 T:3552891696 DEBUG: CVideoPlayer::ProcessVideoData size:37 dts:28.987 pts:29.029 dur:41.708ms, clock:20.337 level:107
2019-04-28 14:10:15.270 T:3458011952 ERROR: ffmpeg[CE1D1330]: [aac] Number of bands (34) exceeds limit (18).
2019-04-28 14:10:15.306 T:3474797360 DEBUG: CVideoPlayerVideo::OutputPicture - ttd:394ms pts:20.729 Clock:20.335 Level:6 elapsed:38.066ms
2019-04-28 14:10:15.311 T:3552891696 DEBUG: CVideoPlayer::ProcessVideoData size:37 dts:29.029 pts:29.071 dur:41.708ms, clock:20.378 level:106
2019-04-28 14:10:15.311 T:3458011952 ERROR: ffmpeg[CE1D1330]: [aac] ms_present = 3 is reserved.
2019-04-28 14:10:15.348 T:3474797360 DEBUG: CVideoPlayerVideo::OutputPicture - ttd:390ms pts:20.771 Clock:20.380 Level:6 elapsed:35.066ms
2019-04-28 14:10:15.352 T:3458011952 ERROR: ffmpeg[CE1D1330]: [aac] Reserved bit set.
2019-04-28 14:10:15.352 T:3552891696 DEBUG: CVideoPlayer::ProcessVideoData size:37 dts:29.071 pts:29.112 dur:41.708ms, clock:20.419 level:106
2019-04-28 14:10:15.352 T:3458011952 ERROR: ffmpeg[CE1D1330]: [aac] Number of scalefactor bands in group (55) exceeds limit (47).
2019-04-28 14:10:15.389 T:3474797360 DEBUG: CVideoPlayerVideo::OutputPicture - ttd:390ms pts:20.812 Clock:20.422 Level:6 elapsed:34.115ms
2019-04-28 14:10:15.393 T:3458011952 ERROR: ffmpeg[CE1D1330]: [aac] Reserved bit set.
2019-04-28 14:10:15.393 T:3552891696 DEBUG: CVideoPlayer::ProcessVideoData size:37 dts:29.112 pts:29.154 dur:41.708ms, clock:20.460 level:107
2019-04-28 14:10:15.393 T:3458011952 ERROR: ffmpeg[CE1D1330]: [aac] Prediction is not allowed in AAC-LC.
2019-04-28 14:10:15.431 T:3474797360 DEBUG: CVideoPlayerVideo::OutputPicture - ttd:394ms pts:20.854 Clock:20.460 Level:6 elapsed:38.441ms
2019-04-28 14:10:15.434 T:3458011952 ERROR: ffmpeg[CE1D1330]: [aac] channel element 3.13 is not allocated
2019-04-28 14:10:15.434 T:3552891696 DEBUG: CVideoPlayer::ProcessVideoData size:37 dts:29.154 pts:29.196 dur:41.708ms, clock:20.501 level:106
2019-04-28 14:10:15.473 T:3474797360 DEBUG: CVideoPlayerVideo::OutputPicture - ttd:394ms pts:20.896 Clock:20.501 Level:6 elapsed:38.529ms
2019-04-28 14:10:15.475 T:3458011952 ERROR: ffmpeg[CE1D1330]: [aac] Prediction is not allowed in AAC-LC.
2019-04-28 14:10:15.475 T:3552891696 DEBUG: CVideoPlayer::ProcessVideoData size:37 dts:29.196 pts:29.238 dur:41.708ms, clock:20.542 level:106
2019-04-28 14:10:15.515 T:3474797360 DEBUG: CVideoPlayerVideo::OutputPicture - ttd:390ms pts:20.938 Clock:20.547 Level:6 elapsed:35.130ms
2019-04-28 14:10:15.526 T:3458011952 ERROR: ffmpeg[CE1D1330]: [aac] channel element 2.7 is not allocated
2019-04-28 14:10:15.526 T:3552891696 DEBUG: CVideoPlayer::ProcessVideoData size:37 dts:29.238 pts:29.279 dur:41.708ms, clock:20.593 level:107
2019-04-28 14:10:15.556 T:3474797360 DEBUG: CVideoPlayerVideo::OutputPicture - ttd:394ms pts:20.979 Clock:20.585 Level:6 elapsed:38.423ms
2019-04-28 14:10:15.567 T:3458011952 ERROR: ffmpeg[CE1D1330]: [aac] Reserved bit set.
2019-04-28 14:10:15.567 T:3552891696 DEBUG: CVideoPlayer::ProcessVideoData size:37 dts:29.279 pts:29.321 dur:41.708ms, clock:20.634 level:106
2019-04-28 14:10:15.567 T:3458011952 ERROR: ffmpeg[CE1D1330]: [aac] Number of bands (49) exceeds limit (34).
2019-04-28 14:10:15.598 T:3474797360 DEBUG: CVideoPlayerVideo::OutputPicture - ttd:391ms pts:21.021 Clock:20.629 Level:6 elapsed:36.161ms
2019-04-28 14:10:15.608 T:3458011952 ERROR: ffmpeg[CE1D1330]: [aac] channel element 3.4 is not allocated
2019-04-28 14:10:15.608 T:3552891696 DEBUG: CVideoPlayer::ProcessVideoData size:37 dts:29.321 pts:29.363 dur:41.708ms, clock:20.675 level:107
2019-04-28 14:10:15.640 T:3474797360 DEBUG: CVideoPlayerVideo::OutputPicture - ttd:393ms pts:21.063 Clock:20.669 Level:6 elapsed:37.682ms
2019-04-28 14:10:15.649 T:3458011952 ERROR: ffmpeg[CE1D1330]: [aac] invalid band type
2019-04-28 14:10:15.649 T:3552891696 DEBUG: CVideoPlayer::ProcessVideoData size:37 dts:29.363 pts:29.404 dur:41.708ms, clock:20.716 level:106
2019-04-28 14:10:15.682 T:3474797360 DEBUG: CVideoPlayerVideo::OutputPicture - ttd:391ms pts:21.104 Clock:20.713 Level:6 elapsed:35.867ms
2019-04-28 14:10:15.690 T:3458011952 ERROR: ffmpeg[CE1D1330]: [aac] Reserved bit set.
2019-04-28 14:10:15.690 T:3552891696 DEBUG: CVideoPlayer::ProcessVideoData size:37 dts:29.404 pts:29.446 dur:41.708ms, clock:20.757 level:107
2019-04-28 14:10:15.690 T:3458011952 ERROR: ffmpeg[CE1D1330]: [aac] Prediction is not allowed in AAC-LC.
2019-04-28 14:10:15.723 T:3474797360 DEBUG: CVideoPlayerVideo::OutputPicture - ttd:393ms pts:21.146 Clock:20.752 Level:6 elapsed:37.769ms
2019-04-28 14:10:15.731 T:3458011952 ERROR: ffmpeg[CE1D1330]: [aac] Number of bands (7) exceeds limit (3).
2019-04-28 14:10:15.731 T:3552891696 DEBUG: CVideoPlayer::ProcessVideoData size:37 dts:29.446 pts:29.488 dur:41.708ms, clock:20.798 level:106
2019-04-28 14:10:15.766 T:3474797360 DEBUG: CVideoPlayerVideo::OutputPicture - ttd:391ms pts:21.188 Clock:20.796 Level:6 elapsed:36.686ms
2019-04-28 14:10:15.772 T:3458011952 ERROR: ffmpeg[CE1D1330]: [aac] channel element 3.5 is not allocated
2019-04-28 14:10:15.772 T:3552891696 DEBUG: CVideoPlayer::ProcessVideoData size:37 dts:29.488 pts:29.529 dur:41.708ms, clock:20.839 level:106
2019-04-28 14:10:15.807 T:3474797360 DEBUG: CVideoPlayerVideo::OutputPicture - ttd:390ms pts:21.230 Clock:20.839 Level:6 elapsed:34.728ms
2019-04-28 14:10:15.813 T:3458011952 ERROR: ffmpeg[CE1D1330]: [aac] channel element 2.5 is not allocated
2019-04-28 14:10:15.813 T:3552891696 DEBUG: CVideoPlayer::ProcessVideoData size:37 dts:29.529 pts:29.571 dur:41.708ms, clock:20.880 level:107
2019-04-28 14:10:15.848 T:3474797360 DEBUG: CVideoPlayerVideo::OutputPicture - ttd:393ms pts:21.271 Clock:20.877 Level:6 elapsed:37.987ms
2019-04-28 14:10:15.854 T:3552891696 DEBUG: CVideoPlayer::ProcessVideoData size:37 dts:29.571 pts:29.613 dur:41.708ms, clock:20.921 level:106
2019-04-28 14:10:15.854 T:3458011952 ERROR: ffmpeg[CE1D1330]: [aac] Reserved bit set.
2019-04-28 14:10:15.854 T:3458011952 ERROR: ffmpeg[CE1D1330]: [aac] Number of scalefactor bands in group (62) exceeds limit (47).
2019-04-28 14:10:15.890 T:3474797360 DEBUG: CVideoPlayerVideo::OutputPicture - ttd:390ms pts:21.313 Clock:20.923 Level:6 elapsed:34.239ms
2019-04-28 14:10:15.894 T:3458011952 ERROR: ffmpeg[CE1D1330]: [aac] SBR was found before the first channel element.
2019-04-28 14:10:15.895 T:3552891696 DEBUG: CVideoPlayer::ProcessVideoData size:37 dts:29.613 pts:29.655 dur:41.708ms, clock:20.962 level:107
2019-04-28 14:10:15.895 T:3458011952 ERROR: ffmpeg[CE1D1330]: [aac] channel element 3.8 is not allocated
2019-04-28 14:10:15.932 T:3474797360 DEBUG: CVideoPlayerVideo::OutputPicture - ttd:394ms pts:21.355 Clock:20.960 Level:6 elapsed:38.665ms
2019-04-28 14:10:15.935 T:3458011952 ERROR: ffmpeg[CE1D1330]: [aac] channel element 3.0 is not allocated
2019-04-28 14:10:15.935 T:3552891696 DEBUG: CVideoPlayer::ProcessVideoData size:37 dts:29.655 pts:29.696 dur:41.708ms, clock:21.003 level:106
2019-04-28 14:10:15.950 T:3785339696 DEBUG: [plugin.video.netflix (0)] Executing JSON-RPC: {"params": {"playerid": 1, "properties": ["audiostreams", "currentaudiostream", "subtitles", "currentsubtitle", "subtitleenabled", "percentage", "time"]}, "jsonrpc": "2.0", "method": "Player.GetProperties", "id": 1}
2019-04-28 14:10:15.953 T:3785339696 DEBUG: [plugin.video.netflix (0)] Notifying all managers of on_tick (data={u'currentaudiostream': {u'index': 0, u'name': u'AAC ', u'language': u'eng', u'channels': 2, u'codec': u'aac', u'bitrate': 98304}, u'elapsed_seconds': 20, u'time': {u'hours': 0, u'seconds': 20, u'minutes': 0, u'milliseconds': 930}, u'subtitleenabled': True, u'percentage': 0.40743625164031982, u'currentsubtitle': {u'index': 0, u'name': u'', u'language': u'eng'}, u'audiostreams': [{u'index': 0, u'name': u'AAC ', u'language': u'eng', u'channels': 2, u'codec': u'aac', u'bitrate': 98304}, {u'index': 1, u'name': u'AAC ', u'language': u'spa', u'channels': 2, u'codec': u'aac', u'bitrate': 98304}, {u'index': 2, u'name': u'AAC ', u'language': u'fre', u'channels': 2, u'codec': u'aac', u'bitrate': 98304}, {u'index': 3, u'name': u'AAC ', u'language': u'por', u'channels': 2, u'codec': u'aac', u'bitrate': 98304}], u'subtitles': [{u'index': 0, u'name': u'', u'language': u'eng'}, {u'index': 1, u'name': u'', u'language': u'spa'}, {u'index': 2, u'name': u'', u'language': u'spa'}, {u'index': 3, u'name': u'', u'language': u'fre'}, {u'index': 4, u'name': u'', u'language': u'fre'}, {u'index': 5, u'name': u'', u'language': u'por'}]})
2019-04-28 14:10:15.974 T:3474797360 DEBUG: CVideoPlayerVideo::OutputPicture - ttd:390ms pts:21.396 Clock:21.006 Level:6 elapsed:35.354ms
2019-04-28 14:10:15.976 T:3458011952 ERROR: ffmpeg[CE1D1330]: [aac] channel element 3.9 is not allocated
2019-04-28 14:10:15.977 T:3552891696 DEBUG: CVideoPlayer::ProcessVideoData size:37 dts:29.696 pts:29.738 dur:41.708ms, clock:21.044 level:107
2019-04-28 14:10:16.015 T:3474797360 DEBUG: CVideoPlayerVideo::OutputPicture - ttd:394ms pts:21.438 Clock:21.044 Level:6 elapsed:38.030ms
2019-04-28 14:10:16.017 T:3552891696 DEBUG: CVideoPlayer::ProcessVideoData size:37 dts:29.738 pts:29.780 dur:41.708ms, clock:21.084 level:106
2019-04-28 14:10:16.057 T:3474797360 DEBUG: CVideoPlayerVideo::OutputPicture - ttd:391ms pts:21.480 Clock:21.089 Level:6 elapsed:35.229ms
2019-04-28 14:10:16.068 T:3458011952 ERROR: ffmpeg[CE1D1330]: [aac] channel element 3.13 is not allocated
2019-04-28 14:10:16.068 T:3552891696 DEBUG: CVideoPlayer::ProcessVideoData size:37 dts:29.780 pts:29.821 dur:41.708ms, clock:21.135 level:107
2019-04-28 14:10:16.099 T:3474797360 DEBUG: CVideoPlayerVideo::OutputPicture - ttd:394ms pts:21.521 Clock:21.127 Level:6 elapsed:38.793ms
2019-04-28 14:10:16.109 T:3458011952 DEBUG: ffmpeg[CE1D1330]: [aac] Sample rate index in program config element does not match the sample rate index configured by the container.
2019-04-28 14:10:16.109 T:3552891696 DEBUG: CVideoPlayer::ProcessVideoData size:11158 dts:29.821 pts:29.905 dur:41.708ms, clock:21.176 level:106
2019-04-28 14:10:16.109 T:3458011952 ERROR: ffmpeg[CE1D1330]: [aac] Inconsistent channel configuration.
2019-04-28 14:10:16.109 T:3458011952 ERROR: ffmpeg[CE1D1330]: [aac] get_buffer() failed
2019-04-28 14:10:16.140 T:3474797360 DEBUG: CVideoPlayerVideo::OutputPicture - ttd:390ms pts:21.563 Clock:21.172 Level:6 elapsed:35.023ms
2019-04-28 14:10:16.150 T:3458011952 DEBUG: ffmpeg[CE1D1330]: [aac] Sample rate index in program config element does not match the sample rate index configured by the container.
2019-04-28 14:10:16.150 T:3552891696 DEBUG: CVideoPlayer::ProcessVideoData size:629 dts:29.863 pts:29.863 dur:41.708ms, clock:21.217 level:107
2019-04-28 14:10:16.150 T:3458011952 ERROR: ffmpeg[CE1D1330]: [aac] Inconsistent channel configuration.
2019-04-28 14:10:16.150 T:3458011952 ERROR: ffmpeg[CE1D1330]: [aac] get_buffer() failed
2019-04-28 14:10:16.182 T:3474797360 DEBUG: CVideoPlayerVideo::OutputPicture - ttd:393ms pts:21.605 Clock:21.211 Level:6 elapsed:38.154ms
2019-04-28 14:10:16.191 T:3458011952 ERROR: ffmpeg[CE1D1330]: [aac] Reserved bit set.
2019-04-28 14:10:16.191 T:3458011952 ERROR: ffmpeg[CE1D1330]: [aac] Prediction is not allowed in AAC-LC.
2019-04-28 14:10:16.191 T:3552891696 DEBUG: CVideoPlayer::ProcessVideoData size:22240 dts:29.905 pts:29.947 dur:41.708ms, clock:21.258 level:106
2019-04-28 14:10:16.224 T:3474797360 DEBUG: CVideoPlayerVideo::OutputPicture - ttd:390ms pts:21.647 Clock:21.256 Level:6 elapsed:35.305ms
2019-04-28 14:10:16.232 T:3458011952 ERROR: ffmpeg[CE1D1330]: [aac] Number of scalefactor bands in group (61) exceeds limit (47).
2019-04-28 14:10:16.232 T:3552891696 DEBUG: CVideoPlayer::ProcessVideoData size:29577 dts:29.947 pts:29.988 dur:41.708ms, clock:21.299 level:107
2019-04-28 14:10:16.265 T:3474797360 DEBUG: CVideoPlayerVideo::OutputPicture - ttd:393ms pts:21.688 Clock:21.294 Level:6 elapsed:38.167ms
2019-04-28 14:10:16.273 T:3458011952 ERROR: ffmpeg[CE1D1330]: [aac] Prediction is not allowed in AAC-LC.
2019-04-28 14:10:16.274 T:3517969200 DEBUG: CurlFile::ParseAndCorrectUrl() adding custom header option 'Range: bytes=4513723-4782893'
2019-04-28 14:10:16.274 T:3517969200 DEBUG: CurlFile::ParseAndCorrectUrl() adding custom header option 'connection: keep-alive'
2019-04-28 14:10:16.274 T:3517969200 DEBUG: CurlFile::Open(0xe51ba848) http://195.8.12.225/?o=AQHsvJl_EOvSE5TTC4bMd_jEHeSPEPWYqOh8RAVmbt7CBOuYT5VYlLBEmZEOHrgBOyDrYOjO2iHNfpl_cP3gfV8kUOWFG-leEB80dn1b5uAz5vGFWq7Dy_c_ownq5FLF3YlnoMExiAug9_IOqu7r923d64Q4l_0p8QG4lpahucIynSgXubBiaTx6l968bmXFGF43MryiAkvD1dD5j3u_hQ&v=3&e=1556500176&t=XBn9CDz3os3jL_GEmnZeF6gNB3c
2019-04-28 14:10:16.287 T:3552891696 DEBUG: CVideoPlayer::ProcessVideoData size:3051 dts:29.988 pts:30.030 dur:41.708ms, clock:21.354 level:106
2019-04-28 14:10:16.307 T:3474797360 DEBUG: CVideoPlayerVideo::OutputPicture - ttd:382ms pts:21.730 Clock:21.348 Level:6 elapsed:26.316ms
2019-04-28 14:10:16.308 T:3517969200 DEBUG: AddOnLog: InputStream Adaptive: Download http://195.8.12.225/?o=AQHsvJl_EOvSE5TTC4bMd_jEHeSPEPWYqOh8RAVmbt7CBOuYT5VYlLBEmZEOHrgBOyDrYOjO2iHNfpl_cP3gfV8kUOWFG-leEB80dn1b5uAz5vGFWq7Dy_c_ownq5FLF3YlnoMExiAug9_IOqu7r923d64Q4l_0p8QG4lpahucIynSgXubBiaTx6l968bmXFGF43MryiAkvD1dD5j3u_hQ&v=3&e=1556500176&t=XBn9CDz3os3jL_GEmnZeF6gNB3c finished, avg speed: 7809174.36byte/s, current speed: 8156696.00byte/s
2019-04-28 14:10:16.318 T:3458011952 DEBUG: ffmpeg[CE1D1330]: [aac] Sample rate index in program config element does not match the sample rate index configured by the container.
2019-04-28 14:10:16.318 T:3458011952 ERROR: ffmpeg[CE1D1330]: [aac] Inconsistent channel configuration.
2019-04-28 14:10:16.318 T:3552891696 DEBUG: CVideoPlayer::ProcessVideoData size:58440 dts:30.030 pts:30.072 dur:41.708ms, clock:21.385 level:106
2019-04-28 14:10:16.318 T:3458011952 ERROR: ffmpeg[CE1D1330]: [aac] get_buffer() failed
2019-04-28 14:10:16.349 T:3474797360 DEBUG: CVideoPlayerVideo::OutputPicture - ttd:391ms pts:21.772 Clock:21.380 Level:6 elapsed:36.167ms
2019-04-28 14:10:16.360 T:3466404656 DEBUG: CurlFile::ParseAndCorrectUrl() adding custom header option 'Range: bytes=487297-511583'
2019-04-28 14:10:16.360 T:3466404656 DEBUG: CurlFile::ParseAndCorrectUrl() adding custom header option 'connection: keep-alive'
2019-04-28 14:10:16.360 T:3466404656 DEBUG: CurlFile::Open(0xe5bafbc0) http://195.8.12.225/?o=AQHsvJl_EOvSE5TTC4bNd__NFO-JEPWYqP98RAVmbt7CBOuYT5VYlLBEmZEOHrgBOyDrYOjO2iHNfpl_cP3gfV8kUOWFG-leEB80dn1b5uAz5vGFWq7Dy_c_ownq5FLF3YlnoMk1n1K7yKkMhNbEvXmPpd0xgv8g8x69ntP3pds0gHtSovUnbSx-hcm2MHyZCVQLaNviCAjXnsu3in0&v=3&e=1556500176&t=SdFHa60Oat9NM19HrSW2B81Yrik
2019-04-28 14:10:16.376 T:3466404656 DEBUG: AddOnLog: InputStream Adaptive: Download http://195.8.12.225/?o=AQHsvJl_EOvSE5TTC4bNd__NFO-JEPWYqP98RAVmbt7CBOuYT5VYlLBEmZEOHrgBOyDrYOjO2iHNfpl_cP3gfV8kUOWFG-leEB80dn1b5uAz5vGFWq7Dy_c_ownq5FLF3YlnoMk1n1K7yKkMhNbEvXmPpd0xgv8g8x69ntP3pds0gHtSovUnbSx-hcm2MHyZCVQLaNviCAjXnsu3in0&v=3&e=1556500176&t=SdFHa60Oat9NM19HrSW2B81Yrik finished, avg speed: 7665801.31byte/s, current speed: 1619133.00byte/s
2019-04-28 14:10:16.377 T:3458011952 ERROR: ffmpeg[CE1D1330]: [aac] Reserved bit set.
2019-04-28 14:10:16.377 T:3552891696 DEBUG: CVideoPlayer::ProcessVideoData size:17749 dts:30.072 pts:30.197 dur:41.708ms, clock:21.444 level:107
2019-04-28 14:10:16.377 T:3458011952 ERROR: ffmpeg[CE1D1330]: [aac] Number of bands (57) exceeds limit (43).
2019-04-28 14:10:16.391 T:3474797360 DEBUG: CVideoPlayerVideo::OutputPicture - ttd:393ms pts:21.813 Clock:21.420 Level:6 elapsed:38.022ms
2019-04-28 14:10:16.397 T:3458011952 ERROR: ffmpeg[CE1D1330]: [aac] Reserved bit set.
2019-04-28 14:10:16.398 T:3458011952 ERROR: ffmpeg[CE1D1330]: [aac] Number of bands (57) exceeds limit (43).
2019-04-28 14:10:16.398 T:3552891696 DEBUG: CVideoPlayer::ProcessVideoData size:177 dts:30.113 pts:30.113 dur:41.708ms, clock:21.465 level:106
2019-04-28 14:10:16.398 T:3458011952 ERROR: ffmpeg[CE1D1330]: [aac] Number of bands (8) exceeds limit (7).
2019-04-28 14:10:16.424 T:3576222512 DEBUG: CWebServer[8080]: request received for /jsonrpc
2019-04-28 14:10:16.433 T:3474797360 DEBUG: Previous line repeats 2 times.
2019-04-28 14:10:16.433 T:3474797360 DEBUG: CVideoPlayerVideo::OutputPicture - ttd:391ms pts:21.855 Clock:21.464 Level:6 elapsed:35.584ms
2019-04-28 14:10:16.437 T:3576222512 DEBUG: CWebServer[8080]: request received for /jsonrpc
2019-04-28 14:10:16.438 T:3458011952 DEBUG: ffmpeg[CE1D1330]: [aac] Sample rate index in program config element does not match the sample rate index configured by the container.
2019-04-28 14:10:16.439 T:3552891696 DEBUG: CVideoPlayer::ProcessVideoData size:73 dts:30.155 pts:30.155 dur:41.708ms, clock:21.506 level:107
2019-04-28 14:10:16.439 T:3458011952 DEBUG: ffmpeg[CE1D1330]: [aac] Too large remapped id is not implemented. Update your FFmpeg version to the newest one from Git. If the problem still occurs, it means that your file has a feature which has not been implemented.
2019-04-28 14:10:16.439 T:3458011952 DEBUG: ffmpeg[CE1D1330]: [aac] If you want to help, upload a sample of this file to ftp://upload.ffmpeg.org/incoming/ and contact the ffmpeg-devel mailing list. (ffmpeg-devel@ffmpeg.org)
2019-04-28 14:10:16.474 T:3474797360 DEBUG: CVideoPlayerVideo::OutputPicture - ttd:393ms pts:21.897 Clock:21.504 Level:6 elapsed:37.282ms
2019-04-28 14:10:16.480 T:3552891696 DEBUG: CVideoPlayer::ProcessVideoData size:14708 dts:30.197 pts:30.322 dur:41.708ms, clock:21.547 level:106
2019-04-28 14:10:16.480 T:3458011952 ERROR: ffmpeg[CE1D1330]: [aac] Reserved bit set.
2019-04-28 14:10:16.480 T:3458011952 ERROR: ffmpeg[CE1D1330]: [aac] Prediction is not allowed in AAC-LC.
2019-04-28 14:10:16.516 T:3474797360 DEBUG: CVideoPlayerVideo::OutputPicture - ttd:390ms pts:21.939 Clock:21.548 Level:6 elapsed:35.206ms
2019-04-28 14:10:16.521 T:3458011952 ERROR: ffmpeg[CE1D1330]: [aac] channel element 2.6 is not allocated
2019-04-28 14:10:16.521 T:3552891696 DEBUG: CVideoPlayer::ProcessVideoData size:321 dts:30.239 pts:30.239 dur:41.708ms, clock:21.588 level:107
2019-04-28 14:10:16.557 T:3474797360 DEBUG: CVideoPlayerVideo::OutputPicture - ttd:393ms pts:21.980 Clock:21.587 Level:6 elapsed:38.068ms
2019-04-28 14:10:16.562 T:3458011952 ERROR: ffmpeg[CE1D1330]: [aac] channel element 2.13 is not allocated
2019-04-28 14:10:16.562 T:3552891696 DEBUG: CVideoPlayer::ProcessVideoData size:262 dts:30.280 pts:30.280 dur:41.708ms, clock:21.629 level:106
2019-04-28 14:10:16.599 T:3474797360 DEBUG: CVideoPlayerVideo::OutputPicture - ttd:391ms pts:22.022 Clock:21.631 Level:6 elapsed:35.444ms
2019-04-28 14:10:16.602 T:3458011952 ERROR: ffmpeg[CE1D1330]: [aac] channel element 2.15 is not allocated
2019-04-28 14:10:16.603 T:3552891696 DEBUG: CVideoPlayer::ProcessVideoData size:12838 dts:30.322 pts:30.405 dur:41.708ms, clock:21.670 level:107
2019-04-28 14:10:16.641 T:3474797360 DEBUG: CVideoPlayerVideo::OutputPicture - ttd:394ms pts:22.064 Clock:21.669 Level:6 elapsed:39.052ms
2019-04-28 14:10:16.643 T:3458011952 DEBUG: ffmpeg[CE1D1330]: [aac] Sample rate index in program config element does not match the sample rate index configured by the container.
2019-04-28 14:10:16.643 T:3552891696 DEBUG: CVideoPlayer::ProcessVideoData size:315 dts:30.364 pts:30.364 dur:41.708ms, clock:21.711 level:106
2019-04-28 14:10:16.644 T:3458011952 ERROR: ffmpeg[CE1D1330]: [aac] Inconsistent channel configuration.
2019-04-28 14:10:16.644 T:3458011952 ERROR: ffmpeg[CE1D1330]: [aac] get_buffer() failed
2019-04-28 14:10:16.682 T:3474797360 DEBUG: CVideoPlayerVideo::OutputPicture - ttd:390ms pts:22.105 Clock:21.715 Level:6 elapsed:34.736ms
2019-04-28 14:10:16.684 T:3552891696 DEBUG: CVideoPlayer::ProcessVideoData size:7860 dts:30.405 pts:30.530 dur:41.708ms, clock:21.752 level:107
2019-04-28 14:10:16.685 T:3458011952 ERROR: ffmpeg[CE1D1330]: [aac] Reserved bit set.
2019-04-28 14:10:16.685 T:3458011952 ERROR: ffmpeg[CE1D1330]: [aac] Number of scalefactor bands in group (49) exceeds limit (47).
2019-04-28 14:10:16.724 T:3474797360 DEBUG: CVideoPlayerVideo::OutputPicture - ttd:394ms pts:22.147 Clock:21.753 Level:6 elapsed:38.878ms
2019-04-28 14:10:16.735 T:3458011952 ERROR: ffmpeg[CE1D1330]: [aac] channel element 3.15 is not allocated
2019-04-28 14:10:16.735 T:3552891696 DEBUG: CVideoPlayer::ProcessVideoData size:255 dts:30.447 pts:30.447 dur:41.708ms, clock:21.802 level:106
2019-04-28 14:10:16.766 T:3474797360 DEBUG: CVideoPlayerVideo::OutputPicture - ttd:391ms pts:22.189 Clock:21.797 Level:6 elapsed:35.982ms
2019-04-28 14:10:16.776 T:3458011952 ERROR: ffmpeg[CE1D1330]: [aac] channel element 2.2 is not allocated
2019-04-28 14:10:16.776 T:3552891696 DEBUG: CVideoPlayer::ProcessVideoData size:245 dts:30.489 pts:30.489 dur:41.708ms, clock:21.843 level:106
2019-04-28 14:10:16.808 T:3474797360 DEBUG: CVideoPlayerVideo::OutputPicture - ttd:390ms pts:22.231 Clock:21.840 Level:6 elapsed:34.771ms
2019-04-28 14:10:16.817 T:3458011952 DEBUG: ffmpeg[CE1D1330]: [aac] Sample rate index in program config element does not match the sample rate index configured by the container.
2019-04-28 14:10:16.817 T:3458011952 ERROR: ffmpeg[CE1D1330]: [aac] Inconsistent channel configuration.
2019-04-28 14:10:16.817 T:3552891696 DEBUG: CVideoPlayer::ProcessVideoData size:10458 dts:30.530 pts:30.614 dur:41.708ms, clock:21.884 level:107
2019-04-28 14:10:16.817 T:3458011952 ERROR: ffmpeg[CE1D1330]: [aac] get_buffer() failed
2019-04-28 14:10:16.850 T:3474797360 DEBUG: CVideoPlayerVideo::OutputPicture - ttd:394ms pts:22.272 Clock:21.878 Level:6 elapsed:38.600ms
2019-04-28 14:10:16.858 T:3458011952 ERROR: ffmpeg[CE1D1330]: [aac] Reserved bit set.
2019-04-28 14:10:16.858 T:3552891696 DEBUG: CVideoPlayer::ProcessVideoData size:294 dts:30.572 pts:30.572 dur:41.708ms, clock:21.925 level:106
2019-04-28 14:10:16.858 T:3458011952 ERROR: ffmpeg[CE1D1330]: [aac] Number of bands (30) exceeds limit (27).
2019-04-28 14:10:16.891 T:3474797360 DEBUG: CVideoPlayerVideo::OutputPicture - ttd:393ms pts:22.314 Clock:21.920 Level:6 elapsed:37.612ms
2019-04-28 14:10:16.899 T:3552891696 DEBUG: CVideoPlayer::ProcessVideoData size:9391 dts:30.614 pts:30.739 dur:41.708ms, clock:21.966 level:106
2019-04-28 14:10:16.899 T:3458011952 ERROR: ffmpeg[CE1D1330]: [aac] channel element 2.0 is not allocated
2019-04-28 14:10:16.933 T:3474797360 DEBUG: CVideoPlayerVideo::OutputPicture - ttd:391ms pts:22.356 Clock:21.964 Level:6 elapsed:35.346ms
2019-04-28 14:10:16.940 T:3458011952 DEBUG: ffmpeg[CE1D1330]: [aac] Sample rate index in program config element does not match the sample rate index configured by the container.
2019-04-28 14:10:16.940 T:3552891696 DEBUG: CVideoPlayer::ProcessVideoData size:385 dts:30.656 pts:30.656 dur:41.708ms, clock:22.007 level:107
2019-04-28 14:10:16.940 T:3458011952 ERROR: ffmpeg[CE1D1330]: [aac] Inconsistent channel configuration.
2019-04-28 14:10:16.940 T:3458011952 ERROR: ffmpeg[CE1D1330]: [aac] get_buffer() failed
2019-04-28 14:10:16.954 T:3785339696 DEBUG: [plugin.video.netflix (0)] Executing JSON-RPC: {"params": {"playerid": 1, "properties": ["audiostreams", "currentaudiostream", "subtitles", "currentsubtitle", "subtitleenabled", "percentage", "time"]}, "jsonrpc": "2.0", "method": "Player.GetProperties", "id": 1}
2019-04-28 14:10:16.957 T:3785339696 DEBUG: [plugin.video.netflix (0)] Notifying all managers of on_tick (data={u'currentaudiostream': {u'index': 0, u'name': u'AAC ', u'language': u'eng', u'channels': 2, u'codec': u'aac', u'bitrate': 98304}, u'elapsed_seconds': 21, u'time': {u'hours': 0, u'seconds': 21, u'minutes': 0, u'milliseconds': 913}, u'subtitleenabled': True, u'percentage': 0.42657193541526794, u'currentsubtitle': {u'index': 0, u'name': u'', u'language': u'eng'}, u'audiostreams': [{u'index': 0, u'name': u'AAC ', u'language': u'eng', u'channels': 2, u'codec': u'aac', u'bitrate': 98304}, {u'index': 1, u'name': u'AAC ', u'language': u'spa', u'channels': 2, u'codec': u'aac', u'bitrate': 98304}, {u'index': 2, u'name': u'AAC ', u'language': u'fre', u'channels': 2, u'codec': u'aac', u'bitrate': 98304}, {u'index': 3, u'name': u'AAC ', u'language': u'por', u'channels': 2, u'codec': u'aac', u'bitrate': 98304}], u'subtitles': [{u'index': 0, u'name': u'', u'language': u'eng'}, {u'index': 1, u'name': u'', u'language': u'spa'}, {u'index': 2, u'name': u'', u'language': u'spa'}, {u'index': 3, u'name': u'', u'language': u'fre'}, {u'index': 4, u'name': u'', u'language': u'fre'}, {u'index': 5, u'name': u'', u'language': u'por'}]})
2019-04-28 14:10:16.974 T:3474797360 DEBUG: CVideoPlayerVideo::OutputPicture - ttd:393ms pts:22.397 Clock:22.004 Level:6 elapsed:37.639ms
2019-04-28 14:10:16.981 T:3458011952 ERROR: ffmpeg[CE1D1330]: [aac] Inconsistent channel configuration.
2019-04-28 14:10:16.981 T:3552891696 DEBUG: CVideoPlayer::ProcessVideoData size:378 dts:30.697 pts:30.697 dur:41.708ms, clock:22.048 level:106
2019-04-28 14:10:16.981 T:3458011952 ERROR: ffmpeg[CE1D1330]: [aac] get_buffer() failed
2019-04-28 14:10:17.016 T:3474797360 DEBUG: CVideoPlayerVideo::OutputPicture - ttd:391ms pts:22.439 Clock:22.048 Level:6 elapsed:35.593ms
2019-04-28 14:10:17.022 T:3458011952 ERROR: ffmpeg[CE1D1330]: [aac] channel element 3.11 is not allocated
2019-04-28 14:10:17.022 T:3552891696 DEBUG: CVideoPlayer::ProcessVideoData size:10386 dts:30.739 pts:30.864 dur:41.708ms, clock:22.089 level:106
2019-04-28 14:10:17.058 T:3474797360 DEBUG: CVideoPlayerVideo::OutputPicture - ttd:390ms pts:22.481 Clock:22.091 Level:6 elapsed:34.419ms
2019-04-28 14:10:17.063 T:3458011952 ERROR: ffmpeg[CE1D1330]: [aac] channel element 3.5 is not allocated
2019-04-28 14:10:17.063 T:3552891696 DEBUG: CVideoPlayer::ProcessVideoData size:428 dts:30.781 pts:30.781 dur:41.708ms, clock:22.130 level:107
2019-04-28 14:10:17.100 T:3474797360 DEBUG: CVideoPlayerVideo::OutputPicture - ttd:394ms pts:22.523 Clock:22.128 Level:6 elapsed:38.494ms
2019-04-28 14:10:17.104 T:3458011952 DEBUG: ffmpeg[CE1D1330]: [aac] Sample rate index in program config element does not match the sample rate index configured by the container.
2019-04-28 14:10:17.104 T:3552891696 DEBUG: CVideoPlayer::ProcessVideoData size:487 dts:30.822 pts:30.822 dur:41.708ms, clock:22.171 level:106
2019-04-28 14:10:17.104 T:3458011952 DEBUG: ffmpeg[CE1D1330]: [aac] Too large remapped id is not implemented. Update your FFmpeg version to the newest one from Git. If the problem still occurs, it means that your file has a feature which has not been implemented.
2019-04-28 14:10:17.104 T:3458011952 DEBUG: ffmpeg[CE1D1330]: [aac] If you want to help, upload a sample of this file to ftp://upload.ffmpeg.org/incoming/ and contact the ffmpeg-devel mailing list. (ffmpeg-devel@ffmpeg.org)
2019-04-28 14:10:17.141 T:3474797360 DEBUG: CVideoPlayerVideo::OutputPicture - ttd:389ms pts:22.564 Clock:22.175 Level:6 elapsed:33.514ms
2019-04-28 14:10:17.145 T:3458011952 ERROR: ffmpeg[CE1D1330]: [aac] channel element 2.5 is not allocated
2019-04-28 14:10:17.145 T:3552891696 DEBUG: CVideoPlayer::ProcessVideoData size:13728 dts:30.864 pts:30.989 dur:41.708ms, clock:22.212 level:107
2019-04-28 14:10:17.183 T:3474797360 DEBUG: CVideoPlayerVideo::OutputPicture - ttd:393ms pts:22.606 Clock:22.212 Level:6 elapsed:38.093ms
2019-04-28 14:10:17.186 T:3458011952 ERROR: ffmpeg[CE1D1330]: [aac] Prediction is not allowed in AAC-LC.
2019-04-28 14:10:17.186 T:3552891696 DEBUG: CVideoPlayer::ProcessVideoData size:492 dts:30.906 pts:30.906 dur:41.708ms, clock:22.253 level:106
2019-04-28 14:10:17.225 T:3474797360 DEBUG: CVideoPlayerVideo::OutputPicture - ttd:393ms pts:22.648 Clock:22.254 Level:6 elapsed:37.507ms
2019-04-28 14:10:17.227 T:3458011952 DEBUG: ffmpeg[CE1D1330]: [aac] Sample rate index in program config element does not match the sample rate index configured by the container.
2019-04-28 14:10:17.227 T:3552891696 DEBUG: CVideoPlayer::ProcessVideoData size:485 dts:30.948 pts:30.948 dur:41.708ms, clock:22.294 level:106
2019-04-28 14:10:17.227 T:3458011952 ERROR: ffmpeg[CE1D1330]: [aac] Inconsistent channel configuration.
2019-04-28 14:10:17.227 T:3458011952 ERROR: ffmpeg[CE1D1330]: [aac] get_buffer() failed
2019-04-28 14:10:17.267 T:3474797360 DEBUG: CVideoPlayerVideo::OutputPicture - ttd:390ms pts:22.689 Clock:22.299 Level:6 elapsed:35.116ms
2019-04-28 14:10:17.278 T:3552891696 DEBUG: CVideoPlayer::ProcessVideoData size:12439 dts:30.989 pts:31.114 dur:41.708ms, clock:22.345 level:106
2019-04-28 14:10:17.278 T:3458011952 ERROR: ffmpeg[CE1D1330]: [aac] Number of scalefactor bands in group (51) exceeds limit (47).
2019-04-28 14:10:17.308 T:3474797360 DEBUG: CVideoPlayerVideo::OutputPicture - ttd:390ms pts:22.731 Clock:22.341 Level:6 elapsed:34.287ms
2019-04-28 14:10:17.319 T:3458011952 ERROR: ffmpeg[CE1D1330]: [aac] channel element 3.0 is not allocated
2019-04-28 14:10:17.319 T:3552891696 DEBUG: CVideoPlayer::ProcessVideoData size:396 dts:31.031 pts:31.031 dur:41.708ms, clock:22.386 level:107
2019-04-28 14:10:17.350 T:3474797360 DEBUG: CVideoPlayerVideo::OutputPicture - ttd:394ms pts:22.773 Clock:22.378 Level:6 elapsed:38.656ms
2019-04-28 14:10:17.359 T:3458011952 ERROR: ffmpeg[CE1D1330]: [aac] channel element 3.1 is not allocated
2019-04-28 14:10:17.360 T:3552891696 DEBUG: CVideoPlayer::ProcessVideoData size:348 dts:31.073 pts:31.073 dur:41.708ms, clock:22.427 level:106
2019-04-28 14:10:17.392 T:3474797360 DEBUG: CVideoPlayerVideo::OutputPicture - ttd:390ms pts:22.814 Clock:22.424 Level:6 elapsed:35.270ms
2019-04-28 14:10:17.400 T:3458011952 ERROR: ffmpeg[CE1D1330]: [aac] channel element 3.15 is not allocated
2019-04-28 14:10:17.400 T:3552891696 DEBUG: CVideoPlayer::ProcessVideoData size:10614 dts:31.114 pts:31.240 dur:41.708ms, clock:22.468 level:107
2019-04-28 14:10:17.434 T:3474797360 DEBUG: CVideoPlayerVideo::OutputPicture - ttd:394ms pts:22.856 Clock:22.462 Level:6 elapsed:38.712ms
2019-04-28 14:10:17.441 T:3458011952 ERROR: ffmpeg[CE1D1330]: [aac] Reserved bit set.
2019-04-28 14:10:17.441 T:3552891696 DEBUG: CVideoPlayer::ProcessVideoData size:538 dts:31.156 pts:31.156 dur:41.708ms, clock:22.508 level:106
2019-04-28 14:10:17.441 T:3458011952 ERROR: ffmpeg[CE1D1330]: [aac] invalid band type
2019-04-28 14:10:17.475 T:3474797360 DEBUG: CVideoPlayerVideo::OutputPicture - ttd:393ms pts:22.898 Clock:22.504 Level:6 elapsed:38.259ms
2019-04-28 14:10:17.482 T:3458011952 DEBUG: ffmpeg[CE1D1330]: [aac] Sample rate index in program config element does not match the sample rate index configured by the container.
2019-04-28 14:10:17.482 T:3552891696 DEBUG: CVideoPlayer::ProcessVideoData size:492 dts:31.198 pts:31.198 dur:41.708ms, clock:22.549 level:106
2019-04-28 14:10:17.482 T:3458011952 ERROR: ffmpeg[CE1D1330]: [aac] decode_pce: Input buffer exhausted before END element found
2019-04-28 14:10:17.517 T:3474797360 DEBUG: CVideoPlayerVideo::OutputPicture - ttd:391ms pts:22.940 Clock:22.549 Level:6 elapsed:35.380ms
2019-04-28 14:10:17.523 T:3458011952 ERROR: ffmpeg[CE1D1330]: [aac] Reserved bit set.
2019-04-28 14:10:17.523 T:3552891696 DEBUG: CVideoPlayer::ProcessVideoData size:12290 dts:31.240 pts:31.365 dur:41.708ms, clock:22.590 level:106
2019-04-28 14:10:17.523 T:3458011952 ERROR: ffmpeg[CE1D1330]: [aac] Number of bands (56) exceeds limit (40).
2019-04-28 14:10:17.558 T:3474797360 DEBUG: CVideoPlayerVideo::OutputPicture - ttd:392ms pts:22.981 Clock:22.589 Level:6 elapsed:36.003ms
2019-04-28 14:10:17.564 T:3458011952 ERROR: ffmpeg[CE1D1330]: [aac] channel element 2.14 is not allocated
2019-04-28 14:10:17.564 T:3552891696 DEBUG: CVideoPlayer::ProcessVideoData size:452 dts:31.281 pts:31.281 dur:41.708ms, clock:22.631 level:107
2019-04-28 14:10:17.600 T:3474797360 DEBUG: CVideoPlayerVideo::OutputPicture - ttd:394ms pts:23.023 Clock:22.628 Level:6 elapsed:39.331ms
2019-04-28 14:10:17.605 T:3458011952 ERROR: ffmpeg[CE1D1330]: [aac] channel element 3.7 is not allocated
2019-04-28 14:10:17.605 T:3552891696 DEBUG: CVideoPlayer::ProcessVideoData size:488 dts:31.323 pts:31.323 dur:41.708ms, clock:22.672 level:106
2019-04-28 14:10:17.641 T:3474797360 DEBUG: CVideoPlayerVideo::OutputPicture - ttd:392ms pts:23.065 Clock:22.672 Level:6 elapsed:36.212ms
2019-04-28 14:10:17.646 T:3458011952 DEBUG: ffmpeg[CE1D1330]: [aac] Sample rate index in program config element does not match the sample rate index configured by the container.
2019-04-28 14:10:17.646 T:3552891696 DEBUG: CVideoPlayer::ProcessVideoData size:14382 dts:31.365 pts:31.490 dur:41.708ms, clock:22.713 level:107
2019-04-28 14:10:17.646 T:3458011952 ERROR: ffmpeg[CE1D1330]: [aac] Inconsistent channel configuration.
2019-04-28 14:10:17.646 T:3458011952 ERROR: ffmpeg[CE1D1330]: [aac] get_buffer() failed
2019-04-28 14:10:17.683 T:3474797360 DEBUG: CVideoPlayerVideo::OutputPicture - ttd:393ms pts:23.106 Clock:22.713 Level:6 elapsed:37.403ms
2019-04-28 14:10:17.687 T:3458011952 ERROR: ffmpeg[CE1D1330]: [aac] channel element 3.14 is not allocated
2019-04-28 14:10:17.687 T:3552891696 DEBUG: CVideoPlayer::ProcessVideoData size:437 dts:31.406 pts:31.406 dur:41.708ms, clock:22.754 level:106
2019-04-28 14:10:17.725 T:3474797360 DEBUG: CVideoPlayerVideo::OutputPicture - ttd:389ms pts:23.148 Clock:22.758 Level:6 elapsed:33.936ms
2019-04-28 14:10:17.728 T:3458011952 ERROR: ffmpeg[CE1D1330]: [aac] Number of bands (28) exceeds limit (18).
2019-04-28 14:10:17.728 T:3552891696 DEBUG: CVideoPlayer::ProcessVideoData size:450 dts:31.448 pts:31.448 dur:41.708ms, clock:22.795 level:107
2019-04-28 14:10:17.767 T:3474797360 DEBUG: CVideoPlayerVideo::OutputPicture - ttd:394ms pts:23.190 Clock:22.795 Level:6 elapsed:39.241ms
2019-04-28 14:10:17.769 T:3552891696 DEBUG: CVideoPlayer::ProcessVideoData size:11480 dts:31.490 pts:31.615 dur:41.708ms, clock:22.836 level:106
2019-04-28 14:10:17.769 T:3458011952 ERROR: ffmpeg[CE1D1330]: [aac] Number of bands (11) exceeds limit (6).
2019-04-28 14:10:17.808 T:3474797360 DEBUG: CVideoPlayerVideo::OutputPicture - ttd:390ms pts:23.232 Clock:22.841 Level:6 elapsed:34.503ms
2019-04-28 14:10:17.820 T:3458011952 ERROR: ffmpeg[CE1D1330]: [aac] channel element 2.12 is not allocated
2019-04-28 14:10:17.820 T:3552891696 DEBUG: CVideoPlayer::ProcessVideoData size:442 dts:31.532 pts:31.532 dur:41.708ms, clock:22.887 level:107
2019-04-28 14:10:17.850 T:3474797360 DEBUG: CVideoPlayerVideo::OutputPicture - ttd:394ms pts:23.273 Clock:22.879 Level:6 elapsed:38.444ms
2019-04-28 14:10:17.861 T:3552891696 DEBUG: CVideoPlayer::ProcessVideoData size:408 dts:31.573 pts:31.573 dur:41.708ms, clock:22.928 level:106
2019-04-28 14:10:17.892 T:3474797360 DEBUG: CVideoPlayerVideo::OutputPicture - ttd:391ms pts:23.315 Clock:22.923 Level:6 elapsed:35.478ms
2019-04-28 14:10:17.901 T:3458011952 ERROR: ffmpeg[CE1D1330]: [aac] channel element 2.11 is not allocated
2019-04-28 14:10:17.902 T:3552891696 DEBUG: CVideoPlayer::ProcessVideoData size:11984 dts:31.615 pts:31.740 dur:41.708ms, clock:22.969 level:107
2019-04-28 14:10:17.933 T:3474797360 DEBUG: CVideoPlayerVideo::OutputPicture - ttd:394ms pts:23.357 Clock:22.962 Level:6 elapsed:38.626ms
2019-04-28 14:10:17.942 T:3458011952 DEBUG: ffmpeg[CE1D1330]: [aac] Sample rate index in program config element does not match the sample rate index configured by the container.
2019-04-28 14:10:17.942 T:3552891696 DEBUG: CVideoPlayer::ProcessVideoData size:415 dts:31.657 pts:31.657 dur:41.708ms, clock:23.010 level:106
2019-04-28 14:10:17.943 T:3458011952 ERROR: ffmpeg[CE1D1330]: [aac] Inconsistent channel configuration.
2019-04-28 14:10:17.943 T:3458011952 ERROR: ffmpeg[CE1D1330]: [aac] get_buffer() failed
2019-04-28 14:10:17.958 T:3785339696 DEBUG: [plugin.video.netflix (0)] Executing JSON-RPC: {"params": {"playerid": 1, "properties": ["audiostreams", "currentaudiostream", "subtitles", "currentsubtitle", "subtitleenabled", "percentage", "time"]}, "jsonrpc": "2.0", "method": "Player.GetProperties", "id": 1}
2019-04-28 14:10:17.960 T:3785339696 DEBUG: [plugin.video.netflix (0)] Notifying all managers of on_tick (data={u'currentaudiostream': {u'index': 0, u'name': u'AAC ', u'language': u'eng', u'channels': 2, u'codec': u'aac', u'bitrate': 98304}, u'elapsed_seconds': 23, u'time': {u'hours': 0, u'seconds': 23, u'minutes': 0, u'milliseconds': 62}, u'subtitleenabled': True, u'percentage': 0.44893905520439148, u'currentsubtitle': {u'index': 0, u'name': u'', u'language': u'eng'}, u'audiostreams': [{u'index': 0, u'name': u'AAC ', u'language': u'eng', u'channels': 2, u'codec': u'aac', u'bitrate': 98304}, {u'index': 1, u'name': u'AAC ', u'language': u'spa', u'channels': 2, u'codec': u'aac', u'bitrate': 98304}, {u'index': 2, u'name': u'AAC ', u'language': u'fre', u'channels': 2, u'codec': u'aac', u'bitrate': 98304}, {u'index': 3, u'name': u'AAC ', u'language': u'por', u'channels': 2, u'codec': u'aac', u'bitrate': 98304}], u'subtitles': [{u'index': 0, u'name': u'', u'language': u'eng'}, {u'index': 1, u'name': u'', u'language': u'spa'}, {u'index': 2, u'name': u'', u'language': u'spa'}, {u'index': 3, u'name': u'', u'language': u'fre'}, {u'index': 4, u'name': u'', u'language': u'fre'}, {u'index': 5, u'name': u'', u'language': u'por'}]})
2019-04-28 14:10:17.975 T:3474797360 DEBUG: CVideoPlayerVideo::OutputPicture - ttd:394ms pts:23.398 Clock:23.004 Level:6 elapsed:38.621ms
2019-04-28 14:10:17.983 T:3552891696 DEBUG: CVideoPlayer::ProcessVideoData size:450 dts:31.698 pts:31.698 dur:41.708ms, clock:23.051 level:106
2019-04-28 14:10:17.984 T:3458011952 ERROR: ffmpeg[CE1D1330]: [aac] channel element 2.12 is not allocated
2019-04-28 14:10:18.005 T:3576222512 DEBUG: CWebServer[8080]: request received for /jsonrpc
2019-04-28 14:10:18.017 T:3474797360 DEBUG: Previous line repeats 2 times.
2019-04-28 14:10:18.017 T:3474797360 DEBUG: CVideoPlayerVideo::OutputPicture - ttd:392ms pts:23.440 Clock:23.048 Level:6 elapsed:36.224ms
2019-04-28 14:10:18.021 T:3576222512 DEBUG: CWebServer[8080]: request received for /jsonrpc
2019-04-28 14:10:18.024 T:3458011952 ERROR: ffmpeg[CE1D1330]: [aac] invalid band type
2019-04-28 14:10:18.024 T:3552891696 DEBUG: CVideoPlayer::ProcessVideoData size:12746 dts:31.740 pts:31.865 dur:41.708ms, clock:23.091 level:106
2019-04-28 14:10:18.059 T:3474797360 DEBUG: CVideoPlayerVideo::OutputPicture - ttd:390ms pts:23.482 Clock:23.091 Level:6 elapsed:35.545ms
2019-04-28 14:10:18.065 T:3458011952 ERROR: ffmpeg[CE1D1330]: [aac] Prediction is not allowed in AAC-LC.
2019-04-28 14:10:18.065 T:3552891696 DEBUG: CVideoPlayer::ProcessVideoData size:394 dts:31.782 pts:31.782 dur:41.708ms, clock:23.132 level:107
2019-04-28 14:10:18.101 T:3474797360 DEBUG: CVideoPlayerVideo::OutputPicture - ttd:392ms pts:23.523 Clock:23.131 Level:6 elapsed:37.279ms
2019-04-28 14:10:18.106 T:3552891696 DEBUG: CVideoPlayer::ProcessVideoData size:425 dts:31.823 pts:31.823 dur:41.708ms, clock:23.173 level:106
2019-04-28 14:10:18.106 T:3458011952 ERROR: ffmpeg[CE1D1330]: [aac] channel element 3.11 is not allocated
2019-04-28 14:10:18.142 T:3474797360 DEBUG: CVideoPlayerVideo::OutputPicture - ttd:394ms pts:23.565 Clock:23.171 Level:6 elapsed:38.238ms
2019-04-28 14:10:18.147 T:3458011952 ERROR: ffmpeg[CE1D1330]: [aac] Prediction is not allowed in AAC-LC.
2019-04-28 14:10:18.147 T:3552891696 DEBUG: CVideoPlayer::ProcessVideoData size:13795 dts:31.865 pts:31.990 dur:41.708ms, clock:23.214 level:106
2019-04-28 14:10:18.184 T:3474797360 DEBUG: CVideoPlayerVideo::OutputPicture - ttd:389ms pts:23.607 Clock:23.217 Level:6 elapsed:33.770ms
2019-04-28 14:10:18.188 T:3552891696 DEBUG: CVideoPlayer::ProcessVideoData size:432 dts:31.907 pts:31.907 dur:41.708ms, clock:23.255 level:107
2019-04-28 14:10:18.188 T:3458011952 ERROR: ffmpeg[CE1D1330]: [aac] Reserved bit set.
2019-04-28 14:10:18.189 T:3458011952 ERROR: ffmpeg[CE1D1330]: [aac] Number of bands (23) exceeds limit (4).
2019-04-28 14:10:18.226 T:3474797360 DEBUG: CVideoPlayerVideo::OutputPicture - ttd:393ms pts:23.649 Clock:23.255 Level:6 elapsed:37.619ms
2019-04-28 14:10:18.229 T:3458011952 ERROR: ffmpeg[CE1D1330]: [aac] Reserved bit set.
2019-04-28 14:10:18.229 T:3552891696 DEBUG: CVideoPlayer::ProcessVideoData size:430 dts:31.949 pts:31.949 dur:41.708ms, clock:23.296 level:106
2019-04-28 14:10:18.229 T:3458011952 ERROR: ffmpeg[CE1D1330]: [aac] Prediction is not allowed in AAC-LC.
2019-04-28 14:10:18.268 T:3474797360 DEBUG: CVideoPlayerVideo::OutputPicture - ttd:393ms pts:23.690 Clock:23.297 Level:6 elapsed:38.291ms
2019-04-28 14:10:18.270 T:3458011952 ERROR: ffmpeg[CE1D1330]: [aac] channel element 3.10 is not allocated
2019-04-28 14:10:18.272 T:3517969200 DEBUG: CurlFile::ParseAndCorrectUrl() adding custom header option 'Range: bytes=4782894-5063306'
2019-04-28 14:10:18.272 T:3517969200 DEBUG: CurlFile::ParseAndCorrectUrl() adding custom header option 'connection: keep-alive'
2019-04-28 14:10:18.273 T:3517969200 DEBUG: CurlFile::Open(0xe51b2488) http://195.8.12.225/?o=AQHsvJl_EOvSE5TTC4bMd_jEHeSPEPWYqOh8RAVmbt7CBOuYT5VYlLBEmZEOHrgBOyDrYOjO2iHNfpl_cP3gfV8kUOWFG-leEB80dn1b5uAz5vGFWq7Dy_c_ownq5FLF3YlnoMExiAug9_IOqu7r923d64Q4l_0p8QG4lpahucIynSgXubBiaTx6l968bmXFGF43MryiAkvD1dD5j3u_hQ&v=3&e=1556500176&t=XBn9CDz3os3jL_GEmnZeF6gNB3c
2019-04-28 14:10:18.300 T:3552891696 DEBUG: CVideoPlayer::ProcessVideoData size:416 dts:31.990 pts:32.032 dur:41.708ms, clock:23.368 level:106
2019-04-28 14:10:18.309 T:3474797360 DEBUG: CVideoPlayerVideo::OutputPicture - ttd:385ms pts:23.732 Clock:23.346 Level:6 elapsed:30.256ms
2019-04-28 14:10:18.312 T:3466404656 DEBUG: CurlFile::ParseAndCorrectUrl() adding custom header option 'Range: bytes=511584-536427'
2019-04-28 14:10:18.312 T:3466404656 DEBUG: CurlFile::ParseAndCorrectUrl() adding custom header option 'connection: keep-alive'
2019-04-28 14:10:18.312 T:3466404656 DEBUG: CurlFile::Open(0xe5b45420) http://195.8.12.225/?o=AQHsvJl_EOvSE5TTC4bNd__NFO-JEPWYqP98RAVmbt7CBOuYT5VYlLBEmZEOHrgBOyDrYOjO2iHNfpl_cP3gfV8kUOWFG-leEB80dn1b5uAz5vGFWq7Dy_c_ownq5FLF3YlnoMk1n1K7yKkMhNbEvXmPpd0xgv8g8x69ntP3pds0gHtSovUnbSx-hcm2MHyZCVQLaNviCAjXnsu3in0&v=3&e=1556500176&t=SdFHa60Oat9NM19HrSW2B81Yrik
2019-04-28 14:10:18.327 T:3517969200 DEBUG: AddOnLog: InputStream Adaptive: Download http://195.8.12.225/?o=AQHsvJl_EOvSE5TTC4bMd_jEHeSPEPWYqOh8RAVmbt7CBOuYT5VYlLBEmZEOHrgBOyDrYOjO2iHNfpl_cP3gfV8kUOWFG-leEB80dn1b5uAz5vGFWq7Dy_c_ownq5FLF3YlnoMExiAug9_IOqu7r923d64Q4l_0p8QG4lpahucIynSgXubBiaTx6l968bmXFGF43MryiAkvD1dD5j3u_hQ&v=3&e=1556500176&t=XBn9CDz3os3jL_GEmnZeF6gNB3c finished, avg speed: 7004473.51byte/s, current speed: 5192833.00byte/s
2019-04-28 14:10:18.329 T:3466404656 DEBUG: AddOnLog: InputStream Adaptive: Download http://195.8.12.225/?o=AQHsvJl_EOvSE5TTC4bNd__NFO-JEPWYqP98RAVmbt7CBOuYT5VYlLBEmZEOHrgBOyDrYOjO2iHNfpl_cP3gfV8kUOWFG-leEB80dn1b5uAz5vGFWq7Dy_c_ownq5FLF3YlnoMk1n1K7yKkMhNbEvXmPpd0xgv8g8x69ntP3pds0gHtSovUnbSx-hcm2MHyZCVQLaNviCAjXnsu3in0&v=3&e=1556500176&t=SdFHa60Oat9NM19HrSW2B81Yrik finished, avg speed: 6875305.36byte/s, current speed: 1552750.00byte/s
2019-04-28 14:10:18.330 T:3458011952 ERROR: ffmpeg[CE1D1330]: [aac] channel element 3.3 is not allocated
2019-04-28 14:10:18.330 T:3552891696 DEBUG: CVideoPlayer::ProcessVideoData size:63956 dts:32.032 pts:32.074 dur:41.708ms, clock:23.397 level:106
2019-04-28 14:10:18.351 T:3474797360 DEBUG: CVideoPlayerVideo::OutputPicture - ttd:391ms pts:23.774 Clock:23.382 Level:6 elapsed:35.758ms
2019-04-28 14:10:18.361 T:3458011952 ERROR: ffmpeg[CE1D1330]: [aac] channel element 3.3 is not allocated
2019-04-28 14:10:18.361 T:3458011952 ERROR: ffmpeg[CE1D1330]: [aac] Reserved bit set.
2019-04-28 14:10:18.361 T:3552891696 DEBUG: CVideoPlayer::ProcessVideoData size:13242 dts:32.074 pts:32.199 dur:41.708ms, clock:23.429 level:107
2019-04-28 14:10:18.361 T:3458011952 ERROR: ffmpeg[CE1D1330]: [aac] Number of bands (7) exceeds limit (6).
2019-04-28 14:10:18.393 T:3474797360 DEBUG: CVideoPlayerVideo::OutputPicture - ttd:394ms pts:23.815 Clock:23.421 Level:6 elapsed:38.491ms
2019-04-28 14:10:18.402 T:3458011952 ERROR: ffmpeg[CE1D1330]: [aac] channel element 3.2 is not allocated
2019-04-28 14:10:18.402 T:3552891696 DEBUG: CVideoPlayer::ProcessVideoData size:465 dts:32.115 pts:32.115 dur:41.708ms, clock:23.469 level:106
2019-04-28 14:10:18.434 T:3474797360 DEBUG: CVideoPlayerVideo::OutputPicture - ttd:391ms pts:23.857 Clock:23.466 Level:6 elapsed:35.708ms
2019-04-28 14:10:18.443 T:3458011952 ERROR: ffmpeg[CE1D1330]: [aac] Reserved bit set.
2019-04-28 14:10:18.443 T:3552891696 DEBUG: CVideoPlayer::ProcessVideoData size:490 dts:32.157 pts:32.157 dur:41.708ms, clock:23.510 level:106
