2019-04-28 14:10:36.122 T:3552891696 DEBUG: CVideoPlayer::ProcessVideoData size:854 dts:49.841 pts:49.841 dur:41.708ms, clock:41.189 level:106
2019-04-28 14:10:36.161 T:3474797360 DEBUG: CVideoPlayerVideo::OutputPicture - ttd:390ms pts:41.583 Clock:41.193 Level:6 elapsed:35.101ms
2019-04-28 14:10:36.163 T:3458011952 ERROR: ffmpeg[CE1D1330]: [aac] channel element 3.11 is not allocated
2019-04-28 14:10:36.163 T:3552891696 DEBUG: CVideoPlayer::ProcessVideoData size:14308 dts:49.883 pts:50.008 dur:41.708ms, clock:41.230 level:107
2019-04-28 14:10:36.202 T:3474797360 DEBUG: CVideoPlayerVideo::OutputPicture - ttd:394ms pts:41.625 Clock:41.230 Level:6 elapsed:38.720ms
2019-04-28 14:10:36.204 T:3458011952 ERROR: ffmpeg[CE1D1330]: [aac] Prediction is not allowed in AAC-LC.
2019-04-28 14:10:36.204 T:3552891696 DEBUG: CVideoPlayer::ProcessVideoData size:890 dts:49.925 pts:49.925 dur:41.708ms, clock:41.271 level:106
2019-04-28 14:10:36.244 T:3474797360 DEBUG: CVideoPlayerVideo::OutputPicture - ttd:395ms pts:41.667 Clock:41.271 Level:6 elapsed:39.525ms
2019-04-28 14:10:36.255 T:3458011952 ERROR: ffmpeg[CE1D1330]: [aac] channel element 3.14 is not allocated
2019-04-28 14:10:36.255 T:3552891696 DEBUG: CVideoPlayer::ProcessVideoData size:1047 dts:49.967 pts:49.967 dur:41.708ms, clock:41.322 level:106
2019-04-28 14:10:36.286 T:3474797360 DEBUG: CVideoPlayerVideo::OutputPicture - ttd:394ms pts:41.708 Clock:41.314 Level:6 elapsed:39.543ms
2019-04-28 14:10:36.297 T:3466404656 DEBUG: CurlFile::ParseAndCorrectUrl() adding custom header option 'Range: bytes=735649-760503'
2019-04-28 14:10:36.297 T:3466404656 DEBUG: CurlFile::ParseAndCorrectUrl() adding custom header option 'connection: keep-alive'
2019-04-28 14:10:36.297 T:3466404656 DEBUG: CurlFile::Open(0xe5badb60) http://195.8.12.225/?o=AQHsvJl_EOvSE5TTC4bNd__NFO-JEPWYqP98RAVmbt7CBOuYT5VYlLBEmZEOHrgBOyDrYOjO2iHNfpl_cP3gfV8kUOWFG-leEB80dn1b5uAz5vGFWq7Dy_c_ownq5FLF3YlnoMk1n1K7yKkMhNbEvXmPpd0xgv8g8x69ntP3pds0gHtSovUnbSx-hcm2MHyZCVQLaNviCAjXnsu3in0&v=3&e=1556500176&t=SdFHa60Oat9NM19HrSW2B81Yrik
2019-04-28 14:10:36.306 T:3466404656 DEBUG: AddOnLog: InputStream Adaptive: Download http://195.8.12.225/?o=AQHsvJl_EOvSE5TTC4bNd__NFO-JEPWYqP98RAVmbt7CBOuYT5VYlLBEmZEOHrgBOyDrYOjO2iHNfpl_cP3gfV8kUOWFG-leEB80dn1b5uAz5vGFWq7Dy_c_ownq5FLF3YlnoMk1n1K7yKkMhNbEvXmPpd0xgv8g8x69ntP3pds0gHtSovUnbSx-hcm2MHyZCVQLaNviCAjXnsu3in0&v=3&e=1556500176&t=SdFHa60Oat9NM19HrSW2B81Yrik finished, avg speed: 6545056.32byte/s, current speed: 3106875.00byte/s
2019-04-28 14:10:36.306 T:3458011952 ERROR: ffmpeg[CE1D1330]: [aac] channel element 3.7 is not allocated
2019-04-28 14:10:36.307 T:3517969200 DEBUG: CurlFile::ParseAndCorrectUrl() adding custom header option 'Range: bytes=7640467-7895349'
2019-04-28 14:10:36.307 T:3517969200 DEBUG: CurlFile::ParseAndCorrectUrl() adding custom header option 'connection: keep-alive'
2019-04-28 14:10:36.307 T:3517969200 DEBUG: CurlFile::Open(0xe51990d0) http://195.8.12.225/?o=AQHsvJl_EOvSE5TTC4bMd_jEHeSPEPWYqOh8RAVmbt7CBOuYT5VYlLBEmZEOHrgBOyDrYOjO2iHNfpl_cP3gfV8kUOWFG-leEB80dn1b5uAz5vGFWq7Dy_c_ownq5FLF3YlnoMExiAug9_IOqu7r923d64Q4l_0p8QG4lpahucIynSgXubBiaTx6l968bmXFGF43MryiAkvD1dD5j3u_hQ&v=3&e=1556500176&t=XBn9CDz3os3jL_GEmnZeF6gNB3c
2019-04-28 14:10:36.324 T:3552891696 DEBUG: CVideoPlayer::ProcessVideoData size:528 dts:50.008 pts:50.050 dur:41.708ms, clock:41.391 level:106
2019-04-28 14:10:36.329 T:3474797360 DEBUG: CVideoPlayerVideo::OutputPicture - ttd:378ms pts:41.750 Clock:41.372 Level:6 elapsed:23.728ms
2019-04-28 14:10:36.335 T:3458011952 ERROR: ffmpeg[CE1D1330]: [aac] channel element 3.7 is not allocated
2019-04-28 14:10:36.335 T:3552891696 DEBUG: CVideoPlayer::ProcessVideoData size:65563 dts:50.050 pts:50.092 dur:41.708ms, clock:41.403 level:106
2019-04-28 14:10:36.336 T:3458011952 DEBUG: ffmpeg[CE1D1330]: [aac] Sample rate index in program config element does not match the sample rate index configured by the container.
2019-04-28 14:10:36.336 T:3458011952 ERROR: ffmpeg[CE1D1330]: [aac] Number of bands (40) exceeds limit (28).
2019-04-28 14:10:36.337 T:3517969200 DEBUG: AddOnLog: InputStream Adaptive: Download http://195.8.12.225/?o=AQHsvJl_EOvSE5TTC4bMd_jEHeSPEPWYqOh8RAVmbt7CBOuYT5VYlLBEmZEOHrgBOyDrYOjO2iHNfpl_cP3gfV8kUOWFG-leEB80dn1b5uAz5vGFWq7Dy_c_ownq5FLF3YlnoMExiAug9_IOqu7r923d64Q4l_0p8QG4lpahucIynSgXubBiaTx6l968bmXFGF43MryiAkvD1dD5j3u_hQ&v=3&e=1556500176&t=XBn9CDz3os3jL_GEmnZeF6gNB3c finished, avg speed: 7166820.68byte/s, current speed: 9102964.00byte/s
2019-04-28 14:10:36.369 T:3474797360 DEBUG: CVideoPlayerVideo::OutputPicture - ttd:389ms pts:41.792 Clock:41.402 Level:6 elapsed:33.440ms
2019-04-28 14:10:36.376 T:3458011952 ERROR: ffmpeg[CE1D1330]: [aac] channel element 2.8 is not allocated
2019-04-28 14:10:36.377 T:3552891696 DEBUG: CVideoPlayer::ProcessVideoData size:9936 dts:50.092 pts:50.217 dur:41.708ms, clock:41.444 level:107
2019-04-28 14:10:36.411 T:3474797360 DEBUG: CVideoPlayerVideo::OutputPicture - ttd:395ms pts:41.833 Clock:41.438 Level:6 elapsed:39.308ms
2019-04-28 14:10:36.417 T:3458011952 ERROR: ffmpeg[CE1D1330]: [aac] Reserved bit set.
2019-04-28 14:10:36.417 T:3552891696 DEBUG: CVideoPlayer::ProcessVideoData size:474 dts:50.133 pts:50.133 dur:41.708ms, clock:41.484 level:106
2019-04-28 14:10:36.417 T:3458011952 ERROR: ffmpeg[CE1D1330]: [aac] Number of scalefactor bands in group (57) exceeds limit (47).
2019-04-28 14:10:36.453 T:3474797360 DEBUG: CVideoPlayerVideo::OutputPicture - ttd:391ms pts:41.875 Clock:41.484 Level:6 elapsed:35.635ms
2019-04-28 14:10:36.458 T:3552891696 DEBUG: CVideoPlayer::ProcessVideoData size:477 dts:50.175 pts:50.175 dur:41.708ms, clock:41.525 level:107
2019-04-28 14:10:36.490 T:3749888816 NOTICE: ES: Client from ::ffff:192.168.25.111 timed out
2019-04-28 14:10:36.494 T:3474797360 DEBUG: CVideoPlayerVideo::OutputPicture - ttd:394ms pts:41.917 Clock:41.522 Level:6 elapsed:38.703ms
2019-04-28 14:10:36.499 T:3458011952 DEBUG: ffmpeg[CE1D1330]: [aac] Sample rate index in program config element does not match the sample rate index configured by the container.
2019-04-28 14:10:36.499 T:3552891696 DEBUG: CVideoPlayer::ProcessVideoData size:12531 dts:50.217 pts:50.342 dur:41.708ms, clock:41.566 level:106
2019-04-28 14:10:36.499 T:3458011952 ERROR: ffmpeg[CE1D1330]: [aac] Inconsistent channel configuration.
2019-04-28 14:10:36.499 T:3458011952 ERROR: ffmpeg[CE1D1330]: [aac] get_buffer() failed
2019-04-28 14:10:36.536 T:3474797360 DEBUG: CVideoPlayerVideo::OutputPicture - ttd:395ms pts:41.959 Clock:41.563 Level:6 elapsed:39.701ms
2019-04-28 14:10:36.540 T:3458011952 DEBUG: ffmpeg[CE1D1330]: [aac] Sample rate index in program config element does not match the sample rate index configured by the container.
2019-04-28 14:10:36.540 T:3552891696 DEBUG: CVideoPlayer::ProcessVideoData size:531 dts:50.259 pts:50.259 dur:41.708ms, clock:41.607 level:106
2019-04-28 14:10:36.540 T:3458011952 ERROR: ffmpeg[CE1D1330]: [aac] Inconsistent channel configuration.
2019-04-28 14:10:36.540 T:3458011952 ERROR: ffmpeg[CE1D1330]: [aac] get_buffer() failed
2019-04-28 14:10:36.578 T:3474797360 DEBUG: CVideoPlayerVideo::OutputPicture - ttd:391ms pts:42.000 Clock:41.608 Level:6 elapsed:36.379ms
2019-04-28 14:10:36.581 T:3458011952 DEBUG: ffmpeg[CE1D1330]: [aac] Sample rate index in program config element does not match the sample rate index configured by the container.
2019-04-28 14:10:36.581 T:3552891696 DEBUG: CVideoPlayer::ProcessVideoData size:590 dts:50.300 pts:50.300 dur:41.708ms, clock:41.648 level:107
2019-04-28 14:10:36.581 T:3458011952 ERROR: ffmpeg[CE1D1330]: [aac] Inconsistent channel configuration.
2019-04-28 14:10:36.581 T:3458011952 ERROR: ffmpeg[CE1D1330]: [aac] get_buffer() failed
2019-04-28 14:10:36.619 T:3474797360 DEBUG: CVideoPlayerVideo::OutputPicture - ttd:394ms pts:42.042 Clock:41.647 Level:6 elapsed:38.804ms
2019-04-28 14:10:36.622 T:3458011952 ERROR: ffmpeg[CE1D1330]: [aac] Reserved bit set.
2019-04-28 14:10:36.622 T:3552891696 DEBUG: CVideoPlayer::ProcessVideoData size:10640 dts:50.342 pts:50.467 dur:41.708ms, clock:41.689 level:106
2019-04-28 14:10:36.622 T:3458011952 ERROR: ffmpeg[CE1D1330]: [aac] Prediction is not allowed in AAC-LC.
2019-04-28 14:10:36.661 T:3474797360 DEBUG: CVideoPlayerVideo::OutputPicture - ttd:394ms pts:42.084 Clock:41.690 Level:6 elapsed:38.564ms
2019-04-28 14:10:36.663 T:3458011952 DEBUG: ffmpeg[CE1D1330]: [aac] Sample rate index in program config element does not match the sample rate index configured by the container.
2019-04-28 14:10:36.663 T:3552891696 DEBUG: CVideoPlayer::ProcessVideoData size:500 dts:50.384 pts:50.384 dur:41.708ms, clock:41.730 level:106
2019-04-28 14:10:36.663 T:3458011952 ERROR: ffmpeg[CE1D1330]: [aac] Inconsistent channel configuration.
2019-04-28 14:10:36.663 T:3458011952 ERROR: ffmpeg[CE1D1330]: [aac] get_buffer() failed
2019-04-28 14:10:36.702 T:3474797360 DEBUG: CVideoPlayerVideo::OutputPicture - ttd:391ms pts:42.125 Clock:41.734 Level:6 elapsed:35.376ms
2019-04-28 14:10:36.714 T:3458011952 ERROR: ffmpeg[CE1D1330]: [aac] Reserved bit set.
2019-04-28 14:10:36.714 T:3552891696 DEBUG: CVideoPlayer::ProcessVideoData size:659 dts:50.425 pts:50.425 dur:41.708ms, clock:41.781 level:107
2019-04-28 14:10:36.714 T:3458011952 ERROR: ffmpeg[CE1D1330]: [aac] Prediction is not allowed in AAC-LC.
2019-04-28 14:10:36.744 T:3474797360 DEBUG: CVideoPlayerVideo::OutputPicture - ttd:395ms pts:42.167 Clock:41.772 Level:6 elapsed:39.756ms
2019-04-28 14:10:36.755 T:3552891696 DEBUG: CVideoPlayer::ProcessVideoData size:8382 dts:50.467 pts:50.592 dur:41.708ms, clock:41.822 level:106
2019-04-28 14:10:36.755 T:3458011952 ERROR: ffmpeg[CE1D1330]: [aac] channel element 2.12 is not allocated
2019-04-28 14:10:36.786 T:3474797360 DEBUG: CVideoPlayerVideo::OutputPicture - ttd:394ms pts:42.209 Clock:41.814 Level:6 elapsed:39.479ms
2019-04-28 14:10:36.796 T:3458011952 ERROR: ffmpeg[CE1D1330]: [aac] channel element 2.6 is not allocated
2019-04-28 14:10:36.796 T:3552891696 DEBUG: CVideoPlayer::ProcessVideoData size:620 dts:50.509 pts:50.509 dur:41.708ms, clock:41.863 level:106
2019-04-28 14:10:36.827 T:3474797360 DEBUG: CVideoPlayerVideo::OutputPicture - ttd:391ms pts:42.251 Clock:41.859 Level:6 elapsed:35.794ms
2019-04-28 14:10:36.836 T:3458011952 ERROR: ffmpeg[CE1D1330]: [aac] channel element 3.6 is not allocated
2019-04-28 14:10:36.837 T:3552891696 DEBUG: CVideoPlayer::ProcessVideoData size:523 dts:50.550 pts:50.550 dur:41.708ms, clock:41.904 level:107
2019-04-28 14:10:36.869 T:3474797360 DEBUG: CVideoPlayerVideo::OutputPicture - ttd:395ms pts:42.292 Clock:41.897 Level:6 elapsed:39.469ms
2019-04-28 14:10:36.877 T:3458011952 ERROR: ffmpeg[CE1D1330]: [aac] Reserved bit set.
2019-04-28 14:10:36.878 T:3552891696 DEBUG: CVideoPlayer::ProcessVideoData size:10274 dts:50.592 pts:50.717 dur:41.708ms, clock:41.945 level:106
2019-04-28 14:10:36.878 T:3458011952 ERROR: ffmpeg[CE1D1330]: [aac] Prediction is not allowed in AAC-LC.
2019-04-28 14:10:36.911 T:3474797360 DEBUG: CVideoPlayerVideo::OutputPicture - ttd:391ms pts:42.334 Clock:41.943 Level:6 elapsed:35.745ms
2019-04-28 14:10:36.918 T:3458011952 ERROR: ffmpeg[CE1D1330]: [aac] Prediction is not allowed in AAC-LC.
2019-04-28 14:10:36.918 T:3552891696 DEBUG: CVideoPlayer::ProcessVideoData size:569 dts:50.634 pts:50.634 dur:41.708ms, clock:41.986 level:107
2019-04-28 14:10:36.953 T:3474797360 DEBUG: CVideoPlayerVideo::OutputPicture - ttd:394ms pts:42.376 Clock:41.981 Level:6 elapsed:38.891ms
2019-04-28 14:10:36.959 T:3458011952 ERROR: ffmpeg[CE1D1330]: [aac] Prediction is not allowed in AAC-LC.
2019-04-28 14:10:36.959 T:3552891696 DEBUG: CVideoPlayer::ProcessVideoData size:585 dts:50.676 pts:50.676 dur:41.708ms, clock:42.027 level:106
2019-04-28 14:10:36.995 T:3474797360 DEBUG: CVideoPlayerVideo::OutputPicture - ttd:395ms pts:42.417 Clock:42.022 Level:6 elapsed:39.652ms
2019-04-28 14:10:37.000 T:3458011952 ERROR: ffmpeg[CE1D1330]: [aac] channel element 3.9 is not allocated
2019-04-28 14:10:37.001 T:3552891696 DEBUG: CVideoPlayer::ProcessVideoData size:10208 dts:50.717 pts:50.801 dur:41.708ms, clock:42.068 level:106
2019-04-28 14:10:37.026 T:3785339696 DEBUG: [plugin.video.netflix (0)] Executing JSON-RPC: {"params": {"playerid": 1, "properties": ["audiostreams", "currentaudiostream", "subtitles", "currentsubtitle", "subtitleenabled", "percentage", "time"]}, "jsonrpc": "2.0", "method": "Player.GetProperties", "id": 1}
2019-04-28 14:10:37.029 T:3785339696 DEBUG: [plugin.video.netflix (0)] Notifying all managers of on_tick (data={u'currentaudiostream': {u'index': 0, u'name': u'AAC ', u'language': u'eng', u'channels': 2, u'codec': u'aac', u'bitrate': 98304}, u'elapsed_seconds': 42, u'time': {u'hours': 0, u'seconds': 42, u'minutes': 0, u'milliseconds': 4}, u'subtitleenabled': True, u'percentage': 0.81767570972442627, u'currentsubtitle': {u'index': 0, u'name': u'', u'language': u'eng'}, u'audiostreams': [{u'index': 0, u'name': u'AAC ', u'language': u'eng', u'channels': 2, u'codec': u'aac', u'bitrate': 98304}, {u'index': 1, u'name': u'AAC ', u'language': u'spa', u'channels': 2, u'codec': u'aac', u'bitrate': 98304}, {u'index': 2, u'name': u'AAC ', u'language': u'fre', u'channels': 2, u'codec': u'aac', u'bitrate': 98304}, {u'index': 3, u'name': u'AAC ', u'language': u'por', u'channels': 2, u'codec': u'aac', u'bitrate': 98304}], u'subtitles': [{u'index': 0, u'name': u'', u'language': u'eng'}, {u'index': 1, u'name': u'', u'language': u'spa'}, {u'index': 2, u'name': u'', u'language': u'spa'}, {u'index': 3, u'name': u'', u'language': u'fre'}, {u'index': 4, u'name': u'', u'language': u'fre'}, {u'index': 5, u'name': u'', u'language': u'por'}]})
2019-04-28 14:10:37.036 T:3474797360 DEBUG: CVideoPlayerVideo::OutputPicture - ttd:391ms pts:42.459 Clock:42.068 Level:6 elapsed:35.098ms
2019-04-28 14:10:37.039 T:3576222512 DEBUG: CWebServer[8080]: request received for /jsonrpc
2019-04-28 14:10:37.042 T:3458011952 ERROR: ffmpeg[CE1D1330]: [aac] Reserved bit set.
2019-04-28 14:10:37.042 T:3552891696 DEBUG: CVideoPlayer::ProcessVideoData size:633 dts:50.759 pts:50.759 dur:41.708ms, clock:42.109 level:107
2019-04-28 14:10:37.042 T:3458011952 ERROR: ffmpeg[CE1D1330]: [aac] Number of bands (26) exceeds limit (16).
2019-04-28 14:10:37.043 T:3576222512 DEBUG: CWebServer[8080]: request received for /jsonrpc
2019-04-28 14:10:37.078 T:3474797360 DEBUG: Previous line repeats 2 times.
2019-04-28 14:10:37.078 T:3474797360 DEBUG: CVideoPlayerVideo::OutputPicture - ttd:395ms pts:42.501 Clock:42.106 Level:6 elapsed:39.232ms
2019-04-28 14:10:37.083 T:3458011952 ERROR: ffmpeg[CE1D1330]: [aac] Reserved bit set.
2019-04-28 14:10:37.083 T:3552891696 DEBUG: CVideoPlayer::ProcessVideoData size:9891 dts:50.801 pts:50.926 dur:41.708ms, clock:42.150 level:106
2019-04-28 14:10:37.083 T:3458011952 ERROR: ffmpeg[CE1D1330]: [aac] Prediction is not allowed in AAC-LC.
2019-04-28 14:10:37.120 T:3474797360 DEBUG: CVideoPlayerVideo::OutputPicture - ttd:395ms pts:42.542 Clock:42.147 Level:6 elapsed:39.372ms
2019-04-28 14:10:37.124 T:3458011952 ERROR: ffmpeg[CE1D1330]: [aac] channel element 3.12 is not allocated
2019-04-28 14:10:37.124 T:3552891696 DEBUG: CVideoPlayer::ProcessVideoData size:632 dts:50.842 pts:50.842 dur:41.708ms, clock:42.191 level:106
2019-04-28 14:10:37.162 T:3474797360 DEBUG: CVideoPlayerVideo::OutputPicture - ttd:391ms pts:42.584 Clock:42.192 Level:6 elapsed:36.525ms
2019-04-28 14:10:37.165 T:3458011952 ERROR: ffmpeg[CE1D1330]: [aac] channel element 2.8 is not allocated
2019-04-28 14:10:37.165 T:3552891696 DEBUG: CVideoPlayer::ProcessVideoData size:587 dts:50.884 pts:50.884 dur:41.708ms, clock:42.232 level:107
2019-04-28 14:10:37.203 T:3474797360 DEBUG: CVideoPlayerVideo::OutputPicture - ttd:394ms pts:42.626 Clock:42.231 Level:6 elapsed:39.033ms
2019-04-28 14:10:37.206 T:3458011952 DEBUG: ffmpeg[CE1D1330]: [aac] Sample rate index in program config element does not match the sample rate index configured by the container.
2019-04-28 14:10:37.206 T:3458011952 ERROR: ffmpeg[CE1D1330]: [aac] Inconsistent channel configuration.
2019-04-28 14:10:37.206 T:3552891696 DEBUG: CVideoPlayer::ProcessVideoData size:10296 dts:50.926 pts:51.051 dur:41.708ms, clock:42.273 level:106
2019-04-28 14:10:37.206 T:3458011952 ERROR: ffmpeg[CE1D1330]: [aac] get_buffer() failed
2019-04-28 14:10:37.245 T:3474797360 DEBUG: CVideoPlayerVideo::OutputPicture - ttd:394ms pts:42.668 Clock:42.273 Level:6 elapsed:38.960ms
2019-04-28 14:10:37.247 T:3458011952 ERROR: ffmpeg[CE1D1330]: [aac] Prediction is not allowed in AAC-LC.
2019-04-28 14:10:37.247 T:3552891696 DEBUG: CVideoPlayer::ProcessVideoData size:615 dts:50.968 pts:50.968 dur:41.708ms, clock:42.314 level:106
2019-04-28 14:10:37.287 T:3474797360 DEBUG: CVideoPlayerVideo::OutputPicture - ttd:392ms pts:42.709 Clock:42.317 Level:6 elapsed:37.278ms
2019-04-28 14:10:37.298 T:3458011952 ERROR: ffmpeg[CE1D1330]: [aac] Reserved bit set.
2019-04-28 14:10:37.298 T:3552891696 DEBUG: CVideoPlayer::ProcessVideoData size:604 dts:51.009 pts:51.009 dur:41.708ms, clock:42.365 level:107
2019-04-28 14:10:37.298 T:3458011952 ERROR: ffmpeg[CE1D1330]: [aac] Prediction is not allowed in AAC-LC.
2019-04-28 14:10:37.328 T:3474797360 DEBUG: CVideoPlayerVideo::OutputPicture - ttd:394ms pts:42.751 Clock:42.357 Level:6 elapsed:38.506ms
2019-04-28 14:10:37.339 T:3458011952 ERROR: ffmpeg[CE1D1330]: [aac] Reserved bit set.
2019-04-28 14:10:37.339 T:3552891696 DEBUG: CVideoPlayer::ProcessVideoData size:11381 dts:51.051 pts:51.176 dur:41.708ms, clock:42.406 level:106
2019-04-28 14:10:37.339 T:3458011952 ERROR: ffmpeg[CE1D1330]: [aac] Number of scalefactor bands in group (56) exceeds limit (47).
2019-04-28 14:10:37.370 T:3474797360 DEBUG: CVideoPlayerVideo::OutputPicture - ttd:395ms pts:42.793 Clock:42.398 Level:6 elapsed:39.493ms
2019-04-28 14:10:37.380 T:3458011952 ERROR: ffmpeg[CE1D1330]: [aac] Number of bands (4) exceeds limit (2).
2019-04-28 14:10:37.380 T:3552891696 DEBUG: CVideoPlayer::ProcessVideoData size:650 dts:51.093 pts:51.093 dur:41.708ms, clock:42.447 level:106
2019-04-28 14:10:37.412 T:3474797360 DEBUG: CVideoPlayerVideo::OutputPicture - ttd:391ms pts:42.834 Clock:42.443 Level:6 elapsed:36.305ms
2019-04-28 14:10:37.421 T:3458011952 ERROR: ffmpeg[CE1D1330]: [aac] Number of scalefactor bands in group (62) exceeds limit (47).
2019-04-28 14:10:37.421 T:3552891696 DEBUG: CVideoPlayer::ProcessVideoData size:574 dts:51.134 pts:51.134 dur:41.708ms, clock:42.488 level:107
2019-04-28 14:10:37.454 T:3474797360 DEBUG: CVideoPlayerVideo::OutputPicture - ttd:394ms pts:42.876 Clock:42.481 Level:6 elapsed:39.231ms
2019-04-28 14:10:37.462 T:3458011952 ERROR: ffmpeg[CE1D1330]: [aac] channel element 2.13 is not allocated
2019-04-28 14:10:37.462 T:3552891696 DEBUG: CVideoPlayer::ProcessVideoData size:10451 dts:51.176 pts:51.301 dur:41.708ms, clock:42.529 level:106
2019-04-28 14:10:37.495 T:3474797360 DEBUG: CVideoPlayerVideo::OutputPicture - ttd:394ms pts:42.918 Clock:42.523 Level:6 elapsed:38.982ms
2019-04-28 14:10:37.503 T:3458011952 ERROR: ffmpeg[CE1D1330]: [aac] Reserved bit set.
2019-04-28 14:10:37.503 T:3552891696 DEBUG: CVideoPlayer::ProcessVideoData size:632 dts:51.218 pts:51.218 dur:41.708ms, clock:42.570 level:106
2019-04-28 14:10:37.503 T:3458011952 ERROR: ffmpeg[CE1D1330]: [aac] Number of bands (13) exceeds limit (12).
2019-04-28 14:10:37.536 T:3474797360 DEBUG: CVideoPlayerVideo::OutputPicture - ttd:391ms pts:42.960 Clock:42.568 Level:6 elapsed:35.822ms
2019-04-28 14:10:37.544 T:3458011952 ERROR: ffmpeg[CE1D1330]: [aac] Reserved bit set.
2019-04-28 14:10:37.544 T:3458011952 ERROR: ffmpeg[CE1D1330]: [aac] Prediction is not allowed in AAC-LC.
2019-04-28 14:10:37.544 T:3552891696 DEBUG: CVideoPlayer::ProcessVideoData size:601 dts:51.260 pts:51.260 dur:41.708ms, clock:42.611 level:107
2019-04-28 14:10:37.579 T:3474797360 DEBUG: CVideoPlayerVideo::OutputPicture - ttd:395ms pts:43.001 Clock:42.606 Level:6 elapsed:39.630ms
2019-04-28 14:10:37.585 T:3458011952 ERROR: ffmpeg[CE1D1330]: [aac] channel element 2.10 is not allocated
2019-04-28 14:10:37.585 T:3552891696 DEBUG: CVideoPlayer::ProcessVideoData size:9997 dts:51.301 pts:51.426 dur:41.708ms, clock:42.652 level:106
2019-04-28 14:10:37.620 T:3474797360 DEBUG: CVideoPlayerVideo::OutputPicture - ttd:394ms pts:43.043 Clock:42.648 Level:6 elapsed:39.026ms
2019-04-28 14:10:37.626 T:3458011952 ERROR: ffmpeg[CE1D1330]: [aac] skip_data_stream_element: Input buffer exhausted before END element found
2019-04-28 14:10:37.626 T:3552891696 DEBUG: CVideoPlayer::ProcessVideoData size:624 dts:51.343 pts:51.343 dur:41.708ms, clock:42.693 level:106
2019-04-28 14:10:37.662 T:3474797360 DEBUG: CVideoPlayerVideo::OutputPicture - ttd:392ms pts:43.085 Clock:42.692 Level:6 elapsed:36.676ms
2019-04-28 14:10:37.666 T:3458011952 ERROR: ffmpeg[CE1D1330]: [aac] channel element 3.6 is not allocated
2019-04-28 14:10:37.667 T:3552891696 DEBUG: CVideoPlayer::ProcessVideoData size:587 dts:51.385 pts:51.385 dur:41.708ms, clock:42.734 level:107
2019-04-28 14:10:37.704 T:3474797360 DEBUG: CVideoPlayerVideo::OutputPicture - ttd:395ms pts:43.126 Clock:42.731 Level:6 elapsed:39.520ms
2019-04-28 14:10:37.707 T:3458011952 ERROR: ffmpeg[CE1D1330]: [aac] channel element 3.11 is not allocated
2019-04-28 14:10:37.708 T:3552891696 DEBUG: CVideoPlayer::ProcessVideoData size:11132 dts:51.426 pts:51.551 dur:41.708ms, clock:42.775 level:106
2019-04-28 14:10:37.746 T:3474797360 DEBUG: CVideoPlayerVideo::OutputPicture - ttd:391ms pts:43.168 Clock:42.777 Level:6 elapsed:35.958ms
2019-04-28 14:10:37.749 T:3458011952 ERROR: ffmpeg[CE1D1330]: [aac] channel element 3.14 is not allocated
2019-04-28 14:10:37.749 T:3552891696 DEBUG: CVideoPlayer::ProcessVideoData size:659 dts:51.468 pts:51.468 dur:41.708ms, clock:42.816 level:107
2019-04-28 14:10:37.787 T:3474797360 DEBUG: CVideoPlayerVideo::OutputPicture - ttd:394ms pts:43.210 Clock:42.816 Level:6 elapsed:37.975ms
2019-04-28 14:10:37.789 T:3458011952 ERROR: ffmpeg[CE1D1330]: [aac] Prediction is not allowed in AAC-LC.
2019-04-28 14:10:37.790 T:3552891696 DEBUG: CVideoPlayer::ProcessVideoData size:715 dts:51.510 pts:51.510 dur:41.708ms, clock:42.857 level:106
2019-04-28 14:10:37.828 T:3474797360 DEBUG: CVideoPlayerVideo::OutputPicture - ttd:395ms pts:43.252 Clock:42.856 Level:6 elapsed:39.401ms
2019-04-28 14:10:37.830 T:3458011952 ERROR: ffmpeg[CE1D1330]: [aac] Number of bands (13) exceeds limit (9).
2019-04-28 14:10:37.831 T:3552891696 DEBUG: CVideoPlayer::ProcessVideoData size:12476 dts:51.551 pts:51.677 dur:41.708ms, clock:42.898 level:106
2019-04-28 14:10:37.870 T:3474797360 DEBUG: CVideoPlayerVideo::OutputPicture - ttd:391ms pts:43.293 Clock:42.901 Level:6 elapsed:35.986ms
2019-04-28 14:10:37.881 T:3458011952 DEBUG: ffmpeg[CE1D1330]: [aac] Sample rate index in program config element does not match the sample rate index configured by the container.
2019-04-28 14:10:37.882 T:3552891696 DEBUG: CVideoPlayer::ProcessVideoData size:673 dts:51.593 pts:51.593 dur:41.708ms, clock:42.949 level:107
2019-04-28 14:10:37.882 T:3458011952 DEBUG: ffmpeg[CE1D1330]: [aac] Too large remapped id is not implemented. Update your FFmpeg version to the newest one from Git. If the problem still occurs, it means that your file has a feature which has not been implemented.
2019-04-28 14:10:37.882 T:3458011952 DEBUG: ffmpeg[CE1D1330]: [aac] If you want to help, upload a sample of this file to ftp://upload.ffmpeg.org/incoming/ and contact the ffmpeg-devel mailing list. (ffmpeg-devel@ffmpeg.org)
2019-04-28 14:10:37.912 T:3474797360 DEBUG: CVideoPlayerVideo::OutputPicture - ttd:394ms pts:43.335 Clock:42.940 Level:6 elapsed:39.089ms
2019-04-28 14:10:37.922 T:3458011952 ERROR: ffmpeg[CE1D1330]: [aac] Reserved bit set.
2019-04-28 14:10:37.923 T:3458011952 ERROR: ffmpeg[CE1D1330]: [aac] Prediction is not allowed in AAC-LC.
2019-04-28 14:10:37.923 T:3552891696 DEBUG: CVideoPlayer::ProcessVideoData size:586 dts:51.635 pts:51.635 dur:41.708ms, clock:42.990 level:106
2019-04-28 14:10:37.953 T:3474797360 DEBUG: CVideoPlayerVideo::OutputPicture - ttd:395ms pts:43.377 Clock:42.982 Level:6 elapsed:38.950ms
2019-04-28 14:10:37.963 T:3458011952 ERROR: ffmpeg[CE1D1330]: [aac] Prediction is not allowed in AAC-LC.
2019-04-28 14:10:37.963 T:3552891696 DEBUG: CVideoPlayer::ProcessVideoData size:10321 dts:51.677 pts:51.802 dur:41.708ms, clock:43.031 level:106
2019-04-28 14:10:37.996 T:3474797360 DEBUG: CVideoPlayerVideo::OutputPicture - ttd:392ms pts:43.418 Clock:43.026 Level:6 elapsed:37.174ms
2019-04-28 14:10:38.004 T:3552891696 DEBUG: CVideoPlayer::ProcessVideoData size:663 dts:51.718 pts:51.718 dur:41.708ms, clock:43.071 level:107
2019-04-28 14:10:38.005 T:3458011952 ERROR: ffmpeg[CE1D1330]: [aac] Prediction is not allowed in AAC-LC.
2019-04-28 14:10:38.030 T:3785339696 DEBUG: [plugin.video.netflix (0)] Executing JSON-RPC: {"params": {"playerid": 1, "properties": ["audiostreams", "currentaudiostream", "subtitles", "currentsubtitle", "subtitleenabled", "percentage", "time"]}, "jsonrpc": "2.0", "method": "Player.GetProperties", "id": 1}
2019-04-28 14:10:38.032 T:3785339696 DEBUG: [plugin.video.netflix (0)] Notifying all managers of on_tick (data={u'currentaudiostream': {u'index': 0, u'name': u'AAC ', u'language': u'eng', u'channels': 2, u'codec': u'aac', u'bitrate': 98304}, u'elapsed_seconds': 43, u'time': {u'hours': 0, u'seconds': 43, u'minutes': 0, u'milliseconds': 154}, u'subtitleenabled': True, u'percentage': 0.84006232023239136, u'currentsubtitle': {u'index': 0, u'name': u'', u'language': u'eng'}, u'audiostreams': [{u'index': 0, u'name': u'AAC ', u'language': u'eng', u'channels': 2, u'codec': u'aac', u'bitrate': 98304}, {u'index': 1, u'name': u'AAC ', u'language': u'spa', u'channels': 2, u'codec': u'aac', u'bitrate': 98304}, {u'index': 2, u'name': u'AAC ', u'language': u'fre', u'channels': 2, u'codec': u'aac', u'bitrate': 98304}, {u'index': 3, u'name': u'AAC ', u'language': u'por', u'channels': 2, u'codec': u'aac', u'bitrate': 98304}], u'subtitles': [{u'index': 0, u'name': u'', u'language': u'eng'}, {u'index': 1, u'name': u'', u'language': u'spa'}, {u'index': 2, u'name': u'', u'language': u'spa'}, {u'index': 3, u'name': u'', u'language': u'fre'}, {u'index': 4, u'name': u'', u'language': u'fre'}, {u'index': 5, u'name': u'', u'language': u'por'}]})
2019-04-28 14:10:38.038 T:3474797360 DEBUG: CVideoPlayerVideo::OutputPicture - ttd:394ms pts:43.460 Clock:43.065 Level:6 elapsed:39.152ms
2019-04-28 14:10:38.045 T:3458011952 DEBUG: ffmpeg[CE1D1330]: [aac] Sample rate index in program config element does not match the sample rate index configured by the container.
2019-04-28 14:10:38.045 T:3552891696 DEBUG: CVideoPlayer::ProcessVideoData size:657 dts:51.760 pts:51.760 dur:41.708ms, clock:43.112 level:106
2019-04-28 14:10:38.045 T:3458011952 ERROR: ffmpeg[CE1D1330]: [aac] Inconsistent channel configuration.
2019-04-28 14:10:38.045 T:3458011952 ERROR: ffmpeg[CE1D1330]: [aac] get_buffer() failed
2019-04-28 14:10:38.079 T:3474797360 DEBUG: CVideoPlayerVideo::OutputPicture - ttd:394ms pts:43.502 Clock:43.108 Level:6 elapsed:38.396ms
2019-04-28 14:10:38.086 T:3458011952 ERROR: ffmpeg[CE1D1330]: [aac] channel element 3.6 is not allocated
2019-04-28 14:10:38.086 T:3552891696 DEBUG: CVideoPlayer::ProcessVideoData size:10046 dts:51.802 pts:51.927 dur:41.708ms, clock:43.153 level:106
2019-04-28 14:10:38.121 T:3474797360 DEBUG: CVideoPlayerVideo::OutputPicture - ttd:391ms pts:43.544 Clock:43.152 Level:6 elapsed:36.128ms
2019-04-28 14:10:38.127 T:3458011952 ERROR: ffmpeg[CE1D1330]: [aac] channel element 3.12 is not allocated
2019-04-28 14:10:38.127 T:3552891696 DEBUG: CVideoPlayer::ProcessVideoData size:660 dts:51.843 pts:51.843 dur:41.708ms, clock:43.194 level:107
2019-04-28 14:10:38.163 T:3474797360 DEBUG: CVideoPlayerVideo::OutputPicture - ttd:394ms pts:43.585 Clock:43.191 Level:6 elapsed:39.049ms
2019-04-28 14:10:38.168 T:3458011952 DEBUG: ffmpeg[CE1D1330]: [aac] Sample rate index in program config element does not match the sample rate index configured by the container.
2019-04-28 14:10:38.168 T:3552891696 DEBUG: CVideoPlayer::ProcessVideoData size:738 dts:51.885 pts:51.885 dur:41.708ms, clock:43.235 level:106
2019-04-28 14:10:38.168 T:3458011952 DEBUG: ffmpeg[CE1D1330]: [aac] Too large remapped id is not implemented. Update your FFmpeg version to the newest one from Git. If the problem still occurs, it means that your file has a feature which has not been implemented.
2019-04-28 14:10:38.168 T:3458011952 DEBUG: ffmpeg[CE1D1330]: [aac] If you want to help, upload a sample of this file to ftp://upload.ffmpeg.org/incoming/ and contact the ffmpeg-devel mailing list. (ffmpeg-devel@ffmpeg.org)
2019-04-28 14:10:38.204 T:3474797360 DEBUG: CVideoPlayerVideo::OutputPicture - ttd:394ms pts:43.627 Clock:43.232 Level:6 elapsed:38.902ms
2019-04-28 14:10:38.209 T:3458011952 ERROR: ffmpeg[CE1D1330]: [aac] Number of scalefactor bands in group (52) exceeds limit (47).
2019-04-28 14:10:38.209 T:3552891696 DEBUG: CVideoPlayer::ProcessVideoData size:10410 dts:51.927 pts:52.052 dur:41.708ms, clock:43.276 level:106
2019-04-28 14:10:38.246 T:3474797360 DEBUG: CVideoPlayerVideo::OutputPicture - ttd:394ms pts:43.669 Clock:43.274 Level:6 elapsed:39.433ms
2019-04-28 14:10:38.250 T:3458011952 ERROR: ffmpeg[CE1D1330]: [aac] Reserved bit set.
2019-04-28 14:10:38.250 T:3552891696 DEBUG: CVideoPlayer::ProcessVideoData size:700 dts:51.969 pts:51.969 dur:41.708ms, clock:43.317 level:107
2019-04-28 14:10:38.250 T:3458011952 ERROR: ffmpeg[CE1D1330]: [aac] Prediction is not allowed in AAC-LC.
2019-04-28 14:10:38.287 T:3474797360 DEBUG: CVideoPlayerVideo::OutputPicture - ttd:394ms pts:43.710 Clock:43.316 Level:6 elapsed:38.771ms
2019-04-28 14:10:38.293 T:3517969200 DEBUG: CurlFile::ParseAndCorrectUrl() adding custom header option 'Range: bytes=7895350-8126031'
2019-04-28 14:10:38.293 T:3517969200 DEBUG: CurlFile::ParseAndCorrectUrl() adding custom header option 'connection: keep-alive'
2019-04-28 14:10:38.293 T:3517969200 DEBUG: CurlFile::Open(0xe5167818) http://195.8.12.225/?o=AQHsvJl_EOvSE5TTC4bMd_jEHeSPEPWYqOh8RAVmbt7CBOuYT5VYlLBEmZEOHrgBOyDrYOjO2iHNfpl_cP3gfV8kUOWFG-leEB80dn1b5uAz5vGFWq7Dy_c_ownq5FLF3YlnoMExiAug9_IOqu7r923d64Q4l_0p8QG4lpahucIynSgXubBiaTx6l968bmXFGF43MryiAkvD1dD5j3u_hQ&v=3&e=1556500176&t=XBn9CDz3os3jL_GEmnZeF6gNB3c
2019-04-28 14:10:38.308 T:3552891696 DEBUG: CVideoPlayer::ProcessVideoData size:757 dts:52.010 pts:52.010 dur:41.708ms, clock:43.376 level:106
2019-04-28 14:10:38.321 T:3517969200 DEBUG: AddOnLog: InputStream Adaptive: Download http://195.8.12.225/?o=AQHsvJl_EOvSE5TTC4bMd_jEHeSPEPWYqOh8RAVmbt7CBOuYT5VYlLBEmZEOHrgBOyDrYOjO2iHNfpl_cP3gfV8kUOWFG-leEB80dn1b5uAz5vGFWq7Dy_c_ownq5FLF3YlnoMExiAug9_IOqu7r923d64Q4l_0p8QG4lpahucIynSgXubBiaTx6l968bmXFGF43MryiAkvD1dD5j3u_hQ&v=3&e=1556500176&t=XBn9CDz3os3jL_GEmnZeF6gNB3c finished, avg speed: 7402616.55byte/s, current speed: 8238642.00byte/s
2019-04-28 14:10:38.329 T:3474797360 DEBUG: CVideoPlayerVideo::OutputPicture - ttd:380ms pts:43.752 Clock:43.371 Level:6 elapsed:25.065ms
2019-04-28 14:10:38.340 T:3466404656 DEBUG: CurlFile::ParseAndCorrectUrl() adding custom header option 'Range: bytes=760504-785468'
2019-04-28 14:10:38.340 T:3466404656 DEBUG: CurlFile::ParseAndCorrectUrl() adding custom header option 'connection: keep-alive'
2019-04-28 14:10:38.340 T:3466404656 DEBUG: CurlFile::Open(0xe5b4dd78) http://195.8.12.225/?o=AQHsvJl_EOvSE5TTC4bNd__NFO-JEPWYqP98RAVmbt7CBOuYT5VYlLBEmZEOHrgBOyDrYOjO2iHNfpl_cP3gfV8kUOWFG-leEB80dn1b5uAz5vGFWq7Dy_c_ownq5FLF3YlnoMk1n1K7yKkMhNbEvXmPpd0xgv8g8x69ntP3pds0gHtSovUnbSx-hcm2MHyZCVQLaNviCAjXnsu3in0&v=3&e=1556500176&t=SdFHa60Oat9NM19HrSW2B81Yrik
2019-04-28 14:10:38.350 T:3466404656 DEBUG: AddOnLog: InputStream Adaptive: Download http://195.8.12.225/?o=AQHsvJl_EOvSE5TTC4bNd__NFO-JEPWYqP98RAVmbt7CBOuYT5VYlLBEmZEOHrgBOyDrYOjO2iHNfpl_cP3gfV8kUOWFG-leEB80dn1b5uAz5vGFWq7Dy_c_ownq5FLF3YlnoMk1n1K7yKkMhNbEvXmPpd0xgv8g8x69ntP3pds0gHtSovUnbSx-hcm2MHyZCVQLaNviCAjXnsu3in0&v=3&e=1556500176&t=SdFHa60Oat9NM19HrSW2B81Yrik finished, avg speed: 7292413.56byte/s, current speed: 2773888.00byte/s
2019-04-28 14:10:38.350 T:3458011952 DEBUG: ffmpeg[CE1D1330]: [aac] Sample rate index in program config element does not match the sample rate index configured by the container.
2019-04-28 14:10:38.351 T:3458011952 ERROR: ffmpeg[CE1D1330]: [aac] Inconsistent channel configuration.
2019-04-28 14:10:38.351 T:3458011952 ERROR: ffmpeg[CE1D1330]: [aac] get_buffer() failed
2019-04-28 14:10:38.351 T:3552891696 DEBUG: CVideoPlayer::ProcessVideoData size:48582 dts:52.052 pts:52.094 dur:41.708ms, clock:43.418 level:106
2019-04-28 14:10:38.371 T:3474797360 DEBUG: CVideoPlayerVideo::OutputPicture - ttd:391ms pts:43.794 Clock:43.402 Level:6 elapsed:35.358ms
2019-04-28 14:10:38.381 T:3458011952 DEBUG: ffmpeg[CE1D1330]: [aac] Sample rate index in program config element does not match the sample rate index configured by the container.
2019-04-28 14:10:38.382 T:3458011952 ERROR: ffmpeg[CE1D1330]: [aac] Inconsistent channel configuration.
2019-04-28 14:10:38.382 T:3458011952 ERROR: ffmpeg[CE1D1330]: [aac] get_buffer() failed
2019-04-28 14:10:38.382 T:3552891696 DEBUG: CVideoPlayer::ProcessVideoData size:8320 dts:52.094 pts:52.219 dur:41.708ms, clock:43.449 level:107
2019-04-28 14:10:38.382 T:3458011952 ERROR: ffmpeg[CE1D1330]: [aac] Reserved bit set.
2019-04-28 14:10:38.382 T:3458011952 ERROR: ffmpeg[CE1D1330]: [aac] invalid band type
2019-04-28 14:10:38.413 T:3474797360 DEBUG: CVideoPlayerVideo::OutputPicture - ttd:395ms pts:43.835 Clock:43.440 Level:6 elapsed:39.352ms
2019-04-28 14:10:38.423 T:3458011952 ERROR: ffmpeg[CE1D1330]: [aac] channel element 3.4 is not allocated
2019-04-28 14:10:38.423 T:3552891696 DEBUG: CVideoPlayer::ProcessVideoData size:689 dts:52.135 pts:52.135 dur:41.708ms, clock:43.490 level:106
2019-04-28 14:10:38.455 T:3474797360 DEBUG: CVideoPlayerVideo::OutputPicture - ttd:394ms pts:43.877 Clock:43.483 Level:6 elapsed:38.875ms
2019-04-28 14:10:38.463 T:3458011952 ERROR: ffmpeg[CE1D1330]: [aac] Reserved bit set.
2019-04-28 14:10:38.464 T:3458011952 ERROR: ffmpeg[CE1D1330]: [aac] Prediction is not allowed in AAC-LC.
2019-04-28 14:10:38.464 T:3552891696 DEBUG: CVideoPlayer::ProcessVideoData size:682 dts:52.177 pts:52.177 dur:41.708ms, clock:43.531 level:106
2019-04-28 14:10:38.496 T:3474797360 DEBUG: CVideoPlayerVideo::OutputPicture - ttd:391ms pts:43.919 Clock:43.528 Level:6 elapsed:35.162ms
2019-04-28 14:10:38.504 T:3458011952 DEBUG: ffmpeg[CE1D1330]: [aac] Sample rate index in program config element does not match the sample rate index configured by the container.
2019-04-28 14:10:38.505 T:3552891696 DEBUG: CVideoPlayer::ProcessVideoData size:9494 dts:52.219 pts:52.302 dur:41.708ms, clock:43.572 level:107
2019-04-28 14:10:38.505 T:3458011952 ERROR: ffmpeg[CE1D1330]: [aac] Inconsistent channel configuration.
2019-04-28 14:10:38.505 T:3458011952 ERROR: ffmpeg[CE1D1330]: [aac] get_buffer() failed
2019-04-28 14:10:38.538 T:3474797360 DEBUG: CVideoPlayerVideo::OutputPicture - ttd:393ms pts:43.961 Clock:43.567 Level:6 elapsed:37.862ms
2019-04-28 14:10:38.546 T:3458011952 ERROR: ffmpeg[CE1D1330]: [aac] channel element 2.3 is not allocated
2019-04-28 14:10:38.546 T:3552891696 DEBUG: CVideoPlayer::ProcessVideoData size:736 dts:52.261 pts:52.261 dur:41.708ms, clock:43.613 level:106
2019-04-28 14:10:38.579 T:3474797360 DEBUG: CVideoPlayerVideo::OutputPicture - ttd:394ms pts:44.002 Clock:43.608 Level:6 elapsed:38.840ms
2019-04-28 14:10:38.586 T:3458011952 ERROR: ffmpeg[CE1D1330]: [aac] channel element 2.3 is not allocated
2019-04-28 14:10:38.587 T:3552891696 DEBUG: CVideoPlayer::ProcessVideoData size:9119 dts:52.302 pts:52.427 dur:41.708ms, clock:43.654 level:106
2019-04-28 14:10:38.621 T:3474797360 DEBUG: CVideoPlayerVideo::OutputPicture - ttd:392ms pts:44.044 Clock:43.652 Level:6 elapsed:36.658ms
2019-04-28 14:10:38.624 T:3576222512 DEBUG: CWebServer[8080]: request received for /jsonrpc
2019-04-28 14:10:38.627 T:3458011952 ERROR: ffmpeg[CE1D1330]: [aac] channel element 2.8 is not allocated
2019-04-28 14:10:38.628 T:3552891696 DEBUG: CVideoPlayer::ProcessVideoData size:566 dts:52.344 pts:52.344 dur:41.708ms, clock:43.695 level:107
2019-04-28 14:10:38.629 T:3576222512 DEBUG: CWebServer[8080]: request received for /jsonrpc
2019-04-28 14:10:38.663 T:3474797360 DEBUG: Previous line repeats 2 times.
2019-04-28 14:10:38.663 T:3474797360 DEBUG: CVideoPlayerVideo::OutputPicture - ttd:395ms pts:44.086 Clock:43.691 Level:6 elapsed:39.109ms
2019-04-28 14:10:38.668 T:3458011952 ERROR: ffmpeg[CE1D1330]: [aac] channel element 3.5 is not allocated
2019-04-28 14:10:38.669 T:3552891696 DEBUG: CVideoPlayer::ProcessVideoData size:669 dts:52.386 pts:52.386 dur:41.708ms, clock:43.736 level:106
2019-04-28 14:10:38.704 T:3474797360 DEBUG: CVideoPlayerVideo::OutputPicture - ttd:395ms pts:44.127 Clock:43.732 Level:6 elapsed:39.117ms
2019-04-28 14:10:38.709 T:3458011952 ERROR: ffmpeg[CE1D1330]: [aac] Reserved bit set.
2019-04-28 14:10:38.709 T:3552891696 DEBUG: CVideoPlayer::ProcessVideoData size:9111 dts:52.427 pts:52.553 dur:41.708ms, clock:43.777 level:106
2019-04-28 14:10:38.710 T:3458011952 ERROR: ffmpeg[CE1D1330]: [aac] Prediction is not allowed in AAC-LC.
2019-04-28 14:10:38.746 T:3474797360 DEBUG: CVideoPlayerVideo::OutputPicture - ttd:391ms pts:44.169 Clock:43.777 Level:6 elapsed:36.050ms
2019-04-28 14:10:38.750 T:3458011952 ERROR: ffmpeg[CE1D1330]: [aac] Prediction is not allowed in AAC-LC.
2019-04-28 14:10:38.750 T:3552891696 DEBUG: CVideoPlayer::ProcessVideoData size:624 dts:52.469 pts:52.469 dur:41.708ms, clock:43.817 level:107
2019-04-28 14:10:38.788 T:3474797360 DEBUG: CVideoPlayerVideo::OutputPicture - ttd:395ms pts:44.211 Clock:43.816 Level:6 elapsed:39.580ms
2019-04-28 14:10:38.791 T:3458011952 DEBUG: ffmpeg[CE1D1330]: [aac] Sample rate index in program config element does not match the sample rate index configured by the container.
2019-04-28 14:10:38.791 T:3552891696 DEBUG: CVideoPlayer::ProcessVideoData size:638 dts:52.511 pts:52.511 dur:41.708ms, clock:43.858 level:106
2019-04-28 14:10:38.791 T:3458011952 ERROR: ffmpeg[CE1D1330]: [aac] Inconsistent channel configuration.
2019-04-28 14:10:38.791 T:3458011952 ERROR: ffmpeg[CE1D1330]: [aac] get_buffer() failed
2019-04-28 14:10:38.830 T:3474797360 DEBUG: CVideoPlayerVideo::OutputPicture - ttd:394ms pts:44.253 Clock:43.858 Level:6 elapsed:39.040ms
2019-04-28 14:10:38.832 T:3458011952 ERROR: ffmpeg[CE1D1330]: [aac] channel element 2.3 is not allocated
2019-04-28 14:10:38.832 T:3552891696 DEBUG: CVideoPlayer::ProcessVideoData size:10389 dts:52.553 pts:52.678 dur:41.708ms, clock:43.899 level:106
2019-04-28 14:10:38.872 T:3474797360 DEBUG: CVideoPlayerVideo::OutputPicture - ttd:391ms pts:44.294 Clock:43.902 Level:6 elapsed:36.270ms
2019-04-28 14:10:38.883 T:3458011952 DEBUG: ffmpeg[CE1D1330]: [aac] Sample rate index in program config element does not match the sample rate index configured by the container.
2019-04-28 14:10:38.883 T:3552891696 DEBUG: CVideoPlayer::ProcessVideoData size:642 dts:52.594 pts:52.594 dur:41.708ms, clock:43.950 level:107
2019-04-28 14:10:38.883 T:3458011952 ERROR: ffmpeg[CE1D1330]: [aac] Inconsistent channel configuration.
2019-04-28 14:10:38.883 T:3458011952 ERROR: ffmpeg[CE1D1330]: [aac] get_buffer() failed
2019-04-28 14:10:38.913 T:3474797360 DEBUG: CVideoPlayerVideo::OutputPicture - ttd:394ms pts:44.336 Clock:43.941 Level:6 elapsed:39.385ms
2019-04-28 14:10:38.924 T:3458011952 ERROR: ffmpeg[CE1D1330]: [aac] channel element 3.0 is not allocated
2019-04-28 14:10:38.924 T:3552891696 DEBUG: CVideoPlayer::ProcessVideoData size:512 dts:52.636 pts:52.636 dur:41.708ms, clock:43.991 level:106
2019-04-28 14:10:38.955 T:3474797360 DEBUG: CVideoPlayerVideo::OutputPicture - ttd:394ms pts:44.378 Clock:43.983 Level:6 elapsed:38.919ms
2019-04-28 14:10:38.965 T:3458011952 ERROR: ffmpeg[CE1D1330]: [aac] Reserved bit set.
2019-04-28 14:10:38.965 T:3552891696 DEBUG: CVideoPlayer::ProcessVideoData size:10373 dts:52.678 pts:52.803 dur:41.708ms, clock:44.032 level:106
2019-04-28 14:10:38.965 T:3458011952 ERROR: ffmpeg[CE1D1330]: [aac] Number of bands (12) exceeds limit (8).
2019-04-28 14:10:38.996 T:3474797360 DEBUG: CVideoPlayerVideo::OutputPicture - ttd:392ms pts:44.419 Clock:44.027 Level:6 elapsed:36.617ms
2019-04-28 14:10:39.006 T:3552891696 DEBUG: CVideoPlayer::ProcessVideoData size:616 dts:52.719 pts:52.719 dur:41.708ms, clock:44.073 level:107
2019-04-28 14:10:39.006 T:3458011952 DEBUG: ffmpeg[CE1D1330]: [aac] Sample rate index in program config element does not match the sample rate index configured by the container.
2019-04-28 14:10:39.006 T:3458011952 ERROR: ffmpeg[CE1D1330]: [aac] Inconsistent channel configuration.
2019-04-28 14:10:39.006 T:3458011952 ERROR: ffmpeg[CE1D1330]: [aac] get_buffer() failed
2019-04-28 14:10:39.033 T:3785339696 DEBUG: [plugin.video.netflix (0)] Executing JSON-RPC: {"params": {"playerid": 1, "properties": ["audiostreams", "currentaudiostream", "subtitles", "currentsubtitle", "subtitleenabled", "percentage", "time"]}, "jsonrpc": "2.0", "method": "Player.GetProperties", "id": 1}
2019-04-28 14:10:39.036 T:3785339696 DEBUG: [plugin.video.netflix (0)] Notifying all managers of on_tick (data={u'currentaudiostream': {u'index': 0, u'name': u'AAC ', u'language': u'eng', u'channels': 2, u'codec': u'aac', u'bitrate': 98304}, u'elapsed_seconds': 44, u'time': {u'hours': 0, u'seconds': 44, u'minutes': 0, u'milliseconds': 51}, u'subtitleenabled': True, u'percentage': 0.85752385854721069, u'currentsubtitle': {u'index': 0, u'name': u'', u'language': u'eng'}, u'audiostreams': [{u'index': 0, u'name': u'AAC ', u'language': u'eng', u'channels': 2, u'codec': u'aac', u'bitrate': 98304}, {u'index': 1, u'name': u'AAC ', u'language': u'spa', u'channels': 2, u'codec': u'aac', u'bitrate': 98304}, {u'index': 2, u'name': u'AAC ', u'language': u'fre', u'channels': 2, u'codec': u'aac', u'bitrate': 98304}, {u'index': 3, u'name': u'AAC ', u'language': u'por', u'channels': 2, u'codec': u'aac', u'bitrate': 98304}], u'subtitles': [{u'index': 0, u'name': u'', u'language': u'eng'}, {u'index': 1, u'name': u'', u'language': u'spa'}, {u'index': 2, u'name': u'', u'language': u'spa'}, {u'index': 3, u'name': u'', u'language': u'fre'}, {u'index': 4, u'name': u'', u'language': u'fre'}, {u'index': 5, u'name': u'', u'language': u'por'}]})
2019-04-28 14:10:39.038 T:3474797360 DEBUG: CVideoPlayerVideo::OutputPicture - ttd:395ms pts:44.461 Clock:44.066 Level:6 elapsed:39.466ms
2019-04-28 14:10:39.047 T:3458011952 ERROR: ffmpeg[CE1D1330]: [aac] Prediction is not allowed in AAC-LC.
2019-04-28 14:10:39.047 T:3552891696 DEBUG: CVideoPlayer::ProcessVideoData size:612 dts:52.761 pts:52.761 dur:41.708ms, clock:44.114 level:106
2019-04-28 14:10:39.080 T:3474797360 DEBUG: CVideoPlayerVideo::OutputPicture - ttd:390ms pts:44.503 Clock:44.113 Level:6 elapsed:34.893ms
2019-04-28 14:10:39.088 T:3458011952 ERROR: ffmpeg[CE1D1330]: [aac] channel element 3.8 is not allocated
2019-04-28 14:10:39.088 T:3552891696 DEBUG: CVideoPlayer::ProcessVideoData size:9355 dts:52.803 pts:52.928 dur:41.708ms, clock:44.155 level:107
2019-04-28 14:10:39.122 T:3474797360 DEBUG: CVideoPlayerVideo::OutputPicture - ttd:394ms pts:44.544 Clock:44.150 Level:6 elapsed:38.956ms
2019-04-28 14:10:39.129 T:3552891696 DEBUG: CVideoPlayer::ProcessVideoData size:600 dts:52.844 pts:52.844 dur:41.708ms, clock:44.196 level:106
2019-04-28 14:10:39.129 T:3458011952 ERROR: ffmpeg[CE1D1330]: [aac] ms_present = 3 is reserved.
2019-04-28 14:10:39.163 T:3474797360 DEBUG: CVideoPlayerVideo::OutputPicture - ttd:394ms pts:44.586 Clock:44.191 Level:6 elapsed:38.987ms
2019-04-28 14:10:39.170 T:3458011952 ERROR: ffmpeg[CE1D1330]: [aac] Reserved bit set.
2019-04-28 14:10:39.170 T:3458011952 ERROR: ffmpeg[CE1D1330]: [aac] Number of bands (47) exceeds limit (33).
2019-04-28 14:10:39.170 T:3552891696 DEBUG: CVideoPlayer::ProcessVideoData size:666 dts:52.886 pts:52.886 dur:41.708ms, clock:44.237 level:106
2019-04-28 14:10:39.205 T:3474797360 DEBUG: CVideoPlayerVideo::OutputPicture - ttd:392ms pts:44.628 Clock:44.236 Level:6 elapsed:36.240ms
2019-04-28 14:10:39.211 T:3458011952 ERROR: ffmpeg[CE1D1330]: [aac] Prediction is not allowed in AAC-LC.
2019-04-28 14:10:39.211 T:3552891696 DEBUG: CVideoPlayer::ProcessVideoData size:10503 dts:52.928 pts:53.053 dur:41.708ms, clock:44.278 level:107
2019-04-28 14:10:39.247 T:3474797360 DEBUG: CVideoPlayerVideo::OutputPicture - ttd:395ms pts:44.670 Clock:44.275 Level:6 elapsed:39.836ms
2019-04-28 14:10:39.252 T:3458011952 ERROR: ffmpeg[CE1D1330]: [aac] Prediction is not allowed in AAC-LC.
2019-04-28 14:10:39.252 T:3552891696 DEBUG: CVideoPlayer::ProcessVideoData size:625 dts:52.970 pts:52.970 dur:41.708ms, clock:44.319 level:106
2019-04-28 14:10:39.288 T:3474797360 DEBUG: CVideoPlayerVideo::OutputPicture - ttd:394ms pts:44.711 Clock:44.317 Level:6 elapsed:38.949ms
2019-04-28 14:10:39.293 T:3458011952 ERROR: ffmpeg[CE1D1330]: [aac] Prediction is not allowed in AAC-LC.
2019-04-28 14:10:39.293 T:3552891696 DEBUG: CVideoPlayer::ProcessVideoData size:559 dts:53.011 pts:53.011 dur:41.708ms, clock:44.360 level:106
2019-04-28 14:10:39.330 T:3474797360 DEBUG: CVideoPlayerVideo::OutputPicture - ttd:391ms pts:44.753 Clock:44.362 Level:6 elapsed:35.425ms
2019-04-28 14:10:39.334 T:3458011952 DEBUG: ffmpeg[CE1D1330]: [aac] Sample rate index in program config element does not match the sample rate index configured by the container.
2019-04-28 14:10:39.334 T:3458011952 ERROR: ffmpeg[CE1D1330]: [aac] Inconsistent channel configuration.
2019-04-28 14:10:39.334 T:3552891696 DEBUG: CVideoPlayer::ProcessVideoData size:10873 dts:53.053 pts:53.178 dur:41.708ms, clock:44.401 level:107
2019-04-28 14:10:39.334 T:3458011952 ERROR: ffmpeg[CE1D1330]: [aac] get_buffer() failed
2019-04-28 14:10:39.372 T:3474797360 DEBUG: CVideoPlayerVideo::OutputPicture - ttd:395ms pts:44.795 Clock:44.399 Level:6 elapsed:39.812ms
2019-04-28 14:10:39.375 T:3458011952 DEBUG: ffmpeg[CE1D1330]: [aac] Sample rate index in program config element does not match the sample rate index configured by the container.
2019-04-28 14:10:39.375 T:3552891696 DEBUG: CVideoPlayer::ProcessVideoData size:642 dts:53.095 pts:53.095 dur:41.708ms, clock:44.442 level:106
2019-04-28 14:10:39.375 T:3458011952 ERROR: ffmpeg[CE1D1330]: [aac] Inconsistent channel configuration.
2019-04-28 14:10:39.375 T:3458011952 ERROR: ffmpeg[CE1D1330]: [aac] get_buffer() failed
2019-04-28 14:10:39.414 T:3474797360 DEBUG: CVideoPlayerVideo::OutputPicture - ttd:394ms pts:44.836 Clock:44.442 Level:6 elapsed:39.218ms
2019-04-28 14:10:39.416 T:3458011952 ERROR: ffmpeg[CE1D1330]: [aac] channel element 2.14 is not allocated
2019-04-28 14:10:39.416 T:3552891696 DEBUG: CVideoPlayer::ProcessVideoData size:536 dts:53.136 pts:53.136 dur:41.708ms, clock:44.483 level:106
2019-04-28 14:10:39.455 T:3474797360 DEBUG: CVideoPlayerVideo::OutputPicture - ttd:390ms pts:44.878 Clock:44.488 Level:6 elapsed:34.712ms
2019-04-28 14:10:39.467 T:3458011952 ERROR: ffmpeg[CE1D1330]: [aac] channel element 3.14 is not allocated
2019-04-28 14:10:39.467 T:3552891696 DEBUG: CVideoPlayer::ProcessVideoData size:10423 dts:53.178 pts:53.303 dur:41.708ms, clock:44.534 level:107
2019-04-28 14:10:39.497 T:3474797360 DEBUG: CVideoPlayerVideo::OutputPicture - ttd:394ms pts:44.920 Clock:44.525 Level:6 elapsed:39.109ms
2019-04-28 14:10:39.508 T:3458011952 ERROR: ffmpeg[CE1D1330]: [aac] channel element 3.4 is not allocated
2019-04-28 14:10:39.508 T:3552891696 DEBUG: CVideoPlayer::ProcessVideoData size:659 dts:53.220 pts:53.220 dur:41.708ms, clock:44.575 level:106
2019-04-28 14:10:39.538 T:3474797360 DEBUG: CVideoPlayerVideo::OutputPicture - ttd:395ms pts:44.962 Clock:44.566 Level:6 elapsed:39.190ms
2019-04-28 14:10:39.549 T:3458011952 ERROR: ffmpeg[CE1D1330]: [aac] Number of bands (39) exceeds limit (21).
2019-04-28 14:10:39.549 T:3552891696 DEBUG: CVideoPlayer::ProcessVideoData size:611 dts:53.262 pts:53.262 dur:41.708ms, clock:44.616 level:106
2019-04-28 14:10:39.580 T:3474797360 DEBUG: CVideoPlayerVideo::OutputPicture - ttd:392ms pts:45.003 Clock:44.611 Level:6 elapsed:36.173ms
2019-04-28 14:10:39.590 T:3458011952 ERROR: ffmpeg[CE1D1330]: [aac] Reserved bit set.
2019-04-28 14:10:39.590 T:3552891696 DEBUG: CVideoPlayer::ProcessVideoData size:10152 dts:53.303 pts:53.428 dur:41.708ms, clock:44.657 level:107
2019-04-28 14:10:39.590 T:3458011952 ERROR: ffmpeg[CE1D1330]: [aac] Number of bands (50) exceeds limit (44).
2019-04-28 14:10:39.622 T:3474797360 DEBUG: CVideoPlayerVideo::OutputPicture - ttd:395ms pts:45.045 Clock:44.650 Level:6 elapsed:39.386ms
2019-04-28 14:10:39.631 T:3458011952 ERROR: ffmpeg[CE1D1330]: [aac] channel element 2.15 is not allocated
2019-04-28 14:10:39.631 T:3552891696 DEBUG: CVideoPlayer::ProcessVideoData size:526 dts:53.345 pts:53.345 dur:41.708ms, clock:44.698 level:106
2019-04-28 14:10:39.664 T:3474797360 DEBUG: CVideoPlayerVideo::OutputPicture - ttd:395ms pts:45.087 Clock:44.692 Level:6 elapsed:39.591ms
2019-04-28 14:10:39.671 T:3458011952 ERROR: ffmpeg[CE1D1330]: [aac] channel element 2.14 is not allocated
2019-04-28 14:10:39.672 T:3552891696 DEBUG: CVideoPlayer::ProcessVideoData size:462 dts:53.387 pts:53.387 dur:41.708ms, clock:44.739 level:106
2019-04-28 14:10:39.706 T:3474797360 DEBUG: CVideoPlayerVideo::OutputPicture - ttd:391ms pts:45.128 Clock:44.737 Level:6 elapsed:36.286ms
2019-04-28 14:10:39.712 T:3458011952 ERROR: ffmpeg[CE1D1330]: [aac] Number of bands (16) exceeds limit (15).
2019-04-28 14:10:39.713 T:3552891696 DEBUG: CVideoPlayer::ProcessVideoData size:9266 dts:53.428 pts:53.553 dur:41.708ms, clock:44.780 level:107
2019-04-28 14:10:39.747 T:3474797360 DEBUG: CVideoPlayerVideo::OutputPicture - ttd:394ms pts:45.170 Clock:44.775 Level:6 elapsed:38.928ms
2019-04-28 14:10:39.753 T:3552891696 DEBUG: CVideoPlayer::ProcessVideoData size:593 dts:53.470 pts:53.470 dur:41.708ms, clock:44.821 level:106
