2019-04-28 14:11:30.556 T:3785339696 DEBUG: [plugin.video.netflix (0)] Notifying all managers of on_tick (data={u'currentaudiostream': {u'index': 0, u'name': u'AAC ', u'language': u'eng', u'channels': 2, u'codec': u'aac', u'bitrate': 98304}, u'elapsed_seconds': 17, u'time': {u'hours': 0, u'seconds': 17, u'minutes': 0, u'milliseconds': 249}, u'subtitleenabled': True, u'percentage': 0.33656585216522217, u'currentsubtitle': {u'index': 0, u'name': u'', u'language': u'eng'}, u'audiostreams': [{u'index': 0, u'name': u'AAC ', u'language': u'eng', u'channels': 2, u'codec': u'aac', u'bitrate': 98304}, {u'index': 1, u'name': u'AAC ', u'language': u'spa', u'channels': 2, u'codec': u'aac', u'bitrate': 98304}, {u'index': 2, u'name': u'AAC ', u'language': u'fre', u'channels': 2, u'codec': u'aac', u'bitrate': 98304}, {u'index': 3, u'name': u'AAC ', u'language': u'por', u'channels': 2, u'codec': u'aac', u'bitrate': 98304}], u'subtitles': [{u'index': 0, u'name': u'', u'language': u'eng'}, {u'index': 1, u'name': u'', u'language': u'spa'}, {u'index': 2, u'name': u'', u'language': u'spa'}, {u'index': 3, u'name': u'', u'language': u'fre'}, {u'index': 4, u'name': u'', u'language': u'por'}, {u'index': 5, u'name': u'', u'language': u'por'}]})
2019-04-28 14:11:30.556 T:3576222512 DEBUG: CWebServer[8080]: request received for /jsonrpc
2019-04-28 14:11:30.557 T:3552891696 DEBUG: CVideoPlayer::ProcessVideoData size:75 dts:26.068 pts:26.193 dur:41.708ms, clock:17.423 level:107
2019-04-28 14:11:30.562 T:3576222512 DEBUG: CWebServer[8080]: request received for /jsonrpc
2019-04-28 14:11:30.587 T:3885310768 DEBUG: Previous line repeats 1 times.
2019-04-28 14:11:30.587 T:3885310768 DEBUG: CVideoPlayerVideo::OutputPicture - ttd:390ms pts:17.809 Clock:17.419 Level:6 elapsed:34.743ms
2019-04-28 14:11:30.598 T:3552891696 DEBUG: CVideoPlayer::ProcessVideoData size:41 dts:26.109 pts:26.109 dur:41.708ms, clock:17.464 level:106
2019-04-28 14:11:30.629 T:3885310768 DEBUG: CVideoPlayerVideo::OutputPicture - ttd:391ms pts:17.851 Clock:17.459 Level:6 elapsed:35.913ms
2019-04-28 14:11:30.639 T:3552891696 DEBUG: CVideoPlayer::ProcessVideoData size:35 dts:26.151 pts:26.151 dur:41.708ms, clock:17.505 level:106
2019-04-28 14:11:30.671 T:3885310768 DEBUG: CVideoPlayerVideo::OutputPicture - ttd:388ms pts:17.893 Clock:17.505 Level:6 elapsed:32.763ms
2019-04-28 14:11:30.680 T:3552891696 DEBUG: CVideoPlayer::ProcessVideoData size:43 dts:26.193 pts:26.235 dur:41.708ms, clock:17.546 level:107
2019-04-28 14:11:30.713 T:3885310768 DEBUG: CVideoPlayerVideo::OutputPicture - ttd:390ms pts:17.935 Clock:17.544 Level:6 elapsed:35.442ms
2019-04-28 14:11:30.721 T:3552891696 DEBUG: CVideoPlayer::ProcessVideoData size:568 dts:26.235 pts:26.318 dur:41.708ms, clock:17.587 level:106
2019-04-28 14:11:30.755 T:3885310768 DEBUG: CVideoPlayerVideo::OutputPicture - ttd:392ms pts:17.976 Clock:17.584 Level:6 elapsed:37.090ms
2019-04-28 14:11:30.762 T:3552891696 DEBUG: CVideoPlayer::ProcessVideoData size:68 dts:26.276 pts:26.276 dur:41.708ms, clock:17.628 level:106
2019-04-28 14:11:30.796 T:3885310768 DEBUG: CVideoPlayerVideo::OutputPicture - ttd:388ms pts:18.018 Clock:17.629 Level:6 elapsed:32.509ms
2019-04-28 14:11:30.802 T:3552891696 DEBUG: CVideoPlayer::ProcessVideoData size:143 dts:26.318 pts:26.401 dur:41.708ms, clock:17.668 level:107
2019-04-28 14:11:30.838 T:3885310768 DEBUG: CVideoPlayerVideo::OutputPicture - ttd:392ms pts:18.060 Clock:17.667 Level:6 elapsed:37.068ms
2019-04-28 14:11:30.843 T:3552891696 DEBUG: CVideoPlayer::ProcessVideoData size:768 dts:26.360 pts:26.360 dur:41.708ms, clock:17.709 level:106
2019-04-28 14:11:30.880 T:3885310768 DEBUG: CVideoPlayerVideo::OutputPicture - ttd:392ms pts:18.101 Clock:17.709 Level:6 elapsed:37.089ms
2019-04-28 14:11:30.884 T:3552891696 DEBUG: CVideoPlayer::ProcessVideoData size:38 dts:26.401 pts:26.443 dur:41.708ms, clock:17.750 level:106
2019-04-28 14:11:30.921 T:3885310768 DEBUG: CVideoPlayerVideo::OutputPicture - ttd:383ms pts:18.143 Clock:17.760 Level:6 elapsed:27.449ms
2019-04-28 14:11:30.925 T:3552891696 DEBUG: CVideoPlayer::ProcessVideoData size:38 dts:26.443 pts:26.485 dur:41.708ms, clock:17.791 level:107
2019-04-28 14:11:30.963 T:3885310768 DEBUG: CVideoPlayerVideo::OutputPicture - ttd:394ms pts:18.185 Clock:17.790 Level:6 elapsed:38.797ms
2019-04-28 14:11:30.966 T:3552891696 DEBUG: CVideoPlayer::ProcessVideoData size:38 dts:26.485 pts:26.526 dur:41.708ms, clock:17.832 level:106
2019-04-28 14:11:31.004 T:3885310768 DEBUG: CVideoPlayerVideo::OutputPicture - ttd:394ms pts:18.227 Clock:17.832 Level:6 elapsed:38.169ms
2019-04-28 14:11:31.007 T:3552891696 DEBUG: CVideoPlayer::ProcessVideoData size:38 dts:26.526 pts:26.568 dur:41.708ms, clock:17.873 level:106
2019-04-28 14:11:31.046 T:3885310768 DEBUG: CVideoPlayerVideo::OutputPicture - ttd:392ms pts:18.268 Clock:17.876 Level:6 elapsed:36.350ms
2019-04-28 14:11:31.058 T:3552891696 DEBUG: CVideoPlayer::ProcessVideoData size:38 dts:26.568 pts:26.610 dur:41.708ms, clock:17.924 level:107
2019-04-28 14:11:31.088 T:3885310768 DEBUG: CVideoPlayerVideo::OutputPicture - ttd:394ms pts:18.310 Clock:17.915 Level:6 elapsed:38.784ms
2019-04-28 14:11:31.098 T:3552891696 DEBUG: CVideoPlayer::ProcessVideoData size:38 dts:26.610 pts:26.652 dur:41.708ms, clock:17.964 level:106
2019-04-28 14:11:31.130 T:3885310768 DEBUG: CVideoPlayerVideo::OutputPicture - ttd:395ms pts:18.352 Clock:17.957 Level:6 elapsed:38.968ms
2019-04-28 14:11:31.139 T:3552891696 DEBUG: CVideoPlayer::ProcessVideoData size:38 dts:26.652 pts:26.693 dur:41.708ms, clock:18.005 level:106
2019-04-28 14:11:31.172 T:3885310768 DEBUG: CVideoPlayerVideo::OutputPicture - ttd:391ms pts:18.393 Clock:18.002 Level:6 elapsed:35.598ms
2019-04-28 14:11:31.180 T:3552891696 DEBUG: CVideoPlayer::ProcessVideoData size:38 dts:26.693 pts:26.735 dur:41.708ms, clock:18.046 level:107
2019-04-28 14:11:31.213 T:3885310768 DEBUG: CVideoPlayerVideo::OutputPicture - ttd:394ms pts:18.435 Clock:18.040 Level:6 elapsed:39.130ms
2019-04-28 14:11:31.221 T:3552891696 DEBUG: CVideoPlayer::ProcessVideoData size:38 dts:26.735 pts:26.777 dur:41.708ms, clock:18.087 level:106
2019-04-28 14:11:31.255 T:3885310768 DEBUG: CVideoPlayerVideo::OutputPicture - ttd:395ms pts:18.477 Clock:18.082 Level:6 elapsed:39.622ms
2019-04-28 14:11:31.262 T:3552891696 DEBUG: CVideoPlayer::ProcessVideoData size:38 dts:26.777 pts:26.818 dur:41.708ms, clock:18.128 level:106
2019-04-28 14:11:31.297 T:3885310768 DEBUG: CVideoPlayerVideo::OutputPicture - ttd:390ms pts:18.518 Clock:18.128 Level:6 elapsed:34.807ms
2019-04-28 14:11:31.303 T:3552891696 DEBUG: CVideoPlayer::ProcessVideoData size:38 dts:26.818 pts:26.860 dur:41.708ms, clock:18.169 level:107
2019-04-28 14:11:31.338 T:3885310768 DEBUG: CVideoPlayerVideo::OutputPicture - ttd:394ms pts:18.560 Clock:18.166 Level:6 elapsed:38.162ms
2019-04-28 14:11:31.343 T:3552891696 DEBUG: CVideoPlayer::ProcessVideoData size:38 dts:26.860 pts:26.902 dur:41.708ms, clock:18.209 level:106
2019-04-28 14:11:31.380 T:3885310768 DEBUG: CVideoPlayerVideo::OutputPicture - ttd:393ms pts:18.602 Clock:18.208 Level:6 elapsed:38.515ms
2019-04-28 14:11:31.384 T:3552891696 DEBUG: CVideoPlayer::ProcessVideoData size:38 dts:26.902 pts:26.944 dur:41.708ms, clock:18.250 level:106
2019-04-28 14:11:31.422 T:3885310768 DEBUG: CVideoPlayerVideo::OutputPicture - ttd:391ms pts:18.644 Clock:18.252 Level:6 elapsed:35.785ms
2019-04-28 14:11:31.425 T:3552891696 DEBUG: CVideoPlayer::ProcessVideoData size:38 dts:26.944 pts:26.985 dur:41.708ms, clock:18.291 level:107
2019-04-28 14:11:31.464 T:3885310768 DEBUG: CVideoPlayerVideo::OutputPicture - ttd:394ms pts:18.685 Clock:18.290 Level:6 elapsed:39.114ms
2019-04-28 14:11:31.466 T:3552891696 DEBUG: CVideoPlayer::ProcessVideoData size:38 dts:26.985 pts:27.027 dur:41.708ms, clock:18.332 level:106
2019-04-28 14:11:31.506 T:3885310768 DEBUG: CVideoPlayerVideo::OutputPicture - ttd:394ms pts:18.727 Clock:18.332 Level:6 elapsed:39.474ms
2019-04-28 14:11:31.517 T:3552891696 DEBUG: CVideoPlayer::ProcessVideoData size:38 dts:27.027 pts:27.069 dur:41.708ms, clock:18.383 level:106
2019-04-28 14:11:31.547 T:3885310768 DEBUG: CVideoPlayerVideo::OutputPicture - ttd:391ms pts:18.769 Clock:18.377 Level:6 elapsed:35.830ms
2019-04-28 14:11:31.557 T:3785339696 DEBUG: [plugin.video.netflix (0)] Executing JSON-RPC: {"params": {"playerid": 1, "properties": ["audiostreams", "currentaudiostream", "subtitles", "currentsubtitle", "subtitleenabled", "percentage", "time"]}, "jsonrpc": "2.0", "method": "Player.GetProperties", "id": 1}
2019-04-28 14:11:31.558 T:3552891696 DEBUG: CVideoPlayer::ProcessVideoData size:38 dts:27.069 pts:27.110 dur:41.708ms, clock:18.424 level:107
2019-04-28 14:11:31.559 T:3785339696 DEBUG: [plugin.video.netflix (0)] Notifying all managers of on_tick (data={u'currentaudiostream': {u'index': 0, u'name': u'AAC ', u'language': u'eng', u'channels': 2, u'codec': u'aac', u'bitrate': 98304}, u'elapsed_seconds': 18, u'time': {u'hours': 0, u'seconds': 18, u'minutes': 0, u'milliseconds': 269}, u'subtitleenabled': True, u'percentage': 0.35646829009056091, u'currentsubtitle': {u'index': 0, u'name': u'', u'language': u'eng'}, u'audiostreams': [{u'index': 0, u'name': u'AAC ', u'language': u'eng', u'channels': 2, u'codec': u'aac', u'bitrate': 98304}, {u'index': 1, u'name': u'AAC ', u'language': u'spa', u'channels': 2, u'codec': u'aac', u'bitrate': 98304}, {u'index': 2, u'name': u'AAC ', u'language': u'fre', u'channels': 2, u'codec': u'aac', u'bitrate': 98304}, {u'index': 3, u'name': u'AAC ', u'language': u'por', u'channels': 2, u'codec': u'aac', u'bitrate': 98304}], u'subtitles': [{u'index': 0, u'name': u'', u'language': u'eng'}, {u'index': 1, u'name': u'', u'language': u'spa'}, {u'index': 2, u'name': u'', u'language': u'spa'}, {u'index': 3, u'name': u'', u'language': u'fre'}, {u'index': 4, u'name': u'', u'language': u'por'}, {u'index': 5, u'name': u'', u'language': u'por'}]})
2019-04-28 14:11:31.589 T:3885310768 DEBUG: CVideoPlayerVideo::OutputPicture - ttd:394ms pts:18.810 Clock:18.415 Level:6 elapsed:39.369ms
2019-04-28 14:11:31.599 T:3552891696 DEBUG: CVideoPlayer::ProcessVideoData size:38 dts:27.110 pts:27.152 dur:41.708ms, clock:18.465 level:106
2019-04-28 14:11:31.630 T:3885310768 DEBUG: CVideoPlayerVideo::OutputPicture - ttd:394ms pts:18.852 Clock:18.457 Level:6 elapsed:39.066ms
2019-04-28 14:11:31.639 T:3552891696 DEBUG: CVideoPlayer::ProcessVideoData size:38 dts:27.152 pts:27.194 dur:41.708ms, clock:18.505 level:106
2019-04-28 14:11:31.672 T:3885310768 DEBUG: CVideoPlayerVideo::OutputPicture - ttd:392ms pts:18.894 Clock:18.502 Level:6 elapsed:36.726ms
2019-04-28 14:11:31.680 T:3552891696 DEBUG: CVideoPlayer::ProcessVideoData size:38 dts:27.194 pts:27.236 dur:41.708ms, clock:18.546 level:107
2019-04-28 14:11:31.714 T:3885310768 DEBUG: CVideoPlayerVideo::OutputPicture - ttd:393ms pts:18.936 Clock:18.542 Level:6 elapsed:38.016ms
2019-04-28 14:11:31.721 T:3552891696 DEBUG: CVideoPlayer::ProcessVideoData size:38 dts:27.236 pts:27.277 dur:41.708ms, clock:18.587 level:106
2019-04-28 14:11:31.755 T:3885310768 DEBUG: CVideoPlayerVideo::OutputPicture - ttd:394ms pts:18.977 Clock:18.583 Level:6 elapsed:38.590ms
2019-04-28 14:11:31.762 T:3552891696 DEBUG: CVideoPlayer::ProcessVideoData size:38 dts:27.277 pts:27.319 dur:41.708ms, clock:18.628 level:106
2019-04-28 14:11:31.797 T:3885310768 DEBUG: CVideoPlayerVideo::OutputPicture - ttd:391ms pts:19.019 Clock:18.627 Level:6 elapsed:36.346ms
2019-04-28 14:11:31.803 T:3552891696 DEBUG: CVideoPlayer::ProcessVideoData size:38 dts:27.319 pts:27.361 dur:41.708ms, clock:18.669 level:107
2019-04-28 14:11:31.839 T:3885310768 DEBUG: CVideoPlayerVideo::OutputPicture - ttd:394ms pts:19.061 Clock:18.666 Level:6 elapsed:39.147ms
2019-04-28 14:11:31.843 T:3552891696 DEBUG: CVideoPlayer::ProcessVideoData size:38 dts:27.361 pts:27.402 dur:41.708ms, clock:18.709 level:106
2019-04-28 14:11:31.881 T:3885310768 DEBUG: CVideoPlayerVideo::OutputPicture - ttd:394ms pts:19.102 Clock:18.708 Level:6 elapsed:38.284ms
2019-04-28 14:11:31.884 T:3552891696 DEBUG: CVideoPlayer::ProcessVideoData size:38 dts:27.402 pts:27.444 dur:41.708ms, clock:18.750 level:106
2019-04-28 14:11:31.923 T:3885310768 DEBUG: CVideoPlayerVideo::OutputPicture - ttd:392ms pts:19.144 Clock:18.752 Level:6 elapsed:36.653ms
2019-04-28 14:11:31.925 T:3552891696 DEBUG: CVideoPlayer::ProcessVideoData size:38 dts:27.444 pts:27.486 dur:41.708ms, clock:18.791 level:107
2019-04-28 14:11:31.964 T:3885310768 DEBUG: CVideoPlayerVideo::OutputPicture - ttd:394ms pts:19.186 Clock:18.791 Level:6 elapsed:39.077ms
2019-04-28 14:11:31.976 T:3552891696 DEBUG: CVideoPlayer::ProcessVideoData size:38 dts:27.486 pts:27.527 dur:41.708ms, clock:18.842 level:106
2019-04-28 14:11:32.006 T:3885310768 DEBUG: CVideoPlayerVideo::OutputPicture - ttd:394ms pts:19.228 Clock:18.833 Level:6 elapsed:39.149ms
2019-04-28 14:11:32.017 T:3552891696 DEBUG: CVideoPlayer::ProcessVideoData size:38 dts:27.527 pts:27.569 dur:41.708ms, clock:18.883 level:106
2019-04-28 14:11:32.047 T:3885310768 DEBUG: CVideoPlayerVideo::OutputPicture - ttd:391ms pts:19.269 Clock:18.878 Level:6 elapsed:35.306ms
2019-04-28 14:11:32.058 T:3552891696 DEBUG: CVideoPlayer::ProcessVideoData size:38 dts:27.569 pts:27.611 dur:41.708ms, clock:18.924 level:107
2019-04-28 14:11:32.089 T:3885310768 DEBUG: CVideoPlayerVideo::OutputPicture - ttd:395ms pts:19.311 Clock:18.916 Level:6 elapsed:39.384ms
2019-04-28 14:11:32.098 T:3552891696 DEBUG: CVideoPlayer::ProcessVideoData size:38 dts:27.611 pts:27.653 dur:41.708ms, clock:18.964 level:106
2019-04-28 14:11:32.131 T:3885310768 DEBUG: CVideoPlayerVideo::OutputPicture - ttd:395ms pts:19.353 Clock:18.957 Level:6 elapsed:39.714ms
2019-04-28 14:11:32.136 T:3576222512 DEBUG: CWebServer[8080]: request received for /jsonrpc
2019-04-28 14:11:32.139 T:3552891696 DEBUG: CVideoPlayer::ProcessVideoData size:38 dts:27.653 pts:27.694 dur:41.708ms, clock:19.005 level:106
2019-04-28 14:11:32.141 T:3576222512 DEBUG: CWebServer[8080]: request received for /jsonrpc
2019-04-28 14:11:32.173 T:3885310768 DEBUG: Previous line repeats 2 times.
2019-04-28 14:11:32.173 T:3885310768 DEBUG: CVideoPlayerVideo::OutputPicture - ttd:391ms pts:19.394 Clock:19.003 Level:6 elapsed:35.464ms
2019-04-28 14:11:32.180 T:3552891696 DEBUG: CVideoPlayer::ProcessVideoData size:38 dts:27.694 pts:27.736 dur:41.708ms, clock:19.046 level:107
2019-04-28 14:11:32.214 T:3885310768 DEBUG: CVideoPlayerVideo::OutputPicture - ttd:394ms pts:19.436 Clock:19.042 Level:6 elapsed:38.605ms
2019-04-28 14:11:32.221 T:3552891696 DEBUG: CVideoPlayer::ProcessVideoData size:63780 dts:27.736 pts:27.861 dur:41.708ms, clock:19.087 level:106
2019-04-28 14:11:32.256 T:3885310768 DEBUG: CVideoPlayerVideo::OutputPicture - ttd:394ms pts:19.478 Clock:19.083 Level:6 elapsed:38.849ms
2019-04-28 14:11:32.262 T:3552891696 DEBUG: CVideoPlayer::ProcessVideoData size:724 dts:27.778 pts:27.778 dur:41.708ms, clock:19.128 level:106
2019-04-28 14:11:32.298 T:3885310768 DEBUG: CVideoPlayerVideo::OutputPicture - ttd:390ms pts:19.520 Clock:19.129 Level:6 elapsed:35.018ms
2019-04-28 14:11:32.303 T:3552891696 DEBUG: CVideoPlayer::ProcessVideoData size:478 dts:27.819 pts:27.819 dur:41.708ms, clock:19.169 level:107
2019-04-28 14:11:32.339 T:3885310768 DEBUG: CVideoPlayerVideo::OutputPicture - ttd:395ms pts:19.561 Clock:19.166 Level:6 elapsed:39.096ms
2019-04-28 14:11:32.344 T:3552891696 DEBUG: CVideoPlayer::ProcessVideoData size:6096 dts:27.861 pts:27.986 dur:41.708ms, clock:19.210 level:106
2019-04-28 14:11:32.381 T:3885310768 DEBUG: CVideoPlayerVideo::OutputPicture - ttd:391ms pts:19.603 Clock:19.211 Level:6 elapsed:36.137ms
2019-04-28 14:11:32.384 T:3552891696 DEBUG: CVideoPlayer::ProcessVideoData size:532 dts:27.903 pts:27.903 dur:41.708ms, clock:19.250 level:107
2019-04-28 14:11:32.423 T:3885310768 DEBUG: CVideoPlayerVideo::OutputPicture - ttd:395ms pts:19.645 Clock:19.250 Level:6 elapsed:39.238ms
2019-04-28 14:11:32.425 T:3552891696 DEBUG: CVideoPlayer::ProcessVideoData size:406 dts:27.945 pts:27.945 dur:41.708ms, clock:19.291 level:106
2019-04-28 14:11:32.464 T:3885310768 DEBUG: CVideoPlayerVideo::OutputPicture - ttd:394ms pts:19.686 Clock:19.292 Level:6 elapsed:38.089ms
2019-04-28 14:11:32.467 T:3483190064 DEBUG: CurlFile::ParseAndCorrectUrl() adding custom header option 'Range: bytes=3842078-4025051'
2019-04-28 14:11:32.467 T:3483190064 DEBUG: CurlFile::ParseAndCorrectUrl() adding custom header option 'connection: keep-alive'
2019-04-28 14:11:32.467 T:3483190064 DEBUG: CurlFile::Open(0xe5bafbc0) http://37.77.187.139/?o=AQG0F3DdPWYFPtDzh_5chH9BrQhEul2HrjDVHbdOBXxPXrLhALoVBVqo4JGu-96zTrCCeEYtZ_pZjFPQxwUvaS8ayjficSrzINSdJjYLaAola8puh1edQFQZZysQoeEnB2pSe8eq7R58dltqJSeJJCreQ422yXx5cjPwB253CrqefElo9qP1Z9vvhPF09ctJPd7Lla_MOPfFBfKaX-MR2w&v=3&e=1556500266&t=k4ZG6LTuZ0yxHWiSxmrNN0jPzhg
2019-04-28 14:11:32.508 T:3885310768 DEBUG: CVideoPlayerVideo::OutputPicture - ttd:382ms pts:19.728 Clock:19.346 Level:6 elapsed:28.056ms
2019-04-28 14:11:32.512 T:3552891696 DEBUG: CVideoPlayer::ProcessVideoData size:630 dts:27.986 pts:28.028 dur:41.708ms, clock:19.378 level:106
2019-04-28 14:11:32.513 T:3466404656 DEBUG: CurlFile::ParseAndCorrectUrl() adding custom header option 'Range: bytes=453592-477717'
2019-04-28 14:11:32.513 T:3466404656 DEBUG: CurlFile::ParseAndCorrectUrl() adding custom header option 'connection: keep-alive'
2019-04-28 14:11:32.514 T:3466404656 DEBUG: CurlFile::Open(0xd83dd5c0) http://195.8.12.225/?o=AQG0F3DdPWYFPtD7g_1di3tBqwxS_UeZonmJQ_pKVzQcULPnB69XXASq5Ziq58b4GP2JYBxpAedHq1f_xDENZzx5lz7IVgaMTtOIIUBYI1QVfPBD8yyyb3EmegEVsvViRH0df8C5sBMMeTJ0LxTnOznFHc2z0nl1ajPiXS85F6SCKBY6v_GjYMz-lO4o5MEXJOCZxoHPMqCOCuPbUw&v=3&e=1556500266&t=5I15dcz3LFKq_5lZ5sbUXGN16lA
2019-04-28 14:11:32.519 T:3483190064 DEBUG: AddOnLog: InputStream Adaptive: Download http://37.77.187.139/?o=AQG0F3DdPWYFPtDzh_5chH9BrQhEul2HrjDVHbdOBXxPXrLhALoVBVqo4JGu-96zTrCCeEYtZ_pZjFPQxwUvaS8ayjficSrzINSdJjYLaAola8puh1edQFQZZysQoeEnB2pSe8eq7R58dltqJSeJJCreQ422yXx5cjPwB253CrqefElo9qP1Z9vvhPF09ctJPd7Lla_MOPfFBfKaX-MR2w&v=3&e=1556500266&t=k4ZG6LTuZ0yxHWiSxmrNN0jPzhg finished, avg speed: 3769825.53byte/s, current speed: 3587725.00byte/s
2019-04-28 14:11:32.527 T:3466404656 DEBUG: AddOnLog: InputStream Adaptive: Download http://195.8.12.225/?o=AQG0F3DdPWYFPtD7g_1di3tBqwxS_UeZonmJQ_pKVzQcULPnB69XXASq5Ziq58b4GP2JYBxpAedHq1f_xDENZzx5lz7IVgaMTtOIIUBYI1QVfPBD8yyyb3EmegEVsvViRH0df8C5sBMMeTJ0LxTnOznFHc2z0nl1ajPiXS85F6SCKBY6v_GjYMz-lO4o5MEXJOCZxoHPMqCOCuPbUw&v=3&e=1556500266&t=5I15dcz3LFKq_5lZ5sbUXGN16lA finished, avg speed: 3729346.36byte/s, current speed: 2010500.00byte/s
2019-04-28 14:11:32.527 T:3552891696 DEBUG: CVideoPlayer::ProcessVideoData size:68355 dts:28.028 pts:28.070 dur:41.708ms, clock:19.393 level:106
2019-04-28 14:11:32.548 T:3885310768 DEBUG: CVideoPlayerVideo::OutputPicture - ttd:390ms pts:19.770 Clock:19.379 Level:6 elapsed:35.069ms
2019-04-28 14:11:32.558 T:3552891696 DEBUG: CVideoPlayer::ProcessVideoData size:5475 dts:28.070 pts:28.195 dur:41.708ms, clock:19.424 level:107
2019-04-28 14:11:32.560 T:3785339696 DEBUG: [plugin.video.netflix (0)] Executing JSON-RPC: {"params": {"playerid": 1, "properties": ["audiostreams", "currentaudiostream", "subtitles", "currentsubtitle", "subtitleenabled", "percentage", "time"]}, "jsonrpc": "2.0", "method": "Player.GetProperties", "id": 1}
2019-04-28 14:11:32.563 T:3785339696 DEBUG: [plugin.video.netflix (0)] Notifying all managers of on_tick (data={u'currentaudiostream': {u'index': 0, u'name': u'AAC ', u'language': u'eng', u'channels': 2, u'codec': u'aac', u'bitrate': 98304}, u'elapsed_seconds': 19, u'time': {u'hours': 0, u'seconds': 19, u'minutes': 0, u'milliseconds': 290}, u'subtitleenabled': True, u'percentage': 0.3763902485370636, u'currentsubtitle': {u'index': 0, u'name': u'', u'language': u'eng'}, u'audiostreams': [{u'index': 0, u'name': u'AAC ', u'language': u'eng', u'channels': 2, u'codec': u'aac', u'bitrate': 98304}, {u'index': 1, u'name': u'AAC ', u'language': u'spa', u'channels': 2, u'codec': u'aac', u'bitrate': 98304}, {u'index': 2, u'name': u'AAC ', u'language': u'fre', u'channels': 2, u'codec': u'aac', u'bitrate': 98304}, {u'index': 3, u'name': u'AAC ', u'language': u'por', u'channels': 2, u'codec': u'aac', u'bitrate': 98304}], u'subtitles': [{u'index': 0, u'name': u'', u'language': u'eng'}, {u'index': 1, u'name': u'', u'language': u'spa'}, {u'index': 2, u'name': u'', u'language': u'spa'}, {u'index': 3, u'name': u'', u'language': u'fre'}, {u'index': 4, u'name': u'', u'language': u'por'}, {u'index': 5, u'name': u'', u'language': u'por'}]})
2019-04-28 14:11:32.590 T:3885310768 DEBUG: CVideoPlayerVideo::OutputPicture - ttd:395ms pts:19.811 Clock:19.416 Level:6 elapsed:39.286ms
2019-04-28 14:11:32.599 T:3552891696 DEBUG: CVideoPlayer::ProcessVideoData size:508 dts:28.111 pts:28.111 dur:41.708ms, clock:19.465 level:106
2019-04-28 14:11:32.632 T:3885310768 DEBUG: CVideoPlayerVideo::OutputPicture - ttd:395ms pts:19.853 Clock:19.458 Level:6 elapsed:39.886ms
2019-04-28 14:11:32.640 T:3552891696 DEBUG: CVideoPlayer::ProcessVideoData size:359 dts:28.153 pts:28.153 dur:41.708ms, clock:19.506 level:106
2019-04-28 14:11:32.673 T:3885310768 DEBUG: CVideoPlayerVideo::OutputPicture - ttd:391ms pts:19.895 Clock:19.503 Level:6 elapsed:35.922ms
2019-04-28 14:11:32.681 T:3552891696 DEBUG: CVideoPlayer::ProcessVideoData size:4743 dts:28.195 pts:28.320 dur:41.708ms, clock:19.547 level:107
2019-04-28 14:11:32.715 T:3885310768 DEBUG: CVideoPlayerVideo::OutputPicture - ttd:395ms pts:19.937 Clock:19.542 Level:6 elapsed:39.653ms
2019-04-28 14:11:32.722 T:3552891696 DEBUG: CVideoPlayer::ProcessVideoData size:528 dts:28.237 pts:28.237 dur:41.708ms, clock:19.588 level:106
2019-04-28 14:11:32.756 T:3885310768 DEBUG: CVideoPlayerVideo::OutputPicture - ttd:390ms pts:19.978 Clock:19.588 Level:6 elapsed:34.875ms
2019-04-28 14:11:32.762 T:3552891696 DEBUG: CVideoPlayer::ProcessVideoData size:404 dts:28.278 pts:28.278 dur:41.708ms, clock:19.628 level:107
2019-04-28 14:11:32.798 T:3885310768 DEBUG: CVideoPlayerVideo::OutputPicture - ttd:394ms pts:20.020 Clock:19.626 Level:6 elapsed:38.303ms
2019-04-28 14:11:32.803 T:3552891696 DEBUG: CVideoPlayer::ProcessVideoData size:5511 dts:28.320 pts:28.445 dur:41.708ms, clock:19.669 level:106
2019-04-28 14:11:32.840 T:3885310768 DEBUG: CVideoPlayerVideo::OutputPicture - ttd:393ms pts:20.062 Clock:19.668 Level:6 elapsed:37.748ms
2019-04-28 14:11:32.844 T:3552891696 DEBUG: CVideoPlayer::ProcessVideoData size:513 dts:28.362 pts:28.362 dur:41.708ms, clock:19.710 level:106
2019-04-28 14:11:32.881 T:3885310768 DEBUG: CVideoPlayerVideo::OutputPicture - ttd:392ms pts:20.103 Clock:19.711 Level:6 elapsed:36.576ms
2019-04-28 14:11:32.885 T:3552891696 DEBUG: CVideoPlayer::ProcessVideoData size:375 dts:28.403 pts:28.403 dur:41.708ms, clock:19.751 level:107
2019-04-28 14:11:32.923 T:3885310768 DEBUG: CVideoPlayerVideo::OutputPicture - ttd:395ms pts:20.145 Clock:19.750 Level:6 elapsed:39.276ms
2019-04-28 14:11:32.926 T:3552891696 DEBUG: CVideoPlayer::ProcessVideoData size:5597 dts:28.445 pts:28.570 dur:41.708ms, clock:19.792 level:106
2019-04-28 14:11:32.965 T:3885310768 DEBUG: CVideoPlayerVideo::OutputPicture - ttd:394ms pts:20.187 Clock:19.792 Level:6 elapsed:39.282ms
2019-04-28 14:11:32.967 T:3552891696 DEBUG: CVideoPlayer::ProcessVideoData size:507 dts:28.487 pts:28.487 dur:41.708ms, clock:19.833 level:106
2019-04-28 14:11:33.007 T:3885310768 DEBUG: CVideoPlayerVideo::OutputPicture - ttd:391ms pts:20.229 Clock:19.837 Level:6 elapsed:36.479ms
2019-04-28 14:11:33.018 T:3552891696 DEBUG: CVideoPlayer::ProcessVideoData size:419 dts:28.529 pts:28.529 dur:41.708ms, clock:19.884 level:107
2019-04-28 14:11:33.048 T:3885310768 DEBUG: CVideoPlayerVideo::OutputPicture - ttd:394ms pts:20.270 Clock:19.875 Level:6 elapsed:38.859ms
2019-04-28 14:11:33.059 T:3552891696 DEBUG: CVideoPlayer::ProcessVideoData size:4507 dts:28.570 pts:28.654 dur:41.708ms, clock:19.925 level:106
2019-04-28 14:11:33.090 T:3885310768 DEBUG: CVideoPlayerVideo::OutputPicture - ttd:395ms pts:20.312 Clock:19.916 Level:6 elapsed:39.800ms
2019-04-28 14:11:33.099 T:3552891696 DEBUG: CVideoPlayer::ProcessVideoData size:451 dts:28.612 pts:28.612 dur:41.708ms, clock:19.965 level:106
2019-04-28 14:11:33.132 T:3885310768 DEBUG: CVideoPlayerVideo::OutputPicture - ttd:392ms pts:20.354 Clock:19.961 Level:6 elapsed:36.624ms
2019-04-28 14:11:33.140 T:3552891696 DEBUG: CVideoPlayer::ProcessVideoData size:5173 dts:28.654 pts:28.779 dur:41.708ms, clock:20.006 level:107
2019-04-28 14:11:33.174 T:3885310768 DEBUG: CVideoPlayerVideo::OutputPicture - ttd:395ms pts:20.395 Clock:20.000 Level:6 elapsed:39.721ms
2019-04-28 14:11:33.181 T:3552891696 DEBUG: CVideoPlayer::ProcessVideoData size:505 dts:28.695 pts:28.695 dur:41.708ms, clock:20.047 level:106
2019-04-28 14:11:33.216 T:3885310768 DEBUG: CVideoPlayerVideo::OutputPicture - ttd:395ms pts:20.437 Clock:20.042 Level:6 elapsed:39.904ms
2019-04-28 14:11:33.222 T:3552891696 DEBUG: CVideoPlayer::ProcessVideoData size:346 dts:28.737 pts:28.737 dur:41.708ms, clock:20.088 level:106
2019-04-28 14:11:33.257 T:3885310768 DEBUG: CVideoPlayerVideo::OutputPicture - ttd:393ms pts:20.479 Clock:20.086 Level:6 elapsed:37.087ms
2019-04-28 14:11:33.263 T:3552891696 DEBUG: CVideoPlayer::ProcessVideoData size:4823 dts:28.779 pts:28.904 dur:41.708ms, clock:20.129 level:107
2019-04-28 14:11:33.299 T:3885310768 DEBUG: CVideoPlayerVideo::OutputPicture - ttd:395ms pts:20.520 Clock:20.125 Level:6 elapsed:39.561ms
2019-04-28 14:11:33.304 T:3552891696 DEBUG: CVideoPlayer::ProcessVideoData size:485 dts:28.820 pts:28.820 dur:41.708ms, clock:20.170 level:106
2019-04-28 14:11:33.340 T:3885310768 DEBUG: CVideoPlayerVideo::OutputPicture - ttd:395ms pts:20.562 Clock:20.167 Level:6 elapsed:39.364ms
2019-04-28 14:11:33.344 T:3552891696 DEBUG: CVideoPlayer::ProcessVideoData size:309 dts:28.862 pts:28.862 dur:41.708ms, clock:20.210 level:106
2019-04-28 14:11:33.383 T:3885310768 DEBUG: CVideoPlayerVideo::OutputPicture - ttd:393ms pts:20.604 Clock:20.210 Level:6 elapsed:38.162ms
2019-04-28 14:11:33.385 T:3552891696 DEBUG: CVideoPlayer::ProcessVideoData size:5539 dts:28.904 pts:29.029 dur:41.708ms, clock:20.251 level:107
2019-04-28 14:11:33.424 T:3885310768 DEBUG: CVideoPlayerVideo::OutputPicture - ttd:394ms pts:20.646 Clock:20.251 Level:6 elapsed:38.728ms
2019-04-28 14:11:33.426 T:3552891696 DEBUG: CVideoPlayer::ProcessVideoData size:437 dts:28.946 pts:28.946 dur:41.708ms, clock:20.292 level:106
2019-04-28 14:11:33.466 T:3885310768 DEBUG: CVideoPlayerVideo::OutputPicture - ttd:394ms pts:20.687 Clock:20.293 Level:6 elapsed:39.272ms
2019-04-28 14:11:33.477 T:3552891696 DEBUG: CVideoPlayer::ProcessVideoData size:326 dts:28.987 pts:28.987 dur:41.708ms, clock:20.343 level:106
2019-04-28 14:11:33.508 T:3885310768 DEBUG: CVideoPlayerVideo::OutputPicture - ttd:393ms pts:20.729 Clock:20.335 Level:6 elapsed:38.309ms
2019-04-28 14:11:33.518 T:3552891696 DEBUG: CVideoPlayer::ProcessVideoData size:5038 dts:29.029 pts:29.154 dur:41.708ms, clock:20.384 level:107
2019-04-28 14:11:33.549 T:3885310768 DEBUG: CVideoPlayerVideo::OutputPicture - ttd:393ms pts:20.771 Clock:20.377 Level:6 elapsed:38.007ms
2019-04-28 14:11:33.559 T:3552891696 DEBUG: CVideoPlayer::ProcessVideoData size:446 dts:29.071 pts:29.071 dur:41.708ms, clock:20.425 level:106
2019-04-28 14:11:33.564 T:3785339696 DEBUG: [plugin.video.netflix (0)] Executing JSON-RPC: {"params": {"playerid": 1, "properties": ["audiostreams", "currentaudiostream", "subtitles", "currentsubtitle", "subtitleenabled", "percentage", "time"]}, "jsonrpc": "2.0", "method": "Player.GetProperties", "id": 1}
2019-04-28 14:11:33.567 T:3785339696 DEBUG: [plugin.video.netflix (0)] Notifying all managers of on_tick (data={u'currentaudiostream': {u'index': 0, u'name': u'AAC ', u'language': u'eng', u'channels': 2, u'codec': u'aac', u'bitrate': 98304}, u'elapsed_seconds': 20, u'time': {u'hours': 0, u'seconds': 20, u'minutes': 0, u'milliseconds': 270}, u'subtitleenabled': True, u'percentage': 0.39551219344139099, u'currentsubtitle': {u'index': 0, u'name': u'', u'language': u'eng'}, u'audiostreams': [{u'index': 0, u'name': u'AAC ', u'language': u'eng', u'channels': 2, u'codec': u'aac', u'bitrate': 98304}, {u'index': 1, u'name': u'AAC ', u'language': u'spa', u'channels': 2, u'codec': u'aac', u'bitrate': 98304}, {u'index': 2, u'name': u'AAC ', u'language': u'fre', u'channels': 2, u'codec': u'aac', u'bitrate': 98304}, {u'index': 3, u'name': u'AAC ', u'language': u'por', u'channels': 2, u'codec': u'aac', u'bitrate': 98304}], u'subtitles': [{u'index': 0, u'name': u'', u'language': u'eng'}, {u'index': 1, u'name': u'', u'language': u'spa'}, {u'index': 2, u'name': u'', u'language': u'spa'}, {u'index': 3, u'name': u'', u'language': u'fre'}, {u'index': 4, u'name': u'', u'language': u'por'}, {u'index': 5, u'name': u'', u'language': u'por'}]})
2019-04-28 14:11:33.591 T:3885310768 DEBUG: CVideoPlayerVideo::OutputPicture - ttd:395ms pts:20.812 Clock:20.417 Level:6 elapsed:39.443ms
2019-04-28 14:11:33.600 T:3552891696 DEBUG: CVideoPlayer::ProcessVideoData size:297 dts:29.112 pts:29.112 dur:41.708ms, clock:20.466 level:106
2019-04-28 14:11:33.632 T:3885310768 DEBUG: CVideoPlayerVideo::OutputPicture - ttd:393ms pts:20.854 Clock:20.460 Level:6 elapsed:37.664ms
2019-04-28 14:11:33.641 T:3552891696 DEBUG: CVideoPlayer::ProcessVideoData size:19395 dts:29.154 pts:29.279 dur:41.708ms, clock:20.507 level:107
2019-04-28 14:11:33.674 T:3885310768 DEBUG: CVideoPlayerVideo::OutputPicture - ttd:395ms pts:20.896 Clock:20.500 Level:6 elapsed:40.129ms
2019-04-28 14:11:33.682 T:3552891696 DEBUG: CVideoPlayer::ProcessVideoData size:478 dts:29.196 pts:29.196 dur:41.708ms, clock:20.548 level:106
2019-04-28 14:11:33.716 T:3885310768 DEBUG: CVideoPlayerVideo::OutputPicture - ttd:394ms pts:20.938 Clock:20.543 Level:6 elapsed:39.222ms
2019-04-28 14:11:33.722 T:3552891696 DEBUG: CVideoPlayer::ProcessVideoData size:357 dts:29.238 pts:29.238 dur:41.708ms, clock:20.588 level:106
2019-04-28 14:11:33.725 T:3576222512 DEBUG: CWebServer[8080]: request received for /jsonrpc
2019-04-28 14:11:33.758 T:3885310768 DEBUG: Previous line repeats 3 times.
2019-04-28 14:11:33.758 T:3885310768 DEBUG: CVideoPlayerVideo::OutputPicture - ttd:394ms pts:20.979 Clock:20.585 Level:6 elapsed:38.728ms
2019-04-28 14:11:33.763 T:3552891696 DEBUG: CVideoPlayer::ProcessVideoData size:5432 dts:29.279 pts:29.404 dur:41.708ms, clock:20.629 level:107
2019-04-28 14:11:33.799 T:3885310768 DEBUG: CVideoPlayerVideo::OutputPicture - ttd:393ms pts:21.021 Clock:20.627 Level:6 elapsed:37.899ms
2019-04-28 14:11:33.804 T:3552891696 DEBUG: CVideoPlayer::ProcessVideoData size:473 dts:29.321 pts:29.321 dur:41.708ms, clock:20.670 level:106
2019-04-28 14:11:33.841 T:3885310768 DEBUG: CVideoPlayerVideo::OutputPicture - ttd:395ms pts:21.063 Clock:20.667 Level:6 elapsed:39.822ms
2019-04-28 14:11:33.845 T:3552891696 DEBUG: CVideoPlayer::ProcessVideoData size:341 dts:29.363 pts:29.363 dur:41.708ms, clock:20.711 level:106
2019-04-28 14:11:33.883 T:3885310768 DEBUG: CVideoPlayerVideo::OutputPicture - ttd:393ms pts:21.104 Clock:20.711 Level:6 elapsed:37.765ms
2019-04-28 14:11:33.886 T:3552891696 DEBUG: CVideoPlayer::ProcessVideoData size:4748 dts:29.404 pts:29.488 dur:41.708ms, clock:20.752 level:107
2019-04-28 14:11:33.925 T:3885310768 DEBUG: CVideoPlayerVideo::OutputPicture - ttd:395ms pts:21.146 Clock:20.751 Level:6 elapsed:39.811ms
2019-04-28 14:11:33.927 T:3552891696 DEBUG: CVideoPlayer::ProcessVideoData size:421 dts:29.446 pts:29.446 dur:41.708ms, clock:20.793 level:106
2019-04-28 14:11:33.966 T:3885310768 DEBUG: CVideoPlayerVideo::OutputPicture - ttd:393ms pts:21.188 Clock:20.794 Level:6 elapsed:37.956ms
2019-04-28 14:11:33.968 T:3552891696 DEBUG: CVideoPlayer::ProcessVideoData size:5925 dts:29.488 pts:29.613 dur:41.708ms, clock:20.834 level:106
2019-04-28 14:11:34.008 T:3885310768 DEBUG: CVideoPlayerVideo::OutputPicture - ttd:394ms pts:21.230 Clock:20.835 Level:6 elapsed:39.172ms
2019-04-28 14:11:34.019 T:3552891696 DEBUG: CVideoPlayer::ProcessVideoData size:487 dts:29.529 pts:29.529 dur:41.708ms, clock:20.885 level:107
2019-04-28 14:11:34.049 T:3885310768 DEBUG: CVideoPlayerVideo::OutputPicture - ttd:394ms pts:21.271 Clock:20.876 Level:6 elapsed:38.856ms
2019-04-28 14:11:34.059 T:3552891696 DEBUG: CVideoPlayer::ProcessVideoData size:359 dts:29.571 pts:29.571 dur:41.708ms, clock:20.925 level:106
2019-04-28 14:11:34.091 T:3885310768 DEBUG: CVideoPlayerVideo::OutputPicture - ttd:395ms pts:21.313 Clock:20.918 Level:6 elapsed:39.894ms
2019-04-28 14:11:34.100 T:3552891696 DEBUG: CVideoPlayer::ProcessVideoData size:5719 dts:29.613 pts:29.738 dur:41.708ms, clock:20.966 level:106
2019-04-28 14:11:34.133 T:3885310768 DEBUG: CVideoPlayerVideo::OutputPicture - ttd:393ms pts:21.355 Clock:20.961 Level:6 elapsed:38.547ms
2019-04-28 14:11:34.141 T:3552891696 DEBUG: CVideoPlayer::ProcessVideoData size:464 dts:29.655 pts:29.655 dur:41.708ms, clock:21.007 level:107
2019-04-28 14:11:34.174 T:3885310768 DEBUG: CVideoPlayerVideo::OutputPicture - ttd:393ms pts:21.396 Clock:21.003 Level:6 elapsed:37.714ms
2019-04-28 14:11:34.182 T:3552891696 DEBUG: CVideoPlayer::ProcessVideoData size:393 dts:29.696 pts:29.696 dur:41.708ms, clock:21.048 level:106
2019-04-28 14:11:34.216 T:3885310768 DEBUG: CVideoPlayerVideo::OutputPicture - ttd:395ms pts:21.438 Clock:21.043 Level:6 elapsed:39.832ms
2019-04-28 14:11:34.223 T:3552891696 DEBUG: CVideoPlayer::ProcessVideoData size:5868 dts:29.738 pts:29.863 dur:41.708ms, clock:21.089 level:106
2019-04-28 14:11:34.258 T:3885310768 DEBUG: CVideoPlayerVideo::OutputPicture - ttd:392ms pts:21.480 Clock:21.087 Level:6 elapsed:36.560ms
2019-04-28 14:11:34.263 T:3552891696 DEBUG: CVideoPlayer::ProcessVideoData size:538 dts:29.780 pts:29.780 dur:41.708ms, clock:21.130 level:107
2019-04-28 14:11:34.299 T:3885310768 DEBUG: CVideoPlayerVideo::OutputPicture - ttd:395ms pts:21.521 Clock:21.126 Level:6 elapsed:39.218ms
2019-04-28 14:11:34.304 T:3552891696 DEBUG: CVideoPlayer::ProcessVideoData size:422 dts:29.821 pts:29.821 dur:41.708ms, clock:21.170 level:106
2019-04-28 14:11:34.342 T:3885310768 DEBUG: CVideoPlayerVideo::OutputPicture - ttd:395ms pts:21.563 Clock:21.168 Level:6 elapsed:39.945ms
2019-04-28 14:11:34.345 T:3552891696 DEBUG: CVideoPlayer::ProcessVideoData size:5863 dts:29.863 pts:29.988 dur:41.708ms, clock:21.211 level:106
2019-04-28 14:11:34.383 T:3885310768 DEBUG: CVideoPlayerVideo::OutputPicture - ttd:394ms pts:21.605 Clock:21.210 Level:6 elapsed:38.534ms
2019-04-28 14:11:34.386 T:3552891696 DEBUG: CVideoPlayer::ProcessVideoData size:481 dts:29.905 pts:29.905 dur:41.708ms, clock:21.252 level:107
2019-04-28 14:11:34.425 T:3885310768 DEBUG: CVideoPlayerVideo::OutputPicture - ttd:395ms pts:21.647 Clock:21.251 Level:6 elapsed:40.200ms
2019-04-28 14:11:34.437 T:3552891696 DEBUG: CVideoPlayer::ProcessVideoData size:382 dts:29.947 pts:29.947 dur:41.708ms, clock:21.303 level:106
2019-04-28 14:11:34.467 T:3885310768 DEBUG: CVideoPlayerVideo::OutputPicture - ttd:394ms pts:21.688 Clock:21.294 Level:6 elapsed:39.444ms
2019-04-28 14:11:34.479 T:3483190064 DEBUG: CurlFile::ParseAndCorrectUrl() adding custom header option 'Range: bytes=4025052-4199399'
2019-04-28 14:11:34.479 T:3483190064 DEBUG: CurlFile::ParseAndCorrectUrl() adding custom header option 'connection: keep-alive'
2019-04-28 14:11:34.479 T:3483190064 DEBUG: CurlFile::Open(0xe5b14460) http://37.77.187.139/?o=AQG0F3DdPWYFPtDzh_5chH9BrQhEul2HrjDVHbdOBXxPXrLhALoVBVqo4JGu-96zTrCCeEYtZ_pZjFPQxwUvaS8ayjficSrzINSdJjYLaAola8puh1edQFQZZysQoeEnB2pSe8eq7R58dltqJSeJJCreQ422yXx5cjPwB253CrqefElo9qP1Z9vvhPF09ctJPd7Lla_MOPfFBfKaX-MR2w&v=3&e=1556500266&t=k4ZG6LTuZ0yxHWiSxmrNN0jPzhg
2019-04-28 14:11:34.508 T:3885310768 DEBUG: CVideoPlayerVideo::OutputPicture - ttd:384ms pts:21.730 Clock:21.346 Level:6 elapsed:28.661ms
2019-04-28 14:11:34.528 T:3552891696 DEBUG: CVideoPlayer::ProcessVideoData size:579 dts:29.988 pts:30.030 dur:41.708ms, clock:21.394 level:106
2019-04-28 14:11:34.529 T:3466404656 DEBUG: CurlFile::ParseAndCorrectUrl() adding custom header option 'Range: bytes=477718-502227'
2019-04-28 14:11:34.529 T:3466404656 DEBUG: CurlFile::ParseAndCorrectUrl() adding custom header option 'connection: keep-alive'
2019-04-28 14:11:34.530 T:3466404656 DEBUG: CurlFile::Open(0xd83dd790) http://195.8.12.225/?o=AQG0F3DdPWYFPtD7g_1di3tBqwxS_UeZonmJQ_pKVzQcULPnB69XXASq5Ziq58b4GP2JYBxpAedHq1f_xDENZzx5lz7IVgaMTtOIIUBYI1QVfPBD8yyyb3EmegEVsvViRH0df8C5sBMMeTJ0LxTnOznFHc2z0nl1ajPiXS85F6SCKBY6v_GjYMz-lO4o5MEXJOCZxoHPMqCOCuPbUw&v=3&e=1556500266&t=5I15dcz3LFKq_5lZ5sbUXGN16lA
2019-04-28 14:11:34.535 T:3483190064 DEBUG: AddOnLog: InputStream Adaptive: Download http://37.77.187.139/?o=AQG0F3DdPWYFPtDzh_5chH9BrQhEul2HrjDVHbdOBXxPXrLhALoVBVqo4JGu-96zTrCCeEYtZ_pZjFPQxwUvaS8ayjficSrzINSdJjYLaAola8puh1edQFQZZysQoeEnB2pSe8eq7R58dltqJSeJJCreQ422yXx5cjPwB253CrqefElo9qP1Z9vvhPF09ctJPd7Lla_MOPfFBfKaX-MR2w&v=3&e=1556500266&t=k4ZG6LTuZ0yxHWiSxmrNN0jPzhg finished, avg speed: 3636337.01byte/s, current speed: 3169963.00byte/s
2019-04-28 14:11:34.539 T:3466404656 DEBUG: AddOnLog: InputStream Adaptive: Download http://195.8.12.225/?o=AQG0F3DdPWYFPtD7g_1di3tBqwxS_UeZonmJQ_pKVzQcULPnB69XXASq5Ziq58b4GP2JYBxpAedHq1f_xDENZzx5lz7IVgaMTtOIIUBYI1QVfPBD8yyyb3EmegEVsvViRH0df8C5sBMMeTJ0LxTnOznFHc2z0nl1ajPiXS85F6SCKBY6v_GjYMz-lO4o5MEXJOCZxoHPMqCOCuPbUw&v=3&e=1556500266&t=5I15dcz3LFKq_5lZ5sbUXGN16lA finished, avg speed: 3614995.95byte/s, current speed: 2723333.00byte/s
2019-04-28 14:11:34.540 T:3552891696 DEBUG: CVideoPlayer::ProcessVideoData size:63792 dts:30.030 pts:30.072 dur:41.708ms, clock:21.406 level:106
2019-04-28 14:11:34.550 T:3885310768 DEBUG: CVideoPlayerVideo::OutputPicture - ttd:393ms pts:21.772 Clock:21.378 Level:6 elapsed:38.597ms
2019-04-28 14:11:34.561 T:3552891696 DEBUG: CVideoPlayer::ProcessVideoData size:8200 dts:30.072 pts:30.197 dur:41.708ms, clock:21.427 level:107
2019-04-28 14:11:34.568 T:3785339696 DEBUG: [plugin.video.netflix (0)] Executing JSON-RPC: {"params": {"playerid": 1, "properties": ["audiostreams", "currentaudiostream", "subtitles", "currentsubtitle", "subtitleenabled", "percentage", "time"]}, "jsonrpc": "2.0", "method": "Player.GetProperties", "id": 1}
2019-04-28 14:11:34.570 T:3785339696 DEBUG: [plugin.video.netflix (0)] Notifying all managers of on_tick (data={u'currentaudiostream': {u'index': 0, u'name': u'AAC ', u'language': u'eng', u'channels': 2, u'codec': u'aac', u'bitrate': 98304}, u'elapsed_seconds': 21, u'time': {u'hours': 0, u'seconds': 21, u'minutes': 0, u'milliseconds': 290}, u'subtitleenabled': True, u'percentage': 0.41541463136672974, u'currentsubtitle': {u'index': 0, u'name': u'', u'language': u'eng'}, u'audiostreams': [{u'index': 0, u'name': u'AAC ', u'language': u'eng', u'channels': 2, u'codec': u'aac', u'bitrate': 98304}, {u'index': 1, u'name': u'AAC ', u'language': u'spa', u'channels': 2, u'codec': u'aac', u'bitrate': 98304}, {u'index': 2, u'name': u'AAC ', u'language': u'fre', u'channels': 2, u'codec': u'aac', u'bitrate': 98304}, {u'index': 3, u'name': u'AAC ', u'language': u'por', u'channels': 2, u'codec': u'aac', u'bitrate': 98304}], u'subtitles': [{u'index': 0, u'name': u'', u'language': u'eng'}, {u'index': 1, u'name': u'', u'language': u'spa'}, {u'index': 2, u'name': u'', u'language': u'spa'}, {u'index': 3, u'name': u'', u'language': u'fre'}, {u'index': 4, u'name': u'', u'language': u'por'}, {u'index': 5, u'name': u'', u'language': u'por'}]})
2019-04-28 14:11:34.592 T:3885310768 DEBUG: CVideoPlayerVideo::OutputPicture - ttd:394ms pts:21.813 Clock:21.419 Level:6 elapsed:38.6