2019-04-28 14:10:32.406 T:3474797360 DEBUG: CVideoPlayerVideo::OutputPicture - ttd:395ms pts:37.829 Clock:37.434 Level:6 elapsed:39.061ms
2019-04-28 14:10:32.413 T:3458011952 ERROR: ffmpeg[CE1D1330]: [aac] channel element 2.14 is not allocated
2019-04-28 14:10:32.413 T:3552891696 DEBUG: CVideoPlayer::ProcessVideoData size:595 dts:46.129 pts:46.129 dur:41.708ms, clock:37.480 level:106
2019-04-28 14:10:32.449 T:3474797360 DEBUG: CVideoPlayerVideo::OutputPicture - ttd:395ms pts:37.871 Clock:37.476 Level:6 elapsed:39.934ms
2019-04-28 14:10:32.454 T:3458011952 ERROR: ffmpeg[CE1D1330]: [aac] channel element 3.1 is not allocated
2019-04-28 14:10:32.454 T:3552891696 DEBUG: CVideoPlayer::ProcessVideoData size:575 dts:46.171 pts:46.171 dur:41.708ms, clock:37.521 level:106
2019-04-28 14:10:32.490 T:3474797360 DEBUG: CVideoPlayerVideo::OutputPicture - ttd:391ms pts:37.913 Clock:37.521 Level:6 elapsed:35.721ms
2019-04-28 14:10:32.495 T:3458011952 ERROR: ffmpeg[CE1D1330]: [aac] channel element 2.3 is not allocated
2019-04-28 14:10:32.495 T:3552891696 DEBUG: CVideoPlayer::ProcessVideoData size:13107 dts:46.213 pts:46.338 dur:41.708ms, clock:37.562 level:107
2019-04-28 14:10:32.531 T:3474797360 DEBUG: CVideoPlayerVideo::OutputPicture - ttd:395ms pts:37.955 Clock:37.559 Level:6 elapsed:39.160ms
2019-04-28 14:10:32.536 T:3552891696 DEBUG: CVideoPlayer::ProcessVideoData size:614 dts:46.255 pts:46.255 dur:41.708ms, clock:37.603 level:106
2019-04-28 14:10:32.536 T:3458011952 ERROR: ffmpeg[CE1D1330]: [aac] channel element 2.11 is not allocated
2019-04-28 14:10:32.573 T:3474797360 DEBUG: CVideoPlayerVideo::OutputPicture - ttd:395ms pts:37.996 Clock:37.601 Level:6 elapsed:39.121ms
2019-04-28 14:10:32.577 T:3458011952 ERROR: ffmpeg[CE1D1330]: [aac] channel element 3.7 is not allocated
2019-04-28 14:10:32.577 T:3552891696 DEBUG: CVideoPlayer::ProcessVideoData size:650 dts:46.296 pts:46.296 dur:41.708ms, clock:37.644 level:106
2019-04-28 14:10:32.615 T:3474797360 DEBUG: CVideoPlayerVideo::OutputPicture - ttd:391ms pts:38.038 Clock:37.647 Level:6 elapsed:35.956ms
2019-04-28 14:10:32.618 T:3458011952 ERROR: ffmpeg[CE1D1330]: [aac] channel element 2.2 is not allocated
2019-04-28 14:10:32.618 T:3552891696 DEBUG: CVideoPlayer::ProcessVideoData size:12419 dts:46.338 pts:46.463 dur:41.708ms, clock:37.685 level:107
2019-04-28 14:10:32.657 T:3474797360 DEBUG: CVideoPlayerVideo::OutputPicture - ttd:394ms pts:38.080 Clock:37.685 Level:6 elapsed:39.204ms
2019-04-28 14:10:32.659 T:3458011952 ERROR: ffmpeg[CE1D1330]: [aac] channel element 3.5 is not allocated
2019-04-28 14:10:32.659 T:3552891696 DEBUG: CVideoPlayer::ProcessVideoData size:608 dts:46.380 pts:46.380 dur:41.708ms, clock:37.726 level:106
2019-04-28 14:10:32.698 T:3474797360 DEBUG: CVideoPlayerVideo::OutputPicture - ttd:393ms pts:38.121 Clock:37.728 Level:6 elapsed:37.450ms
2019-04-28 14:10:32.710 T:3458011952 DEBUG: ffmpeg[CE1D1330]: [aac] Sample rate index in program config element does not match the sample rate index configured by the container.
2019-04-28 14:10:32.710 T:3552891696 DEBUG: CVideoPlayer::ProcessVideoData size:611 dts:46.421 pts:46.421 dur:41.708ms, clock:37.777 level:106
2019-04-28 14:10:32.710 T:3458011952 DEBUG: ffmpeg[CE1D1330]: [aac] Too large remapped id is not implemented. Update your FFmpeg version to the newest one from Git. If the problem still occurs, it means that your file has a feature which has not been implemented.
2019-04-28 14:10:32.710 T:3458011952 DEBUG: ffmpeg[CE1D1330]: [aac] If you want to help, upload a sample of this file to ftp://upload.ffmpeg.org/incoming/ and contact the ffmpeg-devel mailing list. (ffmpeg-devel@ffmpeg.org)
2019-04-28 14:10:32.740 T:3474797360 DEBUG: CVideoPlayerVideo::OutputPicture - ttd:391ms pts:38.163 Clock:37.771 Level:6 elapsed:35.795ms
2019-04-28 14:10:32.750 T:3552891696 DEBUG: CVideoPlayer::ProcessVideoData size:9895 dts:46.463 pts:46.588 dur:41.708ms, clock:37.818 level:107
2019-04-28 14:10:32.782 T:3474797360 DEBUG: CVideoPlayerVideo::OutputPicture - ttd:395ms pts:38.205 Clock:37.809 Level:6 elapsed:39.967ms
2019-04-28 14:10:32.791 T:3458011952 ERROR: ffmpeg[CE1D1330]: [aac] Reserved bit set.
2019-04-28 14:10:32.791 T:3552891696 DEBUG: CVideoPlayer::ProcessVideoData size:603 dts:46.505 pts:46.505 dur:41.708ms, clock:37.858 level:106
2019-04-28 14:10:32.791 T:3458011952 ERROR: ffmpeg[CE1D1330]: [aac] Number of bands (39) exceeds limit (28).
2019-04-28 14:10:32.824 T:3474797360 DEBUG: CVideoPlayerVideo::OutputPicture - ttd:393ms pts:38.247 Clock:37.853 Level:6 elapsed:38.128ms
2019-04-28 14:10:32.832 T:3458011952 ERROR: ffmpeg[CE1D1330]: [aac] Reserved bit set.
2019-04-28 14:10:32.832 T:3552891696 DEBUG: CVideoPlayer::ProcessVideoData size:668 dts:46.547 pts:46.547 dur:41.708ms, clock:37.899 level:106
2019-04-28 14:10:32.832 T:3458011952 ERROR: ffmpeg[CE1D1330]: [aac] Number of scalefactor bands in group (59) exceeds limit (47).
2019-04-28 14:10:32.865 T:3474797360 DEBUG: CVideoPlayerVideo::OutputPicture - ttd:391ms pts:38.288 Clock:37.896 Level:6 elapsed:36.008ms
2019-04-28 14:10:32.873 T:3458011952 ERROR: ffmpeg[CE1D1330]: [aac] Reserved bit set.
2019-04-28 14:10:32.873 T:3552891696 DEBUG: CVideoPlayer::ProcessVideoData size:11042 dts:46.588 pts:46.713 dur:41.708ms, clock:37.940 level:107
2019-04-28 14:10:32.873 T:3458011952 ERROR: ffmpeg[CE1D1330]: [aac] Number of bands (29) exceeds limit (22).
2019-04-28 14:10:32.907 T:3474797360 DEBUG: CVideoPlayerVideo::OutputPicture - ttd:394ms pts:38.330 Clock:37.936 Level:6 elapsed:38.393ms
2019-04-28 14:10:32.914 T:3552891696 DEBUG: CVideoPlayer::ProcessVideoData size:631 dts:46.630 pts:46.630 dur:41.708ms, clock:37.981 level:106
2019-04-28 14:10:32.914 T:3458011952 ERROR: ffmpeg[CE1D1330]: [aac] channel element 2.5 is not allocated
2019-04-28 14:10:32.949 T:3474797360 DEBUG: CVideoPlayerVideo::OutputPicture - ttd:395ms pts:38.372 Clock:37.977 Level:6 elapsed:39.146ms
2019-04-28 14:10:32.955 T:3458011952 ERROR: ffmpeg[CE1D1330]: [aac] channel element 3.10 is not allocated
2019-04-28 14:10:32.955 T:3552891696 DEBUG: CVideoPlayer::ProcessVideoData size:649 dts:46.672 pts:46.672 dur:41.708ms, clock:38.022 level:106
2019-04-28 14:10:32.991 T:3474797360 DEBUG: CVideoPlayerVideo::OutputPicture - ttd:392ms pts:38.413 Clock:38.021 Level:6 elapsed:36.587ms
2019-04-28 14:10:32.996 T:3458011952 ERROR: ffmpeg[CE1D1330]: [aac] Prediction is not allowed in AAC-LC.
2019-04-28 14:10:32.996 T:3552891696 DEBUG: CVideoPlayer::ProcessVideoData size:10991 dts:46.713 pts:46.838 dur:41.708ms, clock:38.063 level:107
2019-04-28 14:10:33.012 T:3785339696 DEBUG: [plugin.video.netflix (0)] Executing JSON-RPC: {"params": {"playerid": 1, "properties": ["audiostreams", "currentaudiostream", "subtitles", "currentsubtitle", "subtitleenabled", "percentage", "time"]}, "jsonrpc": "2.0", "method": "Player.GetProperties", "id": 1}
2019-04-28 14:10:33.014 T:3785339696 DEBUG: [plugin.video.netflix (0)] Notifying all managers of on_tick (data={u'currentaudiostream': {u'index': 0, u'name': u'AAC ', u'language': u'eng', u'channels': 2, u'codec': u'aac', u'bitrate': 98304}, u'elapsed_seconds': 38, u'time': {u'hours': 0, u'seconds': 38, u'minutes': 0, u'milliseconds': 33}, u'subtitleenabled': True, u'percentage': 0.74037373065948486, u'currentsubtitle': {u'index': 0, u'name': u'', u'language': u'eng'}, u'audiostreams': [{u'index': 0, u'name': u'AAC ', u'language': u'eng', u'channels': 2, u'codec': u'aac', u'bitrate': 98304}, {u'index': 1, u'name': u'AAC ', u'language': u'spa', u'channels': 2, u'codec': u'aac', u'bitrate': 98304}, {u'index': 2, u'name': u'AAC ', u'language': u'fre', u'channels': 2, u'codec': u'aac', u'bitrate': 98304}, {u'index': 3, u'name': u'AAC ', u'language': u'por', u'channels': 2, u'codec': u'aac', u'bitrate': 98304}], u'subtitles': [{u'index': 0, u'name': u'', u'language': u'eng'}, {u'index': 1, u'name': u'', u'language': u'spa'}, {u'index': 2, u'name': u'', u'language': u'spa'}, {u'index': 3, u'name': u'', u'language': u'fre'}, {u'index': 4, u'name': u'', u'language': u'fre'}, {u'index': 5, u'name': u'', u'language': u'por'}]})
2019-04-28 14:10:33.032 T:3474797360 DEBUG: CVideoPlayerVideo::OutputPicture - ttd:394ms pts:38.455 Clock:38.060 Level:6 elapsed:38.878ms
2019-04-28 14:10:33.037 T:3458011952 ERROR: ffmpeg[CE1D1330]: [aac] Reserved bit set.
2019-04-28 14:10:33.037 T:3552891696 DEBUG: CVideoPlayer::ProcessVideoData size:680 dts:46.755 pts:46.755 dur:41.708ms, clock:38.104 level:106
2019-04-28 14:10:33.037 T:3458011952 ERROR: ffmpeg[CE1D1330]: [aac] Number of bands (48) exceeds limit (35).
2019-04-28 14:10:33.074 T:3474797360 DEBUG: CVideoPlayerVideo::OutputPicture - ttd:395ms pts:38.497 Clock:38.101 Level:6 elapsed:39.234ms
2019-04-28 14:10:33.078 T:3552891696 DEBUG: CVideoPlayer::ProcessVideoData size:707 dts:46.797 pts:46.797 dur:41.708ms, clock:38.145 level:106
2019-04-28 14:10:33.078 T:3458011952 ERROR: ffmpeg[CE1D1330]: [aac] SBR was found before the first channel element.
2019-04-28 14:10:33.078 T:3458011952 ERROR: ffmpeg[CE1D1330]: [aac] Reserved bit set.
2019-04-28 14:10:33.078 T:3458011952 ERROR: ffmpeg[CE1D1330]: [aac] Prediction is not allowed in AAC-LC.
2019-04-28 14:10:33.116 T:3474797360 DEBUG: CVideoPlayerVideo::OutputPicture - ttd:390ms pts:38.538 Clock:38.148 Level:6 elapsed:35.082ms
2019-04-28 14:10:33.119 T:3458011952 ERROR: ffmpeg[CE1D1330]: [aac] SBR was found before the first channel element.
2019-04-28 14:10:33.119 T:3552891696 DEBUG: CVideoPlayer::ProcessVideoData size:10773 dts:46.838 pts:46.964 dur:41.708ms, clock:38.186 level:107
2019-04-28 14:10:33.119 T:3458011952 ERROR: ffmpeg[CE1D1330]: [aac] Prediction is not allowed in AAC-LC.
2019-04-28 14:10:33.157 T:3474797360 DEBUG: CVideoPlayerVideo::OutputPicture - ttd:394ms pts:38.580 Clock:38.185 Level:6 elapsed:39.100ms
2019-04-28 14:10:33.160 T:3458011952 ERROR: ffmpeg[CE1D1330]: [aac] Prediction is not allowed in AAC-LC.
2019-04-28 14:10:33.160 T:3552891696 DEBUG: CVideoPlayer::ProcessVideoData size:647 dts:46.880 pts:46.880 dur:41.708ms, clock:38.227 level:106
2019-04-28 14:10:33.199 T:3474797360 DEBUG: CVideoPlayerVideo::OutputPicture - ttd:395ms pts:38.622 Clock:38.227 Level:6 elapsed:39.663ms
2019-04-28 14:10:33.211 T:3458011952 DEBUG: ffmpeg[CE1D1330]: [aac] Sample rate index in program config element does not match the sample rate index configured by the container.
2019-04-28 14:10:33.211 T:3552891696 DEBUG: CVideoPlayer::ProcessVideoData size:689 dts:46.922 pts:46.922 dur:41.708ms, clock:38.278 level:106
2019-04-28 14:10:33.211 T:3458011952 DEBUG: ffmpeg[CE1D1330]: [aac] Too large remapped id is not implemented. Update your FFmpeg version to the newest one from Git. If the problem still occurs, it means that your file has a feature which has not been implemented.
2019-04-28 14:10:33.211 T:3458011952 DEBUG: ffmpeg[CE1D1330]: [aac] If you want to help, upload a sample of this file to ftp://upload.ffmpeg.org/incoming/ and contact the ffmpeg-devel mailing list. (ffmpeg-devel@ffmpeg.org)
2019-04-28 14:10:33.241 T:3474797360 DEBUG: CVideoPlayerVideo::OutputPicture - ttd:391ms pts:38.664 Clock:38.272 Level:6 elapsed:35.243ms
2019-04-28 14:10:33.252 T:3458011952 DEBUG: ffmpeg[CE1D1330]: [aac] Sample rate index in program config element does not match the sample rate index configured by the container.
2019-04-28 14:10:33.252 T:3552891696 DEBUG: CVideoPlayer::ProcessVideoData size:15802 dts:46.964 pts:47.089 dur:41.708ms, clock:38.319 level:107
2019-04-28 14:10:33.252 T:3458011952 ERROR: ffmpeg[CE1D1330]: [aac] Inconsistent channel configuration.
2019-04-28 14:10:33.252 T:3458011952 ERROR: ffmpeg[CE1D1330]: [aac] get_buffer() failed
2019-04-28 14:10:33.282 T:3474797360 DEBUG: CVideoPlayerVideo::OutputPicture - ttd:393ms pts:38.705 Clock:38.312 Level:6 elapsed:37.328ms
2019-04-28 14:10:33.293 T:3458011952 ERROR: ffmpeg[CE1D1330]: [aac] channel element 2.15 is not allocated
2019-04-28 14:10:33.293 T:3552891696 DEBUG: CVideoPlayer::ProcessVideoData size:1324 dts:47.005 pts:47.005 dur:41.708ms, clock:38.360 level:106
2019-04-28 14:10:33.324 T:3474797360 DEBUG: CVideoPlayerVideo::OutputPicture - ttd:394ms pts:38.747 Clock:38.352 Level:6 elapsed:39.085ms
2019-04-28 14:10:33.333 T:3458011952 ERROR: ffmpeg[CE1D1330]: [aac] channel element 3.3 is not allocated
2019-04-28 14:10:33.334 T:3552891696 DEBUG: CVideoPlayer::ProcessVideoData size:1140 dts:47.047 pts:47.047 dur:41.708ms, clock:38.401 level:106
2019-04-28 14:10:33.366 T:3474797360 DEBUG: CVideoPlayerVideo::OutputPicture - ttd:391ms pts:38.789 Clock:38.397 Level:6 elapsed:36.036ms
2019-04-28 14:10:33.374 T:3458011952 DEBUG: ffmpeg[CE1D1330]: [aac] Sample rate index in program config element does not match the sample rate index configured by the container.
2019-04-28 14:10:33.374 T:3552891696 DEBUG: CVideoPlayer::ProcessVideoData size:13956 dts:47.089 pts:47.214 dur:41.708ms, clock:38.442 level:107
2019-04-28 14:10:33.374 T:3458011952 ERROR: ffmpeg[CE1D1330]: [aac] Inconsistent channel configuration.
2019-04-28 14:10:33.375 T:3458011952 ERROR: ffmpeg[CE1D1330]: [aac] get_buffer() failed
2019-04-28 14:10:33.408 T:3474797360 DEBUG: CVideoPlayerVideo::OutputPicture - ttd:393ms pts:38.830 Clock:38.437 Level:6 elapsed:38.266ms
2019-04-28 14:10:33.415 T:3458011952 DEBUG: ffmpeg[CE1D1330]: [aac] Sample rate index in program config element does not match the sample rate index configured by the container.
2019-04-28 14:10:33.415 T:3552891696 DEBUG: CVideoPlayer::ProcessVideoData size:1096 dts:47.130 pts:47.130 dur:41.708ms, clock:38.482 level:106
2019-04-28 14:10:33.415 T:3458011952 ERROR: ffmpeg[CE1D1330]: [aac] Inconsistent channel configuration.
2019-04-28 14:10:33.415 T:3458011952 ERROR: ffmpeg[CE1D1330]: [aac] get_buffer() failed
2019-04-28 14:10:33.450 T:3474797360 DEBUG: CVideoPlayerVideo::OutputPicture - ttd:394ms pts:38.872 Clock:38.477 Level:6 elapsed:39.273ms
2019-04-28 14:10:33.456 T:3458011952 ERROR: ffmpeg[CE1D1330]: [aac] channel element 2.9 is not allocated
2019-04-28 14:10:33.456 T:3552891696 DEBUG: CVideoPlayer::ProcessVideoData size:1045 dts:47.172 pts:47.172 dur:41.708ms, clock:38.523 level:106
2019-04-28 14:10:33.491 T:3474797360 DEBUG: CVideoPlayerVideo::OutputPicture - ttd:391ms pts:38.914 Clock:38.522 Level:6 elapsed:35.464ms
2019-04-28 14:10:33.497 T:3458011952 ERROR: ffmpeg[CE1D1330]: [aac] channel element 3.15 is not allocated
2019-04-28 14:10:33.497 T:3552891696 DEBUG: CVideoPlayer::ProcessVideoData size:14110 dts:47.214 pts:47.297 dur:41.708ms, clock:38.564 level:107
2019-04-28 14:10:33.533 T:3474797360 DEBUG: CVideoPlayerVideo::OutputPicture - ttd:395ms pts:38.956 Clock:38.560 Level:6 elapsed:39.494ms
2019-04-28 14:10:33.538 T:3458011952 ERROR: ffmpeg[CE1D1330]: [aac] channel element 2.14 is not allocated
2019-04-28 14:10:33.538 T:3552891696 DEBUG: CVideoPlayer::ProcessVideoData size:1112 dts:47.256 pts:47.256 dur:41.708ms, clock:38.605 level:106
2019-04-28 14:10:33.574 T:3474797360 DEBUG: CVideoPlayerVideo::OutputPicture - ttd:393ms pts:38.997 Clock:38.603 Level:6 elapsed:37.871ms
2019-04-28 14:10:33.579 T:3458011952 ERROR: ffmpeg[CE1D1330]: [aac] channel element 2.9 is not allocated
2019-04-28 14:10:33.579 T:3552891696 DEBUG: CVideoPlayer::ProcessVideoData size:12455 dts:47.297 pts:47.422 dur:41.708ms, clock:38.646 level:106
2019-04-28 14:10:33.616 T:3474797360 DEBUG: CVideoPlayerVideo::OutputPicture - ttd:391ms pts:39.039 Clock:38.648 Level:6 elapsed:35.660ms
2019-04-28 14:10:33.620 T:3552891696 DEBUG: CVideoPlayer::ProcessVideoData size:1014 dts:47.339 pts:47.339 dur:41.708ms, clock:38.687 level:107
2019-04-28 14:10:33.620 T:3458011952 ERROR: ffmpeg[CE1D1330]: [aac] channel element 2.6 is not allocated
2019-04-28 14:10:33.658 T:3474797360 DEBUG: CVideoPlayerVideo::OutputPicture - ttd:394ms pts:39.081 Clock:38.686 Level:6 elapsed:39.287ms
2019-04-28 14:10:33.661 T:3458011952 ERROR: ffmpeg[CE1D1330]: [aac] Reserved bit set.
2019-04-28 14:10:33.661 T:3552891696 DEBUG: CVideoPlayer::ProcessVideoData size:951 dts:47.381 pts:47.381 dur:41.708ms, clock:38.728 level:106
2019-04-28 14:10:33.661 T:3458011952 ERROR: ffmpeg[CE1D1330]: [aac] Number of bands (34) exceeds limit (33).
2019-04-28 14:10:33.700 T:3474797360 DEBUG: CVideoPlayerVideo::OutputPicture - ttd:395ms pts:39.122 Clock:38.727 Level:6 elapsed:39.701ms
2019-04-28 14:10:33.702 T:3458011952 ERROR: ffmpeg[CE1D1330]: [aac] channel element 3.3 is not allocated
2019-04-28 14:10:33.702 T:3552891696 DEBUG: CVideoPlayer::ProcessVideoData size:15401 dts:47.422 pts:47.547 dur:41.708ms, clock:38.769 level:106
2019-04-28 14:10:33.741 T:3474797360 DEBUG: CVideoPlayerVideo::OutputPicture - ttd:391ms pts:39.164 Clock:38.773 Level:6 elapsed:35.687ms
2019-04-28 14:10:33.753 T:3458011952 ERROR: ffmpeg[CE1D1330]: [aac] Prediction is not allowed in AAC-LC.
2019-04-28 14:10:33.753 T:3552891696 DEBUG: CVideoPlayer::ProcessVideoData size:1063 dts:47.464 pts:47.464 dur:41.708ms, clock:38.820 level:107
2019-04-28 14:10:33.783 T:3474797360 DEBUG: CVideoPlayerVideo::OutputPicture - ttd:395ms pts:39.206 Clock:38.811 Level:6 elapsed:39.877ms
2019-04-28 14:10:33.794 T:3552891696 DEBUG: CVideoPlayer::ProcessVideoData size:940 dts:47.506 pts:47.506 dur:41.708ms, clock:38.861 level:106
2019-04-28 14:10:33.794 T:3458011952 ERROR: ffmpeg[CE1D1330]: [aac] channel element 2.11 is not allocated
2019-04-28 14:10:33.825 T:3474797360 DEBUG: CVideoPlayerVideo::OutputPicture - ttd:394ms pts:39.248 Clock:38.853 Level:6 elapsed:39.003ms
2019-04-28 14:10:33.835 T:3458011952 ERROR: ffmpeg[CE1D1330]: [aac] channel element 2.4 is not allocated
2019-04-28 14:10:33.835 T:3552891696 DEBUG: CVideoPlayer::ProcessVideoData size:14930 dts:47.547 pts:47.673 dur:41.708ms, clock:38.902 level:106
2019-04-28 14:10:33.866 T:3474797360 DEBUG: CVideoPlayerVideo::OutputPicture - ttd:391ms pts:39.289 Clock:38.897 Level:6 elapsed:35.831ms
2019-04-28 14:10:33.869 T:3576222512 DEBUG: CWebServer[8080]: request received for /jsonrpc
2019-04-28 14:10:33.875 T:3552891696 DEBUG: CVideoPlayer::ProcessVideoData size:1034 dts:47.589 pts:47.589 dur:41.708ms, clock:38.943 level:107
2019-04-28 14:10:33.876 T:3458011952 ERROR: ffmpeg[CE1D1330]: [aac] Number of scalefactor bands in group (63) exceeds limit (47).
2019-04-28 14:10:33.876 T:3576222512 DEBUG: CWebServer[8080]: request received for /jsonrpc
2019-04-28 14:10:33.908 T:3474797360 DEBUG: Previous line repeats 2 times.
2019-04-28 14:10:33.908 T:3474797360 DEBUG: CVideoPlayerVideo::OutputPicture - ttd:395ms pts:39.331 Clock:38.936 Level:6 elapsed:39.550ms
2019-04-28 14:10:33.917 T:3458011952 ERROR: ffmpeg[CE1D1330]: [aac] channel element 2.0 is not allocated
2019-04-28 14:10:33.917 T:3552891696 DEBUG: CVideoPlayer::ProcessVideoData size:1046 dts:47.631 pts:47.631 dur:41.708ms, clock:38.984 level:106
2019-04-28 14:10:33.950 T:3474797360 DEBUG: CVideoPlayerVideo::OutputPicture - ttd:394ms pts:39.373 Clock:38.979 Level:6 elapsed:38.587ms
2019-04-28 14:10:33.957 T:3458011952 ERROR: ffmpeg[CE1D1330]: [aac] Reserved bit set.
2019-04-28 14:10:33.958 T:3552891696 DEBUG: CVideoPlayer::ProcessVideoData size:12121 dts:47.673 pts:47.798 dur:41.708ms, clock:39.025 level:106
2019-04-28 14:10:33.958 T:3458011952 ERROR: ffmpeg[CE1D1330]: [aac] Prediction is not allowed in AAC-LC.
2019-04-28 14:10:33.991 T:3474797360 DEBUG: CVideoPlayerVideo::OutputPicture - ttd:390ms pts:39.414 Clock:39.024 Level:6 elapsed:34.835ms
2019-04-28 14:10:33.998 T:3552891696 DEBUG: CVideoPlayer::ProcessVideoData size:944 dts:47.714 pts:47.714 dur:41.708ms, clock:39.066 level:107
2019-04-28 14:10:33.999 T:3458011952 ERROR: ffmpeg[CE1D1330]: [aac] Reserved bit set.
2019-04-28 14:10:33.999 T:3458011952 ERROR: ffmpeg[CE1D1330]: [aac] Number of scalefactor bands in group (50) exceeds limit (47).
2019-04-28 14:10:34.015 T:3785339696 DEBUG: [plugin.video.netflix (0)] Executing JSON-RPC: {"params": {"playerid": 1, "properties": ["audiostreams", "currentaudiostream", "subtitles", "currentsubtitle", "subtitleenabled", "percentage", "time"]}, "jsonrpc": "2.0", "method": "Player.GetProperties", "id": 1}
2019-04-28 14:10:34.018 T:3785339696 DEBUG: [plugin.video.netflix (0)] Notifying all managers of on_tick (data={u'currentaudiostream': {u'index': 0, u'name': u'AAC ', u'language': u'eng', u'channels': 2, u'codec': u'aac', u'bitrate': 98304}, u'elapsed_seconds': 38, u'time': {u'hours': 0, u'seconds': 38, u'minutes': 0, u'milliseconds': 930}, u'subtitleenabled': True, u'percentage': 0.75783532857894897, u'currentsubtitle': {u'index': 0, u'name': u'', u'language': u'eng'}, u'audiostreams': [{u'index': 0, u'name': u'AAC ', u'language': u'eng', u'channels': 2, u'codec': u'aac', u'bitrate': 98304}, {u'index': 1, u'name': u'AAC ', u'language': u'spa', u'channels': 2, u'codec': u'aac', u'bitrate': 98304}, {u'index': 2, u'name': u'AAC ', u'language': u'fre', u'channels': 2, u'codec': u'aac', u'bitrate': 98304}, {u'index': 3, u'name': u'AAC ', u'language': u'por', u'channels': 2, u'codec': u'aac', u'bitrate': 98304}], u'subtitles': [{u'index': 0, u'name': u'', u'language': u'eng'}, {u'index': 1, u'name': u'', u'language': u'spa'}, {u'index': 2, u'name': u'', u'language': u'spa'}, {u'index': 3, u'name': u'', u'language': u'fre'}, {u'index': 4, u'name': u'', u'language': u'fre'}, {u'index': 5, u'name': u'', u'language': u'por'}]})
2019-04-28 14:10:34.033 T:3474797360 DEBUG: CVideoPlayerVideo::OutputPicture - ttd:395ms pts:39.456 Clock:39.061 Level:6 elapsed:39.551ms
2019-04-28 14:10:34.039 T:3458011952 ERROR: ffmpeg[CE1D1330]: [aac] Prediction is not allowed in AAC-LC.
2019-04-28 14:10:34.039 T:3552891696 DEBUG: CVideoPlayer::ProcessVideoData size:996 dts:47.756 pts:47.756 dur:41.708ms, clock:39.107 level:106
2019-04-28 14:10:34.075 T:3474797360 DEBUG: CVideoPlayerVideo::OutputPicture - ttd:393ms pts:39.498 Clock:39.104 Level:6 elapsed:37.803ms
2019-04-28 14:10:34.080 T:3458011952 ERROR: ffmpeg[CE1D1330]: [aac] channel element 3.2 is not allocated
2019-04-28 14:10:34.080 T:3552891696 DEBUG: CVideoPlayer::ProcessVideoData size:14294 dts:47.798 pts:47.923 dur:41.708ms, clock:39.147 level:106
2019-04-28 14:10:34.117 T:3474797360 DEBUG: CVideoPlayerVideo::OutputPicture - ttd:389ms pts:39.539 Clock:39.150 Level:6 elapsed:34.480ms
2019-04-28 14:10:34.121 T:3458011952 ERROR: ffmpeg[CE1D1330]: [aac] Prediction is not allowed in AAC-LC.
2019-04-28 14:10:34.121 T:3552891696 DEBUG: CVideoPlayer::ProcessVideoData size:894 dts:47.839 pts:47.839 dur:41.708ms, clock:39.188 level:107
2019-04-28 14:10:34.158 T:3474797360 DEBUG: CVideoPlayerVideo::OutputPicture - ttd:393ms pts:39.581 Clock:39.188 Level:6 elapsed:37.627ms
2019-04-28 14:10:34.162 T:3458011952 DEBUG: ffmpeg[CE1D1330]: [aac] Sample rate index in program config element does not match the sample rate index configured by the container.
2019-04-28 14:10:34.162 T:3552891696 DEBUG: CVideoPlayer::ProcessVideoData size:850 dts:47.881 pts:47.881 dur:41.708ms, clock:39.229 level:106
2019-04-28 14:10:34.162 T:3458011952 DEBUG: ffmpeg[CE1D1330]: [aac] Too large remapped id is not implemented. Update your FFmpeg version to the newest one from Git. If the problem still occurs, it means that your file has a feature which has not been implemented.
2019-04-28 14:10:34.162 T:3458011952 DEBUG: ffmpeg[CE1D1330]: [aac] If you want to help, upload a sample of this file to ftp://upload.ffmpeg.org/incoming/ and contact the ffmpeg-devel mailing list. (ffmpeg-devel@ffmpeg.org)
2019-04-28 14:10:34.200 T:3474797360 DEBUG: CVideoPlayerVideo::OutputPicture - ttd:395ms pts:39.623 Clock:39.228 Level:6 elapsed:39.102ms
2019-04-28 14:10:34.203 T:3458011952 ERROR: ffmpeg[CE1D1330]: [aac] channel element 2.1 is not allocated
2019-04-28 14:10:34.203 T:3552891696 DEBUG: CVideoPlayer::ProcessVideoData size:15815 dts:47.923 pts:48.006 dur:41.708ms, clock:39.270 level:106
2019-04-28 14:10:34.242 T:3474797360 DEBUG: CVideoPlayerVideo::OutputPicture - ttd:395ms pts:39.665 Clock:39.269 Level:6 elapsed:39.374ms
2019-04-28 14:10:34.244 T:3552891696 DEBUG: CVideoPlayer::ProcessVideoData size:920 dts:47.965 pts:47.965 dur:41.708ms, clock:39.311 level:107
2019-04-28 14:10:34.244 T:3458011952 ERROR: ffmpeg[CE1D1330]: [aac] channel element 3.0 is not allocated
2019-04-28 14:10:34.283 T:3474797360 DEBUG: CVideoPlayerVideo::OutputPicture - ttd:395ms pts:39.706 Clock:39.311 Level:6 elapsed:39.479ms
2019-04-28 14:10:34.296 T:3466404656 DEBUG: CurlFile::ParseAndCorrectUrl() adding custom header option 'Range: bytes=710642-735648'
2019-04-28 14:10:34.296 T:3466404656 DEBUG: CurlFile::ParseAndCorrectUrl() adding custom header option 'connection: keep-alive'
2019-04-28 14:10:34.296 T:3466404656 DEBUG: CurlFile::Open(0xe5b14460) http://195.8.12.225/?o=AQHsvJl_EOvSE5TTC4bNd__NFO-JEPWYqP98RAVmbt7CBOuYT5VYlLBEmZEOHrgBOyDrYOjO2iHNfpl_cP3gfV8kUOWFG-leEB80dn1b5uAz5vGFWq7Dy_c_ownq5FLF3YlnoMk1n1K7yKkMhNbEvXmPpd0xgv8g8x69ntP3pds0gHtSovUnbSx-hcm2MHyZCVQLaNviCAjXnsu3in0&v=3&e=1556500176&t=SdFHa60Oat9NM19HrSW2B81Yrik
2019-04-28 14:10:34.319 T:3466404656 DEBUG: AddOnLog: InputStream Adaptive: Download http://195.8.12.225/?o=AQHsvJl_EOvSE5TTC4bNd__NFO-JEPWYqP98RAVmbt7CBOuYT5VYlLBEmZEOHrgBOyDrYOjO2iHNfpl_cP3gfV8kUOWFG-leEB80dn1b5uAz5vGFWq7Dy_c_ownq5FLF3YlnoMk1n1K7yKkMhNbEvXmPpd0xgv8g8x69ntP3pds0gHtSovUnbSx-hcm2MHyZCVQLaNviCAjXnsu3in0&v=3&e=1556500176&t=SdFHa60Oat9NM19HrSW2B81Yrik finished, avg speed: 7251497.66byte/s, current speed: 1136681.00byte/s
2019-04-28 14:10:34.320 T:3458011952 ERROR: ffmpeg[CE1D1330]: [aac] channel element 2.9 is not allocated
2019-04-28 14:10:34.321 T:3517969200 DEBUG: CurlFile::ParseAndCorrectUrl() adding custom header option 'Range: bytes=7341571-7640466'
2019-04-28 14:10:34.321 T:3517969200 DEBUG: CurlFile::ParseAndCorrectUrl() adding custom header option 'connection: keep-alive'
2019-04-28 14:10:34.321 T:3517969200 DEBUG: CurlFile::Open(0xe51b2488) http://195.8.12.225/?o=AQHsvJl_EOvSE5TTC4bMd_jEHeSPEPWYqOh8RAVmbt7CBOuYT5VYlLBEmZEOHrgBOyDrYOjO2iHNfpl_cP3gfV8kUOWFG-leEB80dn1b5uAz5vGFWq7Dy_c_ownq5FLF3YlnoMExiAug9_IOqu7r923d64Q4l_0p8QG4lpahucIynSgXubBiaTx6l968bmXFGF43MryiAkvD1dD5j3u_hQ&v=3&e=1556500176&t=XBn9CDz3os3jL_GEmnZeF6gNB3c
2019-04-28 14:10:34.325 T:3474797360 DEBUG: CVideoPlayerVideo::OutputPicture - ttd:377ms pts:39.748 Clock:39.371 Level:6 elapsed:21.519ms
2019-04-28 14:10:34.359 T:3552891696 DEBUG: CVideoPlayer::ProcessVideoData size:1261 dts:48.006 pts:48.048 dur:41.708ms, clock:39.426 level:106
2019-04-28 14:10:34.359 T:3458011952 ERROR: ffmpeg[CE1D1330]: [aac] channel element 2.9 is not allocated
2019-04-28 14:10:34.360 T:3458011952 ERROR: ffmpeg[CE1D1330]: [aac] Reserved bit set.
2019-04-28 14:10:34.360 T:3458011952 ERROR: ffmpeg[CE1D1330]: [aac] Number of bands (5) exceeds limit (4).
2019-04-28 14:10:34.361 T:3552891696 DEBUG: CVideoPlayer::ProcessVideoData size:62653 dts:48.048 pts:48.090 dur:41.708ms, clock:39.428 level:106
2019-04-28 14:10:34.368 T:3474797360 DEBUG: CVideoPlayerVideo::OutputPicture - ttd:390ms pts:39.790 Clock:39.399 Level:6 elapsed:36.124ms
2019-04-28 14:10:34.372 T:3458011952 ERROR: ffmpeg[CE1D1330]: [aac] channel element 2.14 is not allocated
2019-04-28 14:10:34.372 T:3552891696 DEBUG: CVideoPlayer::ProcessVideoData size:13947 dts:48.090 pts:48.215 dur:41.708ms, clock:39.439 level:107
2019-04-28 14:10:34.381 T:3517969200 DEBUG: AddOnLog: InputStream Adaptive: Download http://195.8.12.225/?o=AQHsvJl_EOvSE5TTC4bMd_jEHeSPEPWYqOh8RAVmbt7CBOuYT5VYlLBEmZEOHrgBOyDrYOjO2iHNfpl_cP3gfV8kUOWFG-leEB80dn1b5uAz5vGFWq7Dy_c_ownq5FLF3YlnoMExiAug9_IOqu7r923d64Q4l_0p8QG4lpahucIynSgXubBiaTx6l968bmXFGF43MryiAkvD1dD5j3u_hQ&v=3&e=1556500176&t=XBn9CDz3os3jL_GEmnZeF6gNB3c finished, avg speed: 6628532.19byte/s, current speed: 5066033.00byte/s
2019-04-28 14:10:34.408 T:3474797360 DEBUG: CVideoPlayerVideo::OutputPicture - ttd:393ms pts:39.831 Clock:39.438 Level:6 elapsed:37.924ms
2019-04-28 14:10:34.413 T:3458011952 ERROR: ffmpeg[CE1D1330]: [aac] Reserved bit set.
2019-04-28 14:10:34.413 T:3552891696 DEBUG: CVideoPlayer::ProcessVideoData size:866 dts:48.131 pts:48.131 dur:41.708ms, clock:39.480 level:106
2019-04-28 14:10:34.413 T:3458011952 ERROR: ffmpeg[CE1D1330]: [aac] Number of bands (11) exceeds limit (7).
2019-04-28 14:10:34.450 T:3474797360 DEBUG: CVideoPlayerVideo::OutputPicture - ttd:395ms pts:39.873 Clock:39.478 Level:6 elapsed:39.342ms
2019-04-28 14:10:34.454 T:3458011952 ERROR: ffmpeg[CE1D1330]: [aac] SBR was found before the first channel element.
2019-04-28 14:10:34.454 T:3552891696 DEBUG: CVideoPlayer::ProcessVideoData size:747 dts:48.173 pts:48.173 dur:41.708ms, clock:39.521 level:106
2019-04-28 14:10:34.454 T:3458011952 ERROR: ffmpeg[CE1D1330]: [aac] Reserved bit set.
2019-04-28 14:10:34.454 T:3458011952 ERROR: ffmpeg[CE1D1330]: [aac] Prediction is not allowed in AAC-LC.
2019-04-28 14:10:34.492 T:3474797360 DEBUG: CVideoPlayerVideo::OutputPicture - ttd:390ms pts:39.915 Clock:39.525 Level:6 elapsed:34.148ms
2019-04-28 14:10:34.495 T:3458011952 ERROR: ffmpeg[CE1D1330]: [aac] channel element 3.0 is not allocated
2019-04-28 14:10:34.495 T:3552891696 DEBUG: CVideoPlayer::ProcessVideoData size:14577 dts:48.215 pts:48.298 dur:41.708ms, clock:39.562 level:107
2019-04-28 14:10:34.534 T:3474797360 DEBUG: CVideoPlayerVideo::OutputPicture - ttd:395ms pts:39.957 Clock:39.561 Level:6 elapsed:39.557ms
2019-04-28 14:10:34.536 T:3458011952 ERROR: ffmpeg[CE1D1330]: [aac] Reserved bit set.
2019-04-28 14:10:34.536 T:3552891696 DEBUG: CVideoPlayer::ProcessVideoData size:828 dts:48.257 pts:48.257 dur:41.708ms, clock:39.603 level:106
2019-04-28 14:10:34.536 T:3458011952 ERROR: ffmpeg[CE1D1330]: [aac] Prediction is not allowed in AAC-LC.
2019-04-28 14:10:34.575 T:3474797360 DEBUG: CVideoPlayerVideo::OutputPicture - ttd:395ms pts:39.998 Clock:39.603 Level:6 elapsed:39.329ms
2019-04-28 14:10:34.587 T:3552891696 DEBUG: CVideoPlayer::ProcessVideoData size:14152 dts:48.298 pts:48.423 dur:41.708ms, clock:39.654 level:106
2019-04-28 14:10:34.617 T:3474797360 DEBUG: CVideoPlayerVideo::OutputPicture - ttd:391ms pts:40.040 Clock:39.648 Level:6 elapsed:36.186ms
2019-04-28 14:10:34.628 T:3458011952 ERROR: ffmpeg[CE1D1330]: [aac] channel element 3.14 is not allocated
2019-04-28 14:10:34.628 T:3552891696 DEBUG: CVideoPlayer::ProcessVideoData size:815 dts:48.340 pts:48.340 dur:41.708ms, clock:39.695 level:107
2019-04-28 14:10:34.659 T:3474797360 DEBUG: CVideoPlayerVideo::OutputPicture - ttd:394ms pts:40.082 Clock:39.687 Level:6 elapsed:38.979ms
2019-04-28 14:10:34.668 T:3458011952 ERROR: ffmpeg[CE1D1330]: [aac] SBR was found before the first channel element.
2019-04-28 14:10:34.669 T:3552891696 DEBUG: CVideoPlayer::ProcessVideoData size:901 dts:48.382 pts:48.382 dur:41.708ms, clock:39.736 level:106
2019-04-28 14:10:34.669 T:3458011952 ERROR: ffmpeg[CE1D1330]: [aac] SBR was found before the first channel element.
2019-04-28 14:10:34.669 T:3458011952 ERROR: ffmpeg[CE1D1330]: [aac] channel element 3.13 is not allocated
2019-04-28 14:10:34.700 T:3474797360 DEBUG: CVideoPlayerVideo::OutputPicture - ttd:395ms pts:40.123 Clock:39.728 Level:6 elapsed:39.434ms
2019-04-28 14:10:34.709 T:3458011952 ERROR: ffmpeg[CE1D1330]: [aac] Number of bands (4) exceeds limit (3).
2019-04-28 14:10:34.709 T:3552891696 DEBUG: CVideoPlayer::ProcessVideoData size:13224 dts:48.423 pts:48.548 dur:41.708ms, clock:39.777 level:106
2019-04-28 14:10:34.742 T:3474797360 DEBUG: CVideoPlayerVideo::OutputPicture - ttd:392ms pts:40.165 Clock:39.772 Level:6 elapsed:37.081ms
2019-04-28 14:10:34.750 T:3552891696 DEBUG: CVideoPlayer::ProcessVideoData size:816 dts:48.465 pts:48.465 dur:41.708ms, clock:39.817 level:107
2019-04-28 14:10:34.751 T:3458011952 ERROR: ffmpeg[CE1D1330]: [aac] Prediction is not allowed in AAC-LC.
2019-04-28 14:10:34.785 T:3474797360 DEBUG: CVideoPlayerVideo::OutputPicture - ttd:394ms pts:40.207 Clock:39.812 Level:6 elapsed:39.993ms
2019-04-28 14:10:34.791 T:3458011952 ERROR: ffmpeg[CE1D1330]: [aac] Reserved bit set.
2019-04-28 14:10:34.791 T:3552891696 DEBUG: CVideoPlayer::ProcessVideoData size:694 dts:48.507 pts:48.507 dur:41.708ms, clock:39.858 level:106
2019-04-28 14:10:34.791 T:3458011952 ERROR: ffmpeg[CE1D1330]: [aac] Prediction is not allowed in AAC-LC.
2019-04-28 14:10:34.826 T:3474797360 DEBUG: CVideoPlayerVideo::OutputPicture - ttd:394ms pts:40.249 Clock:39.854 Level:6 elapsed:38.664ms
2019-04-28 14:10:34.832 T:3458011952 ERROR: ffmpeg[CE1D1330]: [aac] Reserved bit set.
2019-04-28 14:10:34.832 T:3552891696 DEBUG: CVideoPlayer::ProcessVideoData size:12944 dts:48.548 pts:48.674 dur:41.708ms, clock:39.899 level:106
2019-04-28 14:10:34.832 T:3458011952 ERROR: ffmpeg[CE1D1330]: [aac] ms_present = 3 is reserved.
2019-04-28 14:10:34.867 T:3474797360 DEBUG: CVideoPlayerVideo::OutputPicture - ttd:392ms pts:40.290 Clock:39.898 Level:6 elapsed:36.075ms
2019-04-28 14:10:34.873 T:3552891696 DEBUG: CVideoPlayer::ProcessVideoData size:804 dts:48.590 pts:48.590 dur:41.708ms, clock:39.940 level:107
2019-04-28 14:10:34.873 T:3458011952 ERROR: ffmpeg[CE1D1330]: [aac] channel element 2.2 is not allocated
2019-04-28 14:10:34.909 T:3474797360 DEBUG: CVideoPlayerVideo::OutputPicture - ttd:394ms pts:40.332 Clock:39.938 Level:6 elapsed:38.482ms
2019-04-28 14:10:34.914 T:3458011952 ERROR: ffmpeg[CE1D1330]: [aac] Prediction is not allowed in AAC-LC.
2019-04-28 14:10:34.914 T:3552891696 DEBUG: CVideoPlayer::ProcessVideoData size:818 dts:48.632 pts:48.632 dur:41.708ms, clock:39.981 level:106
2019-04-28 14:10:34.951 T:3474797360 DEBUG: CVideoPlayerVideo::OutputPicture - ttd:394ms pts:40.374 Clock:39.979 Level:6 elapsed:39.086ms
2019-04-28 14:10:34.955 T:3458011952 ERROR: ffmpeg[CE1D1330]: [aac] channel element 2.10 is not allocated
2019-04-28 14:10:34.955 T:3552891696 DEBUG: CVideoPlayer::ProcessVideoData size:11137 dts:48.674 pts:48.799 dur:41.708ms, clock:40.022 level:106
2019-04-28 14:10:34.992 T:3474797360 DEBUG: CVideoPlayerVideo::OutputPicture - ttd:391ms pts:40.415 Clock:40.024 Level:6 elapsed:35.970ms
2019-04-28 14:10:34.996 T:3458011952 ERROR: ffmpeg[CE1D1330]: [aac] Number of bands (28) exceeds limit (16).
2019-04-28 14:10:34.996 T:3552891696 DEBUG: CVideoPlayer::ProcessVideoData size:828 dts:48.715 pts:48.715 dur:41.708ms, clock:40.063 level:107
2019-04-28 14:10:35.019 T:3785339696 DEBUG: [plugin.video.netflix (0)] Executing JSON-RPC: {"params": {"playerid": 1, "properties": ["audiostreams", "currentaudiostream", "subtitles", "currentsubtitle", "subtitleenabled", "percentage", "time"]}, "jsonrpc": "2.0", "method": "Player.GetProperties", "id": 1}
2019-04-28 14:10:35.021 T:3785339696 DEBUG: [plugin.video.netflix (0)] Notifying all managers of on_tick (data={u'currentaudiostream': {u'index': 0, u'name': u'AAC ', u'language': u'eng', u'channels': 2, u'codec': u'aac', u'bitrate': 98304}, u'elapsed_seconds': 39, u'time': {u'hours': 0, u'seconds': 39, u'minutes': 0, u'milliseconds': 959}, u'subtitleenabled': True, u'percentage': 0.77786648273468018, u'currentsubtitle': {u'index': 0, u'name': u'', u'language': u'eng'}, u'audiostreams': [{u'index': 0, u'name': u'AAC ', u'language': u'eng', u'channels': 2, u'codec': u'aac', u'bitrate': 98304}, {u'index': 1, u'name': u'AAC ', u'language': u'spa', u'channels': 2, u'codec': u'aac', u'bitrate': 98304}, {u'index': 2, u'name': u'AAC ', u'language': u'fre', u'channels': 2, u'codec': u'aac', u'bitrate': 98304}, {u'index': 3, u'name': u'AAC ', u'language': u'por', u'channels': 2, u'codec': u'aac', u'bitrate': 98304}], u'subtitles': [{u'index': 0, u'name': u'', u'language': u'eng'}, {u'index': 1, u'name': u'', u'language': u'spa'}, {u'index': 2, u'name': u'', u'language': u'spa'}, {u'index': 3, u'name': u'', u'language': u'fre'}, {u'index': 4, u'name': u'', u'language': u'fre'}, {u'index': 5, u'name': u'', u'language': u'por'}]})
2019-04-28 14:10:35.034 T:3474797360 DEBUG: CVideoPlayerVideo::OutputPicture - ttd:395ms pts:40.457 Clock:40.062 Level:6 elapsed:39.267ms
2019-04-28 14:10:35.037 T:3458011952 DEBUG: ffmpeg[CE1D1330]: [aac] Sample rate index in program config element does not match the sample rate index configured by the container.
2019-04-28 14:10:35.037 T:3552891696 DEBUG: CVideoPlayer::ProcessVideoData size:796 dts:48.757 pts:48.757 dur:41.708ms, clock:40.104 level:106
2019-04-28 14:10:35.037 T:3458011952 ERROR: ffmpeg[CE1D1330]: [aac] Inconsistent channel configuration.
2019-04-28 14:10:35.037 T:3458011952 ERROR: ffmpeg[CE1D1330]: [aac] get_buffer() failed
2019-04-28 14:10:35.076 T:3474797360 DEBUG: CVideoPlayerVideo::OutputPicture - ttd:391ms pts:40.499 Clock:40.107 Level:6 elapsed:36.168ms
2019-04-28 14:10:35.078 T:3458011952 ERROR: ffmpeg[CE1D1330]: [aac] Number of bands (13) exceeds limit (12).
2019-04-28 14:10:35.078 T:3552891696 DEBUG: CVideoPlayer::ProcessVideoData size:11425 dts:48.799 pts:48.924 dur:41.708ms, clock:40.145 level:107
2019-04-28 14:10:35.118 T:3474797360 DEBUG: CVideoPlayerVideo::OutputPicture - ttd:395ms pts:40.541 Clock:40.145 Level:6 elapsed:39.452ms
2019-04-28 14:10:35.129 T:3552891696 DEBUG: CVideoPlayer::ProcessVideoData size:822 dts:48.840 pts:48.840 dur:41.708ms, clock:40.196 level:106
2019-04-28 14:10:35.129 T:3458011952 ERROR: ffmpeg[CE1D1330]: [aac] channel element 2.9 is not allocated
2019-04-28 14:10:35.159 T:3474797360 DEBUG: CVideoPlayerVideo::OutputPicture - ttd:395ms pts:40.582 Clock:40.187 Level:6 elapsed:39.321ms
2019-04-28 14:10:35.170 T:3458011952 ERROR: ffmpeg[CE1D1330]: [aac] Prediction is not allowed in AAC-LC.
2019-04-28 14:10:35.170 T:3552891696 DEBUG: CVideoPlayer::ProcessVideoData size:818 dts:48.882 pts:48.882 dur:41.708ms, clock:40.237 level:106
2019-04-28 14:10:35.201 T:3474797360 DEBUG: CVideoPlayerVideo::OutputPicture - ttd:391ms pts:40.624 Clock:40.232 Level:6 elapsed:36.369ms
2019-04-28 14:10:35.211 T:3458011952 ERROR: ffmpeg[CE1D1330]: [aac] Reserved bit set.
2019-04-28 14:10:35.211 T:3552891696 DEBUG: CVideoPlayer::ProcessVideoData size:12279 dts:48.924 pts:49.049 dur:41.708ms, clock:40.278 level:107
2019-04-28 14:10:35.211 T:3458011952 ERROR: ffmpeg[CE1D1330]: [aac] Number of bands (41) exceeds limit (30).
2019-04-28 14:10:35.242 T:3474797360 DEBUG: CVideoPlayerVideo::OutputPicture - ttd:394ms pts:40.666 Clock:40.271 Level:6 elapsed:38.686ms
2019-04-28 14:10:35.251 T:3458011952 ERROR: ffmpeg[CE1D1330]: [aac] Prediction is not allowed in AAC-LC.
2019-04-28 14:10:35.252 T:3552891696 DEBUG: CVideoPlayer::ProcessVideoData size:856 dts:48.966 pts:48.966 dur:41.708ms, clock:40.319 level:106
2019-04-28 14:10:35.284 T:3474797360 DEBUG: CVideoPlayerVideo::OutputPicture - ttd:395ms pts:40.707 Clock:40.312 Level:6 elapsed:39.639ms
2019-04-28 14:10:35.292 T:3458011952 ERROR: ffmpeg[CE1D1330]: [aac] Reserved bit set.
2019-04-28 14:10:35.293 T:3552891696 DEBUG: CVideoPlayer::ProcessVideoData size:851 dts:49.007 pts:49.007 dur:41.708ms, clock:40.360 level:106
2019-04-28 14:10:35.293 T:3458011952 ERROR: ffmpeg[CE1D1330]: [aac] Number of bands (8) exceeds limit (7).
2019-04-28 14:10:35.327 T:3474797360 DEBUG: CVideoPlayerVideo::OutputPicture - ttd:391ms pts:40.749 Clock:40.357 Level:6 elapsed:36.289ms
2019-04-28 14:10:35.333 T:3458011952 ERROR: ffmpeg[CE1D1330]: [aac] channel element 2.4 is not allocated
2019-04-28 14:10:35.333 T:3552891696 DEBUG: CVideoPlayer::ProcessVideoData size:12490 dts:49.049 pts:49.132 dur:41.708ms, clock:40.400 level:107
2019-04-28 14:10:35.368 T:3474797360 DEBUG: CVideoPlayerVideo::OutputPicture - ttd:394ms pts:40.791 Clock:40.396 Level:6 elapsed:38.793ms
2019-04-28 14:10:35.374 T:3458011952 ERROR: ffmpeg[CE1D1330]: [aac] channel element 2.2 is not allocated
2019-04-28 14:10:35.374 T:3552891696 DEBUG: CVideoPlayer::ProcessVideoData size:941 dts:49.091 pts:49.091 dur:41.708ms, clock:40.441 level:106
2019-04-28 14:10:35.410 T:3474797360 DEBUG: CVideoPlayerVideo::OutputPicture - ttd:394ms pts:40.832 Clock:40.438 Level:6 elapsed:38.570ms
2019-04-28 14:10:35.415 T:3458011952 ERROR: ffmpeg[CE1D1330]: [aac] Number of bands (6) exceeds limit (3).
2019-04-28 14:10:35.415 T:3552891696 DEBUG: CVideoPlayer::ProcessVideoData size:10759 dts:49.132 pts:49.258 dur:41.708ms, clock:40.482 level:106
2019-04-28 14:10:35.451 T:3474797360 DEBUG: CVideoPlayerVideo::OutputPicture - ttd:391ms pts:40.874 Clock:40.483 Level:6 elapsed:35.220ms
2019-04-28 14:10:35.456 T:3458011952 ERROR: ffmpeg[CE1D1330]: [aac] channel element 2.10 is not allocated
2019-04-28 14:10:35.456 T:3552891696 DEBUG: CVideoPlayer::ProcessVideoData size:892 dts:49.174 pts:49.174 dur:41.708ms, clock:40.523 level:107
2019-04-28 14:10:35.460 T:3576222512 DEBUG: CWebServer[8080]: request received for /jsonrpc
2019-04-28 14:10:35.493 T:3474797360 DEBUG: Previous line repeats 3 times.
2019-04-28 14:10:35.493 T:3474797360 DEBUG: CVideoPlayerVideo::OutputPicture - ttd:394ms pts:40.916 Clock:40.522 Level:6 elapsed:38.690ms
2019-04-28 14:10:35.497 T:3458011952 DEBUG: ffmpeg[CE1D1330]: [aac] Sample rate index in program config element does not match the sample rate index configured by the container.
2019-04-28 14:10:35.497 T:3552891696 DEBUG: CVideoPlayer::ProcessVideoData size:874 dts:49.216 pts:49.216 dur:41.708ms, clock:40.564 level:106
2019-04-28 14:10:35.497 T:3458011952 ERROR: ffmpeg[CE1D1330]: [aac] Inconsistent channel configuration.
2019-04-28 14:10:35.498 T:3458011952 ERROR: ffmpeg[CE1D1330]: [aac] get_buffer() failed
2019-04-28 14:10:35.535 T:3474797360 DEBUG: CVideoPlayerVideo::OutputPicture - ttd:394ms pts:40.958 Clock:40.563 Level:6 elapsed:39.040ms
2019-04-28 14:10:35.538 T:3458011952 ERROR: ffmpeg[CE1D1330]: [aac] Reserved bit set.
2019-04-28 14:10:35.538 T:3552891696 DEBUG: CVideoPlayer::ProcessVideoData size:13233 dts:49.258 pts:49.383 dur:41.708ms, clock:40.605 level:106
2019-04-28 14:10:35.538 T:3458011952 ERROR: ffmpeg[CE1D1330]: [aac] Number of bands (19) exceeds limit (17).
2019-04-28 14:10:35.577 T:3474797360 DEBUG: CVideoPlayerVideo::OutputPicture - ttd:390ms pts:40.999 Clock:40.609 Level:6 elapsed:34.859ms
2019-04-28 14:10:35.579 T:3458011952 ERROR: ffmpeg[CE1D1330]: [aac] channel element 3.2 is not allocated
2019-04-28 14:10:35.579 T:3552891696 DEBUG: CVideoPlayer::ProcessVideoData size:860 dts:49.299 pts:49.299 dur:41.708ms, clock:40.647 level:107
2019-04-28 14:10:35.618 T:3474797360 DEBUG: CVideoPlayerVideo::OutputPicture - ttd:394ms pts:41.041 Clock:40.647 Level:6 elapsed:38.749ms
2019-04-28 14:10:35.620 T:3552891696 DEBUG: CVideoPlayer::ProcessVideoData size:918 dts:49.341 pts:49.341 dur:41.708ms, clock:40.688 level:106
2019-04-28 14:10:35.621 T:3458011952 ERROR: ffmpeg[CE1D1330]: [aac] channel element 2.0 is not allocated
2019-04-28 14:10:35.660 T:3474797360 DEBUG: CVideoPlayerVideo::OutputPicture - ttd:394ms pts:41.083 Clock:40.688 Level:6 elapsed:39.248ms
2019-04-28 14:10:35.671 T:3458011952 ERROR: ffmpeg[CE1D1330]: [aac] channel element 3.9 is not allocated
2019-04-28 14:10:35.672 T:3552891696 DEBUG: CVideoPlayer::ProcessVideoData size:15599 dts:49.383 pts:49.508 dur:41.708ms, clock:40.739 level:106
2019-04-28 14:10:35.701 T:3474797360 DEBUG: CVideoPlayerVideo::OutputPicture - ttd:391ms pts:41.124 Clock:40.733 Level:6 elapsed:35.393ms
2019-04-28 14:10:35.712 T:3552891696 DEBUG: CVideoPlayer::ProcessVideoData size:934 dts:49.424 pts:49.424 dur:41.708ms, clock:40.780 level:107
2019-04-28 14:10:35.712 T:3458011952 ERROR: ffmpeg[CE1D1330]: [aac] Reserved bit set.
2019-04-28 14:10:35.713 T:3458011952 ERROR: ffmpeg[CE1D1330]: [aac] invalid band type
2019-04-28 14:10:35.743 T:3474797360 DEBUG: CVideoPlayerVideo::OutputPicture - ttd:395ms pts:41.166 Clock:40.771 Level:6 elapsed:39.425ms
2019-04-28 14:10:35.753 T:3458011952 ERROR: ffmpeg[CE1D1330]: [aac] Reserved bit set.
2019-04-28 14:10:35.753 T:3458011952 ERROR: ffmpeg[CE1D1330]: [aac] Number of bands (19) exceeds limit (12).
2019-04-28 14:10:35.753 T:3552891696 DEBUG: CVideoPlayer::ProcessVideoData size:941 dts:49.466 pts:49.466 dur:41.708ms, clock:40.821 level:106
2019-04-28 14:10:35.785 T:3474797360 DEBUG: CVideoPlayerVideo::OutputPicture - ttd:395ms pts:41.208 Clock:40.813 Level:6 elapsed:39.830ms
2019-04-28 14:10:35.794 T:3458011952 ERROR: ffmpeg[CE1D1330]: [aac] Number of scalefactor bands in group (54) exceeds limit (47).
2019-04-28 14:10:35.794 T:3552891696 DEBUG: CVideoPlayer::ProcessVideoData size:14083 dts:49.508 pts:49.633 dur:41.708ms, clock:40.862 level:106
2019-04-28 14:10:35.827 T:3474797360 DEBUG: CVideoPlayerVideo::OutputPicture - ttd:390ms pts:41.250 Clock:40.859 Level:6 elapsed:35.639ms
2019-04-28 14:10:35.835 T:3552891696 DEBUG: CVideoPlayer::ProcessVideoData size:926 dts:49.550 pts:49.550 dur:41.708ms, clock:40.902 level:107
2019-04-28 14:10:35.835 T:3458011952 DEBUG: ffmpeg[CE1D1330]: [aac] Sample rate index in program config element does not match the sample rate index configured by the container.
2019-04-28 14:10:35.835 T:3458011952 DEBUG: ffmpeg[CE1D1330]: [aac] Too large remapped id is not implemented. Update your FFmpeg version to the newest one from Git. If the problem still occurs, it means that your file has a feature which has not been implemented.
2019-04-28 14:10:35.836 T:3458011952 DEBUG: ffmpeg[CE1D1330]: [aac] If you want to help, upload a sample of this file to ftp://upload.ffmpeg.org/incoming/ and contact the ffmpeg-devel mailing list. (ffmpeg-devel@ffmpeg.org)
2019-04-28 14:10:35.868 T:3474797360 DEBUG: CVideoPlayerVideo::OutputPicture - ttd:394ms pts:41.291 Clock:40.897 Level:6 elapsed:38.390ms
2019-04-28 14:10:35.876 T:3458011952 DEBUG: ffmpeg[CE1D1330]: [aac] Sample rate index in program config element does not match the sample rate index configured by the container.
2019-04-28 14:10:35.876 T:3458011952 ERROR: ffmpeg[CE1D1330]: [aac] Inconsistent channel configuration.
2019-04-28 14:10:35.876 T:3458011952 ERROR: ffmpeg[CE1D1330]: [aac] get_buffer() failed
2019-04-28 14:10:35.876 T:3552891696 DEBUG: CVideoPlayer::ProcessVideoData size:749 dts:49.591 pts:49.591 dur:41.708ms, clock:40.943 level:106
2019-04-28 14:10:35.910 T:3474797360 DEBUG: CVideoPlayerVideo::OutputPicture - ttd:391ms pts:41.333 Clock:40.941 Level:6 elapsed:36.497ms
2019-04-28 14:10:35.917 T:3458011952 ERROR: ffmpeg[CE1D1330]: [aac] channel element 2.10 is not allocated
2019-04-28 14:10:35.917 T:3552891696 DEBUG: CVideoPlayer::ProcessVideoData size:11868 dts:49.633 pts:49.758 dur:41.708ms, clock:40.984 level:107
2019-04-28 14:10:35.952 T:3474797360 DEBUG: CVideoPlayerVideo::OutputPicture - ttd:386ms pts:41.375 Clock:40.988 Level:6 elapsed:31.310ms
2019-04-28 14:10:35.958 T:3458011952 ERROR: ffmpeg[CE1D1330]: [aac] Reserved bit set.
2019-04-28 14:10:35.958 T:3552891696 DEBUG: CVideoPlayer::ProcessVideoData size:847 dts:49.675 pts:49.675 dur:41.708ms, clock:41.025 level:106
2019-04-28 14:10:35.958 T:3458011952 ERROR: ffmpeg[CE1D1330]: [aac] ms_present = 3 is reserved.
2019-04-28 14:10:35.994 T:3474797360 DEBUG: CVideoPlayerVideo::OutputPicture - ttd:393ms pts:41.416 Clock:41.023 Level:6 elapsed:38.024ms
2019-04-28 14:10:35.999 T:3458011952 ERROR: ffmpeg[CE1D1330]: [aac] Number of bands (5) exceeds limit (3).
2019-04-28 14:10:35.999 T:3552891696 DEBUG: CVideoPlayer::ProcessVideoData size:953 dts:49.716 pts:49.716 dur:41.708ms, clock:41.066 level:106
2019-04-28 14:10:36.022 T:3785339696 DEBUG: [plugin.video.netflix (0)] Executing JSON-RPC: {"params": {"playerid": 1, "properties": ["audiostreams", "currentaudiostream", "subtitles", "currentsubtitle", "subtitleenabled", "percentage", "time"]}, "jsonrpc": "2.0", "method": "Player.GetProperties", "id": 1}
2019-04-28 14:10:36.025 T:3785339696 DEBUG: [plugin.video.netflix (0)] Notifying all managers of on_tick (data={u'currentaudiostream': {u'index': 0, u'name': u'AAC ', u'language': u'eng', u'channels': 2, u'codec': u'aac', u'bitrate': 98304}, u'elapsed_seconds': 41, u'time': {u'hours': 0, u'seconds': 41, u'minutes': 0, u'milliseconds': 108}, u'subtitleenabled': True, u'percentage': 0.80023360252380371, u'currentsubtitle': {u'index': 0, u'name': u'', u'language': u'eng'}, u'audiostreams': [{u'index': 0, u'name': u'AAC ', u'language': u'eng', u'channels': 2, u'codec': u'aac', u'bitrate': 98304}, {u'index': 1, u'name': u'AAC ', u'language': u'spa', u'channels': 2, u'codec': u'aac', u'bitrate': 98304}, {u'index': 2, u'name': u'AAC ', u'language': u'fre', u'channels': 2, u'codec': u'aac', u'bitrate': 98304}, {u'index': 3, u'name': u'AAC ', u'language': u'por', u'channels': 2, u'codec': u'aac', u'bitrate': 98304}], u'subtitles': [{u'index': 0, u'name': u'', u'language': u'eng'}, {u'index': 1, u'name': u'', u'language': u'spa'}, {u'index': 2, u'name': u'', u'language': u'spa'}, {u'index': 3, u'name': u'', u'language': u'fre'}, {u'index': 4, u'name': u'', u'language': u'fre'}, {u'index': 5, u'name': u'', u'language': u'por'}]})
2019-04-28 14:10:36.035 T:3474797360 DEBUG: CVideoPlayerVideo::OutputPicture - ttd:390ms pts:41.458 Clock:41.067 Level:6 elapsed:35.161ms
2019-04-28 14:10:36.040 T:3458011952 DEBUG: ffmpeg[CE1D1330]: [aac] Too large remapped id is not implemented. Update your FFmpeg version to the newest one from Git. If the problem still occurs, it means that your file has a feature which has not been implemented.
2019-04-28 14:10:36.040 T:3458011952 DEBUG: ffmpeg[CE1D1330]: [aac] If you want to help, upload a sample of this file to ftp://upload.ffmpeg.org/incoming/ and contact the ffmpeg-devel mailing list. (ffmpeg-devel@ffmpeg.org)
2019-04-28 14:10:36.040 T:3552891696 DEBUG: CVideoPlayer::ProcessVideoData size:12009 dts:49.758 pts:49.883 dur:41.708ms, clock:41.107 level:107
2019-04-28 14:10:36.077 T:3474797360 DEBUG: CVideoPlayerVideo::OutputPicture - ttd:394ms pts:41.500 Clock:41.105 Level:6 elapsed:38.805ms
2019-04-28 14:10:36.081 T:3458011952 ERROR: ffmpeg[CE1D1330]: [aac] channel element 3.0 is not allocated
2019-04-28 14:10:36.081 T:3552891696 DEBUG: CVideoPlayer::ProcessVideoData size:922 dts:49.800 pts:49.800 dur:41.708ms, clock:41.148 level:106
2019-04-28 14:10:36.118 T:3474797360 DEBUG: CVideoPlayerVideo::OutputPicture - ttd:395ms pts:41.541 Clock:41.146 Level:6 elapsed:39.095ms
2019-04-28 14:10:36.122 T:3458011952 ERROR: ffmpeg[CE1D1330]: [aac] channel element 2.2 is not allocated
