2019-04-28 14:11:25.538 T:3785339696 DEBUG: [plugin.video.netflix (0)] Notifying all managers of on_tick (data={u'currentaudiostream': {u'index': 0, u'name': u'AAC ', u'language': u'eng', u'channels': 2, u'codec': u'aac', u'bitrate': 98304}, u'elapsed_seconds': 12, u'time': {u'hours': 0, u'seconds': 12, u'minutes': 0, u'milliseconds': 281}, u'subtitleenabled': True, u'percentage': 0.23962926864624023, u'currentsubtitle': {u'index': 0, u'name': u'', u'language': u'eng'}, u'audiostreams': [{u'index': 0, u'name': u'AAC ', u'language': u'eng', u'channels': 2, u'codec': u'aac', u'bitrate': 98304}, {u'index': 1, u'name': u'AAC ', u'language': u'spa', u'channels': 2, u'codec': u'aac', u'bitrate': 98304}, {u'index': 2, u'name': u'AAC ', u'language': u'fre', u'channels': 2, u'codec': u'aac', u'bitrate': 98304}, {u'index': 3, u'name': u'AAC ', u'language': u'por', u'channels': 2, u'codec': u'aac', u'bitrate': 98304}], u'subtitles': [{u'index': 0, u'name': u'', u'language': u'eng'}, {u'index': 1, u'name': u'', u'language': u'spa'}, {u'index': 2, u'name': u'', u'language': u'spa'}, {u'index': 3, u'name': u'', u'language': u'fre'}, {u'index': 4, u'name': u'', u'language': u'por'}, {u'index': 5, u'name': u'', u'language': u'por'}]})
2019-04-28 14:11:25.541 T:3885310768 DEBUG: CVideoPlayerVideo::OutputPicture - ttd:394ms pts:12.763 Clock:12.368 Level:6 elapsed:38.598ms
2019-04-28 14:11:25.550 T:3552891696 DEBUG: CVideoPlayer::ProcessVideoData size:188 dts:21.063 pts:21.063 dur:41.708ms, clock:12.416 level:106
2019-04-28 14:11:25.583 T:3885310768 DEBUG: CVideoPlayerVideo::OutputPicture - ttd:395ms pts:12.804 Clock:12.409 Level:6 elapsed:39.315ms
2019-04-28 14:11:25.591 T:3552891696 DEBUG: CVideoPlayer::ProcessVideoData size:214 dts:21.104 pts:21.104 dur:41.708ms, clock:12.457 level:106
2019-04-28 14:11:25.624 T:3885310768 DEBUG: CVideoPlayerVideo::OutputPicture - ttd:392ms pts:12.846 Clock:12.453 Level:6 elapsed:36.829ms
2019-04-28 14:11:25.632 T:3552891696 DEBUG: CVideoPlayer::ProcessVideoData size:6280 dts:21.146 pts:21.271 dur:41.708ms, clock:12.498 level:107
2019-04-28 14:11:25.666 T:3885310768 DEBUG: CVideoPlayerVideo::OutputPicture - ttd:395ms pts:12.888 Clock:12.493 Level:6 elapsed:39.515ms
2019-04-28 14:11:25.673 T:3552891696 DEBUG: CVideoPlayer::ProcessVideoData size:204 dts:21.188 pts:21.188 dur:41.708ms, clock:12.539 level:106
2019-04-28 14:11:25.708 T:3885310768 DEBUG: CVideoPlayerVideo::OutputPicture - ttd:394ms pts:12.930 Clock:12.535 Level:6 elapsed:39.329ms
2019-04-28 14:11:25.714 T:3552891696 DEBUG: CVideoPlayer::ProcessVideoData size:216 dts:21.230 pts:21.230 dur:41.708ms, clock:12.580 level:106
2019-04-28 14:11:25.750 T:3885310768 DEBUG: CVideoPlayerVideo::OutputPicture - ttd:392ms pts:12.971 Clock:12.578 Level:6 elapsed:37.069ms
2019-04-28 14:11:25.754 T:3552891696 DEBUG: CVideoPlayer::ProcessVideoData size:3973 dts:21.271 pts:21.396 dur:41.708ms, clock:12.620 level:107
2019-04-28 14:11:25.769 T:3576222512 DEBUG: CWebServer[8080]: request received for /jsonrpc
2019-04-28 14:11:25.791 T:3885310768 DEBUG: Previous line repeats 3 times.
2019-04-28 14:11:25.791 T:3885310768 DEBUG: CVideoPlayerVideo::OutputPicture - ttd:393ms pts:13.013 Clock:12.619 Level:6 elapsed:37.933ms
2019-04-28 14:11:25.795 T:3552891696 DEBUG: CVideoPlayer::ProcessVideoData size:275 dts:21.313 pts:21.313 dur:41.708ms, clock:12.661 level:106
2019-04-28 14:11:25.833 T:3885310768 DEBUG: CVideoPlayerVideo::OutputPicture - ttd:394ms pts:13.055 Clock:12.660 Level:6 elapsed:38.403ms
2019-04-28 14:11:25.836 T:3552891696 DEBUG: CVideoPlayer::ProcessVideoData size:236 dts:21.355 pts:21.355 dur:41.708ms, clock:12.702 level:106
2019-04-28 14:11:25.875 T:3885310768 DEBUG: CVideoPlayerVideo::OutputPicture - ttd:391ms pts:13.096 Clock:12.705 Level:6 elapsed:35.623ms
2019-04-28 14:11:25.877 T:3552891696 DEBUG: CVideoPlayer::ProcessVideoData size:5494 dts:21.396 pts:21.521 dur:41.708ms, clock:12.743 level:107
2019-04-28 14:11:25.916 T:3885310768 DEBUG: CVideoPlayerVideo::OutputPicture - ttd:394ms pts:13.138 Clock:12.743 Level:6 elapsed:38.773ms
2019-04-28 14:11:25.918 T:3552891696 DEBUG: CVideoPlayer::ProcessVideoData size:246 dts:21.438 pts:21.438 dur:41.708ms, clock:12.784 level:106
2019-04-28 14:11:25.958 T:3885310768 DEBUG: CVideoPlayerVideo::OutputPicture - ttd:395ms pts:13.180 Clock:12.785 Level:6 elapsed:39.328ms
2019-04-28 14:11:25.969 T:3552891696 DEBUG: CVideoPlayer::ProcessVideoData size:231 dts:21.480 pts:21.480 dur:41.708ms, clock:12.835 level:106
2019-04-28 14:11:26.000 T:3885310768 DEBUG: CVideoPlayerVideo::OutputPicture - ttd:393ms pts:13.222 Clock:12.828 Level:6 elapsed:37.766ms
2019-04-28 14:11:26.010 T:3552891696 DEBUG: CVideoPlayer::ProcessVideoData size:3782 dts:21.521 pts:21.647 dur:41.708ms, clock:12.876 level:107
2019-04-28 14:11:26.042 T:3885310768 DEBUG: CVideoPlayerVideo::OutputPicture - ttd:394ms pts:13.263 Clock:12.869 Level:6 elapsed:38.978ms
2019-04-28 14:11:26.051 T:3552891696 DEBUG: CVideoPlayer::ProcessVideoData size:320 dts:21.563 pts:21.563 dur:41.708ms, clock:12.917 level:106
2019-04-28 14:11:26.083 T:3885310768 DEBUG: CVideoPlayerVideo::OutputPicture - ttd:393ms pts:13.305 Clock:12.912 Level:6 elapsed:37.710ms
2019-04-28 14:11:26.091 T:3552891696 DEBUG: CVideoPlayer::ProcessVideoData size:151 dts:21.605 pts:21.605 dur:41.708ms, clock:12.957 level:107
2019-04-28 14:11:26.125 T:3885310768 DEBUG: CVideoPlayerVideo::OutputPicture - ttd:394ms pts:13.347 Clock:12.952 Level:6 elapsed:38.381ms
2019-04-28 14:11:26.132 T:3552891696 DEBUG: CVideoPlayer::ProcessVideoData size:4485 dts:21.647 pts:21.772 dur:41.708ms, clock:12.998 level:106
2019-04-28 14:11:26.167 T:3885310768 DEBUG: CVideoPlayerVideo::OutputPicture - ttd:393ms pts:13.388 Clock:12.995 Level:6 elapsed:37.738ms
2019-04-28 14:11:26.173 T:3552891696 DEBUG: CVideoPlayer::ProcessVideoData size:245 dts:21.688 pts:21.688 dur:41.708ms, clock:13.039 level:107
2019-04-28 14:11:26.208 T:3885310768 DEBUG: CVideoPlayerVideo::OutputPicture - ttd:393ms pts:13.430 Clock:13.037 Level:6 elapsed:37.822ms
2019-04-28 14:11:26.214 T:3552891696 DEBUG: CVideoPlayer::ProcessVideoData size:141 dts:21.730 pts:21.730 dur:41.708ms, clock:13.080 level:106
2019-04-28 14:11:26.250 T:3885310768 DEBUG: CVideoPlayerVideo::OutputPicture - ttd:394ms pts:13.472 Clock:13.077 Level:6 elapsed:38.395ms
2019-04-28 14:11:26.254 T:3552891696 DEBUG: CVideoPlayer::ProcessVideoData size:4019 dts:21.772 pts:21.897 dur:41.708ms, clock:13.120 level:106
2019-04-28 14:11:26.292 T:3885310768 DEBUG: CVideoPlayerVideo::OutputPicture - ttd:393ms pts:13.514 Clock:13.120 Level:6 elapsed:37.703ms
2019-04-28 14:11:26.295 T:3552891696 DEBUG: CVideoPlayer::ProcessVideoData size:263 dts:21.813 pts:21.813 dur:41.708ms, clock:13.161 level:107
2019-04-28 14:11:26.334 T:3885310768 DEBUG: CVideoPlayerVideo::OutputPicture - ttd:394ms pts:13.555 Clock:13.160 Level:6 elapsed:39.225ms
2019-04-28 14:11:26.336 T:3552891696 DEBUG: CVideoPlayer::ProcessVideoData size:159 dts:21.855 pts:21.855 dur:41.708ms, clock:13.202 level:106
2019-04-28 14:11:26.375 T:3885310768 DEBUG: CVideoPlayerVideo::OutputPicture - ttd:393ms pts:13.597 Clock:13.204 Level:6 elapsed:36.996ms
2019-04-28 14:11:26.377 T:3552891696 DEBUG: CVideoPlayer::ProcessVideoData size:2382 dts:21.897 pts:22.022 dur:41.708ms, clock:13.243 level:107
2019-04-28 14:11:26.417 T:3885310768 DEBUG: CVideoPlayerVideo::OutputPicture - ttd:394ms pts:13.639 Clock:13.244 Level:6 elapsed:39.270ms
2019-04-28 14:11:26.428 T:3552891696 DEBUG: CVideoPlayer::ProcessVideoData size:240 dts:21.939 pts:21.939 dur:41.708ms, clock:13.294 level:106
2019-04-28 14:11:26.458 T:3885310768 DEBUG: CVideoPlayerVideo::OutputPicture - ttd:393ms pts:13.680 Clock:13.287 Level:6 elapsed:37.641ms
2019-04-28 14:11:26.469 T:3466404656 DEBUG: CurlFile::ParseAndCorrectUrl() adding custom header option 'Range: bytes=380086-404559'
2019-04-28 14:11:26.470 T:3466404656 DEBUG: CurlFile::ParseAndCorrectUrl() adding custom header option 'connection: keep-alive'
2019-04-28 14:11:26.470 T:3466404656 DEBUG: CurlFile::Open(0xd7a37e00) http://195.8.12.225/?o=AQG0F3DdPWYFPtD7g_1di3tBqwxS_UeZonmJQ_pKVzQcULPnB69XXASq5Ziq58b4GP2JYBxpAedHq1f_xDENZzx5lz7IVgaMTtOIIUBYI1QVfPBD8yyyb3EmegEVsvViRH0df8C5sBMMeTJ0LxTnOznFHc2z0nl1ajPiXS85F6SCKBY6v_GjYMz-lO4o5MEXJOCZxoHPMqCOCuPbUw&v=3&e=1556500266&t=5I15dcz3LFKq_5lZ5sbUXGN16lA
2019-04-28 14:11:26.500 T:3885310768 DEBUG: CVideoPlayerVideo::OutputPicture - ttd:390ms pts:13.722 Clock:13.332 Level:6 elapsed:34.280ms
2019-04-28 14:11:26.505 T:3466404656 DEBUG: AddOnLog: InputStream Adaptive: Download http://195.8.12.225/?o=AQG0F3DdPWYFPtD7g_1di3tBqwxS_UeZonmJQ_pKVzQcULPnB69XXASq5Ziq58b4GP2JYBxpAedHq1f_xDENZzx5lz7IVgaMTtOIIUBYI1QVfPBD8yyyb3EmegEVsvViRH0df8C5sBMMeTJ0LxTnOznFHc2z0nl1ajPiXS85F6SCKBY6v_GjYMz-lO4o5MEXJOCZxoHPMqCOCuPbUw&v=3&e=1556500266&t=5I15dcz3LFKq_5lZ5sbUXGN16lA finished, avg speed: 4337069.86byte/s, current speed: 719823.00byte/s
2019-04-28 14:11:26.506 T:3483190064 DEBUG: CurlFile::ParseAndCorrectUrl() adding custom header option 'Range: bytes=3558221-3678476'
2019-04-28 14:11:26.506 T:3483190064 DEBUG: CurlFile::ParseAndCorrectUrl() adding custom header option 'connection: keep-alive'
2019-04-28 14:11:26.506 T:3483190064 DEBUG: CurlFile::Open(0xe5b14460) http://37.77.187.139/?o=AQG0F3DdPWYFPtDzh_5chH9BrQhEul2HrjDVHbdOBXxPXrLhALoVBVqo4JGu-96zTrCCeEYtZ_pZjFPQxwUvaS8ayjficSrzINSdJjYLaAola8puh1edQFQZZysQoeEnB2pSe8eq7R58dltqJSeJJCreQ422yXx5cjPwB253CrqefElo9qP1Z9vvhPF09ctJPd7Lla_MOPfFBfKaX-MR2w&v=3&e=1556500266&t=k4ZG6LTuZ0yxHWiSxmrNN0jPzhg
2019-04-28 14:11:26.539 T:3785339696 DEBUG: [plugin.video.netflix (0)] Executing JSON-RPC: {"params": {"playerid": 1, "properties": ["audiostreams", "currentaudiostream", "subtitles", "currentsubtitle", "subtitleenabled", "percentage", "time"]}, "jsonrpc": "2.0", "method": "Player.GetProperties", "id": 1}
2019-04-28 14:11:26.542 T:3785339696 DEBUG: [plugin.video.netflix (0)] Notifying all managers of on_tick (data={u'currentaudiostream': {u'index': 0, u'name': u'AAC ', u'language': u'eng', u'channels': 2, u'codec': u'aac', u'bitrate': 98304}, u'elapsed_seconds': 13, u'time': {u'hours': 0, u'seconds': 13, u'minutes': 0, u'milliseconds': 328}, u'subtitleenabled': True, u'percentage': 0.26005852222442627, u'currentsubtitle': {u'index': 0, u'name': u'', u'language': u'eng'}, u'audiostreams': [{u'index': 0, u'name': u'AAC ', u'language': u'eng', u'channels': 2, u'codec': u'aac', u'bitrate': 98304}, {u'index': 1, u'name': u'AAC ', u'language': u'spa', u'channels': 2, u'codec': u'aac', u'bitrate': 98304}, {u'index': 2, u'name': u'AAC ', u'language': u'fre', u'channels': 2, u'codec': u'aac', u'bitrate': 98304}, {u'index': 3, u'name': u'AAC ', u'language': u'por', u'channels': 2, u'codec': u'aac', u'bitrate': 98304}], u'subtitles': [{u'index': 0, u'name': u'', u'language': u'eng'}, {u'index': 1, u'name': u'', u'language': u'spa'}, {u'index': 2, u'name': u'', u'language': u'spa'}, {u'index': 3, u'name': u'', u'language': u'fre'}, {u'index': 4, u'name': u'', u'language': u'por'}, {u'index': 5, u'name': u'', u'language': u'por'}]})
2019-04-28 14:11:26.542 T:3885310768 DEBUG: CVideoPlayerVideo::OutputPicture - ttd:393ms pts:13.764 Clock:13.370 Level:6 elapsed:38.381ms
2019-04-28 14:11:26.547 T:3552891696 DEBUG: CVideoPlayer::ProcessVideoData size:218 dts:21.980 pts:21.980 dur:41.708ms, clock:13.413 level:106
2019-04-28 14:11:26.548 T:3552891696 DEBUG: CVideoPlayer::ProcessVideoData size:42078 dts:22.022 pts:22.064 dur:41.708ms, clock:13.414 level:107
2019-04-28 14:11:26.548 T:3552891696 DEBUG: CVideoPlayer::ProcessVideoData size:4065 dts:22.064 pts:22.189 dur:41.708ms, clock:13.414 level:107
2019-04-28 14:11:26.551 T:3483190064 DEBUG: AddOnLog: InputStream Adaptive: Download http://37.77.187.139/?o=AQG0F3DdPWYFPtDzh_5chH9BrQhEul2HrjDVHbdOBXxPXrLhALoVBVqo4JGu-96zTrCCeEYtZ_pZjFPQxwUvaS8ayjficSrzINSdJjYLaAola8puh1edQFQZZysQoeEnB2pSe8eq7R58dltqJSeJJCreQ422yXx5cjPwB253CrqefElo9qP1Z9vvhPF09ctJPd7Lla_MOPfFBfKaX-MR2w&v=3&e=1556500266&t=k4ZG6LTuZ0yxHWiSxmrNN0jPzhg finished, avg speed: 4153117.34byte/s, current speed: 2733090.00byte/s
2019-04-28 14:11:26.584 T:3885310768 DEBUG: CVideoPlayerVideo::OutputPicture - ttd:393ms pts:13.805 Clock:13.412 Level:6 elapsed:38.094ms
2019-04-28 14:11:26.589 T:3552891696 DEBUG: CVideoPlayer::ProcessVideoData size:679 dts:22.105 pts:22.105 dur:41.708ms, clock:13.455 level:106
2019-04-28 14:11:26.625 T:3885310768 DEBUG: CVideoPlayerVideo::OutputPicture - ttd:393ms pts:13.847 Clock:13.454 Level:6 elapsed:37.403ms
2019-04-28 14:11:26.630 T:3552891696 DEBUG: CVideoPlayer::ProcessVideoData size:2271 dts:22.147 pts:22.147 dur:41.708ms, clock:13.496 level:107
2019-04-28 14:11:26.667 T:3885310768 DEBUG: CVideoPlayerVideo::OutputPicture - ttd:394ms pts:13.889 Clock:13.494 Level:6 elapsed:39.240ms
2019-04-28 14:11:26.671 T:3552891696 DEBUG: CVideoPlayer::ProcessVideoData size:4001 dts:22.189 pts:22.272 dur:41.708ms, clock:13.537 level:106
2019-04-28 14:11:26.709 T:3885310768 DEBUG: CVideoPlayerVideo::OutputPicture - ttd:393ms pts:13.931 Clock:13.537 Level:6 elapsed:38.026ms
2019-04-28 14:11:26.712 T:3552891696 DEBUG: CVideoPlayer::ProcessVideoData size:576 dts:22.231 pts:22.231 dur:41.708ms, clock:13.578 level:107
2019-04-28 14:11:26.750 T:3885310768 DEBUG: CVideoPlayerVideo::OutputPicture - ttd:394ms pts:13.972 Clock:13.578 Level:6 elapsed:37.899ms
2019-04-28 14:11:26.753 T:3552891696 DEBUG: CVideoPlayer::ProcessVideoData size:5368 dts:22.272 pts:22.397 dur:41.708ms, clock:13.619 level:106
2019-04-28 14:11:26.793 T:3885310768 DEBUG: CVideoPlayerVideo::OutputPicture - ttd:392ms pts:14.014 Clock:13.622 Level:6 elapsed:36.892ms
2019-04-28 14:11:26.804 T:3552891696 DEBUG: CVideoPlayer::ProcessVideoData size:4547 dts:22.314 pts:22.314 dur:41.708ms, clock:13.670 level:107
2019-04-28 14:11:26.834 T:3885310768 DEBUG: CVideoPlayerVideo::OutputPicture - ttd:394ms pts:14.056 Clock:13.661 Level:6 elapsed:38.446ms
2019-04-28 14:11:26.845 T:3552891696 DEBUG: CVideoPlayer::ProcessVideoData size:4120 dts:22.356 pts:22.356 dur:41.708ms, clock:13.711 level:106
2019-04-28 14:11:26.875 T:3885310768 DEBUG: CVideoPlayerVideo::OutputPicture - ttd:392ms pts:14.097 Clock:13.705 Level:6 elapsed:36.793ms
2019-04-28 14:11:26.885 T:3552891696 DEBUG: CVideoPlayer::ProcessVideoData size:3865 dts:22.397 pts:22.523 dur:41.708ms, clock:13.751 level:107
2019-04-28 14:11:26.918 T:3885310768 DEBUG: CVideoPlayerVideo::OutputPicture - ttd:394ms pts:14.139 Clock:13.744 Level:6 elapsed:39.273ms
2019-04-28 14:11:26.926 T:3552891696 DEBUG: CVideoPlayer::ProcessVideoData size:1736 dts:22.439 pts:22.439 dur:41.708ms, clock:13.792 level:106
2019-04-28 14:11:26.959 T:3885310768 DEBUG: CVideoPlayerVideo::OutputPicture - ttd:390ms pts:14.181 Clock:13.790 Level:6 elapsed:35.499ms
2019-04-28 14:11:26.967 T:3552891696 DEBUG: CVideoPlayer::ProcessVideoData size:1313 dts:22.481 pts:22.481 dur:41.708ms, clock:13.833 level:107
2019-04-28 14:11:27.001 T:3885310768 DEBUG: CVideoPlayerVideo::OutputPicture - ttd:391ms pts:14.223 Clock:13.831 Level:6 elapsed:36.374ms
2019-04-28 14:11:27.008 T:3552891696 DEBUG: CVideoPlayer::ProcessVideoData size:3506 dts:22.523 pts:22.648 dur:41.708ms, clock:13.874 level:106
2019-04-28 14:11:27.043 T:3885310768 DEBUG: CVideoPlayerVideo::OutputPicture - ttd:393ms pts:14.264 Clock:13.871 Level:6 elapsed:37.982ms
2019-04-28 14:11:27.049 T:3552891696 DEBUG: CVideoPlayer::ProcessVideoData size:3575 dts:22.564 pts:22.564 dur:41.708ms, clock:13.915 level:106
2019-04-28 14:11:27.084 T:3885310768 DEBUG: CVideoPlayerVideo::OutputPicture - ttd:392ms pts:14.306 Clock:13.914 Level:6 elapsed:36.435ms
2019-04-28 14:11:27.090 T:3552891696 DEBUG: CVideoPlayer::ProcessVideoData size:3088 dts:22.606 pts:22.606 dur:41.708ms, clock:13.956 level:107
2019-04-28 14:11:27.126 T:3885310768 DEBUG: CVideoPlayerVideo::OutputPicture - ttd:393ms pts:14.348 Clock:13.954 Level:6 elapsed:38.198ms
2019-04-28 14:11:27.130 T:3552891696 DEBUG: CVideoPlayer::ProcessVideoData size:3297 dts:22.648 pts:22.773 dur:41.708ms, clock:13.996 level:106
2019-04-28 14:11:27.168 T:3885310768 DEBUG: CVideoPlayerVideo::OutputPicture - ttd:392ms pts:14.389 Clock:13.997 Level:6 elapsed:36.577ms
2019-04-28 14:11:27.171 T:3552891696 DEBUG: CVideoPlayer::ProcessVideoData size:2367 dts:22.689 pts:22.689 dur:41.708ms, clock:14.037 level:107
2019-04-28 14:11:27.210 T:3885310768 DEBUG: CVideoPlayerVideo::OutputPicture - ttd:393ms pts:14.431 Clock:14.037 Level:6 elapsed:38.246ms
2019-04-28 14:11:27.212 T:3552891696 DEBUG: CVideoPlayer::ProcessVideoData size:3900 dts:22.731 pts:22.731 dur:41.708ms, clock:14.078 level:106
2019-04-28 14:11:27.251 T:3885310768 DEBUG: CVideoPlayerVideo::OutputPicture - ttd:390ms pts:14.473 Clock:14.082 Level:6 elapsed:34.606ms
2019-04-28 14:11:27.253 T:3552891696 DEBUG: CVideoPlayer::ProcessVideoData size:3881 dts:22.773 pts:22.856 dur:41.708ms, clock:14.119 level:107
2019-04-28 14:11:27.293 T:3885310768 DEBUG: CVideoPlayerVideo::OutputPicture - ttd:393ms pts:14.514 Clock:14.121 Level:6 elapsed:38.068ms
2019-04-28 14:11:27.304 T:3552891696 DEBUG: CVideoPlayer::ProcessVideoData size:1811 dts:22.814 pts:22.814 dur:41.708ms, clock:14.170 level:106
2019-04-28 14:11:27.335 T:3885310768 DEBUG: CVideoPlayerVideo::OutputPicture - ttd:393ms pts:14.556 Clock:14.162 Level:6 elapsed:38.346ms
2019-04-28 14:11:27.345 T:3552891696 DEBUG: CVideoPlayer::ProcessVideoData size:6243 dts:22.856 pts:22.940 dur:41.708ms, clock:14.211 level:106
2019-04-28 14:11:27.367 T:3576222512 DEBUG: CWebServer[8080]: request received for /jsonrpc
2019-04-28 14:11:27.376 T:3885310768 DEBUG: Previous line repeats 2 times.
2019-04-28 14:11:27.376 T:3885310768 DEBUG: CVideoPlayerVideo::OutputPicture - ttd:391ms pts:14.598 Clock:14.206 Level:6 elapsed:36.267ms
2019-04-28 14:11:27.382 T:3576222512 DEBUG: CWebServer[8080]: request received for /jsonrpc
2019-04-28 14:11:27.386 T:3552891696 DEBUG: CVideoPlayer::ProcessVideoData size:2790 dts:22.898 pts:22.898 dur:41.708ms, clock:14.252 level:107
2019-04-28 14:11:27.418 T:3885310768 DEBUG: CVideoPlayerVideo::OutputPicture - ttd:392ms pts:14.640 Clock:14.247 Level:6 elapsed:37.701ms
2019-04-28 14:11:27.427 T:3552891696 DEBUG: CVideoPlayer::ProcessVideoData size:141 dts:22.940 pts:23.023 dur:41.708ms, clock:14.293 level:106
2019-04-28 14:11:27.460 T:3885310768 DEBUG: CVideoPlayerVideo::OutputPicture - ttd:391ms pts:14.681 Clock:14.290 Level:6 elapsed:35.587ms
2019-04-28 14:11:27.467 T:3552891696 DEBUG: CVideoPlayer::ProcessVideoData size:71 dts:22.981 pts:22.981 dur:41.708ms, clock:14.333 level:107
2019-04-28 14:11:27.502 T:3885310768 DEBUG: CVideoPlayerVideo::OutputPicture - ttd:392ms pts:14.723 Clock:14.331 Level:6 elapsed:36.844ms
2019-04-28 14:11:27.508 T:3552891696 DEBUG: CVideoPlayer::ProcessVideoData size:38 dts:23.023 pts:23.065 dur:41.708ms, clock:14.374 level:106
2019-04-28 14:11:27.543 T:3785339696 DEBUG: [plugin.video.netflix (0)] Executing JSON-RPC: {"params": {"playerid": 1, "properties": ["audiostreams", "currentaudiostream", "subtitles", "currentsubtitle", "subtitleenabled", "percentage", "time"]}, "jsonrpc": "2.0", "method": "Player.GetProperties", "id": 1}
2019-04-28 14:11:27.543 T:3885310768 DEBUG: CVideoPlayerVideo::OutputPicture - ttd:391ms pts:14.765 Clock:14.373 Level:6 elapsed:35.401ms
2019-04-28 14:11:27.545 T:3785339696 DEBUG: [plugin.video.netflix (0)] Notifying all managers of on_tick (data={u'currentaudiostream': {u'index': 0, u'name': u'AAC ', u'language': u'eng', u'channels': 2, u'codec': u'aac', u'bitrate': 98304}, u'elapsed_seconds': 14, u'time': {u'hours': 0, u'seconds': 14, u'minutes': 0, u'milliseconds': 394}, u'subtitleenabled': True, u'percentage': 0.28085854649543762, u'currentsubtitle': {u'index': 0, u'name': u'', u'language': u'eng'}, u'audiostreams': [{u'index': 0, u'name': u'AAC ', u'language': u'eng', u'channels': 2, u'codec': u'aac', u'bitrate': 98304}, {u'index': 1, u'name': u'AAC ', u'language': u'spa', u'channels': 2, u'codec': u'aac', u'bitrate': 98304}, {u'index': 2, u'name': u'AAC ', u'language': u'fre', u'channels': 2, u'codec': u'aac', u'bitrate': 98304}, {u'index': 3, u'name': u'AAC ', u'language': u'por', u'channels': 2, u'codec': u'aac', u'bitrate': 98304}], u'subtitles': [{u'index': 0, u'name': u'', u'language': u'eng'}, {u'index': 1, u'name': u'', u'language': u'spa'}, {u'index': 2, u'name': u'', u'language': u'spa'}, {u'index': 3, u'name': u'', u'language': u'fre'}, {u'index': 4, u'name': u'', u'language': u'por'}, {u'index': 5, u'name': u'', u'language': u'por'}]})
2019-04-28 14:11:27.549 T:3552891696 DEBUG: CVideoPlayer::ProcessVideoData size:38 dts:23.065 pts:23.106 dur:41.708ms, clock:14.415 level:107
2019-04-28 14:11:27.585 T:3885310768 DEBUG: CVideoPlayerVideo::OutputPicture - ttd:393ms pts:14.806 Clock:14.413 Level:6 elapsed:37.826ms
2019-04-28 14:11:27.590 T:3552891696 DEBUG: CVideoPlayer::ProcessVideoData size:38 dts:23.106 pts:23.148 dur:41.708ms, clock:14.456 level:106
2019-04-28 14:11:27.626 T:3885310768 DEBUG: CVideoPlayerVideo::OutputPicture - ttd:391ms pts:14.848 Clock:14.457 Level:6 elapsed:35.290ms
2019-04-28 14:11:27.631 T:3552891696 DEBUG: CVideoPlayer::ProcessVideoData size:38 dts:23.148 pts:23.190 dur:41.708ms, clock:14.497 level:107
2019-04-28 14:11:27.668 T:3885310768 DEBUG: CVideoPlayerVideo::OutputPicture - ttd:393ms pts:14.890 Clock:14.496 Level:6 elapsed:37.969ms
2019-04-28 14:11:27.671 T:3552891696 DEBUG: CVideoPlayer::ProcessVideoData size:38 dts:23.190 pts:23.232 dur:41.708ms, clock:14.537 level:106
2019-04-28 14:11:27.709 T:3885310768 DEBUG: CVideoPlayerVideo::OutputPicture - ttd:390ms pts:14.932 Clock:14.541 Level:6 elapsed:34.796ms
2019-04-28 14:11:27.712 T:3552891696 DEBUG: CVideoPlayer::ProcessVideoData size:38 dts:23.232 pts:23.273 dur:41.708ms, clock:14.578 level:107
2019-04-28 14:11:27.751 T:3885310768 DEBUG: CVideoPlayerVideo::OutputPicture - ttd:393ms pts:14.973 Clock:14.580 Level:6 elapsed:37.496ms
2019-04-28 14:11:27.753 T:3552891696 DEBUG: CVideoPlayer::ProcessVideoData size:38 dts:23.273 pts:23.315 dur:41.708ms, clock:14.619 level:106
2019-04-28 14:11:27.793 T:3885310768 DEBUG: CVideoPlayerVideo::OutputPicture - ttd:391ms pts:15.015 Clock:14.624 Level:6 elapsed:35.566ms
2019-04-28 14:11:27.804 T:3552891696 DEBUG: CVideoPlayer::ProcessVideoData size:38 dts:23.315 pts:23.357 dur:41.708ms, clock:14.670 level:107
2019-04-28 14:11:27.835 T:3885310768 DEBUG: CVideoPlayerVideo::OutputPicture - ttd:392ms pts:15.057 Clock:14.664 Level:6 elapsed:37.117ms
2019-04-28 14:11:27.845 T:3552891696 DEBUG: CVideoPlayer::ProcessVideoData size:512 dts:23.357 pts:23.482 dur:41.708ms, clock:14.711 level:106
2019-04-28 14:11:27.877 T:3885310768 DEBUG: CVideoPlayerVideo::OutputPicture - ttd:390ms pts:15.098 Clock:14.708 Level:6 elapsed:34.989ms
2019-04-28 14:11:27.886 T:3552891696 DEBUG: CVideoPlayer::ProcessVideoData size:85 dts:23.398 pts:23.398 dur:41.708ms, clock:14.752 level:107
2019-04-28 14:11:27.919 T:3885310768 DEBUG: CVideoPlayerVideo::OutputPicture - ttd:392ms pts:15.140 Clock:14.748 Level:6 elapsed:36.929ms
2019-04-28 14:11:27.926 T:3552891696 DEBUG: CVideoPlayer::ProcessVideoData size:58 dts:23.440 pts:23.440 dur:41.708ms, clock:14.792 level:106
2019-04-28 14:11:27.960 T:3885310768 DEBUG: CVideoPlayerVideo::OutputPicture - ttd:393ms pts:15.182 Clock:14.788 Level:6 elapsed:38.264ms
2019-04-28 14:11:27.967 T:3552891696 DEBUG: CVideoPlayer::ProcessVideoData size:665 dts:23.482 pts:23.607 dur:41.708ms, clock:14.833 level:106
2019-04-28 14:11:28.002 T:3885310768 DEBUG: CVideoPlayerVideo::OutputPicture - ttd:391ms pts:15.224 Clock:14.832 Level:6 elapsed:35.710ms
2019-04-28 14:11:28.008 T:3552891696 DEBUG: CVideoPlayer::ProcessVideoData size:64 dts:23.523 pts:23.523 dur:41.708ms, clock:14.874 level:107
2019-04-28 14:11:28.043 T:3885310768 DEBUG: CVideoPlayerVideo::OutputPicture - ttd:393ms pts:15.265 Clock:14.871 Level:6 elapsed:38.160ms
2019-04-28 14:11:28.049 T:3552891696 DEBUG: CVideoPlayer::ProcessVideoData size:72 dts:23.565 pts:23.565 dur:41.708ms, clock:14.915 level:106
2019-04-28 14:11:28.085 T:3885310768 DEBUG: CVideoPlayerVideo::OutputPicture - ttd:391ms pts:15.307 Clock:14.915 Level:6 elapsed:35.830ms
2019-04-28 14:11:28.090 T:3552891696 DEBUG: CVideoPlayer::ProcessVideoData size:883 dts:23.607 pts:23.732 dur:41.708ms, clock:14.956 level:107
2019-04-28 14:11:28.127 T:3885310768 DEBUG: CVideoPlayerVideo::OutputPicture - ttd:394ms pts:15.349 Clock:14.954 Level:6 elapsed:38.957ms
2019-04-28 14:11:28.131 T:3552891696 DEBUG: CVideoPlayer::ProcessVideoData size:127 dts:23.649 pts:23.649 dur:41.708ms, clock:14.997 level:106
2019-04-28 14:11:28.169 T:3885310768 DEBUG: CVideoPlayerVideo::OutputPicture - ttd:391ms pts:15.390 Clock:14.999 Level:6 elapsed:36.057ms
2019-04-28 14:11:28.171 T:3552891696 DEBUG: CVideoPlayer::ProcessVideoData size:133 dts:23.690 pts:23.690 dur:41.708ms, clock:15.037 level:107
2019-04-28 14:11:28.210 T:3885310768 DEBUG: CVideoPlayerVideo::OutputPicture - ttd:393ms pts:15.432 Clock:15.038 Level:6 elapsed:38.267ms
2019-04-28 14:11:28.212 T:3552891696 DEBUG: CVideoPlayer::ProcessVideoData size:1526 dts:23.732 pts:23.857 dur:41.708ms, clock:15.078 level:106
2019-04-28 14:11:28.252 T:3885310768 DEBUG: CVideoPlayerVideo::OutputPicture - ttd:391ms pts:15.474 Clock:15.083 Level:6 elapsed:35.679ms
2019-04-28 14:11:28.263 T:3552891696 DEBUG: CVideoPlayer::ProcessVideoData size:259 dts:23.774 pts:23.774 dur:41.708ms, clock:15.129 level:107
2019-04-28 14:11:28.294 T:3885310768 DEBUG: CVideoPlayerVideo::OutputPicture - ttd:394ms pts:15.515 Clock:15.121 Level:6 elapsed:38.276ms
2019-04-28 14:11:28.304 T:3552891696 DEBUG: CVideoPlayer::ProcessVideoData size:329 dts:23.815 pts:23.815 dur:41.708ms, clock:15.170 level:106
2019-04-28 14:11:28.335 T:3885310768 DEBUG: CVideoPlayerVideo::OutputPicture - ttd:391ms pts:15.557 Clock:15.166 Level:6 elapsed:35.833ms
2019-04-28 14:11:28.345 T:3552891696 DEBUG: CVideoPlayer::ProcessVideoData size:2130 dts:23.857 pts:23.982 dur:41.708ms, clock:15.211 level:107
2019-04-28 14:11:28.377 T:3885310768 DEBUG: CVideoPlayerVideo::OutputPicture - ttd:394ms pts:15.599 Clock:15.204 Level:6 elapsed:38.672ms
2019-04-28 14:11:28.386 T:3552891696 DEBUG: CVideoPlayer::ProcessVideoData size:549 dts:23.899 pts:23.899 dur:41.708ms, clock:15.252 level:106
2019-04-28 14:11:28.419 T:3885310768 DEBUG: CVideoPlayerVideo::OutputPicture - ttd:393ms pts:15.641 Clock:15.247 Level:6 elapsed:37.721ms
2019-04-28 14:11:28.426 T:3552891696 DEBUG: CVideoPlayer::ProcessVideoData size:501 dts:23.941 pts:23.941 dur:41.708ms, clock:15.292 level:107
2019-04-28 14:11:28.461 T:3885310768 DEBUG: CVideoPlayerVideo::OutputPicture - ttd:393ms pts:15.682 Clock:15.289 Level:6 elapsed:37.994ms
2019-04-28 14:11:28.468 T:3466404656 DEBUG: CurlFile::ParseAndCorrectUrl() adding custom header option 'Range: bytes=404560-428955'
2019-04-28 14:11:28.468 T:3466404656 DEBUG: CurlFile::ParseAndCorrectUrl() adding custom header option 'connection: keep-alive'
2019-04-28 14:11:28.468 T:3466404656 DEBUG: CurlFile::Open(0xd83dd3f0) http://195.8.12.225/?o=AQG0F3DdPWYFPtD7g_1di3tBqwxS_UeZonmJQ_pKVzQcULPnB69XXASq5Ziq58b4GP2JYBxpAedHq1f_xDENZzx5lz7IVgaMTtOIIUBYI1QVfPBD8yyyb3EmegEVsvViRH0df8C5sBMMeTJ0LxTnOznFHc2z0nl1ajPiXS85F6SCKBY6v_GjYMz-lO4o5MEXJOCZxoHPMqCOCuPbUw&v=3&e=1556500266&t=5I15dcz3LFKq_5lZ5sbUXGN16lA
2019-04-28 14:11:28.476 T:3466404656 DEBUG: AddOnLog: InputStream Adaptive: Download http://195.8.12.225/?o=AQG0F3DdPWYFPtD7g_1di3tBqwxS_UeZonmJQ_pKVzQcULPnB69XXASq5Ziq58b4GP2JYBxpAedHq1f_xDENZzx5lz7IVgaMTtOIIUBYI1QVfPBD8yyyb3EmegEVsvViRH0df8C5sBMMeTJ0LxTnOznFHc2z0nl1ajPiXS85F6SCKBY6v_GjYMz-lO4o5MEXJOCZxoHPMqCOCuPbUw&v=3&e=1556500266&t=5I15dcz3LFKq_5lZ5sbUXGN16lA finished, avg speed: 4137576.33byte/s, current speed: 3485142.00byte/s
2019-04-28 14:11:28.477 T:3483190064 DEBUG: CurlFile::ParseAndCorrectUrl() adding custom header option 'Range: bytes=3678477-3750560'
2019-04-28 14:11:28.477 T:3483190064 DEBUG: CurlFile::ParseAndCorrectUrl() adding custom header option 'connection: keep-alive'
2019-04-28 14:11:28.477 T:3483190064 DEBUG: CurlFile::Open(0xe5b55038) http://37.77.187.139/?o=AQG0F3DdPWYFPtDzh_5chH9BrQhEul2HrjDVHbdOBXxPXrLhALoVBVqo4JGu-96zTrCCeEYtZ_pZjFPQxwUvaS8ayjficSrzINSdJjYLaAola8puh1edQFQZZysQoeEnB2pSe8eq7R58dltqJSeJJCreQ422yXx5cjPwB253CrqefElo9qP1Z9vvhPF09ctJPd7Lla_MOPfFBfKaX-MR2w&v=3&e=1556500266&t=k4ZG6LTuZ0yxHWiSxmrNN0jPzhg
2019-04-28 14:11:28.502 T:3885310768 DEBUG: CVideoPlayerVideo::OutputPicture - ttd:384ms pts:15.724 Clock:15.339 Level:6 elapsed:29.080ms
2019-04-28 14:11:28.515 T:3552891696 DEBUG: CVideoPlayer::ProcessVideoData size:897 dts:23.982 pts:24.024 dur:41.708ms, clock:15.381 level:106
2019-04-28 14:11:28.516 T:3552891696 DEBUG: CVideoPlayer::ProcessVideoData size:3433 dts:24.024 pts:24.066 dur:41.708ms, clock:15.382 level:106
2019-04-28 14:11:28.517 T:3483190064 DEBUG: AddOnLog: InputStream Adaptive: Download http://37.77.187.139/?o=AQG0F3DdPWYFPtDzh_5chH9BrQhEul2HrjDVHbdOBXxPXrLhALoVBVqo4JGu-96zTrCCeEYtZ_pZjFPQxwUvaS8ayjficSrzINSdJjYLaAola8puh1edQFQZZysQoeEnB2pSe8eq7R58dltqJSeJJCreQ422yXx5cjPwB253CrqefElo9qP1Z9vvhPF09ctJPd7Lla_MOPfFBfKaX-MR2w&v=3&e=1556500266&t=k4ZG6LTuZ0yxHWiSxmrNN0jPzhg finished, avg speed: 3980201.29byte/s, current speed: 1848307.00byte/s
2019-04-28 14:11:28.544 T:3885310768 DEBUG: CVideoPlayerVideo::OutputPicture - ttd:391ms pts:15.766 Clock:15.374 Level:6 elapsed:35.914ms
2019-04-28 14:11:28.546 T:3785339696 DEBUG: [plugin.video.netflix (0)] Executing JSON-RPC: {"params": {"playerid": 1, "properties": ["audiostreams", "currentaudiostream", "subtitles", "currentsubtitle", "subtitleenabled", "percentage", "time"]}, "jsonrpc": "2.0", "method": "Player.GetProperties", "id": 1}
2019-04-28 14:11:28.547 T:3552891696 DEBUG: CVideoPlayer::ProcessVideoData size:2565 dts:24.066 pts:24.149 dur:41.708ms, clock:15.413 level:107
2019-04-28 14:11:28.549 T:3785339696 DEBUG: [plugin.video.netflix (0)] Notifying all managers of on_tick (data={u'currentaudiostream': {u'index': 0, u'name': u'AAC ', u'language': u'eng', u'channels': 2, u'codec': u'aac', u'bitrate': 98304}, u'elapsed_seconds': 15, u'time': {u'hours': 0, u'seconds': 15, u'minutes': 0, u'milliseconds': 412}, u'subtitleenabled': True, u'percentage': 0.30072194337844849, u'currentsubtitle': {u'index': 0, u'name': u'', u'language': u'eng'}, u'audiostreams': [{u'index': 0, u'name': u'AAC ', u'language': u'eng', u'channels': 2, u'codec': u'aac', u'bitrate': 98304}, {u'index': 1, u'name': u'AAC ', u'language': u'spa', u'channels': 2, u'codec': u'aac', u'bitrate': 98304}, {u'index': 2, u'name': u'AAC ', u'language': u'fre', u'channels': 2, u'codec': u'aac', u'bitrate': 98304}, {u'index': 3, u'name': u'AAC ', u'language': u'por', u'channels': 2, u'codec': u'aac', u'bitrate': 98304}], u'subtitles': [{u'index': 0, u'name': u'', u'language': u'eng'}, {u'index': 1, u'name': u'', u'language': u'spa'}, {u'index': 2, u'name': u'', u'language': u'spa'}, {u'index': 3, u'name': u'', u'language': u'fre'}, {u'index': 4, u'name': u'', u'language': u'por'}, {u'index': 5, u'name': u'', u'language': u'por'}]})
2019-04-28 14:11:28.586 T:3885310768 DEBUG: CVideoPlayerVideo::OutputPicture - ttd:394ms pts:15.807 Clock:15.413 Level:6 elapsed:38.796ms
2019-04-28 14:11:28.598 T:3552891696 DEBUG: CVideoPlayer::ProcessVideoData size:519 dts:24.107 pts:24.107 dur:41.708ms, clock:15.464 level:106
2019-04-28 14:11:28.627 T:3885310768 DEBUG: CVideoPlayerVideo::OutputPicture - ttd:394ms pts:15.849 Clock:15.455 Level:6 elapsed:38.630ms
2019-04-28 14:11:28.638 T:3552891696 DEBUG: CVideoPlayer::ProcessVideoData size:2926 dts:24.149 pts:24.233 dur:41.708ms, clock:15.504 level:106
2019-04-28 14:11:28.669 T:3885310768 DEBUG: CVideoPlayerVideo::OutputPicture - ttd:392ms pts:15.891 Clock:15.498 Level:6 elapsed:36.360ms
2019-04-28 14:11:28.679 T:3552891696 DEBUG: CVideoPlayer::ProcessVideoData size:880 dts:24.191 pts:24.191 dur:41.708ms, clock:15.545 level:107
2019-04-28 14:11:28.711 T:3885310768 DEBUG: CVideoPlayerVideo::OutputPicture - ttd:394ms pts:15.933 Clock:15.538 Level:6 elapsed:39.072ms
2019-04-28 14:11:28.720 T:3552891696 DEBUG: CVideoPlayer::ProcessVideoData size:4020 dts:24.233 pts:24.316 dur:41.708ms, clock:15.586 level:106
2019-04-28 14:11:28.752 T:3885310768 DEBUG: CVideoPlayerVideo::OutputPicture - ttd:392ms pts:15.974 Clock:15.582 Level:6 elapsed:36.226ms
2019-04-28 14:11:28.761 T:3552891696 DEBUG: CVideoPlayer::ProcessVideoData size:976 dts:24.274 pts:24.274 dur:41.708ms, clock:15.627 level:107
2019-04-28 14:11:28.794 T:3885310768 DEBUG: CVideoPlayerVideo::OutputPicture - ttd:393ms pts:16.016 Clock:15.622 Level:6 elapsed:37.677ms
2019-04-28 14:11:28.802 T:3552891696 DEBUG: CVideoPlayer::ProcessVideoData size:5004 dts:24.316 pts:24.399 dur:41.708ms, clock:15.668 level:106
2019-04-28 14:11:28.836 T:3885310768 DEBUG: CVideoPlayerVideo::OutputPicture - ttd:394ms pts:16.058 Clock:15.663 Level:6 elapsed:39.394ms
2019-04-28 14:11:28.842 T:3552891696 DEBUG: CVideoPlayer::ProcessVideoData size:1077 dts:24.358 pts:24.358 dur:41.708ms, clock:15.708 level:106
2019-04-28 14:11:28.878 T:3885310768 DEBUG: CVideoPlayerVideo::OutputPicture - ttd:391ms pts:16.099 Clock:15.708 Level:6 elapsed:36.492ms
2019-04-28 14:11:28.883 T:3552891696 DEBUG: CVideoPlayer::ProcessVideoData size:5787 dts:24.399 pts:24.483 dur:41.708ms, clock:15.749 level:107
2019-04-28 14:11:28.920 T:3885310768 DEBUG: CVideoPlayerVideo::OutputPicture - ttd:394ms pts:16.141 Clock:15.747 Level:6 elapsed:38.722ms
2019-04-28 14:11:28.924 T:3552891696 DEBUG: CVideoPlayer::ProcessVideoData size:1066 dts:24.441 pts:24.441 dur:41.708ms, clock:15.790 level:106
2019-04-28 14:11:28.952 T:3576222512 DEBUG: CWebServer[8080]: request received for /jsonrpc
2019-04-28 14:11:28.961 T:3885310768 DEBUG: Previous line repeats 1 times.
2019-04-28 14:11:28.961 T:3885310768 DEBUG: CVideoPlayerVideo::OutputPicture - ttd:394ms pts:16.183 Clock:15.788 Level:6 elapsed:38.702ms
2019-04-28 14:11:28.965 T:3552891696 DEBUG: CVideoPlayer::ProcessVideoData size:5069 dts:24.483 pts:24.566 dur:41.708ms, clock:15.831 level:106
2019-04-28 14:11:28.965 T:3576222512 DEBUG: CWebServer[8080]: request received for /jsonrpc
2019-04-28 14:11:29.003 T:3885310768 DEBUG: Previous line repeats 1 times.
2019-04-28 14:11:29.003 T:3885310768 DEBUG: CVideoPlayerVideo::OutputPicture - ttd:392ms pts:16.225 Clock:15.832 Level:6 elapsed:36.778ms
2019-04-28 14:11:29.006 T:3552891696 DEBUG: CVideoPlayer::ProcessVideoData size:768 dts:24.524 pts:24.524 dur:41.708ms, clock:15.872 level:107
2019-04-28 14:11:29.044 T:3885310768 DEBUG: CVideoPlayerVideo::OutputPicture - ttd:393ms pts:16.266 Clock:15.872 Level:6 elapsed:37.756ms
2019-04-28 14:11:29.047 T:3552891696 DEBUG: CVideoPlayer::ProcessVideoData size:6018 dts:24.566 pts:24.691 dur:41.708ms, clock:15.913 level:106
2019-04-28 14:11:29.086 T:3885310768 DEBUG: CVideoPlayerVideo::OutputPicture - ttd:392ms pts:16.308 Clock:15.916 Level:6 elapsed:36.804ms
2019-04-28 14:11:29.098 T:3552891696 DEBUG: CVideoPlayer::ProcessVideoData size:741 dts:24.608 pts:24.608 dur:41.708ms, clock:15.964 level:107
2019-04-28 14:11:29.128 T:3885310768 DEBUG: CVideoPlayerVideo::OutputPicture - ttd:394ms pts:16.350 Clock:15.955 Level:6 elapsed:38.575ms
2019-04-28 14:11:29.139 T:3552891696 DEBUG: CVideoPlayer::ProcessVideoData size:687 dts:24.650 pts:24.650 dur:41.708ms, clock:16.005 level:106
2019-04-28 14:11:29.169 T:3885310768 DEBUG: CVideoPlayerVideo::OutputPicture - ttd:394ms pts:16.391 Clock:15.997 Level:6 elapsed:38.672ms
2019-04-28 14:11:29.180 T:3552891696 DEBUG: CVideoPlayer::ProcessVideoData size:4872 dts:24.691 pts:24.816 dur:41.708ms, clock:16.046 level:106
2019-04-28 14:11:29.212 T:3885310768 DEBUG: CVideoPlayerVideo::OutputPicture - ttd:392ms pts:16.433 Clock:16.041 Level:6 elapsed:37.030ms
2019-04-28 14:11:29.220 T:3552891696 DEBUG: CVideoPlayer::ProcessVideoData size:571 dts:24.733 pts:24.733 dur:41.708ms, clock:16.086 level:107
2019-04-28 14:11:29.253 T:3885310768 DEBUG: CVideoPlayerVideo::OutputPicture - ttd:394ms pts:16.475 Clock:16.080 Level:6 elapsed:38.932ms
2019-04-28 14:11:29.261 T:3552891696 DEBUG: CVideoPlayer::ProcessVideoData size:386 dts:24.775 pts:24.775 dur:41.708ms, clock:16.127 level:106
2019-04-28 14:11:29.295 T:3885310768 DEBUG: CVideoPlayerVideo::OutputPicture - ttd:391ms pts:16.517 Clock:16.125 Level:6 elapsed:36.038ms
2019-04-28 14:11:29.302 T:3552891696 DEBUG: CVideoPlayer::ProcessVideoData size:5621 dts:24.816 pts:24.900 dur:41.708ms, clock:16.168 level:107
2019-04-28 14:11:29.337 T:3885310768 DEBUG: CVideoPlayerVideo::OutputPicture - ttd:393ms pts:16.558 Clock:16.165 Level:6 elapsed:37.833ms
2019-04-28 14:11:29.343 T:3552891696 DEBUG: CVideoPlayer::ProcessVideoData size:364 dts:24.858 pts:24.858 dur:41.708ms, clock:16.209 level:106
2019-04-28 14:11:29.378 T:3885310768 DEBUG: CVideoPlayerVideo::OutputPicture - ttd:393ms pts:16.600 Clock:16.207 Level:6 elapsed:37.580ms
2019-04-28 14:11:29.384 T:3552891696 DEBUG: CVideoPlayer::ProcessVideoData size:8477 dts:24.900 pts:25.025 dur:41.708ms, clock:16.250 level:106
2019-04-28 14:11:29.420 T:3885310768 DEBUG: CVideoPlayerVideo::OutputPicture - ttd:391ms pts:16.642 Clock:16.250 Level:6 elapsed:36.099ms
2019-04-28 14:11:29.425 T:3552891696 DEBUG: CVideoPlayer::ProcessVideoData size:189 dts:24.942 pts:24.942 dur:41.708ms, clock:16.291 level:107
2019-04-28 14:11:29.461 T:3885310768 DEBUG: CVideoPlayerVideo::OutputPicture - ttd:394ms pts:16.683 Clock:16.289 Level:6 elapsed:38.046ms
2019-04-28 14:11:29.465 T:3552891696 DEBUG: CVideoPlayer::ProcessVideoData size:426 dts:24.983 pts:24.983 dur:41.708ms, clock:16.331 level:106
2019-04-28 14:11:29.504 T:3885310768 DEBUG: CVideoPlayerVideo::OutputPicture - ttd:394ms pts:16.725 Clock:16.330 Level:6 elapsed:39.398ms
2019-04-28 14:11:29.506 T:3552891696 DEBUG: CVideoPlayer::ProcessVideoData size:5492 dts:25.025 pts:25.150 dur:41.708ms, clock:16.372 level:106
2019-04-28 14:11:29.545 T:3885310768 DEBUG: CVideoPlayerVideo::OutputPicture - ttd:391ms pts:16.767 Clock:16.375 Level:6 elapsed:36.060ms
2019-04-28 14:11:29.547 T:3552891696 DEBUG: CVideoPlayer::ProcessVideoData size:74 dts:25.067 pts:25.067 dur:41.708ms, clock:16.413 level:107
2019-04-28 14:11:29.550 T:3785339696 DEBUG: [plugin.video.netflix (0)] Executing JSON-RPC: {"params": {"playerid": 1, "properties": ["audiostreams", "currentaudiostream", "subtitles", "currentsubtitle", "subtitleenabled", "percentage", "time"]}, "jsonrpc": "2.0", "method": "Player.GetProperties", "id": 1}
2019-04-28 14:11:29.552 T:3785339696 DEBUG: [plugin.video.netflix (0)] Notifying all managers of on_tick (data={u'currentaudiostream': {u'index': 0, u'name': u'AAC ', u'language': u'eng', u'channels': 2, u'codec': u'aac', u'bitrate': 98304}, u'elapsed_seconds': 16, u'time': {u'hours': 0, u'seconds': 16, u'minutes': 0, u'milliseconds': 187}, u'subtitleenabled': True, u'percentage': 0.31584390997886658, u'currentsubtitle': {u'index': 0, u'name': u'', u'language': u'eng'}, u'audiostreams': [{u'index': 0, u'name': u'AAC ', u'language': u'eng', u'channels': 2, u'codec': u'aac', u'bitrate': 98304}, {u'index': 1, u'name': u'AAC ', u'language': u'spa', u'channels': 2, u'codec': u'aac', u'bitrate': 98304}, {u'index': 2, u'name': u'AAC ', u'language': u'fre', u'channels': 2, u'codec': u'aac', u'bitrate': 98304}, {u'index': 3, u'name': u'AAC ', u'language': u'por', u'channels': 2, u'codec': u'aac', u'bitrate': 98304}], u'subtitles': [{u'index': 0, u'name': u'', u'language': u'eng'}, {u'index': 1, u'name': u'', u'language': u'spa'}, {u'index': 2, u'name': u'', u'language': u'spa'}, {u'index': 3, u'name': u'', u'language': u'fre'}, {u'index': 4, u'name': u'', u'language': u'por'}, {u'index': 5, u'name': u'', u'language': u'por'}]})
2019-04-28 14:11:29.587 T:3885310768 DEBUG: CVideoPlayerVideo::OutputPicture - ttd:394ms pts:16.808 Clock:16.414 Level:6 elapsed:38.909ms
2019-04-28 14:11:29.598 T:3552891696 DEBUG: CVideoPlayer::ProcessVideoData size:102 dts:25.108 pts:25.108 dur:41.708ms, clock:16.464 level:106
2019-04-28 14:11:29.628 T:3885310768 DEBUG: CVideoPlayerVideo::OutputPicture - ttd:394ms pts:16.850 Clock:16.456 Level:6 elapsed:38.606ms
2019-04-28 14:11:29.639 T:3552891696 DEBUG: CVideoPlayer::ProcessVideoData size:63 dts:25.150 pts:25.192 dur:41.708ms, clock:16.505 level:106
2019-04-28 14:11:29.670 T:3885310768 DEBUG: CVideoPlayerVideo::OutputPicture - ttd:384ms pts:16.892 Clock:16.507 Level:6 elapsed:28.890ms
2019-04-28 14:11:29.680 T:3552891696 DEBUG: CVideoPlayer::ProcessVideoData size:516 dts:25.192 pts:25.275 dur:41.708ms, clock:16.546 level:107
2019-04-28 14:11:29.712 T:3885310768 DEBUG: CVideoPlayerVideo::OutputPicture - ttd:393ms pts:16.934 Clock:16.540 Level:6 elapsed:37.819ms
2019-04-28 14:11:29.720 T:3552891696 DEBUG: CVideoPlayer::ProcessVideoData size:64 dts:25.234 pts:25.234 dur:41.708ms, clock:16.586 level:106
2019-04-28 14:11:29.753 T:3885310768 DEBUG: CVideoPlayerVideo::OutputPicture - ttd:394ms pts:16.975 Clock:16.581 Level:6 elapsed:38.704ms
2019-04-28 14:11:29.761 T:3552891696 DEBUG: CVideoPlayer::ProcessVideoData size:45 dts:25.275 pts:25.400 dur:41.708ms, clock:16.627 level:106
2019-04-28 14:11:29.795 T:3885310768 DEBUG: CVideoPlayerVideo::OutputPicture - ttd:391ms pts:17.017 Clock:16.626 Level:6 elapsed:35.099ms
2019-04-28 14:11:29.802 T:3552891696 DEBUG: CVideoPlayer::ProcessVideoData size:39 dts:25.317 pts:25.317 dur:41.708ms, clock:16.668 level:107
2019-04-28 14:11:29.837 T:3885310768 DEBUG: CVideoPlayerVideo::OutputPicture - ttd:393ms pts:17.059 Clock:16.665 Level:6 elapsed:37.724ms
2019-04-28 14:11:29.843 T:3552891696 DEBUG: CVideoPlayer::ProcessVideoData size:43 dts:25.359 pts:25.359 dur:41.708ms, clock:16.709 level:106
2019-04-28 14:11:29.879 T:3885310768 DEBUG: CVideoPlayerVideo::OutputPicture - ttd:393ms pts:17.100 Clock:16.707 Level:6 elapsed:37.465ms
2019-04-28 14:11:29.884 T:3552891696 DEBUG: CVideoPlayer::ProcessVideoData size:350 dts:25.400 pts:25.442 dur:41.708ms, clock:16.750 level:106
2019-04-28 14:11:29.920 T:3885310768 DEBUG: CVideoPlayerVideo::OutputPicture - ttd:388ms pts:17.142 Clock:16.754 Level:6 elapsed:32.139ms
2019-04-28 14:11:29.925 T:3552891696 DEBUG: CVideoPlayer::ProcessVideoData size:43 dts:25.442 pts:25.567 dur:41.708ms, clock:16.791 level:107
2019-04-28 14:11:29.962 T:3885310768 DEBUG: CVideoPlayerVideo::OutputPicture - ttd:393ms pts:17.184 Clock:16.791 Level:6 elapsed:37.367ms
2019-04-28 14:11:29.966 T:3552891696 DEBUG: CVideoPlayer::ProcessVideoData size:39 dts:25.484 pts:25.484 dur:41.708ms, clock:16.832 level:106
2019-04-28 14:11:30.004 T:3885310768 DEBUG: CVideoPlayerVideo::OutputPicture - ttd:392ms pts:17.226 Clock:16.833 Level:6 elapsed:37.171ms
2019-04-28 14:11:30.007 T:3552891696 DEBUG: CVideoPlayer::ProcessVideoData size:45 dts:25.526 pts:25.526 dur:41.708ms, clock:16.873 level:106
2019-04-28 14:11:30.045 T:3885310768 DEBUG: CVideoPlayerVideo::OutputPicture - ttd:388ms pts:17.267 Clock:16.879 Level:6 elapsed:32.399ms
2019-04-28 14:11:30.047 T:3552891696 DEBUG: CVideoPlayer::ProcessVideoData size:313 dts:25.567 pts:25.651 dur:41.708ms, clock:16.913 level:107
2019-04-28 14:11:30.087 T:3885310768 DEBUG: CVideoPlayerVideo::OutputPicture - ttd:391ms pts:17.309 Clock:16.918 Level:6 elapsed:35.178ms
2019-04-28 14:11:30.098 T:3552891696 DEBUG: CVideoPlayer::ProcessVideoData size:61 dts:25.609 pts:25.609 dur:41.708ms, clock:16.964 level:106
2019-04-28 14:11:30.129 T:3885310768 DEBUG: CVideoPlayerVideo::OutputPicture - ttd:392ms pts:17.351 Clock:16.959 Level:6 elapsed:36.681ms
2019-04-28 14:11:30.139 T:3552891696 DEBUG: CVideoPlayer::ProcessVideoData size:40 dts:25.651 pts:25.734 dur:41.708ms, clock:17.005 level:106
2019-04-28 14:11:30.171 T:3885310768 DEBUG: CVideoPlayerVideo::OutputPicture - ttd:386ms pts:17.392 Clock:17.006 Level:6 elapsed:30.971ms
2019-04-28 14:11:30.180 T:3552891696 DEBUG: CVideoPlayer::ProcessVideoData size:41 dts:25.692 pts:25.692 dur:41.708ms, clock:17.046 level:107
2019-04-28 14:11:30.213 T:3885310768 DEBUG: CVideoPlayerVideo::OutputPicture - ttd:383ms pts:17.434 Clock:17.051 Level:6 elapsed:28.087ms
2019-04-28 14:11:30.221 T:3552891696 DEBUG: CVideoPlayer::ProcessVideoData size:38 dts:25.734 pts:25.776 dur:41.708ms, clock:17.087 level:106
2019-04-28 14:11:30.254 T:3885310768 DEBUG: CVideoPlayerVideo::OutputPicture - ttd:390ms pts:17.476 Clock:17.086 Level:6 elapsed:34.203ms
2019-04-28 14:11:30.262 T:3552891696 DEBUG: CVideoPlayer::ProcessVideoData size:154 dts:25.776 pts:25.859 dur:41.708ms, clock:17.128 level:106
2019-04-28 14:11:30.296 T:3885310768 DEBUG: CVideoPlayerVideo::OutputPicture - ttd:386ms pts:17.517 Clock:17.131 Level:6 elapsed:30.921ms
2019-04-28 14:11:30.303 T:3552891696 DEBUG: CVideoPlayer::ProcessVideoData size:46 dts:25.817 pts:25.817 dur:41.708ms, clock:17.169 level:107
2019-04-28 14:11:30.338 T:3885310768 DEBUG: CVideoPlayerVideo::OutputPicture - ttd:390ms pts:17.559 Clock:17.169 Level:6 elapsed:34.664ms
2019-04-28 14:11:30.344 T:3552891696 DEBUG: CVideoPlayer::ProcessVideoData size:43 dts:25.859 pts:25.901 dur:41.708ms, clock:17.210 level:106
2019-04-28 14:11:30.379 T:3885310768 DEBUG: CVideoPlayerVideo::OutputPicture - ttd:389ms pts:17.601 Clock:17.212 Level:6 elapsed:33.251ms
2019-04-28 14:11:30.384 T:3552891696 DEBUG: CVideoPlayer::ProcessVideoData size:38 dts:25.901 pts:25.984 dur:41.708ms, clock:17.250 level:106
2019-04-28 14:11:30.421 T:3885310768 DEBUG: CVideoPlayerVideo::OutputPicture - ttd:389ms pts:17.643 Clock:17.253 Level:6 elapsed:33.816ms
2019-04-28 14:11:30.425 T:3552891696 DEBUG: CVideoPlayer::ProcessVideoData size:41 dts:25.943 pts:25.943 dur:41.708ms, clock:17.291 level:107
2019-04-28 14:11:30.462 T:3885310768 DEBUG: CVideoPlayerVideo::OutputPicture - ttd:388ms pts:17.684 Clock:17.296 Level:6 elapsed:32.454ms
2019-04-28 14:11:30.467 T:3466404656 DEBUG: CurlFile::ParseAndCorrectUrl() adding custom header option 'Range: bytes=428956-453591'
2019-04-28 14:11:30.467 T:3466404656 DEBUG: CurlFile::ParseAndCorrectUrl() adding custom header option 'connection: keep-alive'
2019-04-28 14:11:30.467 T:3466404656 DEBUG: CurlFile::Open(0xd7a50760) http://195.8.12.225/?o=AQG0F3DdPWYFPtD7g_1di3tBqwxS_UeZonmJQ_pKVzQcULPnB69XXASq5Ziq58b4GP2JYBxpAedHq1f_xDENZzx5lz7IVgaMTtOIIUBYI1QVfPBD8yyyb3EmegEVsvViRH0df8C5sBMMeTJ0LxTnOznFHc2z0nl1ajPiXS85F6SCKBY6v_GjYMz-lO4o5MEXJOCZxoHPMqCOCuPbUw&v=3&e=1556500266&t=5I15dcz3LFKq_5lZ5sbUXGN16lA
2019-04-28 14:11:30.477 T:3466404656 DEBUG: AddOnLog: InputStream Adaptive: Download http://195.8.12.225/?o=AQG0F3DdPWYFPtD7g_1di3tBqwxS_UeZonmJQ_pKVzQcULPnB69XXASq5Ziq58b4GP2JYBxpAedHq1f_xDENZzx5lz7IVgaMTtOIIUBYI1QVfPBD8yyyb3EmegEVsvViRH0df8C5sBMMeTJ0LxTnOznFHc2z0nl1ajPiXS85F6SCKBY6v_GjYMz-lO4o5MEXJOCZxoHPMqCOCuPbUw&v=3&e=1556500266&t=5I15dcz3LFKq_5lZ5sbUXGN16lA finished, avg speed: 3959039.57byte/s, current speed: 3079500.00byte/s
2019-04-28 14:11:30.478 T:3483190064 DEBUG: CurlFile::ParseAndCorrectUrl() adding custom header option 'Range: bytes=3750561-3842077'
2019-04-28 14:11:30.478 T:3483190064 DEBUG: CurlFile::ParseAndCorrectUrl() adding custom header option 'connection: keep-alive'
2019-04-28 14:11:30.478 T:3483190064 DEBUG: CurlFile::Open(0xe5b56388) http://37.77.187.139/?o=AQG0F3DdPWYFPtDzh_5chH9BrQhEul2HrjDVHbdOBXxPXrLhALoVBVqo4JGu-96zTrCCeEYtZ_pZjFPQxwUvaS8ayjficSrzINSdJjYLaAola8puh1edQFQZZysQoeEnB2pSe8eq7R58dltqJSeJJCreQ422yXx5cjPwB253CrqefElo9qP1Z9vvhPF09ctJPd7Lla_MOPfFBfKaX-MR2w&v=3&e=1556500266&t=k4ZG6LTuZ0yxHWiSxmrNN0jPzhg
2019-04-28 14:11:30.504 T:3885310768 DEBUG: CVideoPlayerVideo::OutputPicture - ttd:376ms pts:17.726 Clock:17.350 Level:6 elapsed:20.301ms
2019-04-28 14:11:30.516 T:3552891696 DEBUG: CVideoPlayer::ProcessVideoData size:39 dts:25.984 pts:26.026 dur:41.708ms, clock:17.382 level:106
2019-04-28 14:11:30.516 T:3552891696 DEBUG: CVideoPlayer::ProcessVideoData size:14041 dts:26.026 pts:26.068 dur:41.708ms, clock:17.382 level:106
2019-04-28 14:11:30.520 T:3483190064 DEBUG: AddOnLog: InputStream Adaptive: Download http://37.77.187.139/?o=AQG0F3DdPWYFPtDzh_5chH9BrQhEul2HrjDVHbdOBXxPXrLhALoVBVqo4JGu-96zTrCCeEYtZ_pZjFPQxwUvaS8ayjficSrzINSdJjYLaAola8puh1edQFQZZysQoeEnB2pSe8eq7R58dltqJSeJJCreQ422yXx5cjPwB253CrqefElo9qP1Z9vvhPF09ctJPd7Lla_MOPfFBfKaX-MR2w&v=3&e=1556500266&t=k4ZG6LTuZ0yxHWiSxmrNN0jPzhg finished, avg speed: 3808318.58byte/s, current speed: 2232121.00byte/s
2019-04-28 14:11:30.546 T:3885310768 DEBUG: CVideoPlayerVideo::OutputPicture - ttd:386ms pts:17.768 Clock:17.381 Level:6 elapsed:31.095ms
2019-04-28 14:11:30.552 T:3576222512 DEBUG: CWebServer[8080]: request received for /jsonrpc
2019-04-28 14:11:30.553 T:3785339696 DEBUG: [plugin.video.netflix (0)] Executing JSON-RPC: {"params": {"playerid": 1, "properties": ["audiostreams", "currentaudiostream", "subtitles", "currentsubtitle", "subtitleenabled", "percentage", "time"]}, "jsonrpc": "2.0", "method": "Player.GetProperties", "id": 1}
