2019-04-28 14:10:18.443 T:3458011952 ERROR: ffmpeg[CE1D1330]: [aac] Prediction is not allowed in AAC-LC.
2019-04-28 14:10:18.476 T:3474797360 DEBUG: CVideoPlayerVideo::OutputPicture - ttd:391ms pts:23.899 Clock:23.507 Level:6 elapsed:35.649ms
2019-04-28 14:10:18.484 T:3458011952 DEBUG: ffmpeg[CE1D1330]: [aac] Sample rate index in program config element does not match the sample rate index configured by the container.
2019-04-28 14:10:18.484 T:3552891696 DEBUG: CVideoPlayer::ProcessVideoData size:12591 dts:32.199 pts:32.324 dur:41.708ms, clock:23.551 level:107
2019-04-28 14:10:18.484 T:3458011952 ERROR: ffmpeg[CE1D1330]: [aac] Inconsistent channel configuration.
2019-04-28 14:10:18.484 T:3458011952 ERROR: ffmpeg[CE1D1330]: [aac] get_buffer() failed
2019-04-28 14:10:18.518 T:3474797360 DEBUG: CVideoPlayerVideo::OutputPicture - ttd:393ms pts:23.941 Clock:23.547 Level:6 elapsed:37.837ms
2019-04-28 14:10:18.525 T:3458011952 ERROR: ffmpeg[CE1D1330]: [aac] Reserved bit set.
2019-04-28 14:10:18.525 T:3552891696 DEBUG: CVideoPlayer::ProcessVideoData size:530 dts:32.241 pts:32.241 dur:41.708ms, clock:23.592 level:106
2019-04-28 14:10:18.525 T:3458011952 ERROR: ffmpeg[CE1D1330]: [aac] Prediction is not allowed in AAC-LC.
2019-04-28 14:10:18.559 T:3474797360 DEBUG: CVideoPlayerVideo::OutputPicture - ttd:394ms pts:23.982 Clock:23.588 Level:6 elapsed:38.477ms
2019-04-28 14:10:18.566 T:3458011952 ERROR: ffmpeg[CE1D1330]: [aac] Number of bands (30) exceeds limit (11).
2019-04-28 14:10:18.566 T:3552891696 DEBUG: CVideoPlayer::ProcessVideoData size:556 dts:32.282 pts:32.282 dur:41.708ms, clock:23.633 level:106
2019-04-28 14:10:18.601 T:3474797360 DEBUG: CVideoPlayerVideo::OutputPicture - ttd:392ms pts:24.024 Clock:23.632 Level:6 elapsed:36.341ms
2019-04-28 14:10:18.607 T:3458011952 ERROR: ffmpeg[CE1D1330]: [aac] Reserved bit set.
2019-04-28 14:10:18.607 T:3552891696 DEBUG: CVideoPlayer::ProcessVideoData size:10722 dts:32.324 pts:32.449 dur:41.708ms, clock:23.674 level:106
2019-04-28 14:10:18.607 T:3458011952 ERROR: ffmpeg[CE1D1330]: [aac] Number of bands (24) exceeds limit (4).
2019-04-28 14:10:18.643 T:3474797360 DEBUG: CVideoPlayerVideo::OutputPicture - ttd:392ms pts:24.066 Clock:23.674 Level:6 elapsed:36.612ms
2019-04-28 14:10:18.648 T:3458011952 ERROR: ffmpeg[CE1D1330]: [aac] Reserved bit set.
2019-04-28 14:10:18.648 T:3552891696 DEBUG: CVideoPlayer::ProcessVideoData size:504 dts:32.366 pts:32.366 dur:41.708ms, clock:23.715 level:107
2019-04-28 14:10:18.648 T:3458011952 ERROR: ffmpeg[CE1D1330]: [aac] Number of bands (31) exceeds limit (30).
2019-04-28 14:10:18.685 T:3474797360 DEBUG: CVideoPlayerVideo::OutputPicture - ttd:393ms pts:24.107 Clock:23.713 Level:6 elapsed:38.387ms
2019-04-28 14:10:18.689 T:3458011952 ERROR: ffmpeg[CE1D1330]: [aac] Reserved bit set.
2019-04-28 14:10:18.689 T:3552891696 DEBUG: CVideoPlayer::ProcessVideoData size:385 dts:32.407 pts:32.407 dur:41.708ms, clock:23.756 level:106
2019-04-28 14:10:18.689 T:3458011952 ERROR: ffmpeg[CE1D1330]: [aac] Number of bands (48) exceeds limit (38).
2019-04-28 14:10:18.726 T:3474797360 DEBUG: CVideoPlayerVideo::OutputPicture - ttd:391ms pts:24.149 Clock:23.758 Level:6 elapsed:35.302ms
2019-04-28 14:10:18.730 T:3552891696 DEBUG: CVideoPlayer::ProcessVideoData size:8256 dts:32.449 pts:32.574 dur:41.708ms, clock:23.797 level:107
2019-04-28 14:10:18.730 T:3458011952 ERROR: ffmpeg[CE1D1330]: [aac] channel element 3.8 is not allocated
2019-04-28 14:10:18.769 T:3474797360 DEBUG: CVideoPlayerVideo::OutputPicture - ttd:393ms pts:24.191 Clock:23.797 Level:6 elapsed:38.237ms
2019-04-28 14:10:18.770 T:3458011952 ERROR: ffmpeg[CE1D1330]: [aac] Reserved bit set.
2019-04-28 14:10:18.771 T:3552891696 DEBUG: CVideoPlayer::ProcessVideoData size:426 dts:32.491 pts:32.491 dur:41.708ms, clock:23.838 level:106
2019-04-28 14:10:18.771 T:3458011952 ERROR: ffmpeg[CE1D1330]: [aac] invalid band type
2019-04-28 14:10:18.810 T:3474797360 DEBUG: CVideoPlayerVideo::OutputPicture - ttd:390ms pts:24.233 Clock:23.842 Level:6 elapsed:34.679ms
2019-04-28 14:10:18.811 T:3458011952 ERROR: ffmpeg[CE1D1330]: [aac] Reserved bit set.
2019-04-28 14:10:18.812 T:3552891696 DEBUG: CVideoPlayer::ProcessVideoData size:441 dts:32.532 pts:32.532 dur:41.708ms, clock:23.879 level:107
2019-04-28 14:10:18.812 T:3458011952 ERROR: ffmpeg[CE1D1330]: [aac] Number of bands (11) exceeds limit (10).
2019-04-28 14:10:18.852 T:3474797360 DEBUG: CVideoPlayerVideo::OutputPicture - ttd:394ms pts:24.274 Clock:23.880 Level:6 elapsed:38.708ms
2019-04-28 14:10:18.862 T:3458011952 DEBUG: ffmpeg[CE1D1330]: [aac] Sample rate index in program config element does not match the sample rate index configured by the container.
2019-04-28 14:10:18.862 T:3552891696 DEBUG: CVideoPlayer::ProcessVideoData size:10748 dts:32.574 pts:32.658 dur:41.708ms, clock:23.930 level:106
2019-04-28 14:10:18.863 T:3458011952 DEBUG: ffmpeg[CE1D1330]: [aac] Too large remapped id is not implemented. Update your FFmpeg version to the newest one from Git. If the problem still occurs, it means that your file has a feature which has not been implemented.
2019-04-28 14:10:18.863 T:3458011952 DEBUG: ffmpeg[CE1D1330]: [aac] If you want to help, upload a sample of this file to ftp://upload.ffmpeg.org/incoming/ and contact the ffmpeg-devel mailing list. (ffmpeg-devel@ffmpeg.org)
2019-04-28 14:10:18.893 T:3474797360 DEBUG: CVideoPlayerVideo::OutputPicture - ttd:392ms pts:24.316 Clock:23.924 Level:6 elapsed:36.396ms
2019-04-28 14:10:18.903 T:3458011952 DEBUG: ffmpeg[CE1D1330]: [aac] Sample rate index in program config element does not match the sample rate index configured by the container.
2019-04-28 14:10:18.904 T:3552891696 DEBUG: CVideoPlayer::ProcessVideoData size:458 dts:32.616 pts:32.616 dur:41.708ms, clock:23.971 level:107
2019-04-28 14:10:18.904 T:3458011952 ERROR: ffmpeg[CE1D1330]: [aac] Inconsistent channel configuration.
2019-04-28 14:10:18.904 T:3458011952 ERROR: ffmpeg[CE1D1330]: [aac] get_buffer() failed
2019-04-28 14:10:18.935 T:3474797360 DEBUG: CVideoPlayerVideo::OutputPicture - ttd:393ms pts:24.358 Clock:23.964 Level:6 elapsed:37.529ms
2019-04-28 14:10:18.944 T:3458011952 DEBUG: ffmpeg[CE1D1330]: [aac] Sample rate index in program config element does not match the sample rate index configured by the container.
2019-04-28 14:10:18.944 T:3552891696 DEBUG: CVideoPlayer::ProcessVideoData size:11422 dts:32.658 pts:32.783 dur:41.708ms, clock:24.012 level:106
2019-04-28 14:10:18.944 T:3458011952 ERROR: ffmpeg[CE1D1330]: [aac] Inconsistent channel configuration.
2019-04-28 14:10:18.945 T:3458011952 ERROR: ffmpeg[CE1D1330]: [aac] get_buffer() failed
2019-04-28 14:10:18.961 T:3785339696 DEBUG: [plugin.video.netflix (0)] Executing JSON-RPC: {"params": {"playerid": 1, "properties": ["audiostreams", "currentaudiostream", "subtitles", "currentsubtitle", "subtitleenabled", "percentage", "time"]}, "jsonrpc": "2.0", "method": "Player.GetProperties", "id": 1}
2019-04-28 14:10:18.964 T:3785339696 DEBUG: [plugin.video.netflix (0)] Notifying all managers of on_tick (data={u'currentaudiostream': {u'index': 0, u'name': u'AAC ', u'language': u'eng', u'channels': 2, u'codec': u'aac', u'bitrate': 98304}, u'elapsed_seconds': 23, u'time': {u'hours': 0, u'seconds': 23, u'minutes': 0, u'milliseconds': 969}, u'subtitleenabled': True, u'percentage': 0.46659529209136963, u'currentsubtitle': {u'index': 0, u'name': u'', u'language': u'eng'}, u'audiostreams': [{u'index': 0, u'name': u'AAC ', u'language': u'eng', u'channels': 2, u'codec': u'aac', u'bitrate': 98304}, {u'index': 1, u'name': u'AAC ', u'language': u'spa', u'channels': 2, u'codec': u'aac', u'bitrate': 98304}, {u'index': 2, u'name': u'AAC ', u'language': u'fre', u'channels': 2, u'codec': u'aac', u'bitrate': 98304}, {u'index': 3, u'name': u'AAC ', u'language': u'por', u'channels': 2, u'codec': u'aac', u'bitrate': 98304}], u'subtitles': [{u'index': 0, u'name': u'', u'language': u'eng'}, {u'index': 1, u'name': u'', u'language': u'spa'}, {u'index': 2, u'name': u'', u'language': u'spa'}, {u'index': 3, u'name': u'', u'language': u'fre'}, {u'index': 4, u'name': u'', u'language': u'fre'}, {u'index': 5, u'name': u'', u'language': u'por'}]})
2019-04-28 14:10:18.977 T:3474797360 DEBUG: CVideoPlayerVideo::OutputPicture - ttd:391ms pts:24.399 Clock:24.008 Level:6 elapsed:36.141ms
2019-04-28 14:10:18.985 T:3458011952 ERROR: ffmpeg[CE1D1330]: [aac] Prediction is not allowed in AAC-LC.
2019-04-28 14:10:18.985 T:3552891696 DEBUG: CVideoPlayer::ProcessVideoData size:495 dts:32.699 pts:32.699 dur:41.708ms, clock:24.053 level:107
2019-04-28 14:10:19.018 T:3474797360 DEBUG: CVideoPlayerVideo::OutputPicture - ttd:394ms pts:24.441 Clock:24.047 Level:6 elapsed:38.293ms
2019-04-28 14:10:19.026 T:3458011952 ERROR: ffmpeg[CE1D1330]: [aac] Reserved bit set.
2019-04-28 14:10:19.026 T:3552891696 DEBUG: CVideoPlayer::ProcessVideoData size:501 dts:32.741 pts:32.741 dur:41.708ms, clock:24.094 level:106
2019-04-28 14:10:19.027 T:3458011952 ERROR: ffmpeg[CE1D1330]: [aac] Number of bands (11) exceeds limit (7).
2019-04-28 14:10:19.059 T:3474797360 DEBUG: CVideoPlayerVideo::OutputPicture - ttd:394ms pts:24.483 Clock:24.089 Level:6 elapsed:37.958ms
2019-04-28 14:10:19.067 T:3458011952 ERROR: ffmpeg[CE1D1330]: [aac] Reserved bit set.
2019-04-28 14:10:19.067 T:3552891696 DEBUG: CVideoPlayer::ProcessVideoData size:10965 dts:32.783 pts:32.908 dur:41.708ms, clock:24.134 level:106
2019-04-28 14:10:19.067 T:3458011952 ERROR: ffmpeg[CE1D1330]: [aac] Number of bands (16) exceeds limit (9).
2019-04-28 14:10:19.102 T:3474797360 DEBUG: CVideoPlayerVideo::OutputPicture - ttd:391ms pts:24.524 Clock:24.133 Level:6 elapsed:35.531ms
2019-04-28 14:10:19.108 T:3458011952 ERROR: ffmpeg[CE1D1330]: [aac] channel element 2.6 is not allocated
2019-04-28 14:10:19.108 T:3552891696 DEBUG: CVideoPlayer::ProcessVideoData size:423 dts:32.824 pts:32.824 dur:41.708ms, clock:24.175 level:107
2019-04-28 14:10:19.143 T:3474797360 DEBUG: CVideoPlayerVideo::OutputPicture - ttd:394ms pts:24.566 Clock:24.172 Level:6 elapsed:38.528ms
2019-04-28 14:10:19.149 T:3458011952 ERROR: ffmpeg[CE1D1330]: [aac] SBR was found before the first channel element.
2019-04-28 14:10:19.149 T:3552891696 DEBUG: CVideoPlayer::ProcessVideoData size:488 dts:32.866 pts:32.866 dur:41.708ms, clock:24.216 level:106
2019-04-28 14:10:19.149 T:3458011952 DEBUG: ffmpeg[CE1D1330]: [aac] Sample rate index in program config element does not match the sample rate index configured by the container.
2019-04-28 14:10:19.149 T:3458011952 ERROR: ffmpeg[CE1D1330]: [aac] Inconsistent channel configuration.
2019-04-28 14:10:19.150 T:3458011952 ERROR: ffmpeg[CE1D1330]: [aac] get_buffer() failed
2019-04-28 14:10:19.185 T:3474797360 DEBUG: CVideoPlayerVideo::OutputPicture - ttd:391ms pts:24.608 Clock:24.217 Level:6 elapsed:35.316ms
2019-04-28 14:10:19.190 T:3552891696 DEBUG: CVideoPlayer::ProcessVideoData size:13358 dts:32.908 pts:33.033 dur:41.708ms, clock:24.257 level:107
2019-04-28 14:10:19.190 T:3458011952 ERROR: ffmpeg[CE1D1330]: [aac] channel element 2.8 is not allocated
2019-04-28 14:10:19.227 T:3474797360 DEBUG: CVideoPlayerVideo::OutputPicture - ttd:393ms pts:24.650 Clock:24.256 Level:6 elapsed:37.895ms
2019-04-28 14:10:19.231 T:3458011952 ERROR: ffmpeg[CE1D1330]: [aac] channel element 2.14 is not allocated
2019-04-28 14:10:19.231 T:3552891696 DEBUG: CVideoPlayer::ProcessVideoData size:422 dts:32.950 pts:32.950 dur:41.708ms, clock:24.298 level:106
2019-04-28 14:10:19.269 T:3474797360 DEBUG: CVideoPlayerVideo::OutputPicture - ttd:390ms pts:24.691 Clock:24.301 Level:6 elapsed:35.063ms
2019-04-28 14:10:19.272 T:3458011952 ERROR: ffmpeg[CE1D1330]: [aac] channel element 3.5 is not allocated
2019-04-28 14:10:19.272 T:3552891696 DEBUG: CVideoPlayer::ProcessVideoData size:518 dts:32.991 pts:32.991 dur:41.708ms, clock:24.339 level:107
2019-04-28 14:10:19.310 T:3474797360 DEBUG: CVideoPlayerVideo::OutputPicture - ttd:393ms pts:24.733 Clock:24.340 Level:6 elapsed:37.071ms
2019-04-28 14:10:19.313 T:3458011952 DEBUG: ffmpeg[CE1D1330]: [aac] Sample rate index in program config element does not match the sample rate index configured by the container.
2019-04-28 14:10:19.313 T:3552891696 DEBUG: CVideoPlayer::ProcessVideoData size:10953 dts:33.033 pts:33.158 dur:41.708ms, clock:24.380 level:106
2019-04-28 14:10:19.313 T:3458011952 ERROR: ffmpeg[CE1D1330]: [aac] Inconsistent channel configuration.
2019-04-28 14:10:19.314 T:3458011952 ERROR: ffmpeg[CE1D1330]: [aac] get_buffer() failed
2019-04-28 14:10:19.352 T:3474797360 DEBUG: CVideoPlayerVideo::OutputPicture - ttd:389ms pts:24.775 Clock:24.385 Level:6 elapsed:33.714ms
2019-04-28 14:10:19.354 T:3458011952 ERROR: ffmpeg[CE1D1330]: [aac] Reserved bit set.
2019-04-28 14:10:19.355 T:3552891696 DEBUG: CVideoPlayer::ProcessVideoData size:445 dts:33.075 pts:33.075 dur:41.708ms, clock:24.421 level:107
2019-04-28 14:10:19.355 T:3458011952 ERROR: ffmpeg[CE1D1330]: [aac] Number of bands (58) exceeds limit (45).
2019-04-28 14:10:19.393 T:3474797360 DEBUG: CVideoPlayerVideo::OutputPicture - ttd:394ms pts:24.816 Clock:24.422 Level:6 elapsed:38.446ms
2019-04-28 14:10:19.395 T:3552891696 DEBUG: CVideoPlayer::ProcessVideoData size:426 dts:33.116 pts:33.116 dur:41.708ms, clock:24.463 level:106
2019-04-28 14:10:19.396 T:3458011952 ERROR: ffmpeg[CE1D1330]: [aac] channel element 3.9 is not allocated
2019-04-28 14:10:19.435 T:3474797360 DEBUG: CVideoPlayerVideo::OutputPicture - ttd:391ms pts:24.858 Clock:24.467 Level:6 elapsed:35.449ms
2019-04-28 14:10:19.446 T:3458011952 ERROR: ffmpeg[CE1D1330]: [aac] Reserved bit set.
2019-04-28 14:10:19.446 T:3552891696 DEBUG: CVideoPlayer::ProcessVideoData size:10539 dts:33.158 pts:33.283 dur:41.708ms, clock:24.514 level:106
2019-04-28 14:10:19.447 T:3458011952 ERROR: ffmpeg[CE1D1330]: [aac] Number of bands (66) exceeds limit (43).
2019-04-28 14:10:19.477 T:3474797360 DEBUG: CVideoPlayerVideo::OutputPicture - ttd:389ms pts:24.900 Clock:24.510 Level:6 elapsed:34.260ms
2019-04-28 14:10:19.487 T:3458011952 ERROR: ffmpeg[CE1D1330]: [aac] Number of scalefactor bands in group (59) exceeds limit (47).
2019-04-28 14:10:19.487 T:3552891696 DEBUG: CVideoPlayer::ProcessVideoData size:457 dts:33.200 pts:33.200 dur:41.708ms, clock:24.554 level:107
2019-04-28 14:10:19.519 T:3474797360 DEBUG: CVideoPlayerVideo::OutputPicture - ttd:394ms pts:24.942 Clock:24.547 Level:6 elapsed:38.671ms
2019-04-28 14:10:19.528 T:3458011952 ERROR: ffmpeg[CE1D1330]: [aac] Number of bands (4) exceeds limit (1).
2019-04-28 14:10:19.528 T:3552891696 DEBUG: CVideoPlayer::ProcessVideoData size:470 dts:33.242 pts:33.242 dur:41.708ms, clock:24.595 level:106
2019-04-28 14:10:19.561 T:3474797360 DEBUG: CVideoPlayerVideo::OutputPicture - ttd:391ms pts:24.983 Clock:24.592 Level:6 elapsed:35.659ms
2019-04-28 14:10:19.569 T:3458011952 DEBUG: ffmpeg[CE1D1330]: [aac] Sample rate index in program config element does not match the sample rate index configured by the container.
2019-04-28 14:10:19.569 T:3458011952 ERROR: ffmpeg[CE1D1330]: [aac] Inconsistent channel configuration.
2019-04-28 14:10:19.569 T:3458011952 ERROR: ffmpeg[CE1D1330]: [aac] get_buffer() failed
2019-04-28 14:10:19.569 T:3552891696 DEBUG: CVideoPlayer::ProcessVideoData size:11187 dts:33.283 pts:33.408 dur:41.708ms, clock:24.637 level:107
2019-04-28 14:10:19.589 T:3576222512 DEBUG: CWebServer[8080]: request received for /jsonrpc
2019-04-28 14:10:19.602 T:3474797360 DEBUG: Previous line repeats 2 times.
2019-04-28 14:10:19.602 T:3474797360 DEBUG: CVideoPlayerVideo::OutputPicture - ttd:394ms pts:25.025 Clock:24.631 Level:6 elapsed:38.075ms
2019-04-28 14:10:19.604 T:3576222512 DEBUG: CWebServer[8080]: request received for /jsonrpc
2019-04-28 14:10:19.610 T:3458011952 DEBUG: ffmpeg[CE1D1330]: [aac] Sample rate index in program config element does not match the sample rate index configured by the container.
2019-04-28 14:10:19.610 T:3552891696 DEBUG: CVideoPlayer::ProcessVideoData size:464 dts:33.325 pts:33.325 dur:41.708ms, clock:24.677 level:106
2019-04-28 14:10:19.610 T:3458011952 ERROR: ffmpeg[CE1D1330]: [aac] Inconsistent channel configuration.
2019-04-28 14:10:19.610 T:3458011952 ERROR: ffmpeg[CE1D1330]: [aac] get_buffer() failed
2019-04-28 14:10:19.644 T:3474797360 DEBUG: CVideoPlayerVideo::OutputPicture - ttd:394ms pts:25.067 Clock:24.672 Level:6 elapsed:38.709ms
2019-04-28 14:10:19.651 T:3458011952 DEBUG: ffmpeg[CE1D1330]: [aac] Sample rate index in program config element does not match the sample rate index configured by the container.
2019-04-28 14:10:19.651 T:3552891696 DEBUG: CVideoPlayer::ProcessVideoData size:507 dts:33.367 pts:33.367 dur:41.708ms, clock:24.718 level:106
2019-04-28 14:10:19.651 T:3458011952 ERROR: ffmpeg[CE1D1330]: [aac] Inconsistent channel configuration.
2019-04-28 14:10:19.651 T:3458011952 ERROR: ffmpeg[CE1D1330]: [aac] get_buffer() failed
2019-04-28 14:10:19.685 T:3474797360 DEBUG: CVideoPlayerVideo::OutputPicture - ttd:391ms pts:25.108 Clock:24.717 Level:6 elapsed:35.507ms
2019-04-28 14:10:19.692 T:3458011952 ERROR: ffmpeg[CE1D1330]: [aac] channel element 3.14 is not allocated
2019-04-28 14:10:19.692 T:3552891696 DEBUG: CVideoPlayer::ProcessVideoData size:10661 dts:33.408 pts:33.492 dur:41.708ms, clock:24.759 level:107
2019-04-28 14:10:19.728 T:3474797360 DEBUG: CVideoPlayerVideo::OutputPicture - ttd:392ms pts:25.150 Clock:24.757 Level:6 elapsed:37.395ms
2019-04-28 14:10:19.733 T:3552891696 DEBUG: CVideoPlayer::ProcessVideoData size:501 dts:33.450 pts:33.450 dur:41.708ms, clock:24.800 level:106
2019-04-28 14:10:19.770 T:3474797360 DEBUG: CVideoPlayerVideo::OutputPicture - ttd:389ms pts:25.192 Clock:24.803 Level:6 elapsed:34.033ms
2019-04-28 14:10:19.774 T:3458011952 ERROR: ffmpeg[CE1D1330]: [aac] channel element 3.8 is not allocated
2019-04-28 14:10:19.774 T:3552891696 DEBUG: CVideoPlayer::ProcessVideoData size:22017 dts:33.492 pts:33.617 dur:41.708ms, clock:24.841 level:107
2019-04-28 14:10:19.811 T:3474797360 DEBUG: CVideoPlayerVideo::OutputPicture - ttd:392ms pts:25.234 Clock:24.841 Level:6 elapsed:37.102ms
2019-04-28 14:10:19.815 T:3458011952 ERROR: ffmpeg[CE1D1330]: [aac] channel element 3.15 is not allocated
2019-04-28 14:10:19.815 T:3552891696 DEBUG: CVideoPlayer::ProcessVideoData size:589 dts:33.533 pts:33.533 dur:41.708ms, clock:24.882 level:106
2019-04-28 14:10:19.853 T:3474797360 DEBUG: CVideoPlayerVideo::OutputPicture - ttd:388ms pts:25.275 Clock:24.887 Level:6 elapsed:32.962ms
2019-04-28 14:10:19.856 T:3458011952 ERROR: ffmpeg[CE1D1330]: [aac] Prediction is not allowed in AAC-LC.
2019-04-28 14:10:19.856 T:3552891696 DEBUG: CVideoPlayer::ProcessVideoData size:514 dts:33.575 pts:33.575 dur:41.708ms, clock:24.923 level:107
2019-04-28 14:10:19.894 T:3474797360 DEBUG: CVideoPlayerVideo::OutputPicture - ttd:393ms pts:25.317 Clock:24.923 Level:6 elapsed:37.588ms
2019-04-28 14:10:19.897 T:3458011952 ERROR: ffmpeg[CE1D1330]: [aac] Reserved bit set.
2019-04-28 14:10:19.897 T:3458011952 ERROR: ffmpeg[CE1D1330]: [aac] Prediction is not allowed in AAC-LC.
2019-04-28 14:10:19.897 T:3552891696 DEBUG: CVideoPlayer::ProcessVideoData size:15325 dts:33.617 pts:33.742 dur:41.708ms, clock:24.965 level:106
2019-04-28 14:10:19.935 T:3474797360 DEBUG: CVideoPlayerVideo::OutputPicture - ttd:394ms pts:25.359 Clock:24.964 Level:6 elapsed:38.114ms
2019-04-28 14:10:19.938 T:3458011952 ERROR: ffmpeg[CE1D1330]: [aac] channel element 3.13 is not allocated
2019-04-28 14:10:19.938 T:3552891696 DEBUG: CVideoPlayer::ProcessVideoData size:465 dts:33.659 pts:33.659 dur:41.708ms, clock:25.005 level:106
2019-04-28 14:10:19.965 T:3785339696 DEBUG: [plugin.video.netflix (0)] Executing JSON-RPC: {"params": {"playerid": 1, "properties": ["audiostreams", "currentaudiostream", "subtitles", "currentsubtitle", "subtitleenabled", "percentage", "time"]}, "jsonrpc": "2.0", "method": "Player.GetProperties", "id": 1}
2019-04-28 14:10:19.967 T:3785339696 DEBUG: [plugin.video.netflix (0)] Notifying all managers of on_tick (data={u'currentaudiostream': {u'index': 0, u'name': u'AAC ', u'language': u'eng', u'channels': 2, u'codec': u'aac', u'bitrate': 98304}, u'elapsed_seconds': 24, u'time': {u'hours': 0, u'seconds': 24, u'minutes': 0, u'milliseconds': 788}, u'subtitleenabled': True, u'percentage': 0.48253843188285828, u'currentsubtitle': {u'index': 0, u'name': u'', u'language': u'eng'}, u'audiostreams': [{u'index': 0, u'name': u'AAC ', u'language': u'eng', u'channels': 2, u'codec': u'aac', u'bitrate': 98304}, {u'index': 1, u'name': u'AAC ', u'language': u'spa', u'channels': 2, u'codec': u'aac', u'bitrate': 98304}, {u'index': 2, u'name': u'AAC ', u'language': u'fre', u'channels': 2, u'codec': u'aac', u'bitrate': 98304}, {u'index': 3, u'name': u'AAC ', u'language': u'por', u'channels': 2, u'codec': u'aac', u'bitrate': 98304}], u'subtitles': [{u'index': 0, u'name': u'', u'language': u'eng'}, {u'index': 1, u'name': u'', u'language': u'spa'}, {u'index': 2, u'name': u'', u'language': u'spa'}, {u'index': 3, u'name': u'', u'language': u'fre'}, {u'index': 4, u'name': u'', u'language': u'fre'}, {u'index': 5, u'name': u'', u'language': u'por'}]})
2019-04-28 14:10:19.978 T:3474797360 DEBUG: CVideoPlayerVideo::OutputPicture - ttd:392ms pts:25.400 Clock:25.008 Level:6 elapsed:36.647ms
2019-04-28 14:10:19.989 T:3458011952 DEBUG: ffmpeg[CE1D1330]: [aac] Sample rate index in program config element does not match the sample rate index configured by the container.
2019-04-28 14:10:19.989 T:3552891696 DEBUG: CVideoPlayer::ProcessVideoData size:504 dts:33.700 pts:33.700 dur:41.708ms, clock:25.057 level:107
2019-04-28 14:10:19.989 T:3458011952 ERROR: ffmpeg[CE1D1330]: [aac] Inconsistent channel configuration.
2019-04-28 14:10:19.990 T:3458011952 ERROR: ffmpeg[CE1D1330]: [aac] get_buffer() failed
2019-04-28 14:10:20.019 T:3474797360 DEBUG: CVideoPlayerVideo::OutputPicture - ttd:395ms pts:25.442 Clock:25.047 Level:6 elapsed:39.171ms
2019-04-28 14:10:20.030 T:3458011952 ERROR: ffmpeg[CE1D1330]: [aac] Reserved bit set.
2019-04-28 14:10:20.030 T:3552891696 DEBUG: CVideoPlayer::ProcessVideoData size:15496 dts:33.742 pts:33.867 dur:41.708ms, clock:25.097 level:106
2019-04-28 14:10:20.030 T:3458011952 ERROR: ffmpeg[CE1D1330]: [aac] Number of bands (5) exceeds limit (3).
2019-04-28 14:10:20.061 T:3474797360 DEBUG: CVideoPlayerVideo::OutputPicture - ttd:395ms pts:25.484 Clock:25.088 Level:6 elapsed:39.673ms
2019-04-28 14:10:20.071 T:3552891696 DEBUG: CVideoPlayer::ProcessVideoData size:495 dts:33.784 pts:33.784 dur:41.708ms, clock:25.138 level:106
2019-04-28 14:10:20.071 T:3458011952 ERROR: ffmpeg[CE1D1330]: [aac] channel element 2.0 is not allocated
2019-04-28 14:10:20.102 T:3474797360 DEBUG: CVideoPlayerVideo::OutputPicture - ttd:390ms pts:25.526 Clock:25.135 Level:6 elapsed:34.582ms
2019-04-28 14:10:20.112 T:3458011952 ERROR: ffmpeg[CE1D1330]: [aac] Prediction is not allowed in AAC-LC.
2019-04-28 14:10:20.112 T:3552891696 DEBUG: CVideoPlayer::ProcessVideoData size:401 dts:33.825 pts:33.825 dur:41.708ms, clock:25.179 level:107
2019-04-28 14:10:20.144 T:3474797360 DEBUG: CVideoPlayerVideo::OutputPicture - ttd:394ms pts:25.567 Clock:25.172 Level:6 elapsed:38.956ms
2019-04-28 14:10:20.153 T:3458011952 ERROR: ffmpeg[CE1D1330]: [aac] channel element 3.7 is not allocated
2019-04-28 14:10:20.153 T:3552891696 DEBUG: CVideoPlayer::ProcessVideoData size:12178 dts:33.867 pts:33.992 dur:41.708ms, clock:25.220 level:106
2019-04-28 14:10:20.186 T:3474797360 DEBUG: CVideoPlayerVideo::OutputPicture - ttd:393ms pts:25.609 Clock:25.215 Level:6 elapsed:38.022ms
2019-04-28 14:10:20.194 T:3458011952 ERROR: ffmpeg[CE1D1330]: [aac] channel element 3.1 is not allocated
2019-04-28 14:10:20.194 T:3552891696 DEBUG: CVideoPlayer::ProcessVideoData size:528 dts:33.909 pts:33.909 dur:41.708ms, clock:25.261 level:106
2019-04-28 14:10:20.228 T:3474797360 DEBUG: CVideoPlayerVideo::OutputPicture - ttd:394ms pts:25.651 Clock:25.257 Level:6 elapsed:38.312ms
2019-04-28 14:10:20.235 T:3458011952 ERROR: ffmpeg[CE1D1330]: [aac] Reserved bit set.
2019-04-28 14:10:20.235 T:3552891696 DEBUG: CVideoPlayer::ProcessVideoData size:458 dts:33.951 pts:33.951 dur:41.708ms, clock:25.302 level:107
2019-04-28 14:10:20.235 T:3458011952 ERROR: ffmpeg[CE1D1330]: [aac] Number of bands (23) exceeds limit (16).
2019-04-28 14:10:20.270 T:3474797360 DEBUG: CVideoPlayerVideo::OutputPicture - ttd:394ms pts:25.692 Clock:25.297 Level:6 elapsed:39.415ms
2019-04-28 14:10:20.276 T:3458011952 ERROR: ffmpeg[CE1D1330]: [aac] SBR was found before the first channel element.
2019-04-28 14:10:20.276 T:3458011952 ERROR: ffmpeg[CE1D1330]: [aac] Number of bands (19) exceeds limit (14).
2019-04-28 14:10:20.277 T:3517969200 DEBUG: CurlFile::ParseAndCorrectUrl() adding custom header option 'Range: bytes=5063307-5392251'
2019-04-28 14:10:20.277 T:3517969200 DEBUG: CurlFile::ParseAndCorrectUrl() adding custom header option 'connection: keep-alive'
2019-04-28 14:10:20.277 T:3517969200 DEBUG: CurlFile::Open(0xe51990d0) http://195.8.12.225/?o=AQHsvJl_EOvSE5TTC4bMd_jEHeSPEPWYqOh8RAVmbt7CBOuYT5VYlLBEmZEOHrgBOyDrYOjO2iHNfpl_cP3gfV8kUOWFG-leEB80dn1b5uAz5vGFWq7Dy_c_ownq5FLF3YlnoMExiAug9_IOqu7r923d64Q4l_0p8QG4lpahucIynSgXubBiaTx6l968bmXFGF43MryiAkvD1dD5j3u_hQ&v=3&e=1556500176&t=XBn9CDz3os3jL_GEmnZeF6gNB3c
2019-04-28 14:10:20.293 T:3552891696 DEBUG: CVideoPlayer::ProcessVideoData size:598 dts:33.992 pts:34.034 dur:41.708ms, clock:25.360 level:106
2019-04-28 14:10:20.312 T:3474797360 DEBUG: CVideoPlayerVideo::OutputPicture - ttd:374ms pts:25.734 Clock:25.360 Level:6 elapsed:18.742ms
2019-04-28 14:10:20.314 T:3466404656 DEBUG: CurlFile::ParseAndCorrectUrl() adding custom header option 'Range: bytes=536428-561444'
2019-04-28 14:10:20.314 T:3466404656 DEBUG: CurlFile::ParseAndCorrectUrl() adding custom header option 'connection: keep-alive'
2019-04-28 14:10:20.315 T:3466404656 DEBUG: CurlFile::Open(0xe5b4ecc0) http://195.8.12.225/?o=AQHsvJl_EOvSE5TTC4bNd__NFO-JEPWYqP98RAVmbt7CBOuYT5VYlLBEmZEOHrgBOyDrYOjO2iHNfpl_cP3gfV8kUOWFG-leEB80dn1b5uAz5vGFWq7Dy_c_ownq5FLF3YlnoMk1n1K7yKkMhNbEvXmPpd0xgv8g8x69ntP3pds0gHtSovUnbSx-hcm2MHyZCVQLaNviCAjXnsu3in0&v=3&e=1556500176&t=SdFHa60Oat9NM19HrSW2B81Yrik
2019-04-28 14:10:20.316 T:3517969200 DEBUG: AddOnLog: InputStream Adaptive: Download http://195.8.12.225/?o=AQHsvJl_EOvSE5TTC4bMd_jEHeSPEPWYqOh8RAVmbt7CBOuYT5VYlLBEmZEOHrgBOyDrYOjO2iHNfpl_cP3gfV8kUOWFG-leEB80dn1b5uAz5vGFWq7Dy_c_ownq5FLF3YlnoMExiAug9_IOqu7r923d64Q4l_0p8QG4lpahucIynSgXubBiaTx6l968bmXFGF43MryiAkvD1dD5j3u_hQ&v=3&e=1556500176&t=XBn9CDz3os3jL_GEmnZeF6gNB3c finished, avg speed: 7434060.89byte/s, current speed: 8656447.00byte/s
2019-04-28 14:10:20.323 T:3466404656 DEBUG: AddOnLog: InputStream Adaptive: Download http://195.8.12.225/?o=AQHsvJl_EOvSE5TTC4bNd__NFO-JEPWYqP98RAVmbt7CBOuYT5VYlLBEmZEOHrgBOyDrYOjO2iHNfpl_cP3gfV8kUOWFG-leEB80dn1b5uAz5vGFWq7Dy_c_ownq5FLF3YlnoMk1n1K7yKkMhNbEvXmPpd0xgv8g8x69ntP3pds0gHtSovUnbSx-hcm2MHyZCVQLaNviCAjXnsu3in0&v=3&e=1556500176&t=SdFHa60Oat9NM19HrSW2B81Yrik finished, avg speed: 7341963.87byte/s, current speed: 3573857.00byte/s
2019-04-28 14:10:20.323 T:3458011952 ERROR: ffmpeg[CE1D1330]: [aac] channel element 3.4 is not allocated
2019-04-28 14:10:20.324 T:3552891696 DEBUG: CVideoPlayer::ProcessVideoData size:72729 dts:34.034 pts:34.076 dur:41.708ms, clock:25.391 level:106
2019-04-28 14:10:20.353 T:3474797360 DEBUG: CVideoPlayerVideo::OutputPicture - ttd:394ms pts:25.776 Clock:25.382 Level:6 elapsed:38.178ms
2019-04-28 14:10:20.354 T:3458011952 ERROR: ffmpeg[CE1D1330]: [aac] channel element 3.4 is not allocated
2019-04-28 14:10:20.355 T:3552891696 ERROR: Previous line repeats 1 times.
2019-04-28 14:10:20.355 T:3552891696 DEBUG: CVideoPlayer::ProcessVideoData size:17604 dts:34.076 pts:34.201 dur:41.708ms, clock:25.422 level:107
2019-04-28 14:10:20.394 T:3474797360 DEBUG: CVideoPlayerVideo::OutputPicture - ttd:395ms pts:25.817 Clock:25.422 Level:6 elapsed:38.986ms
2019-04-28 14:10:20.396 T:3458011952 ERROR: ffmpeg[CE1D1330]: [aac] channel element 3.8 is not allocated
2019-04-28 14:10:20.396 T:3552891696 DEBUG: CVideoPlayer::ProcessVideoData size:450 dts:34.117 pts:34.117 dur:41.708ms, clock:25.463 level:106
2019-04-28 14:10:20.436 T:3474797360 DEBUG: CVideoPlayerVideo::OutputPicture - ttd:395ms pts:25.859 Clock:25.464 Level:6 elapsed:39.418ms
2019-04-28 14:10:20.447 T:3458011952 ERROR: ffmpeg[CE1D1330]: [aac] Prediction is not allowed in AAC-LC.
2019-04-28 14:10:20.447 T:3552891696 DEBUG: CVideoPlayer::ProcessVideoData size:428 dts:34.159 pts:34.159 dur:41.708ms, clock:25.514 level:106
2019-04-28 14:10:20.478 T:3474797360 DEBUG: CVideoPlayerVideo::OutputPicture - ttd:393ms pts:25.901 Clock:25.507 Level:6 elapsed:37.382ms
2019-04-28 14:10:20.488 T:3458011952 ERROR: ffmpeg[CE1D1330]: [aac] Reserved bit set.
2019-04-28 14:10:20.488 T:3552891696 DEBUG: CVideoPlayer::ProcessVideoData size:14864 dts:34.201 pts:34.326 dur:41.708ms, clock:25.555 level:107
2019-04-28 14:10:20.488 T:3458011952 ERROR: ffmpeg[CE1D1330]: [aac] Number of bands (5) exceeds limit (1).
2019-04-28 14:10:20.520 T:3474797360 DEBUG: CVideoPlayerVideo::OutputPicture - ttd:394ms pts:25.943 Clock:25.548 Level:6 elapsed:38.551ms
2019-04-28 14:10:20.529 T:3552891696 DEBUG: CVideoPlayer::ProcessVideoData size:493 dts:34.243 pts:34.243 dur:41.708ms, clock:25.596 level:106
2019-04-28 14:10:20.529 T:3458011952 ERROR: ffmpeg[CE1D1330]: [aac] Reserved bit set.
2019-04-28 14:10:20.529 T:3458011952 ERROR: ffmpeg[CE1D1330]: [aac] Number of scalefactor bands in group (61) exceeds limit (47).
2019-04-28 14:10:20.562 T:3474797360 DEBUG: CVideoPlayerVideo::OutputPicture - ttd:394ms pts:25.984 Clock:25.590 Level:6 elapsed:38.535ms
2019-04-28 14:10:20.570 T:3458011952 ERROR: ffmpeg[CE1D1330]: [aac] Prediction is not allowed in AAC-LC.
2019-04-28 14:10:20.570 T:3552891696 DEBUG: CVideoPlayer::ProcessVideoData size:450 dts:34.284 pts:34.284 dur:41.708ms, clock:25.637 level:106
2019-04-28 14:10:20.603 T:3474797360 DEBUG: CVideoPlayerVideo::OutputPicture - ttd:392ms pts:26.026 Clock:25.634 Level:6 elapsed:36.591ms
2019-04-28 14:10:20.611 T:3458011952 DEBUG: ffmpeg[CE1D1330]: [aac] Sample rate index in program config element does not match the sample rate index configured by the container.
2019-04-28 14:10:20.611 T:3458011952 ERROR: ffmpeg[CE1D1330]: [aac] Inconsistent channel configuration.
2019-04-28 14:10:20.611 T:3552891696 DEBUG: CVideoPlayer::ProcessVideoData size:15488 dts:34.326 pts:34.451 dur:41.708ms, clock:25.678 level:107
2019-04-28 14:10:20.611 T:3458011952 ERROR: ffmpeg[CE1D1330]: [aac] get_buffer() failed
2019-04-28 14:10:20.645 T:3474797360 DEBUG: CVideoPlayerVideo::OutputPicture - ttd:394ms pts:26.068 Clock:25.673 Level:6 elapsed:38.880ms
2019-04-28 14:10:20.652 T:3458011952 ERROR: ffmpeg[CE1D1330]: [aac] channel element 3.13 is not allocated
2019-04-28 14:10:20.652 T:3552891696 DEBUG: CVideoPlayer::ProcessVideoData size:542 dts:34.368 pts:34.368 dur:41.708ms, clock:25.719 level:106
2019-04-28 14:10:20.687 T:3474797360 DEBUG: CVideoPlayerVideo::OutputPicture - ttd:395ms pts:26.109 Clock:25.714 Level:6 elapsed:39.639ms
2019-04-28 14:10:20.693 T:3458011952 ERROR: ffmpeg[CE1D1330]: [aac] SBR was found before the first channel element.
2019-04-28 14:10:20.693 T:3552891696 DEBUG: CVideoPlayer::ProcessVideoData size:566 dts:34.409 pts:34.409 dur:41.708ms, clock:25.760 level:106
2019-04-28 14:10:20.693 T:3458011952 ERROR: ffmpeg[CE1D1330]: [aac] invalid band type
2019-04-28 14:10:20.728 T:3474797360 DEBUG: CVideoPlayerVideo::OutputPicture - ttd:393ms pts:26.151 Clock:25.758 Level:6 elapsed:37.043ms
2019-04-28 14:10:20.734 T:3458011952 ERROR: ffmpeg[CE1D1330]: [aac] channel element 2.2 is not allocated
2019-04-28 14:10:20.734 T:3552891696 DEBUG: CVideoPlayer::ProcessVideoData size:15710 dts:34.451 pts:34.576 dur:41.708ms, clock:25.801 level:107
2019-04-28 14:10:20.770 T:3474797360 DEBUG: CVideoPlayerVideo::OutputPicture - ttd:395ms pts:26.193 Clock:25.798 Level:6 elapsed:39.490ms
2019-04-28 14:10:20.775 T:3458011952 ERROR: ffmpeg[CE1D1330]: [aac] Reserved bit set.
2019-04-28 14:10:20.775 T:3552891696 DEBUG: CVideoPlayer::ProcessVideoData size:555 dts:34.493 pts:34.493 dur:41.708ms, clock:25.842 level:106
2019-04-28 14:10:20.775 T:3458011952 ERROR: ffmpeg[CE1D1330]: [aac] Number of bands (31) exceeds limit (30).
2019-04-28 14:10:20.811 T:3474797360 DEBUG: CVideoPlayerVideo::OutputPicture - ttd:392ms pts:26.235 Clock:25.842 Level:6 elapsed:36.939ms
2019-04-28 14:10:20.816 T:3458011952 ERROR: ffmpeg[CE1D1330]: [aac] channel element 3.11 is not allocated
2019-04-28 14:10:20.816 T:3552891696 DEBUG: CVideoPlayer::ProcessVideoData size:516 dts:34.535 pts:34.535 dur:41.708ms, clock:25.883 level:107
2019-04-28 14:10:20.854 T:3474797360 DEBUG: CVideoPlayerVideo::OutputPicture - ttd:393ms pts:26.276 Clock:25.883 Level:6 elapsed:37.649ms
2019-04-28 14:10:20.857 T:3458011952 ERROR: ffmpeg[CE1D1330]: [aac] channel element 2.10 is not allocated
2019-04-28 14:10:20.857 T:3552891696 DEBUG: CVideoPlayer::ProcessVideoData size:13431 dts:34.576 pts:34.701 dur:41.708ms, clock:25.924 level:106
2019-04-28 14:10:20.895 T:3474797360 DEBUG: CVideoPlayerVideo::OutputPicture - ttd:394ms pts:26.318 Clock:25.923 Level:6 elapsed:39.175ms
2019-04-28 14:10:20.898 T:3458011952 ERROR: ffmpeg[CE1D1330]: [aac] Reserved bit set.
2019-04-28 14:10:20.898 T:3552891696 DEBUG: CVideoPlayer::ProcessVideoData size:546 dts:34.618 pts:34.618 dur:41.708ms, clock:25.965 level:106
2019-04-28 14:10:20.898 T:3458011952 ERROR: ffmpeg[CE1D1330]: [aac] ms_present = 3 is reserved.
2019-04-28 14:10:20.937 T:3474797360 DEBUG: CVideoPlayerVideo::OutputPicture - ttd:393ms pts:26.360 Clock:25.966 Level:6 elapsed:37.501ms
2019-04-28 14:10:20.939 T:3458011952 ERROR: ffmpeg[CE1D1330]: [aac] channel element 3.0 is not allocated
2019-04-28 14:10:20.939 T:3552891696 DEBUG: CVideoPlayer::ProcessVideoData size:548 dts:34.660 pts:34.660 dur:41.708ms, clock:26.006 level:107
2019-04-28 14:10:20.968 T:3785339696 DEBUG: [plugin.video.netflix (0)] Executing JSON-RPC: {"params": {"playerid": 1, "properties": ["audiostreams", "currentaudiostream", "subtitles", "currentsubtitle", "subtitleenabled", "percentage", "time"]}, "jsonrpc": "2.0", "method": "Player.GetProperties", "id": 1}
2019-04-28 14:10:20.971 T:3785339696 DEBUG: [plugin.video.netflix (0)] Notifying all managers of on_tick (data={u'currentaudiostream': {u'index': 0, u'name': u'AAC ', u'language': u'eng', u'channels': 2, u'codec': u'aac', u'bitrate': 98304}, u'elapsed_seconds': 25, u'time': {u'hours': 0, u'seconds': 25, u'minutes': 0, u'milliseconds': 810}, u'subtitleenabled': True, u'percentage': 0.50243330001831055, u'currentsubtitle': {u'index': 0, u'name': u'', u'language': u'eng'}, u'audiostreams': [{u'index': 0, u'name': u'AAC ', u'language': u'eng', u'channels': 2, u'codec': u'aac', u'bitrate': 98304}, {u'index': 1, u'name': u'AAC ', u'language': u'spa', u'channels': 2, u'codec': u'aac', u'bitrate': 98304}, {u'index': 2, u'name': u'AAC ', u'language': u'fre', u'channels': 2, u'codec': u'aac', u'bitrate': 98304}, {u'index': 3, u'name': u'AAC ', u'language': u'por', u'channels': 2, u'codec': u'aac', u'bitrate': 98304}], u'subtitles': [{u'index': 0, u'name': u'', u'language': u'eng'}, {u'index': 1, u'name': u'', u'language': u'spa'}, {u'index': 2, u'name': u'', u'language': u'spa'}, {u'index': 3, u'name': u'', u'language': u'fre'}, {u'index': 4, u'name': u'', u'language': u'fre'}, {u'index': 5, u'name': u'', u'language': u'por'}]})
2019-04-28 14:10:20.978 T:3474797360 DEBUG: CVideoPlayerVideo::OutputPicture - ttd:394ms pts:26.401 Clock:26.006 Level:6 elapsed:38.929ms
2019-04-28 14:10:20.980 T:3458011952 ERROR: ffmpeg[CE1D1330]: [aac] channel element 3.1 is not allocated
2019-04-28 14:10:20.980 T:3552891696 DEBUG: CVideoPlayer::ProcessVideoData size:11688 dts:34.701 pts:34.826 dur:41.708ms, clock:26.047 level:106
2019-04-28 14:10:21.020 T:3474797360 DEBUG: CVideoPlayerVideo::OutputPicture - ttd:394ms pts:26.443 Clock:26.048 Level:6 elapsed:39.422ms
2019-04-28 14:10:21.031 T:3458011952 ERROR: ffmpeg[CE1D1330]: [aac] Reserved bit set.
2019-04-28 14:10:21.031 T:3552891696 DEBUG: CVideoPlayer::ProcessVideoData size:637 dts:34.743 pts:34.743 dur:41.708ms, clock:26.098 level:106
2019-04-28 14:10:21.031 T:3458011952 ERROR: ffmpeg[CE1D1330]: [aac] Prediction is not allowed in AAC-LC.
2019-04-28 14:10:21.062 T:3474797360 DEBUG: CVideoPlayerVideo::OutputPicture - ttd:393ms pts:26.485 Clock:26.092 Level:6 elapsed:37.583ms
2019-04-28 14:10:21.072 T:3458011952 ERROR: ffmpeg[CE1D1330]: [aac] Reserved bit set.
2019-04-28 14:10:21.072 T:3458011952 ERROR: ffmpeg[CE1D1330]: [aac] Number of scalefactor bands in group (61) exceeds limit (47).
2019-04-28 14:10:21.072 T:3552891696 DEBUG: CVideoPlayer::ProcessVideoData size:513 dts:34.785 pts:34.785 dur:41.708ms, clock:26.139 level:107
2019-04-28 14:10:21.103 T:3474797360 DEBUG: CVideoPlayerVideo::OutputPicture - ttd:393ms pts:26.526 Clock:26.133 Level:6 elapsed:37.742ms
2019-04-28 14:10:21.113 T:3458011952 DEBUG: ffmpeg[CE1D1330]: [aac] Sample rate index in program config element does not match the sample rate index configured by the container.
2019-04-28 14:10:21.113 T:3552891696 DEBUG: CVideoPlayer::ProcessVideoData size:11548 dts:34.826 pts:34.952 dur:41.708ms, clock:26.180 level:106
2019-04-28 14:10:21.113 T:3458011952 ERROR: ffmpeg[CE1D1330]: [aac] Inconsistent channel configuration.
2019-04-28 14:10:21.113 T:3458011952 ERROR: ffmpeg[CE1D1330]: [aac] get_buffer() failed
2019-04-28 14:10:21.145 T:3474797360 DEBUG: CVideoPlayerVideo::OutputPicture - ttd:394ms pts:26.568 Clock:26.174 Level:6 elapsed:38.508ms
2019-04-28 14:10:21.154 T:3552891696 DEBUG: CVideoPlayer::ProcessVideoData size:586 dts:34.868 pts:34.868 dur:41.708ms, clock:26.221 level:107
2019-04-28 14:10:21.154 T:3458011952 ERROR: ffmpeg[CE1D1330]: [aac] Number of bands (9) exceeds limit (3).
2019-04-28 14:10:21.178 T:3576222512 DEBUG: CWebServer[8080]: request received for /jsonrpc
2019-04-28 14:10:21.187 T:3474797360 DEBUG: Previous line repeats 1 times.
2019-04-28 14:10:21.187 T:3474797360 DEBUG: CVideoPlayerVideo::OutputPicture - ttd:395ms pts:26.610 Clock:26.214 Level:6 elapsed:39.855ms
2019-04-28 14:10:21.188 T:3576222512 DEBUG: CWebServer[8080]: request received for /jsonrpc
2019-04-28 14:10:21.195 T:3458011952 DEBUG: Previous line repeats 1 times.
2019-04-28 14:10:21.195 T:3458011952 DEBUG: ffmpeg[CE1D1330]: [aac] Sample rate index in program config element does not match the sample rate index configured by the container.
2019-04-28 14:10:21.195 T:3552891696 DEBUG: CVideoPlayer::ProcessVideoData size:628 dts:34.910 pts:34.910 dur:41.708ms, clock:26.262 level:106
2019-04-28 14:10:21.195 T:3458011952 ERROR: ffmpeg[CE1D1330]: [aac] Inconsistent channel configuration.
2019-04-28 14:10:21.195 T:3458011952 ERROR: ffmpeg[CE1D1330]: [aac] get_buffer() failed
2019-04-28 14:10:21.229 T:3474797360 DEBUG: CVideoPlayerVideo::OutputPicture - ttd:393ms pts:26.652 Clock:26.258 Level:6 elapsed:38.291ms
2019-04-28 14:10:21.236 T:3458011952 ERROR: ffmpeg[CE1D1330]: [aac] Prediction is not allowed in AAC-LC.
2019-04-28 14:10:21.236 T:3552891696 DEBUG: CVideoPlayer::ProcessVideoData size:14305 dts:34.952 pts:35.035 dur:41.708ms, clock:26.303 level:106
2019-04-28 14:10:21.271 T:3474797360 DEBUG: CVideoPlayerVideo::OutputPicture - ttd:392ms pts:26.693 Clock:26.301 Level:6 elapsed:37.371ms
2019-04-28 14:10:21.277 T:3458011952 ERROR: ffmpeg[CE1D1330]: [aac] Prediction is not allowed in AAC-LC.
2019-04-28 14:10:21.277 T:3552891696 DEBUG: CVideoPlayer::ProcessVideoData size:507 dts:34.993 pts:34.993 dur:41.708ms, clock:26.344 level:107
2019-04-28 14:10:21.312 T:3474797360 DEBUG: CVideoPlayerVideo::OutputPicture - ttd:394ms pts:26.735 Clock:26.340 Level:6 elapsed:38.645ms
2019-04-28 14:10:21.318 T:3458011952 ERROR: ffmpeg[CE1D1330]: [aac] Prediction is not allowed in AAC-LC.
2019-04-28 14:10:21.318 T:3552891696 DEBUG: CVideoPlayer::ProcessVideoData size:12027 dts:35.035 pts:35.160 dur:41.708ms, clock:26.385 level:106
2019-04-28 14:10:21.354 T:3474797360 DEBUG: CVideoPlayerVideo::OutputPicture - ttd:395ms pts:26.777 Clock:26.381 Level:6 elapsed:39.936ms
2019-04-28 14:10:21.359 T:3458011952 ERROR: ffmpeg[CE1D1330]: [aac] channel element 2.9 is not allocated
2019-04-28 14:10:21.359 T:3552891696 DEBUG: CVideoPlayer::ProcessVideoData size:636 dts:35.077 pts:35.077 dur:41.708ms, clock:26.426 level:106
2019-04-28 14:10:21.396 T:3474797360 DEBUG: CVideoPlayerVideo::OutputPicture - ttd:393ms pts:26.818 Clock:26.425 Level:6 elapsed:38.052ms
2019-04-28 14:10:21.400 T:3458011952 ERROR: ffmpeg[CE1D1330]: [aac] Inconsistent channel configuration.
2019-04-28 14:10:21.400 T:3458011952 ERROR: ffmpeg[CE1D1330]: [aac] get_buffer() failed
2019-04-28 14:10:21.400 T:3552891696 DEBUG: CVideoPlayer::ProcessVideoData size:630 dts:35.118 pts:35.118 dur:41.708ms, clock:26.467 level:107
2019-04-28 14:10:21.437 T:3474797360 DEBUG: CVideoPlayerVideo::OutputPicture - ttd:394ms pts:26.860 Clock:26.466 Level:6 elapsed:38.511ms
2019-04-28 14:10:21.441 T:3458011952 ERROR: ffmpeg[CE1D1330]: [aac] Prediction is not allowed in AAC-LC.
2019-04-28 14:10:21.441 T:3552891696 DEBUG: CVideoPlayer::ProcessVideoData size:12944 dts:35.160 pts:35.285 dur:41.708ms, clock:26.508 level:106
2019-04-28 14:10:21.479 T:3474797360 DEBUG: CVideoPlayerVideo::OutputPicture - ttd:394ms pts:26.902 Clock:26.508 Level:6 elapsed:38.712ms
2019-04-28 14:10:21.482 T:3458011952 ERROR: ffmpeg[CE1D1330]: [aac] channel element 3.13 is not allocated
2019-04-28 14:10:21.482 T:3552891696 DEBUG: CVideoPlayer::ProcessVideoData size:664 dts:35.202 pts:35.202 dur:41.708ms, clock:26.549 level:107
2019-04-28 14:10:21.520 T:3474797360 DEBUG: CVideoPlayerVideo::OutputPicture - ttd:393ms pts:26.944 Clock:26.550 Level:6 elapsed:37.803ms
2019-04-28 14:10:21.523 T:3458011952 ERROR: ffmpeg[CE1D1330]: [aac] channel element 2.14 is not allocated
2019-04-28 14:10:21.523 T:3552891696 DEBUG: CVideoPlayer::ProcessVideoData size:669 dts:35.244 pts:35.244 dur:41.708ms, clock:26.590 level:106
2019-04-28 14:10:21.562 T:3474797360 DEBUG: CVideoPlayerVideo::OutputPicture - ttd:395ms pts:26.985 Clock:26.590 Level:6 elapsed:39.597ms
2019-04-28 14:10:21.564 T:3552891696 DEBUG: CVideoPlayer::ProcessVideoData size:16524 dts:35.285 pts:35.410 dur:41.708ms, clock:26.631 level:106
2019-04-28 14:10:21.604 T:3474797360 DEBUG: CVideoPlayerVideo::OutputPicture - ttd:394ms pts:27.027 Clock:26.633 Level:6 elapsed:38.545ms
2019-04-28 14:10:21.615 T:3458011952 DEBUG: ffmpeg[CE1D1330]: [aac] Sample rate index in program config element does not match the sample rate index configured by the container.
2019-04-28 14:10:21.615 T:3552891696 DEBUG: CVideoPlayer::ProcessVideoData size:724 dts:35.327 pts:35.327 dur:41.708ms, clock:26.682 level:107
2019-04-28 14:10:21.615 T:3458011952 ERROR: ffmpeg[CE1D1330]: [aac] Inconsistent channel configuration.
2019-04-28 14:10:21.615 T:3458011952 ERROR: ffmpeg[CE1D1330]: [aac] get_buffer() failed
2019-04-28 14:10:21.645 T:3474797360 DEBUG: CVideoPlayerVideo::OutputPicture - ttd:395ms pts:27.069 Clock:26.674 Level:6 elapsed:39.062ms
2019-04-28 14:10:21.656 T:3458011952 ERROR: ffmpeg[CE1D1330]: [aac] Prediction is not allowed in AAC-LC.
2019-04-28 14:10:21.656 T:3552891696 DEBUG: CVideoPlayer::ProcessVideoData size:699 dts:35.369 pts:35.369 dur:41.708ms, clock:26.723 level:106
2019-04-28 14:10:21.688 T:3474797360 DEBUG: CVideoPlayerVideo::OutputPicture - ttd:395ms pts:27.110 Clock:26.715 Level:6 elapsed:40.107ms
2019-04-28 14:10:21.697 T:3552891696 DEBUG: CVideoPlayer::ProcessVideoData size:14680 dts:35.410 pts:35.535 dur:41.708ms, clock:26.764 level:106
2019-04-28 14:10:21.697 T:3458011952 ERROR: ffmpeg[CE1D1330]: [aac] channel element 3.12 is not allocated
2019-04-28 14:10:21.729 T:3474797360 DEBUG: CVideoPlayerVideo::OutputPicture - ttd:394ms pts:27.152 Clock:26.758 Level:6 elapsed:38.456ms
2019-04-28 14:10:21.738 T:3458011952 ERROR: ffmpeg[CE1D1330]: [aac] Reserved bit set.
2019-04-28 14:10:21.738 T:3552891696 DEBUG: CVideoPlayer::ProcessVideoData size:821 dts:35.452 pts:35.452 dur:41.708ms, clock:26.805 level:107
2019-04-28 14:10:21.738 T:3458011952 ERROR: ffmpeg[CE1D1330]: [aac] invalid band type
2019-04-28 14:10:21.771 T:3474797360 DEBUG: CVideoPlayerVideo::OutputPicture - ttd:395ms pts:27.194 Clock:26.799 Level:6 elapsed:40.070ms
2019-04-28 14:10:21.779 T:3458011952 ERROR: ffmpeg[CE1D1330]: [aac] Number of bands (50) exceeds limit (42).
2019-04-28 14:10:21.779 T:3552891696 DEBUG: CVideoPlayer::ProcessVideoData size:836 dts:35.494 pts:35.494 dur:41.708ms, clock:26.846 level:106
2019-04-28 14:10:21.813 T:3474797360 DEBUG: CVideoPlayerVideo::OutputPicture - ttd:394ms pts:27.236 Clock:26.841 Level:6 elapsed:39.033ms
2019-04-28 14:10:21.820 T:3458011952 ERROR: ffmpeg[CE1D1330]: [aac] Inconsistent channel configuration.
2019-04-28 14:10:21.820 T:3458011952 ERROR: ffmpeg[CE1D1330]: [aac] get_buffer() failed
2019-04-28 14:10:21.820 T:3552891696 DEBUG: CVideoPlayer::ProcessVideoData size:14473 dts:35.535 pts:35.661 dur:41.708ms, clock:26.887 level:106
2019-04-28 14:10:21.854 T:3474797360 DEBUG: CVideoPlayerVideo::OutputPicture - ttd:390ms pts:27.277 Clock:26.886 Level:6 elapsed:35.191ms
2019-04-28 14:10:21.861 T:3458011952 ERROR: ffmpeg[CE1D1330]: [aac] SBR was found before the first channel element.
2019-04-28 14:10:21.861 T:3552891696 DEBUG: CVideoPlayer::ProcessVideoData size:887 dts:35.577 pts:35.577 dur:41.708ms, clock:26.928 level:107
2019-04-28 14:10:21.861 T:3458011952 ERROR: ffmpeg[CE1D1330]: [aac] channel element 2.0 is not allocated
2019-04-28 14:10:21.896 T:3474797360 DEBUG: CVideoPlayerVideo::OutputPicture - ttd:394ms pts:27.319 Clock:26.924 Level:6 elapsed:39.292ms
2019-04-28 14:10:21.902 T:3458011952 DEBUG: ffmpeg[CE1D1330]: [aac] Sample rate index in program config element does not match the sample rate index configured by the container.
2019-04-28 14:10:21.902 T:3552891696 DEBUG: CVideoPlayer::ProcessVideoData size:879 dts:35.619 pts:35.619 dur:41.708ms, clock:26.969 level:106
2019-04-28 14:10:21.902 T:3458011952 ERROR: ffmpeg[CE1D1330]: [aac] Inconsistent channel configuration.
2019-04-28 14:10:21.902 T:3458011952 ERROR: ffmpeg[CE1D1330]: [aac] get_buffer() failed
2019-04-28 14:10:21.938 T:3474797360 DEBUG: CVideoPlayerVideo::OutputPicture - ttd:394ms pts:27.361 Clock:26.966 Level:6 elapsed:39.456ms
2019-04-28 14:10:21.943 T:3458011952 ERROR: ffmpeg[CE1D1330]: [aac] channel element 3.5 is not allocated
2019-04-28 14:10:21.943 T:3552891696 DEBUG: CVideoPlayer::ProcessVideoData size:15666 dts:35.661 pts:35.744 dur:41.708ms, clock:27.010 level:106
2019-04-28 14:10:21.972 T:3785339696 DEBUG: [plugin.video.netflix (0)] Executing JSON-RPC: {"params": {"playerid": 1, "properties": ["audiostreams", "currentaudiostream", "subtitles", "currentsubtitle", "subtitleenabled", "percentage", "time"]}, "jsonrpc": "2.0", "method": "Player.GetProperties", "id": 1}
2019-04-28 14:10:21.975 T:3785339696 DEBUG: [plugin.video.netflix (0)] Notifying all managers of on_tick (data={u'currentaudiostream': {u'index': 0, u'name': u'AAC ', u'language': u'eng', u'channels': 2, u'codec': u'aac', u'bitrate': 98304}, u'elapsed_seconds': 26, u'time': {u'hours': 0, u'seconds': 26, u'minutes': 0, u'milliseconds': 834}, u'subtitleenabled': True, u'percentage': 0.52236711978912354, u'currentsubtitle': {u'index': 0, u'name': u'', u'language': u'eng'}, u'audiostreams': [{u'index': 0, u'name': u'AAC ', u'language': u'eng', u'channels': 2, u'codec': u'aac', u'bitrate': 98304}, {u'index': 1, u'name': u'AAC ', u'language': u'spa', u'channels': 2, u'codec': u'aac', u'bitrate': 98304}, {u'index': 2, u'name': u'AAC ', u'language': u'fre', u'channels': 2, u'codec': u'aac', u'bitrate': 98304}, {u'index': 3, u'name': u'AAC ', u'language': u'por', u'channels': 2, u'codec': u'aac', u'bitrate': 98304}], u'subtitles': [{u'index': 0, u'name': u'', u'language': u'eng'}, {u'index': 1, u'name': u'', u'language': u'spa'}, {u'index': 2, u'name': u'', u'language': u'spa'}, {u'index': 3, u'name': u'', u'language': u'fre'}, {u'index': 4, u'name': u'', u'language': u'fre'}, {u'index': 5, u'name': u'', u'language': u'por'}]})
2019-04-28 14:10:21.979 T:3474797360 DEBUG: CVideoPlayerVideo::OutputPicture - ttd:390ms pts:27.402 Clock:27.012 Level:6 elapsed:34.848ms
2019-04-28 14:10:21.984 T:3458011952 ERROR: ffmpeg[CE1D1330]: [aac] channel element 3.11 is not allocated
2019-04-28 14:10:21.984 T:3552891696 DEBUG: CVideoPlayer::ProcessVideoData size:919 dts:35.702 pts:35.702 dur:41.708ms, clock:27.051 level:107
2019-04-28 14:10:22.021 T:3474797360 DEBUG: CVideoPlayerVideo::OutputPicture - ttd:395ms pts:27.444 Clock:27.049 Level:6 elapsed:39.584ms
2019-04-28 14:10:22.025 T:3458011952 ERROR: ffmpeg[CE1D1330]: [aac] channel element 3.0 is not allocated
2019-04-28 14:10:22.025 T:3552891696 DEBUG: CVideoPlayer::ProcessVideoData size:15537 dts:35.744 pts:35.869 dur:41.708ms, clock:27.092 level:106
2019-04-28 14:10:22.063 T:3474797360 DEBUG: CVideoPlayerVideo::OutputPicture - ttd:394ms pts:27.486 Clock:27.091 Level:6 elapsed:38.838ms
2019-04-28 14:10:22.066 T:3458011952 ERROR: ffmpeg[CE1D1330]: [aac] Reserved bit set.
2019-04-28 14:10:22.066 T:3552891696 DEBUG: CVideoPlayer::ProcessVideoData size:1131 dts:35.786 pts:35.786 dur:41.708ms, clock:27.133 level:107
2019-04-28 14:10:22.066 T:3458011952 ERROR: ffmpeg[CE1D1330]: [aac] Prediction is not allowed in AAC-LC.
2019-04-28 14:10:22.105 T:3474797360 DEBUG: CVideoPlayerVideo::OutputPicture - ttd:395ms pts:27.527 Clock:27.132 Level:6 elapsed:39.674ms
2019-04-28 14:10:22.107 T:3458011952 DEBUG: ffmpeg[CE1D1330]: [aac] Sample rate index in program config element does not match the sample rate index configured by the container.
2019-04-28 14:10:22.107 T:3458011952 ERROR: ffmpeg[CE1D1330]: [aac] Inconsistent channel configuration.
2019-04-28 14:10:22.107 T:3552891696 DEBUG: CVideoPlayer::ProcessVideoData size:1137 dts:35.827 pts:35.827 dur:41.708ms, clock:27.174 level:106
2019-04-28 14:10:22.107 T:3458011952 ERROR: ffmpeg[CE1D1330]: [aac] get_buffer() failed
