2019-04-28 14:10:11.552 T:3474797360 DEBUG: CVideoPlayerVideo::OutputPicture - ttd:394ms pts:16.975 Clock:16.581 Level:6 elapsed:38.634ms
2019-04-28 14:10:11.555 T:3552891696 DEBUG: CVideoPlayer::ProcessVideoData size:16398 dts:25.275 pts:25.400 dur:41.708ms, clock:16.622 level:106
2019-04-28 14:10:11.557 T:3458011952 DEBUG: ffmpeg[CE1D1330]: [aac] Sample rate index in program config element does not match the sample rate index configured by the container.
2019-04-28 14:10:11.557 T:3458011952 ERROR: ffmpeg[CE1D1330]: [aac] Inconsistent channel configuration.
2019-04-28 14:10:11.557 T:3458011952 ERROR: ffmpeg[CE1D1330]: [aac] get_buffer() failed
2019-04-28 14:10:11.594 T:3474797360 DEBUG: CVideoPlayerVideo::OutputPicture - ttd:393ms pts:17.017 Clock:16.624 Level:6 elapsed:37.737ms
2019-04-28 14:10:11.606 T:3552891696 DEBUG: CVideoPlayer::ProcessVideoData size:3270 dts:25.317 pts:25.317 dur:41.708ms, clock:16.673 level:107
2019-04-28 14:10:11.608 T:3458011952 DEBUG: ffmpeg[CE1D1330]: [aac] Sample rate index in program config element does not match the sample rate index configured by the container.
2019-04-28 14:10:11.608 T:3458011952 ERROR: ffmpeg[CE1D1330]: [aac] Inconsistent channel configuration.
2019-04-28 14:10:11.608 T:3458011952 ERROR: ffmpeg[CE1D1330]: [aac] get_buffer() failed
2019-04-28 14:10:11.636 T:3474797360 DEBUG: CVideoPlayerVideo::OutputPicture - ttd:394ms pts:17.059 Clock:16.664 Level:6 elapsed:38.946ms
2019-04-28 14:10:11.647 T:3552891696 DEBUG: CVideoPlayer::ProcessVideoData size:3738 dts:25.359 pts:25.359 dur:41.708ms, clock:16.714 level:106
2019-04-28 14:10:11.648 T:3458011952 ERROR: ffmpeg[CE1D1330]: [aac] channel element 3.14 is not allocated
2019-04-28 14:10:11.676 T:3576222512 DEBUG: CWebServer[8080]: request received for /jsonrpc
2019-04-28 14:10:11.677 T:3474797360 DEBUG: CVideoPlayerVideo::OutputPicture - ttd:395ms pts:17.100 Clock:16.705 Level:6 elapsed:39.217ms
2019-04-28 14:10:11.680 T:3576222512 DEBUG: CWebServer[8080]: request received for /jsonrpc
2019-04-28 14:10:11.688 T:3552891696 DEBUG: Previous line repeats 1 times.
2019-04-28 14:10:11.688 T:3552891696 DEBUG: CVideoPlayer::ProcessVideoData size:16198 dts:25.400 pts:25.484 dur:41.708ms, clock:16.755 level:106
2019-04-28 14:10:11.689 T:3458011952 ERROR: ffmpeg[CE1D1330]: [aac] channel element 3.3 is not allocated
2019-04-28 14:10:11.689 T:3576222512 DEBUG: CWebServer[8080]: request received for /jsonrpc
2019-04-28 14:10:11.719 T:3474797360 DEBUG: CVideoPlayerVideo::OutputPicture - ttd:394ms pts:17.142 Clock:16.747 Level:6 elapsed:38.862ms
2019-04-28 14:10:11.729 T:3552891696 DEBUG: CVideoPlayer::ProcessVideoData size:2889 dts:25.442 pts:25.442 dur:41.708ms, clock:16.796 level:107
2019-04-28 14:10:11.729 T:3458011952 ERROR: ffmpeg[CE1D1330]: [aac] channel element 2.8 is not allocated
2019-04-28 14:10:11.761 T:3474797360 DEBUG: CVideoPlayerVideo::OutputPicture - ttd:394ms pts:17.184 Clock:16.790 Level:6 elapsed:38.669ms
2019-04-28 14:10:11.770 T:3458011952 ERROR: ffmpeg[CE1D1330]: [aac] Prediction is not allowed in AAC-LC.
2019-04-28 14:10:11.770 T:3552891696 DEBUG: CVideoPlayer::ProcessVideoData size:24749 dts:25.484 pts:25.567 dur:41.708ms, clock:16.837 level:106
2019-04-28 14:10:11.802 T:3474797360 DEBUG: CVideoPlayerVideo::OutputPicture - ttd:395ms pts:17.226 Clock:16.830 Level:6 elapsed:39.196ms
2019-04-28 14:10:11.811 T:3552891696 DEBUG: CVideoPlayer::ProcessVideoData size:2816 dts:25.526 pts:25.526 dur:41.708ms, clock:16.878 level:106
2019-04-28 14:10:11.821 T:3458011952 ERROR: ffmpeg[CE1D1330]: [aac] Number of scalefactor bands in group (60) exceeds limit (47).
2019-04-28 14:10:11.844 T:3474797360 DEBUG: CVideoPlayerVideo::OutputPicture - ttd:394ms pts:17.267 Clock:16.873 Level:6 elapsed:38.558ms
2019-04-28 14:10:11.852 T:3552891696 DEBUG: CVideoPlayer::ProcessVideoData size:22832 dts:25.567 pts:25.692 dur:41.708ms, clock:16.919 level:107
2019-04-28 14:10:11.861 T:3458011952 ERROR: ffmpeg[CE1D1330]: [aac] channel element 3.15 is not allocated
2019-04-28 14:10:11.886 T:3474797360 DEBUG: CVideoPlayerVideo::OutputPicture - ttd:394ms pts:17.309 Clock:16.914 Level:6 elapsed:39.106ms
2019-04-28 14:10:11.893 T:3552891696 DEBUG: CVideoPlayer::ProcessVideoData size:5588 dts:25.609 pts:25.609 dur:41.708ms, clock:16.960 level:106
2019-04-28 14:10:11.902 T:3458011952 ERROR: ffmpeg[CE1D1330]: [aac] channel element 3.1 is not allocated
2019-04-28 14:10:11.927 T:3474797360 DEBUG: CVideoPlayerVideo::OutputPicture - ttd:394ms pts:17.351 Clock:16.956 Level:6 elapsed:38.816ms
2019-04-28 14:10:11.934 T:3552891696 DEBUG: CVideoPlayer::ProcessVideoData size:5471 dts:25.651 pts:25.651 dur:41.708ms, clock:17.001 level:106
2019-04-28 14:10:11.935 T:3785339696 DEBUG: [plugin.video.netflix (0)] Executing JSON-RPC: {"params": {"playerid": 1, "properties": ["audiostreams", "currentaudiostream", "subtitles", "currentsubtitle", "subtitleenabled", "percentage", "time"]}, "jsonrpc": "2.0", "method": "Player.GetProperties", "id": 1}
2019-04-28 14:10:11.938 T:3785339696 DEBUG: [plugin.video.netflix (0)] Notifying all managers of on_tick (data={u'currentaudiostream': {u'index': 0, u'name': u'AAC ', u'language': u'eng', u'channels': 2, u'codec': u'aac', u'bitrate': 98304}, u'elapsed_seconds': 16, u'time': {u'hours': 0, u'seconds': 16, u'minutes': 0, u'milliseconds': 784}, u'subtitleenabled': True, u'percentage': 0.32672765851020813, u'currentsubtitle': {u'index': 0, u'name': u'', u'language': u'eng'}, u'audiostreams': [{u'index': 0, u'name': u'AAC ', u'language': u'eng', u'channels': 2, u'codec': u'aac', u'bitrate': 98304}, {u'index': 1, u'name': u'AAC ', u'language': u'spa', u'channels': 2, u'codec': u'aac', u'bitrate': 98304}, {u'index': 2, u'name': u'AAC ', u'language': u'fre', u'channels': 2, u'codec': u'aac', u'bitrate': 98304}, {u'index': 3, u'name': u'AAC ', u'language': u'por', u'channels': 2, u'codec': u'aac', u'bitrate': 98304}], u'subtitles': [{u'index': 0, u'name': u'', u'language': u'eng'}, {u'index': 1, u'name': u'', u'language': u'spa'}, {u'index': 2, u'name': u'', u'language': u'spa'}, {u'index': 3, u'name': u'', u'language': u'fre'}, {u'index': 4, u'name': u'', u'language': u'fre'}, {u'index': 5, u'name': u'', u'language': u'por'}]})
2019-04-28 14:10:11.943 T:3458011952 ERROR: ffmpeg[CE1D1330]: [aac] channel element 2.10 is not allocated
2019-04-28 14:10:11.969 T:3474797360 DEBUG: CVideoPlayerVideo::OutputPicture - ttd:387ms pts:17.392 Clock:17.005 Level:6 elapsed:31.902ms
2019-04-28 14:10:11.975 T:3552891696 DEBUG: CVideoPlayer::ProcessVideoData size:13915 dts:25.692 pts:25.817 dur:41.708ms, clock:17.042 level:107
2019-04-28 14:10:11.983 T:3458011952 ERROR: ffmpeg[CE1D1330]: [aac] Reserved bit set.
2019-04-28 14:10:11.983 T:3458011952 ERROR: ffmpeg[CE1D1330]: [aac] Number of scalefactor bands in group (58) exceeds limit (47).
2019-04-28 14:10:12.011 T:3474797360 DEBUG: CVideoPlayerVideo::OutputPicture - ttd:395ms pts:17.434 Clock:17.039 Level:6 elapsed:39.565ms
2019-04-28 14:10:12.016 T:3552891696 DEBUG: CVideoPlayer::ProcessVideoData size:224 dts:25.734 pts:25.734 dur:41.708ms, clock:17.083 level:106
2019-04-28 14:10:12.024 T:3458011952 ERROR: ffmpeg[CE1D1330]: [aac] channel element 2.6 is not allocated
2019-04-28 14:10:12.053 T:3474797360 DEBUG: CVideoPlayerVideo::OutputPicture - ttd:394ms pts:17.476 Clock:17.081 Level:6 elapsed:39.036ms
2019-04-28 14:10:12.057 T:3552891696 DEBUG: CVideoPlayer::ProcessVideoData size:373 dts:25.776 pts:25.776 dur:41.708ms, clock:17.124 level:106
2019-04-28 14:10:12.065 T:3458011952 ERROR: ffmpeg[CE1D1330]: [aac] channel element 2.7 is not allocated
2019-04-28 14:10:12.095 T:3474797360 DEBUG: CVideoPlayerVideo::OutputPicture - ttd:394ms pts:17.517 Clock:17.123 Level:6 elapsed:38.604ms
2019-04-28 14:10:12.098 T:3552891696 DEBUG: CVideoPlayer::ProcessVideoData size:17923 dts:25.817 pts:25.943 dur:41.708ms, clock:17.165 level:107
2019-04-28 14:10:12.105 T:3458011952 ERROR: ffmpeg[CE1D1330]: [aac] Reserved bit set.
2019-04-28 14:10:12.105 T:3458011952 ERROR: ffmpeg[CE1D1330]: [aac] Prediction is not allowed in AAC-LC.
2019-04-28 14:10:12.137 T:3474797360 DEBUG: CVideoPlayerVideo::OutputPicture - ttd:394ms pts:17.559 Clock:17.164 Level:6 elapsed:39.252ms
2019-04-28 14:10:12.139 T:3552891696 DEBUG: CVideoPlayer::ProcessVideoData size:2173 dts:25.859 pts:25.859 dur:41.708ms, clock:17.206 level:106
2019-04-28 14:10:12.146 T:3458011952 DEBUG: ffmpeg[CE1D1330]: [aac] Sample rate index in program config element does not match the sample rate index configured by the container.
2019-04-28 14:10:12.146 T:3458011952 ERROR: ffmpeg[CE1D1330]: [aac] Inconsistent channel configuration.
2019-04-28 14:10:12.146 T:3458011952 ERROR: ffmpeg[CE1D1330]: [aac] get_buffer() failed
2019-04-28 14:10:12.178 T:3474797360 DEBUG: CVideoPlayerVideo::OutputPicture - ttd:394ms pts:17.601 Clock:17.206 Level:6 elapsed:39.493ms
2019-04-28 14:10:12.180 T:3552891696 DEBUG: CVideoPlayer::ProcessVideoData size:2321 dts:25.901 pts:25.901 dur:41.708ms, clock:17.247 level:106
2019-04-28 14:10:12.187 T:3458011952 ERROR: ffmpeg[CE1D1330]: [aac] channel element 3.10 is not allocated
2019-04-28 14:10:12.220 T:3474797360 DEBUG: CVideoPlayerVideo::OutputPicture - ttd:393ms pts:17.643 Clock:17.249 Level:6 elapsed:38.119ms
2019-04-28 14:10:12.231 T:3552891696 DEBUG: CVideoPlayer::ProcessVideoData size:5369 dts:25.943 pts:26.026 dur:41.708ms, clock:17.298 level:107
2019-04-28 14:10:12.238 T:3458011952 ERROR: ffmpeg[CE1D1330]: [aac] Number of bands (39) exceeds limit (20).
2019-04-28 14:10:12.262 T:3474797360 DEBUG: CVideoPlayerVideo::OutputPicture - ttd:395ms pts:17.684 Clock:17.289 Level:6 elapsed:39.455ms
2019-04-28 14:10:12.274 T:3517969200 DEBUG: CurlFile::ParseAndCorrectUrl() adding custom header option 'Range: bytes=4168017-4370016'
2019-04-28 14:10:12.274 T:3517969200 DEBUG: CurlFile::ParseAndCorrectUrl() adding custom header option 'connection: keep-alive'
2019-04-28 14:10:12.274 T:3517969200 DEBUG: CurlFile::Open(0xe51990d0) http://195.8.12.225/?o=AQHsvJl_EOvSE5TTC4bMd_jEHeSPEPWYqOh8RAVmbt7CBOuYT5VYlLBEmZEOHrgBOyDrYOjO2iHNfpl_cP3gfV8kUOWFG-leEB80dn1b5uAz5vGFWq7Dy_c_ownq5FLF3YlnoMExiAug9_IOqu7r923d64Q4l_0p8QG4lpahucIynSgXubBiaTx6l968bmXFGF43MryiAkvD1dD5j3u_hQ&v=3&e=1556500176&t=XBn9CDz3os3jL_GEmnZeF6gNB3c
2019-04-28 14:10:12.278 T:3458011952 ERROR: ffmpeg[CE1D1330]: [aac] Number of scalefactor bands in group (63) exceeds limit (47).
2019-04-28 14:10:12.292 T:3552891696 DEBUG: CVideoPlayer::ProcessVideoData size:433 dts:25.984 pts:25.984 dur:41.708ms, clock:17.359 level:106
2019-04-28 14:10:12.300 T:3517969200 DEBUG: AddOnLog: InputStream Adaptive: Download http://195.8.12.225/?o=AQHsvJl_EOvSE5TTC4bMd_jEHeSPEPWYqOh8RAVmbt7CBOuYT5VYlLBEmZEOHrgBOyDrYOjO2iHNfpl_cP3gfV8kUOWFG-leEB80dn1b5uAz5vGFWq7Dy_c_ownq5FLF3YlnoMExiAug9_IOqu7r923d64Q4l_0p8QG4lpahucIynSgXubBiaTx6l968bmXFGF43MryiAkvD1dD5j3u_hQ&v=3&e=1556500176&t=XBn9CDz3os3jL_GEmnZeF6gNB3c finished, avg speed: 8023566.45byte/s, current speed: 8416666.00byte/s
2019-04-28 14:10:12.304 T:3474797360 DEBUG: CVideoPlayerVideo::OutputPicture - ttd:384ms pts:17.726 Clock:17.342 Level:6 elapsed:29.139ms
2019-04-28 14:10:12.313 T:3552891696 DEBUG: CVideoPlayer::ProcessVideoData size:80809 dts:26.026 pts:26.068 dur:41.708ms, clock:17.380 level:106
2019-04-28 14:10:12.345 T:3474797360 DEBUG: CVideoPlayerVideo::OutputPicture - ttd:394ms pts:17.768 Clock:17.374 Level:6 elapsed:38.510ms
2019-04-28 14:10:12.354 T:3466404656 DEBUG: CurlFile::ParseAndCorrectUrl() adding custom header option 'Range: bytes=437188-462113'
2019-04-28 14:10:12.354 T:3466404656 DEBUG: CurlFile::ParseAndCorrectUrl() adding custom header option 'connection: keep-alive'
2019-04-28 14:10:12.355 T:3466404656 DEBUG: CurlFile::Open(0xe5badb60) http://195.8.12.225/?o=AQHsvJl_EOvSE5TTC4bNd__NFO-JEPWYqP98RAVmbt7CBOuYT5VYlLBEmZEOHrgBOyDrYOjO2iHNfpl_cP3gfV8kUOWFG-leEB80dn1b5uAz5vGFWq7Dy_c_ownq5FLF3YlnoMk1n1K7yKkMhNbEvXmPpd0xgv8g8x69ntP3pds0gHtSovUnbSx-hcm2MHyZCVQLaNviCAjXnsu3in0&v=3&e=1556500176&t=SdFHa60Oat9NM19HrSW2B81Yrik
2019-04-28 14:10:12.364 T:3466404656 DEBUG: AddOnLog: InputStream Adaptive: Download http://195.8.12.225/?o=AQHsvJl_EOvSE5TTC4bNd__NFO-JEPWYqP98RAVmbt7CBOuYT5VYlLBEmZEOHrgBOyDrYOjO2iHNfpl_cP3gfV8kUOWFG-leEB80dn1b5uAz5vGFWq7Dy_c_ownq5FLF3YlnoMk1n1K7yKkMhNbEvXmPpd0xgv8g8x69ntP3pds0gHtSovUnbSx-hcm2MHyZCVQLaNviCAjXnsu3in0&v=3&e=1556500176&t=SdFHa60Oat9NM19HrSW2B81Yrik finished, avg speed: 7898671.84byte/s, current speed: 2769555.00byte/s
2019-04-28 14:10:12.365 T:3552891696 DEBUG: CVideoPlayer::ProcessVideoData size:2239 dts:26.068 pts:26.193 dur:41.708ms, clock:17.432 level:107
2019-04-28 14:10:12.369 T:3458011952 ERROR: ffmpeg[CE1D1330]: [aac] Reserved bit set.
2019-04-28 14:10:12.370 T:3458011952 ERROR: ffmpeg[CE1D1330]: [aac] Number of bands (10) exceeds limit (7).
2019-04-28 14:10:12.387 T:3474797360 DEBUG: CVideoPlayerVideo::OutputPicture - ttd:395ms pts:17.809 Clock:17.414 Level:6 elapsed:39.408ms
2019-04-28 14:10:12.396 T:3552891696 DEBUG: CVideoPlayer::ProcessVideoData size:610 dts:26.109 pts:26.109 dur:41.708ms, clock:17.463 level:106
2019-04-28 14:10:12.400 T:3458011952 ERROR: ffmpeg[CE1D1330]: [aac] Reserved bit set.
2019-04-28 14:10:12.400 T:3458011952 ERROR: ffmpeg[CE1D1330]: [aac] Number of bands (10) exceeds limit (7).
2019-04-28 14:10:12.401 T:3458011952 DEBUG: ffmpeg[CE1D1330]: [aac] Sample rate index in program config element does not match the sample rate index configured by the container.
2019-04-28 14:10:12.401 T:3458011952 ERROR: ffmpeg[CE1D1330]: [aac] Inconsistent channel configuration.
2019-04-28 14:10:12.401 T:3458011952 ERROR: ffmpeg[CE1D1330]: [aac] get_buffer() failed
2019-04-28 14:10:12.428 T:3474797360 DEBUG: CVideoPlayerVideo::OutputPicture - ttd:395ms pts:17.851 Clock:17.456 Level:6 elapsed:39.484ms
2019-04-28 14:10:12.437 T:3552891696 DEBUG: CVideoPlayer::ProcessVideoData size:742 dts:26.151 pts:26.151 dur:41.708ms, clock:17.504 level:106
2019-04-28 14:10:12.441 T:3458011952 ERROR: ffmpeg[CE1D1330]: [aac] channel element 3.2 is not allocated
2019-04-28 14:10:12.470 T:3474797360 DEBUG: CVideoPlayerVideo::OutputPicture - ttd:394ms pts:17.893 Clock:17.498 Level:6 elapsed:38.303ms
2019-04-28 14:10:12.477 T:3552891696 DEBUG: CVideoPlayer::ProcessVideoData size:5786 dts:26.193 pts:26.318 dur:41.708ms, clock:17.545 level:107
2019-04-28 14:10:12.482 T:3458011952 ERROR: ffmpeg[CE1D1330]: [aac] channel element 2.8 is not allocated
2019-04-28 14:10:12.512 T:3474797360 DEBUG: CVideoPlayerVideo::OutputPicture - ttd:395ms pts:17.935 Clock:17.539 Level:6 elapsed:39.954ms
2019-04-28 14:10:12.518 T:3552891696 DEBUG: CVideoPlayer::ProcessVideoData size:333 dts:26.235 pts:26.235 dur:41.708ms, clock:17.585 level:106
2019-04-28 14:10:12.522 T:3458011952 ERROR: ffmpeg[CE1D1330]: [aac] channel element 3.4 is not allocated
2019-04-28 14:10:12.553 T:3474797360 DEBUG: CVideoPlayerVideo::OutputPicture - ttd:393ms pts:17.976 Clock:17.583 Level:6 elapsed:37.856ms
2019-04-28 14:10:12.559 T:3552891696 DEBUG: CVideoPlayer::ProcessVideoData size:353 dts:26.276 pts:26.276 dur:41.708ms, clock:17.627 level:107
2019-04-28 14:10:12.563 T:3458011952 ERROR: ffmpeg[CE1D1330]: [aac] Number of bands (22) exceeds limit (6).
2019-04-28 14:10:12.595 T:3474797360 DEBUG: CVideoPlayerVideo::OutputPicture - ttd:394ms pts:18.018 Clock:17.623 Level:6 elapsed:38.780ms
2019-04-28 14:10:12.600 T:3552891696 DEBUG: CVideoPlayer::ProcessVideoData size:11162 dts:26.318 pts:26.443 dur:41.708ms, clock:17.668 level:106
2019-04-28 14:10:12.604 T:3458011952 ERROR: ffmpeg[CE1D1330]: [aac] channel element 3.8 is not allocated
2019-04-28 14:10:12.637 T:3474797360 DEBUG: CVideoPlayerVideo::OutputPicture - ttd:394ms pts:18.060 Clock:17.666 Level:6 elapsed:38.306ms
2019-04-28 14:10:12.641 T:3552891696 DEBUG: CVideoPlayer::ProcessVideoData size:346 dts:26.360 pts:26.360 dur:41.708ms, clock:17.708 level:107
2019-04-28 14:10:12.644 T:3458011952 ERROR: ffmpeg[CE1D1330]: [aac] channel element 2.9 is not allocated
2019-04-28 14:10:12.678 T:3474797360 DEBUG: CVideoPlayerVideo::OutputPicture - ttd:394ms pts:18.101 Clock:17.707 Level:6 elapsed:38.130ms
2019-04-28 14:10:12.682 T:3552891696 DEBUG: CVideoPlayer::ProcessVideoData size:423 dts:26.401 pts:26.401 dur:41.708ms, clock:17.750 level:106
2019-04-28 14:10:12.685 T:3458011952 ERROR: ffmpeg[CE1D1330]: [aac] Reserved bit set.
2019-04-28 14:10:12.685 T:3458011952 ERROR: ffmpeg[CE1D1330]: [aac] Number of bands (49) exceeds limit (47).
2019-04-28 14:10:12.720 T:3474797360 DEBUG: CVideoPlayerVideo::OutputPicture - ttd:395ms pts:18.143 Clock:17.748 Level:6 elapsed:39.534ms
2019-04-28 14:10:12.723 T:3552891696 DEBUG: CVideoPlayer::ProcessVideoData size:8649 dts:26.443 pts:26.526 dur:41.708ms, clock:17.791 level:106
2019-04-28 14:10:12.726 T:3458011952 ERROR: ffmpeg[CE1D1330]: [aac] channel element 2.11 is not allocated
2019-04-28 14:10:12.762 T:3474797360 DEBUG: CVideoPlayerVideo::OutputPicture - ttd:394ms pts:18.185 Clock:17.790 Level:6 elapsed:38.999ms
2019-04-28 14:10:12.765 T:3552891696 DEBUG: CVideoPlayer::ProcessVideoData size:447 dts:26.485 pts:26.485 dur:41.708ms, clock:17.832 level:107
2019-04-28 14:10:12.766 T:3458011952 ERROR: ffmpeg[CE1D1330]: [aac] channel element 3.14 is not allocated
2019-04-28 14:10:12.804 T:3474797360 DEBUG: CVideoPlayerVideo::OutputPicture - ttd:394ms pts:18.227 Clock:17.832 Level:6 elapsed:39.061ms
2019-04-28 14:10:12.806 T:3552891696 DEBUG: CVideoPlayer::ProcessVideoData size:9305 dts:26.526 pts:26.652 dur:41.708ms, clock:17.873 level:106
2019-04-28 14:10:12.807 T:3458011952 ERROR: ffmpeg[CE1D1330]: [aac] Reserved bit set.
2019-04-28 14:10:12.807 T:3458011952 ERROR: ffmpeg[CE1D1330]: [aac] Prediction is not allowed in AAC-LC.
2019-04-28 14:10:12.846 T:3474797360 DEBUG: CVideoPlayerVideo::OutputPicture - ttd:394ms pts:18.268 Clock:17.874 Level:6 elapsed:38.893ms
2019-04-28 14:10:12.857 T:3552891696 DEBUG: CVideoPlayer::ProcessVideoData size:305 dts:26.568 pts:26.568 dur:41.708ms, clock:17.924 level:107
2019-04-28 14:10:12.858 T:3458011952 ERROR: ffmpeg[CE1D1330]: [aac] Reserved bit set.
2019-04-28 14:10:12.858 T:3458011952 ERROR: ffmpeg[CE1D1330]: [aac] Number of bands (12) exceeds limit (8).
2019-04-28 14:10:12.887 T:3474797360 DEBUG: CVideoPlayerVideo::OutputPicture - ttd:394ms pts:18.310 Clock:17.915 Level:6 elapsed:38.747ms
2019-04-28 14:10:12.898 T:3552891696 DEBUG: CVideoPlayer::ProcessVideoData size:534 dts:26.610 pts:26.610 dur:41.708ms, clock:17.965 level:106
2019-04-28 14:10:12.899 T:3458011952 ERROR: ffmpeg[CE1D1330]: [aac] channel element 2.13 is not allocated
2019-04-28 14:10:12.929 T:3474797360 DEBUG: CVideoPlayerVideo::OutputPicture - ttd:393ms pts:18.352 Clock:17.958 Level:6 elapsed:38.010ms
2019-04-28 14:10:12.939 T:3552891696 DEBUG: CVideoPlayer::ProcessVideoData size:8105 dts:26.652 pts:26.777 dur:41.708ms, clock:18.006 level:107
2019-04-28 14:10:12.939 T:3785339696 DEBUG: [plugin.video.netflix (0)] Executing JSON-RPC: {"params": {"playerid": 1, "properties": ["audiostreams", "currentaudiostream", "subtitles", "currentsubtitle", "subtitleenabled", "percentage", "time"]}, "jsonrpc": "2.0", "method": "Player.GetProperties", "id": 1}
2019-04-28 14:10:12.939 T:3458011952 ERROR: ffmpeg[CE1D1330]: [aac] Reserved bit set.
2019-04-28 14:10:12.939 T:3458011952 ERROR: ffmpeg[CE1D1330]: [aac] invalid band type
2019-04-28 14:10:12.941 T:3785339696 DEBUG: [plugin.video.netflix (0)] Notifying all managers of on_tick (data={u'currentaudiostream': {u'index': 0, u'name': u'AAC ', u'language': u'eng', u'channels': 2, u'codec': u'aac', u'bitrate': 98304}, u'elapsed_seconds': 17, u'time': {u'hours': 0, u'seconds': 17, u'minutes': 0, u'milliseconds': 810}, u'subtitleenabled': True, u'percentage': 0.34670040011405945, u'currentsubtitle': {u'index': 0, u'name': u'', u'language': u'eng'}, u'audiostreams': [{u'index': 0, u'name': u'AAC ', u'language': u'eng', u'channels': 2, u'codec': u'aac', u'bitrate': 98304}, {u'index': 1, u'name': u'AAC ', u'language': u'spa', u'channels': 2, u'codec': u'aac', u'bitrate': 98304}, {u'index': 2, u'name': u'AAC ', u'language': u'fre', u'channels': 2, u'codec': u'aac', u'bitrate': 98304}, {u'index': 3, u'name': u'AAC ', u'language': u'por', u'channels': 2, u'codec': u'aac', u'bitrate': 98304}], u'subtitles': [{u'index': 0, u'name': u'', u'language': u'eng'}, {u'index': 1, u'name': u'', u'language': u'spa'}, {u'index': 2, u'name': u'', u'language': u'spa'}, {u'index': 3, u'name': u'', u'language': u'fre'}, {u'index': 4, u'name': u'', u'language': u'fre'}, {u'index': 5, u'name': u'', u'language': u'por'}]})
2019-04-28 14:10:12.971 T:3474797360 DEBUG: CVideoPlayerVideo::OutputPicture - ttd:395ms pts:18.393 Clock:17.998 Level:6 elapsed:39.327ms
2019-04-28 14:10:12.979 T:3552891696 DEBUG: CVideoPlayer::ProcessVideoData size:697 dts:26.693 pts:26.693 dur:41.708ms, clock:18.047 level:106
2019-04-28 14:10:12.980 T:3458011952 DEBUG: ffmpeg[CE1D1330]: [aac] Sample rate index in program config element does not match the sample rate index configured by the container.
2019-04-28 14:10:12.980 T:3458011952 ERROR: ffmpeg[CE1D1330]: [aac] Inconsistent channel configuration.
2019-04-28 14:10:12.980 T:3458011952 ERROR: ffmpeg[CE1D1330]: [aac] get_buffer() failed
2019-04-28 14:10:13.012 T:3474797360 DEBUG: CVideoPlayerVideo::OutputPicture - ttd:393ms pts:18.435 Clock:18.041 Level:6 elapsed:38.018ms
2019-04-28 14:10:13.020 T:3552891696 DEBUG: CVideoPlayer::ProcessVideoData size:382 dts:26.735 pts:26.735 dur:41.708ms, clock:18.088 level:107
2019-04-28 14:10:13.021 T:3458011952 DEBUG: ffmpeg[CE1D1330]: [aac] Sample rate index in program config element does not match the sample rate index configured by the container.
2019-04-28 14:10:13.021 T:3458011952 DEBUG: ffmpeg[CE1D1330]: [aac] Too large remapped id is not implemented. Update your FFmpeg version to the newest one from Git. If the problem still occurs, it means that your file has a feature which has not been implemented.
2019-04-28 14:10:13.021 T:3458011952 DEBUG: ffmpeg[CE1D1330]: [aac] If you want to help, upload a sample of this file to ftp://upload.ffmpeg.org/incoming/ and contact the ffmpeg-devel mailing list. (ffmpeg-devel@ffmpeg.org)
2019-04-28 14:10:13.054 T:3474797360 DEBUG: CVideoPlayerVideo::OutputPicture - ttd:394ms pts:18.477 Clock:18.082 Level:6 elapsed:39.265ms
2019-04-28 14:10:13.061 T:3552891696 DEBUG: CVideoPlayer::ProcessVideoData size:6056 dts:26.777 pts:26.860 dur:41.708ms, clock:18.129 level:106
2019-04-28 14:10:13.071 T:3458011952 DEBUG: ffmpeg[CE1D1330]: [aac] Sample rate index in program config element does not match the sample rate index configured by the container.
2019-04-28 14:10:13.072 T:3458011952 ERROR: ffmpeg[CE1D1330]: [aac] Inconsistent channel configuration.
2019-04-28 14:10:13.072 T:3458011952 ERROR: ffmpeg[CE1D1330]: [aac] get_buffer() failed
2019-04-28 14:10:13.096 T:3474797360 DEBUG: CVideoPlayerVideo::OutputPicture - ttd:394ms pts:18.518 Clock:18.124 Level:6 elapsed:39.172ms
2019-04-28 14:10:13.102 T:3552891696 DEBUG: CVideoPlayer::ProcessVideoData size:382 dts:26.818 pts:26.818 dur:41.708ms, clock:18.169 level:106
2019-04-28 14:10:13.112 T:3458011952 ERROR: ffmpeg[CE1D1330]: [aac] channel element 3.13 is not allocated
2019-04-28 14:10:13.137 T:3474797360 DEBUG: CVideoPlayerVideo::OutputPicture - ttd:394ms pts:18.560 Clock:18.165 Level:6 elapsed:39.158ms
2019-04-28 14:10:13.143 T:3552891696 DEBUG: CVideoPlayer::ProcessVideoData size:4055 dts:26.860 pts:26.985 dur:41.708ms, clock:18.210 level:107
2019-04-28 14:10:13.153 T:3458011952 DEBUG: ffmpeg[CE1D1330]: [aac] Sample rate index in program config element does not match the sample rate index configured by the container.
2019-04-28 14:10:13.153 T:3458011952 ERROR: ffmpeg[CE1D1330]: [aac] Inconsistent channel configuration.
2019-04-28 14:10:13.153 T:3458011952 ERROR: ffmpeg[CE1D1330]: [aac] get_buffer() failed
2019-04-28 14:10:13.179 T:3474797360 DEBUG: CVideoPlayerVideo::OutputPicture - ttd:394ms pts:18.602 Clock:18.207 Level:6 elapsed:39.210ms
2019-04-28 14:10:13.184 T:3552891696 DEBUG: CVideoPlayer::ProcessVideoData size:358 dts:26.902 pts:26.902 dur:41.708ms, clock:18.251 level:106
2019-04-28 14:10:13.194 T:3458011952 ERROR: ffmpeg[CE1D1330]: [aac] channel element 3.13 is not allocated
2019-04-28 14:10:13.221 T:3474797360 DEBUG: CVideoPlayerVideo::OutputPicture - ttd:394ms pts:18.644 Clock:18.249 Level:6 elapsed:39.448ms
2019-04-28 14:10:13.225 T:3552891696 DEBUG: CVideoPlayer::ProcessVideoData size:614 dts:26.944 pts:26.944 dur:41.708ms, clock:18.292 level:106
2019-04-28 14:10:13.234 T:3458011952 ERROR: ffmpeg[CE1D1330]: [aac] channel element 3.9 is not allocated
2019-04-28 14:10:13.257 T:3576222512 DEBUG: CWebServer[8080]: request received for /jsonrpc
2019-04-28 14:10:13.262 T:3474797360 DEBUG: Previous line repeats 1 times.
2019-04-28 14:10:13.262 T:3474797360 DEBUG: CVideoPlayerVideo::OutputPicture - ttd:394ms pts:18.685 Clock:18.291 Level:6 elapsed:38.356ms
2019-04-28 14:10:13.265 T:3576222512 DEBUG: CWebServer[8080]: request received for /jsonrpc
2019-04-28 14:10:13.266 T:3552891696 DEBUG: CVideoPlayer::ProcessVideoData size:5699 dts:26.985 pts:27.110 dur:41.708ms, clock:18.333 level:107
2019-04-28 14:10:13.272 T:3576222512 DEBUG: CWebServer[8080]: request received for /jsonrpc
2019-04-28 14:10:13.275 T:3458011952 DEBUG: ffmpeg[CE1D1330]: [aac] Sample rate index in program config element does not match the sample rate index configured by the container.
2019-04-28 14:10:13.275 T:3458011952 DEBUG: ffmpeg[CE1D1330]: [aac] Too large remapped id is not implemented. Update your FFmpeg version to the newest one from Git. If the problem still occurs, it means that your file has a feature which has not been implemented.
2019-04-28 14:10:13.275 T:3458011952 DEBUG: ffmpeg[CE1D1330]: [aac] If you want to help, upload a sample of this file to ftp://upload.ffmpeg.org/incoming/ and contact the ffmpeg-devel mailing list. (ffmpeg-devel@ffmpeg.org)
2019-04-28 14:10:13.304 T:3474797360 DEBUG: CVideoPlayerVideo::OutputPicture - ttd:393ms pts:18.727 Clock:18.333 Level:6 elapsed:38.005ms
2019-04-28 14:10:13.307 T:3552891696 DEBUG: CVideoPlayer::ProcessVideoData size:394 dts:27.027 pts:27.027 dur:41.708ms, clock:18.374 level:106
2019-04-28 14:10:13.316 T:3458011952 ERROR: ffmpeg[CE1D1330]: [aac] Reserved bit set.
2019-04-28 14:10:13.316 T:3458011952 ERROR: ffmpeg[CE1D1330]: [aac] Number of bands (21) exceeds limit (2).
2019-04-28 14:10:13.346 T:3474797360 DEBUG: CVideoPlayerVideo::OutputPicture - ttd:394ms pts:18.769 Clock:18.374 Level:6 elapsed:38.962ms
2019-04-28 14:10:13.348 T:3552891696 DEBUG: CVideoPlayer::ProcessVideoData size:432 dts:27.069 pts:27.069 dur:41.708ms, clock:18.415 level:106
2019-04-28 14:10:13.356 T:3458011952 ERROR: ffmpeg[CE1D1330]: [aac] TNS filter order 17 is greater than maximum 12.
2019-04-28 14:10:13.388 T:3474797360 DEBUG: CVideoPlayerVideo::OutputPicture - ttd:390ms pts:18.810 Clock:18.420 Level:6 elapsed:34.848ms
2019-04-28 14:10:13.399 T:3552891696 DEBUG: CVideoPlayer::ProcessVideoData size:4897 dts:27.110 pts:27.194 dur:41.708ms, clock:18.466 level:106
2019-04-28 14:10:13.407 T:3458011952 ERROR: ffmpeg[CE1D1330]: [aac] Reserved bit set.
2019-04-28 14:10:13.407 T:3458011952 ERROR: ffmpeg[CE1D1330]: [aac] Prediction is not allowed in AAC-LC.
2019-04-28 14:10:13.429 T:3474797360 DEBUG: CVideoPlayerVideo::OutputPicture - ttd:395ms pts:18.852 Clock:18.457 Level:6 elapsed:39.337ms
2019-04-28 14:10:13.440 T:3552891696 DEBUG: CVideoPlayer::ProcessVideoData size:318 dts:27.152 pts:27.152 dur:41.708ms, clock:18.507 level:106
2019-04-28 14:10:13.448 T:3458011952 ERROR: ffmpeg[CE1D1330]: [aac] channel element 3.2 is not allocated
2019-04-28 14:10:13.471 T:3474797360 DEBUG: CVideoPlayerVideo::OutputPicture - ttd:395ms pts:18.894 Clock:18.498 Level:6 elapsed:39.967ms
2019-04-28 14:10:13.481 T:3552891696 DEBUG: CVideoPlayer::ProcessVideoData size:3697 dts:27.194 pts:27.319 dur:41.708ms, clock:18.548 level:106
2019-04-28 14:10:13.488 T:3458011952 ERROR: ffmpeg[CE1D1330]: [aac] channel element 2.4 is not allocated
2019-04-28 14:10:13.513 T:3474797360 DEBUG: CVideoPlayerVideo::OutputPicture - ttd:395ms pts:18.936 Clock:18.540 Level:6 elapsed:39.427ms
2019-04-28 14:10:13.522 T:3552891696 DEBUG: CVideoPlayer::ProcessVideoData size:387 dts:27.236 pts:27.236 dur:41.708ms, clock:18.589 level:106
2019-04-28 14:10:13.529 T:3458011952 ERROR: ffmpeg[CE1D1330]: [aac] channel element 3.11 is not allocated
2019-04-28 14:10:13.555 T:3474797360 DEBUG: CVideoPlayerVideo::OutputPicture - ttd:395ms pts:18.977 Clock:18.582 Level:6 elapsed:39.804ms
2019-04-28 14:10:13.563 T:3552891696 DEBUG: CVideoPlayer::ProcessVideoData size:310 dts:27.277 pts:27.277 dur:41.708ms, clock:18.630 level:106
2019-04-28 14:10:13.570 T:3458011952 ERROR: ffmpeg[CE1D1330]: [aac] channel element 3.13 is not allocated
2019-04-28 14:10:13.596 T:3474797360 DEBUG: CVideoPlayerVideo::OutputPicture - ttd:395ms pts:19.019 Clock:18.624 Level:6 elapsed:39.365ms
2019-04-28 14:10:13.604 T:3552891696 DEBUG: CVideoPlayer::ProcessVideoData size:3628 dts:27.319 pts:27.444 dur:41.708ms, clock:18.671 level:106
2019-04-28 14:10:13.610 T:3458011952 ERROR: ffmpeg[CE1D1330]: [aac] Number of scalefactor bands in group (58) exceeds limit (47).
2019-04-28 14:10:13.638 T:3474797360 DEBUG: CVideoPlayerVideo::OutputPicture - ttd:395ms pts:19.061 Clock:18.666 Level:6 elapsed:39.275ms
2019-04-28 14:10:13.644 T:3552891696 DEBUG: CVideoPlayer::ProcessVideoData size:574 dts:27.361 pts:27.361 dur:41.708ms, clock:18.712 level:106
2019-04-28 14:10:13.651 T:3458011952 ERROR: ffmpeg[CE1D1330]: [aac] channel element 2.15 is not allocated
2019-04-28 14:10:13.679 T:3474797360 DEBUG: CVideoPlayerVideo::OutputPicture - ttd:395ms pts:19.102 Clock:18.707 Level:6 elapsed:39.203ms
2019-04-28 14:10:13.685 T:3552891696 DEBUG: CVideoPlayer::ProcessVideoData size:327 dts:27.402 pts:27.402 dur:41.708ms, clock:18.752 level:106
2019-04-28 14:10:13.691 T:3458011952 ERROR: ffmpeg[CE1D1330]: [aac] channel element 2.0 is not allocated
2019-04-28 14:10:13.722 T:3474797360 DEBUG: CVideoPlayerVideo::OutputPicture - ttd:395ms pts:19.144 Clock:18.749 Level:6 elapsed:40.135ms
2019-04-28 14:10:13.726 T:3552891696 DEBUG: CVideoPlayer::ProcessVideoData size:2341 dts:27.444 pts:27.569 dur:41.708ms, clock:18.793 level:106
2019-04-28 14:10:13.732 T:3458011952 ERROR: ffmpeg[CE1D1330]: [aac] channel element 3.15 is not allocated
2019-04-28 14:10:13.763 T:3474797360 DEBUG: CVideoPlayerVideo::OutputPicture - ttd:395ms pts:19.186 Clock:18.791 Level:6 elapsed:39.611ms
2019-04-28 14:10:13.767 T:3552891696 DEBUG: CVideoPlayer::ProcessVideoData size:348 dts:27.486 pts:27.486 dur:41.708ms, clock:18.834 level:106
2019-04-28 14:10:13.773 T:3458011952 DEBUG: ffmpeg[CE1D1330]: [aac] Sample rate index in program config element does not match the sample rate index configured by the container.
2019-04-28 14:10:13.773 T:3458011952 ERROR: ffmpeg[CE1D1330]: [aac] Inconsistent channel configuration.
2019-04-28 14:10:13.773 T:3458011952 ERROR: ffmpeg[CE1D1330]: [aac] get_buffer() failed
2019-04-28 14:10:13.805 T:3474797360 DEBUG: CVideoPlayerVideo::OutputPicture - ttd:395ms pts:19.228 Clock:18.832 Level:6 elapsed:39.201ms
2019-04-28 14:10:13.808 T:3552891696 DEBUG: CVideoPlayer::ProcessVideoData size:411 dts:27.527 pts:27.527 dur:41.708ms, clock:18.875 level:106
2019-04-28 14:10:13.813 T:3458011952 ERROR: ffmpeg[CE1D1330]: [aac] Reserved bit set.
2019-04-28 14:10:13.814 T:3458011952 ERROR: ffmpeg[CE1D1330]: [aac] Number of bands (13) exceeds limit (11).
2019-04-28 14:10:13.846 T:3474797360 DEBUG: CVideoPlayerVideo::OutputPicture - ttd:395ms pts:19.269 Clock:18.874 Level:6 elapsed:39.713ms
2019-04-28 14:10:13.849 T:3552891696 DEBUG: CVideoPlayer::ProcessVideoData size:12582 dts:27.569 pts:27.694 dur:41.708ms, clock:18.916 level:106
2019-04-28 14:10:13.854 T:3458011952 ERROR: ffmpeg[CE1D1330]: [aac] channel element 3.6 is not allocated
2019-04-28 14:10:13.888 T:3474797360 DEBUG: CVideoPlayerVideo::OutputPicture - ttd:394ms pts:19.311 Clock:18.916 Level:6 elapsed:39.020ms
2019-04-28 14:10:13.890 T:3552891696 DEBUG: CVideoPlayer::ProcessVideoData size:672 dts:27.611 pts:27.611 dur:41.708ms, clock:18.957 level:106
2019-04-28 14:10:13.895 T:3458011952 ERROR: ffmpeg[CE1D1330]: [aac] channel element 2.7 is not allocated
2019-04-28 14:10:13.930 T:3474797360 DEBUG: CVideoPlayerVideo::OutputPicture - ttd:395ms pts:19.353 Clock:18.958 Level:6 elapsed:39.652ms
2019-04-28 14:10:13.941 T:3552891696 DEBUG: CVideoPlayer::ProcessVideoData size:294 dts:27.653 pts:27.653 dur:41.708ms, clock:19.008 level:106
2019-04-28 14:10:13.943 T:3785339696 DEBUG: [plugin.video.netflix (0)] Executing JSON-RPC: {"params": {"playerid": 1, "properties": ["audiostreams", "currentaudiostream", "subtitles", "currentsubtitle", "subtitleenabled", "percentage", "time"]}, "jsonrpc": "2.0", "method": "Player.GetProperties", "id": 1}
2019-04-28 14:10:13.945 T:3458011952 ERROR: ffmpeg[CE1D1330]: [aac] Prediction is not allowed in AAC-LC.
2019-04-28 14:10:13.946 T:3785339696 DEBUG: [plugin.video.netflix (0)] Notifying all managers of on_tick (data={u'currentaudiostream': {u'index': 0, u'name': u'AAC ', u'language': u'eng', u'channels': 2, u'codec': u'aac', u'bitrate': 98304}, u'elapsed_seconds': 18, u'time': {u'hours': 0, u'seconds': 18, u'minutes': 0, u'milliseconds': 832}, u'subtitleenabled': True, u'percentage': 0.36659529805183411, u'currentsubtitle': {u'index': 0, u'name': u'', u'language': u'eng'}, u'audiostreams': [{u'index': 0, u'name': u'AAC ', u'language': u'eng', u'channels': 2, u'codec': u'aac', u'bitrate': 98304}, {u'index': 1, u'name': u'AAC ', u'language': u'spa', u'channels': 2, u'codec': u'aac', u'bitrate': 98304}, {u'index': 2, u'name': u'AAC ', u'language': u'fre', u'channels': 2, u'codec': u'aac', u'bitrate': 98304}, {u'index': 3, u'name': u'AAC ', u'language': u'por', u'channels': 2, u'codec': u'aac', u'bitrate': 98304}], u'subtitles': [{u'index': 0, u'name': u'', u'language': u'eng'}, {u'index': 1, u'name': u'', u'language': u'spa'}, {u'index': 2, u'name': u'', u'language': u'spa'}, {u'index': 3, u'name': u'', u'language': u'fre'}, {u'index': 4, u'name': u'', u'language': u'fre'}, {u'index': 5, u'name': u'', u'language': u'por'}]})
2019-04-28 14:10:13.972 T:3474797360 DEBUG: CVideoPlayerVideo::OutputPicture - ttd:393ms pts:19.394 Clock:19.001 Level:6 elapsed:38.015ms
2019-04-28 14:10:13.982 T:3552891696 DEBUG: CVideoPlayer::ProcessVideoData size:13371 dts:27.694 pts:27.778 dur:41.708ms, clock:19.050 level:106
2019-04-28 14:10:13.986 T:3458011952 ERROR: ffmpeg[CE1D1330]: [aac] skip_data_stream_element: Input buffer exhausted before END element found
2019-04-28 14:10:14.013 T:3474797360 DEBUG: CVideoPlayerVideo::OutputPicture - ttd:395ms pts:19.436 Clock:19.041 Level:6 elapsed:39.373ms
2019-04-28 14:10:14.023 T:3552891696 DEBUG: CVideoPlayer::ProcessVideoData size:413 dts:27.736 pts:27.736 dur:41.708ms, clock:19.090 level:106
2019-04-28 14:10:14.027 T:3458011952 DEBUG: ffmpeg[CE1D1330]: [aac] Sample rate index in program config element does not match the sample rate index configured by the container.
2019-04-28 14:10:14.027 T:3458011952 ERROR: ffmpeg[CE1D1330]: [aac] Inconsistent channel configuration.
2019-04-28 14:10:14.027 T:3458011952 ERROR: ffmpeg[CE1D1330]: [aac] get_buffer() failed
2019-04-28 14:10:14.054 T:3474797360 DEBUG: CVideoPlayerVideo::OutputPicture - ttd:395ms pts:19.478 Clock:19.082 Level:6 elapsed:39.323ms
2019-04-28 14:10:14.064 T:3552891696 DEBUG: CVideoPlayer::ProcessVideoData size:565 dts:27.778 pts:27.903 dur:41.708ms, clock:19.131 level:106
2019-04-28 14:10:14.067 T:3458011952 ERROR: ffmpeg[CE1D1330]: [aac] channel element 2.8 is not allocated
2019-04-28 14:10:14.097 T:3474797360 DEBUG: CVideoPlayerVideo::OutputPicture - ttd:395ms pts:19.520 Clock:19.124 Level:6 elapsed:40.114ms
2019-04-28 14:10:14.105 T:3552891696 DEBUG: CVideoPlayer::ProcessVideoData size:80 dts:27.819 pts:27.819 dur:41.708ms, clock:19.172 level:106
2019-04-28 14:10:14.108 T:3458011952 ERROR: ffmpeg[CE1D1330]: [aac] Number of scalefactor bands in group (56) exceeds limit (47).
2019-04-28 14:10:14.138 T:3474797360 DEBUG: CVideoPlayerVideo::OutputPicture - ttd:394ms pts:19.561 Clock:19.167 Level:6 elapsed:38.334ms
2019-04-28 14:10:14.146 T:3552891696 DEBUG: CVideoPlayer::ProcessVideoData size:44 dts:27.861 pts:27.861 dur:41.708ms, clock:19.213 level:106
2019-04-28 14:10:14.180 T:3474797360 DEBUG: CVideoPlayerVideo::OutputPicture - ttd:395ms pts:19.603 Clock:19.208 Level:6 elapsed:39.509ms
2019-04-28 14:10:14.187 T:3552891696 DEBUG: CVideoPlayer::ProcessVideoData size:4465 dts:27.903 pts:27.986 dur:41.708ms, clock:19.254 level:106
2019-04-28 14:10:14.189 T:3458011952 DEBUG: ffmpeg[CE1D1330]: [aac] Sample rate index in program config element does not match the sample rate index configured by the container.
2019-04-28 14:10:14.189 T:3458011952 ERROR: ffmpeg[CE1D1330]: [aac] Inconsistent channel configuration.
2019-04-28 14:10:14.189 T:3458011952 ERROR: ffmpeg[CE1D1330]: [aac] get_buffer() failed
2019-04-28 14:10:14.222 T:3474797360 DEBUG: CVideoPlayerVideo::OutputPicture - ttd:395ms pts:19.645 Clock:19.249 Level:6 elapsed:39.709ms
2019-04-28 14:10:14.227 T:3552891696 DEBUG: CVideoPlayer::ProcessVideoData size:123 dts:27.945 pts:27.945 dur:41.708ms, clock:19.295 level:106
2019-04-28 14:10:14.230 T:3458011952 ERROR: ffmpeg[CE1D1330]: [aac] Number of bands (27) exceeds limit (21).
2019-04-28 14:10:14.264 T:3474797360 DEBUG: CVideoPlayerVideo::OutputPicture - ttd:395ms pts:19.686 Clock:19.291 Level:6 elapsed:39.856ms
2019-04-28 14:10:14.269 T:3517969200 DEBUG: CurlFile::ParseAndCorrectUrl() adding custom header option 'Range: bytes=4370017-4513722'
2019-04-28 14:10:14.269 T:3517969200 DEBUG: CurlFile::ParseAndCorrectUrl() adding custom header option 'connection: keep-alive'
2019-04-28 14:10:14.269 T:3517969200 DEBUG: CurlFile::Open(0xe5167818) http://195.8.12.225/?o=AQHsvJl_EOvSE5TTC4bMd_jEHeSPEPWYqOh8RAVmbt7CBOuYT5VYlLBEmZEOHrgBOyDrYOjO2iHNfpl_cP3gfV8kUOWFG-leEB80dn1b5uAz5vGFWq7Dy_c_ownq5FLF3YlnoMExiAug9_IOqu7r923d64Q4l_0p8QG4lpahucIynSgXubBiaTx6l968bmXFGF43MryiAkvD1dD5j3u_hQ&v=3&e=1556500176&t=XBn9CDz3os3jL_GEmnZeF6gNB3c
2019-04-28 14:10:14.270 T:3458011952 ERROR: ffmpeg[CE1D1330]: [aac] channel element 2.3 is not allocated
2019-04-28 14:10:14.283 T:3552891696 DEBUG: CVideoPlayer::ProcessVideoData size:1063 dts:27.986 pts:28.028 dur:41.708ms, clock:19.350 level:106
2019-04-28 14:10:14.290 T:3517969200 DEBUG: AddOnLog: InputStream Adaptive: Download http://195.8.12.225/?o=AQHsvJl_EOvSE5TTC4bMd_jEHeSPEPWYqOh8RAVmbt7CBOuYT5VYlLBEmZEOHrgBOyDrYOjO2iHNfpl_cP3gfV8kUOWFG-leEB80dn1b5uAz5vGFWq7Dy_c_ownq5FLF3YlnoMExiAug9_IOqu7r923d64Q4l_0p8QG4lpahucIynSgXubBiaTx6l968bmXFGF43MryiAkvD1dD5j3u_hQ&v=3&e=1556500176&t=XBn9CDz3os3jL_GEmnZeF6gNB3c finished, avg speed: 7800905.14byte/s, current speed: 7185300.00byte/s
2019-04-28 14:10:14.305 T:3474797360 DEBUG: CVideoPlayerVideo::OutputPicture - ttd:394ms pts:19.728 Clock:19.333 Level:6 elapsed:38.508ms
2019-04-28 14:10:14.314 T:3552891696 DEBUG: CVideoPlayer::ProcessVideoData size:52956 dts:28.028 pts:28.070 dur:41.708ms, clock:19.381 level:106
2019-04-28 14:10:14.321 T:3458011952 ERROR: ffmpeg[CE1D1330]: [aac] channel element 3.2 is not allocated
2019-04-28 14:10:14.347 T:3474797360 DEBUG: CVideoPlayerVideo::OutputPicture - ttd:395ms pts:19.770 Clock:19.374 Level:6 elapsed:39.307ms
2019-04-28 14:10:14.355 T:3466404656 DEBUG: CurlFile::ParseAndCorrectUrl() adding custom header option 'Range: bytes=462114-487296'
2019-04-28 14:10:14.356 T:3466404656 DEBUG: CurlFile::ParseAndCorrectUrl() adding custom header option 'connection: keep-alive'
2019-04-28 14:10:14.356 T:3466404656 DEBUG: CurlFile::Open(0xe5b4dd78) http://195.8.12.225/?o=AQHsvJl_EOvSE5TTC4bNd__NFO-JEPWYqP98RAVmbt7CBOuYT5VYlLBEmZEOHrgBOyDrYOjO2iHNfpl_cP3gfV8kUOWFG-leEB80dn1b5uAz5vGFWq7Dy_c_ownq5FLF3YlnoMk1n1K7yKkMhNbEvXmPpd0xgv8g8x69ntP3pds0gHtSovUnbSx-hcm2MHyZCVQLaNviCAjXnsu3in0&v=3&e=1556500176&t=SdFHa60Oat9NM19HrSW2B81Yrik
2019-04-28 14:10:14.364 T:3466404656 DEBUG: AddOnLog: InputStream Adaptive: Download http://195.8.12.225/?o=AQHsvJl_EOvSE5TTC4bNd__NFO-JEPWYqP98RAVmbt7CBOuYT5VYlLBEmZEOHrgBOyDrYOjO2iHNfpl_cP3gfV8kUOWFG-leEB80dn1b5uAz5vGFWq7Dy_c_ownq5FLF3YlnoMk1n1K7yKkMhNbEvXmPpd0xgv8g8x69ntP3pds0gHtSovUnbSx-hcm2MHyZCVQLaNviCAjXnsu3in0&v=3&e=1556500176&t=SdFHa60Oat9NM19HrSW2B81Yrik finished, avg speed: 7689156.20byte/s, current speed: 3147875.00byte/s
2019-04-28 14:10:14.365 T:3552891696 DEBUG: CVideoPlayer::ProcessVideoData size:5818 dts:28.070 pts:28.153 dur:41.708ms, clock:19.432 level:106
2019-04-28 14:10:14.372 T:3458011952 ERROR: ffmpeg[CE1D1330]: [aac] channel element 2.4 is not allocated
2019-04-28 14:10:14.388 T:3474797360 DEBUG: CVideoPlayerVideo::OutputPicture - ttd:394ms pts:19.811 Clock:19.417 Level:6 elapsed:38.494ms
2019-04-28 14:10:14.396 T:3552891696 DEBUG: CVideoPlayer::ProcessVideoData size:4156 dts:28.111 pts:28.111 dur:41.708ms, clock:19.463 level:106
2019-04-28 14:10:14.402 T:3458011952 ERROR: ffmpeg[CE1D1330]: [aac] channel element 2.4 is not allocated
2019-04-28 14:10:14.403 T:3458011952 DEBUG: ffmpeg[CE1D1330]: [aac] Sample rate index in program config element does not match the sample rate index configured by the container.
2019-04-28 14:10:14.403 T:3458011952 DEBUG: ffmpeg[CE1D1330]: [aac] Too large remapped id is not implemented. Update your FFmpeg version to the newest one from Git. If the problem still occurs, it means that your file has a feature which has not been implemented.
2019-04-28 14:10:14.403 T:3458011952 DEBUG: ffmpeg[CE1D1330]: [aac] If you want to help, upload a sample of this file to ftp://upload.ffmpeg.org/incoming/ and contact the ffmpeg-devel mailing list. (ffmpeg-devel@ffmpeg.org)
2019-04-28 14:10:14.430 T:3474797360 DEBUG: CVideoPlayerVideo::OutputPicture - ttd:395ms pts:19.853 Clock:19.457 Level:6 elapsed:39.551ms
2019-04-28 14:10:14.437 T:3552891696 DEBUG: CVideoPlayer::ProcessVideoData size:141 dts:28.153 pts:28.278 dur:41.708ms, clock:19.504 level:106
2019-04-28 14:10:14.443 T:3458011952 ERROR: ffmpeg[CE1D1330]: [aac] Number of bands (7) exceeds limit (4).
2019-04-28 14:10:14.472 T:3474797360 DEBUG: CVideoPlayerVideo::OutputPicture - ttd:395ms pts:19.895 Clock:19.499 Level:6 elapsed:39.621ms
2019-04-28 14:10:14.478 T:3552891696 DEBUG: CVideoPlayer::ProcessVideoData size:5731 dts:28.195 pts:28.195 dur:41.708ms, clock:19.545 level:106
2019-04-28 14:10:14.484 T:3458011952 ERROR: ffmpeg[CE1D1330]: [aac] channel element 2.5 is not allocated
2019-04-28 14:10:14.514 T:3474797360 DEBUG: CVideoPlayerVideo::OutputPicture - ttd:395ms pts:19.937 Clock:19.542 Level:6 elapsed:39.567ms
2019-04-28 14:10:14.519 T:3552891696 DEBUG: CVideoPlayer::ProcessVideoData size:5007 dts:28.237 pts:28.237 dur:41.708ms, clock:19.586 level:106
2019-04-28 14:10:14.525 T:3458011952 ERROR: ffmpeg[CE1D1330]: [aac] Reserved bit set.
2019-04-28 14:10:14.525 T:3458011952 DEBUG: ffmpeg[CE1D1330]: [aac] Gain control is not implemented. Update your FFmpeg version to the newest one from Git. If the problem still occurs, it means that your file has a feature which has not been implemented.
2019-04-28 14:10:14.525 T:3458011952 DEBUG: CVideoPlayerAudio: stream props changed, checking for passthrough
2019-04-28 14:10:14.527 T:3458011952 NOTICE: CDVDAudioCodecFFmpeg::Open() Successful opened audio decoder aac
2019-04-28 14:10:14.527 T:3458011952 NOTICE: Creating audio stream (codec id: 86018, channels: 1, sample rate: 24000, no pass-through)
2019-04-28 14:10:14.528 T:3458011952 DEBUG: CDVDAudio::Resume - resume audio stream
2019-04-28 14:10:14.528 T:3458011952 DEBUG: CVideoPlayerAudio:: synctype set to 0: clock feedback
2019-04-28 14:10:14.529 T:4055888688 INFO: CActiveAESink::OpenSink - initialize sink
2019-04-28 14:10:14.529 T:4055888688 DEBUG: CActiveAESink::OpenSink - trying to open device ALSA:default
2019-04-28 14:10:14.529 T:4055888688 INFO: CAESinkALSA::Initialize - Requested layout: FL, FR
2019-04-28 14:10:14.529 T:4055888688 INFO: CAESinkALSA::Initialize - Attempting to open device "default"
2019-04-28 14:10:14.534 T:4055888688 INFO: CAESinkALSA::Initialize - Opened device "default"
2019-04-28 14:10:14.536 T:4055888688 INFO: CAESinkALSA::InitializeHW - Your hardware does not support AE_FMT_FLOAT, trying other formats
2019-04-28 14:10:14.536 T:4055888688 INFO: CAESinkALSA::InitializeHW - Using data format AE_FMT_S32NE
2019-04-28 14:10:14.536 T:4055888688 DEBUG: CAESinkALSA::InitializeHW - Request: periodSize 2048, bufferSize 8192
2019-04-28 14:10:14.537 T:4055888688 DEBUG: CAESinkALSA::InitializeHW - Got: periodSize 2048, bufferSize 8192
2019-04-28 14:10:14.537 T:4055888688 DEBUG: CAESinkALSA::InitializeHW - Setting timeout to 256 ms
2019-04-28 14:10:14.537 T:4055888688 INFO: CAESinkALSA::Initialize - setting default aud_ch to 0
2019-04-28 14:10:14.538 T:4055888688 DEBUG: CAESinkALSA::GetChannelLayout - Input Channel Count: 2 Output Channel Count: 2
2019-04-28 14:10:14.538 T:4055888688 DEBUG: CAESinkALSA::GetChannelLayout - Requested Layout: FL, FR
2019-04-28 14:10:14.538 T:4055888688 DEBUG: CAESinkALSA::GetChannelLayout - Got Layout: FL, FR (ALSA: none) (CEA: 0)
2019-04-28 14:10:14.538 T:4055888688 DEBUG: CActiveAESink::OpenSink - ALSA Initialized:
2019-04-28 14:10:14.538 T:4055888688 DEBUG: Output Device : Default (AML-M8AUDIO Analog)
2019-04-28 14:10:14.538 T:4055888688 DEBUG: Sample Rate : 32000
2019-04-28 14:10:14.538 T:4055888688 DEBUG: Sample Format : AE_FMT_S32NE
2019-04-28 14:10:14.538 T:4055888688 DEBUG: Channel Count : 2
2019-04-28 14:10:14.538 T:4055888688 DEBUG: Channel Layout: FL, FR
2019-04-28 14:10:14.538 T:4055888688 DEBUG: Frames : 2048
2019-04-28 14:10:14.538 T:4055888688 DEBUG: Frame Size : 8
2019-04-28 14:10:14.542 T:4066362160 DEBUG: CActiveAE::ClearDiscardedBuffers - buffer pool deleted
2019-04-28 14:10:14.544 T:3458011952 DEBUG: Previous line repeats 1 times.
2019-04-28 14:10:14.544 T:3458011952 ERROR: ffmpeg[CE1D1330]: [aac] channel element 3.4 is not allocated
2019-04-28 14:10:14.556 T:3474797360 DEBUG: CVideoPlayerVideo::OutputPicture - ttd:395ms pts:19.978 Clock:19.583 Level:6 elapsed:39.536ms
2019-04-28 14:10:14.560 T:3458011952 ERROR: ffmpeg[CE1D1330]: [aac] invalid band type
2019-04-28 14:10:14.564 T:3552891696 DEBUG: CVideoPlayer::ProcessVideoData size:37 dts:28.278 pts:28.320 dur:41.708ms, clock:19.627 level:106
2019-04-28 14:10:14.597 T:3474797360 DEBUG: CVideoPlayerVideo::OutputPicture - ttd:392ms pts:20.020 Clock:19.628 Level:6 elapsed:37.093ms
2019-04-28 14:10:14.605 T:3552891696 DEBUG: CVideoPlayer::ProcessVideoData size:37 dts:28.320 pts:28.362 dur:41.708ms, clock:19.672 level:106
2019-04-28 14:10:14.605 T:3458011952 ERROR: ffmpeg[CE1D1330]: [aac] channel element 2.15 is not allocated
2019-04-28 14:10:14.639 T:3474797360 DEBUG: CVideoPlayerVideo::OutputPicture - ttd:388ms pts:20.062 Clock:19.673 Level:6 elapsed:33.203ms
2019-04-28 14:10:14.646 T:3458011952 ERROR: ffmpeg[CE1D1330]: [aac] channel element 3.4 is not allocated
2019-04-28 14:10:14.646 T:3552891696 DEBUG: CVideoPlayer::ProcessVideoData size:37 dts:28.362 pts:28.403 dur:41.708ms, clock:19.713 level:106
2019-04-28 14:10:14.680 T:3474797360 DEBUG: CVideoPlayerVideo::OutputPicture - ttd:389ms pts:20.103 Clock:19.714 Level:6 elapsed:33.881ms
2019-04-28 14:10:14.686 T:3458011952 ERROR: ffmpeg[CE1D1330]: [aac] Inconsistent channel configuration.
2019-04-28 14:10:14.687 T:3552891696 DEBUG: CVideoPlayer::ProcessVideoData size:37 dts:28.403 pts:28.445 dur:41.708ms, clock:19.754 level:106
2019-04-28 14:10:14.687 T:3458011952 ERROR: ffmpeg[CE1D1330]: [aac] get_buffer() failed
2019-04-28 14:10:14.722 T:3474797360 DEBUG: CVideoPlayerVideo::OutputPicture - ttd:389ms pts:20.145 Clock:19.756 Level:6 elapsed:33.559ms
2019-04-28 14:10:14.728 T:3458011952 ERROR: ffmpeg[CE1D1330]: [aac] Prediction is not allowed in AAC-LC.
2019-04-28 14:10:14.728 T:3552891696 DEBUG: CVideoPlayer::ProcessVideoData size:37 dts:28.445 pts:28.487 dur:41.708ms, clock:19.795 level:107
2019-04-28 14:10:14.764 T:3474797360 DEBUG: CVideoPlayerVideo::OutputPicture - ttd:391ms pts:20.187 Clock:19.795 Level:6 elapsed:35.649ms
2019-04-28 14:10:14.769 T:3458011952 DEBUG: ffmpeg[CE1D1330]: [aac] Sample rate index in program config element does not match the sample rate index configured by the container.
2019-04-28 14:10:14.769 T:3552891696 DEBUG: CVideoPlayer::ProcessVideoData size:37 dts:28.487 pts:28.529 dur:41.708ms, clock:19.836 level:106
2019-04-28 14:10:14.769 T:3458011952 ERROR: ffmpeg[CE1D1330]: [aac] Inconsistent channel configuration.
2019-04-28 14:10:14.769 T:3458011952 ERROR: ffmpeg[CE1D1330]: [aac] get_buffer() failed
2019-04-28 14:10:14.806 T:3474797360 DEBUG: CVideoPlayerVideo::OutputPicture - ttd:391ms pts:20.229 Clock:19.837 Level:6 elapsed:35.794ms
2019-04-28 14:10:14.810 T:3458011952 ERROR: ffmpeg[CE1D1330]: [aac] Reserved bit set.
2019-04-28 14:10:14.810 T:3552891696 DEBUG: CVideoPlayer::ProcessVideoData size:37 dts:28.529 pts:28.570 dur:41.708ms, clock:19.877 level:107
2019-04-28 14:10:14.810 T:3458011952 ERROR: ffmpeg[CE1D1330]: [aac] Prediction is not allowed in AAC-LC.
2019-04-28 14:10:14.841 T:3576222512 DEBUG: CWebServer[8080]: request received for /jsonrpc
2019-04-28 14:10:14.848 T:3474797360 DEBUG: Previous line repeats 1 times.
2019-04-28 14:10:14.848 T:3474797360 DEBUG: CVideoPlayerVideo::OutputPicture - ttd:393ms pts:20.270 Clock:19.876 Level:6 elapsed:38.408ms
2019-04-28 14:10:14.850 T:3576222512 DEBUG: CWebServer[8080]: request received for /jsonrpc
2019-04-28 14:10:14.850 T:3458011952 DEBUG: ffmpeg[CE1D1330]: [aac] Sample rate index in program config element does not match the sample rate index configured by the container.
2019-04-28 14:10:14.851 T:3552891696 DEBUG: CVideoPlayer::ProcessVideoData size:37 dts:28.570 pts:28.612 dur:41.708ms, clock:19.918 level:106
2019-04-28 14:10:14.851 T:3458011952 ERROR: ffmpeg[CE1D1330]: [aac] Inconsistent channel configuration.
2019-04-28 14:10:14.851 T:3458011952 ERROR: ffmpeg[CE1D1330]: [aac] get_buffer() failed
