2019-04-28 14:11:11.146 T:4093684544 DEBUG: AMLUtils::aml_handle_display_stereo_mode - no change needed
2019-04-28 14:11:11.164 T:4093684544 INFO: GLES: Maximum texture width: 8192
2019-04-28 14:11:11.214 T:4093684544 NOTICE: GLES: Selecting single pass rendering
2019-04-28 14:11:11.219 T:4093684544 DEBUG: ------ Window Deinit (DialogBusy.xml) ------
2019-04-28 14:11:11.410 T:3885310768 WARNING: CRenderManager::WaitForBuffer - timeout waiting for buffer
2019-04-28 14:11:11.410 T:3885310768 DEBUG: CVideoPlayerVideo::OutputPicture - ttd:1599ms pts:0.375 Clock:-1.224 Level:-1 elapsed:499.786ms
2019-04-28 14:11:11.410 T:3885310768 DEBUG: CVideoPlayerVideo - CDVDMsg::GENERAL_PAUSE: 1
2019-04-28 14:11:11.463 T:3576222512 DEBUG: CWebServer[8080]: request received for /jsonrpc
2019-04-28 14:11:11.483 T:3785339696 DEBUG: Previous line repeats 3 times.
2019-04-28 14:11:11.483 T:3785339696 DEBUG: [plugin.video.netflix (0)] Executing JSON-RPC: {"params": {"playerid": 1, "properties": ["audiostreams", "currentaudiostream", "subtitles", "currentsubtitle", "subtitleenabled", "percentage", "time"]}, "jsonrpc": "2.0", "method": "Player.GetProperties", "id": 1}
2019-04-28 14:11:11.485 T:3785339696 DEBUG: [plugin.video.netflix (0)] Notifying all managers of on_tick (data={u'currentaudiostream': {u'index': 0, u'name': u'AAC ', u'language': u'eng', u'channels': 2, u'codec': u'aac', u'bitrate': 98304}, u'elapsed_seconds': -1, u'time': {u'hours': 0, u'seconds': -1, u'minutes': 0, u'milliseconds': -300}, u'subtitleenabled': True, u'percentage': 0.0, u'currentsubtitle': {u'index': 0, u'name': u'', u'language': u'eng'}, u'audiostreams': [{u'index': 0, u'name': u'AAC ', u'language': u'eng', u'channels': 2, u'codec': u'aac', u'bitrate': 98304}, {u'index': 1, u'name': u'AAC ', u'language': u'spa', u'channels': 2, u'codec': u'aac', u'bitrate': 98304}, {u'index': 2, u'name': u'AAC ', u'language': u'fre', u'channels': 2, u'codec': u'aac', u'bitrate': 98304}, {u'index': 3, u'name': u'AAC ', u'language': u'por', u'channels': 2, u'codec': u'aac', u'bitrate': 98304}], u'subtitles': [{u'index': 0, u'name': u'', u'language': u'eng'}, {u'index': 1, u'name': u'', u'language': u'spa'}, {u'index': 2, u'name': u'', u'language': u'spa'}, {u'index': 3, u'name': u'', u'language': u'fre'}, {u'index': 4, u'name': u'', u'language': u'por'}, {u'index': 5, u'name': u'', u'language': u'por'}]})
2019-04-28 14:11:11.918 T:4093684544 NOTICE: VideoPlayer: OnResetDisplay received
2019-04-28 14:11:11.921 T:3449619248 DEBUG: OnAVChange: CApplication::OnAVChange
2019-04-28 14:11:11.921 T:3552891696 DEBUG: CVideoPlayer::ProcessVideoData size:12689 dts:2.628 pts:2.753 dur:41.708ms, clock:-1.213 level:47
2019-04-28 14:11:11.921 T:3552891696 DEBUG: CVideoPlayer::ProcessVideoData size:1862 dts:2.669 pts:2.669 dur:41.708ms, clock:-1.212 level:47
2019-04-28 14:11:11.922 T:3552891696 DEBUG: CVideoPlayer::ProcessVideoData size:1820 dts:2.711 pts:2.711 dur:41.708ms, clock:-1.212 level:48
2019-04-28 14:11:11.922 T:3552891696 DEBUG: CVideoPlayer::ProcessVideoData size:10912 dts:2.753 pts:2.878 dur:41.708ms, clock:-1.212 level:49
2019-04-28 14:11:11.922 T:3552891696 DEBUG: CVideoPlayer::ProcessVideoData size:1769 dts:2.794 pts:2.794 dur:41.708ms, clock:-1.212 level:49
2019-04-28 14:11:11.922 T:3552891696 DEBUG: CVideoPlayer::ProcessVideoData size:1791 dts:2.836 pts:2.836 dur:41.708ms, clock:-1.212 level:50
2019-04-28 14:11:11.923 T:3552891696 DEBUG: CVideoPlayer::ProcessVideoData size:12483 dts:2.878 pts:3.003 dur:41.708ms, clock:-1.211 level:50
2019-04-28 14:11:11.923 T:3552891696 DEBUG: CVideoPlayer::ProcessVideoData size:1699 dts:2.920 pts:2.920 dur:41.708ms, clock:-1.211 level:51
2019-04-28 14:11:11.923 T:3552891696 DEBUG: CVideoPlayer::ProcessVideoData size:1680 dts:2.961 pts:2.961 dur:41.708ms, clock:-1.211 level:51
2019-04-28 14:11:11.923 T:3552891696 DEBUG: CVideoPlayer::ProcessVideoData size:9831 dts:3.003 pts:3.128 dur:41.708ms, clock:-1.211 level:51
2019-04-28 14:11:11.923 T:3552891696 DEBUG: CVideoPlayer::ProcessVideoData size:1553 dts:3.045 pts:3.045 dur:41.708ms, clock:-1.211 level:51
2019-04-28 14:11:11.924 T:3552891696 DEBUG: CVideoPlayer::ProcessVideoData size:1643 dts:3.086 pts:3.086 dur:41.708ms, clock:-1.210 level:52
2019-04-28 14:11:11.924 T:3552891696 DEBUG: CVideoPlayer::ProcessVideoData size:12228 dts:3.128 pts:3.253 dur:41.708ms, clock:-1.210 level:52
2019-04-28 14:11:11.925 T:3552891696 DEBUG: CVideoPlayer::ProcessVideoData size:1736 dts:3.170 pts:3.170 dur:41.708ms, clock:-1.209 level:53
2019-04-28 14:11:11.925 T:3552891696 DEBUG: CVideoPlayer::ProcessVideoData size:1573 dts:3.212 pts:3.212 dur:41.708ms, clock:-1.209 level:53
2019-04-28 14:11:11.925 T:3552891696 DEBUG: CVideoPlayer::ProcessVideoData size:9473 dts:3.253 pts:3.378 dur:41.708ms, clock:-1.209 level:54
2019-04-28 14:11:11.926 T:3552891696 DEBUG: CVideoPlayer::ProcessVideoData size:1678 dts:3.295 pts:3.295 dur:41.708ms, clock:-1.208 level:54
2019-04-28 14:11:11.926 T:3552891696 DEBUG: CVideoPlayer::ProcessVideoData size:1739 dts:3.337 pts:3.337 dur:41.708ms, clock:-1.208 level:55
2019-04-28 14:11:11.926 T:3552891696 DEBUG: CVideoPlayer::ProcessVideoData size:11419 dts:3.378 pts:3.462 dur:41.708ms, clock:-1.208 level:55
2019-04-28 14:11:11.927 T:3552891696 DEBUG: CVideoPlayer::ProcessVideoData size:1635 dts:3.420 pts:3.420 dur:41.708ms, clock:-1.207 level:56
2019-04-28 14:11:11.928 T:3552891696 DEBUG: CVideoPlayer::ProcessVideoData size:13466 dts:3.462 pts:3.587 dur:41.708ms, clock:-1.206 level:56
2019-04-28 14:11:11.928 T:3552891696 DEBUG: CVideoPlayer::ProcessVideoData size:1841 dts:3.503 pts:3.503 dur:41.708ms, clock:-1.206 level:57
2019-04-28 14:11:11.928 T:3552891696 DEBUG: CVideoPlayer::ProcessVideoData size:1688 dts:3.545 pts:3.545 dur:41.708ms, clock:-1.206 level:57
2019-04-28 14:11:11.929 T:3552891696 DEBUG: CVideoPlayer::ProcessVideoData size:13589 dts:3.587 pts:3.712 dur:41.708ms, clock:-1.205 level:58
2019-04-28 14:11:11.929 T:3552891696 DEBUG: CVideoPlayer::ProcessVideoData size:2046 dts:3.629 pts:3.629 dur:41.708ms, clock:-1.205 level:58
2019-04-28 14:11:11.930 T:3552891696 DEBUG: CVideoPlayer::ProcessVideoData size:2070 dts:3.670 pts:3.670 dur:41.708ms, clock:-1.204 level:59
2019-04-28 14:11:11.930 T:3552891696 DEBUG: CVideoPlayer::ProcessVideoData size:13515 dts:3.712 pts:3.837 dur:41.708ms, clock:-1.204 level:60
2019-04-28 14:11:11.930 T:3552891696 DEBUG: CVideoPlayer::ProcessVideoData size:2016 dts:3.754 pts:3.754 dur:41.708ms, clock:-1.204 level:60
2019-04-28 14:11:11.931 T:3552891696 DEBUG: CVideoPlayer::ProcessVideoData size:1814 dts:3.795 pts:3.795 dur:41.708ms, clock:-1.203 level:61
2019-04-28 14:11:11.931 T:3552891696 DEBUG: CVideoPlayer::ProcessVideoData size:15398 dts:3.837 pts:3.962 dur:41.708ms, clock:-1.203 level:61
2019-04-28 14:11:11.932 T:3552891696 DEBUG: CVideoPlayer::ProcessVideoData size:1907 dts:3.879 pts:3.879 dur:41.708ms, clock:-1.202 level:62
2019-04-28 14:11:11.932 T:3552891696 DEBUG: CVideoPlayer::ProcessVideoData size:1843 dts:3.921 pts:3.921 dur:41.708ms, clock:-1.202 level:62
2019-04-28 14:11:11.933 T:3483190064 DEBUG: CurlFile::ParseAndCorrectUrl() adding custom header option 'Range: bytes=625538-931070'
2019-04-28 14:11:11.934 T:3483190064 DEBUG: CurlFile::ParseAndCorrectUrl() adding custom header option 'connection: keep-alive'
2019-04-28 14:11:11.934 T:3483190064 DEBUG: CurlFile::Open(0xe5bafbc0) http://37.77.187.139/?o=AQG0F3DdPWYFPtDzh_5chH9BrQhEul2HrjDVHbdOBXxPXrLhALoVBVqo4JGu-96zTrCCeEYtZ_pZjFPQxwUvaS8ayjficSrzINSdJjYLaAola8puh1edQFQZZysQoeEnB2pSe8eq7R58dltqJSeJJCreQ422yXx5cjPwB253CrqefElo9qP1Z9vvhPF09ctJPd7Lla_MOPfFBfKaX-MR2w&v=3&e=1556500266&t=k4ZG6LTuZ0yxHWiSxmrNN0jPzhg
2019-04-28 14:11:11.934 T:4089770800 DEBUG: CAnnouncementManager - Announcement: OnAVChange from xbmc
2019-04-28 14:11:11.934 T:4089770800 DEBUG: GOT ANNOUNCEMENT, type: 1, from xbmc, message OnAVChange
2019-04-28 14:11:11.955 T:3885310768 WARNING: CRenderManager::WaitForBuffer - timeout waiting for buffer
2019-04-28 14:11:11.956 T:3885310768 DEBUG: CVideoPlayerVideo::OutputPicture - ttd:1591ms pts:0.375 Clock:-1.216 Level:-1 elapsed:500.126ms
2019-04-28 14:11:11.956 T:3885310768 DEBUG: CVideoPlayerVideo - CDVDMsg::GENERAL_PAUSE: 0
2019-04-28 14:11:11.976 T:3552891696 DEBUG: CVideoPlayer::ProcessVideoData size:2538 dts:3.962 pts:4.004 dur:41.708ms, clock:-1.158 level:62
2019-04-28 14:11:11.977 T:3466404656 DEBUG: CurlFile::ParseAndCorrectUrl() adding custom header option 'Range: bytes=160454-185011'
2019-04-28 14:11:11.978 T:3466404656 DEBUG: CurlFile::ParseAndCorrectUrl() adding custom header option 'connection: keep-alive'
2019-04-28 14:11:11.978 T:3466404656 DEBUG: CurlFile::Open(0xd83dd5c0) http://195.8.12.225/?o=AQG0F3DdPWYFPtD7g_1di3tBqwxS_UeZonmJQ_pKVzQcULPnB69XXASq5Ziq58b4GP2JYBxpAedHq1f_xDENZzx5lz7IVgaMTtOIIUBYI1QVfPBD8yyyb3EmegEVsvViRH0df8C5sBMMeTJ0LxTnOznFHc2z0nl1ajPiXS85F6SCKBY6v_GjYMz-lO4o5MEXJOCZxoHPMqCOCuPbUw&v=3&e=1556500266&t=5I15dcz3LFKq_5lZ5sbUXGN16lA
2019-04-28 14:11:11.987 T:3466404656 DEBUG: AddOnLog: InputStream Adaptive: Download http://195.8.12.225/?o=AQG0F3DdPWYFPtD7g_1di3tBqwxS_UeZonmJQ_pKVzQcULPnB69XXASq5Ziq58b4GP2JYBxpAedHq1f_xDENZzx5lz7IVgaMTtOIIUBYI1QVfPBD8yyyb3EmegEVsvViRH0df8C5sBMMeTJ0LxTnOznFHc2z0nl1ajPiXS85F6SCKBY6v_GjYMz-lO4o5MEXJOCZxoHPMqCOCuPbUw&v=3&e=1556500266&t=5I15dcz3LFKq_5lZ5sbUXGN16lA finished, avg speed: 4830632.75byte/s, current speed: 2728666.00byte/s
2019-04-28 14:11:11.988 T:3552891696 DEBUG: CVideoPlayer::ProcessVideoData size:56514 dts:4.004 pts:4.046 dur:41.708ms, clock:-1.146 level:63
2019-04-28 14:11:11.988 T:3552891696 DEBUG: CVideoPlayer::ProcessVideoData size:10724 dts:4.046 pts:4.171 dur:41.708ms, clock:-1.146 level:63
2019-04-28 14:11:11.989 T:3552891696 DEBUG: CVideoPlayer::ProcessVideoData size:1602 dts:4.087 pts:4.087 dur:41.708ms, clock:-1.145 level:64
2019-04-28 14:11:11.989 T:3552891696 DEBUG: CVideoPlayer::ProcessVideoData size:1717 dts:4.129 pts:4.129 dur:41.708ms, clock:-1.145 level:64
2019-04-28 14:11:11.990 T:3552891696 DEBUG: CVideoPlayer::ProcessVideoData size:13158 dts:4.171 pts:4.296 dur:41.708ms, clock:-1.144 level:65
2019-04-28 14:11:11.990 T:3552891696 DEBUG: CVideoPlayer::ProcessVideoData size:1778 dts:4.213 pts:4.213 dur:41.708ms, clock:-1.144 level:65
2019-04-28 14:11:11.991 T:3552891696 DEBUG: CVideoPlayer::ProcessVideoData size:1865 dts:4.254 pts:4.254 dur:41.708ms, clock:-1.143 level:66
2019-04-28 14:11:11.991 T:3552891696 DEBUG: CVideoPlayer::ProcessVideoData size:12620 dts:4.296 pts:4.421 dur:41.708ms, clock:-1.143 level:66
2019-04-28 14:11:11.992 T:3552891696 DEBUG: CVideoPlayer::ProcessVideoData size:1926 dts:4.338 pts:4.338 dur:41.708ms, clock:-1.142 level:67
2019-04-28 14:11:11.992 T:3552891696 DEBUG: CVideoPlayer::ProcessVideoData size:1902 dts:4.379 pts:4.379 dur:41.708ms, clock:-1.142 level:67
2019-04-28 14:11:11.993 T:3552891696 DEBUG: CVideoPlayer::ProcessVideoData size:13114 dts:4.421 pts:4.546 dur:41.708ms, clock:-1.141 level:68
2019-04-28 14:11:11.993 T:3552891696 DEBUG: CVideoPlayer::ProcessVideoData size:1932 dts:4.463 pts:4.463 dur:41.708ms, clock:-1.141 level:68
2019-04-28 14:11:11.993 T:3552891696 DEBUG: CVideoPlayer::ProcessVideoData size:1783 dts:4.505 pts:4.505 dur:41.708ms, clock:-1.141 level:69
2019-04-28 14:11:11.994 T:3552891696 DEBUG: CVideoPlayer::ProcessVideoData size:13585 dts:4.546 pts:4.671 dur:41.708ms, clock:-1.140 level:69
2019-04-28 14:11:11.994 T:3552891696 DEBUG: CVideoPlayer::ProcessVideoData size:1734 dts:4.588 pts:4.588 dur:41.708ms, clock:-1.140 level:70
2019-04-28 14:11:11.995 T:3552891696 DEBUG: CVideoPlayer::ProcessVideoData size:1692 dts:4.630 pts:4.630 dur:41.708ms, clock:-1.139 level:70
2019-04-28 14:11:11.995 T:3552891696 DEBUG: CVideoPlayer::ProcessVideoData size:12990 dts:4.671 pts:4.796 dur:41.708ms, clock:-1.139 level:71
2019-04-28 14:11:11.996 T:3552891696 DEBUG: CVideoPlayer::ProcessVideoData size:1548 dts:4.713 pts:4.713 dur:41.708ms, clock:-1.138 level:72
2019-04-28 14:11:12.010 T:3552891696 DEBUG: CVideoPlayer::ProcessVideoData size:1448 dts:4.755 pts:4.755 dur:41.708ms, clock:-1.124 level:72
2019-04-28 14:11:12.010 T:3552891696 DEBUG: CVideoPlayer::ProcessVideoData size:12688 dts:4.796 pts:4.922 dur:41.708ms, clock:-1.124 level:72
2019-04-28 14:11:12.011 T:3552891696 DEBUG: CVideoPlayer::ProcessVideoData size:1674 dts:4.838 pts:4.838 dur:41.708ms, clock:-1.123 level:72
2019-04-28 14:11:12.011 T:3552891696 DEBUG: CVideoPlayer::ProcessVideoData size:1542 dts:4.880 pts:4.880 dur:41.708ms, clock:-1.123 level:73
2019-04-28 14:11:12.012 T:3552891696 DEBUG: CVideoPlayer::ProcessVideoData size:13748 dts:4.922 pts:5.047 dur:41.708ms, clock:-1.122 level:73
2019-04-28 14:11:12.012 T:3552891696 DEBUG: CVideoPlayer::ProcessVideoData size:1896 dts:4.963 pts:4.963 dur:41.708ms, clock:-1.122 level:74
2019-04-28 14:11:12.013 T:3552891696 DEBUG: CVideoPlayer::ProcessVideoData size:1869 dts:5.005 pts:5.005 dur:41.708ms, clock:-1.121 level:74
2019-04-28 14:11:12.013 T:3552891696 DEBUG: CVideoPlayer::ProcessVideoData size:14350 dts:5.047 pts:5.172 dur:41.708ms, clock:-1.121 level:75
2019-04-28 14:11:12.014 T:3552891696 DEBUG: CVideoPlayer::ProcessVideoData size:1832 dts:5.088 pts:5.088 dur:41.708ms, clock:-1.120 level:75
2019-04-28 14:11:12.014 T:3552891696 DEBUG: CVideoPlayer::ProcessVideoData size:1792 dts:5.130 pts:5.130 dur:41.708ms, clock:-1.120 level:76
2019-04-28 14:11:12.015 T:3552891696 DEBUG: CVideoPlayer::ProcessVideoData size:14556 dts:5.172 pts:5.297 dur:41.708ms, clock:-1.119 level:76
2019-04-28 14:11:12.016 T:3552891696 DEBUG: CVideoPlayer::ProcessVideoData size:1724 dts:5.214 pts:5.214 dur:41.708ms, clock:-1.118 level:77
2019-04-28 14:11:12.016 T:3552891696 DEBUG: CVideoPlayer::ProcessVideoData size:1932 dts:5.255 pts:5.255 dur:41.708ms, clock:-1.118 level:77
2019-04-28 14:11:12.017 T:3552891696 DEBUG: CVideoPlayer::ProcessVideoData size:13937 dts:5.297 pts:5.422 dur:41.708ms, clock:-1.117 level:78
2019-04-28 14:11:12.017 T:3552891696 DEBUG: CVideoPlayer::ProcessVideoData size:1745 dts:5.339 pts:5.339 dur:41.708ms, clock:-1.117 level:78
2019-04-28 14:11:12.018 T:3552891696 DEBUG: CVideoPlayer::ProcessVideoData size:1625 dts:5.380 pts:5.380 dur:41.708ms, clock:-1.116 level:79
2019-04-28 14:11:12.018 T:3552891696 DEBUG: CVideoPlayer::ProcessVideoData size:13894 dts:5.422 pts:5.547 dur:41.708ms, clock:-1.116 level:79
2019-04-28 14:11:12.019 T:3552891696 DEBUG: CVideoPlayer::ProcessVideoData size:1588 dts:5.464 pts:5.464 dur:41.708ms, clock:-1.115 level:80
2019-04-28 14:11:12.020 T:3552891696 DEBUG: CVideoPlayer::ProcessVideoData size:1424 dts:5.505 pts:5.505 dur:41.708ms, clock:-1.114 level:80
2019-04-28 14:11:12.021 T:3483190064 DEBUG: AddOnLog: InputStream Adaptive: Download http://37.77.187.139/?o=AQG0F3DdPWYFPtDzh_5chH9BrQhEul2HrjDVHbdOBXxPXrLhALoVBVqo4JGu-96zTrCCeEYtZ_pZjFPQxwUvaS8ayjficSrzINSdJjYLaAola8puh1edQFQZZysQoeEnB2pSe8eq7R58dltqJSeJJCreQ422yXx5cjPwB253CrqefElo9qP1Z9vvhPF09ctJPd7Lla_MOPfFBfKaX-MR2w&v=3&e=1556500266&t=k4ZG6LTuZ0yxHWiSxmrNN0jPzhg finished, avg speed: 4458272.64byte/s, current speed: 3552709.00byte/s
2019-04-28 14:11:12.021 T:3552891696 DEBUG: CVideoPlayer::ProcessVideoData size:12919 dts:5.547 pts:5.672 dur:41.708ms, clock:-1.113 level:81
2019-04-28 14:11:12.021 T:3552891696 DEBUG: CVideoPlayer::ProcessVideoData size:1407 dts:5.589 pts:5.589 dur:41.708ms, clock:-1.113 level:81
2019-04-28 14:11:12.022 T:3552891696 DEBUG: CVideoPlayer::ProcessVideoData size:1398 dts:5.631 pts:5.631 dur:41.708ms, clock:-1.112 level:82
2019-04-28 14:11:12.022 T:3552891696 DEBUG: CVideoPlayer::ProcessVideoData size:12354 dts:5.672 pts:5.797 dur:41.708ms, clock:-1.112 level:82
2019-04-28 14:11:12.022 T:3552891696 DEBUG: CVideoPlayer::ProcessVideoData size:1107 dts:5.714 pts:5.714 dur:41.708ms, clock:-1.112 level:83
2019-04-28 14:11:12.023 T:3552891696 DEBUG: CVideoPlayer::ProcessVideoData size:995 dts:5.756 pts:5.756 dur:41.708ms, clock:-1.111 level:84
2019-04-28 14:11:12.023 T:3552891696 DEBUG: CVideoPlayer::ProcessVideoData size:11642 dts:5.797 pts:5.923 dur:41.708ms, clock:-1.111 level:84
2019-04-28 14:11:12.024 T:3552891696 DEBUG: CVideoPlayer::ProcessVideoData size:1039 dts:5.839 pts:5.839 dur:41.708ms, clock:-1.110 level:85
2019-04-28 14:11:12.024 T:3552891696 DEBUG: CVideoPlayer::ProcessVideoData size:994 dts:5.881 pts:5.881 dur:41.708ms, clock:-1.110 level:85
2019-04-28 14:11:12.024 T:3552891696 DEBUG: CVideoPlayer::ProcessVideoData size:1286 dts:5.923 pts:6.006 dur:41.708ms, clock:-1.110 level:86
2019-04-28 14:11:12.025 T:3483190064 DEBUG: CurlFile::ParseAndCorrectUrl() adding custom header option 'Range: bytes=931071-1215545'
2019-04-28 14:11:12.026 T:3483190064 DEBUG: CurlFile::ParseAndCorrectUrl() adding custom header option 'connection: keep-alive'
2019-04-28 14:11:12.026 T:3483190064 DEBUG: CurlFile::Open(0xe5b14460) http://37.77.187.139/?o=AQG0F3DdPWYFPtDzh_5chH9BrQhEul2HrjDVHbdOBXxPXrLhALoVBVqo4JGu-96zTrCCeEYtZ_pZjFPQxwUvaS8ayjficSrzINSdJjYLaAola8puh1edQFQZZysQoeEnB2pSe8eq7R58dltqJSeJJCreQ422yXx5cjPwB253CrqefElo9qP1Z9vvhPF09ctJPd7Lla_MOPfFBfKaX-MR2w&v=3&e=1556500266&t=k4ZG6LTuZ0yxHWiSxmrNN0jPzhg
2019-04-28 14:11:12.066 T:3552891696 DEBUG: CVideoPlayer::ProcessVideoData size:1071 dts:5.964 pts:5.964 dur:41.708ms, clock:-1.068 level:86
2019-04-28 14:11:12.067 T:3466404656 DEBUG: CurlFile::ParseAndCorrectUrl() adding custom header option 'Range: bytes=185012-209292'
2019-04-28 14:11:12.067 T:3466404656 DEBUG: CurlFile::ParseAndCorrectUrl() adding custom header option 'connection: keep-alive'
2019-04-28 14:11:12.067 T:3466404656 DEBUG: CurlFile::Open(0xd83dd790) http://195.8.12.225/?o=AQG0F3DdPWYFPtD7g_1di3tBqwxS_UeZonmJQ_pKVzQcULPnB69XXASq5Ziq58b4GP2JYBxpAedHq1f_xDENZzx5lz7IVgaMTtOIIUBYI1QVfPBD8yyyb3EmegEVsvViRH0df8C5sBMMeTJ0LxTnOznFHc2z0nl1ajPiXS85F6SCKBY6v_GjYMz-lO4o5MEXJOCZxoHPMqCOCuPbUw&v=3&e=1556500266&t=5I15dcz3LFKq_5lZ5sbUXGN16lA
2019-04-28 14:11:12.088 T:3466404656 DEBUG: AddOnLog: InputStream Adaptive: Download http://195.8.12.225/?o=AQG0F3DdPWYFPtD7g_1di3tBqwxS_UeZonmJQ_pKVzQcULPnB69XXASq5Ziq58b4GP2JYBxpAedHq1f_xDENZzx5lz7IVgaMTtOIIUBYI1QVfPBD8yyyb3EmegEVsvViRH0df8C5sBMMeTJ0LxTnOznFHc2z0nl1ajPiXS85F6SCKBY6v_GjYMz-lO4o5MEXJOCZxoHPMqCOCuPbUw&v=3&e=1556500266&t=5I15dcz3LFKq_5lZ5sbUXGN16lA finished, avg speed: 4383148.88byte/s, current speed: 1214050.00byte/s
2019-04-28 14:11:12.089 T:3552891696 DEBUG: CVideoPlayer::ProcessVideoData size:52954 dts:6.006 pts:6.048 dur:41.708ms, clock:-1.045 level:87
2019-04-28 14:11:12.089 T:3552891696 DEBUG: CVideoPlayer::ProcessVideoData size:7088 dts:6.048 pts:6.131 dur:41.708ms, clock:-1.045 level:86
2019-04-28 14:11:12.090 T:3552891696 DEBUG: CVideoPlayer::ProcessVideoData size:1054 dts:6.089 pts:6.089 dur:41.708ms, clock:-1.044 level:87
2019-04-28 14:11:12.090 T:3552891696 DEBUG: CVideoPlayer::ProcessVideoData size:10464 dts:6.131 pts:6.215 dur:41.708ms, clock:-1.044 level:87
2019-04-28 14:11:12.091 T:3552891696 DEBUG: CVideoPlayer::ProcessVideoData size:1099 dts:6.173 pts:6.173 dur:41.708ms, clock:-1.043 level:88
2019-04-28 14:11:12.091 T:3552891696 DEBUG: CVideoPlayer::ProcessVideoData size:11314 dts:6.215 pts:6.340 dur:41.708ms, clock:-1.043 level:88
2019-04-28 14:11:12.092 T:3552891696 DEBUG: CVideoPlayer::ProcessVideoData size:1073 dts:6.256 pts:6.256 dur:41.708ms, clock:-1.042 level:89
2019-04-28 14:11:12.092 T:3552891696 DEBUG: CVideoPlayer::ProcessVideoData size:1153 dts:6.298 pts:6.298 dur:41.708ms, clock:-1.042 level:89
2019-04-28 14:11:12.092 T:3552891696 DEBUG: CVideoPlayer::ProcessVideoData size:11230 dts:6.340 pts:6.465 dur:41.708ms, clock:-1.042 level:90
2019-04-28 14:11:12.093 T:3552891696 DEBUG: CVideoPlayer::ProcessVideoData size:1257 dts:6.381 pts:6.381 dur:41.708ms, clock:-1.041 level:90
2019-04-28 14:11:12.093 T:3552891696 DEBUG: CVideoPlayer::ProcessVideoData size:1313 dts:6.423 pts:6.423 dur:41.708ms, clock:-1.041 level:91
2019-04-28 14:11:12.094 T:3552891696 DEBUG: CVideoPlayer::ProcessVideoData size:11524 dts:6.465 pts:6.590 dur:41.708ms, clock:-1.040 level:91
2019-04-28 14:11:12.094 T:3552891696 DEBUG: CVideoPlayer::ProcessVideoData size:1220 dts:6.506 pts:6.506 dur:41.708ms, clock:-1.040 level:92
2019-04-28 14:11:12.095 T:3552891696 DEBUG: CVideoPlayer::ProcessVideoData size:1131 dts:6.548 pts:6.548 dur:41.708ms, clock:-1.039 level:92
2019-04-28 14:11:12.095 T:3552891696 DEBUG: CVideoPlayer::ProcessVideoData size:11216 dts:6.590 pts:6.715 dur:41.708ms, clock:-1.039 level:93
2019-04-28 14:11:12.096 T:3552891696 DEBUG: CVideoPlayer::ProcessVideoData size:1113 dts:6.632 pts:6.632 dur:41.708ms, clock:-1.038 level:93
2019-04-28 14:11:12.096 T:3552891696 DEBUG: CVideoPlayer::ProcessVideoData size:1125 dts:6.673 pts:6.673 dur:41.708ms, clock:-1.038 level:94
2019-04-28 14:11:12.097 T:3552891696 DEBUG: CVideoPlayer::ProcessVideoData size:10774 dts:6.715 pts:6.798 dur:41.708ms, clock:-1.037 level:95
2019-04-28 14:11:12.097 T:3552891696 DEBUG: CVideoPlayer::ProcessVideoData size:1243 dts:6.757 pts:6.757 dur:41.708ms, clock:-1.037 level:95
2019-04-28 14:11:12.098 T:3552891696 DEBUG: CVideoPlayer::ProcessVideoData size:11426 dts:6.798 pts:6.924 dur:41.708ms, clock:-1.036 level:96
2019-04-28 14:11:12.098 T:3483190064 DEBUG: AddOnLog: InputStream Adaptive: Download http://37.77.187.139/?o=AQG0F3DdPWYFPtDzh_5chH9BrQhEul2HrjDVHbdOBXxPXrLhALoVBVqo4JGu-96zTrCCeEYtZ_pZjFPQxwUvaS8ayjficSrzINSdJjYLaAola8puh1edQFQZZysQoeEnB2pSe8eq7R58dltqJSeJJCreQ422yXx5cjPwB253CrqefElo9qP1Z9vvhPF09ctJPd7Lla_MOPfFBfKaX-MR2w&v=3&e=1556500266&t=k4ZG6LTuZ0yxHWiSxmrNN0jPzhg finished, avg speed: 4265919.53byte/s, current speed: 3951041.00byte/s
2019-04-28 14:11:12.098 T:3552891696 DEBUG: CVideoPlayer::ProcessVideoData size:1138 dts:6.840 pts:6.840 dur:41.708ms, clock:-1.036 level:96
2019-04-28 14:11:12.099 T:3552891696 DEBUG: CVideoPlayer::ProcessVideoData size:1110 dts:6.882 pts:6.882 dur:41.708ms, clock:-1.035 level:97
2019-04-28 14:11:12.099 T:3552891696 DEBUG: CVideoPlayer::ProcessVideoData size:11414 dts:6.924 pts:7.007 dur:41.708ms, clock:-1.035 level:97
2019-04-28 14:11:12.100 T:3552891696 DEBUG: CVideoPlayer::ProcessVideoData size:1304 dts:6.965 pts:6.965 dur:41.708ms, clock:-1.034 level:98
2019-04-28 14:11:12.100 T:3552891696 DEBUG: CVideoPlayer::ProcessVideoData size:13450 dts:7.007 pts:7.132 dur:41.708ms, clock:-1.034 level:98
2019-04-28 14:11:12.101 T:3552891696 DEBUG: CVideoPlayer::ProcessVideoData size:1278 dts:7.049 pts:7.049 dur:41.708ms, clock:-1.033 level:99
2019-04-28 14:11:12.101 T:3552891696 DEBUG: CVideoPlayer::ProcessVideoData size:1296 dts:7.090 pts:7.090 dur:41.708ms, clock:-1.033 level:99
2019-04-28 14:11:12.102 T:3552891696 DEBUG: CVideoPlayer::ProcessVideoData size:12640 dts:7.132 pts:7.257 dur:41.708ms, clock:-1.032 level:100
2019-04-28 14:11:12.102 T:3552891696 DEBUG: CVideoPlayer::ProcessVideoData size:1193 dts:7.174 pts:7.174 dur:41.708ms, clock:-1.032 level:100
2019-04-28 14:11:12.103 T:3552891696 DEBUG: CVideoPlayer::ProcessVideoData size:1102 dts:7.216 pts:7.216 dur:41.708ms, clock:-1.031 level:101
2019-04-28 14:11:12.103 T:3552891696 DEBUG: CVideoPlayer::ProcessVideoData size:12432 dts:7.257 pts:7.382 dur:41.708ms, clock:-1.031 level:101
2019-04-28 14:11:12.103 T:3552891696 DEBUG: CVideoPlayer::ProcessVideoData size:1150 dts:7.299 pts:7.299 dur:41.708ms, clock:-1.031 level:102
2019-04-28 14:11:12.104 T:3552891696 DEBUG: CVideoPlayer::ProcessVideoData size:1164 dts:7.341 pts:7.341 dur:41.708ms, clock:-1.030 level:102
2019-04-28 14:11:12.104 T:3552891696 DEBUG: CVideoPlayer::ProcessVideoData size:12514 dts:7.382 pts:7.508 dur:41.708ms, clock:-1.030 level:103
2019-04-28 14:11:12.105 T:3552891696 DEBUG: CVideoPlayer::ProcessVideoData size:1105 dts:7.424 pts:7.424 dur:41.708ms, clock:-1.029 level:103
2019-04-28 14:11:12.105 T:3552891696 DEBUG: CVideoPlayer::ProcessVideoData size:1064 dts:7.466 pts:7.466 dur:41.708ms, clock:-1.029 level:104
2019-04-28 14:11:12.106 T:3552891696 DEBUG: CVideoPlayer::ProcessVideoData size:12629 dts:7.508 pts:7.633 dur:41.708ms, clock:-1.028 level:104
2019-04-28 14:11:12.106 T:3552891696 DEBUG: CVideoPlayer::ProcessVideoData size:1144 dts:7.549 pts:7.549 dur:41.708ms, clock:-1.028 level:105
2019-04-28 14:11:12.107 T:3552891696 DEBUG: CVideoPlayer::ProcessVideoData size:1029 dts:7.591 pts:7.591 dur:41.708ms, clock:-1.027 level:105
2019-04-28 14:11:12.107 T:3552891696 DEBUG: CVideoPlayer::ProcessVideoData size:11681 dts:7.633 pts:7.758 dur:41.708ms, clock:-1.027 level:106
2019-04-28 14:11:12.108 T:3552891696 DEBUG: CVideoPlayer::ProcessVideoData size:1055 dts:7.674 pts:7.674 dur:41.708ms, clock:-1.026 level:107
2019-04-28 14:11:12.108 T:3552891696 DEBUG: CVideoPlayer::ProcessVideoData size:1060 dts:7.716 pts:7.716 dur:41.708ms, clock:-1.026 level:107
2019-04-28 14:11:12.109 T:3552891696 DEBUG: CVideoPlayer::ProcessVideoData size:12298 dts:7.758 pts:7.883 dur:41.708ms, clock:-1.025 level:108
2019-04-28 14:11:12.109 T:3552891696 DEBUG: CVideoPlayer::ProcessVideoData size:1025 dts:7.799 pts:7.799 dur:41.708ms, clock:-1.025 level:108
2019-04-28 14:11:12.109 T:3552891696 DEBUG: CVideoPlayer::ProcessVideoData size:975 dts:7.841 pts:7.841 dur:41.708ms, clock:-1.025 level:109
2019-04-28 14:11:12.110 T:3552891696 DEBUG: CVideoPlayer::ProcessVideoData size:11558 dts:7.883 pts:8.008 dur:41.708ms, clock:-1.024 level:109
2019-04-28 14:11:12.110 T:3552891696 DEBUG: CVideoPlayer::ProcessVideoData size:1032 dts:7.925 pts:7.925 dur:41.708ms, clock:-1.024 level:110
2019-04-28 14:11:12.111 T:3483190064 DEBUG: CurlFile::ParseAndCorrectUrl() adding custom header option 'Range: bytes=1215546-1468056'
2019-04-28 14:11:12.112 T:3483190064 DEBUG: CurlFile::ParseAndCorrectUrl() adding custom header option 'connection: keep-alive'
2019-04-28 14:11:12.112 T:3483190064 DEBUG: CurlFile::Open(0xe5b55038) http://37.77.187.139/?o=AQG0F3DdPWYFPtDzh_5chH9BrQhEul2HrjDVHbdOBXxPXrLhALoVBVqo4JGu-96zTrCCeEYtZ_pZjFPQxwUvaS8ayjficSrzINSdJjYLaAola8puh1edQFQZZysQoeEnB2pSe8eq7R58dltqJSeJJCreQ422yXx5cjPwB253CrqefElo9qP1Z9vvhPF09ctJPd7Lla_MOPfFBfKaX-MR2w&v=3&e=1556500266&t=k4ZG6LTuZ0yxHWiSxmrNN0jPzhg
2019-04-28 14:11:12.155 T:3552891696 DEBUG: CVideoPlayer::ProcessVideoData size:991 dts:7.966 pts:7.966 dur:41.708ms, clock:-0.979 level:110
2019-04-28 14:11:12.156 T:3466404656 DEBUG: CurlFile::ParseAndCorrectUrl() adding custom header option 'Range: bytes=209293-233895'
2019-04-28 14:11:12.156 T:3466404656 DEBUG: CurlFile::ParseAndCorrectUrl() adding custom header option 'connection: keep-alive'
2019-04-28 14:11:12.156 T:3466404656 DEBUG: CurlFile::Open(0xd7a3bcf8) http://195.8.12.225/?o=AQG0F3DdPWYFPtD7g_1di3tBqwxS_UeZonmJQ_pKVzQcULPnB69XXASq5Ziq58b4GP2JYBxpAedHq1f_xDENZzx5lz7IVgaMTtOIIUBYI1QVfPBD8yyyb3EmegEVsvViRH0df8C5sBMMeTJ0LxTnOznFHc2z0nl1ajPiXS85F6SCKBY6v_GjYMz-lO4o5MEXJOCZxoHPMqCOCuPbUw&v=3&e=1556500266&t=5I15dcz3LFKq_5lZ5sbUXGN16lA
2019-04-28 14:11:12.170 T:3483190064 DEBUG: AddOnLog: InputStream Adaptive: Download http://37.77.187.139/?o=AQG0F3DdPWYFPtDzh_5chH9BrQhEul2HrjDVHbdOBXxPXrLhALoVBVqo4JGu-96zTrCCeEYtZ_pZjFPQxwUvaS8ayjficSrzINSdJjYLaAola8puh1edQFQZZysQoeEnB2pSe8eq7R58dltqJSeJJCreQ422yXx5cjPwB253CrqefElo9qP1Z9vvhPF09ctJPd7Lla_MOPfFBfKaX-MR2w&v=3&e=1556500266&t=k4ZG6LTuZ0yxHWiSxmrNN0jPzhg finished, avg speed: 4287043.06byte/s, current speed: 4353637.00byte/s
2019-04-28 14:11:12.172 T:3466404656 DEBUG: AddOnLog: InputStream Adaptive: Download http://195.8.12.225/?o=AQG0F3DdPWYFPtD7g_1di3tBqwxS_UeZonmJQ_pKVzQcULPnB69XXASq5Ziq58b4GP2JYBxpAedHq1f_xDENZzx5lz7IVgaMTtOIIUBYI1QVfPBD8yyyb3EmegEVsvViRH0df8C5sBMMeTJ0LxTnOznFHc2z0nl1ajPiXS85F6SCKBY6v_GjYMz-lO4o5MEXJOCZxoHPMqCOCuPbUw&v=3&e=1556500266&t=5I15dcz3LFKq_5lZ5sbUXGN16lA finished, avg speed: 4224939.52byte/s, current speed: 1640200.00byte/s
2019-04-28 14:11:12.173 T:3552891696 DEBUG: CVideoPlayer::ProcessVideoData size:47607 dts:8.008 pts:8.050 dur:41.708ms, clock:-0.961 level:111
2019-04-28 14:11:12.173 T:3552891696 DEBUG: CVideoPlayer::ProcessVideoData size:8636 dts:8.050 pts:8.175 dur:41.708ms, clock:-0.961 level:110
2019-04-28 14:11:12.174 T:3552891696 DEBUG: CVideoPlayer::ProcessVideoData size:924 dts:8.091 pts:8.091 dur:41.708ms, clock:-0.960 level:111
2019-04-28 14:11:12.175 T:3552891696 DEBUG: CVideoPlayer::ProcessVideoData size:1000 dts:8.133 pts:8.133 dur:41.708ms, clock:-0.959 level:111
2019-04-28 14:11:12.175 T:3552891696 DEBUG: CVideoPlayer::ProcessVideoData size:11178 dts:8.175 pts:8.300 dur:41.708ms, clock:-0.959 level:112
2019-04-28 14:11:12.175 T:3552891696 DEBUG: CVideoPlayer::ProcessVideoData size:1066 dts:8.217 pts:8.217 dur:41.708ms, clock:-0.959 level:112
2019-04-28 14:11:12.176 T:3552891696 DEBUG: CVideoPlayer::ProcessVideoData size:1223 dts:8.258 pts:8.258 dur:41.708ms, clock:-0.958 level:113
2019-04-28 14:11:12.176 T:3552891696 DEBUG: CVideoPlayer::ProcessVideoData size:12216 dts:8.300 pts:8.425 dur:41.708ms, clock:-0.958 level:113
2019-04-28 14:11:12.177 T:3552891696 DEBUG: CVideoPlayer::ProcessVideoData size:1107 dts:8.342 pts:8.342 dur:41.708ms, clock:-0.957 level:114
2019-04-28 14:11:12.177 T:3552891696 DEBUG: CVideoPlayer::ProcessVideoData size:1002 dts:8.383 pts:8.383 dur:41.708ms, clock:-0.957 level:114
2019-04-28 14:11:12.178 T:3552891696 DEBUG: CVideoPlayer::ProcessVideoData size:11569 dts:8.425 pts:8.550 dur:41.708ms, clock:-0.956 level:115
2019-04-28 14:11:12.178 T:3552891696 DEBUG: CVideoPlayer::ProcessVideoData size:1041 dts:8.467 pts:8.467 dur:41.708ms, clock:-0.956 level:115
2019-04-28 14:11:12.179 T:3552891696 DEBUG: CVideoPlayer::ProcessVideoData size:1017 dts:8.508 pts:8.508 dur:41.708ms, clock:-0.955 level:116
2019-04-28 14:11:12.179 T:3552891696 DEBUG: CVideoPlayer::ProcessVideoData size:11997 dts:8.550 pts:8.675 dur:41.708ms, clock:-0.955 level:116
2019-04-28 14:11:12.180 T:3552891696 DEBUG: CVideoPlayer::ProcessVideoData size:1030 dts:8.592 pts:8.592 dur:41.708ms, clock:-0.954 level:117
2019-04-28 14:11:12.180 T:3552891696 DEBUG: CVideoPlayer::ProcessVideoData size:1023 dts:8.634 pts:8.634 dur:41.708ms, clock:-0.954 level:118
2019-04-28 14:11:12.180 T:3552891696 DEBUG: CVideoPlayer::ProcessVideoData size:11467 dts:8.675 pts:8.800 dur:41.708ms, clock:-0.954 level:118
2019-04-28 14:11:12.457 T:3885310768 WARNING: CRenderManager::WaitForBuffer - timeout waiting for buffer
2019-04-28 14:11:12.457 T:3885310768 DEBUG: CVideoPlayerVideo::OutputPicture - ttd:1593ms pts:0.417 Clock:-1.176 Level:-1 elapsed:499.526ms
2019-04-28 14:11:12.486 T:3785339696 DEBUG: [plugin.video.netflix (0)] Executing JSON-RPC: {"params": {"playerid": 1, "properties": ["audiostreams", "currentaudiostream", "subtitles", "currentsubtitle", "subtitleenabled", "percentage", "time"]}, "jsonrpc": "2.0", "method": "Player.GetProperties", "id": 1}
2019-04-28 14:11:12.489 T:3785339696 DEBUG: [plugin.video.netflix (0)] Notifying all managers of on_tick (data={u'currentaudiostream': {u'index': 0, u'name': u'AAC ', u'language': u'eng', u'channels': 2, u'codec': u'aac', u'bitrate': 98304}, u'elapsed_seconds': 0, u'time': {u'hours': 0, u'seconds': 0, u'minutes': 0, u'milliseconds': -689}, u'subtitleenabled': True, u'percentage': 0.0, u'currentsubtitle': {u'index': 0, u'name': u'', u'language': u'eng'}, u'audiostreams': [{u'index': 0, u'name': u'AAC ', u'language': u'eng', u'channels': 2, u'codec': u'aac', u'bitrate': 98304}, {u'index': 1, u'name': u'AAC ', u'language': u'spa', u'channels': 2, u'codec': u'aac', u'bitrate': 98304}, {u'index': 2, u'name': u'AAC ', u'language': u'fre', u'channels': 2, u'codec': u'aac', u'bitrate': 98304}, {u'index': 3, u'name': u'AAC ', u'language': u'por', u'channels': 2, u'codec': u'aac', u'bitrate': 98304}], u'subtitles': [{u'index': 0, u'name': u'', u'language': u'eng'}, {u'index': 1, u'name': u'', u'language': u'spa'}, {u'index': 2, u'name': u'', u'language': u'spa'}, {u'index': 3, u'name': u'', u'language': u'fre'}, {u'index': 4, u'name': u'', u'language': u'por'}, {u'index': 5, u'name': u'', u'language': u'por'}]})
2019-04-28 14:11:12.857 T:4066362160 DEBUG: ActiveAE::SyncStream - average error 0.598416, last average error: 975.563583
2019-04-28 14:11:12.959 T:3885310768 WARNING: CRenderManager::WaitForBuffer - timeout waiting for buffer
2019-04-28 14:11:12.959 T:3885310768 DEBUG: CVideoPlayerVideo::OutputPicture - ttd:1092ms pts:0.417 Clock:-0.675 Level:-1 elapsed:500.172ms
2019-04-28 14:11:13.027 T:4066362160 DEBUG: ActiveAE::SyncStream - average error of -42.350063, start adjusting
2019-04-28 14:11:13.028 T:4066362160 DEBUG: ActiveAE::SyncStream - average error -0.016730 below threshold of 30.000000
2019-04-28 14:11:13.052 T:3576222512 DEBUG: CWebServer[8080]: request received for /jsonrpc
2019-04-28 14:11:13.154 T:3885310768 DEBUG: Previous line repeats 3 times.
2019-04-28 14:11:13.154 T:3885310768 DEBUG: CVideoPlayerVideo::OutputPicture - ttd:591ms pts:0.417 Clock:-0.174 Level:6 elapsed:194.137ms
2019-04-28 14:11:13.158 T:3552891696 DEBUG: CVideoPlayer::ProcessVideoData size:1045 dts:8.717 pts:8.717 dur:41.708ms, clock:0.024 level:107
2019-04-28 14:11:13.196 T:3885310768 DEBUG: CVideoPlayerVideo::OutputPicture - ttd:437ms pts:0.459 Clock:0.022 Level:6 elapsed:39.894ms
2019-04-28 14:11:13.199 T:3552891696 DEBUG: CVideoPlayer::ProcessVideoData size:961 dts:8.759 pts:8.759 dur:41.708ms, clock:0.065 level:107
2019-04-28 14:11:13.237 T:3885310768 DEBUG: CVideoPlayerVideo::OutputPicture - ttd:435ms pts:0.500 Clock:0.065 Level:6 elapsed:38.043ms
2019-04-28 14:11:13.240 T:3552891696 DEBUG: CVideoPlayer::ProcessVideoData size:11912 dts:8.800 pts:8.926 dur:41.708ms, clock:0.106 level:107
2019-04-28 14:11:13.279 T:3885310768 DEBUG: CVideoPlayerVideo::OutputPicture - ttd:437ms pts:0.542 Clock:0.105 Level:6 elapsed:39.777ms
2019-04-28 14:11:13.281 T:3552891696 DEBUG: CVideoPlayer::ProcessVideoData size:996 dts:8.842 pts:8.842 dur:41.708ms, clock:0.147 level:107
2019-04-28 14:11:13.284 T:3458011952 DEBUG: CVideoPlayerAudio - CDVDMsg::GENERAL_PAUSE: 1
2019-04-28 14:11:13.284 T:3458011952 DEBUG: CVideoPlayerAudio - CDVDMsg::GENERAL_PAUSE: 0
2019-04-28 14:11:13.321 T:3885310768 DEBUG: CVideoPlayerVideo::OutputPicture - ttd:437ms pts:0.584 Clock:0.147 Level:6 elapsed:40.047ms
2019-04-28 14:11:13.332 T:3552891696 DEBUG: CVideoPlayer::ProcessVideoData size:1018 dts:8.884 pts:8.884 dur:41.708ms, clock:0.198 level:107
2019-04-28 14:11:13.362 T:3885310768 DEBUG: CVideoPlayerVideo::OutputPicture - ttd:436ms pts:0.626 Clock:0.189 Level:6 elapsed:38.908ms
2019-04-28 14:11:13.373 T:3552891696 DEBUG: CVideoPlayer::ProcessVideoData size:11268 dts:8.926 pts:9.051 dur:41.708ms, clock:0.239 level:107
2019-04-28 14:11:13.404 T:3885310768 DEBUG: CVideoPlayerVideo::OutputPicture - ttd:437ms pts:0.667 Clock:0.230 Level:6 elapsed:39.929ms
2019-04-28 14:11:13.414 T:3552891696 DEBUG: CVideoPlayer::ProcessVideoData size:993 dts:8.967 pts:8.967 dur:41.708ms, clock:0.280 level:107
2019-04-28 14:11:13.487 T:3885310768 DEBUG: CVideoPlayerVideo::OutputPicture - ttd:436ms pts:0.709 Clock:0.272 Level:6 elapsed:81.051ms
2019-04-28 14:11:13.490 T:3785339696 DEBUG: [plugin.video.netflix (0)] Executing JSON-RPC: {"params": {"playerid": 1, "properties": ["audiostreams", "currentaudiostream", "subtitles", "currentsubtitle", "subtitleenabled", "percentage", "time"]}, "jsonrpc": "2.0", "method": "Player.GetProperties", "id": 1}
2019-04-28 14:11:13.492 T:3785339696 DEBUG: [plugin.video.netflix (0)] Notifying all managers of on_tick (data={u'currentaudiostream': {u'index': 0, u'name': u'AAC ', u'language': u'eng', u'channels': 2, u'codec': u'aac', u'bitrate': 98304}, u'elapsed_seconds': 0, u'time': {u'hours': 0, u'seconds': 0, u'minutes': 0, u'milliseconds': 196}, u'subtitleenabled': True, u'percentage': 0.0038243902381509542, u'currentsubtitle': {u'index': 0, u'name': u'', u'language': u'eng'}, u'audiostreams': [{u'index': 0, u'name': u'AAC ', u'language': u'eng', u'channels': 2, u'codec': u'aac', u'bitrate': 98304}, {u'index': 1, u'name': u'AAC ', u'language': u'spa', u'channels': 2, u'codec': u'aac', u'bitrate': 98304}, {u'index': 2, u'name': u'AAC ', u'language': u'fre', u'channels': 2, u'codec': u'aac', u'bitrate': 98304}, {u'index': 3, u'name': u'AAC ', u'language': u'por', u'channels': 2, u'codec': u'aac', u'bitrate': 98304}], u'subtitles': [{u'index': 0, u'name': u'', u'language': u'eng'}, {u'index': 1, u'name': u'', u'language': u'spa'}, {u'index': 2, u'name': u'', u'language': u'spa'}, {u'index': 3, u'name': u'', u'language': u'fre'}, {u'index': 4, u'name': u'', u'language': u'por'}, {u'index': 5, u'name': u'', u'language': u'por'}]})
2019-04-28 14:11:13.495 T:3552891696 DEBUG: CVideoPlayer::ProcessVideoData size:1066 dts:9.009 pts:9.009 dur:41.708ms, clock:0.361 level:106
2019-04-28 14:11:13.529 T:3885310768 DEBUG: CVideoPlayerVideo::OutputPicture - ttd:393ms pts:0.751 Clock:0.357 Level:6 elapsed:37.754ms
2019-04-28 14:11:13.536 T:3552891696 DEBUG: CVideoPlayer::ProcessVideoData size:11904 dts:9.051 pts:9.176 dur:41.708ms, clock:0.402 level:106
2019-04-28 14:11:13.571 T:3885310768 DEBUG: CVideoPlayerVideo::OutputPicture - ttd:393ms pts:0.792 Clock:0.399 Level:6 elapsed:37.120ms
2019-04-28 14:11:13.577 T:3552891696 DEBUG: CVideoPlayer::ProcessVideoData size:1014 dts:9.092 pts:9.092 dur:41.708ms, clock:0.443 level:106
2019-04-28 14:11:13.613 T:3885310768 DEBUG: CVideoPlayerVideo::OutputPicture - ttd:391ms pts:0.834 Clock:0.442 Level:6 elapsed:36.208ms
2019-04-28 14:11:13.618 T:3552891696 DEBUG: CVideoPlayer::ProcessVideoData size:1036 dts:9.134 pts:9.134 dur:41.708ms, clock:0.484 level:107
2019-04-28 14:11:13.654 T:3885310768 DEBUG: CVideoPlayerVideo::OutputPicture - ttd:393ms pts:0.876 Clock:0.482 Level:6 elapsed:37.880ms
2019-04-28 14:11:13.659 T:3552891696 DEBUG: CVideoPlayer::ProcessVideoData size:11069 dts:9.176 pts:9.301 dur:41.708ms, clock:0.525 level:106
2019-04-28 14:11:13.696 T:3885310768 DEBUG: CVideoPlayerVideo::OutputPicture - ttd:391ms pts:0.918 Clock:0.526 Level:6 elapsed:35.972ms
2019-04-28 14:11:13.700 T:3552891696 DEBUG: CVideoPlayer::ProcessVideoData size:1070 dts:9.218 pts:9.218 dur:41.708ms, clock:0.566 level:107
2019-04-28 14:11:13.738 T:3885310768 DEBUG: CVideoPlayerVideo::OutputPicture - ttd:392ms pts:0.959 Clock:0.567 Level:6 elapsed:37.264ms
2019-04-28 14:11:13.741 T:3552891696 DEBUG: CVideoPlayer::ProcessVideoData size:1001 dts:9.259 pts:9.259 dur:41.708ms, clock:0.607 level:106
2019-04-28 14:11:13.779 T:3885310768 DEBUG: CVideoPlayerVideo::OutputPicture - ttd:390ms pts:1.001 Clock:0.611 Level:6 elapsed:34.332ms
2019-04-28 14:11:13.782 T:3552891696 DEBUG: CVideoPlayer::ProcessVideoData size:11904 dts:9.301 pts:9.426 dur:41.708ms, clock:0.648 level:107
2019-04-28 14:11:13.821 T:3885310768 DEBUG: CVideoPlayerVideo::OutputPicture - ttd:393ms pts:1.043 Clock:0.649 Level:6 elapsed:37.984ms
2019-04-28 14:11:13.823 T:3552891696 DEBUG: CVideoPlayer::ProcessVideoData size:1124 dts:9.343 pts:9.343 dur:41.708ms, clock:0.689 level:106
2019-04-28 14:11:13.862 T:3885310768 DEBUG: CVideoPlayerVideo::OutputPicture - ttd:393ms pts:1.084 Clock:0.691 Level:6 elapsed:37.276ms
2019-04-28 14:11:13.874 T:3552891696 DEBUG: CVideoPlayer::ProcessVideoData size:951 dts:9.384 pts:9.384 dur:41.708ms, clock:0.740 level:106
2019-04-28 14:11:13.905 T:3885310768 DEBUG: CVideoPlayerVideo::OutputPicture - ttd:392ms pts:1.126 Clock:0.734 Level:6 elapsed:36.538ms
2019-04-28 14:11:13.915 T:3552891696 DEBUG: CVideoPlayer::ProcessVideoData size:11761 dts:9.426 pts:9.551 dur:41.708ms, clock:0.781 level:107
2019-04-28 14:11:13.946 T:3885310768 DEBUG: CVideoPlayerVideo::OutputPicture - ttd:393ms pts:1.168 Clock:0.774 Level:6 elapsed:37.829ms
2019-04-28 14:11:13.955 T:3552891696 DEBUG: CVideoPlayer::ProcessVideoData size:984 dts:9.468 pts:9.468 dur:41.708ms, clock:0.821 level:106
2019-04-28 14:11:13.987 T:3885310768 DEBUG: CVideoPlayerVideo::OutputPicture - ttd:392ms pts:1.210 Clock:0.817 Level:6 elapsed:36.028ms
2019-04-28 14:11:13.996 T:3552891696 DEBUG: CVideoPlayer::ProcessVideoData size:982 dts:9.509 pts:9.509 dur:41.708ms, clock:0.862 level:107
2019-04-28 14:11:14.030 T:3885310768 DEBUG: CVideoPlayerVideo::OutputPicture - ttd:394ms pts:1.251 Clock:0.857 Level:6 elapsed:38.590ms
2019-04-28 14:11:14.037 T:3552891696 DEBUG: CVideoPlayer::ProcessVideoData size:11353 dts:9.551 pts:9.676 dur:41.708ms, clock:0.903 level:106
2019-04-28 14:11:14.071 T:3885310768 DEBUG: CVideoPlayerVideo::OutputPicture - ttd:391ms pts:1.293 Clock:0.902 Level:6 elapsed:35.110ms
2019-04-28 14:11:14.078 T:3552891696 DEBUG: CVideoPlayer::ProcessVideoData size:956 dts:9.593 pts:9.593 dur:41.708ms, clock:0.944 level:107
2019-04-28 14:11:14.113 T:3885310768 DEBUG: CVideoPlayerVideo::OutputPicture - ttd:395ms pts:1.335 Clock:0.940 Level:6 elapsed:39.325ms
2019-04-28 14:11:14.119 T:3552891696 DEBUG: CVideoPlayer::ProcessVideoData size:1042 dts:9.635 pts:9.635 dur:41.708ms, clock:0.985 level:106
2019-04-28 14:11:14.154 T:3885310768 DEBUG: CVideoPlayerVideo::OutputPicture - ttd:390ms pts:1.376 Clock:0.986 Level:6 elapsed:34.287ms
2019-04-28 14:11:14.160 T:3552891696 DEBUG: CVideoPlayer::ProcessVideoData size:11468 dts:9.676 pts:9.801 dur:41.708ms, clock:1.026 level:107
2019-04-28 14:11:14.196 T:3885310768 DEBUG: CVideoPlayerVideo::OutputPicture - ttd:394ms pts:1.418 Clock:1.023 Level:6 elapsed:38.524ms
2019-04-28 14:11:14.200 T:3552891696 DEBUG: CVideoPlayer::ProcessVideoData size:995 dts:9.718 pts:9.718 dur:41.708ms, clock:1.066 level:106
2019-04-28 14:11:14.238 T:3885310768 DEBUG: CVideoPlayerVideo::OutputPicture - ttd:392ms pts:1.460 Clock:1.068 Level:6 elapsed:36.131ms
2019-04-28 14:11:14.241 T:3552891696 DEBUG: CVideoPlayer::ProcessVideoData size:907 dts:9.760 pts:9.760 dur:41.708ms, clock:1.107 level:107
2019-04-28 14:11:14.280 T:3885310768 DEBUG: CVideoPlayerVideo::OutputPicture - ttd:394ms pts:1.502 Clock:1.107 Level:6 elapsed:39.404ms
2019-04-28 14:11:14.282 T:3552891696 DEBUG: CVideoPlayer::ProcessVideoData size:10790 dts:9.801 pts:9.927 dur:41.708ms, clock:1.148 level:106
2019-04-28 14:11:14.321 T:3885310768 DEBUG: CVideoPlayerVideo::OutputPicture - ttd:391ms pts:1.543 Clock:1.151 Level:6 elapsed:35.939ms
2019-04-28 14:11:14.333 T:3552891696 DEBUG: CVideoPlayer::ProcessVideoData size:904 dts:9.843 pts:9.843 dur:41.708ms, clock:1.199 level:107
2019-04-28 14:11:14.363 T:3885310768 DEBUG: CVideoPlayerVideo::OutputPicture - ttd:394ms pts:1.585 Clock:1.190 Level:6 elapsed:39.070ms
2019-04-28 14:11:14.374 T:3552891696 DEBUG: CVideoPlayer::ProcessVideoData size:923 dts:9.885 pts:9.885 dur:41.708ms, clock:1.240 level:106
2019-04-28 14:11:14.405 T:3885310768 DEBUG: CVideoPlayerVideo::OutputPicture - ttd:391ms pts:1.627 Clock:1.235 Level:6 elapsed:35.715ms
2019-04-28 14:11:14.415 T:3552891696 DEBUG: CVideoPlayer::ProcessVideoData size:1223 dts:9.927 pts:10.010 dur:41.708ms, clock:1.281 level:107
2019-04-28 14:11:14.447 T:3885310768 DEBUG: CVideoPlayerVideo::OutputPicture - ttd:393ms pts:1.668 Clock:1.275 Level:6 elapsed:38.096ms
2019-04-28 14:11:14.456 T:3483190064 DEBUG: CurlFile::ParseAndCorrectUrl() adding custom header option 'Range: bytes=1468057-1693204'
2019-04-28 14:11:14.456 T:3483190064 DEBUG: CurlFile::ParseAndCorrectUrl() adding custom header option 'connection: keep-alive'
2019-04-28 14:11:14.457 T:3483190064 DEBUG: CurlFile::Open(0xe5b56388) http://37.77.187.139/?o=AQG0F3DdPWYFPtDzh_5chH9BrQhEul2HrjDVHbdOBXxPXrLhALoVBVqo4JGu-96zTrCCeEYtZ_pZjFPQxwUvaS8ayjficSrzINSdJjYLaAola8puh1edQFQZZysQoeEnB2pSe8eq7R58dltqJSeJJCreQ422yXx5cjPwB253CrqefElo9qP1Z9vvhPF09ctJPd7Lla_MOPfFBfKaX-MR2w&v=3&e=1556500266&t=k4ZG6LTuZ0yxHWiSxmrNN0jPzhg
2019-04-28 14:11:14.488 T:3885310768 DEBUG: CVideoPlayerVideo::OutputPicture - ttd:384ms pts:1.710 Clock:1.326 Level:6 elapsed:28.509ms
2019-04-28 14:11:14.493 T:3785339696 DEBUG: [plugin.video.netflix (0)] Executing JSON-RPC: {"params": {"playerid": 1, "properties": ["audiostreams", "currentaudiostream", "subtitles", "currentsubtitle", "subtitleenabled", "percentage", "time"]}, "jsonrpc": "2.0", "method": "Player.GetProperties", "id": 1}
2019-04-28 14:11:14.496 T:3785339696 DEBUG: [plugin.video.netflix (0)] Notifying all managers of on_tick (data={u'currentaudiostream': {u'index': 0, u'name': u'AAC ', u'language': u'eng', u'channels': 2, u'codec': u'aac', u'bitrate': 98304}, u'elapsed_seconds': 1, u'time': {u'hours': 0, u'seconds': 1, u'minutes': 0, u'milliseconds': 218}, u'subtitleenabled': True, u'percentage': 0.02376585453748703, u'currentsubtitle': {u'index': 0, u'name': u'', u'language': u'eng'}, u'audiostreams': [{u'index': 0, u'name': u'AAC ', u'language': u'eng', u'channels': 2, u'codec': u'aac', u'bitrate': 98304}, {u'index': 1, u'name': u'AAC ', u'language': u'spa', u'channels': 2, u'codec': u'aac', u'bitrate': 98304}, {u'index': 2, u'name': u'AAC ', u'language': u'fre', u'channels': 2, u'codec': u'aac', u'bitrate': 98304}, {u'index': 3, u'name': u'AAC ', u'language': u'por', u'channels': 2, u'codec': u'aac', u'bitrate': 98304}], u'subtitles': [{u'index': 0, u'name': u'', u'language': u'eng'}, {u'index': 1, u'name': u'', u'language': u'spa'}, {u'index': 2, u'name': u'', u'language': u'spa'}, {u'index': 3, u'name': u'', u'language': u'fre'}, {u'index': 4, u'name': u'', u'language': u'por'}, {u'index': 5, u'name': u'', u'language': u'por'}]})
2019-04-28 14:11:14.499 T:3552891696 DEBUG: CVideoPlayer::ProcessVideoData size:915 dts:9.968 pts:9.968 dur:41.708ms, clock:1.365 level:106
2019-04-28 14:11:14.501 T:3466404656 DEBUG: CurlFile::ParseAndCorrectUrl() adding custom header option 'Range: bytes=233896-258157'
2019-04-28 14:11:14.501 T:3466404656 DEBUG: CurlFile::ParseAndCorrectUrl() adding custom header option 'connection: keep-alive'
2019-04-28 14:11:14.501 T:3466404656 DEBUG: CurlFile::Open(0xd7a37e00) http://195.8.12.225/?o=AQG0F3DdPWYFPtD7g_1di3tBqwxS_UeZonmJQ_pKVzQcULPnB69XXASq5Ziq58b4GP2JYBxpAedHq1f_xDENZzx5lz7IVgaMTtOIIUBYI1QVfPBD8yyyb3EmegEVsvViRH0df8C5sBMMeTJ0LxTnOznFHc2z0nl1ajPiXS85F6SCKBY6v_GjYMz-lO4o5MEXJOCZxoHPMqCOCuPbUw&v=3&e=1556500266&t=5I15dcz3LFKq_5lZ5sbUXGN16lA
2019-04-28 14:11:14.514 T:3483190064 DEBUG: AddOnLog: InputStream Adaptive: Download http://37.77.187.139/?o=AQG0F3DdPWYFPtDzh_5chH9BrQhEul2HrjDVHbdOBXxPXrLhALoVBVqo4JGu-96zTrCCeEYtZ_pZjFPQxwUvaS8ayjficSrzINSdJjYLaAola8puh1edQFQZZysQoeEnB2pSe8eq7R58dltqJSeJJCreQ422yXx5cjPwB253CrqefElo9qP1Z9vvhPF09ctJPd7Lla_MOPfFBfKaX-MR2w&v=3&e=1556500266&t=k4ZG6LTuZ0yxHWiSxmrNN0jPzhg finished, avg speed: 4165897.36byte/s, current speed: 3949964.00byte/s
2019-04-28 14:11:14.516 T:3466404656 DEBUG: AddOnLog: InputStream Adaptive: Download http://195.8.12.225/?o=AQG0F3DdPWYFPtD7g_1di3tBqwxS_UeZonmJQ_pKVzQcULPnB69XXASq5Ziq58b4GP2JYBxpAedHq1f_xDENZzx5lz7IVgaMTtOIIUBYI1QVfPBD8yyyb3EmegEVsvViRH0df8C5sBMMeTJ0LxTnOznFHc2z0nl1ajPiXS85F6SCKBY6v_GjYMz-lO4o5MEXJOCZxoHPMqCOCuPbUw&v=3&e=1556500266&t=5I15dcz3LFKq_5lZ5sbUXGN16lA finished, avg speed: 4109604.87byte/s, current speed: 1733000.00byte/s
2019-04-28 14:11:14.517 T:3552891696 DEBUG: CVideoPlayer::ProcessVideoData size:44416 dts:10.010 pts:10.052 dur:41.708ms, clock:1.383 level:106
2019-04-28 14:11:14.530 T:3885310768 DEBUG: CVideoPlayerVideo::OutputPicture - ttd:392ms pts:1.752 Clock:1.359 Level:6 elapsed:36.589ms
2019-04-28 14:11:14.537 T:3552891696 DEBUG: CVideoPlayer::ProcessVideoData size:8234 dts:10.052 pts:10.177 dur:41.708ms, clock:1.403 level:107
2019-04-28 14:11:14.572 T:3885310768 DEBUG: CVideoPlayerVideo::OutputPicture - ttd:394ms pts:1.793 Clock:1.399 Level:6 elapsed:38.590ms
2019-04-28 14:11:14.578 T:3552891696 DEBUG: CVideoPlayer::ProcessVideoData size:732 dts:10.093 pts:10.093 dur:41.708ms, clock:1.444 level:106
2019-04-28 14:11:14.613 T:3885310768 DEBUG: CVideoPlayerVideo::OutputPicture - ttd:392ms pts:1.835 Clock:1.443 Level:6 elapsed:36.312ms
2019-04-28 14:11:14.619 T:3552891696 DEBUG: CVideoPlayer::ProcessVideoData size:772 dts:10.135 pts:10.135 dur:41.708ms, clock:1.485 level:107
2019-04-28 14:11:14.641 T:3576222512 DEBUG: CWebServer[8080]: request received for /jsonrpc
2019-04-28 14:11:14.655 T:3885310768 DEBUG: Previous line repeats 2 times.
2019-04-28 14:11:14.655 T:3885310768 DEBUG: CVideoPlayerVideo::OutputPicture - ttd:394ms pts:1.877 Clock:1.482 Level:6 elapsed:38.710ms
2019-04-28 14:11:14.656 T:3576222512 DEBUG: CWebServer[8080]: request received for /jsonrpc
2019-04-28 14:11:14.660 T:3552891696 DEBUG: CVideoPlayer::ProcessVideoData size:9999 dts:10.177 pts:10.302 dur:41.708ms, clock:1.526 level:106
2019-04-28 14:11:14.697 T:3885310768 DEBUG: CVideoPlayerVideo::OutputPicture - ttd:394ms pts:1.919 Clock:1.524 Level:6 elapsed:39.153ms
2019-04-28 14:11:14.701 T:3552891696 DEBUG: CVideoPlayer::ProcessVideoData size:744 dts:10.219 pts:10.219 dur:41.708ms, clock:1.567 level:106
2019-04-28 14:11:14.739 T:3885310768 DEBUG: CVideoPlayerVideo::OutputPicture - ttd:392ms pts:1.960 Clock:1.568 Level:6 elapsed:36.847ms
2019-04-28 14:11:14.742 T:3552891696 DEBUG: CVideoPlayer::ProcessVideoData size:852 dts:10.260 pts:10.260 dur:41.708ms, clock:1.608 level:107
2019-04-28 14:11:14.780 T:3885310768 DEBUG: CVideoPlayerVideo::OutputPicture - ttd:394ms pts:2.002 Clock:1.607 Level:6 elapsed:38.614ms
2019-04-28 14:11:14.783 T:3552891696 DEBUG: CVideoPlayer::ProcessVideoData size:10768 dts:10.302 pts:10.427 dur:41.708ms, clock:1.649 level:106
2019-04-28 14:11:14.822 T:3885310768 DEBUG: CVideoPlayerVideo::OutputPicture - ttd:395ms pts:2.044 Clock:1.649 Level:6 elapsed:39.391ms
2019-04-28 14:11:14.834 T:3552891696 DEBUG: CVideoPlayer::ProcessVideoData size:885 dts:10.344 pts:10.344 dur:41.708ms, clock:1.700 level:106
2019-04-28 14:11:14.863 T:3885310768 DEBUG: CVideoPlayerVideo::OutputPicture - ttd:391ms pts:2.085 Clock:1.693 Level:6 elapsed:35.857ms
2019-04-28 14:11:14.875 T:3552891696 DEBUG: CVideoPlayer::ProcessVideoData size:815 dts:10.385 pts:10.385 dur:41.708ms, clock:1.741 level:107
2019-04-28 14:11:14.905 T:3885310768 DEBUG: CVideoPlayerVideo::OutputPicture - ttd:395ms pts:2.127 Clock:1.732 Level:6 elapsed:39.356ms
2019-04-28 14:11:14.915 T:3552891696 DEBUG: CVideoPlayer::ProcessVideoData size:10752 dts:10.427 pts:10.552 dur:41.708ms, clock:1.781 level:106
