2019-04-28 14:10:00.750 T:3474797360 DEBUG: CVideoPlayerVideo::OutputPicture - ttd:395ms pts:6.173 Clock:5.777 Level:6 elapsed:40.116ms
2019-04-28 14:10:00.759 T:3552891696 DEBUG: CVideoPlayer::ProcessVideoData size:2621 dts:14.473 pts:14.473 dur:41.708ms, clock:5.826 level:106
2019-04-28 14:10:00.769 T:3458011952 ERROR: ffmpeg[CE1D1330]: [aac] channel element 2.5 is not allocated
2019-04-28 14:10:00.792 T:3474797360 DEBUG: CVideoPlayerVideo::OutputPicture - ttd:392ms pts:6.215 Clock:5.822 Level:6 elapsed:37.145ms
2019-04-28 14:10:00.800 T:3552891696 DEBUG: CVideoPlayer::ProcessVideoData size:2277 dts:14.514 pts:14.514 dur:41.708ms, clock:5.867 level:107
2019-04-28 14:10:00.809 T:3458011952 ERROR: ffmpeg[CE1D1330]: [aac] Number of bands (6) exceeds limit (1).
2019-04-28 14:10:00.833 T:3474797360 DEBUG: CVideoPlayerVideo::OutputPicture - ttd:394ms pts:6.256 Clock:5.861 Level:6 elapsed:39.113ms
2019-04-28 14:10:00.841 T:3552891696 DEBUG: CVideoPlayer::ProcessVideoData size:12371 dts:14.556 pts:14.640 dur:41.708ms, clock:5.908 level:106
2019-04-28 14:10:00.850 T:3458011952 DEBUG: ffmpeg[CE1D1330]: [aac] Sample rate index in program config element does not match the sample rate index configured by the container.
2019-04-28 14:10:00.850 T:3458011952 ERROR: ffmpeg[CE1D1330]: [aac] Inconsistent channel configuration.
2019-04-28 14:10:00.850 T:3458011952 ERROR: ffmpeg[CE1D1330]: [aac] get_buffer() failed
2019-04-28 14:10:00.875 T:3474797360 DEBUG: CVideoPlayerVideo::OutputPicture - ttd:395ms pts:6.298 Clock:5.903 Level:6 elapsed:39.521ms
2019-04-28 14:10:00.882 T:3552891696 DEBUG: CVideoPlayer::ProcessVideoData size:1348 dts:14.598 pts:14.598 dur:41.708ms, clock:5.949 level:106
2019-04-28 14:10:00.891 T:3458011952 ERROR: ffmpeg[CE1D1330]: [aac] SBR was found before the first channel element.
2019-04-28 14:10:00.891 T:3458011952 ERROR: ffmpeg[CE1D1330]: [aac] channel element 2.3 is not allocated
2019-04-28 14:10:00.894 T:3785339696 DEBUG: [plugin.video.netflix (0)] Executing JSON-RPC: {"params": {"playerid": 1, "properties": ["audiostreams", "currentaudiostream", "subtitles", "currentsubtitle", "subtitleenabled", "percentage", "time"]}, "jsonrpc": "2.0", "method": "Player.GetProperties", "id": 1}
2019-04-28 14:10:00.897 T:3785339696 DEBUG: [plugin.video.netflix (0)] Notifying all managers of on_tick (data={u'currentaudiostream': {u'index': 0, u'name': u'AAC ', u'language': u'eng', u'channels': 2, u'codec': u'aac', u'bitrate': 98304}, u'elapsed_seconds': 5, u'time': {u'hours': 0, u'seconds': 5, u'minutes': 0, u'milliseconds': 721}, u'subtitleenabled': True, u'percentage': 0.11136849969625473, u'currentsubtitle': {u'index': 0, u'name': u'', u'language': u'eng'}, u'audiostreams': [{u'index': 0, u'name': u'AAC ', u'language': u'eng', u'channels': 2, u'codec': u'aac', u'bitrate': 98304}, {u'index': 1, u'name': u'AAC ', u'language': u'spa', u'channels': 2, u'codec': u'aac', u'bitrate': 98304}, {u'index': 2, u'name': u'AAC ', u'language': u'fre', u'channels': 2, u'codec': u'aac', u'bitrate': 98304}, {u'index': 3, u'name': u'AAC ', u'language': u'por', u'channels': 2, u'codec': u'aac', u'bitrate': 98304}], u'subtitles': [{u'index': 0, u'name': u'', u'language': u'eng'}, {u'index': 1, u'name': u'', u'language': u'spa'}, {u'index': 2, u'name': u'', u'language': u'spa'}, {u'index': 3, u'name': u'', u'language': u'fre'}, {u'index': 4, u'name': u'', u'language': u'fre'}, {u'index': 5, u'name': u'', u'language': u'por'}]})
2019-04-28 14:10:00.917 T:3474797360 DEBUG: CVideoPlayerVideo::OutputPicture - ttd:392ms pts:6.340 Clock:5.947 Level:6 elapsed:37.139ms
2019-04-28 14:10:00.923 T:3552891696 DEBUG: CVideoPlayer::ProcessVideoData size:11781 dts:14.640 pts:14.765 dur:41.708ms, clock:5.990 level:107
2019-04-28 14:10:00.931 T:3458011952 ERROR: ffmpeg[CE1D1330]: [aac] channel element 2.14 is not allocated
2019-04-28 14:10:00.958 T:3474797360 DEBUG: CVideoPlayerVideo::OutputPicture - ttd:394ms pts:6.381 Clock:5.986 Level:6 elapsed:39.113ms
2019-04-28 14:10:00.963 T:3552891696 DEBUG: CVideoPlayer::ProcessVideoData size:1282 dts:14.681 pts:14.681 dur:41.708ms, clock:6.031 level:106
2019-04-28 14:10:00.972 T:3458011952 ERROR: ffmpeg[CE1D1330]: [aac] channel element 2.12 is not allocated
2019-04-28 14:10:01.001 T:3474797360 DEBUG: CVideoPlayerVideo::OutputPicture - ttd:393ms pts:6.423 Clock:6.030 Level:6 elapsed:37.722ms
2019-04-28 14:10:01.004 T:3552891696 DEBUG: CVideoPlayer::ProcessVideoData size:1079 dts:14.723 pts:14.723 dur:41.708ms, clock:6.072 level:107
2019-04-28 14:10:01.012 T:3458011952 ERROR: ffmpeg[CE1D1330]: [aac] channel element 3.4 is not allocated
2019-04-28 14:10:01.042 T:3474797360 DEBUG: CVideoPlayerVideo::OutputPicture - ttd:394ms pts:6.465 Clock:6.071 Level:6 elapsed:38.640ms
2019-04-28 14:10:01.045 T:3552891696 DEBUG: CVideoPlayer::ProcessVideoData size:12158 dts:14.765 pts:14.890 dur:41.708ms, clock:6.113 level:106
2019-04-28 14:10:01.053 T:3458011952 ERROR: ffmpeg[CE1D1330]: [aac] Reserved bit set.
2019-04-28 14:10:01.053 T:3458011952 ERROR: ffmpeg[CE1D1330]: [aac] invalid band type
2019-04-28 14:10:01.053 T:3576222512 DEBUG: CWebServer[8080]: request received for /jsonrpc
2019-04-28 14:10:01.083 T:3474797360 DEBUG: Previous line repeats 3 times.
2019-04-28 14:10:01.084 T:3474797360 DEBUG: CVideoPlayerVideo::OutputPicture - ttd:394ms pts:6.506 Clock:6.112 Level:6 elapsed:38.864ms
2019-04-28 14:10:01.086 T:3552891696 DEBUG: CVideoPlayer::ProcessVideoData size:893 dts:14.806 pts:14.806 dur:41.708ms, clock:6.154 level:106
2019-04-28 14:10:01.094 T:3458011952 DEBUG: ffmpeg[CE1D1330]: [aac] Sample rate index in program config element does not match the sample rate index configured by the container.
2019-04-28 14:10:01.094 T:3458011952 ERROR: ffmpeg[CE1D1330]: [aac] Inconsistent channel configuration.
2019-04-28 14:10:01.094 T:3458011952 ERROR: ffmpeg[CE1D1330]: [aac] get_buffer() failed
2019-04-28 14:10:01.126 T:3474797360 DEBUG: CVideoPlayerVideo::OutputPicture - ttd:392ms pts:6.548 Clock:6.155 Level:6 elapsed:37.323ms
2019-04-28 14:10:01.128 T:3552891696 DEBUG: CVideoPlayer::ProcessVideoData size:725 dts:14.848 pts:14.848 dur:41.708ms, clock:6.195 level:107
2019-04-28 14:10:01.135 T:3458011952 ERROR: ffmpeg[CE1D1330]: [aac] channel element 3.8 is not allocated
2019-04-28 14:10:01.167 T:3474797360 DEBUG: CVideoPlayerVideo::OutputPicture - ttd:393ms pts:6.590 Clock:6.196 Level:6 elapsed:38.131ms
2019-04-28 14:10:01.178 T:3552891696 DEBUG: CVideoPlayer::ProcessVideoData size:10957 dts:14.890 pts:15.015 dur:41.708ms, clock:6.246 level:106
2019-04-28 14:10:01.209 T:3474797360 DEBUG: CVideoPlayerVideo::OutputPicture - ttd:394ms pts:6.632 Clock:6.237 Level:6 elapsed:39.186ms
2019-04-28 14:10:01.219 T:3552891696 DEBUG: CVideoPlayer::ProcessVideoData size:699 dts:14.932 pts:14.932 dur:41.708ms, clock:6.286 level:106
2019-04-28 14:10:01.225 T:3458011952 ERROR: ffmpeg[CE1D1330]: [aac] channel element 2.11 is not allocated
2019-04-28 14:10:01.250 T:3474797360 DEBUG: CVideoPlayerVideo::OutputPicture - ttd:393ms pts:6.673 Clock:6.280 Level:6 elapsed:37.432ms
2019-04-28 14:10:01.260 T:3552891696 DEBUG: CVideoPlayer::ProcessVideoData size:665 dts:14.973 pts:14.973 dur:41.708ms, clock:6.327 level:107
2019-04-28 14:10:01.266 T:3458011952 ERROR: ffmpeg[CE1D1330]: [aac] invalid band type
2019-04-28 14:10:01.292 T:3474797360 DEBUG: CVideoPlayerVideo::OutputPicture - ttd:394ms pts:6.715 Clock:6.320 Level:6 elapsed:39.259ms
2019-04-28 14:10:01.301 T:3552891696 DEBUG: CVideoPlayer::ProcessVideoData size:10967 dts:15.015 pts:15.140 dur:41.708ms, clock:6.368 level:106
2019-04-28 14:10:01.307 T:3458011952 ERROR: ffmpeg[CE1D1330]: [aac] Prediction is not allowed in AAC-LC.
2019-04-28 14:10:01.334 T:3474797360 DEBUG: CVideoPlayerVideo::OutputPicture - ttd:394ms pts:6.757 Clock:6.362 Level:6 elapsed:38.916ms
2019-04-28 14:10:01.342 T:3552891696 DEBUG: CVideoPlayer::ProcessVideoData size:680 dts:15.057 pts:15.057 dur:41.708ms, clock:6.409 level:106
2019-04-28 14:10:01.347 T:3458011952 ERROR: ffmpeg[CE1D1330]: [aac] SBR was found before the first channel element.
2019-04-28 14:10:01.347 T:3458011952 ERROR: ffmpeg[CE1D1330]: [aac] channel element 2.1 is not allocated
2019-04-28 14:10:01.375 T:3474797360 DEBUG: CVideoPlayerVideo::OutputPicture - ttd:393ms pts:6.798 Clock:6.405 Level:6 elapsed:37.256ms
2019-04-28 14:10:01.383 T:3552891696 DEBUG: CVideoPlayer::ProcessVideoData size:669 dts:15.098 pts:15.098 dur:41.708ms, clock:6.450 level:107
2019-04-28 14:10:01.388 T:3458011952 ERROR: ffmpeg[CE1D1330]: [aac] channel element 2.7 is not allocated
2019-04-28 14:10:01.417 T:3474797360 DEBUG: CVideoPlayerVideo::OutputPicture - ttd:393ms pts:6.840 Clock:6.447 Level:6 elapsed:37.260ms
2019-04-28 14:10:01.424 T:3552891696 DEBUG: CVideoPlayer::ProcessVideoData size:11160 dts:15.140 pts:15.265 dur:41.708ms, clock:6.491 level:106
2019-04-28 14:10:01.428 T:3458011952 ERROR: ffmpeg[CE1D1330]: [aac] Reserved bit set.
2019-04-28 14:10:01.428 T:3458011952 ERROR: ffmpeg[CE1D1330]: [aac] Prediction is not allowed in AAC-LC.
2019-04-28 14:10:01.459 T:3474797360 DEBUG: CVideoPlayerVideo::OutputPicture - ttd:395ms pts:6.882 Clock:6.486 Level:6 elapsed:39.885ms
2019-04-28 14:10:01.465 T:3552891696 DEBUG: CVideoPlayer::ProcessVideoData size:713 dts:15.182 pts:15.182 dur:41.708ms, clock:6.532 level:106
2019-04-28 14:10:01.469 T:3458011952 ERROR: ffmpeg[CE1D1330]: [aac] invalid band type
2019-04-28 14:10:01.501 T:3474797360 DEBUG: CVideoPlayerVideo::OutputPicture - ttd:391ms pts:6.924 Clock:6.532 Level:6 elapsed:35.974ms
2019-04-28 14:10:01.506 T:3552891696 DEBUG: CVideoPlayer::ProcessVideoData size:735 dts:15.224 pts:15.224 dur:41.708ms, clock:6.573 level:107
2019-04-28 14:10:01.510 T:3458011952 ERROR: ffmpeg[CE1D1330]: [aac] channel element 2.4 is not allocated
2019-04-28 14:10:01.543 T:3474797360 DEBUG: CVideoPlayerVideo::OutputPicture - ttd:394ms pts:6.965 Clock:6.571 Level:6 elapsed:38.685ms
2019-04-28 14:10:01.547 T:3552891696 DEBUG: CVideoPlayer::ProcessVideoData size:11218 dts:15.265 pts:15.349 dur:41.708ms, clock:6.614 level:106
2019-04-28 14:10:01.550 T:3458011952 DEBUG: ffmpeg[CE1D1330]: [aac] Sample rate index in program config element does not match the sample rate index configured by the container.
2019-04-28 14:10:01.550 T:3458011952 ERROR: ffmpeg[CE1D1330]: [aac] Inconsistent channel configuration.
2019-04-28 14:10:01.550 T:3458011952 ERROR: ffmpeg[CE1D1330]: [aac] get_buffer() failed
2019-04-28 14:10:01.584 T:3474797360 DEBUG: CVideoPlayerVideo::OutputPicture - ttd:391ms pts:7.007 Clock:6.615 Level:6 elapsed:36.149ms
2019-04-28 14:10:01.588 T:3552891696 DEBUG: CVideoPlayer::ProcessVideoData size:815 dts:15.307 pts:15.307 dur:41.708ms, clock:6.655 level:107
2019-04-28 14:10:01.591 T:3458011952 ERROR: ffmpeg[CE1D1330]: [aac] channel element 3.15 is not allocated
2019-04-28 14:10:01.626 T:3474797360 DEBUG: CVideoPlayerVideo::OutputPicture - ttd:394ms pts:7.049 Clock:6.654 Level:6 elapsed:39.257ms
2019-04-28 14:10:01.629 T:3552891696 DEBUG: CVideoPlayer::ProcessVideoData size:11011 dts:15.349 pts:15.474 dur:41.708ms, clock:6.696 level:106
2019-04-28 14:10:01.631 T:3458011952 ERROR: ffmpeg[CE1D1330]: [aac] channel element 3.13 is not allocated
2019-04-28 14:10:01.667 T:3474797360 DEBUG: CVideoPlayerVideo::OutputPicture - ttd:394ms pts:7.090 Clock:6.696 Level:6 elapsed:39.022ms
2019-04-28 14:10:01.670 T:3552891696 DEBUG: CVideoPlayer::ProcessVideoData size:687 dts:15.390 pts:15.390 dur:41.708ms, clock:6.737 level:106
2019-04-28 14:10:01.672 T:3458011952 ERROR: ffmpeg[CE1D1330]: [aac] Reserved bit set.
2019-04-28 14:10:01.672 T:3458011952 ERROR: ffmpeg[CE1D1330]: [aac] Number of bands (7) exceeds limit (3).
2019-04-28 14:10:01.709 T:3474797360 DEBUG: CVideoPlayerVideo::OutputPicture - ttd:392ms pts:7.132 Clock:6.739 Level:6 elapsed:36.939ms
2019-04-28 14:10:01.721 T:3552891696 DEBUG: CVideoPlayer::ProcessVideoData size:682 dts:15.432 pts:15.432 dur:41.708ms, clock:6.788 level:107
2019-04-28 14:10:01.723 T:3458011952 ERROR: ffmpeg[CE1D1330]: [aac] Number of scalefactor bands in group (61) exceeds limit (47).
2019-04-28 14:10:01.751 T:3474797360 DEBUG: CVideoPlayerVideo::OutputPicture - ttd:394ms pts:7.174 Clock:6.779 Level:6 elapsed:38.630ms
2019-04-28 14:10:01.762 T:3552891696 DEBUG: CVideoPlayer::ProcessVideoData size:12505 dts:15.474 pts:15.599 dur:41.708ms, clock:6.829 level:106
2019-04-28 14:10:01.763 T:3458011952 ERROR: ffmpeg[CE1D1330]: [aac] invalid band type
2019-04-28 14:10:01.793 T:3474797360 DEBUG: CVideoPlayerVideo::OutputPicture - ttd:395ms pts:7.216 Clock:6.820 Level:6 elapsed:39.722ms
2019-04-28 14:10:01.803 T:3552891696 DEBUG: CVideoPlayer::ProcessVideoData size:707 dts:15.515 pts:15.515 dur:41.708ms, clock:6.870 level:106
2019-04-28 14:10:01.804 T:3458011952 ERROR: ffmpeg[CE1D1330]: [aac] channel element 2.15 is not allocated
2019-04-28 14:10:01.834 T:3474797360 DEBUG: CVideoPlayerVideo::OutputPicture - ttd:392ms pts:7.257 Clock:6.864 Level:6 elapsed:37.200ms
2019-04-28 14:10:01.844 T:3552891696 DEBUG: CVideoPlayer::ProcessVideoData size:681 dts:15.557 pts:15.557 dur:41.708ms, clock:6.911 level:107
2019-04-28 14:10:01.844 T:3458011952 ERROR: ffmpeg[CE1D1330]: [aac] Prediction is not allowed in AAC-LC.
2019-04-28 14:10:01.876 T:3474797360 DEBUG: CVideoPlayerVideo::OutputPicture - ttd:394ms pts:7.299 Clock:6.904 Level:6 elapsed:39.031ms
2019-04-28 14:10:01.885 T:3552891696 DEBUG: CVideoPlayer::ProcessVideoData size:12385 dts:15.599 pts:15.724 dur:41.708ms, clock:6.952 level:106
2019-04-28 14:10:01.885 T:3458011952 ERROR: ffmpeg[CE1D1330]: [aac] channel element 2.11 is not allocated
2019-04-28 14:10:01.898 T:3785339696 DEBUG: [plugin.video.netflix (0)] Executing JSON-RPC: {"params": {"playerid": 1, "properties": ["audiostreams", "currentaudiostream", "subtitles", "currentsubtitle", "subtitleenabled", "percentage", "time"]}, "jsonrpc": "2.0", "method": "Player.GetProperties", "id": 1}
2019-04-28 14:10:01.901 T:3785339696 DEBUG: [plugin.video.netflix (0)] Notifying all managers of on_tick (data={u'currentaudiostream': {u'index': 0, u'name': u'AAC ', u'language': u'eng', u'channels': 2, u'codec': u'aac', u'bitrate': 98304}, u'elapsed_seconds': 6, u'time': {u'hours': 0, u'seconds': 6, u'minutes': 0, u'milliseconds': 745}, u'subtitleenabled': True, u'percentage': 0.13130231201648712, u'currentsubtitle': {u'index': 0, u'name': u'', u'language': u'eng'}, u'audiostreams': [{u'index': 0, u'name': u'AAC ', u'language': u'eng', u'channels': 2, u'codec': u'aac', u'bitrate': 98304}, {u'index': 1, u'name': u'AAC ', u'language': u'spa', u'channels': 2, u'codec': u'aac', u'bitrate': 98304}, {u'index': 2, u'name': u'AAC ', u'language': u'fre', u'channels': 2, u'codec': u'aac', u'bitrate': 98304}, {u'index': 3, u'name': u'AAC ', u'language': u'por', u'channels': 2, u'codec': u'aac', u'bitrate': 98304}], u'subtitles': [{u'index': 0, u'name': u'', u'language': u'eng'}, {u'index': 1, u'name': u'', u'language': u'spa'}, {u'index': 2, u'name': u'', u'language': u'spa'}, {u'index': 3, u'name': u'', u'language': u'fre'}, {u'index': 4, u'name': u'', u'language': u'fre'}, {u'index': 5, u'name': u'', u'language': u'por'}]})
2019-04-28 14:10:01.918 T:3474797360 DEBUG: CVideoPlayerVideo::OutputPicture - ttd:395ms pts:7.341 Clock:6.945 Level:6 elapsed:39.350ms
2019-04-28 14:10:01.926 T:3552891696 DEBUG: CVideoPlayer::ProcessVideoData size:700 dts:15.641 pts:15.641 dur:41.708ms, clock:6.993 level:106
2019-04-28 14:10:01.936 T:3458011952 DEBUG: ffmpeg[CE1D1330]: [aac] Sample rate index in program config element does not match the sample rate index configured by the container.
2019-04-28 14:10:01.936 T:3458011952 ERROR: ffmpeg[CE1D1330]: [aac] Inconsistent channel configuration.
2019-04-28 14:10:01.936 T:3458011952 ERROR: ffmpeg[CE1D1330]: [aac] get_buffer() failed
2019-04-28 14:10:01.959 T:3474797360 DEBUG: CVideoPlayerVideo::OutputPicture - ttd:393ms pts:7.382 Clock:6.989 Level:6 elapsed:37.116ms
2019-04-28 14:10:01.967 T:3552891696 DEBUG: CVideoPlayer::ProcessVideoData size:667 dts:15.682 pts:15.682 dur:41.708ms, clock:7.034 level:107
2019-04-28 14:10:01.976 T:3458011952 ERROR: ffmpeg[CE1D1330]: [aac] Reserved bit set.
2019-04-28 14:10:01.976 T:3458011952 ERROR: ffmpeg[CE1D1330]: [aac] Number of bands (17) exceeds limit (15).
2019-04-28 14:10:02.001 T:3474797360 DEBUG: CVideoPlayerVideo::OutputPicture - ttd:395ms pts:7.424 Clock:7.029 Level:6 elapsed:39.876ms
2019-04-28 14:10:02.007 T:3552891696 DEBUG: CVideoPlayer::ProcessVideoData size:11375 dts:15.724 pts:15.849 dur:41.708ms, clock:7.075 level:106
2019-04-28 14:10:02.017 T:3458011952 ERROR: ffmpeg[CE1D1330]: [aac] channel element 2.8 is not allocated
2019-04-28 14:10:02.043 T:3474797360 DEBUG: CVideoPlayerVideo::OutputPicture - ttd:393ms pts:7.466 Clock:7.072 Level:6 elapsed:38.137ms
2019-04-28 14:10:02.048 T:3552891696 DEBUG: CVideoPlayer::ProcessVideoData size:634 dts:15.766 pts:15.766 dur:41.708ms, clock:7.115 level:106
2019-04-28 14:10:02.057 T:3458011952 ERROR: ffmpeg[CE1D1330]: [aac] Reserved bit set.
2019-04-28 14:10:02.057 T:3458011952 ERROR: ffmpeg[CE1D1330]: [aac] Number of scalefactor bands in group (59) exceeds limit (47).
2019-04-28 14:10:02.084 T:3474797360 DEBUG: CVideoPlayerVideo::OutputPicture - ttd:393ms pts:7.508 Clock:7.114 Level:6 elapsed:37.161ms
2019-04-28 14:10:02.089 T:3552891696 DEBUG: CVideoPlayer::ProcessVideoData size:556 dts:15.807 pts:15.807 dur:41.708ms, clock:7.156 level:107
2019-04-28 14:10:02.098 T:3458011952 ERROR: ffmpeg[CE1D1330]: [aac] Reserved bit set.
2019-04-28 14:10:02.098 T:3458011952 ERROR: ffmpeg[CE1D1330]: [aac] Number of bands (7) exceeds limit (3).
2019-04-28 14:10:02.126 T:3474797360 DEBUG: CVideoPlayerVideo::OutputPicture - ttd:395ms pts:7.549 Clock:7.154 Level:6 elapsed:39.330ms
2019-04-28 14:10:02.130 T:3552891696 DEBUG: CVideoPlayer::ProcessVideoData size:10893 dts:15.849 pts:15.933 dur:41.708ms, clock:7.197 level:106
2019-04-28 14:10:02.139 T:3458011952 ERROR: ffmpeg[CE1D1330]: [aac] channel element 2.9 is not allocated
2019-04-28 14:10:02.168 T:3474797360 DEBUG: CVideoPlayerVideo::OutputPicture - ttd:395ms pts:7.591 Clock:7.196 Level:6 elapsed:39.790ms
2019-04-28 14:10:02.171 T:3552891696 DEBUG: CVideoPlayer::ProcessVideoData size:580 dts:15.891 pts:15.891 dur:41.708ms, clock:7.238 level:106
2019-04-28 14:10:02.179 T:3458011952 ERROR: ffmpeg[CE1D1330]: [aac] Prediction is not allowed in AAC-LC.
2019-04-28 14:10:02.210 T:3474797360 DEBUG: CVideoPlayerVideo::OutputPicture - ttd:394ms pts:7.633 Clock:7.238 Level:6 elapsed:38.725ms
2019-04-28 14:10:02.212 T:3552891696 DEBUG: CVideoPlayer::ProcessVideoData size:11040 dts:15.933 pts:16.016 dur:41.708ms, clock:7.279 level:107
2019-04-28 14:10:02.220 T:3458011952 ERROR: ffmpeg[CE1D1330]: [aac] channel element 3.15 is not allocated
2019-04-28 14:10:02.252 T:3474797360 DEBUG: CVideoPlayerVideo::OutputPicture - ttd:394ms pts:7.674 Clock:7.280 Level:6 elapsed:39.152ms
2019-04-28 14:10:02.265 T:3517969200 DEBUG: CurlFile::ParseAndCorrectUrl() adding custom header option 'Range: bytes=2411732-2578961'
2019-04-28 14:10:02.265 T:3517969200 DEBUG: CurlFile::ParseAndCorrectUrl() adding custom header option 'connection: keep-alive'
2019-04-28 14:10:02.266 T:3517969200 DEBUG: CurlFile::Open(0xe51b2488) http://195.8.12.225/?o=AQHsvJl_EOvSE5TTC4bMd_jEHeSPEPWYqOh8RAVmbt7CBOuYT5VYlLBEmZEOHrgBOyDrYOjO2iHNfpl_cP3gfV8kUOWFG-leEB80dn1b5uAz5vGFWq7Dy_c_ownq5FLF3YlnoMExiAug9_IOqu7r923d64Q4l_0p8QG4lpahucIynSgXubBiaTx6l968bmXFGF43MryiAkvD1dD5j3u_hQ&v=3&e=1556500176&t=XBn9CDz3os3jL_GEmnZeF6gNB3c
2019-04-28 14:10:02.270 T:3458011952 ERROR: ffmpeg[CE1D1330]: [aac] Reserved bit set.
2019-04-28 14:10:02.270 T:3458011952 ERROR: ffmpeg[CE1D1330]: [aac] Prediction is not allowed in AAC-LC.
2019-04-28 14:10:02.279 T:3552891696 DEBUG: CVideoPlayer::ProcessVideoData size:528 dts:15.974 pts:15.974 dur:41.708ms, clock:7.346 level:106
2019-04-28 14:10:02.287 T:3517969200 DEBUG: AddOnLog: InputStream Adaptive: Download http://195.8.12.225/?o=AQHsvJl_EOvSE5TTC4bMd_jEHeSPEPWYqOh8RAVmbt7CBOuYT5VYlLBEmZEOHrgBOyDrYOjO2iHNfpl_cP3gfV8kUOWFG-leEB80dn1b5uAz5vGFWq7Dy_c_ownq5FLF3YlnoMExiAug9_IOqu7r923d64Q4l_0p8QG4lpahucIynSgXubBiaTx6l968bmXFGF43MryiAkvD1dD5j3u_hQ&v=3&e=1556500176&t=XBn9CDz3os3jL_GEmnZeF6gNB3c finished, avg speed: 7192566.59byte/s, current speed: 7963333.00byte/s
2019-04-28 14:10:02.293 T:3474797360 DEBUG: CVideoPlayerVideo::OutputPicture - ttd:384ms pts:7.716 Clock:7.331 Level:6 elapsed:28.779ms
2019-04-28 14:10:02.301 T:3466404656 DEBUG: CurlFile::ParseAndCorrectUrl() adding custom header option 'Range: bytes=312275-337362'
2019-04-28 14:10:02.301 T:3466404656 DEBUG: CurlFile::ParseAndCorrectUrl() adding custom header option 'connection: keep-alive'
2019-04-28 14:10:02.301 T:3466404656 DEBUG: CurlFile::Open(0xe5b4dd78) http://195.8.12.225/?o=AQHsvJl_EOvSE5TTC4bNd__NFO-JEPWYqP98RAVmbt7CBOuYT5VYlLBEmZEOHrgBOyDrYOjO2iHNfpl_cP3gfV8kUOWFG-leEB80dn1b5uAz5vGFWq7Dy_c_ownq5FLF3YlnoMk1n1K7yKkMhNbEvXmPpd0xgv8g8x69ntP3pds0gHtSovUnbSx-hcm2MHyZCVQLaNviCAjXnsu3in0&v=3&e=1556500176&t=SdFHa60Oat9NM19HrSW2B81Yrik
2019-04-28 14:10:02.309 T:3466404656 DEBUG: AddOnLog: InputStream Adaptive: Download http://195.8.12.225/?o=AQHsvJl_EOvSE5TTC4bNd__NFO-JEPWYqP98RAVmbt7CBOuYT5VYlLBEmZEOHrgBOyDrYOjO2iHNfpl_cP3gfV8kUOWFG-leEB80dn1b5uAz5vGFWq7Dy_c_ownq5FLF3YlnoMk1n1K7yKkMhNbEvXmPpd0xgv8g8x69ntP3pds0gHtSovUnbSx-hcm2MHyZCVQLaNviCAjXnsu3in0&v=3&e=1556500176&t=SdFHa60Oat9NM19HrSW2B81Yrik finished, avg speed: 7106228.82byte/s, current speed: 3584000.00byte/s
2019-04-28 14:10:02.310 T:3552891696 DEBUG: CVideoPlayer::ProcessVideoData size:47492 dts:16.016 pts:16.058 dur:41.708ms, clock:7.377 level:106
2019-04-28 14:10:02.311 T:3458011952 ERROR: ffmpeg[CE1D1330]: [aac] channel element 2.3 is not allocated
2019-04-28 14:10:02.334 T:3474797360 DEBUG: CVideoPlayerVideo::OutputPicture - ttd:393ms pts:7.758 Clock:7.364 Level:6 elapsed:37.331ms
2019-04-28 14:10:02.341 T:3552891696 DEBUG: CVideoPlayer::ProcessVideoData size:9848 dts:16.058 pts:16.141 dur:41.708ms, clock:7.408 level:107
2019-04-28 14:10:02.342 T:3458011952 ERROR: ffmpeg[CE1D1330]: [aac] channel element 2.3 is not allocated
2019-04-28 14:10:02.342 T:3458011952 ERROR: ffmpeg[CE1D1330]: [aac] channel element 3.15 is not allocated
2019-04-28 14:10:02.376 T:3474797360 DEBUG: CVideoPlayerVideo::OutputPicture - ttd:395ms pts:7.799 Clock:7.404 Level:6 elapsed:39.390ms
2019-04-28 14:10:02.382 T:3552891696 DEBUG: CVideoPlayer::ProcessVideoData size:459 dts:16.099 pts:16.099 dur:41.708ms, clock:7.449 level:106
2019-04-28 14:10:02.382 T:3458011952 ERROR: ffmpeg[CE1D1330]: [aac] channel element 2.15 is not allocated
2019-04-28 14:10:02.418 T:3474797360 DEBUG: CVideoPlayerVideo::OutputPicture - ttd:395ms pts:7.841 Clock:7.446 Level:6 elapsed:39.416ms
2019-04-28 14:10:02.423 T:3458011952 ERROR: ffmpeg[CE1D1330]: [aac] invalid band type
2019-04-28 14:10:02.423 T:3552891696 DEBUG: CVideoPlayer::ProcessVideoData size:11745 dts:16.141 pts:16.266 dur:41.708ms, clock:7.490 level:106
2019-04-28 14:10:02.460 T:3474797360 DEBUG: CVideoPlayerVideo::OutputPicture - ttd:393ms pts:7.883 Clock:7.489 Level:6 elapsed:37.901ms
2019-04-28 14:10:02.464 T:3552891696 DEBUG: CVideoPlayer::ProcessVideoData size:633 dts:16.183 pts:16.183 dur:41.708ms, clock:7.531 level:107
2019-04-28 14:10:02.474 T:3458011952 DEBUG: ffmpeg[CE1D1330]: [aac] Sample rate index in program config element does not match the sample rate index configured by the container.
2019-04-28 14:10:02.474 T:3458011952 ERROR: ffmpeg[CE1D1330]: [aac] Inconsistent channel configuration.
2019-04-28 14:10:02.474 T:3458011952 ERROR: ffmpeg[CE1D1330]: [aac] get_buffer() failed
2019-04-28 14:10:02.502 T:3474797360 DEBUG: CVideoPlayerVideo::OutputPicture - ttd:394ms pts:7.925 Clock:7.530 Level:6 elapsed:39.315ms
2019-04-28 14:10:02.505 T:3552891696 DEBUG: CVideoPlayer::ProcessVideoData size:603 dts:16.225 pts:16.225 dur:41.708ms, clock:7.572 level:106
2019-04-28 14:10:02.514 T:3458011952 ERROR: ffmpeg[CE1D1330]: [aac] channel element 2.6 is not allocated
2019-04-28 14:10:02.544 T:3474797360 DEBUG: CVideoPlayerVideo::OutputPicture - ttd:394ms pts:7.966 Clock:7.571 Level:6 elapsed:39.421ms
2019-04-28 14:10:02.546 T:3552891696 DEBUG: CVideoPlayer::ProcessVideoData size:11568 dts:16.266 pts:16.391 dur:41.708ms, clock:7.613 level:106
2019-04-28 14:10:02.555 T:3458011952 ERROR: ffmpeg[CE1D1330]: [aac] channel element 2.3 is not allocated
2019-04-28 14:10:02.585 T:3474797360 DEBUG: CVideoPlayerVideo::OutputPicture - ttd:393ms pts:8.008 Clock:7.615 Level:6 elapsed:36.903ms
2019-04-28 14:10:02.586 T:3552891696 DEBUG: CVideoPlayer::ProcessVideoData size:441 dts:16.308 pts:16.308 dur:41.708ms, clock:7.654 level:107
2019-04-28 14:10:02.595 T:3458011952 ERROR: ffmpeg[CE1D1330]: [aac] Number of bands (20) exceeds limit (9).
2019-04-28 14:10:02.627 T:3474797360 DEBUG: CVideoPlayerVideo::OutputPicture - ttd:395ms pts:8.050 Clock:7.654 Level:6 elapsed:40.115ms
2019-04-28 14:10:02.637 T:3576222512 DEBUG: CWebServer[8080]: request received for /jsonrpc
2019-04-28 14:10:02.638 T:3552891696 DEBUG: CVideoPlayer::ProcessVideoData size:421 dts:16.350 pts:16.350 dur:41.708ms, clock:7.705 level:106
2019-04-28 14:10:02.642 T:3576222512 DEBUG: CWebServer[8080]: request received for /jsonrpc
2019-04-28 14:10:02.646 T:3458011952 ERROR: ffmpeg[CE1D1330]: [aac] channel element 3.7 is not allocated
2019-04-28 14:10:02.650 T:3576222512 DEBUG: CWebServer[8080]: request received for /jsonrpc
2019-04-28 14:10:02.668 T:3474797360 DEBUG: Previous line repeats 1 times.
2019-04-28 14:10:02.668 T:3474797360 DEBUG: CVideoPlayerVideo::OutputPicture - ttd:393ms pts:8.091 Clock:7.698 Level:6 elapsed:37.353ms
2019-04-28 14:10:02.678 T:3552891696 DEBUG: CVideoPlayer::ProcessVideoData size:11485 dts:16.391 pts:16.517 dur:41.708ms, clock:7.746 level:106
2019-04-28 14:10:02.687 T:3458011952 ERROR: ffmpeg[CE1D1330]: [aac] Prediction is not allowed in AAC-LC.
2019-04-28 14:10:02.710 T:3474797360 DEBUG: CVideoPlayerVideo::OutputPicture - ttd:393ms pts:8.133 Clock:7.740 Level:6 elapsed:37.332ms
2019-04-28 14:10:02.719 T:3552891696 DEBUG: CVideoPlayer::ProcessVideoData size:378 dts:16.433 pts:16.433 dur:41.708ms, clock:7.786 level:107
2019-04-28 14:10:02.728 T:3458011952 ERROR: ffmpeg[CE1D1330]: [aac] ms_present = 3 is reserved.
2019-04-28 14:10:02.752 T:3474797360 DEBUG: CVideoPlayerVideo::OutputPicture - ttd:395ms pts:8.175 Clock:7.780 Level:6 elapsed:39.994ms
2019-04-28 14:10:02.760 T:3552891696 DEBUG: CVideoPlayer::ProcessVideoData size:355 dts:16.475 pts:16.475 dur:41.708ms, clock:7.827 level:106
2019-04-28 14:10:02.768 T:3458011952 ERROR: ffmpeg[CE1D1330]: [aac] Reserved bit set.
2019-04-28 14:10:02.768 T:3458011952 ERROR: ffmpeg[CE1D1330]: [aac] Number of scalefactor bands in group (59) exceeds limit (47).
2019-04-28 14:10:02.794 T:3474797360 DEBUG: CVideoPlayerVideo::OutputPicture - ttd:394ms pts:8.217 Clock:7.822 Level:6 elapsed:38.951ms
2019-04-28 14:10:02.801 T:3552891696 DEBUG: CVideoPlayer::ProcessVideoData size:10114 dts:16.517 pts:16.642 dur:41.708ms, clock:7.868 level:106
2019-04-28 14:10:02.809 T:3458011952 ERROR: ffmpeg[CE1D1330]: [aac] Reserved bit set.
2019-04-28 14:10:02.809 T:3458011952 ERROR: ffmpeg[CE1D1330]: [aac] Number of bands (17) exceeds limit (5).
2019-04-28 14:10:02.835 T:3474797360 DEBUG: CVideoPlayerVideo::OutputPicture - ttd:393ms pts:8.258 Clock:7.865 Level:6 elapsed:37.403ms
2019-04-28 14:10:02.842 T:3552891696 DEBUG: CVideoPlayer::ProcessVideoData size:287 dts:16.558 pts:16.558 dur:41.708ms, clock:7.909 level:107
2019-04-28 14:10:02.850 T:3458011952 ERROR: ffmpeg[CE1D1330]: [aac] Reserved bit set.
2019-04-28 14:10:02.850 T:3458011952 ERROR: ffmpeg[CE1D1330]: [aac] Prediction is not allowed in AAC-LC.
2019-04-28 14:10:02.877 T:3474797360 DEBUG: CVideoPlayerVideo::OutputPicture - ttd:395ms pts:8.300 Clock:7.905 Level:6 elapsed:39.240ms
2019-04-28 14:10:02.883 T:3552891696 DEBUG: CVideoPlayer::ProcessVideoData size:264 dts:16.600 pts:16.600 dur:41.708ms, clock:7.950 level:106
2019-04-28 14:10:02.890 T:3458011952 ERROR: ffmpeg[CE1D1330]: [aac] channel element 2.13 is not allocated
2019-04-28 14:10:02.902 T:3785339696 DEBUG: [plugin.video.netflix (0)] Executing JSON-RPC: {"params": {"playerid": 1, "properties": ["audiostreams", "currentaudiostream", "subtitles", "currentsubtitle", "subtitleenabled", "percentage", "time"]}, "jsonrpc": "2.0", "method": "Player.GetProperties", "id": 1}
2019-04-28 14:10:02.904 T:3785339696 DEBUG: [plugin.video.netflix (0)] Notifying all managers of on_tick (data={u'currentaudiostream': {u'index': 0, u'name': u'AAC ', u'language': u'eng', u'channels': 2, u'codec': u'aac', u'bitrate': 98304}, u'elapsed_seconds': 7, u'time': {u'hours': 0, u'seconds': 7, u'minutes': 0, u'milliseconds': 764}, u'subtitleenabled': True, u'percentage': 0.1511387974023819, u'currentsubtitle': {u'index': 0, u'name': u'', u'language': u'eng'}, u'audiostreams': [{u'index': 0, u'name': u'AAC ', u'language': u'eng', u'channels': 2, u'codec': u'aac', u'bitrate': 98304}, {u'index': 1, u'name': u'AAC ', u'language': u'spa', u'channels': 2, u'codec': u'aac', u'bitrate': 98304}, {u'index': 2, u'name': u'AAC ', u'language': u'fre', u'channels': 2, u'codec': u'aac', u'bitrate': 98304}, {u'index': 3, u'name': u'AAC ', u'language': u'por', u'channels': 2, u'codec': u'aac', u'bitrate': 98304}], u'subtitles': [{u'index': 0, u'name': u'', u'language': u'eng'}, {u'index': 1, u'name': u'', u'language': u'spa'}, {u'index': 2, u'name': u'', u'language': u'spa'}, {u'index': 3, u'name': u'', u'language': u'fre'}, {u'index': 4, u'name': u'', u'language': u'fre'}, {u'index': 5, u'name': u'', u'language': u'por'}]})
2019-04-28 14:10:02.919 T:3474797360 DEBUG: CVideoPlayerVideo::OutputPicture - ttd:394ms pts:8.342 Clock:7.947 Level:6 elapsed:39.082ms
2019-04-28 14:10:02.924 T:3552891696 DEBUG: CVideoPlayer::ProcessVideoData size:9809 dts:16.642 pts:16.767 dur:41.708ms, clock:7.991 level:106
2019-04-28 14:10:02.931 T:3458011952 ERROR: ffmpeg[CE1D1330]: [aac] channel element 3.2 is not allocated
2019-04-28 14:10:02.960 T:3474797360 DEBUG: CVideoPlayerVideo::OutputPicture - ttd:393ms pts:8.383 Clock:7.990 Level:6 elapsed:37.180ms
2019-04-28 14:10:02.965 T:3552891696 DEBUG: CVideoPlayer::ProcessVideoData size:273 dts:16.683 pts:16.683 dur:41.708ms, clock:8.032 level:107
2019-04-28 14:10:02.972 T:3458011952 ERROR: ffmpeg[CE1D1330]: [aac] channel element 2.15 is not allocated
2019-04-28 14:10:03.002 T:3474797360 DEBUG: CVideoPlayerVideo::OutputPicture - ttd:395ms pts:8.425 Clock:8.030 Level:6 elapsed:39.154ms
2019-04-28 14:10:03.005 T:3552891696 DEBUG: CVideoPlayer::ProcessVideoData size:252 dts:16.725 pts:16.725 dur:41.708ms, clock:8.073 level:106
2019-04-28 14:10:03.044 T:3474797360 DEBUG: CVideoPlayerVideo::OutputPicture - ttd:395ms pts:8.467 Clock:8.072 Level:6 elapsed:39.235ms
2019-04-28 14:10:03.046 T:3552891696 DEBUG: CVideoPlayer::ProcessVideoData size:8333 dts:16.767 pts:16.850 dur:41.708ms, clock:8.113 level:106
2019-04-28 14:10:03.052 T:3458011952 ERROR: ffmpeg[CE1D1330]: [aac] channel element 3.1 is not allocated
2019-04-28 14:10:03.085 T:3474797360 DEBUG: CVideoPlayerVideo::OutputPicture - ttd:390ms pts:8.508 Clock:8.118 Level:6 elapsed:34.741ms
2019-04-28 14:10:03.087 T:3552891696 DEBUG: CVideoPlayer::ProcessVideoData size:336 dts:16.808 pts:16.808 dur:41.708ms, clock:8.154 level:107
2019-04-28 14:10:03.093 T:3458011952 ERROR: ffmpeg[CE1D1330]: [aac] Reserved bit set.
2019-04-28 14:10:03.093 T:3458011952 ERROR: ffmpeg[CE1D1330]: [aac] Number of scalefactor bands in group (59) exceeds limit (47).
2019-04-28 14:10:03.127 T:3474797360 DEBUG: CVideoPlayerVideo::OutputPicture - ttd:395ms pts:8.550 Clock:8.155 Level:6 elapsed:39.159ms
2019-04-28 14:10:03.138 T:3552891696 DEBUG: CVideoPlayer::ProcessVideoData size:7892 dts:16.850 pts:16.934 dur:41.708ms, clock:8.205 level:106
2019-04-28 14:10:03.144 T:3458011952 ERROR: ffmpeg[CE1D1330]: [aac] Reserved bit set.
2019-04-28 14:10:03.144 T:3458011952 ERROR: ffmpeg[CE1D1330]: [aac] Number of bands (10) exceeds limit (6).
2019-04-28 14:10:03.169 T:3474797360 DEBUG: CVideoPlayerVideo::OutputPicture - ttd:395ms pts:8.592 Clock:8.197 Level:6 elapsed:39.151ms
2019-04-28 14:10:03.179 T:3552891696 DEBUG: CVideoPlayer::ProcessVideoData size:359 dts:16.892 pts:16.892 dur:41.708ms, clock:8.246 level:106
2019-04-28 14:10:03.184 T:3458011952 ERROR: ffmpeg[CE1D1330]: [aac] Reserved bit set.
2019-04-28 14:10:03.184 T:3458011952 ERROR: ffmpeg[CE1D1330]: [aac] Prediction is not allowed in AAC-LC.
2019-04-28 14:10:03.210 T:3474797360 DEBUG: CVideoPlayerVideo::OutputPicture - ttd:392ms pts:8.634 Clock:8.241 Level:6 elapsed:36.810ms
2019-04-28 14:10:03.220 T:3552891696 DEBUG: CVideoPlayer::ProcessVideoData size:5529 dts:16.934 pts:17.059 dur:41.708ms, clock:8.287 level:107
2019-04-28 14:10:03.225 T:3458011952 ERROR: ffmpeg[CE1D1330]: [aac] Number of bands (12) exceeds limit (10).
2019-04-28 14:10:03.252 T:3474797360 DEBUG: CVideoPlayerVideo::OutputPicture - ttd:395ms pts:8.675 Clock:8.280 Level:6 elapsed:39.408ms
2019-04-28 14:10:03.261 T:3552891696 DEBUG: CVideoPlayer::ProcessVideoData size:293 dts:16.975 pts:16.975 dur:41.708ms, clock:8.328 level:106
2019-04-28 14:10:03.266 T:3458011952 ERROR: ffmpeg[CE1D1330]: [aac] channel element 1.11 is not allocated
2019-04-28 14:10:03.294 T:3474797360 DEBUG: CVideoPlayerVideo::OutputPicture - ttd:394ms pts:8.717 Clock:8.322 Level:6 elapsed:38.803ms
2019-04-28 14:10:03.302 T:3552891696 DEBUG: CVideoPlayer::ProcessVideoData size:248 dts:17.017 pts:17.017 dur:41.708ms, clock:8.369 level:106
2019-04-28 14:10:03.306 T:3458011952 ERROR: ffmpeg[CE1D1330]: [aac] Prediction is not allowed in AAC-LC.
2019-04-28 14:10:03.336 T:3474797360 DEBUG: CVideoPlayerVideo::OutputPicture - ttd:393ms pts:8.759 Clock:8.366 Level:6 elapsed:37.480ms
2019-04-28 14:10:03.342 T:3552891696 DEBUG: CVideoPlayer::ProcessVideoData size:3616 dts:17.059 pts:17.184 dur:41.708ms, clock:8.409 level:107
2019-04-28 14:10:03.347 T:3458011952 ERROR: ffmpeg[CE1D1330]: [aac] channel element 2.5 is not allocated
2019-04-28 14:10:03.378 T:3474797360 DEBUG: CVideoPlayerVideo::OutputPicture - ttd:394ms pts:8.800 Clock:8.406 Level:6 elapsed:39.395ms
2019-04-28 14:10:03.383 T:3552891696 DEBUG: CVideoPlayer::ProcessVideoData size:280 dts:17.100 pts:17.100 dur:41.708ms, clock:8.450 level:106
2019-04-28 14:10:03.388 T:3458011952 DEBUG: ffmpeg[CE1D1330]: [aac] Sample rate index in program config element does not match the sample rate index configured by the container.
2019-04-28 14:10:03.389 T:3458011952 ERROR: ffmpeg[CE1D1330]: [aac] Inconsistent channel configuration.
2019-04-28 14:10:03.389 T:3458011952 ERROR: ffmpeg[CE1D1330]: [aac] get_buffer() failed
2019-04-28 14:10:03.419 T:3474797360 DEBUG: CVideoPlayerVideo::OutputPicture - ttd:394ms pts:8.842 Clock:8.448 Level:6 elapsed:38.558ms
2019-04-28 14:10:03.424 T:3552891696 DEBUG: CVideoPlayer::ProcessVideoData size:221 dts:17.142 pts:17.142 dur:41.708ms, clock:8.491 level:106
2019-04-28 14:10:03.429 T:3458011952 ERROR: ffmpeg[CE1D1330]: [aac] Reserved bit set.
2019-04-28 14:10:03.429 T:3458011952 ERROR: ffmpeg[CE1D1330]: [aac] Number of bands (56) exceeds limit (38).
2019-04-28 14:10:03.461 T:3474797360 DEBUG: CVideoPlayerVideo::OutputPicture - ttd:393ms pts:8.884 Clock:8.490 Level:6 elapsed:37.579ms
2019-04-28 14:10:03.465 T:3552891696 DEBUG: CVideoPlayer::ProcessVideoData size:3696 dts:17.184 pts:17.309 dur:41.708ms, clock:8.532 level:107
2019-04-28 14:10:03.470 T:3458011952 ERROR: ffmpeg[CE1D1330]: [aac] Inconsistent channel configuration.
2019-04-28 14:10:03.470 T:3458011952 ERROR: ffmpeg[CE1D1330]: [aac] get_buffer() failed
2019-04-28 14:10:03.503 T:3474797360 DEBUG: CVideoPlayerVideo::OutputPicture - ttd:395ms pts:8.926 Clock:8.531 Level:6 elapsed:39.205ms
2019-04-28 14:10:03.506 T:3552891696 DEBUG: CVideoPlayer::ProcessVideoData size:261 dts:17.226 pts:17.226 dur:41.708ms, clock:8.573 level:106
2019-04-28 14:10:03.510 T:3458011952 ERROR: ffmpeg[CE1D1330]: [aac] Reserved bit set.
2019-04-28 14:10:03.511 T:3458011952 ERROR: ffmpeg[CE1D1330]: [aac] Prediction is not allowed in AAC-LC.
2019-04-28 14:10:03.544 T:3474797360 DEBUG: CVideoPlayerVideo::OutputPicture - ttd:395ms pts:8.967 Clock:8.572 Level:6 elapsed:39.246ms
2019-04-28 14:10:03.547 T:3552891696 DEBUG: CVideoPlayer::ProcessVideoData size:204 dts:17.267 pts:17.267 dur:41.708ms, clock:8.614 level:106
2019-04-28 14:10:03.551 T:3458011952 ERROR: ffmpeg[CE1D1330]: [aac] channel element 3.6 is not allocated
2019-04-28 14:10:03.586 T:3474797360 DEBUG: CVideoPlayerVideo::OutputPicture - ttd:393ms pts:9.009 Clock:8.616 Level:6 elapsed:37.459ms
2019-04-28 14:10:03.598 T:3552891696 DEBUG: CVideoPlayer::ProcessVideoData size:3295 dts:17.309 pts:17.434 dur:41.708ms, clock:8.665 level:107
2019-04-28 14:10:03.602 T:3458011952 ERROR: ffmpeg[CE1D1330]: [aac] Reserved bit set.
2019-04-28 14:10:03.602 T:3458011952 ERROR: ffmpeg[CE1D1330]: [aac] Number of bands (13) exceeds limit (10).
2019-04-28 14:10:03.628 T:3474797360 DEBUG: CVideoPlayerVideo::OutputPicture - ttd:394ms pts:9.051 Clock:8.656 Level:6 elapsed:38.595ms
2019-04-28 14:10:03.638 T:3552891696 DEBUG: CVideoPlayer::ProcessVideoData size:264 dts:17.351 pts:17.351 dur:41.708ms, clock:8.706 level:106
2019-04-28 14:10:03.642 T:3458011952 ERROR: ffmpeg[CE1D1330]: [aac] channel element 2.6 is not allocated
2019-04-28 14:10:03.669 T:3474797360 DEBUG: CVideoPlayerVideo::OutputPicture - ttd:394ms pts:9.092 Clock:8.698 Level:6 elapsed:39.091ms
2019-04-28 14:10:03.679 T:3552891696 DEBUG: CVideoPlayer::ProcessVideoData size:222 dts:17.392 pts:17.392 dur:41.708ms, clock:8.746 level:106
2019-04-28 14:10:03.683 T:3458011952 ERROR: ffmpeg[CE1D1330]: [aac] channel element 2.4 is not allocated
2019-04-28 14:10:03.711 T:3474797360 DEBUG: CVideoPlayerVideo::OutputPicture - ttd:392ms pts:9.134 Clock:8.741 Level:6 elapsed:37.061ms
2019-04-28 14:10:03.720 T:3552891696 DEBUG: CVideoPlayer::ProcessVideoData size:3302 dts:17.434 pts:17.559 dur:41.708ms, clock:8.787 level:107
2019-04-28 14:10:03.723 T:3458011952 ERROR: ffmpeg[CE1D1330]: [aac] channel element 2.14 is not allocated
2019-04-28 14:10:03.753 T:3474797360 DEBUG: CVideoPlayerVideo::OutputPicture - ttd:393ms pts:9.176 Clock:8.783 Level:6 elapsed:37.928ms
2019-04-28 14:10:03.761 T:3552891696 DEBUG: CVideoPlayer::ProcessVideoData size:260 dts:17.476 pts:17.476 dur:41.708ms, clock:8.828 level:106
2019-04-28 14:10:03.764 T:3458011952 ERROR: ffmpeg[CE1D1330]: [aac] channel element 2.11 is not allocated
2019-04-28 14:10:03.794 T:3474797360 DEBUG: CVideoPlayerVideo::OutputPicture - ttd:387ms pts:9.218 Clock:8.830 Level:6 elapsed:31.867ms
2019-04-28 14:10:03.802 T:3552891696 DEBUG: CVideoPlayer::ProcessVideoData size:204 dts:17.517 pts:17.517 dur:41.708ms, clock:8.869 level:106
2019-04-28 14:10:03.805 T:3458011952 ERROR: ffmpeg[CE1D1330]: [aac] Prediction is not allowed in AAC-LC.
2019-04-28 14:10:03.836 T:3474797360 DEBUG: CVideoPlayerVideo::OutputPicture - ttd:393ms pts:9.259 Clock:8.865 Level:6 elapsed:37.901ms
2019-04-28 14:10:03.842 T:3552891696 DEBUG: CVideoPlayer::ProcessVideoData size:3043 dts:17.559 pts:17.684 dur:41.708ms, clock:8.910 level:107
2019-04-28 14:10:03.845 T:3458011952 DEBUG: ffmpeg[CE1D1330]: [aac] Sample rate index in program config element does not match the sample rate index configured by the container.
2019-04-28 14:10:03.845 T:3458011952 ERROR: ffmpeg[CE1D1330]: [aac] Inconsistent channel configuration.
2019-04-28 14:10:03.845 T:3458011952 ERROR: ffmpeg[CE1D1330]: [aac] get_buffer() failed
2019-04-28 14:10:03.878 T:3474797360 DEBUG: CVideoPlayerVideo::OutputPicture - ttd:395ms pts:9.301 Clock:8.906 Level:6 elapsed:39.092ms
2019-04-28 14:10:03.883 T:3552891696 DEBUG: CVideoPlayer::ProcessVideoData size:245 dts:17.601 pts:17.601 dur:41.708ms, clock:8.950 level:106
2019-04-28 14:10:03.886 T:3458011952 ERROR: ffmpeg[CE1D1330]: [aac] channel element 3.13 is not allocated
2019-04-28 14:10:03.905 T:3785339696 DEBUG: [plugin.video.netflix (0)] Executing JSON-RPC: {"params": {"playerid": 1, "properties": ["audiostreams", "currentaudiostream", "subtitles", "currentsubtitle", "subtitleenabled", "percentage", "time"]}, "jsonrpc": "2.0", "method": "Player.GetProperties", "id": 1}
2019-04-28 14:10:03.908 T:3785339696 DEBUG: [plugin.video.netflix (0)] Notifying all managers of on_tick (data={u'currentaudiostream': {u'index': 0, u'name': u'AAC ', u'language': u'eng', u'channels': 2, u'codec': u'aac', u'bitrate': 98304}, u'elapsed_seconds': 8, u'time': {u'hours': 0, u'seconds': 8, u'minutes': 0, u'milliseconds': 910}, u'subtitleenabled': True, u'percentage': 0.17344753444194794, u'currentsubtitle': {u'index': 0, u'name': u'', u'language': u'eng'}, u'audiostreams': [{u'index': 0, u'name': u'AAC ', u'language': u'eng', u'channels': 2, u'codec': u'aac', u'bitrate': 98304}, {u'index': 1, u'name': u'AAC ', u'language': u'spa', u'channels': 2, u'codec': u'aac', u'bitrate': 98304}, {u'index': 2, u'name': u'AAC ', u'language': u'fre', u'channels': 2, u'codec': u'aac', u'bitrate': 98304}, {u'index': 3, u'name': u'AAC ', u'language': u'por', u'channels': 2, u'codec': u'aac', u'bitrate': 98304}], u'subtitles': [{u'index': 0, u'name': u'', u'language': u'eng'}, {u'index': 1, u'name': u'', u'language': u'spa'}, {u'index': 2, u'name': u'', u'language': u'spa'}, {u'index': 3, u'name': u'', u'language': u'fre'}, {u'index': 4, u'name': u'', u'language': u'fre'}, {u'index': 5, u'name': u'', u'language': u'por'}]})
2019-04-28 14:10:03.920 T:3474797360 DEBUG: CVideoPlayerVideo::OutputPicture - ttd:393ms pts:9.343 Clock:8.949 Level:6 elapsed:37.856ms
2019-04-28 14:10:03.924 T:3552891696 DEBUG: CVideoPlayer::ProcessVideoData size:203 dts:17.643 pts:17.643 dur:41.708ms, clock:8.991 level:107
2019-04-28 14:10:03.926 T:3458011952 ERROR: ffmpeg[CE1D1330]: [aac] Prediction is not allowed in AAC-LC.
2019-04-28 14:10:03.962 T:3474797360 DEBUG: CVideoPlayerVideo::OutputPicture - ttd:392ms pts:9.384 Clock:8.992 Level:6 elapsed:36.597ms
2019-04-28 14:10:03.965 T:3552891696 DEBUG: CVideoPlayer::ProcessVideoData size:2491 dts:17.684 pts:17.809 dur:41.708ms, clock:9.032 level:106
2019-04-28 14:10:03.967 T:3458011952 ERROR: ffmpeg[CE1D1330]: [aac] Prediction is not allowed in AAC-LC.
2019-04-28 14:10:04.003 T:3474797360 DEBUG: CVideoPlayerVideo::OutputPicture - ttd:394ms pts:9.426 Clock:9.031 Level:6 elapsed:39.191ms
2019-04-28 14:10:04.006 T:3552891696 DEBUG: CVideoPlayer::ProcessVideoData size:239 dts:17.726 pts:17.726 dur:41.708ms, clock:9.073 level:106
2019-04-28 14:10:04.008 T:3458011952 DEBUG: ffmpeg[CE1D1330]: [aac] Sample rate index in program config element does not match the sample rate index configured by the container.
2019-04-28 14:10:04.008 T:3458011952 ERROR: ffmpeg[CE1D1330]: [aac] Inconsistent channel configuration.
2019-04-28 14:10:04.008 T:3458011952 ERROR: ffmpeg[CE1D1330]: [aac] get_buffer() failed
2019-04-28 14:10:04.045 T:3474797360 DEBUG: CVideoPlayerVideo::OutputPicture - ttd:393ms pts:9.468 Clock:9.074 Level:6 elapsed:37.899ms
2019-04-28 14:10:04.057 T:3552891696 DEBUG: CVideoPlayer::ProcessVideoData size:186 dts:17.768 pts:17.768 dur:41.708ms, clock:9.124 level:107
2019-04-28 14:10:04.058 T:3458011952 DEBUG: ffmpeg[CE1D1330]: [aac] Sample rate index in program config element does not match the sample rate index configured by the container.
2019-04-28 14:10:04.058 T:3458011952 ERROR: ffmpeg[CE1D1330]: [aac] Inconsistent channel configuration.
2019-04-28 14:10:04.059 T:3458011952 ERROR: ffmpeg[CE1D1330]: [aac] get_buffer() failed
2019-04-28 14:10:04.086 T:3474797360 DEBUG: CVideoPlayerVideo::OutputPicture - ttd:394ms pts:9.509 Clock:9.115 Level:6 elapsed:38.486ms
2019-04-28 14:10:04.097 T:3552891696 DEBUG: CVideoPlayer::ProcessVideoData size:2634 dts:17.809 pts:17.935 dur:41.708ms, clock:9.165 level:106
2019-04-28 14:10:04.099 T:3458011952 ERROR: ffmpeg[CE1D1330]: [aac] channel element 3.11 is not allocated
2019-04-28 14:10:04.128 T:3474797360 DEBUG: CVideoPlayerVideo::OutputPicture - ttd:395ms pts:9.551 Clock:9.156 Level:6 elapsed:39.422ms
2019-04-28 14:10:04.138 T:3552891696 DEBUG: CVideoPlayer::ProcessVideoData size:222 dts:17.851 pts:17.851 dur:41.708ms, clock:9.205 level:106
2019-04-28 14:10:04.140 T:3458011952 ERROR: ffmpeg[CE1D1330]: [aac] channel element 2.10 is not allocated
2019-04-28 14:10:04.170 T:3474797360 DEBUG: CVideoPlayerVideo::OutputPicture - ttd:393ms pts:9.593 Clock:9.199 Level:6 elapsed:37.857ms
2019-04-28 14:10:04.179 T:3552891696 DEBUG: CVideoPlayer::ProcessVideoData size:194 dts:17.893 pts:17.893 dur:41.708ms, clock:9.246 level:107
2019-04-28 14:10:04.180 T:3458011952 ERROR: ffmpeg[CE1D1330]: [aac] channel element 2.12 is not allocated
2019-04-28 14:10:04.212 T:3474797360 DEBUG: CVideoPlayerVideo::OutputPicture - ttd:394ms pts:9.635 Clock:9.240 Level:6 elapsed:39.155ms
2019-04-28 14:10:04.220 T:3552891696 DEBUG: CVideoPlayer::ProcessVideoData size:430 dts:17.935 pts:18.018 dur:41.708ms, clock:9.287 level:106
2019-04-28 14:10:04.221 T:3458011952 DEBUG: ffmpeg[CE1D1330]: [aac] Sample rate index in program config element does not match the sample rate index configured by the container.
2019-04-28 14:10:04.221 T:3458011952 ERROR: ffmpeg[CE1D1330]: [aac] Inconsistent channel configuration.
2019-04-28 14:10:04.221 T:3458011952 ERROR: ffmpeg[CE1D1330]: [aac] get_buffer() failed
2019-04-28 14:10:04.221 T:3576222512 DEBUG: CWebServer[8080]: request received for /jsonrpc
2019-04-28 14:10:04.254 T:3474797360 DEBUG: Previous line repeats 3 times.
2019-04-28 14:10:04.254 T:3474797360 DEBUG: CVideoPlayerVideo::OutputPicture - ttd:394ms pts:9.676 Clock:9.282 Level:6 elapsed:39.323ms
2019-04-28 14:10:04.262 T:3458011952 ERROR: ffmpeg[CE1D1330]: [aac] Reserved bit set.
2019-04-28 14:10:04.262 T:3458011952 ERROR: ffmpeg[CE1D1330]: [aac] Prediction is not allowed in AAC-LC.
2019-04-28 14:10:04.262 T:3517969200 DEBUG: CurlFile::ParseAndCorrectUrl() adding custom header option 'Range: bytes=2578962-2685971'
2019-04-28 14:10:04.262 T:3517969200 DEBUG: CurlFile::ParseAndCorrectUrl() adding custom header option 'connection: keep-alive'
2019-04-28 14:10:04.262 T:3517969200 DEBUG: CurlFile::Open(0xe51990d0) http://195.8.12.225/?o=AQHsvJl_EOvSE5TTC4bMd_jEHeSPEPWYqOh8RAVmbt7CBOuYT5VYlLBEmZEOHrgBOyDrYOjO2iHNfpl_cP3gfV8kUOWFG-leEB80dn1b5uAz5vGFWq7Dy_c_ownq5FLF3YlnoMExiAug9_IOqu7r923d64Q4l_0p8QG4lpahucIynSgXubBiaTx6l968bmXFGF43MryiAkvD1dD5j3u_hQ&v=3&e=1556500176&t=XBn9CDz3os3jL_GEmnZeF6gNB3c
2019-04-28 14:10:04.275 T:3552891696 DEBUG: CVideoPlayer::ProcessVideoData size:228 dts:17.976 pts:17.976 dur:41.708ms, clock:9.342 level:106
2019-04-28 14:10:04.280 T:3517969200 DEBUG: AddOnLog: InputStream Adaptive: Download http://195.8.12.225/?o=AQHsvJl_EOvSE5TTC4bMd_jEHeSPEPWYqOh8RAVmbt7CBOuYT5VYlLBEmZEOHrgBOyDrYOjO2iHNfpl_cP3gfV8kUOWFG-leEB80dn1b5uAz5vGFWq7Dy_c_ownq5FLF3YlnoMExiAug9_IOqu7r923d64Q4l_0p8QG4lpahucIynSgXubBiaTx6l968bmXFGF43MryiAkvD1dD5j3u_hQ&v=3&e=1556500176&t=XBn9CDz3os3jL_GEmnZeF6gNB3c finished, avg speed: 7023410.63byte/s, current speed: 6294705.00byte/s
2019-04-28 14:10:04.296 T:3474797360 DEBUG: CVideoPlayerVideo::OutputPicture - ttd:388ms pts:9.718 Clock:9.329 Level:6 elapsed:33.504ms
2019-04-28 14:10:04.307 T:3466404656 DEBUG: CurlFile::ParseAndCorrectUrl() adding custom header option 'Range: bytes=337363-362258'
2019-04-28 14:10:04.307 T:3466404656 DEBUG: CurlFile::ParseAndCorrectUrl() adding custom header option 'connection: keep-alive'
2019-04-28 14:10:04.307 T:3466404656 DEBUG: CurlFile::Open(0xe5bafbc0) http://195.8.12.225/?o=AQHsvJl_EOvSE5TTC4bNd__NFO-JEPWYqP98RAVmbt7CBOuYT5VYlLBEmZEOHrgBOyDrYOjO2iHNfpl_cP3gfV8kUOWFG-leEB80dn1b5uAz5vGFWq7Dy_c_ownq5FLF3YlnoMk1n1K7yKkMhNbEvXmPpd0xgv8g8x69ntP3pds0gHtSovUnbSx-hcm2MHyZCVQLaNviCAjXnsu3in0&v=3&e=1556500176&t=SdFHa60Oat9NM19HrSW2B81Yrik
2019-04-28 14:10:04.326 T:3466404656 DEBUG: AddOnLog: InputStream Adaptive: Download http://195.8.12.225/?o=AQHsvJl_EOvSE5TTC4bNd__NFO-JEPWYqP98RAVmbt7CBOuYT5VYlLBEmZEOHrgBOyDrYOjO2iHNfpl_cP3gfV8kUOWFG-leEB80dn1b5uAz5vGFWq7Dy_c_ownq5FLF3YlnoMk1n1K7yKkMhNbEvXmPpd0xgv8g8x69ntP3pds0gHtSovUnbSx-hcm2MHyZCVQLaNviCAjXnsu3in0&v=3&e=1556500176&t=SdFHa60Oat9NM19HrSW2B81Yrik finished, avg speed: 6889494.83byte/s, current speed: 1383111.00byte/s
2019-04-28 14:10:04.326 T:3552891696 DEBUG: CVideoPlayer::ProcessVideoData size:43054 dts:18.018 pts:18.060 dur:41.708ms, clock:9.394 level:106
2019-04-28 14:10:04.333 T:3458011952 DEBUG: ffmpeg[CE1D1330]: [aac] Sample rate index in program config element does not match the sample rate index configured by the container.
2019-04-28 14:10:04.333 T:3458011952 ERROR: ffmpeg[CE1D1330]: [aac] Inconsistent channel configuration.
2019-04-28 14:10:04.333 T:3458011952 ERROR: ffmpeg[CE1D1330]: [aac] get_buffer() failed
2019-04-28 14:10:04.337 T:3474797360 DEBUG: CVideoPlayerVideo::OutputPicture - ttd:393ms pts:9.760 Clock:9.366 Level:6 elapsed:37.406ms
2019-04-28 14:10:04.347 T:3552891696 DEBUG: CVideoPlayer::ProcessVideoData size:1916 dts:18.060 pts:18.185 dur:41.708ms, clock:9.414 level:107
2019-04-28 14:10:04.353 T:3458011952 DEBUG: ffmpeg[CE1D1330]: [aac] Sample rate index in program config element does not match the sample rate index configured by the container.
2019-04-28 14:10:04.353 T:3458011952 ERROR: ffmpeg[CE1D1330]: [aac] Inconsistent channel configuration.
2019-04-28 14:10:04.353 T:3458011952 ERROR: ffmpeg[CE1D1330]: [aac] get_buffer() failed
2019-04-28 14:10:04.354 T:3458011952 ERROR: ffmpeg[CE1D1330]: [aac] Number of bands (23) exceeds limit (16).
2019-04-28 14:10:04.378 T:3474797360 DEBUG: CVideoPlayerVideo::OutputPicture - ttd:394ms pts:9.801 Clock:9.406 Level:6 elapsed:38.899ms
2019-04-28 14:10:04.388 T:3552891696 DEBUG: CVideoPlayer::ProcessVideoData size:433 dts:18.101 pts:18.101 dur:41.708ms, clock:9.455 level:106
2019-04-28 14:10:04.394 T:3458011952 ERROR: ffmpeg[CE1D1330]: [aac] ms_present = 3 is reserved.
2019-04-28 14:10:04.421 T:3474797360 DEBUG: CVideoPlayerVideo::OutputPicture - ttd:393ms pts:9.843 Clock:9.449 Level:6 elapsed:38.533ms
