2019-04-28 14:10:39.754 T:3458011952 DEBUG: ffmpeg[CE1D1330]: [aac] Sample rate index in program config element does not match the sample rate index configured by the container.
2019-04-28 14:10:39.754 T:3458011952 ERROR: ffmpeg[CE1D1330]: [aac] Inconsistent channel configuration.
2019-04-28 14:10:39.754 T:3458011952 ERROR: ffmpeg[CE1D1330]: [aac] get_buffer() failed
2019-04-28 14:10:39.789 T:3474797360 DEBUG: CVideoPlayerVideo::OutputPicture - ttd:395ms pts:45.212 Clock:44.817 Level:6 elapsed:39.834ms
2019-04-28 14:10:39.794 T:3458011952 DEBUG: ffmpeg[CE1D1330]: [aac] Sample rate index in program config element does not match the sample rate index configured by the container.
2019-04-28 14:10:39.794 T:3552891696 DEBUG: CVideoPlayer::ProcessVideoData size:621 dts:53.512 pts:53.512 dur:41.708ms, clock:44.861 level:106
2019-04-28 14:10:39.794 T:3458011952 ERROR: ffmpeg[CE1D1330]: [aac] Inconsistent channel configuration.
2019-04-28 14:10:39.795 T:3458011952 ERROR: ffmpeg[CE1D1330]: [aac] get_buffer() failed
2019-04-28 14:10:39.831 T:3474797360 DEBUG: CVideoPlayerVideo::OutputPicture - ttd:390ms pts:45.254 Clock:44.863 Level:6 elapsed:35.129ms
2019-04-28 14:10:39.835 T:3458011952 ERROR: ffmpeg[CE1D1330]: [aac] channel element 2.9 is not allocated
2019-04-28 14:10:39.835 T:3552891696 DEBUG: CVideoPlayer::ProcessVideoData size:8288 dts:53.553 pts:53.679 dur:41.708ms, clock:44.902 level:107
2019-04-28 14:10:39.872 T:3474797360 DEBUG: CVideoPlayerVideo::OutputPicture - ttd:395ms pts:45.295 Clock:44.900 Level:6 elapsed:38.986ms
2019-04-28 14:10:39.876 T:3458011952 ERROR: ffmpeg[CE1D1330]: [aac] channel element 3.14 is not allocated
2019-04-28 14:10:39.876 T:3552891696 DEBUG: CVideoPlayer::ProcessVideoData size:537 dts:53.595 pts:53.595 dur:41.708ms, clock:44.943 level:106
2019-04-28 14:10:39.914 T:3474797360 DEBUG: CVideoPlayerVideo::OutputPicture - ttd:395ms pts:45.337 Clock:44.942 Level:6 elapsed:40.067ms
2019-04-28 14:10:39.917 T:3458011952 ERROR: ffmpeg[CE1D1330]: [aac] Prediction is not allowed in AAC-LC.
2019-04-28 14:10:39.917 T:3552891696 DEBUG: CVideoPlayer::ProcessVideoData size:526 dts:53.637 pts:53.637 dur:41.708ms, clock:44.984 level:106
2019-04-28 14:10:39.955 T:3474797360 DEBUG: CVideoPlayerVideo::OutputPicture - ttd:391ms pts:45.379 Clock:44.987 Level:6 elapsed:35.177ms
2019-04-28 14:10:39.958 T:3458011952 ERROR: ffmpeg[CE1D1330]: [aac] Number of bands (45) exceeds limit (22).
2019-04-28 14:10:39.958 T:3552891696 DEBUG: CVideoPlayer::ProcessVideoData size:9520 dts:53.679 pts:53.804 dur:41.708ms, clock:45.025 level:107
2019-04-28 14:10:39.998 T:3474797360 DEBUG: CVideoPlayerVideo::OutputPicture - ttd:394ms pts:45.420 Clock:45.026 Level:6 elapsed:39.049ms
2019-04-28 14:10:39.999 T:3458011952 ERROR: ffmpeg[CE1D1330]: [aac] Reserved bit set.
2019-04-28 14:10:39.999 T:3552891696 DEBUG: CVideoPlayer::ProcessVideoData size:672 dts:53.720 pts:53.720 dur:41.708ms, clock:45.066 level:106
2019-04-28 14:10:39.999 T:3458011952 DEBUG: ffmpeg[CE1D1330]: [aac] Sample rate index in program config element does not match the sample rate index configured by the container.
2019-04-28 14:10:39.999 T:3458011952 ERROR: ffmpeg[CE1D1330]: [aac] Inconsistent channel configuration.
2019-04-28 14:10:39.999 T:3458011952 ERROR: ffmpeg[CE1D1330]: [aac] get_buffer() failed
2019-04-28 14:10:40.038 T:3785339696 DEBUG: [plugin.video.netflix (0)] Executing JSON-RPC: {"params": {"playerid": 1, "properties": ["audiostreams", "currentaudiostream", "subtitles", "currentsubtitle", "subtitleenabled", "percentage", "time"]}, "jsonrpc": "2.0", "method": "Player.GetProperties", "id": 1}
2019-04-28 14:10:40.039 T:3474797360 DEBUG: CVideoPlayerVideo::OutputPicture - ttd:394ms pts:45.462 Clock:45.068 Level:6 elapsed:38.073ms
2019-04-28 14:10:40.040 T:3785339696 DEBUG: [plugin.video.netflix (0)] Notifying all managers of on_tick (data={u'currentaudiostream': {u'index': 0, u'name': u'AAC ', u'language': u'eng', u'channels': 2, u'codec': u'aac', u'bitrate': 98304}, u'elapsed_seconds': 44, u'time': {u'hours': 0, u'seconds': 44, u'minutes': 0, u'milliseconds': 995}, u'subtitleenabled': True, u'percentage': 0.87590032815933228, u'currentsubtitle': {u'index': 0, u'name': u'', u'language': u'eng'}, u'audiostreams': [{u'index': 0, u'name': u'AAC ', u'language': u'eng', u'channels': 2, u'codec': u'aac', u'bitrate': 98304}, {u'index': 1, u'name': u'AAC ', u'language': u'spa', u'channels': 2, u'codec': u'aac', u'bitrate': 98304}, {u'index': 2, u'name': u'AAC ', u'language': u'fre', u'channels': 2, u'codec': u'aac', u'bitrate': 98304}, {u'index': 3, u'name': u'AAC ', u'language': u'por', u'channels': 2, u'codec': u'aac', u'bitrate': 98304}], u'subtitles': [{u'index': 0, u'name': u'', u'language': u'eng'}, {u'index': 1, u'name': u'', u'language': u'spa'}, {u'index': 2, u'name': u'', u'language': u'spa'}, {u'index': 3, u'name': u'', u'language': u'fre'}, {u'index': 4, u'name': u'', u'language': u'fre'}, {u'index': 5, u'name': u'', u'language': u'por'}]})
2019-04-28 14:10:40.050 T:3458011952 ERROR: ffmpeg[CE1D1330]: [aac] channel element 2.2 is not allocated
2019-04-28 14:10:40.050 T:3552891696 DEBUG: CVideoPlayer::ProcessVideoData size:622 dts:53.762 pts:53.762 dur:41.708ms, clock:45.118 level:106
2019-04-28 14:10:40.081 T:3474797360 DEBUG: CVideoPlayerVideo::OutputPicture - ttd:390ms pts:45.504 Clock:45.113 Level:6 elapsed:34.511ms
2019-04-28 14:10:40.091 T:3458011952 ERROR: ffmpeg[CE1D1330]: [aac] Reserved bit set.
2019-04-28 14:10:40.091 T:3458011952 ERROR: ffmpeg[CE1D1330]: [aac] invalid band type
2019-04-28 14:10:40.091 T:3552891696 DEBUG: CVideoPlayer::ProcessVideoData size:13277 dts:53.804 pts:53.929 dur:41.708ms, clock:45.158 level:107
2019-04-28 14:10:40.123 T:3474797360 DEBUG: CVideoPlayerVideo::OutputPicture - ttd:395ms pts:45.545 Clock:45.150 Level:6 elapsed:39.593ms
2019-04-28 14:10:40.132 T:3552891696 DEBUG: CVideoPlayer::ProcessVideoData size:1556 dts:53.845 pts:53.845 dur:41.708ms, clock:45.199 level:106
2019-04-28 14:10:40.132 T:3458011952 ERROR: ffmpeg[CE1D1330]: [aac] Reserved bit set.
2019-04-28 14:10:40.132 T:3458011952 ERROR: ffmpeg[CE1D1330]: [aac] Number of bands (12) exceeds limit (7).
2019-04-28 14:10:40.164 T:3474797360 DEBUG: CVideoPlayerVideo::OutputPicture - ttd:394ms pts:45.587 Clock:45.192 Level:6 elapsed:39.234ms
2019-04-28 14:10:40.173 T:3552891696 DEBUG: CVideoPlayer::ProcessVideoData size:1313 dts:53.887 pts:53.887 dur:41.708ms, clock:45.240 level:106
2019-04-28 14:10:40.198 T:3576222512 DEBUG: CWebServer[8080]: request received for /jsonrpc
2019-04-28 14:10:40.206 T:3474797360 DEBUG: Previous line repeats 1 times.
2019-04-28 14:10:40.206 T:3474797360 DEBUG: CVideoPlayerVideo::OutputPicture - ttd:391ms pts:45.629 Clock:45.237 Level:6 elapsed:35.740ms
2019-04-28 14:10:40.206 T:3576222512 DEBUG: CWebServer[8080]: request received for /jsonrpc
2019-04-28 14:10:40.214 T:3458011952 DEBUG: Previous line repeats 1 times.
2019-04-28 14:10:40.214 T:3458011952 DEBUG: ffmpeg[CE1D1330]: [aac] Sample rate index in program config element does not match the sample rate index configured by the container.
2019-04-28 14:10:40.214 T:3552891696 DEBUG: CVideoPlayer::ProcessVideoData size:9875 dts:53.929 pts:54.054 dur:41.708ms, clock:45.281 level:107
2019-04-28 14:10:40.214 T:3458011952 ERROR: ffmpeg[CE1D1330]: [aac] Inconsistent channel configuration.
2019-04-28 14:10:40.214 T:3458011952 ERROR: ffmpeg[CE1D1330]: [aac] get_buffer() failed
2019-04-28 14:10:40.248 T:3474797360 DEBUG: CVideoPlayerVideo::OutputPicture - ttd:393ms pts:45.671 Clock:45.277 Level:6 elapsed:38.212ms
2019-04-28 14:10:40.255 T:3458011952 ERROR: ffmpeg[CE1D1330]: [aac] channel element 2.4 is not allocated
2019-04-28 14:10:40.255 T:3552891696 DEBUG: CVideoPlayer::ProcessVideoData size:1260 dts:53.971 pts:53.971 dur:41.708ms, clock:45.322 level:106
2019-04-28 14:10:40.290 T:3474797360 DEBUG: CVideoPlayerVideo::OutputPicture - ttd:394ms pts:45.712 Clock:45.318 Level:6 elapsed:39.548ms
2019-04-28 14:10:40.296 T:3458011952 ERROR: ffmpeg[CE1D1330]: [aac] Reserved bit set.
2019-04-28 14:10:40.296 T:3458011952 ERROR: ffmpeg[CE1D1330]: [aac] Number of bands (10) exceeds limit (8).
2019-04-28 14:10:40.297 T:3517969200 DEBUG: CurlFile::ParseAndCorrectUrl() adding custom header option 'Range: bytes=8126032-8430528'
2019-04-28 14:10:40.297 T:3517969200 DEBUG: CurlFile::ParseAndCorrectUrl() adding custom header option 'connection: keep-alive'
2019-04-28 14:10:40.297 T:3517969200 DEBUG: CurlFile::Open(0xe51ba848) http://195.8.12.225/?o=AQHsvJl_EOvSE5TTC4bMd_jEHeSPEPWYqOh8RAVmbt7CBOuYT5VYlLBEmZEOHrgBOyDrYOjO2iHNfpl_cP3gfV8kUOWFG-leEB80dn1b5uAz5vGFWq7Dy_c_ownq5FLF3YlnoMExiAug9_IOqu7r923d64Q4l_0p8QG4lpahucIynSgXubBiaTx6l968bmXFGF43MryiAkvD1dD5j3u_hQ&v=3&e=1556500176&t=XBn9CDz3os3jL_GEmnZeF6gNB3c
2019-04-28 14:10:40.313 T:3552891696 DEBUG: CVideoPlayer::ProcessVideoData size:1317 dts:54.012 pts:54.012 dur:41.708ms, clock:45.380 level:106
2019-04-28 14:10:40.332 T:3474797360 DEBUG: CVideoPlayerVideo::OutputPicture - ttd:379ms pts:45.754 Clock:45.375 Level:6 elapsed:24.306ms
2019-04-28 14:10:40.335 T:3517969200 DEBUG: AddOnLog: InputStream Adaptive: Download http://195.8.12.225/?o=AQHsvJl_EOvSE5TTC4bMd_jEHeSPEPWYqOh8RAVmbt7CBOuYT5VYlLBEmZEOHrgBOyDrYOjO2iHNfpl_cP3gfV8kUOWFG-leEB80dn1b5uAz5vGFWq7Dy_c_ownq5FLF3YlnoMExiAug9_IOqu7r923d64Q4l_0p8QG4lpahucIynSgXubBiaTx6l968bmXFGF43MryiAkvD1dD5j3u_hQ&v=3&e=1556500176&t=XBn9CDz3os3jL_GEmnZeF6gNB3c finished, avg speed: 7564577.98byte/s, current speed: 8229648.00byte/s
2019-04-28 14:10:40.344 T:3466404656 DEBUG: CurlFile::ParseAndCorrectUrl() adding custom header option 'Range: bytes=785469-810460'
2019-04-28 14:10:40.344 T:3466404656 DEBUG: CurlFile::ParseAndCorrectUrl() adding custom header option 'connection: keep-alive'
2019-04-28 14:10:40.344 T:3466404656 DEBUG: CurlFile::Open(0xe5bafbc0) http://195.8.12.225/?o=AQHsvJl_EOvSE5TTC4bNd__NFO-JEPWYqP98RAVmbt7CBOuYT5VYlLBEmZEOHrgBOyDrYOjO2iHNfpl_cP3gfV8kUOWFG-leEB80dn1b5uAz5vGFWq7Dy_c_ownq5FLF3YlnoMk1n1K7yKkMhNbEvXmPpd0xgv8g8x69ntP3pds0gHtSovUnbSx-hcm2MHyZCVQLaNviCAjXnsu3in0&v=3&e=1556500176&t=SdFHa60Oat9NM19HrSW2B81Yrik
2019-04-28 14:10:40.370 T:3466404656 DEBUG: AddOnLog: InputStream Adaptive: Download http://195.8.12.225/?o=AQHsvJl_EOvSE5TTC4bNd__NFO-JEPWYqP98RAVmbt7CBOuYT5VYlLBEmZEOHrgBOyDrYOjO2iHNfpl_cP3gfV8kUOWFG-leEB80dn1b5uAz5vGFWq7Dy_c_ownq5FLF3YlnoMk1n1K7yKkMhNbEvXmPpd0xgv8g8x69ntP3pds0gHtSovUnbSx-hcm2MHyZCVQLaNviCAjXnsu3in0&v=3&e=1556500176&t=SdFHa60Oat9NM19HrSW2B81Yrik finished, avg speed: 7409101.46byte/s, current speed: 1041333.00byte/s
2019-04-28 14:10:40.370 T:3458011952 DEBUG: ffmpeg[CE1D1330]: [aac] Sample rate index in program config element does not match the sample rate index configured by the container.
2019-04-28 14:10:40.370 T:3458011952 ERROR: ffmpeg[CE1D1330]: [aac] Inconsistent channel configuration.
2019-04-28 14:10:40.370 T:3458011952 ERROR: ffmpeg[CE1D1330]: [aac] get_buffer() failed
2019-04-28 14:10:40.371 T:3552891696 DEBUG: CVideoPlayer::ProcessVideoData size:48459 dts:54.054 pts:54.096 dur:41.708ms, clock:45.438 level:106
2019-04-28 14:10:40.373 T:3474797360 DEBUG: CVideoPlayerVideo::OutputPicture - ttd:391ms pts:45.796 Clock:45.405 Level:6 elapsed:35.058ms
2019-04-28 14:10:40.381 T:3458011952 DEBUG: ffmpeg[CE1D1330]: [aac] Sample rate index in program config element does not match the sample rate index configured by the container.
2019-04-28 14:10:40.381 T:3458011952 ERROR: ffmpeg[CE1D1330]: [aac] Inconsistent channel configuration.
2019-04-28 14:10:40.381 T:3458011952 ERROR: ffmpeg[CE1D1330]: [aac] get_buffer() failed
2019-04-28 14:10:40.381 T:3552891696 DEBUG: CVideoPlayer::ProcessVideoData size:11462 dts:54.096 pts:54.221 dur:41.708ms, clock:45.449 level:107
2019-04-28 14:10:40.381 T:3458011952 ERROR: ffmpeg[CE1D1330]: [aac] Reserved bit set.
2019-04-28 14:10:40.381 T:3458011952 ERROR: ffmpeg[CE1D1330]: [aac] invalid band type
2019-04-28 14:10:40.415 T:3474797360 DEBUG: CVideoPlayerVideo::OutputPicture - ttd:395ms pts:45.837 Clock:45.442 Level:6 elapsed:40.133ms
2019-04-28 14:10:40.422 T:3458011952 DEBUG: ffmpeg[CE1D1330]: [aac] Sample rate index in program config element does not match the sample rate index configured by the container.
2019-04-28 14:10:40.422 T:3552891696 DEBUG: CVideoPlayer::ProcessVideoData size:1748 dts:54.137 pts:54.137 dur:41.708ms, clock:45.489 level:106
2019-04-28 14:10:40.422 T:3458011952 DEBUG: ffmpeg[CE1D1330]: [aac] Too large remapped id is not implemented. Update your FFmpeg version to the newest one from Git. If the problem still occurs, it means that your file has a feature which has not been implemented.
2019-04-28 14:10:40.422 T:3458011952 DEBUG: ffmpeg[CE1D1330]: [aac] If you want to help, upload a sample of this file to ftp://upload.ffmpeg.org/incoming/ and contact the ffmpeg-devel mailing list. (ffmpeg-devel@ffmpeg.org)
2019-04-28 14:10:40.456 T:3474797360 DEBUG: CVideoPlayerVideo::OutputPicture - ttd:393ms pts:45.879 Clock:45.486 Level:6 elapsed:37.608ms
2019-04-28 14:10:40.463 T:3458011952 ERROR: ffmpeg[CE1D1330]: [aac] channel element 3.1 is not allocated
2019-04-28 14:10:40.463 T:3552891696 DEBUG: CVideoPlayer::ProcessVideoData size:1522 dts:54.179 pts:54.179 dur:41.708ms, clock:45.530 level:106
2019-04-28 14:10:40.498 T:3474797360 DEBUG: CVideoPlayerVideo::OutputPicture - ttd:392ms pts:45.921 Clock:45.529 Level:6 elapsed:36.356ms
2019-04-28 14:10:40.504 T:3458011952 ERROR: ffmpeg[CE1D1330]: [aac] ms_present = 3 is reserved.
2019-04-28 14:10:40.504 T:3552891696 DEBUG: CVideoPlayer::ProcessVideoData size:11574 dts:54.221 pts:54.346 dur:41.708ms, clock:45.571 level:107
2019-04-28 14:10:40.539 T:3474797360 DEBUG: CVideoPlayerVideo::OutputPicture - ttd:395ms pts:45.963 Clock:45.567 Level:6 elapsed:39.205ms
2019-04-28 14:10:40.545 T:3458011952 ERROR: ffmpeg[CE1D1330]: [aac] Reserved bit set.
2019-04-28 14:10:40.545 T:3552891696 DEBUG: CVideoPlayer::ProcessVideoData size:1649 dts:54.263 pts:54.263 dur:41.708ms, clock:45.612 level:106
2019-04-28 14:10:40.545 T:3458011952 ERROR: ffmpeg[CE1D1330]: [aac] Number of bands (35) exceeds limit (28).
2019-04-28 14:10:40.581 T:3474797360 DEBUG: CVideoPlayerVideo::OutputPicture - ttd:395ms pts:46.004 Clock:45.609 Level:6 elapsed:39.663ms
2019-04-28 14:10:40.586 T:3552891696 DEBUG: CVideoPlayer::ProcessVideoData size:1546 dts:54.304 pts:54.304 dur:41.708ms, clock:45.653 level:106
2019-04-28 14:10:40.587 T:3458011952 ERROR: ffmpeg[CE1D1330]: [aac] SBR was found before the first channel element.
2019-04-28 14:10:40.587 T:3458011952 ERROR: ffmpeg[CE1D1330]: [aac] Reserved bit set.
2019-04-28 14:10:40.587 T:3458011952 ERROR: ffmpeg[CE1D1330]: [aac] Number of bands (5) exceeds limit (3).
2019-04-28 14:10:40.623 T:3474797360 DEBUG: CVideoPlayerVideo::OutputPicture - ttd:392ms pts:46.046 Clock:45.654 Level:6 elapsed:36.430ms
2019-04-28 14:10:40.627 T:3458011952 DEBUG: ffmpeg[CE1D1330]: [aac] Sample rate index in program config element does not match the sample rate index configured by the container.
2019-04-28 14:10:40.627 T:3552891696 DEBUG: CVideoPlayer::ProcessVideoData size:10838 dts:54.346 pts:54.429 dur:41.708ms, clock:45.694 level:107
2019-04-28 14:10:40.627 T:3458011952 ERROR: ffmpeg[CE1D1330]: [aac] Inconsistent channel configuration.
2019-04-28 14:10:40.627 T:3458011952 ERROR: ffmpeg[CE1D1330]: [aac] get_buffer() failed
2019-04-28 14:10:40.665 T:3474797360 DEBUG: CVideoPlayerVideo::OutputPicture - ttd:394ms pts:46.088 Clock:45.693 Level:6 elapsed:38.817ms
2019-04-28 14:10:40.668 T:3458011952 ERROR: ffmpeg[CE1D1330]: [aac] channel element 2.5 is not allocated
2019-04-28 14:10:40.668 T:3552891696 DEBUG: CVideoPlayer::ProcessVideoData size:1524 dts:54.388 pts:54.388 dur:41.708ms, clock:45.736 level:106
2019-04-28 14:10:40.707 T:3474797360 DEBUG: CVideoPlayerVideo::OutputPicture - ttd:394ms pts:46.129 Clock:45.735 Level:6 elapsed:39.100ms
2019-04-28 14:10:40.709 T:3458011952 ERROR: ffmpeg[CE1D1330]: [aac] channel element 2.7 is not allocated
2019-04-28 14:10:40.709 T:3552891696 DEBUG: CVideoPlayer::ProcessVideoData size:11293 dts:54.429 pts:54.554 dur:41.708ms, clock:45.777 level:106
2019-04-28 14:10:40.748 T:3474797360 DEBUG: CVideoPlayerVideo::OutputPicture - ttd:392ms pts:46.171 Clock:45.778 Level:6 elapsed:37.220ms
2019-04-28 14:10:40.750 T:3458011952 DEBUG: ffmpeg[CE1D1330]: [aac] Sample rate index in program config element does not match the sample rate index configured by the container.
2019-04-28 14:10:40.750 T:3552891696 DEBUG: CVideoPlayer::ProcessVideoData size:1247 dts:54.471 pts:54.471 dur:41.708ms, clock:45.817 level:107
2019-04-28 14:10:40.750 T:3458011952 ERROR: ffmpeg[CE1D1330]: [aac] Inconsistent channel configuration.
2019-04-28 14:10:40.750 T:3458011952 ERROR: ffmpeg[CE1D1330]: [aac] get_buffer() failed
2019-04-28 14:10:40.790 T:3474797360 DEBUG: CVideoPlayerVideo::OutputPicture - ttd:393ms pts:46.213 Clock:45.819 Level:6 elapsed:38.628ms
2019-04-28 14:10:40.801 T:3458011952 ERROR: ffmpeg[CE1D1330]: [aac] ms_present = 3 is reserved.
2019-04-28 14:10:40.801 T:3552891696 DEBUG: CVideoPlayer::ProcessVideoData size:1507 dts:54.513 pts:54.513 dur:41.708ms, clock:45.869 level:106
2019-04-28 14:10:40.832 T:3474797360 DEBUG: CVideoPlayerVideo::OutputPicture - ttd:394ms pts:46.255 Clock:45.860 Level:6 elapsed:39.076ms
2019-04-28 14:10:40.842 T:3458011952 ERROR: ffmpeg[CE1D1330]: [aac] channel element 3.5 is not allocated
2019-04-28 14:10:40.842 T:3552891696 DEBUG: CVideoPlayer::ProcessVideoData size:12055 dts:54.554 pts:54.680 dur:41.708ms, clock:45.909 level:106
2019-04-28 14:10:40.873 T:3474797360 DEBUG: CVideoPlayerVideo::OutputPicture - ttd:391ms pts:46.296 Clock:45.905 Level:6 elapsed:35.370ms
2019-04-28 14:10:40.883 T:3458011952 ERROR: ffmpeg[CE1D1330]: [aac] Reserved bit set.
2019-04-28 14:10:40.883 T:3552891696 DEBUG: CVideoPlayer::ProcessVideoData size:1271 dts:54.596 pts:54.596 dur:41.708ms, clock:45.950 level:107
2019-04-28 14:10:40.883 T:3458011952 ERROR: ffmpeg[CE1D1330]: [aac] Prediction is not allowed in AAC-LC.
2019-04-28 14:10:40.915 T:3474797360 DEBUG: CVideoPlayerVideo::OutputPicture - ttd:394ms pts:46.338 Clock:45.943 Level:6 elapsed:38.768ms
2019-04-28 14:10:40.924 T:3458011952 DEBUG: ffmpeg[CE1D1330]: [aac] Sample rate index in program config element does not match the sample rate index configured by the container.
2019-04-28 14:10:40.924 T:3458011952 ERROR: ffmpeg[CE1D1330]: [aac] Inconsistent channel configuration.
2019-04-28 14:10:40.924 T:3552891696 DEBUG: CVideoPlayer::ProcessVideoData size:1178 dts:54.638 pts:54.638 dur:41.708ms, clock:45.991 level:106
2019-04-28 14:10:40.924 T:3458011952 ERROR: ffmpeg[CE1D1330]: [aac] get_buffer() failed
2019-04-28 14:10:40.957 T:3474797360 DEBUG: CVideoPlayerVideo::OutputPicture - ttd:395ms pts:46.380 Clock:45.984 Level:6 elapsed:39.699ms
2019-04-28 14:10:40.965 T:3552891696 DEBUG: CVideoPlayer::ProcessVideoData size:14523 dts:54.680 pts:54.763 dur:41.708ms, clock:46.032 level:106
2019-04-28 14:10:40.965 T:3458011952 ERROR: ffmpeg[CE1D1330]: [aac] channel element 2.4 is not allocated
2019-04-28 14:10:40.999 T:3474797360 DEBUG: CVideoPlayerVideo::OutputPicture - ttd:392ms pts:46.421 Clock:46.029 Level:6 elapsed:37.055ms
2019-04-28 14:10:41.006 T:3552891696 DEBUG: CVideoPlayer::ProcessVideoData size:1094 dts:54.721 pts:54.721 dur:41.708ms, clock:46.073 level:107
2019-04-28 14:10:41.006 T:3458011952 ERROR: ffmpeg[CE1D1330]: [aac] channel element 0.2 is not allocated
2019-04-28 14:10:41.040 T:3474797360 DEBUG: CVideoPlayerVideo::OutputPicture - ttd:393ms pts:46.463 Clock:46.069 Level:6 elapsed:37.961ms
2019-04-28 14:10:41.041 T:3785339696 DEBUG: [plugin.video.netflix (0)] Executing JSON-RPC: {"params": {"playerid": 1, "properties": ["audiostreams", "currentaudiostream", "subtitles", "currentsubtitle", "subtitleenabled", "percentage", "time"]}, "jsonrpc": "2.0", "method": "Player.GetProperties", "id": 1}
2019-04-28 14:10:41.044 T:3785339696 DEBUG: [plugin.video.netflix (0)] Notifying all managers of on_tick (data={u'currentaudiostream': {u'index': 0, u'name': u'AAC ', u'language': u'eng', u'channels': 2, u'codec': u'aac', u'bitrate': 98304}, u'elapsed_seconds': 46, u'time': {u'hours': 0, u'seconds': 46, u'minutes': 0, u'milliseconds': 22}, u'subtitleenabled': True, u'percentage': 0.89589256048202515, u'currentsubtitle': {u'index': 0, u'name': u'', u'language': u'eng'}, u'audiostreams': [{u'index': 0, u'name': u'AAC ', u'language': u'eng', u'channels': 2, u'codec': u'aac', u'bitrate': 98304}, {u'index': 1, u'name': u'AAC ', u'language': u'spa', u'channels': 2, u'codec': u'aac', u'bitrate': 98304}, {u'index': 2, u'name': u'AAC ', u'language': u'fre', u'channels': 2, u'codec': u'aac', u'bitrate': 98304}, {u'index': 3, u'name': u'AAC ', u'language': u'por', u'channels': 2, u'codec': u'aac', u'bitrate': 98304}], u'subtitles': [{u'index': 0, u'name': u'', u'language': u'eng'}, {u'index': 1, u'name': u'', u'language': u'spa'}, {u'index': 2, u'name': u'', u'language': u'spa'}, {u'index': 3, u'name': u'', u'language': u'fre'}, {u'index': 4, u'name': u'', u'language': u'fre'}, {u'index': 5, u'name': u'', u'language': u'por'}]})
2019-04-28 14:10:41.047 T:3458011952 ERROR: ffmpeg[CE1D1330]: [aac] channel element 2.14 is not allocated
2019-04-28 14:10:41.047 T:3552891696 DEBUG: CVideoPlayer::ProcessVideoData size:12426 dts:54.763 pts:54.888 dur:41.708ms, clock:46.114 level:106
2019-04-28 14:10:41.082 T:3474797360 DEBUG: CVideoPlayerVideo::OutputPicture - ttd:395ms pts:46.505 Clock:46.110 Level:6 elapsed:39.684ms
2019-04-28 14:10:41.088 T:3458011952 ERROR: ffmpeg[CE1D1330]: [aac] channel element 3.10 is not allocated
2019-04-28 14:10:41.088 T:3552891696 DEBUG: CVideoPlayer::ProcessVideoData size:973 dts:54.805 pts:54.805 dur:41.708ms, clock:46.155 level:106
2019-04-28 14:10:41.124 T:3474797360 DEBUG: CVideoPlayerVideo::OutputPicture - ttd:392ms pts:46.547 Clock:46.154 Level:6 elapsed:36.885ms
2019-04-28 14:10:41.129 T:3458011952 ERROR: ffmpeg[CE1D1330]: [aac] channel element 3.3 is not allocated
2019-04-28 14:10:41.129 T:3552891696 DEBUG: CVideoPlayer::ProcessVideoData size:987 dts:54.846 pts:54.846 dur:41.708ms, clock:46.196 level:107
2019-04-28 14:10:41.165 T:3474797360 DEBUG: CVideoPlayerVideo::OutputPicture - ttd:394ms pts:46.588 Clock:46.193 Level:6 elapsed:39.013ms
2019-04-28 14:10:41.170 T:3552891696 DEBUG: CVideoPlayer::ProcessVideoData size:12053 dts:54.888 pts:55.013 dur:41.708ms, clock:46.237 level:106
2019-04-28 14:10:41.170 T:3458011952 ERROR: ffmpeg[CE1D1330]: [aac] channel element 2.9 is not allocated
2019-04-28 14:10:41.207 T:3474797360 DEBUG: CVideoPlayerVideo::OutputPicture - ttd:394ms pts:46.630 Clock:46.235 Level:6 elapsed:39.500ms
2019-04-28 14:10:41.211 T:3458011952 DEBUG: ffmpeg[CE1D1330]: [aac] Sample rate index in program config element does not match the sample rate index configured by the container.
2019-04-28 14:10:41.211 T:3552891696 DEBUG: CVideoPlayer::ProcessVideoData size:1102 dts:54.930 pts:54.930 dur:41.708ms, clock:46.278 level:106
2019-04-28 14:10:41.211 T:3458011952 ERROR: ffmpeg[CE1D1330]: [aac] Inconsistent channel configuration.
2019-04-28 14:10:41.211 T:3458011952 ERROR: ffmpeg[CE1D1330]: [aac] get_buffer() failed
2019-04-28 14:10:41.213 T:3749888816 DEBUG: EventClient: button code 0 pressed
2019-04-28 14:10:41.214 T:4093684544 DEBUG: HandleKey: red (0xe3) pressed, action is FastForward
2019-04-28 14:10:41.214 T:4093684544 DEBUG: ------ Window Init (DialogSeekBar.xml) ------
2019-04-28 14:10:41.221 T:3458011952 DEBUG: CDVDAudio::Pause - pausing audio stream
2019-04-28 14:10:41.223 T:4093684544 DEBUG: ------ Window Init (Custom_1109_TopBarOverlay.xml) ------
2019-04-28 14:10:41.238 T:4089770800 DEBUG: CAnnouncementManager - Announcement: OnSpeedChanged from xbmc
2019-04-28 14:10:41.238 T:4089770800 DEBUG: GOT ANNOUNCEMENT, type: 1, from xbmc, message OnSpeedChanged
2019-04-28 14:10:41.240 T:3474797360 DEBUG: CVideoPlayerVideo::OutputPicture - ttd:391ms pts:46.672 Clock:46.280 Level:6 elapsed:26.899ms
2019-04-28 14:10:41.242 T:3552891696 DEBUG: CVideoPlayer::ProcessVideoData size:1235 dts:54.972 pts:54.972 dur:41.708ms, clock:46.330 level:107
2019-04-28 14:10:41.261 T:3474797360 DEBUG: CVideoPlayerVideo::OutputPicture - ttd:384ms pts:46.713 Clock:46.329 Level:6 elapsed:19.674ms
2019-04-28 14:10:41.273 T:3552891696 DEBUG: CVideoPlayer::ProcessVideoData size:10985 dts:55.013 pts:55.138 dur:41.708ms, clock:46.392 level:105
2019-04-28 14:10:41.282 T:3474797360 DEBUG: CVideoPlayerVideo::OutputPicture - ttd:381ms pts:46.755 Clock:46.373 Level:6 elapsed:18.213ms
2019-04-28 14:10:41.294 T:3552891696 DEBUG: CVideoPlayer::ProcessVideoData size:1177 dts:55.055 pts:55.055 dur:41.708ms, clock:46.433 level:105
2019-04-28 14:10:41.303 T:3474797360 DEBUG: CVideoPlayerVideo::OutputPicture - ttd:375ms pts:46.797 Clock:46.421 Level:6 elapsed:15.420ms
2019-04-28 14:10:41.314 T:3552891696 DEBUG: CVideoPlayer::ProcessVideoData size:941 dts:55.097 pts:55.097 dur:41.708ms, clock:46.474 level:107
2019-04-28 14:10:41.322 T:3474797360 DEBUG: CVideoPlayerVideo::OutputPicture - ttd:382ms pts:46.838 Clock:46.456 Level:6 elapsed:16.341ms
2019-04-28 14:10:41.325 T:3552891696 DEBUG: CVideoPlayer::ProcessVideoData size:13361 dts:55.138 pts:55.222 dur:41.708ms, clock:46.496 level:105
2019-04-28 14:10:41.343 T:3474797360 DEBUG: CVideoPlayerVideo::OutputPicture - ttd:386ms pts:46.880 Clock:46.494 Level:6 elapsed:19.009ms
2019-04-28 14:10:41.346 T:3552891696 DEBUG: CVideoPlayer::ProcessVideoData size:939 dts:55.180 pts:55.180 dur:41.708ms, clock:46.537 level:105
2019-04-28 14:10:41.364 T:3474797360 DEBUG: CVideoPlayerVideo::OutputPicture - ttd:378ms pts:46.922 Clock:46.543 Level:6 elapsed:15.156ms
2019-04-28 14:10:41.366 T:3552891696 DEBUG: CVideoPlayer::ProcessVideoData size:11650 dts:55.222 pts:55.305 dur:41.708ms, clock:46.579 level:107
2019-04-28 14:10:41.385 T:3474797360 DEBUG: CVideoPlayerVideo::OutputPicture - ttd:385ms pts:46.964 Clock:46.578 Level:6 elapsed:18.709ms
2019-04-28 14:10:41.387 T:3552891696 DEBUG: CVideoPlayer::ProcessVideoData size:814 dts:55.264 pts:55.264 dur:41.708ms, clock:46.620 level:105
2019-04-28 14:10:41.406 T:3474797360 DEBUG: CVideoPlayerVideo::OutputPicture - ttd:379ms pts:47.005 Clock:46.626 Level:6 elapsed:16.108ms
2019-04-28 14:10:41.418 T:3552891696 DEBUG: CVideoPlayer::ProcessVideoData size:14878 dts:55.305 pts:55.430 dur:41.708ms, clock:46.682 level:107
2019-04-28 14:10:41.428 T:3474797360 DEBUG: CVideoPlayerVideo::OutputPicture - ttd:383ms pts:47.047 Clock:46.663 Level:6 elapsed:19.122ms
2019-04-28 14:10:41.439 T:3552891696 DEBUG: CVideoPlayer::ProcessVideoData size:1505 dts:55.347 pts:55.347 dur:41.708ms, clock:46.723 level:105
2019-04-28 14:10:41.449 T:3474797360 DEBUG: CVideoPlayerVideo::OutputPicture - ttd:381ms pts:47.089 Clock:46.708 Level:6 elapsed:17.704ms
2019-04-28 14:10:41.459 T:3552891696 DEBUG: CVideoPlayer::ProcessVideoData size:1475 dts:55.389 pts:55.389 dur:41.708ms, clock:46.764 level:105
2019-04-28 14:10:41.469 T:3474797360 DEBUG: CVideoPlayerVideo::OutputPicture - ttd:375ms pts:47.130 Clock:46.755 Level:6 elapsed:14.908ms
2019-04-28 14:10:41.480 T:3552891696 DEBUG: CVideoPlayer::ProcessVideoData size:14142 dts:55.430 pts:55.556 dur:41.708ms, clock:46.806 level:107
2019-04-28 14:10:41.491 T:3474797360 DEBUG: CVideoPlayerVideo::OutputPicture - ttd:382ms pts:47.172 Clock:46.789 Level:6 elapsed:18.731ms
2019-04-28 14:10:41.501 T:3552891696 DEBUG: CVideoPlayer::ProcessVideoData size:1595 dts:55.472 pts:55.472 dur:41.708ms, clock:46.847 level:105
2019-04-28 14:10:41.511 T:3474797360 DEBUG: CVideoPlayerVideo::OutputPicture - ttd:382ms pts:47.214 Clock:46.832 Level:6 elapsed:18.038ms
2019-04-28 14:10:41.515 T:3749888816 DEBUG: EventClient: button code 0 pressed
2019-04-28 14:10:41.515 T:4093684544 DEBUG: HandleKey: red (0xe3) pressed, action is FastForward
2019-04-28 14:10:41.521 T:3458011952 DEBUG: CDVDAudio::Pause - pausing audio stream
2019-04-28 14:10:41.522 T:3552891696 DEBUG: CVideoPlayer::ProcessVideoData size:1906 dts:55.514 pts:55.514 dur:41.708ms, clock:46.890 level:105
2019-04-28 14:10:41.529 T:3474797360 DEBUG: CVideoPlayerVideo::OutputPicture - ttd:375ms pts:47.256 Clock:46.880 Level:6 elapsed:12.269ms
2019-04-28 14:10:41.532 T:3552891696 DEBUG: CVideoPlayer::ProcessVideoData size:15016 dts:55.556 pts:55.681 dur:41.708ms, clock:46.933 level:107
2019-04-28 14:10:41.538 T:4089770800 DEBUG: CAnnouncementManager - Announcement: OnSpeedChanged from xbmc
2019-04-28 14:10:41.538 T:4089770800 DEBUG: GOT ANNOUNCEMENT, type: 1, from xbmc, message OnSpeedChanged
2019-04-28 14:10:41.540 T:3474797360 DEBUG: CVideoPlayerVideo::OutputPicture - ttd:370ms pts:47.297 Clock:46.927 Level:6 elapsed:9.405ms
2019-04-28 14:10:41.543 T:3552891696 DEBUG: CVideoPlayer::ProcessVideoData size:1631 dts:55.597 pts:55.597 dur:41.708ms, clock:46.975 level:105
2019-04-28 14:10:41.550 T:3474797360 DEBUG: CVideoPlayerVideo::OutputPicture - ttd:364ms pts:47.339 Clock:46.974 Level:6 elapsed:7.192ms
2019-04-28 14:10:41.554 T:3552891696 DEBUG: CVideoPlayer::ProcessVideoData size:1520 dts:55.639 pts:55.639 dur:41.708ms, clock:47.018 level:105
2019-04-28 14:10:41.559 T:3474797360 DEBUG: CVideoPlayerVideo::OutputPicture - ttd:357ms pts:47.381 Clock:47.023 Level:6 elapsed:4.405ms
2019-04-28 14:10:41.564 T:3552891696 DEBUG: CVideoPlayer::ProcessVideoData size:13426 dts:55.681 pts:55.806 dur:41.708ms, clock:47.061 level:107
2019-04-28 14:10:41.572 T:3474797360 DEBUG: CVideoPlayerVideo::OutputPicture - ttd:371ms pts:47.422 Clock:47.050 Level:6 elapsed:10.461ms
2019-04-28 14:10:41.575 T:3552891696 DEBUG: CVideoPlayer::ProcessVideoData size:1433 dts:55.722 pts:55.722 dur:41.708ms, clock:47.102 level:105
2019-04-28 14:10:41.582 T:3474797360 DEBUG: CVideoPlayerVideo::OutputPicture - ttd:362ms pts:47.464 Clock:47.102 Level:6 elapsed:7.530ms
2019-04-28 14:10:41.585 T:3552891696 DEBUG: CVideoPlayer::ProcessVideoData size:1215 dts:55.764 pts:55.764 dur:41.708ms, clock:47.145 level:105
2019-04-28 14:10:41.592 T:3474797360 DEBUG: CVideoPlayerVideo::OutputPicture - ttd:351ms pts:47.506 Clock:47.155 Level:6 elapsed:3.923ms
2019-04-28 14:10:41.596 T:3552891696 DEBUG: CVideoPlayer::ProcessVideoData size:12622 dts:55.806 pts:55.931 dur:41.708ms, clock:47.187 level:107
2019-04-28 14:10:41.602 T:3474797360 DEBUG: CVideoPlayerVideo::OutputPicture - ttd:367ms pts:47.547 Clock:47.180 Level:6 elapsed:7.501ms
2019-04-28 14:10:41.607 T:3552891696 DEBUG: CVideoPlayer::ProcessVideoData size:1294 dts:55.847 pts:55.847 dur:41.708ms, clock:47.230 level:105
2019-04-28 14:10:41.611 T:3474797360 DEBUG: CVideoPlayerVideo::OutputPicture - ttd:365ms pts:47.589 Clock:47.223 Level:6 elapsed:6.400ms
2019-04-28 14:10:41.617 T:3552891696 DEBUG: CVideoPlayer::ProcessVideoData size:1146 dts:55.889 pts:55.889 dur:41.708ms, clock:47.272 level:105
2019-04-28 14:10:41.624 T:3474797360 DEBUG: CVideoPlayerVideo::OutputPicture - ttd:353ms pts:47.631 Clock:47.277 Level:6 elapsed:5.523ms
2019-04-28 14:10:41.628 T:3552891696 DEBUG: CVideoPlayer::ProcessVideoData size:12314 dts:55.931 pts:56.056 dur:41.708ms, clock:47.315 level:106
2019-04-28 14:10:41.634 T:3474797360 DEBUG: CVideoPlayerVideo::OutputPicture - ttd:363ms pts:47.673 Clock:47.309 Level:6 elapsed:7.409ms
2019-04-28 14:10:41.638 T:3552891696 DEBUG: CVideoPlayer::ProcessVideoData size:1170 dts:55.973 pts:55.973 dur:41.708ms, clock:47.357 level:105
2019-04-28 14:10:41.644 T:3474797360 DEBUG: CVideoPlayerVideo::OutputPicture - ttd:365ms pts:47.714 Clock:47.349 Level:6 elapsed:7.419ms
2019-04-28 14:10:41.650 T:3517969200 DEBUG: CurlFile::ParseAndCorrectUrl() adding custom header option 'Range: bytes=8430529-8698209'
2019-04-28 14:10:41.650 T:3517969200 DEBUG: CurlFile::ParseAndCorrectUrl() adding custom header option 'connection: keep-alive'
2019-04-28 14:10:41.650 T:3517969200 DEBUG: CurlFile::Open(0xe51b2488) http://195.8.12.225/?o=AQHsvJl_EOvSE5TTC4bMd_jEHeSPEPWYqOh8RAVmbt7CBOuYT5VYlLBEmZEOHrgBOyDrYOjO2iHNfpl_cP3gfV8kUOWFG-leEB80dn1b5uAz5vGFWq7Dy_c_ownq5FLF3YlnoMExiAug9_IOqu7r923d64Q4l_0p8QG4lpahucIynSgXubBiaTx6l968bmXFGF43MryiAkvD1dD5j3u_hQ&v=3&e=1556500176&t=XBn9CDz3os3jL_GEmnZeF6gNB3c
2019-04-28 14:10:41.662 T:3474797360 DEBUG: CVideoPlayerVideo::OutputPicture - ttd:302ms pts:47.756 Clock:47.453 Level:5 elapsed:0.007ms
2019-04-28 14:10:41.663 T:3552891696 DEBUG: CVideoPlayer::ProcessVideoData size:1203 dts:56.014 pts:56.014 dur:41.708ms, clock:47.457 level:106
2019-04-28 14:10:41.668 T:3474797360 DEBUG: CVideoPlayerVideo::OutputPicture - ttd:321ms pts:47.798 Clock:47.476 Level:6 elapsed:0.006ms
2019-04-28 14:10:41.675 T:3466404656 DEBUG: CurlFile::ParseAndCorrectUrl() adding custom header option 'Range: bytes=810461-835393'
2019-04-28 14:10:41.675 T:3466404656 DEBUG: CurlFile::ParseAndCorrectUrl() adding custom header option 'connection: keep-alive'
2019-04-28 14:10:41.675 T:3466404656 DEBUG: CurlFile::Open(0xe5b45420) http://195.8.12.225/?o=AQHsvJl_EOvSE5TTC4bNd__NFO-JEPWYqP98RAVmbt7CBOuYT5VYlLBEmZEOHrgBOyDrYOjO2iHNfpl_cP3gfV8kUOWFG-leEB80dn1b5uAz5vGFWq7Dy_c_ownq5FLF3YlnoMk1n1K7yKkMhNbEvXmPpd0xgv8g8x69ntP3pds0gHtSovUnbSx-hcm2MHyZCVQLaNviCAjXnsu3in0&v=3&e=1556500176&t=SdFHa60Oat9NM19HrSW2B81Yrik
2019-04-28 14:10:41.679 T:3474797360 DEBUG: CVideoPlayerVideo::OutputPicture - ttd:354ms pts:47.839 Clock:47.485 Level:6 elapsed:8.107ms
2019-04-28 14:10:41.681 T:3517969200 DEBUG: AddOnLog: InputStream Adaptive: Download http://195.8.12.225/?o=AQHsvJl_EOvSE5TTC4bMd_jEHeSPEPWYqOh8RAVmbt7CBOuYT5VYlLBEmZEOHrgBOyDrYOjO2iHNfpl_cP3gfV8kUOWFG-leEB80dn1b5uAz5vGFWq7Dy_c_ownq5FLF3YlnoMExiAug9_IOqu7r923d64Q4l_0p8QG4lpahucIynSgXubBiaTx6l968bmXFGF43MryiAkvD1dD5j3u_hQ&v=3&e=1556500176&t=XBn9CDz3os3jL_GEmnZeF6gNB3c finished, avg speed: 7795493.65byte/s, current speed: 8922700.00byte/s
2019-04-28 14:10:41.684 T:3466404656 DEBUG: AddOnLog: InputStream Adaptive: Download http://195.8.12.225/?o=AQHsvJl_EOvSE5TTC4bNd__NFO-JEPWYqP98RAVmbt7CBOuYT5VYlLBEmZEOHrgBOyDrYOjO2iHNfpl_cP3gfV8kUOWFG-leEB80dn1b5uAz5vGFWq7Dy_c_ownq5FLF3YlnoMk1n1K7yKkMhNbEvXmPpd0xgv8g8x69ntP3pds0gHtSovUnbSx-hcm2MHyZCVQLaNviCAjXnsu3in0&v=3&e=1556500176&t=SdFHa60Oat9NM19HrSW2B81Yrik finished, avg speed: 7684239.69byte/s, current speed: 3116625.00byte/s
2019-04-28 14:10:41.685 T:3552891696 DEBUG: CVideoPlayer::ProcessVideoData size:61520 dts:56.056 pts:56.098 dur:41.708ms, clock:47.542 level:104
2019-04-28 14:10:41.685 T:3552891696 DEBUG: CVideoPlayer::ProcessVideoData size:13678 dts:56.098 pts:56.223 dur:41.708ms, clock:47.544 level:105
2019-04-28 14:10:41.686 T:3552891696 DEBUG: CVideoPlayer::ProcessVideoData size:1242 dts:56.139 pts:56.139 dur:41.708ms, clock:47.546 level:105
2019-04-28 14:10:41.687 T:3474797360 DEBUG: CVideoPlayerVideo::OutputPicture - ttd:353ms pts:47.881 Clock:47.527 Level:6 elapsed:6.339ms
2019-04-28 14:10:41.696 T:3552891696 DEBUG: CVideoPlayer::ProcessVideoData size:1444 dts:56.181 pts:56.181 dur:41.708ms, clock:47.588 level:105
2019-04-28 14:10:41.697 T:3474797360 DEBUG: CVideoPlayerVideo::OutputPicture - ttd:350ms pts:47.923 Clock:47.573 Level:6 elapsed:4.882ms
2019-04-28 14:10:41.707 T:3552891696 DEBUG: CVideoPlayer::ProcessVideoData size:12379 dts:56.223 pts:56.348 dur:41.708ms, clock:47.630 level:106
2019-04-28 14:10:41.707 T:3474797360 DEBUG: CVideoPlayerVideo::OutputPicture - ttd:360ms pts:47.965 Clock:47.604 Level:6 elapsed:7.034ms
2019-04-28 14:10:41.716 T:3749888816 DEBUG: EventClient: button code 0 pressed
2019-04-28 14:10:41.717 T:4093684544 DEBUG: HandleKey: red (0xe3) pressed, action is FastForward
2019-04-28 14:10:41.717 T:3458011952 DEBUG: CDVDAudio::Pause - pausing audio stream
2019-04-28 14:10:41.718 T:3552891696 DEBUG: CVideoPlayer::ProcessVideoData size:1221 dts:56.265 pts:56.265 dur:41.708ms, clock:47.675 level:105
2019-04-28 14:10:41.719 T:3474797360 DEBUG: CVideoPlayerVideo::OutputPicture - ttd:355ms pts:48.006 Clock:47.651 Level:6 elapsed:6.654ms
2019-04-28 14:10:41.722 T:3474797360 DEBUG: CVideoPlayerVideo::OutputPicture - ttd:351ms pts:48.048 Clock:47.697 Level:6 elapsed:2.018ms
2019-04-28 14:10:41.728 T:3552891696 DEBUG: CVideoPlayer::ProcessVideoData size:1172 dts:56.306 pts:56.306 dur:41.708ms, clock:47.761 level:105
2019-04-28 14:10:41.729 T:3552891696 DEBUG: CVideoPlayer::ProcessVideoData size:9883 dts:56.348 pts:56.473 dur:41.708ms, clock:47.766 level:105
2019-04-28 14:10:41.731 T:3474797360 DEBUG: CVideoPlayerVideo::OutputPicture - ttd:361ms pts:48.090 Clock:47.728 Level:6 elapsed:6.717ms
2019-04-28 14:10:41.734 T:4089770800 DEBUG: CAnnouncementManager - Announcement: OnSpeedChanged from xbmc
2019-04-28 14:10:41.734 T:4089770800 DEBUG: GOT ANNOUNCEMENT, type: 1, from xbmc, message OnSpeedChanged
2019-04-28 14:10:41.737 T:3474797360 DEBUG: CVideoPlayerVideo::OutputPicture - ttd:301ms pts:48.131 Clock:47.830 Level:6 elapsed:0.006ms
2019-04-28 14:10:41.739 T:3552891696 DEBUG: CVideoPlayer::ProcessVideoData size:1201 dts:56.390 pts:56.390 dur:41.708ms, clock:47.851 level:104
2019-04-28 14:10:41.740 T:3552891696 DEBUG: CVideoPlayer::ProcessVideoData size:1199 dts:56.431 pts:56.431 dur:41.708ms, clock:47.854 level:105
2019-04-28 14:10:41.740 T:3552891696 DEBUG: CVideoPlayer::ProcessVideoData size:8789 dts:56.473 pts:56.556 dur:41.708ms, clock:47.857 level:105
2019-04-28 14:10:41.755 T:3474797360 DEBUG: CVideoPlayerVideo::OutputPicture - ttd:198ms pts:48.173 Clock:47.975 Level:3 elapsed:0.006ms
2019-04-28 14:10:41.761 T:3474797360 DEBUG: CVideoPlayerVideo::OutputPicture - ttd:195ms pts:48.215 Clock:48.019 Level:3 elapsed:0.005ms
2019-04-28 14:10:41.761 T:3552891696 DEBUG: CVideoPlayer::ProcessVideoData size:1121 dts:56.515 pts:56.515 dur:41.708ms, clock:48.022 level:104
2019-04-28 14:10:41.762 T:3576222512 DEBUG: CWebServer[8080]: request received for /jsonrpc
2019-04-28 14:10:41.772 T:3552891696 DEBUG: Previous line repeats 2 times.
2019-04-28 14:10:41.772 T:3552891696 DEBUG: CVideoPlayer::ProcessVideoData size:11328 dts:56.556 pts:56.640 dur:41.708ms, clock:48.107 level:106
2019-04-28 14:10:41.773 T:3474797360 DEBUG: CVideoPlayerVideo::OutputPicture - ttd:135ms pts:48.257 Clock:48.121 Level:2 elapsed:0.006ms
2019-04-28 14:10:41.776 T:3576222512 DEBUG: CWebServer[8080]: request received for /jsonrpc
2019-04-28 14:10:41.780 T:3474797360 DEBUG: CVideoPlayerVideo::OutputPicture - ttd:119ms pts:48.298 Clock:48.179 Level:1 elapsed:0.006ms
2019-04-28 14:10:41.782 T:3552891696 DEBUG: CVideoPlayer::ProcessVideoData size:984 dts:56.598 pts:56.598 dur:41.708ms, clock:48.193 level:103
2019-04-28 14:10:41.783 T:3552891696 DEBUG: CVideoPlayer::ProcessVideoData size:13809 dts:56.640 pts:56.765 dur:41.708ms, clock:48.197 level:103
2019-04-28 14:10:41.794 T:3474797360 DEBUG: CVideoPlayerVideo::OutputPicture - ttd:50ms pts:48.340 Clock:48.289 Level:0 elapsed:0.008ms
2019-04-28 14:10:41.799 T:3474797360 DEBUG: CVideoPlayerVideo::OutputPicture - ttd:56ms pts:48.382 Clock:48.325 Level:0 elapsed:0.007ms
2019-04-28 14:10:41.804 T:3552891696 DEBUG: CVideoPlayer::ProcessVideoData size:1206 dts:56.682 pts:56.682 dur:41.708ms, clock:48.363 level:102
2019-04-28 14:10:41.804 T:3552891696 DEBUG: CVideoPlayer::ProcessVideoData size:1115 dts:56.723 pts:56.723 dur:41.708ms, clock:48.368 level:102
2019-04-28 14:10:41.816 T:3474797360 DEBUG: CVideoPlayerVideo::OutputPicture - ttd:-37ms pts:48.423 Clock:48.461 Level:0 elapsed:0.007ms
2019-04-28 14:10:41.821 T:3474797360 DEBUG: CVideoPlayerVideo::OutputPicture - ttd:-35ms pts:48.465 Clock:48.501 Level:0 elapsed:0.008ms
2019-04-28 14:10:41.825 T:3552891696 DEBUG: CVideoPlayer::ProcessVideoData size:11965 dts:56.765 pts:56.890 dur:41.708ms, clock:48.534 level:103
2019-04-28 14:10:41.825 T:3552891696 DEBUG: CVideoPlayer::ProcessVideoData size:1255 dts:56.807 pts:56.807 dur:41.708ms, clock:48.538 level:102
2019-04-28 14:10:41.835 T:3474797360 DEBUG: CVideoPlayerVideo::OutputPicture - ttd:-111ms pts:48.507 Clock:48.618 Level:0 elapsed:0.008ms
2019-04-28 14:10:41.839 T:3474797360 DEBUG: CVideoPlayerVideo::OutputPicture - ttd:-99ms pts:48.548 Clock:48.648 Level:0 elapsed:0.007ms
2019-04-28 14:10:41.846 T:3552891696 DEBUG: CVideoPlayer::ProcessVideoData size:559 dts:56.848 pts:56.848 dur:41.708ms, clock:48.704 level:100
2019-04-28 14:10:41.847 T:3552891696 DEBUG: CVideoPlayer::ProcessVideoData size:8887 dts:56.890 pts:57.015 dur:41.708ms, clock:48.707 level:100
2019-04-28 14:10:41.852 T:3474797360 DEBUG: CVideoPlayerVideo::OutputPicture - ttd:-163ms pts:48.590 Clock:48.754 Level:0 elapsed:0.008ms
2019-04-28 14:10:41.857 T:3474797360 DEBUG: CVideoPlayerVideo::OutputPicture - ttd:-161ms pts:48.632 Clock:48.793 Level:0 elapsed:0.007ms
2019-04-28 14:10:41.857 T:3552891696 DEBUG: CVideoPlayer::ProcessVideoData size:569 dts:56.932 pts:56.932 dur:41.708ms, clock:48.794 level:101
2019-04-28 14:10:41.868 T:3552891696 DEBUG: CVideoPlayer::ProcessVideoData size:472 dts:56.974 pts:56.974 dur:41.708ms, clock:48.879 level:100
2019-04-28 14:10:41.873 T:3474797360 DEBUG: CVideoPlayerVideo::OutputPicture - ttd:-242ms pts:48.674 Clock:48.916 Level:0 elapsed:0.007ms
2019-04-28 14:10:41.875 T:3749888816 DEBUG: EventClient: button code 0 pressed
2019-04-28 14:10:41.877 T:4093684544 DEBUG: HandleKey: red (0xe3) pressed, action is FastForward
2019-04-28 14:10:41.878 T:3474797360 DEBUG: CVideoPlayerVideo::OutputPicture - ttd:-243ms pts:48.715 Clock:48.959 Level:0 elapsed:0.006ms
2019-04-28 14:10:41.878 T:3458011952 DEBUG: CDVDAudio::Pause - pausing audio stream
2019-04-28 14:10:41.879 T:3552891696 DEBUG: CVideoPlayer::ProcessVideoData size:9628 dts:57.015 pts:57.140 dur:41.708ms, clock:48.973 level:100
2019-04-28 14:10:41.880 T:3552891696 DEBUG: CVideoPlayer::ProcessVideoData size:545 dts:57.057 pts:57.057 dur:41.708ms, clock:48.983 level:99
2019-04-28 14:10:41.890 T:3474797360 DEBUG: CVideoPlayerVideo::OutputPicture - ttd:-386ms pts:48.757 Clock:49.143 Level:0 elapsed:0.007ms
2019-04-28 14:10:41.896 T:4089770800 DEBUG: CAnnouncementManager - Announcement: OnSpeedChanged from xbmc
2019-04-28 14:10:41.896 T:4089770800 DEBUG: GOT ANNOUNCEMENT, type: 1, from xbmc, message OnSpeedChanged
2019-04-28 14:10:41.896 T:3474797360 DEBUG: CVideoPlayerVideo::OutputPicture - ttd:-450ms pts:48.799 Clock:49.249 Level:0 elapsed:0.007ms
2019-04-28 14:10:41.900 T:3552891696 DEBUG: CVideoPlayer::ProcessVideoData size:590 dts:57.099 pts:57.099 dur:41.708ms, clock:49.315 level:99
2019-04-28 14:10:41.901 T:3552891696 DEBUG: CVideoPlayer::ProcessVideoData size:10628 dts:57.140 pts:57.266 dur:41.708ms, clock:49.322 level:99
2019-04-28 14:10:41.906 T:3474797360 DEBUG: CVideoPlayerVideo::OutputPicture - ttd:-565ms pts:48.840 Clock:49.406 Level:0 elapsed:0.008ms
2019-04-28 14:10:41.912 T:3552891696 DEBUG: CVideoPlayer::ProcessVideoData size:541 dts:57.182 pts:57.182 dur:41.708ms, clock:49.494 level:99
2019-04-28 14:10:41.912 T:3474797360 DEBUG: CVideoPlayerVideo::OutputPicture - ttd:-619ms pts:48.882 Clock:49.501 Level:0 elapsed:0.006ms
2019-04-28 14:10:41.922 T:3552891696 DEBUG: CVideoPlayer::ProcessVideoData size:502 dts:57.224 pts:57.224 dur:41.708ms, clock:49.665 level:99
2019-04-28 14:10:41.927 T:3474797360 DEBUG: CVideoPlayerVideo::OutputPicture - ttd:-815ms pts:48.924 Clock:49.739 Level:0 elapsed:0.008ms
2019-04-28 14:10:41.930 T:3474797360 DEBUG: CVideoPlayerVideo::OutputPicture - ttd:-820ms pts:48.966 Clock:49.786 Level:0 elapsed:0.008ms
2019-04-28 14:10:41.933 T:3552891696 DEBUG: CVideoPlayer::ProcessVideoData size:9302 dts:57.266 pts:57.391 dur:41.708ms, clock:49.835 level:99
2019-04-28 14:10:41.933 T:3552891696 DEBUG: CVideoPlayer::ProcessVideoData size:560 dts:57.307 pts:57.307 dur:41.708ms, clock:49.842 level:99
2019-04-28 14:10:41.946 T:3474797360 DEBUG: CVideoPlayerVideo::OutputPicture - ttd:-1042ms pts:49.007 Clock:50.050 Level:0 elapsed:0.007ms
2019-04-28 14:10:41.953 T:3474797360 DEBUG: CVideoPlayerVideo::OutputPicture - ttd:-1111ms pts:49.049 Clock:50.160 Level:0 elapsed:0.007ms
2019-04-28 14:10:41.954 T:3552891696 DEBUG: CVideoPlayer::ProcessVideoData size:546 dts:57.349 pts:57.349 dur:41.708ms, clock:50.173 level:99
2019-04-28 14:10:41.964 T:3474797360 DEBUG: CVideoPlayerVideo::OutputPicture - ttd:-1244ms pts:49.091 Clock:50.335 Level:0 elapsed:0.008ms
2019-04-28 14:10:41.965 T:3552891696 DEBUG: CVideoPlayer::ProcessVideoData size:10549 dts:57.391 pts:57.516 dur:41.708ms, clock:50.343 level:99
2019-04-28 14:10:41.972 T:3474797360 DEBUG: CVideoPlayerVideo::OutputPicture - ttd:-1333ms pts:49.132 Clock:50.465 Level:0 elapsed:0.007ms
2019-04-28 14:10:41.975 T:3552891696 DEBUG: CVideoPlayer::ProcessVideoData size:466 dts:57.432 pts:57.432 dur:41.708ms, clock:50.512 level:99
2019-04-28 14:10:41.976 T:3552891696 DEBUG: CVideoPlayer::ProcessVideoData size:484 dts:57.474 pts:57.474 dur:41.708ms, clock:50.521 level:99
2019-04-28 14:10:41.981 T:3474797360 DEBUG: CVideoPlayerVideo::OutputPicture - ttd:-1429ms pts:49.174 Clock:50.604 Level:0 elapsed:0.009ms
2019-04-28 14:10:41.986 T:3552891696 DEBUG: CVideoPlayer::ProcessVideoData size:9848 dts:57.516 pts:57.641 dur:41.708ms, clock:50.691 level:99
2019-04-28 14:10:41.990 T:3474797360 DEBUG: CVideoPlayerVideo::OutputPicture - ttd:-1528ms pts:49.216 Clock:50.744 Level:0 elapsed:0.008ms
2019-04-28 14:10:41.997 T:3552891696 DEBUG: CVideoPlayer::ProcessVideoData size:585 dts:57.557 pts:57.557 dur:41.708ms, clock:50.858 level:99
2019-04-28 14:10:42.004 T:3474797360 DEBUG: CVideoPlayerVideo::OutputPicture - ttd:-1709ms pts:49.258 Clock:50.967 Level:0 elapsed:0.006ms
2019-04-28 14:10:42.007 T:3552891696 DEBUG: CVideoPlayer::ProcessVideoData size:589 dts:57.599 pts:57.599 dur:41.708ms, clock:51.024 level:99
2019-04-28 14:10:42.010 T:3474797360 DEBUG: CVideoPlayerVideo::OutputPicture - ttd:-1765ms pts:49.299 Clock:51.065 Level:0 elapsed:0.008ms
2019-04-28 14:10:42.018 T:3552891696 DEBUG: CVideoPlayer::ProcessVideoData size:9562 dts:57.641 pts:57.766 dur:41.708ms, clock:51.192 level:99
2019-04-28 14:10:42.023 T:3474797360 DEBUG: CVideoPlayerVideo::OutputPicture - ttd:-1932ms pts:49.341 Clock:51.274 Level:0 elapsed:0.007ms
2019-04-28 14:10:42.028 T:3552891696 DEBUG: CVideoPlayer::ProcessVideoData size:608 dts:57.683 pts:57.683 dur:41.708ms, clock:51.360 level:99
2019-04-28 14:10:42.034 T:3474797360 DEBUG: CVideoPlayerVideo::OutputPicture - ttd:-2064ms pts:49.383 Clock:51.447 Level:0 elapsed:0.006ms
2019-04-28 14:10:42.039 T:3552891696 DEBUG: CVideoPlayer::ProcessVideoData size:520 dts:57.724 pts:57.724 dur:41.708ms, clock:51.528 level:99
2019-04-28 14:10:42.040 T:3474797360 DEBUG: CVideoPlayerVideo::OutputPicture - ttd:-2122ms pts:49.424 Clock:51.547 Level:0 elapsed:0.008ms
2019-04-28 14:10:42.045 T:3785339696 DEBUG: [plugin.video.netflix (0)] Executing JSON-RPC: {"params": {"playerid": 1, "properties": ["audiostreams", "currentaudiostream", "subtitles", "currentsubtitle", "subtitleenabled", "percentage", "time"]}, "jsonrpc": "2.0", "method": "Player.GetProperties", "id": 1}
2019-04-28 14:10:42.048 T:3785339696 DEBUG: [plugin.video.netflix (0)] Notifying all managers of on_tick (data={u'currentaudiostream': {u'index': 0, u'name': u'AAC ', u'language': u'eng', u'channels': 2, u'codec': u'aac', u'bitrate': 98304}, u'elapsed_seconds': 46, u'time': {u'hours': 0, u'seconds': 46, u'minutes': 0, u'milliseconds': 784}, u'subtitleenabled': True, u'percentage': 0.91072613000869751, u'currentsubtitle': {u'index': 0, u'name': u'', u'language': u'eng'}, u'audiostreams': [{u'index': 0, u'name': u'AAC ', u'language': u'eng', u'channels': 2, u'codec': u'aac', u'bitrate': 98304}, {u'index': 1, u'name': u'AAC ', u'language': u'spa', u'channels': 2, u'codec': u'aac', u'bitrate': 98304}, {u'index': 2, u'name': u'AAC ', u'language': u'fre', u'channels': 2, u'codec': u'aac', u'bitrate': 98304}, {u'index': 3, u'name': u'AAC ', u'language': u'por', u'channels': 2, u'codec': u'aac', u'bitrate': 98304}], u'subtitles': [{u'index': 0, u'name': u'', u'language': u'eng'}, {u'index': 1, u'name': u'', u'language': u'spa'}, {u'index': 2, u'name': u'', u'language': u'spa'}, {u'index': 3, u'name': u'', u'language': u'fre'}, {u'index': 4, u'name': u'', u'language': u'fre'}, {u'index': 5, u'name': u'', u'language': u'por'}]})
2019-04-28 14:10:42.049 T:3552891696 DEBUG: CVideoPlayer::ProcessVideoData size:9779 dts:57.766 pts:57.849 dur:41.708ms, clock:51.697 level:99
2019-04-28 14:10:42.051 T:3474797360 DEBUG: CVideoPlayerVideo::OutputPicture - ttd:-2253ms pts:49.466 Clock:51.720 Level:0 elapsed:0.007ms
2019-04-28 14:10:42.060 T:3552891696 DEBUG: CVideoPlayer::ProcessVideoData size:722 dts:57.808 pts:57.808 dur:41.708ms, clock:51.865 level:99
2019-04-28 14:10:42.061 T:3474797360 DEBUG: CVideoPlayerVideo::OutputPicture - ttd:-2367ms pts:49.508 Clock:51.876 Level:0 elapsed:0.007ms
2019-04-28 14:10:42.067 T:3474797360 DEBUG: CVideoPlayerVideo::OutputPicture - ttd:-2422ms pts:49.550 Clock:51.972 Level:0 elapsed:0.007ms
2019-04-28 14:10:42.070 T:3552891696 DEBUG: CVideoPlayer::ProcessVideoData size:8730 dts:57.849 pts:57.975 dur:41.708ms, clock:52.033 level:99
2019-04-28 14:10:42.071 T:3552891696 DEBUG: CVideoPlayer::ProcessVideoData size:662 dts:57.891 pts:57.891 dur:41.708ms, clock:52.038 level:99
2019-04-28 14:10:42.079 T:3474797360 DEBUG: CVideoPlayerVideo::OutputPicture - ttd:-2572ms pts:49.591 Clock:52.164 Level:0 elapsed:0.008ms
2019-04-28 14:10:42.081 T:3552891696 DEBUG: CVideoPlayer::ProcessVideoData size:586 dts:57.933 pts:57.933 dur:41.708ms, clock:52.210 level:99
2019-04-28 14:10:42.088 T:3474797360 DEBUG: CVideoPlayerVideo::OutputPicture - ttd:-2683ms pts:49.633 Clock:52.316 Level:0 elapsed:0.007ms
2019-04-28 14:10:42.092 T:3552891696 DEBUG: CVideoPlayer::ProcessVideoData size:11594 dts:57.975 pts:58.058 dur:41.708ms, clock:52.380 level:99
2019-04-28 14:10:42.096 T:3474797360 DEBUG: CVideoPlayerVideo::OutputPicture - ttd:-2774ms pts:49.675 Clock:52.449 Level:0 elapsed:0.007ms
2019-04-28 14:10:42.103 T:3517969200 DEBUG: CurlFile::ParseAndCorrectUrl() adding custom header option 'Range: bytes=8698210-8942094'
2019-04-28 14:10:42.104 T:3517969200 DEBUG: CurlFile::ParseAndCorrectUrl() adding custom header option 'connection: keep-alive'
