2019-04-28 14:10:04.429 T:3552891696 DEBUG: CVideoPlayer::ProcessVideoData size:325 dts:18.143 pts:18.143 dur:41.708ms, clock:9.496 level:107
2019-04-28 14:10:04.435 T:3458011952 ERROR: ffmpeg[CE1D1330]: [aac] channel element 2.10 is not allocated
2019-04-28 14:10:04.462 T:3474797360 DEBUG: CVideoPlayerVideo::OutputPicture - ttd:394ms pts:9.885 Clock:9.490 Level:6 elapsed:38.522ms
2019-04-28 14:10:04.470 T:3552891696 DEBUG: CVideoPlayer::ProcessVideoData size:2935 dts:18.185 pts:18.268 dur:41.708ms, clock:9.537 level:106
2019-04-28 14:10:04.475 T:3458011952 ERROR: ffmpeg[CE1D1330]: [aac] channel element 2.9 is not allocated
2019-04-28 14:10:04.503 T:3474797360 DEBUG: CVideoPlayerVideo::OutputPicture - ttd:393ms pts:9.927 Clock:9.533 Level:6 elapsed:37.694ms
2019-04-28 14:10:04.511 T:3552891696 DEBUG: CVideoPlayer::ProcessVideoData size:364 dts:18.227 pts:18.227 dur:41.708ms, clock:9.578 level:107
2019-04-28 14:10:04.516 T:3458011952 ERROR: ffmpeg[CE1D1330]: [aac] Reserved bit set.
2019-04-28 14:10:04.516 T:3458011952 ERROR: ffmpeg[CE1D1330]: [aac] invalid band type
2019-04-28 14:10:04.546 T:3474797360 DEBUG: CVideoPlayerVideo::OutputPicture - ttd:394ms pts:9.968 Clock:9.573 Level:6 elapsed:39.270ms
2019-04-28 14:10:04.552 T:3552891696 DEBUG: CVideoPlayer::ProcessVideoData size:4322 dts:18.268 pts:18.352 dur:41.708ms, clock:9.619 level:106
2019-04-28 14:10:04.557 T:3458011952 ERROR: ffmpeg[CE1D1330]: [aac] channel element 2.3 is not allocated
2019-04-28 14:10:04.587 T:3474797360 DEBUG: CVideoPlayerVideo::OutputPicture - ttd:394ms pts:10.010 Clock:9.615 Level:6 elapsed:39.081ms
2019-04-28 14:10:04.593 T:3552891696 DEBUG: CVideoPlayer::ProcessVideoData size:494 dts:18.310 pts:18.310 dur:41.708ms, clock:9.660 level:106
2019-04-28 14:10:04.597 T:3458011952 DEBUG: ffmpeg[CE1D1330]: [aac] Sample rate index in program config element does not match the sample rate index configured by the container.
2019-04-28 14:10:04.597 T:3458011952 ERROR: ffmpeg[CE1D1330]: [aac] Inconsistent channel configuration.
2019-04-28 14:10:04.597 T:3458011952 ERROR: ffmpeg[CE1D1330]: [aac] get_buffer() failed
2019-04-28 14:10:04.629 T:3474797360 DEBUG: CVideoPlayerVideo::OutputPicture - ttd:392ms pts:10.052 Clock:9.660 Level:6 elapsed:36.658ms
2019-04-28 14:10:04.634 T:3552891696 DEBUG: CVideoPlayer::ProcessVideoData size:4342 dts:18.352 pts:18.477 dur:41.708ms, clock:9.701 level:107
2019-04-28 14:10:04.638 T:3458011952 ERROR: ffmpeg[CE1D1330]: [aac] channel element 2.9 is not allocated
2019-04-28 14:10:04.670 T:3474797360 DEBUG: CVideoPlayerVideo::OutputPicture - ttd:387ms pts:10.093 Clock:9.706 Level:6 elapsed:31.754ms
2019-04-28 14:10:04.675 T:3552891696 DEBUG: CVideoPlayer::ProcessVideoData size:982 dts:18.393 pts:18.393 dur:41.708ms, clock:9.742 level:106
2019-04-28 14:10:04.679 T:3458011952 ERROR: ffmpeg[CE1D1330]: [aac] Reserved bit set.
2019-04-28 14:10:04.679 T:3458011952 ERROR: ffmpeg[CE1D1330]: [aac] Number of bands (39) exceeds limit (34).
2019-04-28 14:10:04.712 T:3474797360 DEBUG: CVideoPlayerVideo::OutputPicture - ttd:393ms pts:10.135 Clock:9.742 Level:6 elapsed:37.739ms
2019-04-28 14:10:04.715 T:3552891696 DEBUG: CVideoPlayer::ProcessVideoData size:1319 dts:18.435 pts:18.435 dur:41.708ms, clock:9.783 level:107
2019-04-28 14:10:04.719 T:3458011952 ERROR: ffmpeg[CE1D1330]: [aac] channel element 3.15 is not allocated
2019-04-28 14:10:04.754 T:3474797360 DEBUG: CVideoPlayerVideo::OutputPicture - ttd:394ms pts:10.177 Clock:9.782 Level:6 elapsed:38.380ms
2019-04-28 14:10:04.756 T:3552891696 DEBUG: CVideoPlayer::ProcessVideoData size:3273 dts:18.477 pts:18.560 dur:41.708ms, clock:9.824 level:106
2019-04-28 14:10:04.760 T:3458011952 ERROR: ffmpeg[CE1D1330]: [aac] channel element 2.11 is not allocated
2019-04-28 14:10:04.795 T:3474797360 DEBUG: CVideoPlayerVideo::OutputPicture - ttd:394ms pts:10.219 Clock:9.824 Level:6 elapsed:38.628ms
2019-04-28 14:10:04.797 T:3552891696 DEBUG: CVideoPlayer::ProcessVideoData size:639 dts:18.518 pts:18.518 dur:41.708ms, clock:9.865 level:106
2019-04-28 14:10:04.801 T:3458011952 ERROR: ffmpeg[CE1D1330]: [aac] Number of bands (29) exceeds limit (18).
2019-04-28 14:10:04.837 T:3474797360 DEBUG: CVideoPlayerVideo::OutputPicture - ttd:393ms pts:10.260 Clock:9.867 Level:6 elapsed:37.566ms
2019-04-28 14:10:04.848 T:3552891696 DEBUG: CVideoPlayer::ProcessVideoData size:2809 dts:18.560 pts:18.644 dur:41.708ms, clock:9.915 level:107
2019-04-28 14:10:04.852 T:3458011952 ERROR: ffmpeg[CE1D1330]: [aac] channel element 2.3 is not allocated
2019-04-28 14:10:04.879 T:3474797360 DEBUG: CVideoPlayerVideo::OutputPicture - ttd:394ms pts:10.302 Clock:9.908 Level:6 elapsed:38.127ms
2019-04-28 14:10:04.889 T:3552891696 DEBUG: CVideoPlayer::ProcessVideoData size:637 dts:18.602 pts:18.602 dur:41.708ms, clock:9.956 level:106
2019-04-28 14:10:04.909 T:3785339696 DEBUG: [plugin.video.netflix (0)] Executing JSON-RPC: {"params": {"playerid": 1, "properties": ["audiostreams", "currentaudiostream", "subtitles", "currentsubtitle", "subtitleenabled", "percentage", "time"]}, "jsonrpc": "2.0", "method": "Player.GetProperties", "id": 1}
2019-04-28 14:10:04.912 T:3785339696 DEBUG: [plugin.video.netflix (0)] Notifying all managers of on_tick (data={u'currentaudiostream': {u'index': 0, u'name': u'AAC ', u'language': u'eng', u'channels': 2, u'codec': u'aac', u'bitrate': 98304}, u'elapsed_seconds': 9, u'time': {u'hours': 0, u'seconds': 9, u'minutes': 0, u'milliseconds': 895}, u'subtitleenabled': True, u'percentage': 0.19262215495109558, u'currentsubtitle': {u'index': 0, u'name': u'', u'language': u'eng'}, u'audiostreams': [{u'index': 0, u'name': u'AAC ', u'language': u'eng', u'channels': 2, u'codec': u'aac', u'bitrate': 98304}, {u'index': 1, u'name': u'AAC ', u'language': u'spa', u'channels': 2, u'codec': u'aac', u'bitrate': 98304}, {u'index': 2, u'name': u'AAC ', u'language': u'fre', u'channels': 2, u'codec': u'aac', u'bitrate': 98304}, {u'index': 3, u'name': u'AAC ', u'language': u'por', u'channels': 2, u'codec': u'aac', u'bitrate': 98304}], u'subtitles': [{u'index': 0, u'name': u'', u'language': u'eng'}, {u'index': 1, u'name': u'', u'language': u'spa'}, {u'index': 2, u'name': u'', u'language': u'spa'}, {u'index': 3, u'name': u'', u'language': u'fre'}, {u'index': 4, u'name': u'', u'language': u'fre'}, {u'index': 5, u'name': u'', u'language': u'por'}]})
2019-04-28 14:10:04.921 T:3474797360 DEBUG: CVideoPlayerVideo::OutputPicture - ttd:391ms pts:10.344 Clock:9.952 Level:6 elapsed:36.433ms
2019-04-28 14:10:04.930 T:3552891696 DEBUG: CVideoPlayer::ProcessVideoData size:3037 dts:18.644 pts:18.727 dur:41.708ms, clock:9.997 level:107
2019-04-28 14:10:04.932 T:3458011952 ERROR: ffmpeg[CE1D1330]: [aac] Number of scalefactor bands in group (62) exceeds limit (47).
2019-04-28 14:10:04.963 T:3474797360 DEBUG: CVideoPlayerVideo::OutputPicture - ttd:393ms pts:10.385 Clock:9.991 Level:6 elapsed:38.344ms
2019-04-28 14:10:04.971 T:3552891696 DEBUG: CVideoPlayer::ProcessVideoData size:676 dts:18.685 pts:18.685 dur:41.708ms, clock:10.038 level:106
2019-04-28 14:10:04.973 T:3458011952 DEBUG: ffmpeg[CE1D1330]: [aac] Sample rate index in program config element does not match the sample rate index configured by the container.
2019-04-28 14:10:04.973 T:3458011952 DEBUG: ffmpeg[CE1D1330]: [aac] Too large remapped id is not implemented. Update your FFmpeg version to the newest one from Git. If the problem still occurs, it means that your file has a feature which has not been implemented.
2019-04-28 14:10:04.973 T:3458011952 DEBUG: ffmpeg[CE1D1330]: [aac] If you want to help, upload a sample of this file to ftp://upload.ffmpeg.org/incoming/ and contact the ffmpeg-devel mailing list. (ffmpeg-devel@ffmpeg.org)
2019-04-28 14:10:05.004 T:3474797360 DEBUG: CVideoPlayerVideo::OutputPicture - ttd:392ms pts:10.427 Clock:10.035 Level:6 elapsed:36.928ms
2019-04-28 14:10:05.012 T:3552891696 DEBUG: CVideoPlayer::ProcessVideoData size:2287 dts:18.727 pts:18.852 dur:41.708ms, clock:10.079 level:107
2019-04-28 14:10:05.014 T:3458011952 ERROR: ffmpeg[CE1D1330]: [aac] invalid band type
2019-04-28 14:10:05.046 T:3474797360 DEBUG: CVideoPlayerVideo::OutputPicture - ttd:393ms pts:10.469 Clock:10.075 Level:6 elapsed:38.235ms
2019-04-28 14:10:05.052 T:3552891696 DEBUG: CVideoPlayer::ProcessVideoData size:1117 dts:18.769 pts:18.769 dur:41.708ms, clock:10.120 level:106
2019-04-28 14:10:05.054 T:3458011952 DEBUG: ffmpeg[CE1D1330]: [aac] Sample rate index in program config element does not match the sample rate index configured by the container.
2019-04-28 14:10:05.054 T:3458011952 ERROR: ffmpeg[CE1D1330]: [aac] Inconsistent channel configuration.
2019-04-28 14:10:05.054 T:3458011952 ERROR: ffmpeg[CE1D1330]: [aac] get_buffer() failed
2019-04-28 14:10:05.087 T:3474797360 DEBUG: CVideoPlayerVideo::OutputPicture - ttd:393ms pts:10.511 Clock:10.117 Level:6 elapsed:37.621ms
2019-04-28 14:10:05.093 T:3552891696 DEBUG: CVideoPlayer::ProcessVideoData size:195 dts:18.810 pts:18.810 dur:41.708ms, clock:10.160 level:106
2019-04-28 14:10:05.095 T:3458011952 ERROR: ffmpeg[CE1D1330]: [aac] Number of bands (18) exceeds limit (14).
2019-04-28 14:10:05.129 T:3474797360 DEBUG: CVideoPlayerVideo::OutputPicture - ttd:389ms pts:10.552 Clock:10.163 Level:6 elapsed:33.388ms
2019-04-28 14:10:05.134 T:3552891696 DEBUG: CVideoPlayer::ProcessVideoData size:2202 dts:18.852 pts:18.977 dur:41.708ms, clock:10.201 level:107
2019-04-28 14:10:05.135 T:3458011952 DEBUG: ffmpeg[CE1D1330]: [aac] Sample rate index in program config element does not match the sample rate index configured by the container.
2019-04-28 14:10:05.136 T:3458011952 DEBUG: ffmpeg[CE1D1330]: [aac] Too large remapped id is not implemented. Update your FFmpeg version to the newest one from Git. If the problem still occurs, it means that your file has a feature which has not been implemented.
2019-04-28 14:10:05.136 T:3458011952 DEBUG: ffmpeg[CE1D1330]: [aac] If you want to help, upload a sample of this file to ftp://upload.ffmpeg.org/incoming/ and contact the ffmpeg-devel mailing list. (ffmpeg-devel@ffmpeg.org)
2019-04-28 14:10:05.171 T:3474797360 DEBUG: CVideoPlayerVideo::OutputPicture - ttd:387ms pts:10.594 Clock:10.206 Level:6 elapsed:32.199ms
2019-04-28 14:10:05.175 T:3552891696 DEBUG: CVideoPlayer::ProcessVideoData size:575 dts:18.894 pts:18.894 dur:41.708ms, clock:10.242 level:106
2019-04-28 14:10:05.176 T:3458011952 ERROR: ffmpeg[CE1D1330]: [aac] channel element 2.2 is not allocated
2019-04-28 14:10:05.212 T:3474797360 DEBUG: CVideoPlayerVideo::OutputPicture - ttd:393ms pts:10.636 Clock:10.242 Level:6 elapsed:37.338ms
2019-04-28 14:10:05.216 T:3552891696 DEBUG: CVideoPlayer::ProcessVideoData size:950 dts:18.936 pts:18.936 dur:41.708ms, clock:10.283 level:106
2019-04-28 14:10:05.217 T:3458011952 DEBUG: ffmpeg[CE1D1330]: [aac] Sample rate index in program config element does not match the sample rate index configured by the container.
2019-04-28 14:10:05.217 T:3458011952 ERROR: ffmpeg[CE1D1330]: [aac] Inconsistent channel configuration.
2019-04-28 14:10:05.217 T:3458011952 ERROR: ffmpeg[CE1D1330]: [aac] get_buffer() failed
2019-04-28 14:10:05.254 T:3474797360 DEBUG: CVideoPlayerVideo::OutputPicture - ttd:392ms pts:10.677 Clock:10.285 Level:6 elapsed:36.643ms
2019-04-28 14:10:05.257 T:3552891696 DEBUG: CVideoPlayer::ProcessVideoData size:3186 dts:18.977 pts:19.102 dur:41.708ms, clock:10.324 level:107
2019-04-28 14:10:05.257 T:3458011952 ERROR: ffmpeg[CE1D1330]: [aac] channel element 2.10 is not allocated
2019-04-28 14:10:05.296 T:3474797360 DEBUG: CVideoPlayerVideo::OutputPicture - ttd:393ms pts:10.719 Clock:10.326 Level:6 elapsed:37.690ms
2019-04-28 14:10:05.298 T:3552891696 DEBUG: CVideoPlayer::ProcessVideoData size:1182 dts:19.019 pts:19.019 dur:41.708ms, clock:10.365 level:106
2019-04-28 14:10:05.298 T:3458011952 ERROR: ffmpeg[CE1D1330]: [aac] channel element 3.1 is not allocated
2019-04-28 14:10:05.338 T:3474797360 DEBUG: CVideoPlayerVideo::OutputPicture - ttd:392ms pts:10.761 Clock:10.368 Level:6 elapsed:37.096ms
2019-04-28 14:10:05.349 T:3552891696 DEBUG: CVideoPlayer::ProcessVideoData size:1037 dts:19.061 pts:19.061 dur:41.708ms, clock:10.416 level:106
2019-04-28 14:10:05.359 T:3458011952 ERROR: ffmpeg[CE1D1330]: [aac] channel element 2.10 is not allocated
2019-04-28 14:10:05.379 T:3474797360 DEBUG: CVideoPlayerVideo::OutputPicture - ttd:391ms pts:10.802 Clock:10.411 Level:6 elapsed:35.828ms
2019-04-28 14:10:05.390 T:3552891696 DEBUG: CVideoPlayer::ProcessVideoData size:19940 dts:19.102 pts:19.144 dur:41.708ms, clock:10.457 level:107
2019-04-28 14:10:05.399 T:3458011952 ERROR: ffmpeg[CE1D1330]: [aac] channel element 2.2 is not allocated
2019-04-28 14:10:05.421 T:3474797360 DEBUG: CVideoPlayerVideo::OutputPicture - ttd:393ms pts:10.844 Clock:10.450 Level:6 elapsed:37.923ms
2019-04-28 14:10:05.430 T:3552891696 DEBUG: CVideoPlayer::ProcessVideoData size:149 dts:19.144 pts:19.186 dur:41.708ms, clock:10.498 level:106
2019-04-28 14:10:05.440 T:3458011952 ERROR: ffmpeg[CE1D1330]: [aac] channel element 3.9 is not allocated
2019-04-28 14:10:05.463 T:3474797360 DEBUG: CVideoPlayerVideo::OutputPicture - ttd:393ms pts:10.886 Clock:10.493 Level:6 elapsed:37.911ms
2019-04-28 14:10:05.471 T:3552891696 DEBUG: CVideoPlayer::ProcessVideoData size:38 dts:19.186 pts:19.228 dur:41.708ms, clock:10.538 level:106
2019-04-28 14:10:05.480 T:3458011952 ERROR: ffmpeg[CE1D1330]: [aac] Reserved bit set.
2019-04-28 14:10:05.481 T:3458011952 ERROR: ffmpeg[CE1D1330]: [aac] Prediction is not allowed in AAC-LC.
2019-04-28 14:10:05.504 T:3474797360 DEBUG: CVideoPlayerVideo::OutputPicture - ttd:391ms pts:10.928 Clock:10.536 Level:6 elapsed:35.559ms
2019-04-28 14:10:05.512 T:3552891696 DEBUG: CVideoPlayer::ProcessVideoData size:38 dts:19.228 pts:19.269 dur:41.708ms, clock:10.579 level:107
2019-04-28 14:10:05.521 T:3458011952 ERROR: ffmpeg[CE1D1330]: [aac] Reserved bit set.
2019-04-28 14:10:05.521 T:3458011952 ERROR: ffmpeg[CE1D1330]: [aac] Number of bands (11) exceeds limit (7).
2019-04-28 14:10:05.547 T:3474797360 DEBUG: CVideoPlayerVideo::OutputPicture - ttd:393ms pts:10.969 Clock:10.576 Level:6 elapsed:37.689ms
2019-04-28 14:10:05.553 T:3552891696 DEBUG: CVideoPlayer::ProcessVideoData size:38 dts:19.269 pts:19.311 dur:41.708ms, clock:10.620 level:106
2019-04-28 14:10:05.562 T:3458011952 ERROR: ffmpeg[CE1D1330]: [aac] Reserved bit set.
2019-04-28 14:10:05.562 T:3458011952 ERROR: ffmpeg[CE1D1330]: [aac] Number of bands (7) exceeds limit (4).
2019-04-28 14:10:05.588 T:3474797360 DEBUG: CVideoPlayerVideo::OutputPicture - ttd:391ms pts:11.011 Clock:10.619 Level:6 elapsed:36.397ms
2019-04-28 14:10:05.594 T:3552891696 DEBUG: CVideoPlayer::ProcessVideoData size:38 dts:19.311 pts:19.353 dur:41.708ms, clock:10.661 level:107
2019-04-28 14:10:05.602 T:3458011952 ERROR: ffmpeg[CE1D1330]: [aac] channel element 2.12 is not allocated
2019-04-28 14:10:05.630 T:3474797360 DEBUG: CVideoPlayerVideo::OutputPicture - ttd:393ms pts:11.053 Clock:10.660 Level:6 elapsed:37.194ms
2019-04-28 14:10:05.634 T:3552891696 DEBUG: CVideoPlayer::ProcessVideoData size:38 dts:19.353 pts:19.394 dur:41.708ms, clock:10.702 level:106
2019-04-28 14:10:05.643 T:3458011952 ERROR: ffmpeg[CE1D1330]: [aac] Reserved bit set.
2019-04-28 14:10:05.643 T:3458011952 ERROR: ffmpeg[CE1D1330]: [aac] Prediction is not allowed in AAC-LC.
2019-04-28 14:10:05.671 T:3474797360 DEBUG: CVideoPlayerVideo::OutputPicture - ttd:391ms pts:11.094 Clock:10.702 Level:6 elapsed:36.183ms
2019-04-28 14:10:05.675 T:3552891696 DEBUG: CVideoPlayer::ProcessVideoData size:38 dts:19.394 pts:19.436 dur:41.708ms, clock:10.742 level:107
2019-04-28 14:10:05.683 T:3458011952 ERROR: ffmpeg[CE1D1330]: [aac] channel element 3.7 is not allocated
2019-04-28 14:10:05.714 T:3474797360 DEBUG: CVideoPlayerVideo::OutputPicture - ttd:392ms pts:11.136 Clock:10.744 Level:6 elapsed:37.131ms
2019-04-28 14:10:05.716 T:3552891696 DEBUG: CVideoPlayer::ProcessVideoData size:38 dts:19.436 pts:19.478 dur:41.708ms, clock:10.783 level:106
2019-04-28 14:10:05.724 T:3458011952 ERROR: ffmpeg[CE1D1330]: [aac] Reserved bit set.
2019-04-28 14:10:05.724 T:3458011952 ERROR: ffmpeg[CE1D1330]: [aac] Number of bands (60) exceeds limit (45).
2019-04-28 14:10:05.755 T:3474797360 DEBUG: CVideoPlayerVideo::OutputPicture - ttd:389ms pts:11.178 Clock:10.788 Level:6 elapsed:34.292ms
2019-04-28 14:10:05.757 T:3552891696 DEBUG: CVideoPlayer::ProcessVideoData size:38 dts:19.478 pts:19.520 dur:41.708ms, clock:10.824 level:107
2019-04-28 14:10:05.765 T:3458011952 ERROR: ffmpeg[CE1D1330]: [aac] Prediction is not allowed in AAC-LC.
2019-04-28 14:10:05.797 T:3474797360 DEBUG: CVideoPlayerVideo::OutputPicture - ttd:392ms pts:11.220 Clock:10.827 Level:6 elapsed:37.213ms
2019-04-28 14:10:05.808 T:3552891696 DEBUG: CVideoPlayer::ProcessVideoData size:38 dts:19.520 pts:19.561 dur:41.708ms, clock:10.875 level:106
2019-04-28 14:10:05.815 T:3458011952 ERROR: ffmpeg[CE1D1330]: [aac] channel element 2.8 is not allocated
2019-04-28 14:10:05.839 T:3474797360 DEBUG: CVideoPlayerVideo::OutputPicture - ttd:391ms pts:11.261 Clock:10.869 Level:6 elapsed:36.597ms
2019-04-28 14:10:05.849 T:3552891696 DEBUG: CVideoPlayer::ProcessVideoData size:38 dts:19.561 pts:19.603 dur:41.708ms, clock:10.916 level:107
2019-04-28 14:10:05.856 T:3458011952 DEBUG: ffmpeg[CE1D1330]: [aac] Sample rate index in program config element does not match the sample rate index configured by the container.
2019-04-28 14:10:05.856 T:3458011952 DEBUG: ffmpeg[CE1D1330]: [aac] Too large remapped id is not implemented. Update your FFmpeg version to the newest one from Git. If the problem still occurs, it means that your file has a feature which has not been implemented.
2019-04-28 14:10:05.856 T:3458011952 DEBUG: ffmpeg[CE1D1330]: [aac] If you want to help, upload a sample of this file to ftp://upload.ffmpeg.org/incoming/ and contact the ffmpeg-devel mailing list. (ffmpeg-devel@ffmpeg.org)
2019-04-28 14:10:05.856 T:3576222512 DEBUG: CWebServer[8080]: request received for /jsonrpc
2019-04-28 14:10:05.881 T:3474797360 DEBUG: CVideoPlayerVideo::OutputPicture - ttd:393ms pts:11.303 Clock:10.910 Level:6 elapsed:38.157ms
2019-04-28 14:10:05.889 T:3576222512 DEBUG: CWebServer[8080]: request received for /jsonrpc
2019-04-28 14:10:05.890 T:3552891696 DEBUG: CVideoPlayer::ProcessVideoData size:38 dts:19.603 pts:19.645 dur:41.708ms, clock:10.957 level:106
2019-04-28 14:10:05.897 T:3458011952 ERROR: ffmpeg[CE1D1330]: [aac] channel element 2.10 is not allocated
2019-04-28 14:10:05.913 T:3785339696 DEBUG: [plugin.video.netflix (0)] Executing JSON-RPC: {"params": {"playerid": 1, "properties": ["audiostreams", "currentaudiostream", "subtitles", "currentsubtitle", "subtitleenabled", "percentage", "time"]}, "jsonrpc": "2.0", "method": "Player.GetProperties", "id": 1}
2019-04-28 14:10:05.915 T:3785339696 DEBUG: [plugin.video.netflix (0)] Notifying all managers of on_tick (data={u'currentaudiostream': {u'index': 0, u'name': u'AAC ', u'language': u'eng', u'channels': 2, u'codec': u'aac', u'bitrate': 98304}, u'elapsed_seconds': 10, u'time': {u'hours': 0, u'seconds': 10, u'minutes': 0, u'milliseconds': 873}, u'subtitleenabled': True, u'percentage': 0.21166050434112549, u'currentsubtitle': {u'index': 0, u'name': u'', u'language': u'eng'}, u'audiostreams': [{u'index': 0, u'name': u'AAC ', u'language': u'eng', u'channels': 2, u'codec': u'aac', u'bitrate': 98304}, {u'index': 1, u'name': u'AAC ', u'language': u'spa', u'channels': 2, u'codec': u'aac', u'bitrate': 98304}, {u'index': 2, u'name': u'AAC ', u'language': u'fre', u'channels': 2, u'codec': u'aac', u'bitrate': 98304}, {u'index': 3, u'name': u'AAC ', u'language': u'por', u'channels': 2, u'codec': u'aac', u'bitrate': 98304}], u'subtitles': [{u'index': 0, u'name': u'', u'language': u'eng'}, {u'index': 1, u'name': u'', u'language': u'spa'}, {u'index': 2, u'name': u'', u'language': u'spa'}, {u'index': 3, u'name': u'', u'language': u'fre'}, {u'index': 4, u'name': u'', u'language': u'fre'}, {u'index': 5, u'name': u'', u'language': u'por'}]})
2019-04-28 14:10:05.921 T:3474797360 DEBUG: CVideoPlayerVideo::OutputPicture - ttd:390ms pts:11.345 Clock:10.954 Level:6 elapsed:34.389ms
2019-04-28 14:10:05.925 T:3576222512 DEBUG: CWebServer[8080]: request received for /jsonrpc
2019-04-28 14:10:05.930 T:3552891696 DEBUG: CVideoPlayer::ProcessVideoData size:38 dts:19.645 pts:19.686 dur:41.708ms, clock:10.997 level:107
2019-04-28 14:10:05.937 T:3458011952 ERROR: ffmpeg[CE1D1330]: [aac] Number of bands (9) exceeds limit (6).
2019-04-28 14:10:05.961 T:3576222512 DEBUG: CWebServer[8080]: request received for /jsonrpc
2019-04-28 14:10:05.964 T:3474797360 DEBUG: CVideoPlayerVideo::OutputPicture - ttd:394ms pts:11.386 Clock:10.992 Level:6 elapsed:38.675ms
2019-04-28 14:10:05.971 T:3552891696 DEBUG: CVideoPlayer::ProcessVideoData size:38 dts:19.686 pts:19.728 dur:41.708ms, clock:11.038 level:106
2019-04-28 14:10:05.978 T:3458011952 ERROR: ffmpeg[CE1D1330]: [aac] channel element 2.4 is not allocated
2019-04-28 14:10:06.005 T:3474797360 DEBUG: CVideoPlayerVideo::OutputPicture - ttd:391ms pts:11.428 Clock:11.037 Level:6 elapsed:35.543ms
2019-04-28 14:10:06.012 T:3552891696 DEBUG: CVideoPlayer::ProcessVideoData size:38 dts:19.728 pts:19.770 dur:41.708ms, clock:11.079 level:107
2019-04-28 14:10:06.018 T:3458011952 DEBUG: ffmpeg[CE1D1330]: [aac] Sample rate index in program config element does not match the sample rate index configured by the container.
2019-04-28 14:10:06.019 T:3458011952 ERROR: ffmpeg[CE1D1330]: [aac] Inconsistent channel configuration.
2019-04-28 14:10:06.019 T:3458011952 ERROR: ffmpeg[CE1D1330]: [aac] get_buffer() failed
2019-04-28 14:10:06.047 T:3474797360 DEBUG: CVideoPlayerVideo::OutputPicture - ttd:394ms pts:11.470 Clock:11.076 Level:6 elapsed:38.361ms
2019-04-28 14:10:06.053 T:3552891696 DEBUG: CVideoPlayer::ProcessVideoData size:38 dts:19.770 pts:19.811 dur:41.708ms, clock:11.120 level:106
2019-04-28 14:10:06.059 T:3458011952 ERROR: ffmpeg[CE1D1330]: [aac] channel element 2.13 is not allocated
2019-04-28 14:10:06.089 T:3474797360 DEBUG: CVideoPlayerVideo::OutputPicture - ttd:394ms pts:11.511 Clock:11.117 Level:6 elapsed:38.779ms
2019-04-28 14:10:06.094 T:3552891696 DEBUG: CVideoPlayer::ProcessVideoData size:38 dts:19.811 pts:19.853 dur:41.708ms, clock:11.161 level:106
2019-04-28 14:10:06.100 T:3458011952 ERROR: ffmpeg[CE1D1330]: [aac] channel element 2.5 is not allocated
2019-04-28 14:10:06.130 T:3474797360 DEBUG: CVideoPlayerVideo::OutputPicture - ttd:384ms pts:11.553 Clock:11.169 Level:6 elapsed:28.573ms
2019-04-28 14:10:06.135 T:3552891696 DEBUG: CVideoPlayer::ProcessVideoData size:38 dts:19.853 pts:19.895 dur:41.708ms, clock:11.202 level:107
2019-04-28 14:10:06.140 T:3458011952 ERROR: ffmpeg[CE1D1330]: [aac] Reserved bit set.
2019-04-28 14:10:06.140 T:3458011952 ERROR: ffmpeg[CE1D1330]: [aac] Number of scalefactor bands in group (57) exceeds limit (47).
2019-04-28 14:10:06.172 T:3474797360 DEBUG: CVideoPlayerVideo::OutputPicture - ttd:393ms pts:11.595 Clock:11.201 Level:6 elapsed:38.295ms
2019-04-28 14:10:06.175 T:3552891696 DEBUG: CVideoPlayer::ProcessVideoData size:38 dts:19.895 pts:19.937 dur:41.708ms, clock:11.243 level:106
2019-04-28 14:10:06.181 T:3458011952 ERROR: ffmpeg[CE1D1330]: [aac] channel element 2.13 is not allocated
2019-04-28 14:10:06.213 T:3474797360 DEBUG: CVideoPlayerVideo::OutputPicture - ttd:391ms pts:11.637 Clock:11.245 Level:6 elapsed:35.733ms
2019-04-28 14:10:06.216 T:3552891696 DEBUG: CVideoPlayer::ProcessVideoData size:38 dts:19.937 pts:19.978 dur:41.708ms, clock:11.284 level:107
2019-04-28 14:10:06.222 T:3458011952 ERROR: ffmpeg[CE1D1330]: [aac] Reserved bit set.
2019-04-28 14:10:06.222 T:3458011952 ERROR: ffmpeg[CE1D1330]: [aac] Number of bands (19) exceeds limit (14).
2019-04-28 14:10:06.256 T:3474797360 DEBUG: CVideoPlayerVideo::OutputPicture - ttd:394ms pts:11.678 Clock:11.284 Level:6 elapsed:39.099ms
2019-04-28 14:10:06.259 T:3517969200 DEBUG: CurlFile::ParseAndCorrectUrl() adding custom header option 'Range: bytes=2685972-3178431'
2019-04-28 14:10:06.259 T:3517969200 DEBUG: CurlFile::ParseAndCorrectUrl() adding custom header option 'connection: keep-alive'
2019-04-28 14:10:06.260 T:3517969200 DEBUG: CurlFile::Open(0xe5167818) http://195.8.12.225/?o=AQHsvJl_EOvSE5TTC4bMd_jEHeSPEPWYqOh8RAVmbt7CBOuYT5VYlLBEmZEOHrgBOyDrYOjO2iHNfpl_cP3gfV8kUOWFG-leEB80dn1b5uAz5vGFWq7Dy_c_ownq5FLF3YlnoMExiAug9_IOqu7r923d64Q4l_0p8QG4lpahucIynSgXubBiaTx6l968bmXFGF43MryiAkvD1dD5j3u_hQ&v=3&e=1556500176&t=XBn9CDz3os3jL_GEmnZeF6gNB3c
2019-04-28 14:10:06.262 T:3458011952 ERROR: ffmpeg[CE1D1330]: [aac] channel element 3.11 is not allocated
2019-04-28 14:10:06.270 T:3552891696 DEBUG: CVideoPlayer::ProcessVideoData size:38 dts:19.978 pts:20.020 dur:41.708ms, clock:11.338 level:106
2019-04-28 14:10:06.297 T:3474797360 DEBUG: CVideoPlayerVideo::OutputPicture - ttd:383ms pts:11.720 Clock:11.336 Level:6 elapsed:27.779ms
2019-04-28 14:10:06.302 T:3466404656 DEBUG: CurlFile::ParseAndCorrectUrl() adding custom header option 'Range: bytes=362259-387275'
2019-04-28 14:10:06.302 T:3466404656 DEBUG: CurlFile::ParseAndCorrectUrl() adding custom header option 'connection: keep-alive'
2019-04-28 14:10:06.302 T:3466404656 DEBUG: CurlFile::Open(0xe5b45420) http://195.8.12.225/?o=AQHsvJl_EOvSE5TTC4bNd__NFO-JEPWYqP98RAVmbt7CBOuYT5VYlLBEmZEOHrgBOyDrYOjO2iHNfpl_cP3gfV8kUOWFG-leEB80dn1b5uAz5vGFWq7Dy_c_ownq5FLF3YlnoMk1n1K7yKkMhNbEvXmPpd0xgv8g8x69ntP3pds0gHtSovUnbSx-hcm2MHyZCVQLaNviCAjXnsu3in0&v=3&e=1556500176&t=SdFHa60Oat9NM19HrSW2B81Yrik
2019-04-28 14:10:06.315 T:3517969200 DEBUG: AddOnLog: InputStream Adaptive: Download http://195.8.12.225/?o=AQHsvJl_EOvSE5TTC4bMd_jEHeSPEPWYqOh8RAVmbt7CBOuYT5VYlLBEmZEOHrgBOyDrYOjO2iHNfpl_cP3gfV8kUOWFG-leEB80dn1b5uAz5vGFWq7Dy_c_ownq5FLF3YlnoMExiAug9_IOqu7r923d64Q4l_0p8QG4lpahucIynSgXubBiaTx6l968bmXFGF43MryiAkvD1dD5j3u_hQ&v=3&e=1556500176&t=XBn9CDz3os3jL_GEmnZeF6gNB3c finished, avg speed: 7936869.43byte/s, current speed: 9119629.00byte/s
2019-04-28 14:10:06.317 T:3466404656 DEBUG: AddOnLog: InputStream Adaptive: Download http://195.8.12.225/?o=AQHsvJl_EOvSE5TTC4bNd__NFO-JEPWYqP98RAVmbt7CBOuYT5VYlLBEmZEOHrgBOyDrYOjO2iHNfpl_cP3gfV8kUOWFG-leEB80dn1b5uAz5vGFWq7Dy_c_ownq5FLF3YlnoMk1n1K7yKkMhNbEvXmPpd0xgv8g8x69ntP3pds0gHtSovUnbSx-hcm2MHyZCVQLaNviCAjXnsu3in0&v=3&e=1556500176&t=SdFHa60Oat9NM19HrSW2B81Yrik finished, avg speed: 7790143.70byte/s, current speed: 1786928.00byte/s
2019-04-28 14:10:06.318 T:3552891696 DEBUG: CVideoPlayer::ProcessVideoData size:184 dts:20.020 pts:20.062 dur:41.708ms, clock:11.385 level:106
2019-04-28 14:10:06.323 T:3458011952 ERROR: ffmpeg[CE1D1330]: [aac] channel element 2.13 is not allocated
2019-04-28 14:10:06.339 T:3474797360 DEBUG: CVideoPlayerVideo::OutputPicture - ttd:392ms pts:11.762 Clock:11.370 Level:6 elapsed:36.208ms
2019-04-28 14:10:06.349 T:3552891696 DEBUG: CVideoPlayer::ProcessVideoData size:34 dts:20.062 pts:20.103 dur:41.708ms, clock:11.416 level:107
2019-04-28 14:10:06.354 T:3458011952 ERROR: ffmpeg[CE1D1330]: [aac] channel element 2.13 is not allocated
2019-04-28 14:10:06.354 T:3458011952 ERROR: ffmpeg[CE1D1330]: [aac] channel element 3.10 is not allocated
2019-04-28 14:10:06.381 T:3474797360 DEBUG: CVideoPlayerVideo::OutputPicture - ttd:394ms pts:11.803 Clock:11.409 Level:6 elapsed:39.108ms
2019-04-28 14:10:06.390 T:3552891696 DEBUG: CVideoPlayer::ProcessVideoData size:37 dts:20.103 pts:20.145 dur:41.708ms, clock:11.457 level:106
2019-04-28 14:10:06.395 T:3458011952 ERROR: ffmpeg[CE1D1330]: [aac] channel element 3.2 is not allocated
2019-04-28 14:10:06.422 T:3474797360 DEBUG: CVideoPlayerVideo::OutputPicture - ttd:391ms pts:11.845 Clock:11.453 Level:6 elapsed:35.846ms
2019-04-28 14:10:06.431 T:3552891696 DEBUG: CVideoPlayer::ProcessVideoData size:38 dts:20.145 pts:20.187 dur:41.708ms, clock:11.498 level:107
2019-04-28 14:10:06.435 T:3458011952 ERROR: ffmpeg[CE1D1330]: [aac] channel element 3.11 is not allocated
2019-04-28 14:10:06.464 T:3474797360 DEBUG: CVideoPlayerVideo::OutputPicture - ttd:393ms pts:11.887 Clock:11.493 Level:6 elapsed:38.124ms
2019-04-28 14:10:06.472 T:3552891696 DEBUG: CVideoPlayer::ProcessVideoData size:38 dts:20.187 pts:20.229 dur:41.708ms, clock:11.539 level:106
2019-04-28 14:10:06.476 T:3458011952 DEBUG: ffmpeg[CE1D1330]: [aac] Sample rate index in program config element does not match the sample rate index configured by the container.
2019-04-28 14:10:06.476 T:3458011952 DEBUG: ffmpeg[CE1D1330]: [aac] Too large remapped id is not implemented. Update your FFmpeg version to the newest one from Git. If the problem still occurs, it means that your file has a feature which has not been implemented.
2019-04-28 14:10:06.476 T:3458011952 DEBUG: ffmpeg[CE1D1330]: [aac] If you want to help, upload a sample of this file to ftp://upload.ffmpeg.org/incoming/ and contact the ffmpeg-devel mailing list. (ffmpeg-devel@ffmpeg.org)
2019-04-28 14:10:06.506 T:3474797360 DEBUG: CVideoPlayerVideo::OutputPicture - ttd:394ms pts:11.929 Clock:11.534 Level:6 elapsed:38.720ms
2019-04-28 14:10:06.512 T:3552891696 DEBUG: CVideoPlayer::ProcessVideoData size:38 dts:20.229 pts:20.270 dur:41.708ms, clock:11.580 level:106
2019-04-28 14:10:06.516 T:3458011952 ERROR: ffmpeg[CE1D1330]: [aac] Number of bands (24) exceeds limit (18).
2019-04-28 14:10:06.547 T:3474797360 DEBUG: CVideoPlayerVideo::OutputPicture - ttd:392ms pts:11.970 Clock:11.578 Level:6 elapsed:36.185ms
2019-04-28 14:10:06.553 T:3552891696 DEBUG: CVideoPlayer::ProcessVideoData size:38 dts:20.270 pts:20.312 dur:41.708ms, clock:11.620 level:107
2019-04-28 14:10:06.557 T:3458011952 ERROR: ffmpeg[CE1D1330]: [aac] Reserved bit set.
2019-04-28 14:10:06.557 T:3458011952 ERROR: ffmpeg[CE1D1330]: [aac] Number of scalefactor bands in group (62) exceeds limit (47).
2019-04-28 14:10:06.589 T:3474797360 DEBUG: CVideoPlayerVideo::OutputPicture - ttd:393ms pts:12.012 Clock:11.618 Level:6 elapsed:38.138ms
2019-04-28 14:10:06.594 T:3552891696 DEBUG: CVideoPlayer::ProcessVideoData size:10557 dts:20.312 pts:20.354 dur:41.708ms, clock:11.661 level:106
2019-04-28 14:10:06.598 T:3458011952 ERROR: ffmpeg[CE1D1330]: [aac] channel element 2.14 is not allocated
2019-04-28 14:10:06.631 T:3474797360 DEBUG: CVideoPlayerVideo::OutputPicture - ttd:388ms pts:12.054 Clock:11.665 Level:6 elapsed:32.575ms
2019-04-28 14:10:06.635 T:3552891696 DEBUG: CVideoPlayer::ProcessVideoData size:17648 dts:20.354 pts:20.395 dur:41.708ms, clock:11.702 level:106
2019-04-28 14:10:06.639 T:3458011952 ERROR: ffmpeg[CE1D1330]: [aac] Prediction is not allowed in AAC-LC.
2019-04-28 14:10:06.672 T:3474797360 DEBUG: CVideoPlayerVideo::OutputPicture - ttd:391ms pts:12.095 Clock:11.703 Level:6 elapsed:35.869ms
2019-04-28 14:10:06.676 T:3552891696 DEBUG: CVideoPlayer::ProcessVideoData size:21046 dts:20.395 pts:20.437 dur:41.708ms, clock:11.743 level:107
2019-04-28 14:10:06.679 T:3458011952 ERROR: ffmpeg[CE1D1330]: [aac] Reserved bit set.
2019-04-28 14:10:06.679 T:3458011952 ERROR: ffmpeg[CE1D1330]: [aac] ms_present = 3 is reserved.
2019-04-28 14:10:06.714 T:3474797360 DEBUG: CVideoPlayerVideo::OutputPicture - ttd:395ms pts:12.137 Clock:11.742 Level:6 elapsed:39.413ms
2019-04-28 14:10:06.717 T:3552891696 DEBUG: CVideoPlayer::ProcessVideoData size:25496 dts:20.437 pts:20.520 dur:41.708ms, clock:11.784 level:106
2019-04-28 14:10:06.756 T:3474797360 DEBUG: CVideoPlayerVideo::OutputPicture - ttd:394ms pts:12.179 Clock:11.784 Level:6 elapsed:39.231ms
2019-04-28 14:10:06.758 T:3552891696 DEBUG: CVideoPlayer::ProcessVideoData size:11775 dts:20.479 pts:20.479 dur:41.708ms, clock:11.825 level:106
2019-04-28 14:10:06.760 T:3458011952 ERROR: ffmpeg[CE1D1330]: [aac] SBR was found before the first channel element.
2019-04-28 14:10:06.760 T:3458011952 ERROR: ffmpeg[CE1D1330]: [aac] channel element 2.5 is not allocated
2019-04-28 14:10:06.772 T:4093684544 INFO: CheckIdle - Closing session to https://occ-0-1349-300.1.nflxso.net (easy=0xef8360f8, multi=(nil))
2019-04-28 14:10:06.798 T:3474797360 DEBUG: CVideoPlayerVideo::OutputPicture - ttd:391ms pts:12.221 Clock:11.829 Level:6 elapsed:36.211ms
2019-04-28 14:10:06.809 T:3552891696 DEBUG: CVideoPlayer::ProcessVideoData size:12772 dts:20.520 pts:20.604 dur:41.708ms, clock:11.876 level:107
2019-04-28 14:10:06.811 T:3458011952 ERROR: ffmpeg[CE1D1330]: [aac] Number of scalefactor bands in group (61) exceeds limit (47).
2019-04-28 14:10:06.839 T:3474797360 DEBUG: CVideoPlayerVideo::OutputPicture - ttd:392ms pts:12.262 Clock:11.869 Level:6 elapsed:37.091ms
2019-04-28 14:10:06.850 T:3552891696 DEBUG: CVideoPlayer::ProcessVideoData size:5169 dts:20.562 pts:20.562 dur:41.708ms, clock:11.917 level:106
2019-04-28 14:10:06.851 T:3458011952 ERROR: ffmpeg[CE1D1330]: [aac] channel element 3.15 is not allocated
2019-04-28 14:10:06.881 T:3474797360 DEBUG: CVideoPlayerVideo::OutputPicture - ttd:394ms pts:12.304 Clock:11.909 Level:6 elapsed:39.345ms
2019-04-28 14:10:06.891 T:3552891696 DEBUG: CVideoPlayer::ProcessVideoData size:18508 dts:20.604 pts:20.687 dur:41.708ms, clock:11.958 level:106
2019-04-28 14:10:06.892 T:3458011952 ERROR: ffmpeg[CE1D1330]: [aac] Reserved bit set.
2019-04-28 14:10:06.892 T:3458011952 ERROR: ffmpeg[CE1D1330]: [aac] Prediction is not allowed in AAC-LC.
2019-04-28 14:10:06.916 T:3785339696 DEBUG: [plugin.video.netflix (0)] Executing JSON-RPC: {"params": {"playerid": 1, "properties": ["audiostreams", "currentaudiostream", "subtitles", "currentsubtitle", "subtitleenabled", "percentage", "time"]}, "jsonrpc": "2.0", "method": "Player.GetProperties", "id": 1}
2019-04-28 14:10:06.919 T:3785339696 DEBUG: [plugin.video.netflix (0)] Notifying all managers of on_tick (data={u'currentaudiostream': {u'index': 0, u'name': u'AAC ', u'language': u'eng', u'channels': 2, u'codec': u'aac', u'bitrate': 98304}, u'elapsed_seconds': 11, u'time': {u'hours': 0, u'seconds': 11, u'minutes': 0, u'milliseconds': 937}, u'subtitleenabled': True, u'percentage': 0.23237298429012299, u'currentsubtitle': {u'index': 0, u'name': u'', u'language': u'eng'}, u'audiostreams': [{u'index': 0, u'name': u'AAC ', u'language': u'eng', u'channels': 2, u'codec': u'aac', u'bitrate': 98304}, {u'index': 1, u'name': u'AAC ', u'language': u'spa', u'channels': 2, u'codec': u'aac', u'bitrate': 98304}, {u'index': 2, u'name': u'AAC ', u'language': u'fre', u'channels': 2, u'codec': u'aac', u'bitrate': 98304}, {u'index': 3, u'name': u'AAC ', u'language': u'por', u'channels': 2, u'codec': u'aac', u'bitrate': 98304}], u'subtitles': [{u'index': 0, u'name': u'', u'language': u'eng'}, {u'index': 1, u'name': u'', u'language': u'spa'}, {u'index': 2, u'name': u'', u'language': u'spa'}, {u'index': 3, u'name': u'', u'language': u'fre'}, {u'index': 4, u'name': u'', u'language': u'fre'}, {u'index': 5, u'name': u'', u'language': u'por'}]})
2019-04-28 14:10:06.922 T:3474797360 DEBUG: CVideoPlayerVideo::OutputPicture - ttd:392ms pts:12.346 Clock:11.954 Level:6 elapsed:36.064ms
2019-04-28 14:10:06.932 T:3552891696 DEBUG: CVideoPlayer::ProcessVideoData size:6071 dts:20.646 pts:20.646 dur:41.708ms, clock:11.999 level:107
2019-04-28 14:10:06.933 T:3458011952 ERROR: ffmpeg[CE1D1330]: [aac] Number of bands (28) exceeds limit (25).
2019-04-28 14:10:06.965 T:3474797360 DEBUG: CVideoPlayerVideo::OutputPicture - ttd:394ms pts:12.387 Clock:11.992 Level:6 elapsed:39.393ms
2019-04-28 14:10:06.973 T:3552891696 DEBUG: CVideoPlayer::ProcessVideoData size:19651 dts:20.687 pts:20.771 dur:41.708ms, clock:12.040 level:106
2019-04-28 14:10:06.973 T:3458011952 ERROR: ffmpeg[CE1D1330]: [aac] Prediction is not allowed in AAC-LC.
2019-04-28 14:10:07.006 T:3474797360 DEBUG: CVideoPlayerVideo::OutputPicture - ttd:394ms pts:12.429 Clock:12.034 Level:6 elapsed:38.988ms
2019-04-28 14:10:07.014 T:3552891696 DEBUG: CVideoPlayer::ProcessVideoData size:5494 dts:20.729 pts:20.729 dur:41.708ms, clock:12.081 level:106
2019-04-28 14:10:07.014 T:3458011952 ERROR: ffmpeg[CE1D1330]: [aac] Reserved bit set.
2019-04-28 14:10:07.014 T:3458011952 ERROR: ffmpeg[CE1D1330]: [aac] Number of bands (21) exceeds limit (15).
2019-04-28 14:10:07.048 T:3474797360 DEBUG: CVideoPlayerVideo::OutputPicture - ttd:391ms pts:12.471 Clock:12.080 Level:6 elapsed:35.264ms
2019-04-28 14:10:07.054 T:3552891696 DEBUG: CVideoPlayer::ProcessVideoData size:20222 dts:20.771 pts:20.854 dur:41.708ms, clock:12.122 level:107
2019-04-28 14:10:07.055 T:3458011952 DEBUG: ffmpeg[CE1D1330]: [aac] Sample rate index in program config element does not match the sample rate index configured by the container.
2019-04-28 14:10:07.055 T:3458011952 ERROR: ffmpeg[CE1D1330]: [aac] Inconsistent channel configuration.
2019-04-28 14:10:07.055 T:3458011952 ERROR: ffmpeg[CE1D1330]: [aac] get_buffer() failed
2019-04-28 14:10:07.090 T:3474797360 DEBUG: CVideoPlayerVideo::OutputPicture - ttd:394ms pts:12.512 Clock:12.118 Level:6 elapsed:39.133ms
2019-04-28 14:10:07.095 T:3552891696 DEBUG: CVideoPlayer::ProcessVideoData size:5901 dts:20.812 pts:20.812 dur:41.708ms, clock:12.162 level:106
2019-04-28 14:10:07.095 T:3458011952 DEBUG: ffmpeg[CE1D1330]: [aac] Sample rate index in program config element does not match the sample rate index configured by the container.
2019-04-28 14:10:07.095 T:3458011952 DEBUG: ffmpeg[CE1D1330]: [aac] Too large remapped id is not implemented. Update your FFmpeg version to the newest one from Git. If the problem still occurs, it means that your file has a feature which has not been implemented.
2019-04-28 14:10:07.096 T:3458011952 DEBUG: ffmpeg[CE1D1330]: [aac] If you want to help, upload a sample of this file to ftp://upload.ffmpeg.org/incoming/ and contact the ffmpeg-devel mailing list. (ffmpeg-devel@ffmpeg.org)
2019-04-28 14:10:07.131 T:3474797360 DEBUG: CVideoPlayerVideo::OutputPicture - ttd:393ms pts:12.554 Clock:12.160 Level:6 elapsed:37.642ms
2019-04-28 14:10:07.136 T:3552891696 DEBUG: CVideoPlayer::ProcessVideoData size:20951 dts:20.854 pts:20.979 dur:41.708ms, clock:12.203 level:106
2019-04-28 14:10:07.146 T:3458011952 ERROR: ffmpeg[CE1D1330]: [aac] channel element 3.3 is not allocated
2019-04-28 14:10:07.173 T:3474797360 DEBUG: CVideoPlayerVideo::OutputPicture - ttd:392ms pts:12.596 Clock:12.203 Level:6 elapsed:36.820ms
2019-04-28 14:10:07.177 T:3552891696 DEBUG: CVideoPlayer::ProcessVideoData size:4033 dts:20.896 pts:20.896 dur:41.708ms, clock:12.244 level:107
2019-04-28 14:10:07.187 T:3458011952 DEBUG: ffmpeg[CE1D1330]: [aac] Sample rate index in program config element does not match the sample rate index configured by the container.
2019-04-28 14:10:07.187 T:3458011952 ERROR: ffmpeg[CE1D1330]: [aac] Inconsistent channel configuration.
2019-04-28 14:10:07.187 T:3458011952 ERROR: ffmpeg[CE1D1330]: [aac] get_buffer() failed
2019-04-28 14:10:07.215 T:3474797360 DEBUG: CVideoPlayerVideo::OutputPicture - ttd:394ms pts:12.638 Clock:12.243 Level:6 elapsed:38.901ms
2019-04-28 14:10:07.218 T:3552891696 DEBUG: CVideoPlayer::ProcessVideoData size:4033 dts:20.938 pts:20.938 dur:41.708ms, clock:12.285 level:106
2019-04-28 14:10:07.227 T:3458011952 ERROR: ffmpeg[CE1D1330]: [aac] channel element 3.10 is not allocated
2019-04-28 14:10:07.257 T:3474797360 DEBUG: CVideoPlayerVideo::OutputPicture - ttd:394ms pts:12.679 Clock:12.285 Level:6 elapsed:39.039ms
2019-04-28 14:10:07.259 T:3552891696 DEBUG: CVideoPlayer::ProcessVideoData size:17964 dts:20.979 pts:21.063 dur:41.708ms, clock:12.326 level:106
2019-04-28 14:10:07.268 T:3458011952 DEBUG: ffmpeg[CE1D1330]: [aac] Sample rate index in program config element does not match the sample rate index configured by the container.
2019-04-28 14:10:07.268 T:3458011952 ERROR: ffmpeg[CE1D1330]: [aac] Inconsistent channel configuration.
2019-04-28 14:10:07.268 T:3458011952 ERROR: ffmpeg[CE1D1330]: [aac] get_buffer() failed
2019-04-28 14:10:07.298 T:3474797360 DEBUG: CVideoPlayerVideo::OutputPicture - ttd:392ms pts:12.721 Clock:12.329 Level:6 elapsed:36.267ms
2019-04-28 14:10:07.300 T:3552891696 DEBUG: CVideoPlayer::ProcessVideoData size:3888 dts:21.021 pts:21.021 dur:41.708ms, clock:12.367 level:107
2019-04-28 14:10:07.309 T:3458011952 ERROR: ffmpeg[CE1D1330]: [aac] Number of bands (6) exceeds limit (4).
2019-04-28 14:10:07.340 T:3474797360 DEBUG: CVideoPlayerVideo::OutputPicture - ttd:394ms pts:12.763 Clock:12.368 Level:6 elapsed:39.414ms
2019-04-28 14:10:07.351 T:3552891696 DEBUG: CVideoPlayer::ProcessVideoData size:15956 dts:21.063 pts:21.104 dur:41.708ms, clock:12.418 level:106
2019-04-28 14:10:07.359 T:3458011952 ERROR: ffmpeg[CE1D1330]: [aac] channel element 3.3 is not allocated
2019-04-28 14:10:07.381 T:3474797360 DEBUG: CVideoPlayerVideo::OutputPicture - ttd:394ms pts:12.804 Clock:12.410 Level:6 elapsed:38.664ms
2019-04-28 14:10:07.392 T:3552891696 DEBUG: CVideoPlayer::ProcessVideoData size:19756 dts:21.104 pts:21.230 dur:41.708ms, clock:12.459 level:106
2019-04-28 14:10:07.400 T:3458011952 DEBUG: ffmpeg[CE1D1330]: [aac] Sample rate index in program config element does not match the sample rate index configured by the container.
2019-04-28 14:10:07.400 T:3458011952 ERROR: ffmpeg[CE1D1330]: [aac] Inconsistent channel configuration.
2019-04-28 14:10:07.400 T:3458011952 ERROR: ffmpeg[CE1D1330]: [aac] get_buffer() failed
2019-04-28 14:10:07.423 T:3474797360 DEBUG: CVideoPlayerVideo::OutputPicture - ttd:391ms pts:12.846 Clock:12.454 Level:6 elapsed:36.270ms
2019-04-28 14:10:07.433 T:3552891696 DEBUG: CVideoPlayer::ProcessVideoData size:4389 dts:21.146 pts:21.146 dur:41.708ms, clock:12.500 level:107
2019-04-28 14:10:07.440 T:3458011952 ERROR: ffmpeg[CE1D1330]: [aac] Prediction is not allowed in AAC-LC.
2019-04-28 14:10:07.465 T:3474797360 DEBUG: CVideoPlayerVideo::OutputPicture - ttd:394ms pts:12.888 Clock:12.493 Level:6 elapsed:38.415ms
2019-04-28 14:10:07.474 T:3552891696 DEBUG: CVideoPlayer::ProcessVideoData size:3743 dts:21.188 pts:21.188 dur:41.708ms, clock:12.541 level:106
2019-04-28 14:10:07.481 T:3458011952 ERROR: ffmpeg[CE1D1330]: [aac] Reserved bit set.
2019-04-28 14:10:07.481 T:3458011952 ERROR: ffmpeg[CE1D1330]: [aac] invalid band type
2019-04-28 14:10:07.507 T:3474797360 DEBUG: CVideoPlayerVideo::OutputPicture - ttd:395ms pts:12.930 Clock:12.535 Level:6 elapsed:39.482ms
2019-04-28 14:10:07.515 T:3552891696 DEBUG: CVideoPlayer::ProcessVideoData size:18539 dts:21.230 pts:21.313 dur:41.708ms, clock:12.582 level:106
2019-04-28 14:10:07.522 T:3458011952 ERROR: ffmpeg[CE1D1330]: [aac] SBR was found before the first channel element.
2019-04-28 14:10:07.522 T:3458011952 ERROR: ffmpeg[CE1D1330]: [aac] Reserved bit set.
2019-04-28 14:10:07.522 T:3458011952 ERROR: ffmpeg[CE1D1330]: [aac] Number of bands (12) exceeds limit (9).
2019-04-28 14:10:07.548 T:3474797360 DEBUG: CVideoPlayerVideo::OutputPicture - ttd:392ms pts:12.971 Clock:12.579 Level:6 elapsed:36.242ms
2019-04-28 14:10:07.556 T:3552891696 DEBUG: CVideoPlayer::ProcessVideoData size:3711 dts:21.271 pts:21.271 dur:41.708ms, clock:12.623 level:107
2019-04-28 14:10:07.562 T:3458011952 ERROR: ffmpeg[CE1D1330]: [aac] channel element 3.11 is not allocated
2019-04-28 14:10:07.590 T:3474797360 DEBUG: CVideoPlayerVideo::OutputPicture - ttd:395ms pts:13.013 Clock:12.618 Level:6 elapsed:39.354ms
2019-04-28 14:10:07.597 T:3552891696 DEBUG: CVideoPlayer::ProcessVideoData size:15878 dts:21.313 pts:21.396 dur:41.708ms, clock:12.664 level:106
2019-04-28 14:10:07.603 T:3458011952 ERROR: ffmpeg[CE1D1330]: [aac] Prediction is not allowed in AAC-LC.
2019-04-28 14:10:07.632 T:3474797360 DEBUG: CVideoPlayerVideo::OutputPicture - ttd:394ms pts:13.055 Clock:12.660 Level:6 elapsed:38.617ms
2019-04-28 14:10:07.638 T:3552891696 DEBUG: CVideoPlayer::ProcessVideoData size:4054 dts:21.355 pts:21.355 dur:41.708ms, clock:12.705 level:106
2019-04-28 14:10:07.644 T:3458011952 ERROR: ffmpeg[CE1D1330]: [aac] Prediction is not allowed in AAC-LC.
2019-04-28 14:10:07.674 T:3474797360 DEBUG: CVideoPlayerVideo::OutputPicture - ttd:391ms pts:13.096 Clock:12.705 Level:6 elapsed:35.781ms
2019-04-28 14:10:07.679 T:3552891696 DEBUG: CVideoPlayer::ProcessVideoData size:17653 dts:21.396 pts:21.480 dur:41.708ms, clock:12.746 level:107
2019-04-28 14:10:07.684 T:3458011952 ERROR: ffmpeg[CE1D1330]: [aac] channel element 3.1 is not allocated
2019-04-28 14:10:07.715 T:3474797360 DEBUG: CVideoPlayerVideo::OutputPicture - ttd:394ms pts:13.138 Clock:12.744 Level:6 elapsed:38.669ms
2019-04-28 14:10:07.720 T:3552891696 DEBUG: CVideoPlayer::ProcessVideoData size:3541 dts:21.438 pts:21.438 dur:41.708ms, clock:12.787 level:106
2019-04-28 14:10:07.725 T:3458011952 ERROR: ffmpeg[CE1D1330]: [aac] channel element 2.2 is not allocated
2019-04-28 14:10:07.758 T:3474797360 DEBUG: CVideoPlayerVideo::OutputPicture - ttd:394ms pts:13.180 Clock:12.785 Level:6 elapsed:39.311ms
2019-04-28 14:10:07.761 T:3552891696 DEBUG: CVideoPlayer::ProcessVideoData size:16032 dts:21.480 pts:21.521 dur:41.708ms, clock:12.828 level:106
2019-04-28 14:10:07.765 T:3458011952 ERROR: ffmpeg[CE1D1330]: [aac] channel element 2.14 is not allocated
2019-04-28 14:10:07.798 T:3474797360 DEBUG: CVideoPlayerVideo::OutputPicture - ttd:390ms pts:13.222 Clock:12.831 Level:6 elapsed:34.156ms
2019-04-28 14:10:07.802 T:3552891696 DEBUG: CVideoPlayer::ProcessVideoData size:19024 dts:21.521 pts:21.605 dur:41.708ms, clock:12.869 level:107
2019-04-28 14:10:07.806 T:3458011952 ERROR: ffmpeg[CE1D1330]: [aac] Reserved bit set.
2019-04-28 14:10:07.806 T:3458011952 ERROR: ffmpeg[CE1D1330]: [aac] ms_present = 3 is reserved.
2019-04-28 14:10:07.840 T:3474797360 DEBUG: CVideoPlayerVideo::OutputPicture - ttd:394ms pts:13.263 Clock:12.869 Level:6 elapsed:38.368ms
2019-04-28 14:10:07.843 T:3552891696 DEBUG: CVideoPlayer::ProcessVideoData size:4076 dts:21.563 pts:21.563 dur:41.708ms, clock:12.910 level:106
2019-04-28 14:10:07.847 T:3458011952 ERROR: ffmpeg[CE1D1330]: [aac] channel element 2.15 is not allocated
2019-04-28 14:10:07.882 T:3474797360 DEBUG: CVideoPlayerVideo::OutputPicture - ttd:393ms pts:13.305 Clock:12.911 Level:6 elapsed:37.665ms
2019-04-28 14:10:07.884 T:3552891696 DEBUG: CVideoPlayer::ProcessVideoData size:20304 dts:21.605 pts:21.688 dur:41.708ms, clock:12.951 level:106
2019-04-28 14:10:07.887 T:3458011952 ERROR: ffmpeg[CE1D1330]: [aac] TNS filter order 13 is greater than maximum 12.
2019-04-28 14:10:07.920 T:3785339696 DEBUG: [plugin.video.netflix (0)] Executing JSON-RPC: {"params": {"playerid": 1, "properties": ["audiostreams", "currentaudiostream", "subtitles", "currentsubtitle", "subtitleenabled", "percentage", "time"]}, "jsonrpc": "2.0", "method": "Player.GetProperties", "id": 1}
2019-04-28 14:10:07.923 T:3785339696 DEBUG: [plugin.video.netflix (0)] Notifying all managers of on_tick (data={u'currentaudiostream': {u'index': 0, u'name': u'AAC ', u'language': u'eng', u'channels': 2, u'codec': u'aac', u'bitrate': 98304}, u'elapsed_seconds': 12, u'time': {u'hours': 0, u'seconds': 12, u'minutes': 0, u'milliseconds': 878}, u'subtitleenabled': True, u'percentage': 0.25069105625152588, u'currentsubtitle': {u'index': 0, u'name': u'', u'language': u'eng'}, u'audiostreams': [{u'index': 0, u'name': u'AAC ', u'language': u'eng', u'channels': 2, u'codec': u'aac', u'bitrate': 98304}, {u'index': 1, u'name': u'AAC ', u'language': u'spa', u'channels': 2, u'codec': u'aac', u'bitrate': 98304}, {u'index': 2, u'name': u'AAC ', u'language': u'fre', u'channels': 2, u'codec': u'aac', u'bitrate': 98304}, {u'index': 3, u'name': u'AAC ', u'language': u'por', u'channels': 2, u'codec': u'aac', u'bitrate': 98304}], u'subtitles': [{u'index': 0, u'name': u'', u'language': u'eng'}, {u'index': 1, u'name': u'', u'language': u'spa'}, {u'index': 2, u'name': u'', u'language': u'spa'}, {u'index': 3, u'name': u'', u'language': u'fre'}, {u'index': 4, u'name': u'', u'language': u'fre'}, {u'index': 5, u'name': u'', u'language': u'por'}]})
2019-04-28 14:10:07.924 T:3474797360 DEBUG: CVideoPlayerVideo::OutputPicture - ttd:390ms pts:13.347 Clock:12.956 Level:6 elapsed:35.097ms
2019-04-28 14:10:07.935 T:3552891696 DEBUG: CVideoPlayer::ProcessVideoData size:4358 dts:21.647 pts:21.647 dur:41.708ms, clock:13.003 level:107
2019-04-28 14:10:07.938 T:3458011952 ERROR: ffmpeg[CE1D1330]: [aac] Reserved bit set.
2019-04-28 14:10:07.938 T:3458011952 ERROR: ffmpeg[CE1D1330]: [aac] Number of scalefactor bands in group (59) exceeds limit (47).
2019-04-28 14:10:07.965 T:3474797360 DEBUG: CVideoPlayerVideo::OutputPicture - ttd:392ms pts:13.388 Clock:12.996 Level:6 elapsed:36.591ms
2019-04-28 14:10:07.976 T:3552891696 DEBUG: CVideoPlayer::ProcessVideoData size:17961 dts:21.688 pts:21.772 dur:41.708ms, clock:13.044 level:106
2019-04-28 14:10:07.979 T:3458011952 DEBUG: ffmpeg[CE1D1330]: [aac] Sample rate index in program config element does not match the sample rate index configured by the container.
2019-04-28 14:10:07.979 T:3458011952 ERROR: ffmpeg[CE1D1330]: [aac] Inconsistent channel configuration.
2019-04-28 14:10:07.979 T:3458011952 ERROR: ffmpeg[CE1D1330]: [aac] get_buffer() failed
2019-04-28 14:10:08.007 T:3474797360 DEBUG: CVideoPlayerVideo::OutputPicture - ttd:393ms pts:13.430 Clock:13.037 Level:6 elapsed:37.108ms
2019-04-28 14:10:08.017 T:3552891696 DEBUG: CVideoPlayer::ProcessVideoData size:3446 dts:21.730 pts:21.730 dur:41.708ms, clock:13.085 level:106
2019-04-28 14:10:08.019 T:3458011952 DEBUG: ffmpeg[CE1D1330]: [aac] Sample rate index in program config element does not match the sample rate index configured by the container.
2019-04-28 14:10:08.019 T:3458011952 DEBUG: ffmpeg[CE1D1330]: [aac] Too large remapped id is not implemented. Update your FFmpeg version to the newest one from Git. If the problem still occurs, it means that your file has a feature which has not been implemented.
2019-04-28 14:10:08.020 T:3458011952 DEBUG: ffmpeg[CE1D1330]: [aac] If you want to help, upload a sample of this file to ftp://upload.ffmpeg.org/incoming/ and contact the ffmpeg-devel mailing list. (ffmpeg-devel@ffmpeg.org)
2019-04-28 14:10:08.049 T:3474797360 DEBUG: CVideoPlayerVideo::OutputPicture - ttd:389ms pts:13.472 Clock:13.082 Level:6 elapsed:33.753ms
