2019-04-28 14:10:29.122 T:3552891696 DEBUG: CVideoPlayer::ProcessVideoData size:963 dts:42.834 pts:42.834 dur:41.708ms, clock:34.189 level:107
2019-04-28 14:10:29.128 T:3576222512 DEBUG: CWebServer[8080]: request received for /jsonrpc
2019-04-28 14:10:29.154 T:3474797360 DEBUG: Previous line repeats 3 times.
2019-04-28 14:10:29.154 T:3474797360 DEBUG: CVideoPlayerVideo::OutputPicture - ttd:394ms pts:34.576 Clock:34.181 Level:6 elapsed:39.600ms
2019-04-28 14:10:29.163 T:3458011952 ERROR: ffmpeg[CE1D1330]: [aac] Reserved bit set.
2019-04-28 14:10:29.163 T:3458011952 ERROR: ffmpeg[CE1D1330]: [aac] Number of bands (12) exceeds limit (9).
2019-04-28 14:10:29.164 T:3552891696 DEBUG: CVideoPlayer::ProcessVideoData size:14113 dts:42.876 pts:43.001 dur:41.708ms, clock:34.231 level:106
2019-04-28 14:10:29.195 T:3474797360 DEBUG: CVideoPlayerVideo::OutputPicture - ttd:394ms pts:34.618 Clock:34.223 Level:6 elapsed:38.578ms
2019-04-28 14:10:29.205 T:3458011952 ERROR: ffmpeg[CE1D1330]: [aac] Number of scalefactor bands in group (58) exceeds limit (47).
2019-04-28 14:10:29.205 T:3552891696 DEBUG: CVideoPlayer::ProcessVideoData size:941 dts:42.918 pts:42.918 dur:41.708ms, clock:34.272 level:106
2019-04-28 14:10:29.237 T:3474797360 DEBUG: CVideoPlayerVideo::OutputPicture - ttd:390ms pts:34.660 Clock:34.269 Level:6 elapsed:34.800ms
2019-04-28 14:10:29.245 T:3458011952 ERROR: ffmpeg[CE1D1330]: [aac] Prediction is not allowed in AAC-LC.
2019-04-28 14:10:29.246 T:3552891696 DEBUG: CVideoPlayer::ProcessVideoData size:967 dts:42.960 pts:42.960 dur:41.708ms, clock:34.313 level:107
2019-04-28 14:10:29.279 T:3474797360 DEBUG: CVideoPlayerVideo::OutputPicture - ttd:394ms pts:34.701 Clock:34.306 Level:6 elapsed:39.328ms
2019-04-28 14:10:29.286 T:3552891696 DEBUG: CVideoPlayer::ProcessVideoData size:12135 dts:43.001 pts:43.126 dur:41.708ms, clock:34.354 level:106
2019-04-28 14:10:29.287 T:3458011952 ERROR: ffmpeg[CE1D1330]: [aac] Reserved bit set.
2019-04-28 14:10:29.287 T:3458011952 ERROR: ffmpeg[CE1D1330]: [aac] Number of bands (46) exceeds limit (30).
2019-04-28 14:10:29.320 T:3474797360 DEBUG: CVideoPlayerVideo::OutputPicture - ttd:392ms pts:34.743 Clock:34.351 Level:6 elapsed:36.277ms
2019-04-28 14:10:29.327 T:3458011952 DEBUG: ffmpeg[CE1D1330]: [aac] Sample rate index in program config element does not match the sample rate index configured by the container.
2019-04-28 14:10:29.327 T:3552891696 DEBUG: CVideoPlayer::ProcessVideoData size:921 dts:43.043 pts:43.043 dur:41.708ms, clock:34.394 level:107
2019-04-28 14:10:29.327 T:3458011952 DEBUG: ffmpeg[CE1D1330]: [aac] Too large remapped id is not implemented. Update your FFmpeg version to the newest one from Git. If the problem still occurs, it means that your file has a feature which has not been implemented.
2019-04-28 14:10:29.327 T:3458011952 DEBUG: ffmpeg[CE1D1330]: [aac] If you want to help, upload a sample of this file to ftp://upload.ffmpeg.org/incoming/ and contact the ffmpeg-devel mailing list. (ffmpeg-devel@ffmpeg.org)
2019-04-28 14:10:29.362 T:3474797360 DEBUG: CVideoPlayerVideo::OutputPicture - ttd:394ms pts:34.785 Clock:34.391 Level:6 elapsed:38.281ms
2019-04-28 14:10:29.368 T:3458011952 ERROR: ffmpeg[CE1D1330]: [aac] channel element 3.8 is not allocated
2019-04-28 14:10:29.368 T:3552891696 DEBUG: CVideoPlayer::ProcessVideoData size:921 dts:43.085 pts:43.085 dur:41.708ms, clock:34.435 level:106
2019-04-28 14:10:29.404 T:3474797360 DEBUG: CVideoPlayerVideo::OutputPicture - ttd:394ms pts:34.826 Clock:34.432 Level:6 elapsed:38.557ms
2019-04-28 14:10:29.409 T:3458011952 DEBUG: ffmpeg[CE1D1330]: [aac] Sample rate index in program config element does not match the sample rate index configured by the container.
2019-04-28 14:10:29.409 T:3458011952 ERROR: ffmpeg[CE1D1330]: [aac] Inconsistent channel configuration.
2019-04-28 14:10:29.409 T:3552891696 DEBUG: CVideoPlayer::ProcessVideoData size:14033 dts:43.126 pts:43.252 dur:41.708ms, clock:34.477 level:106
2019-04-28 14:10:29.410 T:3458011952 ERROR: ffmpeg[CE1D1330]: [aac] get_buffer() failed
2019-04-28 14:10:29.445 T:3474797360 DEBUG: CVideoPlayerVideo::OutputPicture - ttd:391ms pts:34.868 Clock:34.476 Level:6 elapsed:36.290ms
2019-04-28 14:10:29.450 T:3552891696 DEBUG: CVideoPlayer::ProcessVideoData size:992 dts:43.168 pts:43.168 dur:41.708ms, clock:34.517 level:107
2019-04-28 14:10:29.450 T:3458011952 ERROR: ffmpeg[CE1D1330]: [aac] channel element 2.14 is not allocated
2019-04-28 14:10:29.487 T:3474797360 DEBUG: CVideoPlayerVideo::OutputPicture - ttd:394ms pts:34.910 Clock:34.515 Level:6 elapsed:39.364ms
2019-04-28 14:10:29.491 T:3458011952 ERROR: ffmpeg[CE1D1330]: [aac] channel element 3.13 is not allocated
2019-04-28 14:10:29.491 T:3552891696 DEBUG: CVideoPlayer::ProcessVideoData size:942 dts:43.210 pts:43.210 dur:41.708ms, clock:34.559 level:106
2019-04-28 14:10:29.529 T:3474797360 DEBUG: CVideoPlayerVideo::OutputPicture - ttd:394ms pts:34.952 Clock:34.557 Level:6 elapsed:39.280ms
2019-04-28 14:10:29.532 T:3458011952 ERROR: ffmpeg[CE1D1330]: [aac] Number of bands (16) exceeds limit (12).
2019-04-28 14:10:29.532 T:3552891696 DEBUG: CVideoPlayer::ProcessVideoData size:14060 dts:43.252 pts:43.377 dur:41.708ms, clock:34.599 level:106
2019-04-28 14:10:29.570 T:3474797360 DEBUG: CVideoPlayerVideo::OutputPicture - ttd:390ms pts:34.993 Clock:34.602 Level:6 elapsed:34.980ms
2019-04-28 14:10:29.573 T:3458011952 ERROR: ffmpeg[CE1D1330]: [aac] channel element 2.11 is not allocated
2019-04-28 14:10:29.573 T:3552891696 DEBUG: CVideoPlayer::ProcessVideoData size:1093 dts:43.293 pts:43.293 dur:41.708ms, clock:34.640 level:107
2019-04-28 14:10:29.612 T:3474797360 DEBUG: CVideoPlayerVideo::OutputPicture - ttd:395ms pts:35.035 Clock:34.640 Level:6 elapsed:39.390ms
2019-04-28 14:10:29.614 T:3458011952 DEBUG: ffmpeg[CE1D1330]: [aac] Sample rate index in program config element does not match the sample rate index configured by the container.
2019-04-28 14:10:29.614 T:3458011952 ERROR: ffmpeg[CE1D1330]: [aac] Inconsistent channel configuration.
2019-04-28 14:10:29.614 T:3552891696 DEBUG: CVideoPlayer::ProcessVideoData size:906 dts:43.335 pts:43.335 dur:41.708ms, clock:34.682 level:106
2019-04-28 14:10:29.614 T:3458011952 ERROR: ffmpeg[CE1D1330]: [aac] get_buffer() failed
2019-04-28 14:10:29.654 T:3474797360 DEBUG: CVideoPlayerVideo::OutputPicture - ttd:395ms pts:35.077 Clock:34.682 Level:6 elapsed:39.291ms
2019-04-28 14:10:29.665 T:3458011952 DEBUG: ffmpeg[CE1D1330]: [aac] Sample rate index in program config element does not match the sample rate index configured by the container.
2019-04-28 14:10:29.665 T:3458011952 ERROR: ffmpeg[CE1D1330]: [aac] Inconsistent channel configuration.
2019-04-28 14:10:29.665 T:3552891696 DEBUG: CVideoPlayer::ProcessVideoData size:12082 dts:43.377 pts:43.460 dur:41.708ms, clock:34.733 level:106
2019-04-28 14:10:29.665 T:3458011952 ERROR: ffmpeg[CE1D1330]: [aac] get_buffer() failed
2019-04-28 14:10:29.696 T:3474797360 DEBUG: CVideoPlayerVideo::OutputPicture - ttd:391ms pts:35.118 Clock:34.727 Level:6 elapsed:36.282ms
2019-04-28 14:10:29.706 T:3458011952 ERROR: ffmpeg[CE1D1330]: [aac] Reserved bit set.
2019-04-28 14:10:29.706 T:3458011952 ERROR: ffmpeg[CE1D1330]: [aac] Prediction is not allowed in AAC-LC.
2019-04-28 14:10:29.707 T:3552891696 DEBUG: CVideoPlayer::ProcessVideoData size:1030 dts:43.418 pts:43.418 dur:41.708ms, clock:34.774 level:107
2019-04-28 14:10:29.737 T:3474797360 DEBUG: CVideoPlayerVideo::OutputPicture - ttd:394ms pts:35.160 Clock:34.765 Level:6 elapsed:38.765ms
2019-04-28 14:10:29.747 T:3458011952 ERROR: ffmpeg[CE1D1330]: [aac] channel element 3.5 is not allocated
2019-04-28 14:10:29.747 T:3552891696 DEBUG: CVideoPlayer::ProcessVideoData size:15036 dts:43.460 pts:43.585 dur:41.708ms, clock:34.815 level:106
2019-04-28 14:10:29.780 T:3474797360 DEBUG: CVideoPlayerVideo::OutputPicture - ttd:395ms pts:35.202 Clock:34.806 Level:6 elapsed:40.573ms
2019-04-28 14:10:29.788 T:3458011952 ERROR: ffmpeg[CE1D1330]: [aac] Reserved bit set.
2019-04-28 14:10:29.788 T:3552891696 DEBUG: CVideoPlayer::ProcessVideoData size:969 dts:43.502 pts:43.502 dur:41.708ms, clock:34.855 level:106
2019-04-28 14:10:29.788 T:3458011952 ERROR: ffmpeg[CE1D1330]: [aac] Number of bands (6) exceeds limit (5).
2019-04-28 14:10:29.820 T:3474797360 DEBUG: CVideoPlayerVideo::OutputPicture - ttd:390ms pts:35.244 Clock:34.853 Level:6 elapsed:35.017ms
2019-04-28 14:10:29.829 T:3458011952 ERROR: ffmpeg[CE1D1330]: [aac] channel element 2.12 is not allocated
2019-04-28 14:10:29.829 T:3552891696 DEBUG: CVideoPlayer::ProcessVideoData size:956 dts:43.544 pts:43.544 dur:41.708ms, clock:34.897 level:107
2019-04-28 14:10:29.863 T:3474797360 DEBUG: CVideoPlayerVideo::OutputPicture - ttd:395ms pts:35.285 Clock:34.890 Level:6 elapsed:39.700ms
2019-04-28 14:10:29.870 T:3458011952 DEBUG: ffmpeg[CE1D1330]: [aac] Sample rate index in program config element does not match the sample rate index configured by the container.
2019-04-28 14:10:29.870 T:3552891696 DEBUG: CVideoPlayer::ProcessVideoData size:15344 dts:43.585 pts:43.710 dur:41.708ms, clock:34.938 level:106
2019-04-28 14:10:29.870 T:3458011952 ERROR: ffmpeg[CE1D1330]: [aac] Inconsistent channel configuration.
2019-04-28 14:10:29.871 T:3458011952 ERROR: ffmpeg[CE1D1330]: [aac] get_buffer() failed
2019-04-28 14:10:29.904 T:3474797360 DEBUG: CVideoPlayerVideo::OutputPicture - ttd:393ms pts:35.327 Clock:34.934 Level:6 elapsed:38.041ms
2019-04-28 14:10:29.911 T:3552891696 DEBUG: CVideoPlayer::ProcessVideoData size:1137 dts:43.627 pts:43.627 dur:41.708ms, clock:34.978 level:106
2019-04-28 14:10:29.911 T:3458011952 ERROR: ffmpeg[CE1D1330]: [aac] channel element 2.10 is not allocated
2019-04-28 14:10:29.946 T:3474797360 DEBUG: CVideoPlayerVideo::OutputPicture - ttd:391ms pts:35.369 Clock:34.978 Level:6 elapsed:35.237ms
2019-04-28 14:10:29.952 T:3458011952 ERROR: ffmpeg[CE1D1330]: [aac] channel element 3.4 is not allocated
2019-04-28 14:10:29.952 T:3552891696 DEBUG: CVideoPlayer::ProcessVideoData size:1039 dts:43.669 pts:43.669 dur:41.708ms, clock:35.019 level:107
2019-04-28 14:10:29.988 T:3474797360 DEBUG: CVideoPlayerVideo::OutputPicture - ttd:394ms pts:35.410 Clock:35.016 Level:6 elapsed:39.101ms
2019-04-28 14:10:29.993 T:3458011952 ERROR: ffmpeg[CE1D1330]: [aac] channel element 2.13 is not allocated
2019-04-28 14:10:29.993 T:3552891696 DEBUG: CVideoPlayer::ProcessVideoData size:13214 dts:43.710 pts:43.835 dur:41.708ms, clock:35.060 level:106
2019-04-28 14:10:30.002 T:3785339696 DEBUG: [plugin.video.netflix (0)] Executing JSON-RPC: {"params": {"playerid": 1, "properties": ["audiostreams", "currentaudiostream", "subtitles", "currentsubtitle", "subtitleenabled", "percentage", "time"]}, "jsonrpc": "2.0", "method": "Player.GetProperties", "id": 1}
2019-04-28 14:10:30.004 T:3785339696 DEBUG: [plugin.video.netflix (0)] Notifying all managers of on_tick (data={u'currentaudiostream': {u'index': 0, u'name': u'AAC ', u'language': u'eng', u'channels': 2, u'codec': u'aac', u'bitrate': 98304}, u'elapsed_seconds': 34, u'time': {u'hours': 0, u'seconds': 34, u'minutes': 0, u'milliseconds': 834}, u'subtitleenabled': True, u'percentage': 0.67810004949569702, u'currentsubtitle': {u'index': 0, u'name': u'', u'language': u'eng'}, u'audiostreams': [{u'index': 0, u'name': u'AAC ', u'language': u'eng', u'channels': 2, u'codec': u'aac', u'bitrate': 98304}, {u'index': 1, u'name': u'AAC ', u'language': u'spa', u'channels': 2, u'codec': u'aac', u'bitrate': 98304}, {u'index': 2, u'name': u'AAC ', u'language': u'fre', u'channels': 2, u'codec': u'aac', u'bitrate': 98304}, {u'index': 3, u'name': u'AAC ', u'language': u'por', u'channels': 2, u'codec': u'aac', u'bitrate': 98304}], u'subtitles': [{u'index': 0, u'name': u'', u'language': u'eng'}, {u'index': 1, u'name': u'', u'language': u'spa'}, {u'index': 2, u'name': u'', u'language': u'spa'}, {u'index': 3, u'name': u'', u'language': u'fre'}, {u'index': 4, u'name': u'', u'language': u'fre'}, {u'index': 5, u'name': u'', u'language': u'por'}]})
2019-04-28 14:10:30.029 T:3474797360 DEBUG: CVideoPlayerVideo::OutputPicture - ttd:390ms pts:35.452 Clock:35.062 Level:6 elapsed:34.490ms
2019-04-28 14:10:30.034 T:3458011952 ERROR: ffmpeg[CE1D1330]: [aac] channel element 3.9 is not allocated
2019-04-28 14:10:30.034 T:3552891696 DEBUG: CVideoPlayer::ProcessVideoData size:1019 dts:43.752 pts:43.752 dur:41.708ms, clock:35.101 level:107
2019-04-28 14:10:30.071 T:3474797360 DEBUG: CVideoPlayerVideo::OutputPicture - ttd:395ms pts:35.494 Clock:35.099 Level:6 elapsed:39.466ms
2019-04-28 14:10:30.075 T:3458011952 ERROR: ffmpeg[CE1D1330]: [aac] Number of bands (39) exceeds limit (35).
2019-04-28 14:10:30.075 T:3552891696 DEBUG: CVideoPlayer::ProcessVideoData size:966 dts:43.794 pts:43.794 dur:41.708ms, clock:35.142 level:106
2019-04-28 14:10:30.112 T:3474797360 DEBUG: CVideoPlayerVideo::OutputPicture - ttd:394ms pts:35.535 Clock:35.141 Level:6 elapsed:38.307ms
2019-04-28 14:10:30.116 T:3458011952 ERROR: ffmpeg[CE1D1330]: [aac] channel element 2.5 is not allocated
2019-04-28 14:10:30.116 T:3552891696 DEBUG: CVideoPlayer::ProcessVideoData size:14815 dts:43.835 pts:43.961 dur:41.708ms, clock:35.183 level:106
2019-04-28 14:10:30.154 T:3474797360 DEBUG: CVideoPlayerVideo::OutputPicture - ttd:392ms pts:35.577 Clock:35.185 Level:6 elapsed:36.315ms
2019-04-28 14:10:30.157 T:3458011952 ERROR: ffmpeg[CE1D1330]: [aac] Reserved bit set.
2019-04-28 14:10:30.157 T:3552891696 DEBUG: CVideoPlayer::ProcessVideoData size:1051 dts:43.877 pts:43.877 dur:41.708ms, clock:35.224 level:107
2019-04-28 14:10:30.157 T:3458011952 ERROR: ffmpeg[CE1D1330]: [aac] Number of bands (43) exceeds limit (32).
2019-04-28 14:10:30.196 T:3474797360 DEBUG: CVideoPlayerVideo::OutputPicture - ttd:394ms pts:35.619 Clock:35.224 Level:6 elapsed:38.801ms
2019-04-28 14:10:30.198 T:3458011952 DEBUG: ffmpeg[CE1D1330]: [aac] Sample rate index in program config element does not match the sample rate index configured by the container.
2019-04-28 14:10:30.198 T:3552891696 DEBUG: CVideoPlayer::ProcessVideoData size:1148 dts:43.919 pts:43.919 dur:41.708ms, clock:35.265 level:106
2019-04-28 14:10:30.198 T:3458011952 ERROR: ffmpeg[CE1D1330]: [aac] Inconsistent channel configuration.
2019-04-28 14:10:30.198 T:3458011952 ERROR: ffmpeg[CE1D1330]: [aac] get_buffer() failed
2019-04-28 14:10:30.238 T:3474797360 DEBUG: CVideoPlayerVideo::OutputPicture - ttd:394ms pts:35.661 Clock:35.266 Level:6 elapsed:38.843ms
2019-04-28 14:10:30.249 T:3552891696 DEBUG: CVideoPlayer::ProcessVideoData size:2187 dts:43.961 pts:44.044 dur:41.708ms, clock:35.316 level:106
2019-04-28 14:10:30.249 T:3458011952 ERROR: ffmpeg[CE1D1330]: [aac] Number of scalefactor bands in group (51) exceeds limit (47).
2019-04-28 14:10:30.279 T:3474797360 DEBUG: CVideoPlayerVideo::OutputPicture - ttd:394ms pts:35.702 Clock:35.308 Level:6 elapsed:38.478ms
2019-04-28 14:10:30.290 T:3458011952 ERROR: ffmpeg[CE1D1330]: [aac] channel element 3.13 is not allocated
2019-04-28 14:10:30.291 T:3517969200 DEBUG: CurlFile::ParseAndCorrectUrl() adding custom header option 'Range: bytes=6726810-7039807'
2019-04-28 14:10:30.291 T:3517969200 DEBUG: CurlFile::ParseAndCorrectUrl() adding custom header option 'connection: keep-alive'
2019-04-28 14:10:30.291 T:3517969200 DEBUG: CurlFile::Open(0xe5167818) http://195.8.12.225/?o=AQHsvJl_EOvSE5TTC4bMd_jEHeSPEPWYqOh8RAVmbt7CBOuYT5VYlLBEmZEOHrgBOyDrYOjO2iHNfpl_cP3gfV8kUOWFG-leEB80dn1b5uAz5vGFWq7Dy_c_ownq5FLF3YlnoMExiAug9_IOqu7r923d64Q4l_0p8QG4lpahucIynSgXubBiaTx6l968bmXFGF43MryiAkvD1dD5j3u_hQ&v=3&e=1556500176&t=XBn9CDz3os3jL_GEmnZeF6gNB3c
2019-04-28 14:10:30.304 T:3552891696 DEBUG: CVideoPlayer::ProcessVideoData size:1284 dts:44.002 pts:44.002 dur:41.708ms, clock:35.371 level:106
2019-04-28 14:10:30.323 T:3474797360 DEBUG: CVideoPlayerVideo::OutputPicture - ttd:378ms pts:35.744 Clock:35.366 Level:6 elapsed:23.873ms
2019-04-28 14:10:30.325 T:3466404656 DEBUG: CurlFile::ParseAndCorrectUrl() adding custom header option 'Range: bytes=661301-686427'
2019-04-28 14:10:30.326 T:3466404656 DEBUG: CurlFile::ParseAndCorrectUrl() adding custom header option 'connection: keep-alive'
2019-04-28 14:10:30.326 T:3466404656 DEBUG: CurlFile::Open(0xe5b45420) http://195.8.12.225/?o=AQHsvJl_EOvSE5TTC4bNd__NFO-JEPWYqP98RAVmbt7CBOuYT5VYlLBEmZEOHrgBOyDrYOjO2iHNfpl_cP3gfV8kUOWFG-leEB80dn1b5uAz5vGFWq7Dy_c_ownq5FLF3YlnoMk1n1K7yKkMhNbEvXmPpd0xgv8g8x69ntP3pds0gHtSovUnbSx-hcm2MHyZCVQLaNviCAjXnsu3in0&v=3&e=1556500176&t=SdFHa60Oat9NM19HrSW2B81Yrik
2019-04-28 14:10:30.328 T:3517969200 DEBUG: AddOnLog: InputStream Adaptive: Download http://195.8.12.225/?o=AQHsvJl_EOvSE5TTC4bMd_jEHeSPEPWYqOh8RAVmbt7CBOuYT5VYlLBEmZEOHrgBOyDrYOjO2iHNfpl_cP3gfV8kUOWFG-leEB80dn1b5uAz5vGFWq7Dy_c_ownq5FLF3YlnoMExiAug9_IOqu7r923d64Q4l_0p8QG4lpahucIynSgXubBiaTx6l968bmXFGF43MryiAkvD1dD5j3u_hQ&v=3&e=1556500176&t=XBn9CDz3os3jL_GEmnZeF6gNB3c finished, avg speed: 7134073.20byte/s, current speed: 8694388.00byte/s
2019-04-28 14:10:30.335 T:3466404656 DEBUG: AddOnLog: InputStream Adaptive: Download http://195.8.12.225/?o=AQHsvJl_EOvSE5TTC4bNd__NFO-JEPWYqP98RAVmbt7CBOuYT5VYlLBEmZEOHrgBOyDrYOjO2iHNfpl_cP3gfV8kUOWFG-leEB80dn1b5uAz5vGFWq7Dy_c_ownq5FLF3YlnoMk1n1K7yKkMhNbEvXmPpd0xgv8g8x69ntP3pds0gHtSovUnbSx-hcm2MHyZCVQLaNviCAjXnsu3in0&v=3&e=1556500176&t=SdFHa60Oat9NM19HrSW2B81Yrik finished, avg speed: 7038384.29byte/s, current speed: 3140875.00byte/s
2019-04-28 14:10:30.335 T:3458011952 ERROR: ffmpeg[CE1D1330]: [aac] Reserved bit set.
2019-04-28 14:10:30.335 T:3458011952 ERROR: ffmpeg[CE1D1330]: [aac] Prediction is not allowed in AAC-LC.
2019-04-28 14:10:30.335 T:3552891696 DEBUG: CVideoPlayer::ProcessVideoData size:58275 dts:44.044 pts:44.086 dur:41.708ms, clock:35.402 level:106
2019-04-28 14:10:30.363 T:3474797360 DEBUG: CVideoPlayerVideo::OutputPicture - ttd:389ms pts:35.786 Clock:35.396 Level:6 elapsed:33.772ms
2019-04-28 14:10:30.366 T:3458011952 ERROR: ffmpeg[CE1D1330]: [aac] Reserved bit set.
2019-04-28 14:10:30.366 T:3458011952 ERROR: ffmpeg[CE1D1330]: [aac] Prediction is not allowed in AAC-LC.
2019-04-28 14:10:30.366 T:3552891696 DEBUG: CVideoPlayer::ProcessVideoData size:15684 dts:44.086 pts:44.211 dur:41.708ms, clock:35.433 level:107
2019-04-28 14:10:30.366 T:3458011952 ERROR: ffmpeg[CE1D1330]: [aac] Number of scalefactor bands in group (51) exceeds limit (47).
2019-04-28 14:10:30.405 T:3474797360 DEBUG: CVideoPlayerVideo::OutputPicture - ttd:394ms pts:35.827 Clock:35.433 Level:6 elapsed:39.414ms
2019-04-28 14:10:30.407 T:3458011952 ERROR: ffmpeg[CE1D1330]: [aac] SBR was found before the first channel element.
2019-04-28 14:10:30.407 T:3552891696 DEBUG: CVideoPlayer::ProcessVideoData size:1212 dts:44.127 pts:44.127 dur:41.708ms, clock:35.475 level:106
2019-04-28 14:10:30.408 T:3458011952 ERROR: ffmpeg[CE1D1330]: [aac] Prediction is not allowed in AAC-LC.
2019-04-28 14:10:30.446 T:3474797360 DEBUG: CVideoPlayerVideo::OutputPicture - ttd:394ms pts:35.869 Clock:35.475 Level:6 elapsed:38.699ms
2019-04-28 14:10:30.448 T:3458011952 DEBUG: ffmpeg[CE1D1330]: [aac] Sample rate index in program config element does not match the sample rate index configured by the container.
2019-04-28 14:10:30.448 T:3458011952 ERROR: ffmpeg[CE1D1330]: [aac] Inconsistent channel configuration.
2019-04-28 14:10:30.448 T:3458011952 ERROR: ffmpeg[CE1D1330]: [aac] get_buffer() failed
2019-04-28 14:10:30.449 T:3552891696 DEBUG: CVideoPlayer::ProcessVideoData size:1186 dts:44.169 pts:44.169 dur:41.708ms, clock:35.516 level:106
2019-04-28 14:10:30.488 T:3474797360 DEBUG: CVideoPlayerVideo::OutputPicture - ttd:390ms pts:35.911 Clock:35.520 Level:6 elapsed:35.094ms
2019-04-28 14:10:30.499 T:3458011952 ERROR: ffmpeg[CE1D1330]: [aac] channel element 3.2 is not allocated
2019-04-28 14:10:30.500 T:3552891696 DEBUG: CVideoPlayer::ProcessVideoData size:16141 dts:44.211 pts:44.336 dur:41.708ms, clock:35.567 level:107
2019-04-28 14:10:30.530 T:3474797360 DEBUG: CVideoPlayerVideo::OutputPicture - ttd:394ms pts:35.953 Clock:35.558 Level:6 elapsed:39.121ms
2019-04-28 14:10:30.540 T:3552891696 DEBUG: CVideoPlayer::ProcessVideoData size:1332 dts:44.253 pts:44.253 dur:41.708ms, clock:35.608 level:106
2019-04-28 14:10:30.541 T:3458011952 DEBUG: ffmpeg[CE1D1330]: [aac] Sample rate index in program config element does not match the sample rate index configured by the container.
2019-04-28 14:10:30.541 T:3458011952 ERROR: ffmpeg[CE1D1330]: [aac] Inconsistent channel configuration.
2019-04-28 14:10:30.541 T:3458011952 ERROR: ffmpeg[CE1D1330]: [aac] get_buffer() failed
2019-04-28 14:10:30.572 T:3474797360 DEBUG: CVideoPlayerVideo::OutputPicture - ttd:394ms pts:35.994 Clock:35.600 Level:6 elapsed:39.152ms
2019-04-28 14:10:30.581 T:3458011952 ERROR: ffmpeg[CE1D1330]: [aac] ms_present = 3 is reserved.
2019-04-28 14:10:30.581 T:3552891696 DEBUG: CVideoPlayer::ProcessVideoData size:1466 dts:44.294 pts:44.294 dur:41.708ms, clock:35.648 level:106
2019-04-28 14:10:30.613 T:3474797360 DEBUG: CVideoPlayerVideo::OutputPicture - ttd:390ms pts:36.036 Clock:35.645 Level:6 elapsed:34.974ms
2019-04-28 14:10:30.622 T:3458011952 ERROR: ffmpeg[CE1D1330]: [aac] channel element 3.8 is not allocated
2019-04-28 14:10:30.622 T:3552891696 DEBUG: CVideoPlayer::ProcessVideoData size:13342 dts:44.336 pts:44.461 dur:41.708ms, clock:35.690 level:107
2019-04-28 14:10:30.655 T:3474797360 DEBUG: CVideoPlayerVideo::OutputPicture - ttd:392ms pts:36.078 Clock:35.685 Level:6 elapsed:37.447ms
2019-04-28 14:10:30.663 T:3458011952 ERROR: ffmpeg[CE1D1330]: [aac] Reserved bit set.
2019-04-28 14:10:30.663 T:3552891696 DEBUG: CVideoPlayer::ProcessVideoData size:778 dts:44.378 pts:44.378 dur:41.708ms, clock:35.731 level:106
2019-04-28 14:10:30.664 T:3458011952 ERROR: ffmpeg[CE1D1330]: [aac] Prediction is not allowed in AAC-LC.
2019-04-28 14:10:30.696 T:3474797360 DEBUG: CVideoPlayerVideo::OutputPicture - ttd:394ms pts:36.119 Clock:35.725 Level:6 elapsed:38.561ms
2019-04-28 14:10:30.698 T:3576222512 DEBUG: CWebServer[8080]: request received for /jsonrpc
2019-04-28 14:10:30.704 T:3458011952 DEBUG: Previous line repeats 1 times.
2019-04-28 14:10:30.704 T:3458011952 ERROR: ffmpeg[CE1D1330]: [aac] channel element 3.4 is not allocated
2019-04-28 14:10:30.704 T:3552891696 DEBUG: CVideoPlayer::ProcessVideoData size:791 dts:44.419 pts:44.419 dur:41.708ms, clock:35.771 level:106
2019-04-28 14:10:30.708 T:3576222512 DEBUG: CWebServer[8080]: request received for /jsonrpc
2019-04-28 14:10:30.738 T:3474797360 DEBUG: Previous line repeats 1 times.
2019-04-28 14:10:30.738 T:3474797360 DEBUG: CVideoPlayerVideo::OutputPicture - ttd:391ms pts:36.161 Clock:35.769 Level:6 elapsed:35.748ms
2019-04-28 14:10:30.745 T:3458011952 DEBUG: ffmpeg[CE1D1330]: [aac] Sample rate index in program config element does not match the sample rate index configured by the container.
2019-04-28 14:10:30.745 T:3552891696 DEBUG: CVideoPlayer::ProcessVideoData size:11037 dts:44.461 pts:44.586 dur:41.708ms, clock:35.812 level:107
2019-04-28 14:10:30.745 T:3458011952 ERROR: ffmpeg[CE1D1330]: [aac] Inconsistent channel configuration.
2019-04-28 14:10:30.746 T:3458011952 ERROR: ffmpeg[CE1D1330]: [aac] get_buffer() failed
2019-04-28 14:10:30.781 T:3474797360 DEBUG: CVideoPlayerVideo::OutputPicture - ttd:394ms pts:36.203 Clock:35.808 Level:6 elapsed:39.799ms
2019-04-28 14:10:30.786 T:3458011952 DEBUG: ffmpeg[CE1D1330]: [aac] Sample rate index in program config element does not match the sample rate index configured by the container.
2019-04-28 14:10:30.786 T:3552891696 DEBUG: CVideoPlayer::ProcessVideoData size:694 dts:44.503 pts:44.503 dur:41.708ms, clock:35.853 level:106
2019-04-28 14:10:30.786 T:3458011952 DEBUG: ffmpeg[CE1D1330]: [aac] Too large remapped id is not implemented. Update your FFmpeg version to the newest one from Git. If the problem still occurs, it means that your file has a feature which has not been implemented.
2019-04-28 14:10:30.786 T:3458011952 DEBUG: ffmpeg[CE1D1330]: [aac] If you want to help, upload a sample of this file to ftp://upload.ffmpeg.org/incoming/ and contact the ffmpeg-devel mailing list. (ffmpeg-devel@ffmpeg.org)
2019-04-28 14:10:30.822 T:3474797360 DEBUG: CVideoPlayerVideo::OutputPicture - ttd:384ms pts:36.245 Clock:35.860 Level:6 elapsed:28.901ms
2019-04-28 14:10:30.827 T:3458011952 DEBUG: ffmpeg[CE1D1330]: [aac] Sample rate index in program config element does not match the sample rate index configured by the container.
2019-04-28 14:10:30.827 T:3552891696 DEBUG: CVideoPlayer::ProcessVideoData size:724 dts:44.544 pts:44.544 dur:41.708ms, clock:35.895 level:107
2019-04-28 14:10:30.827 T:3458011952 DEBUG: ffmpeg[CE1D1330]: [aac] Too large remapped id is not implemented. Update your FFmpeg version to the newest one from Git. If the problem still occurs, it means that your file has a feature which has not been implemented.
2019-04-28 14:10:30.828 T:3458011952 DEBUG: ffmpeg[CE1D1330]: [aac] If you want to help, upload a sample of this file to ftp://upload.ffmpeg.org/incoming/ and contact the ffmpeg-devel mailing list. (ffmpeg-devel@ffmpeg.org)
2019-04-28 14:10:30.864 T:3474797360 DEBUG: CVideoPlayerVideo::OutputPicture - ttd:394ms pts:36.286 Clock:35.891 Level:6 elapsed:39.480ms
2019-04-28 14:10:30.868 T:3552891696 DEBUG: CVideoPlayer::ProcessVideoData size:12740 dts:44.586 pts:44.711 dur:41.708ms, clock:35.935 level:106
2019-04-28 14:10:30.905 T:3474797360 DEBUG: CVideoPlayerVideo::OutputPicture - ttd:394ms pts:36.328 Clock:35.933 Level:6 elapsed:38.679ms
2019-04-28 14:10:30.909 T:3458011952 ERROR: ffmpeg[CE1D1330]: [aac] channel element 2.0 is not allocated
2019-04-28 14:10:30.909 T:3552891696 DEBUG: CVideoPlayer::ProcessVideoData size:797 dts:44.628 pts:44.628 dur:41.708ms, clock:35.976 level:106
2019-04-28 14:10:30.947 T:3474797360 DEBUG: CVideoPlayerVideo::OutputPicture - ttd:392ms pts:36.370 Clock:35.978 Level:6 elapsed:36.559ms
2019-04-28 14:10:30.950 T:3458011952 ERROR: ffmpeg[CE1D1330]: [aac] Reserved bit set.
2019-04-28 14:10:30.950 T:3458011952 ERROR: ffmpeg[CE1D1330]: [aac] Prediction is not allowed in AAC-LC.
2019-04-28 14:10:30.950 T:3552891696 DEBUG: CVideoPlayer::ProcessVideoData size:764 dts:44.670 pts:44.670 dur:41.708ms, clock:36.017 level:107
2019-04-28 14:10:30.989 T:3474797360 DEBUG: CVideoPlayerVideo::OutputPicture - ttd:394ms pts:36.411 Clock:36.017 Level:6 elapsed:39.035ms
2019-04-28 14:10:30.991 T:3458011952 ERROR: ffmpeg[CE1D1330]: [aac] Prediction is not allowed in AAC-LC.
2019-04-28 14:10:30.991 T:3552891696 DEBUG: CVideoPlayer::ProcessVideoData size:12293 dts:44.711 pts:44.795 dur:41.708ms, clock:36.058 level:106
2019-04-28 14:10:31.005 T:3785339696 DEBUG: [plugin.video.netflix (0)] Executing JSON-RPC: {"params": {"playerid": 1, "properties": ["audiostreams", "currentaudiostream", "subtitles", "currentsubtitle", "subtitleenabled", "percentage", "time"]}, "jsonrpc": "2.0", "method": "Player.GetProperties", "id": 1}
2019-04-28 14:10:31.008 T:3785339696 DEBUG: [plugin.video.netflix (0)] Notifying all managers of on_tick (data={u'currentaudiostream': {u'index': 0, u'name': u'AAC ', u'language': u'eng', u'channels': 2, u'codec': u'aac', u'bitrate': 98304}, u'elapsed_seconds': 35, u'time': {u'hours': 0, u'seconds': 35, u'minutes': 0, u'milliseconds': 862}, u'subtitleenabled': True, u'percentage': 0.69811171293258667, u'currentsubtitle': {u'index': 0, u'name': u'', u'language': u'eng'}, u'audiostreams': [{u'index': 0, u'name': u'AAC ', u'language': u'eng', u'channels': 2, u'codec': u'aac', u'bitrate': 98304}, {u'index': 1, u'name': u'AAC ', u'language': u'spa', u'channels': 2, u'codec': u'aac', u'bitrate': 98304}, {u'index': 2, u'name': u'AAC ', u'language': u'fre', u'channels': 2, u'codec': u'aac', u'bitrate': 98304}, {u'index': 3, u'name': u'AAC ', u'language': u'por', u'channels': 2, u'codec': u'aac', u'bitrate': 98304}], u'subtitles': [{u'index': 0, u'name': u'', u'language': u'eng'}, {u'index': 1, u'name': u'', u'language': u'spa'}, {u'index': 2, u'name': u'', u'language': u'spa'}, {u'index': 3, u'name': u'', u'language': u'fre'}, {u'index': 4, u'name': u'', u'language': u'fre'}, {u'index': 5, u'name': u'', u'language': u'por'}]})
2019-04-28 14:10:31.030 T:3474797360 DEBUG: CVideoPlayerVideo::OutputPicture - ttd:392ms pts:36.453 Clock:36.060 Level:6 elapsed:36.754ms
2019-04-28 14:10:31.032 T:3458011952 ERROR: ffmpeg[CE1D1330]: [aac] Number of bands (26) exceeds limit (13).
2019-04-28 14:10:31.032 T:3552891696 DEBUG: CVideoPlayer::ProcessVideoData size:689 dts:44.753 pts:44.753 dur:41.708ms, clock:36.100 level:107
2019-04-28 14:10:31.072 T:3474797360 DEBUG: CVideoPlayerVideo::OutputPicture - ttd:395ms pts:36.495 Clock:36.100 Level:6 elapsed:39.381ms
2019-04-28 14:10:31.083 T:3458011952 ERROR: ffmpeg[CE1D1330]: [aac] Number of bands (30) exceeds limit (25).
2019-04-28 14:10:31.084 T:3552891696 DEBUG: CVideoPlayer::ProcessVideoData size:13516 dts:44.795 pts:44.920 dur:41.708ms, clock:36.151 level:106
2019-04-28 14:10:31.114 T:3474797360 DEBUG: CVideoPlayerVideo::OutputPicture - ttd:395ms pts:36.536 Clock:36.141 Level:6 elapsed:39.416ms
2019-04-28 14:10:31.124 T:3458011952 DEBUG: ffmpeg[CE1D1330]: [aac] Sample rate index in program config element does not match the sample rate index configured by the container.
2019-04-28 14:10:31.124 T:3552891696 DEBUG: CVideoPlayer::ProcessVideoData size:758 dts:44.836 pts:44.836 dur:41.708ms, clock:36.192 level:106
2019-04-28 14:10:31.125 T:3458011952 ERROR: ffmpeg[CE1D1330]: [aac] Inconsistent channel configuration.
2019-04-28 14:10:31.125 T:3458011952 ERROR: ffmpeg[CE1D1330]: [aac] get_buffer() failed
2019-04-28 14:10:31.155 T:3474797360 DEBUG: CVideoPlayerVideo::OutputPicture - ttd:392ms pts:36.578 Clock:36.186 Level:6 elapsed:36.347ms
2019-04-28 14:10:31.165 T:3458011952 ERROR: ffmpeg[CE1D1330]: [aac] Reserved bit set.
2019-04-28 14:10:31.165 T:3458011952 ERROR: ffmpeg[CE1D1330]: [aac] Number of bands (24) exceeds limit (5).
2019-04-28 14:10:31.165 T:3552891696 DEBUG: CVideoPlayer::ProcessVideoData size:709 dts:44.878 pts:44.878 dur:41.708ms, clock:36.233 level:107
2019-04-28 14:10:31.197 T:3474797360 DEBUG: CVideoPlayerVideo::OutputPicture - ttd:395ms pts:36.620 Clock:36.225 Level:6 elapsed:39.453ms
2019-04-28 14:10:31.206 T:3458011952 DEBUG: ffmpeg[CE1D1330]: [aac] Sample rate index in program config element does not match the sample rate index configured by the container.
2019-04-28 14:10:31.206 T:3458011952 ERROR: ffmpeg[CE1D1330]: [aac] Inconsistent channel configuration.
2019-04-28 14:10:31.206 T:3552891696 DEBUG: CVideoPlayer::ProcessVideoData size:14558 dts:44.920 pts:45.045 dur:41.708ms, clock:36.274 level:106
2019-04-28 14:10:31.207 T:3458011952 ERROR: ffmpeg[CE1D1330]: [aac] get_buffer() failed
2019-04-28 14:10:31.238 T:3474797360 DEBUG: CVideoPlayerVideo::OutputPicture - ttd:395ms pts:36.662 Clock:36.266 Level:6 elapsed:39.309ms
2019-04-28 14:10:31.247 T:3458011952 DEBUG: ffmpeg[CE1D1330]: [aac] Sample rate index in program config element does not match the sample rate index configured by the container.
2019-04-28 14:10:31.247 T:3552891696 DEBUG: CVideoPlayer::ProcessVideoData size:748 dts:44.962 pts:44.962 dur:41.708ms, clock:36.314 level:106
2019-04-28 14:10:31.247 T:3458011952 ERROR: ffmpeg[CE1D1330]: [aac] Inconsistent channel configuration.
2019-04-28 14:10:31.248 T:3458011952 ERROR: ffmpeg[CE1D1330]: [aac] get_buffer() failed
2019-04-28 14:10:31.281 T:3474797360 DEBUG: CVideoPlayerVideo::OutputPicture - ttd:391ms pts:36.703 Clock:36.311 Level:6 elapsed:36.558ms
2019-04-28 14:10:31.288 T:3458011952 DEBUG: ffmpeg[CE1D1330]: [aac] Sample rate index in program config element does not match the sample rate index configured by the container.
2019-04-28 14:10:31.288 T:3552891696 DEBUG: CVideoPlayer::ProcessVideoData size:682 dts:45.003 pts:45.003 dur:41.708ms, clock:36.356 level:107
2019-04-28 14:10:31.289 T:3458011952 ERROR: ffmpeg[CE1D1330]: [aac] Inconsistent channel configuration.
2019-04-28 14:10:31.289 T:3458011952 ERROR: ffmpeg[CE1D1330]: [aac] get_buffer() failed
2019-04-28 14:10:31.322 T:3474797360 DEBUG: CVideoPlayerVideo::OutputPicture - ttd:394ms pts:36.745 Clock:36.350 Level:6 elapsed:39.319ms
2019-04-28 14:10:31.329 T:3458011952 DEBUG: ffmpeg[CE1D1330]: [aac] Sample rate index in program config element does not match the sample rate index configured by the container.
2019-04-28 14:10:31.329 T:3458011952 DEBUG: ffmpeg[CE1D1330]: [aac] Too large remapped id is not implemented. Update your FFmpeg version to the newest one from Git. If the problem still occurs, it means that your file has a feature which has not been implemented.
2019-04-28 14:10:31.329 T:3552891696 DEBUG: CVideoPlayer::ProcessVideoData size:14820 dts:45.045 pts:45.170 dur:41.708ms, clock:36.397 level:106
2019-04-28 14:10:31.330 T:3458011952 DEBUG: ffmpeg[CE1D1330]: [aac] If you want to help, upload a sample of this file to ftp://upload.ffmpeg.org/incoming/ and contact the ffmpeg-devel mailing list. (ffmpeg-devel@ffmpeg.org)
2019-04-28 14:10:31.364 T:3474797360 DEBUG: CVideoPlayerVideo::OutputPicture - ttd:392ms pts:36.787 Clock:36.394 Level:6 elapsed:36.803ms
2019-04-28 14:10:31.370 T:3458011952 ERROR: ffmpeg[CE1D1330]: [aac] Reserved bit set.
2019-04-28 14:10:31.371 T:3552891696 DEBUG: CVideoPlayer::ProcessVideoData size:750 dts:45.087 pts:45.087 dur:41.708ms, clock:36.438 level:107
2019-04-28 14:10:31.371 T:3458011952 ERROR: ffmpeg[CE1D1330]: [aac] Prediction is not allowed in AAC-LC.
2019-04-28 14:10:31.406 T:3474797360 DEBUG: CVideoPlayerVideo::OutputPicture - ttd:394ms pts:36.828 Clock:36.434 Level:6 elapsed:39.362ms
2019-04-28 14:10:31.411 T:3458011952 DEBUG: ffmpeg[CE1D1330]: [aac] Sample rate index in program config element does not match the sample rate index configured by the container.
2019-04-28 14:10:31.411 T:3458011952 DEBUG: ffmpeg[CE1D1330]: [aac] Too large remapped id is not implemented. Update your FFmpeg version to the newest one from Git. If the problem still occurs, it means that your file has a feature which has not been implemented.
2019-04-28 14:10:31.412 T:3458011952 DEBUG: ffmpeg[CE1D1330]: [aac] If you want to help, upload a sample of this file to ftp://upload.ffmpeg.org/incoming/ and contact the ffmpeg-devel mailing list. (ffmpeg-devel@ffmpeg.org)
2019-04-28 14:10:31.412 T:3552891696 DEBUG: CVideoPlayer::ProcessVideoData size:736 dts:45.128 pts:45.128 dur:41.708ms, clock:36.479 level:106
2019-04-28 14:10:31.447 T:3474797360 DEBUG: CVideoPlayerVideo::OutputPicture - ttd:394ms pts:36.870 Clock:36.476 Level:6 elapsed:38.605ms
2019-04-28 14:10:31.453 T:3458011952 ERROR: ffmpeg[CE1D1330]: [aac] Prediction is not allowed in AAC-LC.
2019-04-28 14:10:31.453 T:3552891696 DEBUG: CVideoPlayer::ProcessVideoData size:15583 dts:45.170 pts:45.295 dur:41.708ms, clock:36.520 level:106
2019-04-28 14:10:31.489 T:3474797360 DEBUG: CVideoPlayerVideo::OutputPicture - ttd:392ms pts:36.912 Clock:36.520 Level:6 elapsed:36.188ms
2019-04-28 14:10:31.494 T:3458011952 ERROR: ffmpeg[CE1D1330]: [aac] Reserved bit set.
2019-04-28 14:10:31.494 T:3552891696 DEBUG: CVideoPlayer::ProcessVideoData size:701 dts:45.212 pts:45.212 dur:41.708ms, clock:36.561 level:107
2019-04-28 14:10:31.494 T:3458011952 ERROR: ffmpeg[CE1D1330]: [aac] Prediction is not allowed in AAC-LC.
2019-04-28 14:10:31.531 T:3474797360 DEBUG: CVideoPlayerVideo::OutputPicture - ttd:395ms pts:36.954 Clock:36.558 Level:6 elapsed:39.429ms
2019-04-28 14:10:31.534 T:3458011952 ERROR: ffmpeg[CE1D1330]: [aac] channel element 2.9 is not allocated
2019-04-28 14:10:31.535 T:3552891696 DEBUG: CVideoPlayer::ProcessVideoData size:704 dts:45.254 pts:45.254 dur:41.708ms, clock:36.602 level:106
2019-04-28 14:10:31.572 T:3474797360 DEBUG: CVideoPlayerVideo::OutputPicture - ttd:395ms pts:36.995 Clock:36.600 Level:6 elapsed:39.317ms
2019-04-28 14:10:31.576 T:3552891696 DEBUG: CVideoPlayer::ProcessVideoData size:14530 dts:45.295 pts:45.420 dur:41.708ms, clock:36.643 level:106
2019-04-28 14:10:31.576 T:3458011952 ERROR: ffmpeg[CE1D1330]: [aac] channel element 2.15 is not allocated
2019-04-28 14:10:31.614 T:3474797360 DEBUG: CVideoPlayerVideo::OutputPicture - ttd:391ms pts:37.037 Clock:36.645 Level:6 elapsed:36.182ms
2019-04-28 14:10:31.617 T:3458011952 ERROR: ffmpeg[CE1D1330]: [aac] Reserved bit set.
2019-04-28 14:10:31.617 T:3552891696 DEBUG: CVideoPlayer::ProcessVideoData size:772 dts:45.337 pts:45.337 dur:41.708ms, clock:36.684 level:107
2019-04-28 14:10:31.617 T:3458011952 ERROR: ffmpeg[CE1D1330]: [aac] Prediction is not allowed in AAC-LC.
2019-04-28 14:10:31.656 T:3474797360 DEBUG: CVideoPlayerVideo::OutputPicture - ttd:394ms pts:37.079 Clock:36.684 Level:6 elapsed:39.277ms
2019-04-28 14:10:31.668 T:3458011952 DEBUG: ffmpeg[CE1D1330]: [aac] Sample rate index in program config element does not match the sample rate index configured by the container.
2019-04-28 14:10:31.668 T:3458011952 ERROR: ffmpeg[CE1D1330]: [aac] Inconsistent channel configuration.
2019-04-28 14:10:31.668 T:3458011952 ERROR: ffmpeg[CE1D1330]: [aac] get_buffer() failed
2019-04-28 14:10:31.668 T:3552891696 DEBUG: CVideoPlayer::ProcessVideoData size:723 dts:45.379 pts:45.379 dur:41.708ms, clock:36.735 level:106
2019-04-28 14:10:31.698 T:3474797360 DEBUG: CVideoPlayerVideo::OutputPicture - ttd:391ms pts:37.120 Clock:36.729 Level:6 elapsed:35.645ms
2019-04-28 14:10:31.709 T:3458011952 ERROR: ffmpeg[CE1D1330]: [aac] Reserved bit set.
2019-04-28 14:10:31.709 T:3458011952 ERROR: ffmpeg[CE1D1330]: [aac] Number of bands (24) exceeds limit (5).
2019-04-28 14:10:31.709 T:3552891696 DEBUG: CVideoPlayer::ProcessVideoData size:13704 dts:45.420 pts:45.545 dur:41.708ms, clock:36.776 level:107
2019-04-28 14:10:31.739 T:3474797360 DEBUG: CVideoPlayerVideo::OutputPicture - ttd:395ms pts:37.162 Clock:36.767 Level:6 elapsed:39.208ms
2019-04-28 14:10:31.750 T:3458011952 ERROR: ffmpeg[CE1D1330]: [aac] Reserved bit set.
2019-04-28 14:10:31.750 T:3552891696 DEBUG: CVideoPlayer::ProcessVideoData size:710 dts:45.462 pts:45.462 dur:41.708ms, clock:36.817 level:106
2019-04-28 14:10:31.750 T:3458011952 ERROR: ffmpeg[CE1D1330]: [aac] Number of bands (6) exceeds limit (4).
2019-04-28 14:10:31.781 T:3474797360 DEBUG: CVideoPlayerVideo::OutputPicture - ttd:394ms pts:37.204 Clock:36.809 Level:6 elapsed:39.757ms
2019-04-28 14:10:31.791 T:3458011952 ERROR: ffmpeg[CE1D1330]: [aac] channel element 2.4 is not allocated
2019-04-28 14:10:31.791 T:3552891696 DEBUG: CVideoPlayer::ProcessVideoData size:668 dts:45.504 pts:45.504 dur:41.708ms, clock:36.858 level:106
2019-04-28 14:10:31.823 T:3474797360 DEBUG: CVideoPlayerVideo::OutputPicture - ttd:391ms pts:37.246 Clock:36.854 Level:6 elapsed:35.634ms
2019-04-28 14:10:31.832 T:3458011952 DEBUG: ffmpeg[CE1D1330]: [aac] Sample rate index in program config element does not match the sample rate index configured by the container.
2019-04-28 14:10:31.832 T:3458011952 ERROR: ffmpeg[CE1D1330]: [aac] Inconsistent channel configuration.
2019-04-28 14:10:31.832 T:3552891696 DEBUG: CVideoPlayer::ProcessVideoData size:16699 dts:45.545 pts:45.671 dur:41.708ms, clock:36.899 level:107
2019-04-28 14:10:31.832 T:3458011952 ERROR: ffmpeg[CE1D1330]: [aac] get_buffer() failed
2019-04-28 14:10:31.865 T:3474797360 DEBUG: CVideoPlayerVideo::OutputPicture - ttd:394ms pts:37.287 Clock:36.892 Level:6 elapsed:39.309ms
2019-04-28 14:10:31.873 T:3458011952 DEBUG: ffmpeg[CE1D1330]: [aac] Sample rate index in program config element does not match the sample rate index configured by the container.
2019-04-28 14:10:31.873 T:3552891696 DEBUG: CVideoPlayer::ProcessVideoData size:723 dts:45.587 pts:45.587 dur:41.708ms, clock:36.940 level:106
2019-04-28 14:10:31.873 T:3458011952 ERROR: ffmpeg[CE1D1330]: [aac] Inconsistent channel configuration.
2019-04-28 14:10:31.873 T:3458011952 ERROR: ffmpeg[CE1D1330]: [aac] get_buffer() failed
2019-04-28 14:10:31.907 T:3474797360 DEBUG: CVideoPlayerVideo::OutputPicture - ttd:394ms pts:37.329 Clock:36.934 Level:6 elapsed:39.556ms
2019-04-28 14:10:31.914 T:3458011952 ERROR: ffmpeg[CE1D1330]: [aac] Number of bands (15) exceeds limit (11).
2019-04-28 14:10:31.914 T:3552891696 DEBUG: CVideoPlayer::ProcessVideoData size:651 dts:45.629 pts:45.629 dur:41.708ms, clock:36.981 level:106
2019-04-28 14:10:31.948 T:3474797360 DEBUG: CVideoPlayerVideo::OutputPicture - ttd:390ms pts:37.371 Clock:36.980 Level:6 elapsed:34.885ms
2019-04-28 14:10:31.955 T:3552891696 DEBUG: CVideoPlayer::ProcessVideoData size:14591 dts:45.671 pts:45.796 dur:41.708ms, clock:37.022 level:107
2019-04-28 14:10:31.955 T:3458011952 ERROR: ffmpeg[CE1D1330]: [aac] invalid band type
2019-04-28 14:10:31.990 T:3474797360 DEBUG: CVideoPlayerVideo::OutputPicture - ttd:395ms pts:37.412 Clock:37.017 Level:6 elapsed:39.724ms
2019-04-28 14:10:31.996 T:3458011952 DEBUG: ffmpeg[CE1D1330]: [aac] Sample rate index in program config element does not match the sample rate index configured by the container.
2019-04-28 14:10:31.996 T:3552891696 DEBUG: CVideoPlayer::ProcessVideoData size:666 dts:45.712 pts:45.712 dur:41.708ms, clock:37.063 level:106
2019-04-28 14:10:31.996 T:3458011952 ERROR: ffmpeg[CE1D1330]: [aac] Inconsistent channel configuration.
2019-04-28 14:10:31.996 T:3458011952 ERROR: ffmpeg[CE1D1330]: [aac] get_buffer() failed
2019-04-28 14:10:32.009 T:3785339696 DEBUG: [plugin.video.netflix (0)] Executing JSON-RPC: {"params": {"playerid": 1, "properties": ["audiostreams", "currentaudiostream", "subtitles", "currentsubtitle", "subtitleenabled", "percentage", "time"]}, "jsonrpc": "2.0", "method": "Player.GetProperties", "id": 1}
2019-04-28 14:10:32.011 T:3785339696 DEBUG: [plugin.video.netflix (0)] Notifying all managers of on_tick (data={u'currentaudiostream': {u'index': 0, u'name': u'AAC ', u'language': u'eng', u'channels': 2, u'codec': u'aac', u'bitrate': 98304}, u'elapsed_seconds': 37, u'time': {u'hours': 0, u'seconds': 37, u'minutes': 0, u'milliseconds': 11}, u'subtitleenabled': True, u'percentage': 0.72047889232635498, u'currentsubtitle': {u'index': 0, u'name': u'', u'language': u'eng'}, u'audiostreams': [{u'index': 0, u'name': u'AAC ', u'language': u'eng', u'channels': 2, u'codec': u'aac', u'bitrate': 98304}, {u'index': 1, u'name': u'AAC ', u'language': u'spa', u'channels': 2, u'codec': u'aac', u'bitrate': 98304}, {u'index': 2, u'name': u'AAC ', u'language': u'fre', u'channels': 2, u'codec': u'aac', u'bitrate': 98304}, {u'index': 3, u'name': u'AAC ', u'language': u'por', u'channels': 2, u'codec': u'aac', u'bitrate': 98304}], u'subtitles': [{u'index': 0, u'name': u'', u'language': u'eng'}, {u'index': 1, u'name': u'', u'language': u'spa'}, {u'index': 2, u'name': u'', u'language': u'spa'}, {u'index': 3, u'name': u'', u'language': u'fre'}, {u'index': 4, u'name': u'', u'language': u'fre'}, {u'index': 5, u'name': u'', u'language': u'por'}]})
2019-04-28 14:10:32.031 T:3474797360 DEBUG: CVideoPlayerVideo::OutputPicture - ttd:389ms pts:37.454 Clock:37.064 Level:6 elapsed:34.315ms
2019-04-28 14:10:32.037 T:3458011952 ERROR: ffmpeg[CE1D1330]: [aac] Number of bands (66) exceeds limit (47).
2019-04-28 14:10:32.037 T:3552891696 DEBUG: CVideoPlayer::ProcessVideoData size:626 dts:45.754 pts:45.754 dur:41.708ms, clock:37.104 level:107
2019-04-28 14:10:32.073 T:3474797360 DEBUG: CVideoPlayerVideo::OutputPicture - ttd:394ms pts:37.496 Clock:37.101 Level:6 elapsed:39.277ms
2019-04-28 14:10:32.078 T:3458011952 DEBUG: ffmpeg[CE1D1330]: [aac] Sample rate index in program config element does not match the sample rate index configured by the container.
2019-04-28 14:10:32.078 T:3458011952 ERROR: ffmpeg[CE1D1330]: [aac] Inconsistent channel configuration.
2019-04-28 14:10:32.078 T:3552891696 DEBUG: CVideoPlayer::ProcessVideoData size:13917 dts:45.796 pts:45.921 dur:41.708ms, clock:37.145 level:106
2019-04-28 14:10:32.078 T:3458011952 ERROR: ffmpeg[CE1D1330]: [aac] get_buffer() failed
2019-04-28 14:10:32.115 T:3474797360 DEBUG: CVideoPlayerVideo::OutputPicture - ttd:394ms pts:37.538 Clock:37.143 Level:6 elapsed:39.382ms
2019-04-28 14:10:32.119 T:3458011952 ERROR: ffmpeg[CE1D1330]: [aac] invalid band type
2019-04-28 14:10:32.119 T:3552891696 DEBUG: CVideoPlayer::ProcessVideoData size:639 dts:45.837 pts:45.837 dur:41.708ms, clock:37.186 level:106
2019-04-28 14:10:32.157 T:3474797360 DEBUG: CVideoPlayerVideo::OutputPicture - ttd:391ms pts:37.579 Clock:37.188 Level:6 elapsed:36.021ms
2019-04-28 14:10:32.160 T:3458011952 DEBUG: ffmpeg[CE1D1330]: [aac] Sample rate index in program config element does not match the sample rate index configured by the container.
2019-04-28 14:10:32.160 T:3458011952 DEBUG: ffmpeg[CE1D1330]: [aac] Too large remapped id is not implemented. Update your FFmpeg version to the newest one from Git. If the problem still occurs, it means that your file has a feature which has not been implemented.
2019-04-28 14:10:32.160 T:3458011952 DEBUG: ffmpeg[CE1D1330]: [aac] If you want to help, upload a sample of this file to ftp://upload.ffmpeg.org/incoming/ and contact the ffmpeg-devel mailing list. (ffmpeg-devel@ffmpeg.org)
2019-04-28 14:10:32.160 T:3552891696 DEBUG: CVideoPlayer::ProcessVideoData size:689 dts:45.879 pts:45.879 dur:41.708ms, clock:37.227 level:107
2019-04-28 14:10:32.198 T:3474797360 DEBUG: CVideoPlayerVideo::OutputPicture - ttd:393ms pts:37.621 Clock:37.227 Level:6 elapsed:38.331ms
2019-04-28 14:10:32.201 T:3458011952 DEBUG: ffmpeg[CE1D1330]: [aac] Sample rate index in program config element does not match the sample rate index configured by the container.
2019-04-28 14:10:32.201 T:3458011952 ERROR: ffmpeg[CE1D1330]: [aac] Inconsistent channel configuration.
2019-04-28 14:10:32.201 T:3552891696 DEBUG: CVideoPlayer::ProcessVideoData size:15403 dts:45.921 pts:46.046 dur:41.708ms, clock:37.268 level:106
2019-04-28 14:10:32.201 T:3458011952 ERROR: ffmpeg[CE1D1330]: [aac] get_buffer() failed
2019-04-28 14:10:32.240 T:3474797360 DEBUG: CVideoPlayerVideo::OutputPicture - ttd:394ms pts:37.663 Clock:37.268 Level:6 elapsed:39.222ms
2019-04-28 14:10:32.242 T:3458011952 DEBUG: ffmpeg[CE1D1330]: [aac] Sample rate index in program config element does not match the sample rate index configured by the container.
2019-04-28 14:10:32.242 T:3552891696 DEBUG: CVideoPlayer::ProcessVideoData size:631 dts:45.963 pts:45.963 dur:41.708ms, clock:37.309 level:106
2019-04-28 14:10:32.242 T:3458011952 ERROR: ffmpeg[CE1D1330]: [aac] Inconsistent channel configuration.
2019-04-28 14:10:32.242 T:3458011952 ERROR: ffmpeg[CE1D1330]: [aac] get_buffer() failed
2019-04-28 14:10:32.281 T:3474797360 DEBUG: CVideoPlayerVideo::OutputPicture - ttd:391ms pts:37.704 Clock:37.312 Level:6 elapsed:36.012ms
2019-04-28 14:10:32.283 T:3458011952 ERROR: ffmpeg[CE1D1330]: [aac] channel element 2.9 is not allocated
2019-04-28 14:10:32.285 T:3517969200 DEBUG: CurlFile::ParseAndCorrectUrl() adding custom header option 'Range: bytes=7039808-7341570'
2019-04-28 14:10:32.285 T:3517969200 DEBUG: CurlFile::ParseAndCorrectUrl() adding custom header option 'connection: keep-alive'
2019-04-28 14:10:32.285 T:3517969200 DEBUG: CurlFile::Open(0xe51ba848) http://195.8.12.225/?o=AQHsvJl_EOvSE5TTC4bMd_jEHeSPEPWYqOh8RAVmbt7CBOuYT5VYlLBEmZEOHrgBOyDrYOjO2iHNfpl_cP3gfV8kUOWFG-leEB80dn1b5uAz5vGFWq7Dy_c_ownq5FLF3YlnoMExiAug9_IOqu7r923d64Q4l_0p8QG4lpahucIynSgXubBiaTx6l968bmXFGF43MryiAkvD1dD5j3u_hQ&v=3&e=1556500176&t=XBn9CDz3os3jL_GEmnZeF6gNB3c
2019-04-28 14:10:32.289 T:3576222512 DEBUG: CWebServer[8080]: request received for /jsonrpc
2019-04-28 14:10:32.300 T:3552891696 DEBUG: Previous line repeats 2 times.
2019-04-28 14:10:32.301 T:3552891696 DEBUG: CVideoPlayer::ProcessVideoData size:573 dts:46.004 pts:46.004 dur:41.708ms, clock:37.368 level:106
2019-04-28 14:10:32.303 T:3576222512 DEBUG: CWebServer[8080]: request received for /jsonrpc
2019-04-28 14:10:32.321 T:3517969200 DEBUG: AddOnLog: InputStream Adaptive: Download http://195.8.12.225/?o=AQHsvJl_EOvSE5TTC4bMd_jEHeSPEPWYqOh8RAVmbt7CBOuYT5VYlLBEmZEOHrgBOyDrYOjO2iHNfpl_cP3gfV8kUOWFG-leEB80dn1b5uAz5vGFWq7Dy_c_ownq5FLF3YlnoMExiAug9_IOqu7r923d64Q4l_0p8QG4lpahucIynSgXubBiaTx6l968bmXFGF43MryiAkvD1dD5j3u_hQ&v=3&e=1556500176&t=XBn9CDz3os3jL_GEmnZeF6gNB3c finished, avg speed: 7494065.40byte/s, current speed: 8621800.00byte/s
2019-04-28 14:10:32.323 T:3474797360 DEBUG: CVideoPlayerVideo::OutputPicture - ttd:377ms pts:37.746 Clock:37.368 Level:6 elapsed:22.042ms
2019-04-28 14:10:32.332 T:3466404656 DEBUG: CurlFile::ParseAndCorrectUrl() adding custom header option 'Range: bytes=686428-710641'
2019-04-28 14:10:32.332 T:3466404656 DEBUG: CurlFile::ParseAndCorrectUrl() adding custom header option 'connection: keep-alive'
2019-04-28 14:10:32.332 T:3466404656 DEBUG: CurlFile::Open(0xe5b4ecc0) http://195.8.12.225/?o=AQHsvJl_EOvSE5TTC4bNd__NFO-JEPWYqP98RAVmbt7CBOuYT5VYlLBEmZEOHrgBOyDrYOjO2iHNfpl_cP3gfV8kUOWFG-leEB80dn1b5uAz5vGFWq7Dy_c_ownq5FLF3YlnoMk1n1K7yKkMhNbEvXmPpd0xgv8g8x69ntP3pds0gHtSovUnbSx-hcm2MHyZCVQLaNviCAjXnsu3in0&v=3&e=1556500176&t=SdFHa60Oat9NM19HrSW2B81Yrik
2019-04-28 14:10:32.340 T:3466404656 DEBUG: AddOnLog: InputStream Adaptive: Download http://195.8.12.225/?o=AQHsvJl_EOvSE5TTC4bNd__NFO-JEPWYqP98RAVmbt7CBOuYT5VYlLBEmZEOHrgBOyDrYOjO2iHNfpl_cP3gfV8kUOWFG-leEB80dn1b5uAz5vGFWq7Dy_c_ownq5FLF3YlnoMk1n1K7yKkMhNbEvXmPpd0xgv8g8x69ntP3pds0gHtSovUnbSx-hcm2MHyZCVQLaNviCAjXnsu3in0&v=3&e=1556500176&t=SdFHa60Oat9NM19HrSW2B81Yrik finished, avg speed: 7400889.86byte/s, current speed: 3459142.00byte/s
2019-04-28 14:10:32.341 T:3458011952 ERROR: ffmpeg[CE1D1330]: [aac] channel element 3.14 is not allocated
2019-04-28 14:10:32.341 T:3552891696 DEBUG: CVideoPlayer::ProcessVideoData size:62374 dts:46.046 pts:46.088 dur:41.708ms, clock:37.408 level:106
2019-04-28 14:10:32.365 T:3474797360 DEBUG: CVideoPlayerVideo::OutputPicture - ttd:391ms pts:37.788 Clock:37.396 Level:6 elapsed:36.049ms
2019-04-28 14:10:32.372 T:3458011952 ERROR: ffmpeg[CE1D1330]: [aac] channel element 3.14 is not allocated
2019-04-28 14:10:32.372 T:3458011952 ERROR: ffmpeg[CE1D1330]: [aac] channel element 2.8 is not allocated
2019-04-28 14:10:32.372 T:3552891696 DEBUG: CVideoPlayer::ProcessVideoData size:13848 dts:46.088 pts:46.213 dur:41.708ms, clock:37.439 level:107
