2019-04-28 14:11:14.947 T:3885310768 DEBUG: CVideoPlayerVideo::OutputPicture - ttd:394ms pts:2.169 Clock:1.774 Level:6 elapsed:39.409ms
2019-04-28 14:11:14.956 T:3552891696 DEBUG: CVideoPlayer::ProcessVideoData size:868 dts:10.469 pts:10.469 dur:41.708ms, clock:1.822 level:106
2019-04-28 14:11:14.988 T:3885310768 DEBUG: CVideoPlayerVideo::OutputPicture - ttd:392ms pts:2.211 Clock:1.818 Level:6 elapsed:36.098ms
2019-04-28 14:11:14.997 T:3552891696 DEBUG: CVideoPlayer::ProcessVideoData size:899 dts:10.511 pts:10.511 dur:41.708ms, clock:1.863 level:107
2019-04-28 14:11:15.031 T:3885310768 DEBUG: CVideoPlayerVideo::OutputPicture - ttd:395ms pts:2.252 Clock:1.857 Level:6 elapsed:39.468ms
2019-04-28 14:11:15.038 T:3552891696 DEBUG: CVideoPlayer::ProcessVideoData size:10069 dts:10.552 pts:10.677 dur:41.708ms, clock:1.904 level:106
2019-04-28 14:11:15.072 T:3885310768 DEBUG: CVideoPlayerVideo::OutputPicture - ttd:394ms pts:2.294 Clock:1.899 Level:6 elapsed:39.167ms
2019-04-28 14:11:15.079 T:3552891696 DEBUG: CVideoPlayer::ProcessVideoData size:880 dts:10.594 pts:10.594 dur:41.708ms, clock:1.945 level:106
2019-04-28 14:11:15.114 T:3885310768 DEBUG: CVideoPlayerVideo::OutputPicture - ttd:392ms pts:2.336 Clock:1.944 Level:6 elapsed:36.059ms
2019-04-28 14:11:15.120 T:3552891696 DEBUG: CVideoPlayer::ProcessVideoData size:830 dts:10.636 pts:10.636 dur:41.708ms, clock:1.986 level:107
2019-04-28 14:11:15.156 T:3885310768 DEBUG: CVideoPlayerVideo::OutputPicture - ttd:394ms pts:2.377 Clock:1.983 Level:6 elapsed:38.987ms
2019-04-28 14:11:15.160 T:3552891696 DEBUG: CVideoPlayer::ProcessVideoData size:10713 dts:10.677 pts:10.802 dur:41.708ms, clock:2.026 level:106
2019-04-28 14:11:15.198 T:3885310768 DEBUG: CVideoPlayerVideo::OutputPicture - ttd:394ms pts:2.419 Clock:2.024 Level:6 elapsed:39.473ms
2019-04-28 14:11:15.201 T:3552891696 DEBUG: CVideoPlayer::ProcessVideoData size:914 dts:10.719 pts:10.719 dur:41.708ms, clock:2.067 level:106
2019-04-28 14:11:15.239 T:3885310768 DEBUG: CVideoPlayerVideo::OutputPicture - ttd:392ms pts:2.461 Clock:2.068 Level:6 elapsed:36.568ms
2019-04-28 14:11:15.242 T:3552891696 DEBUG: CVideoPlayer::ProcessVideoData size:854 dts:10.761 pts:10.761 dur:41.708ms, clock:2.108 level:107
2019-04-28 14:11:15.281 T:3885310768 DEBUG: CVideoPlayerVideo::OutputPicture - ttd:394ms pts:2.502 Clock:2.108 Level:6 elapsed:39.086ms
2019-04-28 14:11:15.283 T:3552891696 DEBUG: CVideoPlayer::ProcessVideoData size:10107 dts:10.802 pts:10.928 dur:41.708ms, clock:2.149 level:106
2019-04-28 14:11:15.323 T:3885310768 DEBUG: CVideoPlayerVideo::OutputPicture - ttd:394ms pts:2.544 Clock:2.150 Level:6 elapsed:38.593ms
2019-04-28 14:11:15.334 T:3552891696 DEBUG: CVideoPlayer::ProcessVideoData size:932 dts:10.844 pts:10.844 dur:41.708ms, clock:2.200 level:106
2019-04-28 14:11:15.364 T:3885310768 DEBUG: CVideoPlayerVideo::OutputPicture - ttd:392ms pts:2.586 Clock:2.194 Level:6 elapsed:36.753ms
2019-04-28 14:11:15.375 T:3552891696 DEBUG: CVideoPlayer::ProcessVideoData size:818 dts:10.886 pts:10.886 dur:41.708ms, clock:2.241 level:107
2019-04-28 14:11:15.406 T:3885310768 DEBUG: CVideoPlayerVideo::OutputPicture - ttd:394ms pts:2.628 Clock:2.233 Level:6 elapsed:38.486ms
2019-04-28 14:11:15.415 T:3552891696 DEBUG: CVideoPlayer::ProcessVideoData size:10489 dts:10.928 pts:11.053 dur:41.708ms, clock:2.281 level:106
2019-04-28 14:11:15.448 T:3885310768 DEBUG: CVideoPlayerVideo::OutputPicture - ttd:395ms pts:2.669 Clock:2.274 Level:6 elapsed:39.641ms
2019-04-28 14:11:15.456 T:3552891696 DEBUG: CVideoPlayer::ProcessVideoData size:875 dts:10.969 pts:10.969 dur:41.708ms, clock:2.322 level:106
2019-04-28 14:11:15.490 T:3885310768 DEBUG: CVideoPlayerVideo::OutputPicture - ttd:392ms pts:2.711 Clock:2.318 Level:6 elapsed:37.086ms
2019-04-28 14:11:15.497 T:3785339696 DEBUG: [plugin.video.netflix (0)] Executing JSON-RPC: {"params": {"playerid": 1, "properties": ["audiostreams", "currentaudiostream", "subtitles", "currentsubtitle", "subtitleenabled", "percentage", "time"]}, "jsonrpc": "2.0", "method": "Player.GetProperties", "id": 1}
2019-04-28 14:11:15.497 T:3552891696 DEBUG: CVideoPlayer::ProcessVideoData size:842 dts:11.011 pts:11.011 dur:41.708ms, clock:2.363 level:107
2019-04-28 14:11:15.500 T:3785339696 DEBUG: [plugin.video.netflix (0)] Notifying all managers of on_tick (data={u'currentaudiostream': {u'index': 0, u'name': u'AAC ', u'language': u'eng', u'channels': 2, u'codec': u'aac', u'bitrate': 98304}, u'elapsed_seconds': 2, u'time': {u'hours': 0, u'seconds': 2, u'minutes': 0, u'milliseconds': 239}, u'subtitleenabled': True, u'percentage': 0.043687805533409119, u'currentsubtitle': {u'index': 0, u'name': u'', u'language': u'eng'}, u'audiostreams': [{u'index': 0, u'name': u'AAC ', u'language': u'eng', u'channels': 2, u'codec': u'aac', u'bitrate': 98304}, {u'index': 1, u'name': u'AAC ', u'language': u'spa', u'channels': 2, u'codec': u'aac', u'bitrate': 98304}, {u'index': 2, u'name': u'AAC ', u'language': u'fre', u'channels': 2, u'codec': u'aac', u'bitrate': 98304}, {u'index': 3, u'name': u'AAC ', u'language': u'por', u'channels': 2, u'codec': u'aac', u'bitrate': 98304}], u'subtitles': [{u'index': 0, u'name': u'', u'language': u'eng'}, {u'index': 1, u'name': u'', u'language': u'spa'}, {u'index': 2, u'name': u'', u'language': u'spa'}, {u'index': 3, u'name': u'', u'language': u'fre'}, {u'index': 4, u'name': u'', u'language': u'por'}, {u'index': 5, u'name': u'', u'language': u'por'}]})
2019-04-28 14:11:15.531 T:3885310768 DEBUG: CVideoPlayerVideo::OutputPicture - ttd:394ms pts:2.753 Clock:2.358 Level:6 elapsed:38.782ms
2019-04-28 14:11:15.538 T:3552891696 DEBUG: CVideoPlayer::ProcessVideoData size:10220 dts:11.053 pts:11.178 dur:41.708ms, clock:2.404 level:106
2019-04-28 14:11:15.573 T:3885310768 DEBUG: CVideoPlayerVideo::OutputPicture - ttd:394ms pts:2.794 Clock:2.399 Level:6 elapsed:39.273ms
2019-04-28 14:11:15.579 T:3552891696 DEBUG: CVideoPlayer::ProcessVideoData size:878 dts:11.094 pts:11.094 dur:41.708ms, clock:2.445 level:106
2019-04-28 14:11:15.615 T:3885310768 DEBUG: CVideoPlayerVideo::OutputPicture - ttd:392ms pts:2.836 Clock:2.444 Level:6 elapsed:36.927ms
2019-04-28 14:11:15.620 T:3552891696 DEBUG: CVideoPlayer::ProcessVideoData size:848 dts:11.136 pts:11.136 dur:41.708ms, clock:2.486 level:107
2019-04-28 14:11:15.656 T:3885310768 DEBUG: CVideoPlayerVideo::OutputPicture - ttd:394ms pts:2.878 Clock:2.483 Level:6 elapsed:38.953ms
2019-04-28 14:11:15.660 T:3552891696 DEBUG: CVideoPlayer::ProcessVideoData size:10331 dts:11.178 pts:11.303 dur:41.708ms, clock:2.526 level:106
2019-04-28 14:11:15.698 T:3885310768 DEBUG: CVideoPlayerVideo::OutputPicture - ttd:394ms pts:2.920 Clock:2.525 Level:6 elapsed:39.260ms
2019-04-28 14:11:15.701 T:3552891696 DEBUG: CVideoPlayer::ProcessVideoData size:896 dts:11.220 pts:11.220 dur:41.708ms, clock:2.567 level:106
2019-04-28 14:11:15.739 T:3885310768 DEBUG: CVideoPlayerVideo::OutputPicture - ttd:392ms pts:2.961 Clock:2.569 Level:6 elapsed:36.840ms
2019-04-28 14:11:15.742 T:3552891696 DEBUG: CVideoPlayer::ProcessVideoData size:890 dts:11.261 pts:11.261 dur:41.708ms, clock:2.608 level:107
2019-04-28 14:11:15.781 T:3885310768 DEBUG: CVideoPlayerVideo::OutputPicture - ttd:394ms pts:3.003 Clock:2.609 Level:6 elapsed:38.774ms
2019-04-28 14:11:15.793 T:3552891696 DEBUG: CVideoPlayer::ProcessVideoData size:9872 dts:11.303 pts:11.428 dur:41.708ms, clock:2.659 level:106
2019-04-28 14:11:15.823 T:3885310768 DEBUG: CVideoPlayerVideo::OutputPicture - ttd:394ms pts:3.045 Clock:2.650 Level:6 elapsed:38.616ms
2019-04-28 14:11:15.834 T:3552891696 DEBUG: CVideoPlayer::ProcessVideoData size:888 dts:11.345 pts:11.345 dur:41.708ms, clock:2.700 level:106
2019-04-28 14:11:15.864 T:3885310768 DEBUG: CVideoPlayerVideo::OutputPicture - ttd:386ms pts:3.086 Clock:2.700 Level:6 elapsed:30.496ms
2019-04-28 14:11:15.875 T:3552891696 DEBUG: CVideoPlayer::ProcessVideoData size:835 dts:11.386 pts:11.386 dur:41.708ms, clock:2.741 level:107
2019-04-28 14:11:15.906 T:3885310768 DEBUG: CVideoPlayerVideo::OutputPicture - ttd:394ms pts:3.128 Clock:2.733 Level:6 elapsed:38.930ms
2019-04-28 14:11:15.916 T:3552891696 DEBUG: CVideoPlayer::ProcessVideoData size:10121 dts:11.428 pts:11.553 dur:41.708ms, clock:2.782 level:106
2019-04-28 14:11:15.948 T:3885310768 DEBUG: CVideoPlayerVideo::OutputPicture - ttd:391ms pts:3.170 Clock:2.778 Level:6 elapsed:35.790ms
2019-04-28 14:11:15.956 T:3552891696 DEBUG: CVideoPlayer::ProcessVideoData size:855 dts:11.470 pts:11.470 dur:41.708ms, clock:2.822 level:107
2019-04-28 14:11:15.990 T:3885310768 DEBUG: CVideoPlayerVideo::OutputPicture - ttd:394ms pts:3.212 Clock:2.817 Level:6 elapsed:39.126ms
2019-04-28 14:11:15.997 T:3552891696 DEBUG: CVideoPlayer::ProcessVideoData size:864 dts:11.511 pts:11.511 dur:41.708ms, clock:2.863 level:106
2019-04-28 14:11:16.031 T:3885310768 DEBUG: CVideoPlayerVideo::OutputPicture - ttd:394ms pts:3.253 Clock:2.858 Level:6 elapsed:38.895ms
2019-04-28 14:11:16.038 T:3552891696 DEBUG: CVideoPlayer::ProcessVideoData size:9768 dts:11.553 pts:11.678 dur:41.708ms, clock:2.904 level:106
2019-04-28 14:11:16.073 T:3885310768 DEBUG: CVideoPlayerVideo::OutputPicture - ttd:392ms pts:3.295 Clock:2.903 Level:6 elapsed:36.563ms
2019-04-28 14:11:16.079 T:3552891696 DEBUG: CVideoPlayer::ProcessVideoData size:793 dts:11.595 pts:11.595 dur:41.708ms, clock:2.945 level:107
2019-04-28 14:11:16.115 T:3885310768 DEBUG: CVideoPlayerVideo::OutputPicture - ttd:394ms pts:3.337 Clock:2.942 Level:6 elapsed:38.825ms
2019-04-28 14:11:16.120 T:3552891696 DEBUG: CVideoPlayer::ProcessVideoData size:832 dts:11.637 pts:11.637 dur:41.708ms, clock:2.986 level:106
2019-04-28 14:11:16.157 T:3885310768 DEBUG: CVideoPlayerVideo::OutputPicture - ttd:394ms pts:3.378 Clock:2.983 Level:6 elapsed:39.316ms
2019-04-28 14:11:16.160 T:3552891696 DEBUG: CVideoPlayer::ProcessVideoData size:10083 dts:11.678 pts:11.803 dur:41.708ms, clock:3.026 level:106
2019-04-28 14:11:16.199 T:3885310768 DEBUG: CVideoPlayerVideo::OutputPicture - ttd:391ms pts:3.420 Clock:3.028 Level:6 elapsed:36.354ms
2019-04-28 14:11:16.201 T:3552891696 DEBUG: CVideoPlayer::ProcessVideoData size:815 dts:11.720 pts:11.720 dur:41.708ms, clock:3.067 level:107
2019-04-28 14:11:16.226 T:3576222512 DEBUG: CWebServer[8080]: request received for /jsonrpc
2019-04-28 14:11:16.240 T:3885310768 DEBUG: Previous line repeats 3 times.
2019-04-28 14:11:16.240 T:3885310768 DEBUG: CVideoPlayerVideo::OutputPicture - ttd:394ms pts:3.462 Clock:3.067 Level:6 elapsed:39.000ms
2019-04-28 14:11:16.242 T:3552891696 DEBUG: CVideoPlayer::ProcessVideoData size:782 dts:11.762 pts:11.762 dur:41.708ms, clock:3.108 level:106
2019-04-28 14:11:16.282 T:3885310768 DEBUG: CVideoPlayerVideo::OutputPicture - ttd:394ms pts:3.503 Clock:3.109 Level:6 elapsed:38.521ms
2019-04-28 14:11:16.283 T:3552891696 DEBUG: CVideoPlayer::ProcessVideoData size:9170 dts:11.803 pts:11.929 dur:41.708ms, clock:3.149 level:106
2019-04-28 14:11:16.324 T:3885310768 DEBUG: CVideoPlayerVideo::OutputPicture - ttd:391ms pts:3.545 Clock:3.154 Level:6 elapsed:35.831ms
2019-04-28 14:11:16.334 T:3552891696 DEBUG: CVideoPlayer::ProcessVideoData size:845 dts:11.845 pts:11.845 dur:41.708ms, clock:3.200 level:107
2019-04-28 14:11:16.365 T:3885310768 DEBUG: CVideoPlayerVideo::OutputPicture - ttd:394ms pts:3.587 Clock:3.192 Level:6 elapsed:39.002ms
2019-04-28 14:11:16.375 T:3552891696 DEBUG: CVideoPlayer::ProcessVideoData size:788 dts:11.887 pts:11.887 dur:41.708ms, clock:3.241 level:106
2019-04-28 14:11:16.407 T:3885310768 DEBUG: CVideoPlayerVideo::OutputPicture - ttd:394ms pts:3.629 Clock:3.234 Level:6 elapsed:39.194ms
2019-04-28 14:11:16.416 T:3552891696 DEBUG: CVideoPlayer::ProcessVideoData size:1864 dts:11.929 pts:12.012 dur:41.708ms, clock:3.282 level:106
2019-04-28 14:11:16.449 T:3885310768 DEBUG: CVideoPlayerVideo::OutputPicture - ttd:394ms pts:3.670 Clock:3.276 Level:6 elapsed:38.727ms
2019-04-28 14:11:16.457 T:3483190064 DEBUG: CurlFile::ParseAndCorrectUrl() adding custom header option 'Range: bytes=1693205-1930896'
2019-04-28 14:11:16.457 T:3483190064 DEBUG: CurlFile::ParseAndCorrectUrl() adding custom header option 'connection: keep-alive'
2019-04-28 14:11:16.458 T:3483190064 DEBUG: CurlFile::Open(0xe5bafbc0) http://37.77.187.139/?o=AQG0F3DdPWYFPtDzh_5chH9BrQhEul2HrjDVHbdOBXxPXrLhALoVBVqo4JGu-96zTrCCeEYtZ_pZjFPQxwUvaS8ayjficSrzINSdJjYLaAola8puh1edQFQZZysQoeEnB2pSe8eq7R58dltqJSeJJCreQ422yXx5cjPwB253CrqefElo9qP1Z9vvhPF09ctJPd7Lla_MOPfFBfKaX-MR2w&v=3&e=1556500266&t=k4ZG6LTuZ0yxHWiSxmrNN0jPzhg
2019-04-28 14:11:16.490 T:3885310768 DEBUG: CVideoPlayerVideo::OutputPicture - ttd:380ms pts:3.712 Clock:3.331 Level:6 elapsed:24.906ms
2019-04-28 14:11:16.499 T:3552891696 DEBUG: CVideoPlayer::ProcessVideoData size:978 dts:11.970 pts:11.970 dur:41.708ms, clock:3.365 level:106
2019-04-28 14:11:16.500 T:3466404656 DEBUG: CurlFile::ParseAndCorrectUrl() adding custom header option 'Range: bytes=258158-282326'
2019-04-28 14:11:16.500 T:3466404656 DEBUG: CurlFile::ParseAndCorrectUrl() adding custom header option 'connection: keep-alive'
2019-04-28 14:11:16.500 T:3466404656 DEBUG: CurlFile::Open(0xd83dd3f0) http://195.8.12.225/?o=AQG0F3DdPWYFPtD7g_1di3tBqwxS_UeZonmJQ_pKVzQcULPnB69XXASq5Ziq58b4GP2JYBxpAedHq1f_xDENZzx5lz7IVgaMTtOIIUBYI1QVfPBD8yyyb3EmegEVsvViRH0df8C5sBMMeTJ0LxTnOznFHc2z0nl1ajPiXS85F6SCKBY6v_GjYMz-lO4o5MEXJOCZxoHPMqCOCuPbUw&v=3&e=1556500266&t=5I15dcz3LFKq_5lZ5sbUXGN16lA
2019-04-28 14:11:16.501 T:3785339696 DEBUG: [plugin.video.netflix (0)] Executing JSON-RPC: {"params": {"playerid": 1, "properties": ["audiostreams", "currentaudiostream", "subtitles", "currentsubtitle", "subtitleenabled", "percentage", "time"]}, "jsonrpc": "2.0", "method": "Player.GetProperties", "id": 1}
2019-04-28 14:11:16.504 T:3785339696 DEBUG: [plugin.video.netflix (0)] Notifying all managers of on_tick (data={u'currentaudiostream': {u'index': 0, u'name': u'AAC ', u'language': u'eng', u'channels': 2, u'codec': u'aac', u'bitrate': 98304}, u'elapsed_seconds': 3, u'time': {u'hours': 0, u'seconds': 3, u'minutes': 0, u'milliseconds': 343}, u'subtitleenabled': True, u'percentage': 0.065229266881942749, u'currentsubtitle': {u'index': 0, u'name': u'', u'language': u'eng'}, u'audiostreams': [{u'index': 0, u'name': u'AAC ', u'language': u'eng', u'channels': 2, u'codec': u'aac', u'bitrate': 98304}, {u'index': 1, u'name': u'AAC ', u'language': u'spa', u'channels': 2, u'codec': u'aac', u'bitrate': 98304}, {u'index': 2, u'name': u'AAC ', u'language': u'fre', u'channels': 2, u'codec': u'aac', u'bitrate': 98304}, {u'index': 3, u'name': u'AAC ', u'language': u'por', u'channels': 2, u'codec': u'aac', u'bitrate': 98304}], u'subtitles': [{u'index': 0, u'name': u'', u'language': u'eng'}, {u'index': 1, u'name': u'', u'language': u'spa'}, {u'index': 2, u'name': u'', u'language': u'spa'}, {u'index': 3, u'name': u'', u'language': u'fre'}, {u'index': 4, u'name': u'', u'language': u'por'}, {u'index': 5, u'name': u'', u'language': u'por'}]})
2019-04-28 14:11:16.518 T:3483190064 DEBUG: AddOnLog: InputStream Adaptive: Download http://37.77.187.139/?o=AQG0F3DdPWYFPtDzh_5chH9BrQhEul2HrjDVHbdOBXxPXrLhALoVBVqo4JGu-96zTrCCeEYtZ_pZjFPQxwUvaS8ayjficSrzINSdJjYLaAola8puh1edQFQZZysQoeEnB2pSe8eq7R58dltqJSeJJCreQ422yXx5cjPwB253CrqefElo9qP1Z9vvhPF09ctJPd7Lla_MOPfFBfKaX-MR2w&v=3&e=1556500266&t=k4ZG6LTuZ0yxHWiSxmrNN0jPzhg finished, avg speed: 4091260.08byte/s, current speed: 4028677.00byte/s
2019-04-28 14:11:16.522 T:3466404656 DEBUG: AddOnLog: InputStream Adaptive: Download http://195.8.12.225/?o=AQG0F3DdPWYFPtD7g_1di3tBqwxS_UeZonmJQ_pKVzQcULPnB69XXASq5Ziq58b4GP2JYBxpAedHq1f_xDENZzx5lz7IVgaMTtOIIUBYI1QVfPBD8yyyb3EmegEVsvViRH0df8C5sBMMeTJ0LxTnOznFHc2z0nl1ajPiXS85F6SCKBY6v_GjYMz-lO4o5MEXJOCZxoHPMqCOCuPbUw&v=3&e=1556500266&t=5I15dcz3LFKq_5lZ5sbUXGN16lA finished, avg speed: 4023486.77byte/s, current speed: 1150904.00byte/s
2019-04-28 14:11:16.522 T:3552891696 DEBUG: CVideoPlayer::ProcessVideoData size:39301 dts:12.012 pts:12.054 dur:41.708ms, clock:3.388 level:106
2019-04-28 14:11:16.532 T:3885310768 DEBUG: CVideoPlayerVideo::OutputPicture - ttd:392ms pts:3.754 Clock:3.361 Level:6 elapsed:36.724ms
2019-04-28 14:11:16.543 T:3552891696 DEBUG: CVideoPlayer::ProcessVideoData size:7091 dts:12.054 pts:12.137 dur:41.708ms, clock:3.409 level:107
2019-04-28 14:11:16.573 T:3885310768 DEBUG: CVideoPlayerVideo::OutputPicture - ttd:395ms pts:3.795 Clock:3.400 Level:6 elapsed:39.037ms
2019-04-28 14:11:16.584 T:3552891696 DEBUG: CVideoPlayer::ProcessVideoData size:827 dts:12.095 pts:12.095 dur:41.708ms, clock:3.450 level:106
2019-04-28 14:11:16.616 T:3885310768 DEBUG: CVideoPlayerVideo::OutputPicture - ttd:395ms pts:3.837 Clock:3.442 Level:6 elapsed:39.496ms
2019-04-28 14:11:16.625 T:3552891696 DEBUG: CVideoPlayer::ProcessVideoData size:8711 dts:12.137 pts:12.262 dur:41.708ms, clock:3.491 level:106
2019-04-28 14:11:16.657 T:3885310768 DEBUG: CVideoPlayerVideo::OutputPicture - ttd:391ms pts:3.879 Clock:3.487 Level:6 elapsed:36.407ms
2019-04-28 14:11:16.665 T:3552891696 DEBUG: CVideoPlayer::ProcessVideoData size:759 dts:12.179 pts:12.179 dur:41.708ms, clock:3.531 level:107
2019-04-28 14:11:16.699 T:3885310768 DEBUG: CVideoPlayerVideo::OutputPicture - ttd:394ms pts:3.921 Clock:3.526 Level:6 elapsed:39.146ms
2019-04-28 14:11:16.706 T:3552891696 DEBUG: CVideoPlayer::ProcessVideoData size:804 dts:12.221 pts:12.221 dur:41.708ms, clock:3.572 level:106
2019-04-28 14:11:16.740 T:3885310768 DEBUG: CVideoPlayerVideo::OutputPicture - ttd:394ms pts:3.962 Clock:3.568 Level:6 elapsed:38.338ms
2019-04-28 14:11:16.747 T:3552891696 DEBUG: CVideoPlayer::ProcessVideoData size:10892 dts:12.262 pts:12.387 dur:41.708ms, clock:3.613 level:106
2019-04-28 14:11:16.782 T:3885310768 DEBUG: CVideoPlayerVideo::OutputPicture - ttd:391ms pts:4.004 Clock:3.613 Level:6 elapsed:35.503ms
2019-04-28 14:11:16.788 T:3552891696 DEBUG: CVideoPlayer::ProcessVideoData size:926 dts:12.304 pts:12.304 dur:41.708ms, clock:3.654 level:107
2019-04-28 14:11:16.824 T:3885310768 DEBUG: CVideoPlayerVideo::OutputPicture - ttd:394ms pts:4.046 Clock:3.651 Level:6 elapsed:38.985ms
2019-04-28 14:11:16.829 T:3552891696 DEBUG: CVideoPlayer::ProcessVideoData size:915 dts:12.346 pts:12.346 dur:41.708ms, clock:3.695 level:106
2019-04-28 14:11:16.865 T:3885310768 DEBUG: CVideoPlayerVideo::OutputPicture - ttd:394ms pts:4.087 Clock:3.693 Level:6 elapsed:38.741ms
2019-04-28 14:11:16.870 T:3552891696 DEBUG: CVideoPlayer::ProcessVideoData size:9911 dts:12.387 pts:12.512 dur:41.708ms, clock:3.736 level:106
2019-04-28 14:11:16.908 T:3885310768 DEBUG: CVideoPlayerVideo::OutputPicture - ttd:392ms pts:4.129 Clock:3.737 Level:6 elapsed:36.912ms
2019-04-28 14:11:16.911 T:3552891696 DEBUG: CVideoPlayer::ProcessVideoData size:957 dts:12.429 pts:12.429 dur:41.708ms, clock:3.777 level:107
2019-04-28 14:11:16.949 T:3885310768 DEBUG: CVideoPlayerVideo::OutputPicture - ttd:394ms pts:4.171 Clock:3.777 Level:6 elapsed:38.293ms
2019-04-28 14:11:16.952 T:3552891696 DEBUG: CVideoPlayer::ProcessVideoData size:1014 dts:12.471 pts:12.471 dur:41.708ms, clock:3.818 level:106
2019-04-28 14:11:16.991 T:3885310768 DEBUG: CVideoPlayerVideo::OutputPicture - ttd:395ms pts:4.213 Clock:3.817 Level:6 elapsed:39.260ms
2019-04-28 14:11:16.992 T:3552891696 DEBUG: CVideoPlayer::ProcessVideoData size:9710 dts:12.512 pts:12.638 dur:41.708ms, clock:3.858 level:106
2019-04-28 14:11:17.032 T:3885310768 DEBUG: CVideoPlayerVideo::OutputPicture - ttd:390ms pts:4.254 Clock:3.864 Level:6 elapsed:34.778ms
2019-04-28 14:11:17.043 T:3552891696 DEBUG: CVideoPlayer::ProcessVideoData size:1051 dts:12.554 pts:12.554 dur:41.708ms, clock:3.909 level:107
2019-04-28 14:11:17.074 T:3885310768 DEBUG: CVideoPlayerVideo::OutputPicture - ttd:394ms pts:4.296 Clock:3.901 Level:6 elapsed:39.127ms
2019-04-28 14:11:17.084 T:3552891696 DEBUG: CVideoPlayer::ProcessVideoData size:1003 dts:12.596 pts:12.596 dur:41.708ms, clock:3.950 level:106
2019-04-28 14:11:17.116 T:3885310768 DEBUG: CVideoPlayerVideo::OutputPicture - ttd:394ms pts:4.338 Clock:3.943 Level:6 elapsed:39.338ms
2019-04-28 14:11:17.125 T:3552891696 DEBUG: CVideoPlayer::ProcessVideoData size:10794 dts:12.638 pts:12.763 dur:41.708ms, clock:3.991 level:106
2019-04-28 14:11:17.158 T:3885310768 DEBUG: CVideoPlayerVideo::OutputPicture - ttd:392ms pts:4.379 Clock:3.987 Level:6 elapsed:36.626ms
2019-04-28 14:11:17.166 T:3552891696 DEBUG: CVideoPlayer::ProcessVideoData size:1184 dts:12.679 pts:12.679 dur:41.708ms, clock:4.032 level:107
2019-04-28 14:11:17.200 T:3885310768 DEBUG: CVideoPlayerVideo::OutputPicture - ttd:394ms pts:4.421 Clock:4.027 Level:6 elapsed:39.077ms
2019-04-28 14:11:17.207 T:3552891696 DEBUG: CVideoPlayer::ProcessVideoData size:1187 dts:12.721 pts:12.721 dur:41.708ms, clock:4.073 level:106
2019-04-28 14:11:17.241 T:3885310768 DEBUG: CVideoPlayerVideo::OutputPicture - ttd:394ms pts:4.463 Clock:4.068 Level:6 elapsed:38.774ms
2019-04-28 14:11:17.248 T:3552891696 DEBUG: CVideoPlayer::ProcessVideoData size:10429 dts:12.763 pts:12.888 dur:41.708ms, clock:4.114 level:106
2019-04-28 14:11:17.283 T:3885310768 DEBUG: CVideoPlayerVideo::OutputPicture - ttd:391ms pts:4.505 Clock:4.113 Level:6 elapsed:36.116ms
2019-04-28 14:11:17.288 T:3552891696 DEBUG: CVideoPlayer::ProcessVideoData size:1191 dts:12.804 pts:12.804 dur:41.708ms, clock:4.154 level:107
2019-04-28 14:11:17.325 T:3885310768 DEBUG: CVideoPlayerVideo::OutputPicture - ttd:394ms pts:4.546 Clock:4.152 Level:6 elapsed:39.074ms
2019-04-28 14:11:17.329 T:3552891696 DEBUG: CVideoPlayer::ProcessVideoData size:1191 dts:12.846 pts:12.846 dur:41.708ms, clock:4.195 level:106
2019-04-28 14:11:17.366 T:3885310768 DEBUG: CVideoPlayerVideo::OutputPicture - ttd:394ms pts:4.588 Clock:4.193 Level:6 elapsed:39.087ms
2019-04-28 14:11:17.370 T:3552891696 DEBUG: CVideoPlayer::ProcessVideoData size:10227 dts:12.888 pts:13.013 dur:41.708ms, clock:4.236 level:106
2019-04-28 14:11:17.408 T:3885310768 DEBUG: CVideoPlayerVideo::OutputPicture - ttd:391ms pts:4.630 Clock:4.238 Level:6 elapsed:35.707ms
2019-04-28 14:11:17.411 T:3552891696 DEBUG: CVideoPlayer::ProcessVideoData size:1322 dts:12.930 pts:12.930 dur:41.708ms, clock:4.277 level:107
2019-04-28 14:11:17.450 T:3885310768 DEBUG: CVideoPlayerVideo::OutputPicture - ttd:394ms pts:4.671 Clock:4.277 Level:6 elapsed:38.228ms
2019-04-28 14:11:17.452 T:3552891696 DEBUG: CVideoPlayer::ProcessVideoData size:1326 dts:12.971 pts:12.971 dur:41.708ms, clock:4.318 level:106
2019-04-28 14:11:17.491 T:3885310768 DEBUG: CVideoPlayerVideo::OutputPicture - ttd:393ms pts:4.713 Clock:4.319 Level:6 elapsed:38.117ms
2019-04-28 14:11:17.493 T:3552891696 DEBUG: CVideoPlayer::ProcessVideoData size:10107 dts:13.013 pts:13.138 dur:41.708ms, clock:4.359 level:106
2019-04-28 14:11:17.505 T:3785339696 DEBUG: [plugin.video.netflix (0)] Executing JSON-RPC: {"params": {"playerid": 1, "properties": ["audiostreams", "currentaudiostream", "subtitles", "currentsubtitle", "subtitleenabled", "percentage", "time"]}, "jsonrpc": "2.0", "method": "Player.GetProperties", "id": 1}
2019-04-28 14:11:17.507 T:3785339696 DEBUG: [plugin.video.netflix (0)] Notifying all managers of on_tick (data={u'currentaudiostream': {u'index': 0, u'name': u'AAC ', u'language': u'eng', u'channels': 2, u'codec': u'aac', u'bitrate': 98304}, u'elapsed_seconds': 4, u'time': {u'hours': 0, u'seconds': 4, u'minutes': 0, u'milliseconds': 286}, u'subtitleenabled': True, u'percentage': 0.083629265427589417, u'currentsubtitle': {u'index': 0, u'name': u'', u'language': u'eng'}, u'audiostreams': [{u'index': 0, u'name': u'AAC ', u'language': u'eng', u'channels': 2, u'codec': u'aac', u'bitrate': 98304}, {u'index': 1, u'name': u'AAC ', u'language': u'spa', u'channels': 2, u'codec': u'aac', u'bitrate': 98304}, {u'index': 2, u'name': u'AAC ', u'language': u'fre', u'channels': 2, u'codec': u'aac', u'bitrate': 98304}, {u'index': 3, u'name': u'AAC ', u'language': u'por', u'channels': 2, u'codec': u'aac', u'bitrate': 98304}], u'subtitles': [{u'index': 0, u'name': u'', u'language': u'eng'}, {u'index': 1, u'name': u'', u'language': u'spa'}, {u'index': 2, u'name': u'', u'language': u'spa'}, {u'index': 3, u'name': u'', u'language': u'fre'}, {u'index': 4, u'name': u'', u'language': u'por'}, {u'index': 5, u'name': u'', u'language': u'por'}]})
2019-04-28 14:11:17.533 T:3885310768 DEBUG: CVideoPlayerVideo::OutputPicture - ttd:391ms pts:4.755 Clock:4.363 Level:6 elapsed:35.832ms
2019-04-28 14:11:17.544 T:3552891696 DEBUG: CVideoPlayer::ProcessVideoData size:1387 dts:13.055 pts:13.055 dur:41.708ms, clock:4.410 level:107
2019-04-28 14:11:17.575 T:3885310768 DEBUG: CVideoPlayerVideo::OutputPicture - ttd:394ms pts:4.796 Clock:4.402 Level:6 elapsed:38.825ms
2019-04-28 14:11:17.585 T:3552891696 DEBUG: CVideoPlayer::ProcessVideoData size:1399 dts:13.096 pts:13.096 dur:41.708ms, clock:4.451 level:106
2019-04-28 14:11:17.617 T:3885310768 DEBUG: CVideoPlayerVideo::OutputPicture - ttd:394ms pts:4.838 Clock:4.443 Level:6 elapsed:39.321ms
2019-04-28 14:11:17.626 T:3552891696 DEBUG: CVideoPlayer::ProcessVideoData size:9774 dts:13.138 pts:13.263 dur:41.708ms, clock:4.492 level:106
2019-04-28 14:11:17.658 T:3885310768 DEBUG: CVideoPlayerVideo::OutputPicture - ttd:390ms pts:4.880 Clock:4.489 Level:6 elapsed:34.736ms
2019-04-28 14:11:17.667 T:3552891696 DEBUG: CVideoPlayer::ProcessVideoData size:1434 dts:13.180 pts:13.180 dur:41.708ms, clock:4.533 level:107
2019-04-28 14:11:17.700 T:3885310768 DEBUG: CVideoPlayerVideo::OutputPicture - ttd:392ms pts:4.922 Clock:4.529 Level:6 elapsed:36.347ms
2019-04-28 14:11:17.708 T:3552891696 DEBUG: CVideoPlayer::ProcessVideoData size:1503 dts:13.222 pts:13.222 dur:41.708ms, clock:4.574 level:106
2019-04-28 14:11:17.741 T:3885310768 DEBUG: CVideoPlayerVideo::OutputPicture - ttd:395ms pts:4.963 Clock:4.568 Level:6 elapsed:39.155ms
2019-04-28 14:11:17.749 T:3552891696 DEBUG: CVideoPlayer::ProcessVideoData size:9098 dts:13.263 pts:13.388 dur:41.708ms, clock:4.615 level:106
2019-04-28 14:11:17.783 T:3885310768 DEBUG: CVideoPlayerVideo::OutputPicture - ttd:392ms pts:5.005 Clock:4.613 Level:6 elapsed:36.185ms
2019-04-28 14:11:17.789 T:3552891696 DEBUG: CVideoPlayer::ProcessVideoData size:1527 dts:13.305 pts:13.305 dur:41.708ms, clock:4.655 level:107
2019-04-28 14:11:17.811 T:3576222512 DEBUG: CWebServer[8080]: request received for /jsonrpc
2019-04-28 14:11:17.825 T:3885310768 DEBUG: Previous line repeats 2 times.
2019-04-28 14:11:17.825 T:3885310768 DEBUG: CVideoPlayerVideo::OutputPicture - ttd:394ms pts:5.047 Clock:4.652 Level:6 elapsed:39.135ms
2019-04-28 14:11:17.829 T:3576222512 DEBUG: CWebServer[8080]: request received for /jsonrpc
2019-04-28 14:11:17.830 T:3552891696 DEBUG: CVideoPlayer::ProcessVideoData size:1458 dts:13.347 pts:13.347 dur:41.708ms, clock:4.696 level:106
2019-04-28 14:11:17.867 T:3885310768 DEBUG: CVideoPlayerVideo::OutputPicture - ttd:394ms pts:5.088 Clock:4.694 Level:6 elapsed:38.938ms
2019-04-28 14:11:17.871 T:3552891696 DEBUG: CVideoPlayer::ProcessVideoData size:8329 dts:13.388 pts:13.514 dur:41.708ms, clock:4.737 level:106
2019-04-28 14:11:17.908 T:3885310768 DEBUG: CVideoPlayerVideo::OutputPicture - ttd:390ms pts:5.130 Clock:4.739 Level:6 elapsed:34.829ms
2019-04-28 14:11:17.912 T:3552891696 DEBUG: CVideoPlayer::ProcessVideoData size:1654 dts:13.430 pts:13.430 dur:41.708ms, clock:4.778 level:107
2019-04-28 14:11:17.950 T:3885310768 DEBUG: CVideoPlayerVideo::OutputPicture - ttd:394ms pts:5.172 Clock:4.778 Level:6 elapsed:38.445ms
2019-04-28 14:11:17.953 T:3552891696 DEBUG: CVideoPlayer::ProcessVideoData size:1698 dts:13.472 pts:13.472 dur:41.708ms, clock:4.819 level:106
2019-04-28 14:11:17.992 T:3885310768 DEBUG: CVideoPlayerVideo::OutputPicture - ttd:394ms pts:5.214 Clock:4.819 Level:6 elapsed:39.050ms
2019-04-28 14:11:17.994 T:3552891696 DEBUG: CVideoPlayer::ProcessVideoData size:7588 dts:13.514 pts:13.597 dur:41.708ms, clock:4.860 level:106
2019-04-28 14:11:18.034 T:3885310768 DEBUG: CVideoPlayerVideo::OutputPicture - ttd:392ms pts:5.255 Clock:4.863 Level:6 elapsed:36.403ms
2019-04-28 14:11:18.045 T:3552891696 DEBUG: CVideoPlayer::ProcessVideoData size:1661 dts:13.555 pts:13.555 dur:41.708ms, clock:4.911 level:107
2019-04-28 14:11:18.075 T:3885310768 DEBUG: CVideoPlayerVideo::OutputPicture - ttd:388ms pts:5.297 Clock:4.909 Level:6 elapsed:32.066ms
2019-04-28 14:11:18.086 T:3552891696 DEBUG: CVideoPlayer::ProcessVideoData size:8088 dts:13.597 pts:13.680 dur:41.708ms, clock:4.952 level:106
2019-04-28 14:11:18.117 T:3885310768 DEBUG: CVideoPlayerVideo::OutputPicture - ttd:395ms pts:5.339 Clock:4.943 Level:6 elapsed:39.205ms
2019-04-28 14:11:18.127 T:3552891696 DEBUG: CVideoPlayer::ProcessVideoData size:1816 dts:13.639 pts:13.639 dur:41.708ms, clock:4.993 level:106
2019-04-28 14:11:18.159 T:3885310768 DEBUG: CVideoPlayerVideo::OutputPicture - ttd:392ms pts:5.380 Clock:4.988 Level:6 elapsed:37.139ms
2019-04-28 14:11:18.168 T:3552891696 DEBUG: CVideoPlayer::ProcessVideoData size:8527 dts:13.680 pts:13.805 dur:41.708ms, clock:5.034 level:107
2019-04-28 14:11:18.201 T:3885310768 DEBUG: CVideoPlayerVideo::OutputPicture - ttd:394ms pts:5.422 Clock:5.028 Level:6 elapsed:39.025ms
2019-04-28 14:11:18.204 T:3885310768 DEBUG: CPtsTracker: detected pattern of length 1: 41708.33, frameduration: 41708.333333
2019-04-28 14:11:18.208 T:3552891696 DEBUG: CVideoPlayer::ProcessVideoData size:1977 dts:13.722 pts:13.722 dur:41.708ms, clock:5.074 level:106
2019-04-28 14:11:18.242 T:3885310768 DEBUG: CVideoPlayerVideo::OutputPicture - ttd:393ms pts:5.464 Clock:5.070 Level:6 elapsed:37.412ms
2019-04-28 14:11:18.249 T:3552891696 DEBUG: CVideoPlayer::ProcessVideoData size:1776 dts:13.764 pts:13.764 dur:41.708ms, clock:5.115 level:106
2019-04-28 14:11:18.283 T:3885310768 DEBUG: CVideoPlayerVideo::OutputPicture - ttd:392ms pts:5.505 Clock:5.113 Level:6 elapsed:36.098ms
2019-04-28 14:11:18.290 T:3552891696 DEBUG: CVideoPlayer::ProcessVideoData size:8029 dts:13.805 pts:13.889 dur:41.708ms, clock:5.156 level:107
2019-04-28 14:11:18.325 T:3885310768 DEBUG: CVideoPlayerVideo::OutputPicture - ttd:395ms pts:5.547 Clock:5.152 Level:6 elapsed:39.396ms
2019-04-28 14:11:18.331 T:3552891696 DEBUG: CVideoPlayer::ProcessVideoData size:1831 dts:13.847 pts:13.847 dur:41.708ms, clock:5.197 level:106
2019-04-28 14:11:18.367 T:3885310768 DEBUG: CVideoPlayerVideo::OutputPicture - ttd:394ms pts:5.589 Clock:5.195 Level:6 elapsed:38.232ms
2019-04-28 14:11:18.372 T:3552891696 DEBUG: CVideoPlayer::ProcessVideoData size:8573 dts:13.889 pts:14.014 dur:41.708ms, clock:5.238 level:106
2019-04-28 14:11:18.409 T:3885310768 DEBUG: CVideoPlayerVideo::OutputPicture - ttd:393ms pts:5.631 Clock:5.237 Level:6 elapsed:37.961ms
2019-04-28 14:11:18.413 T:3552891696 DEBUG: CVideoPlayer::ProcessVideoData size:1900 dts:13.931 pts:13.931 dur:41.708ms, clock:5.279 level:107
2019-04-28 14:11:18.450 T:3885310768 DEBUG: CVideoPlayerVideo::OutputPicture - ttd:395ms pts:5.672 Clock:5.277 Level:6 elapsed:39.174ms
2019-04-28 14:11:18.454 T:3466404656 DEBUG: CurlFile::ParseAndCorrectUrl() adding custom header option 'Range: bytes=282327-306993'
2019-04-28 14:11:18.454 T:3466404656 DEBUG: CurlFile::ParseAndCorrectUrl() adding custom header option 'connection: keep-alive'
2019-04-28 14:11:18.454 T:3466404656 DEBUG: CurlFile::Open(0xd7a50760) http://195.8.12.225/?o=AQG0F3DdPWYFPtD7g_1di3tBqwxS_UeZonmJQ_pKVzQcULPnB69XXASq5Ziq58b4GP2JYBxpAedHq1f_xDENZzx5lz7IVgaMTtOIIUBYI1QVfPBD8yyyb3EmegEVsvViRH0df8C5sBMMeTJ0LxTnOznFHc2z0nl1ajPiXS85F6SCKBY6v_GjYMz-lO4o5MEXJOCZxoHPMqCOCuPbUw&v=3&e=1556500266&t=5I15dcz3LFKq_5lZ5sbUXGN16lA
2019-04-28 14:11:18.462 T:3466404656 DEBUG: AddOnLog: InputStream Adaptive: Download http://195.8.12.225/?o=AQG0F3DdPWYFPtD7g_1di3tBqwxS_UeZonmJQ_pKVzQcULPnB69XXASq5Ziq58b4GP2JYBxpAedHq1f_xDENZzx5lz7IVgaMTtOIIUBYI1QVfPBD8yyyb3EmegEVsvViRH0df8C5sBMMeTJ0LxTnOznFHc2z0nl1ajPiXS85F6SCKBY6v_GjYMz-lO4o5MEXJOCZxoHPMqCOCuPbUw&v=3&e=1556500266&t=5I15dcz3LFKq_5lZ5sbUXGN16lA finished, avg speed: 4011733.34byte/s, current speed: 3523857.00byte/s
2019-04-28 14:11:18.463 T:3483190064 DEBUG: CurlFile::ParseAndCorrectUrl() adding custom header option 'Range: bytes=1930897-2365056'
2019-04-28 14:11:18.463 T:3483190064 DEBUG: CurlFile::ParseAndCorrectUrl() adding custom header option 'connection: keep-alive'
2019-04-28 14:11:18.463 T:3483190064 DEBUG: CurlFile::Open(0xe5b14460) http://37.77.187.139/?o=AQG0F3DdPWYFPtDzh_5chH9BrQhEul2HrjDVHbdOBXxPXrLhALoVBVqo4JGu-96zTrCCeEYtZ_pZjFPQxwUvaS8ayjficSrzINSdJjYLaAola8puh1edQFQZZysQoeEnB2pSe8eq7R58dltqJSeJJCreQ422yXx5cjPwB253CrqefElo9qP1Z9vvhPF09ctJPd7Lla_MOPfFBfKaX-MR2w&v=3&e=1556500266&t=k4ZG6LTuZ0yxHWiSxmrNN0jPzhg
2019-04-28 14:11:18.492 T:3885310768 DEBUG: CVideoPlayerVideo::OutputPicture - ttd:382ms pts:5.714 Clock:5.332 Level:6 elapsed:26.589ms
2019-04-28 14:11:18.503 T:3552891696 DEBUG: CVideoPlayer::ProcessVideoData size:1962 dts:13.972 pts:13.972 dur:41.708ms, clock:5.369 level:106
2019-04-28 14:11:18.504 T:3552891696 DEBUG: CVideoPlayer::ProcessVideoData size:20475 dts:14.014 pts:14.056 dur:41.708ms, clock:5.370 level:106
2019-04-28 14:11:18.508 T:3785339696 DEBUG: [plugin.video.netflix (0)] Executing JSON-RPC: {"params": {"playerid": 1, "properties": ["audiostreams", "currentaudiostream", "subtitles", "currentsubtitle", "subtitleenabled", "percentage", "time"]}, "jsonrpc": "2.0", "method": "Player.GetProperties", "id": 1}
2019-04-28 14:11:18.511 T:3785339696 DEBUG: [plugin.video.netflix (0)] Notifying all managers of on_tick (data={u'currentaudiostream': {u'index': 0, u'name': u'AAC ', u'language': u'eng', u'channels': 2, u'codec': u'aac', u'bitrate': 98304}, u'elapsed_seconds': 5, u'time': {u'hours': 0, u'seconds': 5, u'minutes': 0, u'milliseconds': 326}, u'subtitleenabled': True, u'percentage': 0.10392194986343384, u'currentsubtitle': {u'index': 0, u'name': u'', u'language': u'eng'}, u'audiostreams': [{u'index': 0, u'name': u'AAC ', u'language': u'eng', u'channels': 2, u'codec': u'aac', u'bitrate': 98304}, {u'index': 1, u'name': u'AAC ', u'language': u'spa', u'channels': 2, u'codec': u'aac', u'bitrate': 98304}, {u'index': 2, u'name': u'AAC ', u'language': u'fre', u'channels': 2, u'codec': u'aac', u'bitrate': 98304}, {u'index': 3, u'name': u'AAC ', u'language': u'por', u'channels': 2, u'codec': u'aac', u'bitrate': 98304}], u'subtitles': [{u'index': 0, u'name': u'', u'language': u'eng'}, {u'index': 1, u'name': u'', u'language': u'spa'}, {u'index': 2, u'name': u'', u'language': u'spa'}, {u'index': 3, u'name': u'', u'language': u'fre'}, {u'index': 4, u'name': u'', u'language': u'por'}, {u'index': 5, u'name': u'', u'language': u'por'}]})
2019-04-28 14:11:18.534 T:3885310768 DEBUG: CVideoPlayerVideo::OutputPicture - ttd:393ms pts:5.756 Clock:5.362 Level:6 elapsed:37.655ms
2019-04-28 14:11:18.545 T:3552891696 DEBUG: CVideoPlayer::ProcessVideoData size:6341 dts:14.056 pts:14.139 dur:41.708ms, clock:5.411 level:107
2019-04-28 14:11:18.560 T:3483190064 DEBUG: AddOnLog: InputStream Adaptive: Download http://37.77.187.139/?o=AQG0F3DdPWYFPtDzh_5chH9BrQhEul2HrjDVHbdOBXxPXrLhALoVBVqo4JGu-96zTrCCeEYtZ_pZjFPQxwUvaS8ayjficSrzINSdJjYLaAola8puh1edQFQZZysQoeEnB2pSe8eq7R58dltqJSeJJCreQ422yXx5cjPwB253CrqefElo9qP1Z9vvhPF09ctJPd7Lla_MOPfFBfKaX-MR2w&v=3&e=1556500266&t=k4ZG6LTuZ0yxHWiSxmrNN0jPzhg finished, avg speed: 4223214.86byte/s, current speed: 4522500.00byte/s
2019-04-28 14:11:18.575 T:3885310768 DEBUG: CVideoPlayerVideo::OutputPicture - ttd:395ms pts:5.797 Clock:5.402 Level:6 elapsed:39.001ms
2019-04-28 14:11:18.586 T:3552891696 DEBUG: CVideoPlayer::ProcessVideoData size:1875 dts:14.097 pts:14.097 dur:41.708ms, clock:5.452 level:106
2019-04-28 14:11:18.617 T:3885310768 DEBUG: CVideoPlayerVideo::OutputPicture - ttd:392ms pts:5.839 Clock:5.446 Level:6 elapsed:36.851ms
2019-04-28 14:11:18.626 T:3552891696 DEBUG: CVideoPlayer::ProcessVideoData size:7714 dts:14.139 pts:14.223 dur:41.708ms, clock:5.492 level:107
2019-04-28 14:11:18.659 T:3885310768 DEBUG: CVideoPlayerVideo::OutputPicture - ttd:392ms pts:5.881 Clock:5.489 Level:6 elapsed:36.872ms
2019-04-28 14:11:18.667 T:3552891696 DEBUG: CVideoPlayer::ProcessVideoData size:2096 dts:14.181 pts:14.181 dur:41.708ms, clock:5.533 level:106
2019-04-28 14:11:18.701 T:3885310768 DEBUG: CVideoPlayerVideo::OutputPicture - ttd:392ms pts:5.923 Clock:5.530 Level:6 elapsed:36.390ms
2019-04-28 14:11:18.708 T:3552891696 DEBUG: CVideoPlayer::ProcessVideoData size:8206 dts:14.223 pts:14.306 dur:41.708ms, clock:5.574 level:107
2019-04-28 14:11:18.743 T:3885310768 DEBUG: CVideoPlayerVideo::OutputPicture - ttd:394ms pts:5.964 Clock:5.570 Level:6 elapsed:38.674ms
2019-04-28 14:11:18.749 T:3552891696 DEBUG: CVideoPlayer::ProcessVideoData size:2595 dts:14.264 pts:14.264 dur:41.708ms, clock:5.615 level:106
2019-04-28 14:11:18.784 T:3885310768 DEBUG: CVideoPlayerVideo::OutputPicture - ttd:394ms pts:6.006 Clock:5.611 Level:6 elapsed:39.059ms
2019-04-28 14:11:18.790 T:3552891696 DEBUG: CVideoPlayer::ProcessVideoData size:8852 dts:14.306 pts:14.389 dur:41.708ms, clock:5.656 level:106
2019-04-28 14:11:18.826 T:3885310768 DEBUG: CVideoPlayerVideo::OutputPicture - ttd:391ms pts:6.048 Clock:5.656 Level:6 elapsed:36.034ms
2019-04-28 14:11:18.831 T:3552891696 DEBUG: CVideoPlayer::ProcessVideoData size:3113 dts:14.348 pts:14.348 dur:41.708ms, clock:5.697 level:107
2019-04-28 14:11:18.868 T:3885310768 DEBUG: CVideoPlayerVideo::OutputPicture - ttd:393ms pts:6.089 Clock:5.696 Level:6 elapsed:38.002ms
2019-04-28 14:11:18.872 T:3552891696 DEBUG: CVideoPlayer::ProcessVideoData size:10195 dts:14.389 pts:14.473 dur:41.708ms, clock:5.738 level:106
2019-04-28 14:11:18.910 T:3885310768 DEBUG: CVideoPlayerVideo::OutputPicture - ttd:394ms pts:6.131 Clock:5.737 Level:6 elapsed:38.807ms
2019-04-28 14:11:18.913 T:3552891696 DEBUG: CVideoPlayer::ProcessVideoData size:3580 dts:14.431 pts:14.431 dur:41.708ms, clock:5.779 level:106
2019-04-28 14:11:18.951 T:3885310768 DEBUG: CVideoPlayerVideo::OutputPicture - ttd:392ms pts:6.173 Clock:5.781 Level:6 elapsed:36.810ms
2019-04-28 14:11:18.953 T:3552891696 DEBUG: CVideoPlayer::ProcessVideoData size:12558 dts:14.473 pts:14.598 dur:41.708ms, clock:5.819 level:107
2019-04-28 14:11:18.993 T:3885310768 DEBUG: CVideoPlayerVideo::OutputPicture - ttd:394ms pts:6.215 Clock:5.820 Level:6 elapsed:38.546ms
2019-04-28 14:11:18.994 T:3552891696 DEBUG: CVideoPlayer::ProcessVideoData size:5336 dts:14.514 pts:14.514 dur:41.708ms, clock:5.860 level:106
2019-04-28 14:11:19.034 T:3885310768 DEBUG: CVideoPlayerVideo::OutputPicture - ttd:394ms pts:6.256 Clock:5.861 Level:6 elapsed:38.666ms
2019-04-28 14:11:19.045 T:3552891696 DEBUG: CVideoPlayer::ProcessVideoData size:4864 dts:14.556 pts:14.556 dur:41.708ms, clock:5.911 level:106
2019-04-28 14:11:19.076 T:3885310768 DEBUG: CVideoPlayerVideo::OutputPicture - ttd:392ms pts:6.298 Clock:5.905 Level:6 elapsed:37.042ms
2019-04-28 14:11:19.086 T:3552891696 DEBUG: CVideoPlayer::ProcessVideoData size:11710 dts:14.598 pts:14.681 dur:41.708ms, clock:5.952 level:107
2019-04-28 14:11:19.118 T:3885310768 DEBUG: CVideoPlayerVideo::OutputPicture - ttd:394ms pts:6.340 Clock:5.945 Level:6 elapsed:39.070ms
2019-04-28 14:11:19.127 T:3552891696 DEBUG: CVideoPlayer::ProcessVideoData size:4920 dts:14.640 pts:14.640 dur:41.708ms, clock:5.993 level:106
2019-04-28 14:11:19.159 T:3885310768 DEBUG: CVideoPlayerVideo::OutputPicture - ttd:394ms pts:6.381 Clock:5.987 Level:6 elapsed:38.457ms
2019-04-28 14:11:19.168 T:3552891696 DEBUG: CVideoPlayer::ProcessVideoData size:12342 dts:14.681 pts:14.765 dur:41.708ms, clock:6.034 level:106
2019-04-28 14:11:19.201 T:3885310768 DEBUG: CVideoPlayerVideo::OutputPicture - ttd:392ms pts:6.423 Clock:6.030 Level:6 elapsed:36.849ms
2019-04-28 14:11:19.209 T:3552891696 DEBUG: CVideoPlayer::ProcessVideoData size:5601 dts:14.723 pts:14.723 dur:41.708ms, clock:6.075 level:107
2019-04-28 14:11:19.243 T:3885310768 DEBUG: CVideoPlayerVideo::OutputPicture - ttd:395ms pts:6.465 Clock:6.070 Level:6 elapsed:39.214ms
2019-04-28 14:11:19.250 T:3552891696 DEBUG: CVideoPlayer::ProcessVideoData size:13137 dts:14.765 pts:14.890 dur:41.708ms, clock:6.116 level:106
2019-04-28 14:11:19.285 T:3885310768 DEBUG: CVideoPlayerVideo::OutputPicture - ttd:391ms pts:6.506 Clock:6.115 Level:6 elapsed:35.564ms
2019-04-28 14:11:19.291 T:3552891696 DEBUG: CVideoPlayer::ProcessVideoData size:6921 dts:14.806 pts:14.806 dur:41.708ms, clock:6.157 level:107
2019-04-28 14:11:19.327 T:3885310768 DEBUG: CVideoPlayerVideo::OutputPicture - ttd:393ms pts:6.548 Clock:6.155 Level:6 elapsed:38.220ms
2019-04-28 14:11:19.332 T:3552891696 DEBUG: CVideoPlayer::ProcessVideoData size:6816 dts:14.848 pts:14.848 dur:41.708ms, clock:6.198 level:106
2019-04-28 14:11:19.368 T:3885310768 DEBUG: CVideoPlayerVideo::OutputPicture - ttd:394ms pts:6.590 Clock:6.195 Level:6 elapsed:39.038ms
2019-04-28 14:11:19.373 T:3552891696 DEBUG: CVideoPlayer::ProcessVideoData size:13259 dts:14.890 pts:14.973 dur:41.708ms, clock:6.239 level:106
2019-04-28 14:11:19.401 T:3576222512 DEBUG: CWebServer[8080]: request received for /jsonrpc
2019-04-28 14:11:19.410 T:3885310768 DEBUG: Previous line repeats 1 times.
2019-04-28 14:11:19.410 T:3885310768 DEBUG: CVideoPlayerVideo::OutputPicture - ttd:392ms pts:6.632 Clock:6.239 Level:6 elapsed:36.359ms
2019-04-28 14:11:19.410 T:3576222512 DEBUG: CWebServer[8080]: request received for /jsonrpc
2019-04-28 14:11:19.414 T:3552891696 DEBUG: CVideoPlayer::ProcessVideoData size:6652 dts:14.932 pts:14.932 dur:41.708ms, clock:6.280 level:107
2019-04-28 14:11:19.416 T:3576222512 DEBUG: CWebServer[8080]: request received for /jsonrpc
2019-04-28 14:11:19.452 T:3885310768 DEBUG: CVideoPlayerVideo::OutputPicture - ttd:394ms pts:6.673 Clock:6.279 Level:6 elapsed:38.832ms
2019-04-28 14:11:19.455 T:3552891696 DEBUG: CVideoPlayer::ProcessVideoData size:13836 dts:14.973 pts:15.057 dur:41.708ms, clock:6.321 level:106
2019-04-28 14:11:19.494 T:3885310768 DEBUG: CVideoPlayerVideo::OutputPicture - ttd:391ms pts:6.715 Clock:6.323 Level:6 elapsed:36.321ms
2019-04-28 14:11:19.496 T:3552891696 DEBUG: CVideoPlayer::ProcessVideoData size:7561 dts:15.015 pts:15.015 dur:41.708ms, clock:6.362 level:107
2019-04-28 14:11:19.512 T:3785339696 DEBUG: [plugin.video.netflix (0)] Executing JSON-RPC: {"params": {"playerid": 1, "properties": ["audiostreams", "currentaudiostream", "subtitles", "currentsubtitle", "subtitleenabled", "percentage", "time"]}, "jsonrpc": "2.0", "method": "Player.GetProperties", "id": 1}
2019-04-28 14:11:19.515 T:3785339696 DEBUG: [plugin.video.netflix (0)] Notifying all managers of on_tick (data={u'currentaudiostream': {u'index': 0, u'name': u'AAC ', u'language': u'eng', u'channels': 2, u'codec': u'aac', u'bitrate': 98304}, u'elapsed_seconds': 6, u'time': {u'hours': 0, u'seconds': 6, u'minutes': 0, u'milliseconds': 145}, u'subtitleenabled': True, u'percentage': 0.11990243941545486, u'currentsubtitle': {u'index': 0, u'name': u'', u'language': u'eng'}, u'audiostreams': [{u'index': 0, u'name': u'AAC ', u'language': u'eng', u'channels': 2, u'codec': u'aac', u'bitrate': 98304}, {u'index': 1, u'name': u'AAC ', u'language': u'spa', u'channels': 2, u'codec': u'aac', u'bitrate': 98304}, {u'index': 2, u'name': u'AAC ', u'language': u'fre', u'channels': 2, u'codec': u'aac', u'bitrate': 98304}, {u'index': 3, u'name': u'AAC ', u'language': u'por', u'channels': 2, u'codec': u'aac', u'bitrate': 98304}], u'subtitles': [{u'index': 0, u'name': u'', u'language': u'eng'}, {u'index': 1, u'name': u'', u'language': u'spa'}, {u'index': 2, u'name': u'', u'language': u'spa'}, {u'index': 3, u'name': u'', u'language': u'fre'}, {u'index': 4, u'name': u'', u'language': u'por'}, {u'index': 5, u'name': u'', u'language': u'por'}]})
2019-04-28 14:11:19.535 T:3885310768 DEBUG: CVideoPlayerVideo::OutputPicture - ttd:394ms pts:6.757 Clock:6.362 Level:6 elapsed:38.474ms
2019-04-28 14:11:19.537 T:3552891696 DEBUG: CVideoPlayer::ProcessVideoData size:15091 dts:15.057 pts:15.140 dur:41.708ms, clock:6.403 level:106
2019-04-28 14:11:19.577 T:3885310768 DEBUG: CVideoPlayerVideo::OutputPicture - ttd:395ms pts:6.798 Clock:6.403 Level:6 elapsed:39.679ms
2019-04-28 14:11:19.589 T:3552891696 DEBUG: CVideoPlayer::ProcessVideoData size:8070 dts:15.098 pts:15.098 dur:41.708ms, clock:6.455 level:106
2019-04-28 14:11:19.619 T:3885310768 DEBUG: CVideoPlayerVideo::OutputPicture - ttd:392ms pts:6.840 Clock:6.448 Level:6 elapsed:36.649ms
2019-04-28 14:11:19.630 T:3552891696 DEBUG: CVideoPlayer::ProcessVideoData size:15948 dts:15.140 pts:15.224 dur:41.708ms, clock:6.496 level:107
2019-04-28 14:11:19.660 T:3885310768 DEBUG: CVideoPlayerVideo::OutputPicture - ttd:394ms pts:6.882 Clock:6.487 Level:6 elapsed:38.443ms
2019-04-28 14:11:19.671 T:3552891696 DEBUG: CVideoPlayer::ProcessVideoData size:8503 dts:15.182 pts:15.182 dur:41.708ms, clock:6.537 level:106
2019-04-28 14:11:19.702 T:3885310768 DEBUG: CVideoPlayerVideo::OutputPicture - ttd:395ms pts:6.924 Clock:6.528 Level:6 elapsed:39.551ms
2019-04-28 14:11:19.712 T:3552891696 DEBUG: CVideoPlayer::ProcessVideoData size:16983 dts:15.224 pts:15.307 dur:41.708ms, clock:6.578 level:106
2019-04-28 14:11:19.744 T:3885310768 DEBUG: CVideoPlayerVideo::OutputPicture - ttd:392ms pts:6.965 Clock:6.573 Level:6 elapsed:36.662ms
2019-04-28 14:11:19.753 T:3552891696 DEBUG: CVideoPlayer::ProcessVideoData size:8485 dts:15.265 pts:15.265 dur:41.708ms, clock:6.619 level:107
2019-04-28 14:11:19.786 T:3885310768 DEBUG: CVideoPlayerVideo::OutputPicture - ttd:394ms pts:7.007 Clock:6.612 Level:6 elapsed:39.335ms
2019-04-28 14:11:19.794 T:3552891696 DEBUG: CVideoPlayer::ProcessVideoData size:18286 dts:15.307 pts:15.390 dur:41.708ms, clock:6.660 level:106
2019-04-28 14:11:19.827 T:3885310768 DEBUG: CVideoPlayerVideo::OutputPicture - ttd:394ms pts:7.049 Clock:6.654 Level:6 elapsed:39.200ms
2019-04-28 14:11:19.835 T:3552891696 DEBUG: CVideoPlayer::ProcessVideoData size:7593 dts:15.349 pts:15.349 dur:41.708ms, clock:6.701 level:106
2019-04-28 14:11:19.869 T:3885310768 DEBUG: CVideoPlayerVideo::OutputPicture - ttd:392ms pts:7.090 Clock:6.698 Level:6 elapsed:36.505ms
2019-04-28 14:11:19.876 T:3552891696 DEBUG: CVideoPlayer::ProcessVideoData size:19476 dts:15.390 pts:15.515 dur:41.708ms, clock:6.742 level:107
2019-04-28 14:11:19.910 T:3885310768 DEBUG: CVideoPlayerVideo::OutputPicture - ttd:394ms pts:7.132 Clock:6.737 Level:6 elapsed:38.968ms
2019-04-28 14:11:19.916 T:3552891696 DEBUG: CVideoPlayer::ProcessVideoData size:7203 dts:15.432 pts:15.432 dur:41.708ms, clock:6.783 level:106
2019-04-28 14:11:19.952 T:3885310768 DEBUG: CVideoPlayerVideo::OutputPicture - ttd:395ms pts:7.174 Clock:6.779 Level:6 elapsed:39.181ms
2019-04-28 14:11:19.958 T:3552891696 DEBUG: CVideoPlayer::ProcessVideoData size:6027 dts:15.474 pts:15.474 dur:41.708ms, clock:6.824 level:106
2019-04-28 14:11:19.994 T:3885310768 DEBUG: CVideoPlayerVideo::OutputPicture - ttd:392ms pts:7.216 Clock:6.823 Level:6 elapsed:36.155ms
2019-04-28 14:11:19.999 T:3552891696 DEBUG: CVideoPlayer::ProcessVideoData size:15003 dts:15.515 pts:15.599 dur:41.708ms, clock:6.865 level:107
2019-04-28 14:11:20.035 T:3885310768 DEBUG: CVideoPlayerVideo::OutputPicture - ttd:395ms pts:7.257 Clock:6.862 Level:6 elapsed:39.016ms
2019-04-28 14:11:20.040 T:3552891696 DEBUG: CVideoPlayer::ProcessVideoData size:4298 dts:15.557 pts:15.557 dur:41.708ms, clock:6.906 level:106
2019-04-28 14:11:20.077 T:3885310768 DEBUG: CVideoPlayerVideo::OutputPicture - ttd:395ms pts:7.299 Clock:6.904 Level:6 elapsed:39.377ms
2019-04-28 14:11:20.080 T:3552891696 DEBUG: CVideoPlayer::ProcessVideoData size:14498 dts:15.599 pts:15.682 dur:41.708ms, clock:6.946 level:106
2019-04-28 14:11:20.119 T:3885310768 DEBUG: CVideoPlayerVideo::OutputPicture - ttd:392ms pts:7.341 Clock:6.948 Level:6 elapsed:37.326ms
2019-04-28 14:11:20.122 T:3552891696 DEBUG: CVideoPlayer::ProcessVideoData size:4116 dts:15.641 pts:15.641 dur:41.708ms, clock:6.988 level:107
2019-04-28 14:11:20.161 T:3885310768 DEBUG: CVideoPlayerVideo::OutputPicture - ttd:394ms pts:7.382 Clock:6.988 Level:6 elapsed:38.814ms
2019-04-28 14:11:20.163 T:3552891696 DEBUG: CVideoPlayer::ProcessVideoData size:14655 dts:15.682 pts:15.766 dur:41.708ms, clock:7.029 level:106
2019-04-28 14:11:20.202 T:3885310768 DEBUG: CVideoPlayerVideo::OutputPicture - ttd:395ms pts:7.424 Clock:7.029 Level:6 elapsed:39.102ms
2019-04-28 14:11:20.214 T:3552891696 DEBUG: CVideoPlayer::ProcessVideoData size:3649 dts:15.724 pts:15.724 dur:41.708ms, clock:7.080 level:106
2019-04-28 14:11:20.244 T:3885310768 DEBUG: CVideoPlayerVideo::OutputPicture - ttd:392ms pts:7.466 Clock:7.073 Level:6 elapsed:36.786ms
2019-04-28 14:11:20.255 T:3552891696 DEBUG: CVideoPlayer::ProcessVideoData size:14428 dts:15.766 pts:15.849 dur:41.708ms, clock:7.121 level:107
2019-04-28 14:11:20.286 T:3885310768 DEBUG: CVideoPlayerVideo::OutputPicture - ttd:393ms pts:7.508 Clock:7.114 Level:6 elapsed:38.034ms
2019-04-28 14:11:20.296 T:3552891696 DEBUG: CVideoPlayer::ProcessVideoData size:3279 dts:15.807 pts:15.807 dur:41.708ms, clock:7.162 level:106
2019-04-28 14:11:20.327 T:3885310768 DEBUG: CVideoPlayerVideo::OutputPicture - ttd:395ms pts:7.549 Clock:7.154 Level:6 elapsed:39.118ms
2019-04-28 14:11:20.337 T:3552891696 DEBUG: CVideoPlayer::ProcessVideoData size:14690 dts:15.849 pts:15.933 dur:41.708ms, clock:7.203 level:106
2019-04-28 14:11:20.369 T:3885310768 DEBUG: CVideoPlayerVideo::OutputPicture - ttd:392ms pts:7.591 Clock:7.199 Level:6 elapsed:36.629ms
2019-04-28 14:11:20.378 T:3552891696 DEBUG: CVideoPlayer::ProcessVideoData size:3025 dts:15.891 pts:15.891 dur:41.708ms, clock:7.244 level:107
2019-04-28 14:11:20.411 T:3885310768 DEBUG: CVideoPlayerVideo::OutputPicture - ttd:394ms pts:7.633 Clock:7.238 Level:6 elapsed:38.398ms
2019-04-28 14:11:20.418 T:3552891696 DEBUG: CVideoPlayer::ProcessVideoData size:5607 dts:15.933 pts:16.016 dur:41.708ms, clock:7.284 level:106
2019-04-28 14:11:20.431 T:4093684544 INFO: CheckIdle - Closing session to http://195.8.12.225 (easy=0xe5b37400, multi=0xe5b588e8)
2019-04-28 14:11:20.453 T:3885310768 DEBUG: CVideoPlayerVideo::OutputPicture - ttd:394ms pts:7.674 Clock:7.280 Level:6 elapsed:38.538ms
