2019-04-28 14:09:40.945 T:3458011952 DEBUG: ffmpeg[CE1D1330]: [aac] If you want to help, upload a sample of this file to ftp://upload.ffmpeg.org/incoming/ and contact the ffmpeg-devel mailing list. (ffmpeg-devel@ffmpeg.org)
2019-04-28 14:09:40.945 T:3458011952 ERROR: ffmpeg[CE1D1330]: [aac] Prediction is not allowed in AAC-LC.
2019-04-28 14:09:40.945 T:3552891696 DEBUG: CVideoPlayer::ProcessVideoData size:625 dts:7.841 pts:7.841 dur:41.708ms, clock:-0.458 level:102
2019-04-28 14:09:40.945 T:3458011952 DEBUG: ffmpeg[CE1D1330]: [aac] Sample rate index in program config element does not match the sample rate index configured by the container.
2019-04-28 14:09:40.945 T:3458011952 ERROR: ffmpeg[CE1D1330]: [aac] Inconsistent channel configuration.
2019-04-28 14:09:40.945 T:3458011952 ERROR: ffmpeg[CE1D1330]: [aac] get_buffer() failed
2019-04-28 14:09:40.946 T:3458011952 ERROR: ffmpeg[CE1D1330]: [aac] Number of bands (10) exceeds limit (8).
2019-04-28 14:09:40.946 T:3552891696 DEBUG: CVideoPlayer::ProcessVideoData size:623 dts:7.883 pts:7.883 dur:41.708ms, clock:-0.458 level:103
2019-04-28 14:09:40.946 T:3458011952 ERROR: ffmpeg[CE1D1330]: [aac] Reserved bit set.
2019-04-28 14:09:40.946 T:3458011952 ERROR: ffmpeg[CE1D1330]: [aac] Number of bands (17) exceeds limit (8).
2019-04-28 14:09:40.946 T:3552891696 DEBUG: CVideoPlayer::ProcessVideoData size:1331 dts:7.925 pts:8.008 dur:41.708ms, clock:-0.458 level:103
2019-04-28 14:09:40.947 T:3458011952 ERROR: ffmpeg[CE1D1330]: [aac] Reserved bit set.
2019-04-28 14:09:40.947 T:3458011952 ERROR: ffmpeg[CE1D1330]: [aac] Number of bands (8) exceeds limit (6).
2019-04-28 14:09:40.947 T:3458011952 DEBUG: ffmpeg[CE1D1330]: [aac] Sample rate index in program config element does not match the sample rate index configured by the container.
2019-04-28 14:09:40.947 T:3458011952 DEBUG: ffmpeg[CE1D1330]: [aac] Too large remapped id is not implemented. Update your FFmpeg version to the newest one from Git. If the problem still occurs, it means that your file has a feature which has not been implemented.
2019-04-28 14:09:40.947 T:3458011952 DEBUG: ffmpeg[CE1D1330]: [aac] If you want to help, upload a sample of this file to ftp://upload.ffmpeg.org/incoming/ and contact the ffmpeg-devel mailing list. (ffmpeg-devel@ffmpeg.org)
2019-04-28 14:09:40.947 T:3458011952 ERROR: ffmpeg[CE1D1330]: [aac] channel element 2.8 is not allocated
2019-04-28 14:09:40.948 T:3458011952 ERROR: ffmpeg[CE1D1330]: [aac] channel element 2.0 is not allocated
2019-04-28 14:09:40.948 T:3517969200 DEBUG: CurlFile::ParseAndCorrectUrl() adding custom header option 'Range: bytes=998958-1211123'
2019-04-28 14:09:40.948 T:3517969200 DEBUG: CurlFile::ParseAndCorrectUrl() adding custom header option 'connection: keep-alive'
2019-04-28 14:09:40.948 T:3458011952 DEBUG: ffmpeg[CE1D1330]: [aac] Sample rate index in program config element does not match the sample rate index configured by the container.
2019-04-28 14:09:40.948 T:3517969200 DEBUG: CurlFile::Open(0xe51b2488) http://195.8.12.225/?o=AQHsvJl_EOvSE5TTC4bMd_jEHeSPEPWYqOh8RAVmbt7CBOuYT5VYlLBEmZEOHrgBOyDrYOjO2iHNfpl_cP3gfV8kUOWFG-leEB80dn1b5uAz5vGFWq7Dy_c_ownq5FLF3YlnoMExiAug9_IOqu7r923d64Q4l_0p8QG4lpahucIynSgXubBiaTx6l968bmXFGF43MryiAkvD1dD5j3u_hQ&v=3&e=1556500176&t=XBn9CDz3os3jL_GEmnZeF6gNB3c
2019-04-28 14:09:40.948 T:3458011952 ERROR: ffmpeg[CE1D1330]: [aac] Inconsistent channel configuration.
2019-04-28 14:09:40.948 T:3458011952 ERROR: ffmpeg[CE1D1330]: [aac] get_buffer() failed
2019-04-28 14:09:40.949 T:4089770800 DEBUG: CAnnouncementManager - Announcement: OnAVChange from xbmc
2019-04-28 14:09:40.949 T:4089770800 DEBUG: GOT ANNOUNCEMENT, type: 1, from xbmc, message OnAVChange
2019-04-28 14:09:40.961 T:3552891696 DEBUG: CVideoPlayer::ProcessVideoData size:841 dts:7.966 pts:7.966 dur:41.708ms, clock:-0.458 level:104
2019-04-28 14:09:40.962 T:3552891696 DEBUG: CVideoPlayer::ProcessVideoData size:40963 dts:8.008 pts:8.050 dur:41.708ms, clock:-0.458 level:104
2019-04-28 14:09:40.963 T:3466404656 DEBUG: CurlFile::ParseAndCorrectUrl() adding custom header option 'Range: bytes=213098-238237'
2019-04-28 14:09:40.963 T:3466404656 DEBUG: CurlFile::ParseAndCorrectUrl() adding custom header option 'connection: keep-alive'
2019-04-28 14:09:40.963 T:3466404656 DEBUG: CurlFile::Open(0xe5b45420) http://195.8.12.225/?o=AQHsvJl_EOvSE5TTC4bNd__NFO-JEPWYqP98RAVmbt7CBOuYT5VYlLBEmZEOHrgBOyDrYOjO2iHNfpl_cP3gfV8kUOWFG-leEB80dn1b5uAz5vGFWq7Dy_c_ownq5FLF3YlnoMk1n1K7yKkMhNbEvXmPpd0xgv8g8x69ntP3pds0gHtSovUnbSx-hcm2MHyZCVQLaNviCAjXnsu3in0&v=3&e=1556500176&t=SdFHa60Oat9NM19HrSW2B81Yrik
2019-04-28 14:09:40.969 T:3458011952 ERROR: ffmpeg[CE1D1330]: [aac] Prediction is not allowed in AAC-LC.
2019-04-28 14:09:40.975 T:3517969200 DEBUG: AddOnLog: InputStream Adaptive: Download http://195.8.12.225/?o=AQHsvJl_EOvSE5TTC4bMd_jEHeSPEPWYqOh8RAVmbt7CBOuYT5VYlLBEmZEOHrgBOyDrYOjO2iHNfpl_cP3gfV8kUOWFG-leEB80dn1b5uAz5vGFWq7Dy_c_ownq5FLF3YlnoMExiAug9_IOqu7r923d64Q4l_0p8QG4lpahucIynSgXubBiaTx6l968bmXFGF43MryiAkvD1dD5j3u_hQ&v=3&e=1556500176&t=XBn9CDz3os3jL_GEmnZeF6gNB3c finished, avg speed: 5993962.99byte/s, current speed: 8160230.00byte/s
2019-04-28 14:09:41.000 T:3466404656 DEBUG: AddOnLog: InputStream Adaptive: Download http://195.8.12.225/?o=AQHsvJl_EOvSE5TTC4bNd__NFO-JEPWYqP98RAVmbt7CBOuYT5VYlLBEmZEOHrgBOyDrYOjO2iHNfpl_cP3gfV8kUOWFG-leEB80dn1b5uAz5vGFWq7Dy_c_ownq5FLF3YlnoMk1n1K7yKkMhNbEvXmPpd0xgv8g8x69ntP3pds0gHtSovUnbSx-hcm2MHyZCVQLaNviCAjXnsu3in0&v=3&e=1556500176&t=SdFHa60Oat9NM19HrSW2B81Yrik finished, avg speed: 5866998.29byte/s, current speed: 698333.00byte/s
2019-04-28 14:09:41.000 T:3552891696 DEBUG: CVideoPlayer::ProcessVideoData size:7472 dts:8.050 pts:8.175 dur:41.708ms, clock:-0.458 level:105
2019-04-28 14:09:41.001 T:3552891696 DEBUG: CVideoPlayer::ProcessVideoData size:742 dts:8.091 pts:8.091 dur:41.708ms, clock:-0.458 level:105
2019-04-28 14:09:41.001 T:3552891696 DEBUG: CVideoPlayer::ProcessVideoData size:635 dts:8.133 pts:8.133 dur:41.708ms, clock:-0.458 level:106
2019-04-28 14:09:41.002 T:3552891696 DEBUG: CVideoPlayer::ProcessVideoData size:7638 dts:8.175 pts:8.300 dur:41.708ms, clock:-0.458 level:106
2019-04-28 14:09:41.002 T:3552891696 DEBUG: CVideoPlayer::ProcessVideoData size:665 dts:8.217 pts:8.217 dur:41.708ms, clock:-0.458 level:107
2019-04-28 14:09:41.002 T:3552891696 DEBUG: CVideoPlayer::ProcessVideoData size:673 dts:8.258 pts:8.258 dur:41.708ms, clock:-0.458 level:108
2019-04-28 14:09:41.003 T:3552891696 DEBUG: CVideoPlayer::ProcessVideoData size:7934 dts:8.300 pts:8.425 dur:41.708ms, clock:-0.458 level:108
2019-04-28 14:09:41.003 T:3552891696 DEBUG: CDVDClock::SetSpeedAdjust - adjusted:0.000000
2019-04-28 14:09:41.009 T:3458011952 DEBUG: CDVDAudio::Pause - pausing audio stream
2019-04-28 14:09:41.009 T:3458011952 ERROR: ffmpeg[CE1D1330]: [aac] Reserved bit set.
2019-04-28 14:09:41.010 T:3458011952 ERROR: ffmpeg[CE1D1330]: [aac] Number of scalefactor bands in group (53) exceeds limit (47).
2019-04-28 14:09:41.010 T:3458011952 ERROR: ffmpeg[CE1D1330]: [aac] Reserved bit set.
2019-04-28 14:09:41.010 T:3458011952 ERROR: ffmpeg[CE1D1330]: [aac] Number of scalefactor bands in group (53) exceeds limit (47).
2019-04-28 14:09:41.010 T:3458011952 ERROR: ffmpeg[CE1D1330]: [aac] channel element 2.14 is not allocated
2019-04-28 14:09:41.010 T:3458011952 DEBUG: ffmpeg[CE1D1330]: [aac] Sample rate index in program config element does not match the sample rate index configured by the container.
2019-04-28 14:09:41.010 T:3458011952 ERROR: ffmpeg[CE1D1330]: [aac] Inconsistent channel configuration.
2019-04-28 14:09:41.010 T:3458011952 ERROR: ffmpeg[CE1D1330]: [aac] get_buffer() failed
2019-04-28 14:09:41.010 T:3458011952 ERROR: ffmpeg[CE1D1330]: [aac] channel element 2.3 is not allocated
2019-04-28 14:09:41.010 T:3458011952 ERROR: ffmpeg[CE1D1330]: [aac] channel element 3.8 is not allocated
2019-04-28 14:09:41.010 T:3458011952 ERROR: ffmpeg[CE1D1330]: [aac] Reserved bit set.
2019-04-28 14:09:41.011 T:3458011952 ERROR: ffmpeg[CE1D1330]: [aac] Number of bands (49) exceeds limit (34).
2019-04-28 14:09:41.011 T:3458011952 ERROR: ffmpeg[CE1D1330]: [aac] Prediction is not allowed in AAC-LC.
2019-04-28 14:09:42.018 T:3576222512 DEBUG: CWebServer[8080]: request received for /jsonrpc
2019-04-28 14:09:46.010 T:3552891696 DEBUG: Previous line repeats 11 times.
2019-04-28 14:09:46.010 T:3552891696 DEBUG: CDVDClock::SetSpeedAdjust - adjusted:0.000000
2019-04-28 14:09:46.751 T:3576222512 DEBUG: CWebServer[8080]: request received for /jsonrpc
2019-04-28 14:09:53.875 T:3552891696 DEBUG: Previous line repeats 19 times.
2019-04-28 14:09:53.875 T:3552891696 DEBUG: VideoPlayer::Sync - Video - pts: 0.042, cache: 0.050, totalcache: 0.100, packets:200 level:100
2019-04-28 14:09:53.875 T:3474797360 DEBUG: CVideoPlayerVideo - CDVDMsg::GENERAL_RESYNC(-58292.000000)
2019-04-28 14:09:53.875 T:3885011760 DEBUG: OnAVStarted: CApplication::OnAVStarted
2019-04-28 14:09:53.876 T:3552891696 DEBUG: CVideoPlayer::ProcessVideoData size:852 dts:8.342 pts:8.342 dur:41.708ms, clock:-0.057 level:103
2019-04-28 14:09:53.879 T:3474797360 DEBUG: CVideoPlayerVideo::OutputPicture - ttd:137ms pts:0.083 Clock:-0.054 Level:0 elapsed:0.008ms
2019-04-28 14:09:53.880 T:3458011952 DEBUG: CDVDAudio::Resume - resume audio stream
2019-04-28 14:09:53.880 T:3458011952 DEBUG: ffmpeg[CE1D1330]: [aac] Sample rate index in program config element does not match the sample rate index configured by the container.
2019-04-28 14:09:53.880 T:3458011952 ERROR: ffmpeg[CE1D1330]: [aac] Inconsistent channel configuration.
2019-04-28 14:09:53.881 T:3458011952 ERROR: ffmpeg[CE1D1330]: [aac] get_buffer() failed
2019-04-28 14:09:53.882 T:3474797360 DEBUG: CVideoPlayerVideo::OutputPicture - ttd:176ms pts:0.125 Clock:-0.051 Level:1 elapsed:0.008ms
2019-04-28 14:09:53.886 T:3474797360 DEBUG: CVideoPlayerVideo::OutputPicture - ttd:213ms pts:0.167 Clock:-0.047 Level:2 elapsed:0.010ms
2019-04-28 14:09:53.887 T:3552891696 DEBUG: CVideoPlayer::ProcessVideoData size:786 dts:8.383 pts:8.383 dur:41.708ms, clock:-0.046 level:104
2019-04-28 14:09:53.887 T:3552891696 DEBUG: CVideoPlayer::ProcessVideoData size:8438 dts:8.425 pts:8.550 dur:41.708ms, clock:-0.046 level:104
2019-04-28 14:09:53.891 T:3458011952 ERROR: ffmpeg[CE1D1330]: [aac] channel element 2.2 is not allocated
2019-04-28 14:09:53.891 T:3458011952 DEBUG: ffmpeg[CE1D1330]: [aac] Sample rate index in program config element does not match the sample rate index configured by the container.
2019-04-28 14:09:53.891 T:3458011952 ERROR: ffmpeg[CE1D1330]: [aac] Inconsistent channel configuration.
2019-04-28 14:09:53.892 T:3458011952 ERROR: ffmpeg[CE1D1330]: [aac] get_buffer() failed
2019-04-28 14:09:53.896 T:3474797360 DEBUG: CVideoPlayerVideo::OutputPicture - ttd:245ms pts:0.209 Clock:-0.037 Level:3 elapsed:0.008ms
2019-04-28 14:09:53.897 T:4089770800 DEBUG: CAnnouncementManager - Announcement: OnAVStart from xbmc
2019-04-28 14:09:53.897 T:4089770800 DEBUG: GOT ANNOUNCEMENT, type: 1, from xbmc, message OnAVStart
2019-04-28 14:09:53.898 T:3552891696 DEBUG: CVideoPlayer::ProcessVideoData size:821 dts:8.467 pts:8.467 dur:41.708ms, clock:-0.035 level:105
2019-04-28 14:09:53.899 T:3552891696 DEBUG: CVideoPlayer::ProcessVideoData size:872 dts:8.508 pts:8.508 dur:41.708ms, clock:-0.034 level:105
2019-04-28 14:09:53.900 T:3474797360 DEBUG: CVideoPlayerVideo::OutputPicture - ttd:283ms pts:0.250 Clock:-0.033 Level:4 elapsed:0.007ms
2019-04-28 14:09:53.902 T:3458011952 ERROR: ffmpeg[CE1D1330]: [aac] channel element 2.8 is not allocated
2019-04-28 14:09:53.902 T:3458011952 ERROR: ffmpeg[CE1D1330]: [aac] Number of bands (43) exceeds limit (34).
2019-04-28 14:09:53.904 T:3474797360 DEBUG: CVideoPlayerVideo::OutputPicture - ttd:321ms pts:0.292 Clock:-0.029 Level:5 elapsed:0.009ms
2019-04-28 14:09:53.907 T:3474797360 DEBUG: CVideoPlayerVideo::OutputPicture - ttd:359ms pts:0.334 Clock:-0.026 Level:6 elapsed:0.008ms
2019-04-28 14:09:53.910 T:3552891696 DEBUG: CVideoPlayer::ProcessVideoData size:8647 dts:8.550 pts:8.675 dur:41.708ms, clock:-0.023 level:105
2019-04-28 14:09:53.910 T:3552891696 DEBUG: CVideoPlayer::ProcessVideoData size:834 dts:8.592 pts:8.592 dur:41.708ms, clock:-0.023 level:106
2019-04-28 14:09:53.911 T:3552891696 DEBUG: CVideoPlayer::ProcessVideoData size:842 dts:8.634 pts:8.634 dur:41.708ms, clock:-0.022 level:106
2019-04-28 14:09:53.913 T:3458011952 ERROR: ffmpeg[CE1D1330]: [aac] channel element 3.14 is not allocated
2019-04-28 14:09:53.913 T:3458011952 ERROR: ffmpeg[CE1D1330]: [aac] channel element 2.5 is not allocated
2019-04-28 14:09:53.913 T:3458011952 ERROR: ffmpeg[CE1D1330]: [aac] Number of scalefactor bands in group (54) exceeds limit (47).
2019-04-28 14:09:53.924 T:4093684544 DEBUG: Activating window ID: 12005
2019-04-28 14:09:53.924 T:4093684544 DEBUG: ------ Window Deinit (MyVideoNav.xml) ------
2019-04-28 14:09:53.924 T:4093684544 DEBUG: FreeVisualisation() done
2019-04-28 14:09:53.926 T:4093684544 DEBUG: ------ Window Init (VideoFullScreen.xml) ------
2019-04-28 14:09:53.926 T:4093684544 INFO: Loading skin file: VideoFullScreen.xml, load type: KEEP_IN_MEMORY
2019-04-28 14:09:53.934 T:4093684544 NOTICE: Whitelist search for: width: 720, height: 480, fps: 23.976, 3D: false
2019-04-28 14:09:53.934 T:4093684544 DEBUG: Trying to find exact refresh rate
2019-04-28 14:09:53.935 T:4093684544 DEBUG: No exact whitelisted resolution matched, trying double refresh rate
2019-04-28 14:09:53.935 T:4093684544 DEBUG: No double whitelisted resolution matched, trying 3:2 pullback
2019-04-28 14:09:53.936 T:4093684544 DEBUG: Matched fuzzy whitelisted Resolution 720x480 @ 59.94 - Full Screen (17)
2019-04-28 14:09:53.936 T:4093684544 NOTICE: Display resolution ADJUST : 720x480 @ 59.94 - Full Screen (17) (weight: 0.000)
2019-04-28 14:09:53.937 T:4093684544 NOTICE: VideoPlayer: OnLostDisplay received
2019-04-28 14:09:53.937 T:4093684544 DEBUG: AMLUtils::aml_handle_display_stereo_mode old mode 3doff new mode 3doff
2019-04-28 14:09:53.937 T:4093684544 DEBUG: AMLUtils::aml_handle_display_stereo_mode - no change needed
2019-04-28 14:09:53.944 T:3458011952 DEBUG: CVideoPlayerAudio - CDVDMsg::GENERAL_PAUSE: 1
2019-04-28 14:09:53.973 T:3785339696 DEBUG: [plugin.video.netflix (0)] Executing JSON-RPC: {"params": {"playerid": 1, "properties": ["audiostreams", "currentaudiostream", "subtitles", "currentsubtitle", "subtitleenabled", "percentage", "time"]}, "jsonrpc": "2.0", "method": "Player.GetProperties", "id": 1}
2019-04-28 14:09:53.976 T:3785339696 DEBUG: [plugin.video.netflix (0)] Notifying all managers of on_playback_started (data={u'currentaudiostream': {u'index': 0, u'name': u'AAC ', u'language': u'eng', u'channels': 2, u'codec': u'aac', u'bitrate': 98304}, u'elapsed_seconds': 0, u'time': {u'hours': 0, u'seconds': 0, u'minutes': 0, u'milliseconds': 24}, u'subtitleenabled': True, u'percentage': 0.00046719875535927713, u'currentsubtitle': {u'index': 0, u'name': u'', u'language': u'eng'}, u'audiostreams': [{u'index': 0, u'name': u'AAC ', u'language': u'eng', u'channels': 2, u'codec': u'aac', u'bitrate': 98304}, {u'index': 1, u'name': u'AAC ', u'language': u'spa', u'channels': 2, u'codec': u'aac', u'bitrate': 98304}, {u'index': 2, u'name': u'AAC ', u'language': u'fre', u'channels': 2, u'codec': u'aac', u'bitrate': 98304}, {u'index': 3, u'name': u'AAC ', u'language': u'por', u'channels': 2, u'codec': u'aac', u'bitrate': 98304}], u'subtitles': [{u'index': 0, u'name': u'', u'language': u'eng'}, {u'index': 1, u'name': u'', u'language': u'spa'}, {u'index': 2, u'name': u'', u'language': u'spa'}, {u'index': 3, u'name': u'', u'language': u'fre'}, {u'index': 4, u'name': u'', u'language': u'fre'}, {u'index': 5, u'name': u'', u'language': u'por'}]})
2019-04-28 14:09:54.166 T:4093684544 DEBUG: AMLUtils::aml_handle_display_stereo_mode old mode 3doff new mode 3doff
2019-04-28 14:09:54.166 T:4093684544 DEBUG: AMLUtils::aml_handle_display_stereo_mode - no change needed
2019-04-28 14:09:54.184 T:4093684544 INFO: GLES: Maximum texture width: 8192
2019-04-28 14:09:54.243 T:4093684544 NOTICE: GLES: Selecting single pass rendering
2019-04-28 14:09:54.247 T:4093684544 DEBUG: ------ Window Deinit (DialogBusy.xml) ------
2019-04-28 14:09:54.410 T:3474797360 WARNING: CRenderManager::WaitForBuffer - timeout waiting for buffer
2019-04-28 14:09:54.411 T:3474797360 DEBUG: CVideoPlayerVideo::OutputPicture - ttd:398ms pts:0.375 Clock:-0.023 Level:-1 elapsed:500.273ms
2019-04-28 14:09:54.411 T:3474797360 DEBUG: CVideoPlayerVideo - CDVDMsg::GENERAL_PAUSE: 1
2019-04-28 14:09:54.705 T:3576222512 DEBUG: CWebServer[8080]: request received for /jsonrpc
2019-04-28 14:09:54.873 T:3785339696 DEBUG: Previous line repeats 3 times.
2019-04-28 14:09:54.873 T:3785339696 DEBUG: [plugin.video.netflix (0)] Executing JSON-RPC: {"params": {"playerid": 1, "properties": ["audiostreams", "currentaudiostream", "subtitles", "currentsubtitle", "subtitleenabled", "percentage", "time"]}, "jsonrpc": "2.0", "method": "Player.GetProperties", "id": 1}
2019-04-28 14:09:54.875 T:3785339696 DEBUG: [plugin.video.netflix (0)] Notifying all managers of on_tick (data={u'currentaudiostream': {u'index': 0, u'name': u'AAC ', u'language': u'eng', u'channels': 2, u'codec': u'aac', u'bitrate': 98304}, u'elapsed_seconds': 0, u'time': {u'hours': 0, u'seconds': 0, u'minutes': 0, u'milliseconds': 24}, u'subtitleenabled': True, u'percentage': 0.00046719875535927713, u'currentsubtitle': {u'index': 0, u'name': u'', u'language': u'eng'}, u'audiostreams': [{u'index': 0, u'name': u'AAC ', u'language': u'eng', u'channels': 2, u'codec': u'aac', u'bitrate': 98304}, {u'index': 1, u'name': u'AAC ', u'language': u'spa', u'channels': 2, u'codec': u'aac', u'bitrate': 98304}, {u'index': 2, u'name': u'AAC ', u'language': u'fre', u'channels': 2, u'codec': u'aac', u'bitrate': 98304}, {u'index': 3, u'name': u'AAC ', u'language': u'por', u'channels': 2, u'codec': u'aac', u'bitrate': 98304}], u'subtitles': [{u'index': 0, u'name': u'', u'language': u'eng'}, {u'index': 1, u'name': u'', u'language': u'spa'}, {u'index': 2, u'name': u'', u'language': u'spa'}, {u'index': 3, u'name': u'', u'language': u'fre'}, {u'index': 4, u'name': u'', u'language': u'fre'}, {u'index': 5, u'name': u'', u'language': u'por'}]})
2019-04-28 14:09:54.937 T:4093684544 NOTICE: VideoPlayer: OnResetDisplay received
2019-04-28 14:09:54.937 T:3458011952 DEBUG: CVideoPlayerAudio - CDVDMsg::GENERAL_PAUSE: 0
2019-04-28 14:09:54.943 T:3901797168 DEBUG: OnAVChange: CApplication::OnAVChange
2019-04-28 14:09:54.953 T:3474797360 DEBUG: CVideoPlayerVideo::OutputPicture - ttd:371ms pts:0.375 Clock:0.004 Level:6 elapsed:496.680ms
2019-04-28 14:09:54.953 T:3474797360 DEBUG: CVideoPlayerVideo - CDVDMsg::GENERAL_PAUSE: 0
2019-04-28 14:09:54.954 T:3552891696 DEBUG: CVideoPlayer::ProcessVideoData size:9100 dts:8.675 pts:8.800 dur:41.708ms, clock:0.021 level:106
2019-04-28 14:09:54.958 T:3458011952 ERROR: ffmpeg[CE1D1330]: [aac] channel element 3.10 is not allocated
2019-04-28 14:09:54.960 T:4089770800 DEBUG: CAnnouncementManager - Announcement: OnAVChange from xbmc
2019-04-28 14:09:54.960 T:4089770800 DEBUG: GOT ANNOUNCEMENT, type: 1, from xbmc, message OnAVChange
2019-04-28 14:09:54.994 T:3474797360 DEBUG: CVideoPlayerVideo::OutputPicture - ttd:396ms pts:0.417 Clock:0.021 Level:6 elapsed:40.278ms
2019-04-28 14:09:55.005 T:3552891696 DEBUG: CVideoPlayer::ProcessVideoData size:926 dts:8.717 pts:8.717 dur:41.708ms, clock:0.072 level:106
2019-04-28 14:09:55.008 T:3458011952 ERROR: ffmpeg[CE1D1330]: [aac] channel element 3.9 is not allocated
2019-04-28 14:09:55.036 T:3474797360 DEBUG: CVideoPlayerVideo::OutputPicture - ttd:395ms pts:0.459 Clock:0.063 Level:6 elapsed:39.606ms
2019-04-28 14:09:55.046 T:3552891696 DEBUG: CVideoPlayer::ProcessVideoData size:916 dts:8.759 pts:8.759 dur:41.708ms, clock:0.113 level:106
2019-04-28 14:09:55.049 T:3458011952 ERROR: ffmpeg[CE1D1330]: [aac] channel element 2.9 is not allocated
2019-04-28 14:09:55.077 T:3474797360 DEBUG: CVideoPlayerVideo::OutputPicture - ttd:395ms pts:0.500 Clock:0.105 Level:6 elapsed:39.685ms
2019-04-28 14:09:55.087 T:3552891696 DEBUG: CVideoPlayer::ProcessVideoData size:9929 dts:8.800 pts:8.926 dur:41.708ms, clock:0.154 level:106
2019-04-28 14:09:55.090 T:3458011952 ERROR: ffmpeg[CE1D1330]: [aac] Number of bands (7) exceeds limit (4).
2019-04-28 14:09:55.120 T:3474797360 DEBUG: CVideoPlayerVideo::OutputPicture - ttd:395ms pts:0.542 Clock:0.147 Level:6 elapsed:39.954ms
2019-04-28 14:09:55.127 T:3552891696 DEBUG: CVideoPlayer::ProcessVideoData size:1023 dts:8.842 pts:8.842 dur:41.708ms, clock:0.194 level:106
2019-04-28 14:09:55.130 T:3458011952 ERROR: ffmpeg[CE1D1330]: [aac] channel element 3.6 is not allocated
2019-04-28 14:09:55.161 T:3474797360 DEBUG: CVideoPlayerVideo::OutputPicture - ttd:395ms pts:0.584 Clock:0.189 Level:6 elapsed:39.857ms
2019-04-28 14:09:55.168 T:3552891696 DEBUG: CVideoPlayer::ProcessVideoData size:1112 dts:8.884 pts:8.884 dur:41.708ms, clock:0.236 level:106
2019-04-28 14:09:55.171 T:3458011952 ERROR: ffmpeg[CE1D1330]: [aac] Number of bands (5) exceeds limit (2).
2019-04-28 14:09:55.203 T:3474797360 DEBUG: CVideoPlayerVideo::OutputPicture - ttd:394ms pts:0.626 Clock:0.231 Level:6 elapsed:39.331ms
2019-04-28 14:09:55.209 T:3552891696 DEBUG: CVideoPlayer::ProcessVideoData size:8991 dts:8.926 pts:9.051 dur:41.708ms, clock:0.277 level:106
2019-04-28 14:09:55.212 T:3458011952 DEBUG: ffmpeg[CE1D1330]: [aac] Sample rate index in program config element does not match the sample rate index configured by the container.
2019-04-28 14:09:55.212 T:3458011952 ERROR: ffmpeg[CE1D1330]: [aac] Inconsistent channel configuration.
2019-04-28 14:09:55.212 T:3458011952 ERROR: ffmpeg[CE1D1330]: [aac] get_buffer() failed
2019-04-28 14:09:55.244 T:3474797360 DEBUG: CVideoPlayerVideo::OutputPicture - ttd:395ms pts:0.667 Clock:0.272 Level:6 elapsed:39.212ms
2019-04-28 14:09:55.250 T:3552891696 DEBUG: CVideoPlayer::ProcessVideoData size:1111 dts:8.967 pts:8.967 dur:41.708ms, clock:0.317 level:106
2019-04-28 14:09:55.252 T:3458011952 ERROR: ffmpeg[CE1D1330]: [aac] channel element 3.3 is not allocated
2019-04-28 14:09:55.286 T:3474797360 DEBUG: CVideoPlayerVideo::OutputPicture - ttd:393ms pts:0.709 Clock:0.316 Level:6 elapsed:37.286ms
2019-04-28 14:09:55.291 T:3552891696 DEBUG: CVideoPlayer::ProcessVideoData size:1149 dts:9.009 pts:9.009 dur:41.708ms, clock:0.358 level:106
2019-04-28 14:09:55.293 T:3458011952 ERROR: ffmpeg[CE1D1330]: [aac] channel element 2.3 is not allocated
2019-04-28 14:09:55.328 T:3474797360 DEBUG: CVideoPlayerVideo::OutputPicture - ttd:390ms pts:0.751 Clock:0.360 Level:6 elapsed:35.111ms
2019-04-28 14:09:55.332 T:3552891696 DEBUG: CVideoPlayer::ProcessVideoData size:9209 dts:9.051 pts:9.176 dur:41.708ms, clock:0.400 level:107
2019-04-28 14:09:55.333 T:3458011952 ERROR: ffmpeg[CE1D1330]: [aac] channel element 2.8 is not allocated
2019-04-28 14:09:55.370 T:3474797360 DEBUG: CVideoPlayerVideo::OutputPicture - ttd:394ms pts:0.792 Clock:0.398 Level:6 elapsed:38.995ms
2019-04-28 14:09:55.373 T:3552891696 DEBUG: CVideoPlayer::ProcessVideoData size:1282 dts:9.092 pts:9.092 dur:41.708ms, clock:0.441 level:106
2019-04-28 14:09:55.374 T:3458011952 ERROR: ffmpeg[CE1D1330]: [aac] Number of bands (15) exceeds limit (11).
2019-04-28 14:09:55.412 T:3474797360 DEBUG: CVideoPlayerVideo::OutputPicture - ttd:389ms pts:0.834 Clock:0.445 Level:6 elapsed:33.753ms
2019-04-28 14:09:55.414 T:3552891696 DEBUG: CVideoPlayer::ProcessVideoData size:1249 dts:9.134 pts:9.134 dur:41.708ms, clock:0.482 level:107
2019-04-28 14:09:55.415 T:3458011952 DEBUG: ffmpeg[CE1D1330]: [aac] Sample rate index in program config element does not match the sample rate index configured by the container.
2019-04-28 14:09:55.415 T:3458011952 DEBUG: ffmpeg[CE1D1330]: [aac] Too large remapped id is not implemented. Update your FFmpeg version to the newest one from Git. If the problem still occurs, it means that your file has a feature which has not been implemented.
2019-04-28 14:09:55.415 T:3458011952 DEBUG: ffmpeg[CE1D1330]: [aac] If you want to help, upload a sample of this file to ftp://upload.ffmpeg.org/incoming/ and contact the ffmpeg-devel mailing list. (ffmpeg-devel@ffmpeg.org)
2019-04-28 14:09:55.453 T:3474797360 DEBUG: CVideoPlayerVideo::OutputPicture - ttd:392ms pts:0.876 Clock:0.483 Level:6 elapsed:37.042ms
2019-04-28 14:09:55.456 T:3458011952 ERROR: ffmpeg[CE1D1330]: [aac] Reserved bit set.
2019-04-28 14:09:55.456 T:3552891696 DEBUG: CVideoPlayer::ProcessVideoData size:8526 dts:9.176 pts:9.301 dur:41.708ms, clock:0.523 level:106
2019-04-28 14:09:55.456 T:3458011952 ERROR: ffmpeg[CE1D1330]: [aac] ms_present = 3 is reserved.
2019-04-28 14:09:55.495 T:3474797360 DEBUG: CVideoPlayerVideo::OutputPicture - ttd:394ms pts:0.918 Clock:0.523 Level:6 elapsed:38.856ms
2019-04-28 14:09:55.496 T:3552891696 DEBUG: CVideoPlayer::ProcessVideoData size:1308 dts:9.218 pts:9.218 dur:41.708ms, clock:0.564 level:106
2019-04-28 14:09:55.507 T:3458011952 ERROR: ffmpeg[CE1D1330]: [aac] channel element 3.4 is not allocated
2019-04-28 14:09:55.536 T:3474797360 DEBUG: CVideoPlayerVideo::OutputPicture - ttd:390ms pts:0.959 Clock:0.569 Level:6 elapsed:34.327ms
2019-04-28 14:09:55.547 T:3552891696 DEBUG: CVideoPlayer::ProcessVideoData size:1278 dts:9.259 pts:9.259 dur:41.708ms, clock:0.615 level:107
2019-04-28 14:09:55.557 T:3458011952 ERROR: ffmpeg[CE1D1330]: [aac] channel element 2.7 is not allocated
2019-04-28 14:09:55.578 T:3474797360 DEBUG: CVideoPlayerVideo::OutputPicture - ttd:394ms pts:1.001 Clock:0.606 Level:6 elapsed:39.092ms
2019-04-28 14:09:55.588 T:3552891696 DEBUG: CVideoPlayer::ProcessVideoData size:8298 dts:9.301 pts:9.426 dur:41.708ms, clock:0.655 level:106
2019-04-28 14:09:55.620 T:3474797360 DEBUG: CVideoPlayerVideo::OutputPicture - ttd:394ms pts:1.043 Clock:0.648 Level:6 elapsed:38.736ms
2019-04-28 14:09:55.629 T:3552891696 DEBUG: CVideoPlayer::ProcessVideoData size:1409 dts:9.343 pts:9.343 dur:41.708ms, clock:0.696 level:106
2019-04-28 14:09:55.638 T:3458011952 DEBUG: ffmpeg[CE1D1330]: [aac] Sample rate index in program config element does not match the sample rate index configured by the container.
2019-04-28 14:09:55.638 T:3458011952 DEBUG: ffmpeg[CE1D1330]: [aac] Too large remapped id is not implemented. Update your FFmpeg version to the newest one from Git. If the problem still occurs, it means that your file has a feature which has not been implemented.
2019-04-28 14:09:55.638 T:3458011952 DEBUG: ffmpeg[CE1D1330]: [aac] If you want to help, upload a sample of this file to ftp://upload.ffmpeg.org/incoming/ and contact the ffmpeg-devel mailing list. (ffmpeg-devel@ffmpeg.org)
2019-04-28 14:09:55.661 T:3474797360 DEBUG: CVideoPlayerVideo::OutputPicture - ttd:391ms pts:1.084 Clock:0.693 Level:6 elapsed:35.257ms
2019-04-28 14:09:55.670 T:3552891696 DEBUG: CVideoPlayer::ProcessVideoData size:1380 dts:9.384 pts:9.384 dur:41.708ms, clock:0.737 level:107
2019-04-28 14:09:55.679 T:3458011952 ERROR: ffmpeg[CE1D1330]: [aac] Reserved bit set.
2019-04-28 14:09:55.679 T:3458011952 ERROR: ffmpeg[CE1D1330]: [aac] Prediction is not allowed in AAC-LC.
2019-04-28 14:09:55.703 T:3474797360 DEBUG: CVideoPlayerVideo::OutputPicture - ttd:394ms pts:1.126 Clock:0.731 Level:6 elapsed:39.124ms
2019-04-28 14:09:55.711 T:3552891696 DEBUG: CVideoPlayer::ProcessVideoData size:7869 dts:9.426 pts:9.551 dur:41.708ms, clock:0.778 level:106
2019-04-28 14:09:55.720 T:3458011952 ERROR: ffmpeg[CE1D1330]: [aac] Reserved bit set.
2019-04-28 14:09:55.720 T:3458011952 ERROR: ffmpeg[CE1D1330]: [aac] Prediction is not allowed in AAC-LC.
2019-04-28 14:09:55.745 T:3474797360 DEBUG: CVideoPlayerVideo::OutputPicture - ttd:394ms pts:1.168 Clock:0.773 Level:6 elapsed:38.312ms
2019-04-28 14:09:55.752 T:3552891696 DEBUG: CVideoPlayer::ProcessVideoData size:1446 dts:9.468 pts:9.468 dur:41.708ms, clock:0.819 level:106
2019-04-28 14:09:55.760 T:3458011952 ERROR: ffmpeg[CE1D1330]: [aac] Reserved bit set.
2019-04-28 14:09:55.761 T:3458011952 ERROR: ffmpeg[CE1D1330]: [aac] Number of bands (48) exceeds limit (42).
2019-04-28 14:09:55.787 T:3474797360 DEBUG: CVideoPlayerVideo::OutputPicture - ttd:392ms pts:1.210 Clock:0.817 Level:6 elapsed:37.228ms
2019-04-28 14:09:55.793 T:3552891696 DEBUG: CVideoPlayer::ProcessVideoData size:1523 dts:9.509 pts:9.509 dur:41.708ms, clock:0.860 level:107
2019-04-28 14:09:55.801 T:3458011952 ERROR: ffmpeg[CE1D1330]: [aac] channel element 2.10 is not allocated
2019-04-28 14:09:55.829 T:3474797360 DEBUG: CVideoPlayerVideo::OutputPicture - ttd:394ms pts:1.251 Clock:0.857 Level:6 elapsed:38.649ms
2019-04-28 14:09:55.833 T:3552891696 DEBUG: CVideoPlayer::ProcessVideoData size:7568 dts:9.551 pts:9.635 dur:41.708ms, clock:0.900 level:106
2019-04-28 14:09:55.842 T:3458011952 ERROR: ffmpeg[CE1D1330]: [aac] channel element 2.9 is not allocated
2019-04-28 14:09:55.870 T:3474797360 DEBUG: CVideoPlayerVideo::OutputPicture - ttd:393ms pts:1.293 Clock:0.899 Level:6 elapsed:38.268ms
2019-04-28 14:09:55.874 T:3552891696 DEBUG: CVideoPlayer::ProcessVideoData size:1401 dts:9.593 pts:9.593 dur:41.708ms, clock:0.941 level:106
2019-04-28 14:09:55.876 T:3785339696 DEBUG: [plugin.video.netflix (0)] Executing JSON-RPC: {"params": {"playerid": 1, "properties": ["audiostreams", "currentaudiostream", "subtitles", "currentsubtitle", "subtitleenabled", "percentage", "time"]}, "jsonrpc": "2.0", "method": "Player.GetProperties", "id": 1}
2019-04-28 14:09:55.879 T:3785339696 DEBUG: [plugin.video.netflix (0)] Notifying all managers of on_tick (data={u'currentaudiostream': {u'index': 0, u'name': u'AAC ', u'language': u'eng', u'channels': 2, u'codec': u'aac', u'bitrate': 98304}, u'elapsed_seconds': 0, u'time': {u'hours': 0, u'seconds': 0, u'minutes': 0, u'milliseconds': 787}, u'subtitleenabled': True, u'percentage': 0.015320225618779659, u'currentsubtitle': {u'index': 0, u'name': u'', u'language': u'eng'}, u'audiostreams': [{u'index': 0, u'name': u'AAC ', u'language': u'eng', u'channels': 2, u'codec': u'aac', u'bitrate': 98304}, {u'index': 1, u'name': u'AAC ', u'language': u'spa', u'channels': 2, u'codec': u'aac', u'bitrate': 98304}, {u'index': 2, u'name': u'AAC ', u'language': u'fre', u'channels': 2, u'codec': u'aac', u'bitrate': 98304}, {u'index': 3, u'name': u'AAC ', u'language': u'por', u'channels': 2, u'codec': u'aac', u'bitrate': 98304}], u'subtitles': [{u'index': 0, u'name': u'', u'language': u'eng'}, {u'index': 1, u'name': u'', u'language': u'spa'}, {u'index': 2, u'name': u'', u'language': u'spa'}, {u'index': 3, u'name': u'', u'language': u'fre'}, {u'index': 4, u'name': u'', u'language': u'fre'}, {u'index': 5, u'name': u'', u'language': u'por'}]})
2019-04-28 14:09:55.882 T:3458011952 ERROR: ffmpeg[CE1D1330]: [aac] channel element 2.2 is not allocated
2019-04-28 14:09:55.912 T:3474797360 DEBUG: CVideoPlayerVideo::OutputPicture - ttd:392ms pts:1.335 Clock:0.942 Level:6 elapsed:36.389ms
2019-04-28 14:09:55.915 T:3552891696 DEBUG: CVideoPlayer::ProcessVideoData size:7875 dts:9.635 pts:9.760 dur:41.708ms, clock:0.982 level:107
2019-04-28 14:09:55.923 T:3458011952 ERROR: ffmpeg[CE1D1330]: [aac] SBR was found before the first channel element.
2019-04-28 14:09:55.923 T:3458011952 ERROR: ffmpeg[CE1D1330]: [aac] Reserved bit set.
2019-04-28 14:09:55.923 T:3458011952 ERROR: ffmpeg[CE1D1330]: [aac] Number of scalefactor bands in group (63) exceeds limit (47).
2019-04-28 14:09:55.954 T:3474797360 DEBUG: CVideoPlayerVideo::OutputPicture - ttd:395ms pts:1.376 Clock:0.981 Level:6 elapsed:39.417ms
2019-04-28 14:09:55.956 T:3552891696 DEBUG: CVideoPlayer::ProcessVideoData size:1568 dts:9.676 pts:9.676 dur:41.708ms, clock:1.023 level:106
2019-04-28 14:09:55.964 T:3458011952 ERROR: ffmpeg[CE1D1330]: [aac] channel element 2.10 is not allocated
2019-04-28 14:09:55.995 T:3474797360 DEBUG: CVideoPlayerVideo::OutputPicture - ttd:394ms pts:1.418 Clock:1.024 Level:6 elapsed:37.902ms
2019-04-28 14:09:55.997 T:3552891696 DEBUG: CVideoPlayer::ProcessVideoData size:1652 dts:9.718 pts:9.718 dur:41.708ms, clock:1.064 level:106
2019-04-28 14:09:56.004 T:3458011952 ERROR: ffmpeg[CE1D1330]: [aac] Reserved bit set.
2019-04-28 14:09:56.005 T:3458011952 ERROR: ffmpeg[CE1D1330]: [aac] Number of bands (38) exceeds limit (24).
2019-04-28 14:09:56.037 T:3474797360 DEBUG: CVideoPlayerVideo::OutputPicture - ttd:393ms pts:1.460 Clock:1.066 Level:6 elapsed:37.729ms
2019-04-28 14:09:56.048 T:3552891696 DEBUG: CVideoPlayer::ProcessVideoData size:7476 dts:9.760 pts:9.885 dur:41.708ms, clock:1.115 level:107
2019-04-28 14:09:56.055 T:3458011952 ERROR: ffmpeg[CE1D1330]: [aac] channel element 3.1 is not allocated
2019-04-28 14:09:56.079 T:3474797360 DEBUG: CVideoPlayerVideo::OutputPicture - ttd:394ms pts:1.502 Clock:1.107 Level:6 elapsed:38.347ms
2019-04-28 14:09:56.089 T:3552891696 DEBUG: CVideoPlayer::ProcessVideoData size:1693 dts:9.801 pts:9.801 dur:41.708ms, clock:1.156 level:106
2019-04-28 14:09:56.096 T:3458011952 ERROR: ffmpeg[CE1D1330]: [aac] Reserved bit set.
2019-04-28 14:09:56.096 T:3458011952 ERROR: ffmpeg[CE1D1330]: [aac] Number of scalefactor bands in group (56) exceeds limit (47).
2019-04-28 14:09:56.121 T:3474797360 DEBUG: CVideoPlayerVideo::OutputPicture - ttd:395ms pts:1.543 Clock:1.148 Level:6 elapsed:39.692ms
2019-04-28 14:09:56.129 T:3552891696 DEBUG: CVideoPlayer::ProcessVideoData size:1633 dts:9.843 pts:9.843 dur:41.708ms, clock:1.197 level:106
2019-04-28 14:09:56.137 T:3458011952 ERROR: ffmpeg[CE1D1330]: [aac] channel element 2.6 is not allocated
2019-04-28 14:09:56.162 T:3474797360 DEBUG: CVideoPlayerVideo::OutputPicture - ttd:392ms pts:1.585 Clock:1.192 Level:6 elapsed:37.305ms
2019-04-28 14:09:56.170 T:3552891696 DEBUG: CVideoPlayer::ProcessVideoData size:7094 dts:9.885 pts:9.968 dur:41.708ms, clock:1.237 level:107
2019-04-28 14:09:56.177 T:3458011952 DEBUG: ffmpeg[CE1D1330]: [aac] Sample rate index in program config element does not match the sample rate index configured by the container.
2019-04-28 14:09:56.177 T:3458011952 ERROR: ffmpeg[CE1D1330]: [aac] Inconsistent channel configuration.
2019-04-28 14:09:56.177 T:3458011952 ERROR: ffmpeg[CE1D1330]: [aac] get_buffer() failed
2019-04-28 14:09:56.204 T:3474797360 DEBUG: CVideoPlayerVideo::OutputPicture - ttd:392ms pts:1.627 Clock:1.234 Level:6 elapsed:36.669ms
2019-04-28 14:09:56.211 T:3552891696 DEBUG: CVideoPlayer::ProcessVideoData size:1696 dts:9.927 pts:9.927 dur:41.708ms, clock:1.278 level:106
2019-04-28 14:09:56.218 T:3458011952 ERROR: ffmpeg[CE1D1330]: [aac] Reserved bit set.
2019-04-28 14:09:56.218 T:3458011952 ERROR: ffmpeg[CE1D1330]: [aac] Number of bands (21) exceeds limit (17).
2019-04-28 14:09:56.245 T:3474797360 DEBUG: CVideoPlayerVideo::OutputPicture - ttd:394ms pts:1.668 Clock:1.274 Level:6 elapsed:38.729ms
2019-04-28 14:09:56.254 T:3517969200 DEBUG: CurlFile::ParseAndCorrectUrl() adding custom header option 'Range: bytes=1211124-1591619'
2019-04-28 14:09:56.254 T:3517969200 DEBUG: CurlFile::ParseAndCorrectUrl() adding custom header option 'connection: keep-alive'
2019-04-28 14:09:56.254 T:3517969200 DEBUG: CurlFile::Open(0xe51990d0) http://195.8.12.225/?o=AQHsvJl_EOvSE5TTC4bMd_jEHeSPEPWYqOh8RAVmbt7CBOuYT5VYlLBEmZEOHrgBOyDrYOjO2iHNfpl_cP3gfV8kUOWFG-leEB80dn1b5uAz5vGFWq7Dy_c_ownq5FLF3YlnoMExiAug9_IOqu7r923d64Q4l_0p8QG4lpahucIynSgXubBiaTx6l968bmXFGF43MryiAkvD1dD5j3u_hQ&v=3&e=1556500176&t=XBn9CDz3os3jL_GEmnZeF6gNB3c
2019-04-28 14:09:56.259 T:3458011952 ERROR: ffmpeg[CE1D1330]: [aac] channel element 2.14 is not allocated
2019-04-28 14:09:56.264 T:3552891696 DEBUG: CVideoPlayer::ProcessVideoData size:2789 dts:9.968 pts:10.010 dur:41.708ms, clock:1.331 level:106
2019-04-28 14:09:56.289 T:3474797360 DEBUG: CVideoPlayerVideo::OutputPicture - ttd:381ms pts:1.710 Clock:1.328 Level:6 elapsed:27.178ms
2019-04-28 14:09:56.293 T:3576222512 DEBUG: CWebServer[8080]: request received for /jsonrpc
2019-04-28 14:09:56.295 T:3552891696 DEBUG: CVideoPlayer::ProcessVideoData size:21710 dts:10.010 pts:10.052 dur:41.708ms, clock:1.362 level:106
2019-04-28 14:09:56.299 T:3517969200 DEBUG: AddOnLog: InputStream Adaptive: Download http://195.8.12.225/?o=AQHsvJl_EOvSE5TTC4bMd_jEHeSPEPWYqOh8RAVmbt7CBOuYT5VYlLBEmZEOHrgBOyDrYOjO2iHNfpl_cP3gfV8kUOWFG-leEB80dn1b5uAz5vGFWq7Dy_c_ownq5FLF3YlnoMExiAug9_IOqu7r923d64Q4l_0p8QG4lpahucIynSgXubBiaTx6l968bmXFGF43MryiAkvD1dD5j3u_hQ&v=3&e=1556500176&t=XBn9CDz3os3jL_GEmnZeF6gNB3c finished, avg speed: 6876006.25byte/s, current speed: 8647636.00byte/s
2019-04-28 14:09:56.299 T:3458011952 ERROR: ffmpeg[CE1D1330]: [aac] Number of bands (8) exceeds limit (7).
2019-04-28 14:09:56.301 T:3576222512 DEBUG: CWebServer[8080]: request received for /jsonrpc
2019-04-28 14:09:56.329 T:3474797360 DEBUG: Previous line repeats 2 times.
2019-04-28 14:09:56.329 T:3474797360 DEBUG: CVideoPlayerVideo::OutputPicture - ttd:391ms pts:1.752 Clock:1.360 Level:6 elapsed:36.464ms
2019-04-28 14:09:56.337 T:3466404656 DEBUG: CurlFile::ParseAndCorrectUrl() adding custom header option 'Range: bytes=238238-262922'
2019-04-28 14:09:56.337 T:3466404656 DEBUG: CurlFile::ParseAndCorrectUrl() adding custom header option 'connection: keep-alive'
2019-04-28 14:09:56.337 T:3466404656 DEBUG: CurlFile::Open(0xe5b4ecc0) http://195.8.12.225/?o=AQHsvJl_EOvSE5TTC4bNd__NFO-JEPWYqP98RAVmbt7CBOuYT5VYlLBEmZEOHrgBOyDrYOjO2iHNfpl_cP3gfV8kUOWFG-leEB80dn1b5uAz5vGFWq7Dy_c_ownq5FLF3YlnoMk1n1K7yKkMhNbEvXmPpd0xgv8g8x69ntP3pds0gHtSovUnbSx-hcm2MHyZCVQLaNviCAjXnsu3in0&v=3&e=1556500176&t=SdFHa60Oat9NM19HrSW2B81Yrik
2019-04-28 14:09:56.345 T:3466404656 DEBUG: AddOnLog: InputStream Adaptive: Download http://195.8.12.225/?o=AQHsvJl_EOvSE5TTC4bNd__NFO-JEPWYqP98RAVmbt7CBOuYT5VYlLBEmZEOHrgBOyDrYOjO2iHNfpl_cP3gfV8kUOWFG-leEB80dn1b5uAz5vGFWq7Dy_c_ownq5FLF3YlnoMk1n1K7yKkMhNbEvXmPpd0xgv8g8x69ntP3pds0gHtSovUnbSx-hcm2MHyZCVQLaNviCAjXnsu3in0&v=3&e=1556500176&t=SdFHa60Oat9NM19HrSW2B81Yrik finished, avg speed: 6786775.18byte/s, current speed: 3085625.00byte/s
2019-04-28 14:09:56.346 T:3552891696 DEBUG: CVideoPlayer::ProcessVideoData size:6079 dts:10.052 pts:10.135 dur:41.708ms, clock:1.413 level:107
2019-04-28 14:09:56.350 T:3458011952 DEBUG: ffmpeg[CE1D1330]: [aac] Sample rate index in program config element does not match the sample rate index configured by the container.
2019-04-28 14:09:56.350 T:3458011952 ERROR: ffmpeg[CE1D1330]: [aac] Inconsistent channel configuration.
2019-04-28 14:09:56.350 T:3458011952 ERROR: ffmpeg[CE1D1330]: [aac] get_buffer() failed
2019-04-28 14:09:56.371 T:3474797360 DEBUG: CVideoPlayerVideo::OutputPicture - ttd:393ms pts:1.793 Clock:1.400 Level:6 elapsed:37.891ms
2019-04-28 14:09:56.377 T:3552891696 DEBUG: CVideoPlayer::ProcessVideoData size:1804 dts:10.093 pts:10.093 dur:41.708ms, clock:1.444 level:106
2019-04-28 14:09:56.381 T:3458011952 DEBUG: ffmpeg[CE1D1330]: [aac] Sample rate index in program config element does not match the sample rate index configured by the container.
2019-04-28 14:09:56.381 T:3458011952 ERROR: ffmpeg[CE1D1330]: [aac] Inconsistent channel configuration.
2019-04-28 14:09:56.381 T:3458011952 ERROR: ffmpeg[CE1D1330]: [aac] get_buffer() failed
2019-04-28 14:09:56.381 T:3458011952 ERROR: ffmpeg[CE1D1330]: [aac] channel element 3.14 is not allocated
2019-04-28 14:09:56.412 T:3474797360 DEBUG: CVideoPlayerVideo::OutputPicture - ttd:394ms pts:1.835 Clock:1.440 Level:6 elapsed:38.912ms
2019-04-28 14:09:56.418 T:3552891696 DEBUG: CVideoPlayer::ProcessVideoData size:6866 dts:10.135 pts:10.219 dur:41.708ms, clock:1.485 level:106
2019-04-28 14:09:56.422 T:3458011952 DEBUG: ffmpeg[CE1D1330]: [aac] Sample rate index in program config element does not match the sample rate index configured by the container.
2019-04-28 14:09:56.422 T:3458011952 ERROR: ffmpeg[CE1D1330]: [aac] Inconsistent channel configuration.
2019-04-28 14:09:56.422 T:3458011952 ERROR: ffmpeg[CE1D1330]: [aac] get_buffer() failed
2019-04-28 14:09:56.454 T:3474797360 DEBUG: CVideoPlayerVideo::OutputPicture - ttd:393ms pts:1.877 Clock:1.484 Level:6 elapsed:37.260ms
2019-04-28 14:09:56.459 T:3552891696 DEBUG: CVideoPlayer::ProcessVideoData size:1925 dts:10.177 pts:10.177 dur:41.708ms, clock:1.526 level:107
2019-04-28 14:09:56.462 T:3458011952 ERROR: ffmpeg[CE1D1330]: [aac] channel element 2.10 is not allocated
2019-04-28 14:09:56.496 T:3474797360 DEBUG: CVideoPlayerVideo::OutputPicture - ttd:395ms pts:1.919 Clock:1.523 Level:6 elapsed:39.476ms
2019-04-28 14:09:56.499 T:3552891696 DEBUG: CVideoPlayer::ProcessVideoData size:7212 dts:10.219 pts:10.344 dur:41.708ms, clock:1.567 level:106
2019-04-28 14:09:56.503 T:3458011952 ERROR: ffmpeg[CE1D1330]: [aac] Number of bands (35) exceeds limit (21).
2019-04-28 14:09:56.538 T:3474797360 DEBUG: CVideoPlayerVideo::OutputPicture - ttd:395ms pts:1.960 Clock:1.565 Level:6 elapsed:39.675ms
2019-04-28 14:09:56.540 T:3552891696 DEBUG: CVideoPlayer::ProcessVideoData size:2052 dts:10.260 pts:10.260 dur:41.708ms, clock:1.607 level:106
2019-04-28 14:09:56.544 T:3458011952 DEBUG: ffmpeg[CE1D1330]: [aac] Sample rate index in program config element does not match the sample rate index configured by the container.
2019-04-28 14:09:56.544 T:3458011952 ERROR: ffmpeg[CE1D1330]: [aac] Inconsistent channel configuration.
2019-04-28 14:09:56.544 T:3458011952 ERROR: ffmpeg[CE1D1330]: [aac] get_buffer() failed
2019-04-28 14:09:56.579 T:3474797360 DEBUG: CVideoPlayerVideo::OutputPicture - ttd:393ms pts:2.002 Clock:1.609 Level:6 elapsed:37.613ms
2019-04-28 14:09:56.581 T:3552891696 DEBUG: CVideoPlayer::ProcessVideoData size:2105 dts:10.302 pts:10.302 dur:41.708ms, clock:1.648 level:107
2019-04-28 14:09:56.585 T:3458011952 ERROR: ffmpeg[CE1D1330]: [aac] Prediction is not allowed in AAC-LC.
2019-04-28 14:09:56.621 T:3474797360 DEBUG: CVideoPlayerVideo::OutputPicture - ttd:393ms pts:2.044 Clock:1.650 Level:6 elapsed:37.921ms
2019-04-28 14:09:56.632 T:3552891696 DEBUG: CVideoPlayer::ProcessVideoData size:7270 dts:10.344 pts:10.427 dur:41.708ms, clock:1.699 level:106
2019-04-28 14:09:56.635 T:3458011952 ERROR: ffmpeg[CE1D1330]: [aac] channel element 3.4 is not allocated
2019-04-28 14:09:56.663 T:3474797360 DEBUG: CVideoPlayerVideo::OutputPicture - ttd:394ms pts:2.085 Clock:1.691 Level:6 elapsed:39.265ms
2019-04-28 14:09:56.673 T:3552891696 DEBUG: CVideoPlayer::ProcessVideoData size:2245 dts:10.385 pts:10.385 dur:41.708ms, clock:1.740 level:106
2019-04-28 14:09:56.676 T:3458011952 ERROR: ffmpeg[CE1D1330]: [aac] channel element 3.13 is not allocated
2019-04-28 14:09:56.705 T:3474797360 DEBUG: CVideoPlayerVideo::OutputPicture - ttd:392ms pts:2.127 Clock:1.734 Level:6 elapsed:37.238ms
2019-04-28 14:09:56.714 T:3552891696 DEBUG: CVideoPlayer::ProcessVideoData size:8608 dts:10.427 pts:10.552 dur:41.708ms, clock:1.781 level:107
2019-04-28 14:09:56.716 T:3458011952 ERROR: ffmpeg[CE1D1330]: [aac] Reserved bit set.
2019-04-28 14:09:56.716 T:3458011952 ERROR: ffmpeg[CE1D1330]: [aac] Number of scalefactor bands in group (56) exceeds limit (47).
2019-04-28 14:09:56.746 T:3474797360 DEBUG: CVideoPlayerVideo::OutputPicture - ttd:394ms pts:2.169 Clock:1.774 Level:6 elapsed:39.229ms
2019-04-28 14:09:56.755 T:3552891696 DEBUG: CVideoPlayer::ProcessVideoData size:2938 dts:10.469 pts:10.469 dur:41.708ms, clock:1.822 level:106
2019-04-28 14:09:56.757 T:3458011952 ERROR: ffmpeg[CE1D1330]: [aac] channel element 3.6 is not allocated
2019-04-28 14:09:56.787 T:3474797360 DEBUG: CVideoPlayerVideo::OutputPicture - ttd:394ms pts:2.211 Clock:1.816 Level:6 elapsed:38.725ms
2019-04-28 14:09:56.796 T:3552891696 DEBUG: CVideoPlayer::ProcessVideoData size:3235 dts:10.511 pts:10.511 dur:41.708ms, clock:1.863 level:106
2019-04-28 14:09:56.798 T:3458011952 ERROR: ffmpeg[CE1D1330]: [aac] Reserved bit set.
2019-04-28 14:09:56.798 T:3458011952 ERROR: ffmpeg[CE1D1330]: [aac] Prediction is not allowed in AAC-LC.
2019-04-28 14:09:56.829 T:3474797360 DEBUG: CVideoPlayerVideo::OutputPicture - ttd:393ms pts:2.252 Clock:1.859 Level:6 elapsed:37.274ms
2019-04-28 14:09:56.837 T:3552891696 DEBUG: CVideoPlayer::ProcessVideoData size:8651 dts:10.552 pts:10.636 dur:41.708ms, clock:1.904 level:107
2019-04-28 14:09:56.838 T:3458011952 ERROR: ffmpeg[CE1D1330]: [aac] Prediction is not allowed in AAC-LC.
2019-04-28 14:09:56.871 T:3474797360 DEBUG: CVideoPlayerVideo::OutputPicture - ttd:393ms pts:2.294 Clock:1.900 Level:6 elapsed:37.664ms
2019-04-28 14:09:56.878 T:3552891696 DEBUG: CVideoPlayer::ProcessVideoData size:3469 dts:10.594 pts:10.594 dur:41.708ms, clock:1.945 level:106
2019-04-28 14:09:56.879 T:3458011952 ERROR: ffmpeg[CE1D1330]: [aac] Reserved bit set.
2019-04-28 14:09:56.879 T:3458011952 ERROR: ffmpeg[CE1D1330]: [aac] Number of scalefactor bands in group (51) exceeds limit (47).
2019-04-28 14:09:56.880 T:3785339696 DEBUG: [plugin.video.netflix (0)] Executing JSON-RPC: {"params": {"playerid": 1, "properties": ["audiostreams", "currentaudiostream", "subtitles", "currentsubtitle", "subtitleenabled", "percentage", "time"]}, "jsonrpc": "2.0", "method": "Player.GetProperties", "id": 1}
2019-04-28 14:09:56.882 T:3785339696 DEBUG: [plugin.video.netflix (0)] Notifying all managers of on_tick (data={u'currentaudiostream': {u'index': 0, u'name': u'AAC ', u'language': u'eng', u'channels': 2, u'codec': u'aac', u'bitrate': 98304}, u'elapsed_seconds': 1, u'time': {u'hours': 0, u'seconds': 1, u'minutes': 0, u'milliseconds': 810}, u'subtitleenabled': True, u'percentage': 0.035234574228525162, u'currentsubtitle': {u'index': 0, u'name': u'', u'language': u'eng'}, u'audiostreams': [{u'index': 0, u'name': u'AAC ', u'language': u'eng', u'channels': 2, u'codec': u'aac', u'bitrate': 98304}, {u'index': 1, u'name': u'AAC ', u'language': u'spa', u'channels': 2, u'codec': u'aac', u'bitrate': 98304}, {u'index': 2, u'name': u'AAC ', u'language': u'fre', u'channels': 2, u'codec': u'aac', u'bitrate': 98304}, {u'index': 3, u'name': u'AAC ', u'language': u'por', u'channels': 2, u'codec': u'aac', u'bitrate': 98304}], u'subtitles': [{u'index': 0, u'name': u'', u'language': u'eng'}, {u'index': 1, u'name': u'', u'language': u'spa'}, {u'index': 2, u'name': u'', u'language': u'spa'}, {u'index': 3, u'name': u'', u'language': u'fre'}, {u'index': 4, u'name': u'', u'language': u'fre'}, {u'index': 5, u'name': u'', u'language': u'por'}]})
2019-04-28 14:09:56.913 T:3474797360 DEBUG: CVideoPlayerVideo::OutputPicture - ttd:388ms pts:2.336 Clock:1.947 Level:6 elapsed:32.906ms
2019-04-28 14:09:56.919 T:3552891696 DEBUG: CVideoPlayer::ProcessVideoData size:9414 dts:10.636 pts:10.719 dur:41.708ms, clock:1.986 level:106
2019-04-28 14:09:56.919 T:3458011952 ERROR: ffmpeg[CE1D1330]: [aac] channel element 2.3 is not allocated
2019-04-28 14:09:56.955 T:3474797360 DEBUG: CVideoPlayerVideo::OutputPicture - ttd:392ms pts:2.377 Clock:1.985 Level:6 elapsed:36.973ms
2019-04-28 14:09:56.960 T:3552891696 DEBUG: CVideoPlayer::ProcessVideoData size:4115 dts:10.677 pts:10.677 dur:41.708ms, clock:2.027 level:107
2019-04-28 14:09:56.960 T:3458011952 DEBUG: ffmpeg[CE1D1330]: [aac] Sample rate index in program config element does not match the sample rate index configured by the container.
2019-04-28 14:09:56.960 T:3458011952 ERROR: ffmpeg[CE1D1330]: [aac] Inconsistent channel configuration.
2019-04-28 14:09:56.960 T:3458011952 ERROR: ffmpeg[CE1D1330]: [aac] get_buffer() failed
2019-04-28 14:09:56.996 T:3474797360 DEBUG: CVideoPlayerVideo::OutputPicture - ttd:394ms pts:2.419 Clock:2.024 Level:6 elapsed:39.147ms
2019-04-28 14:09:57.000 T:3552891696 DEBUG: CVideoPlayer::ProcessVideoData size:10525 dts:10.719 pts:10.844 dur:41.708ms, clock:2.068 level:106
2019-04-28 14:09:57.001 T:3458011952 ERROR: ffmpeg[CE1D1330]: [aac] Prediction is not allowed in AAC-LC.
2019-04-28 14:09:57.038 T:3474797360 DEBUG: CVideoPlayerVideo::OutputPicture - ttd:394ms pts:2.461 Clock:2.066 Level:6 elapsed:39.399ms
2019-04-28 14:09:57.041 T:3552891696 DEBUG: CVideoPlayer::ProcessVideoData size:5027 dts:10.761 pts:10.761 dur:41.708ms, clock:2.109 level:106
2019-04-28 14:09:57.051 T:3458011952 ERROR: ffmpeg[CE1D1330]: [aac] Number of bands (11) exceeds limit (6).
2019-04-28 14:09:57.079 T:3474797360 DEBUG: CVideoPlayerVideo::OutputPicture - ttd:391ms pts:2.502 Clock:2.111 Level:6 elapsed:34.904ms
2019-04-28 14:09:57.082 T:3552891696 DEBUG: CVideoPlayer::ProcessVideoData size:5691 dts:10.802 pts:10.802 dur:41.708ms, clock:2.150 level:107
2019-04-28 14:09:57.092 T:3458011952 ERROR: ffmpeg[CE1D1330]: [aac] Number of bands (12) exceeds limit (11).
2019-04-28 14:09:57.121 T:3474797360 DEBUG: CVideoPlayerVideo::OutputPicture - ttd:395ms pts:2.544 Clock:2.149 Level:6 elapsed:39.151ms
2019-04-28 14:09:57.123 T:3552891696 DEBUG: CVideoPlayer::ProcessVideoData size:11035 dts:10.844 pts:10.969 dur:41.708ms, clock:2.190 level:106
2019-04-28 14:09:57.133 T:3458011952 ERROR: ffmpeg[CE1D1330]: [aac] channel element 3.11 is not allocated
2019-04-28 14:09:57.163 T:3474797360 DEBUG: CVideoPlayerVideo::OutputPicture - ttd:394ms pts:2.586 Clock:2.191 Level:6 elapsed:39.263ms
2019-04-28 14:09:57.174 T:3552891696 DEBUG: CVideoPlayer::ProcessVideoData size:5688 dts:10.886 pts:10.886 dur:41.708ms, clock:2.241 level:106
2019-04-28 14:09:57.183 T:3458011952 ERROR: ffmpeg[CE1D1330]: [aac] channel element 3.6 is not allocated
2019-04-28 14:09:57.205 T:3474797360 DEBUG: CVideoPlayerVideo::OutputPicture - ttd:391ms pts:2.628 Clock:2.236 Level:6 elapsed:35.988ms
2019-04-28 14:09:57.215 T:3552891696 DEBUG: CVideoPlayer::ProcessVideoData size:6395 dts:10.928 pts:10.928 dur:41.708ms, clock:2.282 level:107
2019-04-28 14:09:57.224 T:3458011952 DEBUG: ffmpeg[CE1D1330]: [aac] Sample rate index in program config element does not match the sample rate index configured by the container.
2019-04-28 14:09:57.224 T:3458011952 ERROR: ffmpeg[CE1D1330]: [aac] Inconsistent channel configuration.
2019-04-28 14:09:57.224 T:3458011952 ERROR: ffmpeg[CE1D1330]: [aac] get_buffer() failed
2019-04-28 14:09:57.246 T:3474797360 DEBUG: CVideoPlayerVideo::OutputPicture - ttd:394ms pts:2.669 Clock:2.275 Level:6 elapsed:38.501ms
2019-04-28 14:09:57.256 T:3552891696 DEBUG: CVideoPlayer::ProcessVideoData size:12175 dts:10.969 pts:11.094 dur:41.708ms, clock:2.323 level:106
