2019-04-28 14:11:20.460 T:3466404656 DEBUG: CurlFile::ParseAndCorrectUrl() adding custom header option 'Range: bytes=306994-331185'
2019-04-28 14:11:20.460 T:3466404656 DEBUG: CurlFile::ParseAndCorrectUrl() adding custom header option 'connection: keep-alive'
2019-04-28 14:11:20.460 T:3466404656 DEBUG: CurlFile::Open(0xd83dd5c0) http://195.8.12.225/?o=AQG0F3DdPWYFPtD7g_1di3tBqwxS_UeZonmJQ_pKVzQcULPnB69XXASq5Ziq58b4GP2JYBxpAedHq1f_xDENZzx5lz7IVgaMTtOIIUBYI1QVfPBD8yyyb3EmegEVsvViRH0df8C5sBMMeTJ0LxTnOznFHc2z0nl1ajPiXS85F6SCKBY6v_GjYMz-lO4o5MEXJOCZxoHPMqCOCuPbUw&v=3&e=1556500266&t=5I15dcz3LFKq_5lZ5sbUXGN16lA
2019-04-28 14:11:20.468 T:3466404656 DEBUG: AddOnLog: InputStream Adaptive: Download http://195.8.12.225/?o=AQG0F3DdPWYFPtD7g_1di3tBqwxS_UeZonmJQ_pKVzQcULPnB69XXASq5Ziq58b4GP2JYBxpAedHq1f_xDENZzx5lz7IVgaMTtOIIUBYI1QVfPBD8yyyb3EmegEVsvViRH0df8C5sBMMeTJ0LxTnOznFHc2z0nl1ajPiXS85F6SCKBY6v_GjYMz-lO4o5MEXJOCZxoHPMqCOCuPbUw&v=3&e=1556500266&t=5I15dcz3LFKq_5lZ5sbUXGN16lA finished, avg speed: 4205514.23byte/s, current speed: 3456000.00byte/s
2019-04-28 14:11:20.469 T:3483190064 DEBUG: CurlFile::ParseAndCorrectUrl() adding custom header option 'Range: bytes=2365057-2930755'
2019-04-28 14:11:20.469 T:3483190064 DEBUG: CurlFile::ParseAndCorrectUrl() adding custom header option 'connection: keep-alive'
2019-04-28 14:11:20.469 T:3483190064 DEBUG: CurlFile::Open(0xe5b55038) http://37.77.187.139/?o=AQG0F3DdPWYFPtDzh_5chH9BrQhEul2HrjDVHbdOBXxPXrLhALoVBVqo4JGu-96zTrCCeEYtZ_pZjFPQxwUvaS8ayjficSrzINSdJjYLaAola8puh1edQFQZZysQoeEnB2pSe8eq7R58dltqJSeJJCreQ422yXx5cjPwB253CrqefElo9qP1Z9vvhPF09ctJPd7Lla_MOPfFBfKaX-MR2w&v=3&e=1556500266&t=k4ZG6LTuZ0yxHWiSxmrNN0jPzhg
2019-04-28 14:11:20.494 T:3885310768 DEBUG: CVideoPlayerVideo::OutputPicture - ttd:383ms pts:7.716 Clock:7.333 Level:6 elapsed:27.843ms
2019-04-28 14:11:20.509 T:3552891696 DEBUG: CVideoPlayer::ProcessVideoData size:2819 dts:15.974 pts:15.974 dur:41.708ms, clock:7.375 level:106
2019-04-28 14:11:20.510 T:3552891696 DEBUG: CVideoPlayer::ProcessVideoData size:42084 dts:16.016 pts:16.058 dur:41.708ms, clock:7.376 level:106
2019-04-28 14:11:20.516 T:3785339696 DEBUG: [plugin.video.netflix (0)] Executing JSON-RPC: {"params": {"playerid": 1, "properties": ["audiostreams", "currentaudiostream", "subtitles", "currentsubtitle", "subtitleenabled", "percentage", "time"]}, "jsonrpc": "2.0", "method": "Player.GetProperties", "id": 1}
2019-04-28 14:11:20.519 T:3785339696 DEBUG: [plugin.video.netflix (0)] Notifying all managers of on_tick (data={u'currentaudiostream': {u'index': 0, u'name': u'AAC ', u'language': u'eng', u'channels': 2, u'codec': u'aac', u'bitrate': 98304}, u'elapsed_seconds': 7, u'time': {u'hours': 0, u'seconds': 7, u'minutes': 0, u'milliseconds': 253}, u'subtitleenabled': True, u'percentage': 0.14152194559574127, u'currentsubtitle': {u'index': 0, u'name': u'', u'language': u'eng'}, u'audiostreams': [{u'index': 0, u'name': u'AAC ', u'language': u'eng', u'channels': 2, u'codec': u'aac', u'bitrate': 98304}, {u'index': 1, u'name': u'AAC ', u'language': u'spa', u'channels': 2, u'codec': u'aac', u'bitrate': 98304}, {u'index': 2, u'name': u'AAC ', u'language': u'fre', u'channels': 2, u'codec': u'aac', u'bitrate': 98304}, {u'index': 3, u'name': u'AAC ', u'language': u'por', u'channels': 2, u'codec': u'aac', u'bitrate': 98304}], u'subtitles': [{u'index': 0, u'name': u'', u'language': u'eng'}, {u'index': 1, u'name': u'', u'language': u'spa'}, {u'index': 2, u'name': u'', u'language': u'spa'}, {u'index': 3, u'name': u'', u'language': u'fre'}, {u'index': 4, u'name': u'', u'language': u'por'}, {u'index': 5, u'name': u'', u'language': u'por'}]})
2019-04-28 14:11:20.536 T:3885310768 DEBUG: CVideoPlayerVideo::OutputPicture - ttd:393ms pts:7.758 Clock:7.365 Level:6 elapsed:37.111ms
2019-04-28 14:11:20.541 T:3552891696 DEBUG: CVideoPlayer::ProcessVideoData size:13063 dts:16.058 pts:16.183 dur:41.708ms, clock:7.407 level:107
2019-04-28 14:11:20.577 T:3483190064 DEBUG: AddOnLog: InputStream Adaptive: Download http://37.77.187.139/?o=AQG0F3DdPWYFPtDzh_5chH9BrQhEul2HrjDVHbdOBXxPXrLhALoVBVqo4JGu-96zTrCCeEYtZ_pZjFPQxwUvaS8ayjficSrzINSdJjYLaAola8puh1edQFQZZysQoeEnB2pSe8eq7R58dltqJSeJJCreQ422yXx5cjPwB253CrqefElo9qP1Z9vvhPF09ctJPd7Lla_MOPfFBfKaX-MR2w&v=3&e=1556500266&t=k4ZG6LTuZ0yxHWiSxmrNN0jPzhg finished, avg speed: 4788917.09byte/s, current speed: 5286906.00byte/s
2019-04-28 14:11:20.577 T:3885310768 DEBUG: CVideoPlayerVideo::OutputPicture - ttd:393ms pts:7.799 Clock:7.406 Level:6 elapsed:37.975ms
2019-04-28 14:11:20.582 T:3552891696 DEBUG: CVideoPlayer::ProcessVideoData size:2453 dts:16.099 pts:16.099 dur:41.708ms, clock:7.448 level:106
2019-04-28 14:11:20.619 T:3885310768 DEBUG: CVideoPlayerVideo::OutputPicture - ttd:395ms pts:7.841 Clock:7.446 Level:6 elapsed:39.187ms
2019-04-28 14:11:20.623 T:3552891696 DEBUG: CVideoPlayer::ProcessVideoData size:2535 dts:16.141 pts:16.141 dur:41.708ms, clock:7.489 level:106
2019-04-28 14:11:20.661 T:3885310768 DEBUG: CVideoPlayerVideo::OutputPicture - ttd:392ms pts:7.883 Clock:7.491 Level:6 elapsed:36.364ms
2019-04-28 14:11:20.664 T:3552891696 DEBUG: CVideoPlayer::ProcessVideoData size:12124 dts:16.183 pts:16.266 dur:41.708ms, clock:7.530 level:107
2019-04-28 14:11:20.703 T:3885310768 DEBUG: CVideoPlayerVideo::OutputPicture - ttd:394ms pts:7.925 Clock:7.530 Level:6 elapsed:39.057ms
2019-04-28 14:11:20.705 T:3552891696 DEBUG: CVideoPlayer::ProcessVideoData size:2010 dts:16.225 pts:16.225 dur:41.708ms, clock:7.571 level:106
2019-04-28 14:11:20.745 T:3885310768 DEBUG: CVideoPlayerVideo::OutputPicture - ttd:394ms pts:7.966 Clock:7.572 Level:6 elapsed:39.161ms
2019-04-28 14:11:20.756 T:3552891696 DEBUG: CVideoPlayer::ProcessVideoData size:13953 dts:16.266 pts:16.391 dur:41.708ms, clock:7.622 level:106
2019-04-28 14:11:20.787 T:3885310768 DEBUG: CVideoPlayerVideo::OutputPicture - ttd:392ms pts:8.008 Clock:7.616 Level:6 elapsed:36.682ms
2019-04-28 14:11:20.797 T:3552891696 DEBUG: CVideoPlayer::ProcessVideoData size:2420 dts:16.308 pts:16.308 dur:41.708ms, clock:7.663 level:107
2019-04-28 14:11:20.828 T:3885310768 DEBUG: CVideoPlayerVideo::OutputPicture - ttd:394ms pts:8.050 Clock:7.655 Level:6 elapsed:39.135ms
2019-04-28 14:11:20.838 T:3552891696 DEBUG: CVideoPlayer::ProcessVideoData size:2280 dts:16.350 pts:16.350 dur:41.708ms, clock:7.704 level:106
2019-04-28 14:11:20.870 T:3885310768 DEBUG: CVideoPlayerVideo::OutputPicture - ttd:394ms pts:8.091 Clock:7.697 Level:6 elapsed:39.245ms
2019-04-28 14:11:20.879 T:3552891696 DEBUG: CVideoPlayer::ProcessVideoData size:13339 dts:16.391 pts:16.517 dur:41.708ms, clock:7.745 level:106
2019-04-28 14:11:20.912 T:3885310768 DEBUG: CVideoPlayerVideo::OutputPicture - ttd:392ms pts:8.133 Clock:7.741 Level:6 elapsed:36.872ms
2019-04-28 14:11:20.920 T:3552891696 DEBUG: CVideoPlayer::ProcessVideoData size:2359 dts:16.433 pts:16.433 dur:41.708ms, clock:7.786 level:107
2019-04-28 14:11:20.953 T:3885310768 DEBUG: CVideoPlayerVideo::OutputPicture - ttd:394ms pts:8.175 Clock:7.781 Level:6 elapsed:38.455ms
2019-04-28 14:11:20.961 T:3552891696 DEBUG: CVideoPlayer::ProcessVideoData size:2146 dts:16.475 pts:16.475 dur:41.708ms, clock:7.827 level:106
2019-04-28 14:11:20.992 T:3576222512 DEBUG: CWebServer[8080]: request received for /jsonrpc
2019-04-28 14:11:20.995 T:3885310768 DEBUG: CVideoPlayerVideo::OutputPicture - ttd:395ms pts:8.217 Clock:7.821 Level:6 elapsed:39.242ms
2019-04-28 14:11:20.997 T:3576222512 DEBUG: CWebServer[8080]: request received for /jsonrpc
2019-04-28 14:11:21.002 T:3552891696 DEBUG: CVideoPlayer::ProcessVideoData size:12278 dts:16.517 pts:16.600 dur:41.708ms, clock:7.868 level:106
2019-04-28 14:11:21.003 T:3576222512 DEBUG: CWebServer[8080]: request received for /jsonrpc
2019-04-28 14:11:21.037 T:3885310768 DEBUG: Previous line repeats 1 times.
2019-04-28 14:11:21.037 T:3885310768 DEBUG: CVideoPlayerVideo::OutputPicture - ttd:392ms pts:8.258 Clock:7.866 Level:6 elapsed:36.708ms
2019-04-28 14:11:21.043 T:3552891696 DEBUG: CVideoPlayer::ProcessVideoData size:1959 dts:16.558 pts:16.558 dur:41.708ms, clock:7.909 level:107
2019-04-28 14:11:21.078 T:3885310768 DEBUG: CVideoPlayerVideo::OutputPicture - ttd:394ms pts:8.300 Clock:7.905 Level:6 elapsed:39.118ms
2019-04-28 14:11:21.084 T:3552891696 DEBUG: CVideoPlayer::ProcessVideoData size:14108 dts:16.600 pts:16.725 dur:41.708ms, clock:7.950 level:106
2019-04-28 14:11:21.120 T:3885310768 DEBUG: CVideoPlayerVideo::OutputPicture - ttd:394ms pts:8.342 Clock:7.947 Level:6 elapsed:38.827ms
2019-04-28 14:11:21.125 T:3552891696 DEBUG: CVideoPlayer::ProcessVideoData size:2407 dts:16.642 pts:16.642 dur:41.708ms, clock:7.991 level:106
2019-04-28 14:11:21.162 T:3885310768 DEBUG: CVideoPlayerVideo::OutputPicture - ttd:392ms pts:8.383 Clock:7.991 Level:6 elapsed:36.819ms
2019-04-28 14:11:21.166 T:3552891696 DEBUG: CVideoPlayer::ProcessVideoData size:2249 dts:16.683 pts:16.683 dur:41.708ms, clock:8.032 level:107
2019-04-28 14:11:21.203 T:3885310768 DEBUG: CVideoPlayerVideo::OutputPicture - ttd:395ms pts:8.425 Clock:8.030 Level:6 elapsed:39.177ms
2019-04-28 14:11:21.207 T:3552891696 DEBUG: CVideoPlayer::ProcessVideoData size:13031 dts:16.725 pts:16.808 dur:41.708ms, clock:8.073 level:106
2019-04-28 14:11:21.245 T:3885310768 DEBUG: CVideoPlayerVideo::OutputPicture - ttd:393ms pts:8.467 Clock:8.073 Level:6 elapsed:38.423ms
2019-04-28 14:11:21.248 T:3552891696 DEBUG: CVideoPlayer::ProcessVideoData size:2057 dts:16.767 pts:16.767 dur:41.708ms, clock:8.114 level:106
2019-04-28 14:11:21.286 T:3885310768 DEBUG: CVideoPlayerVideo::OutputPicture - ttd:392ms pts:8.508 Clock:8.116 Level:6 elapsed:36.175ms
2019-04-28 14:11:21.289 T:3552891696 DEBUG: CVideoPlayer::ProcessVideoData size:13876 dts:16.808 pts:16.934 dur:41.708ms, clock:8.155 level:107
2019-04-28 14:11:21.328 T:3885310768 DEBUG: CVideoPlayerVideo::OutputPicture - ttd:395ms pts:8.550 Clock:8.155 Level:6 elapsed:39.200ms
2019-04-28 14:11:21.340 T:3552891696 DEBUG: CVideoPlayer::ProcessVideoData size:2435 dts:16.850 pts:16.850 dur:41.708ms, clock:8.206 level:106
2019-04-28 14:11:21.370 T:3885310768 DEBUG: CVideoPlayerVideo::OutputPicture - ttd:393ms pts:8.592 Clock:8.198 Level:6 elapsed:38.357ms
2019-04-28 14:11:21.381 T:3552891696 DEBUG: CVideoPlayer::ProcessVideoData size:2405 dts:16.892 pts:16.892 dur:41.708ms, clock:8.247 level:106
2019-04-28 14:11:21.411 T:3885310768 DEBUG: CVideoPlayerVideo::OutputPicture - ttd:391ms pts:8.634 Clock:8.242 Level:6 elapsed:35.589ms
2019-04-28 14:11:21.422 T:3552891696 DEBUG: CVideoPlayer::ProcessVideoData size:14536 dts:16.934 pts:17.059 dur:41.708ms, clock:8.288 level:107
2019-04-28 14:11:21.453 T:3885310768 DEBUG: CVideoPlayerVideo::OutputPicture - ttd:395ms pts:8.675 Clock:8.280 Level:6 elapsed:39.122ms
2019-04-28 14:11:21.462 T:3552891696 DEBUG: CVideoPlayer::ProcessVideoData size:2477 dts:16.975 pts:16.975 dur:41.708ms, clock:8.328 level:106
2019-04-28 14:11:21.495 T:3885310768 DEBUG: CVideoPlayerVideo::OutputPicture - ttd:394ms pts:8.717 Clock:8.322 Level:6 elapsed:38.488ms
2019-04-28 14:11:21.503 T:3552891696 DEBUG: CVideoPlayer::ProcessVideoData size:2386 dts:17.017 pts:17.017 dur:41.708ms, clock:8.369 level:106
2019-04-28 14:11:21.520 T:3785339696 DEBUG: [plugin.video.netflix (0)] Executing JSON-RPC: {"params": {"playerid": 1, "properties": ["audiostreams", "currentaudiostream", "subtitles", "currentsubtitle", "subtitleenabled", "percentage", "time"]}, "jsonrpc": "2.0", "method": "Player.GetProperties", "id": 1}
2019-04-28 14:11:21.522 T:3785339696 DEBUG: [plugin.video.netflix (0)] Notifying all managers of on_tick (data={u'currentaudiostream': {u'index': 0, u'name': u'AAC ', u'language': u'eng', u'channels': 2, u'codec': u'aac', u'bitrate': 98304}, u'elapsed_seconds': 8, u'time': {u'hours': 0, u'seconds': 8, u'minutes': 0, u'milliseconds': 193}, u'subtitleenabled': True, u'percentage': 0.15986341238021851, u'currentsubtitle': {u'index': 0, u'name': u'', u'language': u'eng'}, u'audiostreams': [{u'index': 0, u'name': u'AAC ', u'language': u'eng', u'channels': 2, u'codec': u'aac', u'bitrate': 98304}, {u'index': 1, u'name': u'AAC ', u'language': u'spa', u'channels': 2, u'codec': u'aac', u'bitrate': 98304}, {u'index': 2, u'name': u'AAC ', u'language': u'fre', u'channels': 2, u'codec': u'aac', u'bitrate': 98304}, {u'index': 3, u'name': u'AAC ', u'language': u'por', u'channels': 2, u'codec': u'aac', u'bitrate': 98304}], u'subtitles': [{u'index': 0, u'name': u'', u'language': u'eng'}, {u'index': 1, u'name': u'', u'language': u'spa'}, {u'index': 2, u'name': u'', u'language': u'spa'}, {u'index': 3, u'name': u'', u'language': u'fre'}, {u'index': 4, u'name': u'', u'language': u'por'}, {u'index': 5, u'name': u'', u'language': u'por'}]})
2019-04-28 14:11:21.537 T:3885310768 DEBUG: CVideoPlayerVideo::OutputPicture - ttd:392ms pts:8.759 Clock:8.366 Level:6 elapsed:37.413ms
2019-04-28 14:11:21.544 T:3552891696 DEBUG: CVideoPlayer::ProcessVideoData size:13489 dts:17.059 pts:17.184 dur:41.708ms, clock:8.410 level:107
2019-04-28 14:11:21.579 T:3885310768 DEBUG: CVideoPlayerVideo::OutputPicture - ttd:394ms pts:8.800 Clock:8.406 Level:6 elapsed:39.016ms
2019-04-28 14:11:21.585 T:3552891696 DEBUG: CVideoPlayer::ProcessVideoData size:2540 dts:17.100 pts:17.100 dur:41.708ms, clock:8.451 level:106
2019-04-28 14:11:21.620 T:3885310768 DEBUG: CVideoPlayerVideo::OutputPicture - ttd:393ms pts:8.842 Clock:8.449 Level:6 elapsed:37.594ms
2019-04-28 14:11:21.626 T:3552891696 DEBUG: CVideoPlayer::ProcessVideoData size:2561 dts:17.142 pts:17.142 dur:41.708ms, clock:8.492 level:106
2019-04-28 14:11:21.662 T:3885310768 DEBUG: CVideoPlayerVideo::OutputPicture - ttd:392ms pts:8.884 Clock:8.491 Level:6 elapsed:36.454ms
2019-04-28 14:11:21.667 T:3552891696 DEBUG: CVideoPlayer::ProcessVideoData size:16726 dts:17.184 pts:17.309 dur:41.708ms, clock:8.533 level:107
2019-04-28 14:11:21.704 T:3885310768 DEBUG: CVideoPlayerVideo::OutputPicture - ttd:395ms pts:8.926 Clock:8.530 Level:6 elapsed:39.513ms
2019-04-28 14:11:21.708 T:3552891696 DEBUG: CVideoPlayer::ProcessVideoData size:2708 dts:17.226 pts:17.226 dur:41.708ms, clock:8.574 level:106
2019-04-28 14:11:21.746 T:3885310768 DEBUG: CVideoPlayerVideo::OutputPicture - ttd:394ms pts:8.967 Clock:8.573 Level:6 elapsed:39.284ms
2019-04-28 14:11:21.749 T:3552891696 DEBUG: CVideoPlayer::ProcessVideoData size:3036 dts:17.267 pts:17.267 dur:41.708ms, clock:8.615 level:106
2019-04-28 14:11:21.787 T:3885310768 DEBUG: CVideoPlayerVideo::OutputPicture - ttd:391ms pts:9.009 Clock:8.618 Level:6 elapsed:35.483ms
2019-04-28 14:11:21.790 T:3552891696 DEBUG: CVideoPlayer::ProcessVideoData size:17714 dts:17.309 pts:17.434 dur:41.708ms, clock:8.656 level:107
2019-04-28 14:11:21.829 T:3885310768 DEBUG: CVideoPlayerVideo::OutputPicture - ttd:394ms pts:9.051 Clock:8.656 Level:6 elapsed:39.145ms
2019-04-28 14:11:21.831 T:3552891696 DEBUG: CVideoPlayer::ProcessVideoData size:5435 dts:17.351 pts:17.351 dur:41.708ms, clock:8.697 level:106
2019-04-28 14:11:21.871 T:3885310768 DEBUG: CVideoPlayerVideo::OutputPicture - ttd:394ms pts:9.092 Clock:8.698 Level:6 elapsed:39.007ms
2019-04-28 14:11:21.882 T:3552891696 DEBUG: CVideoPlayer::ProcessVideoData size:6156 dts:17.392 pts:17.392 dur:41.708ms, clock:8.748 level:106
2019-04-28 14:11:21.912 T:3885310768 DEBUG: CVideoPlayerVideo::OutputPicture - ttd:392ms pts:9.134 Clock:8.742 Level:6 elapsed:36.777ms
2019-04-28 14:11:21.923 T:3552891696 DEBUG: CVideoPlayer::ProcessVideoData size:22505 dts:17.434 pts:17.559 dur:41.708ms, clock:8.789 level:107
2019-04-28 14:11:21.954 T:3885310768 DEBUG: CVideoPlayerVideo::OutputPicture - ttd:395ms pts:9.176 Clock:8.781 Level:6 elapsed:39.376ms
2019-04-28 14:11:21.964 T:3552891696 DEBUG: CVideoPlayer::ProcessVideoData size:9135 dts:17.476 pts:17.476 dur:41.708ms, clock:8.830 level:106
2019-04-28 14:11:21.996 T:3885310768 DEBUG: CVideoPlayerVideo::OutputPicture - ttd:394ms pts:9.218 Clock:8.823 Level:6 elapsed:39.092ms
2019-04-28 14:11:22.005 T:3552891696 DEBUG: CVideoPlayer::ProcessVideoData size:10183 dts:17.517 pts:17.517 dur:41.708ms, clock:8.871 level:106
2019-04-28 14:11:22.037 T:3885310768 DEBUG: CVideoPlayerVideo::OutputPicture - ttd:392ms pts:9.259 Clock:8.867 Level:6 elapsed:36.797ms
2019-04-28 14:11:22.046 T:3552891696 DEBUG: CVideoPlayer::ProcessVideoData size:27148 dts:17.559 pts:17.684 dur:41.708ms, clock:8.912 level:107
2019-04-28 14:11:22.079 T:3885310768 DEBUG: CVideoPlayerVideo::OutputPicture - ttd:394ms pts:9.301 Clock:8.906 Level:6 elapsed:38.765ms
2019-04-28 14:11:22.087 T:3552891696 DEBUG: CVideoPlayer::ProcessVideoData size:13136 dts:17.601 pts:17.601 dur:41.708ms, clock:8.953 level:106
2019-04-28 14:11:22.121 T:3885310768 DEBUG: CVideoPlayerVideo::OutputPicture - ttd:395ms pts:9.343 Clock:8.948 Level:6 elapsed:39.639ms
2019-04-28 14:11:22.129 T:3552891696 DEBUG: CVideoPlayer::ProcessVideoData size:14004 dts:17.643 pts:17.643 dur:41.708ms, clock:8.995 level:106
2019-04-28 14:11:22.163 T:3885310768 DEBUG: CVideoPlayerVideo::OutputPicture - ttd:392ms pts:9.384 Clock:8.992 Level:6 elapsed:36.679ms
2019-04-28 14:11:22.170 T:3552891696 DEBUG: CVideoPlayer::ProcessVideoData size:31618 dts:17.684 pts:17.809 dur:41.708ms, clock:9.036 level:107
2019-04-28 14:11:22.204 T:3885310768 DEBUG: CVideoPlayerVideo::OutputPicture - ttd:393ms pts:9.426 Clock:9.032 Level:6 elapsed:37.564ms
2019-04-28 14:11:22.211 T:3552891696 DEBUG: CVideoPlayer::ProcessVideoData size:18714 dts:17.726 pts:17.726 dur:41.708ms, clock:9.077 level:106
2019-04-28 14:11:22.246 T:3885310768 DEBUG: CVideoPlayerVideo::OutputPicture - ttd:394ms pts:9.468 Clock:9.073 Level:6 elapsed:39.025ms
2019-04-28 14:11:22.252 T:3552891696 DEBUG: CVideoPlayer::ProcessVideoData size:20363 dts:17.768 pts:17.768 dur:41.708ms, clock:9.118 level:106
2019-04-28 14:11:22.288 T:3885310768 DEBUG: CVideoPlayerVideo::OutputPicture - ttd:391ms pts:9.509 Clock:9.118 Level:6 elapsed:35.936ms
2019-04-28 14:11:22.293 T:3552891696 DEBUG: CVideoPlayer::ProcessVideoData size:35174 dts:17.809 pts:17.935 dur:41.708ms, clock:9.159 level:107
2019-04-28 14:11:22.330 T:3885310768 DEBUG: CVideoPlayerVideo::OutputPicture - ttd:394ms pts:9.551 Clock:9.156 Level:6 elapsed:39.305ms
2019-04-28 14:11:22.334 T:3552891696 DEBUG: CVideoPlayer::ProcessVideoData size:21941 dts:17.851 pts:17.851 dur:41.708ms, clock:9.200 level:106
2019-04-28 14:11:22.371 T:3885310768 DEBUG: CVideoPlayerVideo::OutputPicture - ttd:394ms pts:9.593 Clock:9.199 Level:6 elapsed:38.478ms
2019-04-28 14:11:22.376 T:3552891696 DEBUG: CVideoPlayer::ProcessVideoData size:23630 dts:17.893 pts:17.893 dur:41.708ms, clock:9.242 level:106
2019-04-28 14:11:22.413 T:3885310768 DEBUG: CVideoPlayerVideo::OutputPicture - ttd:394ms pts:9.635 Clock:9.240 Level:6 elapsed:38.257ms
2019-04-28 14:11:22.417 T:3552891696 DEBUG: CVideoPlayer::ProcessVideoData size:26432 dts:17.935 pts:18.018 dur:41.708ms, clock:9.283 level:107
2019-04-28 14:11:22.455 T:3885310768 DEBUG: CVideoPlayerVideo::OutputPicture - ttd:395ms pts:9.676 Clock:9.281 Level:6 elapsed:39.730ms
2019-04-28 14:11:22.458 T:3466404656 DEBUG: CurlFile::ParseAndCorrectUrl() adding custom header option 'Range: bytes=331186-355798'
2019-04-28 14:11:22.459 T:3466404656 DEBUG: CurlFile::ParseAndCorrectUrl() adding custom header option 'connection: keep-alive'
2019-04-28 14:11:22.459 T:3466404656 DEBUG: CurlFile::Open(0xd83dd790) http://195.8.12.225/?o=AQG0F3DdPWYFPtD7g_1di3tBqwxS_UeZonmJQ_pKVzQcULPnB69XXASq5Ziq58b4GP2JYBxpAedHq1f_xDENZzx5lz7IVgaMTtOIIUBYI1QVfPBD8yyyb3EmegEVsvViRH0df8C5sBMMeTJ0LxTnOznFHc2z0nl1ajPiXS85F6SCKBY6v_GjYMz-lO4o5MEXJOCZxoHPMqCOCuPbUw&v=3&e=1556500266&t=5I15dcz3LFKq_5lZ5sbUXGN16lA
2019-04-28 14:11:22.468 T:3466404656 DEBUG: AddOnLog: InputStream Adaptive: Download http://195.8.12.225/?o=AQG0F3DdPWYFPtD7g_1di3tBqwxS_UeZonmJQ_pKVzQcULPnB69XXASq5Ziq58b4GP2JYBxpAedHq1f_xDENZzx5lz7IVgaMTtOIIUBYI1QVfPBD8yyyb3EmegEVsvViRH0df8C5sBMMeTJ0LxTnOznFHc2z0nl1ajPiXS85F6SCKBY6v_GjYMz-lO4o5MEXJOCZxoHPMqCOCuPbUw&v=3&e=1556500266&t=5I15dcz3LFKq_5lZ5sbUXGN16lA finished, avg speed: 4748724.83byte/s, current speed: 3076625.00byte/s
2019-04-28 14:11:22.469 T:3483190064 DEBUG: CurlFile::ParseAndCorrectUrl() adding custom header option 'Range: bytes=2930756-3376516'
2019-04-28 14:11:22.469 T:3483190064 DEBUG: CurlFile::ParseAndCorrectUrl() adding custom header option 'connection: keep-alive'
2019-04-28 14:11:22.469 T:3483190064 DEBUG: CurlFile::Open(0xe5b56388) http://37.77.187.139/?o=AQG0F3DdPWYFPtDzh_5chH9BrQhEul2HrjDVHbdOBXxPXrLhALoVBVqo4JGu-96zTrCCeEYtZ_pZjFPQxwUvaS8ayjficSrzINSdJjYLaAola8puh1edQFQZZysQoeEnB2pSe8eq7R58dltqJSeJJCreQ422yXx5cjPwB253CrqefElo9qP1Z9vvhPF09ctJPd7Lla_MOPfFBfKaX-MR2w&v=3&e=1556500266&t=k4ZG6LTuZ0yxHWiSxmrNN0jPzhg
2019-04-28 14:11:22.496 T:3885310768 DEBUG: CVideoPlayerVideo::OutputPicture - ttd:383ms pts:9.718 Clock:9.335 Level:6 elapsed:27.697ms
2019-04-28 14:11:22.516 T:3552891696 DEBUG: CVideoPlayer::ProcessVideoData size:22508 dts:17.976 pts:17.976 dur:41.708ms, clock:9.382 level:106
2019-04-28 14:11:22.518 T:3552891696 DEBUG: CVideoPlayer::ProcessVideoData size:66020 dts:18.018 pts:18.060 dur:41.708ms, clock:9.384 level:106
2019-04-28 14:11:22.524 T:3785339696 DEBUG: [plugin.video.netflix (0)] Executing JSON-RPC: {"params": {"playerid": 1, "properties": ["audiostreams", "currentaudiostream", "subtitles", "currentsubtitle", "subtitleenabled", "percentage", "time"]}, "jsonrpc": "2.0", "method": "Player.GetProperties", "id": 1}
2019-04-28 14:11:22.527 T:3785339696 DEBUG: [plugin.video.netflix (0)] Notifying all managers of on_tick (data={u'currentaudiostream': {u'index': 0, u'name': u'AAC ', u'language': u'eng', u'channels': 2, u'codec': u'aac', u'bitrate': 98304}, u'elapsed_seconds': 9, u'time': {u'hours': 0, u'seconds': 9, u'minutes': 0, u'milliseconds': 220}, u'subtitleenabled': True, u'percentage': 0.17990243434906006, u'currentsubtitle': {u'index': 0, u'name': u'', u'language': u'eng'}, u'audiostreams': [{u'index': 0, u'name': u'AAC ', u'language': u'eng', u'channels': 2, u'codec': u'aac', u'bitrate': 98304}, {u'index': 1, u'name': u'AAC ', u'language': u'spa', u'channels': 2, u'codec': u'aac', u'bitrate': 98304}, {u'index': 2, u'name': u'AAC ', u'language': u'fre', u'channels': 2, u'codec': u'aac', u'bitrate': 98304}, {u'index': 3, u'name': u'AAC ', u'language': u'por', u'channels': 2, u'codec': u'aac', u'bitrate': 98304}], u'subtitles': [{u'index': 0, u'name': u'', u'language': u'eng'}, {u'index': 1, u'name': u'', u'language': u'spa'}, {u'index': 2, u'name': u'', u'language': u'spa'}, {u'index': 3, u'name': u'', u'language': u'fre'}, {u'index': 4, u'name': u'', u'language': u'por'}, {u'index': 5, u'name': u'', u'language': u'por'}]})
2019-04-28 14:11:22.538 T:3885310768 DEBUG: CVideoPlayerVideo::OutputPicture - ttd:392ms pts:9.760 Clock:9.367 Level:6 elapsed:36.776ms
2019-04-28 14:11:22.549 T:3552891696 DEBUG: CVideoPlayer::ProcessVideoData size:34503 dts:18.060 pts:18.185 dur:41.708ms, clock:9.415 level:107
2019-04-28 14:11:22.567 T:3483190064 DEBUG: AddOnLog: InputStream Adaptive: Download http://37.77.187.139/?o=AQG0F3DdPWYFPtDzh_5chH9BrQhEul2HrjDVHbdOBXxPXrLhALoVBVqo4JGu-96zTrCCeEYtZ_pZjFPQxwUvaS8ayjficSrzINSdJjYLaAola8puh1edQFQZZysQoeEnB2pSe8eq7R58dltqJSeJJCreQ422yXx5cjPwB253CrqefElo9qP1Z9vvhPF09ctJPd7Lla_MOPfFBfKaX-MR2w&v=3&e=1556500266&t=k4ZG6LTuZ0yxHWiSxmrNN0jPzhg finished, avg speed: 4683576.24byte/s, current speed: 4595474.00byte/s
2019-04-28 14:11:22.580 T:3885310768 DEBUG: CVideoPlayerVideo::OutputPicture - ttd:395ms pts:9.801 Clock:9.406 Level:6 elapsed:39.308ms
2019-04-28 14:11:22.585 T:3576222512 DEBUG: CWebServer[8080]: request received for /jsonrpc
2019-04-28 14:11:22.591 T:3552891696 DEBUG: Previous line repeats 1 times.
2019-04-28 14:11:22.591 T:3552891696 DEBUG: CVideoPlayer::ProcessVideoData size:18629 dts:18.101 pts:18.101 dur:41.708ms, clock:9.457 level:106
2019-04-28 14:11:22.595 T:3576222512 DEBUG: CWebServer[8080]: request received for /jsonrpc
2019-04-28 14:11:22.622 T:3885310768 DEBUG: Previous line repeats 1 times.
2019-04-28 14:11:22.622 T:3885310768 DEBUG: CVideoPlayerVideo::OutputPicture - ttd:395ms pts:9.843 Clock:9.448 Level:6 elapsed:39.543ms
2019-04-28 14:11:22.633 T:3552891696 DEBUG: CVideoPlayer::ProcessVideoData size:15327 dts:18.143 pts:18.143 dur:41.708ms, clock:9.499 level:106
2019-04-28 14:11:22.663 T:3885310768 DEBUG: CVideoPlayerVideo::OutputPicture - ttd:392ms pts:9.885 Clock:9.493 Level:6 elapsed:36.068ms
2019-04-28 14:11:22.674 T:3552891696 DEBUG: CVideoPlayer::ProcessVideoData size:29526 dts:18.185 pts:18.310 dur:41.708ms, clock:9.540 level:107
2019-04-28 14:11:22.705 T:3885310768 DEBUG: CVideoPlayerVideo::OutputPicture - ttd:395ms pts:9.927 Clock:9.531 Level:6 elapsed:39.363ms
2019-04-28 14:11:22.714 T:3552891696 DEBUG: CVideoPlayer::ProcessVideoData size:11369 dts:18.227 pts:18.227 dur:41.708ms, clock:9.580 level:106
2019-04-28 14:11:22.747 T:3885310768 DEBUG: CVideoPlayerVideo::OutputPicture - ttd:395ms pts:9.968 Clock:9.573 Level:6 elapsed:39.500ms
2019-04-28 14:11:22.755 T:3552891696 DEBUG: CVideoPlayer::ProcessVideoData size:10410 dts:18.268 pts:18.268 dur:41.708ms, clock:9.621 level:106
2019-04-28 14:11:22.788 T:3885310768 DEBUG: CVideoPlayerVideo::OutputPicture - ttd:391ms pts:10.010 Clock:9.618 Level:6 elapsed:36.057ms
2019-04-28 14:11:22.796 T:3552891696 DEBUG: CVideoPlayer::ProcessVideoData size:22760 dts:18.310 pts:18.435 dur:41.708ms, clock:9.662 level:107
2019-04-28 14:11:22.830 T:3885310768 DEBUG: CVideoPlayerVideo::OutputPicture - ttd:394ms pts:10.052 Clock:9.657 Level:6 elapsed:38.892ms
2019-04-28 14:11:22.837 T:3552891696 DEBUG: CVideoPlayer::ProcessVideoData size:6620 dts:18.352 pts:18.352 dur:41.708ms, clock:9.703 level:106
2019-04-28 14:11:22.872 T:3885310768 DEBUG: CVideoPlayerVideo::OutputPicture - ttd:395ms pts:10.093 Clock:9.698 Level:6 elapsed:39.630ms
2019-04-28 14:11:22.878 T:3552891696 DEBUG: CVideoPlayer::ProcessVideoData size:5972 dts:18.393 pts:18.393 dur:41.708ms, clock:9.744 level:106
2019-04-28 14:11:22.914 T:3885310768 DEBUG: CVideoPlayerVideo::OutputPicture - ttd:391ms pts:10.135 Clock:9.743 Level:6 elapsed:36.334ms
2019-04-28 14:11:22.919 T:3552891696 DEBUG: CVideoPlayer::ProcessVideoData size:17767 dts:18.435 pts:18.560 dur:41.708ms, clock:9.785 level:107
2019-04-28 14:11:22.955 T:3885310768 DEBUG: CVideoPlayerVideo::OutputPicture - ttd:394ms pts:10.177 Clock:9.782 Level:6 elapsed:38.232ms
2019-04-28 14:11:22.960 T:3552891696 DEBUG: CVideoPlayer::ProcessVideoData size:3917 dts:18.477 pts:18.477 dur:41.708ms, clock:9.826 level:106
2019-04-28 14:11:22.996 T:3885310768 DEBUG: CVideoPlayerVideo::OutputPicture - ttd:395ms pts:10.219 Clock:9.823 Level:6 elapsed:39.233ms
2019-04-28 14:11:23.001 T:3552891696 DEBUG: CVideoPlayer::ProcessVideoData size:3524 dts:18.518 pts:18.518 dur:41.708ms, clock:9.867 level:106
2019-04-28 14:11:23.039 T:3885310768 DEBUG: CVideoPlayerVideo::OutputPicture - ttd:393ms pts:10.260 Clock:9.867 Level:6 elapsed:37.755ms
2019-04-28 14:11:23.042 T:3552891696 DEBUG: CVideoPlayer::ProcessVideoData size:14332 dts:18.560 pts:18.685 dur:41.708ms, clock:9.908 level:107
2019-04-28 14:11:23.080 T:3885310768 DEBUG: CVideoPlayerVideo::OutputPicture - ttd:393ms pts:10.302 Clock:9.908 Level:6 elapsed:38.165ms
2019-04-28 14:11:23.083 T:3552891696 DEBUG: CVideoPlayer::ProcessVideoData size:2112 dts:18.602 pts:18.602 dur:41.708ms, clock:9.948 level:106
2019-04-28 14:11:23.122 T:3885310768 DEBUG: CVideoPlayerVideo::OutputPicture - ttd:394ms pts:10.344 Clock:9.949 Level:6 elapsed:38.796ms
2019-04-28 14:11:23.124 T:3552891696 DEBUG: CVideoPlayer::ProcessVideoData size:1823 dts:18.644 pts:18.644 dur:41.708ms, clock:9.990 level:106
2019-04-28 14:11:23.163 T:3885310768 DEBUG: CVideoPlayerVideo::OutputPicture - ttd:392ms pts:10.385 Clock:9.992 Level:6 elapsed:36.908ms
2019-04-28 14:11:23.175 T:3552891696 DEBUG: CVideoPlayer::ProcessVideoData size:14320 dts:18.685 pts:18.810 dur:41.708ms, clock:10.041 level:107
2019-04-28 14:11:23.205 T:3885310768 DEBUG: CVideoPlayerVideo::OutputPicture - ttd:395ms pts:10.427 Clock:10.032 Level:6 elapsed:39.396ms
2019-04-28 14:11:23.215 T:3552891696 DEBUG: CVideoPlayer::ProcessVideoData size:1153 dts:18.727 pts:18.727 dur:41.708ms, clock:10.081 level:106
2019-04-28 14:11:23.248 T:3885310768 DEBUG: CVideoPlayerVideo::OutputPicture - ttd:395ms pts:10.469 Clock:10.074 Level:6 elapsed:40.181ms
2019-04-28 14:11:23.256 T:3552891696 DEBUG: CVideoPlayer::ProcessVideoData size:1083 dts:18.769 pts:18.769 dur:41.708ms, clock:10.122 level:106
2019-04-28 14:11:23.289 T:3885310768 DEBUG: CVideoPlayerVideo::OutputPicture - ttd:392ms pts:10.511 Clock:10.118 Level:6 elapsed:36.478ms
2019-04-28 14:11:23.297 T:3552891696 DEBUG: CVideoPlayer::ProcessVideoData size:12970 dts:18.810 pts:18.936 dur:41.708ms, clock:10.163 level:107
2019-04-28 14:11:23.330 T:3885310768 DEBUG: CVideoPlayerVideo::OutputPicture - ttd:394ms pts:10.552 Clock:10.158 Level:6 elapsed:38.692ms
2019-04-28 14:11:23.338 T:3552891696 DEBUG: CVideoPlayer::ProcessVideoData size:1118 dts:18.852 pts:18.852 dur:41.708ms, clock:10.204 level:106
2019-04-28 14:11:23.372 T:3885310768 DEBUG: CVideoPlayerVideo::OutputPicture - ttd:395ms pts:10.594 Clock:10.199 Level:6 elapsed:39.300ms
2019-04-28 14:11:23.379 T:3552891696 DEBUG: CVideoPlayer::ProcessVideoData size:1032 dts:18.894 pts:18.894 dur:41.708ms, clock:10.245 level:106
2019-04-28 14:11:23.414 T:3885310768 DEBUG: CVideoPlayerVideo::OutputPicture - ttd:392ms pts:10.636 Clock:10.243 Level:6 elapsed:37.225ms
2019-04-28 14:11:23.420 T:3552891696 DEBUG: CVideoPlayer::ProcessVideoData size:14279 dts:18.936 pts:19.061 dur:41.708ms, clock:10.286 level:107
2019-04-28 14:11:23.455 T:3885310768 DEBUG: CVideoPlayerVideo::OutputPicture - ttd:393ms pts:10.677 Clock:10.284 Level:6 elapsed:37.577ms
2019-04-28 14:11:23.461 T:3552891696 DEBUG: CVideoPlayer::ProcessVideoData size:1228 dts:18.977 pts:18.977 dur:41.708ms, clock:10.327 level:106
2019-04-28 14:11:23.497 T:3885310768 DEBUG: CVideoPlayerVideo::OutputPicture - ttd:395ms pts:10.719 Clock:10.324 Level:6 elapsed:39.297ms
2019-04-28 14:11:23.502 T:3552891696 DEBUG: CVideoPlayer::ProcessVideoData size:1171 dts:19.019 pts:19.019 dur:41.708ms, clock:10.368 level:106
2019-04-28 14:11:23.528 T:3785339696 DEBUG: [plugin.video.netflix (0)] Executing JSON-RPC: {"params": {"playerid": 1, "properties": ["audiostreams", "currentaudiostream", "subtitles", "currentsubtitle", "subtitleenabled", "percentage", "time"]}, "jsonrpc": "2.0", "method": "Player.GetProperties", "id": 1}
2019-04-28 14:11:23.531 T:3785339696 DEBUG: [plugin.video.netflix (0)] Notifying all managers of on_tick (data={u'currentaudiostream': {u'index': 0, u'name': u'AAC ', u'language': u'eng', u'channels': 2, u'codec': u'aac', u'bitrate': 98304}, u'elapsed_seconds': 10, u'time': {u'hours': 0, u'seconds': 10, u'minutes': 0, u'milliseconds': 243}, u'subtitleenabled': True, u'percentage': 0.19986341893672943, u'currentsubtitle': {u'index': 0, u'name': u'', u'language': u'eng'}, u'audiostreams': [{u'index': 0, u'name': u'AAC ', u'language': u'eng', u'channels': 2, u'codec': u'aac', u'bitrate': 98304}, {u'index': 1, u'name': u'AAC ', u'language': u'spa', u'channels': 2, u'codec': u'aac', u'bitrate': 98304}, {u'index': 2, u'name': u'AAC ', u'language': u'fre', u'channels': 2, u'codec': u'aac', u'bitrate': 98304}, {u'index': 3, u'name': u'AAC ', u'language': u'por', u'channels': 2, u'codec': u'aac', u'bitrate': 98304}], u'subtitles': [{u'index': 0, u'name': u'', u'language': u'eng'}, {u'index': 1, u'name': u'', u'language': u'spa'}, {u'index': 2, u'name': u'', u'language': u'spa'}, {u'index': 3, u'name': u'', u'language': u'fre'}, {u'index': 4, u'name': u'', u'language': u'por'}, {u'index': 5, u'name': u'', u'language': u'por'}]})
2019-04-28 14:11:23.539 T:3885310768 DEBUG: CVideoPlayerVideo::OutputPicture - ttd:393ms pts:10.761 Clock:10.368 Level:6 elapsed:37.276ms
2019-04-28 14:11:23.543 T:3552891696 DEBUG: CVideoPlayer::ProcessVideoData size:13585 dts:19.061 pts:19.186 dur:41.708ms, clock:10.409 level:107
2019-04-28 14:11:23.580 T:3885310768 DEBUG: CVideoPlayerVideo::OutputPicture - ttd:395ms pts:10.802 Clock:10.407 Level:6 elapsed:39.087ms
2019-04-28 14:11:23.583 T:3552891696 DEBUG: CVideoPlayer::ProcessVideoData size:1009 dts:19.102 pts:19.102 dur:41.708ms, clock:10.449 level:106
2019-04-28 14:11:23.622 T:3885310768 DEBUG: CVideoPlayerVideo::OutputPicture - ttd:395ms pts:10.844 Clock:10.449 Level:6 elapsed:39.540ms
2019-04-28 14:11:23.624 T:3552891696 DEBUG: CVideoPlayer::ProcessVideoData size:848 dts:19.144 pts:19.144 dur:41.708ms, clock:10.490 level:106
2019-04-28 14:11:23.664 T:3885310768 DEBUG: CVideoPlayerVideo::OutputPicture - ttd:391ms pts:10.886 Clock:10.494 Level:6 elapsed:35.307ms
2019-04-28 14:11:23.675 T:3552891696 DEBUG: CVideoPlayer::ProcessVideoData size:13174 dts:19.186 pts:19.311 dur:41.708ms, clock:10.541 level:107
2019-04-28 14:11:23.705 T:3885310768 DEBUG: CVideoPlayerVideo::OutputPicture - ttd:395ms pts:10.928 Clock:10.532 Level:6 elapsed:39.274ms
2019-04-28 14:11:23.716 T:3552891696 DEBUG: CVideoPlayer::ProcessVideoData size:892 dts:19.228 pts:19.228 dur:41.708ms, clock:10.582 level:106
2019-04-28 14:11:23.748 T:3885310768 DEBUG: CVideoPlayerVideo::OutputPicture - ttd:394ms pts:10.969 Clock:10.575 Level:6 elapsed:38.642ms
2019-04-28 14:11:23.757 T:3552891696 DEBUG: CVideoPlayer::ProcessVideoData size:850 dts:19.269 pts:19.269 dur:41.708ms, clock:10.623 level:106
2019-04-28 14:11:23.790 T:3885310768 DEBUG: CVideoPlayerVideo::OutputPicture - ttd:392ms pts:11.011 Clock:10.619 Level:6 elapsed:36.799ms
2019-04-28 14:11:23.798 T:3552891696 DEBUG: CVideoPlayer::ProcessVideoData size:15455 dts:19.311 pts:19.436 dur:41.708ms, clock:10.664 level:107
2019-04-28 14:11:23.831 T:3885310768 DEBUG: CVideoPlayerVideo::OutputPicture - ttd:393ms pts:11.053 Clock:10.659 Level:6 elapsed:38.233ms
2019-04-28 14:11:23.839 T:3552891696 DEBUG: CVideoPlayer::ProcessVideoData size:1000 dts:19.353 pts:19.353 dur:41.708ms, clock:10.705 level:106
2019-04-28 14:11:23.873 T:3885310768 DEBUG: CVideoPlayerVideo::OutputPicture - ttd:394ms pts:11.094 Clock:10.700 Level:6 elapsed:39.292ms
2019-04-28 14:11:23.880 T:3552891696 DEBUG: CVideoPlayer::ProcessVideoData size:937 dts:19.394 pts:19.394 dur:41.708ms, clock:10.746 level:106
2019-04-28 14:11:23.914 T:3885310768 DEBUG: CVideoPlayerVideo::OutputPicture - ttd:392ms pts:11.136 Clock:10.744 Level:6 elapsed:36.310ms
2019-04-28 14:11:23.921 T:3552891696 DEBUG: CVideoPlayer::ProcessVideoData size:14127 dts:19.436 pts:19.561 dur:41.708ms, clock:10.787 level:107
2019-04-28 14:11:23.956 T:3885310768 DEBUG: CVideoPlayerVideo::OutputPicture - ttd:395ms pts:11.178 Clock:10.783 Level:6 elapsed:39.611ms
2019-04-28 14:11:23.962 T:3552891696 DEBUG: CVideoPlayer::ProcessVideoData size:967 dts:19.478 pts:19.478 dur:41.708ms, clock:10.828 level:106
2019-04-28 14:11:23.998 T:3885310768 DEBUG: CVideoPlayerVideo::OutputPicture - ttd:394ms pts:11.220 Clock:10.825 Level:6 elapsed:39.059ms
2019-04-28 14:11:24.003 T:3552891696 DEBUG: CVideoPlayer::ProcessVideoData size:882 dts:19.520 pts:19.520 dur:41.708ms, clock:10.869 level:106
2019-04-28 14:11:24.040 T:3885310768 DEBUG: CVideoPlayerVideo::OutputPicture - ttd:391ms pts:11.261 Clock:10.870 Level:6 elapsed:36.582ms
2019-04-28 14:11:24.044 T:3552891696 DEBUG: CVideoPlayer::ProcessVideoData size:15317 dts:19.561 pts:19.686 dur:41.708ms, clock:10.910 level:107
2019-04-28 14:11:24.082 T:3885310768 DEBUG: CVideoPlayerVideo::OutputPicture - ttd:394ms pts:11.303 Clock:10.909 Level:6 elapsed:38.992ms
2019-04-28 14:11:24.084 T:3552891696 DEBUG: CVideoPlayer::ProcessVideoData size:917 dts:19.603 pts:19.603 dur:41.708ms, clock:10.950 level:106
2019-04-28 14:11:24.123 T:3885310768 DEBUG: CVideoPlayerVideo::OutputPicture - ttd:394ms pts:11.345 Clock:10.950 Level:6 elapsed:39.159ms
2019-04-28 14:11:24.125 T:3552891696 DEBUG: CVideoPlayer::ProcessVideoData size:736 dts:19.645 pts:19.645 dur:41.708ms, clock:10.991 level:106
2019-04-28 14:11:24.165 T:3885310768 DEBUG: CVideoPlayerVideo::OutputPicture - ttd:392ms pts:11.386 Clock:10.994 Level:6 elapsed:37.145ms
2019-04-28 14:11:24.177 T:3552891696 DEBUG: CVideoPlayer::ProcessVideoData size:16506 dts:19.686 pts:19.811 dur:41.708ms, clock:11.043 level:107
2019-04-28 14:11:24.179 T:3576222512 DEBUG: CWebServer[8080]: request received for /jsonrpc
2019-04-28 14:11:24.206 T:3885310768 DEBUG: Previous line repeats 3 times.
2019-04-28 14:11:24.206 T:3885310768 DEBUG: CVideoPlayerVideo::OutputPicture - ttd:394ms pts:11.428 Clock:11.034 Level:6 elapsed:38.371ms
2019-04-28 14:11:24.217 T:3552891696 DEBUG: CVideoPlayer::ProcessVideoData size:742 dts:19.728 pts:19.728 dur:41.708ms, clock:11.083 level:106
2019-04-28 14:11:24.248 T:3885310768 DEBUG: CVideoPlayerVideo::OutputPicture - ttd:395ms pts:11.470 Clock:11.075 Level:6 elapsed:39.072ms
2019-04-28 14:11:24.258 T:3552891696 DEBUG: CVideoPlayer::ProcessVideoData size:724 dts:19.770 pts:19.770 dur:41.708ms, clock:11.124 level:106
2019-04-28 14:11:24.290 T:3885310768 DEBUG: CVideoPlayerVideo::OutputPicture - ttd:393ms pts:11.511 Clock:11.118 Level:6 elapsed:37.450ms
2019-04-28 14:11:24.299 T:3552891696 DEBUG: CVideoPlayer::ProcessVideoData size:15184 dts:19.811 pts:19.895 dur:41.708ms, clock:11.165 level:107
2019-04-28 14:11:24.331 T:3885310768 DEBUG: CVideoPlayerVideo::OutputPicture - ttd:394ms pts:11.553 Clock:11.159 Level:6 elapsed:38.315ms
2019-04-28 14:11:24.340 T:3552891696 DEBUG: CVideoPlayer::ProcessVideoData size:765 dts:19.853 pts:19.853 dur:41.708ms, clock:11.206 level:106
2019-04-28 14:11:24.373 T:3885310768 DEBUG: CVideoPlayerVideo::OutputPicture - ttd:394ms pts:11.595 Clock:11.200 Level:6 elapsed:38.901ms
2019-04-28 14:11:24.381 T:3552891696 DEBUG: CVideoPlayer::ProcessVideoData size:14893 dts:19.895 pts:20.020 dur:41.708ms, clock:11.247 level:106
2019-04-28 14:11:24.414 T:3885310768 DEBUG: CVideoPlayerVideo::OutputPicture - ttd:394ms pts:11.637 Clock:11.242 Level:6 elapsed:38.429ms
2019-04-28 14:11:24.422 T:3552891696 DEBUG: CVideoPlayer::ProcessVideoData size:774 dts:19.937 pts:19.937 dur:41.708ms, clock:11.288 level:107
2019-04-28 14:11:24.457 T:3885310768 DEBUG: CVideoPlayerVideo::OutputPicture - ttd:395ms pts:11.678 Clock:11.283 Level:6 elapsed:39.673ms
2019-04-28 14:11:24.463 T:3466404656 DEBUG: CurlFile::ParseAndCorrectUrl() adding custom header option 'Range: bytes=355799-380085'
2019-04-28 14:11:24.464 T:3466404656 DEBUG: CurlFile::ParseAndCorrectUrl() adding custom header option 'connection: keep-alive'
2019-04-28 14:11:24.464 T:3466404656 DEBUG: CurlFile::Open(0xd7a3bcf8) http://195.8.12.225/?o=AQG0F3DdPWYFPtD7g_1di3tBqwxS_UeZonmJQ_pKVzQcULPnB69XXASq5Ziq58b4GP2JYBxpAedHq1f_xDENZzx5lz7IVgaMTtOIIUBYI1QVfPBD8yyyb3EmegEVsvViRH0df8C5sBMMeTJ0LxTnOznFHc2z0nl1ajPiXS85F6SCKBY6v_GjYMz-lO4o5MEXJOCZxoHPMqCOCuPbUw&v=3&e=1556500266&t=5I15dcz3LFKq_5lZ5sbUXGN16lA
2019-04-28 14:11:24.473 T:3466404656 DEBUG: AddOnLog: InputStream Adaptive: Download http://195.8.12.225/?o=AQG0F3DdPWYFPtD7g_1di3tBqwxS_UeZonmJQ_pKVzQcULPnB69XXASq5Ziq58b4GP2JYBxpAedHq1f_xDENZzx5lz7IVgaMTtOIIUBYI1QVfPBD8yyyb3EmegEVsvViRH0df8C5sBMMeTJ0LxTnOznFHc2z0nl1ajPiXS85F6SCKBY6v_GjYMz-lO4o5MEXJOCZxoHPMqCOCuPbUw&v=3&e=1556500266&t=5I15dcz3LFKq_5lZ5sbUXGN16lA finished, avg speed: 4645412.37byte/s, current speed: 3035875.00byte/s
2019-04-28 14:11:24.474 T:3483190064 DEBUG: CurlFile::ParseAndCorrectUrl() adding custom header option 'Range: bytes=3376517-3558220'
2019-04-28 14:11:24.474 T:3483190064 DEBUG: CurlFile::ParseAndCorrectUrl() adding custom header option 'connection: keep-alive'
2019-04-28 14:11:24.475 T:3483190064 DEBUG: CurlFile::Open(0xe5bafbc0) http://37.77.187.139/?o=AQG0F3DdPWYFPtDzh_5chH9BrQhEul2HrjDVHbdOBXxPXrLhALoVBVqo4JGu-96zTrCCeEYtZ_pZjFPQxwUvaS8ayjficSrzINSdJjYLaAola8puh1edQFQZZysQoeEnB2pSe8eq7R58dltqJSeJJCreQ422yXx5cjPwB253CrqefElo9qP1Z9vvhPF09ctJPd7Lla_MOPfFBfKaX-MR2w&v=3&e=1556500266&t=k4ZG6LTuZ0yxHWiSxmrNN0jPzhg
2019-04-28 14:11:24.499 T:3885310768 DEBUG: CVideoPlayerVideo::OutputPicture - ttd:384ms pts:11.720 Clock:11.335 Level:6 elapsed:29.075ms
2019-04-28 14:11:24.517 T:3552891696 DEBUG: CVideoPlayer::ProcessVideoData size:639 dts:19.978 pts:19.978 dur:41.708ms, clock:11.383 level:106
2019-04-28 14:11:24.520 T:3552891696 DEBUG: CVideoPlayer::ProcessVideoData size:53497 dts:20.020 pts:20.062 dur:41.708ms, clock:11.386 level:106
2019-04-28 14:11:24.529 T:3483190064 DEBUG: AddOnLog: InputStream Adaptive: Download http://37.77.187.139/?o=AQG0F3DdPWYFPtDzh_5chH9BrQhEul2HrjDVHbdOBXxPXrLhALoVBVqo4JGu-96zTrCCeEYtZ_pZjFPQxwUvaS8ayjficSrzINSdJjYLaAola8puh1edQFQZZysQoeEnB2pSe8eq7R58dltqJSeJJCreQ422yXx5cjPwB253CrqefElo9qP1Z9vvhPF09ctJPd7Lla_MOPfFBfKaX-MR2w&v=3&e=1556500266&t=k4ZG6LTuZ0yxHWiSxmrNN0jPzhg finished, avg speed: 4423514.86byte/s, current speed: 3364888.00byte/s
2019-04-28 14:11:24.532 T:3785339696 DEBUG: [plugin.video.netflix (0)] Executing JSON-RPC: {"params": {"playerid": 1, "properties": ["audiostreams", "currentaudiostream", "subtitles", "currentsubtitle", "subtitleenabled", "percentage", "time"]}, "jsonrpc": "2.0", "method": "Player.GetProperties", "id": 1}
2019-04-28 14:11:24.535 T:3785339696 DEBUG: [plugin.video.netflix (0)] Notifying all managers of on_tick (data={u'currentaudiostream': {u'index': 0, u'name': u'AAC ', u'language': u'eng', u'channels': 2, u'codec': u'aac', u'bitrate': 98304}, u'elapsed_seconds': 11, u'time': {u'hours': 0, u'seconds': 11, u'minutes': 0, u'milliseconds': 265}, u'subtitleenabled': True, u'percentage': 0.21980488300323486, u'currentsubtitle': {u'index': 0, u'name': u'', u'language': u'eng'}, u'audiostreams': [{u'index': 0, u'name': u'AAC ', u'language': u'eng', u'channels': 2, u'codec': u'aac', u'bitrate': 98304}, {u'index': 1, u'name': u'AAC ', u'language': u'spa', u'channels': 2, u'codec': u'aac', u'bitrate': 98304}, {u'index': 2, u'name': u'AAC ', u'language': u'fre', u'channels': 2, u'codec': u'aac', u'bitrate': 98304}, {u'index': 3, u'name': u'AAC ', u'language': u'por', u'channels': 2, u'codec': u'aac', u'bitrate': 98304}], u'subtitles': [{u'index': 0, u'name': u'', u'language': u'eng'}, {u'index': 1, u'name': u'', u'language': u'spa'}, {u'index': 2, u'name': u'', u'language': u'spa'}, {u'index': 3, u'name': u'', u'language': u'fre'}, {u'index': 4, u'name': u'', u'language': u'por'}, {u'index': 5, u'name': u'', u'language': u'por'}]})
2019-04-28 14:11:24.540 T:3885310768 DEBUG: CVideoPlayerVideo::OutputPicture - ttd:393ms pts:11.762 Clock:11.368 Level:6 elapsed:37.383ms
2019-04-28 14:11:24.551 T:3552891696 DEBUG: CVideoPlayer::ProcessVideoData size:11845 dts:20.062 pts:20.187 dur:41.708ms, clock:11.417 level:107
2019-04-28 14:11:24.581 T:3885310768 DEBUG: CVideoPlayerVideo::OutputPicture - ttd:395ms pts:11.803 Clock:11.408 Level:6 elapsed:39.265ms
2019-04-28 14:11:24.591 T:3552891696 DEBUG: CVideoPlayer::ProcessVideoData size:544 dts:20.103 pts:20.103 dur:41.708ms, clock:11.457 level:106
2019-04-28 14:11:24.624 T:3885310768 DEBUG: CVideoPlayerVideo::OutputPicture - ttd:392ms pts:11.845 Clock:11.453 Level:6 elapsed:36.879ms
2019-04-28 14:11:24.632 T:3552891696 DEBUG: CVideoPlayer::ProcessVideoData size:497 dts:20.145 pts:20.145 dur:41.708ms, clock:11.498 level:107
2019-04-28 14:11:24.665 T:3885310768 DEBUG: CVideoPlayerVideo::OutputPicture - ttd:394ms pts:11.887 Clock:11.493 Level:6 elapsed:38.464ms
2019-04-28 14:11:24.673 T:3552891696 DEBUG: CVideoPlayer::ProcessVideoData size:12101 dts:20.187 pts:20.270 dur:41.708ms, clock:11.539 level:106
2019-04-28 14:11:24.707 T:3885310768 DEBUG: CVideoPlayerVideo::OutputPicture - ttd:395ms pts:11.929 Clock:11.533 Level:6 elapsed:39.662ms
2019-04-28 14:11:24.714 T:3552891696 DEBUG: CVideoPlayer::ProcessVideoData size:448 dts:20.229 pts:20.229 dur:41.708ms, clock:11.580 level:106
2019-04-28 14:11:24.748 T:3885310768 DEBUG: CVideoPlayerVideo::OutputPicture - ttd:392ms pts:11.970 Clock:11.578 Level:6 elapsed:36.320ms
2019-04-28 14:11:24.755 T:3552891696 DEBUG: CVideoPlayer::ProcessVideoData size:13396 dts:20.270 pts:20.395 dur:41.708ms, clock:11.621 level:107
2019-04-28 14:11:24.791 T:3885310768 DEBUG: CVideoPlayerVideo::OutputPicture - ttd:394ms pts:12.012 Clock:11.617 Level:6 elapsed:39.419ms
2019-04-28 14:11:24.796 T:3552891696 DEBUG: CVideoPlayer::ProcessVideoData size:390 dts:20.312 pts:20.312 dur:41.708ms, clock:11.662 level:106
2019-04-28 14:11:24.832 T:3885310768 DEBUG: CVideoPlayerVideo::OutputPicture - ttd:393ms pts:12.054 Clock:11.660 Level:6 elapsed:37.747ms
2019-04-28 14:11:24.837 T:3552891696 DEBUG: CVideoPlayer::ProcessVideoData size:321 dts:20.354 pts:20.354 dur:41.708ms, clock:11.703 level:106
2019-04-28 14:11:24.873 T:3885310768 DEBUG: CVideoPlayerVideo::OutputPicture - ttd:393ms pts:12.095 Clock:11.702 Level:6 elapsed:37.161ms
2019-04-28 14:11:24.877 T:3552891696 DEBUG: CVideoPlayer::ProcessVideoData size:10393 dts:20.395 pts:20.520 dur:41.708ms, clock:11.743 level:107
2019-04-28 14:11:24.916 T:3885310768 DEBUG: CVideoPlayerVideo::OutputPicture - ttd:395ms pts:12.137 Clock:11.742 Level:6 elapsed:39.640ms
2019-04-28 14:11:24.918 T:3552891696 DEBUG: CVideoPlayer::ProcessVideoData size:273 dts:20.437 pts:20.437 dur:41.708ms, clock:11.784 level:106
2019-04-28 14:11:24.957 T:3885310768 DEBUG: CVideoPlayerVideo::OutputPicture - ttd:394ms pts:12.179 Clock:11.784 Level:6 elapsed:38.587ms
2019-04-28 14:11:24.959 T:3552891696 DEBUG: CVideoPlayer::ProcessVideoData size:246 dts:20.479 pts:20.479 dur:41.708ms, clock:11.825 level:106
2019-04-28 14:11:24.999 T:3885310768 DEBUG: CVideoPlayerVideo::OutputPicture - ttd:393ms pts:12.221 Clock:11.827 Level:6 elapsed:37.381ms
2019-04-28 14:11:25.010 T:3552891696 DEBUG: CVideoPlayer::ProcessVideoData size:11326 dts:20.520 pts:20.646 dur:41.708ms, clock:11.876 level:107
2019-04-28 14:11:25.040 T:3885310768 DEBUG: CVideoPlayerVideo::OutputPicture - ttd:395ms pts:12.262 Clock:11.867 Level:6 elapsed:39.286ms
2019-04-28 14:11:25.051 T:3552891696 DEBUG: CVideoPlayer::ProcessVideoData size:260 dts:20.562 pts:20.562 dur:41.708ms, clock:11.917 level:106
2019-04-28 14:11:25.082 T:3885310768 DEBUG: CVideoPlayerVideo::OutputPicture - ttd:395ms pts:12.304 Clock:11.909 Level:6 elapsed:39.454ms
2019-04-28 14:11:25.092 T:3552891696 DEBUG: CVideoPlayer::ProcessVideoData size:250 dts:20.604 pts:20.604 dur:41.708ms, clock:11.958 level:106
2019-04-28 14:11:25.124 T:3885310768 DEBUG: CVideoPlayerVideo::OutputPicture - ttd:391ms pts:12.346 Clock:11.954 Level:6 elapsed:35.488ms
2019-04-28 14:11:25.132 T:3552891696 DEBUG: CVideoPlayer::ProcessVideoData size:10417 dts:20.646 pts:20.771 dur:41.708ms, clock:11.998 level:107
2019-04-28 14:11:25.165 T:3885310768 DEBUG: CVideoPlayerVideo::OutputPicture - ttd:395ms pts:12.387 Clock:11.992 Level:6 elapsed:39.282ms
2019-04-28 14:11:25.173 T:3552891696 DEBUG: CVideoPlayer::ProcessVideoData size:285 dts:20.687 pts:20.687 dur:41.708ms, clock:12.039 level:106
2019-04-28 14:11:25.207 T:3885310768 DEBUG: CVideoPlayerVideo::OutputPicture - ttd:395ms pts:12.429 Clock:12.034 Level:6 elapsed:39.443ms
2019-04-28 14:11:25.214 T:3552891696 DEBUG: CVideoPlayer::ProcessVideoData size:280 dts:20.729 pts:20.729 dur:41.708ms, clock:12.080 level:106
2019-04-28 14:11:25.249 T:3885310768 DEBUG: CVideoPlayerVideo::OutputPicture - ttd:392ms pts:12.471 Clock:12.078 Level:6 elapsed:36.876ms
2019-04-28 14:11:25.255 T:3552891696 DEBUG: CVideoPlayer::ProcessVideoData size:7218 dts:20.771 pts:20.896 dur:41.708ms, clock:12.121 level:107
2019-04-28 14:11:25.291 T:3885310768 DEBUG: CVideoPlayerVideo::OutputPicture - ttd:394ms pts:12.512 Clock:12.118 Level:6 elapsed:38.944ms
2019-04-28 14:11:25.295 T:3552891696 DEBUG: CVideoPlayer::ProcessVideoData size:210 dts:20.812 pts:20.812 dur:41.708ms, clock:12.162 level:106
2019-04-28 14:11:25.333 T:3885310768 DEBUG: CVideoPlayerVideo::OutputPicture - ttd:394ms pts:12.554 Clock:12.160 Level:6 elapsed:38.645ms
2019-04-28 14:11:25.336 T:3552891696 DEBUG: CVideoPlayer::ProcessVideoData size:248 dts:20.854 pts:20.854 dur:41.708ms, clock:12.202 level:106
2019-04-28 14:11:25.374 T:3885310768 DEBUG: CVideoPlayerVideo::OutputPicture - ttd:392ms pts:12.596 Clock:12.204 Level:6 elapsed:36.225ms
2019-04-28 14:11:25.377 T:3552891696 DEBUG: CVideoPlayer::ProcessVideoData size:6439 dts:20.896 pts:21.021 dur:41.708ms, clock:12.243 level:107
2019-04-28 14:11:25.416 T:3885310768 DEBUG: CVideoPlayerVideo::OutputPicture - ttd:395ms pts:12.638 Clock:12.243 Level:6 elapsed:39.628ms
2019-04-28 14:11:25.418 T:3552891696 DEBUG: CVideoPlayer::ProcessVideoData size:207 dts:20.938 pts:20.938 dur:41.708ms, clock:12.284 level:106
2019-04-28 14:11:25.458 T:3885310768 DEBUG: CVideoPlayerVideo::OutputPicture - ttd:394ms pts:12.679 Clock:12.285 Level:6 elapsed:38.933ms
2019-04-28 14:11:25.469 T:3552891696 DEBUG: CVideoPlayer::ProcessVideoData size:210 dts:20.979 pts:20.979 dur:41.708ms, clock:12.335 level:106
2019-04-28 14:11:25.500 T:3885310768 DEBUG: CVideoPlayerVideo::OutputPicture - ttd:392ms pts:12.721 Clock:12.328 Level:6 elapsed:37.458ms
2019-04-28 14:11:25.510 T:3552891696 DEBUG: CVideoPlayer::ProcessVideoData size:4568 dts:21.021 pts:21.146 dur:41.708ms, clock:12.376 level:107
2019-04-28 14:11:25.536 T:3785339696 DEBUG: [plugin.video.netflix (0)] Executing JSON-RPC: {"params": {"playerid": 1, "properties": ["audiostreams", "currentaudiostream", "subtitles", "currentsubtitle", "subtitleenabled", "percentage", "time"]}, "jsonrpc": "2.0", "method": "Player.GetProperties", "id": 1}
