2019-04-28 14:10:47.065 T:3785339696 DEBUG: [plugin.video.netflix (0)] Notifying all managers of on_tick (data={u'currentaudiostream': {u'index': 0, u'name': u'AAC ', u'language': u'eng', u'channels': 2, u'codec': u'aac', u'bitrate': 98304}, u'elapsed_seconds': 897, u'time': {u'hours': 0, u'seconds': 57, u'minutes': 14, u'milliseconds': 375}, u'subtitleenabled': True, u'percentage': 17.468854904174805, u'currentsubtitle': {u'index': 0, u'name': u'', u'language': u'eng'}, u'audiostreams': [{u'index': 0, u'name': u'AAC ', u'language': u'eng', u'channels': 2, u'codec': u'aac', u'bitrate': 98304}, {u'index': 1, u'name': u'AAC ', u'language': u'spa', u'channels': 2, u'codec': u'aac', u'bitrate': 98304}, {u'index': 2, u'name': u'AAC ', u'language': u'fre', u'channels': 2, u'codec': u'aac', u'bitrate': 98304}, {u'index': 3, u'name': u'AAC ', u'language': u'por', u'channels': 2, u'codec': u'aac', u'bitrate': 98304}], u'subtitles': [{u'index': 0, u'name': u'', u'language': u'eng'}, {u'index': 1, u'name': u'', u'language': u'spa'}, {u'index': 2, u'name': u'', u'language': u'spa'}, {u'index': 3, u'name': u'', u'language': u'fre'}, {u'index': 4, u'name': u'', u'language': u'fre'}, {u'index': 5, u'name': u'', u'language': u'por'}]})
2019-04-28 14:10:47.068 T:3474797360 DEBUG: CVideoPlayerVideo::OutputPicture - ttd:-6864ms pts:892.767 Clock:899.631 Level:0 elapsed:0.006ms
2019-04-28 14:10:47.072 T:3474797360 DEBUG: CVideoPlayerVideo::OutputPicture - ttd:-6887ms pts:892.809 Clock:899.696 Level:0 elapsed:0.008ms
2019-04-28 14:10:47.075 T:3552891696 DEBUG: CVideoPlayer::ProcessVideoData size:277 dts:901.109 pts:901.109 dur:41.708ms, clock:899.739 level:99
2019-04-28 14:10:47.075 T:3552891696 DEBUG: CVideoPlayer::ProcessVideoData size:11218 dts:901.150 pts:901.275 dur:41.708ms, clock:899.743 level:99
2019-04-28 14:10:47.081 T:3474797360 DEBUG: CVideoPlayerVideo::OutputPicture - ttd:-6994ms pts:892.850 Clock:899.845 Level:0 elapsed:0.006ms
2019-04-28 14:10:47.085 T:3552891696 DEBUG: CVideoPlayer::ProcessVideoData size:1289 dts:901.192 pts:901.192 dur:41.708ms, clock:899.907 level:99
2019-04-28 14:10:47.086 T:3474797360 DEBUG: CVideoPlayerVideo::OutputPicture - ttd:-7024ms pts:892.892 Clock:899.917 Level:0 elapsed:0.215ms
2019-04-28 14:10:47.095 T:3552891696 DEBUG: CVideoPlayer::ProcessVideoData size:1383 dts:901.234 pts:901.234 dur:41.708ms, clock:900.072 level:99
2019-04-28 14:10:47.104 T:3474797360 DEBUG: CVideoPlayerVideo::OutputPicture - ttd:-7269ms pts:892.934 Clock:900.203 Level:0 elapsed:0.006ms
2019-04-28 14:10:47.106 T:3552891696 DEBUG: CVideoPlayer::ProcessVideoData size:9421 dts:901.275 pts:901.400 dur:41.708ms, clock:900.237 level:99
2019-04-28 14:10:47.108 T:3474797360 DEBUG: CVideoPlayerVideo::OutputPicture - ttd:-7294ms pts:892.975 Clock:900.270 Level:0 elapsed:0.142ms
2019-04-28 14:10:47.116 T:3552891696 DEBUG: CVideoPlayer::ProcessVideoData size:421 dts:901.317 pts:901.317 dur:41.708ms, clock:900.403 level:99
2019-04-28 14:10:47.128 T:3474797360 DEBUG: CVideoPlayerVideo::OutputPicture - ttd:-7583ms pts:893.017 Clock:900.601 Level:0 elapsed:0.006ms
2019-04-28 14:10:47.131 T:3474797360 DEBUG: CVideoPlayerVideo::OutputPicture - ttd:-7586ms pts:893.059 Clock:900.645 Level:0 elapsed:0.008ms
2019-04-28 14:10:47.137 T:3552891696 DEBUG: CVideoPlayer::ProcessVideoData size:475 dts:901.359 pts:901.359 dur:41.708ms, clock:900.732 level:99
2019-04-28 14:10:47.137 T:3552891696 DEBUG: CVideoPlayer::ProcessVideoData size:10624 dts:901.400 pts:901.526 dur:41.708ms, clock:900.737 level:99
2019-04-28 14:10:47.151 T:3474797360 DEBUG: CVideoPlayerVideo::OutputPicture - ttd:-7854ms pts:893.101 Clock:900.955 Level:0 elapsed:0.007ms
2019-04-28 14:10:47.155 T:3474797360 DEBUG: CVideoPlayerVideo::OutputPicture - ttd:-7890ms pts:893.142 Clock:901.033 Level:0 elapsed:0.008ms
2019-04-28 14:10:47.157 T:3552891696 DEBUG: CVideoPlayer::ProcessVideoData size:1359 dts:901.442 pts:901.442 dur:41.708ms, clock:901.063 level:99
2019-04-28 14:10:47.158 T:3552891696 DEBUG: CVideoPlayer::ProcessVideoData size:1417 dts:901.484 pts:901.484 dur:41.708ms, clock:901.067 level:99
2019-04-28 14:10:47.169 T:3474797360 DEBUG: CVideoPlayerVideo::OutputPicture - ttd:-8071ms pts:893.184 Clock:901.256 Level:0 elapsed:0.007ms
2019-04-28 14:10:47.174 T:3474797360 DEBUG: CVideoPlayerVideo::OutputPicture - ttd:-8100ms pts:893.226 Clock:901.326 Level:0 elapsed:0.006ms
2019-04-28 14:10:47.178 T:3552891696 DEBUG: CVideoPlayer::ProcessVideoData size:10139 dts:901.526 pts:901.651 dur:41.708ms, clock:901.394 level:99
2019-04-28 14:10:47.178 T:3552891696 DEBUG: CVideoPlayer::ProcessVideoData size:533 dts:901.567 pts:901.567 dur:41.708ms, clock:901.398 level:99
2019-04-28 14:10:47.184 T:3474797360 DEBUG: CVideoPlayerVideo::OutputPicture - ttd:-8214ms pts:893.267 Clock:901.481 Level:0 elapsed:0.456ms
2019-04-28 14:10:47.189 T:3552891696 DEBUG: CVideoPlayer::ProcessVideoData size:599 dts:901.609 pts:901.609 dur:41.708ms, clock:901.563 level:99
2019-04-28 14:10:47.189 T:3474797360 DEBUG: CVideoPlayerVideo::OutputPicture - ttd:-8249ms pts:893.309 Clock:901.558 Level:0 elapsed:0.354ms
2019-04-28 14:10:47.199 T:3552891696 DEBUG: CVideoPlayer::ProcessVideoData size:10442 dts:901.651 pts:901.776 dur:41.708ms, clock:901.728 level:99
2019-04-28 14:10:47.208 T:3474797360 DEBUG: CVideoPlayerVideo::OutputPicture - ttd:-8522ms pts:893.351 Clock:901.873 Level:0 elapsed:0.007ms
2019-04-28 14:10:47.213 T:3474797360 DEBUG: CVideoPlayerVideo::OutputPicture - ttd:-8558ms pts:893.393 Clock:901.951 Level:0 elapsed:0.007ms
2019-04-28 14:10:47.219 T:3552891696 DEBUG: CVideoPlayer::ProcessVideoData size:1698 dts:901.692 pts:901.692 dur:41.708ms, clock:902.055 level:99
2019-04-28 14:10:47.220 T:3552891696 DEBUG: CVideoPlayer::ProcessVideoData size:1719 dts:901.734 pts:901.734 dur:41.708ms, clock:902.059 level:99
2019-04-28 14:10:47.226 T:3474797360 DEBUG: CVideoPlayerVideo::OutputPicture - ttd:-8735ms pts:893.434 Clock:902.169 Level:0 elapsed:0.006ms
2019-04-28 14:10:47.230 T:3552891696 DEBUG: CVideoPlayer::ProcessVideoData size:6510 dts:901.776 pts:901.901 dur:41.708ms, clock:902.224 level:99
2019-04-28 14:10:47.236 T:3474797360 DEBUG: CVideoPlayerVideo::OutputPicture - ttd:-8843ms pts:893.476 Clock:902.320 Level:0 elapsed:0.007ms
2019-04-28 14:10:47.240 T:3474797360 DEBUG: CVideoPlayerVideo::OutputPicture - ttd:-8871ms pts:893.518 Clock:902.389 Level:0 elapsed:0.007ms
2019-04-28 14:10:47.240 T:3552891696 DEBUG: CVideoPlayer::ProcessVideoData size:605 dts:901.818 pts:901.818 dur:41.708ms, clock:902.390 level:99
2019-04-28 14:10:47.250 T:3474797360 DEBUG: CVideoPlayerVideo::OutputPicture - ttd:-8987ms pts:893.559 Clock:902.547 Level:0 elapsed:0.007ms
2019-04-28 14:10:47.251 T:3552891696 DEBUG: CVideoPlayer::ProcessVideoData size:603 dts:901.859 pts:901.859 dur:41.708ms, clock:902.556 level:99
2019-04-28 14:10:47.261 T:3552891696 DEBUG: CVideoPlayer::ProcessVideoData size:4861 dts:901.901 pts:902.026 dur:41.708ms, clock:902.721 level:99
2019-04-28 14:10:47.263 T:3474797360 DEBUG: CVideoPlayerVideo::OutputPicture - ttd:-9155ms pts:893.601 Clock:902.757 Level:0 elapsed:0.006ms
2019-04-28 14:10:47.268 T:3474797360 DEBUG: CVideoPlayerVideo::OutputPicture - ttd:-9181ms pts:893.643 Clock:902.825 Level:0 elapsed:0.008ms
2019-04-28 14:10:47.271 T:3552891696 DEBUG: CVideoPlayer::ProcessVideoData size:1702 dts:901.943 pts:901.943 dur:41.708ms, clock:902.887 level:99
2019-04-28 14:10:47.272 T:3552891696 DEBUG: CVideoPlayer::ProcessVideoData size:1772 dts:901.984 pts:901.984 dur:41.708ms, clock:902.896 level:99
2019-04-28 14:10:47.280 T:3474797360 DEBUG: CVideoPlayerVideo::OutputPicture - ttd:-9348ms pts:893.684 Clock:903.033 Level:0 elapsed:0.008ms
2019-04-28 14:10:47.282 T:3552891696 DEBUG: CVideoPlayer::ProcessVideoData size:41690 dts:902.026 pts:902.151 dur:41.708ms, clock:903.062 level:99
2019-04-28 14:10:47.289 T:3474797360 DEBUG: CVideoPlayerVideo::OutputPicture - ttd:-9431ms pts:893.726 Clock:903.158 Level:0 elapsed:0.327ms
2019-04-28 14:10:47.293 T:3552891696 DEBUG: CVideoPlayer::ProcessVideoData size:628 dts:902.068 pts:902.068 dur:41.708ms, clock:903.228 level:99
2019-04-28 14:10:47.295 T:3474797360 DEBUG: CVideoPlayerVideo::OutputPicture - ttd:-9495ms pts:893.768 Clock:903.264 Level:0 elapsed:0.007ms
2019-04-28 14:10:47.303 T:3552891696 DEBUG: CVideoPlayer::ProcessVideoData size:2720 dts:902.110 pts:902.110 dur:41.708ms, clock:903.396 level:99
2019-04-28 14:10:47.304 T:3474797360 DEBUG: CVideoPlayerVideo::OutputPicture - ttd:-9594ms pts:893.810 Clock:903.404 Level:0 elapsed:0.006ms
2019-04-28 14:10:47.314 T:3552891696 DEBUG: CVideoPlayer::ProcessVideoData size:14666 dts:902.151 pts:902.276 dur:41.708ms, clock:903.563 level:99
2019-04-28 14:10:47.316 T:3474797360 DEBUG: CVideoPlayerVideo::OutputPicture - ttd:-9745ms pts:893.851 Clock:903.597 Level:0 elapsed:0.007ms
2019-04-28 14:10:47.320 T:3474797360 DEBUG: CVideoPlayerVideo::OutputPicture - ttd:-9771ms pts:893.893 Clock:903.665 Level:0 elapsed:0.148ms
2019-04-28 14:10:47.324 T:3552891696 DEBUG: CVideoPlayer::ProcessVideoData size:2968 dts:902.193 pts:902.193 dur:41.708ms, clock:903.729 level:99
2019-04-28 14:10:47.324 T:3552891696 DEBUG: CVideoPlayer::ProcessVideoData size:3029 dts:902.235 pts:902.235 dur:41.708ms, clock:903.733 level:99
2019-04-28 14:10:47.334 T:3474797360 DEBUG: CVideoPlayerVideo::OutputPicture - ttd:-9956ms pts:893.935 Clock:903.891 Level:0 elapsed:0.215ms
2019-04-28 14:10:47.338 T:3474797360 DEBUG: CVideoPlayerVideo::OutputPicture - ttd:-9981ms pts:893.976 Clock:903.958 Level:0 elapsed:0.006ms
2019-04-28 14:10:47.345 T:3552891696 DEBUG: CVideoPlayer::ProcessVideoData size:12944 dts:902.276 pts:902.402 dur:41.708ms, clock:904.060 level:99
2019-04-28 14:10:47.345 T:3552891696 DEBUG: CVideoPlayer::ProcessVideoData size:2779 dts:902.318 pts:902.318 dur:41.708ms, clock:904.064 level:99
2019-04-28 14:10:47.345 T:3552891696 INFO: AddOnLog: InputStream Adaptive: PosTime (905020)
2019-04-28 14:10:47.346 T:3517969200 DEBUG: CurlFile::ParseAndCorrectUrl() adding custom header option 'Range: bytes=137850983-138047975'
2019-04-28 14:10:47.346 T:3517969200 DEBUG: CurlFile::ParseAndCorrectUrl() adding custom header option 'connection: keep-alive'
2019-04-28 14:10:47.346 T:3517969200 DEBUG: CurlFile::Open(0xe51ba848) http://195.8.12.225/?o=AQHsvJl_EOvSE5TTC4bMd_jEHeSPEPWYqOh8RAVmbt7CBOuYT5VYlLBEmZEOHrgBOyDrYOjO2iHNfpl_cP3gfV8kUOWFG-leEB80dn1b5uAz5vGFWq7Dy_c_ownq5FLF3YlnoMExiAug9_IOqu7r923d64Q4l_0p8QG4lpahucIynSgXubBiaTx6l968bmXFGF43MryiAkvD1dD5j3u_hQ&v=3&e=1556500176&t=XBn9CDz3os3jL_GEmnZeF6gNB3c
2019-04-28 14:10:47.348 T:3474797360 DEBUG: CVideoPlayerVideo::OutputPicture - ttd:-10096ms pts:894.018 Clock:904.115 Level:0 elapsed:0.007ms
2019-04-28 14:10:47.353 T:3474797360 DEBUG: CVideoPlayerVideo::OutputPicture - ttd:-10131ms pts:894.060 Clock:904.191 Level:0 elapsed:0.007ms
2019-04-28 14:10:47.372 T:3474797360 DEBUG: CVideoPlayerVideo::OutputPicture - ttd:-10402ms pts:894.102 Clock:904.504 Level:0 elapsed:0.006ms
2019-04-28 14:10:47.373 T:3552891696 INFO: AddOnLog: InputStream Adaptive: seekTime(905.0) for Stream:1 continues at 906.9
2019-04-28 14:10:47.374 T:3517969200 DEBUG: AddOnLog: InputStream Adaptive: Download http://195.8.12.225/?o=AQHsvJl_EOvSE5TTC4bMd_jEHeSPEPWYqOh8RAVmbt7CBOuYT5VYlLBEmZEOHrgBOyDrYOjO2iHNfpl_cP3gfV8kUOWFG-leEB80dn1b5uAz5vGFWq7Dy_c_ownq5FLF3YlnoMExiAug9_IOqu7r923d64Q4l_0p8QG4lpahucIynSgXubBiaTx6l968bmXFGF43MryiAkvD1dD5j3u_hQ&v=3&e=1556500176&t=XBn9CDz3os3jL_GEmnZeF6gNB3c finished, avg speed: 7739327.83byte/s, current speed: 7296037.00byte/s
2019-04-28 14:10:47.374 T:3466404656 DEBUG: CurlFile::ParseAndCorrectUrl() adding custom header option 'Range: bytes=11387875-11413107'
2019-04-28 14:10:47.374 T:3466404656 DEBUG: CurlFile::ParseAndCorrectUrl() adding custom header option 'connection: keep-alive'
2019-04-28 14:10:47.375 T:3466404656 DEBUG: CurlFile::Open(0xe5b45420) http://195.8.12.225/?o=AQHsvJl_EOvSE5TTC4bNd__NFO-JEPWYqP98RAVmbt7CBOuYT5VYlLBEmZEOHrgBOyDrYOjO2iHNfpl_cP3gfV8kUOWFG-leEB80dn1b5uAz5vGFWq7Dy_c_ownq5FLF3YlnoMk1n1K7yKkMhNbEvXmPpd0xgv8g8x69ntP3pds0gHtSovUnbSx-hcm2MHyZCVQLaNviCAjXnsu3in0&v=3&e=1556500176&t=SdFHa60Oat9NM19HrSW2B81Yrik
2019-04-28 14:10:47.376 T:3474797360 DEBUG: CVideoPlayerVideo::OutputPicture - ttd:-10425ms pts:894.143 Clock:904.569 Level:0 elapsed:0.007ms
2019-04-28 14:10:47.389 T:3474797360 DEBUG: CVideoPlayerVideo::OutputPicture - ttd:-10580ms pts:894.185 Clock:904.765 Level:0 elapsed:0.299ms
2019-04-28 14:10:47.395 T:3474797360 DEBUG: CVideoPlayerVideo::OutputPicture - ttd:-10633ms pts:894.227 Clock:904.860 Level:0 elapsed:0.006ms
2019-04-28 14:10:47.402 T:3474797360 DEBUG: CVideoPlayerVideo::OutputPicture - ttd:-10703ms pts:894.268 Clock:904.972 Level:0 elapsed:0.008ms
2019-04-28 14:10:47.404 T:3466404656 DEBUG: AddOnLog: InputStream Adaptive: Download http://195.8.12.225/?o=AQHsvJl_EOvSE5TTC4bNd__NFO-JEPWYqP98RAVmbt7CBOuYT5VYlLBEmZEOHrgBOyDrYOjO2iHNfpl_cP3gfV8kUOWFG-leEB80dn1b5uAz5vGFWq7Dy_c_ownq5FLF3YlnoMk1n1K7yKkMhNbEvXmPpd0xgv8g8x69ntP3pds0gHtSovUnbSx-hcm2MHyZCVQLaNviCAjXnsu3in0&v=3&e=1556500176&t=SdFHa60Oat9NM19HrSW2B81Yrik finished, avg speed: 7574774.16byte/s, current speed: 901178.00byte/s
2019-04-28 14:10:47.404 T:3552891696 INFO: AddOnLog: InputStream Adaptive: seekTime(906.9) for Stream:6 continues at 906.9
2019-04-28 14:10:47.404 T:3552891696 DEBUG: CVideoPlayer::FlushBuffers - flushing buffers
2019-04-28 14:10:47.405 T:3552891696 DEBUG: CVideoPlayer::ProcessVideoData size:36335 dts:906.906 pts:906.948 dur:41.708ms, clock:906.448 level:96
2019-04-28 14:10:47.409 T:3458011952 DEBUG: CDVDAudio::Flush - flush audio stream
2019-04-28 14:10:47.409 T:3474797360 DEBUG: CVideoPlayerVideo::OutputPicture - ttd:-12212ms pts:894.310 Clock:906.523 Level:0 elapsed:0.008ms
2019-04-28 14:10:47.409 T:3474797360 DEBUG: CAddonVideoCodec: Reset
2019-04-28 14:10:47.626 T:3552891696 INFO: AddOnLog: InputStream Adaptive: PosTime (910836)
2019-04-28 14:10:47.628 T:3517969200 DEBUG: CurlFile::ParseAndCorrectUrl() adding custom header option 'Range: bytes=138321222-138706306'
2019-04-28 14:10:47.628 T:3517969200 DEBUG: CurlFile::ParseAndCorrectUrl() adding custom header option 'connection: keep-alive'
2019-04-28 14:10:47.628 T:3517969200 DEBUG: CurlFile::Open(0xe51b2488) http://195.8.12.225/?o=AQHsvJl_EOvSE5TTC4bMd_jEHeSPEPWYqOh8RAVmbt7CBOuYT5VYlLBEmZEOHrgBOyDrYOjO2iHNfpl_cP3gfV8kUOWFG-leEB80dn1b5uAz5vGFWq7Dy_c_ownq5FLF3YlnoMExiAug9_IOqu7r923d64Q4l_0p8QG4lpahucIynSgXubBiaTx6l968bmXFGF43MryiAkvD1dD5j3u_hQ&v=3&e=1556500176&t=XBn9CDz3os3jL_GEmnZeF6gNB3c
2019-04-28 14:10:47.655 T:3552891696 INFO: AddOnLog: InputStream Adaptive: seekTime(910.8) for Stream:1 continues at 910.9
2019-04-28 14:10:47.657 T:3466404656 DEBUG: CurlFile::ParseAndCorrectUrl() adding custom header option 'Range: bytes=11437971-11462447'
2019-04-28 14:10:47.657 T:3466404656 DEBUG: CurlFile::ParseAndCorrectUrl() adding custom header option 'connection: keep-alive'
2019-04-28 14:10:47.657 T:3466404656 DEBUG: CurlFile::Open(0xe5b4ecc0) http://195.8.12.225/?o=AQHsvJl_EOvSE5TTC4bNd__NFO-JEPWYqP98RAVmbt7CBOuYT5VYlLBEmZEOHrgBOyDrYOjO2iHNfpl_cP3gfV8kUOWFG-leEB80dn1b5uAz5vGFWq7Dy_c_ownq5FLF3YlnoMk1n1K7yKkMhNbEvXmPpd0xgv8g8x69ntP3pds0gHtSovUnbSx-hcm2MHyZCVQLaNviCAjXnsu3in0&v=3&e=1556500176&t=SdFHa60Oat9NM19HrSW2B81Yrik
2019-04-28 14:10:47.669 T:3466404656 DEBUG: AddOnLog: InputStream Adaptive: Download http://195.8.12.225/?o=AQHsvJl_EOvSE5TTC4bNd__NFO-JEPWYqP98RAVmbt7CBOuYT5VYlLBEmZEOHrgBOyDrYOjO2iHNfpl_cP3gfV8kUOWFG-leEB80dn1b5uAz5vGFWq7Dy_c_ownq5FLF3YlnoMk1n1K7yKkMhNbEvXmPpd0xgv8g8x69ntP3pds0gHtSovUnbSx-hcm2MHyZCVQLaNviCAjXnsu3in0&v=3&e=1556500176&t=SdFHa60Oat9NM19HrSW2B81Yrik finished, avg speed: 7449898.14byte/s, current speed: 2225181.00byte/s
2019-04-28 14:10:47.669 T:3552891696 INFO: AddOnLog: InputStream Adaptive: seekTime(910.9) for Stream:6 continues at 912.2
2019-04-28 14:10:47.669 T:3552891696 DEBUG: CVideoPlayer::FlushBuffers - flushing buffers
2019-04-28 14:10:47.672 T:3458011952 DEBUG: CDVDAudio::Flush - flush audio stream
2019-04-28 14:10:47.687 T:3517969200 DEBUG: AddOnLog: InputStream Adaptive: Download http://195.8.12.225/?o=AQHsvJl_EOvSE5TTC4bMd_jEHeSPEPWYqOh8RAVmbt7CBOuYT5VYlLBEmZEOHrgBOyDrYOjO2iHNfpl_cP3gfV8kUOWFG-leEB80dn1b5uAz5vGFWq7Dy_c_ownq5FLF3YlnoMExiAug9_IOqu7r923d64Q4l_0p8QG4lpahucIynSgXubBiaTx6l968bmXFGF43MryiAkvD1dD5j3u_hQ&v=3&e=1556500176&t=XBn9CDz3os3jL_GEmnZeF6gNB3c finished, avg speed: 7110917.85byte/s, current speed: 6526864.00byte/s
2019-04-28 14:10:48.066 T:3785339696 DEBUG: [plugin.video.netflix (0)] Executing JSON-RPC: {"params": {"playerid": 1, "properties": ["audiostreams", "currentaudiostream", "subtitles", "currentsubtitle", "subtitleenabled", "percentage", "time"]}, "jsonrpc": "2.0", "method": "Player.GetProperties", "id": 1}
2019-04-28 14:10:48.068 T:3785339696 DEBUG: [plugin.video.netflix (0)] Notifying all managers of on_tick (data={u'currentaudiostream': {u'index': 0, u'name': u'AAC ', u'language': u'eng', u'channels': 2, u'codec': u'aac', u'bitrate': 98304}, u'elapsed_seconds': 913, u'time': {u'hours': 0, u'seconds': 13, u'minutes': 15, u'milliseconds': 903}, u'subtitleenabled': True, u'percentage': 17.790597915649414, u'currentsubtitle': {u'index': 0, u'name': u'', u'language': u'eng'}, u'audiostreams': [{u'index': 0, u'name': u'AAC ', u'language': u'eng', u'channels': 2, u'codec': u'aac', u'bitrate': 98304}, {u'index': 1, u'name': u'AAC ', u'language': u'spa', u'channels': 2, u'codec': u'aac', u'bitrate': 98304}, {u'index': 2, u'name': u'AAC ', u'language': u'fre', u'channels': 2, u'codec': u'aac', u'bitrate': 98304}, {u'index': 3, u'name': u'AAC ', u'language': u'por', u'channels': 2, u'codec': u'aac', u'bitrate': 98304}], u'subtitles': [{u'index': 0, u'name': u'', u'language': u'eng'}, {u'index': 1, u'name': u'', u'language': u'spa'}, {u'index': 2, u'name': u'', u'language': u'spa'}, {u'index': 3, u'name': u'', u'language': u'fre'}, {u'index': 4, u'name': u'', u'language': u'fre'}, {u'index': 5, u'name': u'', u'language': u'por'}]})
2019-04-28 14:10:48.095 T:3576222512 DEBUG: CWebServer[8080]: request received for /jsonrpc
2019-04-28 14:10:48.664 T:3474797360 DEBUG: Previous line repeats 3 times.
2019-04-28 14:10:48.664 T:3474797360 DEBUG: CAddonVideoCodec: Reset
2019-04-28 14:10:48.667 T:3552891696 DEBUG: CVideoPlayer::ProcessVideoData size:47826 dts:910.910 pts:910.952 dur:41.708ms, clock:910.452 level:0
2019-04-28 14:10:48.667 T:3552891696 DEBUG: CVideoPlayer::ProcessVideoData size:9561 dts:910.952 pts:911.035 dur:41.708ms, clock:910.456 level:0
2019-04-28 14:10:48.667 T:3552891696 DEBUG: CVideoPlayer::ProcessVideoData size:2605 dts:910.993 pts:910.993 dur:41.708ms, clock:910.458 level:1
2019-04-28 14:10:48.667 T:3552891696 DEBUG: CVideoPlayer::ProcessVideoData size:10209 dts:911.035 pts:911.160 dur:41.708ms, clock:910.460 level:2
2019-04-28 14:10:48.667 T:3552891696 DEBUG: CVideoPlayer::ProcessVideoData size:3168 dts:911.077 pts:911.077 dur:41.708ms, clock:910.462 level:2
2019-04-28 14:10:48.667 T:3552891696 DEBUG: CVideoPlayer::ProcessVideoData size:2701 dts:911.119 pts:911.119 dur:41.708ms, clock:910.464 level:3
2019-04-28 14:10:48.667 T:3552891696 DEBUG: CVideoPlayer::ProcessVideoData size:8001 dts:911.160 pts:911.244 dur:41.708ms, clock:910.466 level:3
2019-04-28 14:10:48.668 T:3552891696 DEBUG: CVideoPlayer::ProcessVideoData size:2393 dts:911.202 pts:911.202 dur:41.708ms, clock:910.468 level:4
2019-04-28 14:10:48.668 T:3552891696 DEBUG: CVideoPlayer::ProcessVideoData size:13198 dts:911.244 pts:911.327 dur:41.708ms, clock:910.470 level:4
2019-04-28 14:10:48.668 T:3552891696 DEBUG: CVideoPlayer::ProcessVideoData size:3594 dts:911.285 pts:911.285 dur:41.708ms, clock:910.473 level:5
2019-04-28 14:10:48.668 T:3552891696 DEBUG: CVideoPlayer::ProcessVideoData size:10103 dts:911.327 pts:911.410 dur:41.708ms, clock:910.475 level:5
2019-04-28 14:10:48.668 T:3552891696 DEBUG: CVideoPlayer::ProcessVideoData size:2340 dts:911.369 pts:911.369 dur:41.708ms, clock:910.477 level:6
2019-04-28 14:10:48.668 T:3552891696 DEBUG: CVideoPlayer::ProcessVideoData size:10618 dts:911.410 pts:911.494 dur:41.708ms, clock:910.479 level:6
2019-04-28 14:10:48.668 T:3552891696 DEBUG: CVideoPlayer::ProcessVideoData size:2137 dts:911.452 pts:911.452 dur:41.708ms, clock:910.481 level:7
2019-04-28 14:10:48.669 T:3552891696 DEBUG: CVideoPlayer::ProcessVideoData size:9751 dts:911.494 pts:911.577 dur:41.708ms, clock:910.483 level:7
2019-04-28 14:10:48.669 T:3552891696 DEBUG: CVideoPlayer::ProcessVideoData size:2109 dts:911.536 pts:911.536 dur:41.708ms, clock:910.486 level:8
2019-04-28 14:10:48.669 T:3552891696 DEBUG: CVideoPlayer::ProcessVideoData size:9515 dts:911.577 pts:911.661 dur:41.708ms, clock:910.488 level:8
2019-04-28 14:10:48.669 T:3552891696 DEBUG: CVideoPlayer::ProcessVideoData size:1945 dts:911.619 pts:911.619 dur:41.708ms, clock:910.490 level:9
2019-04-28 14:10:48.669 T:3552891696 DEBUG: CVideoPlayer::ProcessVideoData size:10026 dts:911.661 pts:911.744 dur:41.708ms, clock:910.492 level:9
2019-04-28 14:10:48.669 T:3552891696 DEBUG: CVideoPlayer::ProcessVideoData size:2200 dts:911.702 pts:911.702 dur:41.708ms, clock:910.494 level:10
2019-04-28 14:10:48.669 T:3552891696 DEBUG: CVideoPlayer::ProcessVideoData size:10175 dts:911.744 pts:911.828 dur:41.708ms, clock:910.496 level:10
2019-04-28 14:10:48.670 T:3552891696 DEBUG: CVideoPlayer::ProcessVideoData size:2395 dts:911.786 pts:911.786 dur:41.708ms, clock:910.499 level:11
2019-04-28 14:10:48.670 T:3552891696 DEBUG: CVideoPlayer::ProcessVideoData size:10157 dts:911.828 pts:911.911 dur:41.708ms, clock:910.501 level:11
2019-04-28 14:10:48.670 T:3552891696 DEBUG: CVideoPlayer::ProcessVideoData size:2583 dts:911.869 pts:911.869 dur:41.708ms, clock:910.503 level:12
2019-04-28 14:10:48.670 T:3552891696 DEBUG: CVideoPlayer::ProcessVideoData size:11448 dts:911.911 pts:911.994 dur:41.708ms, clock:910.505 level:12
2019-04-28 14:10:48.670 T:3552891696 DEBUG: CVideoPlayer::ProcessVideoData size:2453 dts:911.953 pts:911.953 dur:41.708ms, clock:910.507 level:13
2019-04-28 14:10:48.670 T:3552891696 DEBUG: CVideoPlayer::ProcessVideoData size:12955 dts:911.994 pts:912.078 dur:41.708ms, clock:910.509 level:14
2019-04-28 14:10:48.670 T:3552891696 DEBUG: CVideoPlayer::ProcessVideoData size:2567 dts:912.036 pts:912.036 dur:41.708ms, clock:910.511 level:14
2019-04-28 14:10:48.670 T:3552891696 DEBUG: CVideoPlayer::ProcessVideoData size:14735 dts:912.078 pts:912.161 dur:41.708ms, clock:910.513 level:15
2019-04-28 14:10:48.671 T:3552891696 DEBUG: CVideoPlayer::ProcessVideoData size:2502 dts:912.120 pts:912.120 dur:41.708ms, clock:910.515 level:15
2019-04-28 14:10:48.671 T:3552891696 DEBUG: CVideoPlayer::ProcessVideoData size:15313 dts:912.161 pts:912.245 dur:41.708ms, clock:910.520 level:16
2019-04-28 14:10:48.671 T:3552891696 DEBUG: CVideoPlayer::ProcessVideoData size:2683 dts:912.203 pts:912.203 dur:41.708ms, clock:910.523 level:16
2019-04-28 14:10:48.671 T:3552891696 DEBUG: CVideoPlayer::ProcessVideoData size:18455 dts:912.245 pts:912.328 dur:41.708ms, clock:910.525 level:17
2019-04-28 14:10:48.671 T:3552891696 DEBUG: CVideoPlayer::ProcessVideoData size:2563 dts:912.286 pts:912.286 dur:41.708ms, clock:910.528 level:17
2019-04-28 14:10:48.671 T:3552891696 DEBUG: CVideoPlayer::ProcessVideoData size:16734 dts:912.328 pts:912.412 dur:41.708ms, clock:910.530 level:18
2019-04-28 14:10:48.672 T:3552891696 DEBUG: CVideoPlayer::ProcessVideoData size:2416 dts:912.370 pts:912.370 dur:41.708ms, clock:910.532 level:18
2019-04-28 14:10:48.672 T:3552891696 DEBUG: CVideoPlayer::ProcessVideoData size:15554 dts:912.412 pts:912.495 dur:41.708ms, clock:910.534 level:19
2019-04-28 14:10:48.672 T:3552891696 DEBUG: CVideoPlayer::ProcessVideoData size:2502 dts:912.453 pts:912.453 dur:41.708ms, clock:910.537 level:19
2019-04-28 14:10:48.672 T:3552891696 DEBUG: CVideoPlayer::ProcessVideoData size:15888 dts:912.495 pts:912.578 dur:41.708ms, clock:910.539 level:20
2019-04-28 14:10:48.672 T:3552891696 DEBUG: CVideoPlayer::ProcessVideoData size:2314 dts:912.537 pts:912.537 dur:41.708ms, clock:910.542 level:20
2019-04-28 14:10:48.672 T:3552891696 DEBUG: CVideoPlayer::ProcessVideoData size:12519 dts:912.578 pts:912.662 dur:41.708ms, clock:910.543 level:21
2019-04-28 14:10:48.672 T:3552891696 DEBUG: CVideoPlayer::ProcessVideoData size:2351 dts:912.620 pts:912.620 dur:41.708ms, clock:910.545 level:21
2019-04-28 14:10:48.673 T:3552891696 DEBUG: CVideoPlayer::ProcessVideoData size:12409 dts:912.662 pts:912.787 dur:41.708ms, clock:910.547 level:22
2019-04-28 14:10:48.673 T:3552891696 DEBUG: CVideoPlayer::ProcessVideoData size:2722 dts:912.703 pts:912.703 dur:41.708ms, clock:910.549 level:22
2019-04-28 14:10:48.673 T:3552891696 DEBUG: CVideoPlayer::ProcessVideoData size:2699 dts:912.745 pts:912.745 dur:41.708ms, clock:910.551 level:23
2019-04-28 14:10:48.673 T:3552891696 DEBUG: CVideoPlayer::ProcessVideoData size:12506 dts:912.787 pts:912.870 dur:41.708ms, clock:910.554 level:23
2019-04-28 14:10:48.673 T:3552891696 DEBUG: CVideoPlayer::ProcessVideoData size:2318 dts:912.829 pts:912.829 dur:41.708ms, clock:910.556 level:24
2019-04-28 14:10:48.675 T:3517969200 DEBUG: CurlFile::ParseAndCorrectUrl() adding custom header option 'Range: bytes=138706307-139070540'
2019-04-28 14:10:48.675 T:3517969200 DEBUG: CurlFile::ParseAndCorrectUrl() adding custom header option 'connection: keep-alive'
2019-04-28 14:10:48.675 T:3517969200 DEBUG: CurlFile::Open(0xe51990d0) http://195.8.12.225/?o=AQHsvJl_EOvSE5TTC4bMd_jEHeSPEPWYqOh8RAVmbt7CBOuYT5VYlLBEmZEOHrgBOyDrYOjO2iHNfpl_cP3gfV8kUOWFG-leEB80dn1b5uAz5vGFWq7Dy_c_ownq5FLF3YlnoMExiAug9_IOqu7r923d64Q4l_0p8QG4lpahucIynSgXubBiaTx6l968bmXFGF43MryiAkvD1dD5j3u_hQ&v=3&e=1556500176&t=XBn9CDz3os3jL_GEmnZeF6gNB3c
2019-04-28 14:10:48.689 T:3552891696 DEBUG: CVideoPlayer::ProcessVideoData size:5296 dts:912.870 pts:912.912 dur:41.708ms, clock:910.815 level:24
2019-04-28 14:10:48.692 T:3552891696 DEBUG: CVideoPlayer::ProcessVideoData size:50147 dts:912.912 pts:912.954 dur:41.708ms, clock:910.853 level:25
2019-04-28 14:10:48.692 T:3552891696 DEBUG: CVideoPlayer::ProcessVideoData size:16580 dts:912.954 pts:913.037 dur:41.708ms, clock:910.857 level:26
2019-04-28 14:10:48.692 T:3552891696 DEBUG: CVideoPlayer::ProcessVideoData size:2678 dts:912.995 pts:912.995 dur:41.708ms, clock:910.860 level:26
2019-04-28 14:10:48.695 T:3552891696 DEBUG: CVideoPlayer::ProcessVideoData size:14049 dts:913.037 pts:913.079 dur:41.708ms, clock:910.900 level:27
2019-04-28 14:10:48.695 T:3552891696 DEBUG: CVideoPlayer::ProcessVideoData size:15859 dts:913.079 pts:913.204 dur:41.708ms, clock:910.904 level:27
2019-04-28 14:10:48.695 T:3552891696 DEBUG: CVideoPlayer::ProcessVideoData size:2937 dts:913.121 pts:913.121 dur:41.708ms, clock:910.906 level:28
2019-04-28 14:10:48.695 T:3552891696 DEBUG: CVideoPlayer::ProcessVideoData size:2862 dts:913.162 pts:913.162 dur:41.708ms, clock:910.909 level:28
2019-04-28 14:10:48.695 T:3552891696 DEBUG: CVideoPlayer::ProcessVideoData size:14796 dts:913.204 pts:913.329 dur:41.708ms, clock:910.911 level:29
2019-04-28 14:10:48.695 T:3552891696 DEBUG: CVideoPlayer::ProcessVideoData size:3769 dts:913.246 pts:913.246 dur:41.708ms, clock:910.913 level:29
2019-04-28 14:10:48.698 T:3552891696 DEBUG: CVideoPlayer::ProcessVideoData size:3574 dts:913.287 pts:913.287 dur:41.708ms, clock:910.954 level:30
2019-04-28 14:10:48.698 T:3552891696 DEBUG: CVideoPlayer::ProcessVideoData size:11790 dts:913.329 pts:913.454 dur:41.708ms, clock:910.958 level:30
2019-04-28 14:10:48.698 T:3552891696 DEBUG: CVideoPlayer::ProcessVideoData size:2834 dts:913.371 pts:913.371 dur:41.708ms, clock:910.960 level:31
2019-04-28 14:10:48.699 T:3552891696 DEBUG: CVideoPlayer::ProcessVideoData size:2653 dts:913.413 pts:913.413 dur:41.708ms, clock:910.966 level:31
2019-04-28 14:10:48.699 T:3552891696 DEBUG: CVideoPlayer::ProcessVideoData size:11549 dts:913.454 pts:913.538 dur:41.708ms, clock:910.970 level:32
2019-04-28 14:10:48.701 T:3552891696 DEBUG: CVideoPlayer::ProcessVideoData size:2389 dts:913.496 pts:913.496 dur:41.708ms, clock:910.995 level:32
2019-04-28 14:10:48.701 T:3552891696 DEBUG: CVideoPlayer::ProcessVideoData size:13182 dts:913.538 pts:913.621 dur:41.708ms, clock:911.000 level:33
2019-04-28 14:10:48.701 T:3552891696 DEBUG: CVideoPlayer::ProcessVideoData size:2315 dts:913.579 pts:913.579 dur:41.708ms, clock:911.003 level:33
2019-04-28 14:10:48.701 T:3552891696 DEBUG: CVideoPlayer::ProcessVideoData size:9523 dts:913.621 pts:913.704 dur:41.708ms, clock:911.005 level:34
2019-04-28 14:10:48.705 T:3552891696 DEBUG: CVideoPlayer::ProcessVideoData size:2304 dts:913.663 pts:913.663 dur:41.708ms, clock:911.063 level:34
2019-04-28 14:10:48.705 T:3552891696 DEBUG: CVideoPlayer::ProcessVideoData size:9812 dts:913.704 pts:913.788 dur:41.708ms, clock:911.068 level:35
2019-04-28 14:10:48.705 T:3552891696 DEBUG: CVideoPlayer::ProcessVideoData size:2333 dts:913.746 pts:913.746 dur:41.708ms, clock:911.072 level:35
2019-04-28 14:10:48.706 T:3552891696 DEBUG: CVideoPlayer::ProcessVideoData size:10089 dts:913.788 pts:913.913 dur:41.708ms, clock:911.075 level:36
2019-04-28 14:10:48.706 T:3552891696 DEBUG: CVideoPlayer::ProcessVideoData size:2754 dts:913.830 pts:913.830 dur:41.708ms, clock:911.077 level:36
2019-04-28 14:10:48.706 T:3552891696 DEBUG: CVideoPlayer::ProcessVideoData size:2679 dts:913.871 pts:913.871 dur:41.708ms, clock:911.081 level:37
2019-04-28 14:10:48.706 T:3552891696 DEBUG: CVideoPlayer::ProcessVideoData size:8403 dts:913.913 pts:914.038 dur:41.708ms, clock:911.087 level:38
2019-04-28 14:10:48.707 T:3552891696 DEBUG: CVideoPlayer::ProcessVideoData size:2654 dts:913.955 pts:913.955 dur:41.708ms, clock:911.091 level:38
2019-04-28 14:10:48.710 T:3552891696 DEBUG: CVideoPlayer::ProcessVideoData size:2464 dts:913.996 pts:913.996 dur:41.708ms, clock:911.145 level:39
2019-04-28 14:10:48.710 T:3552891696 DEBUG: CVideoPlayer::ProcessVideoData size:9682 dts:914.038 pts:914.122 dur:41.708ms, clock:911.150 level:39
2019-04-28 14:10:48.711 T:3552891696 DEBUG: CVideoPlayer::ProcessVideoData size:2349 dts:914.080 pts:914.080 dur:41.708ms, clock:911.155 level:40
2019-04-28 14:10:48.711 T:3552891696 DEBUG: CVideoPlayer::ProcessVideoData size:10831 dts:914.122 pts:914.205 dur:41.708ms, clock:911.160 level:40
2019-04-28 14:10:48.712 T:3552891696 DEBUG: CVideoPlayer::ProcessVideoData size:2371 dts:914.163 pts:914.163 dur:41.708ms, clock:911.184 level:41
2019-04-28 14:10:48.713 T:3552891696 DEBUG: CVideoPlayer::ProcessVideoData size:10956 dts:914.205 pts:914.288 dur:41.708ms, clock:911.189 level:41
2019-04-28 14:10:48.713 T:3552891696 DEBUG: CVideoPlayer::ProcessVideoData size:2751 dts:914.247 pts:914.247 dur:41.708ms, clock:911.194 level:42
2019-04-28 14:10:48.713 T:3552891696 DEBUG: CVideoPlayer::ProcessVideoData size:10950 dts:914.288 pts:914.372 dur:41.708ms, clock:911.198 level:42
2019-04-28 14:10:48.714 T:3552891696 DEBUG: CVideoPlayer::ProcessVideoData size:3283 dts:914.330 pts:914.330 dur:41.708ms, clock:911.203 level:43
2019-04-28 14:10:48.715 T:3552891696 DEBUG: CVideoPlayer::ProcessVideoData size:9767 dts:914.372 pts:914.497 dur:41.708ms, clock:911.231 level:43
2019-04-28 14:10:48.716 T:3552891696 DEBUG: CVideoPlayer::ProcessVideoData size:5004 dts:914.413 pts:914.413 dur:41.708ms, clock:911.235 level:44
2019-04-28 14:10:48.718 T:3517969200 DEBUG: AddOnLog: InputStream Adaptive: Download http://195.8.12.225/?o=AQHsvJl_EOvSE5TTC4bMd_jEHeSPEPWYqOh8RAVmbt7CBOuYT5VYlLBEmZEOHrgBOyDrYOjO2iHNfpl_cP3gfV8kUOWFG-leEB80dn1b5uAz5vGFWq7Dy_c_ownq5FLF3YlnoMExiAug9_IOqu7r923d64Q4l_0p8QG4lpahucIynSgXubBiaTx6l968bmXFGF43MryiAkvD1dD5j3u_hQ&v=3&e=1556500176&t=XBn9CDz3os3jL_GEmnZeF6gNB3c finished, avg speed: 7726731.99byte/s, current speed: 8883756.00byte/s
2019-04-28 14:10:48.718 T:3552891696 DEBUG: CVideoPlayer::ProcessVideoData size:4743 dts:914.455 pts:914.455 dur:41.708ms, clock:911.273 level:44
2019-04-28 14:10:48.718 T:3552891696 DEBUG: CVideoPlayer::ProcessVideoData size:28645 dts:914.497 pts:914.580 dur:41.708ms, clock:911.280 level:45
2019-04-28 14:10:48.719 T:3552891696 DEBUG: CVideoPlayer::ProcessVideoData size:4046 dts:914.539 pts:914.539 dur:41.708ms, clock:911.285 level:45
2019-04-28 14:10:48.719 T:3552891696 DEBUG: CVideoPlayer::ProcessVideoData size:10732 dts:914.580 pts:914.705 dur:41.708ms, clock:911.288 level:46
2019-04-28 14:10:48.719 T:3552891696 DEBUG: CVideoPlayer::ProcessVideoData size:1081 dts:914.622 pts:914.622 dur:41.708ms, clock:911.290 level:46
2019-04-28 14:10:48.719 T:3552891696 DEBUG: CVideoPlayer::ProcessVideoData size:940 dts:914.664 pts:914.664 dur:41.708ms, clock:911.293 level:47
2019-04-28 14:10:48.719 T:3552891696 DEBUG: CVideoPlayer::ProcessVideoData size:9109 dts:914.705 pts:914.831 dur:41.708ms, clock:911.296 level:47
2019-04-28 14:10:48.719 T:3552891696 DEBUG: CVideoPlayer::ProcessVideoData size:1352 dts:914.747 pts:914.747 dur:41.708ms, clock:911.298 level:48
2019-04-28 14:10:48.720 T:3552891696 DEBUG: CVideoPlayer::ProcessVideoData size:1263 dts:914.789 pts:914.789 dur:41.708ms, clock:911.300 level:48
2019-04-28 14:10:48.720 T:3552891696 DEBUG: CVideoPlayer::ProcessVideoData size:4368 dts:914.831 pts:914.914 dur:41.708ms, clock:911.302 level:49
2019-04-28 14:10:48.721 T:3517969200 DEBUG: CurlFile::ParseAndCorrectUrl() adding custom header option 'Range: bytes=139070541-139311883'
2019-04-28 14:10:48.721 T:3517969200 DEBUG: CurlFile::ParseAndCorrectUrl() adding custom header option 'connection: keep-alive'
2019-04-28 14:10:48.721 T:3517969200 DEBUG: CurlFile::Open(0xe5167818) http://195.8.12.225/?o=AQHsvJl_EOvSE5TTC4bMd_jEHeSPEPWYqOh8RAVmbt7CBOuYT5VYlLBEmZEOHrgBOyDrYOjO2iHNfpl_cP3gfV8kUOWFG-leEB80dn1b5uAz5vGFWq7Dy_c_ownq5FLF3YlnoMExiAug9_IOqu7r923d64Q4l_0p8QG4lpahucIynSgXubBiaTx6l968bmXFGF43MryiAkvD1dD5j3u_hQ&v=3&e=1556500176&t=XBn9CDz3os3jL_GEmnZeF6gNB3c
2019-04-28 14:10:48.733 T:3552891696 DEBUG: CVideoPlayer::ProcessVideoData size:1160 dts:914.872 pts:914.872 dur:41.708ms, clock:911.517 level:50
2019-04-28 14:10:48.734 T:3552891696 DEBUG: CVideoPlayer::ProcessVideoData size:34830 dts:914.914 pts:914.956 dur:41.708ms, clock:911.524 level:50
2019-04-28 14:10:48.734 T:3552891696 DEBUG: CVideoPlayer::ProcessVideoData size:6807 dts:914.956 pts:915.081 dur:41.708ms, clock:911.527 level:51
2019-04-28 14:10:48.734 T:3552891696 DEBUG: CVideoPlayer::ProcessVideoData size:1831 dts:914.997 pts:914.997 dur:41.708ms, clock:911.530 level:51
2019-04-28 14:10:48.734 T:3552891696 DEBUG: CVideoPlayer::ProcessVideoData size:1819 dts:915.039 pts:915.039 dur:41.708ms, clock:911.534 level:52
2019-04-28 14:10:48.734 T:3552891696 DEBUG: CVideoPlayer::ProcessVideoData size:8192 dts:915.081 pts:915.164 dur:41.708ms, clock:911.537 level:52
2019-04-28 14:10:48.736 T:3552891696 DEBUG: CVideoPlayer::ProcessVideoData size:1713 dts:915.123 pts:915.123 dur:41.708ms, clock:911.554 level:53
2019-04-28 14:10:48.736 T:3552891696 DEBUG: CVideoPlayer::ProcessVideoData size:10285 dts:915.164 pts:915.248 dur:41.708ms, clock:911.559 level:53
2019-04-28 14:10:48.736 T:3552891696 DEBUG: CVideoPlayer::ProcessVideoData size:1767 dts:915.206 pts:915.206 dur:41.708ms, clock:911.565 level:54
2019-04-28 14:10:48.736 T:3552891696 DEBUG: CVideoPlayer::ProcessVideoData size:8898 dts:915.248 pts:915.373 dur:41.708ms, clock:911.569 level:54
2019-04-28 14:10:48.737 T:3552891696 DEBUG: CVideoPlayer::ProcessVideoData size:1983 dts:915.289 pts:915.289 dur:41.708ms, clock:911.572 level:55
2019-04-28 14:10:48.737 T:3552891696 DEBUG: CVideoPlayer::ProcessVideoData size:1909 dts:915.331 pts:915.331 dur:41.708ms, clock:911.574 level:55
2019-04-28 14:10:48.737 T:3552891696 DEBUG: CVideoPlayer::ProcessVideoData size:7731 dts:915.373 pts:915.498 dur:41.708ms, clock:911.576 level:56
2019-04-28 14:10:48.737 T:3552891696 DEBUG: CVideoPlayer::ProcessVideoData size:2454 dts:915.414 pts:915.414 dur:41.708ms, clock:911.579 level:56
2019-04-28 14:10:48.741 T:3552891696 DEBUG: CVideoPlayer::ProcessVideoData size:2410 dts:915.456 pts:915.456 dur:41.708ms, clock:911.636 level:57
2019-04-28 14:10:48.741 T:3552891696 DEBUG: CVideoPlayer::ProcessVideoData size:6894 dts:915.498 pts:915.581 dur:41.708ms, clock:911.640 level:57
2019-04-28 14:10:48.741 T:3552891696 DEBUG: CVideoPlayer::ProcessVideoData size:1684 dts:915.540 pts:915.540 dur:41.708ms, clock:911.643 level:58
2019-04-28 14:10:48.741 T:3552891696 DEBUG: CVideoPlayer::ProcessVideoData size:6976 dts:915.581 pts:915.706 dur:41.708ms, clock:911.645 level:58
2019-04-28 14:10:48.741 T:3552891696 DEBUG: CVideoPlayer::ProcessVideoData size:1680 dts:915.623 pts:915.623 dur:41.708ms, clock:911.647 level:59
2019-04-28 14:10:48.741 T:3552891696 DEBUG: CVideoPlayer::ProcessVideoData size:1679 dts:915.665 pts:915.665 dur:41.708ms, clock:911.650 level:59
2019-04-28 14:10:48.742 T:3552891696 DEBUG: CVideoPlayer::ProcessVideoData size:6549 dts:915.706 pts:915.790 dur:41.708ms, clock:911.652 level:60
2019-04-28 14:10:48.742 T:3552891696 DEBUG: CVideoPlayer::ProcessVideoData size:1291 dts:915.748 pts:915.748 dur:41.708ms, clock:911.655 level:60
2019-04-28 14:10:48.742 T:3552891696 DEBUG: CVideoPlayer::ProcessVideoData size:7002 dts:915.790 pts:915.873 dur:41.708ms, clock:911.657 level:61
2019-04-28 14:10:48.744 T:3552891696 DEBUG: CVideoPlayer::ProcessVideoData size:1512 dts:915.832 pts:915.832 dur:41.708ms, clock:911.682 level:61
2019-04-28 14:10:48.744 T:3552891696 DEBUG: CVideoPlayer::ProcessVideoData size:7535 dts:915.873 pts:915.957 dur:41.708ms, clock:911.686 level:62
2019-04-28 14:10:48.744 T:3552891696 DEBUG: CVideoPlayer::ProcessVideoData size:1587 dts:915.915 pts:915.915 dur:41.708ms, clock:911.690 level:63
2019-04-28 14:10:48.744 T:3552891696 DEBUG: CVideoPlayer::ProcessVideoData size:9111 dts:915.957 pts:916.040 dur:41.708ms, clock:911.695 level:63
2019-04-28 14:10:48.744 T:3552891696 DEBUG: CVideoPlayer::ProcessVideoData size:1513 dts:915.998 pts:915.998 dur:41.708ms, clock:911.697 level:64
2019-04-28 14:10:48.745 T:3552891696 DEBUG: CVideoPlayer::ProcessVideoData size:7890 dts:916.040 pts:916.124 dur:41.708ms, clock:911.700 level:64
2019-04-28 14:10:48.746 T:3552891696 DEBUG: CVideoPlayer::ProcessVideoData size:1571 dts:916.082 pts:916.082 dur:41.708ms, clock:911.721 level:65
2019-04-28 14:10:48.746 T:3552891696 DEBUG: CVideoPlayer::ProcessVideoData size:7832 dts:916.124 pts:916.207 dur:41.708ms, clock:911.725 level:65
2019-04-28 14:10:48.747 T:3552891696 DEBUG: CVideoPlayer::ProcessVideoData size:1473 dts:916.165 pts:916.165 dur:41.708ms, clock:911.730 level:66
2019-04-28 14:10:48.747 T:3552891696 DEBUG: CVideoPlayer::ProcessVideoData size:8435 dts:916.207 pts:916.290 dur:41.708ms, clock:911.734 level:66
2019-04-28 14:10:48.747 T:3552891696 DEBUG: CVideoPlayer::ProcessVideoData size:1111 dts:916.249 pts:916.249 dur:41.708ms, clock:911.737 level:67
2019-04-28 14:10:48.747 T:3552891696 DEBUG: CVideoPlayer::ProcessVideoData size:5719 dts:916.290 pts:916.415 dur:41.708ms, clock:911.740 level:67
2019-04-28 14:10:48.747 T:3552891696 DEBUG: CVideoPlayer::ProcessVideoData size:1924 dts:916.332 pts:916.332 dur:41.708ms, clock:911.742 level:68
2019-04-28 14:10:48.747 T:3552891696 DEBUG: CVideoPlayer::ProcessVideoData size:1871 dts:916.374 pts:916.374 dur:41.708ms, clock:911.744 level:68
2019-04-28 14:10:48.747 T:3552891696 DEBUG: CVideoPlayer::ProcessVideoData size:4263 dts:916.415 pts:916.499 dur:41.708ms, clock:911.746 level:69
2019-04-28 14:10:48.748 T:3552891696 DEBUG: CVideoPlayer::ProcessVideoData size:1195 dts:916.457 pts:916.457 dur:41.708ms, clock:911.754 level:69
2019-04-28 14:10:48.750 T:3552891696 DEBUG: CVideoPlayer::ProcessVideoData size:3007 dts:916.499 pts:916.624 dur:41.708ms, clock:911.780 level:70
2019-04-28 14:10:48.750 T:3552891696 DEBUG: CVideoPlayer::ProcessVideoData size:1511 dts:916.541 pts:916.541 dur:41.708ms, clock:911.784 level:70
2019-04-28 14:10:48.750 T:3517969200 DEBUG: AddOnLog: InputStream Adaptive: Download http://195.8.12.225/?o=AQHsvJl_EOvSE5TTC4bMd_jEHeSPEPWYqOh8RAVmbt7CBOuYT5VYlLBEmZEOHrgBOyDrYOjO2iHNfpl_cP3gfV8kUOWFG-leEB80dn1b5uAz5vGFWq7Dy_c_ownq5FLF3YlnoMExiAug9_IOqu7r923d64Q4l_0p8QG4lpahucIynSgXubBiaTx6l968bmXFGF43MryiAkvD1dD5j3u_hQ&v=3&e=1556500176&t=XBn9CDz3os3jL_GEmnZeF6gNB3c finished, avg speed: 7932188.96byte/s, current speed: 8619392.00byte/s
2019-04-28 14:10:48.750 T:3552891696 DEBUG: CVideoPlayer::ProcessVideoData size:1607 dts:916.582 pts:916.582 dur:41.708ms, clock:911.791 level:71
2019-04-28 14:10:48.751 T:3552891696 DEBUG: CVideoPlayer::ProcessVideoData size:22554 dts:916.624 pts:916.666 dur:41.708ms, clock:911.796 level:71
2019-04-28 14:10:48.751 T:3552891696 DEBUG: CVideoPlayer::ProcessVideoData size:5874 dts:916.666 pts:916.791 dur:41.708ms, clock:911.799 level:72
2019-04-28 14:10:48.751 T:3552891696 DEBUG: CVideoPlayer::ProcessVideoData size:1129 dts:916.707 pts:916.707 dur:41.708ms, clock:911.802 level:72
2019-04-28 14:10:48.751 T:3552891696 DEBUG: CVideoPlayer::ProcessVideoData size:934 dts:916.749 pts:916.749 dur:41.708ms, clock:911.804 level:73
2019-04-28 14:10:48.751 T:3552891696 DEBUG: CVideoPlayer::ProcessVideoData size:5744 dts:916.791 pts:916.874 dur:41.708ms, clock:911.805 level:73
2019-04-28 14:10:48.751 T:3552891696 DEBUG: CVideoPlayer::ProcessVideoData size:1035 dts:916.833 pts:916.833 dur:41.708ms, clock:911.807 level:74
2019-04-28 14:10:48.752 T:3517969200 DEBUG: CurlFile::ParseAndCorrectUrl() adding custom header option 'Range: bytes=139311884-139601057'
2019-04-28 14:10:48.752 T:3517969200 DEBUG: CurlFile::ParseAndCorrectUrl() adding custom header option 'connection: keep-alive'
2019-04-28 14:10:48.753 T:3517969200 DEBUG: CurlFile::Open(0xe51ba848) http://195.8.12.225/?o=AQHsvJl_EOvSE5TTC4bMd_jEHeSPEPWYqOh8RAVmbt7CBOuYT5VYlLBEmZEOHrgBOyDrYOjO2iHNfpl_cP3gfV8kUOWFG-leEB80dn1b5uAz5vGFWq7Dy_c_ownq5FLF3YlnoMExiAug9_IOqu7r923d64Q4l_0p8QG4lpahucIynSgXubBiaTx6l968bmXFGF43MryiAkvD1dD5j3u_hQ&v=3&e=1556500176&t=XBn9CDz3os3jL_GEmnZeF6gNB3c
2019-04-28 14:10:48.763 T:3552891696 DEBUG: CVideoPlayer::ProcessVideoData size:5149 dts:916.874 pts:916.916 dur:41.708ms, clock:911.989 level:75
2019-04-28 14:10:48.767 T:3552891696 DEBUG: CVideoPlayer::ProcessVideoData size:23400 dts:916.916 pts:916.958 dur:41.708ms, clock:912.052 level:75
2019-04-28 14:10:48.767 T:3552891696 DEBUG: CVideoPlayer::ProcessVideoData size:9024 dts:916.958 pts:917.083 dur:41.708ms, clock:912.057 level:76
2019-04-28 14:10:48.767 T:3552891696 DEBUG: CVideoPlayer::ProcessVideoData size:1340 dts:916.999 pts:916.999 dur:41.708ms, clock:912.061 level:76
2019-04-28 14:10:48.767 T:3552891696 DEBUG: CVideoPlayer::ProcessVideoData size:1292 dts:917.041 pts:917.041 dur:41.708ms, clock:912.063 level:77
2019-04-28 14:10:48.767 T:3552891696 DEBUG: CVideoPlayer::ProcessVideoData size:5676 dts:917.083 pts:917.208 dur:41.708ms, clock:912.065 level:77
2019-04-28 14:10:48.768 T:3552891696 DEBUG: CVideoPlayer::ProcessVideoData size:392 dts:917.125 pts:917.125 dur:41.708ms, clock:912.067 level:78
2019-04-28 14:10:48.768 T:3552891696 DEBUG: CVideoPlayer::ProcessVideoData size:414 dts:917.166 pts:917.166 dur:41.708ms, clock:912.069 level:78
2019-04-28 14:10:48.768 T:3552891696 DEBUG: CVideoPlayer::ProcessVideoData size:4723 dts:917.208 pts:917.333 dur:41.708ms, clock:912.071 level:79
2019-04-28 14:10:48.768 T:3552891696 DEBUG: CVideoPlayer::ProcessVideoData size:1135 dts:917.250 pts:917.250 dur:41.708ms, clock:912.073 level:79
2019-04-28 14:10:48.768 T:3552891696 DEBUG: CVideoPlayer::ProcessVideoData size:1206 dts:917.291 pts:917.291 dur:41.708ms, clock:912.075 level:80
2019-04-28 14:10:48.768 T:3552891696 DEBUG: CVideoPlayer::ProcessVideoData size:4426 dts:917.333 pts:917.458 dur:41.708ms, clock:912.077 level:80
2019-04-28 14:10:48.768 T:3552891696 DEBUG: CVideoPlayer::ProcessVideoData size:928 dts:917.375 pts:917.375 dur:41.708ms, clock:912.079 level:81
2019-04-28 14:10:48.768 T:3552891696 DEBUG: CVideoPlayer::ProcessVideoData size:854 dts:917.417 pts:917.417 dur:41.708ms, clock:912.080 level:81
2019-04-28 14:10:48.769 T:3552891696 DEBUG: CVideoPlayer::ProcessVideoData size:3511 dts:917.458 pts:917.583 dur:41.708ms, clock:912.083 level:82
2019-04-28 14:10:48.769 T:3552891696 DEBUG: CVideoPlayer::ProcessVideoData size:1117 dts:917.500 pts:917.500 dur:41.708ms, clock:912.085 level:82
2019-04-28 14:10:48.769 T:3552891696 DEBUG: CVideoPlayer::ProcessVideoData size:1123 dts:917.542 pts:917.542 dur:41.708ms, clock:912.088 level:83
2019-04-28 14:10:48.771 T:3552891696 DEBUG: CVideoPlayer::ProcessVideoData size:2825 dts:917.583 pts:917.708 dur:41.708ms, clock:912.119 level:83
2019-04-28 14:10:48.771 T:3552891696 DEBUG: CVideoPlayer::ProcessVideoData size:1120 dts:917.625 pts:917.625 dur:41.708ms, clock:912.123 level:84
2019-04-28 14:10:48.771 T:3552891696 DEBUG: CVideoPlayer::ProcessVideoData size:1372 dts:917.667 pts:917.667 dur:41.708ms, clock:912.125 level:84
2019-04-28 14:10:48.771 T:3552891696 DEBUG: CVideoPlayer::ProcessVideoData size:2154 dts:917.708 pts:917.834 dur:41.708ms, clock:912.128 level:85
2019-04-28 14:10:48.771 T:3552891696 DEBUG: CVideoPlayer::ProcessVideoData size:1706 dts:917.750 pts:917.750 dur:41.708ms, clock:912.130 level:85
2019-04-28 14:10:48.774 T:3552891696 DEBUG: CVideoPlayer::ProcessVideoData size:1489 dts:917.792 pts:917.792 dur:41.708ms, clock:912.168 level:86
2019-04-28 14:10:48.774 T:3552891696 DEBUG: CVideoPlayer::ProcessVideoData size:31700 dts:917.834 pts:917.959 dur:41.708ms, clock:912.174 level:87
2019-04-28 14:10:48.774 T:3552891696 DEBUG: CVideoPlayer::ProcessVideoData size:1074 dts:917.875 pts:917.875 dur:41.708ms, clock:912.178 level:87
2019-04-28 14:10:48.775 T:3552891696 DEBUG: CVideoPlayer::ProcessVideoData size:3910 dts:917.917 pts:917.917 dur:41.708ms, clock:912.183 level:88
2019-04-28 14:10:48.775 T:3552891696 DEBUG: CVideoPlayer::ProcessVideoData size:13337 dts:917.959 pts:918.042 dur:41.708ms, clock:912.187 level:88
2019-04-28 14:10:48.777 T:3552891696 DEBUG: CVideoPlayer::ProcessVideoData size:3423 dts:918.000 pts:918.000 dur:41.708ms, clock:912.214 level:89
2019-04-28 14:10:48.777 T:3552891696 DEBUG: CVideoPlayer::ProcessVideoData size:13834 dts:918.042 pts:918.126 dur:41.708ms, clock:912.220 level:89
2019-04-28 14:10:48.777 T:3552891696 DEBUG: CVideoPlayer::ProcessVideoData size:3568 dts:918.084 pts:918.084 dur:41.708ms, clock:912.225 level:90
2019-04-28 14:10:48.778 T:3552891696 DEBUG: CVideoPlayer::ProcessVideoData size:14606 dts:918.126 pts:918.209 dur:41.708ms, clock:912.229 level:90
2019-04-28 14:10:48.779 T:3552891696 DEBUG: CVideoPlayer::ProcessVideoData size:3320 dts:918.167 pts:918.167 dur:41.708ms, clock:912.254 level:91
2019-04-28 14:10:48.780 T:3552891696 DEBUG: CVideoPlayer::ProcessVideoData size:12386 dts:918.209 pts:918.292 dur:41.708ms, clock:912.260 level:91
2019-04-28 14:10:48.780 T:3552891696 DEBUG: CVideoPlayer::ProcessVideoData size:3229 dts:918.251 pts:918.251 dur:41.708ms, clock:912.265 level:92
2019-04-28 14:10:48.780 T:3552891696 DEBUG: CVideoPlayer::ProcessVideoData size:14218 dts:918.292 pts:918.418 dur:41.708ms, clock:912.269 level:92
2019-04-28 14:10:48.782 T:3552891696 DEBUG: CVideoPlayer::ProcessVideoData size:4690 dts:918.334 pts:918.334 dur:41.708ms, clock:912.299 level:93
2019-04-28 14:10:48.782 T:3552891696 DEBUG: CVideoPlayer::ProcessVideoData size:4927 dts:918.376 pts:918.376 dur:41.708ms, clock:912.306 level:93
2019-04-28 14:10:48.783 T:3552891696 DEBUG: CVideoPlayer::ProcessVideoData size:10634 dts:918.418 pts:918.543 dur:41.708ms, clock:912.310 level:94
2019-04-28 14:10:48.783 T:3552891696 DEBUG: CVideoPlayer::ProcessVideoData size:3936 dts:918.459 pts:918.459 dur:41.708ms, clock:912.313 level:94
2019-04-28 14:10:48.785 T:3552891696 DEBUG: CVideoPlayer::ProcessVideoData size:3818 dts:918.501 pts:918.501 dur:41.708ms, clock:912.347 level:95
2019-04-28 14:10:48.785 T:3552891696 DEBUG: CVideoPlayer::ProcessVideoData size:11495 dts:918.543 pts:918.668 dur:41.708ms, clock:912.353 level:95
2019-04-28 14:10:48.786 T:3552891696 DEBUG: CVideoPlayer::ProcessVideoData size:4399 dts:918.584 pts:918.584 dur:41.708ms, clock:912.356 level:96
2019-04-28 14:10:48.786 T:3552891696 DEBUG: CVideoPlayer::ProcessVideoData size:4290 dts:918.626 pts:918.626 dur:41.708ms, clock:912.360 level:96
2019-04-28 14:10:48.786 T:3552891696 DEBUG: CVideoPlayer::ProcessVideoData size:11613 dts:918.668 pts:918.751 dur:41.708ms, clock:912.366 level:97
2019-04-28 14:10:48.788 T:3517969200 DEBUG: AddOnLog: InputStream Adaptive: Download http://195.8.12.225/?o=AQHsvJl_EOvSE5TTC4bMd_jEHeSPEPWYqOh8RAVmbt7CBOuYT5VYlLBEmZEOHrgBOyDrYOjO2iHNfpl_cP3gfV8kUOWFG-leEB80dn1b5uAz5vGFWq7Dy_c_ownq5FLF3YlnoMExiAug9_IOqu7r923d64Q4l_0p8QG4lpahucIynSgXubBiaTx6l968bmXFGF43MryiAkvD1dD5j3u_hQ&v=3&e=1556500176&t=XBn9CDz3os3jL_GEmnZeF6gNB3c finished, avg speed: 8023174.97byte/s, current speed: 8262114.00byte/s
2019-04-28 14:10:48.788 T:3552891696 DEBUG: CVideoPlayer::ProcessVideoData size:3802 dts:918.709 pts:918.709 dur:41.708ms, clock:912.395 level:97
2019-04-28 14:10:48.788 T:3552891696 DEBUG: CVideoPlayer::ProcessVideoData size:11213 dts:918.751 pts:918.835 dur:41.708ms, clock:912.400 level:98
2019-04-28 14:10:48.789 T:3552891696 DEBUG: CVideoPlayer::ProcessVideoData size:3982 dts:918.793 pts:918.793 dur:41.708ms, clock:912.405 level:99
2019-04-28 14:10:48.789 T:3552891696 DEBUG: CVideoPlayer::ProcessVideoData size:14222 dts:918.835 pts:918.918 dur:41.708ms, clock:912.409 level:99
2019-04-28 14:10:49.069 T:3785339696 DEBUG: [plugin.video.netflix (0)] Executing JSON-RPC: {"params": {"playerid": 1, "properties": ["audiostreams", "currentaudiostream", "subtitles", "currentsubtitle", "subtitleenabled", "percentage", "time"]}, "jsonrpc": "2.0", "method": "Player.GetProperties", "id": 1}
