2019-04-28 14:08:37.313 T:4093684544 DEBUG: CDirectoryProvider[videodb://tvshows/studios/]: refreshing..
2019-04-28 14:08:37.313 T:4093684544 DEBUG: CDirectoryProvider[addons://sources/video/]: refreshing..
2019-04-28 14:08:37.314 T:4093684544 DEBUG: CDirectoryProvider[addons://sources/audio/]: refreshing..
2019-04-28 14:08:37.314 T:4093684544 DEBUG: CDirectoryProvider[addons://sources/game/]: refreshing..
2019-04-28 14:08:37.314 T:4093684544 DEBUG: CDirectoryProvider[addons://sources/executable/]: refreshing..
2019-04-28 14:08:37.314 T:4093684544 DEBUG: CDirectoryProvider[addons://sources/image/]: refreshing..
2019-04-28 14:08:37.314 T:4093684544 DEBUG: CDirectoryProvider[library://video/]: refreshing..
2019-04-28 14:08:37.314 T:4093684544 DEBUG: CDirectoryProvider[sources://video/]: refreshing..
2019-04-28 14:08:37.314 T:4093684544 DEBUG: CDirectoryProvider[special://videoplaylists/]: refreshing..
2019-04-28 14:08:37.315 T:4093684544 DEBUG: CDirectoryProvider[pvr://channels/tv/*?view=lastplayed]: refreshing..
2019-04-28 14:08:37.315 T:4093684544 DEBUG: CDirectoryProvider[pvr://recordings/tv/active?view=flat]: refreshing..
2019-04-28 14:08:37.315 T:4093684544 DEBUG: CDirectoryProvider[pvr://channels/radio/*?view=lastplayed]: refreshing..
2019-04-28 14:08:37.315 T:4093684544 DEBUG: CDirectoryProvider[pvr://recordings/radio/active?view=flat]: refreshing..
2019-04-28 14:08:37.315 T:4093684544 DEBUG: CDirectoryProvider[favourites://]: refreshing..
2019-04-28 14:08:37.316 T:4093684544 DEBUG: CDirectoryProvider[addons://sources/game/]: refreshing..
2019-04-28 14:08:37.362 T:4093684544 DEBUG: JSONRPC: JSON schema type definition references an unknown type Setting.Details.Setting
2019-04-28 14:08:37.362 T:4093684544 WARNING: JSONRPC: Could not parse type "Setting.Details.SettingList"
2019-04-28 14:08:37.362 T:4093684544 INFO: JSONRPC: Adding type "Setting.Details.SettingList" to list of incomplete definitions (waiting for "Setting.Details.Setting")
2019-04-28 14:08:37.362 T:4093684544 INFO: JSONRPC: Resolving incomplete types/methods referencing Setting.Details.Setting
2019-04-28 14:08:37.410 T:4093684544 INFO: JSONRPC v10.3.0: Successfully initialized
2019-04-28 14:08:37.416 T:4093684544 DEBUG: LoadMappings - loaded node "Motorola Nyxboard Hybrid"
2019-04-28 14:08:37.416 T:4093684544 DEBUG: LoadMappings - loaded node "CEC Adapter"
2019-04-28 14:08:37.416 T:4093684544 DEBUG: LoadMappings - loaded node "Pulse-Eight CEC Adapter"
2019-04-28 14:08:37.416 T:4093684544 DEBUG: LoadMappings - loaded node "iMON HID device"
2019-04-28 14:08:37.416 T:4093684544 DEBUG: LoadMappings - loaded node "WETEK Play remote"
2019-04-28 14:08:37.416 T:4093684544 DEBUG: LoadMappings - loaded node ""
2019-04-28 14:08:37.417 T:4093684544 DEBUG: CPeripheralBusUSB - initialised udev monitor
2019-04-28 14:08:37.418 T:3863642928 DEBUG: Thread PeripBusUSBUdev start, auto delete: false
2019-04-28 14:08:37.418 T:3853513520 DEBUG: Thread PeripBusCEC start, auto delete: false
2019-04-28 14:08:37.418 T:3843027760 DEBUG: Thread PeripBusAddon start, auto delete: false
2019-04-28 14:08:37.421 T:4093684544 DEBUG: Initialise - initialised peripheral on 'keyboard' with 1 features and 0 sub devices
2019-04-28 14:08:37.421 T:4093684544 NOTICE: Register - new keyboard device registered on application->keyboard: Keyboard (0000:0000)
2019-04-28 14:08:37.422 T:4093684544 DEBUG: Initialise - initialised peripheral on 'mouse' with 1 features and 0 sub devices
2019-04-28 14:08:37.422 T:4093684544 NOTICE: Register - new mouse device registered on application->mouse: Mouse (0000:0000)
2019-04-28 14:08:37.423 T:3828781872 DEBUG: Thread PeripEventScanner start, auto delete: false
2019-04-28 14:08:37.426 T:4093684544 DEBUG: ContextMenuManager: addon menus reloaded.
2019-04-28 14:08:37.426 T:4093684544 NOTICE: Loading player core factory settings from special://xbmc/system/playercorefactory.xml.
2019-04-28 14:08:37.427 T:4093684544 DEBUG: CPlayerCoreConfig::: created player VideoPlayer
2019-04-28 14:08:37.427 T:4093684544 DEBUG: CPlayerCoreConfig::: created player PAPlayer
2019-04-28 14:08:37.427 T:4093684544 DEBUG: CPlayerCoreConfig::: created player RetroPlayer
2019-04-28 14:08:37.427 T:4093684544 DEBUG: CPlayerSelectionRule::Initialize: creating rule: system rules
2019-04-28 14:08:37.427 T:4093684544 DEBUG: CPlayerSelectionRule::Initialize: creating rule: mms/udp
2019-04-28 14:08:37.427 T:4093684544 DEBUG: CPlayerSelectionRule::Initialize: creating rule: lastfm/shout
2019-04-28 14:08:37.427 T:4093684544 DEBUG: CPlayerSelectionRule::Initialize: creating rule: rtmp
2019-04-28 14:08:37.427 T:4093684544 DEBUG: CPlayerSelectionRule::Initialize: creating rule: rtsp
2019-04-28 14:08:37.427 T:4093684544 DEBUG: CPlayerSelectionRule::Initialize: creating rule: streams
2019-04-28 14:08:37.427 T:4093684544 DEBUG: CPlayerSelectionRule::Initialize: creating rule: aacp/sdp
2019-04-28 14:08:37.427 T:4093684544 DEBUG: CPlayerSelectionRule::Initialize: creating rule: mp2
2019-04-28 14:08:37.427 T:4093684544 DEBUG: CPlayerSelectionRule::Initialize: creating rule: dvd
2019-04-28 14:08:37.427 T:4093684544 DEBUG: CPlayerSelectionRule::Initialize: creating rule: dvdimage
2019-04-28 14:08:37.427 T:4093684544 DEBUG: CPlayerSelectionRule::Initialize: creating rule: sdp/asf
2019-04-28 14:08:37.427 T:4093684544 DEBUG: CPlayerSelectionRule::Initialize: creating rule: nsv
2019-04-28 14:08:37.427 T:4093684544 DEBUG: CPlayerSelectionRule::Initialize: creating rule: radio
2019-04-28 14:08:37.427 T:4093684544 NOTICE: Loaded playercorefactory configuration
2019-04-28 14:08:37.428 T:4093684544 NOTICE: Loading player core factory settings from special://masterprofile/playercorefactory.xml.
2019-04-28 14:08:37.428 T:4093684544 NOTICE: special://masterprofile/playercorefactory.xml does not exist. Skipping.
2019-04-28 14:08:37.428 T:4093684544 INFO: removing tempfiles
2019-04-28 14:08:37.430 T:4093684544 NOTICE: UpdateLibraries: Starting video library startup scan
2019-04-28 14:08:37.448 T:4093684544 DEBUG: CRepositoryUpdater: previous update at 28/04/2019 13:45:28, next at 29/04/2019 13:45:28
2019-04-28 14:08:37.454 T:3818910512 DEBUG: Thread Timer start, auto delete: false
2019-04-28 14:08:37.456 T:4093684544 DEBUG: CServiceAddonManager: starting service.coreelec.settings
2019-04-28 14:08:37.457 T:3810517808 DEBUG: Thread LanguageInvoker start, auto delete: false
2019-04-28 14:08:37.457 T:4093684544 DEBUG: CServiceAddonManager: starting script.advanced.wol
2019-04-28 14:08:37.457 T:3810517808 INFO: initializing python engine.
2019-04-28 14:08:37.459 T:3802125104 DEBUG: Thread LanguageInvoker start, auto delete: false
2019-04-28 14:08:37.459 T:4093684544 DEBUG: CServiceAddonManager: starting script.plex
2019-04-28 14:08:37.459 T:3802125104 INFO: initializing python engine.
2019-04-28 14:08:37.459 T:3793732400 DEBUG: Thread LanguageInvoker start, auto delete: false
2019-04-28 14:08:37.459 T:4093684544 DEBUG: CServiceAddonManager: starting plugin.video.netflix
2019-04-28 14:08:37.460 T:3793732400 INFO: initializing python engine.
2019-04-28 14:08:37.460 T:3785339696 DEBUG: Thread LanguageInvoker start, auto delete: false
2019-04-28 14:08:37.460 T:4093684544 NOTICE: initialize done
2019-04-28 14:08:37.461 T:4093684544 NOTICE: Running the application...
2019-04-28 14:08:37.461 T:3785339696 INFO: initializing python engine.
2019-04-28 14:08:37.463 T:4093684544 DEBUG: no profile autoexec.py (/storage/.kodi/userdata/autoexec.py) found, skipping
2019-04-28 14:08:37.464 T:4093684544 DEBUG: NetworkMessage - Starting network services
2019-04-28 14:08:37.470 T:4093684544 DEBUG: CZeroconfAvahi::clientCallback: client is up and running
2019-04-28 14:08:37.473 T:4093684544 NOTICE: starting zeroconf publishing
2019-04-28 14:08:37.479 T:4093684544 NOTICE: CWebServer[8080]: Started
2019-04-28 14:08:37.483 T:3749888816 DEBUG: Thread EventServer start, auto delete: false
2019-04-28 14:08:37.483 T:3749888816 NOTICE: ES: Starting UDP Event server on port 9777
2019-04-28 14:08:37.484 T:4093684544 INFO: JSONRPC Server: Successfully initialized
2019-04-28 14:08:37.485 T:3749888816 NOTICE: UDP: Listening on port 9777 (ipv6 : true)
2019-04-28 14:08:37.487 T:3741496112 DEBUG: Thread TCPServer start, auto delete: false
2019-04-28 14:08:37.496 T:4093684544 DEBUG: SECTION:LoadDLL(libshairplay.so.0)
2019-04-28 14:08:37.498 T:4093684544 DEBUG: Loading: libshairplay.so.0
2019-04-28 14:08:37.646 T:3785339696 DEBUG: CPythonInvoker(3, /storage/.kodi/addons/plugin.video.netflix/service.py): start processing
2019-04-28 14:08:37.646 T:3793732400 DEBUG: CPythonInvoker(2, /storage/.kodi/addons/script.plex/service.py): start processing
2019-04-28 14:08:37.647 T:3802125104 DEBUG: CPythonInvoker(1, /storage/.kodi/addons/script.advanced.wol/autostart.py): start processing
2019-04-28 14:08:37.649 T:3810517808 DEBUG: CPythonInvoker(0, /usr/share/kodi/addons/service.coreelec.settings/service.py): start processing
2019-04-28 14:08:37.714 T:3853513520 DEBUG: GetMappingForDevice - device (0000:0000) mapped to CEC Adapter (type = cec)
2019-04-28 14:08:37.718 T:3853513520 DEBUG: InitialiseFeature - using libCEC v4.0.4
2019-04-28 14:08:37.719 T:3853513520 DEBUG: Initialise - initialised peripheral on 'AOCEC' with 2 features and 0 sub devices
2019-04-28 14:08:37.720 T:3700507440 DEBUG: Thread CECAdapter start, auto delete: false
2019-04-28 14:08:37.720 T:3853513520 NOTICE: Register - new cec device registered on cec->AOCEC: CEC Adapter (0000:0000)
2019-04-28 14:08:37.720 T:3700507440 DEBUG: OpenConnection - opening a connection to the CEC adapter: AOCEC
2019-04-28 14:08:37.783 T:3785339696 DEBUG: -->Python Interpreter Initialized<--
2019-04-28 14:08:37.783 T:3785339696 DEBUG: CPythonInvoker(3, /storage/.kodi/addons/plugin.video.netflix/service.py): the source file to load is "/storage/.kodi/addons/plugin.video.netflix/service.py"
2019-04-28 14:08:37.790 T:3893404464 DEBUG: CMultiPathDirectory::GetDirectory(multipath://special%3a%2f%2fprofile%2fplaylists%2fvideo/special%3a%2f%2fprofile%2fplaylists%2fmixed/)
2019-04-28 14:08:37.790 T:3893404464 DEBUG: Getting Directory (special://profile/playlists/video)
2019-04-28 14:08:37.797 T:3893404464 DEBUG: Getting Directory (special://profile/playlists/mixed)
2019-04-28 14:08:37.799 T:3893404464 DEBUG: CMultiPathDirectory::MergeItems, items = 6
2019-04-28 14:08:37.799 T:3893404464 DEBUG: Testing path: [000] special://profile/playlists/video/Emby f137a2dd21bbc1b99aa5c0f6bf02a805.xsp
2019-04-28 14:08:37.800 T:3893404464 DEBUG: Testing path: [001] special://profile/playlists/video/Emby 79a2726d3c50e769a8af1e4184e4fccf - movies.xsp
2019-04-28 14:08:37.800 T:3893404464 DEBUG: Testing path: [002] special://profile/playlists/video/Emby 79a2726d3c50e769a8af1e4184e4fccf - tvshows.xsp
2019-04-28 14:08:37.800 T:3893404464 DEBUG: Testing path: [003] special://profile/playlists/video/Emby 4514ec850e5ad0c47b58444e17b6346c.xsp
2019-04-28 14:08:37.800 T:3893404464 DEBUG: Testing path: [004] special://profile/playlists/video/embymoviesf137a2dd21bbc1b99aa5c0f6bf02a805.xsp
2019-04-28 14:08:37.800 T:3893404464 DEBUG: CMultiPathDirectory::MergeItems, items = 6, took 0 ms
2019-04-28 14:08:37.811 T:3901797168 DEBUG: CPVRDirectory::GetDirectory(pvr://channels/tv/*?view=lastplayed)
2019-04-28 14:08:37.812 T:3901797168 DEBUG: CPVRDirectory::GetDirectory(pvr://recordings/tv/active?view=flat)
2019-04-28 14:08:37.813 T:3901797168 DEBUG: CPVRDirectory::GetDirectory(pvr://channels/radio/*?view=lastplayed)
2019-04-28 14:08:37.814 T:3901797168 DEBUG: CPVRDirectory::GetDirectory(pvr://recordings/radio/active?view=flat)
2019-04-28 14:08:37.843 T:3810517808 DEBUG: -->Python Interpreter Initialized<--
2019-04-28 14:08:37.843 T:3810517808 DEBUG: CPythonInvoker(0, /usr/share/kodi/addons/service.coreelec.settings/service.py): the source file to load is "/usr/share/kodi/addons/service.coreelec.settings/service.py"
2019-04-28 14:08:37.843 T:3802125104 DEBUG: -->Python Interpreter Initialized<--
2019-04-28 14:08:37.843 T:3802125104 DEBUG: CPythonInvoker(1, /storage/.kodi/addons/script.advanced.wol/autostart.py): the source file to load is "/storage/.kodi/addons/script.advanced.wol/autostart.py"
2019-04-28 14:08:37.844 T:3785339696 DEBUG: CPythonInvoker(3, /storage/.kodi/addons/plugin.video.netflix/service.py): setting the Python path to /storage/.kodi/addons/plugin.video.netflix:/storage/.kodi/addons/script.module.addon.signals/lib:/storage/.kodi/addons/script.module.certifi/lib:/storage/.kodi/addons/script.module.chardet/lib:/storage/.kodi/addons/script.module.idna/lib:/storage/.kodi/addons/script.module.inputstreamhelper/lib:/storage/.kodi/addons/script.module.kodi-six/libs:/storage/.kodi/addons/script.module.requests/lib:/storage/.kodi/addons/script.module.urllib3/lib:/usr/share/kodi/addons/script.module.pycryptodome/lib:/usr/lib/python27.zip:/usr/lib/python2.7:/usr/lib/python2.7/plat-linux2:/usr/lib/python2.7/lib-tk:/usr/lib/python2.7/lib-old:/usr/lib/python2.7/lib-dynload:/usr/lib/python2.7/site-packages:/usr/lib/python2.7/site-packages/gtk-2.0
2019-04-28 14:08:37.844 T:3785339696 DEBUG: CPythonInvoker(3, /storage/.kodi/addons/plugin.video.netflix/service.py): entering source directory /storage/.kodi/addons/plugin.video.netflix
2019-04-28 14:08:37.844 T:3793732400 DEBUG: -->Python Interpreter Initialized<--
2019-04-28 14:08:37.844 T:3793732400 DEBUG: CPythonInvoker(2, /storage/.kodi/addons/script.plex/service.py): the source file to load is "/storage/.kodi/addons/script.plex/service.py"
2019-04-28 14:08:37.845 T:3785339696 DEBUG: CPythonInvoker(3, /storage/.kodi/addons/plugin.video.netflix/service.py): instantiating addon using automatically obtained id of "plugin.video.netflix" dependent on version 2.26.0 of the xbmc.python api
2019-04-28 14:08:37.851 T:3810517808 DEBUG: CPythonInvoker(0, /usr/share/kodi/addons/service.coreelec.settings/service.py): setting the Python path to /usr/share/kodi/addons/service.coreelec.settings:/usr/lib/python27.zip:/usr/lib/python2.7:/usr/lib/python2.7/plat-linux2:/usr/lib/python2.7/lib-tk:/usr/lib/python2.7/lib-old:/usr/lib/python2.7/lib-dynload:/usr/lib/python2.7/site-packages:/usr/lib/python2.7/site-packages/gtk-2.0
2019-04-28 14:08:37.851 T:3810517808 DEBUG: CPythonInvoker(0, /usr/share/kodi/addons/service.coreelec.settings/service.py): entering source directory /usr/share/kodi/addons/service.coreelec.settings
2019-04-28 14:08:37.861 T:3810517808 DEBUG: CPythonInvoker(0, /usr/share/kodi/addons/service.coreelec.settings/service.py): instantiating addon using automatically obtained id of "service.coreelec.settings" dependent on version 2.1.0 of the xbmc.python api
2019-04-28 14:08:37.870 T:3802125104 DEBUG: CPythonInvoker(1, /storage/.kodi/addons/script.advanced.wol/autostart.py): setting the Python path to /storage/.kodi/addons/script.advanced.wol:/usr/lib/python27.zip:/usr/lib/python2.7:/usr/lib/python2.7/plat-linux2:/usr/lib/python2.7/lib-tk:/usr/lib/python2.7/lib-old:/usr/lib/python2.7/lib-dynload:/usr/lib/python2.7/site-packages:/usr/lib/python2.7/site-packages/gtk-2.0
2019-04-28 14:08:37.870 T:3802125104 DEBUG: CPythonInvoker(1, /storage/.kodi/addons/script.advanced.wol/autostart.py): entering source directory /storage/.kodi/addons/script.advanced.wol
2019-04-28 14:08:37.870 T:3793732400 DEBUG: CPythonInvoker(2, /storage/.kodi/addons/script.plex/service.py): setting the Python path to /storage/.kodi/addons/script.plex:/storage/.kodi/addons/script.module.certifi/lib:/storage/.kodi/addons/script.module.chardet/lib:/storage/.kodi/addons/script.module.idna/lib:/storage/.kodi/addons/script.module.requests/lib:/storage/.kodi/addons/script.module.urllib3/lib:/usr/lib/python27.zip:/usr/lib/python2.7:/usr/lib/python2.7/plat-linux2:/usr/lib/python2.7/lib-tk:/usr/lib/python2.7/lib-old:/usr/lib/python2.7/lib-dynload:/usr/lib/python2.7/site-packages:/usr/lib/python2.7/site-packages/gtk-2.0
2019-04-28 14:08:37.870 T:3793732400 DEBUG: CPythonInvoker(2, /storage/.kodi/addons/script.plex/service.py): entering source directory /storage/.kodi/addons/script.plex
2019-04-28 14:08:37.870 T:3802125104 DEBUG: CPythonInvoker(1, /storage/.kodi/addons/script.advanced.wol/autostart.py): instantiating addon using automatically obtained id of "script.advanced.wol" dependent on version 2.1.0 of the xbmc.python api
2019-04-28 14:08:37.949 T:3885011760 DEBUG: ADDON: Dll Initializing - PVR IPTV Simple Client
2019-04-28 14:08:37.949 T:3885011760 DEBUG: SECTION:LoadDLL(/storage/.kodi/addons/pvr.iptvsimple/pvr.iptvsimple.so.3.5.7)
2019-04-28 14:08:37.950 T:3885011760 DEBUG: Loading: /storage/.kodi/addons/pvr.iptvsimple/pvr.iptvsimple.so.3.5.7
2019-04-28 14:08:37.968 T:3885011760 DEBUG: AddOnLog: PVR IPTV Simple Client: ADDON_Create - Creating the PVR IPTV Simple add-on
2019-04-28 14:08:37.969 T:3885011760 DEBUG: CAddonCallbacksAddon - GetAddonSetting - add-on 'PVR IPTV Simple Client' requests setting 'm3uPathType'
2019-04-28 14:08:37.970 T:3885011760 DEBUG: CAddonSettings[pvr.iptvsimple]: loading setting definitions
2019-04-28 14:08:37.970 T:3885011760 DEBUG: CAddonSettings[pvr.iptvsimple]: trying to load setting definitions from old format...
2019-04-28 14:08:37.972 T:3885011760 DEBUG: CAddonSettings[pvr.iptvsimple]: loading setting values
2019-04-28 14:08:37.973 T:3885011760 DEBUG: CAddonCallbacksAddon - GetAddonSetting - add-on 'PVR IPTV Simple Client' requests setting 'm3uUrl'
2019-04-28 14:08:37.974 T:3885011760 DEBUG: CAddonSettings[pvr.iptvsimple]: loading setting definitions
2019-04-28 14:08:37.974 T:3885011760 DEBUG: CAddonSettings[pvr.iptvsimple]: trying to load setting definitions from old format...
2019-04-28 14:08:37.976 T:3885011760 DEBUG: CAddonSettings[pvr.iptvsimple]: loading setting values
2019-04-28 14:08:37.977 T:3885011760 DEBUG: CAddonCallbacksAddon - GetAddonSetting - add-on 'PVR IPTV Simple Client' requests setting 'm3uCache'
2019-04-28 14:08:37.978 T:3885011760 DEBUG: CAddonSettings[pvr.iptvsimple]: loading setting definitions
2019-04-28 14:08:37.978 T:3885011760 DEBUG: CAddonSettings[pvr.iptvsimple]: trying to load setting definitions from old format...
2019-04-28 14:08:37.979 T:3885011760 DEBUG: CAddonSettings[pvr.iptvsimple]: loading setting values
2019-04-28 14:08:37.980 T:3885011760 DEBUG: CAddonCallbacksAddon - GetAddonSetting - add-on 'PVR IPTV Simple Client' requests setting 'startNum'
2019-04-28 14:08:37.981 T:3885011760 DEBUG: CAddonSettings[pvr.iptvsimple]: loading setting definitions
2019-04-28 14:08:37.981 T:3885011760 DEBUG: CAddonSettings[pvr.iptvsimple]: trying to load setting definitions from old format...
2019-04-28 14:08:37.983 T:3885011760 DEBUG: CAddonSettings[pvr.iptvsimple]: loading setting values
2019-04-28 14:08:37.983 T:3885011760 DEBUG: CAddonCallbacksAddon - GetAddonSetting - add-on 'PVR IPTV Simple Client' requests setting 'epgPathType'
2019-04-28 14:08:37.984 T:3885011760 DEBUG: CAddonSettings[pvr.iptvsimple]: loading setting definitions
2019-04-28 14:08:37.984 T:3885011760 DEBUG: CAddonSettings[pvr.iptvsimple]: trying to load setting definitions from old format...
2019-04-28 14:08:37.986 T:3885011760 DEBUG: CAddonSettings[pvr.iptvsimple]: loading setting values
2019-04-28 14:08:37.987 T:3885011760 DEBUG: CAddonCallbacksAddon - GetAddonSetting - add-on 'PVR IPTV Simple Client' requests setting 'epgUrl'
2019-04-28 14:08:37.988 T:3885011760 DEBUG: CAddonSettings[pvr.iptvsimple]: loading setting definitions
2019-04-28 14:08:37.988 T:3885011760 DEBUG: CAddonSettings[pvr.iptvsimple]: trying to load setting definitions from old format...
2019-04-28 14:08:37.990 T:3885011760 DEBUG: CAddonSettings[pvr.iptvsimple]: loading setting values
2019-04-28 14:08:37.990 T:3885011760 DEBUG: CAddonCallbacksAddon - GetAddonSetting - add-on 'PVR IPTV Simple Client' requests setting 'epgCache'
2019-04-28 14:08:37.991 T:3885011760 DEBUG: CAddonSettings[pvr.iptvsimple]: loading setting definitions
2019-04-28 14:08:37.991 T:3885011760 DEBUG: CAddonSettings[pvr.iptvsimple]: trying to load setting definitions from old format...
2019-04-28 14:08:37.993 T:3885011760 DEBUG: CAddonSettings[pvr.iptvsimple]: loading setting values
2019-04-28 14:08:37.994 T:3885011760 DEBUG: CAddonCallbacksAddon - GetAddonSetting - add-on 'PVR IPTV Simple Client' requests setting 'epgTimeShift'
2019-04-28 14:08:37.995 T:3885011760 DEBUG: CAddonSettings[pvr.iptvsimple]: loading setting definitions
2019-04-28 14:08:37.995 T:3885011760 DEBUG: CAddonSettings[pvr.iptvsimple]: trying to load setting definitions from old format...
2019-04-28 14:08:37.997 T:3885011760 DEBUG: CAddonSettings[pvr.iptvsimple]: loading setting values
2019-04-28 14:08:37.997 T:3885011760 DEBUG: CAddonCallbacksAddon - GetAddonSetting - add-on 'PVR IPTV Simple Client' requests setting 'epgTSOverride'
2019-04-28 14:08:37.998 T:3885011760 DEBUG: CAddonSettings[pvr.iptvsimple]: loading setting definitions
2019-04-28 14:08:37.998 T:3885011760 DEBUG: CAddonSettings[pvr.iptvsimple]: trying to load setting definitions from old format...
2019-04-28 14:08:38.000 T:3885011760 DEBUG: CAddonSettings[pvr.iptvsimple]: loading setting values
2019-04-28 14:08:38.001 T:3885011760 DEBUG: CAddonCallbacksAddon - GetAddonSetting - add-on 'PVR IPTV Simple Client' requests setting 'logoPathType'
2019-04-28 14:08:38.002 T:3885011760 DEBUG: CAddonSettings[pvr.iptvsimple]: loading setting definitions
2019-04-28 14:08:38.002 T:3885011760 DEBUG: CAddonSettings[pvr.iptvsimple]: trying to load setting definitions from old format...
2019-04-28 14:08:38.003 T:3665650480 DEBUG: Thread JobWorker start, auto delete: true
2019-04-28 14:08:38.003 T:3885011760 DEBUG: CAddonSettings[pvr.iptvsimple]: loading setting values
2019-04-28 14:08:38.004 T:3885011760 DEBUG: CAddonCallbacksAddon - GetAddonSetting - add-on 'PVR IPTV Simple Client' requests setting 'logoPath'
2019-04-28 14:08:38.005 T:3885011760 DEBUG: CAddonSettings[pvr.iptvsimple]: loading setting definitions
2019-04-28 14:08:38.005 T:3885011760 DEBUG: CAddonSettings[pvr.iptvsimple]: trying to load setting definitions from old format...
2019-04-28 14:08:38.007 T:3885011760 DEBUG: CAddonSettings[pvr.iptvsimple]: loading setting values
2019-04-28 14:08:38.007 T:3885011760 DEBUG: CAddonCallbacksAddon - GetAddonSetting - add-on 'PVR IPTV Simple Client' requests setting 'logoFromEpg'
2019-04-28 14:08:38.009 T:3885011760 DEBUG: CAddonSettings[pvr.iptvsimple]: loading setting definitions
2019-04-28 14:08:38.009 T:3885011760 DEBUG: CAddonSettings[pvr.iptvsimple]: trying to load setting definitions from old format...
2019-04-28 14:08:38.010 T:3885011760 DEBUG: CAddonSettings[pvr.iptvsimple]: loading setting values
2019-04-28 14:08:38.012 T:3885011760 DEBUG: CFileCache::Open - opening using cache
2019-04-28 14:08:38.012 T:3885011760 DEBUG: CurlFile::Open(0xe700be18) IPTVURLHERE
2019-04-28 14:08:38.013 T:3885011760 INFO: easy_acquire - Created session to IPTVURLHERE
2019-04-28 14:08:38.023 T:3665650480 DEBUG: ffmpeg[DA7D6330]: [swscaler] No accelerated colorspace conversion found from yuv420p to bgra.
2019-04-28 14:08:38.036 T:3901797168 DEBUG: CRecentlyAddedJob::UpdateMusic() - Running RecentlyAdded home screen update
2019-04-28 14:08:38.045 T:3665650480 DEBUG: ffmpeg[DA7D6330]: [swscaler] No accelerated colorspace conversion found from yuv420p to bgra.
2019-04-28 14:08:38.052 T:3901797168 DEBUG: GetRecentlyAddedAlbumSongs() query: SELECT songview.*, songartistview.* FROM (SELECT idAlbum FROM album ORDER BY idAlbum DESC LIMIT 10) AS recentalbums JOIN songview ON songview.idAlbum = recentalbums.idAlbum JOIN songartistview ON songview.idSong = songartistview.idSong ORDER BY songview.idAlbum DESC, songview.idSong, songartistview.idRole, songartistview.iOrder
2019-04-28 14:08:38.056 T:3901797168 DEBUG: GetRecentlyAddedAlbums query: SELECT albumview.*, albumartistview.* FROM (SELECT idAlbum FROM album WHERE strAlbum != '' ORDER BY idAlbum DESC LIMIT 10) AS recentalbums JOIN albumview ON albumview.idAlbum = recentalbums.idAlbum JOIN albumartistview ON albumview.idAlbum = albumartistview.idAlbum ORDER BY albumview.idAlbum desc, albumartistview.iOrder
2019-04-28 14:08:38.062 T:3901797168 DEBUG: CRecentlyAddedJob::UpdateVideos() - Running RecentlyAdded home screen update
2019-04-28 14:08:38.071 T:3665650480 DEBUG: ffmpeg[DA7D6330]: [swscaler] No accelerated colorspace conversion found from yuv420p to bgra.
2019-04-28 14:08:38.120 T:4093684544 DEBUG: Previous line repeats 2 times.
2019-04-28 14:08:38.120 T:4093684544 INFO: GLES: Enabling VSYNC
2019-04-28 14:08:38.127 T:4093684544 DEBUG: ------ Window Init (DialogExtendedProgressBar.xml) ------
2019-04-28 14:08:38.127 T:4093684544 DEBUG: LogindUPowerSyscall - Received unknown signal NameAcquired
2019-04-28 14:08:38.137 T:3665650480 DEBUG: ffmpeg[DA7D6330]: [swscaler] No accelerated colorspace conversion found from yuv420p to bgra.
2019-04-28 14:08:38.140 T:3893404464 NOTICE: VideoInfoScanner: Starting scan ..
2019-04-28 14:08:38.140 T:4089770800 DEBUG: CAnnouncementManager - Announcement: OnScanStarted from xbmc
2019-04-28 14:08:38.140 T:4089770800 DEBUG: GOT ANNOUNCEMENT, type: 16, from xbmc, message OnScanStarted
2019-04-28 14:08:38.144 T:3793732400 DEBUG: CPythonInvoker(2, /storage/.kodi/addons/script.plex/service.py): instantiating addon using automatically obtained id of "script.plex" dependent on version 2.25.0 of the xbmc.python api
2019-04-28 14:08:38.156 T:3893404464 DEBUG: CAddonSettings[metadata.themoviedb.org]: loading setting definitions
2019-04-28 14:08:38.156 T:3893404464 DEBUG: CAddonSettings[metadata.themoviedb.org]: trying to load setting definitions from old format...
2019-04-28 14:08:38.157 T:3893404464 DEBUG: CAddonSettings[metadata.themoviedb.org]: loading setting values
2019-04-28 14:08:38.167 T:3665650480 DEBUG: ffmpeg[DA7D6330]: [swscaler] No accelerated colorspace conversion found from yuv420p to bgra.
2019-04-28 14:08:38.186 T:3901797168 DEBUG: CRecentlyAddedJob::UpdateTotal() - Running RecentlyAdded home screen update
2019-04-28 14:08:38.193 T:3901797168 DEBUG: GetArtistsByWhere query: SELECT COUNT(DISTINCT artistview.idArtist) FROM artistview WHERE (EXISTS (SELECT 1 FROM song_artist WHERE song_artist.idArtist = artistview.idArtist AND song_artist.idRole = 1) OR EXISTS (SELECT 1 FROM album_artist WHERE album_artist.idArtist = artistview.idArtist)) AND (artistview.strArtist != '')
2019-04-28 14:08:38.193 T:3665650480 DEBUG: ffmpeg[DA7D6330]: [swscaler] No accelerated colorspace conversion found from yuv420p to bgra.
2019-04-28 14:08:38.261 T:3901797168 DEBUG: Previous line repeats 2 times.
2019-04-28 14:08:38.262 T:3901797168 DEBUG: ffmpeg[E890B330]: [swscaler] No accelerated colorspace conversion found from yuv420p to bgra.
2019-04-28 14:08:38.277 T:3665650480 DEBUG: ffmpeg[DA7D6330]: [swscaler] No accelerated colorspace conversion found from yuv420p to bgra.
2019-04-28 14:08:38.283 T:3901797168 DEBUG: ffmpeg[E890B330]: [swscaler] No accelerated colorspace conversion found from yuv420p to bgra.
2019-04-28 14:08:38.292 T:3665650480 DEBUG: ffmpeg[DA7D6330]: [swscaler] No accelerated colorspace conversion found from yuv420p to bgra.
2019-04-28 14:08:38.304 T:3901797168 DEBUG: ffmpeg[E890B330]: [swscaler] No accelerated colorspace conversion found from yuv420p to bgra.
2019-04-28 14:08:38.315 T:3665650480 DEBUG: ffmpeg[DA7D6330]: [swscaler] No accelerated colorspace conversion found from yuv420p to bgra.
2019-04-28 14:08:38.328 T:3901797168 DEBUG: ffmpeg[E890B330]: [swscaler] No accelerated colorspace conversion found from yuv420p to bgra.
2019-04-28 14:08:38.339 T:3665650480 DEBUG: ffmpeg[DA7D6330]: [swscaler] No accelerated colorspace conversion found from yuv420p to bgra.
2019-04-28 14:08:38.342 T:3665650480 DEBUG: CZeroconfAvahi::doPublishService identifier: servers.webserver type: _http._tcp name:Kodi (CoreELEC) port:8080
2019-04-28 14:08:38.343 T:3665650480 DEBUG: CZeroconfAvahi::addService() named: Kodi (CoreELEC) type: _http._tcp port:8080
2019-04-28 14:08:38.348 T:3665650480 DEBUG: CZeroconfAvahi::doPublishService identifier: servers.jsonrpc-http type: _xbmc-jsonrpc-h._tcp name:Kodi (CoreELEC) port:8080
2019-04-28 14:08:38.348 T:3665650480 DEBUG: CZeroconfAvahi::addService() named: Kodi (CoreELEC) type: _xbmc-jsonrpc-h._tcp port:8080
2019-04-28 14:08:38.353 T:3665650480 DEBUG: CZeroconfAvahi::doPublishService identifier: servers.eventserver type: _xbmc-events._udp name:Kodi (CoreELEC) port:9777
2019-04-28 14:08:38.353 T:3665650480 DEBUG: CZeroconfAvahi::addService() named: Kodi (CoreELEC) type: _xbmc-events._udp port:9777
2019-04-28 14:08:38.358 T:3665650480 DEBUG: CZeroconfAvahi::doPublishService identifier: servers.jsonrpc-tpc type: _xbmc-jsonrpc._tcp name:Kodi (CoreELEC) port:9090
2019-04-28 14:08:38.358 T:3665650480 DEBUG: CZeroconfAvahi::addService() named: Kodi (CoreELEC) type: _xbmc-jsonrpc._tcp port:9090
2019-04-28 14:08:38.363 T:3665650480 DEBUG: CZeroconfAvahi::doPublishService identifier: servers.airtunes type: _raop._tcp name:7E6E6428B0FC@Kodi (CoreELEC) port:36666
2019-04-28 14:08:38.363 T:3665650480 DEBUG: CZeroconfAvahi::addService() named: 7E6E6428B0FC@Kodi (CoreELEC) type: _raop._tcp port:36666
2019-04-28 14:08:38.454 T:3810517808 DEBUG: ## CoreELEC Addon ## 9.0.0
2019-04-28 14:08:38.574 T:3802125104 DEBUG: CAddonSettings[script.advanced.wol]: loading setting definitions
2019-04-28 14:08:38.574 T:3802125104 DEBUG: CAddonSettings[script.advanced.wol]: trying to load setting definitions from old format...
2019-04-28 14:08:38.576 T:3802125104 DEBUG: CAddonSettings[script.advanced.wol]: loading setting values
2019-04-28 14:08:38.586 T:3793732400 DEBUG: CAddonSettings[script.plex]: loading setting definitions
2019-04-28 14:08:38.586 T:3793732400 DEBUG: CAddonSettings[script.plex]: trying to load setting definitions from old format...
2019-04-28 14:08:38.589 T:3793732400 DEBUG: CAddonSettings[script.plex]: loading setting values
2019-04-28 14:08:38.589 T:3793732400 DEBUG: CSettingsManager: requested setting (None.PlexServerManager) was not found.
2019-04-28 14:08:38.589 T:3793732400 DEBUG: CAddonSettings[script.plex]: failed to find definition for setting None.PlexServerManager. Creating a setting on-the-fly...
2019-04-28 14:08:38.589 T:3793732400 DEBUG: CSettingsManager: requested setting (client.ID) was not found.
2019-04-28 14:08:38.589 T:3793732400 DEBUG: CAddonSettings[script.plex]: failed to find definition for setting client.ID. Creating a setting on-the-fly...
2019-04-28 14:08:38.589 T:3793732400 DEBUG: CSettingsManager: requested setting (lastServerId) was not found.
2019-04-28 14:08:38.589 T:3793732400 DEBUG: CAddonSettings[script.plex]: failed to find definition for setting lastServerId. Creating a setting on-the-fly...
2019-04-28 14:08:38.590 T:3793732400 DEBUG: CSettingsManager: requested setting (library.settings.d130db1fabc266ad05ceb0b849a31c1a9fa2203b) was not found.
2019-04-28 14:08:38.590 T:3793732400 DEBUG: CAddonSettings[script.plex]: failed to find definition for setting library.settings.d130db1fabc266ad05ceb0b849a31c1a9fa2203b. Creating a setting on-the-fly...
2019-04-28 14:08:38.590 T:3793732400 DEBUG: CSettingsManager: requested setting (myplex.MyPlexAccount) was not found.
2019-04-28 14:08:38.590 T:3793732400 DEBUG: CAddonSettings[script.plex]: failed to find definition for setting myplex.MyPlexAccount. Creating a setting on-the-fly...
2019-04-28 14:08:38.590 T:3793732400 DEBUG: CSettingsManager: requested setting (xml_cache.mpaResources) was not found.
2019-04-28 14:08:38.590 T:3793732400 DEBUG: CAddonSettings[script.plex]: failed to find definition for setting xml_cache.mpaResources. Creating a setting on-the-fly...
2019-04-28 14:08:38.590 T:3793732400 DEBUG: CSettingsManager: requested setting (kiosk.mode) was not found.
2019-04-28 14:08:38.590 T:3793732400 INFO: CPythonInvoker(2, /storage/.kodi/addons/script.plex/service.py): script successfully run
2019-04-28 14:08:38.590 T:3793732400 DEBUG: onExecutionDone(2, /storage/.kodi/addons/script.plex/service.py)
2019-04-28 14:08:38.602 T:3793732400 INFO: Python interpreter stopped
2019-04-28 14:08:38.602 T:3793732400 DEBUG: Thread LanguageInvoker 3793732400 terminating
2019-04-28 14:08:38.608 T:3785339696 DEBUG: CAddonSettings[plugin.video.netflix]: loading setting definitions
2019-04-28 14:08:38.608 T:3785339696 DEBUG: CAddonSettings[plugin.video.netflix]: trying to load setting definitions from old format...
2019-04-28 14:08:38.614 T:3785339696 DEBUG: CAddonSettings[plugin.video.netflix]: loading setting values
2019-04-28 14:08:39.066 T:3785339696 DEBUG: [plugin.video.netflix (0)] Instantiated resources.lib.globals
2019-04-28 14:08:39.066 T:3785339696 DEBUG: [plugin.video.netflix (0)] Trying to load contents from disk
2019-04-28 14:08:39.081 T:3785339696 DEBUG: [plugin.video.netflix (0)] Loaded contents from backing file: {u'profile_have_mylist_menu': True, u'sub_menus': {}, u'menu_titles': {u'search': u'Search', u'mostViewed': u'Popular on Netflix', u'myList': u'My List', u'tvshows': u'All TV Shows', u'currentTitles': u'Trending Now', u'genres': u'Genres', u'movies': u'All Movies', u'continueWatching': u'Continue Watching for In\xeas', u'exported': u'Exported', u'newRelease': u'New Releases', u'chosenForYou': u'Top Picks for In\xeas', u'recommendations': u'Recommendations', u'netflixOriginals': u'NETFLIX ORIGINALS', u'recentlyAdded': u'Recently added'}, u'locale_id': u'en-PT'}
2019-04-28 14:08:39.083 T:3785339696 DEBUG: [plugin.video.netflix (0)] Committed changes to backing file
2019-04-28 14:08:39.179 T:3775066928 DEBUG: CZeroconfAvahi::groupCallback: Service successfully established
2019-04-28 14:08:40.476 T:3700507440 DEBUG: Previous line repeats 4 times.
2019-04-28 14:08:40.476 T:3700507440 DEBUG: OpenConnection - connection to the CEC adapter opened
2019-04-28 14:08:40.477 T:3700507440 DEBUG: SetConfigurationFromLibCEC - settings updated by libCEC
2019-04-28 14:08:40.477 T:3910189872 DEBUG: Thread CECAdapterUpdate start, auto delete: false
2019-04-28 14:08:40.636 T:3910189872 DEBUG: UpdateMenuLanguage - using TV menu language is disabled
2019-04-28 14:08:44.326 T:3785339696 DEBUG: CAddonSettings[plugin.video.netflix]: loading setting definitions
2019-04-28 14:08:44.327 T:3785339696 DEBUG: CAddonSettings[plugin.video.netflix]: trying to load setting definitions from old format...
2019-04-28 14:08:44.331 T:3785339696 DEBUG: CAddonSettings[plugin.video.netflix]: loading setting values
2019-04-28 14:08:44.335 T:3785339696 INFO: [plugin.video.netflix (0)] [MSL] Picked Port: 50611
2019-04-28 14:08:44.335 T:3785339696 DEBUG: [plugin.video.netflix (0)] Constructing MSLTCPServer
2019-04-28 14:08:44.402 T:3810517808 INFO: ## CoreELEC Addon ## system::set_hostname ## CoreELEC
2019-04-28 14:08:44.405 T:3810517808 INFO: ## CoreELEC Addon ## system::set_keyboard_layout ## us
2019-04-28 14:08:44.405 T:3810517808 INFO: ## CoreELEC Addon ## system::set_keyboard_layout ## loadkmap < `ls -1 /usr/lib/keymaps/*/us.bmap`
2019-04-28 14:08:44.547 T:3893404464 DEBUG: VideoInfoScanner: Scanning dir 'smb://littlemamba/Movies/' as not in the database
2019-04-28 14:08:44.550 T:3893404464 DEBUG: CAddonSettings[metadata.themoviedb.org]: loading setting definitions
2019-04-28 14:08:44.550 T:3893404464 DEBUG: CAddonSettings[metadata.themoviedb.org]: trying to load setting definitions from old format...
2019-04-28 14:08:44.551 T:3893404464 DEBUG: CAddonSettings[metadata.themoviedb.org]: loading setting values
2019-04-28 14:08:44.562 T:3893404464 DEBUG: CAddonSettings[metadata.themoviedb.org]: loading setting definitions
2019-04-28 14:08:44.563 T:3893404464 DEBUG: CAddonSettings[metadata.themoviedb.org]: trying to load setting definitions from old format...
2019-04-28 14:08:44.563 T:3893404464 DEBUG: CAddonSettings[metadata.themoviedb.org]: loading setting values
2019-04-28 14:08:44.572 T:3893404464 DEBUG: CAddonSettings[metadata.themoviedb.org]: loading setting definitions
2019-04-28 14:08:44.572 T:3893404464 DEBUG: CAddonSettings[metadata.themoviedb.org]: trying to load setting definitions from old format...
2019-04-28 14:08:44.573 T:3893404464 DEBUG: CAddonSettings[metadata.themoviedb.org]: loading setting values
2019-04-28 14:08:44.582 T:3893404464 DEBUG: CAddonSettings[metadata.themoviedb.org]: loading setting definitions
2019-04-28 14:08:44.583 T:3893404464 DEBUG: CAddonSettings[metadata.themoviedb.org]: trying to load setting definitions from old format...
2019-04-28 14:08:44.583 T:3893404464 DEBUG: CAddonSettings[metadata.themoviedb.org]: loading setting values
2019-04-28 14:08:44.593 T:3893404464 DEBUG: CAddonSettings[metadata.themoviedb.org]: loading setting definitions
2019-04-28 14:08:44.593 T:3893404464 DEBUG: CAddonSettings[metadata.themoviedb.org]: trying to load setting definitions from old format...
2019-04-28 14:08:44.593 T:3893404464 DEBUG: CAddonSettings[metadata.themoviedb.org]: loading setting values
2019-04-28 14:08:44.603 T:3893404464 DEBUG: CAddonSettings[metadata.themoviedb.org]: loading setting definitions
2019-04-28 14:08:44.603 T:3893404464 DEBUG: CAddonSettings[metadata.themoviedb.org]: trying to load setting definitions from old format...
2019-04-28 14:08:44.603 T:3893404464 DEBUG: CAddonSettings[metadata.themoviedb.org]: loading setting values
2019-04-28 14:08:44.613 T:3893404464 DEBUG: CAddonSettings[metadata.themoviedb.org]: loading setting definitions
2019-04-28 14:08:44.613 T:3893404464 DEBUG: CAddonSettings[metadata.themoviedb.org]: trying to load setting definitions from old format...
2019-04-28 14:08:44.613 T:3893404464 DEBUG: CAddonSettings[metadata.themoviedb.org]: loading setting values
2019-04-28 14:08:44.623 T:3893404464 DEBUG: CAddonSettings[metadata.themoviedb.org]: loading setting definitions
2019-04-28 14:08:44.623 T:3893404464 DEBUG: CAddonSettings[metadata.themoviedb.org]: trying to load setting definitions from old format...
2019-04-28 14:08:44.624 T:3893404464 DEBUG: CAddonSettings[metadata.themoviedb.org]: loading setting values
2019-04-28 14:08:44.637 T:3893404464 DEBUG: CAddonSettings[metadata.themoviedb.org]: loading setting definitions
2019-04-28 14:08:44.637 T:3893404464 DEBUG: CAddonSettings[metadata.themoviedb.org]: trying to load setting definitions from old format...
2019-04-28 14:08:44.638 T:3893404464 DEBUG: CAddonSettings[metadata.themoviedb.org]: loading setting values
2019-04-28 14:08:44.648 T:3893404464 DEBUG: CAddonSettings[metadata.themoviedb.org]: loading setting definitions
2019-04-28 14:08:44.648 T:3893404464 DEBUG: CAddonSettings[metadata.themoviedb.org]: trying to load setting definitions from old format...
2019-04-28 14:08:44.649 T:3893404464 DEBUG: CAddonSettings[metadata.themoviedb.org]: loading setting values
2019-04-28 14:08:44.659 T:3893404464 DEBUG: CAddonSettings[metadata.themoviedb.org]: loading setting definitions
2019-04-28 14:08:44.659 T:3893404464 DEBUG: CAddonSettings[metadata.themoviedb.org]: trying to load setting definitions from old format...
2019-04-28 14:08:44.659 T:3893404464 DEBUG: CAddonSettings[metadata.themoviedb.org]: loading setting values
2019-04-28 14:08:44.670 T:3893404464 DEBUG: CAddonSettings[metadata.themoviedb.org]: loading setting definitions
2019-04-28 14:08:44.670 T:3893404464 DEBUG: CAddonSettings[metadata.themoviedb.org]: trying to load setting definitions from old format...
2019-04-28 14:08:44.671 T:3893404464 DEBUG: CAddonSettings[metadata.themoviedb.org]: loading setting values
2019-04-28 14:08:44.680 T:3893404464 DEBUG: CAddonSettings[metadata.themoviedb.org]: loading setting definitions
2019-04-28 14:08:44.680 T:3893404464 DEBUG: CAddonSettings[metadata.themoviedb.org]: trying to load setting definitions from old format...
2019-04-28 14:08:44.681 T:3893404464 DEBUG: CAddonSettings[metadata.themoviedb.org]: loading setting values
2019-04-28 14:08:44.690 T:3893404464 DEBUG: CAddonSettings[metadata.themoviedb.org]: loading setting definitions
2019-04-28 14:08:44.690 T:3893404464 DEBUG: CAddonSettings[metadata.themoviedb.org]: trying to load setting definitions from old format...
2019-04-28 14:08:44.691 T:3893404464 DEBUG: CAddonSettings[metadata.themoviedb.org]: loading setting values
2019-04-28 14:08:44.701 T:3893404464 DEBUG: CAddonSettings[metadata.themoviedb.org]: loading setting definitions
2019-04-28 14:08:44.701 T:3893404464 DEBUG: CAddonSettings[metadata.themoviedb.org]: trying to load setting definitions from old format...
2019-04-28 14:08:44.702 T:3893404464 DEBUG: CAddonSettings[metadata.themoviedb.org]: loading setting values
2019-04-28 14:08:44.712 T:3893404464 DEBUG: CAddonSettings[metadata.themoviedb.org]: loading setting definitions
2019-04-28 14:08:44.712 T:3893404464 DEBUG: CAddonSettings[metadata.themoviedb.org]: trying to load setting definitions from old format...
2019-04-28 14:08:44.712 T:3893404464 DEBUG: CAddonSettings[metadata.themoviedb.org]: loading setting values
2019-04-28 14:08:44.721 T:3893404464 DEBUG: CAddonSettings[metadata.themoviedb.org]: loading setting definitions
2019-04-28 14:08:44.721 T:3893404464 DEBUG: CAddonSettings[metadata.themoviedb.org]: trying to load setting definitions from old format...
2019-04-28 14:08:44.722 T:3893404464 DEBUG: CAddonSettings[metadata.themoviedb.org]: loading setting values
2019-04-28 14:08:44.731 T:3893404464 DEBUG: CAddonSettings[metadata.themoviedb.org]: loading setting definitions
2019-04-28 14:08:44.731 T:3893404464 DEBUG: CAddonSettings[metadata.themoviedb.org]: trying to load setting definitions from old format...
2019-04-28 14:08:44.732 T:3893404464 DEBUG: CAddonSettings[metadata.themoviedb.org]: loading setting values
2019-04-28 14:08:44.741 T:3893404464 DEBUG: CAddonSettings[metadata.themoviedb.org]: loading setting definitions
2019-04-28 14:08:44.741 T:3893404464 DEBUG: CAddonSettings[metadata.themoviedb.org]: trying to load setting definitions from old format...
2019-04-28 14:08:44.741 T:3893404464 DEBUG: CAddonSettings[metadata.themoviedb.org]: loading setting values
2019-04-28 14:08:44.750 T:3893404464 DEBUG: CAddonSettings[metadata.themoviedb.org]: loading setting definitions
2019-04-28 14:08:44.750 T:3893404464 DEBUG: CAddonSettings[metadata.themoviedb.org]: trying to load setting definitions from old format...
2019-04-28 14:08:44.751 T:3893404464 DEBUG: CAddonSettings[metadata.themoviedb.org]: loading setting values
2019-04-28 14:08:44.760 T:3893404464 DEBUG: CAddonSettings[metadata.themoviedb.org]: loading setting definitions
2019-04-28 14:08:44.760 T:3893404464 DEBUG: CAddonSettings[metadata.themoviedb.org]: trying to load setting definitions from old format...
2019-04-28 14:08:44.761 T:3893404464 DEBUG: CAddonSettings[metadata.themoviedb.org]: loading setting values
2019-04-28 14:08:44.770 T:3893404464 DEBUG: CAddonSettings[metadata.themoviedb.org]: loading setting definitions
2019-04-28 14:08:44.770 T:3893404464 DEBUG: CAddonSettings[metadata.themoviedb.org]: trying to load setting definitions from old format...
2019-04-28 14:08:44.770 T:3893404464 DEBUG: CAddonSettings[metadata.themoviedb.org]: loading setting values
2019-04-28 14:08:44.780 T:3893404464 DEBUG: CAddonSettings[metadata.themoviedb.org]: loading setting definitions
2019-04-28 14:08:44.780 T:3893404464 DEBUG: CAddonSettings[metadata.themoviedb.org]: trying to load setting definitions from old format...
2019-04-28 14:08:44.780 T:3893404464 DEBUG: CAddonSettings[metadata.themoviedb.org]: loading setting values
2019-04-28 14:08:44.793 T:3893404464 DEBUG: CAddonSettings[metadata.themoviedb.org]: loading setting definitions
2019-04-28 14:08:44.793 T:3893404464 DEBUG: CAddonSettings[metadata.themoviedb.org]: trying to load setting definitions from old format...
2019-04-28 14:08:44.793 T:3893404464 DEBUG: CAddonSettings[metadata.themoviedb.org]: loading setting values
2019-04-28 14:08:44.802 T:3893404464 DEBUG: CAddonSettings[metadata.themoviedb.org]: loading setting definitions
2019-04-28 14:08:44.802 T:3893404464 DEBUG: CAddonSettings[metadata.themoviedb.org]: trying to load setting definitions from old format...
2019-04-28 14:08:44.803 T:3893404464 DEBUG: CAddonSettings[metadata.themoviedb.org]: loading setting values
2019-04-28 14:08:44.812 T:3893404464 DEBUG: CAddonSettings[metadata.themoviedb.org]: loading setting definitions
2019-04-28 14:08:44.812 T:3893404464 DEBUG: CAddonSettings[metadata.themoviedb.org]: trying to load setting definitions from old format...
2019-04-28 14:08:44.812 T:3893404464 DEBUG: CAddonSettings[metadata.themoviedb.org]: loading setting values
2019-04-28 14:08:44.821 T:3893404464 DEBUG: CAddonSettings[metadata.themoviedb.org]: loading setting definitions
2019-04-28 14:08:44.822 T:3893404464 DEBUG: CAddonSettings[metadata.themoviedb.org]: trying to load setting definitions from old format...
2019-04-28 14:08:44.822 T:3893404464 DEBUG: CAddonSettings[metadata.themoviedb.org]: loading setting values
2019-04-28 14:08:44.834 T:3893404464 DEBUG: CAddonSettings[metadata.themoviedb.org]: loading setting definitions
2019-04-28 14:08:44.834 T:3893404464 DEBUG: CAddonSettings[metadata.themoviedb.org]: trying to load setting definitions from old format...
2019-04-28 14:08:44.835 T:3893404464 DEBUG: CAddonSettings[metadata.themoviedb.org]: loading setting values
2019-04-28 14:08:44.844 T:3893404464 DEBUG: CAddonSettings[metadata.themoviedb.org]: loading setting definitions
2019-04-28 14:08:44.845 T:3893404464 DEBUG: CAddonSettings[metadata.themoviedb.org]: trying to load setting definitions from old format...
2019-04-28 14:08:44.845 T:3893404464 DEBUG: CAddonSettings[metadata.themoviedb.org]: loading setting values
2019-04-28 14:08:44.855 T:3893404464 DEBUG: CAddonSettings[metadata.themoviedb.org]: loading setting definitions
2019-04-28 14:08:44.855 T:3893404464 DEBUG: CAddonSettings[metadata.themoviedb.org]: trying to load setting definitions from old format...
2019-04-28 14:08:44.856 T:3893404464 DEBUG: CAddonSettings[metadata.themoviedb.org]: loading setting values
2019-04-28 14:08:44.865 T:3893404464 DEBUG: CAddonSettings[metadata.themoviedb.org]: loading setting definitions
2019-04-28 14:08:44.865 T:3893404464 DEBUG: CAddonSettings[metadata.themoviedb.org]: trying to load setting definitions from old format...
2019-04-28 14:08:44.866 T:3893404464 DEBUG: CAddonSettings[metadata.themoviedb.org]: loading setting values
2019-04-28 14:08:44.875 T:3893404464 DEBUG: CAddonSettings[metadata.themoviedb.org]: loading setting definitions
2019-04-28 14:08:44.875 T:3893404464 DEBUG: CAddonSettings[metadata.themoviedb.org]: trying to load setting definitions from old format...
2019-04-28 14:08:44.875 T:3893404464 DEBUG: CAddonSettings[metadata.themoviedb.org]: loading setting values
2019-04-28 14:08:44.885 T:3893404464 DEBUG: CAddonSettings[metadata.themoviedb.org]: loading setting definitions
2019-04-28 14:08:44.885 T:3893404464 DEBUG: CAddonSettings[metadata.themoviedb.org]: trying to load setting definitions from old format...
2019-04-28 14:08:44.886 T:3893404464 DEBUG: CAddonSettings[metadata.themoviedb.org]: loading setting values
2019-04-28 14:08:44.894 T:3893404464 DEBUG: CAddonSettings[metadata.themoviedb.org]: loading setting definitions
2019-04-28 14:08:44.895 T:3893404464 DEBUG: CAddonSettings[metadata.themoviedb.org]: trying to load setting definitions from old format...
2019-04-28 14:08:44.895 T:3893404464 DEBUG: CAddonSettings[metadata.themoviedb.org]: loading setting values
2019-04-28 14:08:44.904 T:3893404464 DEBUG: CAddonSettings[metadata.themoviedb.org]: loading setting definitions
2019-04-28 14:08:44.905 T:3893404464 DEBUG: CAddonSettings[metadata.themoviedb.org]: trying to load setting definitions from old format...
2019-04-28 14:08:44.905 T:3893404464 DEBUG: CAddonSettings[metadata.themoviedb.org]: loading setting values
2019-04-28 14:08:44.915 T:3893404464 DEBUG: CAddonSettings[metadata.themoviedb.org]: loading setting definitions
2019-04-28 14:08:44.915 T:3893404464 DEBUG: CAddonSettings[metadata.themoviedb.org]: trying to load setting definitions from old format...
2019-04-28 14:08:44.916 T:3893404464 DEBUG: CAddonSettings[metadata.themoviedb.org]: loading setting values
2019-04-28 14:08:44.928 T:3893404464 DEBUG: CAddonSettings[metadata.themoviedb.org]: loading setting definitions
2019-04-28 14:08:44.928 T:3893404464 DEBUG: CAddonSettings[metadata.themoviedb.org]: trying to load setting definitions from old format...
2019-04-28 14:08:44.929 T:3893404464 DEBUG: CAddonSettings[metadata.themoviedb.org]: loading setting values
2019-04-28 14:08:44.941 T:3893404464 DEBUG: CAddonSettings[metadata.themoviedb.org]: loading setting definitions
2019-04-28 14:08:44.941 T:3893404464 DEBUG: CAddonSettings[metadata.themoviedb.org]: trying to load setting definitions from old format...
2019-04-28 14:08:44.942 T:3893404464 DEBUG: CAddonSettings[metadata.themoviedb.org]: loading setting values
2019-04-28 14:08:44.950 T:3893404464 DEBUG: CAddonSettings[metadata.themoviedb.org]: loading setting definitions
2019-04-28 14:08:44.950 T:3893404464 DEBUG: CAddonSettings[metadata.themoviedb.org]: trying to load setting definitions from old format...
2019-04-28 14:08:44.951 T:3893404464 DEBUG: CAddonSettings[metadata.themoviedb.org]: loading setting values
2019-04-28 14:08:44.959 T:3893404464 DEBUG: CAddonSettings[metadata.themoviedb.org]: loading setting definitions
2019-04-28 14:08:44.960 T:3893404464 DEBUG: CAddonSettings[metadata.themoviedb.org]: trying to load setting definitions from old format...
2019-04-28 14:08:44.960 T:3893404464 DEBUG: CAddonSettings[metadata.themoviedb.org]: loading setting values
2019-04-28 14:08:44.969 T:3893404464 DEBUG: CAddonSettings[metadata.themoviedb.org]: loading setting definitions
2019-04-28 14:08:44.969 T:3893404464 DEBUG: CAddonSettings[metadata.themoviedb.org]: trying to load setting definitions from old format...
2019-04-28 14:08:44.970 T:3893404464 DEBUG: CAddonSettings[metadata.themoviedb.org]: loading setting values
2019-04-28 14:08:44.979 T:3893404464 DEBUG: CAddonSettings[metadata.themoviedb.org]: loading setting definitions
