2019-04-28 14:10:42.104 T:3517969200 DEBUG: CurlFile::Open(0xe51990d0) http://195.8.12.225/?o=AQHsvJl_EOvSE5TTC4bMd_jEHeSPEPWYqOh8RAVmbt7CBOuYT5VYlLBEmZEOHrgBOyDrYOjO2iHNfpl_cP3gfV8kUOWFG-leEB80dn1b5uAz5vGFWq7Dy_c_ownq5FLF3YlnoMExiAug9_IOqu7r923d64Q4l_0p8QG4lpahucIynSgXubBiaTx6l968bmXFGF43MryiAkvD1dD5j3u_hQ&v=3&e=1556500176&t=XBn9CDz3os3jL_GEmnZeF6gNB3c
2019-04-28 14:10:42.115 T:3474797360 DEBUG: CVideoPlayerVideo::OutputPicture - ttd:-3034ms pts:49.716 Clock:52.750 Level:0 elapsed:0.006ms
2019-04-28 14:10:42.120 T:3474797360 DEBUG: CVideoPlayerVideo::OutputPicture - ttd:-3075ms pts:49.758 Clock:52.833 Level:0 elapsed:0.006ms
2019-04-28 14:10:42.125 T:3474797360 DEBUG: CVideoPlayerVideo::OutputPicture - ttd:-3103ms pts:49.800 Clock:52.903 Level:0 elapsed:0.005ms
2019-04-28 14:10:42.138 T:3552891696 DEBUG: CVideoPlayer::ProcessVideoData size:684 dts:58.016 pts:58.016 dur:41.708ms, clock:53.122 level:97
2019-04-28 14:10:42.139 T:3474797360 DEBUG: CVideoPlayerVideo::OutputPicture - ttd:-3289ms pts:49.841 Clock:53.131 Level:0 elapsed:0.005ms
2019-04-28 14:10:42.140 T:3466404656 DEBUG: CurlFile::ParseAndCorrectUrl() adding custom header option 'Range: bytes=835394-860410'
2019-04-28 14:10:42.140 T:3466404656 DEBUG: CurlFile::ParseAndCorrectUrl() adding custom header option 'connection: keep-alive'
2019-04-28 14:10:42.140 T:3466404656 DEBUG: CurlFile::Open(0xe5b4ecc0) http://195.8.12.225/?o=AQHsvJl_EOvSE5TTC4bNd__NFO-JEPWYqP98RAVmbt7CBOuYT5VYlLBEmZEOHrgBOyDrYOjO2iHNfpl_cP3gfV8kUOWFG-leEB80dn1b5uAz5vGFWq7Dy_c_ownq5FLF3YlnoMk1n1K7yKkMhNbEvXmPpd0xgv8g8x69ntP3pds0gHtSovUnbSx-hcm2MHyZCVQLaNviCAjXnsu3in0&v=3&e=1556500176&t=SdFHa60Oat9NM19HrSW2B81Yrik
2019-04-28 14:10:42.145 T:3474797360 DEBUG: CVideoPlayerVideo::OutputPicture - ttd:-3343ms pts:49.883 Clock:53.227 Level:0 elapsed:0.007ms
2019-04-28 14:10:42.153 T:3466404656 DEBUG: AddOnLog: InputStream Adaptive: Download http://195.8.12.225/?o=AQHsvJl_EOvSE5TTC4bNd__NFO-JEPWYqP98RAVmbt7CBOuYT5VYlLBEmZEOHrgBOyDrYOjO2iHNfpl_cP3gfV8kUOWFG-leEB80dn1b5uAz5vGFWq7Dy_c_ownq5FLF3YlnoMk1n1K7yKkMhNbEvXmPpd0xgv8g8x69ntP3pds0gHtSovUnbSx-hcm2MHyZCVQLaNviCAjXnsu3in0&v=3&e=1556500176&t=SdFHa60Oat9NM19HrSW2B81Yrik finished, avg speed: 7550646.67byte/s, current speed: 2084750.00byte/s
2019-04-28 14:10:42.153 T:3552891696 DEBUG: CVideoPlayer::ProcessVideoData size:52547 dts:58.058 pts:58.100 dur:41.708ms, clock:53.360 level:97
2019-04-28 14:10:42.154 T:3552891696 DEBUG: CVideoPlayer::ProcessVideoData size:10195 dts:58.100 pts:58.225 dur:41.708ms, clock:53.367 level:97
2019-04-28 14:10:42.154 T:3552891696 DEBUG: CVideoPlayer::ProcessVideoData size:575 dts:58.141 pts:58.141 dur:41.708ms, clock:53.371 level:98
2019-04-28 14:10:42.154 T:3552891696 DEBUG: CVideoPlayer::ProcessVideoData size:578 dts:58.183 pts:58.183 dur:41.708ms, clock:53.376 level:99
2019-04-28 14:10:42.155 T:3552891696 DEBUG: CVideoPlayer::ProcessVideoData size:9203 dts:58.225 pts:58.350 dur:41.708ms, clock:53.381 level:99
2019-04-28 14:10:42.157 T:3517969200 DEBUG: AddOnLog: InputStream Adaptive: Download http://195.8.12.225/?o=AQHsvJl_EOvSE5TTC4bMd_jEHeSPEPWYqOh8RAVmbt7CBOuYT5VYlLBEmZEOHrgBOyDrYOjO2iHNfpl_cP3gfV8kUOWFG-leEB80dn1b5uAz5vGFWq7Dy_c_ownq5FLF3YlnoMExiAug9_IOqu7r923d64Q4l_0p8QG4lpahucIynSgXubBiaTx6l968bmXFGF43MryiAkvD1dD5j3u_hQ&v=3&e=1556500176&t=XBn9CDz3os3jL_GEmnZeF6gNB3c finished, avg speed: 6885320.17byte/s, current speed: 4690096.00byte/s
2019-04-28 14:10:42.166 T:3474797360 DEBUG: CVideoPlayerVideo::OutputPicture - ttd:-3632ms pts:49.925 Clock:53.558 Level:0 elapsed:0.007ms
2019-04-28 14:10:42.168 T:3474797360 DEBUG: CVideoPlayerVideo::OutputPicture - ttd:-3627ms pts:49.967 Clock:53.594 Level:0 elapsed:0.007ms
2019-04-28 14:10:42.175 T:3552891696 DEBUG: CVideoPlayer::ProcessVideoData size:681 dts:58.267 pts:58.267 dur:41.708ms, clock:53.710 level:99
2019-04-28 14:10:42.175 T:3552891696 DEBUG: CVideoPlayer::ProcessVideoData size:731 dts:58.308 pts:58.308 dur:41.708ms, clock:53.715 level:99
2019-04-28 14:10:42.184 T:3474797360 DEBUG: CVideoPlayerVideo::OutputPicture - ttd:-3848ms pts:50.008 Clock:53.857 Level:0 elapsed:0.006ms
2019-04-28 14:10:42.186 T:3552891696 DEBUG: CVideoPlayer::ProcessVideoData size:8866 dts:58.350 pts:58.475 dur:41.708ms, clock:53.881 level:99
2019-04-28 14:10:42.188 T:3474797360 DEBUG: CVideoPlayerVideo::OutputPicture - ttd:-3858ms pts:50.050 Clock:53.908 Level:0 elapsed:0.007ms
2019-04-28 14:10:42.196 T:3552891696 DEBUG: CVideoPlayer::ProcessVideoData size:714 dts:58.392 pts:58.392 dur:41.708ms, clock:54.046 level:99
2019-04-28 14:10:42.207 T:3474797360 DEBUG: CVideoPlayerVideo::OutputPicture - ttd:-4125ms pts:50.092 Clock:54.217 Level:0 elapsed:0.007ms
2019-04-28 14:10:42.211 T:3474797360 DEBUG: CVideoPlayerVideo::OutputPicture - ttd:-4151ms pts:50.133 Clock:54.284 Level:0 elapsed:0.008ms
2019-04-28 14:10:42.217 T:3552891696 DEBUG: CVideoPlayer::ProcessVideoData size:714 dts:58.433 pts:58.433 dur:41.708ms, clock:54.375 level:99
2019-04-28 14:10:42.217 T:3552891696 DEBUG: CVideoPlayer::ProcessVideoData size:8674 dts:58.475 pts:58.600 dur:41.708ms, clock:54.380 level:99
2019-04-28 14:10:42.226 T:3474797360 DEBUG: CVideoPlayerVideo::OutputPicture - ttd:-4345ms pts:50.175 Clock:54.521 Level:0 elapsed:0.008ms
2019-04-28 14:10:42.227 T:3552891696 DEBUG: CVideoPlayer::ProcessVideoData size:692 dts:58.517 pts:58.517 dur:41.708ms, clock:54.546 level:99
2019-04-28 14:10:42.232 T:3474797360 DEBUG: CVideoPlayerVideo::OutputPicture - ttd:-4407ms pts:50.217 Clock:54.625 Level:0 elapsed:0.007ms
2019-04-28 14:10:42.238 T:3552891696 DEBUG: CVideoPlayer::ProcessVideoData size:710 dts:58.559 pts:58.559 dur:41.708ms, clock:54.717 level:99
2019-04-28 14:10:42.246 T:3474797360 DEBUG: CVideoPlayerVideo::OutputPicture - ttd:-4589ms pts:50.259 Clock:54.848 Level:0 elapsed:0.007ms
2019-04-28 14:10:42.249 T:3552891696 DEBUG: CVideoPlayer::ProcessVideoData size:8877 dts:58.600 pts:58.725 dur:41.708ms, clock:54.884 level:99
2019-04-28 14:10:42.257 T:3474797360 DEBUG: CVideoPlayerVideo::OutputPicture - ttd:-4720ms pts:50.300 Clock:55.020 Level:0 elapsed:0.007ms
2019-04-28 14:10:42.259 T:3552891696 DEBUG: CVideoPlayer::ProcessVideoData size:672 dts:58.642 pts:58.642 dur:41.708ms, clock:55.052 level:99
2019-04-28 14:10:42.268 T:3474797360 DEBUG: CVideoPlayerVideo::OutputPicture - ttd:-4853ms pts:50.342 Clock:55.196 Level:0 elapsed:0.007ms
2019-04-28 14:10:42.270 T:3552891696 DEBUG: CVideoPlayer::ProcessVideoData size:749 dts:58.684 pts:58.684 dur:41.708ms, clock:55.221 level:99
2019-04-28 14:10:42.274 T:3474797360 DEBUG: CVideoPlayerVideo::OutputPicture - ttd:-4909ms pts:50.384 Clock:55.294 Level:0 elapsed:0.007ms
2019-04-28 14:10:42.280 T:3552891696 DEBUG: CVideoPlayer::ProcessVideoData size:8693 dts:58.725 pts:58.850 dur:41.708ms, clock:55.390 level:99
2019-04-28 14:10:42.289 T:3474797360 DEBUG: CVideoPlayerVideo::OutputPicture - ttd:-5109ms pts:50.425 Clock:55.535 Level:0 elapsed:0.007ms
2019-04-28 14:10:42.296 T:3474797360 DEBUG: CVideoPlayerVideo::OutputPicture - ttd:-5169ms pts:50.467 Clock:55.636 Level:0 elapsed:0.007ms
2019-04-28 14:10:42.301 T:3552891696 DEBUG: CVideoPlayer::ProcessVideoData size:661 dts:58.767 pts:58.767 dur:41.708ms, clock:55.720 level:99
2019-04-28 14:10:42.301 T:3552891696 DEBUG: CVideoPlayer::ProcessVideoData size:732 dts:58.809 pts:58.809 dur:41.708ms, clock:55.727 level:99
2019-04-28 14:10:42.309 T:3474797360 DEBUG: CVideoPlayerVideo::OutputPicture - ttd:-5340ms pts:50.509 Clock:55.849 Level:0 elapsed:0.008ms
2019-04-28 14:10:42.312 T:3552891696 DEBUG: CVideoPlayer::ProcessVideoData size:10656 dts:58.850 pts:58.976 dur:41.708ms, clock:55.896 level:99
2019-04-28 14:10:42.317 T:3474797360 DEBUG: CVideoPlayerVideo::OutputPicture - ttd:-5424ms pts:50.550 Clock:55.975 Level:0 elapsed:0.007ms
2019-04-28 14:10:42.322 T:3552891696 DEBUG: CVideoPlayer::ProcessVideoData size:668 dts:58.892 pts:58.892 dur:41.708ms, clock:56.064 level:99
2019-04-28 14:10:42.332 T:3474797360 DEBUG: CVideoPlayerVideo::OutputPicture - ttd:-5621ms pts:50.592 Clock:56.214 Level:0 elapsed:0.007ms
2019-04-28 14:10:42.335 T:3474797360 DEBUG: CVideoPlayerVideo::OutputPicture - ttd:-5633ms pts:50.634 Clock:56.268 Level:0 elapsed:0.007ms
2019-04-28 14:10:42.343 T:3552891696 DEBUG: CVideoPlayer::ProcessVideoData size:1218 dts:58.934 pts:58.934 dur:41.708ms, clock:56.395 level:99
2019-04-28 14:10:42.343 T:3552891696 DEBUG: CVideoPlayer::ProcessVideoData size:10144 dts:58.976 pts:59.101 dur:41.708ms, clock:56.401 level:99
2019-04-28 14:10:42.353 T:3474797360 DEBUG: CVideoPlayerVideo::OutputPicture - ttd:-5879ms pts:50.676 Clock:56.555 Level:0 elapsed:0.007ms
2019-04-28 14:10:42.358 T:3474797360 DEBUG: CVideoPlayerVideo::OutputPicture - ttd:-5917ms pts:50.717 Clock:56.635 Level:0 elapsed:0.008ms
2019-04-28 14:10:42.364 T:3552891696 DEBUG: CVideoPlayer::ProcessVideoData size:1064 dts:59.017 pts:59.017 dur:41.708ms, clock:56.729 level:99
2019-04-28 14:10:42.364 T:3552891696 DEBUG: CVideoPlayer::ProcessVideoData size:1151 dts:59.059 pts:59.059 dur:41.708ms, clock:56.734 level:99
2019-04-28 14:10:42.376 T:3474797360 DEBUG: CVideoPlayerVideo::OutputPicture - ttd:-6160ms pts:50.759 Clock:56.919 Level:0 elapsed:0.007ms
2019-04-28 14:10:42.379 T:3474797360 DEBUG: CVideoPlayerVideo::OutputPicture - ttd:-6166ms pts:50.801 Clock:56.967 Level:0 elapsed:0.007ms
2019-04-28 14:10:42.385 T:3552891696 DEBUG: CVideoPlayer::ProcessVideoData size:11001 dts:59.101 pts:59.184 dur:41.708ms, clock:57.063 level:99
2019-04-28 14:10:42.385 T:3552891696 DEBUG: CVideoPlayer::ProcessVideoData size:1123 dts:59.142 pts:59.142 dur:41.708ms, clock:57.069 level:99
2019-04-28 14:10:42.396 T:3474797360 DEBUG: CVideoPlayerVideo::OutputPicture - ttd:-6398ms pts:50.842 Clock:57.241 Level:0 elapsed:0.007ms
2019-04-28 14:10:42.400 T:3474797360 DEBUG: CVideoPlayerVideo::OutputPicture - ttd:-6425ms pts:50.884 Clock:57.310 Level:0 elapsed:0.007ms
2019-04-28 14:10:42.406 T:3552891696 DEBUG: CVideoPlayer::ProcessVideoData size:10614 dts:59.184 pts:59.309 dur:41.708ms, clock:57.399 level:99
2019-04-28 14:10:42.406 T:3552891696 DEBUG: CVideoPlayer::ProcessVideoData size:1047 dts:59.226 pts:59.226 dur:41.708ms, clock:57.405 level:99
2019-04-28 14:10:42.417 T:3474797360 DEBUG: CVideoPlayerVideo::OutputPicture - ttd:-6659ms pts:50.926 Clock:57.586 Level:0 elapsed:0.006ms
2019-04-28 14:10:42.422 T:3474797360 DEBUG: CVideoPlayerVideo::OutputPicture - ttd:-6695ms pts:50.968 Clock:57.663 Level:0 elapsed:0.007ms
2019-04-28 14:10:42.427 T:3552891696 DEBUG: CVideoPlayer::ProcessVideoData size:971 dts:59.268 pts:59.268 dur:41.708ms, clock:57.736 level:99
2019-04-28 14:10:42.427 T:3552891696 DEBUG: CVideoPlayer::ProcessVideoData size:10168 dts:59.309 pts:59.434 dur:41.708ms, clock:57.742 level:99
2019-04-28 14:10:42.439 T:3474797360 DEBUG: CVideoPlayerVideo::OutputPicture - ttd:-6917ms pts:51.009 Clock:57.927 Level:0 elapsed:0.006ms
2019-04-28 14:10:42.444 T:3474797360 DEBUG: CVideoPlayerVideo::OutputPicture - ttd:-6963ms pts:51.051 Clock:58.014 Level:0 elapsed:0.006ms
2019-04-28 14:10:42.448 T:3552891696 DEBUG: CVideoPlayer::ProcessVideoData size:950 dts:59.351 pts:59.351 dur:41.708ms, clock:58.071 level:99
2019-04-28 14:10:42.448 T:3552891696 DEBUG: CVideoPlayer::ProcessVideoData size:919 dts:59.393 pts:59.393 dur:41.708ms, clock:58.079 level:99
2019-04-28 14:10:42.459 T:3474797360 DEBUG: CVideoPlayerVideo::OutputPicture - ttd:-7161ms pts:51.093 Clock:58.255 Level:0 elapsed:0.008ms
2019-04-28 14:10:42.467 T:3474797360 DEBUG: CVideoPlayerVideo::OutputPicture - ttd:-7244ms pts:51.134 Clock:58.378 Level:0 elapsed:0.008ms
2019-04-28 14:10:42.469 T:3552891696 DEBUG: CVideoPlayer::ProcessVideoData size:10944 dts:59.434 pts:59.559 dur:41.708ms, clock:58.408 level:99
2019-04-28 14:10:42.469 T:3552891696 DEBUG: CVideoPlayer::ProcessVideoData size:976 dts:59.476 pts:59.476 dur:41.708ms, clock:58.414 level:99
2019-04-28 14:10:42.481 T:3474797360 DEBUG: CVideoPlayerVideo::OutputPicture - ttd:-7421ms pts:51.176 Clock:58.598 Level:0 elapsed:0.006ms
2019-04-28 14:10:42.488 T:3474797360 DEBUG: CVideoPlayerVideo::OutputPicture - ttd:-7494ms pts:51.218 Clock:58.713 Level:0 elapsed:0.007ms
2019-04-28 14:10:42.490 T:3552891696 DEBUG: CVideoPlayer::ProcessVideoData size:912 dts:59.518 pts:59.518 dur:41.708ms, clock:58.746 level:99
2019-04-28 14:10:42.490 T:3552891696 DEBUG: CVideoPlayer::ProcessVideoData size:10860 dts:59.559 pts:59.685 dur:41.708ms, clock:58.755 level:99
2019-04-28 14:10:42.503 T:3474797360 DEBUG: CVideoPlayerVideo::OutputPicture - ttd:-7691ms pts:51.260 Clock:58.951 Level:0 elapsed:0.008ms
2019-04-28 14:10:42.510 T:3474797360 DEBUG: CVideoPlayerVideo::OutputPicture - ttd:-7760ms pts:51.301 Clock:59.062 Level:0 elapsed:0.007ms
2019-04-28 14:10:42.511 T:3552891696 DEBUG: CVideoPlayer::ProcessVideoData size:933 dts:59.601 pts:59.601 dur:41.708ms, clock:59.086 level:99
2019-04-28 14:10:42.512 T:3552891696 DEBUG: CVideoPlayer::ProcessVideoData size:930 dts:59.643 pts:59.643 dur:41.708ms, clock:59.094 level:99
2019-04-28 14:10:42.522 T:3474797360 DEBUG: CVideoPlayerVideo::OutputPicture - ttd:-7922ms pts:51.343 Clock:59.266 Level:0 elapsed:0.008ms
2019-04-28 14:10:42.531 T:3474797360 DEBUG: CVideoPlayerVideo::OutputPicture - ttd:-8022ms pts:51.385 Clock:59.407 Level:0 elapsed:0.008ms
2019-04-28 14:10:42.532 T:3552891696 DEBUG: CVideoPlayer::ProcessVideoData size:11095 dts:59.685 pts:59.810 dur:41.708ms, clock:59.426 level:99
2019-04-28 14:10:42.533 T:3552891696 DEBUG: CVideoPlayer::ProcessVideoData size:992 dts:59.726 pts:59.726 dur:41.708ms, clock:59.431 level:99
2019-04-28 14:10:42.546 T:3474797360 DEBUG: CVideoPlayerVideo::OutputPicture - ttd:-8213ms pts:51.426 Clock:59.640 Level:0 elapsed:0.007ms
2019-04-28 14:10:42.553 T:3552891696 DEBUG: CVideoPlayer::ProcessVideoData size:1023 dts:59.768 pts:59.768 dur:41.708ms, clock:59.762 level:99
2019-04-28 14:10:42.555 T:3474797360 DEBUG: CVideoPlayerVideo::OutputPicture - ttd:-8316ms pts:51.468 Clock:59.785 Level:0 elapsed:0.008ms
2019-04-28 14:10:42.564 T:3552891696 DEBUG: CVideoPlayer::ProcessVideoData size:11508 dts:59.810 pts:59.935 dur:41.708ms, clock:59.932 level:99
2019-04-28 14:10:42.566 T:3474797360 DEBUG: CVideoPlayerVideo::OutputPicture - ttd:-8460ms pts:51.510 Clock:59.970 Level:0 elapsed:0.008ms
2019-04-28 14:10:42.574 T:3552891696 DEBUG: CVideoPlayer::ProcessVideoData size:1053 dts:59.851 pts:59.851 dur:41.708ms, clock:60.099 level:99
2019-04-28 14:10:42.578 T:3474797360 DEBUG: CVideoPlayerVideo::OutputPicture - ttd:-8598ms pts:51.551 Clock:60.150 Level:0 elapsed:0.006ms
2019-04-28 14:10:42.585 T:3552891696 DEBUG: CVideoPlayer::ProcessVideoData size:1005 dts:59.893 pts:59.893 dur:41.708ms, clock:60.267 level:99
2019-04-28 14:10:42.589 T:3474797360 DEBUG: CVideoPlayerVideo::OutputPicture - ttd:-8732ms pts:51.593 Clock:60.326 Level:0 elapsed:0.009ms
2019-04-28 14:10:42.596 T:3552891696 DEBUG: CVideoPlayer::ProcessVideoData size:10833 dts:59.935 pts:60.060 dur:41.708ms, clock:60.436 level:99
2019-04-28 14:10:42.599 T:3474797360 DEBUG: CVideoPlayerVideo::OutputPicture - ttd:-8857ms pts:51.635 Clock:60.493 Level:0 elapsed:0.008ms
2019-04-28 14:10:42.606 T:3552891696 DEBUG: CVideoPlayer::ProcessVideoData size:980 dts:59.977 pts:59.977 dur:41.708ms, clock:60.605 level:99
2019-04-28 14:10:42.611 T:3474797360 DEBUG: CVideoPlayerVideo::OutputPicture - ttd:-9001ms pts:51.677 Clock:60.678 Level:0 elapsed:0.007ms
2019-04-28 14:10:42.619 T:3517969200 DEBUG: CurlFile::ParseAndCorrectUrl() adding custom header option 'Range: bytes=8942095-9182526'
2019-04-28 14:10:42.619 T:3517969200 DEBUG: CurlFile::ParseAndCorrectUrl() adding custom header option 'connection: keep-alive'
2019-04-28 14:10:42.619 T:3517969200 DEBUG: CurlFile::Open(0xe5167818) http://195.8.12.225/?o=AQHsvJl_EOvSE5TTC4bMd_jEHeSPEPWYqOh8RAVmbt7CBOuYT5VYlLBEmZEOHrgBOyDrYOjO2iHNfpl_cP3gfV8kUOWFG-leEB80dn1b5uAz5vGFWq7Dy_c_ownq5FLF3YlnoMExiAug9_IOqu7r923d64Q4l_0p8QG4lpahucIynSgXubBiaTx6l968bmXFGF43MryiAkvD1dD5j3u_hQ&v=3&e=1556500176&t=XBn9CDz3os3jL_GEmnZeF6gNB3c
2019-04-28 14:10:42.625 T:3474797360 DEBUG: CVideoPlayerVideo::OutputPicture - ttd:-9188ms pts:51.718 Clock:60.907 Level:0 elapsed:0.008ms
2019-04-28 14:10:42.633 T:3552891696 DEBUG: CVideoPlayer::ProcessVideoData size:1010 dts:60.018 pts:60.018 dur:41.708ms, clock:61.035 level:99
2019-04-28 14:10:42.633 T:3474797360 DEBUG: CVideoPlayerVideo::OutputPicture - ttd:-9276ms pts:51.760 Clock:61.036 Level:0 elapsed:0.007ms
2019-04-28 14:10:42.634 T:3466404656 DEBUG: CurlFile::ParseAndCorrectUrl() adding custom header option 'Range: bytes=860411-885649'
2019-04-28 14:10:42.634 T:3466404656 DEBUG: CurlFile::ParseAndCorrectUrl() adding custom header option 'connection: keep-alive'
2019-04-28 14:10:42.634 T:3466404656 DEBUG: CurlFile::Open(0xe5b14460) http://195.8.12.225/?o=AQHsvJl_EOvSE5TTC4bNd__NFO-JEPWYqP98RAVmbt7CBOuYT5VYlLBEmZEOHrgBOyDrYOjO2iHNfpl_cP3gfV8kUOWFG-leEB80dn1b5uAz5vGFWq7Dy_c_ownq5FLF3YlnoMk1n1K7yKkMhNbEvXmPpd0xgv8g8x69ntP3pds0gHtSovUnbSx-hcm2MHyZCVQLaNviCAjXnsu3in0&v=3&e=1556500176&t=SdFHa60Oat9NM19HrSW2B81Yrik
2019-04-28 14:10:42.641 T:3474797360 DEBUG: CVideoPlayerVideo::OutputPicture - ttd:-9356ms pts:51.802 Clock:61.159 Level:0 elapsed:0.006ms
2019-04-28 14:10:42.649 T:3466404656 DEBUG: AddOnLog: InputStream Adaptive: Download http://195.8.12.225/?o=AQHsvJl_EOvSE5TTC4bNd__NFO-JEPWYqP98RAVmbt7CBOuYT5VYlLBEmZEOHrgBOyDrYOjO2iHNfpl_cP3gfV8kUOWFG-leEB80dn1b5uAz5vGFWq7Dy_c_ownq5FLF3YlnoMk1n1K7yKkMhNbEvXmPpd0xgv8g8x69ntP3pds0gHtSovUnbSx-hcm2MHyZCVQLaNviCAjXnsu3in0&v=3&e=1556500176&t=SdFHa60Oat9NM19HrSW2B81Yrik finished, avg speed: 6762984.63byte/s, current speed: 1802785.00byte/s
2019-04-28 14:10:42.649 T:3517969200 DEBUG: AddOnLog: InputStream Adaptive: Download http://195.8.12.225/?o=AQHsvJl_EOvSE5TTC4bMd_jEHeSPEPWYqOh8RAVmbt7CBOuYT5VYlLBEmZEOHrgBOyDrYOjO2iHNfpl_cP3gfV8kUOWFG-leEB80dn1b5uAz5vGFWq7Dy_c_ownq5FLF3YlnoMExiAug9_IOqu7r923d64Q4l_0p8QG4lpahucIynSgXubBiaTx6l968bmXFGF43MryiAkvD1dD5j3u_hQ&v=3&e=1556500176&t=XBn9CDz3os3jL_GEmnZeF6gNB3c finished, avg speed: 7113293.63byte/s, current speed: 8290758.00byte/s
2019-04-28 14:10:42.649 T:3552891696 DEBUG: CVideoPlayer::ProcessVideoData size:41373 dts:60.060 pts:60.102 dur:41.708ms, clock:61.299 level:98
2019-04-28 14:10:42.650 T:3552891696 DEBUG: CVideoPlayer::ProcessVideoData size:9480 dts:60.102 pts:60.227 dur:41.708ms, clock:61.306 level:99
2019-04-28 14:10:42.650 T:3552891696 DEBUG: CVideoPlayer::ProcessVideoData size:893 dts:60.143 pts:60.143 dur:41.708ms, clock:61.310 level:99
2019-04-28 14:10:42.651 T:3474797360 DEBUG: CVideoPlayerVideo::OutputPicture - ttd:-9480ms pts:51.843 Clock:61.324 Level:0 elapsed:0.007ms
2019-04-28 14:10:42.661 T:3552891696 DEBUG: CVideoPlayer::ProcessVideoData size:904 dts:60.185 pts:60.185 dur:41.708ms, clock:61.479 level:99
2019-04-28 14:10:42.662 T:3474797360 DEBUG: CVideoPlayerVideo::OutputPicture - ttd:-9616ms pts:51.885 Clock:61.501 Level:0 elapsed:0.008ms
2019-04-28 14:10:42.671 T:3552891696 DEBUG: CVideoPlayer::ProcessVideoData size:9899 dts:60.227 pts:60.310 dur:41.708ms, clock:61.649 level:99
2019-04-28 14:10:42.679 T:3474797360 DEBUG: CVideoPlayerVideo::OutputPicture - ttd:-9842ms pts:51.927 Clock:61.769 Level:0 elapsed:0.008ms
2019-04-28 14:10:42.682 T:3552891696 DEBUG: CVideoPlayer::ProcessVideoData size:923 dts:60.269 pts:60.269 dur:41.708ms, clock:61.819 level:99
2019-04-28 14:10:42.684 T:3474797360 DEBUG: CVideoPlayerVideo::OutputPicture - ttd:-9883ms pts:51.969 Clock:61.852 Level:0 elapsed:0.007ms
2019-04-28 14:10:42.693 T:3552891696 DEBUG: CVideoPlayer::ProcessVideoData size:10915 dts:60.310 pts:60.435 dur:41.708ms, clock:61.990 level:99
2019-04-28 14:10:42.693 T:3552891696 INFO: AddOnLog: InputStream Adaptive: PosTime (62945)
2019-04-28 14:10:42.694 T:3517969200 DEBUG: CurlFile::ParseAndCorrectUrl() adding custom header option 'Range: bytes=9454888-9718950'
2019-04-28 14:10:42.695 T:3517969200 DEBUG: CurlFile::ParseAndCorrectUrl() adding custom header option 'connection: keep-alive'
2019-04-28 14:10:42.695 T:3517969200 DEBUG: CurlFile::Open(0xe51ba848) http://195.8.12.225/?o=AQHsvJl_EOvSE5TTC4bMd_jEHeSPEPWYqOh8RAVmbt7CBOuYT5VYlLBEmZEOHrgBOyDrYOjO2iHNfpl_cP3gfV8kUOWFG-leEB80dn1b5uAz5vGFWq7Dy_c_ownq5FLF3YlnoMExiAug9_IOqu7r923d64Q4l_0p8QG4lpahucIynSgXubBiaTx6l968bmXFGF43MryiAkvD1dD5j3u_hQ&v=3&e=1556500176&t=XBn9CDz3os3jL_GEmnZeF6gNB3c
2019-04-28 14:10:42.699 T:3474797360 DEBUG: CVideoPlayerVideo::OutputPicture - ttd:-10084ms pts:52.010 Clock:62.095 Level:0 elapsed:0.007ms
2019-04-28 14:10:42.702 T:3474797360 DEBUG: CVideoPlayerVideo::OutputPicture - ttd:-10088ms pts:52.052 Clock:62.141 Level:1 elapsed:0.007ms
2019-04-28 14:10:42.702 T:4093684544 DEBUG: CRenderManager::PrepareNextRender Frame Skip:1 iter.pts:52.052 lf:243 latency:0.050 Clock:62.146
2019-04-28 14:10:42.712 T:3552891696 INFO: AddOnLog: InputStream Adaptive: seekTime(62.9) for Stream:1 continues at 64.1
2019-04-28 14:10:42.713 T:3466404656 DEBUG: CurlFile::ParseAndCorrectUrl() adding custom header option 'Range: bytes=909719-934658'
2019-04-28 14:10:42.713 T:3466404656 DEBUG: CurlFile::ParseAndCorrectUrl() adding custom header option 'connection: keep-alive'
2019-04-28 14:10:42.713 T:3466404656 DEBUG: CurlFile::Open(0xe5badb60) http://195.8.12.225/?o=AQHsvJl_EOvSE5TTC4bNd__NFO-JEPWYqP98RAVmbt7CBOuYT5VYlLBEmZEOHrgBOyDrYOjO2iHNfpl_cP3gfV8kUOWFG-leEB80dn1b5uAz5vGFWq7Dy_c_ownq5FLF3YlnoMk1n1K7yKkMhNbEvXmPpd0xgv8g8x69ntP3pds0gHtSovUnbSx-hcm2MHyZCVQLaNviCAjXnsu3in0&v=3&e=1556500176&t=SdFHa60Oat9NM19HrSW2B81Yrik
2019-04-28 14:10:42.720 T:3474797360 DEBUG: CVideoPlayerVideo::OutputPicture - ttd:-10339ms pts:52.094 Clock:62.433 Level:0 elapsed:0.006ms
2019-04-28 14:10:42.724 T:3474797360 DEBUG: CVideoPlayerVideo::OutputPicture - ttd:-10362ms pts:52.135 Clock:62.498 Level:0 elapsed:0.007ms
2019-04-28 14:10:42.728 T:3517969200 DEBUG: AddOnLog: InputStream Adaptive: Download http://195.8.12.225/?o=AQHsvJl_EOvSE5TTC4bMd_jEHeSPEPWYqOh8RAVmbt7CBOuYT5VYlLBEmZEOHrgBOyDrYOjO2iHNfpl_cP3gfV8kUOWFG-leEB80dn1b5uAz5vGFWq7Dy_c_ownq5FLF3YlnoMExiAug9_IOqu7r923d64Q4l_0p8QG4lpahucIynSgXubBiaTx6l968bmXFGF43MryiAkvD1dD5j3u_hQ&v=3&e=1556500176&t=XBn9CDz3os3jL_GEmnZeF6gNB3c finished, avg speed: 7400046.11byte/s, current speed: 8251968.00byte/s
2019-04-28 14:10:42.742 T:3474797360 DEBUG: CVideoPlayerVideo::OutputPicture - ttd:-10596ms pts:52.177 Clock:62.774 Level:0 elapsed:0.007ms
2019-04-28 14:10:42.743 T:3466404656 DEBUG: AddOnLog: InputStream Adaptive: Download http://195.8.12.225/?o=AQHsvJl_EOvSE5TTC4bNd__NFO-JEPWYqP98RAVmbt7CBOuYT5VYlLBEmZEOHrgBOyDrYOjO2iHNfpl_cP3gfV8kUOWFG-leEB80dn1b5uAz5vGFWq7Dy_c_ownq5FLF3YlnoMk1n1K7yKkMhNbEvXmPpd0xgv8g8x69ntP3pds0gHtSovUnbSx-hcm2MHyZCVQLaNviCAjXnsu3in0&v=3&e=1556500176&t=SdFHa60Oat9NM19HrSW2B81Yrik finished, avg speed: 7244493.49byte/s, current speed: 860000.00byte/s
2019-04-28 14:10:42.744 T:3552891696 INFO: AddOnLog: InputStream Adaptive: seekTime(64.1) for Stream:6 continues at 87.0
2019-04-28 14:10:42.744 T:3552891696 DEBUG: CVideoPlayer::FlushBuffers - flushing buffers
2019-04-28 14:10:42.745 T:3552891696 DEBUG: CVideoPlayer::ProcessVideoData size:59122 dts:64.064 pts:64.106 dur:41.708ms, clock:63.606 level:97
2019-04-28 14:10:42.746 T:3458011952 DEBUG: CDVDAudio::Flush - flush audio stream
2019-04-28 14:10:42.748 T:3474797360 DEBUG: CVideoPlayerVideo::OutputPicture - ttd:-11440ms pts:52.219 Clock:63.659 Level:0 elapsed:0.007ms
2019-04-28 14:10:42.748 T:3474797360 DEBUG: CAddonVideoCodec: Reset
2019-04-28 14:10:42.967 T:3552891696 INFO: AddOnLog: InputStream Adaptive: PosTime (67997)
2019-04-28 14:10:42.968 T:3517969200 DEBUG: CurlFile::ParseAndCorrectUrl() adding custom header option 'Range: bytes=9986270-10275167'
2019-04-28 14:10:42.968 T:3517969200 DEBUG: CurlFile::ParseAndCorrectUrl() adding custom header option 'connection: keep-alive'
2019-04-28 14:10:42.968 T:3517969200 DEBUG: CurlFile::Open(0xe51b2488) http://195.8.12.225/?o=AQHsvJl_EOvSE5TTC4bMd_jEHeSPEPWYqOh8RAVmbt7CBOuYT5VYlLBEmZEOHrgBOyDrYOjO2iHNfpl_cP3gfV8kUOWFG-leEB80dn1b5uAz5vGFWq7Dy_c_ownq5FLF3YlnoMExiAug9_IOqu7r923d64Q4l_0p8QG4lpahucIynSgXubBiaTx6l968bmXFGF43MryiAkvD1dD5j3u_hQ&v=3&e=1556500176&t=XBn9CDz3os3jL_GEmnZeF6gNB3c
2019-04-28 14:10:43.020 T:3552891696 INFO: AddOnLog: InputStream Adaptive: seekTime(68.0) for Stream:1 continues at 68.1
2019-04-28 14:10:43.021 T:3466404656 DEBUG: CurlFile::ParseAndCorrectUrl() adding custom header option 'Range: bytes=959678-984606'
2019-04-28 14:10:43.021 T:3466404656 DEBUG: CurlFile::ParseAndCorrectUrl() adding custom header option 'connection: keep-alive'
2019-04-28 14:10:43.021 T:3466404656 DEBUG: CurlFile::Open(0xe5b4dd78) http://195.8.12.225/?o=AQHsvJl_EOvSE5TTC4bNd__NFO-JEPWYqP98RAVmbt7CBOuYT5VYlLBEmZEOHrgBOyDrYOjO2iHNfpl_cP3gfV8kUOWFG-leEB80dn1b5uAz5vGFWq7Dy_c_ownq5FLF3YlnoMk1n1K7yKkMhNbEvXmPpd0xgv8g8x69ntP3pds0gHtSovUnbSx-hcm2MHyZCVQLaNviCAjXnsu3in0&v=3&e=1556500176&t=SdFHa60Oat9NM19HrSW2B81Yrik
2019-04-28 14:10:43.037 T:3466404656 DEBUG: AddOnLog: InputStream Adaptive: Download http://195.8.12.225/?o=AQHsvJl_EOvSE5TTC4bNd__NFO-JEPWYqP98RAVmbt7CBOuYT5VYlLBEmZEOHrgBOyDrYOjO2iHNfpl_cP3gfV8kUOWFG-leEB80dn1b5uAz5vGFWq7Dy_c_ownq5FLF3YlnoMk1n1K7yKkMhNbEvXmPpd0xgv8g8x69ntP3pds0gHtSovUnbSx-hcm2MHyZCVQLaNviCAjXnsu3in0&v=3&e=1556500176&t=SdFHa60Oat9NM19HrSW2B81Yrik finished, avg speed: 7111772.87byte/s, current speed: 1661933.00byte/s
2019-04-28 14:10:43.037 T:3552891696 INFO: AddOnLog: InputStream Adaptive: seekTime(68.1) for Stream:6 continues at 87.0
2019-04-28 14:10:43.037 T:3552891696 DEBUG: CVideoPlayer::FlushBuffers - flushing buffers
2019-04-28 14:10:43.039 T:3458011952 DEBUG: CDVDAudio::Flush - flush audio stream
2019-04-28 14:10:43.042 T:3517969200 DEBUG: AddOnLog: InputStream Adaptive: Download http://195.8.12.225/?o=AQHsvJl_EOvSE5TTC4bMd_jEHeSPEPWYqOh8RAVmbt7CBOuYT5VYlLBEmZEOHrgBOyDrYOjO2iHNfpl_cP3gfV8kUOWFG-leEB80dn1b5uAz5vGFWq7Dy_c_ownq5FLF3YlnoMExiAug9_IOqu7r923d64Q4l_0p8QG4lpahucIynSgXubBiaTx6l968bmXFGF43MryiAkvD1dD5j3u_hQ&v=3&e=1556500176&t=XBn9CDz3os3jL_GEmnZeF6gNB3c finished, avg speed: 6242726.29byte/s, current speed: 3957506.00byte/s
2019-04-28 14:10:43.049 T:3785339696 DEBUG: [plugin.video.netflix (0)] Executing JSON-RPC: {"params": {"playerid": 1, "properties": ["audiostreams", "currentaudiostream", "subtitles", "currentsubtitle", "subtitleenabled", "percentage", "time"]}, "jsonrpc": "2.0", "method": "Player.GetProperties", "id": 1}
2019-04-28 14:10:43.051 T:3785339696 DEBUG: [plugin.video.netflix (0)] Notifying all managers of on_tick (data={u'currentaudiostream': {u'index': 0, u'name': u'AAC ', u'language': u'eng', u'channels': 2, u'codec': u'aac', u'bitrate': 98304}, u'elapsed_seconds': 68, u'time': {u'hours': 0, u'seconds': 8, u'minutes': 1, u'milliseconds': 286}, u'subtitleenabled': True, u'percentage': 1.3292973041534424, u'currentsubtitle': {u'index': 0, u'name': u'', u'language': u'eng'}, u'audiostreams': [{u'index': 0, u'name': u'AAC ', u'language': u'eng', u'channels': 2, u'codec': u'aac', u'bitrate': 98304}, {u'index': 1, u'name': u'AAC ', u'language': u'spa', u'channels': 2, u'codec': u'aac', u'bitrate': 98304}, {u'index': 2, u'name': u'AAC ', u'language': u'fre', u'channels': 2, u'codec': u'aac', u'bitrate': 98304}, {u'index': 3, u'name': u'AAC ', u'language': u'por', u'channels': 2, u'codec': u'aac', u'bitrate': 98304}], u'subtitles': [{u'index': 0, u'name': u'', u'language': u'eng'}, {u'index': 1, u'name': u'', u'language': u'spa'}, {u'index': 2, u'name': u'', u'language': u'spa'}, {u'index': 3, u'name': u'', u'language': u'fre'}, {u'index': 4, u'name': u'', u'language': u'fre'}, {u'index': 5, u'name': u'', u'language': u'por'}]})
2019-04-28 14:10:43.335 T:3576222512 DEBUG: CWebServer[8080]: request received for /jsonrpc
2019-04-28 14:10:43.440 T:3552891696 DEBUG: Previous line repeats 4 times.
2019-04-28 14:10:43.440 T:3552891696 DEBUG: CDVDClock::SetSpeedAdjust - adjusted:0.000000
2019-04-28 14:10:43.440 T:3552891696 INFO: AddOnLog: InputStream Adaptive: PosTime (873000)
2019-04-28 14:10:43.441 T:3517969200 DEBUG: CurlFile::ParseAndCorrectUrl() adding custom header option 'Range: bytes=132347987-132789975'
2019-04-28 14:10:43.442 T:3517969200 DEBUG: CurlFile::ParseAndCorrectUrl() adding custom header option 'connection: keep-alive'
2019-04-28 14:10:43.442 T:3517969200 DEBUG: CurlFile::Open(0xe51990d0) http://195.8.12.225/?o=AQHsvJl_EOvSE5TTC4bMd_jEHeSPEPWYqOh8RAVmbt7CBOuYT5VYlLBEmZEOHrgBOyDrYOjO2iHNfpl_cP3gfV8kUOWFG-leEB80dn1b5uAz5vGFWq7Dy_c_ownq5FLF3YlnoMExiAug9_IOqu7r923d64Q4l_0p8QG4lpahucIynSgXubBiaTx6l968bmXFGF43MryiAkvD1dD5j3u_hQ&v=3&e=1556500176&t=XBn9CDz3os3jL_GEmnZeF6gNB3c
2019-04-28 14:10:43.442 T:3458011952 DEBUG: CDVDAudio::Pause - pausing audio stream
2019-04-28 14:10:43.470 T:3552891696 INFO: AddOnLog: InputStream Adaptive: seekTime(873.0) for Stream:1 continues at 874.9
2019-04-28 14:10:43.471 T:3466404656 DEBUG: CurlFile::ParseAndCorrectUrl() adding custom header option 'Range: bytes=10989918-11014831'
2019-04-28 14:10:43.471 T:3466404656 DEBUG: CurlFile::ParseAndCorrectUrl() adding custom header option 'connection: keep-alive'
2019-04-28 14:10:43.471 T:3466404656 DEBUG: CurlFile::Open(0xe5bafbc0) http://195.8.12.225/?o=AQHsvJl_EOvSE5TTC4bNd__NFO-JEPWYqP98RAVmbt7CBOuYT5VYlLBEmZEOHrgBOyDrYOjO2iHNfpl_cP3gfV8kUOWFG-leEB80dn1b5uAz5vGFWq7Dy_c_ownq5FLF3YlnoMk1n1K7yKkMhNbEvXmPpd0xgv8g8x69ntP3pds0gHtSovUnbSx-hcm2MHyZCVQLaNviCAjXnsu3in0&v=3&e=1556500176&t=SdFHa60Oat9NM19HrSW2B81Yrik
2019-04-28 14:10:43.489 T:3466404656 DEBUG: AddOnLog: InputStream Adaptive: Download http://195.8.12.225/?o=AQHsvJl_EOvSE5TTC4bNd__NFO-JEPWYqP98RAVmbt7CBOuYT5VYlLBEmZEOHrgBOyDrYOjO2iHNfpl_cP3gfV8kUOWFG-leEB80dn1b5uAz5vGFWq7Dy_c_ownq5FLF3YlnoMk1n1K7yKkMhNbEvXmPpd0xgv8g8x69ntP3pds0gHtSovUnbSx-hcm2MHyZCVQLaNviCAjXnsu3in0&v=3&e=1556500176&t=SdFHa60Oat9NM19HrSW2B81Yrik finished, avg speed: 6129220.84byte/s, current speed: 1465529.00byte/s
2019-04-28 14:10:43.490 T:3552891696 INFO: AddOnLog: InputStream Adaptive: seekTime(874.9) for Stream:6 continues at 873.8
2019-04-28 14:10:43.490 T:3552891696 DEBUG: CVideoPlayer::FlushBuffers - flushing buffers
2019-04-28 14:10:43.490 T:3458011952 DEBUG: CDVDAudio::Flush - flush audio stream
2019-04-28 14:10:43.490 T:3552891696 DEBUG: CVideoPlayer - CDVDMsg::GENERAL_SYNCHRONIZE
2019-04-28 14:10:43.490 T:3458011952 DEBUG: CDVDAudio::Pause - pausing audio stream
2019-04-28 14:10:43.490 T:3552891696 DEBUG: CDVDClock::SetSpeedAdjust - adjusted:0.000000
2019-04-28 14:10:43.490 T:3458011952 DEBUG: CDVDAudio::Pause - pausing audio stream
2019-04-28 14:10:43.507 T:4089770800 DEBUG: CAnnouncementManager - Announcement: OnSeek from xbmc
2019-04-28 14:10:43.508 T:4089770800 DEBUG: GOT ANNOUNCEMENT, type: 1, from xbmc, message OnSeek
2019-04-28 14:10:43.516 T:3517969200 DEBUG: AddOnLog: InputStream Adaptive: Download http://195.8.12.225/?o=AQHsvJl_EOvSE5TTC4bMd_jEHeSPEPWYqOh8RAVmbt7CBOuYT5VYlLBEmZEOHrgBOyDrYOjO2iHNfpl_cP3gfV8kUOWFG-leEB80dn1b5uAz5vGFWq7Dy_c_ownq5FLF3YlnoMExiAug9_IOqu7r923d64Q4l_0p8QG4lpahucIynSgXubBiaTx6l968bmXFGF43MryiAkvD1dD5j3u_hQ&v=3&e=1556500176&t=XBn9CDz3os3jL_GEmnZeF6gNB3c finished, avg speed: 6097785.27byte/s, current speed: 6054643.00byte/s
2019-04-28 14:10:44.001 T:3474797360 DEBUG: CAddonVideoCodec: Reset
2019-04-28 14:10:44.004 T:3552891696 DEBUG: CVideoPlayer::ProcessVideoData size:25993 dts:874.874 pts:874.916 dur:41.708ms, clock:874.416 level:0
2019-04-28 14:10:44.005 T:3552891696 DEBUG: CVideoPlayer::ProcessVideoData size:4395 dts:874.916 pts:874.999 dur:41.708ms, clock:874.421 level:0
2019-04-28 14:10:44.005 T:3552891696 DEBUG: CVideoPlayer::ProcessVideoData size:2189 dts:874.957 pts:874.957 dur:41.708ms, clock:874.423 level:1
2019-04-28 14:10:44.005 T:3552891696 DEBUG: CVideoPlayer::ProcessVideoData size:19189 dts:874.999 pts:875.083 dur:41.708ms, clock:874.425 level:2
2019-04-28 14:10:44.005 T:3552891696 DEBUG: CVideoPlayer::ProcessVideoData size:4421 dts:875.041 pts:875.041 dur:41.708ms, clock:874.428 level:2
2019-04-28 14:10:44.005 T:3552891696 DEBUG: CVideoPlayer::ProcessVideoData size:11028 dts:875.083 pts:875.166 dur:41.708ms, clock:874.429 level:3
2019-04-28 14:10:44.005 T:3552891696 DEBUG: CVideoPlayer::ProcessVideoData size:4729 dts:875.124 pts:875.124 dur:41.708ms, clock:874.431 level:3
2019-04-28 14:10:44.005 T:3552891696 DEBUG: CVideoPlayer::ProcessVideoData size:11490 dts:875.166 pts:875.249 dur:41.708ms, clock:874.433 level:4
2019-04-28 14:10:44.006 T:3552891696 DEBUG: CVideoPlayer::ProcessVideoData size:4884 dts:875.208 pts:875.208 dur:41.708ms, clock:874.435 level:4
2019-04-28 14:10:44.006 T:3552891696 DEBUG: CVideoPlayer::ProcessVideoData size:12214 dts:875.249 pts:875.333 dur:41.708ms, clock:874.437 level:5
2019-04-28 14:10:44.006 T:3552891696 DEBUG: CVideoPlayer::ProcessVideoData size:5897 dts:875.291 pts:875.291 dur:41.708ms, clock:874.440 level:5
2019-04-28 14:10:44.006 T:3552891696 DEBUG: CVideoPlayer::ProcessVideoData size:12135 dts:875.333 pts:875.416 dur:41.708ms, clock:874.443 level:6
2019-04-28 14:10:44.006 T:3552891696 DEBUG: CVideoPlayer::ProcessVideoData size:6079 dts:875.375 pts:875.375 dur:41.708ms, clock:874.447 level:6
2019-04-28 14:10:44.006 T:3552891696 DEBUG: CVideoPlayer::ProcessVideoData size:12778 dts:875.416 pts:875.500 dur:41.708ms, clock:874.449 level:7
2019-04-28 14:10:44.007 T:3552891696 DEBUG: CVideoPlayer::ProcessVideoData size:5586 dts:875.458 pts:875.458 dur:41.708ms, clock:874.451 level:7
2019-04-28 14:10:44.007 T:3552891696 DEBUG: CVideoPlayer::ProcessVideoData size:13294 dts:875.500 pts:875.583 dur:41.708ms, clock:874.453 level:8
2019-04-28 14:10:44.007 T:3552891696 DEBUG: CVideoPlayer::ProcessVideoData size:5727 dts:875.541 pts:875.541 dur:41.708ms, clock:874.456 level:8
2019-04-28 14:10:44.007 T:3552891696 DEBUG: CVideoPlayer::ProcessVideoData size:12979 dts:875.583 pts:875.666 dur:41.708ms, clock:874.458 level:9
2019-04-28 14:10:44.007 T:3552891696 DEBUG: CVideoPlayer::ProcessVideoData size:5591 dts:875.625 pts:875.625 dur:41.708ms, clock:874.460 level:9
2019-04-28 14:10:44.007 T:3552891696 DEBUG: CVideoPlayer::ProcessVideoData size:11900 dts:875.666 pts:875.750 dur:41.708ms, clock:874.462 level:10
2019-04-28 14:10:44.007 T:3552891696 DEBUG: CVideoPlayer::ProcessVideoData size:5874 dts:875.708 pts:875.708 dur:41.708ms, clock:874.464 level:10
2019-04-28 14:10:44.007 T:3552891696 DEBUG: CVideoPlayer::ProcessVideoData size:12215 dts:875.750 pts:875.833 dur:41.708ms, clock:874.466 level:11
2019-04-28 14:10:44.008 T:3552891696 DEBUG: CVideoPlayer::ProcessVideoData size:5711 dts:875.792 pts:875.792 dur:41.708ms, clock:874.468 level:11
2019-04-28 14:10:44.008 T:3552891696 DEBUG: CVideoPlayer::ProcessVideoData size:12559 dts:875.833 pts:875.958 dur:41.708ms, clock:874.470 level:12
2019-04-28 14:10:44.008 T:3552891696 DEBUG: CVideoPlayer::ProcessVideoData size:6347 dts:875.875 pts:875.875 dur:41.708ms, clock:874.473 level:12
2019-04-28 14:10:44.008 T:3552891696 DEBUG: CVideoPlayer::ProcessVideoData size:6368 dts:875.917 pts:875.917 dur:41.708ms, clock:874.475 level:13
2019-04-28 14:10:44.008 T:3552891696 DEBUG: CVideoPlayer::ProcessVideoData size:12214 dts:875.958 pts:876.042 dur:41.708ms, clock:874.478 level:14
2019-04-28 14:10:44.008 T:3552891696 DEBUG: CVideoPlayer::ProcessVideoData size:5605 dts:876.000 pts:876.000 dur:41.708ms, clock:874.480 level:14
2019-04-28 14:10:44.008 T:3552891696 DEBUG: CVideoPlayer::ProcessVideoData size:12404 dts:876.042 pts:876.125 dur:41.708ms, clock:874.482 level:15
2019-04-28 14:10:44.009 T:3552891696 DEBUG: CVideoPlayer::ProcessVideoData size:5928 dts:876.084 pts:876.084 dur:41.708ms, clock:874.488 level:15
2019-04-28 14:10:44.009 T:3552891696 DEBUG: CVideoPlayer::ProcessVideoData size:12696 dts:876.125 pts:876.209 dur:41.708ms, clock:874.491 level:16
2019-04-28 14:10:44.009 T:3552891696 DEBUG: CVideoPlayer::ProcessVideoData size:6082 dts:876.167 pts:876.167 dur:41.708ms, clock:874.493 level:16
2019-04-28 14:10:44.009 T:3552891696 DEBUG: CVideoPlayer::ProcessVideoData size:13519 dts:876.209 pts:876.292 dur:41.708ms, clock:874.495 level:17
2019-04-28 14:10:44.009 T:3552891696 DEBUG: CVideoPlayer::ProcessVideoData size:6075 dts:876.250 pts:876.250 dur:41.708ms, clock:874.497 level:17
2019-04-28 14:10:44.010 T:3552891696 DEBUG: CVideoPlayer::ProcessVideoData size:12833 dts:876.292 pts:876.417 dur:41.708ms, clock:874.499 level:18
2019-04-28 14:10:44.010 T:3552891696 DEBUG: CVideoPlayer::ProcessVideoData size:6786 dts:876.334 pts:876.334 dur:41.708ms, clock:874.501 level:18
2019-04-28 14:10:44.010 T:3552891696 DEBUG: CVideoPlayer::ProcessVideoData size:6757 dts:876.375 pts:876.375 dur:41.708ms, clock:874.503 level:19
2019-04-28 14:10:44.010 T:3552891696 DEBUG: CVideoPlayer::ProcessVideoData size:11693 dts:876.417 pts:876.501 dur:41.708ms, clock:874.505 level:19
2019-04-28 14:10:44.010 T:3552891696 DEBUG: CVideoPlayer::ProcessVideoData size:5933 dts:876.459 pts:876.459 dur:41.708ms, clock:874.507 level:20
2019-04-28 14:10:44.010 T:3552891696 DEBUG: CVideoPlayer::ProcessVideoData size:12039 dts:876.501 pts:876.584 dur:41.708ms, clock:874.509 level:20
2019-04-28 14:10:44.010 T:3552891696 DEBUG: CVideoPlayer::ProcessVideoData size:5885 dts:876.542 pts:876.542 dur:41.708ms, clock:874.512 level:21
2019-04-28 14:10:44.010 T:3552891696 DEBUG: CVideoPlayer::ProcessVideoData size:13174 dts:876.584 pts:876.667 dur:41.708ms, clock:874.514 level:21
2019-04-28 14:10:44.011 T:3552891696 DEBUG: CVideoPlayer::ProcessVideoData size:5561 dts:876.626 pts:876.626 dur:41.708ms, clock:874.516 level:22
2019-04-28 14:10:44.011 T:3552891696 DEBUG: CVideoPlayer::ProcessVideoData size:12072 dts:876.667 pts:876.751 dur:41.708ms, clock:874.518 level:22
2019-04-28 14:10:44.011 T:3552891696 DEBUG: CVideoPlayer::ProcessVideoData size:5054 dts:876.709 pts:876.709 dur:41.708ms, clock:874.520 level:23
2019-04-28 14:10:44.011 T:3552891696 DEBUG: CVideoPlayer::ProcessVideoData size:12296 dts:876.751 pts:876.834 dur:41.708ms, clock:874.522 level:23
2019-04-28 14:10:44.011 T:3552891696 DEBUG: CVideoPlayer::ProcessVideoData size:5734 dts:876.793 pts:876.793 dur:41.708ms, clock:874.524 level:24
2019-04-28 14:10:44.012 T:3517969200 DEBUG: CurlFile::ParseAndCorrectUrl() adding custom header option 'Range: bytes=132789976-133068073'
2019-04-28 14:10:44.012 T:3517969200 DEBUG: CurlFile::ParseAndCorrectUrl() adding custom header option 'connection: keep-alive'
2019-04-28 14:10:44.012 T:3517969200 DEBUG: CurlFile::Open(0xe5167818) http://195.8.12.225/?o=AQHsvJl_EOvSE5TTC4bMd_jEHeSPEPWYqOh8RAVmbt7CBOuYT5VYlLBEmZEOHrgBOyDrYOjO2iHNfpl_cP3gfV8kUOWFG-leEB80dn1b5uAz5vGFWq7Dy_c_ownq5FLF3YlnoMExiAug9_IOqu7r923d64Q4l_0p8QG4lpahucIynSgXubBiaTx6l968bmXFGF43MryiAkvD1dD5j3u_hQ&v=3&e=1556500176&t=XBn9CDz3os3jL_GEmnZeF6gNB3c
2019-04-28 14:10:44.023 T:3552891696 DEBUG: CVideoPlayer::ProcessVideoData size:8204 dts:876.834 pts:876.876 dur:41.708ms, clock:874.721 level:24
2019-04-28 14:10:44.026 T:3552891696 DEBUG: CVideoPlayer::ProcessVideoData size:21589 dts:876.876 pts:876.918 dur:41.708ms, clock:874.763 level:25
2019-04-28 14:10:44.026 T:3552891696 DEBUG: CVideoPlayer::ProcessVideoData size:12095 dts:876.918 pts:877.001 dur:41.708ms, clock:874.768 level:26
2019-04-28 14:10:44.026 T:3552891696 DEBUG: CVideoPlayer::ProcessVideoData size:5024 dts:876.959 pts:876.959 dur:41.708ms, clock:874.770 level:26
2019-04-28 14:10:44.027 T:3552891696 DEBUG: CVideoPlayer::ProcessVideoData size:11273 dts:877.001 pts:877.126 dur:41.708ms, clock:874.772 level:27
2019-04-28 14:10:44.027 T:3552891696 DEBUG: CVideoPlayer::ProcessVideoData size:4937 dts:877.043 pts:877.043 dur:41.708ms, clock:874.775 level:27
2019-04-28 14:10:44.031 T:3552891696 DEBUG: CVideoPlayer::ProcessVideoData size:4692 dts:877.085 pts:877.085 dur:41.708ms, clock:874.842 level:28
2019-04-28 14:10:44.031 T:3552891696 DEBUG: CVideoPlayer::ProcessVideoData size:10435 dts:877.126 pts:877.210 dur:41.708ms, clock:874.848 level:28
2019-04-28 14:10:44.032 T:3552891696 DEBUG: CVideoPlayer::ProcessVideoData size:4538 dts:877.168 pts:877.168 dur:41.708ms, clock:874.853 level:29
2019-04-28 14:10:44.032 T:3552891696 DEBUG: CVideoPlayer::ProcessVideoData size:11207 dts:877.210 pts:877.293 dur:41.708ms, clock:874.858 level:29
2019-04-28 14:10:44.034 T:3552891696 DEBUG: CVideoPlayer::ProcessVideoData size:5150 dts:877.251 pts:877.251 dur:41.708ms, clock:874.889 level:30
2019-04-28 14:10:44.034 T:3552891696 DEBUG: CVideoPlayer::ProcessVideoData size:11777 dts:877.293 pts:877.376 dur:41.708ms, clock:874.894 level:30
2019-04-28 14:10:44.035 T:3552891696 DEBUG: CVideoPlayer::ProcessVideoData size:5551 dts:877.335 pts:877.335 dur:41.708ms, clock:874.900 level:31
2019-04-28 14:10:44.035 T:3552891696 DEBUG: CVideoPlayer::ProcessVideoData size:11331 dts:877.376 pts:877.460 dur:41.708ms, clock:874.904 level:31
2019-04-28 14:10:44.037 T:3552891696 DEBUG: CVideoPlayer::ProcessVideoData size:5965 dts:877.418 pts:877.418 dur:41.708ms, clock:874.936 level:32
2019-04-28 14:10:44.037 T:3552891696 DEBUG: CVideoPlayer::ProcessVideoData size:10676 dts:877.460 pts:877.543 dur:41.708ms, clock:874.941 level:32
2019-04-28 14:10:44.040 T:3552891696 DEBUG: CVideoPlayer::ProcessVideoData size:6203 dts:877.502 pts:877.502 dur:41.708ms, clock:874.982 level:33
2019-04-28 14:10:44.040 T:3552891696 DEBUG: CVideoPlayer::ProcessVideoData size:21688 dts:877.543 pts:877.585 dur:41.708ms, clock:874.988 level:33
2019-04-28 14:10:44.040 T:3552891696 DEBUG: CVideoPlayer::ProcessVideoData size:6981 dts:877.585 pts:877.710 dur:41.708ms, clock:874.992 level:34
2019-04-28 14:10:44.040 T:3552891696 DEBUG: CVideoPlayer::ProcessVideoData size:612 dts:877.627 pts:877.627 dur:41.708ms, clock:874.994 level:34
2019-04-28 14:10:44.041 T:3552891696 DEBUG: CVideoPlayer::ProcessVideoData size:472 dts:877.668 pts:877.668 dur:41.708ms, clock:874.996 level:35
2019-04-28 14:10:44.041 T:3552891696 DEBUG: CVideoPlayer::ProcessVideoData size:5482 dts:877.710 pts:877.794 dur:41.708ms, clock:874.999 level:35
2019-04-28 14:10:44.041 T:3552891696 DEBUG: CVideoPlayer::ProcessVideoData size:333 dts:877.752 pts:877.752 dur:41.708ms, clock:875.001 level:36
2019-04-28 14:10:44.041 T:3552891696 DEBUG: CVideoPlayer::ProcessVideoData size:5161 dts:877.794 pts:877.919 dur:41.708ms, clock:875.003 level:36
2019-04-28 14:10:44.041 T:3552891696 DEBUG: CVideoPlayer::ProcessVideoData size:1153 dts:877.835 pts:877.835 dur:41.708ms, clock:875.006 level:37
2019-04-28 14:10:44.041 T:3552891696 DEBUG: CVideoPlayer::ProcessVideoData size:1115 dts:877.877 pts:877.877 dur:41.708ms, clock:875.007 level:38
2019-04-28 14:10:44.041 T:3552891696 DEBUG: CVideoPlayer::ProcessVideoData size:3966 dts:877.919 pts:878.044 dur:41.708ms, clock:875.009 level:38
2019-04-28 14:10:44.042 T:3552891696 DEBUG: CVideoPlayer::ProcessVideoData size:365 dts:877.960 pts:877.960 dur:41.708ms, clock:875.011 level:39
2019-04-28 14:10:44.042 T:3552891696 DEBUG: CVideoPlayer::ProcessVideoData size:464 dts:878.002 pts:878.002 dur:41.708ms, clock:875.020 level:39
2019-04-28 14:10:44.042 T:3552891696 DEBUG: CVideoPlayer::ProcessVideoData size:5314 dts:878.044 pts:878.086 dur:41.708ms, clock:875.024 level:40
2019-04-28 14:10:44.043 T:3552891696 DEBUG: CVideoPlayer::ProcessVideoData size:7106 dts:878.086 pts:878.211 dur:41.708ms, clock:875.027 level:40
2019-04-28 14:10:44.043 T:3552891696 DEBUG: CVideoPlayer::ProcessVideoData size:481 dts:878.127 pts:878.127 dur:41.708ms, clock:875.029 level:41
2019-04-28 14:10:44.043 T:3552891696 DEBUG: CVideoPlayer::ProcessVideoData size:402 dts:878.169 pts:878.169 dur:41.708ms, clock:875.032 level:41
2019-04-28 14:10:44.043 T:3552891696 DEBUG: CVideoPlayer::ProcessVideoData size:5434 dts:878.211 pts:878.336 dur:41.708ms, clock:875.034 level:42
2019-04-28 14:10:44.043 T:3552891696 DEBUG: CVideoPlayer::ProcessVideoData size:798 dts:878.252 pts:878.252 dur:41.708ms, clock:875.036 level:42
2019-04-28 14:10:44.043 T:3552891696 DEBUG: CVideoPlayer::ProcessVideoData size:787 dts:878.294 pts:878.294 dur:41.708ms, clock:875.039 level:43
2019-04-28 14:10:44.043 T:3552891696 DEBUG: CVideoPlayer::ProcessVideoData size:6240 dts:878.336 pts:878.419 dur:41.708ms, clock:875.041 level:43
2019-04-28 14:10:44.044 T:3552891696 DEBUG: CVideoPlayer::ProcessVideoData size:428 dts:878.378 pts:878.378 dur:41.708ms, clock:875.043 level:44
2019-04-28 14:10:44.044 T:3552891696 DEBUG: CVideoPlayer::ProcessVideoData size:4267 dts:878.419 pts:878.544 dur:41.708ms, clock:875.045 level:44
2019-04-28 14:10:44.044 T:3552891696 DEBUG: CVideoPlayer::ProcessVideoData size:540 dts:878.461 pts:878.461 dur:41.708ms, clock:875.047 level:45
2019-04-28 14:10:44.044 T:3552891696 DEBUG: CVideoPlayer::ProcessVideoData size:440 dts:878.503 pts:878.503 dur:41.708ms, clock:875.049 level:45
2019-04-28 14:10:44.044 T:3552891696 DEBUG: CVideoPlayer::ProcessVideoData size:1622 dts:878.544 pts:878.669 dur:41.708ms, clock:875.051 level:46
2019-04-28 14:10:44.044 T:3552891696 DEBUG: CVideoPlayer::ProcessVideoData size:539 dts:878.586 pts:878.586 dur:41.708ms, clock:875.052 level:46
2019-04-28 14:10:44.044 T:3552891696 DEBUG: CVideoPlayer::ProcessVideoData size:473 dts:878.628 pts:878.628 dur:41.708ms, clock:875.054 level:47
2019-04-28 14:10:44.044 T:3552891696 DEBUG: CVideoPlayer::ProcessVideoData size:1021 dts:878.669 pts:878.795 dur:41.708ms, clock:875.056 level:47
2019-04-28 14:10:44.044 T:3552891696 DEBUG: CVideoPlayer::ProcessVideoData size:510 dts:878.711 pts:878.711 dur:41.708ms, clock:875.057 level:48
2019-04-28 14:10:44.046 T:3517969200 DEBUG: AddOnLog: InputStream Adaptive: Download http://195.8.12.225/?o=AQHsvJl_EOvSE5TTC4bMd_jEHeSPEPWYqOh8RAVmbt7CBOuYT5VYlLBEmZEOHrgBOyDrYOjO2iHNfpl_cP3gfV8kUOWFG-leEB80dn1b5uAz5vGFWq7Dy_c_ownq5FLF3YlnoMExiAug9_IOqu7r923d64Q4l_0p8QG4lpahucIynSgXubBiaTx6l968bmXFGF43MryiAkvD1dD5j3u_hQ&v=3&e=1556500176&t=XBn9CDz3os3jL_GEmnZeF6gNB3c finished, avg speed: 6715583.99byte/s, current speed: 8427212.00byte/s
2019-04-28 14:10:44.046 T:3552891696 DEBUG: CVideoPlayer::ProcessVideoData size:395 dts:878.753 pts:878.753 dur:41.708ms, clock:875.087 level:48
2019-04-28 14:10:44.047 T:3552891696 DEBUG: CVideoPlayer::ProcessVideoData size:48119 dts:878.795 pts:878.878 dur:41.708ms, clock:875.093 level:49
2019-04-28 14:10:44.048 T:3517969200 DEBUG: CurlFile::ParseAndCorrectUrl() adding custom header option 'Range: bytes=133068074-133381258'
2019-04-28 14:10:44.048 T:3517969200 DEBUG: CurlFile::ParseAndCorrectUrl() adding custom header option 'connection: keep-alive'
2019-04-28 14:10:44.048 T:3517969200 DEBUG: CurlFile::Open(0xe51ba848) http://195.8.12.225/?o=AQHsvJl_EOvSE5TTC4bMd_jEHeSPEPWYqOh8RAVmbt7CBOuYT5VYlLBEmZEOHrgBOyDrYOjO2iHNfpl_cP3gfV8kUOWFG-leEB80dn1b5uAz5vGFWq7Dy_c_ownq5FLF3YlnoMExiAug9_IOqu7r923d64Q4l_0p8QG4lpahucIynSgXubBiaTx6l968bmXFGF43MryiAkvD1dD5j3u_hQ&v=3&e=1556500176&t=XBn9CDz3os3jL_GEmnZeF6gNB3c
2019-04-28 14:10:44.052 T:3785339696 DEBUG: [plugin.video.netflix (0)] Executing JSON-RPC: {"params": {"playerid": 1, "properties": ["audiostreams", "currentaudiostream", "subtitles", "currentsubtitle", "subtitleenabled", "percentage", "time"]}, "jsonrpc": "2.0", "method": "Player.GetProperties", "id": 1}
2019-04-28 14:10:44.055 T:3785339696 DEBUG: [plugin.video.netflix (0)] Notifying all managers of on_tick (data={u'currentaudiostream': {u'index': 0, u'name': u'AAC ', u'language': u'eng', u'channels': 2, u'codec': u'aac', u'bitrate': 98304}, u'elapsed_seconds': -727, u'time': {u'hours': 0, u'seconds': -7, u'minutes': -12, u'milliseconds': -750}, u'subtitleenabled': True, u'percentage': 0.0, u'currentsubtitle': {u'index': 0, u'name': u'', u'language': u'eng'}, u'audiostreams': [{u'index': 0, u'name': u'AAC ', u'language': u'eng', u'channels': 2, u'codec': u'aac', u'bitrate': 98304}, {u'index': 1, u'name': u'AAC ', u'language': u'spa', u'channels': 2, u'codec': u'aac', u'bitrate': 98304}, {u'index': 2, u'name': u'AAC ', u'language': u'fre', u'channels': 2, u'codec': u'aac', u'bitrate': 98304}, {u'index': 3, u'name': u'AAC ', u'language': u'por', u'channels': 2, u'codec': u'aac', u'bitrate': 98304}], u'subtitles': [{u'index': 0, u'name': u'', u'language': u'eng'}, {u'index': 1, u'name': u'', u'language': u'spa'}, {u'index': 2, u'name': u'', u'language': u'spa'}, {u'index': 3, u'name': u'', u'language': u'fre'}, {u'index': 4, u'name': u'', u'language': u'fre'}, {u'index': 5, u'name': u'', u'language': u'por'}]})
2019-04-28 14:10:44.062 T:3552891696 DEBUG: CVideoPlayer::ProcessVideoData size:1074 dts:878.836 pts:878.836 dur:41.708ms, clock:875.333 level:50
2019-04-28 14:10:44.064 T:3552891696 DEBUG: CVideoPlayer::ProcessVideoData size:63606 dts:878.878 pts:878.920 dur:41.708ms, clock:875.368 level:50
2019-04-28 14:10:44.064 T:3552891696 DEBUG: CVideoPlayer::ProcessVideoData size:5272 dts:878.920 pts:879.045 dur:41.708ms, clock:875.372 level:51
2019-04-28 14:10:44.064 T:3552891696 DEBUG: CVideoPlayer::ProcessVideoData size:882 dts:878.961 pts:878.961 dur:41.708ms, clock:875.374 level:51
2019-04-28 14:10:44.064 T:3552891696 DEBUG: CVideoPlayer::ProcessVideoData size:752 dts:879.003 pts:879.003 dur:41.708ms, clock:875.376 level:52
2019-04-28 14:10:44.065 T:3552891696 DEBUG: CVideoPlayer::ProcessVideoData size:4091 dts:879.045 pts:879.170 dur:41.708ms, clock:875.379 level:52
2019-04-28 14:10:44.065 T:3552891696 DEBUG: CVideoPlayer::ProcessVideoData size:383 dts:879.087 pts:879.087 dur:41.708ms, clock:875.380 level:53
2019-04-28 14:10:44.065 T:3552891696 DEBUG: CVideoPlayer::ProcessVideoData size:331 dts:879.128 pts:879.128 dur:41.708ms, clock:875.383 level:53
2019-04-28 14:10:44.065 T:3552891696 DEBUG: CVideoPlayer::ProcessVideoData size:4498 dts:879.170 pts:879.253 dur:41.708ms, clock:875.386 level:54
2019-04-28 14:10:44.065 T:3552891696 DEBUG: CVideoPlayer::ProcessVideoData size:397 dts:879.212 pts:879.212 dur:41.708ms, clock:875.388 level:54
2019-04-28 14:10:44.065 T:3552891696 DEBUG: CVideoPlayer::ProcessVideoData size:4001 dts:879.253 pts:879.337 dur:41.708ms, clock:875.391 level:55
2019-04-28 14:10:44.065 T:3552891696 DEBUG: CVideoPlayer::ProcessVideoData size:429 dts:879.295 pts:879.295 dur:41.708ms, clock:875.393 level:55
