2019-04-28 14:10:22.147 T:3474797360 DEBUG: CVideoPlayerVideo::OutputPicture - ttd:395ms pts:27.569 Clock:27.174 Level:6 elapsed:39.716ms
2019-04-28 14:10:22.158 T:3552891696 DEBUG: CVideoPlayer::ProcessVideoData size:14796 dts:35.869 pts:35.994 dur:41.708ms, clock:27.225 level:106
2019-04-28 14:10:22.158 T:3458011952 DEBUG: ffmpeg[CE1D1330]: [aac] Sample rate index in program config element does not match the sample rate index configured by the container.
2019-04-28 14:10:22.158 T:3458011952 DEBUG: ffmpeg[CE1D1330]: [aac] Too large remapped id is not implemented. Update your FFmpeg version to the newest one from Git. If the problem still occurs, it means that your file has a feature which has not been implemented.
2019-04-28 14:10:22.158 T:3458011952 DEBUG: ffmpeg[CE1D1330]: [aac] If you want to help, upload a sample of this file to ftp://upload.ffmpeg.org/incoming/ and contact the ffmpeg-devel mailing list. (ffmpeg-devel@ffmpeg.org)
2019-04-28 14:10:22.188 T:3474797360 DEBUG: CVideoPlayerVideo::OutputPicture - ttd:393ms pts:27.611 Clock:27.218 Level:6 elapsed:37.500ms
2019-04-28 14:10:22.199 T:3458011952 ERROR: ffmpeg[CE1D1330]: [aac] channel element 3.15 is not allocated
2019-04-28 14:10:22.199 T:3552891696 DEBUG: CVideoPlayer::ProcessVideoData size:1364 dts:35.911 pts:35.911 dur:41.708ms, clock:27.266 level:107
2019-04-28 14:10:22.230 T:3474797360 DEBUG: CVideoPlayerVideo::OutputPicture - ttd:395ms pts:27.653 Clock:27.257 Level:6 elapsed:39.500ms
2019-04-28 14:10:22.240 T:3458011952 ERROR: ffmpeg[CE1D1330]: [aac] Prediction is not allowed in AAC-LC.
2019-04-28 14:10:22.240 T:3552891696 DEBUG: CVideoPlayer::ProcessVideoData size:1361 dts:35.953 pts:35.953 dur:41.708ms, clock:27.307 level:106
2019-04-28 14:10:22.272 T:3474797360 DEBUG: CVideoPlayerVideo::OutputPicture - ttd:395ms pts:27.694 Clock:27.299 Level:6 elapsed:39.553ms
2019-04-28 14:10:22.281 T:3458011952 DEBUG: ffmpeg[CE1D1330]: [aac] Sample rate index in program config element does not match the sample rate index configured by the container.
2019-04-28 14:10:22.281 T:3458011952 ERROR: ffmpeg[CE1D1330]: [aac] Inconsistent channel configuration.
2019-04-28 14:10:22.281 T:3458011952 ERROR: ffmpeg[CE1D1330]: [aac] get_buffer() failed
2019-04-28 14:10:22.283 T:3517969200 DEBUG: CurlFile::ParseAndCorrectUrl() adding custom header option 'Range: bytes=5392252-5746831'
2019-04-28 14:10:22.283 T:3517969200 DEBUG: CurlFile::ParseAndCorrectUrl() adding custom header option 'connection: keep-alive'
2019-04-28 14:10:22.283 T:3517969200 DEBUG: CurlFile::Open(0xe5167818) http://195.8.12.225/?o=AQHsvJl_EOvSE5TTC4bMd_jEHeSPEPWYqOh8RAVmbt7CBOuYT5VYlLBEmZEOHrgBOyDrYOjO2iHNfpl_cP3gfV8kUOWFG-leEB80dn1b5uAz5vGFWq7Dy_c_ownq5FLF3YlnoMExiAug9_IOqu7r923d64Q4l_0p8QG4lpahucIynSgXubBiaTx6l968bmXFGF43MryiAkvD1dD5j3u_hQ&v=3&e=1556500176&t=XBn9CDz3os3jL_GEmnZeF6gNB3c
2019-04-28 14:10:22.301 T:3552891696 DEBUG: CVideoPlayer::ProcessVideoData size:1736 dts:35.994 pts:36.036 dur:41.708ms, clock:27.368 level:106
2019-04-28 14:10:22.314 T:3474797360 DEBUG: CVideoPlayerVideo::OutputPicture - ttd:380ms pts:27.736 Clock:27.355 Level:6 elapsed:25.539ms
2019-04-28 14:10:22.322 T:3466404656 DEBUG: CurlFile::ParseAndCorrectUrl() adding custom header option 'Range: bytes=561445-586458'
2019-04-28 14:10:22.322 T:3466404656 DEBUG: CurlFile::ParseAndCorrectUrl() adding custom header option 'connection: keep-alive'
2019-04-28 14:10:22.322 T:3466404656 DEBUG: CurlFile::Open(0xe5b14460) http://195.8.12.225/?o=AQHsvJl_EOvSE5TTC4bNd__NFO-JEPWYqP98RAVmbt7CBOuYT5VYlLBEmZEOHrgBOyDrYOjO2iHNfpl_cP3gfV8kUOWFG-leEB80dn1b5uAz5vGFWq7Dy_c_ownq5FLF3YlnoMk1n1K7yKkMhNbEvXmPpd0xgv8g8x69ntP3pds0gHtSovUnbSx-hcm2MHyZCVQLaNviCAjXnsu3in0&v=3&e=1556500176&t=SdFHa60Oat9NM19HrSW2B81Yrik
2019-04-28 14:10:22.336 T:3466404656 DEBUG: AddOnLog: InputStream Adaptive: Download http://195.8.12.225/?o=AQHsvJl_EOvSE5TTC4bNd__NFO-JEPWYqP98RAVmbt7CBOuYT5VYlLBEmZEOHrgBOyDrYOjO2iHNfpl_cP3gfV8kUOWFG-leEB80dn1b5uAz5vGFWq7Dy_c_ownq5FLF3YlnoMk1n1K7yKkMhNbEvXmPpd0xgv8g8x69ntP3pds0gHtSovUnbSx-hcm2MHyZCVQLaNviCAjXnsu3in0&v=3&e=1556500176&t=SdFHa60Oat9NM19HrSW2B81Yrik finished, avg speed: 7212720.86byte/s, current speed: 1924153.00byte/s
2019-04-28 14:10:22.336 T:3458011952 ERROR: ffmpeg[CE1D1330]: [aac] channel element 2.10 is not allocated
2019-04-28 14:10:22.337 T:3552891696 DEBUG: CVideoPlayer::ProcessVideoData size:69515 dts:36.036 pts:36.078 dur:41.708ms, clock:27.404 level:106
2019-04-28 14:10:22.355 T:3474797360 DEBUG: CVideoPlayerVideo::OutputPicture - ttd:392ms pts:27.778 Clock:27.386 Level:6 elapsed:36.449ms
2019-04-28 14:10:22.358 T:3458011952 ERROR: ffmpeg[CE1D1330]: [aac] channel element 2.10 is not allocated
2019-04-28 14:10:22.358 T:3458011952 ERROR: ffmpeg[CE1D1330]: [aac] Number of scalefactor bands in group (58) exceeds limit (47).
2019-04-28 14:10:22.358 T:3552891696 DEBUG: CVideoPlayer::ProcessVideoData size:16090 dts:36.078 pts:36.203 dur:41.708ms, clock:27.425 level:107
2019-04-28 14:10:22.369 T:3517969200 DEBUG: AddOnLog: InputStream Adaptive: Download http://195.8.12.225/?o=AQHsvJl_EOvSE5TTC4bMd_jEHeSPEPWYqOh8RAVmbt7CBOuYT5VYlLBEmZEOHrgBOyDrYOjO2iHNfpl_cP3gfV8kUOWFG-leEB80dn1b5uAz5vGFWq7Dy_c_ownq5FLF3YlnoMExiAug9_IOqu7r923d64Q4l_0p8QG4lpahucIynSgXubBiaTx6l968bmXFGF43MryiAkvD1dD5j3u_hQ&v=3&e=1556500176&t=XBn9CDz3os3jL_GEmnZeF6gNB3c finished, avg speed: 6184330.16byte/s, current speed: 4171529.00byte/s
2019-04-28 14:10:22.397 T:3474797360 DEBUG: CVideoPlayerVideo::OutputPicture - ttd:394ms pts:27.819 Clock:27.425 Level:6 elapsed:38.511ms
2019-04-28 14:10:22.399 T:3458011952 ERROR: ffmpeg[CE1D1330]: [aac] Reserved bit set.
2019-04-28 14:10:22.399 T:3552891696 DEBUG: CVideoPlayer::ProcessVideoData size:1488 dts:36.119 pts:36.119 dur:41.708ms, clock:27.466 level:106
2019-04-28 14:10:22.399 T:3458011952 ERROR: ffmpeg[CE1D1330]: [aac] Number of bands (18) exceeds limit (13).
2019-04-28 14:10:22.439 T:3474797360 DEBUG: CVideoPlayerVideo::OutputPicture - ttd:395ms pts:27.861 Clock:27.466 Level:6 elapsed:39.732ms
2019-04-28 14:10:22.450 T:3552891696 DEBUG: CVideoPlayer::ProcessVideoData size:1552 dts:36.161 pts:36.161 dur:41.708ms, clock:27.517 level:107
2019-04-28 14:10:22.450 T:3458011952 ERROR: ffmpeg[CE1D1330]: [aac] Prediction is not allowed in AAC-LC.
2019-04-28 14:10:22.480 T:3474797360 DEBUG: CVideoPlayerVideo::OutputPicture - ttd:393ms pts:27.903 Clock:27.509 Level:6 elapsed:37.774ms
2019-04-28 14:10:22.491 T:3458011952 ERROR: ffmpeg[CE1D1330]: [aac] channel element 2.15 is not allocated
2019-04-28 14:10:22.491 T:3552891696 DEBUG: CVideoPlayer::ProcessVideoData size:15757 dts:36.203 pts:36.328 dur:41.708ms, clock:27.558 level:106
2019-04-28 14:10:22.522 T:3474797360 DEBUG: CVideoPlayerVideo::OutputPicture - ttd:394ms pts:27.945 Clock:27.550 Level:6 elapsed:38.459ms
2019-04-28 14:10:22.532 T:3458011952 ERROR: ffmpeg[CE1D1330]: [aac] Reserved bit set.
2019-04-28 14:10:22.532 T:3552891696 DEBUG: CVideoPlayer::ProcessVideoData size:1762 dts:36.245 pts:36.245 dur:41.708ms, clock:27.599 level:106
2019-04-28 14:10:22.532 T:3458011952 ERROR: ffmpeg[CE1D1330]: [aac] Prediction is not allowed in AAC-LC.
2019-04-28 14:10:22.563 T:3474797360 DEBUG: CVideoPlayerVideo::OutputPicture - ttd:395ms pts:27.986 Clock:27.591 Level:6 elapsed:39.144ms
2019-04-28 14:10:22.573 T:3458011952 ERROR: ffmpeg[CE1D1330]: [aac] channel element 3.4 is not allocated
2019-04-28 14:10:22.573 T:3552891696 DEBUG: CVideoPlayer::ProcessVideoData size:1866 dts:36.286 pts:36.286 dur:41.708ms, clock:27.640 level:106
2019-04-28 14:10:22.605 T:3474797360 DEBUG: CVideoPlayerVideo::OutputPicture - ttd:395ms pts:28.028 Clock:27.633 Level:6 elapsed:39.364ms
2019-04-28 14:10:22.614 T:3458011952 DEBUG: ffmpeg[CE1D1330]: [aac] Sample rate index in program config element does not match the sample rate index configured by the container.
2019-04-28 14:10:22.614 T:3458011952 DEBUG: ffmpeg[CE1D1330]: [aac] Too large remapped id is not implemented. Update your FFmpeg version to the newest one from Git. If the problem still occurs, it means that your file has a feature which has not been implemented.
2019-04-28 14:10:22.614 T:3552891696 DEBUG: CVideoPlayer::ProcessVideoData size:16036 dts:36.328 pts:36.453 dur:41.708ms, clock:27.682 level:106
2019-04-28 14:10:22.614 T:3458011952 DEBUG: ffmpeg[CE1D1330]: [aac] If you want to help, upload a sample of this file to ftp://upload.ffmpeg.org/incoming/ and contact the ffmpeg-devel mailing list. (ffmpeg-devel@ffmpeg.org)
2019-04-28 14:10:22.647 T:3474797360 DEBUG: CVideoPlayerVideo::OutputPicture - ttd:394ms pts:28.070 Clock:27.676 Level:6 elapsed:38.369ms
2019-04-28 14:10:22.655 T:3458011952 ERROR: ffmpeg[CE1D1330]: [aac] channel element 3.1 is not allocated
2019-04-28 14:10:22.655 T:3552891696 DEBUG: CVideoPlayer::ProcessVideoData size:1880 dts:36.370 pts:36.370 dur:41.708ms, clock:27.722 level:106
2019-04-28 14:10:22.689 T:3474797360 DEBUG: CVideoPlayerVideo::OutputPicture - ttd:395ms pts:28.111 Clock:27.716 Level:6 elapsed:39.721ms
2019-04-28 14:10:22.696 T:3458011952 ERROR: ffmpeg[CE1D1330]: [aac] Reserved bit set.
2019-04-28 14:10:22.697 T:3458011952 ERROR: ffmpeg[CE1D1330]: [aac] Number of scalefactor bands in group (49) exceeds limit (47).
2019-04-28 14:10:22.697 T:3552891696 DEBUG: CVideoPlayer::ProcessVideoData size:1995 dts:36.411 pts:36.411 dur:41.708ms, clock:27.764 level:106
2019-04-28 14:10:22.730 T:3474797360 DEBUG: CVideoPlayerVideo::OutputPicture - ttd:395ms pts:28.153 Clock:27.758 Level:6 elapsed:39.096ms
2019-04-28 14:10:22.737 T:3458011952 ERROR: ffmpeg[CE1D1330]: [aac] Reserved bit set.
2019-04-28 14:10:22.738 T:3458011952 ERROR: ffmpeg[CE1D1330]: [aac] Number of bands (51) exceeds limit (43).
2019-04-28 14:10:22.738 T:3552891696 DEBUG: CVideoPlayer::ProcessVideoData size:15379 dts:36.453 pts:36.536 dur:41.708ms, clock:27.805 level:106
2019-04-28 14:10:22.762 T:3576222512 DEBUG: CWebServer[8080]: request received for /jsonrpc
2019-04-28 14:10:22.772 T:3474797360 DEBUG: Previous line repeats 2 times.
2019-04-28 14:10:22.772 T:3474797360 DEBUG: CVideoPlayerVideo::OutputPicture - ttd:394ms pts:28.195 Clock:27.800 Level:6 elapsed:39.002ms
2019-04-28 14:10:22.776 T:3576222512 DEBUG: CWebServer[8080]: request received for /jsonrpc
2019-04-28 14:10:22.779 T:3458011952 ERROR: ffmpeg[CE1D1330]: [aac] ms_present = 3 is reserved.
2019-04-28 14:10:22.779 T:3552891696 DEBUG: CVideoPlayer::ProcessVideoData size:2040 dts:36.495 pts:36.495 dur:41.708ms, clock:27.846 level:106
2019-04-28 14:10:22.814 T:3474797360 DEBUG: CVideoPlayerVideo::OutputPicture - ttd:395ms pts:28.237 Clock:27.841 Level:6 elapsed:39.808ms
2019-04-28 14:10:22.820 T:3458011952 ERROR: ffmpeg[CE1D1330]: [aac] channel element 2.10 is not allocated
2019-04-28 14:10:22.820 T:3552891696 DEBUG: CVideoPlayer::ProcessVideoData size:13660 dts:36.536 pts:36.662 dur:41.708ms, clock:27.887 level:106
2019-04-28 14:10:22.855 T:3474797360 DEBUG: CVideoPlayerVideo::OutputPicture - ttd:394ms pts:28.278 Clock:27.884 Level:6 elapsed:38.508ms
2019-04-28 14:10:22.861 T:3458011952 ERROR: ffmpeg[CE1D1330]: [aac] ms_present = 3 is reserved.
2019-04-28 14:10:22.861 T:3552891696 DEBUG: CVideoPlayer::ProcessVideoData size:703 dts:36.578 pts:36.578 dur:41.708ms, clock:27.928 level:106
2019-04-28 14:10:22.897 T:3474797360 DEBUG: CVideoPlayerVideo::OutputPicture - ttd:394ms pts:28.320 Clock:27.925 Level:6 elapsed:39.604ms
2019-04-28 14:10:22.902 T:3458011952 ERROR: ffmpeg[CE1D1330]: [aac] Reserved bit set.
2019-04-28 14:10:22.902 T:3458011952 ERROR: ffmpeg[CE1D1330]: [aac] Prediction is not allowed in AAC-LC.
2019-04-28 14:10:22.902 T:3552891696 DEBUG: CVideoPlayer::ProcessVideoData size:678 dts:36.620 pts:36.620 dur:41.708ms, clock:27.969 level:106
2019-04-28 14:10:22.939 T:3474797360 DEBUG: CVideoPlayerVideo::OutputPicture - ttd:394ms pts:28.362 Clock:27.967 Level:6 elapsed:39.011ms
2019-04-28 14:10:22.943 T:3458011952 ERROR: ffmpeg[CE1D1330]: [aac] Reserved bit set.
2019-04-28 14:10:22.943 T:3552891696 DEBUG: CVideoPlayer::ProcessVideoData size:14698 dts:36.662 pts:36.745 dur:41.708ms, clock:28.010 level:106
2019-04-28 14:10:22.943 T:3458011952 ERROR: ffmpeg[CE1D1330]: [aac] Number of bands (6) exceeds limit (5).
2019-04-28 14:10:22.976 T:3785339696 DEBUG: [plugin.video.netflix (0)] Executing JSON-RPC: {"params": {"playerid": 1, "properties": ["audiostreams", "currentaudiostream", "subtitles", "currentsubtitle", "subtitleenabled", "percentage", "time"]}, "jsonrpc": "2.0", "method": "Player.GetProperties", "id": 1}
2019-04-28 14:10:22.978 T:3785339696 DEBUG: [plugin.video.netflix (0)] Notifying all managers of on_tick (data={u'currentaudiostream': {u'index': 0, u'name': u'AAC ', u'language': u'eng', u'channels': 2, u'codec': u'aac', u'bitrate': 98304}, u'elapsed_seconds': 27, u'time': {u'hours': 0, u'seconds': 27, u'minutes': 0, u'milliseconds': 979}, u'subtitleenabled': True, u'percentage': 0.54465639591217041, u'currentsubtitle': {u'index': 0, u'name': u'', u'language': u'eng'}, u'audiostreams': [{u'index': 0, u'name': u'AAC ', u'language': u'eng', u'channels': 2, u'codec': u'aac', u'bitrate': 98304}, {u'index': 1, u'name': u'AAC ', u'language': u'spa', u'channels': 2, u'codec': u'aac', u'bitrate': 98304}, {u'index': 2, u'name': u'AAC ', u'language': u'fre', u'channels': 2, u'codec': u'aac', u'bitrate': 98304}, {u'index': 3, u'name': u'AAC ', u'language': u'por', u'channels': 2, u'codec': u'aac', u'bitrate': 98304}], u'subtitles': [{u'index': 0, u'name': u'', u'language': u'eng'}, {u'index': 1, u'name': u'', u'language': u'spa'}, {u'index': 2, u'name': u'', u'language': u'spa'}, {u'index': 3, u'name': u'', u'language': u'fre'}, {u'index': 4, u'name': u'', u'language': u'fre'}, {u'index': 5, u'name': u'', u'language': u'por'}]})
2019-04-28 14:10:22.980 T:3474797360 DEBUG: CVideoPlayerVideo::OutputPicture - ttd:395ms pts:28.403 Clock:28.008 Level:6 elapsed:39.583ms
2019-04-28 14:10:22.984 T:3458011952 ERROR: ffmpeg[CE1D1330]: [aac] Reserved bit set.
2019-04-28 14:10:22.984 T:3458011952 ERROR: ffmpeg[CE1D1330]: [aac] Number of bands (17) exceeds limit (14).
2019-04-28 14:10:22.984 T:3552891696 DEBUG: CVideoPlayer::ProcessVideoData size:714 dts:36.703 pts:36.703 dur:41.708ms, clock:28.051 level:106
2019-04-28 14:10:23.022 T:3474797360 DEBUG: CVideoPlayerVideo::OutputPicture - ttd:395ms pts:28.445 Clock:28.049 Level:6 elapsed:39.791ms
2019-04-28 14:10:23.025 T:3458011952 ERROR: ffmpeg[CE1D1330]: [aac] Reserved bit set.
2019-04-28 14:10:23.025 T:3458011952 ERROR: ffmpeg[CE1D1330]: [aac] Number of bands (23) exceeds limit (14).
2019-04-28 14:10:23.025 T:3552891696 DEBUG: CVideoPlayer::ProcessVideoData size:10987 dts:36.745 pts:36.870 dur:41.708ms, clock:28.092 level:106
2019-04-28 14:10:23.064 T:3474797360 DEBUG: CVideoPlayerVideo::OutputPicture - ttd:395ms pts:28.487 Clock:28.091 Level:6 elapsed:39.714ms
2019-04-28 14:10:23.066 T:3458011952 ERROR: ffmpeg[CE1D1330]: [aac] channel element 2.12 is not allocated
2019-04-28 14:10:23.066 T:3552891696 DEBUG: CVideoPlayer::ProcessVideoData size:657 dts:36.787 pts:36.787 dur:41.708ms, clock:28.133 level:106
2019-04-28 14:10:23.105 T:3474797360 DEBUG: CVideoPlayerVideo::OutputPicture - ttd:395ms pts:28.529 Clock:28.133 Level:6 elapsed:39.099ms
2019-04-28 14:10:23.107 T:3458011952 ERROR: ffmpeg[CE1D1330]: [aac] channel element 3.10 is not allocated
2019-04-28 14:10:23.107 T:3552891696 DEBUG: CVideoPlayer::ProcessVideoData size:684 dts:36.828 pts:36.828 dur:41.708ms, clock:28.175 level:106
2019-04-28 14:10:23.147 T:3474797360 DEBUG: CVideoPlayerVideo::OutputPicture - ttd:394ms pts:28.570 Clock:28.176 Level:6 elapsed:38.712ms
2019-04-28 14:10:23.158 T:3458011952 ERROR: ffmpeg[CE1D1330]: [aac] Prediction is not allowed in AAC-LC.
2019-04-28 14:10:23.159 T:3552891696 DEBUG: CVideoPlayer::ProcessVideoData size:11265 dts:36.870 pts:36.995 dur:41.708ms, clock:28.226 level:106
2019-04-28 14:10:23.189 T:3474797360 DEBUG: CVideoPlayerVideo::OutputPicture - ttd:394ms pts:28.612 Clock:28.218 Level:6 elapsed:38.993ms
2019-04-28 14:10:23.199 T:3552891696 DEBUG: CVideoPlayer::ProcessVideoData size:668 dts:36.912 pts:36.912 dur:41.708ms, clock:28.267 level:106
2019-04-28 14:10:23.200 T:3458011952 ERROR: ffmpeg[CE1D1330]: [aac] channel element 2.6 is not allocated
2019-04-28 14:10:23.231 T:3474797360 DEBUG: CVideoPlayerVideo::OutputPicture - ttd:394ms pts:28.654 Clock:28.259 Level:6 elapsed:39.405ms
2019-04-28 14:10:23.240 T:3458011952 ERROR: ffmpeg[CE1D1330]: [aac] Number of bands (39) exceeds limit (32).
2019-04-28 14:10:23.241 T:3552891696 DEBUG: CVideoPlayer::ProcessVideoData size:631 dts:36.954 pts:36.954 dur:41.708ms, clock:28.308 level:106
2019-04-28 14:10:23.273 T:3474797360 DEBUG: CVideoPlayerVideo::OutputPicture - ttd:395ms pts:28.695 Clock:28.300 Level:6 elapsed:39.943ms
2019-04-28 14:10:23.281 T:3458011952 ERROR: ffmpeg[CE1D1330]: [aac] Number of bands (31) exceeds limit (6).
2019-04-28 14:10:23.282 T:3552891696 DEBUG: CVideoPlayer::ProcessVideoData size:15063 dts:36.995 pts:37.079 dur:41.708ms, clock:28.349 level:106
2019-04-28 14:10:23.314 T:3474797360 DEBUG: CVideoPlayerVideo::OutputPicture - ttd:394ms pts:28.737 Clock:28.343 Level:6 elapsed:38.571ms
2019-04-28 14:10:23.323 T:3458011952 ERROR: ffmpeg[CE1D1330]: [aac] Reserved bit set.
2019-04-28 14:10:23.323 T:3552891696 DEBUG: CVideoPlayer::ProcessVideoData size:643 dts:37.037 pts:37.037 dur:41.708ms, clock:28.390 level:106
2019-04-28 14:10:23.323 T:3458011952 ERROR: ffmpeg[CE1D1330]: [aac] Number of bands (7) exceeds limit (6).
2019-04-28 14:10:23.356 T:3474797360 DEBUG: CVideoPlayerVideo::OutputPicture - ttd:393ms pts:28.779 Clock:28.385 Level:6 elapsed:38.432ms
2019-04-28 14:10:23.364 T:3458011952 ERROR: ffmpeg[CE1D1330]: [aac] channel element 3.3 is not allocated
2019-04-28 14:10:23.364 T:3552891696 DEBUG: CVideoPlayer::ProcessVideoData size:10790 dts:37.079 pts:37.204 dur:41.708ms, clock:28.431 level:106
2019-04-28 14:10:23.397 T:3474797360 DEBUG: CVideoPlayerVideo::OutputPicture - ttd:393ms pts:28.820 Clock:28.427 Level:6 elapsed:37.900ms
2019-04-28 14:10:23.405 T:3552891696 DEBUG: CVideoPlayer::ProcessVideoData size:611 dts:37.120 pts:37.120 dur:41.708ms, clock:28.472 level:106
2019-04-28 14:10:23.405 T:3458011952 DEBUG: ffmpeg[CE1D1330]: [aac] Sample rate index in program config element does not match the sample rate index configured by the container.
2019-04-28 14:10:23.405 T:3458011952 ERROR: ffmpeg[CE1D1330]: [aac] Inconsistent channel configuration.
2019-04-28 14:10:23.405 T:3458011952 ERROR: ffmpeg[CE1D1330]: [aac] get_buffer() failed
2019-04-28 14:10:23.439 T:3474797360 DEBUG: CVideoPlayerVideo::OutputPicture - ttd:394ms pts:28.862 Clock:28.468 Level:6 elapsed:38.736ms
2019-04-28 14:10:23.446 T:3552891696 DEBUG: CVideoPlayer::ProcessVideoData size:680 dts:37.162 pts:37.162 dur:41.708ms, clock:28.513 level:106
2019-04-28 14:10:23.481 T:3474797360 DEBUG: CVideoPlayerVideo::OutputPicture - ttd:395ms pts:28.904 Clock:28.509 Level:6 elapsed:39.765ms
2019-04-28 14:10:23.486 T:3458011952 ERROR: ffmpeg[CE1D1330]: [aac] Prediction is not allowed in AAC-LC.
2019-04-28 14:10:23.487 T:3552891696 DEBUG: CVideoPlayer::ProcessVideoData size:13930 dts:37.204 pts:37.329 dur:41.708ms, clock:28.554 level:106
2019-04-28 14:10:23.523 T:3474797360 DEBUG: CVideoPlayerVideo::OutputPicture - ttd:394ms pts:28.946 Clock:28.551 Level:6 elapsed:39.467ms
2019-04-28 14:10:23.527 T:3458011952 DEBUG: ffmpeg[CE1D1330]: [aac] Sample rate index in program config element does not match the sample rate index configured by the container.
2019-04-28 14:10:23.528 T:3552891696 DEBUG: CVideoPlayer::ProcessVideoData size:617 dts:37.246 pts:37.246 dur:41.708ms, clock:28.595 level:106
2019-04-28 14:10:23.528 T:3458011952 DEBUG: ffmpeg[CE1D1330]: [aac] Too large remapped id is not implemented. Update your FFmpeg version to the newest one from Git. If the problem still occurs, it means that your file has a feature which has not been implemented.
2019-04-28 14:10:23.528 T:3458011952 DEBUG: ffmpeg[CE1D1330]: [aac] If you want to help, upload a sample of this file to ftp://upload.ffmpeg.org/incoming/ and contact the ffmpeg-devel mailing list. (ffmpeg-devel@ffmpeg.org)
2019-04-28 14:10:23.565 T:3474797360 DEBUG: CVideoPlayerVideo::OutputPicture - ttd:394ms pts:28.987 Clock:28.593 Level:6 elapsed:39.284ms
2019-04-28 14:10:23.568 T:3458011952 ERROR: ffmpeg[CE1D1330]: [aac] Reserved bit set.
2019-04-28 14:10:23.569 T:3458011952 ERROR: ffmpeg[CE1D1330]: [aac] Prediction is not allowed in AAC-LC.
2019-04-28 14:10:23.569 T:3552891696 DEBUG: CVideoPlayer::ProcessVideoData size:765 dts:37.287 pts:37.287 dur:41.708ms, clock:28.636 level:106
2019-04-28 14:10:23.606 T:3474797360 DEBUG: CVideoPlayerVideo::OutputPicture - ttd:395ms pts:29.029 Clock:28.634 Level:6 elapsed:38.887ms
2019-04-28 14:10:23.609 T:3458011952 DEBUG: ffmpeg[CE1D1330]: [aac] Sample rate index in program config element does not match the sample rate index configured by the container.
2019-04-28 14:10:23.610 T:3458011952 DEBUG: ffmpeg[CE1D1330]: [aac] Too large remapped id is not implemented. Update your FFmpeg version to the newest one from Git. If the problem still occurs, it means that your file has a feature which has not been implemented.
2019-04-28 14:10:23.610 T:3552891696 DEBUG: CVideoPlayer::ProcessVideoData size:14932 dts:37.329 pts:37.412 dur:41.708ms, clock:28.677 level:106
2019-04-28 14:10:23.610 T:3458011952 DEBUG: ffmpeg[CE1D1330]: [aac] If you want to help, upload a sample of this file to ftp://upload.ffmpeg.org/incoming/ and contact the ffmpeg-devel mailing list. (ffmpeg-devel@ffmpeg.org)
2019-04-28 14:10:23.648 T:3474797360 DEBUG: CVideoPlayerVideo::OutputPicture - ttd:394ms pts:29.071 Clock:28.676 Level:6 elapsed:38.959ms
2019-04-28 14:10:23.651 T:3458011952 ERROR: ffmpeg[CE1D1330]: [aac] channel element 2.4 is not allocated
2019-04-28 14:10:23.651 T:3552891696 DEBUG: CVideoPlayer::ProcessVideoData size:703 dts:37.371 pts:37.371 dur:41.708ms, clock:28.718 level:106
2019-04-28 14:10:23.690 T:3474797360 DEBUG: CVideoPlayerVideo::OutputPicture - ttd:395ms pts:29.112 Clock:28.717 Level:6 elapsed:39.773ms
2019-04-28 14:10:23.692 T:3458011952 ERROR: ffmpeg[CE1D1330]: [aac] Number of bands (42) exceeds limit (24).
2019-04-28 14:10:23.692 T:3552891696 DEBUG: CVideoPlayer::ProcessVideoData size:12789 dts:37.412 pts:37.538 dur:41.708ms, clock:28.759 level:106
2019-04-28 14:10:23.731 T:3474797360 DEBUG: CVideoPlayerVideo::OutputPicture - ttd:395ms pts:29.154 Clock:28.759 Level:6 elapsed:39.126ms
2019-04-28 14:10:23.733 T:3458011952 ERROR: ffmpeg[CE1D1330]: [aac] channel element 2.6 is not allocated
2019-04-28 14:10:23.733 T:3552891696 DEBUG: CVideoPlayer::ProcessVideoData size:630 dts:37.454 pts:37.454 dur:41.708ms, clock:28.800 level:106
2019-04-28 14:10:23.773 T:3474797360 DEBUG: CVideoPlayerVideo::OutputPicture - ttd:395ms pts:29.196 Clock:28.800 Level:6 elapsed:39.985ms
2019-04-28 14:10:23.784 T:3458011952 ERROR: ffmpeg[CE1D1330]: [aac] Number of bands (13) exceeds limit (7).
2019-04-28 14:10:23.784 T:3552891696 DEBUG: CVideoPlayer::ProcessVideoData size:626 dts:37.496 pts:37.496 dur:41.708ms, clock:28.851 level:106
2019-04-28 14:10:23.814 T:3474797360 DEBUG: CVideoPlayerVideo::OutputPicture - ttd:395ms pts:29.238 Clock:28.842 Level:6 elapsed:39.048ms
2019-04-28 14:10:23.825 T:3458011952 DEBUG: ffmpeg[CE1D1330]: [aac] Sample rate index in program config element does not match the sample rate index configured by the container.
2019-04-28 14:10:23.825 T:3458011952 ERROR: ffmpeg[CE1D1330]: [aac] Inconsistent channel configuration.
2019-04-28 14:10:23.825 T:3552891696 DEBUG: CVideoPlayer::ProcessVideoData size:15292 dts:37.538 pts:37.663 dur:41.708ms, clock:28.892 level:106
2019-04-28 14:10:23.825 T:3458011952 ERROR: ffmpeg[CE1D1330]: [aac] get_buffer() failed
2019-04-28 14:10:23.857 T:3474797360 DEBUG: CVideoPlayerVideo::OutputPicture - ttd:395ms pts:29.279 Clock:28.884 Level:6 elapsed:40.079ms
2019-04-28 14:10:23.866 T:3552891696 DEBUG: CVideoPlayer::ProcessVideoData size:683 dts:37.579 pts:37.579 dur:41.708ms, clock:28.933 level:106
2019-04-28 14:10:23.866 T:3458011952 ERROR: ffmpeg[CE1D1330]: [aac] Prediction is not allowed in AAC-LC.
2019-04-28 14:10:23.898 T:3474797360 DEBUG: CVideoPlayerVideo::OutputPicture - ttd:395ms pts:29.321 Clock:28.926 Level:6 elapsed:39.750ms
2019-04-28 14:10:23.907 T:3458011952 ERROR: ffmpeg[CE1D1330]: [aac] Reserved bit set.
2019-04-28 14:10:23.907 T:3458011952 ERROR: ffmpeg[CE1D1330]: [aac] Prediction is not allowed in AAC-LC.
2019-04-28 14:10:23.907 T:3552891696 DEBUG: CVideoPlayer::ProcessVideoData size:710 dts:37.621 pts:37.621 dur:41.708ms, clock:28.974 level:106
2019-04-28 14:10:23.939 T:3474797360 DEBUG: CVideoPlayerVideo::OutputPicture - ttd:393ms pts:29.363 Clock:28.969 Level:6 elapsed:37.830ms
2019-04-28 14:10:23.948 T:3458011952 ERROR: ffmpeg[CE1D1330]: [aac] channel element 3.4 is not allocated
2019-04-28 14:10:23.948 T:3552891696 DEBUG: CVideoPlayer::ProcessVideoData size:15603 dts:37.663 pts:37.746 dur:41.708ms, clock:29.015 level:106
2019-04-28 14:10:23.979 T:3785339696 DEBUG: [plugin.video.netflix (0)] Executing JSON-RPC: {"params": {"playerid": 1, "properties": ["audiostreams", "currentaudiostream", "subtitles", "currentsubtitle", "subtitleenabled", "percentage", "time"]}, "jsonrpc": "2.0", "method": "Player.GetProperties", "id": 1}
2019-04-28 14:10:23.981 T:3474797360 DEBUG: CVideoPlayerVideo::OutputPicture - ttd:395ms pts:29.404 Clock:29.009 Level:6 elapsed:39.667ms
2019-04-28 14:10:23.982 T:3785339696 DEBUG: [plugin.video.netflix (0)] Notifying all managers of on_tick (data={u'currentaudiostream': {u'index': 0, u'name': u'AAC ', u'language': u'eng', u'channels': 2, u'codec': u'aac', u'bitrate': 98304}, u'elapsed_seconds': 29, u'time': {u'hours': 0, u'seconds': 29, u'minutes': 0, u'milliseconds': 5}, u'subtitleenabled': True, u'percentage': 0.56462913751602173, u'currentsubtitle': {u'index': 0, u'name': u'', u'language': u'eng'}, u'audiostreams': [{u'index': 0, u'name': u'AAC ', u'language': u'eng', u'channels': 2, u'codec': u'aac', u'bitrate': 98304}, {u'index': 1, u'name': u'AAC ', u'language': u'spa', u'channels': 2, u'codec': u'aac', u'bitrate': 98304}, {u'index': 2, u'name': u'AAC ', u'language': u'fre', u'channels': 2, u'codec': u'aac', u'bitrate': 98304}, {u'index': 3, u'name': u'AAC ', u'language': u'por', u'channels': 2, u'codec': u'aac', u'bitrate': 98304}], u'subtitles': [{u'index': 0, u'name': u'', u'language': u'eng'}, {u'index': 1, u'name': u'', u'language': u'spa'}, {u'index': 2, u'name': u'', u'language': u'spa'}, {u'index': 3, u'name': u'', u'language': u'fre'}, {u'index': 4, u'name': u'', u'language': u'fre'}, {u'index': 5, u'name': u'', u'language': u'por'}]})
2019-04-28 14:10:23.989 T:3458011952 ERROR: ffmpeg[CE1D1330]: [aac] Number of bands (23) exceeds limit (14).
2019-04-28 14:10:23.989 T:3552891696 DEBUG: CVideoPlayer::ProcessVideoData size:625 dts:37.704 pts:37.704 dur:41.708ms, clock:29.056 level:106
2019-04-28 14:10:24.023 T:3474797360 DEBUG: CVideoPlayerVideo::OutputPicture - ttd:393ms pts:29.446 Clock:29.053 Level:6 elapsed:37.652ms
2019-04-28 14:10:24.030 T:3552891696 DEBUG: CVideoPlayer::ProcessVideoData size:15608 dts:37.746 pts:37.871 dur:41.708ms, clock:29.097 level:106
2019-04-28 14:10:24.030 T:3458011952 ERROR: ffmpeg[CE1D1330]: [aac] Prediction is not allowed in AAC-LC.
2019-04-28 14:10:24.065 T:3474797360 DEBUG: CVideoPlayerVideo::OutputPicture - ttd:394ms pts:29.488 Clock:29.094 Level:6 elapsed:38.303ms
2019-04-28 14:10:24.071 T:3458011952 ERROR: ffmpeg[CE1D1330]: [aac] Reserved bit set.
2019-04-28 14:10:24.071 T:3552891696 DEBUG: CVideoPlayer::ProcessVideoData size:586 dts:37.788 pts:37.788 dur:41.708ms, clock:29.138 level:106
2019-04-28 14:10:24.071 T:3458011952 ERROR: ffmpeg[CE1D1330]: [aac] Prediction is not allowed in AAC-LC.
2019-04-28 14:10:24.107 T:3474797360 DEBUG: CVideoPlayerVideo::OutputPicture - ttd:392ms pts:29.529 Clock:29.137 Level:6 elapsed:36.555ms
2019-04-28 14:10:24.112 T:3458011952 ERROR: ffmpeg[CE1D1330]: [aac] channel element 3.3 is not allocated
2019-04-28 14:10:24.113 T:3552891696 DEBUG: CVideoPlayer::ProcessVideoData size:644 dts:37.829 pts:37.829 dur:41.708ms, clock:29.180 level:107
2019-04-28 14:10:24.148 T:3474797360 DEBUG: CVideoPlayerVideo::OutputPicture - ttd:395ms pts:29.571 Clock:29.176 Level:6 elapsed:38.899ms
2019-04-28 14:10:24.153 T:3458011952 DEBUG: ffmpeg[CE1D1330]: [aac] Sample rate index in program config element does not match the sample rate index configured by the container.
2019-04-28 14:10:24.154 T:3458011952 ERROR: ffmpeg[CE1D1330]: [aac] Inconsistent channel configuration.
2019-04-28 14:10:24.154 T:3552891696 DEBUG: CVideoPlayer::ProcessVideoData size:15207 dts:37.871 pts:37.996 dur:41.708ms, clock:29.221 level:106
2019-04-28 14:10:24.154 T:3458011952 ERROR: ffmpeg[CE1D1330]: [aac] get_buffer() failed
2019-04-28 14:10:24.190 T:3474797360 DEBUG: CVideoPlayerVideo::OutputPicture - ttd:390ms pts:29.613 Clock:29.223 Level:6 elapsed:34.867ms
2019-04-28 14:10:24.195 T:3458011952 ERROR: ffmpeg[CE1D1330]: [aac] channel element 3.6 is not allocated
2019-04-28 14:10:24.195 T:3552891696 DEBUG: CVideoPlayer::ProcessVideoData size:661 dts:37.913 pts:37.913 dur:41.708ms, clock:29.262 level:106
2019-04-28 14:10:24.232 T:3474797360 DEBUG: CVideoPlayerVideo::OutputPicture - ttd:387ms pts:29.655 Clock:29.267 Level:6 elapsed:31.921ms
2019-04-28 14:10:24.235 T:3458011952 ERROR: ffmpeg[CE1D1330]: [aac] Reserved bit set.
2019-04-28 14:10:24.236 T:3552891696 DEBUG: CVideoPlayer::ProcessVideoData size:563 dts:37.955 pts:37.955 dur:41.708ms, clock:29.303 level:106
2019-04-28 14:10:24.236 T:3458011952 ERROR: ffmpeg[CE1D1330]: [aac] invalid band type
2019-04-28 14:10:24.274 T:3474797360 DEBUG: CVideoPlayerVideo::OutputPicture - ttd:394ms pts:29.696 Clock:29.302 Level:6 elapsed:38.951ms
2019-04-28 14:10:24.276 T:3458011952 ERROR: ffmpeg[CE1D1330]: [aac] Reserved bit set.
2019-04-28 14:10:24.277 T:3458011952 ERROR: ffmpeg[CE1D1330]: [aac] Number of scalefactor bands in group (63) exceeds limit (47).
2019-04-28 14:10:24.277 T:3517969200 DEBUG: CurlFile::ParseAndCorrectUrl() adding custom header option 'Range: bytes=5746832-6065795'
2019-04-28 14:10:24.278 T:3517969200 DEBUG: CurlFile::ParseAndCorrectUrl() adding custom header option 'connection: keep-alive'
2019-04-28 14:10:24.278 T:3517969200 DEBUG: CurlFile::Open(0xe51ba848) http://195.8.12.225/?o=AQHsvJl_EOvSE5TTC4bMd_jEHeSPEPWYqOh8RAVmbt7CBOuYT5VYlLBEmZEOHrgBOyDrYOjO2iHNfpl_cP3gfV8kUOWFG-leEB80dn1b5uAz5vGFWq7Dy_c_ownq5FLF3YlnoMExiAug9_IOqu7r923d64Q4l_0p8QG4lpahucIynSgXubBiaTx6l968bmXFGF43MryiAkvD1dD5j3u_hQ&v=3&e=1556500176&t=XBn9CDz3os3jL_GEmnZeF6gNB3c
2019-04-28 14:10:24.308 T:3552891696 DEBUG: CVideoPlayer::ProcessVideoData size:13041 dts:37.996 pts:38.038 dur:41.708ms, clock:29.375 level:106
2019-04-28 14:10:24.315 T:3474797360 DEBUG: CVideoPlayerVideo::OutputPicture - ttd:380ms pts:29.738 Clock:29.357 Level:6 elapsed:24.525ms
2019-04-28 14:10:24.319 T:3466404656 DEBUG: CurlFile::ParseAndCorrectUrl() adding custom header option 'Range: bytes=586459-611379'
2019-04-28 14:10:24.319 T:3466404656 DEBUG: CurlFile::ParseAndCorrectUrl() adding custom header option 'connection: keep-alive'
2019-04-28 14:10:24.320 T:3466404656 DEBUG: CurlFile::Open(0xe5badb60) http://195.8.12.225/?o=AQHsvJl_EOvSE5TTC4bNd__NFO-JEPWYqP98RAVmbt7CBOuYT5VYlLBEmZEOHrgBOyDrYOjO2iHNfpl_cP3gfV8kUOWFG-leEB80dn1b5uAz5vGFWq7Dy_c_ownq5FLF3YlnoMk1n1K7yKkMhNbEvXmPpd0xgv8g8x69ntP3pds0gHtSovUnbSx-hcm2MHyZCVQLaNviCAjXnsu3in0&v=3&e=1556500176&t=SdFHa60Oat9NM19HrSW2B81Yrik
2019-04-28 14:10:24.329 T:3517969200 DEBUG: AddOnLog: InputStream Adaptive: Download http://195.8.12.225/?o=AQHsvJl_EOvSE5TTC4bMd_jEHeSPEPWYqOh8RAVmbt7CBOuYT5VYlLBEmZEOHrgBOyDrYOjO2iHNfpl_cP3gfV8kUOWFG-leEB80dn1b5uAz5vGFWq7Dy_c_ownq5FLF3YlnoMExiAug9_IOqu7r923d64Q4l_0p8QG4lpahucIynSgXubBiaTx6l968bmXFGF43MryiAkvD1dD5j3u_hQ&v=3&e=1556500176&t=XBn9CDz3os3jL_GEmnZeF6gNB3c finished, avg speed: 6243631.52byte/s, current speed: 6379280.00byte/s
2019-04-28 14:10:24.340 T:3576222512 DEBUG: CWebServer[8080]: request received for /jsonrpc
2019-04-28 14:10:24.351 T:3466404656 DEBUG: Previous line repeats 2 times.
2019-04-28 14:10:24.351 T:3466404656 DEBUG: AddOnLog: InputStream Adaptive: Download http://195.8.12.225/?o=AQHsvJl_EOvSE5TTC4bNd__NFO-JEPWYqP98RAVmbt7CBOuYT5VYlLBEmZEOHrgBOyDrYOjO2iHNfpl_cP3gfV8kUOWFG-leEB80dn1b5uAz5vGFWq7Dy_c_ownq5FLF3YlnoMk1n1K7yKkMhNbEvXmPpd0xgv8g8x69ntP3pds0gHtSovUnbSx-hcm2MHyZCVQLaNviCAjXnsu3in0&v=3&e=1556500176&t=SdFHa60Oat9NM19HrSW2B81Yrik finished, avg speed: 6114984.98byte/s, current speed: 830700.00byte/s
2019-04-28 14:10:24.351 T:3458011952 ERROR: ffmpeg[CE1D1330]: [aac] channel element 2.9 is not allocated
2019-04-28 14:10:24.352 T:3552891696 DEBUG: CVideoPlayer::ProcessVideoData size:69143 dts:38.038 pts:38.080 dur:41.708ms, clock:29.419 level:106
2019-04-28 14:10:24.356 T:3576222512 DEBUG: CWebServer[8080]: request received for /jsonrpc
2019-04-28 14:10:24.357 T:3474797360 DEBUG: CVideoPlayerVideo::OutputPicture - ttd:391ms pts:29.780 Clock:29.388 Level:6 elapsed:35.434ms
2019-04-28 14:10:24.362 T:3458011952 ERROR: ffmpeg[CE1D1330]: [aac] channel element 2.9 is not allocated
2019-04-28 14:10:24.362 T:3458011952 ERROR: ffmpeg[CE1D1330]: [aac] Inconsistent channel configuration.
2019-04-28 14:10:24.363 T:3552891696 DEBUG: CVideoPlayer::ProcessVideoData size:13706 dts:38.080 pts:38.205 dur:41.708ms, clock:29.430 level:107
2019-04-28 14:10:24.363 T:3458011952 ERROR: ffmpeg[CE1D1330]: [aac] get_buffer() failed
2019-04-28 14:10:24.399 T:3474797360 DEBUG: CVideoPlayerVideo::OutputPicture - ttd:395ms pts:29.821 Clock:29.426 Level:6 elapsed:40.027ms
2019-04-28 14:10:24.403 T:3458011952 ERROR: ffmpeg[CE1D1330]: [aac] channel element 2.3 is not allocated
2019-04-28 14:10:24.403 T:3552891696 DEBUG: CVideoPlayer::ProcessVideoData size:579 dts:38.121 pts:38.121 dur:41.708ms, clock:29.471 level:106
2019-04-28 14:10:24.440 T:3474797360 DEBUG: CVideoPlayerVideo::OutputPicture - ttd:394ms pts:29.863 Clock:29.468 Level:6 elapsed:38.779ms
2019-04-28 14:10:24.444 T:3458011952 ERROR: ffmpeg[CE1D1330]: [aac] Reserved bit set.
2019-04-28 14:10:24.444 T:3458011952 ERROR: ffmpeg[CE1D1330]: [aac] Prediction is not allowed in AAC-LC.
2019-04-28 14:10:24.445 T:3552891696 DEBUG: CVideoPlayer::ProcessVideoData size:600 dts:38.163 pts:38.163 dur:41.708ms, clock:29.512 level:106
2019-04-28 14:10:24.482 T:3474797360 DEBUG: CVideoPlayerVideo::OutputPicture - ttd:390ms pts:29.905 Clock:29.514 Level:6 elapsed:34.973ms
2019-04-28 14:10:24.485 T:3458011952 ERROR: ffmpeg[CE1D1330]: [aac] channel element 2.5 is not allocated
2019-04-28 14:10:24.485 T:3552891696 DEBUG: CVideoPlayer::ProcessVideoData size:14987 dts:38.205 pts:38.330 dur:41.708ms, clock:29.553 level:107
2019-04-28 14:10:24.523 T:3474797360 DEBUG: CVideoPlayerVideo::OutputPicture - ttd:395ms pts:29.947 Clock:29.552 Level:6 elapsed:38.901ms
2019-04-28 14:10:24.526 T:3458011952 ERROR: ffmpeg[CE1D1330]: [aac] Number of scalefactor bands in group (61) exceeds limit (47).
2019-04-28 14:10:24.526 T:3552891696 DEBUG: CVideoPlayer::ProcessVideoData size:641 dts:38.247 pts:38.247 dur:41.708ms, clock:29.593 level:106
2019-04-28 14:10:24.565 T:3474797360 DEBUG: CVideoPlayerVideo::OutputPicture - ttd:395ms pts:29.988 Clock:29.593 Level:6 elapsed:39.238ms
2019-04-28 14:10:24.567 T:3458011952 ERROR: ffmpeg[CE1D1330]: [aac] Reserved bit set.
2019-04-28 14:10:24.567 T:3552891696 DEBUG: CVideoPlayer::ProcessVideoData size:635 dts:38.288 pts:38.288 dur:41.708ms, clock:29.634 level:106
2019-04-28 14:10:24.567 T:3458011952 ERROR: ffmpeg[CE1D1330]: [aac] Number of bands (46) exceeds limit (36).
2019-04-28 14:10:24.607 T:3474797360 DEBUG: CVideoPlayerVideo::OutputPicture - ttd:392ms pts:30.030 Clock:29.638 Level:6 elapsed:36.548ms
2019-04-28 14:10:24.618 T:3458011952 DEBUG: ffmpeg[CE1D1330]: [aac] Sample rate index in program config element does not match the sample rate index configured by the container.
2019-04-28 14:10:24.618 T:3552891696 DEBUG: CVideoPlayer::ProcessVideoData size:16926 dts:38.330 pts:38.455 dur:41.708ms, clock:29.685 level:107
2019-04-28 14:10:24.618 T:3458011952 ERROR: ffmpeg[CE1D1330]: [aac] Inconsistent channel configuration.
2019-04-28 14:10:24.618 T:3458011952 ERROR: ffmpeg[CE1D1330]: [aac] get_buffer() failed
2019-04-28 14:10:24.649 T:3474797360 DEBUG: CVideoPlayerVideo::OutputPicture - ttd:393ms pts:30.072 Clock:29.678 Level:6 elapsed:37.404ms
2019-04-28 14:10:24.659 T:3458011952 ERROR: ffmpeg[CE1D1330]: [aac] channel element 3.13 is not allocated
2019-04-28 14:10:24.659 T:3552891696 DEBUG: CVideoPlayer::ProcessVideoData size:610 dts:38.372 pts:38.372 dur:41.708ms, clock:29.726 level:106
2019-04-28 14:10:24.690 T:3474797360 DEBUG: CVideoPlayerVideo::OutputPicture - ttd:393ms pts:30.113 Clock:29.720 Level:6 elapsed:37.339ms
2019-04-28 14:10:24.700 T:3458011952 DEBUG: ffmpeg[CE1D1330]: [aac] Sample rate index in program config element does not match the sample rate index configured by the container.
2019-04-28 14:10:24.700 T:3552891696 DEBUG: CVideoPlayer::ProcessVideoData size:631 dts:38.413 pts:38.413 dur:41.708ms, clock:29.767 level:107
2019-04-28 14:10:24.700 T:3458011952 ERROR: ffmpeg[CE1D1330]: [aac] Inconsistent channel configuration.
2019-04-28 14:10:24.700 T:3458011952 ERROR: ffmpeg[CE1D1330]: [aac] get_buffer() failed
2019-04-28 14:10:24.732 T:3474797360 DEBUG: CVideoPlayerVideo::OutputPicture - ttd:395ms pts:30.155 Clock:29.759 Level:6 elapsed:39.834ms
2019-04-28 14:10:24.741 T:3458011952 ERROR: ffmpeg[CE1D1330]: [aac] channel element 3.3 is not allocated
2019-04-28 14:10:24.741 T:3552891696 DEBUG: CVideoPlayer::ProcessVideoData size:13775 dts:38.455 pts:38.580 dur:41.708ms, clock:29.808 level:106
2019-04-28 14:10:24.774 T:3474797360 DEBUG: CVideoPlayerVideo::OutputPicture - ttd:395ms pts:30.197 Clock:29.802 Level:6 elapsed:39.765ms
2019-04-28 14:10:24.782 T:3458011952 ERROR: ffmpeg[CE1D1330]: [aac] Reserved bit set.
2019-04-28 14:10:24.782 T:3552891696 DEBUG: CVideoPlayer::ProcessVideoData size:574 dts:38.497 pts:38.497 dur:41.708ms, clock:29.849 level:106
2019-04-28 14:10:24.782 T:3458011952 ERROR: ffmpeg[CE1D1330]: [aac] Number of bands (7) exceeds limit (4).
2019-04-28 14:10:24.809 T:4093684544 NOTICE: Samba is idle. Closing the remaining connections
2019-04-28 14:10:24.822 T:3474797360 DEBUG: CVideoPlayerVideo::OutputPicture - ttd:392ms pts:30.239 Clock:29.846 Level:6 elapsed:43.191ms
2019-04-28 14:10:24.833 T:3458011952 ERROR: ffmpeg[CE1D1330]: [aac] channel element 2.8 is not allocated
2019-04-28 14:10:24.833 T:3552891696 DEBUG: CVideoPlayer::ProcessVideoData size:679 dts:38.538 pts:38.538 dur:41.708ms, clock:29.900 level:107
2019-04-28 14:10:24.857 T:3474797360 DEBUG: CVideoPlayerVideo::OutputPicture - ttd:388ms pts:30.280 Clock:29.891 Level:6 elapsed:32.987ms
2019-04-28 14:10:24.864 T:3552891696 DEBUG: CVideoPlayer::ProcessVideoData size:13433 dts:38.580 pts:38.705 dur:41.708ms, clock:29.931 level:106
2019-04-28 14:10:24.864 T:3458011952 ERROR: ffmpeg[CE1D1330]: [aac] channel element 2.0 is not allocated
2019-04-28 14:10:24.899 T:3474797360 DEBUG: CVideoPlayerVideo::OutputPicture - ttd:393ms pts:30.322 Clock:29.929 Level:6 elapsed:37.515ms
2019-04-28 14:10:24.904 T:3458011952 ERROR: ffmpeg[CE1D1330]: [aac] channel element 2.12 is not allocated
2019-04-28 14:10:24.904 T:3552891696 DEBUG: CVideoPlayer::ProcessVideoData size:624 dts:38.622 pts:38.622 dur:41.708ms, clock:29.972 level:107
2019-04-28 14:10:24.941 T:3474797360 DEBUG: CVideoPlayerVideo::OutputPicture - ttd:394ms pts:30.364 Clock:29.969 Level:6 elapsed:39.562ms
2019-04-28 14:10:24.943 T:3665650480 DEBUG: Thread JobWorker 3665650480 terminating (autodelete)
2019-04-28 14:10:24.943 T:3893404464 DEBUG: Thread JobWorker 3893404464 terminating (autodelete)
2019-04-28 14:10:24.943 T:3885011760 DEBUG: Thread JobWorker 3885011760 terminating (autodelete)
2019-04-28 14:10:24.944 T:3901797168 DEBUG: Thread JobWorker 3901797168 terminating (autodelete)
2019-04-28 14:10:24.945 T:3458011952 ERROR: ffmpeg[CE1D1330]: [aac] Prediction is not allowed in AAC-LC.
2019-04-28 14:10:24.945 T:3552891696 DEBUG: CVideoPlayer::ProcessVideoData size:683 dts:38.664 pts:38.664 dur:41.708ms, clock:30.013 level:106
2019-04-28 14:10:24.983 T:3474797360 DEBUG: CVideoPlayerVideo::OutputPicture - ttd:394ms pts:30.405 Clock:30.011 Level:6 elapsed:39.390ms
2019-04-28 14:10:24.984 T:3785339696 DEBUG: [plugin.video.netflix (0)] Executing JSON-RPC: {"params": {"playerid": 1, "properties": ["audiostreams", "currentaudiostream", "subtitles", "currentsubtitle", "subtitleenabled", "percentage", "time"]}, "jsonrpc": "2.0", "method": "Player.GetProperties", "id": 1}
2019-04-28 14:10:24.986 T:3785339696 DEBUG: [plugin.video.netflix (0)] Notifying all managers of on_tick (data={u'currentaudiostream': {u'index': 0, u'name': u'AAC ', u'language': u'eng', u'channels': 2, u'codec': u'aac', u'bitrate': 98304}, u'elapsed_seconds': 30, u'time': {u'hours': 0, u'seconds': 30, u'minutes': 0, u'milliseconds': 33}, u'subtitleenabled': True, u'percentage': 0.58464086055755615, u'currentsubtitle': {u'index': 0, u'name': u'', u'language': u'eng'}, u'audiostreams': [{u'index': 0, u'name': u'AAC ', u'language': u'eng', u'channels': 2, u'codec': u'aac', u'bitrate': 98304}, {u'index': 1, u'name': u'AAC ', u'language': u'spa', u'channels': 2, u'codec': u'aac', u'bitrate': 98304}, {u'index': 2, u'name': u'AAC ', u'language': u'fre', u'channels': 2, u'codec': u'aac', u'bitrate': 98304}, {u'index': 3, u'name': u'AAC ', u'language': u'por', u'channels': 2, u'codec': u'aac', u'bitrate': 98304}], u'subtitles': [{u'index': 0, u'name': u'', u'language': u'eng'}, {u'index': 1, u'name': u'', u'language': u'spa'}, {u'index': 2, u'name': u'', u'language': u'spa'}, {u'index': 3, u'name': u'', u'language': u'fre'}, {u'index': 4, u'name': u'', u'language': u'fre'}, {u'index': 5, u'name': u'', u'language': u'por'}]})
2019-04-28 14:10:24.987 T:3552891696 DEBUG: CVideoPlayer::ProcessVideoData size:14095 dts:38.705 pts:38.830 dur:41.708ms, clock:30.054 level:106
2019-04-28 14:10:24.987 T:3458011952 ERROR: ffmpeg[CE1D1330]: [aac] channel element 3.15 is not allocated
2019-04-28 14:10:25.024 T:3474797360 DEBUG: CVideoPlayerVideo::OutputPicture - ttd:392ms pts:30.447 Clock:30.055 Level:6 elapsed:36.239ms
2019-04-28 14:10:25.027 T:3458011952 ERROR: ffmpeg[CE1D1330]: [aac] Reserved bit set.
2019-04-28 14:10:25.028 T:3552891696 DEBUG: CVideoPlayer::ProcessVideoData size:646 dts:38.747 pts:38.747 dur:41.708ms, clock:30.095 level:107
2019-04-28 14:10:25.028 T:3458011952 ERROR: ffmpeg[CE1D1330]: [aac] Number of bands (42) exceeds limit (34).
2019-04-28 14:10:25.066 T:3474797360 DEBUG: CVideoPlayerVideo::OutputPicture - ttd:395ms pts:30.489 Clock:30.094 Level:6 elapsed:39.053ms
2019-04-28 14:10:25.068 T:3458011952 ERROR: ffmpeg[CE1D1330]: [aac] channel element 3.6 is not allocated
2019-04-28 14:10:25.068 T:3552891696 DEBUG: CVideoPlayer::ProcessVideoData size:555 dts:38.789 pts:38.789 dur:41.708ms, clock:30.136 level:106
2019-04-28 14:10:25.108 T:3474797360 DEBUG: CVideoPlayerVideo::OutputPicture - ttd:395ms pts:30.530 Clock:30.135 Level:6 elapsed:39.818ms
2019-04-28 14:10:25.119 T:3458011952 ERROR: ffmpeg[CE1D1330]: [aac] invalid band type
2019-04-28 14:10:25.119 T:3552891696 DEBUG: CVideoPlayer::ProcessVideoData size:15887 dts:38.830 pts:38.956 dur:41.708ms, clock:30.187 level:106
2019-04-28 14:10:25.149 T:3474797360 DEBUG: CVideoPlayerVideo::OutputPicture - ttd:390ms pts:30.572 Clock:30.182 Level:6 elapsed:34.264ms
2019-04-28 14:10:25.160 T:3458011952 DEBUG: ffmpeg[CE1D1330]: [aac] Sample rate index in program config element does not match the sample rate index configured by the container.
2019-04-28 14:10:25.160 T:3552891696 DEBUG: CVideoPlayer::ProcessVideoData size:654 dts:38.872 pts:38.872 dur:41.708ms, clock:30.227 level:107
2019-04-28 14:10:25.160 T:3458011952 ERROR: ffmpeg[CE1D1330]: [aac] Inconsistent channel configuration.
2019-04-28 14:10:25.160 T:3458011952 ERROR: ffmpeg[CE1D1330]: [aac] get_buffer() failed
2019-04-28 14:10:25.191 T:3474797360 DEBUG: CVideoPlayerVideo::OutputPicture - ttd:395ms pts:30.614 Clock:30.219 Level:6 elapsed:39.529ms
2019-04-28 14:10:25.201 T:3458011952 ERROR: ffmpeg[CE1D1330]: [aac] Number of scalefactor bands in group (50) exceeds limit (47).
2019-04-28 14:10:25.201 T:3552891696 DEBUG: CVideoPlayer::ProcessVideoData size:673 dts:38.914 pts:38.914 dur:41.708ms, clock:30.268 level:106
2019-04-28 14:10:25.233 T:3474797360 DEBUG: CVideoPlayerVideo::OutputPicture - ttd:395ms pts:30.656 Clock:30.260 Level:6 elapsed:39.547ms
2019-04-28 14:10:25.242 T:3458011952 ERROR: ffmpeg[CE1D1330]: [aac] ms_present = 3 is reserved.
2019-04-28 14:10:25.242 T:3552891696 DEBUG: CVideoPlayer::ProcessVideoData size:16633 dts:38.956 pts:39.081 dur:41.708ms, clock:30.309 level:106
2019-04-28 14:10:25.275 T:3474797360 DEBUG: CVideoPlayerVideo::OutputPicture - ttd:392ms pts:30.697 Clock:30.305 Level:6 elapsed:37.086ms
2019-04-28 14:10:25.283 T:3552891696 DEBUG: CVideoPlayer::ProcessVideoData size:562 dts:38.997 pts:38.997 dur:41.708ms, clock:30.350 level:107
2019-04-28 14:10:25.316 T:3474797360 DEBUG: CVideoPlayerVideo::OutputPicture - ttd:394ms pts:30.739 Clock:30.344 Level:6 elapsed:39.100ms
2019-04-28 14:10:25.324 T:3458011952 ERROR: ffmpeg[CE1D1330]: [aac] channel element 3.12 is not allocated
2019-04-28 14:10:25.324 T:3552891696 DEBUG: CVideoPlayer::ProcessVideoData size:546 dts:39.039 pts:39.039 dur:41.708ms, clock:30.391 level:106
2019-04-28 14:10:25.358 T:3474797360 DEBUG: CVideoPlayerVideo::OutputPicture - ttd:395ms pts:30.781 Clock:30.386 Level:6 elapsed:39.095ms
2019-04-28 14:10:25.364 T:3458011952 ERROR: ffmpeg[CE1D1330]: [aac] SBR was found before the first channel element.
2019-04-28 14:10:25.365 T:3552891696 DEBUG: CVideoPlayer::ProcessVideoData size:15004 dts:39.081 pts:39.206 dur:41.708ms, clock:30.432 level:106
2019-04-28 14:10:25.365 T:3458011952 ERROR: ffmpeg[CE1D1330]: [aac] channel element 2.8 is not allocated
2019-04-28 14:10:25.400 T:3474797360 DEBUG: CVideoPlayerVideo::OutputPicture - ttd:391ms pts:30.822 Clock:30.431 Level:6 elapsed:36.197ms
2019-04-28 14:10:25.405 T:3458011952 ERROR: ffmpeg[CE1D1330]: [aac] channel element 2.2 is not allocated
2019-04-28 14:10:25.405 T:3552891696 DEBUG: CVideoPlayer::ProcessVideoData size:626 dts:39.122 pts:39.122 dur:41.708ms, clock:30.472 level:107
2019-04-28 14:10:25.441 T:3474797360 DEBUG: CVideoPlayerVideo::OutputPicture - ttd:395ms pts:30.864 Clock:30.469 Level:6 elapsed:39.440ms
2019-04-28 14:10:25.446 T:3458011952 ERROR: ffmpeg[CE1D1330]: [aac] channel element 2.9 is not allocated
2019-04-28 14:10:25.446 T:3552891696 DEBUG: CVideoPlayer::ProcessVideoData size:653 dts:39.164 pts:39.164 dur:41.708ms, clock:30.513 level:106
2019-04-28 14:10:25.483 T:3474797360 DEBUG: CVideoPlayerVideo::OutputPicture - ttd:395ms pts:30.906 Clock:30.511 Level:6 elapsed:39.355ms
2019-04-28 14:10:25.487 T:3458011952 ERROR: ffmpeg[CE1D1330]: [aac] channel element 3.1 is not allocated
2019-04-28 14:10:25.487 T:3552891696 DEBUG: CVideoPlayer::ProcessVideoData size:14555 dts:39.206 pts:39.331 dur:41.708ms, clock:30.554 level:106
2019-04-28 14:10:25.525 T:3474797360 DEBUG: CVideoPlayerVideo::OutputPicture - ttd:392ms pts:30.948 Clock:30.555 Level:6 elapsed:36.807ms
2019-04-28 14:10:25.528 T:3552891696 DEBUG: CVideoPlayer::ProcessVideoData size:666 dts:39.248 pts:39.248 dur:41.708ms, clock:30.595 level:107
2019-04-28 14:10:25.528 T:3458011952 ERROR: ffmpeg[CE1D1330]: [aac] invalid band type
2019-04-28 14:10:25.567 T:3474797360 DEBUG: CVideoPlayerVideo::OutputPicture - ttd:394ms pts:30.989 Clock:30.594 Level:6 elapsed:39.480ms
2019-04-28 14:10:25.569 T:3458011952 ERROR: ffmpeg[CE1D1330]: [aac] channel element 3.15 is not allocated
2019-04-28 14:10:25.569 T:3552891696 DEBUG: CVideoPlayer::ProcessVideoData size:604 dts:39.289 pts:39.289 dur:41.708ms, clock:30.636 level:106
2019-04-28 14:10:25.608 T:3474797360 DEBUG: CVideoPlayerVideo::OutputPicture - ttd:394ms pts:31.031 Clock:30.636 Level:6 elapsed:39.049ms
2019-04-28 14:10:25.610 T:3458011952 ERROR: ffmpeg[CE1D1330]: [aac] channel element 2.1 is not allocated
2019-04-28 14:10:25.610 T:3552891696 DEBUG: CVideoPlayer::ProcessVideoData size:17374 dts:39.331 pts:39.456 dur:41.708ms, clock:30.677 level:106
2019-04-28 14:10:25.650 T:3474797360 DEBUG: CVideoPlayerVideo::OutputPicture - ttd:391ms pts:31.073 Clock:30.682 Level:6 elapsed:35.138ms
2019-04-28 14:10:25.661 T:3458011952 ERROR: ffmpeg[CE1D1330]: [aac] ms_present = 3 is reserved.
2019-04-28 14:10:25.661 T:3552891696 DEBUG: CVideoPlayer::ProcessVideoData size:588 dts:39.373 pts:39.373 dur:41.708ms, clock:30.728 level:107
2019-04-28 14:10:25.691 T:3474797360 DEBUG: CVideoPlayerVideo::OutputPicture - ttd:394ms pts:31.114 Clock:30.720 Level:6 elapsed:38.289ms
2019-04-28 14:10:25.702 T:3458011952 ERROR: ffmpeg[CE1D1330]: [aac] Prediction is not allowed in AAC-LC.
2019-04-28 14:10:25.702 T:3552891696 DEBUG: CVideoPlayer::ProcessVideoData size:602 dts:39.414 pts:39.414 dur:41.708ms, clock:30.769 level:106
2019-04-28 14:10:25.733 T:3474797360 DEBUG: CVideoPlayerVideo::OutputPicture - ttd:395ms pts:31.156 Clock:30.761 Level:6 elapsed:39.606ms
2019-04-28 14:10:25.743 T:3458011952 ERROR: ffmpeg[CE1D1330]: [aac] Reserved bit set.
2019-04-28 14:10:25.743 T:3552891696 DEBUG: CVideoPlayer::ProcessVideoData size:14180 dts:39.456 pts:39.581 dur:41.708ms, clock:30.810 level:106
2019-04-28 14:10:25.743 T:3458011952 ERROR: ffmpeg[CE1D1330]: [aac] Number of scalefactor bands in group (61) exceeds limit (47).
2019-04-28 14:10:25.775 T:3474797360 DEBUG: CVideoPlayerVideo::OutputPicture - ttd:391ms pts:31.198 Clock:30.807 Level:6 elapsed:36.015ms
2019-04-28 14:10:25.784 T:3458011952 DEBUG: ffmpeg[CE1D1330]: [aac] Sample rate index in program config element does not match the sample rate index configured by the container.
