2019-04-28 14:09:57.265 T:3458011952 ERROR: ffmpeg[CE1D1330]: [aac] Reserved bit set.
2019-04-28 14:09:57.265 T:3458011952 ERROR: ffmpeg[CE1D1330]: [aac] Prediction is not allowed in AAC-LC.
2019-04-28 14:09:57.288 T:3474797360 DEBUG: CVideoPlayerVideo::OutputPicture - ttd:395ms pts:2.711 Clock:2.316 Level:6 elapsed:39.677ms
2019-04-28 14:09:57.297 T:3552891696 DEBUG: CVideoPlayer::ProcessVideoData size:6448 dts:11.011 pts:11.011 dur:41.708ms, clock:2.364 level:106
2019-04-28 14:09:57.305 T:3458011952 ERROR: ffmpeg[CE1D1330]: [aac] Number of scalefactor bands in group (48) exceeds limit (47).
2019-04-28 14:09:57.330 T:3474797360 DEBUG: CVideoPlayerVideo::OutputPicture - ttd:391ms pts:2.753 Clock:2.362 Level:6 elapsed:35.574ms
2019-04-28 14:09:57.338 T:3552891696 DEBUG: CVideoPlayer::ProcessVideoData size:7126 dts:11.053 pts:11.053 dur:41.708ms, clock:2.405 level:107
2019-04-28 14:09:57.346 T:3458011952 DEBUG: ffmpeg[CE1D1330]: [aac] Sample rate index in program config element does not match the sample rate index configured by the container.
2019-04-28 14:09:57.346 T:3458011952 ERROR: ffmpeg[CE1D1330]: [aac] Inconsistent channel configuration.
2019-04-28 14:09:57.346 T:3458011952 ERROR: ffmpeg[CE1D1330]: [aac] get_buffer() failed
2019-04-28 14:09:57.372 T:3474797360 DEBUG: CVideoPlayerVideo::OutputPicture - ttd:392ms pts:2.794 Clock:2.402 Level:6 elapsed:37.231ms
2019-04-28 14:09:57.379 T:3552891696 DEBUG: CVideoPlayer::ProcessVideoData size:13080 dts:11.094 pts:11.220 dur:41.708ms, clock:2.446 level:106
2019-04-28 14:09:57.387 T:3458011952 DEBUG: ffmpeg[CE1D1330]: [aac] Sample rate index in program config element does not match the sample rate index configured by the container.
2019-04-28 14:09:57.387 T:3458011952 DEBUG: ffmpeg[CE1D1330]: [aac] Too large remapped id is not implemented. Update your FFmpeg version to the newest one from Git. If the problem still occurs, it means that your file has a feature which has not been implemented.
2019-04-28 14:09:57.387 T:3458011952 DEBUG: ffmpeg[CE1D1330]: [aac] If you want to help, upload a sample of this file to ftp://upload.ffmpeg.org/incoming/ and contact the ffmpeg-devel mailing list. (ffmpeg-devel@ffmpeg.org)
2019-04-28 14:09:57.413 T:3474797360 DEBUG: CVideoPlayerVideo::OutputPicture - ttd:394ms pts:2.836 Clock:2.441 Level:6 elapsed:39.202ms
2019-04-28 14:09:57.420 T:3552891696 DEBUG: CVideoPlayer::ProcessVideoData size:7170 dts:11.136 pts:11.136 dur:41.708ms, clock:2.487 level:106
2019-04-28 14:09:57.427 T:3458011952 ERROR: ffmpeg[CE1D1330]: [aac] channel element 3.0 is not allocated
2019-04-28 14:09:57.455 T:3474797360 DEBUG: CVideoPlayerVideo::OutputPicture - ttd:392ms pts:2.878 Clock:2.486 Level:6 elapsed:36.706ms
2019-04-28 14:09:57.461 T:3552891696 DEBUG: CVideoPlayer::ProcessVideoData size:7961 dts:11.178 pts:11.178 dur:41.708ms, clock:2.528 level:107
2019-04-28 14:09:57.497 T:3474797360 DEBUG: CVideoPlayerVideo::OutputPicture - ttd:393ms pts:2.920 Clock:2.526 Level:6 elapsed:38.186ms
2019-04-28 14:09:57.502 T:3552891696 DEBUG: CVideoPlayer::ProcessVideoData size:13528 dts:11.220 pts:11.303 dur:41.708ms, clock:2.569 level:106
2019-04-28 14:09:57.508 T:3458011952 ERROR: ffmpeg[CE1D1330]: [aac] ms_present = 3 is reserved.
2019-04-28 14:09:57.539 T:3474797360 DEBUG: CVideoPlayerVideo::OutputPicture - ttd:394ms pts:2.961 Clock:2.567 Level:6 elapsed:39.156ms
2019-04-28 14:09:57.543 T:3552891696 DEBUG: CVideoPlayer::ProcessVideoData size:7405 dts:11.261 pts:11.261 dur:41.708ms, clock:2.610 level:106
2019-04-28 14:09:57.549 T:3458011952 DEBUG: ffmpeg[CE1D1330]: [aac] Sample rate index in program config element does not match the sample rate index configured by the container.
2019-04-28 14:09:57.549 T:3458011952 ERROR: ffmpeg[CE1D1330]: [aac] Inconsistent channel configuration.
2019-04-28 14:09:57.549 T:3458011952 ERROR: ffmpeg[CE1D1330]: [aac] get_buffer() failed
2019-04-28 14:09:57.580 T:3474797360 DEBUG: CVideoPlayerVideo::OutputPicture - ttd:392ms pts:3.003 Clock:2.611 Level:6 elapsed:36.717ms
2019-04-28 14:09:57.584 T:3552891696 DEBUG: CVideoPlayer::ProcessVideoData size:13402 dts:11.303 pts:11.386 dur:41.708ms, clock:2.651 level:107
2019-04-28 14:09:57.589 T:3458011952 ERROR: ffmpeg[CE1D1330]: [aac] channel element 3.5 is not allocated
2019-04-28 14:09:57.622 T:3474797360 DEBUG: CVideoPlayerVideo::OutputPicture - ttd:394ms pts:3.045 Clock:2.650 Level:6 elapsed:39.214ms
2019-04-28 14:09:57.625 T:3552891696 DEBUG: CVideoPlayer::ProcessVideoData size:7330 dts:11.345 pts:11.345 dur:41.708ms, clock:2.692 level:106
2019-04-28 14:09:57.630 T:3458011952 ERROR: ffmpeg[CE1D1330]: [aac] Reserved bit set.
2019-04-28 14:09:57.630 T:3458011952 ERROR: ffmpeg[CE1D1330]: [aac] Number of bands (25) exceeds limit (3).
2019-04-28 14:09:57.664 T:3474797360 DEBUG: CVideoPlayerVideo::OutputPicture - ttd:394ms pts:3.086 Clock:2.692 Level:6 elapsed:39.108ms
2019-04-28 14:09:57.666 T:3552891696 DEBUG: CVideoPlayer::ProcessVideoData size:15282 dts:11.386 pts:11.470 dur:41.708ms, clock:2.733 level:106
2019-04-28 14:09:57.671 T:3458011952 ERROR: ffmpeg[CE1D1330]: [aac] Number of bands (3) exceeds limit (2).
2019-04-28 14:09:57.705 T:3474797360 DEBUG: CVideoPlayerVideo::OutputPicture - ttd:392ms pts:3.128 Clock:2.736 Level:6 elapsed:36.145ms
2019-04-28 14:09:57.707 T:3552891696 DEBUG: CVideoPlayer::ProcessVideoData size:7159 dts:11.428 pts:11.428 dur:41.708ms, clock:2.774 level:107
2019-04-28 14:09:57.712 T:3458011952 ERROR: ffmpeg[CE1D1330]: [aac] channel element 3.4 is not allocated
2019-04-28 14:09:57.747 T:3474797360 DEBUG: CVideoPlayerVideo::OutputPicture - ttd:394ms pts:3.170 Clock:2.775 Level:6 elapsed:39.078ms
2019-04-28 14:09:57.758 T:3552891696 DEBUG: CVideoPlayer::ProcessVideoData size:15439 dts:11.470 pts:11.553 dur:41.708ms, clock:2.825 level:106
2019-04-28 14:09:57.762 T:3458011952 DEBUG: ffmpeg[CE1D1330]: [aac] Sample rate index in program config element does not match the sample rate index configured by the container.
2019-04-28 14:09:57.762 T:3458011952 DEBUG: ffmpeg[CE1D1330]: [aac] Too large remapped id is not implemented. Update your FFmpeg version to the newest one from Git. If the problem still occurs, it means that your file has a feature which has not been implemented.
2019-04-28 14:09:57.762 T:3458011952 DEBUG: ffmpeg[CE1D1330]: [aac] If you want to help, upload a sample of this file to ftp://upload.ffmpeg.org/incoming/ and contact the ffmpeg-devel mailing list. (ffmpeg-devel@ffmpeg.org)
2019-04-28 14:09:57.789 T:3474797360 DEBUG: CVideoPlayerVideo::OutputPicture - ttd:392ms pts:3.212 Clock:2.819 Level:6 elapsed:37.028ms
2019-04-28 14:09:57.799 T:3552891696 DEBUG: CVideoPlayer::ProcessVideoData size:6764 dts:11.511 pts:11.511 dur:41.708ms, clock:2.866 level:107
2019-04-28 14:09:57.803 T:3458011952 DEBUG: ffmpeg[CE1D1330]: [aac] Sample rate index in program config element does not match the sample rate index configured by the container.
2019-04-28 14:09:57.803 T:3458011952 ERROR: ffmpeg[CE1D1330]: [aac] Inconsistent channel configuration.
2019-04-28 14:09:57.803 T:3458011952 ERROR: ffmpeg[CE1D1330]: [aac] get_buffer() failed
2019-04-28 14:09:57.831 T:3474797360 DEBUG: CVideoPlayerVideo::OutputPicture - ttd:394ms pts:3.253 Clock:2.858 Level:6 elapsed:39.268ms
2019-04-28 14:09:57.840 T:3552891696 DEBUG: CVideoPlayer::ProcessVideoData size:14543 dts:11.553 pts:11.637 dur:41.708ms, clock:2.907 level:106
2019-04-28 14:09:57.843 T:3458011952 ERROR: ffmpeg[CE1D1330]: [aac] channel element 2.14 is not allocated
2019-04-28 14:09:57.872 T:3474797360 DEBUG: CVideoPlayerVideo::OutputPicture - ttd:394ms pts:3.295 Clock:2.900 Level:6 elapsed:39.286ms
2019-04-28 14:09:57.879 T:3576222512 DEBUG: CWebServer[8080]: request received for /jsonrpc
2019-04-28 14:09:57.881 T:3552891696 DEBUG: CVideoPlayer::ProcessVideoData size:5591 dts:11.595 pts:11.595 dur:41.708ms, clock:2.948 level:106
2019-04-28 14:09:57.883 T:3785339696 DEBUG: [plugin.video.netflix (0)] Executing JSON-RPC: {"params": {"playerid": 1, "properties": ["audiostreams", "currentaudiostream", "subtitles", "currentsubtitle", "subtitleenabled", "percentage", "time"]}, "jsonrpc": "2.0", "method": "Player.GetProperties", "id": 1}
2019-04-28 14:09:57.884 T:3576222512 DEBUG: CWebServer[8080]: request received for /jsonrpc
2019-04-28 14:09:57.884 T:3458011952 ERROR: ffmpeg[CE1D1330]: [aac] Number of bands (26) exceeds limit (5).
2019-04-28 14:09:57.886 T:3785339696 DEBUG: [plugin.video.netflix (0)] Notifying all managers of on_tick (data={u'currentaudiostream': {u'index': 0, u'name': u'AAC ', u'language': u'eng', u'channels': 2, u'codec': u'aac', u'bitrate': 98304}, u'elapsed_seconds': 2, u'time': {u'hours': 0, u'seconds': 2, u'minutes': 0, u'milliseconds': 833}, u'subtitleenabled': True, u'percentage': 0.055148918181657791, u'currentsubtitle': {u'index': 0, u'name': u'', u'language': u'eng'}, u'audiostreams': [{u'index': 0, u'name': u'AAC ', u'language': u'eng', u'channels': 2, u'codec': u'aac', u'bitrate': 98304}, {u'index': 1, u'name': u'AAC ', u'language': u'spa', u'channels': 2, u'codec': u'aac', u'bitrate': 98304}, {u'index': 2, u'name': u'AAC ', u'language': u'fre', u'channels': 2, u'codec': u'aac', u'bitrate': 98304}, {u'index': 3, u'name': u'AAC ', u'language': u'por', u'channels': 2, u'codec': u'aac', u'bitrate': 98304}], u'subtitles': [{u'index': 0, u'name': u'', u'language': u'eng'}, {u'index': 1, u'name': u'', u'language': u'spa'}, {u'index': 2, u'name': u'', u'language': u'spa'}, {u'index': 3, u'name': u'', u'language': u'fre'}, {u'index': 4, u'name': u'', u'language': u'fre'}, {u'index': 5, u'name': u'', u'language': u'por'}]})
2019-04-28 14:09:57.888 T:3576222512 DEBUG: CWebServer[8080]: request received for /jsonrpc
2019-04-28 14:09:57.914 T:3474797360 DEBUG: Previous line repeats 1 times.
2019-04-28 14:09:57.914 T:3474797360 DEBUG: CVideoPlayerVideo::OutputPicture - ttd:390ms pts:3.337 Clock:2.946 Level:6 elapsed:34.979ms
2019-04-28 14:09:57.922 T:3552891696 DEBUG: CVideoPlayer::ProcessVideoData size:13960 dts:11.637 pts:11.720 dur:41.708ms, clock:2.989 level:107
2019-04-28 14:09:57.925 T:3458011952 ERROR: ffmpeg[CE1D1330]: [aac] Reserved bit set.
2019-04-28 14:09:57.925 T:3458011952 ERROR: ffmpeg[CE1D1330]: [aac] Number of bands (10) exceeds limit (8).
2019-04-28 14:09:57.956 T:3474797360 DEBUG: CVideoPlayerVideo::OutputPicture - ttd:395ms pts:3.378 Clock:2.983 Level:6 elapsed:39.501ms
2019-04-28 14:09:57.963 T:3552891696 DEBUG: CVideoPlayer::ProcessVideoData size:4380 dts:11.678 pts:11.678 dur:41.708ms, clock:3.030 level:106
2019-04-28 14:09:57.965 T:3458011952 ERROR: ffmpeg[CE1D1330]: [aac] Prediction is not allowed in AAC-LC.
2019-04-28 14:09:57.998 T:3474797360 DEBUG: CVideoPlayerVideo::OutputPicture - ttd:394ms pts:3.420 Clock:3.025 Level:6 elapsed:39.474ms
2019-04-28 14:09:58.004 T:3552891696 DEBUG: CVideoPlayer::ProcessVideoData size:15224 dts:11.720 pts:11.845 dur:41.708ms, clock:3.071 level:106
2019-04-28 14:09:58.006 T:3458011952 ERROR: ffmpeg[CE1D1330]: [aac] channel element 3.10 is not allocated
2019-04-28 14:09:58.039 T:3474797360 DEBUG: CVideoPlayerVideo::OutputPicture - ttd:391ms pts:3.462 Clock:3.070 Level:6 elapsed:35.408ms
2019-04-28 14:09:58.045 T:3552891696 DEBUG: CVideoPlayer::ProcessVideoData size:4450 dts:11.762 pts:11.762 dur:41.708ms, clock:3.112 level:107
2019-04-28 14:09:58.046 T:3458011952 ERROR: ffmpeg[CE1D1330]: [aac] channel element 2.7 is not allocated
2019-04-28 14:09:58.080 T:3474797360 DEBUG: CVideoPlayerVideo::OutputPicture - ttd:395ms pts:3.503 Clock:3.108 Level:6 elapsed:39.192ms
2019-04-28 14:09:58.086 T:3552891696 DEBUG: CVideoPlayer::ProcessVideoData size:4179 dts:11.803 pts:11.803 dur:41.708ms, clock:3.153 level:106
2019-04-28 14:09:58.087 T:3458011952 ERROR: ffmpeg[CE1D1330]: [aac] Reserved bit set.
2019-04-28 14:09:58.087 T:3458011952 ERROR: ffmpeg[CE1D1330]: [aac] Prediction is not allowed in AAC-LC.
2019-04-28 14:09:58.122 T:3474797360 DEBUG: CVideoPlayerVideo::OutputPicture - ttd:394ms pts:3.545 Clock:3.151 Level:6 elapsed:38.782ms
2019-04-28 14:09:58.127 T:3552891696 DEBUG: CVideoPlayer::ProcessVideoData size:12674 dts:11.845 pts:11.929 dur:41.708ms, clock:3.194 level:106
2019-04-28 14:09:58.127 T:3458011952 DEBUG: ffmpeg[CE1D1330]: [aac] Sample rate index in program config element does not match the sample rate index configured by the container.
2019-04-28 14:09:58.128 T:3458011952 ERROR: ffmpeg[CE1D1330]: [aac] Inconsistent channel configuration.
2019-04-28 14:09:58.128 T:3458011952 ERROR: ffmpeg[CE1D1330]: [aac] get_buffer() failed
2019-04-28 14:09:58.164 T:3474797360 DEBUG: CVideoPlayerVideo::OutputPicture - ttd:392ms pts:3.587 Clock:3.194 Level:6 elapsed:36.755ms
2019-04-28 14:09:58.168 T:3458011952 ERROR: ffmpeg[CE1D1330]: [aac] Reserved bit set.
2019-04-28 14:09:58.168 T:3552891696 DEBUG: CVideoPlayer::ProcessVideoData size:3376 dts:11.887 pts:11.887 dur:41.708ms, clock:3.235 level:107
2019-04-28 14:09:58.168 T:3458011952 ERROR: ffmpeg[CE1D1330]: [aac] Number of scalefactor bands in group (48) exceeds limit (47).
2019-04-28 14:09:58.206 T:3474797360 DEBUG: CVideoPlayerVideo::OutputPicture - ttd:395ms pts:3.629 Clock:3.234 Level:6 elapsed:39.237ms
2019-04-28 14:09:58.209 T:3552891696 DEBUG: CVideoPlayer::ProcessVideoData size:12794 dts:11.929 pts:12.012 dur:41.708ms, clock:3.276 level:106
2019-04-28 14:09:58.219 T:3458011952 ERROR: ffmpeg[CE1D1330]: [aac] channel element 3.7 is not allocated
2019-04-28 14:09:58.248 T:3474797360 DEBUG: CVideoPlayerVideo::OutputPicture - ttd:394ms pts:3.670 Clock:3.275 Level:6 elapsed:39.288ms
2019-04-28 14:09:58.251 T:3517969200 DEBUG: CurlFile::ParseAndCorrectUrl() adding custom header option 'Range: bytes=1591620-2015751'
2019-04-28 14:09:58.251 T:3517969200 DEBUG: CurlFile::ParseAndCorrectUrl() adding custom header option 'connection: keep-alive'
2019-04-28 14:09:58.251 T:3517969200 DEBUG: CurlFile::Open(0xe5167818) http://195.8.12.225/?o=AQHsvJl_EOvSE5TTC4bMd_jEHeSPEPWYqOh8RAVmbt7CBOuYT5VYlLBEmZEOHrgBOyDrYOjO2iHNfpl_cP3gfV8kUOWFG-leEB80dn1b5uAz5vGFWq7Dy_c_ownq5FLF3YlnoMExiAug9_IOqu7r923d64Q4l_0p8QG4lpahucIynSgXubBiaTx6l968bmXFGF43MryiAkvD1dD5j3u_hQ&v=3&e=1556500176&t=XBn9CDz3os3jL_GEmnZeF6gNB3c
2019-04-28 14:09:58.259 T:3458011952 ERROR: ffmpeg[CE1D1330]: [aac] Prediction is not allowed in AAC-LC.
2019-04-28 14:09:58.265 T:3552891696 DEBUG: CVideoPlayer::ProcessVideoData size:3124 dts:11.970 pts:11.970 dur:41.708ms, clock:3.332 level:106
2019-04-28 14:09:58.290 T:3474797360 DEBUG: CVideoPlayerVideo::OutputPicture - ttd:382ms pts:3.712 Clock:3.329 Level:6 elapsed:28.030ms
2019-04-28 14:09:58.297 T:3552891696 DEBUG: CVideoPlayer::ProcessVideoData size:40905 dts:12.012 pts:12.054 dur:41.708ms, clock:3.364 level:106
2019-04-28 14:09:58.300 T:3517969200 DEBUG: AddOnLog: InputStream Adaptive: Download http://195.8.12.225/?o=AQHsvJl_EOvSE5TTC4bMd_jEHeSPEPWYqOh8RAVmbt7CBOuYT5VYlLBEmZEOHrgBOyDrYOjO2iHNfpl_cP3gfV8kUOWFG-leEB80dn1b5uAz5vGFWq7Dy_c_ownq5FLF3YlnoMExiAug9_IOqu7r923d64Q4l_0p8QG4lpahucIynSgXubBiaTx6l968bmXFGF43MryiAkvD1dD5j3u_hQ&v=3&e=1556500176&t=XBn9CDz3os3jL_GEmnZeF6gNB3c finished, avg speed: 7615686.98byte/s, current speed: 8836083.00byte/s
2019-04-28 14:09:58.300 T:3458011952 ERROR: ffmpeg[CE1D1330]: [aac] Pulse tool not allowed in eight short sequence.
2019-04-28 14:09:58.331 T:3474797360 DEBUG: CVideoPlayerVideo::OutputPicture - ttd:391ms pts:3.754 Clock:3.362 Level:6 elapsed:35.940ms
2019-04-28 14:09:58.338 T:3466404656 DEBUG: CurlFile::ParseAndCorrectUrl() adding custom header option 'Range: bytes=262923-287885'
2019-04-28 14:09:58.338 T:3466404656 DEBUG: CurlFile::ParseAndCorrectUrl() adding custom header option 'connection: keep-alive'
2019-04-28 14:09:58.338 T:3466404656 DEBUG: CurlFile::Open(0xe5b14460) http://195.8.12.225/?o=AQHsvJl_EOvSE5TTC4bNd__NFO-JEPWYqP98RAVmbt7CBOuYT5VYlLBEmZEOHrgBOyDrYOjO2iHNfpl_cP3gfV8kUOWFG-leEB80dn1b5uAz5vGFWq7Dy_c_ownq5FLF3YlnoMk1n1K7yKkMhNbEvXmPpd0xgv8g8x69ntP3pds0gHtSovUnbSx-hcm2MHyZCVQLaNviCAjXnsu3in0&v=3&e=1556500176&t=SdFHa60Oat9NM19HrSW2B81Yrik
2019-04-28 14:09:58.347 T:3466404656 DEBUG: AddOnLog: InputStream Adaptive: Download http://195.8.12.225/?o=AQHsvJl_EOvSE5TTC4bNd__NFO-JEPWYqP98RAVmbt7CBOuYT5VYlLBEmZEOHrgBOyDrYOjO2iHNfpl_cP3gfV8kUOWFG-leEB80dn1b5uAz5vGFWq7Dy_c_ownq5FLF3YlnoMk1n1K7yKkMhNbEvXmPpd0xgv8g8x69ntP3pds0gHtSovUnbSx-hcm2MHyZCVQLaNviCAjXnsu3in0&v=3&e=1556500176&t=SdFHa60Oat9NM19HrSW2B81Yrik finished, avg speed: 7519281.20byte/s, current speed: 3566142.00byte/s
2019-04-28 14:09:58.347 T:3552891696 DEBUG: CVideoPlayer::ProcessVideoData size:11009 dts:12.054 pts:12.137 dur:41.708ms, clock:3.414 level:107
2019-04-28 14:09:58.351 T:3458011952 ERROR: ffmpeg[CE1D1330]: [aac] Prediction is not allowed in AAC-LC.
2019-04-28 14:09:58.373 T:3474797360 DEBUG: CVideoPlayerVideo::OutputPicture - ttd:394ms pts:3.795 Clock:3.401 Level:6 elapsed:39.472ms
2019-04-28 14:09:58.378 T:3552891696 DEBUG: CVideoPlayer::ProcessVideoData size:2383 dts:12.095 pts:12.095 dur:41.708ms, clock:3.445 level:106
2019-04-28 14:09:58.381 T:3458011952 ERROR: ffmpeg[CE1D1330]: [aac] Prediction is not allowed in AAC-LC.
2019-04-28 14:09:58.382 T:3458011952 ERROR: ffmpeg[CE1D1330]: [aac] Reserved bit set.
2019-04-28 14:09:58.382 T:3458011952 ERROR: ffmpeg[CE1D1330]: [aac] Number of bands (64) exceeds limit (47).
2019-04-28 14:09:58.415 T:3474797360 DEBUG: CVideoPlayerVideo::OutputPicture - ttd:394ms pts:3.837 Clock:3.443 Level:6 elapsed:39.128ms
2019-04-28 14:09:58.420 T:3552891696 DEBUG: CVideoPlayer::ProcessVideoData size:13048 dts:12.137 pts:12.262 dur:41.708ms, clock:3.487 level:106
2019-04-28 14:09:58.422 T:3458011952 DEBUG: ffmpeg[CE1D1330]: [aac] Sample rate index in program config element does not match the sample rate index configured by the container.
2019-04-28 14:09:58.422 T:3458011952 DEBUG: ffmpeg[CE1D1330]: [aac] Too large remapped id is not implemented. Update your FFmpeg version to the newest one from Git. If the problem still occurs, it means that your file has a feature which has not been implemented.
2019-04-28 14:09:58.423 T:3458011952 DEBUG: ffmpeg[CE1D1330]: [aac] If you want to help, upload a sample of this file to ftp://upload.ffmpeg.org/incoming/ and contact the ffmpeg-devel mailing list. (ffmpeg-devel@ffmpeg.org)
2019-04-28 14:09:58.456 T:3474797360 DEBUG: CVideoPlayerVideo::OutputPicture - ttd:392ms pts:3.879 Clock:3.487 Level:6 elapsed:36.333ms
2019-04-28 14:09:58.460 T:3552891696 DEBUG: CVideoPlayer::ProcessVideoData size:2623 dts:12.179 pts:12.179 dur:41.708ms, clock:3.528 level:107
2019-04-28 14:09:58.463 T:3458011952 ERROR: ffmpeg[CE1D1330]: [aac] Reserved bit set.
2019-04-28 14:09:58.463 T:3458011952 ERROR: ffmpeg[CE1D1330]: [aac] Number of bands (16) exceeds limit (15).
2019-04-28 14:09:58.498 T:3474797360 DEBUG: CVideoPlayerVideo::OutputPicture - ttd:395ms pts:3.921 Clock:3.525 Level:6 elapsed:39.389ms
2019-04-28 14:09:58.502 T:3552891696 DEBUG: CVideoPlayer::ProcessVideoData size:2249 dts:12.221 pts:12.221 dur:41.708ms, clock:3.569 level:106
2019-04-28 14:09:58.504 T:3458011952 ERROR: ffmpeg[CE1D1330]: [aac] channel element 2.14 is not allocated
2019-04-28 14:09:58.540 T:3474797360 DEBUG: CVideoPlayerVideo::OutputPicture - ttd:393ms pts:3.962 Clock:3.568 Level:6 elapsed:38.423ms
2019-04-28 14:09:58.542 T:3552891696 DEBUG: CVideoPlayer::ProcessVideoData size:12722 dts:12.262 pts:12.387 dur:41.708ms, clock:3.610 level:106
2019-04-28 14:09:58.544 T:3458011952 ERROR: ffmpeg[CE1D1330]: [aac] channel element 2.12 is not allocated
2019-04-28 14:09:58.581 T:3474797360 DEBUG: CVideoPlayerVideo::OutputPicture - ttd:392ms pts:4.004 Clock:3.612 Level:6 elapsed:36.565ms
2019-04-28 14:09:58.583 T:3552891696 DEBUG: CVideoPlayer::ProcessVideoData size:2345 dts:12.304 pts:12.304 dur:41.708ms, clock:3.651 level:107
2019-04-28 14:09:58.585 T:3458011952 ERROR: ffmpeg[CE1D1330]: [aac] channel element 3.6 is not allocated
2019-04-28 14:09:58.623 T:3474797360 DEBUG: CVideoPlayerVideo::OutputPicture - ttd:394ms pts:4.046 Clock:3.651 Level:6 elapsed:39.089ms
2019-04-28 14:09:58.635 T:3552891696 DEBUG: CVideoPlayer::ProcessVideoData size:2133 dts:12.346 pts:12.346 dur:41.708ms, clock:3.702 level:106
2019-04-28 14:09:58.635 T:3458011952 ERROR: ffmpeg[CE1D1330]: [aac] Reserved bit set.
2019-04-28 14:09:58.636 T:3458011952 ERROR: ffmpeg[CE1D1330]: [aac] Prediction is not allowed in AAC-LC.
2019-04-28 14:09:58.665 T:3474797360 DEBUG: CVideoPlayerVideo::OutputPicture - ttd:394ms pts:4.087 Clock:3.693 Level:6 elapsed:38.975ms
2019-04-28 14:09:58.676 T:3552891696 DEBUG: CVideoPlayer::ProcessVideoData size:12680 dts:12.387 pts:12.512 dur:41.708ms, clock:3.743 level:106
2019-04-28 14:09:58.676 T:3458011952 ERROR: ffmpeg[CE1D1330]: [aac] channel element 2.4 is not allocated
2019-04-28 14:09:58.707 T:3474797360 DEBUG: CVideoPlayerVideo::OutputPicture - ttd:392ms pts:4.129 Clock:3.737 Level:6 elapsed:36.967ms
2019-04-28 14:09:58.716 T:3552891696 DEBUG: CVideoPlayer::ProcessVideoData size:2146 dts:12.429 pts:12.429 dur:41.708ms, clock:3.784 level:107
2019-04-28 14:09:58.717 T:3458011952 ERROR: ffmpeg[CE1D1330]: [aac] channel element 2.14 is not allocated
2019-04-28 14:09:58.748 T:3474797360 DEBUG: CVideoPlayerVideo::OutputPicture - ttd:394ms pts:4.171 Clock:3.776 Level:6 elapsed:39.035ms
2019-04-28 14:09:58.757 T:3552891696 DEBUG: CVideoPlayer::ProcessVideoData size:2013 dts:12.471 pts:12.471 dur:41.708ms, clock:3.825 level:106
2019-04-28 14:09:58.767 T:3458011952 ERROR: ffmpeg[CE1D1330]: [aac] channel element 2.4 is not allocated
2019-04-28 14:09:58.790 T:3474797360 DEBUG: CVideoPlayerVideo::OutputPicture - ttd:394ms pts:4.213 Clock:3.818 Level:6 elapsed:38.948ms
2019-04-28 14:09:58.798 T:3552891696 DEBUG: CVideoPlayer::ProcessVideoData size:12231 dts:12.512 pts:12.638 dur:41.708ms, clock:3.865 level:106
2019-04-28 14:09:58.808 T:3458011952 ERROR: ffmpeg[CE1D1330]: [aac] Reserved bit set.
2019-04-28 14:09:58.808 T:3458011952 ERROR: ffmpeg[CE1D1330]: [aac] Number of bands (29) exceeds limit (19).
2019-04-28 14:09:58.831 T:3474797360 DEBUG: CVideoPlayerVideo::OutputPicture - ttd:390ms pts:4.254 Clock:3.863 Level:6 elapsed:35.141ms
2019-04-28 14:09:58.839 T:3552891696 DEBUG: CVideoPlayer::ProcessVideoData size:2129 dts:12.554 pts:12.554 dur:41.708ms, clock:3.906 level:107
2019-04-28 14:09:58.849 T:3458011952 ERROR: ffmpeg[CE1D1330]: [aac] Reserved bit set.
2019-04-28 14:09:58.849 T:3458011952 ERROR: ffmpeg[CE1D1330]: [aac] Prediction is not allowed in AAC-LC.
2019-04-28 14:09:58.873 T:3474797360 DEBUG: CVideoPlayerVideo::OutputPicture - ttd:395ms pts:4.296 Clock:3.901 Level:6 elapsed:39.340ms
2019-04-28 14:09:58.880 T:3552891696 DEBUG: CVideoPlayer::ProcessVideoData size:2056 dts:12.596 pts:12.596 dur:41.708ms, clock:3.947 level:106
2019-04-28 14:09:58.887 T:3785339696 DEBUG: [plugin.video.netflix (0)] Executing JSON-RPC: {"params": {"playerid": 1, "properties": ["audiostreams", "currentaudiostream", "subtitles", "currentsubtitle", "subtitleenabled", "percentage", "time"]}, "jsonrpc": "2.0", "method": "Player.GetProperties", "id": 1}
2019-04-28 14:09:58.889 T:3458011952 DEBUG: ffmpeg[CE1D1330]: [aac] Sample rate index in program config element does not match the sample rate index configured by the container.
2019-04-28 14:09:58.889 T:3458011952 ERROR: ffmpeg[CE1D1330]: [aac] Inconsistent channel configuration.
2019-04-28 14:09:58.889 T:3458011952 ERROR: ffmpeg[CE1D1330]: [aac] get_buffer() failed
2019-04-28 14:09:58.890 T:3785339696 DEBUG: [plugin.video.netflix (0)] Notifying all managers of on_tick (data={u'currentaudiostream': {u'index': 0, u'name': u'AAC ', u'language': u'eng', u'channels': 2, u'codec': u'aac', u'bitrate': 98304}, u'elapsed_seconds': 3, u'time': {u'hours': 0, u'seconds': 3, u'minutes': 0, u'milliseconds': 978}, u'subtitleenabled': True, u'percentage': 0.077438190579414368, u'currentsubtitle': {u'index': 0, u'name': u'', u'language': u'eng'}, u'audiostreams': [{u'index': 0, u'name': u'AAC ', u'language': u'eng', u'channels': 2, u'codec': u'aac', u'bitrate': 98304}, {u'index': 1, u'name': u'AAC ', u'language': u'spa', u'channels': 2, u'codec': u'aac', u'bitrate': 98304}, {u'index': 2, u'name': u'AAC ', u'language': u'fre', u'channels': 2, u'codec': u'aac', u'bitrate': 98304}, {u'index': 3, u'name': u'AAC ', u'language': u'por', u'channels': 2, u'codec': u'aac', u'bitrate': 98304}], u'subtitles': [{u'index': 0, u'name': u'', u'language': u'eng'}, {u'index': 1, u'name': u'', u'language': u'spa'}, {u'index': 2, u'name': u'', u'language': u'spa'}, {u'index': 3, u'name': u'', u'language': u'fre'}, {u'index': 4, u'name': u'', u'language': u'fre'}, {u'index': 5, u'name': u'', u'language': u'por'}]})
2019-04-28 14:09:58.915 T:3474797360 DEBUG: CVideoPlayerVideo::OutputPicture - ttd:394ms pts:4.338 Clock:3.943 Level:6 elapsed:39.451ms
2019-04-28 14:09:58.921 T:3552891696 DEBUG: CVideoPlayer::ProcessVideoData size:12289 dts:12.638 pts:12.763 dur:41.708ms, clock:3.988 level:106
2019-04-28 14:09:58.930 T:3458011952 ERROR: ffmpeg[CE1D1330]: [aac] channel element 3.9 is not allocated
2019-04-28 14:09:58.957 T:3474797360 DEBUG: CVideoPlayerVideo::OutputPicture - ttd:392ms pts:4.379 Clock:3.987 Level:6 elapsed:37.025ms
2019-04-28 14:09:58.962 T:3552891696 DEBUG: CVideoPlayer::ProcessVideoData size:2022 dts:12.679 pts:12.679 dur:41.708ms, clock:4.029 level:107
2019-04-28 14:09:58.970 T:3458011952 ERROR: ffmpeg[CE1D1330]: [aac] channel element 2.3 is not allocated
2019-04-28 14:09:58.998 T:3474797360 DEBUG: CVideoPlayerVideo::OutputPicture - ttd:394ms pts:4.421 Clock:4.027 Level:6 elapsed:38.411ms
2019-04-28 14:09:59.003 T:3552891696 DEBUG: CVideoPlayer::ProcessVideoData size:1795 dts:12.721 pts:12.721 dur:41.708ms, clock:4.070 level:106
2019-04-28 14:09:59.011 T:3458011952 ERROR: ffmpeg[CE1D1330]: [aac] Number of bands (39) exceeds limit (12).
2019-04-28 14:09:59.040 T:3474797360 DEBUG: CVideoPlayerVideo::OutputPicture - ttd:395ms pts:4.463 Clock:4.067 Level:6 elapsed:39.473ms
2019-04-28 14:09:59.044 T:3552891696 DEBUG: CVideoPlayer::ProcessVideoData size:12226 dts:12.763 pts:12.888 dur:41.708ms, clock:4.111 level:106
2019-04-28 14:09:59.052 T:3458011952 ERROR: ffmpeg[CE1D1330]: [aac] Inconsistent channel configuration.
2019-04-28 14:09:59.052 T:3458011952 ERROR: ffmpeg[CE1D1330]: [aac] get_buffer() failed
2019-04-28 14:09:59.082 T:3474797360 DEBUG: CVideoPlayerVideo::OutputPicture - ttd:392ms pts:4.505 Clock:4.112 Level:6 elapsed:36.922ms
2019-04-28 14:09:59.085 T:3552891696 DEBUG: CVideoPlayer::ProcessVideoData size:2156 dts:12.804 pts:12.804 dur:41.708ms, clock:4.152 level:107
2019-04-28 14:09:59.092 T:3458011952 DEBUG: ffmpeg[CE1D1330]: [aac] Sample rate index in program config element does not match the sample rate index configured by the container.
2019-04-28 14:09:59.092 T:3458011952 ERROR: ffmpeg[CE1D1330]: [aac] Inconsistent channel configuration.
2019-04-28 14:09:59.093 T:3458011952 ERROR: ffmpeg[CE1D1330]: [aac] get_buffer() failed
2019-04-28 14:09:59.123 T:3474797360 DEBUG: CVideoPlayerVideo::OutputPicture - ttd:395ms pts:4.546 Clock:4.151 Level:6 elapsed:39.333ms
2019-04-28 14:09:59.126 T:3552891696 DEBUG: CVideoPlayer::ProcessVideoData size:1986 dts:12.846 pts:12.846 dur:41.708ms, clock:4.193 level:106
2019-04-28 14:09:59.133 T:3458011952 ERROR: ffmpeg[CE1D1330]: [aac] SBR was found before the first channel element.
2019-04-28 14:09:59.133 T:3458011952 ERROR: ffmpeg[CE1D1330]: [aac] Reserved bit set.
2019-04-28 14:09:59.133 T:3458011952 ERROR: ffmpeg[CE1D1330]: [aac] channel element 2.4 is not allocated
2019-04-28 14:09:59.165 T:3474797360 DEBUG: CVideoPlayerVideo::OutputPicture - ttd:395ms pts:4.588 Clock:4.193 Level:6 elapsed:39.266ms
2019-04-28 14:09:59.167 T:3552891696 DEBUG: CVideoPlayer::ProcessVideoData size:12195 dts:12.888 pts:13.013 dur:41.708ms, clock:4.234 level:106
2019-04-28 14:09:59.174 T:3458011952 ERROR: ffmpeg[CE1D1330]: [aac] channel element 2.9 is not allocated
2019-04-28 14:09:59.207 T:3474797360 DEBUG: CVideoPlayerVideo::OutputPicture - ttd:392ms pts:4.630 Clock:4.237 Level:6 elapsed:36.631ms
2019-04-28 14:09:59.218 T:3552891696 DEBUG: CVideoPlayer::ProcessVideoData size:2075 dts:12.930 pts:12.930 dur:41.708ms, clock:4.285 level:107
2019-04-28 14:09:59.225 T:3458011952 DEBUG: ffmpeg[CE1D1330]: [aac] Sample rate index in program config element does not match the sample rate index configured by the container.
2019-04-28 14:09:59.225 T:3458011952 ERROR: ffmpeg[CE1D1330]: [aac] decode_pce: Input buffer exhausted before END element found
2019-04-28 14:09:59.249 T:3474797360 DEBUG: CVideoPlayerVideo::OutputPicture - ttd:394ms pts:4.671 Clock:4.277 Level:6 elapsed:39.204ms
2019-04-28 14:09:59.259 T:3552891696 DEBUG: CVideoPlayer::ProcessVideoData size:2037 dts:12.971 pts:12.971 dur:41.708ms, clock:4.326 level:106
2019-04-28 14:09:59.265 T:3458011952 ERROR: ffmpeg[CE1D1330]: [aac] channel element 3.1 is not allocated
2019-04-28 14:09:59.290 T:3474797360 DEBUG: CVideoPlayerVideo::OutputPicture - ttd:394ms pts:4.713 Clock:4.318 Level:6 elapsed:38.844ms
2019-04-28 14:09:59.300 T:3552891696 DEBUG: CVideoPlayer::ProcessVideoData size:12237 dts:13.013 pts:13.138 dur:41.708ms, clock:4.367 level:106
2019-04-28 14:09:59.332 T:3474797360 DEBUG: CVideoPlayerVideo::OutputPicture - ttd:392ms pts:4.755 Clock:4.362 Level:6 elapsed:37.127ms
2019-04-28 14:09:59.341 T:3552891696 DEBUG: CVideoPlayer::ProcessVideoData size:2065 dts:13.055 pts:13.055 dur:41.708ms, clock:4.408 level:107
2019-04-28 14:09:59.346 T:3458011952 ERROR: ffmpeg[CE1D1330]: [aac] channel element 2.4 is not allocated
2019-04-28 14:09:59.374 T:3474797360 DEBUG: CVideoPlayerVideo::OutputPicture - ttd:394ms pts:4.796 Clock:4.402 Level:6 elapsed:39.221ms
2019-04-28 14:09:59.382 T:3552891696 DEBUG: CVideoPlayer::ProcessVideoData size:2048 dts:13.096 pts:13.096 dur:41.708ms, clock:4.449 level:106
2019-04-28 14:09:59.387 T:3458011952 ERROR: ffmpeg[CE1D1330]: [aac] Reserved bit set.
2019-04-28 14:09:59.387 T:3458011952 ERROR: ffmpeg[CE1D1330]: [aac] Number of bands (15) exceeds limit (13).
2019-04-28 14:09:59.415 T:3474797360 DEBUG: CVideoPlayerVideo::OutputPicture - ttd:394ms pts:4.838 Clock:4.443 Level:6 elapsed:39.202ms
2019-04-28 14:09:59.423 T:3552891696 DEBUG: CVideoPlayer::ProcessVideoData size:12329 dts:13.138 pts:13.263 dur:41.708ms, clock:4.490 level:106
2019-04-28 14:09:59.427 T:3458011952 ERROR: ffmpeg[CE1D1330]: [aac] Prediction is not allowed in AAC-LC.
2019-04-28 14:09:59.457 T:3474797360 DEBUG: CVideoPlayerVideo::OutputPicture - ttd:392ms pts:4.880 Clock:4.488 Level:6 elapsed:36.737ms
2019-04-28 14:09:59.459 T:3576222512 DEBUG: CWebServer[8080]: request received for /jsonrpc
2019-04-28 14:09:59.464 T:3552891696 DEBUG: Previous line repeats 1 times.
2019-04-28 14:09:59.464 T:3552891696 DEBUG: CVideoPlayer::ProcessVideoData size:2253 dts:13.180 pts:13.180 dur:41.708ms, clock:4.531 level:107
2019-04-28 14:09:59.468 T:3458011952 ERROR: ffmpeg[CE1D1330]: [aac] Prediction is not allowed in AAC-LC.
2019-04-28 14:09:59.469 T:3576222512 DEBUG: CWebServer[8080]: request received for /jsonrpc
2019-04-28 14:09:59.498 T:3474797360 DEBUG: Previous line repeats 1 times.
2019-04-28 14:09:59.499 T:3474797360 DEBUG: CVideoPlayerVideo::OutputPicture - ttd:393ms pts:4.922 Clock:4.528 Level:6 elapsed:37.513ms
2019-04-28 14:09:59.506 T:3552891696 DEBUG: CVideoPlayer::ProcessVideoData size:2168 dts:13.222 pts:13.222 dur:41.708ms, clock:4.573 level:106
2019-04-28 14:09:59.509 T:3458011952 ERROR: ffmpeg[CE1D1330]: [aac] Number of bands (8) exceeds limit (7).
2019-04-28 14:09:59.540 T:3474797360 DEBUG: CVideoPlayerVideo::OutputPicture - ttd:394ms pts:4.963 Clock:4.569 Level:6 elapsed:38.051ms
2019-04-28 14:09:59.546 T:3552891696 DEBUG: CVideoPlayer::ProcessVideoData size:11707 dts:13.263 pts:13.388 dur:41.708ms, clock:4.614 level:106
2019-04-28 14:09:59.549 T:3458011952 ERROR: ffmpeg[CE1D1330]: [aac] channel element 2.6 is not allocated
2019-04-28 14:09:59.582 T:3474797360 DEBUG: CVideoPlayerVideo::OutputPicture - ttd:392ms pts:5.005 Clock:4.612 Level:6 elapsed:36.720ms
2019-04-28 14:09:59.587 T:3552891696 DEBUG: CVideoPlayer::ProcessVideoData size:2332 dts:13.305 pts:13.305 dur:41.708ms, clock:4.655 level:107
2019-04-28 14:09:59.590 T:3458011952 DEBUG: ffmpeg[CE1D1330]: [aac] Sample rate index in program config element does not match the sample rate index configured by the container.
2019-04-28 14:09:59.590 T:3458011952 DEBUG: ffmpeg[CE1D1330]: [aac] Too large remapped id is not implemented. Update your FFmpeg version to the newest one from Git. If the problem still occurs, it means that your file has a feature which has not been implemented.
2019-04-28 14:09:59.590 T:3458011952 DEBUG: ffmpeg[CE1D1330]: [aac] If you want to help, upload a sample of this file to ftp://upload.ffmpeg.org/incoming/ and contact the ffmpeg-devel mailing list. (ffmpeg-devel@ffmpeg.org)
2019-04-28 14:09:59.624 T:3474797360 DEBUG: CVideoPlayerVideo::OutputPicture - ttd:395ms pts:5.047 Clock:4.652 Level:6 elapsed:39.175ms
2019-04-28 14:09:59.628 T:3552891696 DEBUG: CVideoPlayer::ProcessVideoData size:2161 dts:13.347 pts:13.347 dur:41.708ms, clock:4.696 level:106
2019-04-28 14:09:59.631 T:3458011952 DEBUG: ffmpeg[CE1D1330]: [aac] Sample rate index in program config element does not match the sample rate index configured by the container.
2019-04-28 14:09:59.631 T:3458011952 ERROR: ffmpeg[CE1D1330]: [aac] Inconsistent channel configuration.
2019-04-28 14:09:59.631 T:3458011952 ERROR: ffmpeg[CE1D1330]: [aac] get_buffer() failed
2019-04-28 14:09:59.666 T:3474797360 DEBUG: CVideoPlayerVideo::OutputPicture - ttd:395ms pts:5.088 Clock:4.693 Level:6 elapsed:39.411ms
2019-04-28 14:09:59.669 T:3552891696 DEBUG: CVideoPlayer::ProcessVideoData size:14380 dts:13.388 pts:13.514 dur:41.708ms, clock:4.737 level:106
2019-04-28 14:09:59.671 T:3458011952 ERROR: ffmpeg[CE1D1330]: [aac] SBR was found before the first channel element.
2019-04-28 14:09:59.672 T:3458011952 DEBUG: ffmpeg[CE1D1330]: [aac] Sample rate index in program config element does not match the sample rate index configured by the container.
2019-04-28 14:09:59.672 T:3458011952 DEBUG: ffmpeg[CE1D1330]: [aac] Too large remapped id is not implemented. Update your FFmpeg version to the newest one from Git. If the problem still occurs, it means that your file has a feature which has not been implemented.
2019-04-28 14:09:59.672 T:3458011952 DEBUG: ffmpeg[CE1D1330]: [aac] If you want to help, upload a sample of this file to ftp://upload.ffmpeg.org/incoming/ and contact the ffmpeg-devel mailing list. (ffmpeg-devel@ffmpeg.org)
2019-04-28 14:09:59.707 T:3474797360 DEBUG: CVideoPlayerVideo::OutputPicture - ttd:392ms pts:5.130 Clock:4.737 Level:6 elapsed:37.047ms
2019-04-28 14:09:59.710 T:3552891696 DEBUG: CVideoPlayer::ProcessVideoData size:2507 dts:13.430 pts:13.430 dur:41.708ms, clock:4.778 level:107
2019-04-28 14:09:59.712 T:3458011952 ERROR: ffmpeg[CE1D1330]: [aac] Reserved bit set.
2019-04-28 14:09:59.712 T:3458011952 ERROR: ffmpeg[CE1D1330]: [aac] Number of bands (15) exceeds limit (6).
2019-04-28 14:09:59.749 T:3474797360 DEBUG: CVideoPlayerVideo::OutputPicture - ttd:394ms pts:5.172 Clock:4.777 Level:6 elapsed:38.555ms
2019-04-28 14:09:59.751 T:3552891696 DEBUG: CVideoPlayer::ProcessVideoData size:4233 dts:13.472 pts:13.472 dur:41.708ms, clock:4.819 level:106
2019-04-28 14:09:59.753 T:3458011952 ERROR: ffmpeg[CE1D1330]: [aac] channel element 2.13 is not allocated
2019-04-28 14:09:59.791 T:3474797360 DEBUG: CVideoPlayerVideo::OutputPicture - ttd:394ms pts:5.214 Clock:4.819 Level:6 elapsed:38.894ms
2019-04-28 14:09:59.802 T:3552891696 DEBUG: CVideoPlayer::ProcessVideoData size:17629 dts:13.514 pts:13.639 dur:41.708ms, clock:4.870 level:106
2019-04-28 14:09:59.803 T:3458011952 ERROR: ffmpeg[CE1D1330]: [aac] SBR was found before the first channel element.
2019-04-28 14:09:59.803 T:3458011952 ERROR: ffmpeg[CE1D1330]: [aac] Number of bands (35) exceeds limit (34).
2019-04-28 14:09:59.833 T:3474797360 DEBUG: CVideoPlayerVideo::OutputPicture - ttd:392ms pts:5.255 Clock:4.863 Level:6 elapsed:36.964ms
2019-04-28 14:09:59.843 T:3552891696 DEBUG: CVideoPlayer::ProcessVideoData size:5353 dts:13.555 pts:13.555 dur:41.708ms, clock:4.911 level:107
2019-04-28 14:09:59.844 T:3458011952 ERROR: ffmpeg[CE1D1330]: [aac] SBR was found before the first channel element.
2019-04-28 14:09:59.844 T:3458011952 ERROR: ffmpeg[CE1D1330]: [aac] Reserved bit set.
2019-04-28 14:09:59.844 T:3458011952 ERROR: ffmpeg[CE1D1330]: [aac] Prediction is not allowed in AAC-LC.
2019-04-28 14:09:59.874 T:3474797360 DEBUG: CVideoPlayerVideo::OutputPicture - ttd:394ms pts:5.297 Clock:4.903 Level:6 elapsed:38.581ms
2019-04-28 14:09:59.884 T:3552891696 DEBUG: CVideoPlayer::ProcessVideoData size:5870 dts:13.597 pts:13.597 dur:41.708ms, clock:4.952 level:106
2019-04-28 14:09:59.885 T:3458011952 ERROR: ffmpeg[CE1D1330]: [aac] Reserved bit set.
2019-04-28 14:09:59.885 T:3458011952 ERROR: ffmpeg[CE1D1330]: [aac] Prediction is not allowed in AAC-LC.
2019-04-28 14:09:59.891 T:3785339696 DEBUG: [plugin.video.netflix (0)] Executing JSON-RPC: {"params": {"playerid": 1, "properties": ["audiostreams", "currentaudiostream", "subtitles", "currentsubtitle", "subtitleenabled", "percentage", "time"]}, "jsonrpc": "2.0", "method": "Player.GetProperties", "id": 1}
2019-04-28 14:09:59.893 T:3785339696 DEBUG: [plugin.video.netflix (0)] Notifying all managers of on_tick (data={u'currentaudiostream': {u'index': 0, u'name': u'AAC ', u'language': u'eng', u'channels': 2, u'codec': u'aac', u'bitrate': 98304}, u'elapsed_seconds': 4, u'time': {u'hours': 0, u'seconds': 4, u'minutes': 0, u'milliseconds': 878}, u'subtitleenabled': True, u'percentage': 0.094958148896694183, u'currentsubtitle': {u'index': 0, u'name': u'', u'language': u'eng'}, u'audiostreams': [{u'index': 0, u'name': u'AAC ', u'language': u'eng', u'channels': 2, u'codec': u'aac', u'bitrate': 98304}, {u'index': 1, u'name': u'AAC ', u'language': u'spa', u'channels': 2, u'codec': u'aac', u'bitrate': 98304}, {u'index': 2, u'name': u'AAC ', u'language': u'fre', u'channels': 2, u'codec': u'aac', u'bitrate': 98304}, {u'index': 3, u'name': u'AAC ', u'language': u'por', u'channels': 2, u'codec': u'aac', u'bitrate': 98304}], u'subtitles': [{u'index': 0, u'name': u'', u'language': u'eng'}, {u'index': 1, u'name': u'', u'language': u'spa'}, {u'index': 2, u'name': u'', u'language': u'spa'}, {u'index': 3, u'name': u'', u'language': u'fre'}, {u'index': 4, u'name': u'', u'language': u'fre'}, {u'index': 5, u'name': u'', u'language': u'por'}]})
2019-04-28 14:09:59.915 T:3474797360 DEBUG: CVideoPlayerVideo::OutputPicture - ttd:394ms pts:5.339 Clock:4.944 Level:6 elapsed:38.676ms
2019-04-28 14:09:59.925 T:3458011952 ERROR: ffmpeg[CE1D1330]: [aac] ms_present = 3 is reserved.
2019-04-28 14:09:59.926 T:3552891696 DEBUG: CVideoPlayer::ProcessVideoData size:20148 dts:13.639 pts:13.764 dur:41.708ms, clock:4.993 level:106
2019-04-28 14:09:59.957 T:3474797360 DEBUG: CVideoPlayerVideo::OutputPicture - ttd:393ms pts:5.380 Clock:4.987 Level:6 elapsed:37.294ms
2019-04-28 14:09:59.960 T:3474797360 DEBUG: CPtsTracker: detected pattern of length 1: 41708.33, frameduration: 41708.333333
2019-04-28 14:09:59.967 T:3552891696 DEBUG: CVideoPlayer::ProcessVideoData size:8602 dts:13.680 pts:13.680 dur:41.708ms, clock:5.034 level:107
2019-04-28 14:09:59.976 T:3458011952 ERROR: ffmpeg[CE1D1330]: [aac] Reserved bit set.
2019-04-28 14:09:59.976 T:3458011952 ERROR: ffmpeg[CE1D1330]: [aac] Prediction is not allowed in AAC-LC.
2019-04-28 14:09:59.999 T:3474797360 DEBUG: CVideoPlayerVideo::OutputPicture - ttd:394ms pts:5.422 Clock:5.027 Level:6 elapsed:39.035ms
2019-04-28 14:10:00.008 T:3552891696 DEBUG: CVideoPlayer::ProcessVideoData size:9988 dts:13.722 pts:13.722 dur:41.708ms, clock:5.075 level:106
2019-04-28 14:10:00.017 T:3458011952 DEBUG: ffmpeg[CE1D1330]: [aac] Too large remapped id is not implemented. Update your FFmpeg version to the newest one from Git. If the problem still occurs, it means that your file has a feature which has not been implemented.
2019-04-28 14:10:00.017 T:3458011952 DEBUG: ffmpeg[CE1D1330]: [aac] If you want to help, upload a sample of this file to ftp://upload.ffmpeg.org/incoming/ and contact the ffmpeg-devel mailing list. (ffmpeg-devel@ffmpeg.org)
2019-04-28 14:10:00.041 T:3474797360 DEBUG: CVideoPlayerVideo::OutputPicture - ttd:395ms pts:5.464 Clock:5.069 Level:6 elapsed:39.281ms
2019-04-28 14:10:00.049 T:3552891696 DEBUG: CVideoPlayer::ProcessVideoData size:24935 dts:13.764 pts:13.889 dur:41.708ms, clock:5.116 level:106
2019-04-28 14:10:00.057 T:3458011952 ERROR: ffmpeg[CE1D1330]: [aac] Reserved bit set.
2019-04-28 14:10:00.057 T:3458011952 ERROR: ffmpeg[CE1D1330]: [aac] Prediction is not allowed in AAC-LC.
2019-04-28 14:10:00.082 T:3474797360 DEBUG: CVideoPlayerVideo::OutputPicture - ttd:393ms pts:5.505 Clock:5.112 Level:6 elapsed:37.150ms
2019-04-28 14:10:00.090 T:3552891696 DEBUG: CVideoPlayer::ProcessVideoData size:11948 dts:13.805 pts:13.805 dur:41.708ms, clock:5.157 level:107
2019-04-28 14:10:00.098 T:3458011952 ERROR: ffmpeg[CE1D1330]: [aac] SBR was found before the first channel element.
2019-04-28 14:10:00.098 T:3458011952 ERROR: ffmpeg[CE1D1330]: [aac] channel element 3.5 is not allocated
2019-04-28 14:10:00.124 T:3474797360 DEBUG: CVideoPlayerVideo::OutputPicture - ttd:394ms pts:5.547 Clock:5.152 Level:6 elapsed:39.055ms
2019-04-28 14:10:00.131 T:3552891696 DEBUG: CVideoPlayer::ProcessVideoData size:13674 dts:13.847 pts:13.847 dur:41.708ms, clock:5.198 level:106
2019-04-28 14:10:00.139 T:3458011952 DEBUG: ffmpeg[CE1D1330]: [aac] Sample rate index in program config element does not match the sample rate index configured by the container.
2019-04-28 14:10:00.139 T:3458011952 ERROR: ffmpeg[CE1D1330]: [aac] Reserved bit set.
2019-04-28 14:10:00.139 T:3458011952 ERROR: ffmpeg[CE1D1330]: [aac] Number of bands (7) exceeds limit (4).
2019-04-28 14:10:00.166 T:3474797360 DEBUG: CVideoPlayerVideo::OutputPicture - ttd:392ms pts:5.589 Clock:5.197 Level:6 elapsed:36.458ms
2019-04-28 14:10:00.172 T:3552891696 DEBUG: CVideoPlayer::ProcessVideoData size:26884 dts:13.889 pts:14.014 dur:41.708ms, clock:5.239 level:107
2019-04-28 14:10:00.179 T:3458011952 ERROR: ffmpeg[CE1D1330]: [aac] channel element 2.0 is not allocated
2019-04-28 14:10:00.208 T:3474797360 DEBUG: CVideoPlayerVideo::OutputPicture - ttd:395ms pts:5.631 Clock:5.235 Level:6 elapsed:39.365ms
2019-04-28 14:10:00.213 T:3552891696 DEBUG: CVideoPlayer::ProcessVideoData size:17564 dts:13.931 pts:13.931 dur:41.708ms, clock:5.280 level:106
2019-04-28 14:10:00.220 T:3458011952 ERROR: ffmpeg[CE1D1330]: [aac] Reserved bit set.
2019-04-28 14:10:00.220 T:3458011952 ERROR: ffmpeg[CE1D1330]: [aac] Number of scalefactor bands in group (58) exceeds limit (47).
2019-04-28 14:10:00.250 T:3474797360 DEBUG: CVideoPlayerVideo::OutputPicture - ttd:395ms pts:5.672 Clock:5.277 Level:6 elapsed:39.464ms
2019-04-28 14:10:00.255 T:3517969200 DEBUG: CurlFile::ParseAndCorrectUrl() adding custom header option 'Range: bytes=2015752-2411731'
2019-04-28 14:10:00.255 T:3517969200 DEBUG: CurlFile::ParseAndCorrectUrl() adding custom header option 'connection: keep-alive'
2019-04-28 14:10:00.256 T:3517969200 DEBUG: CurlFile::Open(0xe51ba848) http://195.8.12.225/?o=AQHsvJl_EOvSE5TTC4bMd_jEHeSPEPWYqOh8RAVmbt7CBOuYT5VYlLBEmZEOHrgBOyDrYOjO2iHNfpl_cP3gfV8kUOWFG-leEB80dn1b5uAz5vGFWq7Dy_c_ownq5FLF3YlnoMExiAug9_IOqu7r923d64Q4l_0p8QG4lpahucIynSgXubBiaTx6l968bmXFGF43MryiAkvD1dD5j3u_hQ&v=3&e=1556500176&t=XBn9CDz3os3jL_GEmnZeF6gNB3c
2019-04-28 14:10:00.261 T:3458011952 ERROR: ffmpeg[CE1D1330]: [aac] Prediction is not allowed in AAC-LC.
2019-04-28 14:10:00.286 T:3552891696 DEBUG: CVideoPlayer::ProcessVideoData size:17791 dts:13.972 pts:13.972 dur:41.708ms, clock:5.353 level:106
2019-04-28 14:10:00.292 T:3474797360 DEBUG: CVideoPlayerVideo::OutputPicture - ttd:382ms pts:5.714 Clock:5.331 Level:6 elapsed:27.531ms
2019-04-28 14:10:00.297 T:3552891696 DEBUG: CVideoPlayer::ProcessVideoData size:59710 dts:14.014 pts:14.056 dur:41.708ms, clock:5.364 level:106
2019-04-28 14:10:00.301 T:3458011952 ERROR: ffmpeg[CE1D1330]: [aac] channel element 3.12 is not allocated
2019-04-28 14:10:00.317 T:3517969200 DEBUG: AddOnLog: InputStream Adaptive: Download http://195.8.12.225/?o=AQHsvJl_EOvSE5TTC4bMd_jEHeSPEPWYqOh8RAVmbt7CBOuYT5VYlLBEmZEOHrgBOyDrYOjO2iHNfpl_cP3gfV8kUOWFG-leEB80dn1b5uAz5vGFWq7Dy_c_ownq5FLF3YlnoMExiAug9_IOqu7r923d64Q4l_0p8QG4lpahucIynSgXubBiaTx6l968bmXFGF43MryiAkvD1dD5j3u_hQ&v=3&e=1556500176&t=XBn9CDz3os3jL_GEmnZeF6gNB3c finished, avg speed: 7131144.62byte/s, current speed: 6491475.00byte/s
2019-04-28 14:10:00.333 T:3474797360 DEBUG: CVideoPlayerVideo::OutputPicture - ttd:390ms pts:5.756 Clock:5.365 Level:6 elapsed:35.186ms
2019-04-28 14:10:00.339 T:3466404656 DEBUG: CurlFile::ParseAndCorrectUrl() adding custom header option 'Range: bytes=287886-312274'
2019-04-28 14:10:00.339 T:3466404656 DEBUG: CurlFile::ParseAndCorrectUrl() adding custom header option 'connection: keep-alive'
2019-04-28 14:10:00.339 T:3466404656 DEBUG: CurlFile::Open(0xe5badb60) http://195.8.12.225/?o=AQHsvJl_EOvSE5TTC4bNd__NFO-JEPWYqP98RAVmbt7CBOuYT5VYlLBEmZEOHrgBOyDrYOjO2iHNfpl_cP3gfV8kUOWFG-leEB80dn1b5uAz5vGFWq7Dy_c_ownq5FLF3YlnoMk1n1K7yKkMhNbEvXmPpd0xgv8g8x69ntP3pds0gHtSovUnbSx-hcm2MHyZCVQLaNviCAjXnsu3in0&v=3&e=1556500176&t=SdFHa60Oat9NM19HrSW2B81Yrik
2019-04-28 14:10:00.347 T:3466404656 DEBUG: AddOnLog: InputStream Adaptive: Download http://195.8.12.225/?o=AQHsvJl_EOvSE5TTC4bNd__NFO-JEPWYqP98RAVmbt7CBOuYT5VYlLBEmZEOHrgBOyDrYOjO2iHNfpl_cP3gfV8kUOWFG-leEB80dn1b5uAz5vGFWq7Dy_c_ownq5FLF3YlnoMk1n1K7yKkMhNbEvXmPpd0xgv8g8x69ntP3pds0gHtSovUnbSx-hcm2MHyZCVQLaNviCAjXnsu3in0&v=3&e=1556500176&t=SdFHa60Oat9NM19HrSW2B81Yrik finished, avg speed: 7046318.39byte/s, current speed: 3484142.00byte/s
2019-04-28 14:10:00.348 T:3552891696 DEBUG: CVideoPlayer::ProcessVideoData size:29841 dts:14.056 pts:14.181 dur:41.708ms, clock:5.415 level:107
2019-04-28 14:10:00.352 T:3458011952 ERROR: ffmpeg[CE1D1330]: [aac] channel element 3.1 is not allocated
2019-04-28 14:10:00.375 T:3474797360 DEBUG: CVideoPlayerVideo::OutputPicture - ttd:394ms pts:5.797 Clock:5.403 Level:6 elapsed:39.096ms
2019-04-28 14:10:00.379 T:3552891696 DEBUG: CVideoPlayer::ProcessVideoData size:17110 dts:14.097 pts:14.097 dur:41.708ms, clock:5.446 level:106
2019-04-28 14:10:00.383 T:3458011952 ERROR: ffmpeg[CE1D1330]: [aac] channel element 3.1 is not allocated
2019-04-28 14:10:00.383 T:3458011952 ERROR: ffmpeg[CE1D1330]: [aac] channel element 2.3 is not allocated
2019-04-28 14:10:00.416 T:3474797360 DEBUG: CVideoPlayerVideo::OutputPicture - ttd:392ms pts:5.839 Clock:5.446 Level:6 elapsed:37.268ms
2019-04-28 14:10:00.420 T:3552891696 DEBUG: CVideoPlayer::ProcessVideoData size:16934 dts:14.139 pts:14.139 dur:41.708ms, clock:5.487 level:107
2019-04-28 14:10:00.423 T:3458011952 ERROR: ffmpeg[CE1D1330]: [aac] Reserved bit set.
2019-04-28 14:10:00.423 T:3458011952 ERROR: ffmpeg[CE1D1330]: [aac] Number of bands (18) exceeds limit (15).
2019-04-28 14:10:00.458 T:3474797360 DEBUG: CVideoPlayerVideo::OutputPicture - ttd:394ms pts:5.881 Clock:5.486 Level:6 elapsed:39.369ms
2019-04-28 14:10:00.462 T:3552891696 DEBUG: CVideoPlayer::ProcessVideoData size:34068 dts:14.181 pts:14.306 dur:41.708ms, clock:5.529 level:106
2019-04-28 14:10:00.464 T:3458011952 ERROR: ffmpeg[CE1D1330]: [aac] channel element 2.7 is not allocated
2019-04-28 14:10:00.500 T:3474797360 DEBUG: CVideoPlayerVideo::OutputPicture - ttd:394ms pts:5.923 Clock:5.528 Level:6 elapsed:39.264ms
2019-04-28 14:10:00.503 T:3552891696 DEBUG: CVideoPlayer::ProcessVideoData size:15297 dts:14.223 pts:14.223 dur:41.708ms, clock:5.570 level:106
2019-04-28 14:10:00.505 T:3458011952 DEBUG: ffmpeg[CE1D1330]: [aac] Sample rate index in program config element does not match the sample rate index configured by the container.
2019-04-28 14:10:00.505 T:3458011952 ERROR: ffmpeg[CE1D1330]: [aac] Inconsistent channel configuration.
2019-04-28 14:10:00.505 T:3458011952 ERROR: ffmpeg[CE1D1330]: [aac] get_buffer() failed
2019-04-28 14:10:00.541 T:3474797360 DEBUG: CVideoPlayerVideo::OutputPicture - ttd:392ms pts:5.964 Clock:5.572 Level:6 elapsed:37.087ms
2019-04-28 14:10:00.544 T:3552891696 DEBUG: CVideoPlayer::ProcessVideoData size:12088 dts:14.264 pts:14.264 dur:41.708ms, clock:5.611 level:107
2019-04-28 14:10:00.546 T:3458011952 ERROR: ffmpeg[CE1D1330]: [aac] channel element 3.0 is not allocated
2019-04-28 14:10:00.583 T:3474797360 DEBUG: CVideoPlayerVideo::OutputPicture - ttd:394ms pts:6.006 Clock:5.611 Level:6 elapsed:39.096ms
2019-04-28 14:10:00.585 T:3552891696 DEBUG: CVideoPlayer::ProcessVideoData size:14519 dts:14.306 pts:14.431 dur:41.708ms, clock:5.652 level:106
2019-04-28 14:10:00.586 T:3458011952 ERROR: ffmpeg[CE1D1330]: [aac] channel element 2.2 is not allocated
2019-04-28 14:10:00.625 T:3474797360 DEBUG: CVideoPlayerVideo::OutputPicture - ttd:395ms pts:6.048 Clock:5.653 Level:6 elapsed:39.207ms
2019-04-28 14:10:00.636 T:3552891696 DEBUG: CVideoPlayer::ProcessVideoData size:4390 dts:14.348 pts:14.348 dur:41.708ms, clock:5.703 level:106
2019-04-28 14:10:00.637 T:3458011952 ERROR: ffmpeg[CE1D1330]: [aac] Number of bands (7) exceeds limit (2).
2019-04-28 14:10:00.666 T:3474797360 DEBUG: CVideoPlayerVideo::OutputPicture - ttd:392ms pts:6.089 Clock:5.697 Level:6 elapsed:36.201ms
2019-04-28 14:10:00.677 T:3552891696 DEBUG: CVideoPlayer::ProcessVideoData size:3887 dts:14.389 pts:14.389 dur:41.708ms, clock:5.744 level:107
2019-04-28 14:10:00.677 T:3458011952 ERROR: ffmpeg[CE1D1330]: [aac] Prediction is not allowed in AAC-LC.
2019-04-28 14:10:00.708 T:3474797360 DEBUG: CVideoPlayerVideo::OutputPicture - ttd:393ms pts:6.131 Clock:5.737 Level:6 elapsed:37.736ms
2019-04-28 14:10:00.718 T:3552891696 DEBUG: CVideoPlayer::ProcessVideoData size:14819 dts:14.431 pts:14.556 dur:41.708ms, clock:5.785 level:106
2019-04-28 14:10:00.718 T:3458011952 ERROR: ffmpeg[CE1D1330]: [aac] Reserved bit set.
2019-04-28 14:10:00.718 T:3458011952 ERROR: ffmpeg[CE1D1330]: [aac] Number of bands (10) exceeds limit (9).
