2019-06-08 13:56:50.166 T:4064664976 DEBUG: LocalizeStrings: loaded 8 strings from file /usr/share/kodi/addons/metadata.themoviedb.org/resources/language/resource.language.en_gb/strings.po
2019-06-08 13:56:50.168 T:4064664976 DEBUG: LocalizeStrings: loaded 5 strings from file /storage/.kodi/addons/metadata.tvshows.themoviedb.org/resources/language/resource.language.en_gb/strings.po
2019-06-08 13:56:50.170 T:4064664976 DEBUG: LocalizeStrings: loaded 9 strings from file /usr/share/kodi/addons/peripheral.joystick/resources/language/English/strings.po
2019-06-08 13:56:50.173 T:4064664976 DEBUG: LocalizeStrings: loaded 1 strings from file /usr/share/kodi/addons/screensaver.xbmc.builtin.dim/resources/language/resource.language.en_gb/strings.po
2019-06-08 13:56:50.174 T:4064664976 DEBUG: LocalizeStrings: loaded 18 strings from file /usr/share/kodi/addons/script.program.driverselect/resources/language/resource.language.en_gb/strings.po
2019-06-08 13:56:50.177 T:4064664976 DEBUG: LocalizeStrings: loaded 248 strings from file /usr/share/kodi/addons/service.coreelec.settings/resources/language/resource.language.en_gb/strings.po
2019-06-08 13:56:50.187 T:4064664976 DEBUG: LocalizeStrings: loaded 51 strings from file /storage/.kodi/addons/script.module.metadatautils/resources/language/resource.language.en_gb/strings.po
2019-06-08 13:56:50.189 T:4064664976 DEBUG: LocalizeStrings: loaded 26 strings from file /storage/.kodi/addons/script.skin.helper.service/resources/language/resource.language.en_gb/strings.po
2019-06-08 13:56:50.190 T:4064664976 DEBUG: LocalizeStrings: loaded 6 strings from file /storage/.kodi/addons/script.skin.helper.colorpicker/resources/language/resource.language.en_gb/strings.po
2019-06-08 13:56:50.195 T:4064664976 DEBUG: LocalizeStrings: loaded 136 strings from file /storage/.kodi/addons/screensaver.digitalclock/resources/language/resource.language.en_gb/strings.po
2019-06-08 13:56:50.199 T:4064664976 DEBUG: LocalizeStrings: loaded 97 strings from file /storage/.kodi/addons/script.xbmcbackup/resources/language/resource.language.en_gb/strings.po
2019-06-08 13:56:50.202 T:4064664976 DEBUG: LocalizeStrings: loaded 38 strings from file /storage/.kodi/addons/script.module.youtube.dl/resources/language/English/strings.po
2019-06-08 13:56:50.204 T:4064664976 DEBUG: LocalizeStrings: loaded 12 strings from file /storage/.kodi/addons/script.keymap/resources/language/English/strings.xml
2019-06-08 13:56:50.209 T:4064664976 DEBUG: LocalizeStrings: loaded 167 strings from file /storage/.kodi/addons/script.extendedinfo/resources/language/resource.language.en_gb/strings.po
2019-06-08 13:56:50.212 T:4064664976 DEBUG: LocalizeStrings: loaded 74 strings from file /storage/.kodi/addons/plugin.library.node.editor/resources/language/resource.language.en_GB/strings.po
2019-06-08 13:56:50.218 T:4064664976 DEBUG: LocalizeStrings: loaded 25 strings from file /storage/.kodi/addons/script.speedfaninfo/resources/language/English/strings.po
2019-06-08 13:56:50.220 T:4064664976 DEBUG: LocalizeStrings: loaded 2 strings from file /storage/.kodi/addons/service.system.syncthing/resources/language/English/strings.po
2019-06-08 13:56:50.223 T:4064664976 DEBUG: LocalizeStrings: loaded 285 strings from file /storage/.kodi/addons/plugin.video.youtube/resources/language/resource.language.en_gb/strings.po
2019-06-08 13:56:50.225 T:4064664976 DEBUG: LocalizeStrings: loaded 13 strings from file /storage/.kodi/addons/context.copytostorage/resources/language/resource.language.en_gb/strings.po
2019-06-08 13:56:50.227 T:4064664976 DEBUG: LocalizeStrings: loaded 10 strings from file /storage/.kodi/addons/metadata.tvdb.com/resources/language/resource.language.en_gb/strings.po
2019-06-08 13:56:50.230 T:4064664976 DEBUG: POParser: PO file has Win Style Line Endings. Converted in memory to Linux LF for file: /storage/.kodi/addons/service.vpn.manager/resources/language/English/strings.po
2019-06-08 13:56:50.231 T:4064664976 DEBUG: LocalizeStrings: loaded 199 strings from file /storage/.kodi/addons/service.vpn.manager/resources/language/English/strings.po
2019-06-08 13:56:50.233 T:4064664976 DEBUG: LocalizeStrings: loaded 3 strings from file /storage/.kodi/addons/script.favourites/resources/language/resource.language.en_GB/strings.po
2019-06-08 13:56:50.236 T:4064664976 DEBUG: LocalizeStrings: loaded 13 strings from file /storage/.kodi/addons/service.skin.widgets/resources/language/English/strings.po
2019-06-08 13:56:50.238 T:4064664976 DEBUG: LocalizeStrings: loaded 24 strings from file /storage/.kodi/addons/service.library.data.provider/resources/language/resource.language.en_gb/strings.po
2019-06-08 13:56:50.241 T:4064664976 DEBUG: LocalizeStrings: loaded 7 strings from file /storage/.kodi/addons/script.common.plugin.cache/resources/language/English/strings.xml
2019-06-08 13:56:50.245 T:4064664976 DEBUG: LocalizeStrings: loaded 214 strings from file /storage/.kodi/addons/plugin.image.mypicsdb/resources/language/English/strings.po
2019-06-08 13:56:50.247 T:4064664976 DEBUG: LocalizeStrings: loaded 4 strings from file /storage/.kodi/addons/script.service.mypicsdb/resources/language/English/strings.po
2019-06-08 13:56:50.248 T:3918496624 DEBUG: Thread JobWorker start, auto delete: true
2019-06-08 13:56:50.249 T:3918496624 DEBUG: Initialize, updating databases...
2019-06-08 13:56:50.250 T:3918496624 NOTICE: Running database version Addons27
2019-06-08 13:56:50.256 T:3918496624 NOTICE: Running database version ViewModes6
2019-06-08 13:56:50.282 T:3918496624 NOTICE: Running database version Textures13
2019-06-08 13:56:50.292 T:3918496624 NOTICE: MYSQL: Connected to version 5.1.73-log
2019-06-08 13:56:50.292 T:3918496624 WARNING: MYSQL: Your database server version 5.1.73-log is very old and might not be supported in future Kodi versions. Please consider upgrading to MySQL 5.7 or MariaDB 10.2.
2019-06-08 13:56:50.317 T:3918496624 NOTICE: Running database version MyMusic72
2019-06-08 13:56:50.340 T:3918496624 NOTICE: Running database version MyVideos116
2019-06-08 13:56:50.346 T:3918496624 NOTICE: Running database version TV32
2019-06-08 13:56:50.353 T:3918496624 NOTICE: Running database version Epg12
2019-06-08 13:56:50.353 T:3918496624 DEBUG: Initialize, updating databases... DONE
2019-06-08 13:56:50.353 T:4064664976 NOTICE: start dvd mediatype detection
2019-06-08 13:56:50.354 T:4064664976 INFO: DPMS: not supported on this platform
2019-06-08 13:56:50.355 T:4024128368 DEBUG: Thread DetectDVDMedia start, auto delete: false
2019-06-08 13:56:50.355 T:4024128368 DEBUG: Compiled with libcdio Version 0.94
2019-06-08 13:56:50.357 T:4024128368 DEBUG: Thread DetectDVDMedia 4024128368 terminating
2019-06-08 13:56:50.379 T:4064650096 DEBUG: CAnnouncementManager - Announcement: OnClear from xbmc
2019-06-08 13:56:50.379 T:4064650096 DEBUG: GOT ANNOUNCEMENT, type: 2, from xbmc, message OnClear
2019-06-08 13:56:50.398 T:4064664976 INFO: Unloading old skin ...
2019-06-08 13:56:50.420 T:4064664976 NOTICE: load skin from: /storage/.kodi/addons/skin.xonfluence (version: 4.0.10)
2019-06-08 13:56:50.420 T:4064664976 INFO: load fonts for skin...
2019-06-08 13:56:50.429 T:4064664976 INFO: Loading skin includes from /storage/.kodi/addons/skin.xonfluence/xml/Includes.xml
2019-06-08 13:56:50.830 T:4064664976 INFO: Loading fonts from /storage/.kodi/addons/skin.xonfluence/xml/Font.xml
2019-06-08 13:56:50.860 T:4064664976 DEBUG: POParser: PO file has Win Style Line Endings. Converted in memory to Linux LF for file: /storage/.kodi/addons/skin.xonfluence/language/resource.language.en_gb/strings.po
2019-06-08 13:56:50.862 T:4064664976 DEBUG: LocalizeStrings: loaded 517 strings from file /storage/.kodi/addons/skin.xonfluence/language/resource.language.en_gb/strings.po
2019-06-08 13:56:50.862 T:4064664976 INFO: load new skin...
2019-06-08 13:56:50.862 T:4064664976 INFO: Loading custom window XMLs from skin path /storage/.kodi/addons/skin.xonfluence/xml
2019-06-08 13:56:50.924 T:4064664976 DEBUG: Load Skin XML: 61.26ms
2019-06-08 13:56:50.924 T:4064664976 INFO: initialize new skin...
2019-06-08 13:56:50.924 T:4064664976 DEBUG: guilib: Fill viewport on change for solving rendering passes
2019-06-08 13:56:50.924 T:4064664976 INFO: Loading skin file: CustomAutoPartySaver_2131.xml, load type: LOAD_ON_GUI_INIT
2019-06-08 13:56:50.924 T:4064664976 INFO: Loading skin file: CustomAutoReFreshList_1195.xml, load type: LOAD_ON_GUI_INIT
2019-06-08 13:56:50.924 T:4064664976 INFO: Loading skin file: VideoOSD.xml, load type: LOAD_ON_GUI_INIT
2019-06-08 13:56:50.953 T:4064664976 DEBUG: OpenBundle - Opened bundle /storage/.kodi/addons/skin.xonfluence/media/Textures.xbt
2019-06-08 13:56:50.978 T:4064664976 INFO: Loading skin file: DialogPVRChannelGuide.xml, load type: LOAD_ON_GUI_INIT
2019-06-08 13:56:50.984 T:4064664976 INFO: Loading skin file: DialogPVRChannelsOSD.xml, load type: LOAD_ON_GUI_INIT
2019-06-08 13:56:50.991 T:4064664976 INFO: Loading skin file: DialogNotification.xml, load type: LOAD_ON_GUI_INIT
2019-06-08 13:56:50.992 T:4064664976 INFO: Loading skin file: CustomAutoMusicViz_2122.xml, load type: LOAD_ON_GUI_INIT
2019-06-08 13:56:50.993 T:4064664976 INFO: Loading skin file: DialogSeekBar.xml, load type: LOAD_ON_GUI_INIT
2019-06-08 13:56:51.001 T:4064664976 INFO: Loading skin file: DialogExtendedProgressBar.xml, load type: LOAD_ON_GUI_INIT
2019-06-08 13:56:51.002 T:4064664976 INFO: Loading skin file: DialogBusy.xml, load type: LOAD_ON_GUI_INIT
2019-06-08 13:56:51.004 T:4064664976 INFO: Loading skin file: CustomPVRChannelNumberInput_1113.xml, load type: LOAD_ON_GUI_INIT
2019-06-08 13:56:51.004 T:4064664976 INFO: Loading skin file: DialogVolumeBar.xml, load type: LOAD_ON_GUI_INIT
2019-06-08 13:56:51.006 T:4064664976 INFO: Loading skin file: Pointer.xml, load type: LOAD_ON_GUI_INIT
2019-06-08 13:56:51.007 T:4064664976 INFO: Loading skin file: DialogSettings.xml, load type: LOAD_ON_GUI_INIT
2019-06-08 13:56:51.017 T:4064664976 INFO: Previous line repeats 1 times.
2019-06-08 13:56:51.017 T:4064664976 INFO: Loading skin file: DialogBusy.xml, load type: LOAD_ON_GUI_INIT
2019-06-08 13:56:51.018 T:4064664976 INFO: Loading skin file: DialogSubtitles.xml, load type: LOAD_ON_GUI_INIT
2019-06-08 13:56:51.028 T:4064664976 INFO: Loading resource://resource.uisounds.kodi/sounds.xml
2019-06-08 13:56:51.090 T:4064664976 INFO: skin loaded...
2019-06-08 13:56:51.090 T:4064664976 DEBUG: Activating window ID: 12997
2019-06-08 13:56:51.090 T:4064664976 DEBUG: ------ Window Init () ------
2019-06-08 13:56:51.090 T:4064664976 DEBUG: Activating window ID: 12999
2019-06-08 13:56:51.090 T:4064664976 DEBUG: ------ Window Init (Startup.xml) ------
2019-06-08 13:56:51.091 T:4064664976 INFO: Loading skin file: Startup.xml, load type: LOAD_EVERY_TIME
2019-06-08 13:56:51.256 T:4064664976 WARNING: CApplication::Initialize - startup.xml taints init process
2019-06-08 13:56:51.269 T:4064664976 DEBUG: JSONRPC: JSON schema type definition references an unknown type Setting.Details.Setting
2019-06-08 13:56:51.269 T:4064664976 WARNING: JSONRPC: Could not parse type "Setting.Details.SettingList"
2019-06-08 13:56:51.269 T:4064664976 INFO: JSONRPC: Adding type "Setting.Details.SettingList" to list of incomplete definitions (waiting for "Setting.Details.Setting")
2019-06-08 13:56:51.269 T:4064664976 INFO: JSONRPC: Resolving incomplete types/methods referencing Setting.Details.Setting
2019-06-08 13:56:51.290 T:4064664976 INFO: JSONRPC v10.3.0: Successfully initialized
2019-06-08 13:56:51.290 T:4064664976 DEBUG: LoadMappings - loaded node "Motorola Nyxboard Hybrid"
2019-06-08 13:56:51.291 T:4064664976 DEBUG: LoadMappings - loaded node "CEC Adapter"
2019-06-08 13:56:51.291 T:4064664976 DEBUG: LoadMappings - loaded node "Pulse-Eight CEC Adapter"
2019-06-08 13:56:51.291 T:4064664976 DEBUG: LoadMappings - loaded node "iMON HID device"
2019-06-08 13:56:51.291 T:4064664976 DEBUG: LoadMappings - loaded node "WETEK Play remote"
2019-06-08 13:56:51.291 T:4064664976 DEBUG: LoadMappings - loaded node ""
2019-06-08 13:56:51.291 T:4064664976 DEBUG: CPeripheralBusUSB - initialised udev monitor
2019-06-08 13:56:51.291 T:4064664976 DEBUG: Add-on bus: Registering add-on peripheral.joystick
2019-06-08 13:56:51.291 T:4064664976 DEBUG: PERIPHERAL - CreateAddon - creating peripheral add-on instance 'Joystick Support'
2019-06-08 13:56:51.291 T:4064664976 DEBUG: ADDON: Dll Initializing - Joystick Support
2019-06-08 13:56:51.292 T:4064664976 DEBUG: SECTION:LoadDLL(/usr/lib/kodi/addons/peripheral.joystick/peripheral.joystick.so.1.4.7)
2019-06-08 13:56:51.292 T:4064664976 DEBUG: Loading: /usr/lib/kodi/addons/peripheral.joystick/peripheral.joystick.so.1.4.7
2019-06-08 13:56:51.299 T:4064664976 DEBUG: AddOnLog: Joystick Support: Loaded 14 joystick families with 97 total joysticks
2019-06-08 13:56:51.299 T:4064664976 DEBUG: Calling TransferSettings for: Joystick Support
2019-06-08 13:56:51.300 T:4064664976 DEBUG: CAddonSettings[peripheral.joystick]: loading setting definitions
2019-06-08 13:56:51.300 T:4064664976 INFO: AddOnLog: Joystick Support: Enabling joystick interface "linux"
2019-06-08 13:56:51.300 T:3900658544 DEBUG: Thread PeripBusUSBUdev start, auto delete: false
2019-06-08 13:56:51.300 T:3892265840 DEBUG: Thread PeripBusCEC start, auto delete: false
2019-06-08 13:56:51.301 T:3881825136 DEBUG: Thread PeripBusAddon start, auto delete: false
2019-06-08 13:56:51.304 T:4064664976 DEBUG: Initialise - initialised peripheral on 'keyboard' with 1 features and 0 sub devices
2019-06-08 13:56:51.304 T:4064664976 NOTICE: Register - new keyboard device registered on application->keyboard: Keyboard (0000:0000)
2019-06-08 13:56:51.305 T:4064664976 DEBUG: Initialise - initialised peripheral on 'mouse' with 1 features and 0 sub devices
2019-06-08 13:56:51.305 T:4064664976 NOTICE: Register - new mouse device registered on application->mouse: Mouse (0000:0000)
2019-06-08 13:56:51.305 T:3873432432 DEBUG: Thread PeripEventScanner start, auto delete: false
2019-06-08 13:56:51.307 T:4064664976 DEBUG: ContextMenuManager: addon menus reloaded.
2019-06-08 13:56:51.307 T:4064664976 NOTICE: Loading player core factory settings from special://xbmc/system/playercorefactory.xml.
2019-06-08 13:56:51.307 T:4064664976 DEBUG: CPlayerCoreConfig::: created player VideoPlayer
2019-06-08 13:56:51.307 T:4064664976 DEBUG: CPlayerCoreConfig::: created player PAPlayer
2019-06-08 13:56:51.307 T:4064664976 DEBUG: CPlayerCoreConfig::: created player RetroPlayer
2019-06-08 13:56:51.307 T:4064664976 DEBUG: CPlayerSelectionRule::Initialize: creating rule: system rules
2019-06-08 13:56:51.307 T:4064664976 DEBUG: CPlayerSelectionRule::Initialize: creating rule: mms/udp
2019-06-08 13:56:51.307 T:4064664976 DEBUG: CPlayerSelectionRule::Initialize: creating rule: lastfm/shout
2019-06-08 13:56:51.307 T:4064664976 DEBUG: CPlayerSelectionRule::Initialize: creating rule: rtmp
2019-06-08 13:56:51.307 T:4064664976 DEBUG: CPlayerSelectionRule::Initialize: creating rule: rtsp
2019-06-08 13:56:51.307 T:4064664976 DEBUG: CPlayerSelectionRule::Initialize: creating rule: streams
2019-06-08 13:56:51.307 T:4064664976 DEBUG: CPlayerSelectionRule::Initialize: creating rule: aacp/sdp
2019-06-08 13:56:51.307 T:4064664976 DEBUG: CPlayerSelectionRule::Initialize: creating rule: mp2
2019-06-08 13:56:51.307 T:4064664976 DEBUG: CPlayerSelectionRule::Initialize: creating rule: dvd
2019-06-08 13:56:51.307 T:4064664976 DEBUG: CPlayerSelectionRule::Initialize: creating rule: dvdimage
2019-06-08 13:56:51.307 T:4064664976 DEBUG: CPlayerSelectionRule::Initialize: creating rule: sdp/asf
2019-06-08 13:56:51.307 T:4064664976 DEBUG: CPlayerSelectionRule::Initialize: creating rule: nsv
2019-06-08 13:56:51.307 T:4064664976 DEBUG: CPlayerSelectionRule::Initialize: creating rule: radio
2019-06-08 13:56:51.307 T:4064664976 NOTICE: Loaded playercorefactory configuration
2019-06-08 13:56:51.307 T:4064664976 NOTICE: Loading player core factory settings from special://masterprofile/playercorefactory.xml.
2019-06-08 13:56:51.308 T:4064664976 NOTICE: special://masterprofile/playercorefactory.xml does not exist. Skipping.
2019-06-08 13:56:51.308 T:4064664976 INFO: removing tempfiles
2019-06-08 13:56:51.314 T:4064664976 DEBUG: CRepositoryUpdater: previous update at 07-06-2019 22:04:52, next at 08-06-2019 22:04:52
2019-06-08 13:56:51.316 T:4064664976 DEBUG: CServiceAddonManager: starting service.coreelec.settings
2019-06-08 13:56:51.317 T:3856647024 DEBUG: Thread LanguageInvoker start, auto delete: false
2019-06-08 13:56:51.317 T:4064664976 DEBUG: CServiceAddonManager: starting script.skin.helper.service
2019-06-08 13:56:51.317 T:3856647024 INFO: initializing python engine.
2019-06-08 13:56:51.318 T:3848254320 DEBUG: Thread LanguageInvoker start, auto delete: false
2019-06-08 13:56:51.319 T:3848254320 INFO: initializing python engine.
2019-06-08 13:56:51.319 T:4064664976 DEBUG: CServiceAddonManager: starting script.xbmcbackup
2019-06-08 13:56:51.319 T:3865039728 DEBUG: Thread Timer start, auto delete: false
2019-06-08 13:56:51.336 T:3839861616 DEBUG: Thread LanguageInvoker start, auto delete: false
2019-06-08 13:56:51.336 T:4064664976 DEBUG: CServiceAddonManager: starting plugin.video.youtube
2019-06-08 13:56:51.336 T:3839861616 INFO: initializing python engine.
2019-06-08 13:56:51.337 T:3831468912 DEBUG: Thread LanguageInvoker start, auto delete: false
2019-06-08 13:56:51.337 T:4064664976 DEBUG: CServiceAddonManager: starting service.skin.widgets
2019-06-08 13:56:51.337 T:3831468912 INFO: initializing python engine.
2019-06-08 13:56:51.337 T:3823076208 DEBUG: Thread LanguageInvoker start, auto delete: false
2019-06-08 13:56:51.337 T:4064664976 DEBUG: CServiceAddonManager: starting service.library.data.provider
2019-06-08 13:56:51.337 T:3823076208 INFO: initializing python engine.
2019-06-08 13:56:51.337 T:3814683504 DEBUG: Thread LanguageInvoker start, auto delete: false
2019-06-08 13:56:51.337 T:4064664976 DEBUG: CServiceAddonManager: starting script.common.plugin.cache
2019-06-08 13:56:51.338 T:3814683504 INFO: initializing python engine.
2019-06-08 13:56:51.338 T:3806290800 DEBUG: Thread LanguageInvoker start, auto delete: false
2019-06-08 13:56:51.338 T:4064664976 DEBUG: CServiceAddonManager: starting script.service.mypicsdb
2019-06-08 13:56:51.338 T:3806290800 INFO: initializing python engine.
2019-06-08 13:56:51.338 T:3797898096 DEBUG: Thread LanguageInvoker start, auto delete: false
2019-06-08 13:56:51.338 T:4064664976 NOTICE: initialize done
2019-06-08 13:56:51.338 T:4064664976 NOTICE: Running the application...
2019-06-08 13:56:51.338 T:4064664976 DEBUG: Activating window ID: 10000
2019-06-08 13:56:51.339 T:4064664976 DEBUG: [Warning] CGUITextureManager::GetTexturePath: could not find texture '$VAR[SkinBackgroundPath]startup.jpg'
2019-06-08 13:56:51.340 T:4064664976 DEBUG: ------ Window Init () ------
2019-06-08 13:56:51.341 T:3797898096 INFO: initializing python engine.
2019-06-08 13:56:51.364 T:4064664976 DEBUG: ------ Window Deinit (Startup.xml) ------
2019-06-08 13:56:51.369 T:3789505392 DEBUG: Thread Timer start, auto delete: false
2019-06-08 13:56:51.373 T:3789505392 DEBUG: Thread Timer 3789505392 terminating
2019-06-08 13:56:51.373 T:3781112688 DEBUG: Thread Timer start, auto delete: false
2019-06-08 13:56:51.377 T:3856647024 DEBUG: CPythonInvoker(0, /usr/share/kodi/addons/service.coreelec.settings/service.py): start processing
2019-06-08 13:56:51.377 T:3848254320 DEBUG: CPythonInvoker(1, /storage/.kodi/addons/script.skin.helper.service/service.py): start processing
2019-06-08 13:56:51.377 T:3839861616 DEBUG: CPythonInvoker(2, /storage/.kodi/addons/script.xbmcbackup/scheduler.py): start processing
2019-06-08 13:56:51.377 T:3831468912 DEBUG: CPythonInvoker(3, /storage/.kodi/addons/plugin.video.youtube/resources/lib/startup.py): start processing
2019-06-08 13:56:51.378 T:3823076208 DEBUG: CPythonInvoker(4, /storage/.kodi/addons/service.skin.widgets/default.py): start processing
2019-06-08 13:56:51.378 T:3814683504 DEBUG: CPythonInvoker(5, /storage/.kodi/addons/service.library.data.provider/service.py): start processing
2019-06-08 13:56:51.378 T:3806290800 DEBUG: CPythonInvoker(6, /storage/.kodi/addons/script.common.plugin.cache/default.py): start processing
2019-06-08 13:56:51.378 T:3797898096 DEBUG: CPythonInvoker(7, /storage/.kodi/addons/script.service.mypicsdb/default.py): start processing
2019-06-08 13:56:51.389 T:3781112688 DEBUG: Thread Timer 3781112688 terminating
2019-06-08 13:56:51.389 T:3789505392 DEBUG: Thread Timer start, auto delete: false
2019-06-08 13:56:51.396 T:3856647024 DEBUG: -->Python Interpreter Initialized<--
2019-06-08 13:56:51.396 T:3856647024 DEBUG: CPythonInvoker(0, /usr/share/kodi/addons/service.coreelec.settings/service.py): the source file to load is "/usr/share/kodi/addons/service.coreelec.settings/service.py"
2019-06-08 13:56:51.406 T:3789505392 DEBUG: Thread Timer 3789505392 terminating
2019-06-08 13:56:51.406 T:3789505392 DEBUG: Thread Timer start, auto delete: false
2019-06-08 13:56:51.423 T:3789505392 DEBUG: Thread Timer 3789505392 terminating
2019-06-08 13:56:51.423 T:3789505392 DEBUG: Thread Timer start, auto delete: false
2019-06-08 13:56:51.438 T:3789505392 DEBUG: Thread Timer 3789505392 terminating
2019-06-08 13:56:51.438 T:3781112688 DEBUG: Thread Timer start, auto delete: false
2019-06-08 13:56:51.455 T:3781112688 DEBUG: Thread Timer 3781112688 terminating
2019-06-08 13:56:51.456 T:3789505392 DEBUG: Thread Timer start, auto delete: false
2019-06-08 13:56:51.456 T:3892265840 DEBUG: GetMappingForDevice - device (0000:0000) mapped to CEC Adapter (type = cec)
2019-06-08 13:56:51.471 T:3892265840 DEBUG: InitialiseFeature - using libCEC v4.0.4
2019-06-08 13:56:51.471 T:3892265840 DEBUG: Initialise - initialised peripheral on 'AOCEC' with 2 features and 0 sub devices
2019-06-08 13:56:51.471 T:3770930032 DEBUG: Thread CECAdapter start, auto delete: false
2019-06-08 13:56:51.471 T:3892265840 NOTICE: Register - new cec device registered on cec->AOCEC: CEC Adapter (0000:0000)
2019-06-08 13:56:51.471 T:3770930032 DEBUG: OpenConnection - opening a connection to the CEC adapter: AOCEC
2019-06-08 13:56:51.473 T:3856647024 DEBUG: CPythonInvoker(0, /usr/share/kodi/addons/service.coreelec.settings/service.py): setting the Python path to /usr/share/kodi/addons/service.coreelec.settings:/usr/lib/python27.zip:/usr/lib/python2.7:/usr/lib/python2.7/plat-linux2:/usr/lib/python2.7/lib-tk:/usr/lib/python2.7/lib-old:/usr/lib/python2.7/lib-dynload:/usr/lib/python2.7/site-packages:/usr/lib/python2.7/site-packages/gtk-2.0
2019-06-08 13:56:51.474 T:4064664976 DEBUG: FreeVisualisation() done
2019-06-08 13:56:51.474 T:3781112688 DEBUG: CecLogMessage - Broadcast (F): osd name set to 'Broadcast'
2019-06-08 13:56:51.475 T:3856647024 DEBUG: CPythonInvoker(0, /usr/share/kodi/addons/service.coreelec.settings/service.py): entering source directory /usr/share/kodi/addons/service.coreelec.settings
2019-06-08 13:56:51.475 T:3781112688 DEBUG: CecLogMessage - connection opened
2019-06-08 13:56:51.475 T:3781112688 DEBUG: CecLogMessage - << Broadcast (F) -> TV (0): POLL
2019-06-08 13:56:51.475 T:3781112688 DEBUG: CecLogMessage - << f0
2019-06-08 13:56:51.475 T:3781112688 DEBUG: CecLogMessage - processor thread started
2019-06-08 13:56:51.475 T:3856647024 DEBUG: CPythonInvoker(0, /usr/share/kodi/addons/service.coreelec.settings/service.py): instantiating addon using automatically obtained id of "service.coreelec.settings" dependent on version 2.1.0 of the xbmc.python api
2019-06-08 13:56:51.478 T:4064664976 INFO: GLES: Enabling VSYNC
2019-06-08 13:56:51.480 T:3797898096 DEBUG: -->Python Interpreter Initialized<--
2019-06-08 13:56:51.480 T:3797898096 DEBUG: CPythonInvoker(7, /storage/.kodi/addons/script.service.mypicsdb/default.py): the source file to load is "/storage/.kodi/addons/script.service.mypicsdb/default.py"
2019-06-08 13:56:51.483 T:4064664976 DEBUG: ------ Window Init (Home.xml) ------
2019-06-08 13:56:51.483 T:4064664976 INFO: Loading skin file: Home.xml, load type: KEEP_IN_MEMORY
2019-06-08 13:56:51.509 T:3831468912 DEBUG: -->Python Interpreter Initialized<--
2019-06-08 13:56:51.509 T:3831468912 DEBUG: CPythonInvoker(3, /storage/.kodi/addons/plugin.video.youtube/resources/lib/startup.py): the source file to load is "/storage/.kodi/addons/plugin.video.youtube/resources/lib/startup.py"
2019-06-08 13:56:51.528 T:3781112688 DEBUG: CecLogMessage - >> POLL sent
2019-06-08 13:56:51.528 T:3781112688 DEBUG: CecLogMessage - TV (0): device status changed into 'present'
2019-06-08 13:56:51.528 T:3781112688 DEBUG: CecLogMessage - << requesting vendor ID of 'TV' (0)
2019-06-08 13:56:51.528 T:3781112688 DEBUG: CecLogMessage - << f0:8c
2019-06-08 13:56:51.715 T:3856647024 DEBUG: ## CoreELEC Addon ## 9.0.0
2019-06-08 13:56:51.965 T:3789505392 DEBUG: Thread Timer 3789505392 terminating
2019-06-08 13:56:52.609 T:3781112688 DEBUG: CecLogMessage - expected response not received (87: device vendor id)
2019-06-08 13:56:52.609 T:3781112688 DEBUG: CecLogMessage - << f0:8c
2019-06-08 13:56:53.036 T:3789505392 DEBUG: Thread LanguageInvoker start, auto delete: false
2019-06-08 13:56:53.036 T:3789505392 INFO: initializing python engine.
2019-06-08 13:56:53.036 T:3789505392 DEBUG: CPythonInvoker(8, /storage/.kodi/addons/script.favourites/default.py): start processing
2019-06-08 13:56:53.037 T:3730760560 DEBUG: Thread LanguageInvoker start, auto delete: false
2019-06-08 13:56:53.037 T:3730760560 INFO: initializing python engine.
2019-06-08 13:56:53.037 T:3730760560 DEBUG: CPythonInvoker(9, /storage/.kodi/addons/script.randomandlastitems/randomandlastitems.py): start processing
2019-06-08 13:56:53.038 T:3918496624 DEBUG: CRecentlyAddedJob::UpdateMusic() - Running RecentlyAdded home screen update
2019-06-08 13:56:53.039 T:4064664976 DEBUG: no profile autoexec.py (/storage/.kodi/userdata/autoexec.py) found, skipping
2019-06-08 13:56:53.039 T:4064664976 DEBUG: NetworkMessage - Starting network services
2019-06-08 13:56:53.039 T:4064664976 NOTICE: CWebServer[8080]: Started
2019-06-08 13:56:53.040 T:3831468912 DEBUG: CPythonInvoker(3, /storage/.kodi/addons/plugin.video.youtube/resources/lib/startup.py): setting the Python path to /storage/.kodi/addons/plugin.video.youtube/resources/lib:/storage/.kodi/addons/script.module.certifi/lib:/storage/.kodi/addons/script.module.chardet/lib:/storage/.kodi/addons/script.module.idna/lib:/storage/.kodi/addons/script.module.requests/lib:/storage/.kodi/addons/script.module.six/lib:/storage/.kodi/addons/script.module.urllib3/lib:/usr/lib/python27.zip:/usr/lib/python2.7:/usr/lib/python2.7/plat-linux2:/usr/lib/python2.7/lib-tk:/usr/lib/python2.7/lib-old:/usr/lib/python2.7/lib-dynload:/usr/lib/python2.7/site-packages:/usr/lib/python2.7/site-packages/gtk-2.0
2019-06-08 13:56:53.040 T:3831468912 DEBUG: CPythonInvoker(3, /storage/.kodi/addons/plugin.video.youtube/resources/lib/startup.py): entering source directory /storage/.kodi/addons/plugin.video.youtube/resources/lib
2019-06-08 13:56:53.040 T:3839861616 DEBUG: -->Python Interpreter Initialized<--
2019-06-08 13:56:53.040 T:3839861616 DEBUG: CPythonInvoker(2, /storage/.kodi/addons/script.xbmcbackup/scheduler.py): the source file to load is "/storage/.kodi/addons/script.xbmcbackup/scheduler.py"
2019-06-08 13:56:53.041 T:4064664976 INFO: CZeroconfAvahi::clientCallback: avahi server not available. But may become later...
2019-06-08 13:56:53.042 T:4064664976 NOTICE: starting upnp client
2019-06-08 13:56:53.042 T:3831468912 DEBUG: CPythonInvoker(3, /storage/.kodi/addons/plugin.video.youtube/resources/lib/startup.py): instantiating addon using automatically obtained id of "plugin.video.youtube" dependent on version 2.20.0 of the xbmc.python api
2019-06-08 13:56:53.042 T:4064664976 NOTICE: starting upnp server
2019-06-08 13:56:53.044 T:3806290800 DEBUG: -->Python Interpreter Initialized<--
2019-06-08 13:56:53.045 T:3806290800 DEBUG: CPythonInvoker(6, /storage/.kodi/addons/script.common.plugin.cache/default.py): the source file to load is "/storage/.kodi/addons/script.common.plugin.cache/default.py"
2019-06-08 13:56:53.045 T:3797898096 DEBUG: CPythonInvoker(7, /storage/.kodi/addons/script.service.mypicsdb/default.py): setting the Python path to /storage/.kodi/addons/script.service.mypicsdb:/usr/lib/python27.zip:/usr/lib/python2.7:/usr/lib/python2.7/plat-linux2:/usr/lib/python2.7/lib-tk:/usr/lib/python2.7/lib-old:/usr/lib/python2.7/lib-dynload:/usr/lib/python2.7/site-packages:/usr/lib/python2.7/site-packages/gtk-2.0
2019-06-08 13:56:53.045 T:3797898096 DEBUG: CPythonInvoker(7, /storage/.kodi/addons/script.service.mypicsdb/default.py): entering source directory /storage/.kodi/addons/script.service.mypicsdb
2019-06-08 13:56:53.045 T:3839861616 DEBUG: CPythonInvoker(2, /storage/.kodi/addons/script.xbmcbackup/scheduler.py): setting the Python path to /storage/.kodi/addons/script.xbmcbackup:/storage/.kodi/addons/script.module.certifi/lib:/storage/.kodi/addons/script.module.chardet/lib:/storage/.kodi/addons/script.module.googleapi/lib:/storage/.kodi/addons/script.module.httplib2/lib:/storage/.kodi/addons/script.module.idna/lib:/storage/.kodi/addons/script.module.oauth2client/lib:/storage/.kodi/addons/script.module.requests/lib:/storage/.kodi/addons/script.module.six/lib:/storage/.kodi/addons/script.module.uritemplate/lib:/storage/.kodi/addons/script.module.urllib3/lib:/storage/.kodi/addons/script.module.yaml/lib:/usr/lib/python27.zip:/usr/lib/python2.7:/usr/lib/python2.7/plat-linux2:/usr/lib/python2.7/lib-tk:/usr/lib/python2.7/lib-old:/usr/lib/python2.7/lib-dynload:/usr/lib/python2.7/site-packages:/usr/lib/python2.7/site-packages/gtk-2.0
2019-06-08 13:56:53.045 T:3839861616 DEBUG: CPythonInvoker(2, /storage/.kodi/addons/script.xbmcbackup/scheduler.py): entering source directory /storage/.kodi/addons/script.xbmcbackup
2019-06-08 13:56:53.045 T:3797898096 DEBUG: CPythonInvoker(7, /storage/.kodi/addons/script.service.mypicsdb/default.py): instantiating addon using automatically obtained id of "script.service.mypicsdb" dependent on version 2.1.0 of the xbmc.python api
2019-06-08 13:56:53.047 T:3596477296 DEBUG: Thread EventServer start, auto delete: false
2019-06-08 13:56:53.047 T:3596477296 NOTICE: ES: Starting UDP Event server on port 9777
2019-06-08 13:56:53.047 T:3596477296 NOTICE: UDP: Listening on port 9777 (ipv6 : false)
2019-06-08 13:56:53.052 T:4064664976 INFO: JSONRPC Server: Successfully initialized
2019-06-08 13:56:53.052 T:4064664976 DEBUG: LogindUPowerSyscall - Received unknown signal NameAcquired
2019-06-08 13:56:53.052 T:3579691888 DEBUG: Thread TCPServer start, auto delete: false
2019-06-08 13:56:53.053 T:3571299184 DEBUG: Thread JobWorker start, auto delete: true
2019-06-08 13:56:53.095 T:3839861616 DEBUG: CPythonInvoker(2, /storage/.kodi/addons/script.xbmcbackup/scheduler.py): instantiating addon using automatically obtained id of "script.xbmcbackup" dependent on version 2.24.0 of the xbmc.python api
2019-06-08 13:56:53.108 T:3918496624 DEBUG: GetRecentlyAddedAlbumSongs() query: SELECT songview.*, songartistview.* FROM (SELECT idAlbum FROM album ORDER BY idAlbum DESC LIMIT 10) AS recentalbums JOIN songview ON songview.idAlbum = recentalbums.idAlbum JOIN songartistview ON songview.idSong = songartistview.idSong ORDER BY songview.idAlbum DESC, songview.idSong, songartistview.idRole, songartistview.iOrder
2019-06-08 13:56:53.173 T:3571299184 DEBUG: ffmpeg[D4DDB370]: [swscaler] No accelerated colorspace conversion found from yuv420p to bgra.
2019-06-08 13:56:53.282 T:3918496624 DEBUG: GetRecentlyAddedAlbums query: SELECT albumview.*, albumartistview.* FROM (SELECT idAlbum FROM album WHERE strAlbum != '' ORDER BY idAlbum DESC LIMIT 10) AS recentalbums JOIN albumview ON albumview.idAlbum = recentalbums.idAlbum JOIN albumartistview ON albumview.idAlbum = albumartistview.idAlbum ORDER BY albumview.idAlbum desc, albumartistview.iOrder
2019-06-08 13:56:53.586 T:3918496624 DEBUG: CRecentlyAddedJob::UpdateVideos() - Running RecentlyAdded home screen update
2019-06-08 13:56:53.689 T:3781112688 DEBUG: CecLogMessage - expected response not received (87: device vendor id)
2019-06-08 13:56:53.689 T:3781112688 DEBUG: CecLogMessage - registering new CEC client - v4.0.0
2019-06-08 13:56:53.689 T:3781112688 DEBUG: CecLogMessage - detecting logical address for type 'recording device'
2019-06-08 13:56:53.689 T:3781112688 DEBUG: CecLogMessage - trying logical address 'Recorder 1'
2019-06-08 13:56:53.689 T:3781112688 DEBUG: CecLogMessage - << Recorder 1 (1) -> Recorder 1 (1): POLL
2019-06-08 13:56:53.689 T:3781112688 DEBUG: CecLogMessage - << 11
2019-06-08 13:56:53.744 T:3781112688 WARNING: CecLogMessage - Write: write failed
2019-06-08 13:56:53.744 T:3781112688 DEBUG: CecLogMessage - << 11
2019-06-08 13:56:53.800 T:3781112688 WARNING: CecLogMessage - Write: write failed
2019-06-08 13:56:53.800 T:3781112688 DEBUG: CecLogMessage - >> POLL not sent
2019-06-08 13:56:53.800 T:3781112688 DEBUG: CecLogMessage - using logical address 'Recorder 1'
2019-06-08 13:56:53.800 T:3781112688 DEBUG: CecLogMessage - Recorder 1 (1): device status changed into 'handled by libCEC'
2019-06-08 13:56:53.800 T:3781112688 DEBUG: CecLogMessage - Recorder 1 (1): power status changed from 'unknown' to 'on'
2019-06-08 13:56:53.800 T:3781112688 DEBUG: CecLogMessage - Recorder 1 (1): vendor = Pulse Eight (001582)
2019-06-08 13:56:53.800 T:3781112688 DEBUG: CecLogMessage - Recorder 1 (1): CEC version 1.4
2019-06-08 13:56:53.800 T:3781112688 DEBUG: CecLogMessage - AllocateLogicalAddresses - device '0', type 'recording device', LA '1'
2019-06-08 13:56:53.800 T:3781112688 DEBUG: CecLogMessage - Recorder 1 (1): osd name set to 'Kodi'
2019-06-08 13:56:53.800 T:3781112688 DEBUG: CecLogMessage - Recorder 1 (1): menu language set to 'eng'
2019-06-08 13:56:53.800 T:3781112688 DEBUG: CecLogMessage - AutodetectPhysicalAddress - autodetected physical address '2000'
2019-06-08 13:56:53.800 T:3781112688 DEBUG: CecLogMessage - Recorder 1 (1): physical address changed from ffff to 2000
2019-06-08 13:56:53.800 T:3781112688 DEBUG: CecLogMessage - << Recorder 1 (1) -> broadcast (F): physical address 2000
2019-06-08 13:56:53.800 T:3781112688 DEBUG: CecLogMessage - << 1f:84:20:00:01
2019-06-08 13:56:53.818 T:3831468912 DEBUG: CAddonSettings[plugin.video.youtube]: loading setting definitions
2019-06-08 13:56:53.818 T:3831468912 DEBUG: CAddonSettings[plugin.video.youtube]: trying to load setting definitions from old format...
2019-06-08 13:56:53.821 T:3831468912 DEBUG: CAddonSettings[plugin.video.youtube]: loading setting values
2019-06-08 13:56:53.823 T:3831468912 DEBUG: [plugin.video.youtube] send_notification: |check_settings| -> |{"httpd_address": "0.0.0.0", "use_httpd": false, "whitelist": "", "httpd_port": 50152}|
2019-06-08 13:56:53.824 T:3831468912 DEBUG: [plugin.video.youtube] JSONStore Load |/storage/.kodi/userdata/addon_data/plugin.video.youtube/api_keys.json|
2019-06-08 13:56:53.825 T:3831468912 DEBUG: [plugin.video.youtube] JSONStore Load |/storage/.kodi/userdata/addon_data/plugin.video.youtube/access_manager.json|
2019-06-08 13:56:53.828 T:4064650096 DEBUG: CAnnouncementManager - Announcement: check_settings from plugin.video.youtube
2019-06-08 13:56:53.828 T:4064650096 DEBUG: GOT ANNOUNCEMENT, type: 512, from plugin.video.youtube, message check_settings
2019-06-08 13:56:53.829 T:3831468912 DEBUG: CAddonSettings[plugin.video.youtube]: loading setting definitions
2019-06-08 13:56:53.830 T:3831468912 DEBUG: CAddonSettings[plugin.video.youtube]: trying to load setting definitions from old format...
2019-06-08 13:56:53.832 T:3831468912 DEBUG: CAddonSettings[plugin.video.youtube]: loading setting values
2019-06-08 13:56:53.836 T:3831468912 DEBUG: CAddonSettings[plugin.video.youtube]: loading setting definitions
2019-06-08 13:56:53.836 T:3831468912 DEBUG: CAddonSettings[plugin.video.youtube]: trying to load setting definitions from old format...
2019-06-08 13:56:53.838 T:3831468912 DEBUG: CAddonSettings[plugin.video.youtube]: loading setting values
2019-06-08 13:56:53.842 T:3831468912 DEBUG: CAddonSettings[plugin.video.youtube]: loading setting definitions
2019-06-08 13:56:53.842 T:3831468912 DEBUG: CAddonSettings[plugin.video.youtube]: trying to load setting definitions from old format...
2019-06-08 13:56:53.845 T:3831468912 DEBUG: CAddonSettings[plugin.video.youtube]: loading setting values
2019-06-08 13:56:53.852 T:3831468912 DEBUG: CAddonSettings[plugin.video.youtube]: loading setting definitions
2019-06-08 13:56:53.852 T:3831468912 DEBUG: CAddonSettings[plugin.video.youtube]: trying to load setting definitions from old format...
2019-06-08 13:56:53.854 T:3831468912 DEBUG: CAddonSettings[plugin.video.youtube]: loading setting values
2019-06-08 13:56:53.856 T:3831468912 DEBUG: CSettingsManager: requested setting (kodion.access_token) was not found.
2019-06-08 13:56:53.856 T:3831468912 DEBUG: CSettingsManager: requested setting (kodion.refresh_token) was not found.
2019-06-08 13:56:53.856 T:3831468912 DEBUG: CSettingsManager: requested setting (kodion.access_token.expires) was not found.
2019-06-08 13:56:53.856 T:3831468912 DEBUG: CSettingsManager: requested setting (youtube.api.last.hash) was not found.
2019-06-08 13:56:53.857 T:3831468912 DEBUG: [plugin.video.youtube] User: |0| Using API key set: |1|
2019-06-08 13:56:53.888 T:3823076208 DEBUG: -->Python Interpreter Initialized<--
2019-06-08 13:56:53.888 T:3823076208 DEBUG: CPythonInvoker(4, /storage/.kodi/addons/service.skin.widgets/default.py): the source file to load is "/storage/.kodi/addons/service.skin.widgets/default.py"
2019-06-08 13:56:53.888 T:3823076208 DEBUG: CPythonInvoker(4, /storage/.kodi/addons/service.skin.widgets/default.py): setting the Python path to /storage/.kodi/addons/service.skin.widgets:/storage/.kodi/addons/script.module.simplejson/lib:/usr/lib/python27.zip:/usr/lib/python2.7:/usr/lib/python2.7/plat-linux2:/usr/lib/python2.7/lib-tk:/usr/lib/python2.7/lib-old:/usr/lib/python2.7/lib-dynload:/usr/lib/python2.7/site-packages:/usr/lib/python2.7/site-packages/gtk-2.0
2019-06-08 13:56:53.888 T:3823076208 DEBUG: CPythonInvoker(4, /storage/.kodi/addons/service.skin.widgets/default.py): entering source directory /storage/.kodi/addons/service.skin.widgets
2019-06-08 13:56:53.889 T:3831468912 DEBUG: [plugin.video.youtube] YouTube service initialization...
2019-06-08 13:56:53.890 T:3831468912 DEBUG: CAddonSettings[plugin.video.youtube]: loading setting definitions
2019-06-08 13:56:53.890 T:3831468912 DEBUG: CAddonSettings[plugin.video.youtube]: trying to load setting definitions from old format...
2019-06-08 13:56:53.892 T:3831468912 DEBUG: CAddonSettings[plugin.video.youtube]: loading setting values
2019-06-08 13:56:53.895 T:3823076208 DEBUG: CPythonInvoker(4, /storage/.kodi/addons/service.skin.widgets/default.py): instantiating addon using automatically obtained id of "service.skin.widgets" dependent on version 2.14.0 of the xbmc.python api
2019-06-08 13:56:53.930 T:3831468912 DEBUG: CAddonSettings[plugin.video.youtube]: loading setting definitions
2019-06-08 13:56:53.930 T:3831468912 DEBUG: CAddonSettings[plugin.video.youtube]: trying to load setting definitions from old format...
2019-06-08 13:56:53.932 T:3831468912 DEBUG: CAddonSettings[plugin.video.youtube]: loading setting values
2019-06-08 13:56:53.934 T:3806290800 DEBUG: CPythonInvoker(6, /storage/.kodi/addons/script.common.plugin.cache/default.py): setting the Python path to /storage/.kodi/addons/script.common.plugin.cache:/usr/lib/python27.zip:/usr/lib/python2.7:/usr/lib/python2.7/plat-linux2:/usr/lib/python2.7/lib-tk:/usr/lib/python2.7/lib-old:/usr/lib/python2.7/lib-dynload:/usr/lib/python2.7/site-packages:/usr/lib/python2.7/site-packages/gtk-2.0
2019-06-08 13:56:53.935 T:3806290800 DEBUG: CPythonInvoker(6, /storage/.kodi/addons/script.common.plugin.cache/default.py): entering source directory /storage/.kodi/addons/script.common.plugin.cache
2019-06-08 13:56:53.935 T:3806290800 DEBUG: CPythonInvoker(6, /storage/.kodi/addons/script.common.plugin.cache/default.py): instantiating addon using automatically obtained id of "script.common.plugin.cache" dependent on version 2.24.0 of the xbmc.python api
2019-06-08 13:56:53.937 T:3814683504 DEBUG: -->Python Interpreter Initialized<--
2019-06-08 13:56:53.937 T:3814683504 DEBUG: CPythonInvoker(5, /storage/.kodi/addons/service.library.data.provider/service.py): the source file to load is "/storage/.kodi/addons/service.library.data.provider/service.py"
2019-06-08 13:56:53.955 T:3781112688 DEBUG: CecLogMessage - CEC client registered: libCEC version = 4.0.4, client version = 4.0.0, firmware version = 5, logical address(es) = Recorder 1 (1) , physical address: 2.0.0.0, compiled on Fri Jun 7 23:08:52 UTC 2019 by relkai@hammbwcor01 on Linux 4.15.0-48-generic (x86_64), features: P8_USB, DRM, P8_detect, AOCEC
2019-06-08 13:56:53.955 T:3781112688 DEBUG: CecLogMessage - << Recorder 1 (1) -> TV (0): OSD name 'Kodi'
2019-06-08 13:56:53.955 T:3781112688 DEBUG: CecLogMessage - << 10:47:4b:6f:64:69
2019-06-08 13:56:53.973 T:3848254320 DEBUG: -->Python Interpreter Initialized<--
2019-06-08 13:56:53.974 T:3848254320 DEBUG: CPythonInvoker(1, /storage/.kodi/addons/script.skin.helper.service/service.py): the source file to load is "/storage/.kodi/addons/script.skin.helper.service/service.py"
2019-06-08 13:56:53.986 T:3848254320 DEBUG: CPythonInvoker(1, /storage/.kodi/addons/script.skin.helper.service/service.py): setting the Python path to /storage/.kodi/addons/script.skin.helper.service:/storage/.kodi/addons/script.module.arrow/lib:/storage/.kodi/addons/script.module.beautifulsoup/lib:/storage/.kodi/addons/script.module.certifi/lib:/storage/.kodi/addons/script.module.chardet/lib:/storage/.kodi/addons/script.module.dateutil/lib:/storage/.kodi/addons/script.module.idna/lib:/storage/.kodi/addons/script.module.metadatautils/lib:/storage/.kodi/addons/script.module.musicbrainz/lib:/storage/.kodi/addons/script.module.requests/lib:/storage/.kodi/addons/script.module.simplecache/lib:/storage/.kodi/addons/script.module.simplejson/lib:/storage/.kodi/addons/script.module.six/lib:/storage/.kodi/addons/script.module.thetvdb/lib:/storage/.kodi/addons/script.module.urllib3/lib:/usr/lib/python27.zip:/usr/lib/python2.7:/usr/lib/python2.7/plat-linux2:/usr/lib/python2.7/lib-tk:/usr/lib/python2.7/lib-old:/usr/lib/python2.7/lib-dynload:/usr/lib/python2.7/site-packages:/usr/lib/python2.7/site-packages/gtk-2.0
2019-06-08 13:56:53.986 T:3848254320 DEBUG: CPythonInvoker(1, /storage/.kodi/addons/script.skin.helper.service/service.py): entering source directory /storage/.kodi/addons/script.skin.helper.service
2019-06-08 13:56:53.987 T:3848254320 DEBUG: CPythonInvoker(1, /storage/.kodi/addons/script.skin.helper.service/service.py): instantiating addon using automatically obtained id of "script.skin.helper.service" dependent on version 2.13.0 of the xbmc.python api
2019-06-08 13:56:54.102 T:3806290800 DEBUG: CAddonSettings[script.common.plugin.cache]: loading setting definitions
2019-06-08 13:56:54.102 T:3806290800 DEBUG: CAddonSettings[script.common.plugin.cache]: trying to load setting definitions from old format...
2019-06-08 13:56:54.103 T:3814683504 DEBUG: CPythonInvoker(5, /storage/.kodi/addons/service.library.data.provider/service.py): setting the Python path to /storage/.kodi/addons/service.library.data.provider:/storage/.kodi/addons/script.module.routing/lib:/storage/.kodi/addons/script.module.simplejson/lib:/usr/lib/python27.zip:/usr/lib/python2.7:/usr/lib/python2.7/plat-linux2:/usr/lib/python2.7/lib-tk:/usr/lib/python2.7/lib-old:/usr/lib/python2.7/lib-dynload:/usr/lib/python2.7/site-packages:/usr/lib/python2.7/site-packages/gtk-2.0
2019-06-08 13:56:54.103 T:3814683504 DEBUG: CPythonInvoker(5, /storage/.kodi/addons/service.library.data.provider/service.py): entering source directory /storage/.kodi/addons/service.library.data.provider
2019-06-08 13:56:54.108 T:3814683504 DEBUG: CPythonInvoker(5, /storage/.kodi/addons/service.library.data.provider/service.py): instantiating addon using automatically obtained id of "service.library.data.provider" dependent on version 2.25.0 of the xbmc.python api
2019-06-08 13:56:54.130 T:3781112688 DEBUG: CecLogMessage - << requesting power status of 'TV' (0)
2019-06-08 13:56:54.130 T:3781112688 DEBUG: CecLogMessage - << 10:8f
2019-06-08 13:56:54.256 T:3781112688 DEBUG: CecLogMessage - >> 01:00:47:00
2019-06-08 13:56:54.256 T:3781112688 DEBUG: CecLogMessage - marking opcode 'set osd name' as unsupported feature for device 'TV'
2019-06-08 13:56:54.256 T:3781112688 DEBUG: CecLogMessage - >> TV (0) -> Recorder 1 (1): feature abort ( 0)
2019-06-08 13:56:54.514 T:3781112688 DEBUG: CecLogMessage - >> 01:90:00
2019-06-08 13:56:54.514 T:3781112688 DEBUG: CecLogMessage - TV (0): power status changed from 'unknown' to 'on'
2019-06-08 13:56:54.514 T:3781112688 DEBUG: CecLogMessage - >> TV (0) -> Recorder 1 (1): report power status (90)
2019-06-08 13:56:54.514 T:3770930032 DEBUG: OpenConnection - connection to the CEC adapter opened
2019-06-08 13:56:54.514 T:3770930032 DEBUG: SetConfigurationFromLibCEC - settings updated by libCEC
2019-06-08 13:56:54.514 T:3781112688 DEBUG: CecLogMessage - expected response received (90: report power status)
2019-06-08 13:56:54.514 T:3630048112 DEBUG: Thread CECAdapterUpdate start, auto delete: false
2019-06-08 13:56:54.514 T:3630048112 DEBUG: UpdateMenuLanguage - using TV menu language is disabled
2019-06-08 13:56:54.515 T:3781112688 DEBUG: CecLogMessage - << Recorder 1 (1) -> Recorder 2 (2): POLL
2019-06-08 13:56:54.515 T:3781112688 DEBUG: CecLogMessage - << 12
2019-06-08 13:56:54.568 T:3781112688 WARNING: CecLogMessage - Write: write failed
2019-06-08 13:56:54.568 T:3781112688 DEBUG: CecLogMessage - << 12
2019-06-08 13:56:54.635 T:3781112688 DEBUG: CecLogMessage - >> 01:8c
2019-06-08 13:56:54.635 T:3781112688 DEBUG: CecLogMessage - >> TV (0) -> Recorder 1 (1): give device vendor id (8C)
2019-06-08 13:56:54.712 T:3781112688 WARNING: CecLogMessage - Write: write failed
2019-06-08 13:56:54.712 T:3781112688 DEBUG: CecLogMessage - >> POLL not sent
2019-06-08 13:56:54.712 T:3781112688 DEBUG: CecLogMessage - Recorder 2 (2): device status changed into 'not present'
2019-06-08 13:56:54.712 T:3781112688 DEBUG: CecLogMessage - << Recorder 1 (1) -> Tuner 1 (3): POLL
2019-06-08 13:56:54.712 T:3781112688 DEBUG: CecLogMessage - << 13
2019-06-08 13:56:54.769 T:3781112688 WARNING: CecLogMessage - Write: write failed
2019-06-08 13:56:54.769 T:3781112688 DEBUG: CecLogMessage - << 13
2019-06-08 13:56:54.825 T:3781112688 WARNING: CecLogMessage - Write: write failed
2019-06-08 13:56:54.825 T:3781112688 DEBUG: CecLogMessage - >> POLL not sent
2019-06-08 13:56:54.825 T:3781112688 DEBUG: CecLogMessage - Tuner 1 (3): device status changed into 'not present'
2019-06-08 13:56:54.825 T:3781112688 DEBUG: CecLogMessage - << Recorder 1 (1) -> Playback 1 (4): POLL
2019-06-08 13:56:54.825 T:3781112688 DEBUG: CecLogMessage - << 14
2019-06-08 13:56:54.880 T:3781112688 WARNING: CecLogMessage - Write: write failed
2019-06-08 13:56:54.880 T:3781112688 DEBUG: CecLogMessage - << 14
2019-06-08 13:56:54.936 T:3781112688 WARNING: CecLogMessage - Write: write failed
2019-06-08 13:56:54.936 T:3781112688 DEBUG: CecLogMessage - >> POLL not sent
2019-06-08 13:56:54.936 T:3781112688 DEBUG: CecLogMessage - Playback 1 (4): device status changed into 'not present'
2019-06-08 13:56:54.936 T:3781112688 DEBUG: CecLogMessage - << Recorder 1 (1) -> Audio (5): POLL
2019-06-08 13:56:54.936 T:3781112688 DEBUG: CecLogMessage - << 15
2019-06-08 13:56:54.943 T:3848254320 DEBUG: Skin Helper Simplecache --> Initialized
2019-06-08 13:56:54.946 T:3848254320 DEBUG: CAddonSettings[script.module.metadatautils]: loading setting definitions
2019-06-08 13:56:54.946 T:3848254320 DEBUG: CAddonSettings[script.module.metadatautils]: trying to load setting definitions from old format...
2019-06-08 13:56:54.980 T:3848254320 DEBUG: Skin Helper Simplecache --> Initialized
2019-06-08 13:56:54.986 T:3848254320 DEBUG: script.module.thetvdb --> Initialized
2019-06-08 13:56:54.992 T:3781112688 WARNING: CecLogMessage - Write: write failed
2019-06-08 13:56:54.992 T:3781112688 DEBUG: CecLogMessage - << 15
2019-06-08 13:56:55.048 T:3781112688 WARNING: CecLogMessage - Write: write failed
2019-06-08 13:56:55.048 T:3781112688 DEBUG: CecLogMessage - >> POLL not sent
2019-06-08 13:56:55.048 T:3781112688 DEBUG: CecLogMessage - Audio (5): device status changed into 'not present'
2019-06-08 13:56:55.048 T:3781112688 DEBUG: CecLogMessage - << Recorder 1 (1) -> Tuner 2 (6): POLL
2019-06-08 13:56:55.048 T:3781112688 DEBUG: CecLogMessage - << 16
2019-06-08 13:56:55.108 T:3781112688 WARNING: CecLogMessage - Write: write failed
2019-06-08 13:56:55.108 T:3781112688 DEBUG: CecLogMessage - << 16
2019-06-08 13:56:55.164 T:3781112688 WARNING: CecLogMessage - Write: write failed
2019-06-08 13:56:55.164 T:3781112688 DEBUG: CecLogMessage - >> POLL not sent
2019-06-08 13:56:55.164 T:3781112688 DEBUG: CecLogMessage - Tuner 2 (6): device status changed into 'not present'
2019-06-08 13:56:55.164 T:3781112688 DEBUG: CecLogMessage - << Recorder 1 (1) -> Tuner 3 (7): POLL
2019-06-08 13:56:55.164 T:3781112688 DEBUG: CecLogMessage - << 17
2019-06-08 13:56:55.220 T:3781112688 WARNING: CecLogMessage - Write: write failed
2019-06-08 13:56:55.220 T:3781112688 DEBUG: CecLogMessage - << 17
2019-06-08 13:56:55.276 T:3781112688 WARNING: CecLogMessage - Write: write failed
2019-06-08 13:56:55.276 T:3781112688 DEBUG: CecLogMessage - >> POLL not sent
2019-06-08 13:56:55.276 T:3781112688 DEBUG: CecLogMessage - Tuner 3 (7): device status changed into 'not present'
2019-06-08 13:56:55.276 T:3781112688 DEBUG: CecLogMessage - << Recorder 1 (1) -> Playback 2 (8): POLL
2019-06-08 13:56:55.276 T:3781112688 DEBUG: CecLogMessage - << 18
2019-06-08 13:56:55.332 T:3781112688 WARNING: CecLogMessage - Write: write failed
2019-06-08 13:56:55.332 T:3781112688 DEBUG: CecLogMessage - << 18
