2019-06-26 17:32:16.795 T:3053474672 DEBUG: CVideoPlayerVideo::OutputPicture - ttd:198ms pts:113.697 Clock:113.499 Level:3
2019-06-26 17:32:16.796 T:3053474672 DEBUG: CVideoPlayerVideo::OutputPicture - ttd:239ms pts:113.739 Clock:113.500 Level:4
2019-06-26 17:32:16.833 T:3112223600 DEBUG: CVideoPlayer::ProcessVideoData size:123638 dts:114.740 pts:114.823 dur:41.000ms, clock:113.536 level:0
2019-06-26 17:32:16.836 T:3053474672 DEBUG: CVideoPlayerVideo::OutputPicture - ttd:240ms pts:113.780 Clock:113.539 Level:4
2019-06-26 17:32:16.873 T:3112223600 DEBUG: CVideoPlayer::ProcessVideoData size:118270 dts:114.781 pts:114.781 dur:41.000ms, clock:113.577 level:0
2019-06-26 17:32:16.876 T:3053474672 DEBUG: CVideoPlayerVideo::OutputPicture - ttd:241ms pts:113.822 Clock:113.580 Level:4
2019-06-26 17:32:16.899 T:3112223600 DEBUG: CVideoPlayer::ProcessVideoData size:122184 dts:114.823 pts:114.865 dur:41.000ms, clock:113.603 level:0
2019-06-26 17:32:16.903 T:3053474672 DEBUG: CVideoPlayerVideo::OutputPicture - ttd:257ms pts:113.864 Clock:113.607 Level:4
2019-06-26 17:32:17.068 T:3112223600 DEBUG: CVideoPlayer::ProcessVideoData size:125460 dts:114.865 pts:115.073 dur:41.000ms, clock:113.772 level:0
2019-06-26 17:32:17.071 T:3053474672 DEBUG: CVideoPlayerVideo::OutputPicture - ttd:130ms pts:113.905 Clock:113.775 Level:1
2019-06-26 17:32:17.073 T:3053474672 DEBUG: CVideoPlayerVideo::OutputPicture - ttd:170ms pts:113.947 Clock:113.776 Level:2
2019-06-26 17:32:17.074 T:3053474672 DEBUG: CVideoPlayerVideo::OutputPicture - ttd:211ms pts:113.989 Clock:113.778 Level:3
2019-06-26 17:32:17.075 T:3053474672 DEBUG: CVideoPlayerVideo::OutputPicture - ttd:251ms pts:114.031 Clock:113.779 Level:4
2019-06-26 17:32:17.112 T:3112223600 DEBUG: CVideoPlayer::ProcessVideoData size:123202 dts:114.906 pts:114.990 dur:41.000ms, clock:113.816 level:0
2019-06-26 17:32:17.115 T:3053474672 DEBUG: CVideoPlayerVideo::OutputPicture - ttd:253ms pts:114.072 Clock:113.819 Level:5
2019-06-26 17:32:17.153 T:3112223600 DEBUG: CVideoPlayer::ProcessVideoData size:116460 dts:114.948 pts:114.948 dur:41.000ms, clock:113.856 level:0
2019-06-26 17:32:17.156 T:3053474672 DEBUG: CVideoPlayerVideo::OutputPicture - ttd:254ms pts:114.114 Clock:113.859 Level:4
2019-06-26 17:32:17.174 T:3112223600 DEBUG: CVideoPlayer::ProcessVideoData size:124394 dts:114.990 pts:115.032 dur:41.000ms, clock:113.877 level:0
2019-06-26 17:32:17.177 T:3053474672 DEBUG: CVideoPlayerVideo::OutputPicture - ttd:275ms pts:114.156 Clock:113.881 Level:5
2019-06-26 17:32:17.220 T:3112223600 DEBUG: CVideoPlayer::ProcessVideoData size:96298 dts:115.032 pts:115.115 dur:41.000ms, clock:113.924 level:0
2019-06-26 17:32:17.224 T:3053474672 DEBUG: CVideoPlayerVideo::OutputPicture - ttd:269ms pts:114.197 Clock:113.928 Level:5
2019-06-26 17:32:17.334 T:3112223600 DEBUG: CVideoPlayer::ProcessVideoData size:114902 dts:115.073 pts:115.157 dur:41.000ms, clock:114.037 level:0
2019-06-26 17:32:17.341 T:3053474672 DEBUG: CVideoPlayerVideo::OutputPicture - ttd:194ms pts:114.239 Clock:114.045 Level:3
2019-06-26 17:32:17.343 T:3053474672 DEBUG: CVideoPlayerVideo::OutputPicture - ttd:234ms pts:114.281 Clock:114.047 Level:4
2019-06-26 17:32:17.345 T:3053474672 DEBUG: CVideoPlayerVideo::OutputPicture - ttd:274ms pts:114.323 Clock:114.048 Level:5
2019-06-26 17:32:17.400 T:3112223600 DEBUG: CVideoPlayer::ProcessVideoData size:128861 dts:115.115 pts:115.240 dur:41.000ms, clock:114.104 level:0
2019-06-26 17:32:17.403 T:3053474672 DEBUG: CVideoPlayerVideo::OutputPicture - ttd:257ms pts:114.364 Clock:114.106 Level:4
2019-06-26 17:32:17.426 T:3112223600 DEBUG: CVideoPlayer::ProcessVideoData size:89286 dts:115.157 pts:115.198 dur:41.000ms, clock:114.129 level:0
2019-06-26 17:32:17.429 T:3053474672 DEBUG: CVideoPlayerVideo::OutputPicture - ttd:273ms pts:114.406 Clock:114.132 Level:5
2019-06-26 17:32:17.574 T:3112223600 DEBUG: CVideoPlayer::ProcessVideoData size:167082 dts:115.198 pts:115.407 dur:41.000ms, clock:114.277 level:0
2019-06-26 17:32:17.577 T:3053474672 DEBUG: CVideoPlayerVideo::OutputPicture - ttd:167ms pts:114.448 Clock:114.280 Level:2
2019-06-26 17:32:17.578 T:3053474672 DEBUG: CVideoPlayerVideo::OutputPicture - ttd:207ms pts:114.489 Clock:114.282 Level:3
2019-06-26 17:32:17.579 T:3053474672 DEBUG: CVideoPlayerVideo::OutputPicture - ttd:248ms pts:114.531 Clock:114.283 Level:4
2019-06-26 17:32:17.618 T:3112223600 DEBUG: CVideoPlayer::ProcessVideoData size:139371 dts:115.240 pts:115.324 dur:41.000ms, clock:114.322 level:0
2019-06-26 17:32:17.623 T:3053474672 DEBUG: CVideoPlayerVideo::OutputPicture - ttd:246ms pts:114.573 Clock:114.327 Level:4
2019-06-26 17:32:17.663 T:3112223600 DEBUG: CVideoPlayer::ProcessVideoData size:113554 dts:115.282 pts:115.282 dur:41.000ms, clock:114.366 level:0
2019-06-26 17:32:17.669 T:3053474672 DEBUG: CVideoPlayerVideo::OutputPicture - ttd:241ms pts:114.614 Clock:114.372 Level:4
2019-06-26 17:32:17.711 T:3112223600 DEBUG: CVideoPlayer::ProcessVideoData size:121957 dts:115.324 pts:115.365 dur:41.000ms, clock:114.414 level:0
2019-06-26 17:32:17.716 T:3053474672 DEBUG: CVideoPlayerVideo::OutputPicture - ttd:236ms pts:114.656 Clock:114.419 Level:4
2019-06-26 17:32:17.871 T:3112223600 DEBUG: CVideoPlayer::ProcessVideoData size:164888 dts:115.365 pts:115.574 dur:41.000ms, clock:114.575 level:0
2019-06-26 17:32:17.874 T:3053474672 DEBUG: CVideoPlayerVideo::OutputPicture - ttd:120ms pts:114.698 Clock:114.578 Level:1
2019-06-26 17:32:17.876 T:3053474672 DEBUG: CVideoPlayerVideo::OutputPicture - ttd:160ms pts:114.740 Clock:114.579 Level:2
2019-06-26 17:32:17.877 T:3053474672 DEBUG: CVideoPlayerVideo::OutputPicture - ttd:200ms pts:114.781 Clock:114.581 Level:3
2019-06-26 17:32:17.879 T:3053474672 DEBUG: CVideoPlayerVideo::OutputPicture - ttd:240ms pts:114.823 Clock:114.582 Level:4
2019-06-26 17:32:17.913 T:3112223600 DEBUG: CVideoPlayer::ProcessVideoData size:136153 dts:115.407 pts:115.490 dur:41.000ms, clock:114.617 level:0
2019-06-26 17:32:17.916 T:3053474672 DEBUG: CVideoPlayerVideo::OutputPicture - ttd:245ms pts:114.865 Clock:114.620 Level:4
2019-06-26 17:32:17.942 T:3112223600 DEBUG: CVideoPlayer::ProcessVideoData size:118083 dts:115.449 pts:115.449 dur:41.000ms, clock:114.646 level:0
2019-06-26 17:32:17.945 T:3053474672 DEBUG: CVideoPlayerVideo::OutputPicture - ttd:257ms pts:114.906 Clock:114.648 Level:4
2019-06-26 17:32:17.991 T:3112223600 DEBUG: CVideoPlayer::ProcessVideoData size:111700 dts:115.490 pts:115.532 dur:41.000ms, clock:114.694 level:0
2019-06-26 17:32:17.994 T:3053474672 DEBUG: CVideoPlayerVideo::OutputPicture - ttd:249ms pts:114.948 Clock:114.698 Level:4
2019-06-26 17:32:18.162 T:3112223600 DEBUG: CVideoPlayer::ProcessVideoData size:148870 dts:115.532 pts:115.741 dur:41.000ms, clock:114.865 level:0
2019-06-26 17:32:18.167 T:3053474672 DEBUG: CVideoPlayerVideo::OutputPicture - ttd:119ms pts:114.990 Clock:114.870 Level:1
2019-06-26 17:32:18.168 T:3053474672 DEBUG: CVideoPlayerVideo::OutputPicture - ttd:160ms pts:115.032 Clock:114.872 Level:2
2019-06-26 17:32:18.170 T:3053474672 DEBUG: CVideoPlayerVideo::OutputPicture - ttd:199ms pts:115.073 Clock:114.873 Level:3
2019-06-26 17:32:18.171 T:3053474672 DEBUG: CVideoPlayerVideo::OutputPicture - ttd:240ms pts:115.115 Clock:114.875 Level:4
2019-06-26 17:32:18.173 T:3053474672 DEBUG: CVideoPlayerVideo::OutputPicture - ttd:280ms pts:115.157 Clock:114.876 Level:5
2019-06-26 17:32:18.217 T:3112223600 DEBUG: CVideoPlayer::ProcessVideoData size:139555 dts:115.574 pts:115.657 dur:41.000ms, clock:114.921 level:0
2019-06-26 17:32:18.258 T:3112223600 DEBUG: CVideoPlayer::ProcessVideoData size:112445 dts:115.615 pts:115.615 dur:41.000ms, clock:114.961 level:0
2019-06-26 17:32:18.261 T:3053474672 DEBUG: CVideoPlayerVideo::OutputPicture - ttd:233ms pts:115.198 Clock:114.965 Level:4
2019-06-26 17:32:18.263 T:3053474672 DEBUG: CVideoPlayerVideo::OutputPicture - ttd:273ms pts:115.240 Clock:114.966 Level:4
2019-06-26 17:32:18.282 T:3112223600 DEBUG: CVideoPlayer::ProcessVideoData size:102015 dts:115.657 pts:115.699 dur:41.000ms, clock:114.985 level:0
2019-06-26 17:32:18.431 T:3112223600 DEBUG: CVideoPlayer::ProcessVideoData size:160348 dts:115.699 pts:115.907 dur:41.000ms, clock:115.135 level:0
2019-06-26 17:32:18.434 T:3053474672 DEBUG: CVideoPlayerVideo::OutputPicture - ttd:144ms pts:115.282 Clock:115.138 Level:2
2019-06-26 17:32:18.436 T:3053474672 DEBUG: CVideoPlayerVideo::OutputPicture - ttd:184ms pts:115.324 Clock:115.139 Level:3
2019-06-26 17:32:18.437 T:3053474672 DEBUG: CVideoPlayerVideo::OutputPicture - ttd:224ms pts:115.365 Clock:115.140 Level:4
2019-06-26 17:32:18.438 T:3053474672 DEBUG: CVideoPlayerVideo::OutputPicture - ttd:265ms pts:115.407 Clock:115.142 Level:5
2019-06-26 17:32:18.481 T:3112223600 DEBUG: CVideoPlayer::ProcessVideoData size:125584 dts:115.741 pts:115.824 dur:41.000ms, clock:115.184 level:0
2019-06-26 17:32:18.484 T:3053474672 DEBUG: CVideoPlayerVideo::OutputPicture - ttd:261ms pts:115.449 Clock:115.187 Level:4
2019-06-26 17:32:18.524 T:3112223600 DEBUG: CVideoPlayer::ProcessVideoData size:99422 dts:115.782 pts:115.782 dur:41.000ms, clock:115.228 level:0
2019-06-26 17:32:18.527 T:3053474672 DEBUG: CVideoPlayerVideo::OutputPicture - ttd:258ms pts:115.490 Clock:115.231 Level:5
2019-06-26 17:32:18.546 T:3112223600 DEBUG: CVideoPlayer::ProcessVideoData size:99744 dts:115.824 pts:115.866 dur:41.000ms, clock:115.249 level:0
2019-06-26 17:32:18.712 T:3112223600 DEBUG: CVideoPlayer::ProcessVideoData size:164155 dts:115.866 pts:116.074 dur:41.000ms, clock:115.416 level:0
2019-06-26 17:32:18.753 T:3112223600 DEBUG: CVideoPlayer::ProcessVideoData size:130456 dts:115.907 pts:115.991 dur:41.000ms, clock:115.457 level:0
2019-06-26 17:32:18.775 T:3112223600 DEBUG: CVideoPlayer::ProcessVideoData size:100840 dts:115.949 pts:115.949 dur:41.000ms, clock:115.478 level:0
2019-06-26 17:32:18.820 T:3112223600 DEBUG: CVideoPlayer::ProcessVideoData size:103125 dts:115.991 pts:116.033 dur:41.000ms, clock:115.524 level:0
2019-06-26 17:32:18.925 T:3112223600 DEBUG: CVideoPlayer::ProcessVideoData size:118718 dts:116.033 pts:116.116 dur:41.000ms, clock:115.629 level:0
2019-06-26 17:32:18.928 T:3053474672 DEBUG: CVideoPlayerVideo::OutputPicture - ttd:-99ms pts:115.532 Clock:115.632 Level:0
2019-06-26 17:32:18.930 T:3053474672 DEBUG: CVideoPlayerVideo::OutputPicture - ttd:-59ms pts:115.574 Clock:115.633 Level:1
2019-06-26 17:32:18.931 T:3053474672 DEBUG: CVideoPlayerVideo::OutputPicture - ttd:-19ms pts:115.615 Clock:115.635 Level:2
2019-06-26 17:32:18.933 T:3053474672 DEBUG: CVideoPlayerVideo::OutputPicture - ttd:20ms pts:115.657 Clock:115.636 Level:3
2019-06-26 17:32:18.934 T:3053474672 DEBUG: CVideoPlayerVideo::OutputPicture - ttd:61ms pts:115.699 Clock:115.637 Level:4
2019-06-26 17:32:18.935 T:3053474672 DEBUG: CVideoPlayerVideo::OutputPicture - ttd:102ms pts:115.741 Clock:115.639 Level:2
2019-06-26 17:32:18.937 T:3053474672 DEBUG: CVideoPlayerVideo::OutputPicture - ttd:141ms pts:115.782 Clock:115.640 Level:3
2019-06-26 17:32:19.072 T:3112223600 DEBUG: CVideoPlayer::ProcessVideoData size:117037 dts:116.074 pts:116.366 dur:41.000ms, clock:115.776 level:0
2019-06-26 17:32:19.112 T:3112223600 DEBUG: CVideoPlayer::ProcessVideoData size:112988 dts:116.116 pts:116.241 dur:41.000ms, clock:115.816 level:0
2019-06-26 17:32:19.135 T:3112223600 DEBUG: CVideoPlayer::ProcessVideoData size:98147 dts:116.158 pts:116.158 dur:41.000ms, clock:115.839 level:0
2019-06-26 17:32:19.220 T:3112223600 DEBUG: CVideoPlayer::ProcessVideoData size:103238 dts:116.199 pts:116.199 dur:41.000ms, clock:115.923 level:0
2019-06-26 17:32:19.264 T:3112223600 DEBUG: CVideoPlayer::ProcessVideoData size:108622 dts:116.241 pts:116.283 dur:41.000ms, clock:115.968 level:0
2019-06-26 17:32:19.289 T:3112223600 DEBUG: CVideoPlayer::ProcessVideoData size:108914 dts:116.283 pts:116.325 dur:41.000ms, clock:115.993 level:0
2019-06-26 17:32:19.332 T:3251893104 NOTICE: CVideoPlayerAudio::Process - stream stalled
2019-06-26 17:32:19.339 T:3112223600 DEBUG: CDVDClock::SetSpeedAdjust - adjusted:0.000000
2019-06-26 17:32:19.339 T:3053474672 DEBUG: CAMLCodec::SetSpeed, speed(0)
2019-06-26 17:32:19.339 T:3251893104 DEBUG: CDVDAudio::Pause - pausing audio stream
2019-06-26 17:32:19.389 T:3112223600 DEBUG: CVideoPlayer::ProcessVideoData size:123554 dts:116.325 pts:116.450 dur:41.000ms, clock:116.043 level:0
2019-06-26 17:32:19.392 T:3053474672 DEBUG: CVideoPlayerVideo::OutputPicture - ttd:-218ms pts:115.824 Clock:116.043 Level:0
2019-06-26 17:32:19.466 T:3112223600 DEBUG: CVideoPlayer::ProcessVideoData size:108377 dts:116.366 pts:116.408 dur:41.000ms, clock:116.043 level:0
2019-06-26 17:32:19.473 T:3053474672 DEBUG: CVideoPlayerVideo::OutputPicture - ttd:-176ms pts:115.866 Clock:116.043 Level:0
2019-06-26 17:32:19.584 T:3112223600 DEBUG: CVideoPlayer::ProcessVideoData size:120018 dts:116.408 pts:116.700 dur:41.000ms, clock:116.043 level:0
2019-06-26 17:32:19.587 T:3053474672 DEBUG: CVideoPlayerVideo::OutputPicture - ttd:-135ms pts:115.907 Clock:116.043 Level:0
2019-06-26 17:32:19.626 T:3112223600 DEBUG: CVideoPlayer::ProcessVideoData size:114761 dts:116.450 pts:116.575 dur:41.000ms, clock:116.043 level:0
2019-06-26 17:32:19.630 T:3053474672 DEBUG: CVideoPlayerVideo::OutputPicture - ttd:-93ms pts:115.949 Clock:116.043 Level:0
2019-06-26 17:32:19.665 T:3112223600 DEBUG: CVideoPlayer::ProcessVideoData size:114071 dts:116.491 pts:116.491 dur:41.000ms, clock:116.043 level:0
2019-06-26 17:32:19.668 T:3053474672 DEBUG: CVideoPlayerVideo::OutputPicture - ttd:-51ms pts:115.991 Clock:116.043 Level:0
2019-06-26 17:32:19.750 T:3112223600 DEBUG: CVideoPlayer::ProcessVideoData size:111624 dts:116.533 pts:116.533 dur:41.000ms, clock:116.043 level:0
2019-06-26 17:32:19.753 T:3053474672 DEBUG: CVideoPlayerVideo::OutputPicture - ttd:-9ms pts:116.033 Clock:116.043 Level:0
2019-06-26 17:32:19.772 T:3112223600 DEBUG: CVideoPlayer::ProcessVideoData size:113809 dts:116.575 pts:116.616 dur:41.000ms, clock:116.043 level:0
2019-06-26 17:32:19.775 T:3053474672 DEBUG: CVideoPlayerVideo::OutputPicture - ttd:31ms pts:116.074 Clock:116.043 Level:0
2019-06-26 17:32:19.817 T:3112223600 DEBUG: CVideoPlayer::ProcessVideoData size:121081 dts:116.616 pts:116.658 dur:41.000ms, clock:116.043 level:0
2019-06-26 17:32:19.821 T:3053474672 DEBUG: CVideoPlayerVideo::OutputPicture - ttd:73ms pts:116.116 Clock:116.043 Level:0
2019-06-26 17:32:19.917 T:3112223600 DEBUG: CVideoPlayer::ProcessVideoData size:124463 dts:116.658 pts:116.825 dur:41.000ms, clock:116.043 level:0
2019-06-26 17:32:19.920 T:3053474672 DEBUG: CVideoPlayerVideo::OutputPicture - ttd:115ms pts:116.158 Clock:116.043 Level:1
2019-06-26 17:32:20.006 T:3112223600 DEBUG: CVideoPlayer::ProcessVideoData size:114832 dts:116.700 pts:116.783 dur:41.000ms, clock:116.043 level:0
2019-06-26 17:32:20.009 T:3053474672 DEBUG: CVideoPlayerVideo::OutputPicture - ttd:156ms pts:116.199 Clock:116.043 Level:2
2019-06-26 17:32:20.050 T:3112223600 DEBUG: CVideoPlayer::ProcessVideoData size:107481 dts:116.742 pts:116.742 dur:41.000ms, clock:116.043 level:0
2019-06-26 17:32:20.056 T:3053474672 DEBUG: CVideoPlayerVideo::OutputPicture - ttd:198ms pts:116.241 Clock:116.043 Level:3
2019-06-26 17:32:20.178 T:3112223600 DEBUG: CVideoPlayer::ProcessVideoData size:128098 dts:116.783 pts:117.117 dur:41.000ms, clock:116.043 level:0
2019-06-26 17:32:20.182 T:3053474672 DEBUG: CVideoPlayerVideo::OutputPicture - ttd:240ms pts:116.283 Clock:116.043 Level:4
2019-06-26 17:32:20.198 T:3112223600 DEBUG: CVideoPlayer::ProcessVideoData size:113955 dts:116.825 pts:116.992 dur:41.000ms, clock:116.043 level:0
2019-06-26 17:32:20.201 T:3053474672 DEBUG: CVideoPlayerVideo::OutputPicture - ttd:282ms pts:116.325 Clock:116.043 Level:5
2019-06-26 17:32:20.278 T:3112223600 DEBUG: CVideoPlayer::ProcessVideoData size:110048 dts:116.867 pts:116.867 dur:41.000ms, clock:116.043 level:0
2019-06-26 17:32:20.321 T:3112223600 DEBUG: CVideoPlayer::ProcessVideoData size:109685 dts:116.908 pts:116.908 dur:41.000ms, clock:116.043 level:0
2019-06-26 17:32:20.343 T:3112223600 DEBUG: CVideoPlayer::ProcessVideoData size:110663 dts:116.950 pts:116.950 dur:41.000ms, clock:116.043 level:0
2019-06-26 17:32:20.383 T:3112223600 DEBUG: CVideoPlayer::ProcessVideoData size:107631 dts:116.992 pts:117.034 dur:41.000ms, clock:116.043 level:0
2019-06-26 17:32:20.422 T:3112223600 DEBUG: CVideoPlayer::ProcessVideoData size:114140 dts:117.034 pts:117.075 dur:41.000ms, clock:116.043 level:0
2019-06-26 17:32:20.594 T:3112223600 DEBUG: CVideoPlayer::ProcessVideoData size:139597 dts:117.075 pts:117.409 dur:41.000ms, clock:116.043 level:0
2019-06-26 17:32:20.634 T:3112223600 DEBUG: CVideoPlayer::ProcessVideoData size:111297 dts:117.117 pts:117.284 dur:41.000ms, clock:116.043 level:0
2019-06-26 17:32:20.673 T:3112223600 DEBUG: CVideoPlayer::ProcessVideoData size:105076 dts:117.159 pts:117.159 dur:41.000ms, clock:116.043 level:0
2019-06-26 17:32:20.693 T:3112223600 DEBUG: CVideoPlayer::ProcessVideoData size:106465 dts:117.200 pts:117.200 dur:41.000ms, clock:116.043 level:0
2019-06-26 17:32:20.779 T:3112223600 DEBUG: CVideoPlayer::ProcessVideoData size:103767 dts:117.242 pts:117.242 dur:41.000ms, clock:116.043 level:0
2019-06-26 17:32:20.827 T:3112223600 DEBUG: CVideoPlayer::ProcessVideoData size:105832 dts:117.284 pts:117.326 dur:41.000ms, clock:116.043 level:0
2019-06-26 17:32:20.851 T:3112223600 DEBUG: CVideoPlayer::ProcessVideoData size:107706 dts:117.326 pts:117.367 dur:41.000ms, clock:116.043 level:0
2019-06-26 17:32:20.927 T:3112223600 DEBUG: CVideoPlayer::ProcessVideoData size:145960 dts:117.367 pts:117.451 dur:41.000ms, clock:116.043 level:0
2019-06-26 17:32:21.125 T:3112223600 DEBUG: CVideoPlayer::ProcessVideoData size:168287 dts:117.409 pts:117.701 dur:41.000ms, clock:116.043 level:0
2019-06-26 17:32:21.165 T:3112223600 DEBUG: CVideoPlayer::ProcessVideoData size:133847 dts:117.451 pts:117.576 dur:41.000ms, clock:116.043 level:0
2019-06-26 17:32:21.185 T:3112223600 DEBUG: CVideoPlayer::ProcessVideoData size:103212 dts:117.492 pts:117.492 dur:41.000ms, clock:116.043 level:0
2019-06-26 17:32:21.227 T:3112223600 DEBUG: CVideoPlayer::ProcessVideoData size:102892 dts:117.534 pts:117.534 dur:41.000ms, clock:116.043 level:0
2019-06-26 17:32:21.286 T:3112223600 DEBUG: CVideoPlayer::ProcessVideoData size:103711 dts:117.576 pts:117.617 dur:41.000ms, clock:116.043 level:0
2019-06-26 17:32:21.330 T:3112223600 DEBUG: CVideoPlayer::ProcessVideoData size:103660 dts:117.617 pts:117.659 dur:41.000ms, clock:116.043 level:0
2019-06-26 17:32:21.464 T:3112223600 DEBUG: CVideoPlayer::ProcessVideoData size:169443 dts:117.659 pts:117.909 dur:41.000ms, clock:116.043 level:0
2019-06-26 17:32:21.543 T:3112223600 DEBUG: CVideoPlayer::ProcessVideoData size:137614 dts:117.701 pts:117.826 dur:41.000ms, clock:116.043 level:0
2019-06-26 17:32:21.563 T:3112223600 DEBUG: CVideoPlayer::ProcessVideoData size:104580 dts:117.743 pts:117.743 dur:41.000ms, clock:116.043 level:0
2019-06-26 17:32:21.601 T:3112223600 DEBUG: CVideoPlayer::ProcessVideoData size:108185 dts:117.784 pts:117.784 dur:41.000ms, clock:116.043 level:0
2019-06-26 17:32:21.640 T:3112223600 DEBUG: CVideoPlayer::ProcessVideoData size:106788 dts:117.826 pts:117.868 dur:41.000ms, clock:116.043 level:0
2019-06-26 17:32:21.803 T:3112223600 DEBUG: CVideoPlayer::ProcessVideoData size:170964 dts:117.868 pts:118.201 dur:41.000ms, clock:116.043 level:0
2019-06-26 17:32:21.842 T:3112223600 DEBUG: CVideoPlayer::ProcessVideoData size:142216 dts:117.909 pts:118.076 dur:41.000ms, clock:116.043 level:0
2019-06-26 17:32:21.881 T:3112223600 DEBUG: CVideoPlayer::ProcessVideoData size:105650 dts:117.951 pts:117.951 dur:41.000ms, clock:116.043 level:0
2019-06-26 17:32:21.929 T:3112223600 DEBUG: CVideoPlayer::ProcessVideoData size:109171 dts:117.993 pts:117.993 dur:41.000ms, clock:116.043 level:0
2019-06-26 17:32:21.950 T:3112223600 DEBUG: CVideoPlayer::ProcessVideoData size:109684 dts:118.035 pts:118.035 dur:41.000ms, clock:116.043 level:0
2019-06-26 17:32:22.033 T:3112223600 DEBUG: CVideoPlayer::ProcessVideoData size:107299 dts:118.076 pts:118.118 dur:41.000ms, clock:116.043 level:0
2019-06-26 17:32:22.074 T:3112223600 DEBUG: CVideoPlayer::ProcessVideoData size:107954 dts:118.118 pts:118.160 dur:41.000ms, clock:116.043 level:0
2019-06-26 17:32:22.232 T:3112223600 DEBUG: CVideoPlayer::ProcessVideoData size:167600 dts:118.160 pts:118.493 dur:41.000ms, clock:116.043 level:0
2019-06-26 17:32:22.318 T:3112223600 DEBUG: CVideoPlayer::ProcessVideoData size:136920 dts:118.201 pts:118.368 dur:41.000ms, clock:116.043 level:0
2019-06-26 17:32:22.341 T:3112223600 DEBUG: CVideoPlayer::ProcessVideoData size:107275 dts:118.243 pts:118.243 dur:41.000ms, clock:116.043 level:0
2019-06-26 17:32:22.390 T:3112223600 DEBUG: CVideoPlayer::ProcessVideoData size:107961 dts:118.285 pts:118.285 dur:41.000ms, clock:116.043 level:0
2019-06-26 17:32:22.431 T:3112223600 DEBUG: CVideoPlayer::ProcessVideoData size:107480 dts:118.327 pts:118.327 dur:41.000ms, clock:116.043 level:0
2019-06-26 17:32:22.452 T:3112223600 DEBUG: CVideoPlayer::ProcessVideoData size:109406 dts:118.368 pts:118.410 dur:41.000ms, clock:116.043 level:0
2019-06-26 17:32:22.492 T:3112223600 DEBUG: CVideoPlayer::ProcessVideoData size:105859 dts:118.410 pts:118.452 dur:41.000ms, clock:116.043 level:0
2019-06-26 17:32:22.671 T:3112223600 DEBUG: CVideoPlayer::ProcessVideoData size:176294 dts:118.452 pts:118.785 dur:41.000ms, clock:116.043 level:0
2019-06-26 17:32:22.714 T:3112223600 DEBUG: CVideoPlayer::ProcessVideoData size:135461 dts:118.493 pts:118.660 dur:41.000ms, clock:116.043 level:0
2019-06-26 17:32:22.751 T:3112223600 DEBUG: CVideoPlayer::ProcessVideoData size:106580 dts:118.535 pts:118.535 dur:41.000ms, clock:116.043 level:0
2019-06-26 17:32:22.840 T:3112223600 DEBUG: CVideoPlayer::ProcessVideoData size:106859 dts:118.577 pts:118.577 dur:41.000ms, clock:116.043 level:0
2019-06-26 17:32:22.863 T:3112223600 DEBUG: CVideoPlayer::ProcessVideoData size:103054 dts:118.618 pts:118.618 dur:41.000ms, clock:116.043 level:0
2019-06-26 17:32:22.908 T:3112223600 DEBUG: CVideoPlayer::ProcessVideoData size:106675 dts:118.660 pts:118.702 dur:41.000ms, clock:116.043 level:0
2019-06-26 17:32:22.929 T:3112223600 DEBUG: CVideoPlayer::ProcessVideoData size:102693 dts:118.702 pts:118.744 dur:41.000ms, clock:116.043 level:0
2019-06-26 17:32:23.098 T:3112223600 DEBUG: CVideoPlayer::ProcessVideoData size:170156 dts:118.744 pts:119.077 dur:41.000ms, clock:116.043 level:0
2019-06-26 17:32:23.142 T:3112223600 DEBUG: CVideoPlayer::ProcessVideoData size:128661 dts:118.785 pts:118.952 dur:41.000ms, clock:116.043 level:0
2019-06-26 17:32:23.186 T:3112223600 DEBUG: CVideoPlayer::ProcessVideoData size:104984 dts:118.827 pts:118.827 dur:41.000ms, clock:116.043 level:0
2019-06-26 17:32:23.227 T:3112223600 DEBUG: CVideoPlayer::ProcessVideoData size:102269 dts:118.869 pts:118.869 dur:41.000ms, clock:116.043 level:0
2019-06-26 17:32:23.247 T:3112223600 DEBUG: CVideoPlayer::ProcessVideoData size:104948 dts:118.910 pts:118.910 dur:41.000ms, clock:116.043 level:0
2019-06-26 17:32:23.326 T:3112223600 DEBUG: CVideoPlayer::ProcessVideoData size:104020 dts:118.952 pts:118.994 dur:41.000ms, clock:116.043 level:0
2019-06-26 17:32:23.351 T:3112223600 DEBUG: CVideoPlayer::ProcessVideoData size:103404 dts:118.994 pts:119.036 dur:41.000ms, clock:116.043 level:0
2019-06-26 17:32:23.382 T:3112223600 DEBUG: CVideoPlayer::ProcessVideoData size:29030 dts:119.036 pts:119.119 dur:41.000ms, clock:116.043 level:0
2019-06-26 17:32:23.469 T:3112223600 DEBUG: CVideoPlayer::ProcessVideoData size:42394 dts:119.077 pts:119.328 dur:41.000ms, clock:116.043 level:0
2019-06-26 17:32:23.469 T:3112223600 DEBUG: CVideoPlayer::ProcessVideoData size:30386 dts:119.119 pts:119.244 dur:41.000ms, clock:116.043 level:0
2019-06-26 17:32:23.488 T:3112223600 DEBUG: CVideoPlayer::ProcessVideoData size:22258 dts:119.161 pts:119.161 dur:41.000ms, clock:116.043 level:0
2019-06-26 17:32:23.488 T:3112223600 DEBUG: CVideoPlayer::ProcessVideoData size:22308 dts:119.202 pts:119.202 dur:41.000ms, clock:116.043 level:0
2019-06-26 17:32:23.488 T:3112223600 DEBUG: CVideoPlayer::ProcessVideoData size:22355 dts:119.244 pts:119.286 dur:41.000ms, clock:116.043 level:0
2019-06-26 17:32:23.627 T:3112223600 DEBUG: CVideoPlayer::ProcessVideoData size:57770 dts:119.286 pts:119.619 dur:41.000ms, clock:116.043 level:0
2019-06-26 17:32:23.649 T:3112223600 DEBUG: CVideoPlayer::ProcessVideoData size:39167 dts:119.328 pts:119.494 dur:41.000ms, clock:116.043 level:0
2019-06-26 17:32:23.649 T:3112223600 DEBUG: CVideoPlayer::ProcessVideoData size:26691 dts:119.369 pts:119.369 dur:41.000ms, clock:116.043 level:0
2019-06-26 17:32:23.649 T:3112223600 DEBUG: CVideoPlayer::ProcessVideoData size:29348 dts:119.411 pts:119.411 dur:41.000ms, clock:116.043 level:0
2019-06-26 17:32:23.670 T:3112223600 DEBUG: CVideoPlayer::ProcessVideoData size:33579 dts:119.453 pts:119.453 dur:41.000ms, clock:116.043 level:0
2019-06-26 17:32:23.693 T:3112223600 DEBUG: CVideoPlayer::ProcessVideoData size:39093 dts:119.494 pts:119.536 dur:41.000ms, clock:116.043 level:0
2019-06-26 17:32:23.693 T:3112223600 DEBUG: CVideoPlayer::ProcessVideoData size:38542 dts:119.536 pts:119.578 dur:41.000ms, clock:116.043 level:0
2019-06-26 17:32:23.833 T:3112223600 DEBUG: CVideoPlayer::ProcessVideoData size:78208 dts:119.578 pts:119.911 dur:41.000ms, clock:116.043 level:0
2019-06-26 17:32:23.853 T:3112223600 DEBUG: CVideoPlayer::ProcessVideoData size:64578 dts:119.619 pts:119.786 dur:41.000ms, clock:116.043 level:0
2019-06-26 17:32:23.874 T:3112223600 DEBUG: CVideoPlayer::ProcessVideoData size:41770 dts:119.661 pts:119.661 dur:41.000ms, clock:116.043 level:0
2019-06-26 17:32:23.875 T:3112223600 DEBUG: CVideoPlayer::ProcessVideoData size:43948 dts:119.703 pts:119.703 dur:41.000ms, clock:116.043 level:0
2019-06-26 17:32:23.895 T:3112223600 DEBUG: CVideoPlayer::ProcessVideoData size:46235 dts:119.745 pts:119.745 dur:41.000ms, clock:116.043 level:0
2019-06-26 17:32:23.918 T:3112223600 DEBUG: CVideoPlayer::ProcessVideoData size:49510 dts:119.786 pts:119.828 dur:41.000ms, clock:116.043 level:0
2019-06-26 17:32:23.919 T:3112223600 DEBUG: CVideoPlayer::ProcessVideoData size:50076 dts:119.828 pts:119.870 dur:41.000ms, clock:116.043 level:0
2019-06-26 17:32:24.034 T:3112223600 DEBUG: CVideoPlayer::ProcessVideoData size:86722 dts:119.870 pts:120.203 dur:41.000ms, clock:116.043 level:0
2019-06-26 17:32:24.094 T:3112223600 DEBUG: CVideoPlayer::ProcessVideoData size:79877 dts:119.911 pts:120.078 dur:41.000ms, clock:116.043 level:0
2019-06-26 17:32:24.126 T:3112223600 DEBUG: CVideoPlayer::ProcessVideoData size:54346 dts:119.953 pts:119.953 dur:41.000ms, clock:116.043 level:0
2019-06-26 17:32:24.161 T:3112223600 DEBUG: CVideoPlayer::ProcessVideoData size:56324 dts:119.995 pts:119.995 dur:41.000ms, clock:116.043 level:0
2019-06-26 17:32:24.197 T:3112223600 DEBUG: CVideoPlayer::ProcessVideoData size:57572 dts:120.037 pts:120.037 dur:41.000ms, clock:116.043 level:0
2019-06-26 17:32:24.218 T:3112223600 DEBUG: CVideoPlayer::ProcessVideoData size:58884 dts:120.078 pts:120.120 dur:41.000ms, clock:116.043 level:0
2019-06-26 17:32:24.239 T:3112223600 DEBUG: CVideoPlayer::ProcessVideoData size:60452 dts:120.120 pts:120.162 dur:41.000ms, clock:116.043 level:0
2019-06-26 17:32:24.394 T:3112223600 DEBUG: CVideoPlayer::ProcessVideoData size:108491 dts:120.162 pts:120.495 dur:41.000ms, clock:116.043 level:0
2019-06-26 17:32:24.417 T:3112223600 DEBUG: CVideoPlayer::ProcessVideoData size:82967 dts:120.203 pts:120.370 dur:41.000ms, clock:116.043 level:0
2019-06-26 17:32:24.440 T:3112223600 DEBUG: CVideoPlayer::ProcessVideoData size:66325 dts:120.245 pts:120.245 dur:41.000ms, clock:116.043 level:0
2019-06-26 17:32:24.464 T:3112223600 DEBUG: CVideoPlayer::ProcessVideoData size:68976 dts:120.287 pts:120.287 dur:41.000ms, clock:116.043 level:0
2019-06-26 17:32:24.486 T:3112223600 DEBUG: CVideoPlayer::ProcessVideoData size:71011 dts:120.329 pts:120.329 dur:41.000ms, clock:116.043 level:0
2019-06-26 17:32:24.509 T:3112223600 DEBUG: CVideoPlayer::ProcessVideoData size:69691 dts:120.370 pts:120.412 dur:41.000ms, clock:116.043 level:0
2019-06-26 17:32:24.528 T:3112223600 DEBUG: CVideoPlayer::ProcessVideoData size:66204 dts:120.412 pts:120.454 dur:41.000ms, clock:116.043 level:0
2019-06-26 17:32:24.668 T:3112223600 DEBUG: CVideoPlayer::ProcessVideoData size:117795 dts:120.454 pts:120.704 dur:41.000ms, clock:116.043 level:0
2019-06-26 17:32:24.712 T:3112223600 DEBUG: CVideoPlayer::ProcessVideoData size:101039 dts:120.495 pts:120.620 dur:41.000ms, clock:116.043 level:0
2019-06-26 17:32:24.732 T:3112223600 DEBUG: CVideoPlayer::ProcessVideoData size:71207 dts:120.537 pts:120.537 dur:41.000ms, clock:116.043 level:0
2019-06-26 17:32:24.753 T:3112223600 DEBUG: CVideoPlayer::ProcessVideoData size:72937 dts:120.579 pts:120.579 dur:41.000ms, clock:116.043 level:0
2019-06-26 17:32:24.773 T:3112223600 DEBUG: CVideoPlayer::ProcessVideoData size:77781 dts:120.620 pts:120.662 dur:41.000ms, clock:116.043 level:0
2019-06-26 17:32:24.929 T:3112223600 DEBUG: CVideoPlayer::ProcessVideoData size:129142 dts:120.662 pts:120.996 dur:41.000ms, clock:116.043 level:0
2019-06-26 17:32:24.972 T:3112223600 DEBUG: CVideoPlayer::ProcessVideoData size:102359 dts:120.704 pts:120.871 dur:41.000ms, clock:116.043 level:0
2019-06-26 17:32:24.995 T:3112223600 DEBUG: CVideoPlayer::ProcessVideoData size:71151 dts:120.746 pts:120.746 dur:41.000ms, clock:116.043 level:0
2019-06-26 17:32:25.016 T:3112223600 DEBUG: CVideoPlayer::ProcessVideoData size:70922 dts:120.787 pts:120.787 dur:41.000ms, clock:116.043 level:0
2019-06-26 17:32:25.036 T:3112223600 DEBUG: CVideoPlayer::ProcessVideoData size:72422 dts:120.829 pts:120.829 dur:41.000ms, clock:116.043 level:0
2019-06-26 17:32:25.057 T:3112223600 DEBUG: CVideoPlayer::ProcessVideoData size:74935 dts:120.871 pts:120.912 dur:41.000ms, clock:116.043 level:0
2019-06-26 17:32:25.076 T:3112223600 DEBUG: CVideoPlayer::ProcessVideoData size:76894 dts:120.912 pts:120.954 dur:41.000ms, clock:116.043 level:0
2019-06-26 17:32:25.244 T:3112223600 DEBUG: CVideoPlayer::ProcessVideoData size:125653 dts:120.954 pts:121.288 dur:41.000ms, clock:116.043 level:0
2019-06-26 17:32:25.289 T:3112223600 DEBUG: CVideoPlayer::ProcessVideoData size:107984 dts:120.996 pts:121.163 dur:41.000ms, clock:116.043 level:0
2019-06-26 17:32:25.311 T:3112223600 DEBUG: CVideoPlayer::ProcessVideoData size:82371 dts:121.038 pts:121.038 dur:41.000ms, clock:116.043 level:0
2019-06-26 17:32:25.329 T:3112223600 DEBUG: CVideoPlayer::ProcessVideoData size:91768 dts:121.079 pts:121.079 dur:41.000ms, clock:116.043 level:0
2019-06-26 17:32:25.403 T:3112223600 DEBUG: CVideoPlayer::ProcessVideoData size:83121 dts:121.121 pts:121.121 dur:41.000ms, clock:116.043 level:0
2019-06-26 17:32:25.427 T:3112223600 DEBUG: CVideoPlayer::ProcessVideoData size:81925 dts:121.163 pts:121.204 dur:41.000ms, clock:116.043 level:0
2019-06-26 17:32:25.450 T:3112223600 DEBUG: CVideoPlayer::ProcessVideoData size:84907 dts:121.204 pts:121.246 dur:41.000ms, clock:116.043 level:0
2019-06-26 17:32:25.542 T:3112223600 DEBUG: CVideoPlayer::ProcessVideoData size:133331 dts:121.246 pts:121.496 dur:41.000ms, clock:116.043 level:0
2019-06-26 17:32:25.583 T:3112223600 DEBUG: CVideoPlayer::ProcessVideoData size:92440 dts:121.288 pts:121.413 dur:41.000ms, clock:116.043 level:0
2019-06-26 17:32:25.603 T:3112223600 DEBUG: CVideoPlayer::ProcessVideoData size:76921 dts:121.330 pts:121.330 dur:41.000ms, clock:116.043 level:0
2019-06-26 17:32:25.666 T:3112223600 DEBUG: CVideoPlayer::ProcessVideoData size:74721 dts:121.371 pts:121.371 dur:41.000ms, clock:116.043 level:0
2019-06-26 17:32:25.690 T:3112223600 DEBUG: CVideoPlayer::ProcessVideoData size:68355 dts:121.413 pts:121.455 dur:41.000ms, clock:116.043 level:0
2019-06-26 17:32:25.828 T:3112223600 DEBUG: CVideoPlayer::ProcessVideoData size:145447 dts:121.455 pts:121.788 dur:41.000ms, clock:116.043 level:0
2019-06-26 17:32:25.848 T:3112223600 DEBUG: CVideoPlayer::ProcessVideoData size:98112 dts:121.496 pts:121.663 dur:41.000ms, clock:116.043 level:0
2019-06-26 17:32:25.869 T:3112223600 DEBUG: CVideoPlayer::ProcessVideoData size:68270 dts:121.538 pts:121.538 dur:41.000ms, clock:116.043 level:0
2019-06-26 17:32:25.924 T:3112223600 DEBUG: CVideoPlayer::ProcessVideoData size:70545 dts:121.580 pts:121.580 dur:41.000ms, clock:116.043 level:0
2019-06-26 17:32:25.944 T:3112223600 DEBUG: CVideoPlayer::ProcessVideoData size:68386 dts:121.621 pts:121.621 dur:41.000ms, clock:116.043 level:0
2019-06-26 17:32:25.966 T:3112223600 DEBUG: CVideoPlayer::ProcessVideoData size:69291 dts:121.663 pts:121.705 dur:41.000ms, clock:116.043 level:0
2019-06-26 17:32:25.987 T:3112223600 DEBUG: CVideoPlayer::ProcessVideoData size:66377 dts:121.705 pts:121.747 dur:41.000ms, clock:116.043 level:0
2019-06-26 17:32:26.125 T:3112223600 DEBUG: CVideoPlayer::ProcessVideoData size:145093 dts:121.747 pts:122.039 dur:41.000ms, clock:116.043 level:0
2019-06-26 17:32:26.184 T:3112223600 DEBUG: CVideoPlayer::ProcessVideoData size:99906 dts:121.788 pts:121.913 dur:41.000ms, clock:116.043 level:0
2019-06-26 17:32:26.204 T:3112223600 DEBUG: CVideoPlayer::ProcessVideoData size:67803 dts:121.830 pts:121.830 dur:41.000ms, clock:116.043 level:0
2019-06-26 17:32:26.226 T:3112223600 DEBUG: CVideoPlayer::ProcessVideoData size:68703 dts:121.872 pts:121.872 dur:41.000ms, clock:116.043 level:0
2019-06-26 17:32:26.250 T:3112223600 DEBUG: CVideoPlayer::ProcessVideoData size:71577 dts:121.913 pts:121.955 dur:41.000ms, clock:116.043 level:0
2019-06-26 17:32:26.272 T:3112223600 DEBUG: CVideoPlayer::ProcessVideoData size:70268 dts:121.955 pts:121.997 dur:41.000ms, clock:116.043 level:0
2019-06-26 17:32:26.457 T:3112223600 DEBUG: CVideoPlayer::ProcessVideoData size:142400 dts:121.997 pts:122.331 dur:41.000ms, clock:116.043 level:0
2019-06-26 17:32:26.479 T:3112223600 DEBUG: CVideoPlayer::ProcessVideoData size:100521 dts:122.039 pts:122.205 dur:41.000ms, clock:116.043 level:0
2019-06-26 17:32:26.502 T:3112223600 DEBUG: CVideoPlayer::ProcessVideoData size:75302 dts:122.080 pts:122.080 dur:41.000ms, clock:116.043 level:0
2019-06-26 17:32:26.522 T:3112223600 DEBUG: CVideoPlayer::ProcessVideoData size:69777 dts:122.122 pts:122.122 dur:41.000ms, clock:116.043 level:0
2019-06-26 17:32:26.541 T:3112223600 DEBUG: CVideoPlayer::ProcessVideoData size:69008 dts:122.164 pts:122.164 dur:41.000ms, clock:116.043 level:0
2019-06-26 17:32:26.562 T:3112223600 DEBUG: CVideoPlayer::ProcessVideoData size:68162 dts:122.205 pts:122.247 dur:41.000ms, clock:116.043 level:0
2019-06-26 17:32:26.583 T:3112223600 DEBUG: CVideoPlayer::ProcessVideoData size:68219 dts:122.247 pts:122.289 dur:41.000ms, clock:116.043 level:0
2019-06-26 17:32:26.765 T:3112223600 DEBUG: CVideoPlayer::ProcessVideoData size:145514 dts:122.289 pts:122.622 dur:41.000ms, clock:116.043 level:0
2019-06-26 17:32:26.809 T:3112223600 DEBUG: CVideoPlayer::ProcessVideoData size:99744 dts:122.331 pts:122.497 dur:41.000ms, clock:116.043 level:0
2019-06-26 17:32:26.829 T:3112223600 DEBUG: CVideoPlayer::ProcessVideoData size:68870 dts:122.372 pts:122.372 dur:41.000ms, clock:116.043 level:0
2019-06-26 17:32:26.848 T:3112223600 DEBUG: CVideoPlayer::ProcessVideoData size:70133 dts:122.414 pts:122.414 dur:41.000ms, clock:116.043 level:0
2019-06-26 17:32:26.869 T:3112223600 DEBUG: CVideoPlayer::ProcessVideoData size:73467 dts:122.456 pts:122.456 dur:41.000ms, clock:116.043 level:0
2019-06-26 17:32:26.887 T:3112223600 DEBUG: CVideoPlayer::ProcessVideoData size:67965 dts:122.497 pts:122.539 dur:41.000ms, clock:116.043 level:0
2019-06-26 17:32:26.946 T:3112223600 DEBUG: CVideoPlayer::ProcessVideoData size:66557 dts:122.539 pts:122.581 dur:41.000ms, clock:116.043 level:0
2019-06-26 17:32:27.089 T:3112223600 DEBUG: CVideoPlayer::ProcessVideoData size:141354 dts:122.581 pts:122.914 dur:41.000ms, clock:116.043 level:0
2019-06-26 17:32:27.128 T:3112223600 DEBUG: CVideoPlayer::ProcessVideoData size:105732 dts:122.622 pts:122.789 dur:41.000ms, clock:116.043 level:0
2019-06-26 17:32:27.149 T:3112223600 DEBUG: CVideoPlayer::ProcessVideoData size:68365 dts:122.664 pts:122.664 dur:41.000ms, clock:116.043 level:0
2019-06-26 17:32:27.203 T:3112223600 DEBUG: CVideoPlayer::ProcessVideoData size:67893 dts:122.706 pts:122.706 dur:41.000ms, clock:116.043 level:0
2019-06-26 17:32:27.226 T:3112223600 DEBUG: CVideoPlayer::ProcessVideoData size:69916 dts:122.748 pts:122.748 dur:41.000ms, clock:116.043 level:0
2019-06-26 17:32:27.248 T:3112223600 DEBUG: CVideoPlayer::ProcessVideoData size:68363 dts:122.789 pts:122.831 dur:41.000ms, clock:116.043 level:0
2019-06-26 17:32:27.272 T:3112223600 DEBUG: CVideoPlayer::ProcessVideoData size:66932 dts:122.831 pts:122.873 dur:41.000ms, clock:116.043 level:0
2019-06-26 17:32:27.381 T:3112223600 DEBUG: CVideoPlayer::ProcessVideoData size:138489 dts:122.873 pts:123.165 dur:41.000ms, clock:116.043 level:0
2019-06-26 17:32:27.465 T:3112223600 DEBUG: CVideoPlayer::ProcessVideoData size:102885 dts:122.914 pts:123.040 dur:41.000ms, clock:116.043 level:0
2019-06-26 17:32:27.489 T:3112223600 DEBUG: CVideoPlayer::ProcessVideoData size:67695 dts:122.956 pts:122.956 dur:41.000ms, clock:116.043 level:0
2019-06-26 17:32:27.512 T:3112223600 DEBUG: CVideoPlayer::ProcessVideoData size:69404 dts:122.998 pts:122.998 dur:41.000ms, clock:116.043 level:0
2019-06-26 17:32:27.536 T:3112223600 DEBUG: CVideoPlayer::ProcessVideoData size:75214 dts:123.040 pts:123.081 dur:41.000ms, clock:116.043 level:0
2019-06-26 17:32:27.560 T:3112223600 DEBUG: CVideoPlayer::ProcessVideoData size:67722 dts:123.081 pts:123.123 dur:41.000ms, clock:116.043 level:0
2019-06-26 17:32:27.665 T:3112223600 DEBUG: CVideoPlayer::ProcessVideoData size:145113 dts:123.123 pts:123.373 dur:41.000ms, clock:116.043 level:0
2019-06-26 17:32:27.755 T:3112223600 DEBUG: CVideoPlayer::ProcessVideoData size:104080 dts:123.165 pts:123.290 dur:41.000ms, clock:116.043 level:0
2019-06-26 17:32:27.778 T:3112223600 DEBUG: CVideoPlayer::ProcessVideoData size:68820 dts:123.206 pts:123.206 dur:41.000ms, clock:116.043 level:0
2019-06-26 17:32:27.804 T:3112223600 DEBUG: CVideoPlayer::ProcessVideoData size:69760 dts:123.248 pts:123.248 dur:41.000ms, clock:116.043 level:0
2019-06-26 17:32:27.825 T:3112223600 DEBUG: CVideoPlayer::ProcessVideoData size:66156 dts:123.290 pts:123.332 dur:41.000ms, clock:116.043 level:0
2019-06-26 17:32:27.935 T:3112223600 DEBUG: CVideoPlayer::ProcessVideoData size:143746 dts:123.332 pts:123.582 dur:41.000ms, clock:116.043 level:0
2019-06-26 17:32:28.021 T:3112223600 DEBUG: CVideoPlayer::ProcessVideoData size:101895 dts:123.373 pts:123.498 dur:41.000ms, clock:116.043 level:0
2019-06-26 17:32:28.046 T:3112223600 DEBUG: CVideoPlayer::ProcessVideoData size:69347 dts:123.415 pts:123.415 dur:41.000ms, clock:116.043 level:0
2019-06-26 17:32:28.073 T:3112223600 DEBUG: CVideoPlayer::ProcessVideoData size:74757 dts:123.457 pts:123.457 dur:41.000ms, clock:116.043 level:0
2019-06-26 17:32:28.099 T:3112223600 DEBUG: CVideoPlayer::ProcessVideoData size:65610 dts:123.498 pts:123.540 dur:41.000ms, clock:116.043 level:0
2019-06-26 17:32:28.264 T:3112223600 DEBUG: CVideoPlayer::ProcessVideoData size:145275 dts:123.540 pts:123.832 dur:41.000ms, clock:116.043 level:0
2019-06-26 17:32:28.264 T:3053474672 ERROR: CAMLCodec::AddData: packet to big: 145275, probably corrupted
2019-06-26 17:32:28.315 T:3112223600 ERROR: Previous line repeats 34 times.
2019-06-26 17:32:28.315 T:3112223600 DEBUG: CVideoPlayer::ProcessVideoData size:105739 dts:123.582 pts:123.707 dur:41.000ms, clock:116.043 level:0
2019-06-26 17:32:28.318 T:3053474672 ERROR: CAMLCodec::AddData: packet to big: 145275, probably corrupted
2019-06-26 17:32:28.335 T:3112223600 ERROR: Previous line repeats 11 times.
2019-06-26 17:32:28.335 T:3112223600 DEBUG: CVideoPlayer::ProcessVideoData size:71683 dts:123.623 pts:123.623 dur:41.000ms, clock:116.043 level:0
2019-06-26 17:32:28.336 T:3053474672 ERROR: CAMLCodec::AddData: packet to big: 145275, probably corrupted
2019-06-26 17:32:28.355 T:3112223600 ERROR: Previous line repeats 12 times.
2019-06-26 17:32:28.355 T:3112223600 DEBUG: CVideoPlayer::ProcessVideoData size:70426 dts:123.665 pts:123.665 dur:41.000ms, clock:116.043 level:2
2019-06-26 17:32:28.357 T:3053474672 ERROR: CAMLCodec::AddData: packet to big: 145275, probably corrupted
2019-06-26 17:32:28.375 T:3112223600 ERROR: Previous line repeats 12 times.
2019-06-26 17:32:28.375 T:3112223600 DEBUG: CVideoPlayer::ProcessVideoData size:71760 dts:123.707 pts:123.749 dur:41.000ms, clock:116.043 level:2
2019-06-26 17:32:28.377 T:3053474672 ERROR: CAMLCodec::AddData: packet to big: 145275, probably corrupted
2019-06-26 17:32:28.396 T:3112223600 ERROR: Previous line repeats 12 times.
2019-06-26 17:32:28.396 T:3112223600 DEBUG: CVideoPlayer::ProcessVideoData size:72563 dts:123.749 pts:123.790 dur:41.000ms, clock:116.043 level:3
2019-06-26 17:32:28.401 T:3053474672 ERROR: CAMLCodec::AddData: packet to big: 145275, probably corrupted
2019-06-26 17:32:28.607 T:3112223600 ERROR: Previous line repeats 137 times.
2019-06-26 17:32:28.607 T:3112223600 DEBUG: CVideoPlayer::ProcessVideoData size:140562 dts:123.790 pts:124.124 dur:41.000ms, clock:116.043 level:3
2019-06-26 17:32:28.609 T:3053474672 ERROR: CAMLCodec::AddData: packet to big: 145275, probably corrupted
2019-06-26 17:32:28.627 T:3112223600 ERROR: Previous line repeats 9 times.
2019-06-26 17:32:28.627 T:3112223600 DEBUG: CVideoPlayer::ProcessVideoData size:105606 dts:123.832 pts:123.999 dur:41.000ms, clock:116.043 level:3
2019-06-26 17:32:28.627 T:3053474672 ERROR: CAMLCodec::AddData: packet to big: 145275, probably corrupted
2019-06-26 17:32:28.647 T:3112223600 ERROR: Previous line repeats 12 times.
2019-06-26 17:32:28.647 T:3112223600 DEBUG: CVideoPlayer::ProcessVideoData size:69637 dts:123.874 pts:123.874 dur:41.000ms, clock:116.043 level:4
2019-06-26 17:32:28.649 T:3053474672 ERROR: CAMLCodec::AddData: packet to big: 145275, probably corrupted
2019-06-26 17:32:28.687 T:3112223600 ERROR: Previous line repeats 24 times.
2019-06-26 17:32:28.687 T:3112223600 DEBUG: CVideoPlayer::ProcessVideoData size:74242 dts:123.915 pts:123.915 dur:41.000ms, clock:116.043 level:5
2019-06-26 17:32:28.688 T:3053474672 ERROR: CAMLCodec::AddData: packet to big: 145275, probably corrupted
2019-06-26 17:32:28.706 T:3112223600 ERROR: Previous line repeats 11 times.
2019-06-26 17:32:28.706 T:3112223600 DEBUG: CVideoPlayer::ProcessVideoData size:73652 dts:123.957 pts:123.957 dur:41.000ms, clock:116.043 level:5
2019-06-26 17:32:28.708 T:3053474672 ERROR: CAMLCodec::AddData: packet to big: 145275, probably corrupted
2019-06-26 17:32:28.727 T:3112223600 ERROR: Previous line repeats 11 times.
2019-06-26 17:32:28.727 T:3112223600 DEBUG: CVideoPlayer::ProcessVideoData size:72056 dts:123.999 pts:124.041 dur:41.000ms, clock:116.043 level:6
2019-06-26 17:32:28.729 T:3053474672 ERROR: CAMLCodec::AddData: packet to big: 145275, probably corrupted
2019-06-26 17:32:28.785 T:3112223600 ERROR: Previous line repeats 35 times.
2019-06-26 17:32:28.785 T:3112223600 DEBUG: CVideoPlayer::ProcessVideoData size:79163 dts:124.041 pts:124.082 dur:41.000ms, clock:116.043 level:6
2019-06-26 17:32:28.786 T:3053474672 ERROR: CAMLCodec::AddData: packet to big: 145275, probably corrupted
2019-06-26 17:32:28.867 T:3112223600 ERROR: Previous line repeats 49 times.
2019-06-26 17:32:28.867 T:3112223600 DEBUG: CVideoPlayer::ProcessVideoData size:133890 dts:124.082 pts:124.166 dur:41.000ms, clock:116.043 level:7
2019-06-26 17:32:28.873 T:3053474672 ERROR: CAMLCodec::AddData: packet to big: 145275, probably corrupted
2019-06-26 17:32:28.976 T:3112223600 ERROR: Previous line repeats 67 times.
2019-06-26 17:32:28.976 T:3112223600 DEBUG: CVideoPlayer::ProcessVideoData size:106902 dts:124.124 pts:124.333 dur:41.000ms, clock:116.043 level:7
2019-06-26 17:32:28.978 T:3053474672 ERROR: CAMLCodec::AddData: packet to big: 145275, probably corrupted
2019-06-26 17:32:28.996 T:3112223600 ERROR: Previous line repeats 12 times.
2019-06-26 17:32:28.996 T:3112223600 DEBUG: CVideoPlayer::ProcessVideoData size:75238 dts:124.166 pts:124.249 dur:41.000ms, clock:116.043 level:8
2019-06-26 17:32:28.998 T:3053474672 ERROR: CAMLCodec::AddData: packet to big: 145275, probably corrupted
2019-06-26 17:32:29.054 T:3112223600 ERROR: Previous line repeats 33 times.
2019-06-26 17:32:29.054 T:3112223600 DEBUG: CVideoPlayer::ProcessVideoData size:48577 dts:124.207 pts:124.207 dur:41.000ms, clock:116.043 level:8
2019-06-26 17:32:29.055 T:3053474672 ERROR: CAMLCodec::AddData: packet to big: 145275, probably corrupted
2019-06-26 17:32:29.074 T:3112223600 ERROR: Previous line repeats 12 times.
2019-06-26 17:32:29.074 T:3112223600 DEBUG: CVideoPlayer::ProcessVideoData size:49800 dts:124.249 pts:124.291 dur:41.000ms, clock:116.043 level:9
2019-06-26 17:32:29.076 T:3053474672 ERROR: CAMLCodec::AddData: packet to big: 145275, probably corrupted
2019-06-26 17:32:41.470 T:3112223600 ERROR: Previous line repeats 8065 times.
2019-06-26 17:32:41.470 T:3112223600 DEBUG: Readrate 2496000 is too low with 2791380 required
2019-06-26 17:32:41.470 T:3112223600 DEBUG: CDVDClock::SetSpeedAdjust - adjusted:0.000000
2019-06-26 17:32:41.470 T:3251893104 DEBUG: Previous line repeats 1 times.
2019-06-26 17:32:41.470 T:3251893104 DEBUG: CDVDAudio::Pause - pausing audio stream
2019-06-26 17:32:41.470 T:3251893104 DEBUG: CDVDAudio::Resume - resume audio stream
2019-06-26 17:32:41.472 T:3053474672 DEBUG: CAMLCodec::SetSpeed, speed(1000)
2019-06-26 17:32:41.473 T:3053474672 ERROR: CAMLCodec::AddData: packet to big: 145275, probably corrupted
2019-06-26 17:32:41.476 T:4031771504 DEBUG: ActiveAE - start sync of audio stream
2019-06-26 17:32:41.476 T:4023378800 INFO: CActiveAESink::OpenSink - initialize sink
2019-06-26 17:32:41.476 T:4023378800 DEBUG: CActiveAESink::OpenSink - trying to open device ALSA:hdmi:CARD=AMLAUGESOUND,DEV=0
2019-06-26 17:32:41.477 T:4023378800 INFO: CAESinkALSA::Initialize - Attempting to open device "hdmi:CARD=AMLAUGESOUND,DEV=0"
2019-06-26 17:32:41.481 T:3112223600 DEBUG: CDVDClock::SetSpeedAdjust - adjusted:0.000000
2019-06-26 17:32:41.482 T:4064769344 DEBUG: ------ Window Init (DialogNotification.xml) ------
2019-06-26 17:32:41.488 T:4023378800 INFO: CAESinkALSA::Initialize - Opened device "hdmi:CARD=AMLAUGESOUND,DEV=0,AES0=0x04,AES1=0x82,AES2=0x00,AES3=0x02"
2019-06-26 17:32:41.489 T:4023378800 INFO: CAESinkALSA::InitializeHW - Your hardware does not support AE_FMT_FLOAT, trying other formats
2019-06-26 17:32:41.489 T:4023378800 INFO: CAESinkALSA::InitializeHW - Using data format AE_FMT_S16NE
2019-06-26 17:32:41.489 T:4023378800 DEBUG: CAESinkALSA::InitializeHW - Request: periodSize 2400, bufferSize 9600
2019-06-26 17:32:41.490 T:4023378800 DEBUG: CAESinkALSA::InitializeHW - Got: periodSize 2400, bufferSize 9600
2019-06-26 17:32:41.490 T:4023378800 DEBUG: CAESinkALSA::InitializeHW - Setting timeout to 200 ms
2019-06-26 17:32:41.491 T:4023378800 DEBUG: CAESinkALSA::GetChannelLayout - Input Channel Count: 2 Output Channel Count: 2
2019-06-26 17:32:41.493 T:4023378800 DEBUG: CAESinkALSA::GetChannelLayout - Requested Layout: FL, FR
2019-06-26 17:32:41.493 T:4023378800 DEBUG: CAESinkALSA::GetChannelLayout - Got Layout: FL, FR (ALSA: none)
2019-06-26 17:32:41.493 T:4023378800 DEBUG: CActiveAESink::OpenSink - ALSA Initialized:
2019-06-26 17:32:41.493 T:4023378800 DEBUG: Output Device : AML-AUGESOUND
2019-06-26 17:32:41.493 T:4023378800 DEBUG: Sample Rate : 48000
2019-06-26 17:32:41.493 T:4023378800 DEBUG: Sample Format : AE_FMT_S16NE
2019-06-26 17:32:41.493 T:4023378800 DEBUG: Channel Count : 2
2019-06-26 17:32:41.493 T:4023378800 DEBUG: Channel Layout: FL, FR
2019-06-26 17:32:41.493 T:4023378800 DEBUG: Frames : 2400
2019-06-26 17:32:41.493 T:4023378800 DEBUG: Frame Size : 4
2019-06-26 17:32:41.513 T:3112223600 DEBUG: CVideoPlayer::ProcessVideoData size:111604 dts:124.291 pts:124.499 dur:41.000ms, clock:116.085 level:9
2019-06-26 17:32:41.513 T:3112223600 DEBUG: CVideoPlayer::ProcessVideoData size:75281 dts:124.333 pts:124.416 dur:41.000ms, clock:116.086 level:10
2019-06-26 17:32:41.513 T:3112223600 DEBUG: CVideoPlayer::ProcessVideoData size:48509 dts:124.374 pts:124.374 dur:41.000ms, clock:116.086 level:10
2019-06-26 17:32:41.513 T:3112223600 DEBUG: CVideoPlayer::ProcessVideoData size:49451 dts:124.416 pts:124.458 dur:41.000ms, clock:116.086 level:11
2019-06-26 17:32:41.515 T:3053474672 DEBUG: CVideoPlayerVideo::OutputPicture - ttd:278ms pts:116.366 Clock:116.087 Level:5
2019-06-26 17:32:41.533 T:3112223600 DEBUG: CVideoPlayer::ProcessVideoData size:106876 dts:124.458 pts:124.750 dur:41.000ms, clock:116.106 level:11
2019-06-26 17:32:41.536 T:3112223600 DEBUG: CVideoPlayer::ProcessVideoData size:80362 dts:124.499 pts:124.624 dur:41.000ms, clock:116.108 level:12
2019-06-26 17:32:41.536 T:3112223600 DEBUG: CVideoPlayer::ProcessVideoData size:54154 dts:124.541 pts:124.541 dur:41.000ms, clock:116.108 level:12
2019-06-26 17:32:41.536 T:3112223600 DEBUG: CVideoPlayer::ProcessVideoData size:51478 dts:124.583 pts:124.583 dur:41.000ms, clock:116.108 level:13
2019-06-26 17:32:41.536 T:3112223600 DEBUG: CVideoPlayer::ProcessVideoData size:52908 dts:124.624 pts:124.666 dur:41.000ms, clock:116.109 level:14
2019-06-26 17:32:41.536 T:3112223600 DEBUG: CVideoPlayer::ProcessVideoData size:49029 dts:124.666 pts:124.708 dur:41.000ms, clock:116.109 level:14
2019-06-26 17:32:41.563 T:3112223600 DEBUG: CVideoPlayer::ProcessVideoData size:108627 dts:124.708 pts:125.042 dur:41.000ms, clock:116.135 level:15
2019-06-26 17:32:41.563 T:3112223600 DEBUG: CVideoPlayer::ProcessVideoData size:84267 dts:124.750 pts:124.916 dur:41.000ms, clock:116.136 level:15
2019-06-26 17:32:41.563 T:3112223600 DEBUG: CVideoPlayer::ProcessVideoData size:56653 dts:124.791 pts:124.791 dur:41.000ms, clock:116.136 level:16
