2019-06-26 17:34:43.082 T:3112223600 DEBUG: CVideoPlayer::ProcessVideoData size:120420 dts:222.097 pts:222.139 dur:41.000ms, clock:213.499 level:36
2019-06-26 17:34:43.100 T:3112223600 DEBUG: CVideoPlayer::ProcessVideoData size:172996 dts:222.139 pts:222.431 dur:41.000ms, clock:213.516 level:37
2019-06-26 17:34:43.100 T:3112223600 DEBUG: CVideoPlayer::ProcessVideoData size:130001 dts:222.180 pts:222.305 dur:41.000ms, clock:213.517 level:38
2019-06-26 17:34:43.102 T:3112223600 DEBUG: CVideoPlayer::ProcessVideoData size:115855 dts:222.222 pts:222.222 dur:41.000ms, clock:213.519 level:38
2019-06-26 17:34:43.102 T:3112223600 DEBUG: CVideoPlayer::ProcessVideoData size:115393 dts:222.264 pts:222.264 dur:41.000ms, clock:213.519 level:39
2019-06-26 17:34:43.103 T:3112223600 DEBUG: CVideoPlayer::ProcessVideoData size:116048 dts:222.305 pts:222.347 dur:41.000ms, clock:213.519 level:39
2019-06-26 17:34:43.103 T:3112223600 DEBUG: CVideoPlayer::ProcessVideoData size:117968 dts:222.347 pts:222.389 dur:41.000ms, clock:213.520 level:40
2019-06-26 17:34:43.109 T:3053474672 DEBUG: CVideoPlayerVideo::OutputPicture - ttd:271ms pts:213.797 Clock:213.525 Level:5
2019-06-26 17:34:43.117 T:4031771504 DEBUG: ActiveAE::SyncStream - average error of 217.498296, start adjusting
2019-06-26 17:34:43.126 T:3112223600 DEBUG: CVideoPlayer::ProcessVideoData size:167383 dts:222.389 pts:222.722 dur:41.000ms, clock:213.543 level:40
2019-06-26 17:34:43.126 T:3112223600 DEBUG: CVideoPlayer::ProcessVideoData size:125323 dts:222.431 pts:222.597 dur:41.000ms, clock:213.543 level:41
2019-06-26 17:34:43.127 T:3112223600 DEBUG: CVideoPlayer::ProcessVideoData size:122508 dts:222.472 pts:222.472 dur:41.000ms, clock:213.543 level:41
2019-06-26 17:34:43.127 T:3112223600 DEBUG: CVideoPlayer::ProcessVideoData size:117145 dts:222.514 pts:222.514 dur:41.000ms, clock:213.544 level:42
2019-06-26 17:34:43.127 T:3112223600 DEBUG: CVideoPlayer::ProcessVideoData size:114322 dts:222.556 pts:222.556 dur:41.000ms, clock:213.544 level:42
2019-06-26 17:34:43.128 T:3112223600 DEBUG: CVideoPlayer::ProcessVideoData size:113727 dts:222.597 pts:222.639 dur:41.000ms, clock:213.544 level:43
2019-06-26 17:34:43.128 T:3112223600 DEBUG: CVideoPlayer::ProcessVideoData size:110711 dts:222.639 pts:222.681 dur:41.000ms, clock:213.544 level:43
2019-06-26 17:34:43.142 T:3053474672 DEBUG: CVideoPlayerVideo::OutputPicture - ttd:280ms pts:213.839 Clock:213.559 Level:5
2019-06-26 17:34:43.175 T:3053474672 DEBUG: CVideoPlayerVideo::OutputPicture - ttd:287ms pts:213.880 Clock:213.592 Level:5
2019-06-26 17:34:43.234 T:3053474672 DEBUG: CVideoPlayerVideo::OutputPicture - ttd:271ms pts:213.922 Clock:213.651 Level:5
2019-06-26 17:34:43.280 T:3053474672 DEBUG: CVideoPlayerVideo::OutputPicture - ttd:267ms pts:213.964 Clock:213.697 Level:4
2019-06-26 17:34:43.314 T:3053474672 DEBUG: CVideoPlayerVideo::OutputPicture - ttd:274ms pts:214.005 Clock:213.730 Level:5
2019-06-26 17:34:43.317 T:4031771504 DEBUG: ActiveAE::SyncStream - average error 0.266723, last average error: 217.498296
2019-06-26 17:34:43.360 T:3053474672 DEBUG: CVideoPlayerVideo::OutputPicture - ttd:270ms pts:214.047 Clock:213.776 Level:5
2019-06-26 17:34:43.393 T:3053474672 DEBUG: CVideoPlayerVideo::OutputPicture - ttd:279ms pts:214.089 Clock:213.809 Level:5
2019-06-26 17:34:43.445 T:3053474672 DEBUG: CVideoPlayerVideo::OutputPicture - ttd:269ms pts:214.131 Clock:213.862 Level:5
2019-06-26 17:34:43.468 T:4031771504 DEBUG: ActiveAE::SyncStream - average error of -24.975974, start adjusting
2019-06-26 17:34:43.468 T:4031771504 DEBUG: ActiveAE::SyncStream - average error -0.017641 below threshold of 30.000000
2019-06-26 17:34:43.478 T:3053474672 DEBUG: CVideoPlayerVideo::OutputPicture - ttd:276ms pts:214.172 Clock:213.895 Level:5
2019-06-26 17:34:43.531 T:3053474672 DEBUG: CVideoPlayerVideo::OutputPicture - ttd:266ms pts:214.214 Clock:213.947 Level:4
2019-06-26 17:34:43.564 T:3053474672 DEBUG: CVideoPlayerVideo::OutputPicture - ttd:275ms pts:214.256 Clock:213.980 Level:5
2019-06-26 17:34:43.611 T:3053474672 DEBUG: CVideoPlayerVideo::OutputPicture - ttd:269ms pts:214.297 Clock:214.027 Level:5
2019-06-26 17:34:43.644 T:3053474672 DEBUG: CVideoPlayerVideo::OutputPicture - ttd:278ms pts:214.339 Clock:214.061 Level:5
2019-06-26 17:34:43.691 T:3053474672 DEBUG: CVideoPlayerVideo::OutputPicture - ttd:273ms pts:214.381 Clock:214.107 Level:5
2019-06-26 17:34:43.724 T:3053474672 DEBUG: CVideoPlayerVideo::OutputPicture - ttd:282ms pts:214.423 Clock:214.141 Level:5
2019-06-26 17:34:43.784 T:3053474672 DEBUG: CVideoPlayerVideo::OutputPicture - ttd:263ms pts:214.464 Clock:214.200 Level:5
2019-06-26 17:34:43.817 T:3053474672 DEBUG: CVideoPlayerVideo::OutputPicture - ttd:272ms pts:214.506 Clock:214.233 Level:5
2019-06-26 17:34:43.869 T:3053474672 DEBUG: CVideoPlayerVideo::OutputPicture - ttd:262ms pts:214.548 Clock:214.286 Level:4
2019-06-26 17:34:43.890 T:3053474672 DEBUG: CVideoPlayerVideo::OutputPicture - ttd:282ms pts:214.589 Clock:214.306 Level:5
2019-06-26 17:34:43.933 T:3112223600 DEBUG: CVideoPlayer::ProcessVideoData size:164871 dts:222.681 pts:223.014 dur:41.000ms, clock:214.350 level:44
2019-06-26 17:34:43.934 T:3112223600 DEBUG: CVideoPlayer::ProcessVideoData size:127688 dts:222.722 pts:222.889 dur:41.000ms, clock:214.350 level:44
2019-06-26 17:34:43.934 T:3112223600 DEBUG: CVideoPlayer::ProcessVideoData size:110947 dts:222.764 pts:222.764 dur:41.000ms, clock:214.351 level:45
2019-06-26 17:34:43.935 T:3112223600 DEBUG: CVideoPlayer::ProcessVideoData size:117988 dts:222.806 pts:222.806 dur:41.000ms, clock:214.351 level:45
2019-06-26 17:34:43.935 T:3112223600 DEBUG: CVideoPlayer::ProcessVideoData size:112974 dts:222.848 pts:222.848 dur:41.000ms, clock:214.352 level:46
2019-06-26 17:34:43.936 T:3112223600 DEBUG: CVideoPlayer::ProcessVideoData size:113212 dts:222.889 pts:222.931 dur:41.000ms, clock:214.353 level:46
2019-06-26 17:34:43.938 T:3112223600 DEBUG: CVideoPlayer::ProcessVideoData size:114992 dts:222.931 pts:222.973 dur:41.000ms, clock:214.355 level:47
2019-06-26 17:34:43.940 T:3053474672 DEBUG: CVideoPlayerVideo::OutputPicture - ttd:274ms pts:214.631 Clock:214.356 Level:5
2019-06-26 17:34:43.973 T:3053474672 DEBUG: CVideoPlayerVideo::OutputPicture - ttd:283ms pts:214.673 Clock:214.390 Level:5
2019-06-26 17:34:44.026 T:3053474672 DEBUG: CVideoPlayerVideo::OutputPicture - ttd:271ms pts:214.714 Clock:214.443 Level:5
2019-06-26 17:34:44.069 T:3053474672 DEBUG: CVideoPlayerVideo::OutputPicture - ttd:270ms pts:214.756 Clock:214.486 Level:5
2019-06-26 17:34:44.115 T:3053474672 DEBUG: CVideoPlayerVideo::OutputPicture - ttd:266ms pts:214.798 Clock:214.532 Level:5
2019-06-26 17:34:44.148 T:3053474672 DEBUG: CVideoPlayerVideo::OutputPicture - ttd:275ms pts:214.840 Clock:214.565 Level:5
2019-06-26 17:34:44.193 T:3053474672 DEBUG: CVideoPlayerVideo::OutputPicture - ttd:271ms pts:214.881 Clock:214.610 Level:4
2019-06-26 17:34:44.226 T:3053474672 DEBUG: CVideoPlayerVideo::OutputPicture - ttd:280ms pts:214.923 Clock:214.643 Level:5
2019-06-26 17:34:44.231 T:3112223600 DEBUG: CVideoPlayer::ProcessVideoData size:175096 dts:222.973 pts:223.306 dur:41.000ms, clock:214.648 level:47
2019-06-26 17:34:44.234 T:3112223600 DEBUG: CVideoPlayer::ProcessVideoData size:127708 dts:223.014 pts:223.181 dur:41.000ms, clock:214.650 level:48
2019-06-26 17:34:44.234 T:3112223600 DEBUG: CVideoPlayer::ProcessVideoData size:117006 dts:223.056 pts:223.056 dur:41.000ms, clock:214.651 level:48
2019-06-26 17:34:44.234 T:3112223600 DEBUG: CVideoPlayer::ProcessVideoData size:124522 dts:223.098 pts:223.098 dur:41.000ms, clock:214.651 level:49
2019-06-26 17:34:44.234 T:3112223600 DEBUG: CVideoPlayer::ProcessVideoData size:117255 dts:223.140 pts:223.140 dur:41.000ms, clock:214.651 level:50
2019-06-26 17:34:44.235 T:3112223600 DEBUG: CVideoPlayer::ProcessVideoData size:114460 dts:223.181 pts:223.223 dur:41.000ms, clock:214.651 level:50
2019-06-26 17:34:44.235 T:3112223600 DEBUG: CVideoPlayer::ProcessVideoData size:112115 dts:223.223 pts:223.265 dur:41.000ms, clock:214.652 level:51
2019-06-26 17:34:44.278 T:3053474672 DEBUG: CVideoPlayerVideo::OutputPicture - ttd:270ms pts:214.965 Clock:214.694 Level:5
2019-06-26 17:34:44.312 T:3053474672 DEBUG: CVideoPlayerVideo::OutputPicture - ttd:277ms pts:215.006 Clock:214.728 Level:5
2019-06-26 17:34:44.371 T:3053474672 DEBUG: CVideoPlayerVideo::OutputPicture - ttd:260ms pts:215.048 Clock:214.788 Level:4
2019-06-26 17:34:44.392 T:3053474672 DEBUG: CVideoPlayerVideo::OutputPicture - ttd:281ms pts:215.090 Clock:214.809 Level:5
2019-06-26 17:34:44.446 T:3053474672 DEBUG: CVideoPlayerVideo::OutputPicture - ttd:269ms pts:215.132 Clock:214.862 Level:5
2019-06-26 17:34:44.479 T:3053474672 DEBUG: CVideoPlayerVideo::OutputPicture - ttd:277ms pts:215.173 Clock:214.896 Level:5
2019-06-26 17:34:44.524 T:3053474672 DEBUG: CVideoPlayerVideo::OutputPicture - ttd:274ms pts:215.215 Clock:214.941 Level:5
2019-06-26 17:34:44.539 T:3112223600 DEBUG: CVideoPlayer::ProcessVideoData size:170032 dts:223.265 pts:223.598 dur:41.000ms, clock:214.955 level:51
2019-06-26 17:34:44.540 T:3112223600 DEBUG: CVideoPlayer::ProcessVideoData size:138620 dts:223.306 pts:223.473 dur:41.000ms, clock:214.956 level:52
2019-06-26 17:34:44.544 T:3112223600 DEBUG: CVideoPlayer::ProcessVideoData size:112926 dts:223.348 pts:223.348 dur:41.000ms, clock:214.960 level:52
2019-06-26 17:34:44.547 T:3112223600 DEBUG: CVideoPlayer::ProcessVideoData size:114856 dts:223.390 pts:223.390 dur:41.000ms, clock:214.963 level:53
2019-06-26 17:34:44.547 T:3112223600 DEBUG: CVideoPlayer::ProcessVideoData size:116127 dts:223.432 pts:223.432 dur:41.000ms, clock:214.964 level:53
2019-06-26 17:34:44.549 T:3112223600 DEBUG: CVideoPlayer::ProcessVideoData size:116994 dts:223.473 pts:223.515 dur:41.000ms, clock:214.965 level:54
2019-06-26 17:34:44.549 T:3112223600 DEBUG: CVideoPlayer::ProcessVideoData size:115833 dts:223.515 pts:223.557 dur:41.000ms, clock:214.966 level:54
2019-06-26 17:34:44.558 T:3053474672 DEBUG: CVideoPlayerVideo::OutputPicture - ttd:282ms pts:215.257 Clock:214.975 Level:5
2019-06-26 17:34:44.617 T:3053474672 DEBUG: CVideoPlayerVideo::OutputPicture - ttd:264ms pts:215.298 Clock:215.034 Level:4
2019-06-26 17:34:44.653 T:3053474672 DEBUG: CVideoPlayerVideo::OutputPicture - ttd:270ms pts:215.340 Clock:215.069 Level:5
2019-06-26 17:34:44.694 T:3053474672 DEBUG: CVideoPlayerVideo::OutputPicture - ttd:271ms pts:215.382 Clock:215.111 Level:5
2019-06-26 17:34:44.728 T:3053474672 DEBUG: CVideoPlayerVideo::OutputPicture - ttd:279ms pts:215.424 Clock:215.144 Level:5
2019-06-26 17:34:44.774 T:3053474672 DEBUG: CVideoPlayerVideo::OutputPicture - ttd:274ms pts:215.465 Clock:215.191 Level:5
2019-06-26 17:34:44.808 T:3053474672 DEBUG: CVideoPlayerVideo::OutputPicture - ttd:282ms pts:215.507 Clock:215.224 Level:5
2019-06-26 17:34:44.832 T:3112223600 DEBUG: CVideoPlayer::ProcessVideoData size:169029 dts:223.557 pts:223.890 dur:41.000ms, clock:215.248 level:55
2019-06-26 17:34:44.832 T:3112223600 DEBUG: CVideoPlayer::ProcessVideoData size:125993 dts:223.598 pts:223.765 dur:41.000ms, clock:215.249 level:55
2019-06-26 17:34:44.833 T:3112223600 DEBUG: CVideoPlayer::ProcessVideoData size:117211 dts:223.640 pts:223.640 dur:41.000ms, clock:215.249 level:56
2019-06-26 17:34:44.834 T:3112223600 DEBUG: CVideoPlayer::ProcessVideoData size:116609 dts:223.682 pts:223.682 dur:41.000ms, clock:215.250 level:56
2019-06-26 17:34:44.834 T:3112223600 DEBUG: CVideoPlayer::ProcessVideoData size:114800 dts:223.723 pts:223.723 dur:41.000ms, clock:215.251 level:57
2019-06-26 17:34:44.835 T:3112223600 DEBUG: CVideoPlayer::ProcessVideoData size:117854 dts:223.765 pts:223.807 dur:41.000ms, clock:215.252 level:57
2019-06-26 17:34:44.836 T:3112223600 DEBUG: CVideoPlayer::ProcessVideoData size:112419 dts:223.807 pts:223.849 dur:41.000ms, clock:215.253 level:58
2019-06-26 17:34:44.869 T:3053474672 DEBUG: CVideoPlayerVideo::OutputPicture - ttd:263ms pts:215.549 Clock:215.286 Level:4
2019-06-26 17:34:44.903 T:3053474672 DEBUG: CVideoPlayerVideo::OutputPicture - ttd:270ms pts:215.590 Clock:215.319 Level:5
2019-06-26 17:34:44.942 T:3053474672 DEBUG: CVideoPlayerVideo::OutputPicture - ttd:273ms pts:215.632 Clock:215.359 Level:5
2019-06-26 17:34:44.979 T:3053474672 DEBUG: CVideoPlayerVideo::OutputPicture - ttd:278ms pts:215.674 Clock:215.396 Level:5
2019-06-26 17:34:45.026 T:3053474672 DEBUG: CVideoPlayerVideo::OutputPicture - ttd:272ms pts:215.715 Clock:215.442 Level:5
2019-06-26 17:34:45.059 T:3053474672 DEBUG: CVideoPlayerVideo::OutputPicture - ttd:281ms pts:215.757 Clock:215.476 Level:5
2019-06-26 17:34:45.123 T:3053474672 DEBUG: CVideoPlayerVideo::OutputPicture - ttd:259ms pts:215.799 Clock:215.539 Level:4
2019-06-26 17:34:45.129 T:3112223600 DEBUG: CVideoPlayer::ProcessVideoData size:166494 dts:223.849 pts:224.182 dur:41.000ms, clock:215.546 level:58
2019-06-26 17:34:45.130 T:3112223600 DEBUG: CVideoPlayer::ProcessVideoData size:129400 dts:223.890 pts:224.057 dur:41.000ms, clock:215.547 level:59
2019-06-26 17:34:45.131 T:3112223600 DEBUG: CVideoPlayer::ProcessVideoData size:110939 dts:223.932 pts:223.932 dur:41.000ms, clock:215.548 level:59
2019-06-26 17:34:45.132 T:3112223600 DEBUG: CVideoPlayer::ProcessVideoData size:113042 dts:223.974 pts:223.974 dur:41.000ms, clock:215.549 level:60
2019-06-26 17:34:45.133 T:3112223600 DEBUG: CVideoPlayer::ProcessVideoData size:112742 dts:224.015 pts:224.015 dur:41.000ms, clock:215.549 level:60
2019-06-26 17:34:45.134 T:3112223600 DEBUG: CVideoPlayer::ProcessVideoData size:124582 dts:224.057 pts:224.099 dur:41.000ms, clock:215.550 level:61
2019-06-26 17:34:45.135 T:3112223600 DEBUG: CVideoPlayer::ProcessVideoData size:112382 dts:224.099 pts:224.141 dur:41.000ms, clock:215.551 level:61
2019-06-26 17:34:45.149 T:3053474672 DEBUG: CVideoPlayerVideo::OutputPicture - ttd:275ms pts:215.841 Clock:215.565 Level:5
2019-06-26 17:34:45.203 T:3053474672 DEBUG: CVideoPlayerVideo::OutputPicture - ttd:262ms pts:215.882 Clock:215.620 Level:4
2019-06-26 17:34:45.231 T:3053474672 DEBUG: CVideoPlayerVideo::OutputPicture - ttd:276ms pts:215.924 Clock:215.647 Level:5
2019-06-26 17:34:45.277 T:3053474672 DEBUG: CVideoPlayerVideo::OutputPicture - ttd:272ms pts:215.966 Clock:215.694 Level:5
2019-06-26 17:34:45.310 T:3053474672 DEBUG: CVideoPlayerVideo::OutputPicture - ttd:280ms pts:216.007 Clock:215.727 Level:5
2019-06-26 17:34:45.375 T:3053474672 DEBUG: CVideoPlayerVideo::OutputPicture - ttd:257ms pts:216.049 Clock:215.792 Level:4
2019-06-26 17:34:45.380 T:3112223600 DEBUG: CVideoPlayer::ProcessVideoData size:169653 dts:224.141 pts:224.433 dur:41.000ms, clock:215.797 level:62
2019-06-26 17:34:45.381 T:3112223600 DEBUG: CVideoPlayer::ProcessVideoData size:134445 dts:224.182 pts:224.307 dur:41.000ms, clock:215.798 level:63
2019-06-26 17:34:45.382 T:3112223600 DEBUG: CVideoPlayer::ProcessVideoData size:116204 dts:224.224 pts:224.224 dur:41.000ms, clock:215.798 level:63
2019-06-26 17:34:45.385 T:3112223600 DEBUG: CVideoPlayer::ProcessVideoData size:118595 dts:224.266 pts:224.266 dur:41.000ms, clock:215.802 level:64
2019-06-26 17:34:45.386 T:3112223600 DEBUG: CVideoPlayer::ProcessVideoData size:121422 dts:224.307 pts:224.349 dur:41.000ms, clock:215.802 level:64
2019-06-26 17:34:45.387 T:3112223600 DEBUG: CVideoPlayer::ProcessVideoData size:122932 dts:224.349 pts:224.391 dur:41.000ms, clock:215.803 level:65
2019-06-26 17:34:45.403 T:3053474672 DEBUG: CVideoPlayerVideo::OutputPicture - ttd:271ms pts:216.091 Clock:215.819 Level:5
2019-06-26 17:34:45.455 T:3053474672 DEBUG: CVideoPlayerVideo::OutputPicture - ttd:261ms pts:216.133 Clock:215.871 Level:4
2019-06-26 17:34:45.484 T:3053474672 DEBUG: CVideoPlayerVideo::OutputPicture - ttd:273ms pts:216.174 Clock:215.901 Level:5
2019-06-26 17:34:45.531 T:3053474672 DEBUG: CVideoPlayerVideo::OutputPicture - ttd:268ms pts:216.216 Clock:215.947 Level:4
2019-06-26 17:34:45.535 T:3112223600 DEBUG: CVideoPlayer::ProcessVideoData size:174988 dts:224.391 pts:224.599 dur:41.000ms, clock:215.952 level:65
2019-06-26 17:34:45.536 T:3112223600 DEBUG: CVideoPlayer::ProcessVideoData size:143493 dts:224.433 pts:224.516 dur:41.000ms, clock:215.953 level:66
2019-06-26 17:34:45.537 T:3112223600 DEBUG: CVideoPlayer::ProcessVideoData size:126467 dts:224.474 pts:224.474 dur:41.000ms, clock:215.953 level:66
2019-06-26 17:34:45.538 T:3112223600 DEBUG: CVideoPlayer::ProcessVideoData size:118599 dts:224.516 pts:224.558 dur:41.000ms, clock:215.954 level:67
2019-06-26 17:34:45.558 T:3053474672 DEBUG: CVideoPlayerVideo::OutputPicture - ttd:283ms pts:216.258 Clock:215.975 Level:5
2019-06-26 17:34:45.611 T:3053474672 DEBUG: CVideoPlayerVideo::OutputPicture - ttd:271ms pts:216.299 Clock:216.028 Level:5
2019-06-26 17:34:45.643 T:3053474672 DEBUG: CVideoPlayerVideo::OutputPicture - ttd:281ms pts:216.341 Clock:216.060 Level:5
2019-06-26 17:34:45.677 T:3112223600 DEBUG: CVideoPlayer::ProcessVideoData size:170772 dts:224.558 pts:224.724 dur:41.000ms, clock:216.094 level:67
2019-06-26 17:34:45.679 T:3112223600 DEBUG: CVideoPlayer::ProcessVideoData size:127542 dts:224.599 pts:224.683 dur:41.000ms, clock:216.096 level:68
2019-06-26 17:34:45.682 T:3112223600 DEBUG: CVideoPlayer::ProcessVideoData size:109078 dts:224.641 pts:224.641 dur:41.000ms, clock:216.098 level:68
2019-06-26 17:34:45.702 T:3053474672 DEBUG: CVideoPlayerVideo::OutputPicture - ttd:264ms pts:216.383 Clock:216.119 Level:4
2019-06-26 17:34:45.736 T:3053474672 DEBUG: CVideoPlayerVideo::OutputPicture - ttd:272ms pts:216.425 Clock:216.153 Level:5
2019-06-26 17:34:45.780 T:3053474672 DEBUG: CVideoPlayerVideo::OutputPicture - ttd:269ms pts:216.466 Clock:216.196 Level:5
2019-06-26 17:34:45.813 T:3053474672 DEBUG: CVideoPlayerVideo::OutputPicture - ttd:278ms pts:216.508 Clock:216.230 Level:5
2019-06-26 17:34:45.862 T:3053474672 DEBUG: CVideoPlayerVideo::OutputPicture - ttd:272ms pts:216.550 Clock:216.278 Level:5
2019-06-26 17:34:45.883 T:3112223600 DEBUG: CVideoPlayer::ProcessVideoData size:104106 dts:224.683 pts:224.933 dur:41.000ms, clock:216.300 level:69
2019-06-26 17:34:45.884 T:3112223600 DEBUG: CVideoPlayer::ProcessVideoData size:74187 dts:224.724 pts:224.850 dur:41.000ms, clock:216.300 level:69
2019-06-26 17:34:45.884 T:3112223600 DEBUG: CVideoPlayer::ProcessVideoData size:61978 dts:224.766 pts:224.766 dur:41.000ms, clock:216.301 level:70
2019-06-26 17:34:45.885 T:3112223600 DEBUG: CVideoPlayer::ProcessVideoData size:57675 dts:224.808 pts:224.808 dur:41.000ms, clock:216.301 level:70
2019-06-26 17:34:45.885 T:3112223600 DEBUG: CVideoPlayer::ProcessVideoData size:47893 dts:224.850 pts:224.891 dur:41.000ms, clock:216.302 level:71
2019-06-26 17:34:45.895 T:3053474672 DEBUG: CVideoPlayerVideo::OutputPicture - ttd:279ms pts:216.591 Clock:216.312 Level:5
2019-06-26 17:34:45.934 T:3053474672 DEBUG: CVideoPlayerVideo::OutputPicture - ttd:282ms pts:216.633 Clock:216.351 Level:5
2019-06-26 17:34:45.987 T:3053474672 DEBUG: CVideoPlayerVideo::OutputPicture - ttd:271ms pts:216.675 Clock:216.403 Level:5
2019-06-26 17:34:46.037 T:3053474672 DEBUG: CVideoPlayerVideo::OutputPicture - ttd:262ms pts:216.716 Clock:216.454 Level:4
2019-06-26 17:34:46.064 T:3053474672 DEBUG: CVideoPlayerVideo::OutputPicture - ttd:277ms pts:216.758 Clock:216.481 Level:5
2019-06-26 17:34:46.110 T:3053474672 DEBUG: CVideoPlayerVideo::OutputPicture - ttd:273ms pts:216.800 Clock:216.527 Level:5
2019-06-26 17:34:46.144 T:3053474672 DEBUG: CVideoPlayerVideo::OutputPicture - ttd:281ms pts:216.842 Clock:216.560 Level:5
2019-06-26 17:34:46.177 T:3112223600 DEBUG: CVideoPlayer::ProcessVideoData size:99383 dts:224.891 pts:225.225 dur:41.000ms, clock:216.594 level:71
2019-06-26 17:34:46.178 T:3112223600 DEBUG: CVideoPlayer::ProcessVideoData size:72493 dts:224.933 pts:225.100 dur:41.000ms, clock:216.594 level:72
2019-06-26 17:34:46.179 T:3112223600 DEBUG: CVideoPlayer::ProcessVideoData size:48491 dts:224.975 pts:224.975 dur:41.000ms, clock:216.595 level:72
2019-06-26 17:34:46.179 T:3112223600 DEBUG: CVideoPlayer::ProcessVideoData size:50268 dts:225.016 pts:225.016 dur:41.000ms, clock:216.596 level:73
2019-06-26 17:34:46.180 T:3112223600 DEBUG: CVideoPlayer::ProcessVideoData size:51190 dts:225.058 pts:225.058 dur:41.000ms, clock:216.597 level:73
2019-06-26 17:34:46.181 T:3112223600 DEBUG: CVideoPlayer::ProcessVideoData size:56294 dts:225.100 pts:225.142 dur:41.000ms, clock:216.597 level:74
2019-06-26 17:34:46.181 T:3112223600 DEBUG: CVideoPlayer::ProcessVideoData size:50793 dts:225.142 pts:225.183 dur:41.000ms, clock:216.598 level:75
2019-06-26 17:34:46.196 T:3053474672 DEBUG: CVideoPlayerVideo::OutputPicture - ttd:270ms pts:216.883 Clock:216.612 Level:4
2019-06-26 17:34:46.235 T:3053474672 DEBUG: CVideoPlayerVideo::OutputPicture - ttd:273ms pts:216.925 Clock:216.652 Level:5
2019-06-26 17:34:46.283 T:3053474672 DEBUG: CVideoPlayerVideo::OutputPicture - ttd:267ms pts:216.967 Clock:216.700 Level:4
2019-06-26 17:34:46.317 T:3053474672 DEBUG: CVideoPlayerVideo::OutputPicture - ttd:274ms pts:217.008 Clock:216.733 Level:5
2019-06-26 17:34:46.363 T:3053474672 DEBUG: CVideoPlayerVideo::OutputPicture - ttd:270ms pts:217.050 Clock:216.779 Level:5
2019-06-26 17:34:46.394 T:3053474672 DEBUG: CVideoPlayerVideo::OutputPicture - ttd:281ms pts:217.092 Clock:216.811 Level:5
2019-06-26 17:34:46.425 T:3112223600 DEBUG: CVideoPlayer::ProcessVideoData size:108497 dts:225.183 pts:225.475 dur:41.000ms, clock:216.841 level:75
2019-06-26 17:34:46.432 T:3112223600 DEBUG: CVideoPlayer::ProcessVideoData size:67764 dts:225.225 pts:225.350 dur:41.000ms, clock:216.848 level:76
2019-06-26 17:34:46.432 T:3112223600 DEBUG: CVideoPlayer::ProcessVideoData size:49259 dts:225.267 pts:225.267 dur:41.000ms, clock:216.849 level:76
2019-06-26 17:34:46.433 T:3112223600 DEBUG: CVideoPlayer::ProcessVideoData size:50358 dts:225.308 pts:225.308 dur:41.000ms, clock:216.849 level:77
2019-06-26 17:34:46.433 T:3112223600 DEBUG: CVideoPlayer::ProcessVideoData size:50811 dts:225.350 pts:225.392 dur:41.000ms, clock:216.849 level:77
2019-06-26 17:34:46.434 T:3112223600 DEBUG: CVideoPlayer::ProcessVideoData size:51225 dts:225.392 pts:225.434 dur:41.000ms, clock:216.850 level:78
2019-06-26 17:34:46.443 T:3053474672 DEBUG: CVideoPlayerVideo::OutputPicture - ttd:274ms pts:217.134 Clock:216.860 Level:5
2019-06-26 17:34:46.450 T:3112223600 DEBUG: CVideoPlayer::ProcessVideoData size:142016 dts:225.434 pts:225.517 dur:41.000ms, clock:216.866 level:78
2019-06-26 17:34:46.477 T:3053474672 DEBUG: CVideoPlayerVideo::OutputPicture - ttd:281ms pts:217.175 Clock:216.893 Level:5
2019-06-26 17:34:46.536 T:3053474672 DEBUG: CVideoPlayerVideo::OutputPicture - ttd:264ms pts:217.217 Clock:216.952 Level:4
2019-06-26 17:34:46.569 T:3053474672 DEBUG: CVideoPlayerVideo::OutputPicture - ttd:273ms pts:217.259 Clock:216.985 Level:5
2019-06-26 17:34:46.624 T:3053474672 DEBUG: CVideoPlayerVideo::OutputPicture - ttd:259ms pts:217.300 Clock:217.041 Level:4
2019-06-26 17:34:46.645 T:3053474672 DEBUG: CVideoPlayerVideo::OutputPicture - ttd:280ms pts:217.342 Clock:217.062 Level:5
2019-06-26 17:34:46.699 T:3053474672 DEBUG: CVideoPlayerVideo::OutputPicture - ttd:268ms pts:217.384 Clock:217.115 Level:4
2019-06-26 17:34:46.730 T:3053474672 DEBUG: CVideoPlayerVideo::OutputPicture - ttd:279ms pts:217.426 Clock:217.146 Level:5
2019-06-26 17:34:46.740 T:3112223600 DEBUG: CVideoPlayer::ProcessVideoData size:101067 dts:225.475 pts:225.809 dur:41.000ms, clock:217.156 level:79
2019-06-26 17:34:46.740 T:3112223600 DEBUG: CVideoPlayer::ProcessVideoData size:74930 dts:225.517 pts:225.684 dur:41.000ms, clock:217.157 level:79
2019-06-26 17:34:46.741 T:3112223600 DEBUG: CVideoPlayer::ProcessVideoData size:53570 dts:225.559 pts:225.559 dur:41.000ms, clock:217.157 level:80
2019-06-26 17:34:46.741 T:3112223600 DEBUG: CVideoPlayer::ProcessVideoData size:55900 dts:225.600 pts:225.600 dur:41.000ms, clock:217.158 level:80
2019-06-26 17:34:46.742 T:3112223600 DEBUG: CVideoPlayer::ProcessVideoData size:52677 dts:225.642 pts:225.642 dur:41.000ms, clock:217.158 level:81
2019-06-26 17:34:46.742 T:3112223600 DEBUG: CVideoPlayer::ProcessVideoData size:61129 dts:225.684 pts:225.725 dur:41.000ms, clock:217.159 level:81
2019-06-26 17:34:46.743 T:3112223600 DEBUG: CVideoPlayer::ProcessVideoData size:57305 dts:225.725 pts:225.767 dur:41.000ms, clock:217.159 level:82
2019-06-26 17:34:46.782 T:3053474672 DEBUG: CVideoPlayerVideo::OutputPicture - ttd:268ms pts:217.467 Clock:217.199 Level:4
2019-06-26 17:34:46.822 T:3053474672 DEBUG: CVideoPlayerVideo::OutputPicture - ttd:270ms pts:217.509 Clock:217.239 Level:5
2019-06-26 17:34:46.868 T:3053474672 DEBUG: CVideoPlayerVideo::OutputPicture - ttd:266ms pts:217.551 Clock:217.285 Level:4
2019-06-26 17:34:46.904 T:3053474672 DEBUG: CVideoPlayerVideo::OutputPicture - ttd:271ms pts:217.592 Clock:217.321 Level:5
2019-06-26 17:34:46.949 T:3053474672 DEBUG: CVideoPlayerVideo::OutputPicture - ttd:268ms pts:217.634 Clock:217.365 Level:4
2019-06-26 17:34:46.979 T:3053474672 DEBUG: CVideoPlayerVideo::OutputPicture - ttd:280ms pts:217.676 Clock:217.395 Level:5
2019-06-26 17:34:46.988 T:3112223600 DEBUG: CVideoPlayer::ProcessVideoData size:98592 dts:225.767 pts:226.059 dur:41.000ms, clock:217.405 level:82
2019-06-26 17:34:46.989 T:3112223600 DEBUG: CVideoPlayer::ProcessVideoData size:74199 dts:225.809 pts:225.934 dur:41.000ms, clock:217.405 level:83
2019-06-26 17:34:46.990 T:3112223600 DEBUG: CVideoPlayer::ProcessVideoData size:50616 dts:225.851 pts:225.851 dur:41.000ms, clock:217.406 level:83
2019-06-26 17:34:46.990 T:3112223600 DEBUG: CVideoPlayer::ProcessVideoData size:50711 dts:225.892 pts:225.892 dur:41.000ms, clock:217.407 level:84
2019-06-26 17:34:46.991 T:3112223600 DEBUG: CVideoPlayer::ProcessVideoData size:52472 dts:225.934 pts:225.976 dur:41.000ms, clock:217.407 level:84
2019-06-26 17:34:46.991 T:3112223600 DEBUG: CVideoPlayer::ProcessVideoData size:52306 dts:225.976 pts:226.017 dur:41.000ms, clock:217.408 level:85
2019-06-26 17:34:47.028 T:3053474672 DEBUG: CVideoPlayerVideo::OutputPicture - ttd:272ms pts:217.717 Clock:217.444 Level:5
2019-06-26 17:34:47.061 T:3053474672 DEBUG: CVideoPlayerVideo::OutputPicture - ttd:281ms pts:217.759 Clock:217.478 Level:5
2019-06-26 17:34:47.123 T:3053474672 DEBUG: CVideoPlayerVideo::OutputPicture - ttd:261ms pts:217.801 Clock:217.539 Level:4
2019-06-26 17:34:47.156 T:3053474672 DEBUG: CVideoPlayerVideo::OutputPicture - ttd:270ms pts:217.843 Clock:217.573 Level:5
2019-06-26 17:34:47.200 T:3053474672 DEBUG: CVideoPlayerVideo::OutputPicture - ttd:267ms pts:217.884 Clock:217.617 Level:4
2019-06-26 17:34:47.231 T:3053474672 DEBUG: CVideoPlayerVideo::OutputPicture - ttd:278ms pts:217.926 Clock:217.647 Level:5
2019-06-26 17:34:47.277 T:3053474672 DEBUG: CVideoPlayerVideo::OutputPicture - ttd:274ms pts:217.968 Clock:217.693 Level:5
2019-06-26 17:34:47.288 T:3112223600 DEBUG: CVideoPlayer::ProcessVideoData size:96059 dts:226.017 pts:226.351 dur:41.000ms, clock:217.705 level:85
2019-06-26 17:34:47.289 T:3112223600 DEBUG: CVideoPlayer::ProcessVideoData size:76081 dts:226.059 pts:226.226 dur:41.000ms, clock:217.705 level:86
2019-06-26 17:34:47.289 T:3112223600 DEBUG: CVideoPlayer::ProcessVideoData size:60670 dts:226.101 pts:226.101 dur:41.000ms, clock:217.706 level:87
2019-06-26 17:34:47.290 T:3112223600 DEBUG: CVideoPlayer::ProcessVideoData size:60637 dts:226.143 pts:226.143 dur:41.000ms, clock:217.706 level:87
2019-06-26 17:34:47.290 T:3112223600 DEBUG: CVideoPlayer::ProcessVideoData size:53943 dts:226.184 pts:226.184 dur:41.000ms, clock:217.707 level:88
2019-06-26 17:34:47.291 T:3112223600 DEBUG: CVideoPlayer::ProcessVideoData size:54448 dts:226.226 pts:226.268 dur:41.000ms, clock:217.707 level:88
2019-06-26 17:34:47.291 T:3112223600 DEBUG: CVideoPlayer::ProcessVideoData size:54144 dts:226.268 pts:226.309 dur:41.000ms, clock:217.708 level:89
2019-06-26 17:34:47.313 T:3053474672 DEBUG: CVideoPlayerVideo::OutputPicture - ttd:280ms pts:218.009 Clock:217.729 Level:5
2019-06-26 17:34:47.360 T:3053474672 DEBUG: CVideoPlayerVideo::OutputPicture - ttd:274ms pts:218.051 Clock:217.777 Level:5
2019-06-26 17:34:47.401 T:3053474672 DEBUG: CVideoPlayerVideo::OutputPicture - ttd:275ms pts:218.093 Clock:217.817 Level:5
2019-06-26 17:34:47.441 T:3053474672 DEBUG: CVideoPlayerVideo::OutputPicture - ttd:277ms pts:218.135 Clock:217.858 Level:5
2019-06-26 17:34:47.488 T:3053474672 DEBUG: CVideoPlayerVideo::OutputPicture - ttd:271ms pts:218.176 Clock:217.904 Level:5
2019-06-26 17:34:47.531 T:3053474672 DEBUG: CVideoPlayerVideo::OutputPicture - ttd:270ms pts:218.218 Clock:217.947 Level:5
2019-06-26 17:34:47.546 T:4054840176 DEBUG: CLibInputKeyboard::ProcessKey - using delay: 400ms repeat: 80ms
2019-06-26 17:34:47.546 T:3061867376 DEBUG: Thread Timer start, auto delete: false
2019-06-26 17:34:47.548 T:4064769344 DEBUG: Keyboard: scancode: 0x2d, sym: 0x0078, unicode: 0x0078, modifier: 0x0
2019-06-26 17:34:47.549 T:4064769344 DEBUG: HandleKey: x (0xf058) pressed, action is Stop
2019-06-26 17:34:47.549 T:4064769344 NOTICE: CVideoPlayer::CloseFile()
2019-06-26 17:34:47.549 T:3112223600 NOTICE: CVideoPlayer::OnExit()
2019-06-26 17:34:47.549 T:4064769344 DEBUG: DeleteRenderer - deleting renderer
2019-06-26 17:34:47.550 T:3112223600 NOTICE: Closing stream player 1
2019-06-26 17:34:47.550 T:3112223600 NOTICE: Waiting for audio thread to exit
2019-06-26 17:34:47.550 T:4064769344 NOTICE: VideoPlayer: waiting for threads to exit
2019-06-26 17:34:47.568 T:3251893104 NOTICE: thread end: CVideoPlayerAudio::OnExit()
2019-06-26 17:34:47.568 T:3251893104 DEBUG: Thread VideoPlayerAudio 3251893104 terminating
2019-06-26 17:34:47.568 T:3112223600 NOTICE: Closing audio device
2019-06-26 17:34:47.573 T:3053474672 DEBUG: CVideoPlayerVideo::OutputPicture - ttd:290ms pts:218.260 Clock:217.969 Level:0
2019-06-26 17:34:47.595 T:3053474672 DEBUG: CVideoPlayerVideo::OutputPicture - ttd:310ms pts:218.301 Clock:217.991 Level:0
2019-06-26 17:34:47.616 T:3053474672 DEBUG: CVideoPlayerVideo::OutputPicture - ttd:330ms pts:218.343 Clock:218.013 Level:0
2019-06-26 17:34:47.617 T:3112223600 DEBUG: CDVDAudio::Flush - flush audio stream
2019-06-26 17:34:47.618 T:4031771504 DEBUG: CActiveAE::DiscardStream - audio stream deleted
2019-06-26 17:34:47.618 T:4031771504 DEBUG: CActiveAE::ClearDiscardedBuffers - buffer pool deleted
2019-06-26 17:34:47.620 T:4023378800 DEBUG: Previous line repeats 2 times.
2019-06-26 17:34:47.620 T:4023378800 INFO: CActiveAESink::OpenSink - initialize sink
2019-06-26 17:34:47.639 T:3053474672 DEBUG: CVideoPlayerVideo::OutputPicture - ttd:349ms pts:218.385 Clock:218.035 Level:0
2019-06-26 17:34:47.649 T:3112223600 NOTICE: Deleting audio codec
2019-06-26 17:34:47.649 T:3112223600 NOTICE: Closing stream player 2
2019-06-26 17:34:47.649 T:3112223600 NOTICE: waiting for video thread to exit
2019-06-26 17:34:47.661 T:3053474672 DEBUG: CVideoPlayerVideo::OutputPicture - ttd:370ms pts:218.427 Clock:218.057 Level:0
2019-06-26 17:34:47.661 T:3053474672 NOTICE: thread end: video_thread
2019-06-26 17:34:47.661 T:3053474672 DEBUG: Thread VideoPlayerVideo 3053474672 terminating
2019-06-26 17:34:47.664 T:3112223600 NOTICE: deleting video codec
2019-06-26 17:34:47.664 T:3112223600 DEBUG: CAMLCodec::CloseDecoder
2019-06-26 17:34:47.677 T:3112223600 DEBUG: CAMLVideoBufferPool::~CAMLVideoBufferPool: Deleting 8 buffers
2019-06-26 17:34:47.677 T:3112223600 NOTICE: Closing stream player 3
2019-06-26 17:34:47.683 T:3053474672 DEBUG: Thread JobWorker start, auto delete: true
2019-06-26 17:34:47.698 T:3070260080 DEBUG: Thread FileCache 3070260080 terminating
2019-06-26 17:34:47.748 T:4064769344 NOTICE: VideoPlayer: finished waiting
2019-06-26 17:34:47.748 T:3112223600 DEBUG: Thread VideoPlayer 3112223600 terminating
2019-06-26 17:34:47.748 T:4064769344 NOTICE: CVideoPlayer::CloseFile()
2019-06-26 17:34:47.748 T:4064769344 NOTICE: VideoPlayer: waiting for threads to exit
2019-06-26 17:34:47.748 T:4064769344 NOTICE: VideoPlayer: finished waiting
2019-06-26 17:34:47.749 T:4064769344 DEBUG: Radio UECP (RDS) Processor - delete ~CDVDRadioRDSData
2019-06-26 17:34:47.817 T:4023378800 DEBUG: CActiveAESink::OpenSink - trying to open device ALSA:hdmi:CARD=AMLAUGESOUND,DEV=0
2019-06-26 17:34:47.818 T:4023378800 INFO: CAESinkALSA::Initialize - Attempting to open device "hdmi:CARD=AMLAUGESOUND,DEV=0"
2019-06-26 17:34:47.824 T:4023378800 INFO: CAESinkALSA::Initialize - Opened device "hdmi:CARD=AMLAUGESOUND,DEV=0,AES0=0x04,AES1=0x82,AES2=0x00,AES3=0x00"
2019-06-26 17:34:47.824 T:4023378800 INFO: CAESinkALSA::InitializeHW - Your hardware does not support AE_FMT_FLOAT, trying other formats
2019-06-26 17:34:47.824 T:4023378800 INFO: CAESinkALSA::InitializeHW - Using data format AE_FMT_S16NE
2019-06-26 17:34:47.824 T:4023378800 DEBUG: CAESinkALSA::InitializeHW - Request: periodSize 2205, bufferSize 8820
2019-06-26 17:34:47.825 T:4023378800 DEBUG: CAESinkALSA::InitializeHW - Got: periodSize 2205, bufferSize 8820
2019-06-26 17:34:47.825 T:4023378800 DEBUG: CAESinkALSA::InitializeHW - Setting timeout to 200 ms
2019-06-26 17:34:47.825 T:4023378800 DEBUG: CAESinkALSA::GetChannelLayout - Input Channel Count: 2 Output Channel Count: 2
2019-06-26 17:34:47.825 T:4023378800 DEBUG: CAESinkALSA::GetChannelLayout - Requested Layout: FL, FR
2019-06-26 17:34:47.825 T:4023378800 DEBUG: CAESinkALSA::GetChannelLayout - Got Layout: FL, FR (ALSA: none)
2019-06-26 17:34:47.825 T:4023378800 DEBUG: CActiveAESink::OpenSink - ALSA Initialized:
2019-06-26 17:34:47.825 T:4023378800 DEBUG: Output Device : AML-AUGESOUND
2019-06-26 17:34:47.825 T:4023378800 DEBUG: Sample Rate : 44100
2019-06-26 17:34:47.825 T:4023378800 DEBUG: Sample Format : AE_FMT_S16NE
2019-06-26 17:34:47.826 T:4023378800 DEBUG: Channel Count : 2
2019-06-26 17:34:47.826 T:4023378800 DEBUG: Channel Layout: FL, FR
2019-06-26 17:34:47.826 T:4023378800 DEBUG: Frames : 2205
2019-06-26 17:34:47.826 T:4023378800 DEBUG: Frame Size : 4
2019-06-26 17:34:47.827 T:4031771504 DEBUG: CActiveAE::ClearDiscardedBuffers - buffer pool deleted
2019-06-26 17:34:47.844 T:3053474672 DEBUG: Previous line repeats 1 times.
2019-06-26 17:34:47.844 T:3053474672 INFO: Deleting settings information for files sftp://USERNAME:PASSWORD@debug.test.net:222/4WDMovie/The.Matrix.1999.2160p.HDR.UHD.BluRay.TrueHD.7.1.Atmos.2Audio.x265-10bit-HDS/The.Matrix.1999.2160p.HDR.UHD.BluRay.TrueHD.7.1.Atmos.2Audio.x265-10bit-HDS.mkv
2019-06-26 17:34:47.844 T:3053474672 DEBUG: Mysql execute: DELETE FROM settings WHERE idFile=5231
2019-06-26 17:34:47.851 T:3053474672 DEBUG: DoWork - Saving file state for video item sftp://USERNAME:PASSWORD@debug.test.net:222/4WDMovie/The.Matrix.1999.2160p.HDR.UHD.BluRay.TrueHD.7.1.Atmos.2Audio.x265-10bit-HDS/The.Matrix.1999.2160p.HDR.UHD.BluRay.TrueHD.7.1.Atmos.2Audio.x265-10bit-HDS.mkv
2019-06-26 17:34:47.852 T:3112223600 DEBUG: Thread JobWorker start, auto delete: true
2019-06-26 17:34:47.968 T:3053474672 DEBUG: Mysql execute: update files set playCount=1,lastPlayed='2019-06-26 17:34:47' where idFile=5231
2019-06-26 17:34:47.979 T:4064756592 DEBUG: CAnnouncementManager - Announcement: OnUpdate from xbmc
2019-06-26 17:34:47.979 T:4064756592 DEBUG: GOT ANNOUNCEMENT, type: 16, from xbmc, message OnUpdate
2019-06-26 17:34:47.990 T:3791635312 DEBUG: Skin Helper Service --> Kodi_Monitor: sender xbmc - method: VideoLibrary.OnUpdate - data: {"item":{"id":572,"type":"movie"}}
2019-06-26 17:34:47.998 T:3053474672 DEBUG: Mysql execute: update bookmark set timeInSeconds = 217.950229, totalTimeInSeconds = 8178.688000, thumbNailImage = '', player = 'VideoPlayer', playerState = '' where idBookmark = 951
2019-06-26 17:34:48.009 T:4064756592 DEBUG: CAnnouncementManager - Announcement: OnUpdate from xbmc
2019-06-26 17:34:48.009 T:4064756592 DEBUG: GOT ANNOUNCEMENT, type: 16, from xbmc, message OnUpdate
2019-06-26 17:34:48.017 T:3053474672 DEBUG: OnPlayBackStopped: CApplication::OnPlayBackStopped
2019-06-26 17:34:48.017 T:4064756592 DEBUG: CAnnouncementManager - Announcement: OnStop from xbmc
2019-06-26 17:34:48.017 T:4064756592 DEBUG: GOT ANNOUNCEMENT, type: 1, from xbmc, message OnStop
2019-06-26 17:34:48.019 T:3061867376 DEBUG: Thread Timer 3061867376 terminating
2019-06-26 17:34:48.019 T:4064769344 DEBUG: CGUIWindowManager::PreviousWindow: Deactivate
2019-06-26 17:34:48.019 T:4064769344 DEBUG: ------ Window Deinit (VideoFullScreen.xml) ------
2019-06-26 17:34:48.030 T:4064769344 DEBUG: AMLUtils::aml_handle_display_stereo_mode old mode 3doff new mode 3doff
2019-06-26 17:34:48.031 T:4064769344 DEBUG: AMLUtils::aml_handle_display_stereo_mode - no change needed
2019-06-26 17:34:48.060 T:3783242608 DEBUG: Skin Helper Widgets --> Kodi_Monitor: sender xbmc - method: VideoLibrary.OnUpdate - data: {"item":{"id":572,"type":"movie"}}
2019-06-26 17:34:48.061 T:3783242608 DEBUG: Skin Helper Widgets --> Video database changed - type: movie - refreshing widgets....
2019-06-26 17:34:48.332 T:4064769344 DEBUG: AMLUtils::aml_handle_display_stereo_mode old mode 3doff new mode 3doff
2019-06-26 17:34:48.332 T:4064769344 DEBUG: AMLUtils::aml_handle_display_stereo_mode - no change needed
2019-06-26 17:34:48.333 T:4064769344 INFO: GLES: Maximum texture width: 8192
2019-06-26 17:34:48.339 T:4064769344 DEBUG: CGUIWindowManager::PreviousWindow: Activate new
2019-06-26 17:34:48.442 T:4064769344 DEBUG: ------ Window Init (MyVideoNav.xml) ------
2019-06-26 17:34:48.443 T:4064769344 DEBUG: CDirectoryProvider[plugin://script.skin.helper.service/?action=alphabet&reload=0]: refreshing..
2019-06-26 17:34:48.444 T:4064769344 DEBUG: CGUIMediaWindow::GetDirectory (sftp://USERNAME:PASSWORD@debug.test.net:222/4WDMovie/The.Matrix.1999.2160p.HDR.UHD.BluRay.TrueHD.7.1.Atmos.2Audio.x265-10bit-HDS/)
2019-06-26 17:34:48.444 T:4064769344 DEBUG: ParentPath = [sftp://USERNAME:PASSWORD@debug.test.net:222/4WDMovie/The.Matrix.1999.2160p.HDR.UHD.BluRay.TrueHD.7.1.Atmos.2Audio.x265-10bit-HDS/]
2019-06-26 17:34:48.445 T:3053474672 DEBUG: StartScript - calling plugin Skin Helper Service('plugin://script.skin.helper.service/','66','?action=alphabet&reload=0','resume:false')
2019-06-26 17:34:48.445 T:3061867376 DEBUG: Thread LanguageInvoker start, auto delete: false
2019-06-26 17:34:48.445 T:3061867376 INFO: initializing python engine.
2019-06-26 17:34:48.445 T:3061867376 DEBUG: CPythonInvoker(77, /storage/.kodi/addons/script.skin.helper.service/plugin.py): start processing
2019-06-26 17:34:48.471 T:3061867376 DEBUG: -->Python Interpreter Initialized<--
2019-06-26 17:34:48.471 T:3061867376 DEBUG: CPythonInvoker(77, /storage/.kodi/addons/script.skin.helper.service/plugin.py): the source file to load is "/storage/.kodi/addons/script.skin.helper.service/plugin.py"
2019-06-26 17:34:48.472 T:3061867376 DEBUG: CPythonInvoker(77, /storage/.kodi/addons/script.skin.helper.service/plugin.py): setting the Python path to /storage/.kodi/addons/script.skin.helper.service:/storage/.kodi/addons/script.module.arrow/lib:/storage/.kodi/addons/script.module.beautifulsoup/lib:/storage/.kodi/addons/script.module.certifi/lib:/storage/.kodi/addons/script.module.chardet/lib:/storage/.kodi/addons/script.module.dateutil/lib:/storage/.kodi/addons/script.module.idna/lib:/storage/.kodi/addons/script.module.metadatautils/lib:/storage/.kodi/addons/script.module.musicbrainz/lib:/storage/.kodi/addons/script.module.requests/lib:/storage/.kodi/addons/script.module.simplecache/lib:/storage/.kodi/addons/script.module.simplejson/lib:/storage/.kodi/addons/script.module.six/lib:/storage/.kodi/addons/script.module.thetvdb/lib:/storage/.kodi/addons/script.module.urllib3/lib:/usr/lib/python27.zip:/usr/lib/python2.7:/usr/lib/python2.7/plat-linux2:/usr/lib/python2.7/lib-tk:/usr/lib/python2.7/lib-old:/usr/lib/python2.7/lib-dynload:/usr/lib/python2.7/site-packages:/usr/lib/python2.7/site-packages/gtk-2.0
2019-06-26 17:34:48.473 T:3061867376 DEBUG: CPythonInvoker(77, /storage/.kodi/addons/script.skin.helper.service/plugin.py): entering source directory /storage/.kodi/addons/script.skin.helper.service
2019-06-26 17:34:48.473 T:3061867376 DEBUG: CPythonInvoker(77, /storage/.kodi/addons/script.skin.helper.service/plugin.py): instantiating addon using automatically obtained id of "script.skin.helper.service" dependent on version 2.13.0 of the xbmc.python api
2019-06-26 17:34:48.505 T:4064769344 DEBUG: CAddonSettings[metadata.themoviedb.org]: loading setting definitions
2019-06-26 17:34:48.506 T:4064769344 DEBUG: CAddonSettings[metadata.themoviedb.org]: trying to load setting definitions from old format...
2019-06-26 17:34:48.506 T:4064769344 DEBUG: CAddonSettings[metadata.themoviedb.org]: loading setting values
2019-06-26 17:34:48.526 T:4064769344 DEBUG: CAddonSettings[metadata.themoviedb.org]: loading setting definitions
2019-06-26 17:34:48.526 T:4064769344 DEBUG: CAddonSettings[metadata.themoviedb.org]: trying to load setting definitions from old format...
2019-06-26 17:34:48.526 T:4064769344 DEBUG: CAddonSettings[metadata.themoviedb.org]: loading setting values
2019-06-26 17:34:48.575 T:3070260080 DEBUG: Thread BackgroundLoader start, auto delete: false
2019-06-26 17:34:48.580 T:4064769344 DEBUG: Keyboard: scancode: 0x2d, sym: 0x0078, unicode: 0x0078, modifier: 0x0
2019-06-26 17:34:48.580 T:4064769344 DEBUG: HandleKey: long-x (0x100f058) pressed, action is Stop
2019-06-26 17:34:48.580 T:4064769344 DEBUG: Keyboard: scancode: 0x2d, sym: 0x0078, unicode: 0x0078, modifier: 0x0
2019-06-26 17:34:48.705 T:3070260080 DEBUG: Thread BackgroundLoader 3070260080 terminating
2019-06-26 17:34:48.769 T:4064769344 DEBUG: CDirectoryProvider[plugin://script.skin.helper.service/?action=alphabet&reload=1]: refreshing..
2019-06-26 17:34:48.770 T:3112223600 DEBUG: StartScript - calling plugin Skin Helper Service('plugin://script.skin.helper.service/','67','?action=alphabet&reload=1','resume:false')
2019-06-26 17:34:48.770 T:3070260080 DEBUG: Thread LanguageInvoker start, auto delete: false
2019-06-26 17:34:48.770 T:3070260080 INFO: initializing python engine.
2019-06-26 17:34:48.770 T:3070260080 DEBUG: CPythonInvoker(78, /storage/.kodi/addons/script.skin.helper.service/plugin.py): start processing
2019-06-26 17:34:48.774 T:3783242608 DEBUG: Skin Helper Widgets --> Kodi_Monitor: sender xbmc - method: VideoLibrary.OnUpdate - data: {"id":572,"type":"movie"}
2019-06-26 17:34:48.774 T:3783242608 DEBUG: Skin Helper Widgets --> Video database changed - type: movie - refreshing widgets....
2019-06-26 17:34:48.775 T:3783242608 DEBUG: Skin Helper Widgets --> Kodi_Monitor: sender xbmc - method: Player.OnStop - data: {"end":false,"item":{"id":572,"type":"movie"}}
2019-06-26 17:34:48.775 T:3783242608 DEBUG: Skin Helper Widgets --> Video database changed - type: movie - refreshing widgets....
2019-06-26 17:34:48.817 T:3251893104 DEBUG: Thread JobWorker start, auto delete: true
2019-06-26 17:34:48.818 T:3251893104 DEBUG: StartScript - calling plugin Artwork Helper('plugin://script.artwork.helper/multiimage/listitem/','68','?refresh=572&&arttype=fanart','resume:false')
2019-06-26 17:34:48.819 T:3036689264 DEBUG: Thread LanguageInvoker start, auto delete: false
2019-06-26 17:34:48.819 T:3036689264 INFO: initializing python engine.
2019-06-26 17:34:48.819 T:3036689264 DEBUG: CPythonInvoker(79, /storage/.kodi/addons/script.artwork.helper/python/default.py): start processing
2019-06-26 17:34:48.822 T:3161203568 DEBUG: Thread JobWorker start, auto delete: true
2019-06-26 17:34:48.927 T:3741279088 DEBUG: [plugin.video.youtube] PlaybackMonitor active threads: ||
2019-06-26 17:34:49.026 T:4064769344 DEBUG: ------ Window Deinit (DialogNotification.xml) ------
2019-06-26 17:34:49.028 T:3791635312 DEBUG: Skin Helper Service --> Kodi_Monitor: sender xbmc - method: VideoLibrary.OnUpdate - data: {"id":572,"type":"movie"}
2019-06-26 17:34:49.174 T:3061867376 DEBUG: Skin Helper Simplecache --> Initialized
2019-06-26 17:34:49.175 T:3061867376 DEBUG: Skin Helper Service --> plugin called with parameters: {u'action': u'alphabet', u'reload': u'0'}
2019-06-26 17:34:49.216 T:3061867376 DEBUG: Skin Helper Simplecache --> Closed
2019-06-26 17:34:49.216 T:3061867376 INFO: CPythonInvoker(77, /storage/.kodi/addons/script.skin.helper.service/plugin.py): script successfully run
2019-06-26 17:34:49.216 T:3061867376 DEBUG: onExecutionDone(77, /storage/.kodi/addons/script.skin.helper.service/plugin.py)
2019-06-26 17:34:49.229 T:3061867376 INFO: Python interpreter stopped
2019-06-26 17:34:49.229 T:3061867376 DEBUG: Thread LanguageInvoker 3061867376 terminating
2019-06-26 17:34:49.245 T:3070260080 DEBUG: -->Python Interpreter Initialized<--
2019-06-26 17:34:49.245 T:3070260080 DEBUG: CPythonInvoker(78, /storage/.kodi/addons/script.skin.helper.service/plugin.py): the source file to load is "/storage/.kodi/addons/script.skin.helper.service/plugin.py"
2019-06-26 17:34:49.246 T:3036689264 DEBUG: -->Python Interpreter Initialized<--
2019-06-26 17:34:49.246 T:3036689264 DEBUG: CPythonInvoker(79, /storage/.kodi/addons/script.artwork.helper/python/default.py): the source file to load is "/storage/.kodi/addons/script.artwork.helper/python/default.py"
2019-06-26 17:34:49.246 T:3070260080 DEBUG: CPythonInvoker(78, /storage/.kodi/addons/script.skin.helper.service/plugin.py): setting the Python path to /storage/.kodi/addons/script.skin.helper.service:/storage/.kodi/addons/script.module.arrow/lib:/storage/.kodi/addons/script.module.beautifulsoup/lib:/storage/.kodi/addons/script.module.certifi/lib:/storage/.kodi/addons/script.module.chardet/lib:/storage/.kodi/addons/script.module.dateutil/lib:/storage/.kodi/addons/script.module.idna/lib:/storage/.kodi/addons/script.module.metadatautils/lib:/storage/.kodi/addons/script.module.musicbrainz/lib:/storage/.kodi/addons/script.module.requests/lib:/storage/.kodi/addons/script.module.simplecache/lib:/storage/.kodi/addons/script.module.simplejson/lib:/storage/.kodi/addons/script.module.six/lib:/storage/.kodi/addons/script.module.thetvdb/lib:/storage/.kodi/addons/script.module.urllib3/lib:/usr/lib/python27.zip:/usr/lib/python2.7:/usr/lib/python2.7/plat-linux2:/usr/lib/python2.7/lib-tk:/usr/lib/python2.7/lib-old:/usr/lib/python2.7/lib-dynload:/usr/lib/python2.7/site-packages:/usr/lib/python2.7/site-packages/gtk-2.0
2019-06-26 17:34:49.246 T:3070260080 DEBUG: CPythonInvoker(78, /storage/.kodi/addons/script.skin.helper.service/plugin.py): entering source directory /storage/.kodi/addons/script.skin.helper.service
2019-06-26 17:34:49.246 T:3036689264 DEBUG: CPythonInvoker(79, /storage/.kodi/addons/script.artwork.helper/python/default.py): setting the Python path to /storage/.kodi/addons/script.artwork.helper/python:/usr/lib/python27.zip:/usr/lib/python2.7:/usr/lib/python2.7/plat-linux2:/usr/lib/python2.7/lib-tk:/usr/lib/python2.7/lib-old:/usr/lib/python2.7/lib-dynload:/usr/lib/python2.7/site-packages:/usr/lib/python2.7/site-packages/gtk-2.0
2019-06-26 17:34:49.247 T:3036689264 DEBUG: CPythonInvoker(79, /storage/.kodi/addons/script.artwork.helper/python/default.py): entering source directory /storage/.kodi/addons/script.artwork.helper/python
2019-06-26 17:34:49.247 T:3070260080 DEBUG: CPythonInvoker(78, /storage/.kodi/addons/script.skin.helper.service/plugin.py): instantiating addon using automatically obtained id of "script.skin.helper.service" dependent on version 2.13.0 of the xbmc.python api
2019-06-26 17:34:49.278 T:3036689264 DEBUG: CPythonInvoker(79, /storage/.kodi/addons/script.artwork.helper/python/default.py): instantiating addon using automatically obtained id of "script.artwork.helper" dependent on version 2.19.0 of the xbmc.python api
2019-06-26 17:34:49.616 T:3791635312 DEBUG: Skin Helper Service --> Kodi_Monitor: sender xbmc - method: Player.OnStop - data: {"end":false,"item":{"id":572,"type":"movie"}}
2019-06-26 17:34:49.823 T:3070260080 DEBUG: Skin Helper Simplecache --> Initialized
2019-06-26 17:34:49.825 T:3070260080 DEBUG: Skin Helper Service --> plugin called with parameters: {u'action': u'alphabet', u'reload': u'1'}
2019-06-26 17:34:49.875 T:3070260080 DEBUG: Skin Helper Simplecache --> Closed
2019-06-26 17:34:49.875 T:3070260080 INFO: CPythonInvoker(78, /storage/.kodi/addons/script.skin.helper.service/plugin.py): script successfully run
2019-06-26 17:34:49.875 T:3070260080 DEBUG: onExecutionDone(78, /storage/.kodi/addons/script.skin.helper.service/plugin.py)
2019-06-26 17:34:49.886 T:3070260080 INFO: Python interpreter stopped
2019-06-26 17:34:49.886 T:3070260080 DEBUG: Thread LanguageInvoker 3070260080 terminating
2019-06-26 17:34:50.325 T:3741279088 DEBUG: CAddonSettings[plugin.video.youtube]: loading setting definitions
2019-06-26 17:34:50.325 T:3741279088 DEBUG: CAddonSettings[plugin.video.youtube]: trying to load setting definitions from old format...
2019-06-26 17:34:50.329 T:3741279088 DEBUG: CAddonSettings[plugin.video.youtube]: loading setting values
2019-06-26 17:34:50.332 T:3741279088 DEBUG: CSettingsManager: requested setting (kodion.mpd.webm) was not found.
2019-06-26 17:34:50.332 T:3741279088 DEBUG: CAddonSettings[plugin.video.youtube]: failed to find definition for setting kodion.mpd.webm. Creating a setting on-the-fly...
2019-06-26 17:34:50.350 T:3401806704 DEBUG: CAddonSettings[plugin.video.youtube]: loading setting definitions
2019-06-26 17:34:50.350 T:3401806704 DEBUG: CAddonSettings[plugin.video.youtube]: trying to load setting definitions from old format...
2019-06-26 17:34:50.355 T:3401806704 DEBUG: CAddonSettings[plugin.video.youtube]: loading setting values
2019-06-26 17:34:50.358 T:3401806704 DEBUG: CSettingsManager: requested setting (kodion.mpd.webm) was not found.
2019-06-26 17:34:50.358 T:3401806704 DEBUG: CAddonSettings[plugin.video.youtube]: failed to find definition for setting kodion.mpd.webm. Creating a setting on-the-fly...
2019-06-26 17:34:50.364 T:3401806704 DEBUG: CAddonSettings[plugin.video.youtube]: loading setting definitions
2019-06-26 17:34:50.364 T:3401806704 DEBUG: CAddonSettings[plugin.video.youtube]: trying to load setting definitions from old format...
2019-06-26 17:34:50.367 T:3401806704 DEBUG: CAddonSettings[plugin.video.youtube]: loading setting values
