2019-06-26 17:30:17.258 T:3112223600 DEBUG: CDVDDemuxFFmpeg::AddStream ID: 2
2019-06-26 17:30:17.258 T:3112223600 DEBUG: CDVDDemuxFFmpeg::AddStream ID: 3
2019-06-26 17:30:17.258 T:3112223600 DEBUG: CDVDDemuxFFmpeg::AddStream ID: 4
2019-06-26 17:30:17.258 T:3112223600 DEBUG: CDVDDemuxFFmpeg::AddStream ID: 5
2019-06-26 17:30:17.258 T:3112223600 DEBUG: CDVDDemuxFFmpeg::AddStream ID: 6
2019-06-26 17:30:17.258 T:3112223600 DEBUG: CDVDDemuxFFmpeg::AddStream ID: 7
2019-06-26 17:30:17.261 T:3112223600 DEBUG: CDVDInputStreamFile::SetReadRate - set cache throttle rate to 2791380 bytes per second
2019-06-26 17:30:17.261 T:3112223600 NOTICE: Opening stream: 0 source: 256
2019-06-26 17:30:17.261 T:3112223600 NOTICE: CVideoPlayerVideo::OpenStream - Creating codec: 173
2019-06-26 17:30:17.261 T:3112223600 DEBUG: DVDVideoCodecAmlogic::Open - codec 173 profile:2 extra_size:242 fps:24000/1001
2019-06-26 17:30:17.261 T:3112223600 INFO: CBitstreamConverter::Open bitstream to annexb init
2019-06-26 17:30:17.261 T:3112223600 DEBUG: SECTION:LoadDLL(libamcodec.so)
2019-06-26 17:30:17.262 T:3112223600 DEBUG: Loading: libamcodec.so
2019-06-26 17:30:17.263 T:3112223600 INFO: DVDVideoCodecAmlogic: Opened Amlogic Codec
2019-06-26 17:30:17.263 T:3112223600 DEBUG: CVideoPlayerVideo::OpenStream - open stream with codec id: 173 fps:24000/1001 options:02
2019-06-26 17:30:17.263 T:3112223600 NOTICE: Creating video thread
2019-06-26 17:30:17.264 T:3112223600 NOTICE: Opening stream: 1 source: 256
2019-06-26 17:30:17.264 T:3112223600 NOTICE: Finding audio codec for: 86060
2019-06-26 17:30:17.264 T:3112223600 NOTICE: CDVDAudioCodecFFmpeg::Open() Successful opened audio decoder truehd
2019-06-26 17:30:17.264 T:3112223600 NOTICE: Creating audio thread
2019-06-26 17:30:17.264 T:3251893104 DEBUG: Thread VideoPlayerAudio start, auto delete: false
2019-06-26 17:30:17.264 T:3251893104 NOTICE: running thread: CVideoPlayerAudio::Process()
2019-06-26 17:30:17.264 T:3251893104 DEBUG: CVideoPlayerAudio - CDVDMsg::GENERAL_PAUSE: 0
2019-06-26 17:30:17.265 T:3112223600 NOTICE: Opening stream: 6 source: 256
2019-06-26 17:30:17.265 T:3112223600 DEBUG: CDVDClock::SetSpeedAdjust - adjusted:0.000000
2019-06-26 17:30:17.265 T:3053474672 DEBUG: Thread VideoPlayerVideo start, auto delete: false
2019-06-26 17:30:17.265 T:3053474672 NOTICE: running thread: video_thread
2019-06-26 17:30:17.266 T:3053474672 DEBUG: CVideoPlayerVideo - CDVDMsg::GENERAL_PAUSE: 0
2019-06-26 17:30:17.266 T:3053474672 DEBUG: CAMLCodec::SetSpeed, speed(0)
2019-06-26 17:30:17.266 T:3053474672 DEBUG: CAMLCodec::SetSpeed, speed(1000)
2019-06-26 17:30:17.266 T:3129009008 DEBUG: OnAVChange: CApplication::OnAVChange
2019-06-26 17:30:17.266 T:4064756592 DEBUG: CAnnouncementManager - Announcement: OnAVChange from xbmc
2019-06-26 17:30:17.267 T:4064756592 DEBUG: GOT ANNOUNCEMENT, type: 1, from xbmc, message OnAVChange
2019-06-26 17:30:17.267 T:3112223600 DEBUG: CVideoPlayer::HandleMessages - player 1 reported state: 0
2019-06-26 17:30:17.267 T:3112223600 DEBUG: CVideoPlayer::HandleMessages - player 2 reported state: 0
2019-06-26 17:30:17.268 T:3112223600 DEBUG: CDVDClock::SetSpeedAdjust - adjusted:0.000000
2019-06-26 17:30:17.268 T:3053474672 DEBUG: CAMLCodec::SetSpeed, speed(0)
2019-06-26 17:30:17.270 T:3112223600 DEBUG: CVideoPlayer::ProcessVideoData size:1774 dts:18442240474082.180 pts:0.000 dur:41.000ms, clock:-0.500 level:0
2019-06-26 17:30:17.271 T:3053474672 INFO: CVideoPlayerVideo - Stillframe left, switching to normal playback
2019-06-26 17:30:17.271 T:3053474672 INFO: DVDVideoCodecAmlogic::AddData Open decoder: fps:24000/1001
2019-06-26 17:30:17.271 T:3053474672 DEBUG: codecid_to_vformat, id(173) -> vformat(11)
2019-06-26 17:30:17.271 T:3053474672 DEBUG: codec_tag_to_vdec_type, codec_tag(173) -> vdec_type(15)
2019-06-26 17:30:17.271 T:3053474672 DEBUG: CAMLCodec::OpenDecoder hints.width(3840), hints.height(1600), hints.codec(173), hints.codec_tag(0)
2019-06-26 17:30:17.271 T:3053474672 DEBUG: CAMLCodec::OpenDecoder hints.fpsrate(24000), hints.fpsscale(1001), video_rate(4004)
2019-06-26 17:30:17.271 T:3053474672 DEBUG: CAMLCodec::OpenDecoder hints.aspect(2.400000), video_ratio.num(1), video_ratio.den(1)
2019-06-26 17:30:17.271 T:3053474672 DEBUG: CAMLCodec::OpenDecoder hints.orientation(0), hints.forced_aspect(1), hints.extrasize(90)
2019-06-26 17:30:17.275 T:3251893104 DEBUG: CDVDAudio::Pause - pausing audio stream
2019-06-26 17:30:17.275 T:3251893104 DEBUG: Previous line repeats 1 times.
2019-06-26 17:30:17.275 T:3251893104 NOTICE: Creating audio stream (codec id: 86060, channels: 8, sample rate: 48000, no pass-through)
2019-06-26 17:30:17.276 T:3251893104 DEBUG: CVideoPlayerAudio:: synctype set to 0: clock feedback
2019-06-26 17:30:17.277 T:4023378800 INFO: CActiveAESink::OpenSink - initialize sink
2019-06-26 17:30:17.277 T:4023378800 DEBUG: CActiveAESink::OpenSink - trying to open device ALSA:hdmi:CARD=AMLAUGESOUND,DEV=0
2019-06-26 17:30:17.277 T:4023378800 INFO: CAESinkALSA::Initialize - Attempting to open device "hdmi:CARD=AMLAUGESOUND,DEV=0"
2019-06-26 17:30:17.282 T:4023378800 INFO: CAESinkALSA::Initialize - Opened device "hdmi:CARD=AMLAUGESOUND,DEV=0,AES0=0x04,AES1=0x82,AES2=0x00,AES3=0x02"
2019-06-26 17:30:17.283 T:4023378800 INFO: CAESinkALSA::InitializeHW - Your hardware does not support AE_FMT_FLOAT, trying other formats
2019-06-26 17:30:17.283 T:4023378800 INFO: CAESinkALSA::InitializeHW - Using data format AE_FMT_S16NE
2019-06-26 17:30:17.283 T:4023378800 DEBUG: CAESinkALSA::InitializeHW - Request: periodSize 2400, bufferSize 9600
2019-06-26 17:30:17.284 T:3112223600 DEBUG: CVideoPlayer::ProcessVideoData size:222 dts:18442240474082.180 pts:0.292 dur:41.000ms, clock:-0.208 level:0
2019-06-26 17:30:17.284 T:3112223600 DEBUG: CVideoPlayer::CheckContinuity - wrapback :2, prev:292000.000000, curr:0.000000, diff:-292000.000000
2019-06-26 17:30:17.284 T:3112223600 DEBUG: CVideoPlayer::ProcessVideoData size:215 dts:0.000 pts:0.167 dur:41.000ms, clock:-0.208 level:0
2019-06-26 17:30:17.284 T:3112223600 DEBUG: CVideoPlayer::ProcessVideoData size:214 dts:0.042 pts:0.042 dur:41.000ms, clock:-0.208 level:0
2019-06-26 17:30:17.284 T:3112223600 DEBUG: CVideoPlayer::ProcessVideoData size:214 dts:0.083 pts:0.083 dur:41.000ms, clock:-0.208 level:1
2019-06-26 17:30:17.284 T:3112223600 DEBUG: CVideoPlayer::ProcessVideoData size:214 dts:0.125 pts:0.125 dur:41.000ms, clock:-0.208 level:0
2019-06-26 17:30:17.284 T:3112223600 DEBUG: CVideoPlayer::ProcessVideoData size:214 dts:0.167 pts:0.209 dur:41.000ms, clock:-0.208 level:0
2019-06-26 17:30:17.284 T:3112223600 DEBUG: CVideoPlayer::ProcessVideoData size:214 dts:0.209 pts:0.250 dur:41.000ms, clock:-0.208 level:0
2019-06-26 17:30:17.285 T:4023378800 DEBUG: CAESinkALSA::InitializeHW - Got: periodSize 2400, bufferSize 9600
2019-06-26 17:30:17.285 T:4023378800 DEBUG: CAESinkALSA::InitializeHW - Setting timeout to 200 ms
2019-06-26 17:30:17.285 T:4023378800 DEBUG: CAESinkALSA::GetChannelLayout - Input Channel Count: 2 Output Channel Count: 2
2019-06-26 17:30:17.285 T:4023378800 DEBUG: CAESinkALSA::GetChannelLayout - Requested Layout: FL, FR
2019-06-26 17:30:17.285 T:4023378800 DEBUG: CAESinkALSA::GetChannelLayout - Got Layout: FL, FR (ALSA: none)
2019-06-26 17:30:17.285 T:4023378800 DEBUG: CActiveAESink::OpenSink - ALSA Initialized:
2019-06-26 17:30:17.285 T:4023378800 DEBUG: Output Device : AML-AUGESOUND
2019-06-26 17:30:17.285 T:4023378800 DEBUG: Sample Rate : 48000
2019-06-26 17:30:17.285 T:4023378800 DEBUG: Sample Format : AE_FMT_S16NE
2019-06-26 17:30:17.285 T:4023378800 DEBUG: Channel Count : 2
2019-06-26 17:30:17.285 T:4023378800 DEBUG: Channel Layout: FL, FR
2019-06-26 17:30:17.285 T:4023378800 DEBUG: Frames : 2400
2019-06-26 17:30:17.285 T:4023378800 DEBUG: Frame Size : 4
2019-06-26 17:30:17.286 T:4031771504 DEBUG: CActiveAE::ClearDiscardedBuffers - buffer pool deleted
2019-06-26 17:30:17.296 T:3112223600 DEBUG: Previous line repeats 1 times.
2019-06-26 17:30:17.296 T:3112223600 DEBUG: CVideoPlayer::ProcessVideoData size:229 dts:0.250 pts:0.584 dur:41.000ms, clock:-0.208 level:0
2019-06-26 17:30:17.296 T:3112223600 DEBUG: CVideoPlayer::ProcessVideoData size:227 dts:0.292 pts:0.459 dur:41.000ms, clock:-0.208 level:0
2019-06-26 17:30:17.296 T:3112223600 DEBUG: CVideoPlayer::ProcessVideoData size:215 dts:0.334 pts:0.334 dur:41.000ms, clock:-0.208 level:0
2019-06-26 17:30:17.296 T:3112223600 DEBUG: CVideoPlayer::ProcessVideoData size:215 dts:0.375 pts:0.375 dur:41.000ms, clock:-0.208 level:1
2019-06-26 17:30:17.296 T:3112223600 DEBUG: CVideoPlayer::ProcessVideoData size:217 dts:0.417 pts:0.417 dur:41.000ms, clock:-0.208 level:0
2019-06-26 17:30:17.296 T:3112223600 DEBUG: CVideoPlayer::ProcessVideoData size:217 dts:0.459 pts:0.500 dur:41.000ms, clock:-0.208 level:0
2019-06-26 17:30:17.296 T:3112223600 DEBUG: CVideoPlayer::ProcessVideoData size:226 dts:0.500 pts:0.542 dur:41.000ms, clock:-0.208 level:1
2019-06-26 17:30:17.297 T:3053474672 DEBUG: CRenderManager::Configure - change configuration. 3840x1600. display: 3840x1600. framerate: 23.98.
2019-06-26 17:30:17.304 T:4064769344 DEBUG: DeleteRenderer - deleting renderer
2019-06-26 17:30:17.304 T:4064769344 DEBUG: LinuxRendererGLES: Cleaning up GLES resources
2019-06-26 17:30:17.304 T:4064769344 INFO: Constructing CRendererAML
2019-06-26 17:30:17.304 T:4064769344 DEBUG: CRenderManager::Configure - 8
2019-06-26 17:30:17.304 T:3053474672 DEBUG: CVideoPlayerVideo::OutputPicture - ttd:208ms pts:0.000 Clock:-0.208 Level:0
2019-06-26 17:30:17.304 T:3036689264 DEBUG: OnAVChange: CApplication::OnAVChange
2019-06-26 17:30:17.305 T:4064756592 DEBUG: CAnnouncementManager - Announcement: OnAVChange from xbmc
2019-06-26 17:30:17.305 T:4064756592 DEBUG: GOT ANNOUNCEMENT, type: 1, from xbmc, message OnAVChange
2019-06-26 17:30:17.305 T:3112223600 DEBUG: CVideoPlayer::HandleMessages - player started 2
2019-06-26 17:30:17.308 T:4064769344 DEBUG: CAMLCodec::SetVideoRect:display(0,0,1920,1080)
2019-06-26 17:30:17.308 T:4064769344 DEBUG: CAMLCodec::SetVideoRect:gui(0,0,1920,1080)
2019-06-26 17:30:17.308 T:4064769344 DEBUG: CAMLCodec::SetVideoRect:m_dst_rect(0,140,1920,800)
2019-06-26 17:30:17.308 T:4064769344 DEBUG: CAMLCodec::SetVideoRect:dst_rect(0,140,1920,800)
2019-06-26 17:30:17.308 T:4064769344 DEBUG: CAMLCodec::SetVideoRect:m_guiStereoMode(0)
2019-06-26 17:30:17.308 T:4064769344 DEBUG: CAMLCodec::SetVideoRect:m_guiStereoView(0)
2019-06-26 17:30:17.312 T:3112223600 DEBUG: CVideoPlayer::ProcessVideoData size:236 dts:0.542 pts:0.876 dur:41.000ms, clock:-0.208 level:0
2019-06-26 17:30:17.312 T:3112223600 DEBUG: CVideoPlayer::ProcessVideoData size:230 dts:0.584 pts:0.751 dur:41.000ms, clock:-0.208 level:0
2019-06-26 17:30:17.312 T:3112223600 DEBUG: CVideoPlayer::ProcessVideoData size:226 dts:0.626 pts:0.626 dur:41.000ms, clock:-0.208 level:1
2019-06-26 17:30:17.312 T:3112223600 DEBUG: CVideoPlayer::ProcessVideoData size:227 dts:0.667 pts:0.667 dur:41.000ms, clock:-0.208 level:2
2019-06-26 17:30:17.312 T:3112223600 DEBUG: CVideoPlayer::ProcessVideoData size:228 dts:0.709 pts:0.709 dur:41.000ms, clock:-0.208 level:2
2019-06-26 17:30:17.312 T:3112223600 DEBUG: CVideoPlayer::ProcessVideoData size:228 dts:0.751 pts:0.792 dur:41.000ms, clock:-0.208 level:3
2019-06-26 17:30:17.312 T:3112223600 DEBUG: CVideoPlayer::ProcessVideoData size:228 dts:0.792 pts:0.834 dur:41.000ms, clock:-0.208 level:3
2019-06-26 17:30:17.313 T:3112223600 DEBUG: CVideoPlayer::HandleMessages - player started 1
2019-06-26 17:30:17.313 T:3112223600 DEBUG: VideoPlayer::Sync - Audio - pts: 0.300, cache: 0.471, totalcache: 0.800, packets:1079 level:8
2019-06-26 17:30:17.313 T:3036689264 DEBUG: OnAVChange: CApplication::OnAVChange
2019-06-26 17:30:17.314 T:3112223600 DEBUG: VideoPlayer::Sync - Video - pts: 0.000, cache: 0.050, totalcache: 0.100, packets:22 level:4
2019-06-26 17:30:17.314 T:4064756592 DEBUG: CAnnouncementManager - Announcement: OnAVChange from xbmc
2019-06-26 17:30:17.314 T:3112223600 DEBUG: CDVDClock::SetSpeedAdjust - adjusted:0.000000
2019-06-26 17:30:17.314 T:3251893104 DEBUG: CDVDAudio::Resume - resume audio stream
2019-06-26 17:30:17.314 T:3053474672 DEBUG: CVideoPlayerVideo - CDVDMsg::GENERAL_RESYNC(-171170.742572)
2019-06-26 17:30:17.314 T:4031771504 DEBUG: ActiveAE - start sync of audio stream
2019-06-26 17:30:17.320 T:3053474672 DEBUG: CVideoPlayerVideo::OutputPicture - ttd:206ms pts:0.042 Clock:-0.165 Level:0
2019-06-26 17:30:17.320 T:4064769344 DEBUG: Activating window ID: 12005
2019-06-26 17:30:17.321 T:4064769344 DEBUG: ------ Window Deinit (MyVideoNav.xml) ------
2019-06-26 17:30:17.321 T:4064769344 DEBUG: FreeVisualisation() done
2019-06-26 17:30:17.322 T:4064756592 DEBUG: GOT ANNOUNCEMENT, type: 1, from xbmc, message OnAVChange
2019-06-26 17:30:17.322 T:4064769344 DEBUG: ------ Window Init (VideoFullScreen.xml) ------
2019-06-26 17:30:17.322 T:3186479984 DEBUG: OnAVStarted: CApplication::OnAVStarted
2019-06-26 17:30:17.323 T:4064756592 DEBUG: CAnnouncementManager - Announcement: OnAVStart from xbmc
2019-06-26 17:30:17.323 T:4064756592 DEBUG: GOT ANNOUNCEMENT, type: 1, from xbmc, message OnAVStart
2019-06-26 17:30:17.326 T:4064769344 NOTICE: Whitelist search for: width: 3840, height: 1600, fps: 23.976, 3D: false
2019-06-26 17:30:17.326 T:4064769344 DEBUG: Whitelist is empty using default one
2019-06-26 17:30:17.326 T:4064769344 DEBUG: Trying to find exact refresh rate
2019-06-26 17:30:17.326 T:4064769344 DEBUG: No exact whitelisted resolution matched, trying double refresh rate
2019-06-26 17:30:17.326 T:4064769344 DEBUG: No double whitelisted resolution matched, trying 3:2 pullback
2019-06-26 17:30:17.326 T:4064769344 DEBUG: No 3:2 pullback refresh rate whitelisted resolution matched, trying current resolution
2019-06-26 17:30:17.326 T:4064769344 DEBUG: Current resolution doesn't match, trying default resolution
2019-06-26 17:30:17.326 T:4064769344 DEBUG: Default resolution doesn't provide reqired refreshrate, trying default resolution with double refreshrate
2019-06-26 17:30:17.326 T:4064769344 DEBUG: Default resolution doesn't provide reqired refreshrate, trying default resolution with 3:2 pullback
2019-06-26 17:30:17.326 T:4064769344 DEBUG: Matched fuzzy whitelisted Resolution 1920x1080 @ 59.94 - Full Screen (16)
2019-06-26 17:30:17.326 T:4064769344 NOTICE: Display resolution ADJUST : 1920x1080 @ 59.94 - Full Screen (16) (weight: 0.000)
2019-06-26 17:30:17.327 T:3053474672 DEBUG: CVideoPlayerVideo::OutputPicture - ttd:240ms pts:0.083 Clock:-0.158 Level:1
2019-06-26 17:30:17.328 T:3112223600 DEBUG: CVideoPlayer::ProcessVideoData size:240 dts:0.834 pts:1.168 dur:41.000ms, clock:-0.157 level:2
2019-06-26 17:30:17.328 T:3112223600 DEBUG: CVideoPlayer::ProcessVideoData size:232 dts:0.876 pts:1.043 dur:41.000ms, clock:-0.157 level:3
2019-06-26 17:30:17.328 T:3112223600 DEBUG: CVideoPlayer::ProcessVideoData size:229 dts:0.918 pts:0.918 dur:41.000ms, clock:-0.157 level:3
2019-06-26 17:30:17.328 T:3112223600 DEBUG: CVideoPlayer::ProcessVideoData size:230 dts:0.959 pts:0.959 dur:41.000ms, clock:-0.157 level:4
2019-06-26 17:30:17.328 T:3112223600 DEBUG: CVideoPlayer::ProcessVideoData size:229 dts:1.001 pts:1.001 dur:41.000ms, clock:-0.157 level:4
2019-06-26 17:30:17.328 T:3112223600 DEBUG: CVideoPlayer::ProcessVideoData size:229 dts:1.043 pts:1.084 dur:41.000ms, clock:-0.157 level:5
2019-06-26 17:30:17.328 T:3112223600 DEBUG: CVideoPlayer::ProcessVideoData size:229 dts:1.084 pts:1.126 dur:41.000ms, clock:-0.157 level:5
2019-06-26 17:30:17.331 T:3783242608 DEBUG: Skin Helper Widgets --> Kodi_Monitor: sender xbmc - method: Player.OnAVChange - data: {"item":{"id":572,"type":"movie"},"player":{"playerid":1,"speed":1}}
2019-06-26 17:30:17.331 T:3783242608 DEBUG: Previous line repeats 2 times.
2019-06-26 17:30:17.332 T:3783242608 DEBUG: Skin Helper Widgets --> Kodi_Monitor: sender xbmc - method: Player.OnAVStart - data: {"item":{"id":572,"type":"movie"},"player":{"playerid":1,"speed":1}}
2019-06-26 17:30:17.335 T:3053474672 DEBUG: CVideoPlayerVideo::OutputPicture - ttd:275ms pts:0.125 Clock:-0.150 Level:2
2019-06-26 17:30:17.338 T:3112223600 DEBUG: CVideoPlayer::ProcessVideoData size:244 dts:1.126 pts:1.460 dur:41.000ms, clock:-0.147 level:5
2019-06-26 17:30:17.338 T:3112223600 DEBUG: CVideoPlayer::ProcessVideoData size:236 dts:1.168 pts:1.335 dur:41.000ms, clock:-0.147 level:6
2019-06-26 17:30:17.338 T:3112223600 DEBUG: CVideoPlayer::ProcessVideoData size:231 dts:1.210 pts:1.210 dur:41.000ms, clock:-0.146 level:6
2019-06-26 17:30:17.338 T:3112223600 DEBUG: CVideoPlayer::ProcessVideoData size:232 dts:1.251 pts:1.251 dur:41.000ms, clock:-0.146 level:7
2019-06-26 17:30:17.338 T:3112223600 DEBUG: CVideoPlayer::ProcessVideoData size:231 dts:1.293 pts:1.293 dur:41.000ms, clock:-0.146 level:7
2019-06-26 17:30:17.338 T:3112223600 DEBUG: CVideoPlayer::ProcessVideoData size:231 dts:1.335 pts:1.376 dur:41.000ms, clock:-0.146 level:8
2019-06-26 17:30:17.339 T:3112223600 DEBUG: CVideoPlayer::ProcessVideoData size:231 dts:1.376 pts:1.418 dur:41.000ms, clock:-0.146 level:8
2019-06-26 17:30:17.339 T:3791635312 DEBUG: Skin Helper Service --> Kodi_Monitor: sender xbmc - method: Player.OnAVChange - data: {"item":{"id":572,"type":"movie"},"player":{"playerid":1,"speed":1}}
2019-06-26 17:30:17.341 T:3791635312 DEBUG: Previous line repeats 2 times.
2019-06-26 17:30:17.341 T:3791635312 DEBUG: Skin Helper Service --> Kodi_Monitor: sender xbmc - method: Player.OnAVStart - data: {"item":{"id":572,"type":"movie"},"player":{"playerid":1,"speed":1}}
2019-06-26 17:30:17.341 T:3053474672 DEBUG: CVideoPlayerVideo::OutputPicture - ttd:310ms pts:0.167 Clock:-0.144 Level:3
2019-06-26 17:30:17.347 T:3053474672 DEBUG: CVideoPlayerVideo::OutputPicture - ttd:346ms pts:0.209 Clock:-0.138 Level:4
2019-06-26 17:30:17.349 T:3112223600 DEBUG: CVideoPlayer::ProcessVideoData size:244 dts:1.418 pts:1.752 dur:41.000ms, clock:-0.135 level:8
2019-06-26 17:30:17.350 T:3112223600 DEBUG: CVideoPlayer::ProcessVideoData size:236 dts:1.460 pts:1.627 dur:41.000ms, clock:-0.135 level:8
2019-06-26 17:30:17.350 T:3112223600 DEBUG: CVideoPlayer::ProcessVideoData size:231 dts:1.501 pts:1.501 dur:41.000ms, clock:-0.135 level:9
2019-06-26 17:30:17.350 T:3112223600 DEBUG: CVideoPlayer::ProcessVideoData size:232 dts:1.543 pts:1.543 dur:41.000ms, clock:-0.135 level:9
2019-06-26 17:30:17.350 T:3112223600 DEBUG: CVideoPlayer::ProcessVideoData size:231 dts:1.585 pts:1.585 dur:41.000ms, clock:-0.135 level:10
2019-06-26 17:30:17.350 T:3112223600 DEBUG: CVideoPlayer::ProcessVideoData size:231 dts:1.627 pts:1.668 dur:41.000ms, clock:-0.135 level:10
2019-06-26 17:30:17.350 T:3112223600 DEBUG: CVideoPlayer::ProcessVideoData size:231 dts:1.668 pts:1.710 dur:41.000ms, clock:-0.135 level:11
2019-06-26 17:30:17.354 T:3053474672 DEBUG: CVideoPlayerVideo::OutputPicture - ttd:381ms pts:0.250 Clock:-0.131 Level:5
2019-06-26 17:30:17.359 T:3112223600 DEBUG: CVideoPlayer::ProcessVideoData size:40450 dts:1.710 pts:2.044 dur:41.000ms, clock:-0.126 level:11
2019-06-26 17:30:17.359 T:3112223600 DEBUG: CVideoPlayer::ProcessVideoData size:231 dts:1.752 pts:1.919 dur:41.000ms, clock:-0.126 level:11
2019-06-26 17:30:17.359 T:3112223600 DEBUG: CVideoPlayer::ProcessVideoData size:229 dts:1.793 pts:1.793 dur:41.000ms, clock:-0.126 level:12
2019-06-26 17:30:17.359 T:3112223600 DEBUG: CVideoPlayer::ProcessVideoData size:229 dts:1.835 pts:1.835 dur:41.000ms, clock:-0.126 level:12
2019-06-26 17:30:17.359 T:3112223600 DEBUG: CVideoPlayer::ProcessVideoData size:227 dts:1.877 pts:1.877 dur:41.000ms, clock:-0.126 level:13
2019-06-26 17:30:17.359 T:3112223600 DEBUG: CVideoPlayer::ProcessVideoData size:1349 dts:1.919 pts:1.960 dur:41.000ms, clock:-0.126 level:14
2019-06-26 17:30:17.359 T:3112223600 DEBUG: CVideoPlayer::ProcessVideoData size:10351 dts:1.960 pts:2.002 dur:41.000ms, clock:-0.126 level:14
2019-06-26 17:30:17.361 T:3112223600 DEBUG: CVideoPlayer::ProcessVideoData size:215796 dts:2.002 pts:2.085 dur:41.000ms, clock:-0.124 level:14
2019-06-26 17:30:17.365 T:3112223600 DEBUG: CVideoPlayer::ProcessVideoData size:95904 dts:2.044 pts:2.211 dur:41.000ms, clock:-0.120 level:15
2019-06-26 17:30:17.365 T:3112223600 DEBUG: CVideoPlayer::ProcessVideoData size:60881 dts:2.085 pts:2.169 dur:41.000ms, clock:-0.120 level:15
2019-06-26 17:30:17.365 T:3112223600 DEBUG: CVideoPlayer::ProcessVideoData size:37081 dts:2.127 pts:2.127 dur:41.000ms, clock:-0.120 level:15
2019-06-26 17:30:17.370 T:3112223600 DEBUG: CVideoPlayer::ProcessVideoData size:116424 dts:2.169 pts:2.377 dur:41.000ms, clock:-0.115 level:16
2019-06-26 17:30:17.371 T:3112223600 DEBUG: CVideoPlayer::ProcessVideoData size:95042 dts:2.211 pts:2.294 dur:41.000ms, clock:-0.114 level:16
2019-06-26 17:30:17.371 T:3112223600 DEBUG: CVideoPlayer::ProcessVideoData size:65689 dts:2.252 pts:2.252 dur:41.000ms, clock:-0.114 level:16
2019-06-26 17:30:17.371 T:3112223600 DEBUG: CVideoPlayer::ProcessVideoData size:76696 dts:2.294 pts:2.336 dur:41.000ms, clock:-0.114 level:17
2019-06-26 17:30:17.374 T:3112223600 DEBUG: CVideoPlayer::ProcessVideoData size:129127 dts:2.336 pts:2.502 dur:41.000ms, clock:-0.111 level:17
2019-06-26 17:30:17.374 T:3112223600 DEBUG: CVideoPlayer::ProcessVideoData size:100311 dts:2.377 pts:2.461 dur:41.000ms, clock:-0.110 level:18
2019-06-26 17:30:17.375 T:3112223600 DEBUG: CVideoPlayer::ProcessVideoData size:72468 dts:2.419 pts:2.419 dur:41.000ms, clock:-0.110 level:18
2019-06-26 17:30:17.382 T:3112223600 DEBUG: CVideoPlayer::ProcessVideoData size:132525 dts:2.461 pts:2.753 dur:41.000ms, clock:-0.103 level:18
2019-06-26 17:30:17.382 T:3112223600 DEBUG: CVideoPlayer::ProcessVideoData size:94576 dts:2.502 pts:2.628 dur:41.000ms, clock:-0.102 level:18
2019-06-26 17:30:17.383 T:3112223600 DEBUG: CVideoPlayer::ProcessVideoData size:74347 dts:2.544 pts:2.544 dur:41.000ms, clock:-0.102 level:19
2019-06-26 17:30:17.383 T:3112223600 DEBUG: CVideoPlayer::ProcessVideoData size:78396 dts:2.586 pts:2.586 dur:41.000ms, clock:-0.102 level:19
2019-06-26 17:30:17.383 T:3112223600 DEBUG: CVideoPlayer::ProcessVideoData size:76739 dts:2.628 pts:2.669 dur:41.000ms, clock:-0.102 level:20
2019-06-26 17:30:17.383 T:3112223600 DEBUG: CVideoPlayer::ProcessVideoData size:75774 dts:2.669 pts:2.711 dur:41.000ms, clock:-0.102 level:20
2019-06-26 17:30:17.392 T:3112223600 DEBUG: CVideoPlayer::ProcessVideoData size:125837 dts:2.711 pts:3.045 dur:41.000ms, clock:-0.093 level:20
2019-06-26 17:30:17.392 T:3112223600 DEBUG: CVideoPlayer::ProcessVideoData size:97147 dts:2.753 pts:2.920 dur:41.000ms, clock:-0.093 level:20
2019-06-26 17:30:17.392 T:3112223600 DEBUG: CVideoPlayer::ProcessVideoData size:75748 dts:2.794 pts:2.794 dur:41.000ms, clock:-0.093 level:21
2019-06-26 17:30:17.392 T:3112223600 DEBUG: CVideoPlayer::ProcessVideoData size:73779 dts:2.836 pts:2.836 dur:41.000ms, clock:-0.093 level:21
2019-06-26 17:30:17.392 T:3112223600 DEBUG: CVideoPlayer::ProcessVideoData size:77106 dts:2.878 pts:2.878 dur:41.000ms, clock:-0.093 level:22
2019-06-26 17:30:17.392 T:3112223600 DEBUG: CVideoPlayer::ProcessVideoData size:70627 dts:2.920 pts:2.961 dur:41.000ms, clock:-0.093 level:22
2019-06-26 17:30:17.392 T:3112223600 DEBUG: CVideoPlayer::ProcessVideoData size:74011 dts:2.961 pts:3.003 dur:41.000ms, clock:-0.093 level:23
2019-06-26 17:30:17.400 T:3112223600 DEBUG: CVideoPlayer::ProcessVideoData size:130733 dts:3.003 pts:3.295 dur:41.000ms, clock:-0.085 level:23
2019-06-26 17:30:17.400 T:3112223600 DEBUG: CVideoPlayer::ProcessVideoData size:95717 dts:3.045 pts:3.170 dur:41.000ms, clock:-0.085 level:23
2019-06-26 17:30:17.400 T:3112223600 DEBUG: CVideoPlayer::ProcessVideoData size:69309 dts:3.086 pts:3.086 dur:41.000ms, clock:-0.085 level:24
2019-06-26 17:30:17.400 T:3112223600 DEBUG: CVideoPlayer::ProcessVideoData size:68742 dts:3.128 pts:3.128 dur:41.000ms, clock:-0.085 level:24
2019-06-26 17:30:17.400 T:3112223600 DEBUG: CVideoPlayer::ProcessVideoData size:72300 dts:3.170 pts:3.212 dur:41.000ms, clock:-0.085 level:25
2019-06-26 17:30:17.400 T:3112223600 DEBUG: CVideoPlayer::ProcessVideoData size:72783 dts:3.212 pts:3.253 dur:41.000ms, clock:-0.085 level:26
2019-06-26 17:30:17.408 T:3112223600 DEBUG: CVideoPlayer::ProcessVideoData size:146779 dts:3.253 pts:3.545 dur:41.000ms, clock:-0.077 level:25
2019-06-26 17:30:17.408 T:3112223600 DEBUG: CVideoPlayer::ProcessVideoData size:116182 dts:3.295 pts:3.420 dur:41.000ms, clock:-0.077 level:26
2019-06-26 17:30:17.408 T:3112223600 DEBUG: CVideoPlayer::ProcessVideoData size:80714 dts:3.337 pts:3.337 dur:41.000ms, clock:-0.077 level:26
2019-06-26 17:30:17.408 T:3112223600 DEBUG: CVideoPlayer::ProcessVideoData size:84278 dts:3.378 pts:3.378 dur:41.000ms, clock:-0.077 level:27
2019-06-26 17:30:17.408 T:3112223600 DEBUG: CVideoPlayer::ProcessVideoData size:90547 dts:3.420 pts:3.462 dur:41.000ms, clock:-0.077 level:27
2019-06-26 17:30:17.408 T:3112223600 DEBUG: CVideoPlayer::ProcessVideoData size:94203 dts:3.462 pts:3.503 dur:41.000ms, clock:-0.076 level:28
2019-06-26 17:30:17.465 T:3112223600 DEBUG: CVideoPlayer::ProcessVideoData size:152432 dts:3.503 pts:3.712 dur:41.000ms, clock:-0.020 level:24
2019-06-26 17:30:17.508 T:3112223600 DEBUG: CVideoPlayer::ProcessVideoData size:102097 dts:3.545 pts:3.629 dur:41.000ms, clock:0.023 level:24
2019-06-26 17:30:17.531 T:3112223600 DEBUG: CVideoPlayer::ProcessVideoData size:88969 dts:3.587 pts:3.587 dur:41.000ms, clock:0.047 level:25
2019-06-26 17:30:17.536 T:4064769344 NOTICE: VideoPlayer: OnLostDisplay received
2019-06-26 17:30:17.536 T:4064769344 DEBUG: Flush - flushing renderer
2019-06-26 17:30:17.537 T:4064769344 DEBUG: AMLUtils::aml_handle_display_stereo_mode old mode 3doff new mode 3doff
2019-06-26 17:30:17.537 T:4064769344 DEBUG: AMLUtils::aml_handle_display_stereo_mode - no change needed
2019-06-26 17:30:17.541 T:3053474672 DEBUG: CVideoPlayerVideo - CDVDMsg::GENERAL_PAUSE: 1
2019-06-26 17:30:17.559 T:3112223600 DEBUG: CVideoPlayer::ProcessVideoData size:97822 dts:3.629 pts:3.670 dur:41.000ms, clock:0.052 level:26
2019-06-26 17:30:17.829 T:4064769344 DEBUG: AMLUtils::aml_handle_display_stereo_mode old mode 3doff new mode 3doff
2019-06-26 17:30:17.829 T:4064769344 DEBUG: AMLUtils::aml_handle_display_stereo_mode - no change needed
2019-06-26 17:30:17.829 T:4064769344 INFO: GLES: Maximum texture width: 8192
2019-06-26 17:30:17.863 T:4064769344 DEBUG: ------ Window Deinit (DialogBusy.xml) ------
2019-06-26 17:30:19.363 T:3251893104 ERROR: CDVDAudio::AddPacketsRenderer - timeout adding data to renderer
2019-06-26 17:30:19.364 T:3251893104 DEBUG: CVideoPlayerAudio - CDVDMsg::GENERAL_PAUSE: 1
2019-06-26 17:30:21.772 T:3251893104 ERROR: CDVDAudio::AddPacketsRenderer - timeout adding data to renderer
2019-06-26 17:30:23.334 T:4031771504 DEBUG: CActiveAE - display reset event
2019-06-26 17:30:23.335 T:4023378800 INFO: CActiveAESink::OpenSink - initialize sink
2019-06-26 17:30:23.335 T:4023378800 DEBUG: CActiveAESink::OpenSink - trying to open device ALSA:hdmi:CARD=AMLAUGESOUND,DEV=0
2019-06-26 17:30:23.335 T:4023378800 INFO: CAESinkALSA::Initialize - Attempting to open device "hdmi:CARD=AMLAUGESOUND,DEV=0"
2019-06-26 17:30:23.341 T:4064769344 NOTICE: VideoPlayer: OnResetDisplay received
2019-06-26 17:30:23.341 T:3053474672 DEBUG: CVideoPlayerVideo - CDVDMsg::GENERAL_PAUSE: 0
2019-06-26 17:30:23.341 T:3053474672 DEBUG: CVideoPlayerVideo::OutputPicture - ttd:240ms pts:0.292 Clock:0.052 Level:4
2019-06-26 17:30:23.343 T:3053474672 DEBUG: CVideoPlayerVideo::OutputPicture - ttd:281ms pts:0.334 Clock:0.053 Level:5
2019-06-26 17:30:23.344 T:3053474672 DEBUG: CVideoPlayerVideo::OutputPicture - ttd:320ms pts:0.375 Clock:0.054 Level:6
2019-06-26 17:30:23.348 T:4023378800 INFO: CAESinkALSA::Initialize - Opened device "hdmi:CARD=AMLAUGESOUND,DEV=0,AES0=0x04,AES1=0x82,AES2=0x00,AES3=0x02"
2019-06-26 17:30:23.349 T:4023378800 INFO: CAESinkALSA::InitializeHW - Your hardware does not support AE_FMT_FLOAT, trying other formats
2019-06-26 17:30:23.349 T:4023378800 INFO: CAESinkALSA::InitializeHW - Using data format AE_FMT_S16NE
2019-06-26 17:30:23.349 T:4023378800 DEBUG: CAESinkALSA::InitializeHW - Request: periodSize 2400, bufferSize 9600
2019-06-26 17:30:23.349 T:4023378800 DEBUG: CAESinkALSA::InitializeHW - Got: periodSize 2400, bufferSize 9600
2019-06-26 17:30:23.349 T:4023378800 DEBUG: CAESinkALSA::InitializeHW - Setting timeout to 200 ms
2019-06-26 17:30:23.349 T:4023378800 DEBUG: CAESinkALSA::GetChannelLayout - Input Channel Count: 2 Output Channel Count: 2
2019-06-26 17:30:23.350 T:4023378800 DEBUG: CAESinkALSA::GetChannelLayout - Requested Layout: FL, FR
2019-06-26 17:30:23.350 T:4023378800 DEBUG: CAESinkALSA::GetChannelLayout - Got Layout: FL, FR (ALSA: none)
2019-06-26 17:30:23.350 T:4023378800 DEBUG: CActiveAESink::OpenSink - ALSA Initialized:
2019-06-26 17:30:23.350 T:4023378800 DEBUG: Output Device : AML-AUGESOUND
2019-06-26 17:30:23.350 T:4023378800 DEBUG: Sample Rate : 48000
2019-06-26 17:30:23.350 T:4023378800 DEBUG: Sample Format : AE_FMT_S16NE
2019-06-26 17:30:23.350 T:4023378800 DEBUG: Channel Count : 2
2019-06-26 17:30:23.350 T:4023378800 DEBUG: Channel Layout: FL, FR
2019-06-26 17:30:23.350 T:4023378800 DEBUG: Frames : 2400
2019-06-26 17:30:23.350 T:4023378800 DEBUG: Frame Size : 4
2019-06-26 17:30:23.354 T:4031771504 DEBUG: CActiveAE::ClearDiscardedBuffers - buffer pool deleted
2019-06-26 17:30:23.356 T:4031771504 DEBUG: Previous line repeats 2 times.
2019-06-26 17:30:23.356 T:4031771504 DEBUG: ActiveAE::SyncStream - average error of 83.500659, start adjusting
2019-06-26 17:30:23.357 T:4031771504 DEBUG: ActiveAE::SyncStream - average error 0.500659 below threshold of 30.000000
2019-06-26 17:30:23.358 T:3251893104 DEBUG: CVideoPlayerAudio - CDVDMsg::GENERAL_PAUSE: 0
2019-06-26 17:30:23.368 T:3036689264 DEBUG: OnAVChange: CApplication::OnAVChange
2019-06-26 17:30:23.368 T:4064756592 DEBUG: CAnnouncementManager - Announcement: OnAVChange from xbmc
2019-06-26 17:30:23.369 T:4064756592 DEBUG: GOT ANNOUNCEMENT, type: 1, from xbmc, message OnAVChange
2019-06-26 17:30:23.371 T:3053474672 DEBUG: CVideoPlayerVideo::OutputPicture - ttd:361ms pts:0.417 Clock:0.056 Level:6
2019-06-26 17:30:23.382 T:3112223600 DEBUG: CVideoPlayer::ProcessVideoData size:140206 dts:3.670 pts:3.795 dur:41.000ms, clock:0.092 level:26
2019-06-26 17:30:23.383 T:3112223600 DEBUG: CVideoPlayer::ProcessVideoData size:109062 dts:3.712 pts:3.754 dur:41.000ms, clock:0.093 level:26
2019-06-26 17:30:23.393 T:3112223600 DEBUG: CVideoPlayer::ProcessVideoData size:133362 dts:3.754 pts:3.879 dur:41.000ms, clock:0.103 level:27
2019-06-26 17:30:23.393 T:3112223600 DEBUG: CVideoPlayer::ProcessVideoData size:111387 dts:3.795 pts:3.837 dur:41.000ms, clock:0.103 level:27
2019-06-26 17:30:23.396 T:3112223600 DEBUG: CVideoPlayer::ProcessVideoData size:144519 dts:3.837 pts:3.921 dur:41.000ms, clock:0.106 level:28
2019-06-26 17:30:23.399 T:3112223600 DEBUG: CVideoPlayer::ProcessVideoData size:149978 dts:3.879 pts:3.962 dur:41.000ms, clock:0.109 level:28
2019-06-26 17:30:23.403 T:3112223600 DEBUG: CVideoPlayer::ProcessVideoData size:139586 dts:3.921 pts:4.004 dur:41.000ms, clock:0.113 level:29
2019-06-26 17:30:23.406 T:3112223600 DEBUG: CVideoPlayer::ProcessVideoData size:130142 dts:3.962 pts:4.046 dur:41.000ms, clock:0.116 level:29
2019-06-26 17:30:23.413 T:3112223600 DEBUG: CVideoPlayer::ProcessVideoData size:141404 dts:4.004 pts:4.129 dur:41.000ms, clock:0.123 level:30
2019-06-26 17:30:23.415 T:3112223600 DEBUG: CVideoPlayer::ProcessVideoData size:107541 dts:4.046 pts:4.087 dur:41.000ms, clock:0.125 level:30
2019-06-26 17:30:23.419 T:3112223600 DEBUG: CVideoPlayer::ProcessVideoData size:145783 dts:4.087 pts:4.171 dur:41.000ms, clock:0.129 level:31
2019-06-26 17:30:23.420 T:3053474672 DEBUG: CVideoPlayerVideo::OutputPicture - ttd:376ms pts:0.459 Clock:0.083 Level:6
2019-06-26 17:30:23.423 T:3112223600 DEBUG: CVideoPlayer::ProcessVideoData size:153343 dts:4.129 pts:4.213 dur:41.000ms, clock:0.133 level:31
2019-06-26 17:30:23.427 T:3112223600 DEBUG: CVideoPlayer::ProcessVideoData size:162060 dts:4.171 pts:4.254 dur:41.000ms, clock:0.137 level:32
2019-06-26 17:30:23.431 T:3112223600 DEBUG: CVideoPlayer::ProcessVideoData size:166572 dts:4.213 pts:4.296 dur:41.000ms, clock:0.141 level:32
2019-06-26 17:30:23.436 T:3112223600 DEBUG: CVideoPlayer::ProcessVideoData size:161727 dts:4.254 pts:4.379 dur:41.000ms, clock:0.146 level:33
2019-06-26 17:30:23.436 T:3112223600 DEBUG: CVideoPlayer::ProcessVideoData size:125210 dts:4.296 pts:4.338 dur:41.000ms, clock:0.146 level:33
2019-06-26 17:30:23.440 T:3791635312 DEBUG: Skin Helper Service --> Kodi_Monitor: sender xbmc - method: Player.OnAVChange - data: {"item":{"id":572,"type":"movie"},"player":{"playerid":1,"speed":1}}
2019-06-26 17:30:23.441 T:3112223600 DEBUG: CVideoPlayer::ProcessVideoData size:164685 dts:4.338 pts:4.463 dur:41.000ms, clock:0.151 level:34
2019-06-26 17:30:23.442 T:3112223600 DEBUG: CVideoPlayer::ProcessVideoData size:121132 dts:4.379 pts:4.421 dur:41.000ms, clock:0.152 level:34
2019-06-26 17:30:23.448 T:3112223600 DEBUG: CVideoPlayer::ProcessVideoData size:166069 dts:4.421 pts:4.546 dur:41.000ms, clock:0.158 level:35
2019-06-26 17:30:23.448 T:3112223600 DEBUG: CVideoPlayer::ProcessVideoData size:119669 dts:4.463 pts:4.504 dur:41.000ms, clock:0.158 level:35
2019-06-26 17:30:23.449 T:3783242608 DEBUG: Skin Helper Widgets --> Kodi_Monitor: sender xbmc - method: Player.OnAVChange - data: {"item":{"id":572,"type":"movie"},"player":{"playerid":1,"speed":1}}
2019-06-26 17:30:23.451 T:3112223600 DEBUG: CVideoPlayer::ProcessVideoData size:157381 dts:4.504 pts:4.588 dur:41.000ms, clock:0.161 level:36
2019-06-26 17:30:23.453 T:3053474672 DEBUG: CVideoPlayerVideo::OutputPicture - ttd:368ms pts:0.500 Clock:0.131 Level:6
2019-06-26 17:30:23.456 T:3112223600 DEBUG: CVideoPlayer::ProcessVideoData size:161874 dts:4.546 pts:4.671 dur:41.000ms, clock:0.166 level:36
2019-06-26 17:30:23.456 T:3112223600 DEBUG: CVideoPlayer::ProcessVideoData size:115088 dts:4.588 pts:4.630 dur:41.000ms, clock:0.166 level:37
2019-06-26 17:30:23.459 T:3112223600 DEBUG: CVideoPlayer::ProcessVideoData size:143592 dts:4.630 pts:4.713 dur:41.000ms, clock:0.169 level:38
2019-06-26 17:30:23.463 T:3112223600 DEBUG: CVideoPlayer::ProcessVideoData size:138603 dts:4.671 pts:4.796 dur:41.000ms, clock:0.173 level:38
2019-06-26 17:30:23.464 T:3112223600 DEBUG: CVideoPlayer::ProcessVideoData size:103074 dts:4.713 pts:4.755 dur:41.000ms, clock:0.174 level:38
2019-06-26 17:30:23.470 T:3112223600 DEBUG: CVideoPlayer::ProcessVideoData size:137162 dts:4.755 pts:4.880 dur:41.000ms, clock:0.180 level:35
2019-06-26 17:30:23.471 T:3112223600 DEBUG: CVideoPlayer::ProcessVideoData size:98705 dts:4.796 pts:4.838 dur:41.000ms, clock:0.180 level:35
2019-06-26 17:30:23.475 T:3112223600 DEBUG: CVideoPlayer::ProcessVideoData size:141213 dts:4.838 pts:4.963 dur:41.000ms, clock:0.185 level:35
2019-06-26 17:30:23.475 T:3112223600 DEBUG: CVideoPlayer::ProcessVideoData size:101402 dts:4.880 pts:4.922 dur:41.000ms, clock:0.185 level:36
2019-06-26 17:30:23.480 T:3112223600 DEBUG: CVideoPlayer::ProcessVideoData size:149327 dts:4.922 pts:5.047 dur:41.000ms, clock:0.190 level:36
2019-06-26 17:30:23.481 T:3112223600 DEBUG: CVideoPlayer::ProcessVideoData size:107488 dts:4.963 pts:5.005 dur:41.000ms, clock:0.191 level:36
2019-06-26 17:30:23.486 T:3112223600 DEBUG: CVideoPlayer::ProcessVideoData size:147693 dts:5.005 pts:5.130 dur:41.000ms, clock:0.196 level:37
2019-06-26 17:30:23.486 T:3112223600 DEBUG: CVideoPlayer::ProcessVideoData size:116217 dts:5.047 pts:5.088 dur:41.000ms, clock:0.196 level:38
2019-06-26 17:30:23.494 T:3112223600 DEBUG: CVideoPlayer::ProcessVideoData size:162070 dts:5.088 pts:5.255 dur:41.000ms, clock:0.204 level:38
2019-06-26 17:30:23.495 T:3112223600 DEBUG: CVideoPlayer::ProcessVideoData size:133334 dts:5.130 pts:5.214 dur:41.000ms, clock:0.205 level:38
2019-06-26 17:30:23.495 T:3112223600 DEBUG: CVideoPlayer::ProcessVideoData size:109485 dts:5.172 pts:5.172 dur:41.000ms, clock:0.205 level:39
2019-06-26 17:30:23.503 T:3112223600 DEBUG: CVideoPlayer::ProcessVideoData size:127843 dts:5.214 pts:5.380 dur:41.000ms, clock:0.213 level:38
2019-06-26 17:30:23.503 T:3112223600 DEBUG: CVideoPlayer::ProcessVideoData size:102980 dts:5.255 pts:5.339 dur:41.000ms, clock:0.213 level:39
2019-06-26 17:30:23.503 T:3112223600 DEBUG: CVideoPlayer::ProcessVideoData size:97761 dts:5.297 pts:5.297 dur:41.000ms, clock:0.213 level:39
2019-06-26 17:30:23.513 T:3112223600 DEBUG: CVideoPlayer::ProcessVideoData size:138133 dts:5.339 pts:5.547 dur:41.000ms, clock:0.223 level:39
2019-06-26 17:30:23.513 T:3112223600 DEBUG: CVideoPlayer::ProcessVideoData size:107700 dts:5.380 pts:5.464 dur:41.000ms, clock:0.223 level:40
2019-06-26 17:30:23.513 T:3112223600 DEBUG: CVideoPlayer::ProcessVideoData size:83522 dts:5.422 pts:5.422 dur:41.000ms, clock:0.223 level:40
2019-06-26 17:30:23.513 T:3112223600 DEBUG: CVideoPlayer::ProcessVideoData size:89299 dts:5.464 pts:5.505 dur:41.000ms, clock:0.223 level:41
2019-06-26 17:30:23.524 T:3112223600 DEBUG: CVideoPlayer::ProcessVideoData size:111909 dts:5.505 pts:5.714 dur:41.000ms, clock:0.234 level:40
2019-06-26 17:30:23.525 T:3112223600 DEBUG: CVideoPlayer::ProcessVideoData size:99978 dts:5.547 pts:5.631 dur:41.000ms, clock:0.234 level:41
2019-06-26 17:30:23.525 T:3112223600 DEBUG: CVideoPlayer::ProcessVideoData size:82944 dts:5.589 pts:5.589 dur:41.000ms, clock:0.235 level:41
2019-06-26 17:30:23.525 T:3112223600 DEBUG: CVideoPlayer::ProcessVideoData size:74161 dts:5.631 pts:5.672 dur:41.000ms, clock:0.235 level:42
2019-06-26 17:30:23.530 T:3112223600 DEBUG: CVideoPlayer::ProcessVideoData size:89315 dts:5.672 pts:5.797 dur:41.000ms, clock:0.240 level:42
2019-06-26 17:30:23.530 T:3112223600 DEBUG: CVideoPlayer::ProcessVideoData size:58742 dts:5.714 pts:5.756 dur:41.000ms, clock:0.240 level:42
2019-06-26 17:30:23.536 T:3112223600 DEBUG: CVideoPlayer::ProcessVideoData size:83303 dts:5.756 pts:5.881 dur:41.000ms, clock:0.246 level:43
2019-06-26 17:30:23.536 T:3112223600 DEBUG: CVideoPlayer::ProcessVideoData size:58351 dts:5.797 pts:5.839 dur:41.000ms, clock:0.246 level:43
2019-06-26 17:30:23.537 T:4064769344 DEBUG: CAMLCodec::SetVideoRect:display(0,0,1920,1080)
2019-06-26 17:30:23.537 T:4064769344 DEBUG: CAMLCodec::SetVideoRect:gui(0,0,1920,1080)
2019-06-26 17:30:23.537 T:4064769344 DEBUG: CAMLCodec::SetVideoRect:m_dst_rect(0,140,1920,800)
2019-06-26 17:30:23.537 T:4064769344 DEBUG: CAMLCodec::SetVideoRect:dst_rect(0,140,1920,800)
2019-06-26 17:30:23.537 T:4064769344 DEBUG: CAMLCodec::SetVideoRect:m_guiStereoMode(0)
2019-06-26 17:30:23.537 T:4064769344 DEBUG: CAMLCodec::SetVideoRect:m_guiStereoView(0)
2019-06-26 17:30:23.539 T:3112223600 DEBUG: CVideoPlayer::ProcessVideoData size:68085 dts:5.839 pts:5.923 dur:41.000ms, clock:0.249 level:43
2019-06-26 17:30:23.544 T:3112223600 DEBUG: CVideoPlayer::ProcessVideoData size:69598 dts:5.881 pts:6.006 dur:41.000ms, clock:0.254 level:44
2019-06-26 17:30:23.544 T:3112223600 DEBUG: CVideoPlayer::ProcessVideoData size:42534 dts:5.923 pts:5.964 dur:41.000ms, clock:0.254 level:44
2019-06-26 17:30:23.548 T:3112223600 DEBUG: CVideoPlayer::ProcessVideoData size:60965 dts:5.964 pts:6.048 dur:41.000ms, clock:0.258 level:44
2019-06-26 17:30:23.554 T:3112223600 DEBUG: CVideoPlayer::ProcessVideoData size:58732 dts:6.006 pts:6.131 dur:41.000ms, clock:0.264 level:44
2019-06-26 17:30:23.554 T:3112223600 DEBUG: CVideoPlayer::ProcessVideoData size:40833 dts:6.048 pts:6.089 dur:41.000ms, clock:0.264 level:45
2019-06-26 17:30:23.557 T:3112223600 DEBUG: CVideoPlayer::ProcessVideoData size:62448 dts:6.089 pts:6.173 dur:41.000ms, clock:0.267 level:45
2019-06-26 17:30:23.560 T:3112223600 DEBUG: CVideoPlayer::ProcessVideoData size:64765 dts:6.131 pts:6.215 dur:41.000ms, clock:0.270 level:46
2019-06-26 17:30:23.564 T:3112223600 DEBUG: CVideoPlayer::ProcessVideoData size:64594 dts:6.173 pts:6.298 dur:41.000ms, clock:0.274 level:46
2019-06-26 17:30:23.564 T:3112223600 DEBUG: CVideoPlayer::ProcessVideoData size:50909 dts:6.215 pts:6.256 dur:41.000ms, clock:0.274 level:46
2019-06-26 17:30:23.572 T:3112223600 DEBUG: CVideoPlayer::ProcessVideoData size:61377 dts:6.256 pts:6.381 dur:41.000ms, clock:0.282 level:46
2019-06-26 17:30:23.572 T:3112223600 DEBUG: CVideoPlayer::ProcessVideoData size:47935 dts:6.298 pts:6.340 dur:41.000ms, clock:0.282 level:47
2019-06-26 17:30:23.574 T:3112223600 DEBUG: CVideoPlayer::ProcessVideoData size:58260 dts:6.340 pts:6.423 dur:41.000ms, clock:0.284 level:47
2019-06-26 17:30:23.577 T:3112223600 DEBUG: CVideoPlayer::ProcessVideoData size:57389 dts:6.381 pts:6.465 dur:41.000ms, clock:0.287 level:47
2019-06-26 17:30:23.578 T:3053474672 DEBUG: CVideoPlayerVideo::OutputPicture - ttd:254ms pts:0.542 Clock:0.288 Level:4
2019-06-26 17:30:23.580 T:3112223600 DEBUG: CVideoPlayer::ProcessVideoData size:69741 dts:6.423 pts:6.506 dur:41.000ms, clock:0.289 level:48
2019-06-26 17:30:23.582 T:3112223600 DEBUG: CVideoPlayer::ProcessVideoData size:65695 dts:6.465 pts:6.548 dur:41.000ms, clock:0.292 level:48
2019-06-26 17:30:23.587 T:3112223600 DEBUG: CVideoPlayer::ProcessVideoData size:64300 dts:6.506 pts:6.632 dur:41.000ms, clock:0.297 level:48
2019-06-26 17:30:23.590 T:3112223600 DEBUG: CVideoPlayer::ProcessVideoData size:47584 dts:6.548 pts:6.590 dur:41.000ms, clock:0.300 level:49
2019-06-26 17:30:23.593 T:3112223600 DEBUG: CVideoPlayer::ProcessVideoData size:58953 dts:6.590 pts:6.673 dur:41.000ms, clock:0.303 level:49
2019-06-26 17:30:23.596 T:3112223600 DEBUG: CVideoPlayer::ProcessVideoData size:58225 dts:6.632 pts:6.715 dur:41.000ms, clock:0.306 level:50
2019-06-26 17:30:23.600 T:3112223600 DEBUG: CVideoPlayer::ProcessVideoData size:54582 dts:6.673 pts:6.798 dur:41.000ms, clock:0.310 level:50
2019-06-26 17:30:23.600 T:3112223600 DEBUG: CVideoPlayer::ProcessVideoData size:42850 dts:6.715 pts:6.757 dur:41.000ms, clock:0.310 level:50
2019-06-26 17:30:23.610 T:3112223600 DEBUG: CVideoPlayer::ProcessVideoData size:63087 dts:6.757 pts:6.882 dur:41.000ms, clock:0.320 level:50
2019-06-26 17:30:23.611 T:3112223600 DEBUG: CVideoPlayer::ProcessVideoData size:42261 dts:6.798 pts:6.840 dur:41.000ms, clock:0.321 level:51
2019-06-26 17:30:23.615 T:3053474672 DEBUG: CVideoPlayerVideo::OutputPicture - ttd:259ms pts:0.584 Clock:0.325 Level:4
2019-06-26 17:30:23.629 T:3112223600 DEBUG: CVideoPlayer::ProcessVideoData size:66519 dts:6.840 pts:6.965 dur:41.000ms, clock:0.339 level:51
2019-06-26 17:30:23.629 T:3112223600 DEBUG: CVideoPlayer::ProcessVideoData size:45234 dts:6.882 pts:6.924 dur:41.000ms, clock:0.339 level:52
2019-06-26 17:30:23.636 T:3053474672 DEBUG: CVideoPlayerVideo::OutputPicture - ttd:281ms pts:0.626 Clock:0.345 Level:5
2019-06-26 17:30:23.647 T:3112223600 DEBUG: CVideoPlayer::ProcessVideoData size:63373 dts:6.924 pts:7.049 dur:41.000ms, clock:0.357 level:52
2019-06-26 17:30:23.647 T:3112223600 DEBUG: CVideoPlayer::ProcessVideoData size:41576 dts:6.965 pts:7.007 dur:41.000ms, clock:0.357 level:53
2019-06-26 17:30:23.666 T:3112223600 DEBUG: CVideoPlayer::ProcessVideoData size:66853 dts:7.007 pts:7.132 dur:41.000ms, clock:0.376 level:53
2019-06-26 17:30:23.666 T:3112223600 DEBUG: CVideoPlayer::ProcessVideoData size:40239 dts:7.049 pts:7.090 dur:41.000ms, clock:0.376 level:54
2019-06-26 17:30:23.688 T:3053474672 DEBUG: CVideoPlayerVideo::OutputPicture - ttd:269ms pts:0.667 Clock:0.398 Level:5
2019-06-26 17:30:23.698 T:3112223600 DEBUG: CVideoPlayer::ProcessVideoData size:71054 dts:7.090 pts:7.257 dur:41.000ms, clock:0.408 level:54
2019-06-26 17:30:23.702 T:3112223600 DEBUG: CVideoPlayer::ProcessVideoData size:44234 dts:7.132 pts:7.216 dur:41.000ms, clock:0.412 level:55
2019-06-26 17:30:23.703 T:3112223600 DEBUG: CVideoPlayer::ProcessVideoData size:34561 dts:7.174 pts:7.174 dur:41.000ms, clock:0.413 level:55
2019-06-26 17:30:23.721 T:3053474672 DEBUG: CVideoPlayerVideo::OutputPicture - ttd:277ms pts:0.709 Clock:0.431 Level:5
2019-06-26 17:30:23.761 T:3112223600 DEBUG: CVideoPlayer::ProcessVideoData size:76420 dts:7.216 pts:7.424 dur:41.000ms, clock:0.471 level:56
2019-06-26 17:30:23.762 T:3112223600 DEBUG: CVideoPlayer::ProcessVideoData size:49474 dts:7.257 pts:7.341 dur:41.000ms, clock:0.472 level:56
2019-06-26 17:30:23.762 T:3112223600 DEBUG: CVideoPlayer::ProcessVideoData size:32094 dts:7.299 pts:7.299 dur:41.000ms, clock:0.472 level:57
2019-06-26 17:30:23.763 T:3112223600 DEBUG: CVideoPlayer::ProcessVideoData size:33936 dts:7.341 pts:7.382 dur:41.000ms, clock:0.473 level:57
2019-06-26 17:30:23.774 T:3053474672 DEBUG: CVideoPlayerVideo::OutputPicture - ttd:267ms pts:0.751 Clock:0.484 Level:4
2019-06-26 17:30:23.813 T:3053474672 DEBUG: CVideoPlayerVideo::OutputPicture - ttd:268ms pts:0.792 Clock:0.523 Level:5
2019-06-26 17:30:23.834 T:3112223600 DEBUG: CVideoPlayer::ProcessVideoData size:79920 dts:7.382 pts:7.633 dur:41.000ms, clock:0.544 level:58
2019-06-26 17:30:23.835 T:3112223600 DEBUG: CVideoPlayer::ProcessVideoData size:52425 dts:7.424 pts:7.549 dur:41.000ms, clock:0.545 level:58
2019-06-26 17:30:23.835 T:3112223600 DEBUG: CVideoPlayer::ProcessVideoData size:35810 dts:7.466 pts:7.466 dur:41.000ms, clock:0.545 level:59
2019-06-26 17:30:23.837 T:3112223600 DEBUG: CVideoPlayer::ProcessVideoData size:36744 dts:7.507 pts:7.507 dur:41.000ms, clock:0.546 level:59
2019-06-26 17:30:23.837 T:3112223600 DEBUG: CVideoPlayer::ProcessVideoData size:30892 dts:7.549 pts:7.591 dur:41.000ms, clock:0.547 level:60
2019-06-26 17:30:23.859 T:3053474672 DEBUG: CVideoPlayerVideo::OutputPicture - ttd:264ms pts:0.834 Clock:0.569 Level:4
2019-06-26 17:30:23.892 T:3053474672 DEBUG: CVideoPlayerVideo::OutputPicture - ttd:273ms pts:0.876 Clock:0.602 Level:5
2019-06-26 17:30:23.912 T:3112223600 DEBUG: CVideoPlayer::ProcessVideoData size:78264 dts:7.591 pts:7.841 dur:41.000ms, clock:0.622 level:60
2019-06-26 17:30:23.913 T:3112223600 DEBUG: CVideoPlayer::ProcessVideoData size:52287 dts:7.633 pts:7.758 dur:41.000ms, clock:0.623 level:61
2019-06-26 17:30:23.913 T:3112223600 DEBUG: CVideoPlayer::ProcessVideoData size:34368 dts:7.674 pts:7.674 dur:41.000ms, clock:0.623 level:61
2019-06-26 17:30:23.914 T:3112223600 DEBUG: CVideoPlayer::ProcessVideoData size:33834 dts:7.716 pts:7.716 dur:41.000ms, clock:0.624 level:62
2019-06-26 17:30:23.915 T:3112223600 DEBUG: CVideoPlayer::ProcessVideoData size:30562 dts:7.758 pts:7.799 dur:41.000ms, clock:0.625 level:63
2019-06-26 17:30:23.935 T:3053474672 DEBUG: CVideoPlayerVideo::OutputPicture - ttd:272ms pts:0.918 Clock:0.645 Level:5
2019-06-26 17:30:23.969 T:3053474672 DEBUG: CVideoPlayerVideo::OutputPicture - ttd:280ms pts:0.959 Clock:0.679 Level:5
2019-06-26 17:30:23.997 T:3112223600 DEBUG: CVideoPlayer::ProcessVideoData size:80732 dts:7.799 pts:8.050 dur:41.000ms, clock:0.706 level:63
2019-06-26 17:30:23.997 T:3112223600 DEBUG: CVideoPlayer::ProcessVideoData size:55981 dts:7.841 pts:7.966 dur:41.000ms, clock:0.707 level:64
2019-06-26 17:30:23.998 T:3112223600 DEBUG: CVideoPlayer::ProcessVideoData size:35862 dts:7.883 pts:7.883 dur:41.000ms, clock:0.707 level:64
2019-06-26 17:30:23.998 T:3112223600 DEBUG: CVideoPlayer::ProcessVideoData size:34965 dts:7.925 pts:7.925 dur:41.000ms, clock:0.708 level:65
2019-06-26 17:30:23.998 T:3112223600 DEBUG: CVideoPlayer::ProcessVideoData size:35491 dts:7.966 pts:8.008 dur:41.000ms, clock:0.708 level:65
2019-06-26 17:30:24.022 T:3053474672 DEBUG: CVideoPlayerVideo::OutputPicture - ttd:269ms pts:1.001 Clock:0.732 Level:5
2019-06-26 17:30:24.055 T:3053474672 DEBUG: CVideoPlayerVideo::OutputPicture - ttd:277ms pts:1.043 Clock:0.765 Level:5
2019-06-26 17:30:24.061 T:3112223600 DEBUG: CVideoPlayer::ProcessVideoData size:82781 dts:8.008 pts:8.217 dur:41.000ms, clock:0.771 level:66
2019-06-26 17:30:24.062 T:3112223600 DEBUG: CVideoPlayer::ProcessVideoData size:48206 dts:8.050 pts:8.133 dur:41.000ms, clock:0.772 level:66
2019-06-26 17:30:24.062 T:3112223600 DEBUG: CVideoPlayer::ProcessVideoData size:31956 dts:8.091 pts:8.091 dur:41.000ms, clock:0.772 level:67
2019-06-26 17:30:24.063 T:3112223600 DEBUG: CVideoPlayer::ProcessVideoData size:34116 dts:8.133 pts:8.175 dur:41.000ms, clock:0.773 level:67
2019-06-26 17:30:24.096 T:3053474672 DEBUG: CVideoPlayerVideo::OutputPicture - ttd:278ms pts:1.084 Clock:0.806 Level:5
2019-06-26 17:30:24.117 T:3112223600 DEBUG: CVideoPlayer::ProcessVideoData size:80323 dts:8.175 pts:8.383 dur:41.000ms, clock:0.827 level:68
2019-06-26 17:30:24.118 T:3112223600 DEBUG: CVideoPlayer::ProcessVideoData size:46301 dts:8.217 pts:8.300 dur:41.000ms, clock:0.828 level:68
2019-06-26 17:30:24.118 T:3112223600 DEBUG: CVideoPlayer::ProcessVideoData size:33775 dts:8.258 pts:8.258 dur:41.000ms, clock:0.828 level:69
2019-06-26 17:30:24.119 T:3112223600 DEBUG: CVideoPlayer::ProcessVideoData size:32994 dts:8.300 pts:8.342 dur:41.000ms, clock:0.829 level:69
2019-06-26 17:30:24.148 T:3053474672 DEBUG: CVideoPlayerVideo::OutputPicture - ttd:267ms pts:1.126 Clock:0.858 Level:5
2019-06-26 17:30:24.194 T:3053474672 DEBUG: CVideoPlayerVideo::OutputPicture - ttd:263ms pts:1.168 Clock:0.904 Level:4
2019-06-26 17:30:24.207 T:3112223600 DEBUG: CVideoPlayer::ProcessVideoData size:83825 dts:8.342 pts:8.634 dur:41.000ms, clock:0.917 level:70
2019-06-26 17:30:24.208 T:3112223600 DEBUG: CVideoPlayer::ProcessVideoData size:58610 dts:8.383 pts:8.508 dur:41.000ms, clock:0.918 level:70
2019-06-26 17:30:24.213 T:3112223600 DEBUG: CVideoPlayer::ProcessVideoData size:35186 dts:8.425 pts:8.425 dur:41.000ms, clock:0.923 level:71
2019-06-26 17:30:24.214 T:3112223600 DEBUG: CVideoPlayer::ProcessVideoData size:31553 dts:8.467 pts:8.467 dur:41.000ms, clock:0.923 level:71
2019-06-26 17:30:24.214 T:3112223600 DEBUG: CVideoPlayer::ProcessVideoData size:31848 dts:8.508 pts:8.550 dur:41.000ms, clock:0.924 level:72
2019-06-26 17:30:24.215 T:3112223600 DEBUG: CVideoPlayer::ProcessVideoData size:31987 dts:8.550 pts:8.592 dur:41.000ms, clock:0.924 level:72
2019-06-26 17:30:24.223 T:3053474672 DEBUG: CVideoPlayerVideo::OutputPicture - ttd:276ms pts:1.210 Clock:0.933 Level:5
