2019-06-26 17:30:47.413 T:3053474672 DEBUG: CVideoPlayerVideo::OutputPicture - ttd:277ms pts:24.399 Clock:24.121 Level:5
2019-06-26 17:30:47.463 T:3053474672 DEBUG: CVideoPlayerVideo::OutputPicture - ttd:269ms pts:24.441 Clock:24.172 Level:5
2019-06-26 17:30:47.483 T:3112223600 DEBUG: CVideoPlayer::ProcessVideoData size:195180 dts:32.658 pts:32.866 dur:41.000ms, clock:24.192 level:89
2019-06-26 17:30:47.484 T:3112223600 DEBUG: CVideoPlayer::ProcessVideoData size:148991 dts:32.699 pts:32.783 dur:41.000ms, clock:24.192 level:89
2019-06-26 17:30:47.485 T:3112223600 DEBUG: CVideoPlayer::ProcessVideoData size:90934 dts:32.741 pts:32.741 dur:41.000ms, clock:24.193 level:90
2019-06-26 17:30:47.485 T:3112223600 DEBUG: CVideoPlayer::ProcessVideoData size:87651 dts:32.783 pts:32.824 dur:41.000ms, clock:24.194 level:90
2019-06-26 17:30:47.500 T:3053474672 DEBUG: CVideoPlayerVideo::OutputPicture - ttd:274ms pts:24.483 Clock:24.208 Level:5
2019-06-26 17:30:47.550 T:3053474672 DEBUG: CVideoPlayerVideo::OutputPicture - ttd:265ms pts:24.524 Clock:24.258 Level:4
2019-06-26 17:30:47.583 T:3053474672 DEBUG: CVideoPlayerVideo::OutputPicture - ttd:274ms pts:24.566 Clock:24.291 Level:5
2019-06-26 17:30:47.636 T:3053474672 DEBUG: CVideoPlayerVideo::OutputPicture - ttd:263ms pts:24.608 Clock:24.344 Level:4
2019-06-26 17:30:47.665 T:3112223600 DEBUG: CVideoPlayer::ProcessVideoData size:194866 dts:32.824 pts:33.033 dur:41.000ms, clock:24.373 level:88
2019-06-26 17:30:47.667 T:3053474672 DEBUG: CVideoPlayerVideo::OutputPicture - ttd:275ms pts:24.650 Clock:24.375 Level:5
2019-06-26 17:30:47.668 T:3112223600 DEBUG: CVideoPlayer::ProcessVideoData size:153195 dts:32.866 pts:32.950 dur:41.000ms, clock:24.376 level:88
2019-06-26 17:30:47.671 T:3112223600 DEBUG: CVideoPlayer::ProcessVideoData size:86032 dts:32.908 pts:32.908 dur:41.000ms, clock:24.380 level:89
2019-06-26 17:30:47.672 T:3112223600 DEBUG: CVideoPlayer::ProcessVideoData size:94417 dts:32.950 pts:32.991 dur:41.000ms, clock:24.380 level:89
2019-06-26 17:30:47.694 T:3053474672 DEBUG: CVideoPlayerVideo::OutputPicture - ttd:288ms pts:24.691 Clock:24.403 Level:5
2019-06-26 17:30:47.747 T:3053474672 DEBUG: CVideoPlayerVideo::OutputPicture - ttd:277ms pts:24.733 Clock:24.455 Level:5
2019-06-26 17:30:47.798 T:3053474672 DEBUG: CVideoPlayerVideo::OutputPicture - ttd:268ms pts:24.775 Clock:24.506 Level:4
2019-06-26 17:30:47.830 T:3112223600 DEBUG: CVideoPlayer::ProcessVideoData size:193085 dts:32.991 pts:33.200 dur:41.000ms, clock:24.538 level:89
2019-06-26 17:30:47.830 T:3112223600 DEBUG: CVideoPlayer::ProcessVideoData size:124004 dts:33.033 pts:33.116 dur:41.000ms, clock:24.539 level:90
2019-06-26 17:30:47.831 T:3112223600 DEBUG: CVideoPlayer::ProcessVideoData size:76955 dts:33.075 pts:33.075 dur:41.000ms, clock:24.540 level:90
2019-06-26 17:30:47.832 T:3112223600 DEBUG: CVideoPlayer::ProcessVideoData size:90157 dts:33.116 pts:33.158 dur:41.000ms, clock:24.540 level:91
2019-06-26 17:30:47.839 T:3053474672 DEBUG: CVideoPlayerVideo::OutputPicture - ttd:268ms pts:24.816 Clock:24.547 Level:5
2019-06-26 17:30:47.890 T:3053474672 DEBUG: CVideoPlayerVideo::OutputPicture - ttd:259ms pts:24.858 Clock:24.599 Level:4
2019-06-26 17:30:47.911 T:3053474672 DEBUG: CVideoPlayerVideo::OutputPicture - ttd:280ms pts:24.900 Clock:24.619 Level:5
2019-06-26 17:30:47.949 T:3053474672 DEBUG: CVideoPlayerVideo::OutputPicture - ttd:285ms pts:24.942 Clock:24.657 Level:5
2019-06-26 17:30:47.982 T:3112223600 DEBUG: CVideoPlayer::ProcessVideoData size:196537 dts:33.158 pts:33.367 dur:41.000ms, clock:24.690 level:89
2019-06-26 17:30:47.983 T:3112223600 DEBUG: CVideoPlayer::ProcessVideoData size:120989 dts:33.200 pts:33.283 dur:41.000ms, clock:24.691 level:89
2019-06-26 17:30:47.983 T:3112223600 DEBUG: CVideoPlayer::ProcessVideoData size:72533 dts:33.242 pts:33.242 dur:41.000ms, clock:24.691 level:90
2019-06-26 17:30:47.984 T:3112223600 DEBUG: CVideoPlayer::ProcessVideoData size:93103 dts:33.283 pts:33.325 dur:41.000ms, clock:24.692 level:90
2019-06-26 17:30:47.995 T:3053474672 DEBUG: CVideoPlayerVideo::OutputPicture - ttd:280ms pts:24.983 Clock:24.703 Level:5
2019-06-26 17:30:48.046 T:3053474672 DEBUG: CVideoPlayerVideo::OutputPicture - ttd:271ms pts:25.025 Clock:24.754 Level:5
2019-06-26 17:30:48.086 T:3053474672 DEBUG: CVideoPlayerVideo::OutputPicture - ttd:272ms pts:25.067 Clock:24.794 Level:5
2019-06-26 17:30:48.136 T:3053474672 DEBUG: CVideoPlayerVideo::OutputPicture - ttd:263ms pts:25.108 Clock:24.845 Level:4
2019-06-26 17:30:48.168 T:3053474672 DEBUG: CVideoPlayerVideo::OutputPicture - ttd:274ms pts:25.150 Clock:24.876 Level:5
2019-06-26 17:30:48.171 T:3112223600 DEBUG: CVideoPlayer::ProcessVideoData size:198104 dts:33.325 pts:33.533 dur:41.000ms, clock:24.879 level:88
2019-06-26 17:30:48.172 T:3112223600 DEBUG: CVideoPlayer::ProcessVideoData size:127914 dts:33.367 pts:33.450 dur:41.000ms, clock:24.880 level:89
2019-06-26 17:30:48.172 T:3112223600 DEBUG: CVideoPlayer::ProcessVideoData size:92555 dts:33.408 pts:33.408 dur:41.000ms, clock:24.881 level:89
2019-06-26 17:30:48.173 T:3112223600 DEBUG: CVideoPlayer::ProcessVideoData size:80501 dts:33.450 pts:33.492 dur:41.000ms, clock:24.881 level:90
2019-06-26 17:30:48.213 T:3053474672 DEBUG: CVideoPlayerVideo::OutputPicture - ttd:270ms pts:25.192 Clock:24.922 Level:5
2019-06-26 17:30:48.244 T:3053474672 DEBUG: CVideoPlayerVideo::OutputPicture - ttd:281ms pts:25.234 Clock:24.953 Level:5
2019-06-26 17:30:48.299 T:3053474672 DEBUG: CVideoPlayerVideo::OutputPicture - ttd:268ms pts:25.275 Clock:25.007 Level:4
2019-06-26 17:30:48.326 T:3112223600 DEBUG: CVideoPlayer::ProcessVideoData size:191556 dts:33.492 pts:33.700 dur:41.000ms, clock:25.035 level:89
2019-06-26 17:30:48.327 T:3112223600 DEBUG: CVideoPlayer::ProcessVideoData size:119228 dts:33.533 pts:33.617 dur:41.000ms, clock:25.036 level:90
2019-06-26 17:30:48.330 T:3112223600 DEBUG: CVideoPlayer::ProcessVideoData size:94883 dts:33.575 pts:33.575 dur:41.000ms, clock:25.038 level:90
2019-06-26 17:30:48.330 T:3112223600 DEBUG: CVideoPlayer::ProcessVideoData size:71922 dts:33.617 pts:33.659 dur:41.000ms, clock:25.039 level:91
2019-06-26 17:30:48.339 T:3053474672 DEBUG: CVideoPlayerVideo::OutputPicture - ttd:270ms pts:25.317 Clock:25.047 Level:5
2019-06-26 17:30:48.389 T:3053474672 DEBUG: CVideoPlayerVideo::OutputPicture - ttd:262ms pts:25.359 Clock:25.097 Level:4
2019-06-26 17:30:48.413 T:3053474672 DEBUG: CVideoPlayerVideo::OutputPicture - ttd:278ms pts:25.400 Clock:25.122 Level:5
2019-06-26 17:30:48.465 T:3053474672 DEBUG: CVideoPlayerVideo::OutputPicture - ttd:268ms pts:25.442 Clock:25.173 Level:4
2019-06-26 17:30:48.470 T:3112223600 DEBUG: CVideoPlayer::ProcessVideoData size:195806 dts:33.659 pts:33.867 dur:41.000ms, clock:25.178 level:89
2019-06-26 17:30:48.471 T:3112223600 DEBUG: CVideoPlayer::ProcessVideoData size:156922 dts:33.700 pts:33.784 dur:41.000ms, clock:25.179 level:90
2019-06-26 17:30:48.471 T:3112223600 DEBUG: CVideoPlayer::ProcessVideoData size:93473 dts:33.742 pts:33.742 dur:41.000ms, clock:25.179 level:90
2019-06-26 17:30:48.471 T:3112223600 DEBUG: CVideoPlayer::ProcessVideoData size:88191 dts:33.784 pts:33.825 dur:41.000ms, clock:25.180 level:91
2019-06-26 17:30:48.497 T:3053474672 DEBUG: CVideoPlayerVideo::OutputPicture - ttd:279ms pts:25.484 Clock:25.205 Level:5
2019-06-26 17:30:48.545 T:3053474672 DEBUG: CVideoPlayerVideo::OutputPicture - ttd:271ms pts:25.525 Clock:25.254 Level:5
2019-06-26 17:30:48.589 T:3053474672 DEBUG: CVideoPlayerVideo::OutputPicture - ttd:269ms pts:25.567 Clock:25.298 Level:5
2019-06-26 17:30:48.639 T:3053474672 DEBUG: CVideoPlayerVideo::OutputPicture - ttd:261ms pts:25.609 Clock:25.348 Level:4
2019-06-26 17:30:48.665 T:3053474672 DEBUG: CVideoPlayerVideo::OutputPicture - ttd:277ms pts:25.651 Clock:25.373 Level:5
2019-06-26 17:30:48.672 T:3112223600 DEBUG: CVideoPlayer::ProcessVideoData size:188472 dts:33.825 pts:34.034 dur:41.000ms, clock:25.380 level:88
2019-06-26 17:30:48.673 T:3112223600 DEBUG: CVideoPlayer::ProcessVideoData size:124850 dts:33.867 pts:33.951 dur:41.000ms, clock:25.381 level:89
2019-06-26 17:30:48.674 T:3112223600 DEBUG: CVideoPlayer::ProcessVideoData size:77997 dts:33.909 pts:33.909 dur:41.000ms, clock:25.382 level:89
2019-06-26 17:30:48.674 T:3112223600 DEBUG: CVideoPlayer::ProcessVideoData size:100446 dts:33.951 pts:33.992 dur:41.000ms, clock:25.383 level:90
2019-06-26 17:30:48.716 T:3053474672 DEBUG: CVideoPlayerVideo::OutputPicture - ttd:267ms pts:25.692 Clock:25.425 Level:5
2019-06-26 17:30:48.746 T:3053474672 DEBUG: CVideoPlayerVideo::OutputPicture - ttd:279ms pts:25.734 Clock:25.455 Level:5
2019-06-26 17:30:48.800 T:3053474672 DEBUG: CVideoPlayerVideo::OutputPicture - ttd:267ms pts:25.776 Clock:25.509 Level:4
2019-06-26 17:30:48.832 T:3112223600 DEBUG: CVideoPlayer::ProcessVideoData size:187501 dts:33.992 pts:34.201 dur:41.000ms, clock:25.540 level:89
2019-06-26 17:30:48.833 T:3112223600 DEBUG: CVideoPlayer::ProcessVideoData size:116911 dts:34.034 pts:34.117 dur:41.000ms, clock:25.541 level:89
2019-06-26 17:30:48.834 T:3112223600 DEBUG: CVideoPlayer::ProcessVideoData size:80095 dts:34.076 pts:34.076 dur:41.000ms, clock:25.542 level:90
2019-06-26 17:30:48.835 T:3112223600 DEBUG: CVideoPlayer::ProcessVideoData size:67595 dts:34.117 pts:34.159 dur:41.000ms, clock:25.543 level:90
2019-06-26 17:30:48.836 T:3053474672 DEBUG: CVideoPlayerVideo::OutputPicture - ttd:272ms pts:25.817 Clock:25.545 Level:5
2019-06-26 17:30:48.889 T:3053474672 DEBUG: CVideoPlayerVideo::OutputPicture - ttd:261ms pts:25.859 Clock:25.597 Level:4
2019-06-26 17:30:48.921 T:3053474672 DEBUG: CVideoPlayerVideo::OutputPicture - ttd:271ms pts:25.901 Clock:25.629 Level:5
2019-06-26 17:30:48.964 T:3053474672 DEBUG: CVideoPlayerVideo::OutputPicture - ttd:271ms pts:25.943 Clock:25.672 Level:5
2019-06-26 17:30:48.997 T:3053474672 DEBUG: CVideoPlayerVideo::OutputPicture - ttd:278ms pts:25.984 Clock:25.705 Level:5
2019-06-26 17:30:49.049 T:3053474672 DEBUG: CVideoPlayerVideo::OutputPicture - ttd:268ms pts:26.026 Clock:25.758 Level:4
2019-06-26 17:30:49.083 T:3112223600 DEBUG: CVideoPlayer::ProcessVideoData size:191510 dts:34.159 pts:34.451 dur:41.000ms, clock:25.791 level:88
2019-06-26 17:30:49.084 T:3112223600 DEBUG: CVideoPlayer::ProcessVideoData size:151611 dts:34.201 pts:34.326 dur:41.000ms, clock:25.792 level:88
2019-06-26 17:30:49.084 T:3112223600 DEBUG: CVideoPlayer::ProcessVideoData size:85830 dts:34.243 pts:34.243 dur:41.000ms, clock:25.793 level:89
2019-06-26 17:30:49.085 T:3112223600 DEBUG: CVideoPlayer::ProcessVideoData size:89328 dts:34.284 pts:34.284 dur:41.000ms, clock:25.793 level:89
2019-06-26 17:30:49.086 T:3112223600 DEBUG: CVideoPlayer::ProcessVideoData size:85418 dts:34.326 pts:34.368 dur:41.000ms, clock:25.794 level:90
2019-06-26 17:30:49.087 T:3112223600 DEBUG: CVideoPlayer::ProcessVideoData size:86858 dts:34.368 pts:34.409 dur:41.000ms, clock:25.795 level:90
2019-06-26 17:30:49.088 T:3053474672 DEBUG: CVideoPlayerVideo::OutputPicture - ttd:271ms pts:26.068 Clock:25.796 Level:5
2019-06-26 17:30:49.140 T:3053474672 DEBUG: CVideoPlayerVideo::OutputPicture - ttd:260ms pts:26.109 Clock:25.848 Level:4
2019-06-26 17:30:49.173 T:3053474672 DEBUG: CVideoPlayerVideo::OutputPicture - ttd:269ms pts:26.151 Clock:25.881 Level:5
2019-06-26 17:30:49.217 T:3053474672 DEBUG: CVideoPlayerVideo::OutputPicture - ttd:267ms pts:26.193 Clock:25.925 Level:4
2019-06-26 17:30:49.250 T:3053474672 DEBUG: CVideoPlayerVideo::OutputPicture - ttd:277ms pts:26.235 Clock:25.958 Level:5
2019-06-26 17:30:49.301 T:3053474672 DEBUG: CVideoPlayerVideo::OutputPicture - ttd:266ms pts:26.276 Clock:26.009 Level:4
2019-06-26 17:30:49.324 T:3112223600 DEBUG: CVideoPlayer::ProcessVideoData size:192329 dts:34.409 pts:34.701 dur:41.000ms, clock:26.033 level:88
2019-06-26 17:30:49.325 T:3112223600 DEBUG: CVideoPlayer::ProcessVideoData size:145796 dts:34.451 pts:34.576 dur:41.000ms, clock:26.034 level:88
2019-06-26 17:30:49.326 T:3112223600 DEBUG: CVideoPlayer::ProcessVideoData size:82556 dts:34.493 pts:34.493 dur:41.000ms, clock:26.034 level:89
2019-06-26 17:30:49.327 T:3112223600 DEBUG: CVideoPlayer::ProcessVideoData size:90604 dts:34.534 pts:34.534 dur:41.000ms, clock:26.035 level:89
2019-06-26 17:30:49.327 T:3112223600 DEBUG: CVideoPlayer::ProcessVideoData size:84237 dts:34.576 pts:34.618 dur:41.000ms, clock:26.036 level:90
2019-06-26 17:30:49.328 T:3112223600 DEBUG: CVideoPlayer::ProcessVideoData size:90542 dts:34.618 pts:34.660 dur:41.000ms, clock:26.036 level:90
2019-06-26 17:30:49.330 T:3053474672 DEBUG: CVideoPlayerVideo::OutputPicture - ttd:280ms pts:26.318 Clock:26.038 Level:5
2019-06-26 17:30:49.370 T:3053474672 DEBUG: CVideoPlayerVideo::OutputPicture - ttd:282ms pts:26.360 Clock:26.078 Level:5
2019-06-26 17:30:49.421 T:3053474672 DEBUG: CVideoPlayerVideo::OutputPicture - ttd:271ms pts:26.401 Clock:26.129 Level:5
2019-06-26 17:30:49.464 T:3053474672 DEBUG: CVideoPlayerVideo::OutputPicture - ttd:271ms pts:26.443 Clock:26.172 Level:5
2019-06-26 17:30:49.484 T:3112223600 DEBUG: CVideoPlayer::ProcessVideoData size:196088 dts:34.660 pts:34.868 dur:41.000ms, clock:26.192 level:89
2019-06-26 17:30:49.485 T:3112223600 DEBUG: CVideoPlayer::ProcessVideoData size:124202 dts:34.701 pts:34.785 dur:41.000ms, clock:26.193 level:89
2019-06-26 17:30:49.489 T:3112223600 DEBUG: CVideoPlayer::ProcessVideoData size:84451 dts:34.743 pts:34.743 dur:41.000ms, clock:26.197 level:90
2019-06-26 17:30:49.489 T:3112223600 DEBUG: CVideoPlayer::ProcessVideoData size:79962 dts:34.785 pts:34.826 dur:41.000ms, clock:26.197 level:90
2019-06-26 17:30:49.498 T:3053474672 DEBUG: CVideoPlayerVideo::OutputPicture - ttd:278ms pts:26.485 Clock:26.206 Level:5
2019-06-26 17:30:49.549 T:3053474672 DEBUG: CVideoPlayerVideo::OutputPicture - ttd:268ms pts:26.526 Clock:26.257 Level:5
2019-06-26 17:30:49.581 T:3053474672 DEBUG: CVideoPlayerVideo::OutputPicture - ttd:278ms pts:26.568 Clock:26.289 Level:5
2019-06-26 17:30:49.640 T:3053474672 DEBUG: CVideoPlayerVideo::OutputPicture - ttd:261ms pts:26.610 Clock:26.348 Level:4
2019-06-26 17:30:49.665 T:3053474672 DEBUG: CVideoPlayerVideo::OutputPicture - ttd:279ms pts:26.652 Clock:26.373 Level:5
2019-06-26 17:30:49.673 T:3112223600 DEBUG: CVideoPlayer::ProcessVideoData size:196363 dts:34.826 pts:35.035 dur:41.000ms, clock:26.381 level:89
2019-06-26 17:30:49.674 T:3112223600 DEBUG: CVideoPlayer::ProcessVideoData size:151261 dts:34.868 pts:34.952 dur:41.000ms, clock:26.382 level:89
2019-06-26 17:30:49.675 T:3112223600 DEBUG: CVideoPlayer::ProcessVideoData size:87783 dts:34.910 pts:34.910 dur:41.000ms, clock:26.383 level:90
2019-06-26 17:30:49.675 T:3112223600 DEBUG: CVideoPlayer::ProcessVideoData size:93468 dts:34.952 pts:34.993 dur:41.000ms, clock:26.384 level:90
2019-06-26 17:30:49.716 T:3053474672 DEBUG: CVideoPlayerVideo::OutputPicture - ttd:268ms pts:26.693 Clock:26.424 Level:5
2019-06-26 17:30:49.748 T:3053474672 DEBUG: CVideoPlayerVideo::OutputPicture - ttd:278ms pts:26.735 Clock:26.456 Level:5
2019-06-26 17:30:49.800 T:3053474672 DEBUG: CVideoPlayerVideo::OutputPicture - ttd:268ms pts:26.777 Clock:26.509 Level:5
2019-06-26 17:30:49.826 T:3112223600 DEBUG: CVideoPlayer::ProcessVideoData size:194418 dts:34.993 pts:35.202 dur:41.000ms, clock:26.535 level:89
2019-06-26 17:30:49.827 T:3112223600 DEBUG: CVideoPlayer::ProcessVideoData size:125736 dts:35.035 pts:35.118 dur:41.000ms, clock:26.535 level:89
2019-06-26 17:30:49.828 T:3112223600 DEBUG: CVideoPlayer::ProcessVideoData size:80014 dts:35.077 pts:35.077 dur:41.000ms, clock:26.536 level:90
2019-06-26 17:30:49.833 T:3053474672 DEBUG: CVideoPlayerVideo::OutputPicture - ttd:277ms pts:26.818 Clock:26.541 Level:5
2019-06-26 17:30:49.833 T:3112223600 DEBUG: CVideoPlayer::ProcessVideoData size:87843 dts:35.118 pts:35.160 dur:41.000ms, clock:26.542 level:90
2019-06-26 17:30:49.891 T:3053474672 DEBUG: CVideoPlayerVideo::OutputPicture - ttd:260ms pts:26.860 Clock:26.599 Level:4
2019-06-26 17:30:49.914 T:3053474672 DEBUG: CVideoPlayerVideo::OutputPicture - ttd:279ms pts:26.902 Clock:26.622 Level:5
2019-06-26 17:30:49.946 T:3053474672 DEBUG: CVideoPlayerVideo::OutputPicture - ttd:289ms pts:26.944 Clock:26.654 Level:5
2019-06-26 17:30:49.985 T:3112223600 DEBUG: CVideoPlayer::ProcessVideoData size:199885 dts:35.160 pts:35.369 dur:41.000ms, clock:26.694 level:89
2019-06-26 17:30:49.986 T:3112223600 DEBUG: CVideoPlayer::ProcessVideoData size:130634 dts:35.202 pts:35.285 dur:41.000ms, clock:26.694 level:89
2019-06-26 17:30:49.987 T:3112223600 DEBUG: CVideoPlayer::ProcessVideoData size:88717 dts:35.244 pts:35.244 dur:41.000ms, clock:26.695 level:90
2019-06-26 17:30:49.987 T:3112223600 DEBUG: CVideoPlayer::ProcessVideoData size:81487 dts:35.285 pts:35.327 dur:41.000ms, clock:26.695 level:90
2019-06-26 17:30:49.997 T:3053474672 DEBUG: CVideoPlayerVideo::OutputPicture - ttd:279ms pts:26.985 Clock:26.706 Level:5
2019-06-26 17:30:50.051 T:3053474672 DEBUG: CVideoPlayerVideo::OutputPicture - ttd:267ms pts:27.027 Clock:26.759 Level:4
2019-06-26 17:30:50.056 T:3741279088 DEBUG: CAddonSettings[plugin.video.youtube]: loading setting definitions
2019-06-26 17:30:50.056 T:3741279088 DEBUG: CAddonSettings[plugin.video.youtube]: trying to load setting definitions from old format...
2019-06-26 17:30:50.060 T:3741279088 DEBUG: CAddonSettings[plugin.video.youtube]: loading setting values
2019-06-26 17:30:50.062 T:3741279088 DEBUG: CSettingsManager: requested setting (kodion.mpd.webm) was not found.
2019-06-26 17:30:50.062 T:3741279088 DEBUG: CAddonSettings[plugin.video.youtube]: failed to find definition for setting kodion.mpd.webm. Creating a setting on-the-fly...
2019-06-26 17:30:50.089 T:3401806704 DEBUG: CAddonSettings[plugin.video.youtube]: loading setting definitions
2019-06-26 17:30:50.089 T:3401806704 DEBUG: CAddonSettings[plugin.video.youtube]: trying to load setting definitions from old format...
2019-06-26 17:30:50.090 T:3053474672 DEBUG: CVideoPlayerVideo::OutputPicture - ttd:270ms pts:27.069 Clock:26.798 Level:5
2019-06-26 17:30:50.094 T:3401806704 DEBUG: CAddonSettings[plugin.video.youtube]: loading setting values
2019-06-26 17:30:50.096 T:3401806704 DEBUG: CSettingsManager: requested setting (kodion.mpd.webm) was not found.
2019-06-26 17:30:50.098 T:3401806704 DEBUG: CAddonSettings[plugin.video.youtube]: failed to find definition for setting kodion.mpd.webm. Creating a setting on-the-fly...
2019-06-26 17:30:50.105 T:3401806704 DEBUG: CAddonSettings[plugin.video.youtube]: loading setting definitions
2019-06-26 17:30:50.105 T:3401806704 DEBUG: CAddonSettings[plugin.video.youtube]: trying to load setting definitions from old format...
2019-06-26 17:30:50.107 T:3401806704 DEBUG: CAddonSettings[plugin.video.youtube]: loading setting values
2019-06-26 17:30:50.108 T:3401806704 DEBUG: CSettingsManager: requested setting (kodion.mpd.webm) was not found.
2019-06-26 17:30:50.108 T:3401806704 DEBUG: CAddonSettings[plugin.video.youtube]: failed to find definition for setting kodion.mpd.webm. Creating a setting on-the-fly...
2019-06-26 17:30:50.109 T:3401806704 DEBUG: [plugin.video.youtube] HTTPServer: Request uri path |/ping|
2019-06-26 17:30:50.109 T:3401806704 DEBUG: [plugin.video.youtube] HTTPServer: Connection from |127.0.0.1| Local range: |True|
2019-06-26 17:30:50.115 T:3741279088 DEBUG: [plugin.video.youtube] HTTPServer: Ping |127.0.0.1:50152| |204|
2019-06-26 17:30:50.141 T:3053474672 DEBUG: CVideoPlayerVideo::OutputPicture - ttd:260ms pts:27.110 Clock:26.849 Level:4
2019-06-26 17:30:50.167 T:3053474672 DEBUG: CVideoPlayerVideo::OutputPicture - ttd:277ms pts:27.152 Clock:26.875 Level:5
2019-06-26 17:30:50.172 T:3112223600 DEBUG: CVideoPlayer::ProcessVideoData size:200626 dts:35.327 pts:35.535 dur:41.000ms, clock:26.880 level:89
2019-06-26 17:30:50.172 T:3112223600 DEBUG: CVideoPlayer::ProcessVideoData size:154985 dts:35.369 pts:35.452 dur:41.000ms, clock:26.881 level:89
2019-06-26 17:30:50.173 T:3112223600 DEBUG: CVideoPlayer::ProcessVideoData size:90952 dts:35.410 pts:35.410 dur:41.000ms, clock:26.881 level:90
2019-06-26 17:30:50.174 T:3112223600 DEBUG: CVideoPlayer::ProcessVideoData size:88817 dts:35.452 pts:35.494 dur:41.000ms, clock:26.882 level:90
2019-06-26 17:30:50.218 T:3053474672 DEBUG: CVideoPlayerVideo::OutputPicture - ttd:268ms pts:27.194 Clock:26.926 Level:5
2019-06-26 17:30:50.250 T:3053474672 DEBUG: CVideoPlayerVideo::OutputPicture - ttd:277ms pts:27.236 Clock:26.958 Level:5
2019-06-26 17:30:50.301 T:3053474672 DEBUG: CVideoPlayerVideo::OutputPicture - ttd:267ms pts:27.277 Clock:27.009 Level:4
2019-06-26 17:30:50.328 T:3112223600 DEBUG: CVideoPlayer::ProcessVideoData size:195243 dts:35.494 pts:35.702 dur:41.000ms, clock:27.036 level:89
2019-06-26 17:30:50.329 T:3112223600 DEBUG: CVideoPlayer::ProcessVideoData size:130885 dts:35.535 pts:35.619 dur:41.000ms, clock:27.037 level:89
2019-06-26 17:30:50.329 T:3112223600 DEBUG: CVideoPlayer::ProcessVideoData size:92528 dts:35.577 pts:35.577 dur:41.000ms, clock:27.038 level:90
2019-06-26 17:30:50.330 T:3112223600 DEBUG: CVideoPlayer::ProcessVideoData size:81120 dts:35.619 pts:35.661 dur:41.000ms, clock:27.038 level:90
2019-06-26 17:30:50.333 T:3053474672 DEBUG: CVideoPlayerVideo::OutputPicture - ttd:277ms pts:27.319 Clock:27.042 Level:5
2019-06-26 17:30:50.368 T:3053474672 DEBUG: CVideoPlayerVideo::OutputPicture - ttd:285ms pts:27.361 Clock:27.076 Level:5
2019-06-26 17:30:50.415 T:3053474672 DEBUG: CVideoPlayerVideo::OutputPicture - ttd:279ms pts:27.402 Clock:27.123 Level:5
2019-06-26 17:30:50.447 T:3053474672 DEBUG: CVideoPlayerVideo::OutputPicture - ttd:288ms pts:27.444 Clock:27.155 Level:5
2019-06-26 17:30:50.487 T:3112223600 DEBUG: CVideoPlayer::ProcessVideoData size:199519 dts:35.661 pts:35.869 dur:41.000ms, clock:27.195 level:89
2019-06-26 17:30:50.487 T:3112223600 DEBUG: CVideoPlayer::ProcessVideoData size:153440 dts:35.702 pts:35.786 dur:41.000ms, clock:27.195 level:89
2019-06-26 17:30:50.488 T:3112223600 DEBUG: CVideoPlayer::ProcessVideoData size:93708 dts:35.744 pts:35.744 dur:41.000ms, clock:27.196 level:90
2019-06-26 17:30:50.489 T:3112223600 DEBUG: CVideoPlayer::ProcessVideoData size:86810 dts:35.786 pts:35.827 dur:41.000ms, clock:27.197 level:90
2019-06-26 17:30:50.503 T:3053474672 DEBUG: CVideoPlayerVideo::OutputPicture - ttd:274ms pts:27.486 Clock:27.211 Level:5
2019-06-26 17:30:50.549 T:3053474672 DEBUG: CVideoPlayerVideo::OutputPicture - ttd:270ms pts:27.527 Clock:27.257 Level:5
2019-06-26 17:30:50.582 T:3053474672 DEBUG: CVideoPlayerVideo::OutputPicture - ttd:278ms pts:27.569 Clock:27.290 Level:5
2019-06-26 17:30:50.634 T:3053474672 DEBUG: CVideoPlayerVideo::OutputPicture - ttd:269ms pts:27.611 Clock:27.342 Level:5
2019-06-26 17:30:50.666 T:3053474672 DEBUG: CVideoPlayerVideo::OutputPicture - ttd:279ms pts:27.653 Clock:27.374 Level:5
2019-06-26 17:30:50.717 T:3053474672 DEBUG: CVideoPlayerVideo::OutputPicture - ttd:268ms pts:27.694 Clock:27.425 Level:5
2019-06-26 17:30:50.735 T:3112223600 DEBUG: CVideoPlayer::ProcessVideoData size:203708 dts:35.827 pts:36.119 dur:41.000ms, clock:27.443 level:88
2019-06-26 17:30:50.735 T:3112223600 DEBUG: CVideoPlayer::ProcessVideoData size:163896 dts:35.869 pts:35.994 dur:41.000ms, clock:27.444 level:88
2019-06-26 17:30:50.736 T:3112223600 DEBUG: CVideoPlayer::ProcessVideoData size:95357 dts:35.911 pts:35.911 dur:41.000ms, clock:27.444 level:89
2019-06-26 17:30:50.737 T:3112223600 DEBUG: CVideoPlayer::ProcessVideoData size:94568 dts:35.953 pts:35.953 dur:41.000ms, clock:27.445 level:89
2019-06-26 17:30:50.738 T:3112223600 DEBUG: CVideoPlayer::ProcessVideoData size:96910 dts:35.994 pts:36.036 dur:41.000ms, clock:27.446 level:90
2019-06-26 17:30:50.738 T:3112223600 DEBUG: CVideoPlayer::ProcessVideoData size:92692 dts:36.036 pts:36.078 dur:41.000ms, clock:27.447 level:90
2019-06-26 17:30:50.753 T:3053474672 DEBUG: CVideoPlayerVideo::OutputPicture - ttd:275ms pts:27.736 Clock:27.461 Level:5
2019-06-26 17:30:50.797 T:3053474672 DEBUG: CVideoPlayerVideo::OutputPicture - ttd:272ms pts:27.778 Clock:27.505 Level:5
2019-06-26 17:30:50.833 T:3053474672 DEBUG: CVideoPlayerVideo::OutputPicture - ttd:278ms pts:27.819 Clock:27.541 Level:5
2019-06-26 17:30:50.883 T:3053474672 DEBUG: CVideoPlayerVideo::OutputPicture - ttd:269ms pts:27.861 Clock:27.591 Level:5
2019-06-26 17:30:50.920 T:3053474672 DEBUG: CVideoPlayerVideo::OutputPicture - ttd:274ms pts:27.903 Clock:27.628 Level:4
2019-06-26 17:30:50.951 T:3053474672 DEBUG: CVideoPlayerVideo::OutputPicture - ttd:285ms pts:27.945 Clock:27.659 Level:5
2019-06-26 17:30:50.971 T:3112223600 DEBUG: CVideoPlayer::ProcessVideoData size:206406 dts:36.078 pts:36.328 dur:41.000ms, clock:27.679 level:87
2019-06-26 17:30:50.975 T:3112223600 DEBUG: CVideoPlayer::ProcessVideoData size:160088 dts:36.119 pts:36.245 dur:41.000ms, clock:27.683 level:88
2019-06-26 17:30:50.975 T:3112223600 DEBUG: CVideoPlayer::ProcessVideoData size:87658 dts:36.161 pts:36.161 dur:41.000ms, clock:27.683 level:88
2019-06-26 17:30:50.976 T:3112223600 DEBUG: CVideoPlayer::ProcessVideoData size:89213 dts:36.203 pts:36.203 dur:41.000ms, clock:27.684 level:89
2019-06-26 17:30:50.977 T:3112223600 DEBUG: CVideoPlayer::ProcessVideoData size:89489 dts:36.245 pts:36.286 dur:41.000ms, clock:27.685 level:89
2019-06-26 17:30:50.997 T:3053474672 DEBUG: CVideoPlayerVideo::OutputPicture - ttd:280ms pts:27.986 Clock:27.706 Level:5
2019-06-26 17:30:51.053 T:3053474672 DEBUG: CVideoPlayerVideo::OutputPicture - ttd:266ms pts:28.028 Clock:27.761 Level:4
2019-06-26 17:30:51.084 T:3053474672 DEBUG: CVideoPlayerVideo::OutputPicture - ttd:277ms pts:28.070 Clock:27.792 Level:5
2019-06-26 17:30:51.124 T:3112223600 DEBUG: CVideoPlayer::ProcessVideoData size:197987 dts:36.286 pts:36.495 dur:41.000ms, clock:27.833 level:88
2019-06-26 17:30:51.125 T:3112223600 DEBUG: CVideoPlayer::ProcessVideoData size:166042 dts:36.328 pts:36.411 dur:41.000ms, clock:27.833 level:88
2019-06-26 17:30:51.126 T:3112223600 DEBUG: CVideoPlayer::ProcessVideoData size:104375 dts:36.370 pts:36.370 dur:41.000ms, clock:27.834 level:89
2019-06-26 17:30:51.127 T:3112223600 DEBUG: CVideoPlayer::ProcessVideoData size:91263 dts:36.411 pts:36.453 dur:41.000ms, clock:27.835 level:89
2019-06-26 17:30:51.135 T:3053474672 DEBUG: CVideoPlayerVideo::OutputPicture - ttd:267ms pts:28.111 Clock:27.843 Level:4
2019-06-26 17:30:51.164 T:3053474672 DEBUG: CVideoPlayerVideo::OutputPicture - ttd:280ms pts:28.153 Clock:27.872 Level:5
2019-06-26 17:30:51.201 T:3053474672 DEBUG: CVideoPlayerVideo::OutputPicture - ttd:285ms pts:28.195 Clock:27.909 Level:5
2019-06-26 17:30:51.253 T:3053474672 DEBUG: CVideoPlayerVideo::OutputPicture - ttd:275ms pts:28.237 Clock:27.962 Level:5
2019-06-26 17:30:51.303 T:3053474672 DEBUG: CVideoPlayerVideo::OutputPicture - ttd:266ms pts:28.278 Clock:28.011 Level:4
2019-06-26 17:30:51.331 T:3053474672 DEBUG: CVideoPlayerVideo::OutputPicture - ttd:280ms pts:28.320 Clock:28.040 Level:5
2019-06-26 17:30:51.369 T:3053474672 DEBUG: CVideoPlayerVideo::OutputPicture - ttd:284ms pts:28.362 Clock:28.077 Level:5
2019-06-26 17:30:51.374 T:3112223600 DEBUG: CVideoPlayer::ProcessVideoData size:189616 dts:36.453 pts:36.745 dur:41.000ms, clock:28.082 level:87
2019-06-26 17:30:51.375 T:3112223600 DEBUG: CVideoPlayer::ProcessVideoData size:163051 dts:36.495 pts:36.620 dur:41.000ms, clock:28.083 level:87
2019-06-26 17:30:51.376 T:3112223600 DEBUG: CVideoPlayer::ProcessVideoData size:100565 dts:36.536 pts:36.536 dur:41.000ms, clock:28.084 level:88
2019-06-26 17:30:51.377 T:3112223600 DEBUG: CVideoPlayer::ProcessVideoData size:100584 dts:36.578 pts:36.578 dur:41.000ms, clock:28.085 level:88
2019-06-26 17:30:51.377 T:3112223600 DEBUG: CVideoPlayer::ProcessVideoData size:93383 dts:36.620 pts:36.662 dur:41.000ms, clock:28.085 level:89
2019-06-26 17:30:51.378 T:3112223600 DEBUG: CVideoPlayer::ProcessVideoData size:96287 dts:36.662 pts:36.703 dur:41.000ms, clock:28.086 level:89
2019-06-26 17:30:51.417 T:3053474672 DEBUG: CVideoPlayerVideo::OutputPicture - ttd:277ms pts:28.403 Clock:28.126 Level:5
2019-06-26 17:30:51.469 T:3053474672 DEBUG: CVideoPlayerVideo::OutputPicture - ttd:268ms pts:28.445 Clock:28.177 Level:4
2019-06-26 17:30:51.499 T:3053474672 DEBUG: CVideoPlayerVideo::OutputPicture - ttd:279ms pts:28.487 Clock:28.208 Level:5
2019-06-26 17:30:51.534 T:3112223600 DEBUG: CVideoPlayer::ProcessVideoData size:162687 dts:36.703 pts:36.912 dur:41.000ms, clock:28.242 level:88
2019-06-26 17:30:51.534 T:3112223600 DEBUG: CVideoPlayer::ProcessVideoData size:135922 dts:36.745 pts:36.828 dur:41.000ms, clock:28.242 level:89
2019-06-26 17:30:51.534 T:3112223600 DEBUG: CVideoPlayer::ProcessVideoData size:90534 dts:36.787 pts:36.787 dur:41.000ms, clock:28.243 level:89
2019-06-26 17:30:51.535 T:3112223600 DEBUG: CVideoPlayer::ProcessVideoData size:90696 dts:36.828 pts:36.870 dur:41.000ms, clock:28.243 level:90
2019-06-26 17:30:51.551 T:3053474672 DEBUG: CVideoPlayerVideo::OutputPicture - ttd:268ms pts:28.528 Clock:28.260 Level:4
2019-06-26 17:30:51.583 T:3053474672 DEBUG: CVideoPlayerVideo::OutputPicture - ttd:278ms pts:28.570 Clock:28.292 Level:5
2019-06-26 17:30:51.633 T:3053474672 DEBUG: CVideoPlayerVideo::OutputPicture - ttd:270ms pts:28.612 Clock:28.342 Level:5
2019-06-26 17:30:51.667 T:3053474672 DEBUG: CVideoPlayerVideo::OutputPicture - ttd:279ms pts:28.654 Clock:28.375 Level:5
2019-06-26 17:30:51.720 T:3053474672 DEBUG: CVideoPlayerVideo::OutputPicture - ttd:267ms pts:28.695 Clock:28.428 Level:4
2019-06-26 17:30:51.723 T:3112223600 DEBUG: CVideoPlayer::ProcessVideoData size:149114 dts:36.870 pts:37.079 dur:41.000ms, clock:28.431 level:88
2019-06-26 17:30:51.723 T:3112223600 DEBUG: CVideoPlayer::ProcessVideoData size:124269 dts:36.912 pts:36.995 dur:41.000ms, clock:28.431 level:88
2019-06-26 17:30:51.724 T:3112223600 DEBUG: CVideoPlayer::ProcessVideoData size:80901 dts:36.954 pts:36.954 dur:41.000ms, clock:28.432 level:89
2019-06-26 17:30:51.725 T:3112223600 DEBUG: CVideoPlayer::ProcessVideoData size:83345 dts:36.995 pts:37.037 dur:41.000ms, clock:28.433 level:89
2019-06-26 17:30:51.753 T:3053474672 DEBUG: CVideoPlayerVideo::OutputPicture - ttd:275ms pts:28.737 Clock:28.461 Level:5
2019-06-26 17:30:51.803 T:3053474672 DEBUG: CVideoPlayerVideo::OutputPicture - ttd:267ms pts:28.779 Clock:28.512 Level:4
2019-06-26 17:30:51.837 T:3053474672 DEBUG: CVideoPlayerVideo::OutputPicture - ttd:275ms pts:28.820 Clock:28.545 Level:5
2019-06-26 17:30:51.875 T:3112223600 DEBUG: CVideoPlayer::ProcessVideoData size:133800 dts:37.037 pts:37.204 dur:41.000ms, clock:28.583 level:88
2019-06-26 17:30:51.876 T:3112223600 DEBUG: CVideoPlayer::ProcessVideoData size:98292 dts:37.079 pts:37.162 dur:41.000ms, clock:28.584 level:89
2019-06-26 17:30:51.876 T:3112223600 DEBUG: CVideoPlayer::ProcessVideoData size:87188 dts:37.120 pts:37.120 dur:41.000ms, clock:28.584 level:89
2019-06-26 17:30:51.884 T:3053474672 DEBUG: CVideoPlayerVideo::OutputPicture - ttd:269ms pts:28.862 Clock:28.592 Level:5
2019-06-26 17:30:51.917 T:3053474672 DEBUG: CVideoPlayerVideo::OutputPicture - ttd:279ms pts:28.904 Clock:28.625 Level:5
2019-06-26 17:30:51.949 T:3053474672 DEBUG: CVideoPlayerVideo::OutputPicture - ttd:289ms pts:28.946 Clock:28.657 Level:5
2019-06-26 17:30:52.000 T:3053474672 DEBUG: CVideoPlayerVideo::OutputPicture - ttd:279ms pts:28.987 Clock:28.708 Level:5
2019-06-26 17:30:52.052 T:3053474672 DEBUG: CVideoPlayerVideo::OutputPicture - ttd:269ms pts:29.029 Clock:28.760 Level:5
2019-06-26 17:30:52.083 T:3053474672 DEBUG: CVideoPlayerVideo::OutputPicture - ttd:280ms pts:29.071 Clock:28.791 Level:5
2019-06-26 17:30:52.135 T:3053474672 DEBUG: CVideoPlayerVideo::OutputPicture - ttd:268ms pts:29.112 Clock:28.843 Level:5
2019-06-26 17:30:52.165 T:3112223600 DEBUG: CVideoPlayer::ProcessVideoData size:132114 dts:37.162 pts:37.371 dur:41.000ms, clock:28.874 level:86
2019-06-26 17:30:52.168 T:3112223600 DEBUG: CVideoPlayer::ProcessVideoData size:111530 dts:37.204 pts:37.287 dur:41.000ms, clock:28.876 level:87
2019-06-26 17:30:52.170 T:3053474672 DEBUG: CVideoPlayerVideo::OutputPicture - ttd:275ms pts:29.154 Clock:28.878 Level:5
2019-06-26 17:30:52.173 T:3112223600 DEBUG: CVideoPlayer::ProcessVideoData size:87143 dts:37.246 pts:37.246 dur:41.000ms, clock:28.881 level:87
2019-06-26 17:30:52.173 T:3112223600 DEBUG: CVideoPlayer::ProcessVideoData size:82965 dts:37.287 pts:37.329 dur:41.000ms, clock:28.882 level:88
2019-06-26 17:30:52.215 T:3053474672 DEBUG: CVideoPlayerVideo::OutputPicture - ttd:272ms pts:29.196 Clock:28.924 Level:5
2019-06-26 17:30:52.253 T:3053474672 DEBUG: CVideoPlayerVideo::OutputPicture - ttd:276ms pts:29.238 Clock:28.961 Level:5
2019-06-26 17:30:52.299 T:3053474672 DEBUG: CVideoPlayerVideo::OutputPicture - ttd:271ms pts:29.279 Clock:29.007 Level:5
2019-06-26 17:30:52.335 T:3053474672 DEBUG: CVideoPlayerVideo::OutputPicture - ttd:278ms pts:29.321 Clock:29.043 Level:5
2019-06-26 17:30:52.371 T:3053474672 DEBUG: CVideoPlayerVideo::OutputPicture - ttd:283ms pts:29.363 Clock:29.079 Level:5
2019-06-26 17:30:52.418 T:3053474672 DEBUG: CVideoPlayerVideo::OutputPicture - ttd:277ms pts:29.404 Clock:29.126 Level:5
2019-06-26 17:30:52.423 T:3112223600 DEBUG: CVideoPlayer::ProcessVideoData size:123261 dts:37.329 pts:37.537 dur:41.000ms, clock:29.131 level:72
2019-06-26 17:30:52.424 T:3112223600 DEBUG: CVideoPlayer::ProcessVideoData size:106249 dts:37.371 pts:37.454 dur:41.000ms, clock:29.132 level:73
2019-06-26 17:30:52.424 T:3112223600 DEBUG: CVideoPlayer::ProcessVideoData size:81624 dts:37.412 pts:37.412 dur:41.000ms, clock:29.132 level:73
2019-06-26 17:30:52.425 T:3112223600 DEBUG: CVideoPlayer::ProcessVideoData size:81147 dts:37.454 pts:37.496 dur:41.000ms, clock:29.133 level:74
2019-06-26 17:30:52.452 T:3053474672 DEBUG: CVideoPlayerVideo::OutputPicture - ttd:286ms pts:29.446 Clock:29.160 Level:5
2019-06-26 17:30:52.504 T:3053474672 DEBUG: CVideoPlayerVideo::OutputPicture - ttd:276ms pts:29.488 Clock:29.212 Level:5
2019-06-26 17:30:52.550 T:3053474672 DEBUG: CVideoPlayerVideo::OutputPicture - ttd:271ms pts:29.529 Clock:29.258 Level:5
2019-06-26 17:30:52.583 T:3053474672 DEBUG: CVideoPlayerVideo::OutputPicture - ttd:279ms pts:29.571 Clock:29.291 Level:5
2019-06-26 17:30:52.630 T:3112223600 DEBUG: CVideoPlayer::ProcessVideoData size:128559 dts:37.496 pts:37.704 dur:41.000ms, clock:29.338 level:70
2019-06-26 17:30:52.630 T:3112223600 DEBUG: CVideoPlayer::ProcessVideoData size:105423 dts:37.537 pts:37.621 dur:41.000ms, clock:29.338 level:71
2019-06-26 17:30:52.631 T:3112223600 DEBUG: CVideoPlayer::ProcessVideoData size:77919 dts:37.579 pts:37.579 dur:41.000ms, clock:29.339 level:71
2019-06-26 17:30:52.632 T:3112223600 DEBUG: CVideoPlayer::ProcessVideoData size:82367 dts:37.621 pts:37.663 dur:41.000ms, clock:29.340 level:72
2019-06-26 17:30:52.634 T:3053474672 DEBUG: CVideoPlayerVideo::OutputPicture - ttd:271ms pts:29.613 Clock:29.342 Level:5
2019-06-26 17:30:52.673 T:3053474672 DEBUG: CVideoPlayerVideo::OutputPicture - ttd:273ms pts:29.655 Clock:29.381 Level:5
2019-06-26 17:30:52.706 T:3053474672 DEBUG: CVideoPlayerVideo::OutputPicture - ttd:281ms pts:29.696 Clock:29.414 Level:5
2019-06-26 17:30:52.760 T:3053474672 DEBUG: CVideoPlayerVideo::OutputPicture - ttd:269ms pts:29.738 Clock:29.468 Level:5
2019-06-26 17:30:52.799 T:3053474672 DEBUG: CVideoPlayerVideo::OutputPicture - ttd:272ms pts:29.780 Clock:29.508 Level:5
2019-06-26 17:30:52.839 T:3053474672 DEBUG: CVideoPlayerVideo::OutputPicture - ttd:274ms pts:29.821 Clock:29.547 Level:5
2019-06-26 17:30:52.874 T:3112223600 DEBUG: CVideoPlayer::ProcessVideoData size:123745 dts:37.663 pts:37.871 dur:41.000ms, clock:29.582 level:72
2019-06-26 17:30:52.874 T:3112223600 DEBUG: CVideoPlayer::ProcessVideoData size:98158 dts:37.704 pts:37.788 dur:41.000ms, clock:29.582 level:73
2019-06-26 17:30:52.875 T:3112223600 DEBUG: CVideoPlayer::ProcessVideoData size:74935 dts:37.746 pts:37.746 dur:41.000ms, clock:29.583 level:73
2019-06-26 17:30:52.876 T:3112223600 DEBUG: CVideoPlayer::ProcessVideoData size:74888 dts:37.788 pts:37.829 dur:41.000ms, clock:29.584 level:74
2019-06-26 17:30:52.885 T:3053474672 DEBUG: CVideoPlayerVideo::OutputPicture - ttd:270ms pts:29.863 Clock:29.593 Level:5
2019-06-26 17:30:52.918 T:3053474672 DEBUG: CVideoPlayerVideo::OutputPicture - ttd:279ms pts:29.905 Clock:29.626 Level:5
2019-06-26 17:30:52.970 T:3053474672 DEBUG: CVideoPlayerVideo::OutputPicture - ttd:269ms pts:29.947 Clock:29.678 Level:5
2019-06-26 17:30:53.012 T:3053474672 DEBUG: CVideoPlayerVideo::OutputPicture - ttd:268ms pts:29.988 Clock:29.720 Level:5
2019-06-26 17:30:53.060 T:3053474672 DEBUG: CVideoPlayerVideo::OutputPicture - ttd:261ms pts:30.030 Clock:29.768 Level:4
2019-06-26 17:30:53.093 T:3053474672 DEBUG: CVideoPlayerVideo::OutputPicture - ttd:270ms pts:30.072 Clock:29.802 Level:5
2019-06-26 17:30:53.145 T:3053474672 DEBUG: CVideoPlayerVideo::OutputPicture - ttd:259ms pts:30.113 Clock:29.854 Level:4
2019-06-26 17:30:53.172 T:3053474672 DEBUG: CVideoPlayerVideo::OutputPicture - ttd:274ms pts:30.155 Clock:29.880 Level:5
2019-06-26 17:30:53.175 T:3112223600 DEBUG: CVideoPlayer::ProcessVideoData size:107306 dts:37.829 pts:38.163 dur:41.000ms, clock:29.883 level:75
2019-06-26 17:30:53.175 T:3112223600 DEBUG: CVideoPlayer::ProcessVideoData size:81527 dts:37.871 pts:38.038 dur:41.000ms, clock:29.883 level:75
2019-06-26 17:30:53.176 T:3112223600 DEBUG: CVideoPlayer::ProcessVideoData size:74497 dts:37.913 pts:37.913 dur:41.000ms, clock:29.884 level:76
2019-06-26 17:30:53.176 T:3112223600 DEBUG: CVideoPlayer::ProcessVideoData size:73612 dts:37.955 pts:37.955 dur:41.000ms, clock:29.884 level:76
2019-06-26 17:30:53.177 T:3112223600 DEBUG: CVideoPlayer::ProcessVideoData size:75329 dts:37.996 pts:37.996 dur:41.000ms, clock:29.885 level:77
2019-06-26 17:30:53.178 T:3112223600 DEBUG: CVideoPlayer::ProcessVideoData size:68788 dts:38.038 pts:38.080 dur:41.000ms, clock:29.886 level:77
2019-06-26 17:30:53.178 T:3112223600 DEBUG: CVideoPlayer::ProcessVideoData size:68201 dts:38.080 pts:38.121 dur:41.000ms, clock:29.886 level:78
2019-06-26 17:30:53.206 T:3053474672 DEBUG: CVideoPlayerVideo::OutputPicture - ttd:283ms pts:30.197 Clock:29.914 Level:5
2019-06-26 17:30:53.251 T:3053474672 DEBUG: CVideoPlayerVideo::OutputPicture - ttd:279ms pts:30.239 Clock:29.959 Level:5
2019-06-26 17:30:53.303 T:3053474672 DEBUG: CVideoPlayerVideo::OutputPicture - ttd:268ms pts:30.280 Clock:30.011 Level:4
2019-06-26 17:30:53.335 T:3053474672 DEBUG: CVideoPlayerVideo::OutputPicture - ttd:278ms pts:30.322 Clock:30.043 Level:5
2019-06-26 17:30:53.370 T:3129009008 DEBUG: Thread JobWorker 3129009008 terminating (autodelete)
2019-06-26 17:30:53.370 T:3061867376 DEBUG: Thread JobWorker 3061867376 terminating (autodelete)
2019-06-26 17:30:53.371 T:3186479984 DEBUG: Thread JobWorker 3186479984 terminating (autodelete)
2019-06-26 17:30:53.371 T:3053474672 DEBUG: CVideoPlayerVideo::OutputPicture - ttd:285ms pts:30.364 Clock:30.079 Level:5
2019-06-26 17:30:53.371 T:3036689264 DEBUG: Thread JobWorker 3036689264 terminating (autodelete)
2019-06-26 17:30:53.417 T:3053474672 DEBUG: CVideoPlayerVideo::OutputPicture - ttd:279ms pts:30.405 Clock:30.125 Level:5
2019-06-26 17:30:53.429 T:3112223600 DEBUG: CVideoPlayer::ProcessVideoData size:110510 dts:38.121 pts:38.455 dur:41.000ms, clock:30.137 level:78
2019-06-26 17:30:53.430 T:3112223600 DEBUG: CVideoPlayer::ProcessVideoData size:85010 dts:38.163 pts:38.330 dur:41.000ms, clock:30.138 level:79
2019-06-26 17:30:53.430 T:3112223600 DEBUG: CVideoPlayer::ProcessVideoData size:67929 dts:38.205 pts:38.205 dur:41.000ms, clock:30.138 level:79
2019-06-26 17:30:53.431 T:3112223600 DEBUG: CVideoPlayer::ProcessVideoData size:68622 dts:38.247 pts:38.247 dur:41.000ms, clock:30.139 level:80
2019-06-26 17:30:53.431 T:3112223600 DEBUG: CVideoPlayer::ProcessVideoData size:68081 dts:38.288 pts:38.288 dur:41.000ms, clock:30.139 level:80
2019-06-26 17:30:53.432 T:3112223600 DEBUG: CVideoPlayer::ProcessVideoData size:69879 dts:38.330 pts:38.372 dur:41.000ms, clock:30.140 level:81
2019-06-26 17:30:53.433 T:3112223600 DEBUG: CVideoPlayer::ProcessVideoData size:67995 dts:38.372 pts:38.413 dur:41.000ms, clock:30.141 level:81
2019-06-26 17:30:53.469 T:3053474672 DEBUG: CVideoPlayerVideo::OutputPicture - ttd:270ms pts:30.447 Clock:30.177 Level:5
2019-06-26 17:30:53.502 T:3053474672 DEBUG: CVideoPlayerVideo::OutputPicture - ttd:278ms pts:30.489 Clock:30.210 Level:5
2019-06-26 17:30:53.562 T:3053474672 DEBUG: CVideoPlayerVideo::OutputPicture - ttd:259ms pts:30.530 Clock:30.270 Level:4
2019-06-26 17:30:53.588 T:3053474672 DEBUG: CVideoPlayerVideo::OutputPicture - ttd:275ms pts:30.572 Clock:30.296 Level:5
2019-06-26 17:30:53.621 T:3053474672 DEBUG: CVideoPlayerVideo::OutputPicture - ttd:284ms pts:30.614 Clock:30.329 Level:5
2019-06-26 17:30:53.667 T:3053474672 DEBUG: CVideoPlayerVideo::OutputPicture - ttd:281ms pts:30.656 Clock:30.375 Level:5
2019-06-26 17:30:53.681 T:3112223600 DEBUG: CVideoPlayer::ProcessVideoData size:112888 dts:38.413 pts:38.747 dur:41.000ms, clock:30.389 level:82
2019-06-26 17:30:53.682 T:3112223600 DEBUG: CVideoPlayer::ProcessVideoData size:88002 dts:38.455 pts:38.622 dur:41.000ms, clock:30.390 level:82
2019-06-26 17:30:53.688 T:3112223600 DEBUG: CVideoPlayer::ProcessVideoData size:68531 dts:38.497 pts:38.497 dur:41.000ms, clock:30.396 level:83
2019-06-26 17:30:53.688 T:3112223600 DEBUG: CVideoPlayer::ProcessVideoData size:68459 dts:38.538 pts:38.538 dur:41.000ms, clock:30.396 level:83
2019-06-26 17:30:53.688 T:3112223600 DEBUG: CVideoPlayer::ProcessVideoData size:68114 dts:38.580 pts:38.580 dur:41.000ms, clock:30.397 level:84
2019-06-26 17:30:53.689 T:3112223600 DEBUG: CVideoPlayer::ProcessVideoData size:69763 dts:38.622 pts:38.664 dur:41.000ms, clock:30.397 level:84
2019-06-26 17:30:53.689 T:3112223600 DEBUG: CVideoPlayer::ProcessVideoData size:69661 dts:38.664 pts:38.705 dur:41.000ms, clock:30.397 level:85
2019-06-26 17:30:53.713 T:3053474672 DEBUG: CVideoPlayerVideo::OutputPicture - ttd:276ms pts:30.697 Clock:30.421 Level:5
2019-06-26 17:30:53.761 T:3053474672 DEBUG: CVideoPlayerVideo::OutputPicture - ttd:270ms pts:30.739 Clock:30.469 Level:5
2019-06-26 17:30:53.813 T:3053474672 DEBUG: CVideoPlayerVideo::OutputPicture - ttd:259ms pts:30.781 Clock:30.521 Level:4
2019-06-26 17:30:53.848 T:3053474672 DEBUG: CVideoPlayerVideo::OutputPicture - ttd:266ms pts:30.822 Clock:30.556 Level:5
2019-06-26 17:30:53.866 T:3112223600 DEBUG: CVideoPlayer::ProcessVideoData size:115827 dts:38.705 pts:38.956 dur:41.000ms, clock:30.574 level:84
2019-06-26 17:30:53.866 T:3112223600 DEBUG: CVideoPlayer::ProcessVideoData size:89264 dts:38.747 pts:38.872 dur:41.000ms, clock:30.574 level:85
2019-06-26 17:30:53.867 T:3112223600 DEBUG: CVideoPlayer::ProcessVideoData size:69793 dts:38.789 pts:38.789 dur:41.000ms, clock:30.575 level:85
2019-06-26 17:30:53.869 T:3112223600 DEBUG: CVideoPlayer::ProcessVideoData size:69311 dts:38.830 pts:38.830 dur:41.000ms, clock:30.577 level:86
2019-06-26 17:30:53.870 T:3112223600 DEBUG: CVideoPlayer::ProcessVideoData size:69872 dts:38.872 pts:38.914 dur:41.000ms, clock:30.578 level:87
2019-06-26 17:30:53.886 T:3053474672 DEBUG: CVideoPlayerVideo::OutputPicture - ttd:270ms pts:30.864 Clock:30.593 Level:5
2019-06-26 17:30:53.894 T:3112223600 DEBUG: CVideoPlayer::ProcessVideoData size:148309 dts:38.914 pts:38.997 dur:41.000ms, clock:30.601 level:87
2019-06-26 17:30:53.921 T:3053474672 DEBUG: CVideoPlayerVideo::OutputPicture - ttd:276ms pts:30.906 Clock:30.629 Level:5
2019-06-26 17:30:53.956 T:3053474672 DEBUG: CVideoPlayerVideo::OutputPicture - ttd:284ms pts:30.948 Clock:30.664 Level:5
2019-06-26 17:30:54.004 T:3053474672 DEBUG: CVideoPlayerVideo::OutputPicture - ttd:277ms pts:30.989 Clock:30.712 Level:5
2019-06-26 17:30:54.052 T:3053474672 DEBUG: CVideoPlayerVideo::OutputPicture - ttd:271ms pts:31.031 Clock:30.760 Level:5
2019-06-26 17:30:54.076 T:3112223600 DEBUG: CVideoPlayer::ProcessVideoData size:113443 dts:38.956 pts:39.248 dur:41.000ms, clock:30.784 level:85
2019-06-26 17:30:54.077 T:3112223600 DEBUG: CVideoPlayer::ProcessVideoData size:88901 dts:38.997 pts:39.122 dur:41.000ms, clock:30.785 level:86
2019-06-26 17:30:54.078 T:3112223600 DEBUG: CVideoPlayer::ProcessVideoData size:71773 dts:39.039 pts:39.039 dur:41.000ms, clock:30.786 level:87
2019-06-26 17:30:54.078 T:3112223600 DEBUG: CVideoPlayer::ProcessVideoData size:69968 dts:39.081 pts:39.081 dur:41.000ms, clock:30.786 level:87
2019-06-26 17:30:54.079 T:3112223600 DEBUG: CVideoPlayer::ProcessVideoData size:69108 dts:39.122 pts:39.164 dur:41.000ms, clock:30.787 level:88
2019-06-26 17:30:54.079 T:3112223600 DEBUG: CVideoPlayer::ProcessVideoData size:69875 dts:39.164 pts:39.206 dur:41.000ms, clock:30.787 level:88
2019-06-26 17:30:54.094 T:3053474672 DEBUG: CVideoPlayerVideo::OutputPicture - ttd:271ms pts:31.073 Clock:30.802 Level:5
2019-06-26 17:30:54.141 T:3053474672 DEBUG: CVideoPlayerVideo::OutputPicture - ttd:265ms pts:31.114 Clock:30.849 Level:4
2019-06-26 17:30:54.171 T:3053474672 DEBUG: CVideoPlayerVideo::OutputPicture - ttd:277ms pts:31.156 Clock:30.879 Level:5
2019-06-26 17:30:54.222 T:3053474672 DEBUG: CVideoPlayerVideo::OutputPicture - ttd:268ms pts:31.198 Clock:30.930 Level:4
2019-06-26 17:30:54.256 T:3053474672 DEBUG: CVideoPlayerVideo::OutputPicture - ttd:275ms pts:31.240 Clock:30.964 Level:5
2019-06-26 17:30:54.303 T:3053474672 DEBUG: CVideoPlayerVideo::OutputPicture - ttd:269ms pts:31.281 Clock:31.011 Level:5
2019-06-26 17:30:54.348 T:3053474672 DEBUG: CVideoPlayerVideo::OutputPicture - ttd:266ms pts:31.323 Clock:31.056 Level:5
2019-06-26 17:30:54.361 T:3112223600 DEBUG: CVideoPlayer::ProcessVideoData size:117997 dts:39.206 pts:39.539 dur:41.000ms, clock:31.069 level:85
2019-06-26 17:30:54.362 T:3112223600 DEBUG: CVideoPlayer::ProcessVideoData size:90362 dts:39.248 pts:39.414 dur:41.000ms, clock:31.070 level:85
2019-06-26 17:30:54.366 T:3112223600 DEBUG: CVideoPlayer::ProcessVideoData size:71259 dts:39.289 pts:39.289 dur:41.000ms, clock:31.074 level:86
2019-06-26 17:30:54.367 T:3112223600 DEBUG: CVideoPlayer::ProcessVideoData size:71086 dts:39.331 pts:39.331 dur:41.000ms, clock:31.075 level:87
2019-06-26 17:30:54.368 T:3112223600 DEBUG: CVideoPlayer::ProcessVideoData size:72900 dts:39.373 pts:39.373 dur:41.000ms, clock:31.076 level:87
2019-06-26 17:30:54.370 T:3112223600 DEBUG: CVideoPlayer::ProcessVideoData size:70375 dts:39.414 pts:39.456 dur:41.000ms, clock:31.078 level:88
2019-06-26 17:30:54.371 T:3112223600 DEBUG: CVideoPlayer::ProcessVideoData size:71100 dts:39.456 pts:39.498 dur:41.000ms, clock:31.079 level:88
2019-06-26 17:30:54.398 T:3053474672 DEBUG: CVideoPlayerVideo::OutputPicture - ttd:258ms pts:31.365 Clock:31.106 Level:4
2019-06-26 17:30:54.423 T:3053474672 DEBUG: CVideoPlayerVideo::OutputPicture - ttd:275ms pts:31.406 Clock:31.131 Level:5
2019-06-26 17:30:54.470 T:3053474672 DEBUG: CVideoPlayerVideo::OutputPicture - ttd:269ms pts:31.448 Clock:31.178 Level:5
2019-06-26 17:30:54.505 T:3053474672 DEBUG: CVideoPlayerVideo::OutputPicture - ttd:277ms pts:31.490 Clock:31.213 Level:5
2019-06-26 17:30:54.554 T:3053474672 DEBUG: CVideoPlayerVideo::OutputPicture - ttd:268ms pts:31.531 Clock:31.262 Level:5
2019-06-26 17:30:54.585 T:3053474672 DEBUG: CVideoPlayerVideo::OutputPicture - ttd:280ms pts:31.573 Clock:31.292 Level:5
2019-06-26 17:30:54.636 T:3112223600 DEBUG: CVideoPlayer::ProcessVideoData size:117223 dts:39.498 pts:39.831 dur:41.000ms, clock:31.344 level:85
2019-06-26 17:30:54.637 T:3112223600 DEBUG: CVideoPlayer::ProcessVideoData size:95443 dts:39.539 pts:39.706 dur:41.000ms, clock:31.345 level:85
2019-06-26 17:30:54.639 T:3112223600 DEBUG: CVideoPlayer::ProcessVideoData size:70325 dts:39.581 pts:39.581 dur:41.000ms, clock:31.347 level:86
2019-06-26 17:30:54.640 T:3112223600 DEBUG: CVideoPlayer::ProcessVideoData size:72119 dts:39.623 pts:39.623 dur:41.000ms, clock:31.348 level:87
2019-06-26 17:30:54.642 T:3112223600 DEBUG: CVideoPlayer::ProcessVideoData size:71019 dts:39.665 pts:39.665 dur:41.000ms, clock:31.349 level:87
2019-06-26 17:30:54.642 T:3112223600 DEBUG: CVideoPlayer::ProcessVideoData size:71625 dts:39.706 pts:39.748 dur:41.000ms, clock:31.350 level:88
2019-06-26 17:30:54.643 T:3112223600 DEBUG: CVideoPlayer::ProcessVideoData size:71640 dts:39.748 pts:39.790 dur:41.000ms, clock:31.351 level:88
2019-06-26 17:30:54.644 T:3053474672 DEBUG: CVideoPlayerVideo::OutputPicture - ttd:262ms pts:31.615 Clock:31.352 Level:4
2019-06-26 17:30:54.673 T:3053474672 DEBUG: CVideoPlayerVideo::OutputPicture - ttd:276ms pts:31.657 Clock:31.381 Level:5
2019-06-26 17:30:54.720 T:3053474672 DEBUG: CVideoPlayerVideo::OutputPicture - ttd:269ms pts:31.698 Clock:31.428 Level:5
2019-06-26 17:30:54.755 T:3053474672 DEBUG: CVideoPlayerVideo::OutputPicture - ttd:277ms pts:31.740 Clock:31.463 Level:5
2019-06-26 17:30:54.805 T:3053474672 DEBUG: CVideoPlayerVideo::OutputPicture - ttd:269ms pts:31.782 Clock:31.513 Level:5
2019-06-26 17:30:54.830 T:3112223600 DEBUG: CVideoPlayer::ProcessVideoData size:108917 dts:39.790 pts:40.040 dur:41.000ms, clock:31.538 level:86
2019-06-26 17:30:54.831 T:3112223600 DEBUG: CVideoPlayer::ProcessVideoData size:91028 dts:39.831 pts:39.957 dur:41.000ms, clock:31.539 level:87
2019-06-26 17:30:54.831 T:3112223600 DEBUG: CVideoPlayer::ProcessVideoData size:72566 dts:39.873 pts:39.873 dur:41.000ms, clock:31.539 level:87
2019-06-26 17:30:54.832 T:3112223600 DEBUG: CVideoPlayer::ProcessVideoData size:72927 dts:39.915 pts:39.915 dur:41.000ms, clock:31.540 level:88
2019-06-26 17:30:54.833 T:3112223600 DEBUG: CVideoPlayer::ProcessVideoData size:73912 dts:39.957 pts:39.998 dur:41.000ms, clock:31.540 level:88
2019-06-26 17:30:54.841 T:3053474672 DEBUG: CVideoPlayerVideo::OutputPicture - ttd:274ms pts:31.823 Clock:31.548 Level:5
2019-06-26 17:30:54.885 T:3053474672 DEBUG: CVideoPlayerVideo::OutputPicture - ttd:272ms pts:31.865 Clock:31.593 Level:5
2019-06-26 17:30:54.920 T:3053474672 DEBUG: CVideoPlayerVideo::OutputPicture - ttd:279ms pts:31.907 Clock:31.627 Level:5
