2019-06-26 17:34:17.702 T:3053474672 DEBUG: CVideoPlayerVideo::OutputPicture - ttd:190ms pts:212.462 Clock:212.271 Level:3
2019-06-26 17:34:17.703 T:3053474672 DEBUG: CVideoPlayerVideo::OutputPicture - ttd:231ms pts:212.504 Clock:212.273 Level:4
2019-06-26 17:34:17.705 T:3053474672 DEBUG: CVideoPlayerVideo::OutputPicture - ttd:271ms pts:212.546 Clock:212.274 Level:5
2019-06-26 17:34:17.737 T:3112223600 DEBUG: CVideoPlayer::ProcessVideoData size:132995 dts:212.879 pts:213.046 dur:41.000ms, clock:212.306 level:0
2019-06-26 17:34:17.740 T:3053474672 DEBUG: CVideoPlayerVideo::OutputPicture - ttd:277ms pts:212.587 Clock:212.309 Level:5
2019-06-26 17:34:17.815 T:3112223600 DEBUG: CVideoPlayer::ProcessVideoData size:114082 dts:212.921 pts:212.921 dur:41.000ms, clock:212.385 level:0
2019-06-26 17:34:17.819 T:3053474672 DEBUG: CVideoPlayerVideo::OutputPicture - ttd:241ms pts:212.629 Clock:212.388 Level:4
2019-06-26 17:34:17.820 T:3053474672 DEBUG: CVideoPlayerVideo::OutputPicture - ttd:281ms pts:212.671 Clock:212.390 Level:5
2019-06-26 17:34:17.858 T:3112223600 DEBUG: CVideoPlayer::ProcessVideoData size:115623 dts:212.963 pts:212.963 dur:41.000ms, clock:212.428 level:0
2019-06-26 17:34:17.881 T:3112223600 DEBUG: CVideoPlayer::ProcessVideoData size:116166 dts:213.004 pts:213.004 dur:41.000ms, clock:212.451 level:0
2019-06-26 17:34:17.884 T:3053474672 DEBUG: CVideoPlayerVideo::OutputPicture - ttd:258ms pts:212.712 Clock:212.454 Level:4
2019-06-26 17:34:17.923 T:3112223600 DEBUG: CVideoPlayer::ProcessVideoData size:127078 dts:213.046 pts:213.088 dur:41.000ms, clock:212.492 level:0
2019-06-26 17:34:17.927 T:3053474672 DEBUG: CVideoPlayerVideo::OutputPicture - ttd:257ms pts:212.754 Clock:212.496 Level:4
2019-06-26 17:34:17.962 T:3112223600 DEBUG: CVideoPlayer::ProcessVideoData size:119144 dts:213.088 pts:213.130 dur:41.000ms, clock:212.532 level:0
2019-06-26 17:34:17.967 T:3053474672 DEBUG: CVideoPlayerVideo::OutputPicture - ttd:259ms pts:212.796 Clock:212.536 Level:4
2019-06-26 17:34:18.142 T:3112223600 DEBUG: CVideoPlayer::ProcessVideoData size:177115 dts:213.130 pts:213.422 dur:41.000ms, clock:212.711 level:0
2019-06-26 17:34:18.187 T:3112223600 DEBUG: CVideoPlayer::ProcessVideoData size:136003 dts:213.171 pts:213.296 dur:41.000ms, clock:212.756 level:0
2019-06-26 17:34:18.228 T:3112223600 DEBUG: CVideoPlayer::ProcessVideoData size:118799 dts:213.213 pts:213.213 dur:41.000ms, clock:212.797 level:0
2019-06-26 17:34:18.268 T:3112223600 DEBUG: CVideoPlayer::ProcessVideoData size:118218 dts:213.255 pts:213.255 dur:41.000ms, clock:212.838 level:0
2019-06-26 17:34:18.334 T:3112223600 DEBUG: CVideoPlayer::ProcessVideoData size:121392 dts:213.296 pts:213.338 dur:41.000ms, clock:212.904 level:0
2019-06-26 17:34:18.337 T:3053474672 DEBUG: CVideoPlayerVideo::OutputPicture - ttd:-68ms pts:212.838 Clock:212.907 Level:0
2019-06-26 17:34:18.339 T:3053474672 DEBUG: CVideoPlayerVideo::OutputPicture - ttd:-28ms pts:212.879 Clock:212.908 Level:1
2019-06-26 17:34:18.340 T:3053474672 DEBUG: CVideoPlayerVideo::OutputPicture - ttd:11ms pts:212.921 Clock:212.909 Level:2
2019-06-26 17:34:18.341 T:3053474672 DEBUG: CVideoPlayerVideo::OutputPicture - ttd:52ms pts:212.963 Clock:212.911 Level:3
2019-06-26 17:34:18.342 T:3053474672 DEBUG: CVideoPlayerVideo::OutputPicture - ttd:92ms pts:213.004 Clock:212.912 Level:4
2019-06-26 17:34:18.344 T:3053474672 DEBUG: CVideoPlayerVideo::OutputPicture - ttd:132ms pts:213.046 Clock:212.913 Level:5
2019-06-26 17:34:18.379 T:3112223600 DEBUG: CVideoPlayer::ProcessVideoData size:121218 dts:213.338 pts:213.380 dur:41.000ms, clock:212.948 level:0
2019-06-26 17:34:18.502 T:3112223600 DEBUG: CVideoPlayer::ProcessVideoData size:174327 dts:213.380 pts:213.713 dur:41.000ms, clock:213.071 level:0
2019-06-26 17:34:18.584 T:3112223600 DEBUG: CVideoPlayer::ProcessVideoData size:134479 dts:213.422 pts:213.588 dur:41.000ms, clock:213.153 level:0
2019-06-26 17:34:18.628 T:3112223600 DEBUG: CVideoPlayer::ProcessVideoData size:128135 dts:213.463 pts:213.463 dur:41.000ms, clock:213.198 level:0
2019-06-26 17:34:18.673 T:3112223600 DEBUG: CVideoPlayer::ProcessVideoData size:123570 dts:213.505 pts:213.505 dur:41.000ms, clock:213.242 level:0
2019-06-26 17:34:18.718 T:3112223600 DEBUG: CVideoPlayer::ProcessVideoData size:121529 dts:213.547 pts:213.547 dur:41.000ms, clock:213.287 level:0
2019-06-26 17:34:18.762 T:3112223600 DEBUG: CVideoPlayer::ProcessVideoData size:118932 dts:213.588 pts:213.630 dur:41.000ms, clock:213.331 level:0
2019-06-26 17:34:18.765 T:3053474672 DEBUG: CVideoPlayerVideo::OutputPicture - ttd:-245ms pts:213.088 Clock:213.334 Level:0
2019-06-26 17:34:18.766 T:3053474672 DEBUG: CVideoPlayerVideo::OutputPicture - ttd:-205ms pts:213.130 Clock:213.335 Level:1
2019-06-26 17:34:18.767 T:3053474672 DEBUG: CVideoPlayerVideo::OutputPicture - ttd:-165ms pts:213.171 Clock:213.337 Level:2
2019-06-26 17:34:18.769 T:3053474672 DEBUG: CVideoPlayerVideo::OutputPicture - ttd:-125ms pts:213.213 Clock:213.338 Level:0
2019-06-26 17:34:18.770 T:3053474672 DEBUG: CVideoPlayerVideo::OutputPicture - ttd:-84ms pts:213.255 Clock:213.340 Level:1
2019-06-26 17:34:18.772 T:3053474672 DEBUG: CVideoPlayerVideo::OutputPicture - ttd:-45ms pts:213.296 Clock:213.341 Level:2
2019-06-26 17:34:18.773 T:3053474672 DEBUG: CVideoPlayerVideo::OutputPicture - ttd:-4ms pts:213.338 Clock:213.342 Level:3
2019-06-26 17:34:18.776 T:3251893104 NOTICE: CVideoPlayerAudio::Process - stream stalled
2019-06-26 17:34:18.845 T:3112223600 DEBUG: CVideoPlayer::ProcessVideoData size:115811 dts:213.630 pts:213.672 dur:41.000ms, clock:213.414 level:0
2019-06-26 17:34:18.845 T:3112223600 DEBUG: CDVDClock::SetSpeedAdjust - adjusted:0.000000
2019-06-26 17:34:18.849 T:3053474672 DEBUG: CAMLCodec::SetSpeed, speed(0)
2019-06-26 17:34:18.851 T:3251893104 DEBUG: CDVDAudio::Pause - pausing audio stream
2019-06-26 17:34:19.001 T:3112223600 DEBUG: CVideoPlayer::ProcessVideoData size:171442 dts:213.672 pts:214.005 dur:41.000ms, clock:213.414 level:0
2019-06-26 17:34:19.042 T:3112223600 DEBUG: CVideoPlayer::ProcessVideoData size:131168 dts:213.713 pts:213.880 dur:41.000ms, clock:213.414 level:0
2019-06-26 17:34:19.126 T:3112223600 DEBUG: CVideoPlayer::ProcessVideoData size:114196 dts:213.755 pts:213.755 dur:41.000ms, clock:213.414 level:0
2019-06-26 17:34:19.160 T:3112223600 DEBUG: CVideoPlayer::ProcessVideoData size:121503 dts:213.797 pts:213.797 dur:41.000ms, clock:213.414 level:0
2019-06-26 17:34:19.207 T:3112223600 DEBUG: CVideoPlayer::ProcessVideoData size:117783 dts:213.839 pts:213.839 dur:41.000ms, clock:213.414 level:0
2019-06-26 17:34:19.210 T:3053474672 DEBUG: CVideoPlayerVideo::OutputPicture - ttd:-34ms pts:213.380 Clock:213.414 Level:0
2019-06-26 17:34:19.248 T:3112223600 DEBUG: CVideoPlayer::ProcessVideoData size:119880 dts:213.880 pts:213.922 dur:41.000ms, clock:213.414 level:0
2019-06-26 17:34:19.252 T:3053474672 DEBUG: CVideoPlayerVideo::OutputPicture - ttd:7ms pts:213.422 Clock:213.414 Level:0
2019-06-26 17:34:19.292 T:3112223600 DEBUG: CVideoPlayer::ProcessVideoData size:119424 dts:213.922 pts:213.964 dur:41.000ms, clock:213.414 level:0
2019-06-26 17:34:19.297 T:3053474672 DEBUG: CVideoPlayerVideo::OutputPicture - ttd:48ms pts:213.463 Clock:213.414 Level:0
2019-06-26 17:34:19.483 T:3112223600 DEBUG: CVideoPlayer::ProcessVideoData size:172479 dts:213.964 pts:214.256 dur:41.000ms, clock:213.414 level:0
2019-06-26 17:34:19.527 T:3112223600 DEBUG: CVideoPlayer::ProcessVideoData size:134770 dts:214.005 pts:214.131 dur:41.000ms, clock:213.414 level:0
2019-06-26 17:34:19.530 T:3053474672 DEBUG: CVideoPlayerVideo::OutputPicture - ttd:90ms pts:213.505 Clock:213.414 Level:0
2019-06-26 17:34:19.547 T:3112223600 DEBUG: CVideoPlayer::ProcessVideoData size:118213 dts:214.047 pts:214.047 dur:41.000ms, clock:213.414 level:0
2019-06-26 17:34:19.550 T:3053474672 DEBUG: CVideoPlayerVideo::OutputPicture - ttd:132ms pts:213.547 Clock:213.414 Level:1
2019-06-26 17:34:19.587 T:3112223600 DEBUG: CVideoPlayer::ProcessVideoData size:128743 dts:214.089 pts:214.089 dur:41.000ms, clock:213.414 level:0
2019-06-26 17:34:19.590 T:3053474672 DEBUG: CVideoPlayerVideo::OutputPicture - ttd:173ms pts:213.588 Clock:213.414 Level:2
2019-06-26 17:34:19.667 T:3112223600 DEBUG: CVideoPlayer::ProcessVideoData size:117875 dts:214.131 pts:214.172 dur:41.000ms, clock:213.414 level:0
2019-06-26 17:34:19.670 T:3053474672 DEBUG: CVideoPlayerVideo::OutputPicture - ttd:215ms pts:213.630 Clock:213.414 Level:3
2019-06-26 17:34:19.708 T:3112223600 DEBUG: CVideoPlayer::ProcessVideoData size:118487 dts:214.172 pts:214.214 dur:41.000ms, clock:213.414 level:0
2019-06-26 17:34:19.713 T:3053474672 DEBUG: CVideoPlayerVideo::OutputPicture - ttd:257ms pts:213.672 Clock:213.414 Level:4
2019-06-26 17:34:19.871 T:3112223600 DEBUG: CVideoPlayer::ProcessVideoData size:182169 dts:214.214 pts:214.548 dur:41.000ms, clock:213.414 level:0
2019-06-26 17:34:19.873 T:3053474672 DEBUG: CVideoPlayerVideo::OutputPicture - ttd:298ms pts:213.713 Clock:213.414 Level:5
2019-06-26 17:34:19.964 T:3112223600 DEBUG: CVideoPlayer::ProcessVideoData size:136344 dts:214.256 pts:214.423 dur:41.000ms, clock:213.414 level:0
2019-06-26 17:34:20.008 T:3112223600 DEBUG: CVideoPlayer::ProcessVideoData size:121302 dts:214.297 pts:214.297 dur:41.000ms, clock:213.414 level:0
2019-06-26 17:34:20.049 T:3112223600 DEBUG: CVideoPlayer::ProcessVideoData size:121469 dts:214.339 pts:214.339 dur:41.000ms, clock:213.414 level:0
2019-06-26 17:34:20.070 T:3112223600 DEBUG: CVideoPlayer::ProcessVideoData size:123870 dts:214.381 pts:214.381 dur:41.000ms, clock:213.414 level:0
2019-06-26 17:34:20.113 T:3112223600 DEBUG: CVideoPlayer::ProcessVideoData size:124280 dts:214.423 pts:214.464 dur:41.000ms, clock:213.414 level:0
2019-06-26 17:34:20.192 T:3112223600 DEBUG: CVideoPlayer::ProcessVideoData size:118800 dts:214.464 pts:214.506 dur:41.000ms, clock:213.414 level:0
2019-06-26 17:34:20.340 T:3112223600 DEBUG: CVideoPlayer::ProcessVideoData size:175638 dts:214.506 pts:214.840 dur:41.000ms, clock:213.414 level:0
2019-06-26 17:34:20.380 T:3112223600 DEBUG: CVideoPlayer::ProcessVideoData size:143756 dts:214.548 pts:214.714 dur:41.000ms, clock:213.414 level:0
2019-06-26 17:34:20.462 T:3112223600 DEBUG: CVideoPlayer::ProcessVideoData size:118211 dts:214.589 pts:214.589 dur:41.000ms, clock:213.414 level:0
2019-06-26 17:34:20.504 T:3112223600 DEBUG: CVideoPlayer::ProcessVideoData size:121529 dts:214.631 pts:214.631 dur:41.000ms, clock:213.414 level:0
2019-06-26 17:34:20.555 T:3112223600 DEBUG: CVideoPlayer::ProcessVideoData size:116576 dts:214.673 pts:214.673 dur:41.000ms, clock:213.414 level:0
2019-06-26 17:34:20.605 T:3112223600 DEBUG: CVideoPlayer::ProcessVideoData size:114187 dts:214.714 pts:214.756 dur:41.000ms, clock:213.414 level:0
2019-06-26 17:34:20.625 T:3112223600 DEBUG: CVideoPlayer::ProcessVideoData size:116221 dts:214.756 pts:214.798 dur:41.000ms, clock:213.414 level:0
2019-06-26 17:34:20.791 T:3112223600 DEBUG: CVideoPlayer::ProcessVideoData size:180049 dts:214.798 pts:215.048 dur:41.000ms, clock:213.414 level:0
2019-06-26 17:34:20.839 T:3112223600 DEBUG: CVideoPlayer::ProcessVideoData size:139780 dts:214.840 pts:214.965 dur:41.000ms, clock:213.414 level:0
2019-06-26 17:34:20.863 T:3112223600 DEBUG: CVideoPlayer::ProcessVideoData size:103075 dts:214.881 pts:214.881 dur:41.000ms, clock:213.414 level:0
2019-06-26 17:34:20.910 T:3112223600 DEBUG: CVideoPlayer::ProcessVideoData size:101723 dts:214.923 pts:214.923 dur:41.000ms, clock:213.414 level:0
2019-06-26 17:34:20.930 T:3112223600 DEBUG: CVideoPlayer::ProcessVideoData size:91253 dts:214.965 pts:215.006 dur:41.000ms, clock:213.414 level:0
2019-06-26 17:34:21.147 T:3112223600 DEBUG: CVideoPlayer::ProcessVideoData size:176756 dts:215.006 pts:215.340 dur:41.000ms, clock:213.414 level:0
2019-06-26 17:34:21.187 T:3112223600 DEBUG: CVideoPlayer::ProcessVideoData size:134183 dts:215.048 pts:215.215 dur:41.000ms, clock:213.414 level:0
2019-06-26 17:34:21.274 T:3112223600 DEBUG: CVideoPlayer::ProcessVideoData size:101734 dts:215.090 pts:215.090 dur:41.000ms, clock:213.414 level:0
2019-06-26 17:34:21.299 T:3112223600 DEBUG: CVideoPlayer::ProcessVideoData size:96339 dts:215.132 pts:215.132 dur:41.000ms, clock:213.414 level:0
2019-06-26 17:34:21.347 T:3112223600 DEBUG: CVideoPlayer::ProcessVideoData size:94758 dts:215.173 pts:215.173 dur:41.000ms, clock:213.414 level:0
2019-06-26 17:34:21.371 T:3112223600 DEBUG: CVideoPlayer::ProcessVideoData size:92245 dts:215.215 pts:215.257 dur:41.000ms, clock:213.414 level:0
2019-06-26 17:34:21.396 T:3112223600 DEBUG: CVideoPlayer::ProcessVideoData size:93082 dts:215.257 pts:215.298 dur:41.000ms, clock:213.414 level:0
2019-06-26 17:34:21.568 T:3112223600 DEBUG: CVideoPlayer::ProcessVideoData size:185699 dts:215.298 pts:215.590 dur:41.000ms, clock:213.414 level:0
2019-06-26 17:34:21.613 T:3112223600 DEBUG: CVideoPlayer::ProcessVideoData size:145539 dts:215.340 pts:215.465 dur:41.000ms, clock:213.414 level:0
2019-06-26 17:34:21.656 T:3112223600 DEBUG: CVideoPlayer::ProcessVideoData size:93691 dts:215.382 pts:215.382 dur:41.000ms, clock:213.414 level:0
2019-06-26 17:34:21.675 T:3112223600 DEBUG: CVideoPlayer::ProcessVideoData size:96516 dts:215.424 pts:215.424 dur:41.000ms, clock:213.414 level:0
2019-06-26 17:34:21.716 T:3112223600 DEBUG: CVideoPlayer::ProcessVideoData size:100636 dts:215.465 pts:215.507 dur:41.000ms, clock:213.414 level:0
2019-06-26 17:34:21.736 T:3112223600 DEBUG: CVideoPlayer::ProcessVideoData size:98358 dts:215.507 pts:215.549 dur:41.000ms, clock:213.414 level:0
2019-06-26 17:34:21.939 T:3112223600 DEBUG: CVideoPlayer::ProcessVideoData size:191317 dts:215.549 pts:215.882 dur:41.000ms, clock:213.414 level:0
2019-06-26 17:34:21.983 T:3112223600 DEBUG: CVideoPlayer::ProcessVideoData size:148146 dts:215.590 pts:215.757 dur:41.000ms, clock:213.414 level:0
2019-06-26 17:34:22.063 T:3112223600 DEBUG: CVideoPlayer::ProcessVideoData size:104673 dts:215.632 pts:215.632 dur:41.000ms, clock:213.414 level:0
2019-06-26 17:34:22.111 T:3112223600 DEBUG: CVideoPlayer::ProcessVideoData size:105737 dts:215.674 pts:215.674 dur:41.000ms, clock:213.414 level:0
2019-06-26 17:34:22.131 T:3112223600 DEBUG: CVideoPlayer::ProcessVideoData size:104112 dts:215.715 pts:215.715 dur:41.000ms, clock:213.414 level:0
2019-06-26 17:34:22.176 T:3112223600 DEBUG: CVideoPlayer::ProcessVideoData size:109434 dts:215.757 pts:215.799 dur:41.000ms, clock:213.414 level:0
2019-06-26 17:34:22.196 T:3112223600 DEBUG: CVideoPlayer::ProcessVideoData size:101084 dts:215.799 pts:215.841 dur:41.000ms, clock:213.414 level:0
2019-06-26 17:34:22.392 T:3112223600 DEBUG: CVideoPlayer::ProcessVideoData size:181868 dts:215.841 pts:216.174 dur:41.000ms, clock:213.414 level:0
2019-06-26 17:34:22.441 T:3112223600 DEBUG: CVideoPlayer::ProcessVideoData size:148299 dts:215.882 pts:216.049 dur:41.000ms, clock:213.414 level:0
2019-06-26 17:34:22.489 T:3112223600 DEBUG: CVideoPlayer::ProcessVideoData size:99703 dts:215.924 pts:215.924 dur:41.000ms, clock:213.414 level:0
2019-06-26 17:34:22.509 T:3112223600 DEBUG: CVideoPlayer::ProcessVideoData size:106317 dts:215.966 pts:215.966 dur:41.000ms, clock:213.414 level:0
2019-06-26 17:34:22.593 T:3112223600 DEBUG: CVideoPlayer::ProcessVideoData size:100206 dts:216.007 pts:216.007 dur:41.000ms, clock:213.414 level:0
2019-06-26 17:34:22.630 T:3112223600 DEBUG: CVideoPlayer::ProcessVideoData size:107801 dts:216.049 pts:216.091 dur:41.000ms, clock:213.414 level:0
2019-06-26 17:34:22.696 T:3112223600 DEBUG: CVideoPlayer::ProcessVideoData size:100674 dts:216.091 pts:216.133 dur:41.000ms, clock:213.414 level:0
2019-06-26 17:34:22.820 T:3112223600 DEBUG: CVideoPlayer::ProcessVideoData size:189392 dts:216.133 pts:216.425 dur:41.000ms, clock:213.414 level:0
2019-06-26 17:34:22.911 T:3112223600 DEBUG: CVideoPlayer::ProcessVideoData size:140994 dts:216.174 pts:216.299 dur:41.000ms, clock:213.414 level:0
2019-06-26 17:34:22.938 T:3112223600 DEBUG: CVideoPlayer::ProcessVideoData size:93232 dts:216.216 pts:216.216 dur:41.000ms, clock:213.414 level:0
2019-06-26 17:34:22.995 T:3112223600 DEBUG: CVideoPlayer::ProcessVideoData size:95799 dts:216.258 pts:216.258 dur:41.000ms, clock:213.414 level:0
2019-06-26 17:34:23.018 T:3112223600 DEBUG: CVideoPlayer::ProcessVideoData size:97168 dts:216.299 pts:216.341 dur:41.000ms, clock:213.414 level:0
2019-06-26 17:34:23.064 T:3112223600 DEBUG: CVideoPlayer::ProcessVideoData size:95009 dts:216.341 pts:216.383 dur:41.000ms, clock:213.414 level:0
2019-06-26 17:34:23.261 T:3112223600 DEBUG: CVideoPlayer::ProcessVideoData size:194901 dts:216.383 pts:216.716 dur:41.000ms, clock:213.414 level:0
2019-06-26 17:34:23.301 T:3112223600 DEBUG: CVideoPlayer::ProcessVideoData size:144975 dts:216.425 pts:216.591 dur:41.000ms, clock:213.414 level:0
2019-06-26 17:34:23.322 T:3112223600 DEBUG: CVideoPlayer::ProcessVideoData size:105979 dts:216.466 pts:216.466 dur:41.000ms, clock:213.414 level:0
2019-06-26 17:34:23.361 T:3112223600 DEBUG: CVideoPlayer::ProcessVideoData size:105270 dts:216.508 pts:216.508 dur:41.000ms, clock:213.414 level:0
2019-06-26 17:34:23.447 T:3112223600 DEBUG: CVideoPlayer::ProcessVideoData size:101202 dts:216.550 pts:216.550 dur:41.000ms, clock:213.414 level:0
2019-06-26 17:34:23.470 T:3112223600 DEBUG: CVideoPlayer::ProcessVideoData size:102033 dts:216.591 pts:216.633 dur:41.000ms, clock:213.414 level:0
2019-06-26 17:34:23.514 T:3112223600 DEBUG: CVideoPlayer::ProcessVideoData size:99315 dts:216.633 pts:216.675 dur:41.000ms, clock:213.414 level:0
2019-06-26 17:34:23.685 T:3112223600 DEBUG: CVideoPlayer::ProcessVideoData size:182765 dts:216.675 pts:217.008 dur:41.000ms, clock:213.414 level:0
2019-06-26 17:34:23.756 T:3112223600 DEBUG: CVideoPlayer::ProcessVideoData size:146729 dts:216.716 pts:216.883 dur:41.000ms, clock:213.414 level:0
2019-06-26 17:34:23.778 T:3112223600 DEBUG: CVideoPlayer::ProcessVideoData size:99640 dts:216.758 pts:216.758 dur:41.000ms, clock:213.414 level:0
2019-06-26 17:34:23.821 T:3112223600 DEBUG: CVideoPlayer::ProcessVideoData size:104949 dts:216.800 pts:216.800 dur:41.000ms, clock:213.414 level:0
2019-06-26 17:34:23.841 T:3112223600 DEBUG: CVideoPlayer::ProcessVideoData size:101636 dts:216.842 pts:216.842 dur:41.000ms, clock:213.414 level:0
2019-06-26 17:34:23.885 T:3112223600 DEBUG: CVideoPlayer::ProcessVideoData size:101829 dts:216.883 pts:216.925 dur:41.000ms, clock:213.414 level:0
2019-06-26 17:34:23.945 T:3112223600 DEBUG: CVideoPlayer::ProcessVideoData size:102573 dts:216.925 pts:216.967 dur:41.000ms, clock:213.414 level:0
2019-06-26 17:34:24.094 T:3112223600 DEBUG: CVideoPlayer::ProcessVideoData size:183750 dts:216.967 pts:217.300 dur:41.000ms, clock:213.414 level:0
2019-06-26 17:34:24.132 T:3112223600 DEBUG: CVideoPlayer::ProcessVideoData size:136039 dts:217.008 pts:217.175 dur:41.000ms, clock:213.414 level:0
2019-06-26 17:34:24.193 T:3112223600 DEBUG: CVideoPlayer::ProcessVideoData size:100188 dts:217.050 pts:217.050 dur:41.000ms, clock:213.414 level:0
2019-06-26 17:34:24.238 T:3112223600 DEBUG: CVideoPlayer::ProcessVideoData size:105264 dts:217.092 pts:217.092 dur:41.000ms, clock:213.414 level:0
2019-06-26 17:34:24.261 T:3112223600 DEBUG: CVideoPlayer::ProcessVideoData size:101298 dts:217.134 pts:217.134 dur:41.000ms, clock:213.414 level:0
2019-06-26 17:34:24.307 T:3112223600 DEBUG: CVideoPlayer::ProcessVideoData size:98220 dts:217.175 pts:217.217 dur:41.000ms, clock:213.414 level:0
2019-06-26 17:34:24.327 T:3112223600 DEBUG: CVideoPlayer::ProcessVideoData size:95829 dts:217.217 pts:217.259 dur:41.000ms, clock:213.414 level:0
2019-06-26 17:34:24.548 T:3112223600 DEBUG: CVideoPlayer::ProcessVideoData size:185799 dts:217.259 pts:217.592 dur:41.000ms, clock:213.414 level:0
2019-06-26 17:34:24.593 T:3112223600 DEBUG: CVideoPlayer::ProcessVideoData size:147836 dts:217.300 pts:217.467 dur:41.000ms, clock:213.414 level:0
2019-06-26 17:34:24.634 T:3112223600 DEBUG: CVideoPlayer::ProcessVideoData size:96899 dts:217.342 pts:217.342 dur:41.000ms, clock:213.414 level:0
2019-06-26 17:34:24.655 T:3112223600 DEBUG: CVideoPlayer::ProcessVideoData size:99854 dts:217.384 pts:217.384 dur:41.000ms, clock:213.414 level:0
2019-06-26 17:34:24.733 T:3112223600 DEBUG: CVideoPlayer::ProcessVideoData size:100557 dts:217.426 pts:217.426 dur:41.000ms, clock:213.414 level:0
2019-06-26 17:34:24.757 T:3112223600 DEBUG: CVideoPlayer::ProcessVideoData size:103841 dts:217.467 pts:217.509 dur:41.000ms, clock:213.414 level:0
2019-06-26 17:34:24.805 T:3112223600 DEBUG: CVideoPlayer::ProcessVideoData size:101429 dts:217.509 pts:217.551 dur:41.000ms, clock:213.414 level:0
2019-06-26 17:34:25.006 T:3112223600 DEBUG: CVideoPlayer::ProcessVideoData size:196455 dts:217.551 pts:217.884 dur:41.000ms, clock:213.414 level:0
2019-06-26 17:34:25.045 T:3112223600 DEBUG: CVideoPlayer::ProcessVideoData size:150461 dts:217.592 pts:217.759 dur:41.000ms, clock:213.414 level:0
2019-06-26 17:34:25.085 T:3112223600 DEBUG: CVideoPlayer::ProcessVideoData size:107445 dts:217.634 pts:217.634 dur:41.000ms, clock:213.414 level:0
2019-06-26 17:34:25.106 T:3112223600 DEBUG: CVideoPlayer::ProcessVideoData size:108262 dts:217.676 pts:217.676 dur:41.000ms, clock:213.414 level:0
2019-06-26 17:34:25.157 T:3112223600 DEBUG: CVideoPlayer::ProcessVideoData size:106623 dts:217.717 pts:217.717 dur:41.000ms, clock:213.414 level:0
2019-06-26 17:34:25.202 T:3112223600 DEBUG: CVideoPlayer::ProcessVideoData size:115113 dts:217.759 pts:217.801 dur:41.000ms, clock:213.414 level:0
2019-06-26 17:34:25.261 T:3112223600 DEBUG: CVideoPlayer::ProcessVideoData size:110962 dts:217.801 pts:217.843 dur:41.000ms, clock:213.414 level:0
2019-06-26 17:34:25.400 T:3112223600 DEBUG: CVideoPlayer::ProcessVideoData size:171240 dts:217.843 pts:218.176 dur:41.000ms, clock:213.414 level:0
2019-06-26 17:34:25.443 T:3112223600 DEBUG: CVideoPlayer::ProcessVideoData size:147450 dts:217.884 pts:218.051 dur:41.000ms, clock:213.414 level:0
2019-06-26 17:34:25.524 T:3112223600 DEBUG: CVideoPlayer::ProcessVideoData size:109353 dts:217.926 pts:217.926 dur:41.000ms, clock:213.414 level:0
2019-06-26 17:34:25.565 T:3112223600 DEBUG: CVideoPlayer::ProcessVideoData size:110167 dts:217.968 pts:217.968 dur:41.000ms, clock:213.414 level:0
2019-06-26 17:34:25.586 T:3112223600 DEBUG: CVideoPlayer::ProcessVideoData size:104866 dts:218.009 pts:218.009 dur:41.000ms, clock:213.414 level:0
2019-06-26 17:34:25.627 T:3112223600 DEBUG: CVideoPlayer::ProcessVideoData size:108018 dts:218.051 pts:218.093 dur:41.000ms, clock:213.414 level:0
2019-06-26 17:34:25.671 T:3112223600 DEBUG: CVideoPlayer::ProcessVideoData size:104206 dts:218.093 pts:218.135 dur:41.000ms, clock:213.414 level:0
2019-06-26 17:34:25.826 T:3112223600 DEBUG: CVideoPlayer::ProcessVideoData size:171810 dts:218.135 pts:218.427 dur:41.000ms, clock:213.414 level:0
2019-06-26 17:34:25.903 T:3112223600 DEBUG: CVideoPlayer::ProcessVideoData size:139378 dts:218.176 pts:218.301 dur:41.000ms, clock:213.414 level:0
2019-06-26 17:34:25.923 T:3112223600 DEBUG: CVideoPlayer::ProcessVideoData size:99401 dts:218.218 pts:218.218 dur:41.000ms, clock:213.414 level:0
2019-06-26 17:34:25.973 T:3112223600 DEBUG: CVideoPlayer::ProcessVideoData size:96387 dts:218.260 pts:218.260 dur:41.000ms, clock:213.414 level:0
2019-06-26 17:34:25.996 T:3112223600 DEBUG: CVideoPlayer::ProcessVideoData size:95001 dts:218.301 pts:218.343 dur:41.000ms, clock:213.414 level:0
2019-06-26 17:34:26.052 T:3112223600 DEBUG: CVideoPlayer::ProcessVideoData size:94263 dts:218.343 pts:218.385 dur:41.000ms, clock:213.414 level:0
2019-06-26 17:34:26.164 T:3112223600 DEBUG: CVideoPlayer::ProcessVideoData size:176496 dts:218.385 pts:218.593 dur:41.000ms, clock:213.414 level:0
2019-06-26 17:34:26.207 T:3112223600 DEBUG: CVideoPlayer::ProcessVideoData size:131180 dts:218.427 pts:218.510 dur:41.000ms, clock:213.414 level:0
2019-06-26 17:34:26.245 T:3112223600 DEBUG: CVideoPlayer::ProcessVideoData size:96459 dts:218.468 pts:218.468 dur:41.000ms, clock:213.414 level:0
2019-06-26 17:34:26.301 T:3112223600 DEBUG: CVideoPlayer::ProcessVideoData size:92145 dts:218.510 pts:218.552 dur:41.000ms, clock:213.414 level:0
2019-06-26 17:34:26.469 T:3112223600 DEBUG: CVideoPlayer::ProcessVideoData size:181068 dts:218.552 pts:218.885 dur:41.000ms, clock:213.414 level:0
2019-06-26 17:34:26.510 T:3112223600 DEBUG: CVideoPlayer::ProcessVideoData size:136146 dts:218.593 pts:218.760 dur:41.000ms, clock:213.414 level:0
2019-06-26 17:34:26.574 T:3112223600 DEBUG: CVideoPlayer::ProcessVideoData size:94457 dts:218.635 pts:218.635 dur:41.000ms, clock:213.414 level:0
2019-06-26 17:34:26.616 T:3112223600 DEBUG: CVideoPlayer::ProcessVideoData size:94622 dts:218.677 pts:218.677 dur:41.000ms, clock:213.414 level:0
2019-06-26 17:34:26.642 T:3112223600 DEBUG: CVideoPlayer::ProcessVideoData size:94117 dts:218.718 pts:218.718 dur:41.000ms, clock:213.414 level:0
2019-06-26 17:34:26.690 T:3112223600 DEBUG: CVideoPlayer::ProcessVideoData size:96772 dts:218.760 pts:218.802 dur:41.000ms, clock:213.414 level:0
2019-06-26 17:34:26.714 T:3112223600 DEBUG: CVideoPlayer::ProcessVideoData size:90355 dts:218.802 pts:218.844 dur:41.000ms, clock:213.414 level:0
2019-06-26 17:34:26.915 T:3112223600 DEBUG: CVideoPlayer::ProcessVideoData size:172818 dts:218.844 pts:219.177 dur:41.000ms, clock:213.414 level:0
2019-06-26 17:34:26.956 T:3112223600 DEBUG: CVideoPlayer::ProcessVideoData size:133770 dts:218.885 pts:219.052 dur:41.000ms, clock:213.414 level:0
2019-06-26 17:34:26.976 T:3112223600 DEBUG: CVideoPlayer::ProcessVideoData size:90236 dts:218.927 pts:218.927 dur:41.000ms, clock:213.414 level:0
2019-06-26 17:34:27.018 T:3112223600 DEBUG: CVideoPlayer::ProcessVideoData size:93235 dts:218.969 pts:218.969 dur:41.000ms, clock:213.414 level:0
2019-06-26 17:34:27.039 T:3112223600 DEBUG: CVideoPlayer::ProcessVideoData size:92664 dts:219.010 pts:219.010 dur:41.000ms, clock:213.414 level:0
2019-06-26 17:34:27.129 T:3112223600 DEBUG: CVideoPlayer::ProcessVideoData size:102377 dts:219.052 pts:219.094 dur:41.000ms, clock:213.414 level:0
2019-06-26 17:34:27.153 T:3112223600 DEBUG: CVideoPlayer::ProcessVideoData size:88996 dts:219.094 pts:219.136 dur:41.000ms, clock:213.414 level:0
2019-06-26 17:34:27.268 T:3112223600 DEBUG: CVideoPlayer::ProcessVideoData size:171504 dts:219.136 pts:219.428 dur:41.000ms, clock:213.414 level:0
2019-06-26 17:34:27.310 T:3112223600 DEBUG: CVideoPlayer::ProcessVideoData size:127416 dts:219.177 pts:219.302 dur:41.000ms, clock:213.414 level:0
2019-06-26 17:34:27.312 T:3053474672 ERROR: CAMLCodec::AddData: packet to big: 127416, probably corrupted
2019-06-26 17:34:27.393 T:3112223600 ERROR: Previous line repeats 55 times.
2019-06-26 17:34:27.393 T:3112223600 DEBUG: CVideoPlayer::ProcessVideoData size:85722 dts:219.219 pts:219.219 dur:41.000ms, clock:213.414 level:0
2019-06-26 17:34:27.394 T:3053474672 ERROR: CAMLCodec::AddData: packet to big: 127416, probably corrupted
2019-06-26 17:34:27.416 T:3112223600 ERROR: Previous line repeats 15 times.
2019-06-26 17:34:27.417 T:3112223600 DEBUG: CVideoPlayer::ProcessVideoData size:88472 dts:219.261 pts:219.261 dur:41.000ms, clock:213.414 level:0
2019-06-26 17:34:27.417 T:3053474672 ERROR: CAMLCodec::AddData: packet to big: 127416, probably corrupted
2019-06-26 17:34:27.442 T:3112223600 ERROR: Previous line repeats 17 times.
2019-06-26 17:34:27.442 T:3112223600 DEBUG: CVideoPlayer::ProcessVideoData size:88170 dts:219.302 pts:219.344 dur:41.000ms, clock:213.414 level:2
2019-06-26 17:34:27.443 T:3053474672 ERROR: CAMLCodec::AddData: packet to big: 127416, probably corrupted
2019-06-26 17:34:27.494 T:3112223600 ERROR: Previous line repeats 32 times.
2019-06-26 17:34:27.495 T:3112223600 DEBUG: CVideoPlayer::ProcessVideoData size:89019 dts:219.344 pts:219.386 dur:41.000ms, clock:213.414 level:2
2019-06-26 17:34:27.495 T:3053474672 ERROR: CAMLCodec::AddData: packet to big: 127416, probably corrupted
2019-06-26 17:34:27.653 T:3112223600 ERROR: Previous line repeats 104 times.
2019-06-26 17:34:27.653 T:3112223600 DEBUG: CVideoPlayer::ProcessVideoData size:178670 dts:219.386 pts:219.719 dur:41.000ms, clock:213.414 level:3
2019-06-26 17:34:27.655 T:3053474672 ERROR: CAMLCodec::AddData: packet to big: 127416, probably corrupted
2019-06-26 17:34:27.695 T:3112223600 ERROR: Previous line repeats 25 times.
2019-06-26 17:34:27.695 T:3112223600 DEBUG: CVideoPlayer::ProcessVideoData size:125710 dts:219.428 pts:219.594 dur:41.000ms, clock:213.414 level:3
2019-06-26 17:34:27.697 T:3053474672 ERROR: CAMLCodec::AddData: packet to big: 127416, probably corrupted
2019-06-26 17:34:27.744 T:3112223600 ERROR: Previous line repeats 30 times.
2019-06-26 17:34:27.744 T:3112223600 DEBUG: CVideoPlayer::ProcessVideoData size:98082 dts:219.469 pts:219.469 dur:41.000ms, clock:213.414 level:4
2019-06-26 17:34:27.745 T:3053474672 ERROR: CAMLCodec::AddData: packet to big: 127416, probably corrupted
2019-06-26 17:34:27.767 T:3112223600 ERROR: Previous line repeats 13 times.
2019-06-26 17:34:27.767 T:3112223600 DEBUG: CVideoPlayer::ProcessVideoData size:91871 dts:219.511 pts:219.511 dur:41.000ms, clock:213.414 level:4
2019-06-26 17:34:27.768 T:3053474672 ERROR: CAMLCodec::AddData: packet to big: 127416, probably corrupted
2019-06-26 17:34:27.812 T:3112223600 ERROR: Previous line repeats 25 times.
2019-06-26 17:34:27.812 T:3112223600 DEBUG: CVideoPlayer::ProcessVideoData size:92050 dts:219.553 pts:219.553 dur:41.000ms, clock:213.414 level:5
2019-06-26 17:34:27.814 T:3053474672 ERROR: CAMLCodec::AddData: packet to big: 127416, probably corrupted
2019-06-26 17:34:27.834 T:3112223600 ERROR: Previous line repeats 12 times.
2019-06-26 17:34:27.834 T:3112223600 DEBUG: CVideoPlayer::ProcessVideoData size:91446 dts:219.594 pts:219.636 dur:41.000ms, clock:213.414 level:5
2019-06-26 17:34:27.835 T:3053474672 ERROR: CAMLCodec::AddData: packet to big: 127416, probably corrupted
2019-06-26 17:34:27.893 T:3112223600 ERROR: Previous line repeats 37 times.
2019-06-26 17:34:27.893 T:3112223600 DEBUG: CVideoPlayer::ProcessVideoData size:88672 dts:219.636 pts:219.678 dur:41.000ms, clock:213.414 level:6
2019-06-26 17:34:27.896 T:3053474672 ERROR: CAMLCodec::AddData: packet to big: 127416, probably corrupted
2019-06-26 17:34:28.059 T:3112223600 ERROR: Previous line repeats 98 times.
2019-06-26 17:34:28.059 T:3112223600 DEBUG: CVideoPlayer::ProcessVideoData size:184436 dts:219.678 pts:220.011 dur:41.000ms, clock:213.414 level:6
2019-06-26 17:34:28.062 T:3053474672 ERROR: CAMLCodec::AddData: packet to big: 127416, probably corrupted
2019-06-26 17:34:28.102 T:3112223600 ERROR: Previous line repeats 26 times.
2019-06-26 17:34:28.102 T:3112223600 DEBUG: CVideoPlayer::ProcessVideoData size:135683 dts:219.719 pts:219.886 dur:41.000ms, clock:213.414 level:6
2019-06-26 17:34:28.103 T:3053474672 ERROR: CAMLCodec::AddData: packet to big: 127416, probably corrupted
2019-06-26 17:34:28.161 T:3112223600 ERROR: Previous line repeats 34 times.
2019-06-26 17:34:28.162 T:3112223600 DEBUG: CVideoPlayer::ProcessVideoData size:89534 dts:219.761 pts:219.761 dur:41.000ms, clock:213.414 level:7
2019-06-26 17:34:28.163 T:3053474672 ERROR: CAMLCodec::AddData: packet to big: 127416, probably corrupted
2019-06-26 17:34:28.201 T:3112223600 ERROR: Previous line repeats 26 times.
2019-06-26 17:34:28.201 T:3112223600 DEBUG: CVideoPlayer::ProcessVideoData size:98310 dts:219.803 pts:219.803 dur:41.000ms, clock:213.414 level:8
2019-06-26 17:34:28.203 T:3053474672 ERROR: CAMLCodec::AddData: packet to big: 127416, probably corrupted
2019-06-26 17:34:28.227 T:3112223600 ERROR: Previous line repeats 14 times.
2019-06-26 17:34:28.227 T:3112223600 DEBUG: CVideoPlayer::ProcessVideoData size:93472 dts:219.845 pts:219.845 dur:41.000ms, clock:213.414 level:8
2019-06-26 17:34:28.229 T:3053474672 ERROR: CAMLCodec::AddData: packet to big: 127416, probably corrupted
2019-06-26 17:34:28.276 T:3112223600 ERROR: Previous line repeats 31 times.
2019-06-26 17:34:28.276 T:3112223600 DEBUG: CVideoPlayer::ProcessVideoData size:95234 dts:219.886 pts:219.928 dur:41.000ms, clock:213.414 level:9
2019-06-26 17:34:28.279 T:3053474672 ERROR: CAMLCodec::AddData: packet to big: 127416, probably corrupted
2019-06-26 17:34:28.301 T:3112223600 ERROR: Previous line repeats 15 times.
2019-06-26 17:34:28.301 T:3112223600 DEBUG: CVideoPlayer::ProcessVideoData size:97508 dts:219.928 pts:219.970 dur:41.000ms, clock:213.414 level:9
2019-06-26 17:34:28.309 T:3053474672 ERROR: CAMLCodec::AddData: packet to big: 127416, probably corrupted
2019-06-26 17:34:28.461 T:3112223600 ERROR: Previous line repeats 101 times.
2019-06-26 17:34:28.461 T:3112223600 DEBUG: CVideoPlayer::ProcessVideoData size:169419 dts:219.970 pts:220.262 dur:41.000ms, clock:213.414 level:9
2019-06-26 17:34:28.461 T:3053474672 ERROR: CAMLCodec::AddData: packet to big: 127416, probably corrupted
2019-06-26 17:34:28.510 T:3112223600 ERROR: Previous line repeats 31 times.
2019-06-26 17:34:28.510 T:3112223600 DEBUG: CVideoPlayer::ProcessVideoData size:136264 dts:220.011 pts:220.137 dur:41.000ms, clock:213.414 level:10
2019-06-26 17:34:28.512 T:3053474672 ERROR: CAMLCodec::AddData: packet to big: 127416, probably corrupted
2019-06-26 17:34:28.550 T:3112223600 ERROR: Previous line repeats 24 times.
2019-06-26 17:34:28.550 T:3112223600 DEBUG: CVideoPlayer::ProcessVideoData size:99248 dts:220.053 pts:220.053 dur:41.000ms, clock:213.414 level:10
2019-06-26 17:34:28.550 T:3053474672 ERROR: CAMLCodec::AddData: packet to big: 127416, probably corrupted
2019-06-26 17:34:28.590 T:3112223600 ERROR: Previous line repeats 27 times.
2019-06-26 17:34:28.590 T:3112223600 DEBUG: CVideoPlayer::ProcessVideoData size:106932 dts:220.095 pts:220.095 dur:41.000ms, clock:213.414 level:11
2019-06-26 17:34:28.594 T:3053474672 ERROR: CAMLCodec::AddData: packet to big: 127416, probably corrupted
2019-06-26 17:34:28.611 T:3112223600 ERROR: Previous line repeats 11 times.
2019-06-26 17:34:28.612 T:3112223600 DEBUG: CVideoPlayer::ProcessVideoData size:99446 dts:220.137 pts:220.178 dur:41.000ms, clock:213.414 level:12
2019-06-26 17:34:28.613 T:3053474672 ERROR: CAMLCodec::AddData: packet to big: 127416, probably corrupted
2019-06-26 17:34:28.691 T:3112223600 ERROR: Previous line repeats 53 times.
2019-06-26 17:34:28.691 T:3112223600 DEBUG: CVideoPlayer::ProcessVideoData size:98262 dts:220.178 pts:220.220 dur:41.000ms, clock:213.414 level:12
2019-06-26 17:34:28.692 T:3053474672 ERROR: CAMLCodec::AddData: packet to big: 127416, probably corrupted
2019-06-26 17:34:28.814 T:3112223600 ERROR: Previous line repeats 80 times.
2019-06-26 17:34:28.814 T:3112223600 DEBUG: CVideoPlayer::ProcessVideoData size:173395 dts:220.220 pts:220.512 dur:41.000ms, clock:213.414 level:13
2019-06-26 17:34:28.815 T:3053474672 ERROR: CAMLCodec::AddData: packet to big: 127416, probably corrupted
2019-06-26 17:34:28.855 T:3112223600 ERROR: Previous line repeats 33 times.
2019-06-26 17:34:28.855 T:3112223600 DEBUG: CVideoPlayer::ProcessVideoData size:136060 dts:220.262 pts:220.387 dur:41.000ms, clock:213.414 level:13
2019-06-26 17:34:28.857 T:3053474672 ERROR: CAMLCodec::AddData: packet to big: 127416, probably corrupted
2019-06-26 17:34:28.894 T:3112223600 ERROR: Previous line repeats 24 times.
2019-06-26 17:34:28.895 T:3112223600 DEBUG: CVideoPlayer::ProcessVideoData size:100223 dts:220.303 pts:220.303 dur:41.000ms, clock:213.414 level:14
2019-06-26 17:34:28.896 T:3053474672 ERROR: CAMLCodec::AddData: packet to big: 127416, probably corrupted
2019-06-26 17:34:28.951 T:3112223600 ERROR: Previous line repeats 39 times.
2019-06-26 17:34:28.951 T:3112223600 DEBUG: CVideoPlayer::ProcessVideoData size:99618 dts:220.345 pts:220.345 dur:41.000ms, clock:213.414 level:15
2019-06-26 17:34:28.953 T:3053474672 ERROR: CAMLCodec::AddData: packet to big: 127416, probably corrupted
2019-06-26 17:34:28.995 T:3112223600 ERROR: Previous line repeats 24 times.
2019-06-26 17:34:28.995 T:3112223600 DEBUG: CVideoPlayer::ProcessVideoData size:98568 dts:220.387 pts:220.429 dur:41.000ms, clock:213.414 level:15
2019-06-26 17:34:28.996 T:3053474672 ERROR: CAMLCodec::AddData: packet to big: 127416, probably corrupted
2019-06-26 17:34:29.038 T:3112223600 ERROR: Previous line repeats 29 times.
2019-06-26 17:34:29.038 T:3112223600 DEBUG: CVideoPlayer::ProcessVideoData size:102998 dts:220.429 pts:220.470 dur:41.000ms, clock:213.414 level:16
2019-06-26 17:34:29.047 T:3053474672 ERROR: CAMLCodec::AddData: packet to big: 127416, probably corrupted
2019-06-26 17:34:29.149 T:3112223600 ERROR: Previous line repeats 64 times.
2019-06-26 17:34:29.149 T:3112223600 DEBUG: CVideoPlayer::ProcessVideoData size:174380 dts:220.470 pts:220.762 dur:41.000ms, clock:213.414 level:16
2019-06-26 17:34:29.150 T:3053474672 ERROR: CAMLCodec::AddData: packet to big: 127416, probably corrupted
2019-06-26 17:34:29.240 T:3112223600 ERROR: Previous line repeats 59 times.
2019-06-26 17:34:29.240 T:3112223600 DEBUG: CVideoPlayer::ProcessVideoData size:133287 dts:220.512 pts:220.637 dur:41.000ms, clock:213.414 level:16
2019-06-26 17:34:29.244 T:3053474672 ERROR: CAMLCodec::AddData: packet to big: 127416, probably corrupted
2019-06-26 17:34:29.290 T:3112223600 ERROR: Previous line repeats 31 times.
2019-06-26 17:34:29.290 T:3112223600 DEBUG: CVideoPlayer::ProcessVideoData size:94781 dts:220.554 pts:220.554 dur:41.000ms, clock:213.414 level:17
2019-06-26 17:34:29.293 T:3053474672 ERROR: CAMLCodec::AddData: packet to big: 127416, probably corrupted
2019-06-26 17:34:29.311 T:3112223600 ERROR: Previous line repeats 10 times.
2019-06-26 17:34:29.311 T:3112223600 DEBUG: CVideoPlayer::ProcessVideoData size:95318 dts:220.595 pts:220.595 dur:41.000ms, clock:213.414 level:18
2019-06-26 17:34:29.311 T:3053474672 ERROR: CAMLCodec::AddData: packet to big: 127416, probably corrupted
2019-06-26 17:34:29.351 T:3112223600 ERROR: Previous line repeats 26 times.
2019-06-26 17:34:29.351 T:3112223600 DEBUG: CVideoPlayer::ProcessVideoData size:94043 dts:220.637 pts:220.679 dur:41.000ms, clock:213.414 level:18
2019-06-26 17:34:29.353 T:3053474672 ERROR: CAMLCodec::AddData: packet to big: 127416, probably corrupted
2019-06-26 17:34:29.373 T:3112223600 ERROR: Previous line repeats 14 times.
2019-06-26 17:34:29.373 T:3112223600 DEBUG: CVideoPlayer::ProcessVideoData size:93702 dts:220.679 pts:220.720 dur:41.000ms, clock:213.414 level:19
2019-06-26 17:34:29.378 T:3053474672 ERROR: CAMLCodec::AddData: packet to big: 127416, probably corrupted
2019-06-26 17:34:29.572 T:3112223600 ERROR: Previous line repeats 129 times.
2019-06-26 17:34:29.572 T:3112223600 DEBUG: CVideoPlayer::ProcessVideoData size:184096 dts:220.720 pts:221.054 dur:41.000ms, clock:213.414 level:19
2019-06-26 17:34:29.572 T:3053474672 ERROR: CAMLCodec::AddData: packet to big: 127416, probably corrupted
2019-06-26 17:34:29.620 T:3112223600 ERROR: Previous line repeats 31 times.
2019-06-26 17:34:29.620 T:3112223600 DEBUG: CVideoPlayer::ProcessVideoData size:130482 dts:220.762 pts:220.929 dur:41.000ms, clock:213.414 level:20
2019-06-26 17:34:29.621 T:3053474672 ERROR: CAMLCodec::AddData: packet to big: 127416, probably corrupted
2019-06-26 17:34:29.645 T:3112223600 ERROR: Previous line repeats 15 times.
2019-06-26 17:34:29.646 T:3112223600 DEBUG: CVideoPlayer::ProcessVideoData size:103100 dts:220.804 pts:220.804 dur:41.000ms, clock:213.414 level:20
2019-06-26 17:34:29.646 T:3053474672 ERROR: CAMLCodec::AddData: packet to big: 127416, probably corrupted
2019-06-26 17:34:29.690 T:3112223600 ERROR: Previous line repeats 27 times.
2019-06-26 17:34:29.690 T:3112223600 DEBUG: CVideoPlayer::ProcessVideoData size:95978 dts:220.846 pts:220.846 dur:41.000ms, clock:213.414 level:21
2019-06-26 17:34:29.694 T:3053474672 ERROR: CAMLCodec::AddData: packet to big: 127416, probably corrupted
2019-06-26 17:34:29.756 T:3112223600 ERROR: Previous line repeats 40 times.
2019-06-26 17:34:29.756 T:3112223600 DEBUG: CVideoPlayer::ProcessVideoData size:95106 dts:220.887 pts:220.887 dur:41.000ms, clock:213.414 level:21
2019-06-26 17:34:29.757 T:3053474672 ERROR: CAMLCodec::AddData: packet to big: 127416, probably corrupted
2019-06-26 17:34:29.805 T:3112223600 ERROR: Previous line repeats 31 times.
2019-06-26 17:34:29.805 T:3112223600 DEBUG: CVideoPlayer::ProcessVideoData size:96227 dts:220.929 pts:220.971 dur:41.000ms, clock:213.414 level:22
2019-06-26 17:34:29.807 T:3053474672 ERROR: CAMLCodec::AddData: packet to big: 127416, probably corrupted
2019-06-26 17:34:29.824 T:3112223600 ERROR: Previous line repeats 12 times.
2019-06-26 17:34:29.824 T:3112223600 DEBUG: CVideoPlayer::ProcessVideoData size:92867 dts:220.971 pts:221.012 dur:41.000ms, clock:213.414 level:22
2019-06-26 17:34:29.827 T:3053474672 ERROR: CAMLCodec::AddData: packet to big: 127416, probably corrupted
2019-06-26 17:34:29.947 T:3112223600 ERROR: Previous line repeats 79 times.
2019-06-26 17:34:29.947 T:3112223600 DEBUG: CVideoPlayer::ProcessVideoData size:174101 dts:221.012 pts:221.346 dur:41.000ms, clock:213.414 level:23
2019-06-26 17:34:29.949 T:3053474672 ERROR: CAMLCodec::AddData: packet to big: 127416, probably corrupted
2019-06-26 17:34:30.028 T:3112223600 ERROR: Previous line repeats 52 times.
2019-06-26 17:34:30.029 T:3112223600 DEBUG: CVideoPlayer::ProcessVideoData size:133118 dts:221.054 pts:221.221 dur:41.000ms, clock:213.414 level:23
2019-06-26 17:34:30.029 T:3053474672 ERROR: CAMLCodec::AddData: packet to big: 127416, probably corrupted
2019-06-26 17:34:30.077 T:3112223600 ERROR: Previous line repeats 34 times.
2019-06-26 17:34:30.077 T:3112223600 DEBUG: CVideoPlayer::ProcessVideoData size:103122 dts:221.096 pts:221.096 dur:41.000ms, clock:213.414 level:24
2019-06-26 17:34:30.079 T:3053474672 ERROR: CAMLCodec::AddData: packet to big: 127416, probably corrupted
2019-06-26 17:34:30.122 T:3112223600 ERROR: Previous line repeats 29 times.
2019-06-26 17:34:30.122 T:3112223600 DEBUG: CVideoPlayer::ProcessVideoData size:102928 dts:221.138 pts:221.138 dur:41.000ms, clock:213.414 level:24
2019-06-26 17:34:30.124 T:3053474672 ERROR: CAMLCodec::AddData: packet to big: 127416, probably corrupted
2019-06-26 17:34:30.144 T:3112223600 ERROR: Previous line repeats 12 times.
2019-06-26 17:34:30.144 T:3112223600 DEBUG: CVideoPlayer::ProcessVideoData size:98871 dts:221.179 pts:221.179 dur:41.000ms, clock:213.414 level:24
2019-06-26 17:34:30.145 T:3053474672 ERROR: CAMLCodec::AddData: packet to big: 127416, probably corrupted
2019-06-26 17:34:30.183 T:3112223600 ERROR: Previous line repeats 24 times.
2019-06-26 17:34:30.183 T:3112223600 DEBUG: CVideoPlayer::ProcessVideoData size:101090 dts:221.221 pts:221.263 dur:41.000ms, clock:213.414 level:26
2019-06-26 17:34:30.185 T:3053474672 ERROR: CAMLCodec::AddData: packet to big: 127416, probably corrupted
2019-06-26 17:34:30.204 T:3112223600 ERROR: Previous line repeats 11 times.
2019-06-26 17:34:30.205 T:3112223600 DEBUG: CVideoPlayer::ProcessVideoData size:103819 dts:221.263 pts:221.304 dur:41.000ms, clock:213.414 level:26
2019-06-26 17:34:30.209 T:3053474672 ERROR: CAMLCodec::AddData: packet to big: 127416, probably corrupted
2019-06-26 17:34:30.390 T:3112223600 ERROR: Previous line repeats 118 times.
2019-06-26 17:34:30.390 T:3112223600 DEBUG: CVideoPlayer::ProcessVideoData size:168856 dts:221.304 pts:221.596 dur:41.000ms, clock:213.414 level:27
2019-06-26 17:34:30.392 T:3053474672 ERROR: CAMLCodec::AddData: packet to big: 127416, probably corrupted
2019-06-26 17:34:30.431 T:3112223600 ERROR: Previous line repeats 25 times.
2019-06-26 17:34:30.432 T:3112223600 DEBUG: CVideoPlayer::ProcessVideoData size:136341 dts:221.346 pts:221.471 dur:41.000ms, clock:213.414 level:27
2019-06-26 17:34:30.433 T:3053474672 ERROR: CAMLCodec::AddData: packet to big: 127416, probably corrupted
2019-06-26 17:34:30.451 T:3112223600 ERROR: Previous line repeats 12 times.
2019-06-26 17:34:30.451 T:3112223600 DEBUG: CVideoPlayer::ProcessVideoData size:105767 dts:221.388 pts:221.388 dur:41.000ms, clock:213.414 level:28
2019-06-26 17:34:30.455 T:3053474672 ERROR: CAMLCodec::AddData: packet to big: 127416, probably corrupted
2019-06-26 17:34:30.539 T:3112223600 ERROR: Previous line repeats 54 times.
2019-06-26 17:34:30.540 T:3112223600 DEBUG: CVideoPlayer::ProcessVideoData size:109863 dts:221.430 pts:221.430 dur:41.000ms, clock:213.414 level:28
2019-06-26 17:34:30.540 T:3053474672 ERROR: CAMLCodec::AddData: packet to big: 127416, probably corrupted
2019-06-26 17:34:30.593 T:3112223600 ERROR: Previous line repeats 35 times.
2019-06-26 17:34:30.593 T:3112223600 DEBUG: CVideoPlayer::ProcessVideoData size:113624 dts:221.471 pts:221.513 dur:41.000ms, clock:213.414 level:28
2019-06-26 17:34:30.594 T:3053474672 ERROR: CAMLCodec::AddData: packet to big: 127416, probably corrupted
2019-06-26 17:34:30.634 T:3112223600 ERROR: Previous line repeats 25 times.
2019-06-26 17:34:30.634 T:3112223600 DEBUG: CVideoPlayer::ProcessVideoData size:112222 dts:221.513 pts:221.555 dur:41.000ms, clock:213.414 level:29
2019-06-26 17:34:30.640 T:3053474672 ERROR: CAMLCodec::AddData: packet to big: 127416, probably corrupted
2019-06-26 17:34:42.998 T:3112223600 ERROR: Previous line repeats 8311 times.
2019-06-26 17:34:42.998 T:3112223600 DEBUG: Readrate 2502000 is too low with 2791380 required
2019-06-26 17:34:42.998 T:3112223600 DEBUG: CDVDClock::SetSpeedAdjust - adjusted:0.000000
2019-06-26 17:34:42.998 T:3251893104 DEBUG: Previous line repeats 1 times.
2019-06-26 17:34:42.998 T:3251893104 DEBUG: CDVDAudio::Pause - pausing audio stream
2019-06-26 17:34:42.998 T:3251893104 DEBUG: CDVDAudio::Resume - resume audio stream
2019-06-26 17:34:43.003 T:4031771504 DEBUG: ActiveAE - start sync of audio stream
2019-06-26 17:34:43.004 T:4023378800 INFO: CActiveAESink::OpenSink - initialize sink
2019-06-26 17:34:43.004 T:4023378800 DEBUG: CActiveAESink::OpenSink - trying to open device ALSA:hdmi:CARD=AMLAUGESOUND,DEV=0
2019-06-26 17:34:43.004 T:4023378800 INFO: CAESinkALSA::Initialize - Attempting to open device "hdmi:CARD=AMLAUGESOUND,DEV=0"
2019-06-26 17:34:43.008 T:3112223600 DEBUG: CDVDClock::SetSpeedAdjust - adjusted:0.000000
2019-06-26 17:34:43.008 T:4064769344 DEBUG: ------ Window Init (DialogNotification.xml) ------
2019-06-26 17:34:43.012 T:3053474672 DEBUG: CAMLCodec::SetSpeed, speed(1000)
2019-06-26 17:34:43.013 T:3053474672 ERROR: CAMLCodec::AddData: packet to big: 127416, probably corrupted
2019-06-26 17:34:43.013 T:4023378800 INFO: CAESinkALSA::Initialize - Opened device "hdmi:CARD=AMLAUGESOUND,DEV=0,AES0=0x04,AES1=0x82,AES2=0x00,AES3=0x02"
2019-06-26 17:34:43.014 T:4023378800 INFO: CAESinkALSA::InitializeHW - Your hardware does not support AE_FMT_FLOAT, trying other formats
2019-06-26 17:34:43.014 T:4023378800 INFO: CAESinkALSA::InitializeHW - Using data format AE_FMT_S16NE
2019-06-26 17:34:43.014 T:4023378800 DEBUG: CAESinkALSA::InitializeHW - Request: periodSize 2400, bufferSize 9600
2019-06-26 17:34:43.014 T:4023378800 DEBUG: CAESinkALSA::InitializeHW - Got: periodSize 2400, bufferSize 9600
2019-06-26 17:34:43.014 T:4023378800 DEBUG: CAESinkALSA::InitializeHW - Setting timeout to 200 ms
2019-06-26 17:34:43.015 T:4023378800 DEBUG: CAESinkALSA::GetChannelLayout - Input Channel Count: 2 Output Channel Count: 2
2019-06-26 17:34:43.015 T:4023378800 DEBUG: CAESinkALSA::GetChannelLayout - Requested Layout: FL, FR
2019-06-26 17:34:43.015 T:4023378800 DEBUG: CAESinkALSA::GetChannelLayout - Got Layout: FL, FR (ALSA: none)
2019-06-26 17:34:43.016 T:4023378800 DEBUG: CActiveAESink::OpenSink - ALSA Initialized:
2019-06-26 17:34:43.016 T:4023378800 DEBUG: Output Device : AML-AUGESOUND
2019-06-26 17:34:43.016 T:4023378800 DEBUG: Sample Rate : 48000
2019-06-26 17:34:43.017 T:4023378800 DEBUG: Sample Format : AE_FMT_S16NE
2019-06-26 17:34:43.017 T:4023378800 DEBUG: Channel Count : 2
2019-06-26 17:34:43.017 T:4023378800 DEBUG: Channel Layout: FL, FR
2019-06-26 17:34:43.017 T:4023378800 DEBUG: Frames : 2400
2019-06-26 17:34:43.017 T:4023378800 DEBUG: Frame Size : 4
2019-06-26 17:34:43.052 T:3112223600 DEBUG: CVideoPlayer::ProcessVideoData size:170226 dts:221.555 pts:221.888 dur:41.000ms, clock:213.468 level:30
2019-06-26 17:34:43.052 T:3112223600 DEBUG: CVideoPlayer::ProcessVideoData size:127178 dts:221.596 pts:221.763 dur:41.000ms, clock:213.469 level:30
2019-06-26 17:34:43.052 T:3112223600 DEBUG: CVideoPlayer::ProcessVideoData size:114296 dts:221.638 pts:221.638 dur:41.000ms, clock:213.469 level:31
2019-06-26 17:34:43.053 T:3112223600 DEBUG: CVideoPlayer::ProcessVideoData size:114637 dts:221.680 pts:221.680 dur:41.000ms, clock:213.469 level:31
2019-06-26 17:34:43.053 T:3112223600 DEBUG: CVideoPlayer::ProcessVideoData size:114442 dts:221.721 pts:221.721 dur:41.000ms, clock:213.469 level:32
2019-06-26 17:34:43.053 T:3112223600 DEBUG: CVideoPlayer::ProcessVideoData size:116563 dts:221.763 pts:221.805 dur:41.000ms, clock:213.470 level:32
2019-06-26 17:34:43.053 T:3112223600 DEBUG: CVideoPlayer::ProcessVideoData size:111603 dts:221.805 pts:221.847 dur:41.000ms, clock:213.470 level:33
2019-06-26 17:34:43.061 T:3053474672 DEBUG: CVideoPlayerVideo::OutputPicture - ttd:277ms pts:213.755 Clock:213.478 Level:5
2019-06-26 17:34:43.080 T:3112223600 DEBUG: CVideoPlayer::ProcessVideoData size:169931 dts:221.847 pts:222.180 dur:41.000ms, clock:213.497 level:33
2019-06-26 17:34:43.081 T:3112223600 DEBUG: CVideoPlayer::ProcessVideoData size:131131 dts:221.888 pts:222.055 dur:41.000ms, clock:213.497 level:34
2019-06-26 17:34:43.081 T:3112223600 DEBUG: CVideoPlayer::ProcessVideoData size:109728 dts:221.930 pts:221.930 dur:41.000ms, clock:213.498 level:34
2019-06-26 17:34:43.081 T:3112223600 DEBUG: CVideoPlayer::ProcessVideoData size:112889 dts:221.972 pts:221.972 dur:41.000ms, clock:213.498 level:35
2019-06-26 17:34:43.081 T:3112223600 DEBUG: CVideoPlayer::ProcessVideoData size:112912 dts:222.013 pts:222.013 dur:41.000ms, clock:213.498 level:35
2019-06-26 17:34:43.082 T:3112223600 DEBUG: CVideoPlayer::ProcessVideoData size:122146 dts:222.055 pts:222.097 dur:41.000ms, clock:213.498 level:36
