2021-04-13 21:18:37.641 T:4972 DEBUG : CVideoPlayer::ProcessAudioData size:340 dts:44.095 pts:44.095 dur:23.000ms, clock:35.369 drop:0 level:99
2021-04-13 21:18:37.642 T:4973 DEBUG : CAMLCodec::GetTimeSize: len:24 dl:252063 fs:251663 front:6310
2021-04-13 21:18:37.650 T:4763 INFO : Skipped 1 duplicate messages..
2021-04-13 21:18:37.650 T:4763 DEBUG : CAMLCodec::PollFrame elapsed:35.997ms
2021-04-13 21:18:37.653 T:4763 DEBUG : PrepareNextRender: frameOnScreen: 35.381 renderPts: 35.548 nextFramePts: 35.536 -> diff: 0.012 render: 1 forceNext: 0
2021-04-13 21:18:37.655 T:4973 DEBUG : CAMLCodec::GetTimeSize: len:24 dl:245737 fs:251663 front:6310
2021-04-13 21:18:37.655 T:4973 DEBUG : CAMLCodec::GetTimeSize: len:23 dl:245737 fs:245353 front:5537
2021-04-13 21:18:37.655 T:4973 DEBUG : CAMLCodec::DequeueBuffer: pts:35.703 idx:856
2021-04-13 21:18:37.655 T:4973 DEBUG : CAMLCodec::GetPicture: index: 856, pts: 35.703, dur:42ms ar:0.00
2021-04-13 21:18:37.655 T:4973 DEBUG : CVideoPlayerVideo::OutputPicture - ttd:319ms pts:35.703 Clock:35.383 Level:3
2021-04-13 21:18:37.656 T:4763 DEBUG : CAMLCodec::ReleaseFrame idx:852, drop:0
2021-04-13 21:18:37.657 T:4973 DEBUG : CAMLCodec::GetTimeSize: len:23 dl:245737 fs:245353 front:5537
2021-04-13 21:18:37.662 T:4973 DEBUG : CAMLCodec::AddData: dl:251016 sum:250616 sz:5263 dts:36.704 pts:36.704 overflow:0
2021-04-13 21:18:37.662 T:4973 DEBUG : CAMLCodec::GetTimeSize: len:24 dl:251016 fs:250616 front:5537
2021-04-13 21:18:37.690 T:4974 INFO : Skipped 4 duplicate messages..
2021-04-13 21:18:37.690 T:4974 DEBUG : CVideoPlayerAudio::OutputPacket: pts:36.153 curr_pts:35.418 clock:35.418 level:99
2021-04-13 21:18:37.690 T:4974 DEBUG : CVideoPlayerAudio::OutputPacket: pts:36.177 curr_pts:35.418 clock:35.418 level:99
2021-04-13 21:18:37.690 T:4974 DEBUG : CVideoPlayerAudio::OutputPacket: pts:36.200 curr_pts:35.419 clock:35.418 level:99
2021-04-13 21:18:37.692 T:4972 DEBUG : CVideoPlayer::ProcessAudioData size:360 dts:44.118 pts:44.118 dur:23.000ms, clock:35.420 drop:0 level:99
2021-04-13 21:18:37.692 T:4763 DEBUG : CAMLCodec::PollFrame elapsed:35.969ms
2021-04-13 21:18:37.692 T:4972 DEBUG : CVideoPlayer::ProcessVideoData size:9749 dts:44.128 pts:44.128 dur:41.000ms, clock:35.420 level:92
2021-04-13 21:18:37.692 T:4972 DEBUG : CVideoPlayer::ProcessAudioData size:375 dts:44.141 pts:44.141 dur:23.000ms, clock:35.420 drop:0 level:99
2021-04-13 21:18:37.692 T:4972 DEBUG : CVideoPlayer::ProcessAudioData size:426 dts:44.164 pts:44.164 dur:23.000ms, clock:35.420 drop:0 level:99
2021-04-13 21:18:37.693 T:4973 DEBUG : CAMLCodec::GetTimeSize: len:24 dl:251016 fs:250616 front:5537
2021-04-13 21:18:37.694 T:4763 DEBUG : PrepareNextRender: frameOnScreen: 35.422 renderPts: 35.589 nextFramePts: 35.577 -> diff: 0.012 render: 1 forceNext: 0
2021-04-13 21:18:37.695 T:4763 DEBUG : CAMLCodec::ReleaseFrame idx:853, drop:0
2021-04-13 21:18:37.700 T:4973 DEBUG : CAMLCodec::GetTimeSize: len:24 dl:251016 fs:250616 front:5537
2021-04-13 21:18:37.733 T:4763 INFO : Skipped 5 duplicate messages..
2021-04-13 21:18:37.733 T:4763 DEBUG : CAMLCodec::PollFrame elapsed:37.875ms
2021-04-13 21:18:37.737 T:4763 DEBUG : PrepareNextRender: frameOnScreen: 35.464 renderPts: 35.631 nextFramePts: 35.619 -> diff: 0.012 render: 1 forceNext: 0
2021-04-13 21:18:37.737 T:4973 DEBUG : CAMLCodec::GetTimeSize: len:24 dl:251016 fs:250616 front:5537
2021-04-13 21:18:37.739 T:4763 DEBUG : CAMLCodec::ReleaseFrame idx:854, drop:0
2021-04-13 21:18:37.740 T:4974 DEBUG : CVideoPlayerAudio::OutputPacket: pts:36.223 curr_pts:35.468 clock:35.468 level:99
2021-04-13 21:18:37.740 T:4974 DEBUG : CVideoPlayerAudio::OutputPacket: pts:36.246 curr_pts:35.469 clock:35.468 level:99
2021-04-13 21:18:37.743 T:4972 DEBUG : CVideoPlayer::ProcessVideoData size:7559 dts:44.170 pts:44.170 dur:41.000ms, clock:35.471 level:93
2021-04-13 21:18:37.743 T:4972 DEBUG : CVideoPlayer::ProcessAudioData size:350 dts:44.188 pts:44.188 dur:23.000ms, clock:35.471 drop:0 level:99
2021-04-13 21:18:37.743 T:4972 DEBUG : CVideoPlayer::ProcessVideoData size:4636 dts:44.211 pts:44.211 dur:41.000ms, clock:35.471 level:93
2021-04-13 21:18:37.743 T:4972 DEBUG : CVideoPlayer::ProcessAudioData size:339 dts:44.211 pts:44.211 dur:23.000ms, clock:35.471 drop:0 level:99
2021-04-13 21:18:37.744 T:4973 DEBUG : CAMLCodec::GetTimeSize: len:24 dl:245463 fs:250616 front:5537
2021-04-13 21:18:37.744 T:4973 DEBUG : CAMLCodec::GetTimeSize: len:23 dl:245463 fs:245079 front:5238
2021-04-13 21:18:37.745 T:4973 DEBUG : CAMLCodec::DequeueBuffer: pts:35.744 idx:857
2021-04-13 21:18:37.745 T:4973 DEBUG : CAMLCodec::GetPicture: index: 857, pts: 35.744, dur:41ms ar:0.00
2021-04-13 21:18:37.745 T:4973 DEBUG : CVideoPlayerVideo::OutputPicture - ttd:271ms pts:35.744 Clock:35.473 Level:2
2021-04-13 21:18:37.746 T:4973 DEBUG : CAMLCodec::GetTimeSize: len:23 dl:245463 fs:245079 front:5238
2021-04-13 21:18:37.751 T:4973 DEBUG : CAMLCodec::AddData: dl:251892 sum:251492 sz:6413 dts:36.745 pts:36.745 overflow:0
2021-04-13 21:18:37.751 T:4973 DEBUG : CAMLCodec::GetTimeSize: len:24 dl:251892 fs:251492 front:5238
2021-04-13 21:18:37.775 T:4763 INFO : Skipped 3 duplicate messages..
2021-04-13 21:18:37.775 T:4763 DEBUG : CAMLCodec::PollFrame elapsed:35.822ms
2021-04-13 21:18:37.776 T:4973 DEBUG : CAMLCodec::GetTimeSize: len:24 dl:251892 fs:251492 front:5238
2021-04-13 21:18:37.778 T:4763 DEBUG : PrepareNextRender: frameOnScreen: 35.505 renderPts: 35.672 nextFramePts: 35.661 -> diff: 0.011 render: 1 forceNext: 0
2021-04-13 21:18:37.780 T:4763 DEBUG : CAMLCodec::ReleaseFrame idx:855, drop:0
2021-04-13 21:18:37.782 T:4973 DEBUG : CAMLCodec::GetTimeSize: len:24 dl:246638 fs:251492 front:5238
2021-04-13 21:18:37.782 T:4973 DEBUG : CAMLCodec::GetTimeSize: len:23 dl:246638 fs:246254 front:3816
2021-04-13 21:18:37.782 T:4973 DEBUG : CAMLCodec::DequeueBuffer: pts:35.786 idx:858
2021-04-13 21:18:37.782 T:4973 DEBUG : CAMLCodec::GetPicture: index: 858, pts: 35.786, dur:42ms ar:0.00
2021-04-13 21:18:37.783 T:4973 DEBUG : CVideoPlayerVideo::OutputPicture - ttd:275ms pts:35.786 Clock:35.510 Level:2
2021-04-13 21:18:37.784 T:4973 DEBUG : CAMLCodec::GetTimeSize: len:23 dl:246638 fs:246254 front:3816
2021-04-13 21:18:37.789 T:4973 DEBUG : CAMLCodec::AddData: dl:251225 sum:250825 sz:4571 dts:36.787 pts:36.787 overflow:0
2021-04-13 21:18:37.789 T:4973 DEBUG : CAMLCodec::GetTimeSize: len:24 dl:251225 fs:250825 front:3816
2021-04-13 21:18:37.790 T:4974 DEBUG : CVideoPlayerAudio::OutputPacket: pts:36.270 curr_pts:35.518 clock:35.518 level:99
2021-04-13 21:18:37.790 T:4974 DEBUG : CVideoPlayerAudio::OutputPacket: pts:36.293 curr_pts:35.519 clock:35.518 level:99
2021-04-13 21:18:37.794 T:4972 DEBUG : CVideoPlayer::ProcessAudioData size:341 dts:44.234 pts:44.234 dur:23.000ms, clock:35.522 drop:0 level:99
2021-04-13 21:18:37.794 T:4972 DEBUG : CVideoPlayer::ProcessVideoData size:866 dts:44.253 pts:44.253 dur:41.000ms, clock:35.522 level:93
2021-04-13 21:18:37.794 T:4972 DEBUG : CVideoPlayer::ProcessAudioData size:336 dts:44.257 pts:44.257 dur:23.000ms, clock:35.522 drop:0 level:99
2021-04-13 21:18:37.795 T:4973 DEBUG : CAMLCodec::GetTimeSize: len:24 dl:251225 fs:250825 front:3816
2021-04-13 21:18:37.817 T:4763 INFO : Skipped 3 duplicate messages..
2021-04-13 21:18:37.817 T:4763 DEBUG : CAMLCodec::PollFrame elapsed:36.706ms
2021-04-13 21:18:37.820 T:4763 DEBUG : PrepareNextRender: frameOnScreen: 35.548 renderPts: 35.715 nextFramePts: 35.703 -> diff: 0.012 render: 1 forceNext: 0
2021-04-13 21:18:37.820 T:4973 DEBUG : CAMLCodec::GetTimeSize: len:24 dl:251225 fs:250825 front:3816
2021-04-13 21:18:37.822 T:4763 DEBUG : CAMLCodec::ReleaseFrame idx:856, drop:0
2021-04-13 21:18:37.827 T:4973 DEBUG : CAMLCodec::GetTimeSize: len:24 dl:247393 fs:250825 front:3816
2021-04-13 21:18:37.827 T:4973 DEBUG : CAMLCodec::GetTimeSize: len:23 dl:247393 fs:247009 front:3114
2021-04-13 21:18:37.827 T:4973 DEBUG : CAMLCodec::DequeueBuffer: pts:35.828 idx:859
2021-04-13 21:18:37.827 T:4973 DEBUG : CAMLCodec::GetPicture: index: 859, pts: 35.828, dur:42ms ar:0.00
2021-04-13 21:18:37.827 T:4973 DEBUG : CVideoPlayerVideo::OutputPicture - ttd:272ms pts:35.828 Clock:35.555 Level:2
2021-04-13 21:18:37.828 T:4973 DEBUG : CAMLCodec::GetTimeSize: len:23 dl:247393 fs:247009 front:3114
2021-04-13 21:18:37.833 T:4973 DEBUG : CAMLCodec::AddData: dl:254526 sum:254126 sz:7117 dts:36.829 pts:36.829 overflow:0
2021-04-13 21:18:37.833 T:4973 DEBUG : CAMLCodec::GetTimeSize: len:24 dl:254526 fs:254126 front:3114
2021-04-13 21:18:37.840 T:4974 INFO : Skipped 1 duplicate messages..
2021-04-13 21:18:37.840 T:4974 DEBUG : CVideoPlayerAudio::OutputPacket: pts:36.316 curr_pts:35.569 clock:35.568 level:99
2021-04-13 21:18:37.840 T:4974 DEBUG : CVideoPlayerAudio::OutputPacket: pts:36.339 curr_pts:35.569 clock:35.568 level:99
2021-04-13 21:18:37.845 T:4972 DEBUG : CVideoPlayer::ProcessAudioData size:370 dts:44.280 pts:44.280 dur:23.000ms, clock:35.573 drop:0 level:99
2021-04-13 21:18:37.845 T:4972 DEBUG : CVideoPlayer::ProcessVideoData size:51971 dts:44.295 pts:44.295 dur:41.000ms, clock:35.573 level:93
2021-04-13 21:18:37.845 T:4972 DEBUG : CVideoPlayer::ProcessAudioData size:347 dts:44.304 pts:44.304 dur:23.000ms, clock:35.573 drop:0 level:99
2021-04-13 21:18:37.847 T:4973 DEBUG : CAMLCodec::GetTimeSize: len:24 dl:254526 fs:254126 front:3114
2021-04-13 21:18:37.859 T:4763 INFO : Skipped 1 duplicate messages..
2021-04-13 21:18:37.859 T:4763 DEBUG : CAMLCodec::PollFrame elapsed:35.985ms
2021-04-13 21:18:37.859 T:4973 DEBUG : CAMLCodec::GetTimeSize: len:24 dl:254526 fs:254126 front:3114
2021-04-13 21:18:37.861 T:4763 DEBUG : PrepareNextRender: frameOnScreen: 35.589 renderPts: 35.756 nextFramePts: 35.744 -> diff: 0.012 render: 1 forceNext: 0
2021-04-13 21:18:37.864 T:4763 DEBUG : CAMLCodec::ReleaseFrame idx:857, drop:0
2021-04-13 21:18:37.865 T:4973 DEBUG : CAMLCodec::GetTimeSize: len:24 dl:251396 fs:254126 front:3114
2021-04-13 21:18:37.866 T:4973 DEBUG : CAMLCodec::GetTimeSize: len:23 dl:251396 fs:251012 front:1983
2021-04-13 21:18:37.866 T:4973 DEBUG : CAMLCodec::DequeueBuffer: pts:35.869 idx:860
2021-04-13 21:18:37.866 T:4973 DEBUG : CAMLCodec::GetPicture: index: 860, pts: 35.869, dur:41ms ar:0.00
2021-04-13 21:18:37.866 T:4973 DEBUG : CVideoPlayerVideo::OutputPicture - ttd:275ms pts:35.869 Clock:35.594 Level:2
2021-04-13 21:18:37.867 T:4973 DEBUG : CAMLCodec::GetTimeSize: len:23 dl:251396 fs:251012 front:1983
2021-04-13 21:18:37.872 T:4973 DEBUG : CAMLCodec::AddData: dl:258432 sum:258032 sz:7020 dts:36.870 pts:36.870 overflow:0
2021-04-13 21:18:37.872 T:4973 DEBUG : CAMLCodec::GetTimeSize: len:24 dl:258432 fs:258032 front:1983
2021-04-13 21:18:37.890 T:4974 INFO : Skipped 2 duplicate messages..
2021-04-13 21:18:37.889 T:4974 DEBUG : CVideoPlayerAudio::OutputPacket: pts:36.362 curr_pts:35.618 clock:35.617 level:99
2021-04-13 21:18:37.890 T:4974 DEBUG : CVideoPlayerAudio::OutputPacket: pts:36.386 curr_pts:35.618 clock:35.618 level:99
2021-04-13 21:18:37.891 T:4973 DEBUG : CAMLCodec::GetTimeSize: len:24 dl:258432 fs:258032 front:1983
2021-04-13 21:18:37.896 T:4972 DEBUG : CVideoPlayer::ProcessAudioData size:366 dts:44.327 pts:44.327 dur:23.000ms, clock:35.624 drop:0 level:99
2021-04-13 21:18:37.896 T:4972 DEBUG : CVideoPlayer::ProcessVideoData size:10918 dts:44.336 pts:44.336 dur:41.000ms, clock:35.624 level:93
2021-04-13 21:18:37.896 T:4972 DEBUG : CVideoPlayer::ProcessAudioData size:367 dts:44.350 pts:44.350 dur:23.000ms, clock:35.624 drop:0 level:99
2021-04-13 21:18:37.897 T:4973 DEBUG : CAMLCodec::GetTimeSize: len:24 dl:258432 fs:258032 front:1983
2021-04-13 21:18:37.900 T:4763 DEBUG : CAMLCodec::PollFrame elapsed:35.884ms
2021-04-13 21:18:37.903 T:4763 DEBUG : PrepareNextRender: frameOnScreen: 35.631 renderPts: 35.798 nextFramePts: 35.786 -> diff: 0.012 render: 1 forceNext: 0
2021-04-13 21:18:37.904 T:4973 DEBUG : CAMLCodec::GetTimeSize: len:24 dl:258432 fs:258032 front:1983
2021-04-13 21:18:37.906 T:4763 DEBUG : CAMLCodec::ReleaseFrame idx:858, drop:0
2021-04-13 21:18:37.910 T:4973 DEBUG : CAMLCodec::GetTimeSize: len:24 dl:256433 fs:258032 front:1983
2021-04-13 21:18:37.910 T:4973 DEBUG : CAMLCodec::GetTimeSize: len:23 dl:256433 fs:256049 front:156
2021-04-13 21:18:37.910 T:4973 DEBUG : CAMLCodec::DequeueBuffer: pts:35.911 idx:861
2021-04-13 21:18:37.910 T:4973 DEBUG : CAMLCodec::GetPicture: index: 861, pts: 35.911, dur:42ms ar:0.00
2021-04-13 21:18:37.910 T:4973 DEBUG : CVideoPlayerVideo::OutputPicture - ttd:272ms pts:35.911 Clock:35.638 Level:2
2021-04-13 21:18:37.912 T:4973 DEBUG : CAMLCodec::GetTimeSize: len:23 dl:256433 fs:256049 front:156
2021-04-13 21:18:37.917 T:4973 DEBUG : CAMLCodec::AddData: dl:260708 sum:260308 sz:4259 dts:36.912 pts:36.912 overflow:0
2021-04-13 21:18:37.917 T:4973 DEBUG : CAMLCodec::GetTimeSize: len:24 dl:260708 fs:260308 front:156
2021-04-13 21:18:37.940 T:4974 INFO : Skipped 3 duplicate messages..
2021-04-13 21:18:37.940 T:4974 DEBUG : CVideoPlayerAudio::OutputPacket: pts:36.409 curr_pts:35.668 clock:35.667 level:99
2021-04-13 21:18:37.940 T:4974 DEBUG : CVideoPlayerAudio::OutputPacket: pts:36.432 curr_pts:35.668 clock:35.668 level:99
2021-04-13 21:18:37.942 T:4973 DEBUG : CAMLCodec::GetTimeSize: len:24 dl:260708 fs:260308 front:156
2021-04-13 21:18:37.942 T:4763 DEBUG : CAMLCodec::PollFrame elapsed:35.935ms
2021-04-13 21:18:37.944 T:4763 DEBUG : PrepareNextRender: frameOnScreen: 35.672 renderPts: 35.839 nextFramePts: 35.828 -> diff: 0.011 render: 1 forceNext: 0
2021-04-13 21:18:37.947 T:4972 DEBUG : CVideoPlayer::ProcessAudioData size:359 dts:44.373 pts:44.373 dur:23.000ms, clock:35.675 drop:0 level:99
2021-04-13 21:18:37.947 T:4972 DEBUG : CVideoPlayer::ProcessVideoData size:13716 dts:44.378 pts:44.378 dur:41.000ms, clock:35.675 level:93
2021-04-13 21:18:37.948 T:4972 DEBUG : CVideoPlayer::ProcessAudioData size:384 dts:44.397 pts:44.397 dur:23.000ms, clock:35.676 drop:0 level:99
2021-04-13 21:18:37.948 T:4763 DEBUG : CAMLCodec::ReleaseFrame idx:859, drop:0
2021-04-13 21:18:37.949 T:4973 DEBUG : CAMLCodec::GetTimeSize: len:24 dl:260536 fs:260308 front:156
2021-04-13 21:18:37.949 T:4973 DEBUG : CAMLCodec::DequeueBuffer: pts:35.953 idx:862
2021-04-13 21:18:37.949 T:4973 DEBUG : CAMLCodec::GetPicture: index: 862, pts: 35.953, dur:42ms ar:0.00
2021-04-13 21:18:37.949 T:4973 DEBUG : CVideoPlayerVideo::OutputPicture - ttd:275ms pts:35.953 Clock:35.677 Level:2
2021-04-13 21:18:37.950 T:4973 DEBUG : CAMLCodec::GetTimeSize: len:24 dl:260536 fs:260308 front:156
2021-04-13 21:18:37.957 T:4973 DEBUG : CAMLCodec::GetTimeSize: len:24 dl:170863 fs:260308 front:156
2021-04-13 21:18:37.957 T:4973 DEBUG : CAMLCodec::GetTimeSize: len:23 dl:170863 fs:260152 front:89649
2021-04-13 21:18:37.957 T:4973 DEBUG : CAMLCodec::GetTimeSize: len:22 dl:170863 fs:170503 front:3051
2021-04-13 21:18:37.957 T:4973 DEBUG : CAMLCodec::DequeueBuffer: pts:35.995 idx:863
2021-04-13 21:18:37.957 T:4973 DEBUG : CAMLCodec::GetPicture: index: 863, pts: 35.995, dur:42ms ar:0.00
2021-04-13 21:18:37.957 T:4973 DEBUG : CVideoPlayerVideo::OutputPicture - ttd:310ms pts:35.995 Clock:35.685 Level:3
2021-04-13 21:18:37.958 T:4973 DEBUG : CAMLCodec::GetTimeSize: len:22 dl:170863 fs:170503 front:3051
2021-04-13 21:18:37.963 T:4973 DEBUG : CAMLCodec::AddData: dl:171530 sum:171154 sz:651 dts:36.954 pts:36.954 overflow:0
2021-04-13 21:18:37.963 T:4973 DEBUG : CAMLCodec::GetTimeSize: len:23 dl:171530 fs:171154 front:3051
2021-04-13 21:18:37.968 T:4973 DEBUG : frame_number : 2, mag : 2; index_sz : 6
2021-04-13 21:18:37.971 T:4973 DEBUG : CAMLCodec::AddData: dl:231853 sum:231451 sz:60297 dts:36.996 pts:36.996 overflow:0
2021-04-13 21:18:37.971 T:4973 DEBUG : CAMLCodec::GetTimeSize: len:24 dl:231853 fs:231451 front:3051
2021-04-13 21:18:37.984 T:4763 INFO : Skipped 2 duplicate messages..
2021-04-13 21:18:37.984 T:4763 DEBUG : CAMLCodec::PollFrame elapsed:35.809ms
2021-04-13 21:18:37.987 T:4763 DEBUG : PrepareNextRender: frameOnScreen: 35.715 renderPts: 35.882 nextFramePts: 35.869 -> diff: 0.013 render: 1 forceNext: 0
2021-04-13 21:18:37.989 T:4763 DEBUG : CAMLCodec::ReleaseFrame idx:860, drop:0
2021-04-13 21:18:37.990 T:4973 DEBUG : CAMLCodec::GetTimeSize: len:24 dl:228786 fs:231451 front:3051
2021-04-13 21:18:37.990 T:4973 DEBUG : CAMLCodec::GetTimeSize: len:23 dl:228786 fs:228400 front:3549
2021-04-13 21:18:37.990 T:4974 DEBUG : CVideoPlayerAudio::OutputPacket: pts:36.455 curr_pts:35.718 clock:35.718 level:99
2021-04-13 21:18:37.990 T:4973 DEBUG : CAMLCodec::DequeueBuffer: pts:36.036 idx:864
2021-04-13 21:18:37.990 T:4973 DEBUG : CAMLCodec::GetPicture: index: 864, pts: 36.036, dur:41ms ar:0.00
2021-04-13 21:18:37.990 T:4973 DEBUG : CVideoPlayerVideo::OutputPicture - ttd:318ms pts:36.036 Clock:35.718 Level:3
2021-04-13 21:18:37.990 T:4974 DEBUG : CVideoPlayerAudio::OutputPacket: pts:36.479 curr_pts:35.718 clock:35.718 level:99
2021-04-13 21:18:37.991 T:4973 DEBUG : CAMLCodec::GetTimeSize: len:23 dl:228786 fs:228400 front:3549
2021-04-13 21:18:37.996 T:4973 DEBUG : CAMLCodec::AddData: dl:236117 sum:235715 sz:7315 dts:37.037 pts:37.037 overflow:0
2021-04-13 21:18:37.996 T:4973 DEBUG : CAMLCodec::GetTimeSize: len:24 dl:236117 fs:235715 front:3549
2021-04-13 21:18:37.999 T:4972 DEBUG : CVideoPlayer::ProcessVideoData size:14820 dts:44.420 pts:44.420 dur:41.000ms, clock:35.726 level:92
2021-04-13 21:18:37.999 T:4972 DEBUG : CVideoPlayer::ProcessAudioData size:422 dts:44.420 pts:44.420 dur:23.000ms, clock:35.727 drop:0 level:99
2021-04-13 21:18:37.999 T:4972 DEBUG : CVideoPlayer::ProcessAudioData size:346 dts:44.443 pts:44.443 dur:23.000ms, clock:35.727 drop:0 level:99
2021-04-13 21:18:38.003 T:4973 DEBUG : CAMLCodec::GetTimeSize: len:24 dl:236117 fs:235715 front:3549
2021-04-13 21:18:38.025 T:4763 INFO : Skipped 3 duplicate messages..
2021-04-13 21:18:38.025 T:4763 DEBUG : CAMLCodec::PollFrame elapsed:35.651ms
2021-04-13 21:18:38.028 T:4973 DEBUG : CAMLCodec::GetTimeSize: len:24 dl:236117 fs:235715 front:3549
2021-04-13 21:18:38.028 T:4763 DEBUG : PrepareNextRender: frameOnScreen: 35.756 renderPts: 35.923 nextFramePts: 35.911 -> diff: 0.012 render: 1 forceNext: 0
2021-04-13 21:18:38.031 T:4763 DEBUG : CAMLCodec::ReleaseFrame idx:861, drop:0
2021-04-13 21:18:38.034 T:4973 DEBUG : CAMLCodec::GetTimeSize: len:24 dl:232552 fs:235715 front:3549
2021-04-13 21:18:38.034 T:4973 DEBUG : CAMLCodec::GetTimeSize: len:23 dl:232552 fs:232166 front:4503
2021-04-13 21:18:38.034 T:4973 DEBUG : CAMLCodec::DequeueBuffer: pts:36.078 idx:865
2021-04-13 21:18:38.034 T:4973 DEBUG : CAMLCodec::GetPicture: index: 865, pts: 36.078, dur:42ms ar:0.00
2021-04-13 21:18:38.034 T:4973 DEBUG : CVideoPlayerVideo::OutputPicture - ttd:315ms pts:36.078 Clock:35.762 Level:3
2021-04-13 21:18:38.036 T:4973 DEBUG : CAMLCodec::GetTimeSize: len:23 dl:232552 fs:232166 front:4503
2021-04-13 21:18:38.040 T:4974 DEBUG : CVideoPlayerAudio::OutputPacket: pts:36.502 curr_pts:35.768 clock:35.768 level:99
2021-04-13 21:18:38.040 T:4974 DEBUG : CVideoPlayerAudio::OutputPacket: pts:36.525 curr_pts:35.769 clock:35.768 level:99
2021-04-13 21:18:38.040 T:4974 DEBUG : CVideoPlayerAudio::OutputPacket: pts:36.548 curr_pts:35.769 clock:35.768 level:99
2021-04-13 21:18:38.041 T:4973 DEBUG : CAMLCodec::AddData: dl:243529 sum:243127 sz:10961 dts:37.079 pts:37.079 overflow:0
2021-04-13 21:18:38.041 T:4973 DEBUG : CAMLCodec::GetTimeSize: len:24 dl:243529 fs:243127 front:4503
2021-04-13 21:18:38.050 T:4972 INFO : Skipped 1 duplicate messages..
2021-04-13 21:18:38.050 T:4972 DEBUG : CVideoPlayer::ProcessVideoData size:14141 dts:44.462 pts:44.462 dur:41.000ms, clock:35.777 level:92
2021-04-13 21:18:38.050 T:4972 DEBUG : CVideoPlayer::ProcessAudioData size:348 dts:44.466 pts:44.466 dur:23.000ms, clock:35.778 drop:0 level:99
2021-04-13 21:18:38.050 T:4972 DEBUG : CVideoPlayer::ProcessAudioData size:346 dts:44.489 pts:44.489 dur:23.000ms, clock:35.778 drop:0 level:99
2021-04-13 21:18:38.050 T:4972 DEBUG : CVideoPlayer::ProcessVideoData size:14221 dts:44.503 pts:44.503 dur:41.000ms, clock:35.778 level:92
2021-04-13 21:18:38.050 T:4972 DEBUG : CVideoPlayer::ProcessAudioData size:358 dts:44.513 pts:44.513 dur:23.000ms, clock:35.778 drop:0 level:99
2021-04-13 21:18:38.054 T:4973 DEBUG : CAMLCodec::GetTimeSize: len:24 dl:243529 fs:243127 front:4503
2021-04-13 21:18:38.067 T:4763 INFO : Skipped 2 duplicate messages..
2021-04-13 21:18:38.067 T:4763 DEBUG : CAMLCodec::PollFrame elapsed:35.833ms
2021-04-13 21:18:38.070 T:4763 DEBUG : PrepareNextRender: frameOnScreen: 35.798 renderPts: 35.965 nextFramePts: 35.953 -> diff: 0.012 render: 1 forceNext: 0
2021-04-13 21:18:38.072 T:4973 DEBUG : CAMLCodec::GetTimeSize: len:24 dl:239010 fs:243127 front:4503
2021-04-13 21:18:38.073 T:4973 DEBUG : CAMLCodec::GetTimeSize: len:23 dl:239010 fs:238624 front:5676
2021-04-13 21:18:38.073 T:4973 DEBUG : CAMLCodec::DequeueBuffer: pts:36.120 idx:866
2021-04-13 21:18:38.073 T:4973 DEBUG : CAMLCodec::GetPicture: index: 866, pts: 36.120, dur:42ms ar:0.00
2021-04-13 21:18:38.073 T:4973 DEBUG : CVideoPlayerVideo::OutputPicture - ttd:319ms pts:36.120 Clock:35.801 Level:3
2021-04-13 21:18:38.073 T:4763 DEBUG : CAMLCodec::ReleaseFrame idx:862, drop:0
2021-04-13 21:18:38.074 T:4973 DEBUG : CAMLCodec::GetTimeSize: len:23 dl:239010 fs:238624 front:5676
2021-04-13 21:18:38.079 T:4973 DEBUG : CAMLCodec::AddData: dl:249243 sum:248841 sz:10217 dts:37.121 pts:37.121 overflow:0
2021-04-13 21:18:38.079 T:4973 DEBUG : CAMLCodec::GetTimeSize: len:24 dl:249243 fs:248841 front:5676
2021-04-13 21:18:38.090 T:4974 INFO : Skipped 1 duplicate messages..
2021-04-13 21:18:38.090 T:4974 DEBUG : CVideoPlayerAudio::OutputPacket: pts:36.571 curr_pts:35.818 clock:35.818 level:99
2021-04-13 21:18:38.090 T:4974 DEBUG : CVideoPlayerAudio::OutputPacket: pts:36.595 curr_pts:35.818 clock:35.818 level:99
2021-04-13 21:18:38.091 T:4972 DEBUG : CVideoPlayer::ProcessAudioData size:357 dts:44.536 pts:44.536 dur:23.000ms, clock:35.818 drop:0 level:99
2021-04-13 21:18:38.091 T:4972 DEBUG : CVideoPlayer::ProcessVideoData size:13223 dts:44.545 pts:44.545 dur:41.000ms, clock:35.819 level:92
2021-04-13 21:18:38.091 T:4972 DEBUG : CVideoPlayer::ProcessAudioData size:368 dts:44.559 pts:44.559 dur:23.000ms, clock:35.819 drop:0 level:99
2021-04-13 21:18:38.092 T:4973 DEBUG : CAMLCodec::GetTimeSize: len:24 dl:249243 fs:248841 front:5676
2021-04-13 21:18:38.109 T:4763 INFO : Skipped 2 duplicate messages..
2021-04-13 21:18:38.109 T:4763 DEBUG : CAMLCodec::PollFrame elapsed:35.905ms
2021-04-13 21:18:38.111 T:4973 DEBUG : CAMLCodec::GetTimeSize: len:24 dl:249243 fs:248841 front:5676
2021-04-13 21:18:38.111 T:4763 DEBUG : PrepareNextRender: frameOnScreen: 35.839 renderPts: 36.006 nextFramePts: 35.995 -> diff: 0.011 render: 1 forceNext: 0
2021-04-13 21:18:38.114 T:4763 DEBUG : CAMLCodec::ReleaseFrame idx:863, drop:0
2021-04-13 21:18:38.118 T:4973 DEBUG : CAMLCodec::GetTimeSize: len:24 dl:243551 fs:248841 front:5676
2021-04-13 21:18:38.118 T:4973 DEBUG : CAMLCodec::GetTimeSize: len:23 dl:243551 fs:243165 front:6046
2021-04-13 21:18:38.118 T:4973 DEBUG : CAMLCodec::DequeueBuffer: pts:36.161 idx:867
2021-04-13 21:18:38.118 T:4973 DEBUG : CAMLCodec::GetPicture: index: 867, pts: 36.161, dur:41ms ar:0.00
2021-04-13 21:18:38.118 T:4973 DEBUG : CVideoPlayerVideo::OutputPicture - ttd:315ms pts:36.161 Clock:35.846 Level:3
2021-04-13 21:18:38.119 T:4973 DEBUG : CAMLCodec::GetTimeSize: len:23 dl:243551 fs:243165 front:6046
2021-04-13 21:18:38.124 T:4973 DEBUG : CAMLCodec::AddData: dl:252814 sum:252412 sz:9247 dts:37.162 pts:37.162 overflow:0
2021-04-13 21:18:38.124 T:4973 DEBUG : CAMLCodec::GetTimeSize: len:24 dl:252814 fs:252412 front:6046
2021-04-13 21:18:38.140 T:4974 INFO : Skipped 2 duplicate messages..
2021-04-13 21:18:38.140 T:4974 DEBUG : CVideoPlayerAudio::OutputPacket: pts:36.618 curr_pts:35.868 clock:35.868 level:99
2021-04-13 21:18:38.140 T:4974 DEBUG : CVideoPlayerAudio::OutputPacket: pts:36.641 curr_pts:35.869 clock:35.868 level:99
2021-04-13 21:18:38.142 T:4972 DEBUG : CVideoPlayer::ProcessAudioData size:399 dts:44.582 pts:44.582 dur:23.000ms, clock:35.870 drop:0 level:99
2021-04-13 21:18:38.142 T:4972 DEBUG : CVideoPlayer::ProcessVideoData size:13689 dts:44.587 pts:44.587 dur:41.000ms, clock:35.870 level:92
2021-04-13 21:18:38.142 T:4972 DEBUG : CVideoPlayer::ProcessAudioData size:359 dts:44.606 pts:44.606 dur:23.000ms, clock:35.870 drop:0 level:99
2021-04-13 21:18:38.143 T:4973 DEBUG : CAMLCodec::GetTimeSize: len:24 dl:252814 fs:252412 front:6046
2021-04-13 21:18:38.151 T:4763 INFO : Skipped 1 duplicate messages..
2021-04-13 21:18:38.151 T:4763 DEBUG : CAMLCodec::PollFrame elapsed:35.907ms
2021-04-13 21:18:38.153 T:4763 DEBUG : PrepareNextRender: frameOnScreen: 35.881 renderPts: 36.047 nextFramePts: 36.036 -> diff: 0.011 render: 1 forceNext: 0
2021-04-13 21:18:38.155 T:4763 DEBUG : CAMLCodec::ReleaseFrame idx:864, drop:0
2021-04-13 21:18:38.156 T:4973 DEBUG : CAMLCodec::GetTimeSize: len:24 dl:252814 fs:252412 front:6046
2021-04-13 21:18:38.162 T:4973 DEBUG : CAMLCodec::GetTimeSize: len:24 dl:246752 fs:252412 front:6046
2021-04-13 21:18:38.162 T:4973 DEBUG : CAMLCodec::GetTimeSize: len:23 dl:246752 fs:246366 front:6361
2021-04-13 21:18:38.162 T:4973 DEBUG : CAMLCodec::DequeueBuffer: pts:36.203 idx:868
2021-04-13 21:18:38.162 T:4973 DEBUG : CAMLCodec::GetPicture: index: 868, pts: 36.203, dur:42ms ar:0.00
2021-04-13 21:18:38.163 T:4973 DEBUG : CVideoPlayerVideo::OutputPicture - ttd:312ms pts:36.203 Clock:35.890 Level:3
2021-04-13 21:18:38.164 T:4973 DEBUG : CAMLCodec::GetTimeSize: len:23 dl:246752 fs:246366 front:6361
2021-04-13 21:18:38.169 T:4973 DEBUG : CAMLCodec::AddData: dl:256986 sum:256584 sz:10218 dts:37.204 pts:37.204 overflow:0
2021-04-13 21:18:38.169 T:4973 DEBUG : CAMLCodec::GetTimeSize: len:24 dl:256986 fs:256584 front:6361
2021-04-13 21:18:38.190 T:4974 INFO : Skipped 3 duplicate messages..
2021-04-13 21:18:38.190 T:4974 DEBUG : CVideoPlayerAudio::OutputPacket: pts:36.664 curr_pts:35.918 clock:35.918 level:99
2021-04-13 21:18:38.190 T:4974 DEBUG : CVideoPlayerAudio::OutputPacket: pts:36.688 curr_pts:35.918 clock:35.918 level:99
2021-04-13 21:18:38.192 T:4763 DEBUG : CAMLCodec::PollFrame elapsed:36.825ms
2021-04-13 21:18:38.193 T:4972 DEBUG : CVideoPlayer::ProcessVideoData size:12459 dts:44.628 pts:44.628 dur:41.000ms, clock:35.921 level:92
2021-04-13 21:18:38.193 T:4972 DEBUG : CVideoPlayer::ProcessAudioData size:358 dts:44.629 pts:44.629 dur:23.000ms, clock:35.921 drop:0 level:99
2021-04-13 21:18:38.193 T:4972 DEBUG : CVideoPlayer::ProcessAudioData size:364 dts:44.652 pts:44.652 dur:23.000ms, clock:35.921 drop:0 level:99
2021-04-13 21:18:38.194 T:4973 DEBUG : CAMLCodec::GetTimeSize: len:24 dl:256986 fs:256584 front:6361
2021-04-13 21:18:38.195 T:4763 DEBUG : PrepareNextRender: frameOnScreen: 35.923 renderPts: 36.090 nextFramePts: 36.078 -> diff: 0.012 render: 1 forceNext: 0
2021-04-13 21:18:38.197 T:4763 DEBUG : CAMLCodec::ReleaseFrame idx:865, drop:0
2021-04-13 21:18:38.200 T:4973 DEBUG : CAMLCodec::GetTimeSize: len:24 dl:256986 fs:256584 front:6361
2021-04-13 21:18:38.234 T:4763 INFO : Skipped 5 duplicate messages..
2021-04-13 21:18:38.234 T:4763 DEBUG : CAMLCodec::PollFrame elapsed:36.673ms
2021-04-13 21:18:38.237 T:4763 DEBUG : PrepareNextRender: frameOnScreen: 35.964 renderPts: 36.131 nextFramePts: 36.120 -> diff: 0.011 render: 1 forceNext: 0
2021-04-13 21:18:38.238 T:4973 DEBUG : CAMLCodec::GetTimeSize: len:24 dl:256986 fs:256584 front:6361
2021-04-13 21:18:38.239 T:4763 DEBUG : CAMLCodec::ReleaseFrame idx:866, drop:0
2021-04-13 21:18:38.240 T:4974 DEBUG : CVideoPlayerAudio::OutputPacket: pts:36.711 curr_pts:35.969 clock:35.968 level:99
2021-04-13 21:18:38.240 T:4974 DEBUG : CVideoPlayerAudio::OutputPacket: pts:36.734 curr_pts:35.969 clock:35.968 level:99
2021-04-13 21:18:38.244 T:4972 DEBUG : CVideoPlayer::ProcessVideoData size:10854 dts:44.670 pts:44.670 dur:41.000ms, clock:35.971 level:93
2021-04-13 21:18:38.244 T:4972 DEBUG : CVideoPlayer::ProcessAudioData size:441 dts:44.675 pts:44.675 dur:23.000ms, clock:35.972 drop:0 level:99
2021-04-13 21:18:38.244 T:4972 DEBUG : CVideoPlayer::ProcessAudioData size:409 dts:44.698 pts:44.698 dur:23.000ms, clock:35.972 drop:0 level:99
2021-04-13 21:18:38.245 T:4973 DEBUG : CAMLCodec::GetTimeSize: len:24 dl:250609 fs:256584 front:6361
2021-04-13 21:18:38.245 T:4973 DEBUG : CAMLCodec::GetTimeSize: len:23 dl:250609 fs:250223 front:5658
2021-04-13 21:18:38.245 T:4973 DEBUG : CAMLCodec::DequeueBuffer: pts:36.245 idx:869
2021-04-13 21:18:38.245 T:4973 DEBUG : CAMLCodec::GetPicture: index: 869, pts: 36.245, dur:42ms ar:0.00
2021-04-13 21:18:38.245 T:4973 DEBUG : CVideoPlayerVideo::OutputPicture - ttd:271ms pts:36.245 Clock:35.973 Level:2
2021-04-13 21:18:38.246 T:4973 DEBUG : CAMLCodec::GetTimeSize: len:23 dl:250609 fs:250223 front:5658
2021-04-13 21:18:38.252 T:4973 DEBUG : CAMLCodec::AddData: dl:257878 sum:257476 sz:7253 dts:37.246 pts:37.246 overflow:0
2021-04-13 21:18:38.252 T:4973 DEBUG : CAMLCodec::GetTimeSize: len:24 dl:257878 fs:257476 front:5658
2021-04-13 21:18:38.276 T:4763 INFO : Skipped 3 duplicate messages..
2021-04-13 21:18:38.276 T:4763 DEBUG : CAMLCodec::PollFrame elapsed:36.424ms
2021-04-13 21:18:38.277 T:4973 DEBUG : CAMLCodec::GetTimeSize: len:24 dl:257878 fs:257476 front:5658
2021-04-13 21:18:38.278 T:4763 DEBUG : PrepareNextRender: frameOnScreen: 36.006 renderPts: 36.173 nextFramePts: 36.161 -> diff: 0.012 render: 1 forceNext: 0
2021-04-13 21:18:38.281 T:4763 DEBUG : CAMLCodec::ReleaseFrame idx:867, drop:0
2021-04-13 21:18:38.283 T:4973 DEBUG : CAMLCodec::GetTimeSize: len:24 dl:252204 fs:257476 front:5658
2021-04-13 21:18:38.283 T:4973 DEBUG : CAMLCodec::GetTimeSize: len:23 dl:252204 fs:251818 front:4854
2021-04-13 21:18:38.283 T:4973 DEBUG : CAMLCodec::DequeueBuffer: pts:36.287 idx:870
2021-04-13 21:18:38.283 T:4973 DEBUG : CAMLCodec::GetPicture: index: 870, pts: 36.287, dur:42ms ar:0.00
2021-04-13 21:18:38.283 T:4973 DEBUG : CVideoPlayerVideo::OutputPicture - ttd:275ms pts:36.287 Clock:36.011 Level:2
2021-04-13 21:18:38.284 T:4973 DEBUG : CAMLCodec::GetTimeSize: len:23 dl:252204 fs:251818 front:4854
2021-04-13 21:18:38.290 T:4973 DEBUG : CAMLCodec::AddData: dl:259508 sum:259106 sz:7288 dts:37.288 pts:37.288 overflow:0
2021-04-13 21:18:38.290 T:4973 DEBUG : CAMLCodec::GetTimeSize: len:24 dl:259508 fs:259106 front:4854
2021-04-13 21:18:38.290 T:4974 DEBUG : CVideoPlayerAudio::OutputPacket: pts:36.757 curr_pts:36.018 clock:36.018 level:99
2021-04-13 21:18:38.290 T:4974 DEBUG : CVideoPlayerAudio::OutputPacket: pts:36.780 curr_pts:36.018 clock:36.018 level:99
2021-04-13 21:18:38.294 T:4972 DEBUG : CVideoPlayer::ProcessVideoData size:5030 dts:44.712 pts:44.712 dur:41.000ms, clock:36.022 level:92
2021-04-13 21:18:38.295 T:4972 DEBUG : CVideoPlayer::ProcessAudioData size:351 dts:44.722 pts:44.722 dur:23.000ms, clock:36.022 drop:0 level:99
2021-04-13 21:18:38.295 T:4972 DEBUG : CVideoPlayer::ProcessAudioData size:347 dts:44.745 pts:44.745 dur:23.000ms, clock:36.022 drop:0 level:99
2021-04-13 21:18:38.296 T:4973 DEBUG : CAMLCodec::GetTimeSize: len:24 dl:259508 fs:259106 front:4854
2021-04-13 21:18:38.317 T:4763 INFO : Skipped 3 duplicate messages..
2021-04-13 21:18:38.317 T:4763 DEBUG : CAMLCodec::PollFrame elapsed:36.434ms
2021-04-13 21:18:38.320 T:4763 DEBUG : PrepareNextRender: frameOnScreen: 36.048 renderPts: 36.215 nextFramePts: 36.203 -> diff: 0.012 render: 1 forceNext: 0
2021-04-13 21:18:38.321 T:4973 DEBUG : CAMLCodec::GetTimeSize: len:24 dl:259508 fs:259106 front:4854
2021-04-13 21:18:38.324 T:4763 DEBUG : CAMLCodec::ReleaseFrame idx:868, drop:0
2021-04-13 21:18:38.327 T:4973 DEBUG : CAMLCodec::GetTimeSize: len:24 dl:254638 fs:259106 front:4854
2021-04-13 21:18:38.328 T:4973 DEBUG : CAMLCodec::GetTimeSize: len:23 dl:254638 fs:254252 front:3747
2021-04-13 21:18:38.328 T:4973 DEBUG : CAMLCodec::DequeueBuffer: pts:36.328 idx:871
2021-04-13 21:18:38.328 T:4973 DEBUG : CAMLCodec::GetPicture: index: 871, pts: 36.328, dur:41ms ar:0.00
2021-04-13 21:18:38.328 T:4973 DEBUG : CVideoPlayerVideo::OutputPicture - ttd:272ms pts:36.328 Clock:36.056 Level:2
2021-04-13 21:18:38.329 T:4973 DEBUG : CAMLCodec::GetTimeSize: len:23 dl:254638 fs:254252 front:3747
2021-04-13 21:18:38.334 T:4973 DEBUG : CAMLCodec::AddData: dl:263305 sum:262903 sz:8651 dts:37.329 pts:37.329 overflow:0
2021-04-13 21:18:38.334 T:4973 DEBUG : CAMLCodec::GetTimeSize: len:24 dl:263305 fs:262903 front:3747
2021-04-13 21:18:38.340 T:4974 DEBUG : CVideoPlayerAudio::OutputPacket: pts:36.804 curr_pts:36.068 clock:36.068 level:99
2021-04-13 21:18:38.340 T:4973 DEBUG : CAMLCodec::GetTimeSize: len:24 dl:263305 fs:262903 front:3747
2021-04-13 21:18:38.340 T:4974 DEBUG : CVideoPlayerAudio::OutputPacket: pts:36.827 curr_pts:36.069 clock:36.068 level:99
2021-04-13 21:18:38.345 T:4972 DEBUG : CVideoPlayer::ProcessVideoData size:749 dts:44.754 pts:44.754 dur:41.000ms, clock:36.073 level:92
2021-04-13 21:18:38.345 T:4972 DEBUG : CVideoPlayer::ProcessAudioData size:424 dts:44.768 pts:44.768 dur:23.000ms, clock:36.073 drop:0 level:99
2021-04-13 21:18:38.345 T:4972 DEBUG : CVideoPlayer::ProcessAudioData size:347 dts:44.791 pts:44.791 dur:23.000ms, clock:36.073 drop:0 level:99
2021-04-13 21:18:38.347 T:4973 DEBUG : CAMLCodec::GetTimeSize: len:24 dl:263305 fs:262903 front:3747
2021-04-13 21:18:38.359 T:4763 INFO : Skipped 1 duplicate messages..
2021-04-13 21:18:38.359 T:4763 DEBUG : CAMLCodec::PollFrame elapsed:35.321ms
2021-04-13 21:18:38.359 T:4973 DEBUG : CAMLCodec::GetTimeSize: len:24 dl:263305 fs:262903 front:3747
2021-04-13 21:18:38.362 T:4763 DEBUG : PrepareNextRender: frameOnScreen: 36.090 renderPts: 36.256 nextFramePts: 36.245 -> diff: 0.011 render: 1 forceNext: 0
2021-04-13 21:18:38.364 T:4763 DEBUG : CAMLCodec::ReleaseFrame idx:869, drop:0
2021-04-13 21:18:38.366 T:4973 DEBUG : CAMLCodec::GetTimeSize: len:24 dl:259542 fs:262903 front:3747
2021-04-13 21:18:38.366 T:4973 DEBUG : CAMLCodec::GetTimeSize: len:23 dl:259542 fs:259156 front:2367
2021-04-13 21:18:38.366 T:4973 DEBUG : CAMLCodec::DequeueBuffer: pts:36.370 idx:872
2021-04-13 21:18:38.366 T:4973 DEBUG : CAMLCodec::GetPicture: index: 872, pts: 36.370, dur:42ms ar:0.00
2021-04-13 21:18:38.366 T:4973 DEBUG : CVideoPlayerVideo::OutputPicture - ttd:276ms pts:36.370 Clock:36.094 Level:2
2021-04-13 21:18:38.367 T:4973 DEBUG : CAMLCodec::GetTimeSize: len:23 dl:259542 fs:259156 front:2367
2021-04-13 21:18:38.372 T:4973 DEBUG : CAMLCodec::AddData: dl:268124 sum:267722 sz:8566 dts:37.371 pts:37.371 overflow:0
2021-04-13 21:18:38.372 T:4973 DEBUG : CAMLCodec::GetTimeSize: len:24 dl:268124 fs:267722 front:2367
2021-04-13 21:18:38.389 T:4974 INFO : Skipped 2 duplicate messages..
2021-04-13 21:18:38.389 T:4974 DEBUG : CVideoPlayerAudio::OutputPacket: pts:36.850 curr_pts:36.118 clock:36.117 level:99
2021-04-13 21:18:38.390 T:4974 DEBUG : CVideoPlayerAudio::OutputPacket: pts:36.873 curr_pts:36.118 clock:36.118 level:99
2021-04-13 21:18:38.390 T:4974 DEBUG : CVideoPlayerAudio::OutputPacket: pts:36.897 curr_pts:36.118 clock:36.118 level:99
2021-04-13 21:18:38.391 T:4973 DEBUG : CAMLCodec::GetTimeSize: len:24 dl:268124 fs:267722 front:2367
2021-04-13 21:18:38.396 T:4972 DEBUG : CVideoPlayer::ProcessVideoData size:35872 dts:44.795 pts:44.795 dur:41.000ms, clock:36.124 level:92
2021-04-13 21:18:38.397 T:4972 DEBUG : CVideoPlayer::ProcessAudioData size:350 dts:44.815 pts:44.815 dur:23.000ms, clock:36.124 drop:0 level:99
2021-04-13 21:18:38.397 T:4972 DEBUG : CVideoPlayer::ProcessVideoData size:10493 dts:44.837 pts:44.837 dur:41.000ms, clock:36.125 level:93
2021-04-13 21:18:38.397 T:4972 DEBUG : CVideoPlayer::ProcessAudioData size:388 dts:44.838 pts:44.838 dur:23.000ms, clock:36.125 drop:0 level:99
2021-04-13 21:18:38.397 T:4972 DEBUG : CVideoPlayer::ProcessAudioData size:534 dts:44.861 pts:44.861 dur:23.000ms, clock:36.125 drop:0 level:99
2021-04-13 21:18:38.398 T:4973 DEBUG : CAMLCodec::GetTimeSize: len:24 dl:268124 fs:267722 front:2367
2021-04-13 21:18:38.401 T:4763 DEBUG : CAMLCodec::PollFrame elapsed:36.551ms
2021-04-13 21:18:38.404 T:4763 DEBUG : PrepareNextRender: frameOnScreen: 36.132 renderPts: 36.299 nextFramePts: 36.287 -> diff: 0.012 render: 1 forceNext: 0
2021-04-13 21:18:38.404 T:4973 DEBUG : CAMLCodec::GetTimeSize: len:24 dl:268124 fs:267722 front:2367
2021-04-13 21:18:38.406 T:4763 DEBUG : CAMLCodec::ReleaseFrame idx:870, drop:0
2021-04-13 21:18:38.411 T:4973 DEBUG : CAMLCodec::GetTimeSize: len:24 dl:265741 fs:267722 front:2367
2021-04-13 21:18:38.411 T:4973 DEBUG : CAMLCodec::GetTimeSize: len:23 dl:265741 fs:265355 front:194
2021-04-13 21:18:38.411 T:4973 DEBUG : CAMLCodec::DequeueBuffer: pts:36.412 idx:873
2021-04-13 21:18:38.411 T:4973 DEBUG : CAMLCodec::GetPicture: index: 873, pts: 36.412, dur:42ms ar:0.00
2021-04-13 21:18:38.411 T:4973 DEBUG : CVideoPlayerVideo::OutputPicture - ttd:273ms pts:36.412 Clock:36.139 Level:2
2021-04-13 21:18:38.412 T:4973 DEBUG : CAMLCodec::GetTimeSize: len:23 dl:265741 fs:265355 front:194
2021-04-13 21:18:38.417 T:4973 DEBUG : CAMLCodec::AddData: dl:267222 sum:266820 sz:1465 dts:37.413 pts:37.413 overflow:0
2021-04-13 21:18:38.417 T:4973 DEBUG : CAMLCodec::GetTimeSize: len:24 dl:267222 fs:266820 front:194
2021-04-13 21:18:38.440 T:4974 INFO : Skipped 3 duplicate messages..
2021-04-13 21:18:38.440 T:4974 DEBUG : CVideoPlayerAudio::OutputPacket: pts:36.920 curr_pts:36.168 clock:36.167 level:99
2021-04-13 21:18:38.440 T:4974 DEBUG : CVideoPlayerAudio::OutputPacket: pts:36.943 curr_pts:36.168 clock:36.168 level:99
2021-04-13 21:18:38.442 T:4973 DEBUG : CAMLCodec::GetTimeSize: len:24 dl:267222 fs:266820 front:194
2021-04-13 21:18:38.442 T:4763 DEBUG : CAMLCodec::PollFrame elapsed:36.027ms
2021-04-13 21:18:38.445 T:4763 DEBUG : PrepareNextRender: frameOnScreen: 36.173 renderPts: 36.340 nextFramePts: 36.328 -> diff: 0.012 render: 1 forceNext: 0
2021-04-13 21:18:38.448 T:4972 DEBUG : CVideoPlayer::ProcessVideoData size:10998 dts:44.879 pts:44.879 dur:41.000ms, clock:36.176 level:93
2021-04-13 21:18:38.448 T:4972 DEBUG : CVideoPlayer::ProcessAudioData size:449 dts:44.884 pts:44.884 dur:23.000ms, clock:36.176 drop:0 level:99
2021-04-13 21:18:38.448 T:4972 DEBUG : CVideoPlayer::ProcessAudioData size:316 dts:44.907 pts:44.907 dur:23.000ms, clock:36.176 drop:0 level:99
2021-04-13 21:18:38.448 T:4763 DEBUG : CAMLCodec::ReleaseFrame idx:871, drop:0
2021-04-13 21:18:38.450 T:4973 DEBUG : CAMLCodec::GetTimeSize: len:24 dl:267012 fs:266820 front:194
2021-04-13 21:18:38.450 T:4973 DEBUG : CAMLCodec::DequeueBuffer: pts:36.453 idx:874
2021-04-13 21:18:38.450 T:4973 DEBUG : CAMLCodec::GetPicture: index: 874, pts: 36.453, dur:41ms ar:0.00
2021-04-13 21:18:38.450 T:4973 DEBUG : CVideoPlayerVideo::OutputPicture - ttd:275ms pts:36.453 Clock:36.178 Level:2
2021-04-13 21:18:38.451 T:4973 DEBUG : CAMLCodec::GetTimeSize: len:24 dl:267012 fs:266820 front:194
2021-04-13 21:18:38.457 T:4973 DEBUG : CAMLCodec::GetTimeSize: len:24 dl:196540 fs:266820 front:194
2021-04-13 21:18:38.457 T:4973 DEBUG : CAMLCodec::GetTimeSize: len:23 dl:196540 fs:266626 front:70448
2021-04-13 21:18:38.457 T:4973 DEBUG : CAMLCodec::GetTimeSize: len:22 dl:196540 fs:196178 front:4673
2021-04-13 21:18:38.457 T:4973 DEBUG : CAMLCodec::DequeueBuffer: pts:36.495 idx:875
2021-04-13 21:18:38.457 T:4973 DEBUG : CAMLCodec::GetPicture: index: 875, pts: 36.495, dur:42ms ar:0.00
2021-04-13 21:18:38.457 T:4973 DEBUG : CVideoPlayerVideo::OutputPicture - ttd:309ms pts:36.495 Clock:36.185 Level:3
2021-04-13 21:18:38.458 T:4973 DEBUG : CAMLCodec::GetTimeSize: len:22 dl:196540 fs:196178 front:4673
2021-04-13 21:18:38.464 T:4973 DEBUG : CAMLCodec::AddData: dl:205168 sum:204790 sz:8612 dts:37.454 pts:37.454 overflow:0
2021-04-13 21:18:38.464 T:4973 DEBUG : CAMLCodec::GetTimeSize: len:23 dl:205168 fs:204790 front:4673
2021-04-13 21:18:38.469 T:4973 DEBUG : CAMLCodec::AddData: dl:210972 sum:210578 sz:5788 dts:37.496 pts:37.496 overflow:0
2021-04-13 21:18:38.469 T:4973 DEBUG : CAMLCodec::GetTimeSize: len:24 dl:210972 fs:210578 front:4673
2021-04-13 21:18:38.484 T:4763 INFO : Skipped 2 duplicate messages..
2021-04-13 21:18:38.484 T:4763 DEBUG : CAMLCodec::PollFrame elapsed:35.666ms
2021-04-13 21:18:38.487 T:4763 DEBUG : PrepareNextRender: frameOnScreen: 36.214 renderPts: 36.381 nextFramePts: 36.370 -> diff: 0.011 render: 1 forceNext: 0
2021-04-13 21:18:38.488 T:4973 DEBUG : CAMLCodec::GetTimeSize: len:24 dl:210972 fs:210578 front:4673
2021-04-13 21:18:38.489 T:4763 DEBUG : CAMLCodec::ReleaseFrame idx:872, drop:0
2021-04-13 21:18:38.490 T:4974 DEBUG : CVideoPlayerAudio::OutputPacket: pts:36.966 curr_pts:36.218 clock:36.218 level:99
2021-04-13 21:18:38.490 T:4974 DEBUG : CVideoPlayerAudio::OutputPacket: pts:36.989 curr_pts:36.218 clock:36.218 level:99
2021-04-13 21:18:38.494 T:4973 DEBUG : CAMLCodec::GetTimeSize: len:24 dl:206283 fs:210578 front:4673
2021-04-13 21:18:38.495 T:4973 DEBUG : CAMLCodec::GetTimeSize: len:23 dl:206283 fs:205905 front:4578
2021-04-13 21:18:38.495 T:4973 DEBUG : CAMLCodec::DequeueBuffer: pts:36.537 idx:876
2021-04-13 21:18:38.495 T:4973 DEBUG : CAMLCodec::GetPicture: index: 876, pts: 36.537, dur:42ms ar:0.00
2021-04-13 21:18:38.495 T:4973 DEBUG : CVideoPlayerVideo::OutputPicture - ttd:314ms pts:36.537 Clock:36.223 Level:3
2021-04-13 21:18:38.496 T:4973 DEBUG : CAMLCodec::GetTimeSize: len:23 dl:206283 fs:205905 front:4578
2021-04-13 21:18:38.499 T:4972 DEBUG : CVideoPlayer::ProcessVideoData size:10535 dts:44.920 pts:44.920 dur:41.000ms, clock:36.227 level:92
2021-04-13 21:18:38.499 T:4972 DEBUG : CVideoPlayer::ProcessAudioData size:370 dts:44.931 pts:44.931 dur:23.000ms, clock:36.227 drop:0 level:99
2021-04-13 21:18:38.499 T:4972 DEBUG : CVideoPlayer::ProcessAudioData size:334 dts:44.954 pts:44.954 dur:23.000ms, clock:36.227 drop:0 level:99
2021-04-13 21:18:38.501 T:4973 DEBUG : CAMLCodec::AddData: dl:211873 sum:211479 sz:5574 dts:37.538 pts:37.538 overflow:0
2021-04-13 21:18:38.501 T:4973 DEBUG : CAMLCodec::GetTimeSize: len:24 dl:211873 fs:211479 front:4578
2021-04-13 21:18:38.526 T:4763 INFO : Skipped 3 duplicate messages..
2021-04-13 21:18:38.526 T:4763 DEBUG : CAMLCodec::PollFrame elapsed:36.619ms
2021-04-13 21:18:38.526 T:4973 DEBUG : CAMLCodec::GetTimeSize: len:24 dl:211873 fs:211479 front:4578
2021-04-13 21:18:38.529 T:4763 DEBUG : PrepareNextRender: frameOnScreen: 36.257 renderPts: 36.424 nextFramePts: 36.412 -> diff: 0.012 render: 1 forceNext: 0
2021-04-13 21:18:38.532 T:4763 DEBUG : CAMLCodec::ReleaseFrame idx:873, drop:0
2021-04-13 21:18:38.532 T:4973 DEBUG : CAMLCodec::GetTimeSize: len:24 dl:207279 fs:211479 front:4578
2021-04-13 21:18:38.532 T:4973 DEBUG : CAMLCodec::GetTimeSize: len:23 dl:207279 fs:206901 front:4991
2021-04-13 21:18:38.532 T:4973 DEBUG : CAMLCodec::DequeueBuffer: pts:36.578 idx:877
2021-04-13 21:18:38.533 T:4973 DEBUG : CAMLCodec::GetPicture: index: 877, pts: 36.578, dur:41ms ar:0.00
2021-04-13 21:18:38.533 T:4973 DEBUG : CVideoPlayerVideo::OutputPicture - ttd:317ms pts:36.578 Clock:36.261 Level:3
2021-04-13 21:18:38.534 T:4973 DEBUG : CAMLCodec::GetTimeSize: len:23 dl:207279 fs:206901 front:4991
2021-04-13 21:18:38.540 T:4974 DEBUG : CVideoPlayerAudio::OutputPacket: pts:37.013 curr_pts:36.268 clock:36.268 level:99
2021-04-13 21:18:38.540 T:4974 DEBUG : CVideoPlayerAudio::OutputPacket: pts:37.036 curr_pts:36.269 clock:36.268 level:99
2021-04-13 21:18:38.540 T:4972 DEBUG : CVideoPlayer::ProcessVideoData size:10375 dts:44.962 pts:44.962 dur:41.000ms, clock:36.268 level:92
2021-04-13 21:18:38.540 T:4973 DEBUG : CAMLCodec::AddData: dl:211691 sum:211297 sz:4396 dts:37.579 pts:37.579 overflow:0
2021-04-13 21:18:38.540 T:4973 DEBUG : CAMLCodec::GetTimeSize: len:24 dl:211691 fs:211297 front:4991
2021-04-13 21:18:38.540 T:4972 DEBUG : CVideoPlayer::ProcessAudioData size:337 dts:44.977 pts:44.977 dur:23.000ms, clock:36.268 drop:0 level:99
2021-04-13 21:18:38.540 T:4972 DEBUG : CVideoPlayer::ProcessAudioData size:330 dts:45.000 pts:45.000 dur:23.000ms, clock:36.268 drop:0 level:99
2021-04-13 21:18:38.546 T:4973 DEBUG : CAMLCodec::GetTimeSize: len:24 dl:211691 fs:211297 front:4991
2021-04-13 21:18:38.568 T:4763 INFO : Skipped 3 duplicate messages..
2021-04-13 21:18:38.568 T:4763 DEBUG : CAMLCodec::PollFrame elapsed:35.747ms
2021-04-13 21:18:38.570 T:4763 DEBUG : PrepareNextRender: frameOnScreen: 36.298 renderPts: 36.465 nextFramePts: 36.453 -> diff: 0.012 render: 1 forceNext: 0
2021-04-13 21:18:38.572 T:4973 DEBUG : CAMLCodec::GetTimeSize: len:24 dl:211691 fs:211297 front:4991
2021-04-13 21:18:38.573 T:4763 DEBUG : CAMLCodec::ReleaseFrame idx:874, drop:0
2021-04-13 21:18:38.578 T:4973 DEBUG : CAMLCodec::GetTimeSize: len:24 dl:206684 fs:211297 front:4991
2021-04-13 21:18:38.578 T:4973 DEBUG : CAMLCodec::GetTimeSize: len:23 dl:206684 fs:206306 front:5164
2021-04-13 21:18:38.578 T:4973 DEBUG : CAMLCodec::DequeueBuffer: pts:36.620 idx:878
2021-04-13 21:18:38.578 T:4973 DEBUG : CAMLCodec::GetPicture: index: 878, pts: 36.620, dur:42ms ar:0.00
2021-04-13 21:18:38.578 T:4973 DEBUG : CVideoPlayerVideo::OutputPicture - ttd:313ms pts:36.620 Clock:36.306 Level:3
2021-04-13 21:18:38.579 T:4973 DEBUG : CAMLCodec::GetTimeSize: len:23 dl:206684 fs:206306 front:5164
2021-04-13 21:18:38.585 T:4973 DEBUG : CAMLCodec::AddData: dl:215387 sum:214993 sz:8687 dts:37.621 pts:37.621 overflow:0
2021-04-13 21:18:38.585 T:4973 DEBUG : CAMLCodec::GetTimeSize: len:24 dl:215387 fs:214993 front:5164
2021-04-13 21:18:38.590 T:4974 DEBUG : CVideoPlayerAudio::OutputPacket: pts:37.059 curr_pts:36.318 clock:36.318 level:99
2021-04-13 21:18:38.590 T:4974 DEBUG : CVideoPlayerAudio::OutputPacket: pts:37.082 curr_pts:36.318 clock:36.318 level:99
2021-04-13 21:18:38.591 T:4972 DEBUG : CVideoPlayer::ProcessVideoData size:10025 dts:45.004 pts:45.004 dur:41.000ms, clock:36.319 level:92
2021-04-13 21:18:38.591 T:4972 DEBUG : CVideoPlayer::ProcessAudioData size:329 dts:45.023 pts:45.023 dur:23.000ms, clock:36.319 drop:0 level:99
2021-04-13 21:18:38.591 T:4972 DEBUG : CVideoPlayer::ProcessVideoData size:9533 dts:45.045 pts:45.045 dur:41.000ms, clock:36.319 level:92
2021-04-13 21:18:38.591 T:4972 DEBUG : CVideoPlayer::ProcessAudioData size:404 dts:45.047 pts:45.047 dur:23.000ms, clock:36.319 drop:0 level:99
2021-04-13 21:18:38.593 T:4973 DEBUG : CAMLCodec::GetTimeSize: len:24 dl:215387 fs:214993 front:5164
2021-04-13 21:18:38.609 T:4763 INFO : Skipped 2 duplicate messages..
2021-04-13 21:18:38.609 T:4763 DEBUG : CAMLCodec::PollFrame elapsed:36.542ms
2021-04-13 21:18:38.611 T:4973 DEBUG : CAMLCodec::GetTimeSize: len:24 dl:215387 fs:214993 front:5164
2021-04-13 21:18:38.612 T:4763 DEBUG : PrepareNextRender: frameOnScreen: 36.340 renderPts: 36.507 nextFramePts: 36.495 -> diff: 0.012 render: 1 forceNext: 0
2021-04-13 21:18:38.615 T:4763 DEBUG : CAMLCodec::ReleaseFrame idx:875, drop:0
2021-04-13 21:18:38.619 T:4973 DEBUG : CAMLCodec::GetTimeSize: len:24 dl:210207 fs:214993 front:5164
2021-04-13 21:18:38.619 T:4973 DEBUG : CAMLCodec::GetTimeSize: len:23 dl:210207 fs:209829 front:5263
2021-04-13 21:18:38.619 T:4973 DEBUG : CAMLCodec::DequeueBuffer: pts:36.662 idx:879
2021-04-13 21:18:38.619 T:4973 DEBUG : CAMLCodec::GetPicture: index: 879, pts: 36.662, dur:42ms ar:0.00
2021-04-13 21:18:38.619 T:4973 DEBUG : CVideoPlayerVideo::OutputPicture - ttd:315ms pts:36.662 Clock:36.347 Level:3
2021-04-13 21:18:38.620 T:4973 DEBUG : CAMLCodec::GetTimeSize: len:23 dl:210207 fs:209829 front:5263
2021-04-13 21:18:38.625 T:4973 DEBUG : CAMLCodec::AddData: dl:216759 sum:216365 sz:6536 dts:37.663 pts:37.663 overflow:0
2021-04-13 21:18:38.625 T:4973 DEBUG : CAMLCodec::GetTimeSize: len:24 dl:216759 fs:216365 front:5263
2021-04-13 21:18:38.640 T:4974 INFO : Skipped 2 duplicate messages..
2021-04-13 21:18:38.640 T:4974 DEBUG : CVideoPlayerAudio::OutputPacket: pts:37.105 curr_pts:36.368 clock:36.368 level:99
2021-04-13 21:18:38.640 T:4974 DEBUG : CVideoPlayerAudio::OutputPacket: pts:37.129 curr_pts:36.368 clock:36.368 level:99
2021-04-13 21:18:38.642 T:4972 DEBUG : CVideoPlayer::ProcessAudioData size:343 dts:45.070 pts:45.070 dur:23.000ms, clock:36.370 drop:0 level:99
2021-04-13 21:18:38.642 T:4972 DEBUG : CVideoPlayer::ProcessVideoData size:9245 dts:45.087 pts:45.087 dur:41.000ms, clock:36.370 level:92
2021-04-13 21:18:38.642 T:4972 DEBUG : CVideoPlayer::ProcessAudioData size:350 dts:45.093 pts:45.093 dur:23.000ms, clock:36.370 drop:0 level:99
2021-04-13 21:18:38.644 T:4973 DEBUG : CAMLCodec::GetTimeSize: len:24 dl:216759 fs:216365 front:5263
2021-04-13 21:18:38.651 T:4763 INFO : Skipped 1 duplicate messages..
2021-04-13 21:18:38.651 T:4763 DEBUG : CAMLCodec::PollFrame elapsed:35.713ms
2021-04-13 21:18:38.654 T:4763 DEBUG : PrepareNextRender: frameOnScreen: 36.381 renderPts: 36.548 nextFramePts: 36.537 -> diff: 0.011 render: 1 forceNext: 0
2021-04-13 21:18:38.657 T:4763 DEBUG : CAMLCodec::ReleaseFrame idx:876, drop:0
2021-04-13 21:18:38.657 T:4973 DEBUG : CAMLCodec::GetTimeSize: len:24 dl:211480 fs:216365 front:5263
2021-04-13 21:18:38.657 T:4973 DEBUG : CAMLCodec::GetTimeSize: len:23 dl:211480 fs:211102 front:6413
2021-04-13 21:18:38.657 T:4973 DEBUG : CAMLCodec::DequeueBuffer: pts:36.704 idx:880
2021-04-13 21:18:38.657 T:4973 DEBUG : CAMLCodec::GetPicture: index: 880, pts: 36.704, dur:42ms ar:0.00
2021-04-13 21:18:38.657 T:4973 DEBUG : CVideoPlayerVideo::OutputPicture - ttd:319ms pts:36.704 Clock:36.385 Level:3
2021-04-13 21:18:38.658 T:4973 DEBUG : CAMLCodec::GetTimeSize: len:23 dl:211480 fs:211102 front:6413
2021-04-13 21:18:38.666 T:4973 DEBUG : CAMLCodec::AddData: dl:298730 sum:298336 sz:87234 dts:37.705 pts:37.705 overflow:0
2021-04-13 21:18:38.666 T:4973 DEBUG : CAMLCodec::GetTimeSize: len:24 dl:298730 fs:298336 front:6413
2021-04-13 21:18:38.690 T:4974 INFO : Skipped 3 duplicate messages..
2021-04-13 21:18:38.690 T:4974 DEBUG : CVideoPlayerAudio::OutputPacket: pts:37.152 curr_pts:36.418 clock:36.418 level:99
2021-04-13 21:18:38.690 T:4974 DEBUG : CVideoPlayerAudio::OutputPacket: pts:37.175 curr_pts:36.419 clock:36.418 level:99
