2021-04-13 21:18:07.379 T:4973 DEBUG : CAMLCodec::GetTimeSize: len:23 dl:170385 fs:169987 front:66607
2021-04-13 21:18:07.380 T:4973 DEBUG : CAMLCodec::DequeueBuffer: pts:5.506 idx:132
2021-04-13 21:18:07.380 T:4973 DEBUG : CAMLCodec::GetPicture: index: 132, pts: 5.506, dur:42ms ar:0.00
2021-04-13 21:18:07.380 T:4973 DEBUG : CVideoPlayerVideo::OutputPicture - ttd:398ms pts:5.506 Clock:5.108 Level:5
2021-04-13 21:18:07.381 T:4973 DEBUG : CAMLCodec::GetTimeSize: len:23 dl:170385 fs:169987 front:66607
2021-04-13 21:18:07.386 T:4973 DEBUG : CAMLCodec::AddData: dl:186372 sum:185958 sz:15971 dts:6.507 pts:6.507 overflow:0
2021-04-13 21:18:07.386 T:4973 DEBUG : CAMLCodec::GetTimeSize: len:24 dl:186372 fs:185958 front:66607
2021-04-13 21:18:07.390 T:4974 DEBUG : CVideoPlayerAudio::OutputPacket: pts:5.851 curr_pts:5.118 clock:5.118 level:99
2021-04-13 21:18:07.390 T:4974 DEBUG : CVideoPlayerAudio::OutputPacket: pts:5.875 curr_pts:5.118 clock:5.118 level:99
2021-04-13 21:18:07.391 T:4974 DEBUG : CVideoPlayerAudio::OutputPacket: pts:5.898 curr_pts:5.119 clock:5.119 level:99
2021-04-13 21:18:07.392 T:4973 DEBUG : CAMLCodec::GetTimeSize: len:24 dl:186372 fs:185958 front:66607
2021-04-13 21:18:07.397 T:4972 DEBUG : CVideoPlayer::ProcessVideoData size:2036 dts:13.806 pts:13.806 dur:41.000ms, clock:5.124 level:91
2021-04-13 21:18:07.397 T:4972 DEBUG : CVideoPlayer::ProcessAudioData size:344 dts:13.816 pts:13.816 dur:23.000ms, clock:5.125 drop:0 level:99
2021-04-13 21:18:07.397 T:4972 DEBUG : CVideoPlayer::ProcessAudioData size:344 dts:13.839 pts:13.839 dur:23.000ms, clock:5.125 drop:0 level:99
2021-04-13 21:18:07.397 T:4972 DEBUG : CVideoPlayer::ProcessVideoData size:1706 dts:13.848 pts:13.848 dur:41.000ms, clock:5.125 level:91
2021-04-13 21:18:07.397 T:4972 DEBUG : CVideoPlayer::ProcessAudioData size:361 dts:13.862 pts:13.862 dur:23.000ms, clock:5.125 drop:0 level:99
2021-04-13 21:18:07.399 T:4973 DEBUG : CAMLCodec::GetTimeSize: len:24 dl:186372 fs:185958 front:66607
2021-04-13 21:18:07.412 T:4763 INFO : Skipped 2 duplicate messages..
2021-04-13 21:18:07.412 T:4763 DEBUG : CAMLCodec::PollFrame elapsed:38.154ms
2021-04-13 21:18:07.414 T:4763 DEBUG : PrepareNextRender: frameOnScreen: 5.142 renderPts: 5.309 nextFramePts: 5.297 -> diff: 0.012 render: 1 forceNext: 0
2021-04-13 21:18:07.416 T:4763 DEBUG : CAMLCodec::ReleaseFrame idx:127, drop:0
2021-04-13 21:18:07.418 T:4973 DEBUG : CAMLCodec::GetTimeSize: len:24 dl:186372 fs:185958 front:66607
2021-04-13 21:18:07.424 T:4973 DEBUG : CAMLCodec::GetTimeSize: len:24 dl:119739 fs:185958 front:66607
2021-04-13 21:18:07.424 T:4973 DEBUG : CAMLCodec::GetTimeSize: len:23 dl:119739 fs:119351 front:2366
2021-04-13 21:18:07.424 T:4973 DEBUG : CAMLCodec::DequeueBuffer: pts:5.548 idx:133
2021-04-13 21:18:07.424 T:4973 DEBUG : CAMLCodec::GetPicture: index: 133, pts: 5.548, dur:42ms ar:0.00
2021-04-13 21:18:07.424 T:4973 DEBUG : CVideoPlayerVideo::OutputPicture - ttd:395ms pts:5.548 Clock:5.152 Level:5
2021-04-13 21:18:07.425 T:4973 DEBUG : CAMLCodec::GetTimeSize: len:23 dl:119739 fs:119351 front:2366
2021-04-13 21:18:07.430 T:4973 DEBUG : CAMLCodec::AddData: dl:121949 sum:121545 sz:2194 dts:6.549 pts:6.549 overflow:0
2021-04-13 21:18:07.430 T:4973 DEBUG : CAMLCodec::GetTimeSize: len:24 dl:121949 fs:121545 front:2366
2021-04-13 21:18:07.440 T:4974 INFO : Skipped 1 duplicate messages..
2021-04-13 21:18:07.440 T:4974 DEBUG : CVideoPlayerAudio::OutputPacket: pts:5.921 curr_pts:5.169 clock:5.168 level:99
2021-04-13 21:18:07.440 T:4974 DEBUG : CVideoPlayerAudio::OutputPacket: pts:5.944 curr_pts:5.169 clock:5.168 level:99
2021-04-13 21:18:07.443 T:4973 DEBUG : CAMLCodec::GetTimeSize: len:24 dl:121949 fs:121545 front:2366
2021-04-13 21:18:07.448 T:4972 DEBUG : CVideoPlayer::ProcessAudioData size:361 dts:13.886 pts:13.886 dur:23.000ms, clock:5.175 drop:0 level:99
2021-04-13 21:18:07.448 T:4972 DEBUG : CVideoPlayer::ProcessVideoData size:1134 dts:13.889 pts:13.889 dur:41.000ms, clock:5.176 level:91
2021-04-13 21:18:07.448 T:4972 DEBUG : CVideoPlayer::ProcessAudioData size:368 dts:13.909 pts:13.909 dur:23.000ms, clock:5.176 drop:0 level:99
2021-04-13 21:18:07.449 T:4973 DEBUG : CAMLCodec::GetTimeSize: len:24 dl:121949 fs:121545 front:2366
2021-04-13 21:18:07.453 T:4763 DEBUG : CAMLCodec::PollFrame elapsed:37.282ms
2021-04-13 21:18:07.455 T:4763 DEBUG : PrepareNextRender: frameOnScreen: 5.183 renderPts: 5.350 nextFramePts: 5.339 -> diff: 0.011 render: 1 forceNext: 0
2021-04-13 21:18:07.456 T:4973 DEBUG : CAMLCodec::GetTimeSize: len:24 dl:121949 fs:121545 front:2366
2021-04-13 21:18:07.457 T:4763 DEBUG : CAMLCodec::ReleaseFrame idx:128, drop:0
2021-04-13 21:18:07.462 T:4973 DEBUG : CAMLCodec::GetTimeSize: len:24 dl:121949 fs:121545 front:2366
2021-04-13 21:18:07.490 T:4974 INFO : Skipped 4 duplicate messages..
2021-04-13 21:18:07.490 T:4974 DEBUG : CVideoPlayerAudio::OutputPacket: pts:5.968 curr_pts:5.217 clock:5.217 level:99
2021-04-13 21:18:07.490 T:4974 DEBUG : CVideoPlayerAudio::OutputPacket: pts:5.991 curr_pts:5.219 clock:5.218 level:99
2021-04-13 21:18:07.493 T:4973 DEBUG : CAMLCodec::GetTimeSize: len:24 dl:121949 fs:121545 front:2366
2021-04-13 21:18:07.495 T:4763 DEBUG : CAMLCodec::PollFrame elapsed:38.089ms
2021-04-13 21:18:07.497 T:4763 DEBUG : PrepareNextRender: frameOnScreen: 5.225 renderPts: 5.392 nextFramePts: 5.381 -> diff: 0.011 render: 1 forceNext: 0
2021-04-13 21:18:07.498 T:4763 DEBUG : CAMLCodec::ReleaseFrame idx:129, drop:0
2021-04-13 21:18:07.498 T:4972 DEBUG : CVideoPlayer::ProcessVideoData size:139 dts:13.931 pts:13.931 dur:41.000ms, clock:5.226 level:92
2021-04-13 21:18:07.499 T:4972 DEBUG : CVideoPlayer::ProcessAudioData size:356 dts:13.932 pts:13.932 dur:23.000ms, clock:5.227 drop:0 level:99
2021-04-13 21:18:07.499 T:4972 DEBUG : CVideoPlayer::ProcessAudioData size:369 dts:13.955 pts:13.955 dur:23.000ms, clock:5.227 drop:0 level:99
2021-04-13 21:18:07.500 T:4973 DEBUG : CAMLCodec::GetTimeSize: len:24 dl:121949 fs:121545 front:2366
2021-04-13 21:18:07.506 T:4973 DEBUG : CAMLCodec::GetTimeSize: len:24 dl:119567 fs:121545 front:2366
2021-04-13 21:18:07.506 T:4973 DEBUG : CAMLCodec::GetTimeSize: len:23 dl:119567 fs:119179 front:576
2021-04-13 21:18:07.506 T:4973 DEBUG : CAMLCodec::DequeueBuffer: pts:5.589 idx:134
2021-04-13 21:18:07.506 T:4973 DEBUG : CAMLCodec::GetPicture: index: 134, pts: 5.589, dur:41ms ar:0.00
2021-04-13 21:18:07.506 T:4973 DEBUG : CVideoPlayerVideo::OutputPicture - ttd:354ms pts:5.589 Clock:5.234 Level:4
2021-04-13 21:18:07.507 T:4973 DEBUG : CAMLCodec::GetTimeSize: len:23 dl:119567 fs:119179 front:576
2021-04-13 21:18:07.513 T:4973 DEBUG : CAMLCodec::AddData: dl:120047 sum:119643 sz:464 dts:6.590 pts:6.590 overflow:0
2021-04-13 21:18:07.513 T:4973 DEBUG : CAMLCodec::GetTimeSize: len:24 dl:120047 fs:119643 front:576
2021-04-13 21:18:07.537 T:4763 INFO : Skipped 3 duplicate messages..
2021-04-13 21:18:07.537 T:4763 DEBUG : CAMLCodec::PollFrame elapsed:37.790ms
2021-04-13 21:18:07.538 T:4973 DEBUG : CAMLCodec::GetTimeSize: len:24 dl:120047 fs:119643 front:576
2021-04-13 21:18:07.539 T:4763 DEBUG : PrepareNextRender: frameOnScreen: 5.267 renderPts: 5.434 nextFramePts: 5.423 -> diff: 0.011 render: 1 forceNext: 0
2021-04-13 21:18:07.540 T:4974 DEBUG : CVideoPlayerAudio::OutputPacket: pts:6.014 curr_pts:5.268 clock:5.268 level:99
2021-04-13 21:18:07.540 T:4763 DEBUG : CAMLCodec::ReleaseFrame idx:130, drop:0
2021-04-13 21:18:07.541 T:4974 DEBUG : CVideoPlayerAudio::OutputPacket: pts:6.037 curr_pts:5.269 clock:5.269 level:99
2021-04-13 21:18:07.544 T:4973 DEBUG : CAMLCodec::GetTimeSize: len:24 dl:119455 fs:119643 front:576
2021-04-13 21:18:07.544 T:4973 DEBUG : CAMLCodec::GetTimeSize: len:23 dl:119455 fs:119067 front:910
2021-04-13 21:18:07.544 T:4973 DEBUG : CAMLCodec::DequeueBuffer: pts:5.631 idx:135
2021-04-13 21:18:07.544 T:4973 DEBUG : CAMLCodec::GetPicture: index: 135, pts: 5.631, dur:42ms ar:0.00
2021-04-13 21:18:07.544 T:4973 DEBUG : CVideoPlayerVideo::OutputPicture - ttd:358ms pts:5.631 Clock:5.272 Level:4
2021-04-13 21:18:07.545 T:4973 DEBUG : CAMLCodec::GetTimeSize: len:23 dl:119455 fs:119067 front:910
2021-04-13 21:18:07.550 T:4972 DEBUG : CVideoPlayer::ProcessVideoData size:992 dts:13.973 pts:13.973 dur:41.000ms, clock:5.278 level:92
2021-04-13 21:18:07.550 T:4972 DEBUG : CVideoPlayer::ProcessAudioData size:376 dts:13.978 pts:13.978 dur:23.000ms, clock:5.278 drop:0 level:99
2021-04-13 21:18:07.550 T:4972 DEBUG : CVideoPlayer::ProcessAudioData size:358 dts:14.002 pts:14.002 dur:23.000ms, clock:5.278 drop:0 level:99
2021-04-13 21:18:07.551 T:4973 DEBUG : CAMLCodec::AddData: dl:120279 sum:119875 sz:808 dts:6.632 pts:6.632 overflow:0
2021-04-13 21:18:07.551 T:4973 DEBUG : CAMLCodec::GetTimeSize: len:24 dl:120279 fs:119875 front:910
2021-04-13 21:18:07.578 T:4763 INFO : Skipped 4 duplicate messages..
2021-04-13 21:18:07.578 T:4763 DEBUG : CAMLCodec::PollFrame elapsed:37.818ms
2021-04-13 21:18:07.581 T:4763 DEBUG : PrepareNextRender: frameOnScreen: 5.309 renderPts: 5.476 nextFramePts: 5.464 -> diff: 0.012 render: 1 forceNext: 0
2021-04-13 21:18:07.582 T:4973 DEBUG : CAMLCodec::GetTimeSize: len:24 dl:120279 fs:119875 front:910
2021-04-13 21:18:07.583 T:4763 DEBUG : CAMLCodec::ReleaseFrame idx:131, drop:0
2021-04-13 21:18:07.588 T:4973 DEBUG : CAMLCodec::GetTimeSize: len:24 dl:119353 fs:119875 front:910
2021-04-13 21:18:07.588 T:4973 DEBUG : CAMLCodec::GetTimeSize: len:23 dl:119353 fs:118965 front:881
2021-04-13 21:18:07.588 T:4973 DEBUG : CAMLCodec::DequeueBuffer: pts:5.673 idx:136
2021-04-13 21:18:07.588 T:4973 DEBUG : CAMLCodec::GetPicture: index: 136, pts: 5.673, dur:42ms ar:0.00
2021-04-13 21:18:07.589 T:4973 DEBUG : CVideoPlayerVideo::OutputPicture - ttd:356ms pts:5.673 Clock:5.316 Level:4
2021-04-13 21:18:07.590 T:4973 DEBUG : CAMLCodec::GetTimeSize: len:23 dl:119353 fs:118965 front:881
2021-04-13 21:18:07.590 T:4974 DEBUG : CVideoPlayerAudio::OutputPacket: pts:6.060 curr_pts:5.318 clock:5.318 level:99
2021-04-13 21:18:07.590 T:4974 DEBUG : CVideoPlayerAudio::OutputPacket: pts:6.084 curr_pts:5.318 clock:5.318 level:99
2021-04-13 21:18:07.590 T:4972 DEBUG : CVideoPlayer::ProcessVideoData size:1587 dts:14.014 pts:14.014 dur:41.000ms, clock:5.318 level:92
2021-04-13 21:18:07.590 T:4972 DEBUG : CVideoPlayer::ProcessAudioData size:348 dts:14.025 pts:14.025 dur:23.000ms, clock:5.318 drop:0 level:99
2021-04-13 21:18:07.591 T:4972 DEBUG : CVideoPlayer::ProcessAudioData size:351 dts:14.048 pts:14.048 dur:23.000ms, clock:5.318 drop:0 level:99
2021-04-13 21:18:07.595 T:4973 DEBUG : CAMLCodec::AddData: dl:120218 sum:119814 sz:849 dts:6.674 pts:6.674 overflow:0
2021-04-13 21:18:07.595 T:4973 DEBUG : CAMLCodec::GetTimeSize: len:24 dl:120218 fs:119814 front:881
2021-04-13 21:18:07.620 T:4763 INFO : Skipped 3 duplicate messages..
2021-04-13 21:18:07.620 T:4763 DEBUG : CAMLCodec::PollFrame elapsed:37.138ms
2021-04-13 21:18:07.620 T:4973 DEBUG : CAMLCodec::GetTimeSize: len:24 dl:120218 fs:119814 front:881
2021-04-13 21:18:07.623 T:4763 DEBUG : PrepareNextRender: frameOnScreen: 5.351 renderPts: 5.518 nextFramePts: 5.506 -> diff: 0.012 render: 1 forceNext: 0
2021-04-13 21:18:07.624 T:4763 DEBUG : CAMLCodec::ReleaseFrame idx:132, drop:0
2021-04-13 21:18:07.627 T:4973 DEBUG : CAMLCodec::GetTimeSize: len:24 dl:119321 fs:119814 front:881
2021-04-13 21:18:07.627 T:4973 DEBUG : CAMLCodec::GetTimeSize: len:23 dl:119321 fs:118933 front:859
2021-04-13 21:18:07.627 T:4973 DEBUG : CAMLCodec::DequeueBuffer: pts:5.715 idx:137
2021-04-13 21:18:07.627 T:4973 DEBUG : CAMLCodec::GetPicture: index: 137, pts: 5.715, dur:42ms ar:0.00
2021-04-13 21:18:07.627 T:4973 DEBUG : CVideoPlayerVideo::OutputPicture - ttd:360ms pts:5.715 Clock:5.355 Level:4
2021-04-13 21:18:07.628 T:4973 DEBUG : CAMLCodec::GetTimeSize: len:23 dl:119321 fs:118933 front:859
2021-04-13 21:18:07.633 T:4973 DEBUG : CAMLCodec::AddData: dl:120251 sum:119847 sz:914 dts:6.716 pts:6.716 overflow:0
2021-04-13 21:18:07.633 T:4973 DEBUG : CAMLCodec::GetTimeSize: len:24 dl:120251 fs:119847 front:859
2021-04-13 21:18:07.640 T:4974 INFO : Skipped 1 duplicate messages..
2021-04-13 21:18:07.640 T:4974 DEBUG : CVideoPlayerAudio::OutputPacket: pts:6.107 curr_pts:5.368 clock:5.368 level:99
2021-04-13 21:18:07.640 T:4974 DEBUG : CVideoPlayerAudio::OutputPacket: pts:6.130 curr_pts:5.369 clock:5.368 level:99
2021-04-13 21:18:07.641 T:4972 DEBUG : CVideoPlayer::ProcessVideoData size:1395 dts:14.056 pts:14.056 dur:41.000ms, clock:5.369 level:91
2021-04-13 21:18:07.641 T:4972 DEBUG : CVideoPlayer::ProcessAudioData size:358 dts:14.071 pts:14.071 dur:23.000ms, clock:5.369 drop:0 level:99
2021-04-13 21:18:07.641 T:4972 DEBUG : CVideoPlayer::ProcessAudioData size:383 dts:14.095 pts:14.095 dur:23.000ms, clock:5.369 drop:0 level:99
2021-04-13 21:18:07.646 T:4973 DEBUG : CAMLCodec::GetTimeSize: len:24 dl:120251 fs:119847 front:859
2021-04-13 21:18:07.662 T:4763 INFO : Skipped 2 duplicate messages..
2021-04-13 21:18:07.662 T:4763 DEBUG : CAMLCodec::PollFrame elapsed:37.253ms
2021-04-13 21:18:07.665 T:4763 DEBUG : PrepareNextRender: frameOnScreen: 5.393 renderPts: 5.559 nextFramePts: 5.548 -> diff: 0.011 render: 1 forceNext: 0
2021-04-13 21:18:07.665 T:4973 DEBUG : CAMLCodec::GetTimeSize: len:24 dl:120251 fs:119847 front:859
2021-04-13 21:18:07.666 T:4763 DEBUG : CAMLCodec::ReleaseFrame idx:133, drop:0
2021-04-13 21:18:07.672 T:4973 DEBUG : CAMLCodec::GetTimeSize: len:24 dl:119376 fs:119847 front:859
2021-04-13 21:18:07.672 T:4973 DEBUG : CAMLCodec::GetTimeSize: len:23 dl:119376 fs:118988 front:937
2021-04-13 21:18:07.672 T:4973 DEBUG : CAMLCodec::DequeueBuffer: pts:5.756 idx:138
2021-04-13 21:18:07.672 T:4973 DEBUG : CAMLCodec::GetPicture: index: 138, pts: 5.756, dur:41ms ar:0.00
2021-04-13 21:18:07.672 T:4973 DEBUG : CVideoPlayerVideo::OutputPicture - ttd:356ms pts:5.756 Clock:5.400 Level:4
2021-04-13 21:18:07.673 T:4973 DEBUG : CAMLCodec::GetTimeSize: len:23 dl:119376 fs:118988 front:937
2021-04-13 21:18:07.678 T:4973 DEBUG : CAMLCodec::AddData: dl:120079 sum:119675 sz:687 dts:6.757 pts:6.757 overflow:0
2021-04-13 21:18:07.678 T:4973 DEBUG : CAMLCodec::GetTimeSize: len:24 dl:120079 fs:119675 front:937
2021-04-13 21:18:07.690 T:4974 INFO : Skipped 1 duplicate messages..
2021-04-13 21:18:07.690 T:4974 DEBUG : CVideoPlayerAudio::OutputPacket: pts:6.153 curr_pts:5.418 clock:5.418 level:99
2021-04-13 21:18:07.690 T:4974 DEBUG : CVideoPlayerAudio::OutputPacket: pts:6.177 curr_pts:5.418 clock:5.418 level:99
2021-04-13 21:18:07.690 T:4974 DEBUG : CVideoPlayerAudio::OutputPacket: pts:6.200 curr_pts:5.419 clock:5.418 level:99
2021-04-13 21:18:07.691 T:4973 DEBUG : CAMLCodec::GetTimeSize: len:24 dl:120079 fs:119675 front:937
2021-04-13 21:18:07.692 T:4972 DEBUG : CVideoPlayer::ProcessVideoData size:1570 dts:14.098 pts:14.098 dur:41.000ms, clock:5.420 level:91
2021-04-13 21:18:07.692 T:4972 DEBUG : CVideoPlayer::ProcessAudioData size:504 dts:14.118 pts:14.118 dur:23.000ms, clock:5.420 drop:0 level:99
2021-04-13 21:18:07.692 T:4972 DEBUG : CVideoPlayer::ProcessVideoData size:1741 dts:14.140 pts:14.140 dur:41.000ms, clock:5.420 level:92
2021-04-13 21:18:07.692 T:4972 DEBUG : CVideoPlayer::ProcessAudioData size:479 dts:14.141 pts:14.141 dur:23.000ms, clock:5.420 drop:0 level:99
2021-04-13 21:18:07.692 T:4972 DEBUG : CVideoPlayer::ProcessAudioData size:464 dts:14.164 pts:14.164 dur:23.000ms, clock:5.420 drop:0 level:99
2021-04-13 21:18:07.697 T:4973 DEBUG : CAMLCodec::GetTimeSize: len:24 dl:120079 fs:119675 front:937
2021-04-13 21:18:07.703 T:4763 INFO : Skipped 1 duplicate messages..
2021-04-13 21:18:07.703 T:4763 DEBUG : CAMLCodec::PollFrame elapsed:37.013ms
2021-04-13 21:18:07.706 T:4763 DEBUG : PrepareNextRender: frameOnScreen: 5.434 renderPts: 5.601 nextFramePts: 5.589 -> diff: 0.012 render: 1 forceNext: 0
2021-04-13 21:18:07.707 T:4763 DEBUG : CAMLCodec::ReleaseFrame idx:134, drop:0
2021-04-13 21:18:07.710 T:4973 DEBUG : CAMLCodec::GetTimeSize: len:24 dl:119126 fs:119675 front:937
2021-04-13 21:18:07.710 T:4973 DEBUG : CAMLCodec::GetTimeSize: len:23 dl:119126 fs:118738 front:918
2021-04-13 21:18:07.710 T:4973 DEBUG : CAMLCodec::DequeueBuffer: pts:5.798 idx:139
2021-04-13 21:18:07.710 T:4973 DEBUG : CAMLCodec::GetPicture: index: 139, pts: 5.798, dur:42ms ar:0.00
2021-04-13 21:18:07.710 T:4973 DEBUG : CVideoPlayerVideo::OutputPicture - ttd:360ms pts:5.798 Clock:5.438 Level:4
2021-04-13 21:18:07.711 T:4973 DEBUG : CAMLCodec::GetTimeSize: len:23 dl:119126 fs:118738 front:918
2021-04-13 21:18:07.716 T:4973 DEBUG : CAMLCodec::AddData: dl:119723 sum:119319 sz:581 dts:6.799 pts:6.799 overflow:0
2021-04-13 21:18:07.716 T:4973 DEBUG : CAMLCodec::GetTimeSize: len:24 dl:119723 fs:119319 front:918
2021-04-13 21:18:07.740 T:4974 INFO : Skipped 3 duplicate messages..
2021-04-13 21:18:07.740 T:4974 DEBUG : CVideoPlayerAudio::OutputPacket: pts:6.223 curr_pts:5.468 clock:5.468 level:99
2021-04-13 21:18:07.740 T:4974 DEBUG : CVideoPlayerAudio::OutputPacket: pts:6.246 curr_pts:5.469 clock:5.468 level:99
2021-04-13 21:18:07.741 T:4973 DEBUG : CAMLCodec::GetTimeSize: len:24 dl:119723 fs:119319 front:918
2021-04-13 21:18:07.743 T:4972 DEBUG : CVideoPlayer::ProcessVideoData size:2005 dts:14.181 pts:14.181 dur:41.000ms, clock:5.471 level:92
2021-04-13 21:18:07.743 T:4972 DEBUG : CVideoPlayer::ProcessAudioData size:435 dts:14.187 pts:14.187 dur:23.000ms, clock:5.471 drop:0 level:99
2021-04-13 21:18:07.743 T:4972 DEBUG : CVideoPlayer::ProcessAudioData size:446 dts:14.211 pts:14.211 dur:23.000ms, clock:5.471 drop:0 level:99
2021-04-13 21:18:07.745 T:4763 DEBUG : CAMLCodec::PollFrame elapsed:37.361ms
2021-04-13 21:18:07.747 T:4763 DEBUG : PrepareNextRender: frameOnScreen: 5.475 renderPts: 5.642 nextFramePts: 5.631 -> diff: 0.011 render: 1 forceNext: 0
2021-04-13 21:18:07.748 T:4973 DEBUG : CAMLCodec::GetTimeSize: len:24 dl:119723 fs:119319 front:918
2021-04-13 21:18:07.748 T:4763 DEBUG : CAMLCodec::ReleaseFrame idx:135, drop:0
2021-04-13 21:18:07.754 T:4973 DEBUG : CAMLCodec::GetTimeSize: len:24 dl:119723 fs:119319 front:918
2021-04-13 21:18:07.787 T:4763 INFO : Skipped 5 duplicate messages..
2021-04-13 21:18:07.787 T:4763 DEBUG : CAMLCodec::PollFrame elapsed:38.534ms
2021-04-13 21:18:07.789 T:4763 DEBUG : PrepareNextRender: frameOnScreen: 5.517 renderPts: 5.684 nextFramePts: 5.673 -> diff: 0.011 render: 1 forceNext: 0
2021-04-13 21:18:07.791 T:4974 DEBUG : CVideoPlayerAudio::OutputPacket: pts:6.269 curr_pts:5.519 clock:5.519 level:99
2021-04-13 21:18:07.791 T:4763 DEBUG : CAMLCodec::ReleaseFrame idx:136, drop:0
2021-04-13 21:18:07.791 T:4974 DEBUG : CVideoPlayerAudio::OutputPacket: pts:6.293 curr_pts:5.519 clock:5.519 level:99
2021-04-13 21:18:07.792 T:4973 DEBUG : CAMLCodec::GetTimeSize: len:24 dl:118789 fs:119319 front:918
2021-04-13 21:18:07.792 T:4973 DEBUG : CAMLCodec::GetTimeSize: len:23 dl:118789 fs:118401 front:726
2021-04-13 21:18:07.792 T:4973 DEBUG : CAMLCodec::DequeueBuffer: pts:5.840 idx:140
2021-04-13 21:18:07.792 T:4973 DEBUG : CAMLCodec::GetPicture: index: 140, pts: 5.840, dur:42ms ar:0.00
2021-04-13 21:18:07.792 T:4973 DEBUG : CVideoPlayerVideo::OutputPicture - ttd:320ms pts:5.840 Clock:5.520 Level:3
2021-04-13 21:18:07.793 T:4973 DEBUG : CAMLCodec::GetTimeSize: len:23 dl:118789 fs:118401 front:726
2021-04-13 21:18:07.794 T:4972 DEBUG : CVideoPlayer::ProcessVideoData size:3229 dts:14.223 pts:14.223 dur:41.000ms, clock:5.522 level:92
2021-04-13 21:18:07.794 T:4972 DEBUG : CVideoPlayer::ProcessAudioData size:398 dts:14.234 pts:14.234 dur:23.000ms, clock:5.522 drop:0 level:99
2021-04-13 21:18:07.794 T:4972 DEBUG : CVideoPlayer::ProcessAudioData size:393 dts:14.257 pts:14.257 dur:23.000ms, clock:5.522 drop:0 level:99
2021-04-13 21:18:07.798 T:4973 DEBUG : CAMLCodec::AddData: dl:119348 sum:118944 sz:543 dts:6.841 pts:6.841 overflow:0
2021-04-13 21:18:07.798 T:4973 DEBUG : CAMLCodec::GetTimeSize: len:24 dl:119348 fs:118944 front:726
2021-04-13 21:18:07.829 T:4763 INFO : Skipped 4 duplicate messages..
2021-04-13 21:18:07.829 T:4763 DEBUG : CAMLCodec::PollFrame elapsed:37.075ms
2021-04-13 21:18:07.829 T:4973 DEBUG : CAMLCodec::GetTimeSize: len:24 dl:119348 fs:118944 front:726
2021-04-13 21:18:07.831 T:4763 DEBUG : PrepareNextRender: frameOnScreen: 5.559 renderPts: 5.726 nextFramePts: 5.715 -> diff: 0.011 render: 1 forceNext: 0
2021-04-13 21:18:07.833 T:4763 DEBUG : CAMLCodec::ReleaseFrame idx:137, drop:0
2021-04-13 21:18:07.836 T:4973 DEBUG : CAMLCodec::GetTimeSize: len:24 dl:118606 fs:118944 front:726
2021-04-13 21:18:07.836 T:4973 DEBUG : CAMLCodec::GetTimeSize: len:23 dl:118606 fs:118218 front:458
2021-04-13 21:18:07.836 T:4973 DEBUG : CAMLCodec::DequeueBuffer: pts:5.881 idx:141
2021-04-13 21:18:07.836 T:4973 DEBUG : CAMLCodec::GetPicture: index: 141, pts: 5.881, dur:41ms ar:0.00
2021-04-13 21:18:07.836 T:4973 DEBUG : CVideoPlayerVideo::OutputPicture - ttd:317ms pts:5.881 Clock:5.564 Level:3
2021-04-13 21:18:07.837 T:4973 DEBUG : CAMLCodec::GetTimeSize: len:23 dl:118606 fs:118218 front:458
2021-04-13 21:18:07.840 T:4974 DEBUG : CVideoPlayerAudio::OutputPacket: pts:6.316 curr_pts:5.569 clock:5.568 level:99
2021-04-13 21:18:07.840 T:4974 DEBUG : CVideoPlayerAudio::OutputPacket: pts:6.339 curr_pts:5.569 clock:5.568 level:99
2021-04-13 21:18:07.842 T:4973 DEBUG : CAMLCodec::AddData: dl:118756 sum:118352 sz:134 dts:6.882 pts:6.882 overflow:0
2021-04-13 21:18:07.842 T:4973 DEBUG : CAMLCodec::GetTimeSize: len:24 dl:118756 fs:118352 front:458
2021-04-13 21:18:07.845 T:4972 DEBUG : CVideoPlayer::ProcessVideoData size:28224 dts:14.265 pts:14.265 dur:41.000ms, clock:5.573 level:92
2021-04-13 21:18:07.845 T:4972 DEBUG : CVideoPlayer::ProcessAudioData size:361 dts:14.280 pts:14.280 dur:23.000ms, clock:5.573 drop:0 level:99
2021-04-13 21:18:07.845 T:4972 DEBUG : CVideoPlayer::ProcessAudioData size:394 dts:14.303 pts:14.303 dur:23.000ms, clock:5.573 drop:0 level:99
2021-04-13 21:18:07.849 T:4973 DEBUG : CAMLCodec::GetTimeSize: len:24 dl:118756 fs:118352 front:458
2021-04-13 21:18:07.870 T:4763 INFO : Skipped 3 duplicate messages..
2021-04-13 21:18:07.870 T:4763 DEBUG : CAMLCodec::PollFrame elapsed:37.274ms
2021-04-13 21:18:07.872 T:4763 DEBUG : PrepareNextRender: frameOnScreen: 5.600 renderPts: 5.767 nextFramePts: 5.756 -> diff: 0.011 render: 1 forceNext: 0
2021-04-13 21:18:07.874 T:4763 DEBUG : CAMLCodec::ReleaseFrame idx:138, drop:0
2021-04-13 21:18:07.874 T:4973 DEBUG : CAMLCodec::GetTimeSize: len:24 dl:118756 fs:118352 front:458
2021-04-13 21:18:07.880 T:4973 DEBUG : CAMLCodec::GetTimeSize: len:24 dl:118282 fs:118352 front:458
2021-04-13 21:18:07.880 T:4973 DEBUG : CAMLCodec::GetTimeSize: len:23 dl:118282 fs:117894 front:123
2021-04-13 21:18:07.880 T:4973 DEBUG : CAMLCodec::DequeueBuffer: pts:5.923 idx:142
2021-04-13 21:18:07.880 T:4973 DEBUG : CAMLCodec::GetPicture: index: 142, pts: 5.923, dur:42ms ar:0.00
2021-04-13 21:18:07.880 T:4973 DEBUG : CVideoPlayerVideo::OutputPicture - ttd:314ms pts:5.923 Clock:5.608 Level:3
2021-04-13 21:18:07.882 T:4973 DEBUG : CAMLCodec::GetTimeSize: len:23 dl:118282 fs:117894 front:123
2021-04-13 21:18:07.887 T:4973 DEBUG : frame_number : 2, mag : 2; index_sz : 6
2021-04-13 21:18:07.887 T:4973 DEBUG : CAMLCodec::AddData: dl:125285 sum:124871 sz:6977 dts:6.924 pts:6.924 overflow:0
2021-04-13 21:18:07.887 T:4973 DEBUG : CAMLCodec::GetTimeSize: len:24 dl:125285 fs:124871 front:123
2021-04-13 21:18:07.890 T:4974 DEBUG : CVideoPlayerAudio::OutputPacket: pts:6.362 curr_pts:5.618 clock:5.618 level:99
2021-04-13 21:18:07.890 T:4974 DEBUG : CVideoPlayerAudio::OutputPacket: pts:6.385 curr_pts:5.618 clock:5.618 level:99
2021-04-13 21:18:07.893 T:4973 DEBUG : CAMLCodec::GetTimeSize: len:24 dl:125285 fs:124871 front:123
2021-04-13 21:18:07.896 T:4972 DEBUG : CVideoPlayer::ProcessVideoData size:38433 dts:14.306 pts:14.306 dur:41.000ms, clock:5.624 level:92
2021-04-13 21:18:07.896 T:4972 DEBUG : CVideoPlayer::ProcessAudioData size:395 dts:14.327 pts:14.327 dur:23.000ms, clock:5.624 drop:0 level:99
2021-04-13 21:18:07.896 T:4972 DEBUG : CVideoPlayer::ProcessVideoData size:16624 dts:14.348 pts:14.348 dur:41.000ms, clock:5.624 level:92
2021-04-13 21:18:07.896 T:4972 DEBUG : CVideoPlayer::ProcessAudioData size:416 dts:14.350 pts:14.350 dur:23.000ms, clock:5.624 drop:0 level:99
2021-04-13 21:18:07.899 T:4973 DEBUG : CAMLCodec::GetTimeSize: len:24 dl:125285 fs:124871 front:123
2021-04-13 21:18:07.912 T:4763 INFO : Skipped 2 duplicate messages..
2021-04-13 21:18:07.912 T:4763 DEBUG : CAMLCodec::PollFrame elapsed:37.937ms
2021-04-13 21:18:07.915 T:4763 DEBUG : PrepareNextRender: frameOnScreen: 5.643 renderPts: 5.810 nextFramePts: 5.798 -> diff: 0.012 render: 1 forceNext: 0
2021-04-13 21:18:07.917 T:4763 DEBUG : CAMLCodec::ReleaseFrame idx:139, drop:0
2021-04-13 21:18:07.918 T:4973 DEBUG : CAMLCodec::GetTimeSize: len:24 dl:125146 fs:124871 front:123
2021-04-13 21:18:07.918 T:4973 DEBUG : CAMLCodec::DequeueBuffer: pts:5.965 idx:143
2021-04-13 21:18:07.918 T:4973 DEBUG : CAMLCodec::GetPicture: index: 143, pts: 5.965, dur:42ms ar:0.00
2021-04-13 21:18:07.919 T:4973 DEBUG : CVideoPlayerVideo::OutputPicture - ttd:318ms pts:5.965 Clock:5.646 Level:3
2021-04-13 21:18:07.920 T:4973 DEBUG : CAMLCodec::GetTimeSize: len:24 dl:125146 fs:124871 front:123
2021-04-13 21:18:07.926 T:4973 DEBUG : CAMLCodec::GetTimeSize: len:24 dl:119428 fs:124871 front:123
2021-04-13 21:18:07.926 T:4973 DEBUG : CAMLCodec::GetTimeSize: len:23 dl:119428 fs:124748 front:5692
2021-04-13 21:18:07.926 T:4973 DEBUG : CAMLCodec::GetTimeSize: len:22 dl:119428 fs:119056 front:734
2021-04-13 21:18:07.926 T:4973 DEBUG : CAMLCodec::DequeueBuffer: pts:6.006 idx:144
2021-04-13 21:18:07.926 T:4973 DEBUG : CAMLCodec::GetPicture: index: 144, pts: 6.006, dur:41ms ar:0.00
2021-04-13 21:18:07.926 T:4973 DEBUG : CVideoPlayerVideo::OutputPicture - ttd:351ms pts:6.006 Clock:5.654 Level:4
2021-04-13 21:18:07.927 T:4973 DEBUG : CAMLCodec::GetTimeSize: len:22 dl:119428 fs:119056 front:734
2021-04-13 21:18:07.933 T:4973 DEBUG : CAMLCodec::AddData: dl:120163 sum:119775 sz:719 dts:6.966 pts:6.966 overflow:0
2021-04-13 21:18:07.933 T:4973 DEBUG : CAMLCodec::GetTimeSize: len:23 dl:120163 fs:119775 front:734
2021-04-13 21:18:07.938 T:4973 DEBUG : CAMLCodec::AddData: dl:120981 sum:120577 sz:802 dts:7.007 pts:7.007 overflow:0
2021-04-13 21:18:07.938 T:4973 DEBUG : CAMLCodec::GetTimeSize: len:24 dl:120981 fs:120577 front:734
2021-04-13 21:18:07.940 T:4974 DEBUG : CVideoPlayerAudio::OutputPacket: pts:6.409 curr_pts:5.668 clock:5.668 level:99
2021-04-13 21:18:07.940 T:4974 DEBUG : CVideoPlayerAudio::OutputPacket: pts:6.432 curr_pts:5.669 clock:5.668 level:99
2021-04-13 21:18:07.944 T:4973 DEBUG : CAMLCodec::GetTimeSize: len:24 dl:120981 fs:120577 front:734
2021-04-13 21:18:07.947 T:4972 DEBUG : CVideoPlayer::ProcessAudioData size:310 dts:14.373 pts:14.373 dur:23.000ms, clock:5.675 drop:0 level:99
2021-04-13 21:18:07.947 T:4972 DEBUG : CVideoPlayer::ProcessVideoData size:16753 dts:14.390 pts:14.390 dur:41.000ms, clock:5.675 level:92
2021-04-13 21:18:07.947 T:4972 DEBUG : CVideoPlayer::ProcessAudioData size:352 dts:14.396 pts:14.396 dur:23.000ms, clock:5.675 drop:0 level:99
2021-04-13 21:18:07.950 T:4973 DEBUG : CAMLCodec::GetTimeSize: len:24 dl:120981 fs:120577 front:734
2021-04-13 21:18:07.954 T:4763 DEBUG : CAMLCodec::PollFrame elapsed:36.789ms
2021-04-13 21:18:07.956 T:4763 DEBUG : PrepareNextRender: frameOnScreen: 5.684 renderPts: 5.851 nextFramePts: 5.840 -> diff: 0.011 render: 1 forceNext: 0
2021-04-13 21:18:07.957 T:4973 DEBUG : CAMLCodec::GetTimeSize: len:24 dl:120981 fs:120577 front:734
2021-04-13 21:18:07.957 T:4763 DEBUG : CAMLCodec::ReleaseFrame idx:140, drop:0
2021-04-13 21:18:07.963 T:4973 DEBUG : CAMLCodec::GetTimeSize: len:24 dl:120981 fs:120577 front:734
2021-04-13 21:18:07.989 T:4974 INFO : Skipped 4 duplicate messages..
2021-04-13 21:18:07.989 T:4974 DEBUG : CVideoPlayerAudio::OutputPacket: pts:6.455 curr_pts:5.718 clock:5.717 level:99
2021-04-13 21:18:07.990 T:4974 DEBUG : CVideoPlayerAudio::OutputPacket: pts:6.478 curr_pts:5.718 clock:5.718 level:99
2021-04-13 21:18:07.994 T:4973 DEBUG : CAMLCodec::GetTimeSize: len:24 dl:120981 fs:120577 front:734
2021-04-13 21:18:07.995 T:4763 DEBUG : CAMLCodec::PollFrame elapsed:37.837ms
2021-04-13 21:18:07.998 T:4763 DEBUG : PrepareNextRender: frameOnScreen: 5.726 renderPts: 5.893 nextFramePts: 5.881 -> diff: 0.012 render: 1 forceNext: 0
2021-04-13 21:18:07.998 T:4972 DEBUG : CVideoPlayer::ProcessAudioData size:338 dts:14.420 pts:14.420 dur:23.000ms, clock:5.726 drop:0 level:99
2021-04-13 21:18:07.999 T:4972 DEBUG : CVideoPlayer::ProcessVideoData size:20724 dts:14.432 pts:14.432 dur:41.000ms, clock:5.727 level:92
2021-04-13 21:18:07.999 T:4972 DEBUG : CVideoPlayer::ProcessAudioData size:323 dts:14.443 pts:14.443 dur:23.000ms, clock:5.727 drop:0 level:99
2021-04-13 21:18:08.000 T:4763 DEBUG : CAMLCodec::ReleaseFrame idx:141, drop:0
2021-04-13 21:18:08.001 T:4973 DEBUG : CAMLCodec::GetTimeSize: len:24 dl:120231 fs:120577 front:734
2021-04-13 21:18:08.001 T:4973 DEBUG : CAMLCodec::GetTimeSize: len:23 dl:120231 fs:119843 front:729
2021-04-13 21:18:08.001 T:4973 DEBUG : CAMLCodec::DequeueBuffer: pts:6.048 idx:145
2021-04-13 21:18:08.001 T:4973 DEBUG : CAMLCodec::GetPicture: index: 145, pts: 6.048, dur:42ms ar:0.00
2021-04-13 21:18:08.001 T:4973 DEBUG : CVideoPlayerVideo::OutputPicture - ttd:318ms pts:6.048 Clock:5.729 Level:3
2021-04-13 21:18:08.002 T:4973 DEBUG : CAMLCodec::GetTimeSize: len:23 dl:120231 fs:119843 front:729
2021-04-13 21:18:08.007 T:4973 DEBUG : CAMLCodec::AddData: dl:121031 sum:120627 sz:784 dts:7.049 pts:7.049 overflow:0
2021-04-13 21:18:08.007 T:4973 DEBUG : CAMLCodec::GetTimeSize: len:24 dl:121031 fs:120627 front:729
2021-04-13 21:18:08.037 T:4763 INFO : Skipped 4 duplicate messages..
2021-04-13 21:18:08.037 T:4763 DEBUG : CAMLCodec::PollFrame elapsed:37.147ms
2021-04-13 21:18:08.039 T:4973 DEBUG : CAMLCodec::GetTimeSize: len:24 dl:121031 fs:120627 front:729
2021-04-13 21:18:08.040 T:4974 DEBUG : CVideoPlayerAudio::OutputPacket: pts:6.502 curr_pts:5.767 clock:5.768 level:99
2021-04-13 21:18:08.040 T:4763 DEBUG : PrepareNextRender: frameOnScreen: 5.768 renderPts: 5.935 nextFramePts: 5.923 -> diff: 0.012 render: 1 forceNext: 0
2021-04-13 21:18:08.040 T:4974 DEBUG : CVideoPlayerAudio::OutputPacket: pts:6.525 curr_pts:5.769 clock:5.768 level:99
2021-04-13 21:18:08.041 T:4974 DEBUG : CVideoPlayerAudio::OutputPacket: pts:6.548 curr_pts:5.769 clock:5.769 level:99
2021-04-13 21:18:08.041 T:4972 DEBUG : CVideoPlayer::ProcessAudioData size:323 dts:14.466 pts:14.466 dur:23.000ms, clock:5.769 drop:0 level:99
2021-04-13 21:18:08.042 T:4972 DEBUG : CVideoPlayer::ProcessVideoData size:17498 dts:14.473 pts:14.473 dur:41.000ms, clock:5.770 level:92
2021-04-13 21:18:08.042 T:4972 DEBUG : CVideoPlayer::ProcessAudioData size:319 dts:14.489 pts:14.489 dur:23.000ms, clock:5.770 drop:0 level:99
2021-04-13 21:18:08.042 T:4972 DEBUG : CVideoPlayer::ProcessAudioData size:327 dts:14.512 pts:14.512 dur:23.000ms, clock:5.770 drop:0 level:99
2021-04-13 21:18:08.042 T:4763 DEBUG : CAMLCodec::ReleaseFrame idx:142, drop:0
2021-04-13 21:18:08.045 T:4973 DEBUG : CAMLCodec::GetTimeSize: len:24 dl:120286 fs:120627 front:729
2021-04-13 21:18:08.045 T:4973 DEBUG : CAMLCodec::GetTimeSize: len:23 dl:120286 fs:119898 front:733
2021-04-13 21:18:08.045 T:4973 DEBUG : CAMLCodec::DequeueBuffer: pts:6.090 idx:146
2021-04-13 21:18:08.045 T:4973 DEBUG : CAMLCodec::GetPicture: index: 146, pts: 6.090, dur:42ms ar:0.00
2021-04-13 21:18:08.045 T:4973 DEBUG : CVideoPlayerVideo::OutputPicture - ttd:316ms pts:6.090 Clock:5.773 Level:3
2021-04-13 21:18:08.046 T:4973 DEBUG : CAMLCodec::GetTimeSize: len:23 dl:120286 fs:119898 front:733
2021-04-13 21:18:08.052 T:4973 DEBUG : CAMLCodec::AddData: dl:120987 sum:120583 sz:685 dts:7.091 pts:7.091 overflow:0
2021-04-13 21:18:08.052 T:4973 DEBUG : CAMLCodec::GetTimeSize: len:24 dl:120987 fs:120583 front:733
2021-04-13 21:18:08.079 T:4763 INFO : Skipped 4 duplicate messages..
2021-04-13 21:18:08.079 T:4763 DEBUG : CAMLCodec::PollFrame elapsed:36.445ms
2021-04-13 21:18:08.081 T:4763 DEBUG : PrepareNextRender: frameOnScreen: 5.809 renderPts: 5.976 nextFramePts: 5.965 -> diff: 0.011 render: 1 forceNext: 0
2021-04-13 21:18:08.082 T:4763 DEBUG : CAMLCodec::ReleaseFrame idx:143, drop:0
2021-04-13 21:18:08.084 T:4973 DEBUG : CAMLCodec::GetTimeSize: len:24 dl:120987 fs:120583 front:733
2021-04-13 21:18:08.090 T:4974 DEBUG : CVideoPlayerAudio::OutputPacket: pts:6.571 curr_pts:5.818 clock:5.817 level:99
2021-04-13 21:18:08.090 T:4973 DEBUG : CAMLCodec::GetTimeSize: len:24 dl:120238 fs:120583 front:733
2021-04-13 21:18:08.090 T:4973 DEBUG : CAMLCodec::GetTimeSize: len:23 dl:120238 fs:119850 front:795
2021-04-13 21:18:08.090 T:4974 DEBUG : CVideoPlayerAudio::OutputPacket: pts:6.594 curr_pts:5.818 clock:5.818 level:99
2021-04-13 21:18:08.090 T:4973 DEBUG : CAMLCodec::DequeueBuffer: pts:6.132 idx:147
2021-04-13 21:18:08.090 T:4973 DEBUG : CAMLCodec::GetPicture: index: 147, pts: 6.132, dur:42ms ar:0.00
2021-04-13 21:18:08.090 T:4973 DEBUG : CVideoPlayerVideo::OutputPicture - ttd:313ms pts:6.132 Clock:5.818 Level:3
2021-04-13 21:18:08.091 T:4973 DEBUG : CAMLCodec::GetTimeSize: len:23 dl:120238 fs:119850 front:795
2021-04-13 21:18:08.093 T:4972 DEBUG : CVideoPlayer::ProcessVideoData size:15434 dts:14.515 pts:14.515 dur:41.000ms, clock:5.821 level:92
2021-04-13 21:18:08.093 T:4972 DEBUG : CVideoPlayer::ProcessAudioData size:331 dts:14.536 pts:14.536 dur:23.000ms, clock:5.821 drop:0 level:99
2021-04-13 21:18:08.093 T:4972 DEBUG : CVideoPlayer::ProcessVideoData size:13494 dts:14.557 pts:14.557 dur:41.000ms, clock:5.821 level:93
2021-04-13 21:18:08.093 T:4972 DEBUG : CVideoPlayer::ProcessAudioData size:340 dts:14.559 pts:14.559 dur:23.000ms, clock:5.821 drop:0 level:99
2021-04-13 21:18:08.097 T:4973 DEBUG : CAMLCodec::AddData: dl:120984 sum:120580 sz:730 dts:7.133 pts:7.133 overflow:0
2021-04-13 21:18:08.097 T:4973 DEBUG : CAMLCodec::GetTimeSize: len:24 dl:120984 fs:120580 front:795
2021-04-13 21:18:08.121 T:4763 INFO : Skipped 3 duplicate messages..
2021-04-13 21:18:08.121 T:4763 DEBUG : CAMLCodec::PollFrame elapsed:37.838ms
2021-04-13 21:18:08.122 T:4973 DEBUG : CAMLCodec::GetTimeSize: len:24 dl:120984 fs:120580 front:795
2021-04-13 21:18:08.123 T:4763 DEBUG : PrepareNextRender: frameOnScreen: 5.851 renderPts: 6.018 nextFramePts: 6.006 -> diff: 0.012 render: 1 forceNext: 0
2021-04-13 21:18:08.125 T:4763 DEBUG : CAMLCodec::ReleaseFrame idx:144, drop:0
2021-04-13 21:18:08.128 T:4973 DEBUG : CAMLCodec::GetTimeSize: len:24 dl:120173 fs:120580 front:795
2021-04-13 21:18:08.128 T:4973 DEBUG : CAMLCodec::GetTimeSize: len:23 dl:120173 fs:119785 front:518
2021-04-13 21:18:08.128 T:4973 DEBUG : CAMLCodec::DequeueBuffer: pts:6.173 idx:148
2021-04-13 21:18:08.128 T:4973 DEBUG : CAMLCodec::GetPicture: index: 148, pts: 6.173, dur:41ms ar:0.00
2021-04-13 21:18:08.128 T:4973 DEBUG : CVideoPlayerVideo::OutputPicture - ttd:316ms pts:6.173 Clock:5.856 Level:3
2021-04-13 21:18:08.129 T:4973 DEBUG : CAMLCodec::GetTimeSize: len:23 dl:120173 fs:119785 front:518
2021-04-13 21:18:08.135 T:4973 DEBUG : CAMLCodec::AddData: dl:120864 sum:120460 sz:675 dts:7.174 pts:7.174 overflow:0
2021-04-13 21:18:08.135 T:4973 DEBUG : CAMLCodec::GetTimeSize: len:24 dl:120864 fs:120460 front:518
2021-04-13 21:18:08.140 T:4974 DEBUG : CVideoPlayerAudio::OutputPacket: pts:6.618 curr_pts:5.867 clock:5.868 level:99
2021-04-13 21:18:08.140 T:4974 DEBUG : CVideoPlayerAudio::OutputPacket: pts:6.641 curr_pts:5.869 clock:5.868 level:99
2021-04-13 21:18:08.141 T:4973 DEBUG : CAMLCodec::GetTimeSize: len:24 dl:120864 fs:120460 front:518
2021-04-13 21:18:08.144 T:4972 DEBUG : CVideoPlayer::ProcessAudioData size:340 dts:14.582 pts:14.582 dur:23.000ms, clock:5.872 drop:0 level:99
2021-04-13 21:18:08.144 T:4972 DEBUG : CVideoPlayer::ProcessVideoData size:12764 dts:14.598 pts:14.598 dur:41.000ms, clock:5.872 level:92
2021-04-13 21:18:08.144 T:4972 DEBUG : CVideoPlayer::ProcessAudioData size:341 dts:14.605 pts:14.605 dur:23.000ms, clock:5.872 drop:0 level:99
2021-04-13 21:18:08.147 T:4973 DEBUG : CAMLCodec::GetTimeSize: len:24 dl:120864 fs:120460 front:518
2021-04-13 21:18:08.162 T:4763 INFO : Skipped 2 duplicate messages..
2021-04-13 21:18:08.162 T:4763 DEBUG : CAMLCodec::PollFrame elapsed:37.045ms
2021-04-13 21:18:08.165 T:4763 DEBUG : PrepareNextRender: frameOnScreen: 5.893 renderPts: 6.060 nextFramePts: 6.048 -> diff: 0.012 render: 1 forceNext: 0
2021-04-13 21:18:08.166 T:4973 DEBUG : CAMLCodec::GetTimeSize: len:24 dl:120864 fs:120460 front:518
2021-04-13 21:18:08.167 T:4763 DEBUG : CAMLCodec::ReleaseFrame idx:145, drop:0
2021-04-13 21:18:08.173 T:4973 DEBUG : CAMLCodec::GetTimeSize: len:24 dl:120330 fs:120460 front:518
2021-04-13 21:18:08.173 T:4973 DEBUG : CAMLCodec::GetTimeSize: len:23 dl:120330 fs:119942 front:470
2021-04-13 21:18:08.173 T:4973 DEBUG : CAMLCodec::DequeueBuffer: pts:6.215 idx:149
2021-04-13 21:18:08.173 T:4973 DEBUG : CAMLCodec::GetPicture: index: 149, pts: 6.215, dur:42ms ar:0.00
2021-04-13 21:18:08.173 T:4973 DEBUG : CVideoPlayerVideo::OutputPicture - ttd:314ms pts:6.215 Clock:5.901 Level:3
2021-04-13 21:18:08.174 T:4973 DEBUG : CAMLCodec::GetTimeSize: len:23 dl:120330 fs:119942 front:470
2021-04-13 21:18:08.179 T:4973 DEBUG : CAMLCodec::AddData: dl:121113 sum:120709 sz:767 dts:7.216 pts:7.216 overflow:0
2021-04-13 21:18:08.179 T:4973 DEBUG : CAMLCodec::GetTimeSize: len:24 dl:121113 fs:120709 front:470
2021-04-13 21:18:08.190 T:4974 INFO : Skipped 1 duplicate messages..
2021-04-13 21:18:08.190 T:4974 DEBUG : CVideoPlayerAudio::OutputPacket: pts:6.664 curr_pts:5.918 clock:5.918 level:99
2021-04-13 21:18:08.190 T:4974 DEBUG : CVideoPlayerAudio::OutputPacket: pts:6.687 curr_pts:5.918 clock:5.918 level:99
2021-04-13 21:18:08.192 T:4973 DEBUG : CAMLCodec::GetTimeSize: len:24 dl:121113 fs:120709 front:470
2021-04-13 21:18:08.195 T:4972 DEBUG : CVideoPlayer::ProcessAudioData size:363 dts:14.629 pts:14.629 dur:23.000ms, clock:5.922 drop:0 level:99
2021-04-13 21:18:08.195 T:4972 DEBUG : CVideoPlayer::ProcessVideoData size:13353 dts:14.640 pts:14.640 dur:41.000ms, clock:5.923 level:92
2021-04-13 21:18:08.195 T:4972 DEBUG : CVideoPlayer::ProcessAudioData size:347 dts:14.652 pts:14.652 dur:23.000ms, clock:5.923 drop:0 level:99
2021-04-13 21:18:08.198 T:4973 DEBUG : CAMLCodec::GetTimeSize: len:24 dl:121113 fs:120709 front:470
2021-04-13 21:18:08.204 T:4763 DEBUG : CAMLCodec::PollFrame elapsed:36.834ms
2021-04-13 21:18:08.204 T:4973 DEBUG : CAMLCodec::GetTimeSize: len:24 dl:121113 fs:120709 front:470
2021-04-13 21:18:08.206 T:4763 DEBUG : PrepareNextRender: frameOnScreen: 5.934 renderPts: 6.101 nextFramePts: 6.090 -> diff: 0.011 render: 1 forceNext: 0
2021-04-13 21:18:08.207 T:4763 DEBUG : CAMLCodec::ReleaseFrame idx:146, drop:0
2021-04-13 21:18:08.211 T:4973 DEBUG : CAMLCodec::GetTimeSize: len:24 dl:121113 fs:120709 front:470
2021-04-13 21:18:08.240 T:4974 INFO : Skipped 4 duplicate messages..
2021-04-13 21:18:08.240 T:4974 DEBUG : CVideoPlayerAudio::OutputPacket: pts:6.711 curr_pts:5.968 clock:5.968 level:99
2021-04-13 21:18:08.240 T:4974 DEBUG : CVideoPlayerAudio::OutputPacket: pts:6.734 curr_pts:5.969 clock:5.968 level:99
2021-04-13 21:18:08.242 T:4973 DEBUG : CAMLCodec::GetTimeSize: len:24 dl:121113 fs:120709 front:470
2021-04-13 21:18:08.245 T:4972 DEBUG : CVideoPlayer::ProcessAudioData size:364 dts:14.675 pts:14.675 dur:23.000ms, clock:5.973 drop:0 level:99
2021-04-13 21:18:08.246 T:4763 DEBUG : CAMLCodec::PollFrame elapsed:38.488ms
2021-04-13 21:18:08.246 T:4972 DEBUG : CVideoPlayer::ProcessVideoData size:13784 dts:14.682 pts:14.682 dur:41.000ms, clock:5.974 level:93
2021-04-13 21:18:08.246 T:4972 DEBUG : CVideoPlayer::ProcessAudioData size:342 dts:14.698 pts:14.698 dur:23.000ms, clock:5.974 drop:0 level:99
2021-04-13 21:18:08.248 T:4973 DEBUG : CAMLCodec::GetTimeSize: len:24 dl:121113 fs:120709 front:470
2021-04-13 21:18:08.248 T:4763 DEBUG : PrepareNextRender: frameOnScreen: 5.976 renderPts: 6.143 nextFramePts: 6.132 -> diff: 0.011 render: 1 forceNext: 0
2021-04-13 21:18:08.250 T:4763 DEBUG : CAMLCodec::ReleaseFrame idx:147, drop:0
2021-04-13 21:18:08.255 T:4973 DEBUG : CAMLCodec::GetTimeSize: len:24 dl:120627 fs:120709 front:470
2021-04-13 21:18:08.255 T:4973 DEBUG : CAMLCodec::GetTimeSize: len:23 dl:120627 fs:120239 front:284
2021-04-13 21:18:08.255 T:4973 DEBUG : CAMLCodec::DequeueBuffer: pts:6.257 idx:150
2021-04-13 21:18:08.255 T:4973 DEBUG : CAMLCodec::GetPicture: index: 150, pts: 6.257, dur:42ms ar:0.00
2021-04-13 21:18:08.255 T:4973 DEBUG : CVideoPlayerVideo::OutputPicture - ttd:274ms pts:6.257 Clock:5.983 Level:2
2021-04-13 21:18:08.256 T:4973 DEBUG : CAMLCodec::GetTimeSize: len:23 dl:120627 fs:120239 front:284
2021-04-13 21:18:08.261 T:4973 DEBUG : CAMLCodec::AddData: dl:121203 sum:120799 sz:560 dts:7.258 pts:7.258 overflow:0
2021-04-13 21:18:08.261 T:4973 DEBUG : CAMLCodec::GetTimeSize: len:24 dl:121203 fs:120799 front:284
2021-04-13 21:18:08.287 T:4763 INFO : Skipped 4 duplicate messages..
2021-04-13 21:18:08.287 T:4763 DEBUG : CAMLCodec::PollFrame elapsed:37.096ms
2021-04-13 21:18:08.290 T:4763 DEBUG : PrepareNextRender: frameOnScreen: 6.018 renderPts: 6.185 nextFramePts: 6.173 -> diff: 0.012 render: 1 forceNext: 0
2021-04-13 21:18:08.290 T:4974 DEBUG : CVideoPlayerAudio::OutputPacket: pts:6.757 curr_pts:6.018 clock:6.018 level:99
2021-04-13 21:18:08.291 T:4974 DEBUG : CVideoPlayerAudio::OutputPacket: pts:6.780 curr_pts:6.019 clock:6.018 level:99
2021-04-13 21:18:08.292 T:4763 DEBUG : CAMLCodec::ReleaseFrame idx:148, drop:0
2021-04-13 21:18:08.292 T:4973 DEBUG : CAMLCodec::GetTimeSize: len:24 dl:121203 fs:120799 front:284
2021-04-13 21:18:08.292 T:4973 DEBUG : CAMLCodec::DequeueBuffer: pts:6.298 idx:151
2021-04-13 21:18:08.293 T:4973 DEBUG : CAMLCodec::GetPicture: index: 151, pts: 6.298, dur:41ms ar:0.00
2021-04-13 21:18:08.293 T:4973 DEBUG : CVideoPlayerVideo::OutputPicture - ttd:277ms pts:6.298 Clock:6.020 Level:2
2021-04-13 21:18:08.294 T:4973 DEBUG : CAMLCodec::GetTimeSize: len:24 dl:120903 fs:120799 front:284
2021-04-13 21:18:08.297 T:4972 DEBUG : CVideoPlayer::ProcessAudioData size:338 dts:14.721 pts:14.721 dur:23.000ms, clock:6.025 drop:0 level:99
2021-04-13 21:18:08.297 T:4972 DEBUG : CVideoPlayer::ProcessVideoData size:2408 dts:14.724 pts:14.724 dur:41.000ms, clock:6.025 level:93
2021-04-13 21:18:08.297 T:4972 DEBUG : CVideoPlayer::ProcessAudioData size:363 dts:14.745 pts:14.745 dur:23.000ms, clock:6.025 drop:0 level:99
2021-04-13 21:18:08.300 T:4973 DEBUG : CAMLCodec::GetTimeSize: len:24 dl:120903 fs:120799 front:284
2021-04-13 21:18:08.329 T:4763 INFO : Skipped 4 duplicate messages..
2021-04-13 21:18:08.329 T:4763 DEBUG : CAMLCodec::PollFrame elapsed:37.210ms
2021-04-13 21:18:08.331 T:4973 DEBUG : CAMLCodec::GetTimeSize: len:24 dl:120903 fs:120799 front:284
2021-04-13 21:18:08.331 T:4763 DEBUG : PrepareNextRender: frameOnScreen: 6.059 renderPts: 6.226 nextFramePts: 6.215 -> diff: 0.011 render: 1 forceNext: 0
2021-04-13 21:18:08.333 T:4763 DEBUG : CAMLCodec::ReleaseFrame idx:149, drop:0
2021-04-13 21:18:08.338 T:4973 DEBUG : CAMLCodec::GetTimeSize: len:24 dl:120514 fs:120799 front:284
2021-04-13 21:18:08.338 T:4973 DEBUG : CAMLCodec::GetTimeSize: len:23 dl:120514 fs:120515 front:373
2021-04-13 21:18:08.338 T:4973 DEBUG : CAMLCodec::GetTimeSize: len:22 dl:120514 fs:120142 front:222
2021-04-13 21:18:08.338 T:4973 DEBUG : CAMLCodec::DequeueBuffer: pts:6.340 idx:152
2021-04-13 21:18:08.338 T:4973 DEBUG : CAMLCodec::GetPicture: index: 152, pts: 6.340, dur:42ms ar:0.00
2021-04-13 21:18:08.338 T:4973 DEBUG : CVideoPlayerVideo::OutputPicture - ttd:274ms pts:6.340 Clock:6.066 Level:2
2021-04-13 21:18:08.339 T:4973 DEBUG : CAMLCodec::GetTimeSize: len:22 dl:120514 fs:120142 front:222
2021-04-13 21:18:08.340 T:4974 DEBUG : CVideoPlayerAudio::OutputPacket: pts:6.803 curr_pts:6.068 clock:6.068 level:99
2021-04-13 21:18:08.340 T:4974 DEBUG : CVideoPlayerAudio::OutputPacket: pts:6.827 curr_pts:6.068 clock:6.068 level:99
2021-04-13 21:18:08.340 T:4974 DEBUG : CVideoPlayerAudio::OutputPacket: pts:6.850 curr_pts:6.069 clock:6.068 level:99
2021-04-13 21:18:08.344 T:4973 DEBUG : CAMLCodec::AddData: dl:120959 sum:120571 sz:429 dts:7.299 pts:7.299 overflow:0
2021-04-13 21:18:08.344 T:4973 DEBUG : CAMLCodec::GetTimeSize: len:23 dl:120959 fs:120571 front:222
2021-04-13 21:18:08.348 T:4972 DEBUG : CVideoPlayer::ProcessVideoData size:38402 dts:14.765 pts:14.765 dur:41.000ms, clock:6.075 level:93
2021-04-13 21:18:08.348 T:4972 DEBUG : CVideoPlayer::ProcessAudioData size:359 dts:14.768 pts:14.768 dur:23.000ms, clock:6.076 drop:0 level:99
2021-04-13 21:18:08.348 T:4972 DEBUG : CVideoPlayer::ProcessAudioData size:378 dts:14.791 pts:14.791 dur:23.000ms, clock:6.076 drop:0 level:99
2021-04-13 21:18:08.348 T:4972 DEBUG : CVideoPlayer::ProcessVideoData size:13412 dts:14.807 pts:14.807 dur:41.000ms, clock:6.076 level:93
2021-04-13 21:18:08.348 T:4972 DEBUG : CVideoPlayer::ProcessAudioData size:377 dts:14.814 pts:14.814 dur:23.000ms, clock:6.076 drop:0 level:99
2021-04-13 21:18:08.349 T:4973 DEBUG : CAMLCodec::AddData: dl:121216 sum:120812 sz:241 dts:7.341 pts:7.341 overflow:0
2021-04-13 21:18:08.350 T:4973 DEBUG : CAMLCodec::GetTimeSize: len:24 dl:121216 fs:120812 front:222
2021-04-13 21:18:08.371 T:4763 INFO : Skipped 3 duplicate messages..
2021-04-13 21:18:08.371 T:4763 DEBUG : CAMLCodec::PollFrame elapsed:37.940ms
2021-04-13 21:18:08.374 T:4763 DEBUG : PrepareNextRender: frameOnScreen: 6.101 renderPts: 6.268 nextFramePts: 6.257 -> diff: 0.011 render: 1 forceNext: 0
2021-04-13 21:18:08.375 T:4973 DEBUG : CAMLCodec::GetTimeSize: len:24 dl:121216 fs:120812 front:222
2021-04-13 21:18:08.375 T:4763 DEBUG : CAMLCodec::ReleaseFrame idx:150, drop:0
2021-04-13 21:18:08.381 T:4973 DEBUG : CAMLCodec::GetTimeSize: len:24 dl:77355 fs:120812 front:222
2021-04-13 21:18:08.381 T:4973 DEBUG : CAMLCodec::GetTimeSize: len:23 dl:77355 fs:120590 front:43607
2021-04-13 21:18:08.381 T:4973 DEBUG : CAMLCodec::GetTimeSize: len:22 dl:77355 fs:76983 front:40469
2021-04-13 21:18:08.381 T:4973 DEBUG : CAMLCodec::DequeueBuffer: pts:6.382 idx:153
2021-04-13 21:18:08.381 T:4973 DEBUG : CAMLCodec::GetPicture: index: 153, pts: 6.382, dur:42ms ar:0.00
2021-04-13 21:18:08.381 T:4973 DEBUG : CVideoPlayerVideo::OutputPicture - ttd:272ms pts:6.382 Clock:6.109 Level:2
2021-04-13 21:18:08.383 T:4973 DEBUG : CAMLCodec::GetTimeSize: len:22 dl:77355 fs:76983 front:40469
2021-04-13 21:18:08.383 T:4973 DEBUG : CAMLCodec::DequeueBuffer: pts:6.424 idx:154
2021-04-13 21:18:08.383 T:4973 DEBUG : CAMLCodec::GetPicture: index: 154, pts: 6.424, dur:42ms ar:0.00
2021-04-13 21:18:08.383 T:4973 DEBUG : CVideoPlayerVideo::OutputPicture - ttd:313ms pts:6.424 Clock:6.111 Level:3
2021-04-13 21:18:08.384 T:4973 DEBUG : CAMLCodec::GetTimeSize: len:22 dl:77355 fs:76983 front:40469
2021-04-13 21:18:08.389 T:4973 DEBUG : CAMLCodec::AddData: dl:72197 sum:112304 sz:35321 dts:7.383 pts:7.383 overflow:0
2021-04-13 21:18:08.389 T:4973 DEBUG : CAMLCodec::GetTimeSize: len:23 dl:72197 fs:112304 front:40469
2021-04-13 21:18:08.389 T:4973 DEBUG : CAMLCodec::GetTimeSize: len:22 dl:72197 fs:71835 front:15971
2021-04-13 21:18:08.389 T:4973 DEBUG : CAMLCodec::DequeueBuffer: pts:6.465 idx:155
2021-04-13 21:18:08.389 T:4973 DEBUG : CAMLCodec::GetPicture: index: 155, pts: 6.465, dur:41ms ar:0.00
2021-04-13 21:18:08.389 T:4973 DEBUG : CVideoPlayerVideo::OutputPicture - ttd:347ms pts:6.465 Clock:6.117 Level:4
2021-04-13 21:18:08.390 T:4974 DEBUG : CVideoPlayerAudio::OutputPacket: pts:6.873 curr_pts:6.118 clock:6.118 level:99
2021-04-13 21:18:08.390 T:4974 DEBUG : CVideoPlayerAudio::OutputPacket: pts:6.896 curr_pts:6.119 clock:6.118 level:99
2021-04-13 21:18:08.390 T:4973 DEBUG : CAMLCodec::GetTimeSize: len:22 dl:72197 fs:71835 front:15971
2021-04-13 21:18:08.396 T:4973 DEBUG : CAMLCodec::AddData: dl:92505 sum:92127 sz:20292 dts:7.425 pts:7.425 overflow:0
2021-04-13 21:18:08.396 T:4973 DEBUG : CAMLCodec::GetTimeSize: len:23 dl:92505 fs:92127 front:15971
2021-04-13 21:18:08.399 T:4972 DEBUG : CVideoPlayer::ProcessAudioData size:393 dts:14.838 pts:14.838 dur:23.000ms, clock:6.127 drop:0 level:99
2021-04-13 21:18:08.399 T:4972 DEBUG : CVideoPlayer::ProcessVideoData size:17370 dts:14.849 pts:14.849 dur:41.000ms, clock:6.127 level:92
2021-04-13 21:18:08.399 T:4972 DEBUG : CVideoPlayer::ProcessAudioData size:364 dts:14.861 pts:14.861 dur:23.000ms, clock:6.127 drop:0 level:99
2021-04-13 21:18:08.401 T:4973 DEBUG : CAMLCodec::AddData: dl:118736 sum:118342 sz:26215 dts:7.466 pts:7.466 overflow:0
2021-04-13 21:18:08.401 T:4973 DEBUG : CAMLCodec::GetTimeSize: len:24 dl:118736 fs:118342 front:15971
2021-04-13 21:18:08.413 T:4763 INFO : Skipped 1 duplicate messages..
2021-04-13 21:18:08.412 T:4763 DEBUG : CAMLCodec::PollFrame elapsed:36.981ms
2021-04-13 21:18:08.414 T:4973 DEBUG : CAMLCodec::GetTimeSize: len:24 dl:118736 fs:118342 front:15971
2021-04-13 21:18:08.415 T:4763 DEBUG : PrepareNextRender: frameOnScreen: 6.143 renderPts: 6.310 nextFramePts: 6.298 -> diff: 0.012 render: 1 forceNext: 0
2021-04-13 21:18:08.416 T:4763 DEBUG : CAMLCodec::ReleaseFrame idx:151, drop:0
2021-04-13 21:18:08.420 T:4973 DEBUG : CAMLCodec::GetTimeSize: len:24 dl:102749 fs:118342 front:15971
2021-04-13 21:18:08.420 T:4973 DEBUG : CAMLCodec::GetTimeSize: len:23 dl:102749 fs:102371 front:2194
2021-04-13 21:18:08.420 T:4973 DEBUG : CAMLCodec::DequeueBuffer: pts:6.507 idx:156
2021-04-13 21:18:08.420 T:4973 DEBUG : CAMLCodec::GetPicture: index: 156, pts: 6.507, dur:42ms ar:0.00
2021-04-13 21:18:08.420 T:4973 DEBUG : CVideoPlayerVideo::OutputPicture - ttd:358ms pts:6.507 Clock:6.148 Level:4
2021-04-13 21:18:08.421 T:4973 DEBUG : CAMLCodec::GetTimeSize: len:23 dl:102749 fs:102371 front:2194
2021-04-13 21:18:08.427 T:4973 DEBUG : CAMLCodec::AddData: dl:117126 sum:116732 sz:14361 dts:7.508 pts:7.508 overflow:0
2021-04-13 21:18:08.427 T:4973 DEBUG : CAMLCodec::GetTimeSize: len:24 dl:117126 fs:116732 front:2194
2021-04-13 21:18:08.440 T:4974 INFO : Skipped 2 duplicate messages..
