2021-04-13 21:18:20.010 T:4763 DEBUG : PrepareNextRender: frameOnScreen: 17.738 renderPts: 17.905 nextFramePts: 17.893 -> diff: 0.012 render: 1 forceNext: 0
2021-04-13 21:18:20.011 T:4973 DEBUG : CAMLCodec::GetTimeSize: len:24 dl:3670 fs:3377 front:85
2021-04-13 21:18:20.012 T:4763 DEBUG : CAMLCodec::ReleaseFrame idx:429, drop:0
2021-04-13 21:18:20.018 T:4973 DEBUG : CAMLCodec::GetTimeSize: len:24 dl:3593 fs:3377 front:85
2021-04-13 21:18:20.018 T:4973 DEBUG : CAMLCodec::DequeueBuffer: pts:18.018 idx:432
2021-04-13 21:18:20.018 T:4973 DEBUG : CAMLCodec::GetPicture: index: 432, pts: 18.018, dur:41ms ar:0.00
2021-04-13 21:18:20.018 T:4973 DEBUG : CVideoPlayerVideo::OutputPicture - ttd:272ms pts:18.018 Clock:17.746 Level:2
2021-04-13 21:18:20.019 T:4973 DEBUG : CAMLCodec::GetTimeSize: len:24 dl:3593 fs:3377 front:85
2021-04-13 21:18:20.040 T:4974 INFO : Skipped 3 duplicate messages..
2021-04-13 21:18:20.040 T:4974 DEBUG : CVideoPlayerAudio::OutputPacket: pts:18.506 curr_pts:17.768 clock:17.768 level:99
2021-04-13 21:18:20.040 T:4974 DEBUG : CVideoPlayerAudio::OutputPacket: pts:18.530 curr_pts:17.768 clock:17.768 level:99
2021-04-13 21:18:20.044 T:4973 DEBUG : CAMLCodec::GetTimeSize: len:24 dl:3593 fs:3377 front:85
2021-04-13 21:18:20.049 T:4972 DEBUG : CVideoPlayer::ProcessAudioData size:350 dts:26.471 pts:26.471 dur:23.000ms, clock:17.776 drop:0 level:99
2021-04-13 21:18:20.049 T:4972 DEBUG : CVideoPlayer::ProcessVideoData size:2602 dts:26.485 pts:26.485 dur:41.000ms, clock:17.777 level:94
2021-04-13 21:18:20.049 T:4972 DEBUG : CVideoPlayer::ProcessAudioData size:343 dts:26.494 pts:26.494 dur:23.000ms, clock:17.777 drop:0 level:99
2021-04-13 21:18:20.049 T:4763 DEBUG : CAMLCodec::PollFrame elapsed:37.151ms
2021-04-13 21:18:20.051 T:4973 DEBUG : CAMLCodec::GetTimeSize: len:24 dl:3593 fs:3377 front:85
2021-04-13 21:18:20.052 T:4763 DEBUG : PrepareNextRender: frameOnScreen: 17.779 renderPts: 17.946 nextFramePts: 17.935 -> diff: 0.011 render: 1 forceNext: 0
2021-04-13 21:18:20.053 T:4763 DEBUG : CAMLCodec::ReleaseFrame idx:430, drop:0
2021-04-13 21:18:20.057 T:4973 DEBUG : CAMLCodec::GetTimeSize: len:24 dl:3519 fs:3377 front:85
2021-04-13 21:18:20.057 T:4973 DEBUG : CAMLCodec::DequeueBuffer: pts:18.060 idx:433
2021-04-13 21:18:20.057 T:4973 DEBUG : CAMLCodec::GetPicture: index: 433, pts: 18.060, dur:42ms ar:0.00
2021-04-13 21:18:20.057 T:4973 DEBUG : CVideoPlayerVideo::OutputPicture - ttd:274ms pts:18.060 Clock:17.785 Level:2
2021-04-13 21:18:20.058 T:4973 DEBUG : CAMLCodec::GetTimeSize: len:24 dl:3519 fs:3377 front:85
2021-04-13 21:18:20.090 T:4974 INFO : Skipped 5 duplicate messages..
2021-04-13 21:18:20.090 T:4974 DEBUG : CVideoPlayerAudio::OutputPacket: pts:18.553 curr_pts:17.819 clock:17.818 level:99
2021-04-13 21:18:20.090 T:4974 DEBUG : CVideoPlayerAudio::OutputPacket: pts:18.576 curr_pts:17.819 clock:17.818 level:99
2021-04-13 21:18:20.090 T:4974 DEBUG : CVideoPlayerAudio::OutputPacket: pts:18.599 curr_pts:17.819 clock:17.818 level:99
2021-04-13 21:18:20.091 T:4763 DEBUG : CAMLCodec::PollFrame elapsed:37.308ms
2021-04-13 21:18:20.093 T:4763 DEBUG : PrepareNextRender: frameOnScreen: 17.821 renderPts: 17.988 nextFramePts: 17.977 -> diff: 0.011 render: 1 forceNext: 0
2021-04-13 21:18:20.095 T:4763 DEBUG : CAMLCodec::ReleaseFrame idx:431, drop:0
2021-04-13 21:18:20.096 T:4973 DEBUG : CAMLCodec::GetTimeSize: len:24 dl:3445 fs:3377 front:85
2021-04-13 21:18:20.096 T:4973 DEBUG : CAMLCodec::DequeueBuffer: pts:18.102 idx:434
2021-04-13 21:18:20.096 T:4973 DEBUG : CAMLCodec::GetPicture: index: 434, pts: 18.102, dur:42ms ar:0.00
2021-04-13 21:18:20.096 T:4973 DEBUG : CVideoPlayerVideo::OutputPicture - ttd:277ms pts:18.102 Clock:17.824 Level:2
2021-04-13 21:18:20.097 T:4973 DEBUG : CAMLCodec::GetTimeSize: len:24 dl:3445 fs:3377 front:85
2021-04-13 21:18:20.099 T:4972 DEBUG : CVideoPlayer::ProcessAudioData size:345 dts:26.517 pts:26.517 dur:23.000ms, clock:17.827 drop:0 level:99
2021-04-13 21:18:20.100 T:4972 DEBUG : CVideoPlayer::ProcessVideoData size:3759 dts:26.527 pts:26.527 dur:41.000ms, clock:17.827 level:94
2021-04-13 21:18:20.100 T:4972 DEBUG : CVideoPlayer::ProcessAudioData size:351 dts:26.540 pts:26.540 dur:23.000ms, clock:17.828 drop:0 level:99
2021-04-13 21:18:20.100 T:4972 DEBUG : CVideoPlayer::ProcessAudioData size:353 dts:26.564 pts:26.564 dur:23.000ms, clock:17.828 drop:0 level:99
2021-04-13 21:18:20.104 T:4973 DEBUG : CAMLCodec::GetTimeSize: len:24 dl:3445 fs:3377 front:85
2021-04-13 21:18:20.133 T:4763 INFO : Skipped 4 duplicate messages..
2021-04-13 21:18:20.133 T:4763 DEBUG : CAMLCodec::PollFrame elapsed:37.084ms
2021-04-13 21:18:20.135 T:4973 DEBUG : CAMLCodec::GetTimeSize: len:24 dl:3445 fs:3377 front:85
2021-04-13 21:18:20.135 T:4763 DEBUG : PrepareNextRender: frameOnScreen: 17.863 renderPts: 18.030 nextFramePts: 18.018 -> diff: 0.012 render: 1 forceNext: 0
2021-04-13 21:18:20.137 T:4763 DEBUG : CAMLCodec::ReleaseFrame idx:432, drop:0
2021-04-13 21:18:20.140 T:4974 DEBUG : CVideoPlayerAudio::OutputPacket: pts:18.622 curr_pts:17.868 clock:17.868 level:99
2021-04-13 21:18:20.140 T:4972 DEBUG : CVideoPlayer::ProcessVideoData size:5417 dts:26.568 pts:26.568 dur:41.000ms, clock:17.868 level:95
2021-04-13 21:18:20.140 T:4974 DEBUG : CVideoPlayerAudio::OutputPacket: pts:18.646 curr_pts:17.868 clock:17.868 level:99
2021-04-13 21:18:20.140 T:4972 DEBUG : CVideoPlayer::ProcessAudioData size:353 dts:26.587 pts:26.587 dur:23.000ms, clock:17.868 drop:0 level:99
2021-04-13 21:18:20.141 T:4972 DEBUG : CVideoPlayer::ProcessVideoData size:6690 dts:26.610 pts:26.610 dur:41.000ms, clock:17.869 level:95
2021-04-13 21:18:20.141 T:4972 DEBUG : CVideoPlayer::ProcessAudioData size:352 dts:26.610 pts:26.610 dur:23.000ms, clock:17.869 drop:0 level:99
2021-04-13 21:18:20.142 T:4973 DEBUG : CAMLCodec::GetTimeSize: len:24 dl:3371 fs:3377 front:85
2021-04-13 21:18:20.142 T:4973 DEBUG : CAMLCodec::GetTimeSize: len:23 dl:3371 fs:3292 front:61
2021-04-13 21:18:20.142 T:4973 DEBUG : CAMLCodec::DequeueBuffer: pts:18.144 idx:435
2021-04-13 21:18:20.142 T:4973 DEBUG : CAMLCodec::GetPicture: index: 435, pts: 18.144, dur:42ms ar:0.00
2021-04-13 21:18:20.142 T:4973 DEBUG : CVideoPlayerVideo::OutputPicture - ttd:273ms pts:18.144 Clock:17.870 Level:2
2021-04-13 21:18:20.143 T:4973 DEBUG : CAMLCodec::GetTimeSize: len:23 dl:3371 fs:3292 front:61
2021-04-13 21:18:20.148 T:4973 DEBUG : CAMLCodec::AddData: dl:3445 sum:3350 sz:58 dts:18.978 pts:18.978 overflow:0
2021-04-13 21:18:20.148 T:4973 DEBUG : CAMLCodec::GetTimeSize: len:24 dl:3445 fs:3350 front:61
2021-04-13 21:18:20.174 T:4763 INFO : Skipped 4 duplicate messages..
2021-04-13 21:18:20.174 T:4763 DEBUG : CAMLCodec::PollFrame elapsed:36.875ms
2021-04-13 21:18:20.177 T:4763 DEBUG : PrepareNextRender: frameOnScreen: 17.905 renderPts: 18.071 nextFramePts: 18.060 -> diff: 0.011 render: 1 forceNext: 0
2021-04-13 21:18:20.178 T:4763 DEBUG : CAMLCodec::ReleaseFrame idx:433, drop:0
2021-04-13 21:18:20.180 T:4973 DEBUG : CAMLCodec::GetTimeSize: len:24 dl:3371 fs:3350 front:61
2021-04-13 21:18:20.180 T:4973 DEBUG : CAMLCodec::DequeueBuffer: pts:18.185 idx:436
2021-04-13 21:18:20.180 T:4973 DEBUG : CAMLCodec::GetPicture: index: 436, pts: 18.185, dur:41ms ar:0.00
2021-04-13 21:18:20.180 T:4973 DEBUG : CVideoPlayerVideo::OutputPicture - ttd:277ms pts:18.185 Clock:17.908 Level:2
2021-04-13 21:18:20.181 T:4973 DEBUG : CAMLCodec::GetTimeSize: len:24 dl:3371 fs:3350 front:61
2021-04-13 21:18:20.187 T:4973 DEBUG : CAMLCodec::GetTimeSize: len:24 dl:3297 fs:3350 front:61
2021-04-13 21:18:20.187 T:4973 DEBUG : CAMLCodec::GetTimeSize: len:23 dl:3297 fs:3289 front:58
2021-04-13 21:18:20.187 T:4973 DEBUG : CAMLCodec::DequeueBuffer: pts:18.227 idx:437
2021-04-13 21:18:20.187 T:4973 DEBUG : CAMLCodec::GetPicture: index: 437, pts: 18.227, dur:42ms ar:0.00
2021-04-13 21:18:20.187 T:4973 DEBUG : CVideoPlayerVideo::OutputPicture - ttd:311ms pts:18.227 Clock:17.915 Level:3
2021-04-13 21:18:20.189 T:4973 DEBUG : CAMLCodec::GetTimeSize: len:23 dl:3297 fs:3289 front:58
2021-04-13 21:18:20.190 T:4974 DEBUG : CVideoPlayerAudio::OutputPacket: pts:18.669 curr_pts:17.919 clock:17.918 level:99
2021-04-13 21:18:20.190 T:4974 DEBUG : CVideoPlayerAudio::OutputPacket: pts:18.692 curr_pts:17.919 clock:17.918 level:99
2021-04-13 21:18:20.191 T:4972 DEBUG : CVideoPlayer::ProcessAudioData size:356 dts:26.633 pts:26.633 dur:23.000ms, clock:17.919 drop:0 level:99
2021-04-13 21:18:20.191 T:4972 DEBUG : CVideoPlayer::ProcessVideoData size:7685 dts:26.652 pts:26.652 dur:41.000ms, clock:17.919 level:95
2021-04-13 21:18:20.192 T:4972 DEBUG : CVideoPlayer::ProcessAudioData size:362 dts:26.657 pts:26.657 dur:23.000ms, clock:17.919 drop:0 level:99
2021-04-13 21:18:20.194 T:4973 DEBUG : CAMLCodec::AddData: dl:3371 sum:3347 sz:58 dts:19.019 pts:19.019 overflow:0
2021-04-13 21:18:20.194 T:4973 DEBUG : CAMLCodec::GetTimeSize: len:24 dl:3371 fs:3347 front:58
2021-04-13 21:18:20.216 T:4763 INFO : Skipped 3 duplicate messages..
2021-04-13 21:18:20.216 T:4763 DEBUG : CAMLCodec::PollFrame elapsed:37.389ms
2021-04-13 21:18:20.219 T:4973 DEBUG : CAMLCodec::GetTimeSize: len:24 dl:3371 fs:3347 front:58
2021-04-13 21:18:20.219 T:4763 DEBUG : PrepareNextRender: frameOnScreen: 17.947 renderPts: 18.114 nextFramePts: 18.102 -> diff: 0.012 render: 1 forceNext: 0
2021-04-13 21:18:20.221 T:4763 DEBUG : CAMLCodec::ReleaseFrame idx:434, drop:0
2021-04-13 21:18:20.226 T:4973 DEBUG : CAMLCodec::GetTimeSize: len:24 dl:3297 fs:3347 front:58
2021-04-13 21:18:20.226 T:4973 DEBUG : CAMLCodec::GetTimeSize: len:23 dl:3297 fs:3289 front:58
2021-04-13 21:18:20.226 T:4973 DEBUG : CAMLCodec::DequeueBuffer: pts:18.269 idx:438
2021-04-13 21:18:20.226 T:4973 DEBUG : CAMLCodec::GetPicture: index: 438, pts: 18.269, dur:42ms ar:0.00
2021-04-13 21:18:20.226 T:4973 DEBUG : CVideoPlayerVideo::OutputPicture - ttd:315ms pts:18.269 Clock:17.954 Level:3
2021-04-13 21:18:20.227 T:4973 DEBUG : CAMLCodec::GetTimeSize: len:23 dl:3297 fs:3289 front:58
2021-04-13 21:18:20.232 T:4973 DEBUG : CAMLCodec::AddData: dl:3371 sum:3347 sz:58 dts:19.061 pts:19.061 overflow:0
2021-04-13 21:18:20.232 T:4973 DEBUG : CAMLCodec::GetTimeSize: len:24 dl:3371 fs:3347 front:58
2021-04-13 21:18:20.240 T:4974 INFO : Skipped 1 duplicate messages..
2021-04-13 21:18:20.240 T:4974 DEBUG : CVideoPlayerAudio::OutputPacket: pts:18.715 curr_pts:17.968 clock:17.968 level:99
2021-04-13 21:18:20.240 T:4974 DEBUG : CVideoPlayerAudio::OutputPacket: pts:18.739 curr_pts:17.969 clock:17.968 level:99
2021-04-13 21:18:20.242 T:4972 DEBUG : CVideoPlayer::ProcessAudioData size:343 dts:26.680 pts:26.680 dur:23.000ms, clock:17.970 drop:0 level:99
2021-04-13 21:18:20.242 T:4972 DEBUG : CVideoPlayer::ProcessVideoData size:9581 dts:26.694 pts:26.694 dur:41.000ms, clock:17.970 level:95
2021-04-13 21:18:20.243 T:4972 DEBUG : CVideoPlayer::ProcessAudioData size:361 dts:26.703 pts:26.703 dur:23.000ms, clock:17.971 drop:0 level:99
2021-04-13 21:18:20.245 T:4973 DEBUG : CAMLCodec::GetTimeSize: len:24 dl:3371 fs:3347 front:58
2021-04-13 21:18:20.258 T:4763 INFO : Skipped 2 duplicate messages..
2021-04-13 21:18:20.258 T:4763 DEBUG : CAMLCodec::PollFrame elapsed:36.776ms
2021-04-13 21:18:20.260 T:4763 DEBUG : PrepareNextRender: frameOnScreen: 17.988 renderPts: 18.155 nextFramePts: 18.144 -> diff: 0.011 render: 1 forceNext: 0
2021-04-13 21:18:20.262 T:4763 DEBUG : CAMLCodec::ReleaseFrame idx:435, drop:0
2021-04-13 21:18:20.264 T:4973 DEBUG : CAMLCodec::GetTimeSize: len:24 dl:3297 fs:3347 front:58
2021-04-13 21:18:20.264 T:4973 DEBUG : CAMLCodec::GetTimeSize: len:23 dl:3297 fs:3289 front:58
2021-04-13 21:18:20.264 T:4973 DEBUG : CAMLCodec::DequeueBuffer: pts:18.310 idx:439
2021-04-13 21:18:20.264 T:4973 DEBUG : CAMLCodec::GetPicture: index: 439, pts: 18.310, dur:41ms ar:0.00
2021-04-13 21:18:20.264 T:4973 DEBUG : CVideoPlayerVideo::OutputPicture - ttd:318ms pts:18.310 Clock:17.992 Level:3
2021-04-13 21:18:20.265 T:4973 DEBUG : CAMLCodec::GetTimeSize: len:23 dl:3297 fs:3289 front:58
2021-04-13 21:18:20.270 T:4973 DEBUG : CAMLCodec::AddData: dl:3371 sum:3347 sz:58 dts:19.103 pts:19.103 overflow:0
2021-04-13 21:18:20.270 T:4973 DEBUG : CAMLCodec::GetTimeSize: len:24 dl:3371 fs:3347 front:58
2021-04-13 21:18:20.290 T:4974 INFO : Skipped 3 duplicate messages..
2021-04-13 21:18:20.290 T:4974 DEBUG : CVideoPlayerAudio::OutputPacket: pts:18.762 curr_pts:18.018 clock:18.017 level:99
2021-04-13 21:18:20.290 T:4974 DEBUG : CVideoPlayerAudio::OutputPacket: pts:18.785 curr_pts:18.018 clock:18.018 level:99
2021-04-13 21:18:20.293 T:4972 DEBUG : CVideoPlayer::ProcessAudioData size:363 dts:26.726 pts:26.726 dur:23.000ms, clock:18.021 drop:0 level:99
2021-04-13 21:18:20.293 T:4972 DEBUG : CVideoPlayer::ProcessVideoData size:10018 dts:26.735 pts:26.735 dur:41.000ms, clock:18.021 level:95
2021-04-13 21:18:20.294 T:4972 DEBUG : CVideoPlayer::ProcessAudioData size:397 dts:26.749 pts:26.749 dur:23.000ms, clock:18.021 drop:0 level:99
2021-04-13 21:18:20.295 T:4973 DEBUG : CAMLCodec::GetTimeSize: len:24 dl:3371 fs:3347 front:58
2021-04-13 21:18:20.299 T:4763 DEBUG : CAMLCodec::PollFrame elapsed:37.403ms
2021-04-13 21:18:20.302 T:4763 DEBUG : PrepareNextRender: frameOnScreen: 18.029 renderPts: 18.196 nextFramePts: 18.185 -> diff: 0.011 render: 1 forceNext: 0
2021-04-13 21:18:20.302 T:4973 DEBUG : CAMLCodec::GetTimeSize: len:24 dl:3371 fs:3347 front:58
2021-04-13 21:18:20.303 T:4763 DEBUG : CAMLCodec::ReleaseFrame idx:436, drop:0
2021-04-13 21:18:20.308 T:4973 DEBUG : CAMLCodec::GetTimeSize: len:24 dl:3297 fs:3347 front:58
2021-04-13 21:18:20.308 T:4973 DEBUG : CAMLCodec::GetTimeSize: len:23 dl:3297 fs:3289 front:58
2021-04-13 21:18:20.308 T:4973 DEBUG : CAMLCodec::DequeueBuffer: pts:18.352 idx:440
2021-04-13 21:18:20.309 T:4973 DEBUG : CAMLCodec::GetPicture: index: 440, pts: 18.352, dur:42ms ar:0.00
2021-04-13 21:18:20.309 T:4973 DEBUG : CVideoPlayerVideo::OutputPicture - ttd:315ms pts:18.352 Clock:18.037 Level:3
2021-04-13 21:18:20.310 T:4973 DEBUG : CAMLCodec::GetTimeSize: len:23 dl:3297 fs:3289 front:58
2021-04-13 21:18:20.315 T:4973 DEBUG : CAMLCodec::AddData: dl:4520 sum:4496 sz:1207 dts:19.145 pts:19.145 overflow:0
2021-04-13 21:18:20.315 T:4973 DEBUG : CAMLCodec::GetTimeSize: len:24 dl:4520 fs:4496 front:58
2021-04-13 21:18:20.340 T:4974 INFO : Skipped 3 duplicate messages..
2021-04-13 21:18:20.340 T:4974 DEBUG : CVideoPlayerAudio::OutputPacket: pts:18.808 curr_pts:18.068 clock:18.067 level:99
2021-04-13 21:18:20.340 T:4974 DEBUG : CVideoPlayerAudio::OutputPacket: pts:18.831 curr_pts:18.068 clock:18.068 level:99
2021-04-13 21:18:20.340 T:4973 DEBUG : CAMLCodec::GetTimeSize: len:24 dl:4520 fs:4496 front:58
2021-04-13 21:18:20.341 T:4763 DEBUG : CAMLCodec::PollFrame elapsed:37.607ms
2021-04-13 21:18:20.344 T:4763 DEBUG : PrepareNextRender: frameOnScreen: 18.072 renderPts: 18.238 nextFramePts: 18.227 -> diff: 0.011 render: 1 forceNext: 0
2021-04-13 21:18:20.344 T:4972 DEBUG : CVideoPlayer::ProcessAudioData size:382 dts:26.773 pts:26.773 dur:23.000ms, clock:18.072 drop:0 level:99
2021-04-13 21:18:20.345 T:4972 DEBUG : CVideoPlayer::ProcessVideoData size:8521 dts:26.777 pts:26.777 dur:41.000ms, clock:18.073 level:95
2021-04-13 21:18:20.345 T:4972 DEBUG : CVideoPlayer::ProcessAudioData size:418 dts:26.796 pts:26.796 dur:23.000ms, clock:18.073 drop:0 level:99
2021-04-13 21:18:20.346 T:4763 DEBUG : CAMLCodec::ReleaseFrame idx:437, drop:0
2021-04-13 21:18:20.347 T:4973 DEBUG : CAMLCodec::GetTimeSize: len:24 dl:4446 fs:4496 front:58
2021-04-13 21:18:20.347 T:4973 DEBUG : CAMLCodec::GetTimeSize: len:23 dl:4446 fs:4438 front:58
2021-04-13 21:18:20.347 T:4973 DEBUG : CAMLCodec::DequeueBuffer: pts:18.394 idx:441
2021-04-13 21:18:20.347 T:4973 DEBUG : CAMLCodec::GetPicture: index: 441, pts: 18.394, dur:42ms ar:0.00
2021-04-13 21:18:20.347 T:4973 DEBUG : CVideoPlayerVideo::OutputPicture - ttd:319ms pts:18.394 Clock:18.075 Level:3
2021-04-13 21:18:20.348 T:4973 DEBUG : CAMLCodec::GetTimeSize: len:23 dl:4446 fs:4438 front:58
2021-04-13 21:18:20.353 T:4973 DEBUG : CAMLCodec::AddData: dl:7585 sum:7561 sz:3123 dts:19.186 pts:19.186 overflow:0
2021-04-13 21:18:20.353 T:4973 DEBUG : CAMLCodec::GetTimeSize: len:24 dl:7585 fs:7561 front:58
2021-04-13 21:18:20.383 T:4763 INFO : Skipped 4 duplicate messages..
2021-04-13 21:18:20.383 T:4763 DEBUG : CAMLCodec::PollFrame elapsed:36.741ms
2021-04-13 21:18:20.384 T:4973 DEBUG : CAMLCodec::GetTimeSize: len:24 dl:7585 fs:7561 front:58
2021-04-13 21:18:20.385 T:4763 DEBUG : PrepareNextRender: frameOnScreen: 18.113 renderPts: 18.280 nextFramePts: 18.269 -> diff: 0.011 render: 1 forceNext: 0
2021-04-13 21:18:20.386 T:4763 DEBUG : CAMLCodec::ReleaseFrame idx:438, drop:0
2021-04-13 21:18:20.390 T:4974 DEBUG : CVideoPlayerAudio::OutputPacket: pts:18.855 curr_pts:18.117 clock:18.118 level:99
2021-04-13 21:18:20.390 T:4974 DEBUG : CVideoPlayerAudio::OutputPacket: pts:18.878 curr_pts:18.119 clock:18.118 level:99
2021-04-13 21:18:20.391 T:4973 DEBUG : CAMLCodec::GetTimeSize: len:24 dl:7511 fs:7561 front:58
2021-04-13 21:18:20.391 T:4973 DEBUG : CAMLCodec::GetTimeSize: len:23 dl:7511 fs:7503 front:58
2021-04-13 21:18:20.391 T:4973 DEBUG : CAMLCodec::DequeueBuffer: pts:18.436 idx:442
2021-04-13 21:18:20.391 T:4973 DEBUG : CAMLCodec::GetPicture: index: 442, pts: 18.436, dur:42ms ar:0.00
2021-04-13 21:18:20.392 T:4973 DEBUG : CVideoPlayerVideo::OutputPicture - ttd:316ms pts:18.436 Clock:18.119 Level:3
2021-04-13 21:18:20.393 T:4973 DEBUG : CAMLCodec::GetTimeSize: len:23 dl:7511 fs:7503 front:58
2021-04-13 21:18:20.396 T:4972 DEBUG : CVideoPlayer::ProcessVideoData size:1339 dts:26.819 pts:26.819 dur:41.000ms, clock:18.124 level:95
2021-04-13 21:18:20.396 T:4972 DEBUG : CVideoPlayer::ProcessAudioData size:403 dts:26.819 pts:26.819 dur:23.000ms, clock:18.124 drop:0 level:99
2021-04-13 21:18:20.396 T:4972 DEBUG : CVideoPlayer::ProcessAudioData size:405 dts:26.842 pts:26.842 dur:23.000ms, clock:18.124 drop:0 level:99
2021-04-13 21:18:20.398 T:4973 DEBUG : CAMLCodec::AddData: dl:13018 sum:12994 sz:5491 dts:19.228 pts:19.228 overflow:0
2021-04-13 21:18:20.398 T:4973 DEBUG : CAMLCodec::GetTimeSize: len:24 dl:13018 fs:12994 front:58
2021-04-13 21:18:20.425 T:4763 INFO : Skipped 4 duplicate messages..
2021-04-13 21:18:20.424 T:4763 DEBUG : CAMLCodec::PollFrame elapsed:37.732ms
2021-04-13 21:18:20.427 T:4763 DEBUG : PrepareNextRender: frameOnScreen: 18.154 renderPts: 18.321 nextFramePts: 18.310 -> diff: 0.011 render: 1 forceNext: 0
2021-04-13 21:18:20.428 T:4763 DEBUG : CAMLCodec::ReleaseFrame idx:439, drop:0
2021-04-13 21:18:20.429 T:4973 DEBUG : CAMLCodec::GetTimeSize: len:24 dl:13018 fs:12994 front:58
2021-04-13 21:18:20.440 T:4974 INFO : Skipped 1 duplicate messages..
2021-04-13 21:18:20.440 T:4974 DEBUG : CVideoPlayerAudio::OutputPacket: pts:18.901 curr_pts:18.168 clock:18.168 level:99
2021-04-13 21:18:20.440 T:4974 DEBUG : CVideoPlayerAudio::OutputPacket: pts:18.924 curr_pts:18.168 clock:18.168 level:99
2021-04-13 21:18:20.440 T:4974 DEBUG : CVideoPlayerAudio::OutputPacket: pts:18.947 curr_pts:18.168 clock:18.168 level:99
2021-04-13 21:18:20.442 T:4973 DEBUG : CAMLCodec::GetTimeSize: len:24 dl:13018 fs:12994 front:58
2021-04-13 21:18:20.447 T:4972 DEBUG : CVideoPlayer::ProcessVideoData size:159363 dts:26.860 pts:26.860 dur:41.000ms, clock:18.175 level:95
2021-04-13 21:18:20.448 T:4972 DEBUG : CVideoPlayer::ProcessAudioData size:396 dts:26.865 pts:26.865 dur:23.000ms, clock:18.176 drop:0 level:99
2021-04-13 21:18:20.448 T:4972 DEBUG : CVideoPlayer::ProcessAudioData size:376 dts:26.889 pts:26.889 dur:23.000ms, clock:18.176 drop:0 level:99
2021-04-13 21:18:20.448 T:4972 DEBUG : CVideoPlayer::ProcessVideoData size:15730 dts:26.902 pts:26.902 dur:41.000ms, clock:18.176 level:95
2021-04-13 21:18:20.448 T:4972 DEBUG : CVideoPlayer::ProcessAudioData size:354 dts:26.912 pts:26.912 dur:23.000ms, clock:18.176 drop:0 level:99
2021-04-13 21:18:20.449 T:4973 DEBUG : CAMLCodec::GetTimeSize: len:24 dl:13018 fs:12994 front:58
2021-04-13 21:18:20.466 T:4763 INFO : Skipped 2 duplicate messages..
2021-04-13 21:18:20.466 T:4763 DEBUG : CAMLCodec::PollFrame elapsed:38.242ms
2021-04-13 21:18:20.468 T:4973 DEBUG : CAMLCodec::GetTimeSize: len:24 dl:13018 fs:12994 front:58
2021-04-13 21:18:20.469 T:4763 DEBUG : PrepareNextRender: frameOnScreen: 18.197 renderPts: 18.364 nextFramePts: 18.352 -> diff: 0.012 render: 1 forceNext: 0
2021-04-13 21:18:20.471 T:4763 DEBUG : CAMLCodec::ReleaseFrame idx:440, drop:0
2021-04-13 21:18:20.475 T:4973 DEBUG : CAMLCodec::GetTimeSize: len:24 dl:12944 fs:12994 front:58
2021-04-13 21:18:20.475 T:4973 DEBUG : CAMLCodec::GetTimeSize: len:23 dl:12944 fs:12936 front:58
2021-04-13 21:18:20.475 T:4973 DEBUG : CAMLCodec::DequeueBuffer: pts:18.477 idx:443
2021-04-13 21:18:20.475 T:4973 DEBUG : CAMLCodec::GetPicture: index: 443, pts: 18.477, dur:41ms ar:0.00
2021-04-13 21:18:20.475 T:4973 DEBUG : CVideoPlayerVideo::OutputPicture - ttd:274ms pts:18.477 Clock:18.203 Level:2
2021-04-13 21:18:20.476 T:4973 DEBUG : CAMLCodec::GetTimeSize: len:23 dl:12944 fs:12936 front:58
2021-04-13 21:18:20.481 T:4973 DEBUG : CAMLCodec::AddData: dl:20801 sum:20777 sz:7841 dts:19.270 pts:19.270 overflow:0
2021-04-13 21:18:20.481 T:4973 DEBUG : CAMLCodec::GetTimeSize: len:24 dl:20801 fs:20777 front:58
2021-04-13 21:18:20.490 T:4974 INFO : Skipped 1 duplicate messages..
2021-04-13 21:18:20.490 T:4974 DEBUG : CVideoPlayerAudio::OutputPacket: pts:18.971 curr_pts:18.218 clock:18.218 level:99
2021-04-13 21:18:20.490 T:4974 DEBUG : CVideoPlayerAudio::OutputPacket: pts:18.994 curr_pts:18.219 clock:18.218 level:99
2021-04-13 21:18:20.494 T:4973 DEBUG : CAMLCodec::GetTimeSize: len:24 dl:20801 fs:20777 front:58
2021-04-13 21:18:20.499 T:4972 DEBUG : CVideoPlayer::ProcessAudioData size:355 dts:26.935 pts:26.935 dur:23.000ms, clock:18.227 drop:0 level:99
2021-04-13 21:18:20.499 T:4972 DEBUG : CVideoPlayer::ProcessVideoData size:17555 dts:26.944 pts:26.944 dur:41.000ms, clock:18.227 level:95
2021-04-13 21:18:20.499 T:4972 DEBUG : CVideoPlayer::ProcessAudioData size:365 dts:26.958 pts:26.958 dur:23.000ms, clock:18.227 drop:0 level:99
2021-04-13 21:18:20.500 T:4973 DEBUG : CAMLCodec::GetTimeSize: len:24 dl:20801 fs:20777 front:58
2021-04-13 21:18:20.508 T:4763 INFO : Skipped 1 duplicate messages..
2021-04-13 21:18:20.508 T:4763 DEBUG : CAMLCodec::PollFrame elapsed:36.917ms
2021-04-13 21:18:20.510 T:4763 DEBUG : PrepareNextRender: frameOnScreen: 18.238 renderPts: 18.405 nextFramePts: 18.394 -> diff: 0.011 render: 1 forceNext: 0
2021-04-13 21:18:20.512 T:4763 DEBUG : CAMLCodec::ReleaseFrame idx:441, drop:0
2021-04-13 21:18:20.513 T:4973 DEBUG : CAMLCodec::GetTimeSize: len:24 dl:20801 fs:20777 front:58
2021-04-13 21:18:20.519 T:4973 DEBUG : CAMLCodec::GetTimeSize: len:24 dl:20727 fs:20777 front:58
2021-04-13 21:18:20.519 T:4973 DEBUG : CAMLCodec::GetTimeSize: len:23 dl:20727 fs:20719 front:58
2021-04-13 21:18:20.520 T:4973 DEBUG : CAMLCodec::DequeueBuffer: pts:18.519 idx:444
2021-04-13 21:18:20.520 T:4973 DEBUG : CAMLCodec::GetPicture: index: 444, pts: 18.519, dur:42ms ar:0.00
2021-04-13 21:18:20.520 T:4973 DEBUG : CVideoPlayerVideo::OutputPicture - ttd:271ms pts:18.519 Clock:18.248 Level:2
2021-04-13 21:18:20.521 T:4973 DEBUG : CAMLCodec::GetTimeSize: len:23 dl:20727 fs:20719 front:58
2021-04-13 21:18:20.526 T:4973 DEBUG : CAMLCodec::AddData: dl:30097 sum:30073 sz:9354 dts:19.311 pts:19.311 overflow:0
2021-04-13 21:18:20.526 T:4973 DEBUG : CAMLCodec::GetTimeSize: len:24 dl:30097 fs:30073 front:58
2021-04-13 21:18:20.540 T:4974 INFO : Skipped 2 duplicate messages..
2021-04-13 21:18:20.540 T:4974 DEBUG : CVideoPlayerAudio::OutputPacket: pts:19.017 curr_pts:18.268 clock:18.268 level:99
2021-04-13 21:18:20.540 T:4974 DEBUG : CVideoPlayerAudio::OutputPacket: pts:19.040 curr_pts:18.268 clock:18.268 level:99
2021-04-13 21:18:20.540 T:4972 DEBUG : CVideoPlayer::ProcessAudioData size:380 dts:26.982 pts:26.982 dur:23.000ms, clock:18.268 drop:0 level:99
2021-04-13 21:18:20.541 T:4972 DEBUG : CVideoPlayer::ProcessVideoData size:20390 dts:26.986 pts:26.986 dur:41.000ms, clock:18.269 level:95
2021-04-13 21:18:20.541 T:4972 DEBUG : CVideoPlayer::ProcessAudioData size:348 dts:27.005 pts:27.005 dur:23.000ms, clock:18.269 drop:0 level:99
2021-04-13 21:18:20.545 T:4973 DEBUG : CAMLCodec::GetTimeSize: len:24 dl:30097 fs:30073 front:58
2021-04-13 21:18:20.550 T:4763 DEBUG : CAMLCodec::PollFrame elapsed:36.886ms
2021-04-13 21:18:20.551 T:4973 DEBUG : CAMLCodec::GetTimeSize: len:24 dl:30097 fs:30073 front:58
2021-04-13 21:18:20.552 T:4763 DEBUG : PrepareNextRender: frameOnScreen: 18.280 renderPts: 18.447 nextFramePts: 18.436 -> diff: 0.011 render: 1 forceNext: 0
2021-04-13 21:18:20.554 T:4763 DEBUG : CAMLCodec::ReleaseFrame idx:442, drop:0
2021-04-13 21:18:20.558 T:4973 DEBUG : CAMLCodec::GetTimeSize: len:24 dl:30023 fs:30073 front:58
2021-04-13 21:18:20.558 T:4973 DEBUG : CAMLCodec::GetTimeSize: len:23 dl:30023 fs:30015 front:58
2021-04-13 21:18:20.558 T:4973 DEBUG : CAMLCodec::DequeueBuffer: pts:18.561 idx:445
2021-04-13 21:18:20.558 T:4973 DEBUG : CAMLCodec::GetPicture: index: 445, pts: 18.561, dur:42ms ar:0.00
2021-04-13 21:18:20.558 T:4973 DEBUG : CVideoPlayerVideo::OutputPicture - ttd:275ms pts:18.561 Clock:18.286 Level:2
2021-04-13 21:18:20.559 T:4973 DEBUG : CAMLCodec::GetTimeSize: len:23 dl:30023 fs:30015 front:58
2021-04-13 21:18:20.564 T:4973 DEBUG : CAMLCodec::AddData: dl:40469 sum:40445 sz:10430 dts:19.353 pts:19.353 overflow:0
2021-04-13 21:18:20.564 T:4973 DEBUG : CAMLCodec::GetTimeSize: len:24 dl:40469 fs:40445 front:58
2021-04-13 21:18:20.590 T:4974 INFO : Skipped 4 duplicate messages..
2021-04-13 21:18:20.590 T:4974 DEBUG : CVideoPlayerAudio::OutputPacket: pts:19.064 curr_pts:18.318 clock:18.318 level:99
2021-04-13 21:18:20.590 T:4974 DEBUG : CVideoPlayerAudio::OutputPacket: pts:19.087 curr_pts:18.319 clock:18.318 level:99
2021-04-13 21:18:20.591 T:4763 DEBUG : CAMLCodec::PollFrame elapsed:37.525ms
2021-04-13 21:18:20.592 T:4972 DEBUG : CVideoPlayer::ProcessVideoData size:26179 dts:27.027 pts:27.027 dur:41.000ms, clock:18.320 level:95
2021-04-13 21:18:20.592 T:4972 DEBUG : CVideoPlayer::ProcessAudioData size:339 dts:27.028 pts:27.028 dur:23.000ms, clock:18.320 drop:0 level:99
2021-04-13 21:18:20.592 T:4972 DEBUG : CVideoPlayer::ProcessAudioData size:336 dts:27.051 pts:27.051 dur:23.000ms, clock:18.320 drop:0 level:99
2021-04-13 21:18:20.595 T:4763 DEBUG : PrepareNextRender: frameOnScreen: 18.323 renderPts: 18.490 nextFramePts: 18.477 -> diff: 0.013 render: 1 forceNext: 0
2021-04-13 21:18:20.596 T:4973 DEBUG : CAMLCodec::GetTimeSize: len:24 dl:40469 fs:40445 front:58
2021-04-13 21:18:20.597 T:4763 DEBUG : CAMLCodec::ReleaseFrame idx:443, drop:0
2021-04-13 21:18:20.602 T:4973 DEBUG : CAMLCodec::GetTimeSize: len:24 dl:40395 fs:40445 front:58
2021-04-13 21:18:20.602 T:4973 DEBUG : CAMLCodec::GetTimeSize: len:23 dl:40395 fs:40387 front:58
2021-04-13 21:18:20.602 T:4973 DEBUG : CAMLCodec::DequeueBuffer: pts:18.602 idx:446
2021-04-13 21:18:20.602 T:4973 DEBUG : CAMLCodec::GetPicture: index: 446, pts: 18.602, dur:41ms ar:0.00
2021-04-13 21:18:20.602 T:4973 DEBUG : CVideoPlayerVideo::OutputPicture - ttd:271ms pts:18.602 Clock:18.330 Level:2
2021-04-13 21:18:20.603 T:4973 DEBUG : CAMLCodec::GetTimeSize: len:23 dl:40395 fs:40387 front:58
2021-04-13 21:18:20.609 T:4973 DEBUG : CAMLCodec::AddData: dl:52368 sum:52344 sz:11957 dts:19.395 pts:19.395 overflow:0
2021-04-13 21:18:20.609 T:4973 DEBUG : CAMLCodec::GetTimeSize: len:24 dl:52368 fs:52344 front:58
2021-04-13 21:18:20.633 T:4763 INFO : Skipped 3 duplicate messages..
2021-04-13 21:18:20.633 T:4763 DEBUG : CAMLCodec::PollFrame elapsed:36.122ms
2021-04-13 21:18:20.634 T:4973 DEBUG : CAMLCodec::GetTimeSize: len:24 dl:52368 fs:52344 front:58
2021-04-13 21:18:20.636 T:4763 DEBUG : PrepareNextRender: frameOnScreen: 18.364 renderPts: 18.530 nextFramePts: 18.519 -> diff: 0.011 render: 1 forceNext: 0
2021-04-13 21:18:20.637 T:4763 DEBUG : CAMLCodec::ReleaseFrame idx:444, drop:0
2021-04-13 21:18:20.640 T:4974 DEBUG : CVideoPlayerAudio::OutputPacket: pts:19.110 curr_pts:18.368 clock:18.368 level:99
2021-04-13 21:18:20.640 T:4974 DEBUG : CVideoPlayerAudio::OutputPacket: pts:19.133 curr_pts:18.369 clock:18.368 level:99
2021-04-13 21:18:20.640 T:4973 DEBUG : CAMLCodec::GetTimeSize: len:24 dl:52294 fs:52344 front:58
2021-04-13 21:18:20.640 T:4973 DEBUG : CAMLCodec::GetTimeSize: len:23 dl:52294 fs:52286 front:58
2021-04-13 21:18:20.641 T:4973 DEBUG : CAMLCodec::DequeueBuffer: pts:18.644 idx:447
2021-04-13 21:18:20.641 T:4973 DEBUG : CAMLCodec::GetPicture: index: 447, pts: 18.644, dur:42ms ar:0.00
2021-04-13 21:18:20.641 T:4973 DEBUG : CVideoPlayerVideo::OutputPicture - ttd:275ms pts:18.644 Clock:18.369 Level:2
2021-04-13 21:18:20.642 T:4973 DEBUG : CAMLCodec::GetTimeSize: len:23 dl:52294 fs:52286 front:58
2021-04-13 21:18:20.643 T:4972 DEBUG : CVideoPlayer::ProcessVideoData size:27090 dts:27.069 pts:27.069 dur:41.000ms, clock:18.371 level:95
2021-04-13 21:18:20.643 T:4972 DEBUG : CVideoPlayer::ProcessAudioData size:354 dts:27.074 pts:27.074 dur:23.000ms, clock:18.371 drop:0 level:99
2021-04-13 21:18:20.643 T:4972 DEBUG : CVideoPlayer::ProcessAudioData size:380 dts:27.098 pts:27.098 dur:23.000ms, clock:18.371 drop:0 level:99
2021-04-13 21:18:20.647 T:4973 DEBUG : CAMLCodec::AddData: dl:64210 sum:64186 sz:11900 dts:19.437 pts:19.437 overflow:0
2021-04-13 21:18:20.647 T:4973 DEBUG : CAMLCodec::GetTimeSize: len:24 dl:64210 fs:64186 front:58
2021-04-13 21:18:20.675 T:4763 INFO : Skipped 4 duplicate messages..
2021-04-13 21:18:20.675 T:4763 DEBUG : CAMLCodec::PollFrame elapsed:37.415ms
2021-04-13 21:18:20.677 T:4763 DEBUG : PrepareNextRender: frameOnScreen: 18.405 renderPts: 18.572 nextFramePts: 18.561 -> diff: 0.011 render: 1 forceNext: 0
2021-04-13 21:18:20.678 T:4973 DEBUG : CAMLCodec::GetTimeSize: len:24 dl:64210 fs:64186 front:58
2021-04-13 21:18:20.679 T:4763 DEBUG : CAMLCodec::ReleaseFrame idx:445, drop:0
2021-04-13 21:18:20.685 T:4973 DEBUG : CAMLCodec::GetTimeSize: len:24 dl:64136 fs:64186 front:58
2021-04-13 21:18:20.685 T:4973 DEBUG : CAMLCodec::GetTimeSize: len:23 dl:64136 fs:64128 front:58
2021-04-13 21:18:20.685 T:4973 DEBUG : CAMLCodec::DequeueBuffer: pts:18.686 idx:448
2021-04-13 21:18:20.685 T:4973 DEBUG : CAMLCodec::GetPicture: index: 448, pts: 18.686, dur:42ms ar:0.00
2021-04-13 21:18:20.685 T:4973 DEBUG : CVideoPlayerVideo::OutputPicture - ttd:273ms pts:18.686 Clock:18.413 Level:2
2021-04-13 21:18:20.686 T:4973 DEBUG : CAMLCodec::GetTimeSize: len:23 dl:64136 fs:64128 front:58
2021-04-13 21:18:20.690 T:4974 DEBUG : CVideoPlayerAudio::OutputPacket: pts:19.156 curr_pts:18.418 clock:18.418 level:99
2021-04-13 21:18:20.690 T:4974 DEBUG : CVideoPlayerAudio::OutputPacket: pts:19.180 curr_pts:18.418 clock:18.418 level:99
2021-04-13 21:18:20.691 T:4973 DEBUG : CAMLCodec::AddData: dl:99428 sum:99404 sz:35276 dts:19.478 pts:19.478 overflow:0
2021-04-13 21:18:20.691 T:4973 DEBUG : CAMLCodec::GetTimeSize: len:24 dl:99428 fs:99404 front:58
2021-04-13 21:18:20.694 T:4972 DEBUG : CVideoPlayer::ProcessVideoData size:28536 dts:27.111 pts:27.111 dur:41.000ms, clock:18.422 level:95
2021-04-13 21:18:20.694 T:4972 DEBUG : CVideoPlayer::ProcessAudioData size:372 dts:27.121 pts:27.121 dur:23.000ms, clock:18.422 drop:0 level:99
2021-04-13 21:18:20.694 T:4972 DEBUG : CVideoPlayer::ProcessAudioData size:355 dts:27.144 pts:27.144 dur:23.000ms, clock:18.422 drop:0 level:99
2021-04-13 21:18:20.698 T:4973 DEBUG : CAMLCodec::GetTimeSize: len:24 dl:99428 fs:99404 front:58
2021-04-13 21:18:20.716 T:4763 INFO : Skipped 2 duplicate messages..
2021-04-13 21:18:20.716 T:4763 DEBUG : CAMLCodec::PollFrame elapsed:36.909ms
2021-04-13 21:18:20.716 T:4973 DEBUG : CAMLCodec::GetTimeSize: len:24 dl:99428 fs:99404 front:58
2021-04-13 21:18:20.719 T:4763 DEBUG : PrepareNextRender: frameOnScreen: 18.447 renderPts: 18.614 nextFramePts: 18.602 -> diff: 0.012 render: 1 forceNext: 0
2021-04-13 21:18:20.721 T:4763 DEBUG : CAMLCodec::ReleaseFrame idx:446, drop:0
2021-04-13 21:18:20.723 T:4973 DEBUG : CAMLCodec::GetTimeSize: len:24 dl:99354 fs:99404 front:58
2021-04-13 21:18:20.723 T:4973 DEBUG : CAMLCodec::GetTimeSize: len:23 dl:99354 fs:99346 front:58
2021-04-13 21:18:20.723 T:4973 DEBUG : CAMLCodec::DequeueBuffer: pts:18.728 idx:449
2021-04-13 21:18:20.723 T:4973 DEBUG : CAMLCodec::GetPicture: index: 449, pts: 18.728, dur:42ms ar:0.00
2021-04-13 21:18:20.723 T:4973 DEBUG : CVideoPlayerVideo::OutputPicture - ttd:276ms pts:18.728 Clock:18.451 Level:2
2021-04-13 21:18:20.724 T:4973 DEBUG : CAMLCodec::GetTimeSize: len:23 dl:99354 fs:99346 front:58
2021-04-13 21:18:20.729 T:4973 DEBUG : frame_number : 2, mag : 3; index_sz : 8
2021-04-13 21:18:20.732 T:4973 DEBUG : CAMLCodec::AddData: dl:233798 sum:235805 sz:136459 dts:19.520 pts:19.520 overflow:0
2021-04-13 21:18:20.732 T:4973 DEBUG : CAMLCodec::GetTimeSize: len:24 dl:233798 fs:235805 front:58
2021-04-13 21:18:20.732 T:4973 DEBUG : CAMLCodec::GetTimeSize: len:23 dl:233798 fs:235747 front:58
2021-04-13 21:18:20.732 T:4973 DEBUG : CAMLCodec::GetTimeSize: len:22 dl:233798 fs:235689 front:58
2021-04-13 21:18:20.732 T:4973 DEBUG : CAMLCodec::GetTimeSize: len:21 dl:233798 fs:235631 front:58
2021-04-13 21:18:20.732 T:4973 DEBUG : CAMLCodec::GetTimeSize: len:20 dl:233798 fs:235573 front:58
2021-04-13 21:18:20.732 T:4973 DEBUG : CAMLCodec::GetTimeSize: len:19 dl:233798 fs:235515 front:2013
2021-04-13 21:18:20.732 T:4973 DEBUG : CAMLCodec::GetTimeSize: len:18 dl:233798 fs:233502 front:58
2021-04-13 21:18:20.732 T:4973 DEBUG : CAMLCodec::DequeueBuffer: pts:18.769 idx:450
2021-04-13 21:18:20.732 T:4973 DEBUG : CAMLCodec::GetPicture: index: 450, pts: 18.769, dur:41ms ar:0.00
2021-04-13 21:18:20.732 T:4973 DEBUG : CVideoPlayerVideo::OutputPicture - ttd:308ms pts:18.769 Clock:18.460 Level:3
2021-04-13 21:18:20.734 T:4973 DEBUG : CAMLCodec::GetTimeSize: len:18 dl:233798 fs:233502 front:58
2021-04-13 21:18:20.739 T:4973 DEBUG : CAMLCodec::AddData: dl:251914 sum:251602 sz:18100 dts:19.561 pts:19.561 overflow:0
2021-04-13 21:18:20.739 T:4973 DEBUG : CAMLCodec::GetTimeSize: len:19 dl:251914 fs:251602 front:58
2021-04-13 21:18:20.740 T:4974 DEBUG : CVideoPlayerAudio::OutputPacket: pts:19.203 curr_pts:18.469 clock:18.468 level:99
2021-04-13 21:18:20.741 T:4974 DEBUG : CVideoPlayerAudio::OutputPacket: pts:19.226 curr_pts:18.469 clock:18.469 level:99
2021-04-13 21:18:20.741 T:4974 DEBUG : CVideoPlayerAudio::OutputPacket: pts:19.249 curr_pts:18.469 clock:18.469 level:99
2021-04-13 21:18:20.744 T:4973 DEBUG : CAMLCodec::AddData: dl:272361 sum:272033 sz:20431 dts:19.603 pts:19.603 overflow:0
2021-04-13 21:18:20.744 T:4973 DEBUG : CAMLCodec::GetTimeSize: len:20 dl:272361 fs:272033 front:58
2021-04-13 21:18:20.745 T:4972 DEBUG : CVideoPlayer::ProcessVideoData size:31435 dts:27.152 pts:27.152 dur:41.000ms, clock:18.473 level:94
2021-04-13 21:18:20.745 T:4972 DEBUG : CVideoPlayer::ProcessAudioData size:347 dts:27.167 pts:27.167 dur:23.000ms, clock:18.473 drop:0 level:99
2021-04-13 21:18:20.746 T:4972 DEBUG : CVideoPlayer::ProcessAudioData size:362 dts:27.191 pts:27.191 dur:23.000ms, clock:18.473 drop:0 level:99
2021-04-13 21:18:20.746 T:4972 DEBUG : CVideoPlayer::ProcessVideoData size:32781 dts:27.194 pts:27.194 dur:41.000ms, clock:18.474 level:94
2021-04-13 21:18:20.746 T:4972 DEBUG : CVideoPlayer::ProcessAudioData size:364 dts:27.214 pts:27.214 dur:23.000ms, clock:18.474 drop:0 level:99
2021-04-13 21:18:20.749 T:4973 DEBUG : CAMLCodec::AddData: dl:293151 sum:292807 sz:20774 dts:19.645 pts:19.645 overflow:0
2021-04-13 21:18:20.749 T:4973 DEBUG : CAMLCodec::GetTimeSize: len:21 dl:293151 fs:292807 front:58
2021-04-13 21:18:20.755 T:4973 DEBUG : CAMLCodec::AddData: dl:316353 sum:315993 sz:23186 dts:19.687 pts:19.687 overflow:0
2021-04-13 21:18:20.755 T:4973 DEBUG : CAMLCodec::GetTimeSize: len:22 dl:316353 fs:315993 front:58
2021-04-13 21:18:20.758 T:4763 DEBUG : CAMLCodec::PollFrame elapsed:36.871ms
2021-04-13 21:18:20.760 T:4973 DEBUG : CAMLCodec::AddData: dl:340316 sum:339940 sz:23947 dts:19.728 pts:19.728 overflow:0
2021-04-13 21:18:20.760 T:4973 DEBUG : CAMLCodec::GetTimeSize: len:23 dl:340316 fs:339940 front:58
2021-04-13 21:18:20.761 T:4763 DEBUG : PrepareNextRender: frameOnScreen: 18.489 renderPts: 18.656 nextFramePts: 18.644 -> diff: 0.012 render: 1 forceNext: 0
2021-04-13 21:18:20.763 T:4763 DEBUG : CAMLCodec::ReleaseFrame idx:447, drop:0
2021-04-13 21:18:20.766 T:4973 DEBUG : CAMLCodec::AddData: dl:366853 sum:366535 sz:26595 dts:19.770 pts:19.770 overflow:0
2021-04-13 21:18:20.766 T:4973 DEBUG : CAMLCodec::GetTimeSize: len:24 dl:366853 fs:366535 front:58
2021-04-13 21:18:20.766 T:4973 DEBUG : CAMLCodec::DequeueBuffer: pts:18.811 idx:451
2021-04-13 21:18:20.766 T:4973 DEBUG : CAMLCodec::GetPicture: index: 451, pts: 18.811, dur:42ms ar:0.00
2021-04-13 21:18:20.766 T:4973 DEBUG : CVideoPlayerVideo::OutputPicture - ttd:317ms pts:18.811 Clock:18.494 Level:3
2021-04-13 21:18:20.767 T:4973 DEBUG : CAMLCodec::GetTimeSize: len:24 dl:366853 fs:366535 front:58
2021-04-13 21:18:20.789 T:4974 INFO : Skipped 3 duplicate messages..
2021-04-13 21:18:20.789 T:4974 DEBUG : CVideoPlayerAudio::OutputPacket: pts:19.273 curr_pts:18.517 clock:18.517 level:99
2021-04-13 21:18:20.790 T:4974 DEBUG : CVideoPlayerAudio::OutputPacket: pts:19.296 curr_pts:18.519 clock:18.518 level:99
2021-04-13 21:18:20.792 T:4973 DEBUG : CAMLCodec::GetTimeSize: len:24 dl:366853 fs:366535 front:58
2021-04-13 21:18:20.797 T:4972 DEBUG : CVideoPlayer::ProcessVideoData size:24600 dts:27.236 pts:27.236 dur:41.000ms, clock:18.525 level:93
2021-04-13 21:18:20.797 T:4972 DEBUG : CVideoPlayer::ProcessAudioData size:374 dts:27.237 pts:27.237 dur:23.000ms, clock:18.525 drop:0 level:99
2021-04-13 21:18:20.797 T:4972 DEBUG : CVideoPlayer::ProcessAudioData size:384 dts:27.260 pts:27.260 dur:23.000ms, clock:18.525 drop:0 level:99
2021-04-13 21:18:20.798 T:4973 DEBUG : CAMLCodec::GetTimeSize: len:24 dl:366853 fs:366535 front:58
2021-04-13 21:18:20.800 T:4763 DEBUG : CAMLCodec::PollFrame elapsed:36.828ms
2021-04-13 21:18:20.802 T:4763 DEBUG : PrepareNextRender: frameOnScreen: 18.530 renderPts: 18.697 nextFramePts: 18.686 -> diff: 0.011 render: 1 forceNext: 0
2021-04-13 21:18:20.804 T:4763 DEBUG : CAMLCodec::ReleaseFrame idx:448, drop:0
2021-04-13 21:18:20.805 T:4973 DEBUG : CAMLCodec::GetTimeSize: len:24 dl:366853 fs:366535 front:58
2021-04-13 21:18:20.811 T:4973 DEBUG : CAMLCodec::GetTimeSize: len:24 dl:366779 fs:366535 front:58
2021-04-13 21:18:20.811 T:4973 DEBUG : CAMLCodec::DequeueBuffer: pts:18.853 idx:452
2021-04-13 21:18:20.811 T:4973 DEBUG : CAMLCodec::GetPicture: index: 452, pts: 18.853, dur:42ms ar:0.00
2021-04-13 21:18:20.811 T:4973 DEBUG : CVideoPlayerVideo::OutputPicture - ttd:313ms pts:18.853 Clock:18.539 Level:3
2021-04-13 21:18:20.812 T:4973 DEBUG : CAMLCodec::GetTimeSize: len:24 dl:366779 fs:366535 front:58
2021-04-13 21:18:20.840 T:4974 INFO : Skipped 4 duplicate messages..
2021-04-13 21:18:20.840 T:4974 DEBUG : CVideoPlayerAudio::OutputPacket: pts:19.319 curr_pts:18.568 clock:18.567 level:99
2021-04-13 21:18:20.840 T:4974 DEBUG : CVideoPlayerAudio::OutputPacket: pts:19.342 curr_pts:18.568 clock:18.568 level:99
2021-04-13 21:18:20.842 T:4763 DEBUG : CAMLCodec::PollFrame elapsed:36.824ms
2021-04-13 21:18:20.844 T:4973 DEBUG : CAMLCodec::GetTimeSize: len:24 dl:366779 fs:366535 front:58
2021-04-13 21:18:20.844 T:4763 DEBUG : PrepareNextRender: frameOnScreen: 18.572 renderPts: 18.739 nextFramePts: 18.728 -> diff: 0.011 render: 1 forceNext: 0
2021-04-13 21:18:20.845 T:4763 DEBUG : CAMLCodec::ReleaseFrame idx:449, drop:0
2021-04-13 21:18:20.848 T:4972 DEBUG : CVideoPlayer::ProcessVideoData size:15530 dts:27.278 pts:27.278 dur:41.000ms, clock:18.575 level:93
2021-04-13 21:18:20.848 T:4972 DEBUG : CVideoPlayer::ProcessAudioData size:361 dts:27.283 pts:27.283 dur:23.000ms, clock:18.576 drop:0 level:99
2021-04-13 21:18:20.848 T:4972 DEBUG : CVideoPlayer::ProcessAudioData size:345 dts:27.307 pts:27.307 dur:23.000ms, clock:18.576 drop:0 level:99
2021-04-13 21:18:20.850 T:4973 DEBUG : CAMLCodec::GetTimeSize: len:24 dl:366705 fs:366535 front:58
2021-04-13 21:18:20.850 T:4973 DEBUG : CAMLCodec::DequeueBuffer: pts:18.894 idx:453
2021-04-13 21:18:20.850 T:4973 DEBUG : CAMLCodec::GetPicture: index: 453, pts: 18.894, dur:41ms ar:0.00
2021-04-13 21:18:20.850 T:4973 DEBUG : CVideoPlayerVideo::OutputPicture - ttd:315ms pts:18.894 Clock:18.578 Level:3
2021-04-13 21:18:20.851 T:4973 DEBUG : CAMLCodec::GetTimeSize: len:24 dl:366705 fs:366535 front:58
2021-04-13 21:18:20.883 T:4763 INFO : Skipped 5 duplicate messages..
2021-04-13 21:18:20.883 T:4763 DEBUG : CAMLCodec::PollFrame elapsed:37.506ms
2021-04-13 21:18:20.886 T:4763 DEBUG : PrepareNextRender: frameOnScreen: 18.614 renderPts: 18.781 nextFramePts: 18.769 -> diff: 0.012 render: 1 forceNext: 0
2021-04-13 21:18:20.888 T:4763 DEBUG : CAMLCodec::ReleaseFrame idx:450, drop:0
2021-04-13 21:18:20.889 T:4973 DEBUG : CAMLCodec::GetTimeSize: len:24 dl:366631 fs:366535 front:58
2021-04-13 21:18:20.889 T:4973 DEBUG : CAMLCodec::DequeueBuffer: pts:18.936 idx:454
2021-04-13 21:18:20.889 T:4973 DEBUG : CAMLCodec::GetPicture: index: 454, pts: 18.936, dur:42ms ar:0.00
2021-04-13 21:18:20.889 T:4973 DEBUG : CVideoPlayerVideo::OutputPicture - ttd:319ms pts:18.936 Clock:18.617 Level:3
2021-04-13 21:18:20.890 T:4974 DEBUG : CVideoPlayerAudio::OutputPacket: pts:19.365 curr_pts:18.618 clock:18.617 level:99
2021-04-13 21:18:20.890 T:4974 DEBUG : CVideoPlayerAudio::OutputPacket: pts:19.389 curr_pts:18.618 clock:18.618 level:99
2021-04-13 21:18:20.890 T:4973 DEBUG : CAMLCodec::GetTimeSize: len:24 dl:366631 fs:366535 front:58
2021-04-13 21:18:20.898 T:4972 INFO : Skipped 1 duplicate messages..
2021-04-13 21:18:20.898 T:4972 DEBUG : CVideoPlayer::ProcessVideoData size:1269 dts:27.319 pts:27.319 dur:41.000ms, clock:18.626 level:94
2021-04-13 21:18:20.899 T:4972 DEBUG : CVideoPlayer::ProcessAudioData size:352 dts:27.330 pts:27.330 dur:23.000ms, clock:18.626 drop:0 level:99
2021-04-13 21:18:20.899 T:4972 DEBUG : CVideoPlayer::ProcessAudioData size:384 dts:27.353 pts:27.353 dur:23.000ms, clock:18.626 drop:0 level:99
2021-04-13 21:18:20.903 T:4973 DEBUG : CAMLCodec::GetTimeSize: len:24 dl:366631 fs:366535 front:58
2021-04-13 21:18:20.925 T:4763 INFO : Skipped 3 duplicate messages..
2021-04-13 21:18:20.925 T:4763 DEBUG : CAMLCodec::PollFrame elapsed:36.864ms
2021-04-13 21:18:20.927 T:4763 DEBUG : PrepareNextRender: frameOnScreen: 18.655 renderPts: 18.822 nextFramePts: 18.811 -> diff: 0.011 render: 1 forceNext: 0
2021-04-13 21:18:20.928 T:4973 DEBUG : CAMLCodec::GetTimeSize: len:24 dl:366631 fs:366535 front:58
2021-04-13 21:18:20.929 T:4763 DEBUG : CAMLCodec::ReleaseFrame idx:451, drop:0
2021-04-13 21:18:20.935 T:4973 DEBUG : CAMLCodec::GetTimeSize: len:24 dl:366557 fs:366535 front:58
2021-04-13 21:18:20.935 T:4973 DEBUG : CAMLCodec::DequeueBuffer: pts:18.978 idx:455
2021-04-13 21:18:20.935 T:4973 DEBUG : CAMLCodec::GetPicture: index: 455, pts: 18.978, dur:42ms ar:0.00
2021-04-13 21:18:20.935 T:4973 DEBUG : CVideoPlayerVideo::OutputPicture - ttd:315ms pts:18.978 Clock:18.663 Level:3
2021-04-13 21:18:20.936 T:4973 DEBUG : CAMLCodec::GetTimeSize: len:24 dl:366557 fs:366535 front:58
2021-04-13 21:18:20.940 T:4974 DEBUG : CVideoPlayerAudio::OutputPacket: pts:19.412 curr_pts:18.668 clock:18.668 level:99
2021-04-13 21:18:20.940 T:4974 DEBUG : CVideoPlayerAudio::OutputPacket: pts:19.435 curr_pts:18.668 clock:18.668 level:99
2021-04-13 21:18:20.942 T:4973 DEBUG : CAMLCodec::GetTimeSize: len:24 dl:366557 fs:366535 front:58
2021-04-13 21:18:20.957 T:4972 INFO : Skipped 2 duplicate messages..
2021-04-13 21:18:20.957 T:4972 DEBUG : CVideoPlayer::ProcessVideoData size:211188 dts:27.361 pts:27.361 dur:41.000ms, clock:18.685 level:94
2021-04-13 21:18:20.957 T:4972 DEBUG : CVideoPlayer::ProcessAudioData size:368 dts:27.376 pts:27.376 dur:23.000ms, clock:18.685 drop:0 level:99
2021-04-13 21:18:20.957 T:4972 DEBUG : CVideoPlayer::ProcessAudioData size:359 dts:27.400 pts:27.400 dur:23.000ms, clock:18.685 drop:0 level:99
2021-04-13 21:18:20.961 T:4973 DEBUG : CAMLCodec::GetTimeSize: len:24 dl:366557 fs:366535 front:58
2021-04-13 21:18:20.967 T:4763 DEBUG : CAMLCodec::PollFrame elapsed:37.652ms
2021-04-13 21:18:20.967 T:4973 DEBUG : CAMLCodec::GetTimeSize: len:24 dl:366557 fs:366535 front:58
2021-04-13 21:18:20.969 T:4763 DEBUG : PrepareNextRender: frameOnScreen: 18.697 renderPts: 18.864 nextFramePts: 18.853 -> diff: 0.011 render: 1 forceNext: 0
2021-04-13 21:18:20.970 T:4763 DEBUG : CAMLCodec::ReleaseFrame idx:452, drop:0
2021-04-13 21:18:20.974 T:4973 DEBUG : CAMLCodec::GetTimeSize: len:24 dl:366557 fs:366535 front:58
2021-04-13 21:18:20.990 T:4974 INFO : Skipped 2 duplicate messages..
2021-04-13 21:18:20.990 T:4974 DEBUG : CVideoPlayerAudio::OutputPacket: pts:19.458 curr_pts:18.718 clock:18.718 level:99
2021-04-13 21:18:20.990 T:4974 DEBUG : CVideoPlayerAudio::OutputPacket: pts:19.482 curr_pts:18.718 clock:18.718 level:99
2021-04-13 21:18:20.993 T:4973 DEBUG : CAMLCodec::GetTimeSize: len:24 dl:366557 fs:366535 front:58
2021-04-13 21:18:20.998 T:4972 DEBUG : CVideoPlayer::ProcessVideoData size:47230 dts:27.403 pts:27.403 dur:41.000ms, clock:18.726 level:95
2021-04-13 21:18:20.998 T:4972 DEBUG : CVideoPlayer::ProcessAudioData size:386 dts:27.423 pts:27.423 dur:23.000ms, clock:18.726 drop:0 level:99
2021-04-13 21:18:20.999 T:4972 DEBUG : CVideoPlayer::ProcessVideoData size:61157 dts:27.444 pts:27.444 dur:41.000ms, clock:18.727 level:95
2021-04-13 21:18:20.999 T:4972 DEBUG : CVideoPlayer::ProcessAudioData size:371 dts:27.446 pts:27.446 dur:23.000ms, clock:18.727 drop:0 level:99
2021-04-13 21:18:21.000 T:4973 DEBUG : CAMLCodec::GetTimeSize: len:24 dl:366557 fs:366535 front:58
2021-04-13 21:18:21.008 T:4763 INFO : Skipped 1 duplicate messages..
2021-04-13 21:18:21.008 T:4763 DEBUG : CAMLCodec::PollFrame elapsed:37.658ms
2021-04-13 21:18:21.011 T:4763 DEBUG : PrepareNextRender: frameOnScreen: 18.739 renderPts: 18.905 nextFramePts: 18.894 -> diff: 0.011 render: 1 forceNext: 0
2021-04-13 21:18:21.012 T:4763 DEBUG : CAMLCodec::ReleaseFrame idx:453, drop:0
2021-04-13 21:18:21.013 T:4973 DEBUG : CAMLCodec::GetTimeSize: len:24 dl:366557 fs:366535 front:58
2021-04-13 21:18:21.019 T:4973 DEBUG : CAMLCodec::GetTimeSize: len:24 dl:366483 fs:366535 front:58
2021-04-13 21:18:21.019 T:4973 DEBUG : CAMLCodec::GetTimeSize: len:23 dl:366483 fs:366477 front:58
2021-04-13 21:18:21.019 T:4973 DEBUG : CAMLCodec::DequeueBuffer: pts:19.019 idx:456
2021-04-13 21:18:21.019 T:4973 DEBUG : CAMLCodec::GetPicture: index: 456, pts: 19.019, dur:41ms ar:0.00
2021-04-13 21:18:21.020 T:4973 DEBUG : CVideoPlayerVideo::OutputPicture - ttd:271ms pts:19.019 Clock:18.747 Level:2
2021-04-13 21:18:21.021 T:4973 DEBUG : CAMLCodec::GetTimeSize: len:23 dl:366483 fs:366477 front:58
2021-04-13 21:18:21.026 T:4973 DEBUG : CAMLCodec::AddData: dl:395157 sum:395135 sz:28658 dts:19.812 pts:19.812 overflow:0
2021-04-13 21:18:21.026 T:4973 DEBUG : CAMLCodec::GetTimeSize: len:24 dl:395157 fs:395135 front:58
2021-04-13 21:18:21.040 T:4974 INFO : Skipped 2 duplicate messages..
2021-04-13 21:18:21.040 T:4974 DEBUG : CVideoPlayerAudio::OutputPacket: pts:19.505 curr_pts:18.769 clock:18.768 level:99
2021-04-13 21:18:21.040 T:4974 DEBUG : CVideoPlayerAudio::OutputPacket: pts:19.528 curr_pts:18.769 clock:18.768 level:99
2021-04-13 21:18:21.045 T:4973 DEBUG : CAMLCodec::GetTimeSize: len:24 dl:395157 fs:395135 front:58
2021-04-13 21:18:21.050 T:4972 DEBUG : CVideoPlayer::ProcessAudioData size:373 dts:27.469 pts:27.469 dur:23.000ms, clock:18.778 drop:0 level:99
2021-04-13 21:18:21.050 T:4972 DEBUG : CVideoPlayer::ProcessVideoData size:38693 dts:27.486 pts:27.486 dur:41.000ms, clock:18.778 level:95
2021-04-13 21:18:21.050 T:4763 DEBUG : CAMLCodec::PollFrame elapsed:37.563ms
2021-04-13 21:18:21.050 T:4972 DEBUG : CVideoPlayer::ProcessAudioData size:364 dts:27.492 pts:27.492 dur:23.000ms, clock:18.778 drop:0 level:99
2021-04-13 21:18:21.051 T:4973 DEBUG : CAMLCodec::GetTimeSize: len:24 dl:395157 fs:395135 front:58
2021-04-13 21:18:21.053 T:4763 DEBUG : PrepareNextRender: frameOnScreen: 18.781 renderPts: 18.947 nextFramePts: 18.936 -> diff: 0.011 render: 1 forceNext: 0
2021-04-13 21:18:21.054 T:4763 DEBUG : CAMLCodec::ReleaseFrame idx:454, drop:0
2021-04-13 21:18:21.058 T:4973 DEBUG : CAMLCodec::GetTimeSize: len:24 dl:395083 fs:395135 front:58
2021-04-13 21:18:21.058 T:4973 DEBUG : CAMLCodec::GetTimeSize: len:23 dl:395083 fs:395077 front:58
2021-04-13 21:18:21.058 T:4973 DEBUG : CAMLCodec::DequeueBuffer: pts:19.061 idx:457
2021-04-13 21:18:21.058 T:4973 DEBUG : CAMLCodec::GetPicture: index: 457, pts: 19.061, dur:42ms ar:0.00
2021-04-13 21:18:21.058 T:4973 DEBUG : CVideoPlayerVideo::OutputPicture - ttd:275ms pts:19.061 Clock:18.786 Level:2
2021-04-13 21:18:21.059 T:4973 DEBUG : CAMLCodec::GetTimeSize: len:23 dl:395083 fs:395077 front:58
2021-04-13 21:18:21.064 T:4973 DEBUG : CAMLCodec::AddData: dl:424524 sum:424502 sz:29425 dts:19.853 pts:19.853 overflow:0
2021-04-13 21:18:21.064 T:4973 DEBUG : CAMLCodec::GetTimeSize: len:24 dl:424524 fs:424502 front:58
2021-04-13 21:18:21.090 T:4974 INFO : Skipped 4 duplicate messages..
2021-04-13 21:18:21.090 T:4974 DEBUG : CVideoPlayerAudio::OutputPacket: pts:19.551 curr_pts:18.818 clock:18.818 level:99
2021-04-13 21:18:21.090 T:4974 DEBUG : CVideoPlayerAudio::OutputPacket: pts:19.574 curr_pts:18.818 clock:18.818 level:99
2021-04-13 21:18:21.090 T:4974 DEBUG : CVideoPlayerAudio::OutputPacket: pts:19.598 curr_pts:18.818 clock:18.818 level:99
2021-04-13 21:18:21.091 T:4972 DEBUG : CVideoPlayer::ProcessAudioData size:357 dts:27.516 pts:27.516 dur:23.000ms, clock:18.819 drop:0 level:99
2021-04-13 21:18:21.091 T:4972 DEBUG : CVideoPlayer::ProcessVideoData size:70862 dts:27.528 pts:27.528 dur:41.000ms, clock:18.819 level:95
2021-04-13 21:18:21.091 T:4972 DEBUG : CVideoPlayer::ProcessAudioData size:380 dts:27.539 pts:27.539 dur:23.000ms, clock:18.819 drop:0 level:99
