2021-04-13 21:18:32.446 T:4972 DEBUG : CVideoPlayer::ProcessAudioData size:387 dts:38.870 pts:38.870 dur:23.000ms, clock:30.174 drop:0 level:99
2021-04-13 21:18:32.446 T:4972 DEBUG : CVideoPlayer::ProcessVideoData size:7370 dts:38.872 pts:38.872 dur:41.000ms, clock:30.174 level:92
2021-04-13 21:18:32.446 T:4972 DEBUG : CVideoPlayer::ProcessAudioData size:356 dts:38.893 pts:38.893 dur:23.000ms, clock:30.174 drop:0 level:99
2021-04-13 21:18:32.451 T:4973 DEBUG : CAMLCodec::AddData: dl:499346 sum:498946 sz:9833 dts:31.490 pts:31.490 overflow:0
2021-04-13 21:18:32.451 T:4973 DEBUG : CAMLCodec::GetTimeSize: len:24 dl:499346 fs:498946 front:7369
2021-04-13 21:18:32.478 T:4763 INFO : Skipped 4 duplicate messages..
2021-04-13 21:18:32.478 T:4763 DEBUG : CAMLCodec::PollFrame elapsed:35.512ms
2021-04-13 21:18:32.481 T:4763 DEBUG : PrepareNextRender: frameOnScreen: 30.209 renderPts: 30.376 nextFramePts: 30.364 -> diff: 0.012 render: 1 forceNext: 0
2021-04-13 21:18:32.482 T:4973 DEBUG : CAMLCodec::GetTimeSize: len:24 dl:499346 fs:498946 front:7369
2021-04-13 21:18:32.484 T:4763 DEBUG : CAMLCodec::ReleaseFrame idx:728, drop:0
2021-04-13 21:18:32.489 T:4973 DEBUG : CAMLCodec::GetTimeSize: len:24 dl:491961 fs:498946 front:7369
2021-04-13 21:18:32.489 T:4973 DEBUG : CAMLCodec::GetTimeSize: len:23 dl:491961 fs:491577 front:6945
2021-04-13 21:18:32.489 T:4973 DEBUG : CAMLCodec::DequeueBuffer: pts:30.531 idx:732
2021-04-13 21:18:32.489 T:4973 DEBUG : CAMLCodec::GetPicture: index: 732, pts: 30.531, dur:42ms ar:0.00
2021-04-13 21:18:32.489 T:4973 DEBUG : CVideoPlayerVideo::OutputPicture - ttd:314ms pts:30.531 Clock:30.217 Level:3
2021-04-13 21:18:32.490 T:4973 DEBUG : CAMLCodec::GetTimeSize: len:23 dl:491961 fs:491577 front:6945
2021-04-13 21:18:32.490 T:4974 DEBUG : CVideoPlayerAudio::OutputPacket: pts:30.952 curr_pts:30.218 clock:30.218 level:99
2021-04-13 21:18:32.490 T:4974 DEBUG : CVideoPlayerAudio::OutputPacket: pts:30.975 curr_pts:30.219 clock:30.218 level:99
2021-04-13 21:18:32.491 T:4974 DEBUG : CVideoPlayerAudio::OutputPacket: pts:30.999 curr_pts:30.219 clock:30.219 level:99
2021-04-13 21:18:32.495 T:4973 DEBUG : CAMLCodec::AddData: dl:500018 sum:499618 sz:8041 dts:31.532 pts:31.532 overflow:0
2021-04-13 21:18:32.495 T:4973 DEBUG : CAMLCodec::GetTimeSize: len:24 dl:500018 fs:499618 front:6945
2021-04-13 21:18:32.497 T:4972 DEBUG : CVideoPlayer::ProcessVideoData size:7839 dts:38.914 pts:38.914 dur:41.000ms, clock:30.225 level:92
2021-04-13 21:18:32.497 T:4972 DEBUG : CVideoPlayer::ProcessAudioData size:363 dts:38.917 pts:38.917 dur:23.000ms, clock:30.225 drop:0 level:99
2021-04-13 21:18:32.497 T:4972 DEBUG : CVideoPlayer::ProcessAudioData size:364 dts:38.940 pts:38.940 dur:23.000ms, clock:30.225 drop:0 level:99
2021-04-13 21:18:32.497 T:4972 DEBUG : CVideoPlayer::ProcessVideoData size:8477 dts:38.956 pts:38.956 dur:41.000ms, clock:30.225 level:92
2021-04-13 21:18:32.497 T:4972 DEBUG : CVideoPlayer::ProcessAudioData size:362 dts:38.963 pts:38.963 dur:23.000ms, clock:30.225 drop:0 level:99
2021-04-13 21:18:32.502 T:4973 DEBUG : CAMLCodec::GetTimeSize: len:24 dl:500018 fs:499618 front:6945
2021-04-13 21:18:32.520 T:4763 INFO : Skipped 2 duplicate messages..
2021-04-13 21:18:32.520 T:4763 DEBUG : CAMLCodec::PollFrame elapsed:35.939ms
2021-04-13 21:18:32.520 T:4973 DEBUG : CAMLCodec::GetTimeSize: len:24 dl:500018 fs:499618 front:6945
2021-04-13 21:18:32.522 T:4763 DEBUG : PrepareNextRender: frameOnScreen: 30.250 renderPts: 30.417 nextFramePts: 30.406 -> diff: 0.011 render: 1 forceNext: 0
2021-04-13 21:18:32.525 T:4763 DEBUG : CAMLCodec::ReleaseFrame idx:729, drop:0
2021-04-13 21:18:32.527 T:4973 DEBUG : CAMLCodec::GetTimeSize: len:24 dl:493057 fs:499618 front:6945
2021-04-13 21:18:32.527 T:4973 DEBUG : CAMLCodec::GetTimeSize: len:23 dl:493057 fs:492673 front:10166
2021-04-13 21:18:32.527 T:4973 DEBUG : CAMLCodec::DequeueBuffer: pts:30.572 idx:733
2021-04-13 21:18:32.527 T:4973 DEBUG : CAMLCodec::GetPicture: index: 733, pts: 30.572, dur:41ms ar:0.00
2021-04-13 21:18:32.527 T:4973 DEBUG : CVideoPlayerVideo::OutputPicture - ttd:317ms pts:30.572 Clock:30.255 Level:3
2021-04-13 21:18:32.528 T:4973 DEBUG : CAMLCodec::GetTimeSize: len:23 dl:493057 fs:492673 front:10166
2021-04-13 21:18:32.533 T:4973 DEBUG : CAMLCodec::AddData: dl:505426 sum:505026 sz:12353 dts:31.573 pts:31.573 overflow:0
2021-04-13 21:18:32.533 T:4973 DEBUG : CAMLCodec::GetTimeSize: len:24 dl:505426 fs:505026 front:10166
2021-04-13 21:18:32.540 T:4974 DEBUG : CVideoPlayerAudio::OutputPacket: pts:31.022 curr_pts:30.268 clock:30.267 level:99
2021-04-13 21:18:32.540 T:4974 DEBUG : CVideoPlayerAudio::OutputPacket: pts:31.045 curr_pts:30.268 clock:30.268 level:99
2021-04-13 21:18:32.540 T:4973 DEBUG : CAMLCodec::GetTimeSize: len:24 dl:505426 fs:505026 front:10166
2021-04-13 21:18:32.548 T:4972 INFO : Skipped 1 duplicate messages..
2021-04-13 21:18:32.548 T:4972 DEBUG : CVideoPlayer::ProcessAudioData size:382 dts:38.986 pts:38.986 dur:23.000ms, clock:30.276 drop:0 level:99
2021-04-13 21:18:32.548 T:4972 DEBUG : CVideoPlayer::ProcessVideoData size:7227 dts:38.998 pts:38.998 dur:41.000ms, clock:30.276 level:92
2021-04-13 21:18:32.548 T:4972 DEBUG : CVideoPlayer::ProcessAudioData size:378 dts:39.010 pts:39.010 dur:23.000ms, clock:30.276 drop:0 level:99
2021-04-13 21:18:32.553 T:4973 DEBUG : CAMLCodec::GetTimeSize: len:24 dl:505426 fs:505026 front:10166
2021-04-13 21:18:32.562 T:4763 INFO : Skipped 1 duplicate messages..
2021-04-13 21:18:32.562 T:4763 DEBUG : CAMLCodec::PollFrame elapsed:35.928ms
2021-04-13 21:18:32.564 T:4763 DEBUG : PrepareNextRender: frameOnScreen: 30.292 renderPts: 30.459 nextFramePts: 30.447 -> diff: 0.012 render: 1 forceNext: 0
2021-04-13 21:18:32.565 T:4973 DEBUG : CAMLCodec::GetTimeSize: len:24 dl:505426 fs:505026 front:10166
2021-04-13 21:18:32.567 T:4763 DEBUG : CAMLCodec::ReleaseFrame idx:730, drop:0
2021-04-13 21:18:32.572 T:4973 DEBUG : CAMLCodec::GetTimeSize: len:24 dl:495244 fs:505026 front:10166
2021-04-13 21:18:32.572 T:4973 DEBUG : CAMLCodec::GetTimeSize: len:23 dl:495244 fs:494860 front:10151
2021-04-13 21:18:32.572 T:4973 DEBUG : CAMLCodec::DequeueBuffer: pts:30.614 idx:734
2021-04-13 21:18:32.572 T:4973 DEBUG : CAMLCodec::GetPicture: index: 734, pts: 30.614, dur:42ms ar:0.00
2021-04-13 21:18:32.572 T:4973 DEBUG : CVideoPlayerVideo::OutputPicture - ttd:314ms pts:30.614 Clock:30.300 Level:3
2021-04-13 21:18:32.573 T:4973 DEBUG : CAMLCodec::GetTimeSize: len:23 dl:495244 fs:494860 front:10151
2021-04-13 21:18:32.578 T:4973 DEBUG : CAMLCodec::AddData: dl:509315 sum:508915 sz:14055 dts:31.615 pts:31.615 overflow:0
2021-04-13 21:18:32.578 T:4973 DEBUG : CAMLCodec::GetTimeSize: len:24 dl:509315 fs:508915 front:10151
2021-04-13 21:18:32.590 T:4974 INFO : Skipped 1 duplicate messages..
2021-04-13 21:18:32.590 T:4974 DEBUG : CVideoPlayerAudio::OutputPacket: pts:31.068 curr_pts:30.318 clock:30.317 level:99
2021-04-13 21:18:32.590 T:4974 DEBUG : CVideoPlayerAudio::OutputPacket: pts:31.092 curr_pts:30.318 clock:30.318 level:99
2021-04-13 21:18:32.591 T:4973 DEBUG : CAMLCodec::GetTimeSize: len:24 dl:509315 fs:508915 front:10151
2021-04-13 21:18:32.599 T:4972 INFO : Skipped 1 duplicate messages..
2021-04-13 21:18:32.599 T:4972 DEBUG : CVideoPlayer::ProcessAudioData size:353 dts:39.033 pts:39.033 dur:23.000ms, clock:30.327 drop:0 level:99
2021-04-13 21:18:32.599 T:4972 DEBUG : CVideoPlayer::ProcessVideoData size:6200 dts:39.039 pts:39.039 dur:41.000ms, clock:30.327 level:92
2021-04-13 21:18:32.599 T:4972 DEBUG : CVideoPlayer::ProcessAudioData size:366 dts:39.056 pts:39.056 dur:23.000ms, clock:30.327 drop:0 level:99
2021-04-13 21:18:32.603 T:4763 DEBUG : CAMLCodec::PollFrame elapsed:35.967ms
2021-04-13 21:18:32.604 T:4973 DEBUG : CAMLCodec::GetTimeSize: len:24 dl:509315 fs:508915 front:10151
2021-04-13 21:18:32.606 T:4763 DEBUG : PrepareNextRender: frameOnScreen: 30.334 renderPts: 30.501 nextFramePts: 30.489 -> diff: 0.012 render: 1 forceNext: 0
2021-04-13 21:18:32.609 T:4763 DEBUG : CAMLCodec::ReleaseFrame idx:731, drop:0
2021-04-13 21:18:32.610 T:4973 DEBUG : CAMLCodec::GetTimeSize: len:24 dl:499148 fs:508915 front:10151
2021-04-13 21:18:32.610 T:4973 DEBUG : CAMLCodec::GetTimeSize: len:23 dl:499148 fs:498764 front:8300
2021-04-13 21:18:32.610 T:4973 DEBUG : CAMLCodec::DequeueBuffer: pts:30.656 idx:735
2021-04-13 21:18:32.610 T:4973 DEBUG : CAMLCodec::GetPicture: index: 735, pts: 30.656, dur:42ms ar:0.00
2021-04-13 21:18:32.610 T:4973 DEBUG : CVideoPlayerVideo::OutputPicture - ttd:317ms pts:30.656 Clock:30.338 Level:3
2021-04-13 21:18:32.611 T:4973 DEBUG : CAMLCodec::GetTimeSize: len:23 dl:499148 fs:498764 front:8300
2021-04-13 21:18:32.617 T:4973 DEBUG : CAMLCodec::AddData: dl:512582 sum:512182 sz:13418 dts:31.657 pts:31.657 overflow:0
2021-04-13 21:18:32.617 T:4973 DEBUG : CAMLCodec::GetTimeSize: len:24 dl:512582 fs:512182 front:8300
2021-04-13 21:18:32.640 T:4974 INFO : Skipped 3 duplicate messages..
2021-04-13 21:18:32.640 T:4974 DEBUG : CVideoPlayerAudio::OutputPacket: pts:31.115 curr_pts:30.368 clock:30.368 level:99
2021-04-13 21:18:32.640 T:4972 DEBUG : CVideoPlayer::ProcessAudioData size:365 dts:39.079 pts:39.079 dur:23.000ms, clock:30.368 drop:0 level:99
2021-04-13 21:18:32.640 T:4974 DEBUG : CVideoPlayerAudio::OutputPacket: pts:31.138 curr_pts:30.369 clock:30.368 level:99
2021-04-13 21:18:32.640 T:4972 DEBUG : CVideoPlayer::ProcessVideoData size:6326 dts:39.081 pts:39.081 dur:41.000ms, clock:30.368 level:92
2021-04-13 21:18:32.640 T:4972 DEBUG : CVideoPlayer::ProcessAudioData size:387 dts:39.102 pts:39.102 dur:23.000ms, clock:30.368 drop:0 level:99
2021-04-13 21:18:32.642 T:4973 DEBUG : CAMLCodec::GetTimeSize: len:24 dl:512582 fs:512182 front:8300
2021-04-13 21:18:32.645 T:4763 DEBUG : CAMLCodec::PollFrame elapsed:36.178ms
2021-04-13 21:18:32.647 T:4763 DEBUG : PrepareNextRender: frameOnScreen: 30.375 renderPts: 30.542 nextFramePts: 30.531 -> diff: 0.011 render: 1 forceNext: 0
2021-04-13 21:18:32.648 T:4973 DEBUG : CAMLCodec::GetTimeSize: len:24 dl:512582 fs:512182 front:8300
2021-04-13 21:18:32.648 T:4763 DEBUG : CAMLCodec::ReleaseFrame idx:732, drop:0
2021-04-13 21:18:32.654 T:4973 DEBUG : CAMLCodec::GetTimeSize: len:24 dl:512582 fs:512182 front:8300
2021-04-13 21:18:32.687 T:4763 INFO : Skipped 5 duplicate messages..
2021-04-13 21:18:32.687 T:4763 DEBUG : CAMLCodec::PollFrame elapsed:38.105ms
2021-04-13 21:18:32.689 T:4763 DEBUG : PrepareNextRender: frameOnScreen: 30.417 renderPts: 30.584 nextFramePts: 30.572 -> diff: 0.012 render: 1 forceNext: 0
2021-04-13 21:18:32.690 T:4974 DEBUG : CVideoPlayerAudio::OutputPacket: pts:31.161 curr_pts:30.418 clock:30.418 level:99
2021-04-13 21:18:32.691 T:4974 DEBUG : CVideoPlayerAudio::OutputPacket: pts:31.184 curr_pts:30.419 clock:30.419 level:99
2021-04-13 21:18:32.691 T:4972 DEBUG : CVideoPlayer::ProcessVideoData size:4920 dts:39.123 pts:39.123 dur:41.000ms, clock:30.419 level:93
2021-04-13 21:18:32.691 T:4972 DEBUG : CVideoPlayer::ProcessAudioData size:398 dts:39.126 pts:39.126 dur:23.000ms, clock:30.419 drop:0 level:99
2021-04-13 21:18:32.691 T:4972 DEBUG : CVideoPlayer::ProcessAudioData size:358 dts:39.149 pts:39.149 dur:23.000ms, clock:30.419 drop:0 level:99
2021-04-13 21:18:32.692 T:4763 DEBUG : CAMLCodec::ReleaseFrame idx:733, drop:0
2021-04-13 21:18:32.693 T:4973 DEBUG : CAMLCodec::GetTimeSize: len:24 dl:504266 fs:512182 front:8300
2021-04-13 21:18:32.693 T:4973 DEBUG : CAMLCodec::GetTimeSize: len:23 dl:504266 fs:503882 front:8099
2021-04-13 21:18:32.693 T:4973 DEBUG : CAMLCodec::DequeueBuffer: pts:30.698 idx:736
2021-04-13 21:18:32.693 T:4973 DEBUG : CAMLCodec::GetPicture: index: 736, pts: 30.698, dur:42ms ar:0.00
2021-04-13 21:18:32.693 T:4973 DEBUG : CVideoPlayerVideo::OutputPicture - ttd:277ms pts:30.698 Clock:30.421 Level:2
2021-04-13 21:18:32.694 T:4973 DEBUG : CAMLCodec::GetTimeSize: len:23 dl:504266 fs:503882 front:8099
2021-04-13 21:18:32.699 T:4973 DEBUG : CAMLCodec::AddData: dl:516219 sum:515819 sz:11937 dts:31.699 pts:31.699 overflow:0
2021-04-13 21:18:32.699 T:4973 DEBUG : CAMLCodec::GetTimeSize: len:24 dl:516219 fs:515819 front:8099
2021-04-13 21:18:32.728 T:4763 INFO : Skipped 4 duplicate messages..
2021-04-13 21:18:32.728 T:4763 DEBUG : CAMLCodec::PollFrame elapsed:36.305ms
2021-04-13 21:18:32.730 T:4973 DEBUG : CAMLCodec::GetTimeSize: len:24 dl:516219 fs:515819 front:8099
2021-04-13 21:18:32.731 T:4763 DEBUG : PrepareNextRender: frameOnScreen: 30.459 renderPts: 30.626 nextFramePts: 30.614 -> diff: 0.012 render: 1 forceNext: 0
2021-04-13 21:18:32.734 T:4763 DEBUG : CAMLCodec::ReleaseFrame idx:734, drop:0
2021-04-13 21:18:32.737 T:4973 DEBUG : CAMLCodec::GetTimeSize: len:24 dl:508104 fs:515819 front:8099
2021-04-13 21:18:32.737 T:4973 DEBUG : CAMLCodec::GetTimeSize: len:23 dl:508104 fs:507720 front:4201
2021-04-13 21:18:32.737 T:4973 DEBUG : CAMLCodec::DequeueBuffer: pts:30.739 idx:737
2021-04-13 21:18:32.737 T:4973 DEBUG : CAMLCodec::GetPicture: index: 737, pts: 30.739, dur:41ms ar:0.00
2021-04-13 21:18:32.737 T:4973 DEBUG : CVideoPlayerVideo::OutputPicture - ttd:273ms pts:30.739 Clock:30.465 Level:2
2021-04-13 21:18:32.738 T:4973 DEBUG : CAMLCodec::GetTimeSize: len:23 dl:508104 fs:507720 front:4201
2021-04-13 21:18:32.740 T:4974 DEBUG : CVideoPlayerAudio::OutputPacket: pts:31.208 curr_pts:30.468 clock:30.468 level:99
2021-04-13 21:18:32.740 T:4974 DEBUG : CVideoPlayerAudio::OutputPacket: pts:31.231 curr_pts:30.469 clock:30.468 level:99
2021-04-13 21:18:32.742 T:4972 DEBUG : CVideoPlayer::ProcessVideoData size:167 dts:39.164 pts:39.164 dur:41.000ms, clock:30.470 level:93
2021-04-13 21:18:32.742 T:4972 DEBUG : CVideoPlayer::ProcessAudioData size:347 dts:39.172 pts:39.172 dur:23.000ms, clock:30.470 drop:0 level:99
2021-04-13 21:18:32.742 T:4972 DEBUG : CVideoPlayer::ProcessAudioData size:357 dts:39.195 pts:39.195 dur:23.000ms, clock:30.470 drop:0 level:99
2021-04-13 21:18:32.744 T:4973 DEBUG : CAMLCodec::AddData: dl:518585 sum:518185 sz:10465 dts:31.740 pts:31.740 overflow:0
2021-04-13 21:18:32.744 T:4973 DEBUG : CAMLCodec::GetTimeSize: len:24 dl:518585 fs:518185 front:4201
2021-04-13 21:18:32.770 T:4763 INFO : Skipped 4 duplicate messages..
2021-04-13 21:18:32.770 T:4763 DEBUG : CAMLCodec::PollFrame elapsed:36.189ms
2021-04-13 21:18:32.773 T:4763 DEBUG : PrepareNextRender: frameOnScreen: 30.501 renderPts: 30.668 nextFramePts: 30.656 -> diff: 0.012 render: 1 forceNext: 0
2021-04-13 21:18:32.775 T:4973 DEBUG : CAMLCodec::GetTimeSize: len:24 dl:514368 fs:518185 front:4201
2021-04-13 21:18:32.775 T:4973 DEBUG : CAMLCodec::GetTimeSize: len:23 dl:514368 fs:513984 front:2807
2021-04-13 21:18:32.775 T:4973 DEBUG : CAMLCodec::DequeueBuffer: pts:30.781 idx:738
2021-04-13 21:18:32.775 T:4973 DEBUG : CAMLCodec::GetPicture: index: 738, pts: 30.781, dur:42ms ar:0.00
2021-04-13 21:18:32.775 T:4973 DEBUG : CVideoPlayerVideo::OutputPicture - ttd:277ms pts:30.781 Clock:30.503 Level:2
2021-04-13 21:18:32.776 T:4763 DEBUG : CAMLCodec::ReleaseFrame idx:735, drop:0
2021-04-13 21:18:32.776 T:4973 DEBUG : CAMLCodec::GetTimeSize: len:23 dl:514368 fs:513984 front:2807
2021-04-13 21:18:32.782 T:4973 DEBUG : CAMLCodec::AddData: dl:524134 sum:523734 sz:9750 dts:31.782 pts:31.782 overflow:0
2021-04-13 21:18:32.782 T:4973 DEBUG : CAMLCodec::GetTimeSize: len:24 dl:524134 fs:523734 front:2807
2021-04-13 21:18:32.790 T:4974 INFO : Skipped 1 duplicate messages..
2021-04-13 21:18:32.790 T:4974 DEBUG : CVideoPlayerAudio::OutputPacket: pts:31.254 curr_pts:30.518 clock:30.518 level:99
2021-04-13 21:18:32.790 T:4974 DEBUG : CVideoPlayerAudio::OutputPacket: pts:31.277 curr_pts:30.518 clock:30.518 level:99
2021-04-13 21:18:32.793 T:4972 DEBUG : CVideoPlayer::ProcessVideoData size:5202 dts:39.206 pts:39.206 dur:41.000ms, clock:30.521 level:92
2021-04-13 21:18:32.793 T:4972 DEBUG : CVideoPlayer::ProcessAudioData size:360 dts:39.219 pts:39.219 dur:23.000ms, clock:30.521 drop:0 level:99
2021-04-13 21:18:32.793 T:4972 DEBUG : CVideoPlayer::ProcessAudioData size:364 dts:39.242 pts:39.242 dur:23.000ms, clock:30.521 drop:0 level:99
2021-04-13 21:18:32.794 T:4973 DEBUG : CAMLCodec::GetTimeSize: len:24 dl:524134 fs:523734 front:2807
2021-04-13 21:18:32.812 T:4763 INFO : Skipped 2 duplicate messages..
2021-04-13 21:18:32.812 T:4763 DEBUG : CAMLCodec::PollFrame elapsed:35.975ms
2021-04-13 21:18:32.813 T:4973 DEBUG : CAMLCodec::GetTimeSize: len:24 dl:524134 fs:523734 front:2807
2021-04-13 21:18:32.815 T:4763 DEBUG : PrepareNextRender: frameOnScreen: 30.543 renderPts: 30.709 nextFramePts: 30.698 -> diff: 0.011 render: 1 forceNext: 0
2021-04-13 21:18:32.818 T:4763 DEBUG : CAMLCodec::ReleaseFrame idx:736, drop:0
2021-04-13 21:18:32.819 T:4973 DEBUG : CAMLCodec::GetTimeSize: len:24 dl:521311 fs:523734 front:2807
2021-04-13 21:18:32.819 T:4973 DEBUG : CAMLCodec::GetTimeSize: len:23 dl:521311 fs:520927 front:633
2021-04-13 21:18:32.820 T:4973 DEBUG : CAMLCodec::DequeueBuffer: pts:30.823 idx:739
2021-04-13 21:18:32.820 T:4973 DEBUG : CAMLCodec::GetPicture: index: 739, pts: 30.823, dur:42ms ar:0.00
2021-04-13 21:18:32.820 T:4973 DEBUG : CVideoPlayerVideo::OutputPicture - ttd:275ms pts:30.823 Clock:30.548 Level:2
2021-04-13 21:18:32.821 T:4973 DEBUG : CAMLCodec::GetTimeSize: len:23 dl:521311 fs:520927 front:633
2021-04-13 21:18:32.826 T:4973 DEBUG : CAMLCodec::AddData: dl:528547 sum:528147 sz:7220 dts:31.824 pts:31.824 overflow:0
2021-04-13 21:18:32.826 T:4973 DEBUG : CAMLCodec::GetTimeSize: len:24 dl:528547 fs:528147 front:633
2021-04-13 21:18:32.840 T:4974 INFO : Skipped 2 duplicate messages..
2021-04-13 21:18:32.840 T:4974 DEBUG : CVideoPlayerAudio::OutputPacket: pts:31.300 curr_pts:30.568 clock:30.568 level:99
2021-04-13 21:18:32.840 T:4974 DEBUG : CVideoPlayerAudio::OutputPacket: pts:31.324 curr_pts:30.568 clock:30.568 level:99
2021-04-13 21:18:32.840 T:4974 DEBUG : CVideoPlayerAudio::OutputPacket: pts:31.347 curr_pts:30.569 clock:30.568 level:99
2021-04-13 21:18:32.844 T:4972 DEBUG : CVideoPlayer::ProcessVideoData size:89388 dts:39.248 pts:39.248 dur:41.000ms, clock:30.572 level:92
2021-04-13 21:18:32.844 T:4972 DEBUG : CVideoPlayer::ProcessAudioData size:360 dts:39.265 pts:39.265 dur:23.000ms, clock:30.572 drop:0 level:99
2021-04-13 21:18:32.844 T:4972 DEBUG : CVideoPlayer::ProcessAudioData size:356 dts:39.288 pts:39.288 dur:23.000ms, clock:30.572 drop:0 level:99
2021-04-13 21:18:32.845 T:4972 DEBUG : CVideoPlayer::ProcessVideoData size:93771 dts:39.290 pts:39.290 dur:41.000ms, clock:30.573 level:93
2021-04-13 21:18:32.845 T:4972 DEBUG : CVideoPlayer::ProcessAudioData size:359 dts:39.311 pts:39.311 dur:23.000ms, clock:30.573 drop:0 level:99
2021-04-13 21:18:32.846 T:4973 DEBUG : CAMLCodec::GetTimeSize: len:24 dl:528547 fs:528147 front:633
2021-04-13 21:18:32.854 T:4763 INFO : Skipped 1 duplicate messages..
2021-04-13 21:18:32.854 T:4763 DEBUG : CAMLCodec::PollFrame elapsed:35.723ms
2021-04-13 21:18:32.857 T:4763 DEBUG : PrepareNextRender: frameOnScreen: 30.584 renderPts: 30.751 nextFramePts: 30.739 -> diff: 0.012 render: 1 forceNext: 0
2021-04-13 21:18:32.859 T:4973 DEBUG : CAMLCodec::GetTimeSize: len:24 dl:527898 fs:528147 front:633
2021-04-13 21:18:32.859 T:4973 DEBUG : CAMLCodec::GetTimeSize: len:23 dl:527898 fs:527514 front:102313
2021-04-13 21:18:32.859 T:4973 DEBUG : CAMLCodec::DequeueBuffer: pts:30.864 idx:740
2021-04-13 21:18:32.859 T:4973 DEBUG : CAMLCodec::GetPicture: index: 740, pts: 30.864, dur:41ms ar:0.00
2021-04-13 21:18:32.860 T:4973 DEBUG : CVideoPlayerVideo::OutputPicture - ttd:276ms pts:30.864 Clock:30.587 Level:2
2021-04-13 21:18:32.859 T:4763 DEBUG : CAMLCodec::ReleaseFrame idx:737, drop:0
2021-04-13 21:18:32.861 T:4973 DEBUG : CAMLCodec::GetTimeSize: len:23 dl:527898 fs:527514 front:102313
2021-04-13 21:18:32.866 T:4973 DEBUG : CAMLCodec::AddData: dl:429897 sum:531826 sz:4312 dts:31.865 pts:31.865 overflow:0
2021-04-13 21:18:32.866 T:4973 DEBUG : CAMLCodec::GetTimeSize: len:24 dl:429897 fs:531826 front:102313
2021-04-13 21:18:32.866 T:4973 DEBUG : CAMLCodec::GetTimeSize: len:23 dl:429897 fs:429513 front:113905
2021-04-13 21:18:32.866 T:4973 DEBUG : CAMLCodec::DequeueBuffer: pts:30.906 idx:741
2021-04-13 21:18:32.866 T:4973 DEBUG : CAMLCodec::GetPicture: index: 741, pts: 30.906, dur:42ms ar:0.00
2021-04-13 21:18:32.866 T:4973 DEBUG : CVideoPlayerVideo::OutputPicture - ttd:311ms pts:30.906 Clock:30.594 Level:3
2021-04-13 21:18:32.867 T:4973 DEBUG : CAMLCodec::GetTimeSize: len:23 dl:429897 fs:429513 front:113905
2021-04-13 21:18:32.872 T:4973 DEBUG : CAMLCodec::AddData: dl:316491 sum:430020 sz:507 dts:31.907 pts:31.907 overflow:0
2021-04-13 21:18:32.872 T:4973 DEBUG : CAMLCodec::GetTimeSize: len:24 dl:316491 fs:430020 front:113905
2021-04-13 21:18:32.873 T:4973 DEBUG : CAMLCodec::GetTimeSize: len:23 dl:316491 fs:316115 front:9973
2021-04-13 21:18:32.873 T:4973 DEBUG : CAMLCodec::DequeueBuffer: pts:30.948 idx:742
2021-04-13 21:18:32.873 T:4973 DEBUG : CAMLCodec::GetPicture: index: 742, pts: 30.948, dur:42ms ar:0.00
2021-04-13 21:18:32.873 T:4973 DEBUG : CVideoPlayerVideo::OutputPicture - ttd:347ms pts:30.948 Clock:30.601 Level:4
2021-04-13 21:18:32.874 T:4973 DEBUG : CAMLCodec::GetTimeSize: len:23 dl:316491 fs:316115 front:9973
2021-04-13 21:18:32.879 T:4973 DEBUG : frame_number : 2, mag : 3; index_sz : 8
2021-04-13 21:18:32.881 T:4973 DEBUG : CAMLCodec::AddData: dl:389544 sum:389144 sz:73029 dts:31.949 pts:31.949 overflow:0
2021-04-13 21:18:32.881 T:4973 DEBUG : CAMLCodec::GetTimeSize: len:24 dl:389544 fs:389144 front:9973
2021-04-13 21:18:32.890 T:4974 INFO : Skipped 1 duplicate messages..
2021-04-13 21:18:32.890 T:4974 DEBUG : CVideoPlayerAudio::OutputPacket: pts:31.370 curr_pts:30.618 clock:30.618 level:99
2021-04-13 21:18:32.890 T:4974 DEBUG : CVideoPlayerAudio::OutputPacket: pts:31.393 curr_pts:30.618 clock:30.618 level:99
2021-04-13 21:18:32.894 T:4973 DEBUG : CAMLCodec::GetTimeSize: len:24 dl:389544 fs:389144 front:9973
2021-04-13 21:18:32.895 T:4763 DEBUG : CAMLCodec::PollFrame elapsed:35.642ms
2021-04-13 21:18:32.896 T:4972 DEBUG : CVideoPlayer::ProcessVideoData size:4548 dts:39.331 pts:39.331 dur:41.000ms, clock:30.624 level:92
2021-04-13 21:18:32.896 T:4972 DEBUG : CVideoPlayer::ProcessAudioData size:372 dts:39.335 pts:39.335 dur:23.000ms, clock:30.624 drop:0 level:99
2021-04-13 21:18:32.896 T:4972 DEBUG : CVideoPlayer::ProcessAudioData size:359 dts:39.358 pts:39.358 dur:23.000ms, clock:30.624 drop:0 level:99
2021-04-13 21:18:32.898 T:4763 DEBUG : PrepareNextRender: frameOnScreen: 30.626 renderPts: 30.793 nextFramePts: 30.781 -> diff: 0.012 render: 1 forceNext: 0
2021-04-13 21:18:32.900 T:4973 DEBUG : CAMLCodec::GetTimeSize: len:24 dl:389544 fs:389144 front:9973
2021-04-13 21:18:32.901 T:4973 DEBUG : CAMLCodec::DequeueBuffer: pts:30.990 idx:743
2021-04-13 21:18:32.901 T:4973 DEBUG : CAMLCodec::GetPicture: index: 743, pts: 30.990, dur:42ms ar:0.00
2021-04-13 21:18:32.901 T:4973 DEBUG : CVideoPlayerVideo::OutputPicture - ttd:361ms pts:30.990 Clock:30.629 Level:4
2021-04-13 21:18:32.901 T:4763 DEBUG : CAMLCodec::ReleaseFrame idx:738, drop:0
2021-04-13 21:18:32.902 T:4973 DEBUG : CAMLCodec::GetTimeSize: len:24 dl:379555 fs:389144 front:9973
2021-04-13 21:18:32.902 T:4973 DEBUG : CAMLCodec::GetTimeSize: len:23 dl:379555 fs:379171 front:11093
2021-04-13 21:18:32.907 T:4973 DEBUG : CAMLCodec::AddData: dl:388486 sum:388086 sz:8915 dts:31.991 pts:31.991 overflow:0
2021-04-13 21:18:32.907 T:4973 DEBUG : CAMLCodec::GetTimeSize: len:24 dl:388486 fs:388086 front:11093
2021-04-13 21:18:32.937 T:4763 INFO : Skipped 4 duplicate messages..
2021-04-13 21:18:32.937 T:4763 DEBUG : CAMLCodec::PollFrame elapsed:35.930ms
2021-04-13 21:18:32.938 T:4973 DEBUG : CAMLCodec::GetTimeSize: len:24 dl:388486 fs:388086 front:11093
2021-04-13 21:18:32.940 T:4763 DEBUG : PrepareNextRender: frameOnScreen: 30.668 renderPts: 30.835 nextFramePts: 30.823 -> diff: 0.012 render: 1 forceNext: 0
2021-04-13 21:18:32.940 T:4974 DEBUG : CVideoPlayerAudio::OutputPacket: pts:31.417 curr_pts:30.668 clock:30.668 level:99
2021-04-13 21:18:32.941 T:4974 DEBUG : CVideoPlayerAudio::OutputPacket: pts:31.440 curr_pts:30.669 clock:30.669 level:99
2021-04-13 21:18:32.943 T:4763 DEBUG : CAMLCodec::ReleaseFrame idx:739, drop:0
2021-04-13 21:18:32.945 T:4973 DEBUG : CAMLCodec::GetTimeSize: len:24 dl:377377 fs:388086 front:11093
2021-04-13 21:18:32.945 T:4973 DEBUG : CAMLCodec::GetTimeSize: len:23 dl:377377 fs:376993 front:9937
2021-04-13 21:18:32.945 T:4973 DEBUG : CAMLCodec::DequeueBuffer: pts:31.031 idx:744
2021-04-13 21:18:32.945 T:4973 DEBUG : CAMLCodec::GetPicture: index: 744, pts: 31.031, dur:41ms ar:0.00
2021-04-13 21:18:32.945 T:4973 DEBUG : CVideoPlayerVideo::OutputPicture - ttd:358ms pts:31.031 Clock:30.673 Level:4
2021-04-13 21:18:32.946 T:4973 DEBUG : CAMLCodec::GetTimeSize: len:23 dl:377377 fs:376993 front:9937
2021-04-13 21:18:32.947 T:4972 DEBUG : CVideoPlayer::ProcessVideoData size:6257 dts:39.373 pts:39.373 dur:41.000ms, clock:30.675 level:92
2021-04-13 21:18:32.947 T:4972 DEBUG : CVideoPlayer::ProcessAudioData size:374 dts:39.381 pts:39.381 dur:23.000ms, clock:30.675 drop:0 level:99
2021-04-13 21:18:32.947 T:4972 DEBUG : CVideoPlayer::ProcessAudioData size:413 dts:39.404 pts:39.404 dur:23.000ms, clock:30.675 drop:0 level:99
2021-04-13 21:18:32.951 T:4973 DEBUG : CAMLCodec::AddData: dl:387229 sum:386829 sz:9836 dts:32.032 pts:32.032 overflow:0
2021-04-13 21:18:32.951 T:4973 DEBUG : CAMLCodec::GetTimeSize: len:24 dl:387229 fs:386829 front:9937
2021-04-13 21:18:32.979 T:4763 INFO : Skipped 4 duplicate messages..
2021-04-13 21:18:32.979 T:4763 DEBUG : CAMLCodec::PollFrame elapsed:35.542ms
2021-04-13 21:18:32.981 T:4763 DEBUG : PrepareNextRender: frameOnScreen: 30.709 renderPts: 30.876 nextFramePts: 30.864 -> diff: 0.012 render: 1 forceNext: 0
2021-04-13 21:18:32.983 T:4973 DEBUG : CAMLCodec::GetTimeSize: len:24 dl:387229 fs:386829 front:9937
2021-04-13 21:18:32.983 T:4763 DEBUG : CAMLCodec::ReleaseFrame idx:740, drop:0
2021-04-13 21:18:32.989 T:4973 DEBUG : CAMLCodec::GetTimeSize: len:24 dl:377276 fs:386829 front:9937
2021-04-13 21:18:32.989 T:4973 DEBUG : CAMLCodec::GetTimeSize: len:23 dl:377276 fs:376892 front:12187
2021-04-13 21:18:32.990 T:4973 DEBUG : CAMLCodec::DequeueBuffer: pts:31.073 idx:745
2021-04-13 21:18:32.990 T:4973 DEBUG : CAMLCodec::GetPicture: index: 745, pts: 31.073, dur:42ms ar:0.00
2021-04-13 21:18:32.990 T:4973 DEBUG : CVideoPlayerVideo::OutputPicture - ttd:355ms pts:31.073 Clock:30.718 Level:4
2021-04-13 21:18:32.990 T:4974 DEBUG : CVideoPlayerAudio::OutputPacket: pts:31.463 curr_pts:30.719 clock:30.718 level:99
2021-04-13 21:18:32.990 T:4974 DEBUG : CVideoPlayerAudio::OutputPacket: pts:31.486 curr_pts:30.719 clock:30.718 level:99
2021-04-13 21:18:32.991 T:4973 DEBUG : CAMLCodec::GetTimeSize: len:23 dl:377276 fs:376892 front:12187
2021-04-13 21:18:32.996 T:4973 DEBUG : CAMLCodec::AddData: dl:385840 sum:385440 sz:8548 dts:32.074 pts:32.074 overflow:0
2021-04-13 21:18:32.996 T:4973 DEBUG : CAMLCodec::GetTimeSize: len:24 dl:385840 fs:385440 front:12187
2021-04-13 21:18:32.998 T:4972 DEBUG : CVideoPlayer::ProcessVideoData size:5250 dts:39.415 pts:39.415 dur:41.000ms, clock:30.726 level:91
2021-04-13 21:18:32.998 T:4972 DEBUG : CVideoPlayer::ProcessAudioData size:420 dts:39.427 pts:39.427 dur:23.000ms, clock:30.726 drop:0 level:99
2021-04-13 21:18:32.998 T:4972 DEBUG : CVideoPlayer::ProcessAudioData size:361 dts:39.451 pts:39.451 dur:23.000ms, clock:30.726 drop:0 level:99
2021-04-13 21:18:33.002 T:4973 DEBUG : CAMLCodec::GetTimeSize: len:24 dl:385840 fs:385440 front:12187
2021-04-13 21:18:33.020 T:4763 INFO : Skipped 2 duplicate messages..
2021-04-13 21:18:33.020 T:4763 DEBUG : CAMLCodec::PollFrame elapsed:36.810ms
2021-04-13 21:18:33.021 T:4973 DEBUG : CAMLCodec::GetTimeSize: len:24 dl:385840 fs:385440 front:12187
2021-04-13 21:18:33.023 T:4763 DEBUG : PrepareNextRender: frameOnScreen: 30.751 renderPts: 30.918 nextFramePts: 30.906 -> diff: 0.012 render: 1 forceNext: 0
2021-04-13 21:18:33.025 T:4763 DEBUG : CAMLCodec::ReleaseFrame idx:741, drop:0
2021-04-13 21:18:33.027 T:4973 DEBUG : CAMLCodec::GetTimeSize: len:24 dl:373637 fs:385440 front:12187
2021-04-13 21:18:33.027 T:4973 DEBUG : CAMLCodec::GetTimeSize: len:23 dl:373637 fs:373253 front:11234
2021-04-13 21:18:33.028 T:4973 DEBUG : CAMLCodec::DequeueBuffer: pts:31.115 idx:746
2021-04-13 21:18:33.028 T:4973 DEBUG : CAMLCodec::GetPicture: index: 746, pts: 31.115, dur:42ms ar:0.00
2021-04-13 21:18:33.028 T:4973 DEBUG : CVideoPlayerVideo::OutputPicture - ttd:359ms pts:31.115 Clock:30.756 Level:4
2021-04-13 21:18:33.029 T:4973 DEBUG : CAMLCodec::GetTimeSize: len:23 dl:373637 fs:373253 front:11234
2021-04-13 21:18:33.034 T:4973 DEBUG : CAMLCodec::AddData: dl:388403 sum:388003 sz:14750 dts:32.116 pts:32.116 overflow:0
2021-04-13 21:18:33.034 T:4973 DEBUG : CAMLCodec::GetTimeSize: len:24 dl:388403 fs:388003 front:11234
2021-04-13 21:18:33.040 T:4974 DEBUG : CVideoPlayerAudio::OutputPacket: pts:31.509 curr_pts:30.768 clock:30.768 level:99
2021-04-13 21:18:33.040 T:4973 DEBUG : CAMLCodec::GetTimeSize: len:24 dl:388403 fs:388003 front:11234
2021-04-13 21:18:33.041 T:4974 DEBUG : CVideoPlayerAudio::OutputPacket: pts:31.533 curr_pts:30.768 clock:30.768 level:99
2021-04-13 21:18:33.047 T:4973 DEBUG : CAMLCodec::GetTimeSize: len:24 dl:388403 fs:388003 front:11234
2021-04-13 21:18:33.049 T:4972 DEBUG : CVideoPlayer::ProcessVideoData size:6020 dts:39.457 pts:39.457 dur:41.000ms, clock:30.777 level:91
2021-04-13 21:18:33.049 T:4972 DEBUG : CVideoPlayer::ProcessAudioData size:374 dts:39.474 pts:39.474 dur:23.000ms, clock:30.777 drop:0 level:99
2021-04-13 21:18:33.049 T:4972 DEBUG : CVideoPlayer::ProcessAudioData size:398 dts:39.497 pts:39.497 dur:23.000ms, clock:30.777 drop:0 level:99
2021-04-13 21:18:33.053 T:4973 DEBUG : CAMLCodec::GetTimeSize: len:24 dl:388403 fs:388003 front:11234
2021-04-13 21:18:33.062 T:4763 INFO : Skipped 1 duplicate messages..
2021-04-13 21:18:33.062 T:4763 DEBUG : CAMLCodec::PollFrame elapsed:36.840ms
2021-04-13 21:18:33.064 T:4763 DEBUG : PrepareNextRender: frameOnScreen: 30.792 renderPts: 30.959 nextFramePts: 30.948 -> diff: 0.011 render: 1 forceNext: 0
2021-04-13 21:18:33.066 T:4973 DEBUG : CAMLCodec::GetTimeSize: len:24 dl:388403 fs:388003 front:11234
2021-04-13 21:18:33.067 T:4763 DEBUG : CAMLCodec::ReleaseFrame idx:742, drop:0
2021-04-13 21:18:33.072 T:4973 DEBUG : CAMLCodec::GetTimeSize: len:24 dl:377153 fs:388003 front:11234
2021-04-13 21:18:33.072 T:4973 DEBUG : CAMLCodec::GetTimeSize: len:23 dl:377153 fs:376769 front:12035
2021-04-13 21:18:33.072 T:4973 DEBUG : CAMLCodec::DequeueBuffer: pts:31.156 idx:747
2021-04-13 21:18:33.072 T:4973 DEBUG : CAMLCodec::GetPicture: index: 747, pts: 31.156, dur:41ms ar:0.00
2021-04-13 21:18:33.072 T:4973 DEBUG : CVideoPlayerVideo::OutputPicture - ttd:355ms pts:31.156 Clock:30.800 Level:4
2021-04-13 21:18:33.074 T:4973 DEBUG : CAMLCodec::GetTimeSize: len:23 dl:377153 fs:376769 front:12035
2021-04-13 21:18:33.079 T:4973 DEBUG : CAMLCodec::AddData: dl:388690 sum:388290 sz:11521 dts:32.157 pts:32.157 overflow:0
2021-04-13 21:18:33.079 T:4973 DEBUG : CAMLCodec::GetTimeSize: len:24 dl:388690 fs:388290 front:12035
2021-04-13 21:18:33.089 T:4972 INFO : Skipped 1 duplicate messages..
2021-04-13 21:18:33.089 T:4972 DEBUG : CVideoPlayer::ProcessVideoData size:4112 dts:39.498 pts:39.498 dur:41.000ms, clock:30.817 level:91
2021-04-13 21:18:33.090 T:4972 DEBUG : CVideoPlayer::ProcessAudioData size:408 dts:39.520 pts:39.520 dur:23.000ms, clock:30.818 drop:0 level:99
2021-04-13 21:18:33.090 T:4974 DEBUG : CVideoPlayerAudio::OutputPacket: pts:31.556 curr_pts:30.818 clock:30.817 level:99
2021-04-13 21:18:33.090 T:4974 DEBUG : CVideoPlayerAudio::OutputPacket: pts:31.579 curr_pts:30.818 clock:30.818 level:99
2021-04-13 21:18:33.091 T:4973 DEBUG : CAMLCodec::GetTimeSize: len:24 dl:388690 fs:388290 front:12035
2021-04-13 21:18:33.100 T:4972 INFO : Skipped 1 duplicate messages..
2021-04-13 21:18:33.100 T:4972 DEBUG : CVideoPlayer::ProcessVideoData size:4099 dts:39.540 pts:39.540 dur:41.000ms, clock:30.828 level:92
2021-04-13 21:18:33.100 T:4972 DEBUG : CVideoPlayer::ProcessAudioData size:355 dts:39.544 pts:39.544 dur:23.000ms, clock:30.828 drop:0 level:99
2021-04-13 21:18:33.104 T:4763 DEBUG : CAMLCodec::PollFrame elapsed:35.980ms
2021-04-13 21:18:33.104 T:4973 DEBUG : CAMLCodec::GetTimeSize: len:24 dl:388690 fs:388290 front:12035
2021-04-13 21:18:33.106 T:4763 DEBUG : PrepareNextRender: frameOnScreen: 30.834 renderPts: 31.001 nextFramePts: 30.990 -> diff: 0.011 render: 1 forceNext: 0
2021-04-13 21:18:33.108 T:4763 DEBUG : CAMLCodec::ReleaseFrame idx:743, drop:0
2021-04-13 21:18:33.110 T:4973 DEBUG : CAMLCodec::GetTimeSize: len:24 dl:376639 fs:388290 front:12035
2021-04-13 21:18:33.111 T:4973 DEBUG : CAMLCodec::GetTimeSize: len:23 dl:376639 fs:376255 front:10965
2021-04-13 21:18:33.111 T:4973 DEBUG : CAMLCodec::DequeueBuffer: pts:31.198 idx:748
2021-04-13 21:18:33.111 T:4973 DEBUG : CAMLCodec::GetPicture: index: 748, pts: 31.198, dur:42ms ar:0.00
2021-04-13 21:18:33.111 T:4973 DEBUG : CVideoPlayerVideo::OutputPicture - ttd:359ms pts:31.198 Clock:30.839 Level:4
2021-04-13 21:18:33.112 T:4973 DEBUG : CAMLCodec::GetTimeSize: len:23 dl:376639 fs:376255 front:10965
2021-04-13 21:18:33.117 T:4973 DEBUG : CAMLCodec::AddData: dl:387443 sum:387043 sz:10788 dts:32.199 pts:32.199 overflow:0
2021-04-13 21:18:33.117 T:4973 DEBUG : CAMLCodec::GetTimeSize: len:24 dl:387443 fs:387043 front:10965
2021-04-13 21:18:33.140 T:4974 INFO : Skipped 3 duplicate messages..
2021-04-13 21:18:33.140 T:4974 DEBUG : CVideoPlayerAudio::OutputPacket: pts:31.602 curr_pts:30.868 clock:30.867 level:99
2021-04-13 21:18:33.140 T:4974 DEBUG : CVideoPlayerAudio::OutputPacket: pts:31.626 curr_pts:30.868 clock:30.868 level:99
2021-04-13 21:18:33.140 T:4974 DEBUG : CVideoPlayerAudio::OutputPacket: pts:31.649 curr_pts:30.869 clock:30.868 level:99
2021-04-13 21:18:33.141 T:4972 DEBUG : CVideoPlayer::ProcessAudioData size:350 dts:39.567 pts:39.567 dur:23.000ms, clock:30.869 drop:0 level:99
2021-04-13 21:18:33.141 T:4972 DEBUG : CVideoPlayer::ProcessVideoData size:3802 dts:39.582 pts:39.582 dur:41.000ms, clock:30.869 level:92
2021-04-13 21:18:33.141 T:4972 DEBUG : CVideoPlayer::ProcessAudioData size:414 dts:39.590 pts:39.590 dur:23.000ms, clock:30.869 drop:0 level:99
2021-04-13 21:18:33.141 T:4972 DEBUG : CVideoPlayer::ProcessAudioData size:439 dts:39.613 pts:39.613 dur:23.000ms, clock:30.869 drop:0 level:99
2021-04-13 21:18:33.142 T:4973 DEBUG : CAMLCodec::GetTimeSize: len:24 dl:387443 fs:387043 front:10965
2021-04-13 21:18:33.146 T:4763 DEBUG : CAMLCodec::PollFrame elapsed:36.763ms
2021-04-13 21:18:33.148 T:4763 DEBUG : PrepareNextRender: frameOnScreen: 30.876 renderPts: 31.043 nextFramePts: 31.031 -> diff: 0.012 render: 1 forceNext: 0
2021-04-13 21:18:33.149 T:4973 DEBUG : CAMLCodec::GetTimeSize: len:24 dl:387443 fs:387043 front:10965
2021-04-13 21:18:33.150 T:4763 DEBUG : CAMLCodec::ReleaseFrame idx:744, drop:0
2021-04-13 21:18:33.155 T:4973 DEBUG : CAMLCodec::GetTimeSize: len:24 dl:387443 fs:387043 front:10965
2021-04-13 21:18:33.187 T:4763 INFO : Skipped 5 duplicate messages..
2021-04-13 21:18:33.187 T:4763 DEBUG : CAMLCodec::PollFrame elapsed:37.324ms
2021-04-13 21:18:33.190 T:4974 DEBUG : CVideoPlayerAudio::OutputPacket: pts:31.672 curr_pts:30.918 clock:30.918 level:99
2021-04-13 21:18:33.190 T:4763 DEBUG : PrepareNextRender: frameOnScreen: 30.918 renderPts: 31.085 nextFramePts: 31.073 -> diff: 0.012 render: 1 forceNext: 0
2021-04-13 21:18:33.191 T:4974 DEBUG : CVideoPlayerAudio::OutputPacket: pts:31.695 curr_pts:30.919 clock:30.919 level:99
2021-04-13 21:18:33.192 T:4972 DEBUG : CVideoPlayer::ProcessVideoData size:3395 dts:39.623 pts:39.623 dur:41.000ms, clock:30.920 level:92
2021-04-13 21:18:33.192 T:4972 DEBUG : CVideoPlayer::ProcessAudioData size:441 dts:39.636 pts:39.636 dur:23.000ms, clock:30.920 drop:0 level:99
2021-04-13 21:18:33.192 T:4972 DEBUG : CVideoPlayer::ProcessAudioData size:444 dts:39.660 pts:39.660 dur:23.000ms, clock:30.920 drop:0 level:99
2021-04-13 21:18:33.192 T:4763 DEBUG : CAMLCodec::ReleaseFrame idx:745, drop:0
2021-04-13 21:18:33.193 T:4973 DEBUG : CAMLCodec::GetTimeSize: len:24 dl:376462 fs:387043 front:10965
2021-04-13 21:18:33.193 T:4973 DEBUG : CAMLCodec::GetTimeSize: len:23 dl:376462 fs:376078 front:10811
2021-04-13 21:18:33.193 T:4973 DEBUG : CAMLCodec::DequeueBuffer: pts:31.240 idx:749
2021-04-13 21:18:33.193 T:4973 DEBUG : CAMLCodec::GetPicture: index: 749, pts: 31.240, dur:42ms ar:0.00
2021-04-13 21:18:33.194 T:4973 DEBUG : CVideoPlayerVideo::OutputPicture - ttd:318ms pts:31.240 Clock:30.921 Level:3
2021-04-13 21:18:33.195 T:4973 DEBUG : CAMLCodec::GetTimeSize: len:23 dl:376462 fs:376078 front:10811
2021-04-13 21:18:33.200 T:4973 DEBUG : CAMLCodec::AddData: dl:386225 sum:385825 sz:9747 dts:32.241 pts:32.241 overflow:0
2021-04-13 21:18:33.200 T:4973 DEBUG : CAMLCodec::GetTimeSize: len:24 dl:386225 fs:385825 front:10811
2021-04-13 21:18:33.229 T:4763 INFO : Skipped 4 duplicate messages..
2021-04-13 21:18:33.229 T:4763 DEBUG : CAMLCodec::PollFrame elapsed:36.348ms
2021-04-13 21:18:33.231 T:4973 DEBUG : CAMLCodec::GetTimeSize: len:24 dl:386225 fs:385825 front:10811
2021-04-13 21:18:33.231 T:4763 DEBUG : PrepareNextRender: frameOnScreen: 30.959 renderPts: 31.126 nextFramePts: 31.115 -> diff: 0.011 render: 1 forceNext: 0
2021-04-13 21:18:33.234 T:4763 DEBUG : CAMLCodec::ReleaseFrame idx:746, drop:0
2021-04-13 21:18:33.238 T:4973 DEBUG : CAMLCodec::GetTimeSize: len:24 dl:375398 fs:385825 front:10811
2021-04-13 21:18:33.238 T:4973 DEBUG : CAMLCodec::GetTimeSize: len:23 dl:375398 fs:375014 front:8500
2021-04-13 21:18:33.238 T:4973 DEBUG : CAMLCodec::DequeueBuffer: pts:31.282 idx:750
2021-04-13 21:18:33.238 T:4973 DEBUG : CAMLCodec::GetPicture: index: 750, pts: 31.282, dur:42ms ar:0.00
2021-04-13 21:18:33.238 T:4973 DEBUG : CVideoPlayerVideo::OutputPicture - ttd:316ms pts:31.282 Clock:30.966 Level:3
2021-04-13 21:18:33.239 T:4973 DEBUG : CAMLCodec::GetTimeSize: len:23 dl:375398 fs:375014 front:8500
2021-04-13 21:18:33.240 T:4974 DEBUG : CVideoPlayerAudio::OutputPacket: pts:31.718 curr_pts:30.968 clock:30.968 level:99
2021-04-13 21:18:33.240 T:4974 DEBUG : CVideoPlayerAudio::OutputPacket: pts:31.742 curr_pts:30.968 clock:30.968 level:99
2021-04-13 21:18:33.243 T:4972 DEBUG : CVideoPlayer::ProcessVideoData size:2861 dts:39.665 pts:39.665 dur:41.000ms, clock:30.971 level:92
2021-04-13 21:18:33.243 T:4972 DEBUG : CVideoPlayer::ProcessAudioData size:429 dts:39.683 pts:39.683 dur:23.000ms, clock:30.971 drop:0 level:99
2021-04-13 21:18:33.243 T:4972 DEBUG : CVideoPlayer::ProcessAudioData size:417 dts:39.706 pts:39.706 dur:23.000ms, clock:30.971 drop:0 level:99
2021-04-13 21:18:33.244 T:4973 DEBUG : CAMLCodec::AddData: dl:383998 sum:383598 sz:8584 dts:32.283 pts:32.283 overflow:0
2021-04-13 21:18:33.244 T:4973 DEBUG : CAMLCodec::GetTimeSize: len:24 dl:383998 fs:383598 front:8500
2021-04-13 21:18:33.271 T:4763 INFO : Skipped 4 duplicate messages..
2021-04-13 21:18:33.271 T:4763 DEBUG : CAMLCodec::PollFrame elapsed:35.864ms
2021-04-13 21:18:33.273 T:4763 DEBUG : PrepareNextRender: frameOnScreen: 31.001 renderPts: 31.168 nextFramePts: 31.156 -> diff: 0.012 render: 1 forceNext: 0
2021-04-13 21:18:33.275 T:4763 DEBUG : CAMLCodec::ReleaseFrame idx:747, drop:0
2021-04-13 21:18:33.276 T:4973 DEBUG : CAMLCodec::GetTimeSize: len:24 dl:383998 fs:383598 front:8500
2021-04-13 21:18:33.282 T:4973 DEBUG : CAMLCodec::GetTimeSize: len:24 dl:375482 fs:383598 front:8500
2021-04-13 21:18:33.282 T:4973 DEBUG : CAMLCodec::GetTimeSize: len:23 dl:375482 fs:375098 front:7931
2021-04-13 21:18:33.282 T:4973 DEBUG : CAMLCodec::DequeueBuffer: pts:31.323 idx:751
2021-04-13 21:18:33.282 T:4973 DEBUG : CAMLCodec::GetPicture: index: 751, pts: 31.323, dur:41ms ar:0.00
2021-04-13 21:18:33.282 T:4973 DEBUG : CVideoPlayerVideo::OutputPicture - ttd:312ms pts:31.323 Clock:31.010 Level:3
2021-04-13 21:18:33.283 T:4973 DEBUG : CAMLCodec::GetTimeSize: len:23 dl:375482 fs:375098 front:7931
2021-04-13 21:18:33.289 T:4973 DEBUG : CAMLCodec::AddData: dl:383077 sum:382677 sz:7579 dts:32.324 pts:32.324 overflow:0
2021-04-13 21:18:33.289 T:4973 DEBUG : CAMLCodec::GetTimeSize: len:24 dl:383077 fs:382677 front:7931
2021-04-13 21:18:33.290 T:4974 DEBUG : CVideoPlayerAudio::OutputPacket: pts:31.765 curr_pts:31.018 clock:31.018 level:99
2021-04-13 21:18:33.290 T:4974 DEBUG : CVideoPlayerAudio::OutputPacket: pts:31.788 curr_pts:31.019 clock:31.018 level:99
2021-04-13 21:18:33.294 T:4972 DEBUG : CVideoPlayer::ProcessVideoData size:2037 dts:39.707 pts:39.707 dur:41.000ms, clock:31.022 level:92
2021-04-13 21:18:33.294 T:4972 DEBUG : CVideoPlayer::ProcessAudioData size:418 dts:39.729 pts:39.729 dur:23.000ms, clock:31.022 drop:0 level:99
2021-04-13 21:18:33.294 T:4972 DEBUG : CVideoPlayer::ProcessVideoData size:139 dts:39.749 pts:39.749 dur:41.000ms, clock:31.022 level:92
2021-04-13 21:18:33.294 T:4972 DEBUG : CVideoPlayer::ProcessAudioData size:380 dts:39.753 pts:39.753 dur:23.000ms, clock:31.022 drop:0 level:99
2021-04-13 21:18:33.295 T:4973 DEBUG : CAMLCodec::GetTimeSize: len:24 dl:383077 fs:382677 front:7931
2021-04-13 21:18:33.312 T:4763 INFO : Skipped 2 duplicate messages..
2021-04-13 21:18:33.312 T:4763 DEBUG : CAMLCodec::PollFrame elapsed:36.552ms
2021-04-13 21:18:33.314 T:4973 DEBUG : CAMLCodec::GetTimeSize: len:24 dl:383077 fs:382677 front:7931
2021-04-13 21:18:33.316 T:4763 DEBUG : PrepareNextRender: frameOnScreen: 31.044 renderPts: 31.211 nextFramePts: 31.198 -> diff: 0.013 render: 1 forceNext: 0
2021-04-13 21:18:33.318 T:4763 DEBUG : CAMLCodec::ReleaseFrame idx:748, drop:0
2021-04-13 21:18:33.321 T:4973 DEBUG : CAMLCodec::GetTimeSize: len:24 dl:375130 fs:382677 front:7931
2021-04-13 21:18:33.321 T:4973 DEBUG : CAMLCodec::GetTimeSize: len:23 dl:375130 fs:374746 front:771
2021-04-13 21:18:33.321 T:4973 DEBUG : CAMLCodec::DequeueBuffer: pts:31.365 idx:752
2021-04-13 21:18:33.321 T:4973 DEBUG : CAMLCodec::GetPicture: index: 752, pts: 31.365, dur:42ms ar:0.00
2021-04-13 21:18:33.321 T:4973 DEBUG : CVideoPlayerVideo::OutputPicture - ttd:316ms pts:31.365 Clock:31.049 Level:3
2021-04-13 21:18:33.322 T:4973 DEBUG : CAMLCodec::GetTimeSize: len:23 dl:375130 fs:374746 front:771
2021-04-13 21:18:33.327 T:4973 DEBUG : CAMLCodec::AddData: dl:375774 sum:375374 sz:628 dts:32.366 pts:32.366 overflow:0
2021-04-13 21:18:33.327 T:4973 DEBUG : CAMLCodec::GetTimeSize: len:24 dl:375774 fs:375374 front:771
2021-04-13 21:18:33.340 T:4974 INFO : Skipped 2 duplicate messages..
2021-04-13 21:18:33.340 T:4974 DEBUG : CVideoPlayerAudio::OutputPacket: pts:31.811 curr_pts:31.068 clock:31.068 level:99
2021-04-13 21:18:33.340 T:4974 DEBUG : CVideoPlayerAudio::OutputPacket: pts:31.835 curr_pts:31.068 clock:31.068 level:99
2021-04-13 21:18:33.345 T:4972 DEBUG : CVideoPlayer::ProcessAudioData size:386 dts:39.776 pts:39.776 dur:23.000ms, clock:31.072 drop:0 level:99
2021-04-13 21:18:33.345 T:4972 DEBUG : CVideoPlayer::ProcessVideoData size:96947 dts:39.790 pts:39.790 dur:41.000ms, clock:31.073 level:92
2021-04-13 21:18:33.346 T:4972 DEBUG : CVideoPlayer::ProcessAudioData size:329 dts:39.799 pts:39.799 dur:23.000ms, clock:31.073 drop:0 level:99
2021-04-13 21:18:33.347 T:4973 DEBUG : CAMLCodec::GetTimeSize: len:24 dl:375774 fs:375374 front:771
2021-04-13 21:18:33.354 T:4763 INFO : Skipped 1 duplicate messages..
2021-04-13 21:18:33.354 T:4763 DEBUG : CAMLCodec::PollFrame elapsed:36.003ms
2021-04-13 21:18:33.357 T:4763 DEBUG : PrepareNextRender: frameOnScreen: 31.085 renderPts: 31.252 nextFramePts: 31.240 -> diff: 0.012 render: 1 forceNext: 0
2021-04-13 21:18:33.360 T:4973 DEBUG : CAMLCodec::GetTimeSize: len:24 dl:374987 fs:375374 front:771
2021-04-13 21:18:33.360 T:4973 DEBUG : CAMLCodec::GetTimeSize: len:23 dl:374987 fs:374603 front:108787
2021-04-13 21:18:33.360 T:4973 DEBUG : CAMLCodec::DequeueBuffer: pts:31.407 idx:753
2021-04-13 21:18:33.360 T:4973 DEBUG : CAMLCodec::GetPicture: index: 753, pts: 31.407, dur:42ms ar:0.00
2021-04-13 21:18:33.360 T:4763 DEBUG : CAMLCodec::ReleaseFrame idx:749, drop:0
2021-04-13 21:18:33.360 T:4973 DEBUG : CVideoPlayerVideo::OutputPicture - ttd:319ms pts:31.407 Clock:31.088 Level:3
2021-04-13 21:18:33.361 T:4973 DEBUG : CAMLCodec::GetTimeSize: len:23 dl:374987 fs:374603 front:108787
2021-04-13 21:18:33.366 T:4973 DEBUG : CAMLCodec::AddData: dl:274175 sum:382586 sz:7983 dts:32.408 pts:32.408 overflow:0
2021-04-13 21:18:33.366 T:4973 DEBUG : CAMLCodec::GetTimeSize: len:24 dl:274175 fs:382586 front:108787
2021-04-13 21:18:33.367 T:4973 DEBUG : CAMLCodec::GetTimeSize: len:23 dl:274175 fs:273799 front:9833
2021-04-13 21:18:33.367 T:4973 DEBUG : CAMLCodec::DequeueBuffer: pts:31.448 idx:754
2021-04-13 21:18:33.367 T:4973 DEBUG : CAMLCodec::GetPicture: index: 754, pts: 31.448, dur:41ms ar:0.00
2021-04-13 21:18:33.367 T:4973 DEBUG : CVideoPlayerVideo::OutputPicture - ttd:353ms pts:31.448 Clock:31.095 Level:4
2021-04-13 21:18:33.368 T:4973 DEBUG : CAMLCodec::GetTimeSize: len:23 dl:274175 fs:273799 front:9833
2021-04-13 21:18:33.373 T:4973 DEBUG : CAMLCodec::AddData: dl:284555 sum:284163 sz:10364 dts:32.449 pts:32.449 overflow:0
2021-04-13 21:18:33.373 T:4973 DEBUG : CAMLCodec::GetTimeSize: len:24 dl:284555 fs:284163 front:9833
2021-04-13 21:18:33.390 T:4974 INFO : Skipped 2 duplicate messages..
2021-04-13 21:18:33.390 T:4974 DEBUG : CVideoPlayerAudio::OutputPacket: pts:31.858 curr_pts:31.119 clock:31.118 level:99
2021-04-13 21:18:33.390 T:4974 DEBUG : CVideoPlayerAudio::OutputPacket: pts:31.881 curr_pts:31.119 clock:31.118 level:99
2021-04-13 21:18:33.392 T:4973 DEBUG : CAMLCodec::GetTimeSize: len:24 dl:284555 fs:284163 front:9833
2021-04-13 21:18:33.396 T:4763 DEBUG : CAMLCodec::PollFrame elapsed:35.598ms
2021-04-13 21:18:33.396 T:4972 DEBUG : CVideoPlayer::ProcessAudioData size:376 dts:39.822 pts:39.822 dur:23.000ms, clock:31.124 drop:0 level:99
2021-04-13 21:18:33.396 T:4972 DEBUG : CVideoPlayer::ProcessVideoData size:3723 dts:39.832 pts:39.832 dur:41.000ms, clock:31.124 level:92
2021-04-13 21:18:33.397 T:4972 DEBUG : CVideoPlayer::ProcessAudioData size:367 dts:39.845 pts:39.845 dur:23.000ms, clock:31.124 drop:0 level:99
2021-04-13 21:18:33.398 T:4763 DEBUG : PrepareNextRender: frameOnScreen: 31.126 renderPts: 31.293 nextFramePts: 31.282 -> diff: 0.011 render: 1 forceNext: 0
2021-04-13 21:18:33.398 T:4973 DEBUG : CAMLCodec::GetTimeSize: len:24 dl:284555 fs:284163 front:9833
2021-04-13 21:18:33.400 T:4763 DEBUG : CAMLCodec::ReleaseFrame idx:750, drop:0
2021-04-13 21:18:33.405 T:4973 DEBUG : CAMLCodec::GetTimeSize: len:24 dl:284555 fs:284163 front:9833
2021-04-13 21:18:33.438 T:4763 INFO : Skipped 5 duplicate messages..
2021-04-13 21:18:33.437 T:4763 DEBUG : CAMLCodec::PollFrame elapsed:37.117ms
2021-04-13 21:18:33.440 T:4974 DEBUG : CVideoPlayerAudio::OutputPacket: pts:31.904 curr_pts:31.168 clock:31.168 level:99
2021-04-13 21:18:33.441 T:4763 DEBUG : PrepareNextRender: frameOnScreen: 31.168 renderPts: 31.335 nextFramePts: 31.323 -> diff: 0.012 render: 1 forceNext: 0
2021-04-13 21:18:33.441 T:4974 DEBUG : CVideoPlayerAudio::OutputPacket: pts:31.927 curr_pts:31.169 clock:31.169 level:99
2021-04-13 21:18:33.442 T:4973 DEBUG : CAMLCodec::GetTimeSize: len:24 dl:284555 fs:284163 front:9833
2021-04-13 21:18:33.444 T:4763 DEBUG : CAMLCodec::ReleaseFrame idx:751, drop:0
2021-04-13 21:18:33.447 T:4972 DEBUG : CVideoPlayer::ProcessAudioData size:358 dts:39.869 pts:39.869 dur:23.000ms, clock:31.175 drop:0 level:99
2021-04-13 21:18:33.447 T:4972 DEBUG : CVideoPlayer::ProcessVideoData size:3799 dts:39.874 pts:39.874 dur:41.000ms, clock:31.175 level:92
2021-04-13 21:18:33.447 T:4972 DEBUG : CVideoPlayer::ProcessAudioData size:339 dts:39.892 pts:39.892 dur:23.000ms, clock:31.175 drop:0 level:99
2021-04-13 21:18:33.449 T:4973 DEBUG : CAMLCodec::GetTimeSize: len:24 dl:274706 fs:284163 front:9833
2021-04-13 21:18:33.449 T:4973 DEBUG : CAMLCodec::GetTimeSize: len:23 dl:274706 fs:274330 front:8041
2021-04-13 21:18:33.449 T:4973 DEBUG : CAMLCodec::DequeueBuffer: pts:31.490 idx:755
2021-04-13 21:18:33.449 T:4973 DEBUG : CAMLCodec::GetPicture: index: 755, pts: 31.490, dur:42ms ar:0.00
2021-04-13 21:18:33.449 T:4973 DEBUG : CVideoPlayerVideo::OutputPicture - ttd:313ms pts:31.490 Clock:31.177 Level:3
2021-04-13 21:18:33.450 T:4973 DEBUG : CAMLCodec::GetTimeSize: len:23 dl:274706 fs:274330 front:8041
2021-04-13 21:18:33.455 T:4973 DEBUG : CAMLCodec::AddData: dl:287589 sum:287197 sz:12867 dts:32.491 pts:32.491 overflow:0
2021-04-13 21:18:33.455 T:4973 DEBUG : CAMLCodec::GetTimeSize: len:24 dl:287589 fs:287197 front:8041
2021-04-13 21:18:33.479 T:4763 INFO : Skipped 3 duplicate messages..
2021-04-13 21:18:33.479 T:4763 DEBUG : CAMLCodec::PollFrame elapsed:35.549ms
2021-04-13 21:18:33.481 T:4973 DEBUG : CAMLCodec::GetTimeSize: len:24 dl:287589 fs:287197 front:8041
2021-04-13 21:18:33.482 T:4763 DEBUG : PrepareNextRender: frameOnScreen: 31.210 renderPts: 31.377 nextFramePts: 31.365 -> diff: 0.012 render: 1 forceNext: 0
2021-04-13 21:18:33.484 T:4763 DEBUG : CAMLCodec::ReleaseFrame idx:752, drop:0
2021-04-13 21:18:33.487 T:4973 DEBUG : CAMLCodec::GetTimeSize: len:24 dl:279532 fs:287197 front:8041
2021-04-13 21:18:33.487 T:4973 DEBUG : CAMLCodec::GetTimeSize: len:23 dl:279532 fs:279156 front:12353
2021-04-13 21:18:33.487 T:4973 DEBUG : CAMLCodec::DequeueBuffer: pts:31.532 idx:756
2021-04-13 21:18:33.487 T:4973 DEBUG : CAMLCodec::GetPicture: index: 756, pts: 31.532, dur:42ms ar:0.00
2021-04-13 21:18:33.487 T:4973 DEBUG : CVideoPlayerVideo::OutputPicture - ttd:316ms pts:31.532 Clock:31.215 Level:3
2021-04-13 21:18:33.489 T:4973 DEBUG : CAMLCodec::GetTimeSize: len:23 dl:279532 fs:279156 front:12353
2021-04-13 21:18:33.490 T:4974 DEBUG : CVideoPlayerAudio::OutputPacket: pts:31.951 curr_pts:31.218 clock:31.218 level:99
2021-04-13 21:18:33.490 T:4974 DEBUG : CVideoPlayerAudio::OutputPacket: pts:31.974 curr_pts:31.219 clock:31.218 level:99
2021-04-13 21:18:33.491 T:4974 DEBUG : CVideoPlayerAudio::OutputPacket: pts:31.997 curr_pts:31.219 clock:31.219 level:99
