2021-04-13 21:18:05.291 T:4973 DEBUG : CVideoPlayerVideo::OutputPicture - ttd:317ms pts:3.337 Clock:3.019 Level:3
2021-04-13 21:18:05.292 T:4973 DEBUG : CAMLCodec::GetTimeSize: len:23 dl:475648 fs:475270 front:1380
2021-04-13 21:18:05.296 T:4972 DEBUG : CVideoPlayer::ProcessVideoData size:4655 dts:11.721 pts:11.721 dur:41.000ms, clock:3.024 level:92
2021-04-13 21:18:05.296 T:4972 DEBUG : CVideoPlayer::ProcessAudioData size:401 dts:11.726 pts:11.726 dur:23.000ms, clock:3.024 drop:0 level:99
2021-04-13 21:18:05.296 T:4972 DEBUG : CVideoPlayer::ProcessAudioData size:407 dts:11.749 pts:11.749 dur:23.000ms, clock:3.024 drop:0 level:99
2021-04-13 21:18:05.298 T:4973 DEBUG : CAMLCodec::AddData: dl:490074 sum:489680 sz:14410 dts:4.338 pts:4.338 overflow:0
2021-04-13 21:18:05.298 T:4973 DEBUG : CAMLCodec::GetTimeSize: len:24 dl:490074 fs:489680 front:1380
2021-04-13 21:18:05.326 T:4763 INFO : Skipped 4 duplicate messages..
2021-04-13 21:18:05.326 T:4763 DEBUG : CAMLCodec::PollFrame elapsed:37.697ms
2021-04-13 21:18:05.329 T:4763 DEBUG : PrepareNextRender: frameOnScreen: 3.057 renderPts: 3.224 nextFramePts: 3.212 -> diff: 0.012 render: 1 forceNext: 0
2021-04-13 21:18:05.329 T:4973 DEBUG : CAMLCodec::GetTimeSize: len:24 dl:490074 fs:489680 front:1380
2021-04-13 21:18:05.331 T:4763 DEBUG : CAMLCodec::ReleaseFrame idx:77, drop:0
2021-04-13 21:18:05.336 T:4973 DEBUG : CAMLCodec::GetTimeSize: len:24 dl:468938 fs:489680 front:1380
2021-04-13 21:18:05.336 T:4973 DEBUG : CAMLCodec::GetTimeSize: len:23 dl:468938 fs:488300 front:19724
2021-04-13 21:18:05.336 T:4973 DEBUG : CAMLCodec::GetTimeSize: len:22 dl:468938 fs:468576 front:18421
2021-04-13 21:18:05.336 T:4973 DEBUG : CAMLCodec::DequeueBuffer: pts:3.378 idx:81
2021-04-13 21:18:05.336 T:4973 DEBUG : CAMLCodec::GetPicture: index: 81, pts: 3.378, dur:41ms ar:0.00
2021-04-13 21:18:05.336 T:4973 DEBUG : CVideoPlayerVideo::OutputPicture - ttd:313ms pts:3.378 Clock:3.064 Level:3
2021-04-13 21:18:05.337 T:4973 DEBUG : CAMLCodec::GetTimeSize: len:22 dl:468938 fs:468576 front:18421
2021-04-13 21:18:05.337 T:4973 DEBUG : CAMLCodec::DequeueBuffer: pts:3.420 idx:82
2021-04-13 21:18:05.337 T:4973 DEBUG : CAMLCodec::GetPicture: index: 82, pts: 3.420, dur:42ms ar:0.00
2021-04-13 21:18:05.337 T:4973 DEBUG : CVideoPlayerVideo::OutputPicture - ttd:354ms pts:3.420 Clock:3.065 Level:4
2021-04-13 21:18:05.338 T:4973 DEBUG : CAMLCodec::GetTimeSize: len:22 dl:468938 fs:468576 front:18421
2021-04-13 21:18:05.339 T:4974 DEBUG : CVideoPlayerAudio::OutputPacket: pts:3.808 curr_pts:3.068 clock:3.067 level:99
2021-04-13 21:18:05.340 T:4974 DEBUG : CVideoPlayerAudio::OutputPacket: pts:3.831 curr_pts:3.068 clock:3.068 level:99
2021-04-13 21:18:05.344 T:4973 DEBUG : CAMLCodec::AddData: dl:481447 sum:481069 sz:12493 dts:4.379 pts:4.379 overflow:0
2021-04-13 21:18:05.344 T:4973 DEBUG : CAMLCodec::GetTimeSize: len:23 dl:481447 fs:481069 front:18421
2021-04-13 21:18:05.347 T:4972 DEBUG : CVideoPlayer::ProcessVideoData size:4944 dts:11.762 pts:11.762 dur:41.000ms, clock:3.075 level:92
2021-04-13 21:18:05.347 T:4972 DEBUG : CVideoPlayer::ProcessAudioData size:402 dts:11.773 pts:11.773 dur:23.000ms, clock:3.075 drop:0 level:99
2021-04-13 21:18:05.347 T:4972 DEBUG : CVideoPlayer::ProcessAudioData size:392 dts:11.796 pts:11.796 dur:23.000ms, clock:3.075 drop:0 level:99
2021-04-13 21:18:05.349 T:4973 DEBUG : CAMLCodec::AddData: dl:497282 sum:496888 sz:15819 dts:4.421 pts:4.421 overflow:0
2021-04-13 21:18:05.349 T:4973 DEBUG : CAMLCodec::GetTimeSize: len:24 dl:497282 fs:496888 front:18421
2021-04-13 21:18:05.368 T:4763 INFO : Skipped 2 duplicate messages..
2021-04-13 21:18:05.368 T:4763 DEBUG : CAMLCodec::PollFrame elapsed:36.903ms
2021-04-13 21:18:05.368 T:4973 DEBUG : CAMLCodec::GetTimeSize: len:24 dl:497282 fs:496888 front:18421
2021-04-13 21:18:05.370 T:4763 DEBUG : PrepareNextRender: frameOnScreen: 3.098 renderPts: 3.265 nextFramePts: 3.253 -> diff: 0.012 render: 1 forceNext: 0
2021-04-13 21:18:05.372 T:4763 DEBUG : CAMLCodec::ReleaseFrame idx:78, drop:0
2021-04-13 21:18:05.374 T:4973 DEBUG : CAMLCodec::GetTimeSize: len:24 dl:478845 fs:496888 front:18421
2021-04-13 21:18:05.374 T:4973 DEBUG : CAMLCodec::GetTimeSize: len:23 dl:478845 fs:478467 front:17939
2021-04-13 21:18:05.374 T:4973 DEBUG : CAMLCodec::DequeueBuffer: pts:3.462 idx:83
2021-04-13 21:18:05.374 T:4973 DEBUG : CAMLCodec::GetPicture: index: 83, pts: 3.462, dur:42ms ar:0.00
2021-04-13 21:18:05.375 T:4973 DEBUG : CVideoPlayerVideo::OutputPicture - ttd:359ms pts:3.462 Clock:3.102 Level:4
2021-04-13 21:18:05.376 T:4973 DEBUG : CAMLCodec::GetTimeSize: len:23 dl:478845 fs:478467 front:17939
2021-04-13 21:18:05.381 T:4973 DEBUG : CAMLCodec::AddData: dl:490665 sum:490271 sz:11804 dts:4.463 pts:4.463 overflow:0
2021-04-13 21:18:05.381 T:4973 DEBUG : CAMLCodec::GetTimeSize: len:24 dl:490665 fs:490271 front:17939
2021-04-13 21:18:05.390 T:4974 INFO : Skipped 1 duplicate messages..
2021-04-13 21:18:05.390 T:4974 DEBUG : CVideoPlayerAudio::OutputPacket: pts:3.855 curr_pts:3.118 clock:3.117 level:99
2021-04-13 21:18:05.390 T:4974 DEBUG : CVideoPlayerAudio::OutputPacket: pts:3.878 curr_pts:3.119 clock:3.118 level:99
2021-04-13 21:18:05.394 T:4973 DEBUG : CAMLCodec::GetTimeSize: len:24 dl:490665 fs:490271 front:17939
2021-04-13 21:18:05.398 T:4972 DEBUG : CVideoPlayer::ProcessVideoData size:4821 dts:11.804 pts:11.804 dur:41.000ms, clock:3.126 level:91
2021-04-13 21:18:05.398 T:4972 DEBUG : CVideoPlayer::ProcessAudioData size:387 dts:11.819 pts:11.819 dur:23.000ms, clock:3.126 drop:0 level:99
2021-04-13 21:18:05.398 T:4972 DEBUG : CVideoPlayer::ProcessAudioData size:389 dts:11.842 pts:11.842 dur:23.000ms, clock:3.126 drop:0 level:99
2021-04-13 21:18:05.400 T:4973 DEBUG : CAMLCodec::GetTimeSize: len:24 dl:490665 fs:490271 front:17939
2021-04-13 21:18:05.410 T:4763 INFO : Skipped 1 duplicate messages..
2021-04-13 21:18:05.410 T:4763 DEBUG : CAMLCodec::PollFrame elapsed:37.463ms
2021-04-13 21:18:05.412 T:4763 DEBUG : PrepareNextRender: frameOnScreen: 3.140 renderPts: 3.306 nextFramePts: 3.295 -> diff: 0.011 render: 1 forceNext: 0
2021-04-13 21:18:05.413 T:4973 DEBUG : CAMLCodec::GetTimeSize: len:24 dl:490665 fs:490271 front:17939
2021-04-13 21:18:05.413 T:4763 DEBUG : CAMLCodec::ReleaseFrame idx:79, drop:0
2021-04-13 21:18:05.419 T:4973 DEBUG : CAMLCodec::GetTimeSize: len:24 dl:472710 fs:490271 front:17939
2021-04-13 21:18:05.419 T:4973 DEBUG : CAMLCodec::GetTimeSize: len:23 dl:472710 fs:472332 front:32134
2021-04-13 21:18:05.419 T:4973 DEBUG : CAMLCodec::DequeueBuffer: pts:3.504 idx:84
2021-04-13 21:18:05.419 T:4973 DEBUG : CAMLCodec::GetPicture: index: 84, pts: 3.504, dur:42ms ar:0.00
2021-04-13 21:18:05.420 T:4973 DEBUG : CVideoPlayerVideo::OutputPicture - ttd:356ms pts:3.504 Clock:3.147 Level:4
2021-04-13 21:18:05.421 T:4973 DEBUG : CAMLCodec::GetTimeSize: len:23 dl:472710 fs:472332 front:32134
2021-04-13 21:18:05.426 T:4973 DEBUG : CAMLCodec::AddData: dl:473472 sum:473078 sz:746 dts:4.505 pts:4.505 overflow:0
2021-04-13 21:18:05.426 T:4973 DEBUG : CAMLCodec::GetTimeSize: len:24 dl:473472 fs:473078 front:32134
2021-04-13 21:18:05.440 T:4974 INFO : Skipped 2 duplicate messages..
2021-04-13 21:18:05.440 T:4974 DEBUG : CVideoPlayerAudio::OutputPacket: pts:3.901 curr_pts:3.168 clock:3.168 level:99
2021-04-13 21:18:05.440 T:4974 DEBUG : CVideoPlayerAudio::OutputPacket: pts:3.924 curr_pts:3.168 clock:3.168 level:99
2021-04-13 21:18:05.440 T:4974 DEBUG : CVideoPlayerAudio::OutputPacket: pts:3.947 curr_pts:3.168 clock:3.168 level:99
2021-04-13 21:18:05.445 T:4973 DEBUG : CAMLCodec::GetTimeSize: len:24 dl:473472 fs:473078 front:32134
2021-04-13 21:18:05.449 T:4972 DEBUG : CVideoPlayer::ProcessVideoData size:4399 dts:11.846 pts:11.846 dur:41.000ms, clock:3.177 level:91
2021-04-13 21:18:05.449 T:4972 DEBUG : CVideoPlayer::ProcessAudioData size:355 dts:11.865 pts:11.865 dur:23.000ms, clock:3.177 drop:0 level:99
2021-04-13 21:18:05.449 T:4972 DEBUG : CVideoPlayer::ProcessVideoData size:3606 dts:11.887 pts:11.887 dur:41.000ms, clock:3.177 level:92
2021-04-13 21:18:05.449 T:4972 DEBUG : CVideoPlayer::ProcessAudioData size:383 dts:11.889 pts:11.889 dur:23.000ms, clock:3.177 drop:0 level:99
2021-04-13 21:18:05.449 T:4972 DEBUG : CVideoPlayer::ProcessAudioData size:388 dts:11.912 pts:11.912 dur:23.000ms, clock:3.177 drop:0 level:99
2021-04-13 21:18:05.451 T:4973 DEBUG : CAMLCodec::GetTimeSize: len:24 dl:473472 fs:473078 front:32134
2021-04-13 21:18:05.451 T:4763 DEBUG : CAMLCodec::PollFrame elapsed:37.841ms
2021-04-13 21:18:05.453 T:4763 DEBUG : PrepareNextRender: frameOnScreen: 3.181 renderPts: 3.348 nextFramePts: 3.337 -> diff: 0.011 render: 1 forceNext: 0
2021-04-13 21:18:05.455 T:4763 DEBUG : CAMLCodec::ReleaseFrame idx:80, drop:0
2021-04-13 21:18:05.457 T:4973 DEBUG : CAMLCodec::GetTimeSize: len:24 dl:441322 fs:473078 front:32134
2021-04-13 21:18:05.457 T:4973 DEBUG : CAMLCodec::GetTimeSize: len:23 dl:441322 fs:440944 front:27299
2021-04-13 21:18:05.457 T:4973 DEBUG : CAMLCodec::DequeueBuffer: pts:3.545 idx:85
2021-04-13 21:18:05.458 T:4973 DEBUG : CAMLCodec::GetPicture: index: 85, pts: 3.545, dur:41ms ar:0.00
2021-04-13 21:18:05.458 T:4973 DEBUG : CVideoPlayerVideo::OutputPicture - ttd:359ms pts:3.545 Clock:3.185 Level:4
2021-04-13 21:18:05.459 T:4973 DEBUG : CAMLCodec::GetTimeSize: len:23 dl:441322 fs:440944 front:27299
2021-04-13 21:18:05.466 T:4973 DEBUG : CAMLCodec::AddData: dl:545807 sum:545413 sz:104469 dts:4.546 pts:4.546 overflow:0
2021-04-13 21:18:05.466 T:4973 DEBUG : CAMLCodec::GetTimeSize: len:24 dl:545807 fs:545413 front:27299
2021-04-13 21:18:05.490 T:4974 INFO : Skipped 3 duplicate messages..
2021-04-13 21:18:05.490 T:4974 DEBUG : CVideoPlayerAudio::OutputPacket: pts:3.971 curr_pts:3.218 clock:3.218 level:99
2021-04-13 21:18:05.490 T:4974 DEBUG : CVideoPlayerAudio::OutputPacket: pts:3.994 curr_pts:3.219 clock:3.218 level:99
2021-04-13 21:18:05.491 T:4973 DEBUG : CAMLCodec::GetTimeSize: len:24 dl:545807 fs:545413 front:27299
2021-04-13 21:18:05.493 T:4763 DEBUG : CAMLCodec::PollFrame elapsed:37.897ms
2021-04-13 21:18:05.495 T:4763 DEBUG : PrepareNextRender: frameOnScreen: 3.223 renderPts: 3.390 nextFramePts: 3.378 -> diff: 0.012 render: 1 forceNext: 0
2021-04-13 21:18:05.495 T:4763 DEBUG : CAMLCodec::ReleaseFrame idx:81, drop:0
2021-04-13 21:18:05.498 T:4973 DEBUG : CAMLCodec::GetTimeSize: len:24 dl:545807 fs:545413 front:27299
2021-04-13 21:18:05.500 T:4972 DEBUG : CVideoPlayer::ProcessVideoData size:3302 dts:11.929 pts:11.929 dur:41.000ms, clock:3.228 level:92
2021-04-13 21:18:05.500 T:4972 DEBUG : CVideoPlayer::ProcessAudioData size:368 dts:11.935 pts:11.935 dur:23.000ms, clock:3.228 drop:0 level:99
2021-04-13 21:18:05.500 T:4972 DEBUG : CVideoPlayer::ProcessAudioData size:335 dts:11.958 pts:11.958 dur:23.000ms, clock:3.228 drop:0 level:99
2021-04-13 21:18:05.504 T:4973 DEBUG : CAMLCodec::GetTimeSize: len:24 dl:518492 fs:545413 front:27299
2021-04-13 21:18:05.504 T:4973 DEBUG : CAMLCodec::GetTimeSize: len:23 dl:518492 fs:518114 front:27075
2021-04-13 21:18:05.504 T:4973 DEBUG : CAMLCodec::DequeueBuffer: pts:3.587 idx:86
2021-04-13 21:18:05.504 T:4973 DEBUG : CAMLCodec::GetPicture: index: 86, pts: 3.587, dur:42ms ar:0.00
2021-04-13 21:18:05.504 T:4973 DEBUG : CVideoPlayerVideo::OutputPicture - ttd:354ms pts:3.587 Clock:3.232 Level:4
2021-04-13 21:18:05.506 T:4973 DEBUG : CAMLCodec::GetTimeSize: len:23 dl:518492 fs:518114 front:27075
2021-04-13 21:18:05.513 T:4973 DEBUG : CAMLCodec::AddData: dl:572639 sum:572245 sz:54131 dts:4.588 pts:4.588 overflow:0
2021-04-13 21:18:05.513 T:4973 DEBUG : CAMLCodec::GetTimeSize: len:24 dl:572639 fs:572245 front:27075
2021-04-13 21:18:05.535 T:4763 INFO : Skipped 3 duplicate messages..
2021-04-13 21:18:05.535 T:4763 DEBUG : CAMLCodec::PollFrame elapsed:39.051ms
2021-04-13 21:18:05.536 T:4763 DEBUG : PrepareNextRender: frameOnScreen: 3.264 renderPts: 3.431 nextFramePts: 3.420 -> diff: 0.011 render: 1 forceNext: 0
2021-04-13 21:18:05.537 T:4763 DEBUG : CAMLCodec::ReleaseFrame idx:82, drop:0
2021-04-13 21:18:05.538 T:4973 DEBUG : CAMLCodec::GetTimeSize: len:24 dl:572639 fs:572245 front:27075
2021-04-13 21:18:05.540 T:4974 DEBUG : CVideoPlayerAudio::OutputPacket: pts:4.017 curr_pts:3.268 clock:3.268 level:99
2021-04-13 21:18:05.540 T:4974 DEBUG : CVideoPlayerAudio::OutputPacket: pts:4.040 curr_pts:3.268 clock:3.268 level:99
2021-04-13 21:18:05.540 T:4972 DEBUG : CVideoPlayer::ProcessVideoData size:2754 dts:11.971 pts:11.971 dur:41.000ms, clock:3.268 level:92
2021-04-13 21:18:05.541 T:4972 DEBUG : CVideoPlayer::ProcessAudioData size:363 dts:11.981 pts:11.981 dur:23.000ms, clock:3.268 drop:0 level:99
2021-04-13 21:18:05.541 T:4972 DEBUG : CVideoPlayer::ProcessAudioData size:350 dts:12.005 pts:12.005 dur:23.000ms, clock:3.268 drop:0 level:99
2021-04-13 21:18:05.545 T:4973 DEBUG : CAMLCodec::GetTimeSize: len:24 dl:545548 fs:572245 front:27075
2021-04-13 21:18:05.545 T:4973 DEBUG : CAMLCodec::GetTimeSize: len:23 dl:545548 fs:545170 front:37499
2021-04-13 21:18:05.545 T:4973 DEBUG : CAMLCodec::DequeueBuffer: pts:3.629 idx:87
2021-04-13 21:18:05.545 T:4973 DEBUG : CAMLCodec::GetPicture: index: 87, pts: 3.629, dur:42ms ar:0.00
2021-04-13 21:18:05.545 T:4973 DEBUG : CVideoPlayerVideo::OutputPicture - ttd:356ms pts:3.629 Clock:3.273 Level:4
2021-04-13 21:18:05.546 T:4973 DEBUG : CAMLCodec::GetTimeSize: len:23 dl:545548 fs:545170 front:37499
2021-04-13 21:18:05.551 T:4973 DEBUG : CAMLCodec::AddData: dl:563284 sum:562890 sz:17720 dts:4.630 pts:4.630 overflow:0
2021-04-13 21:18:05.551 T:4973 DEBUG : CAMLCodec::GetTimeSize: len:24 dl:563284 fs:562890 front:37499
2021-04-13 21:18:05.576 T:4763 INFO : Skipped 4 duplicate messages..
2021-04-13 21:18:05.576 T:4763 DEBUG : CAMLCodec::PollFrame elapsed:38.829ms
2021-04-13 21:18:05.579 T:4763 DEBUG : PrepareNextRender: frameOnScreen: 3.306 renderPts: 3.473 nextFramePts: 3.462 -> diff: 0.011 render: 1 forceNext: 0
2021-04-13 21:18:05.580 T:4763 DEBUG : CAMLCodec::ReleaseFrame idx:83, drop:0
2021-04-13 21:18:05.582 T:4973 DEBUG : CAMLCodec::GetTimeSize: len:24 dl:525769 fs:562890 front:37499
2021-04-13 21:18:05.583 T:4973 DEBUG : CAMLCodec::GetTimeSize: len:23 dl:525769 fs:525391 front:22351
2021-04-13 21:18:05.583 T:4973 DEBUG : CAMLCodec::DequeueBuffer: pts:3.670 idx:88
2021-04-13 21:18:05.583 T:4973 DEBUG : CAMLCodec::GetPicture: index: 88, pts: 3.670, dur:41ms ar:0.00
2021-04-13 21:18:05.583 T:4973 DEBUG : CVideoPlayerVideo::OutputPicture - ttd:359ms pts:3.670 Clock:3.311 Level:4
2021-04-13 21:18:05.584 T:4973 DEBUG : CAMLCodec::GetTimeSize: len:23 dl:525769 fs:525391 front:22351
2021-04-13 21:18:05.589 T:4973 DEBUG : CAMLCodec::AddData: dl:529278 sum:551251 sz:25860 dts:4.671 pts:4.671 overflow:0
2021-04-13 21:18:05.589 T:4973 DEBUG : CAMLCodec::GetTimeSize: len:24 dl:529278 fs:551251 front:22351
2021-04-13 21:18:05.589 T:4973 DEBUG : CAMLCodec::GetTimeSize: len:23 dl:529278 fs:528900 front:17729
2021-04-13 21:18:05.589 T:4973 DEBUG : CAMLCodec::DequeueBuffer: pts:3.712 idx:89
2021-04-13 21:18:05.589 T:4973 DEBUG : CAMLCodec::GetPicture: index: 89, pts: 3.712, dur:42ms ar:0.00
2021-04-13 21:18:05.589 T:4973 DEBUG : CVideoPlayerVideo::OutputPicture - ttd:394ms pts:3.712 Clock:3.317 Level:5
2021-04-13 21:18:05.590 T:4974 DEBUG : CVideoPlayerAudio::OutputPacket: pts:4.063 curr_pts:3.318 clock:3.318 level:99
2021-04-13 21:18:05.590 T:4974 DEBUG : CVideoPlayerAudio::OutputPacket: pts:4.087 curr_pts:3.318 clock:3.318 level:99
2021-04-13 21:18:05.590 T:4973 DEBUG : CAMLCodec::GetTimeSize: len:23 dl:529278 fs:528900 front:17729
2021-04-13 21:18:05.591 T:4972 DEBUG : CVideoPlayer::ProcessVideoData size:2022 dts:12.012 pts:12.012 dur:41.000ms, clock:3.319 level:91
2021-04-13 21:18:05.591 T:4972 DEBUG : CVideoPlayer::ProcessAudioData size:341 dts:12.028 pts:12.028 dur:23.000ms, clock:3.319 drop:0 level:99
2021-04-13 21:18:05.591 T:4972 DEBUG : CVideoPlayer::ProcessAudioData size:405 dts:12.051 pts:12.051 dur:23.000ms, clock:3.319 drop:0 level:99
2021-04-13 21:18:05.596 T:4973 DEBUG : CAMLCodec::AddData: dl:552243 sum:551849 sz:22949 dts:4.713 pts:4.713 overflow:0
2021-04-13 21:18:05.596 T:4973 DEBUG : CAMLCodec::GetTimeSize: len:24 dl:552243 fs:551849 front:17729
2021-04-13 21:18:05.618 T:4763 INFO : Skipped 3 duplicate messages..
2021-04-13 21:18:05.618 T:4763 DEBUG : CAMLCodec::PollFrame elapsed:38.085ms
2021-04-13 21:18:05.620 T:4763 DEBUG : PrepareNextRender: frameOnScreen: 3.348 renderPts: 3.515 nextFramePts: 3.504 -> diff: 0.011 render: 1 forceNext: 0
2021-04-13 21:18:05.621 T:4973 DEBUG : CAMLCodec::GetTimeSize: len:24 dl:552243 fs:551849 front:17729
2021-04-13 21:18:05.622 T:4763 DEBUG : CAMLCodec::ReleaseFrame idx:84, drop:0
2021-04-13 21:18:05.628 T:4973 DEBUG : CAMLCodec::GetTimeSize: len:24 dl:534498 fs:551849 front:17729
2021-04-13 21:18:05.628 T:4973 DEBUG : CAMLCodec::GetTimeSize: len:23 dl:534498 fs:534120 front:18242
2021-04-13 21:18:05.628 T:4973 DEBUG : CAMLCodec::DequeueBuffer: pts:3.754 idx:90
2021-04-13 21:18:05.628 T:4973 DEBUG : CAMLCodec::GetPicture: index: 90, pts: 3.754, dur:42ms ar:0.00
2021-04-13 21:18:05.628 T:4973 DEBUG : CVideoPlayerVideo::OutputPicture - ttd:398ms pts:3.754 Clock:3.356 Level:5
2021-04-13 21:18:05.629 T:4973 DEBUG : CAMLCodec::GetTimeSize: len:23 dl:534498 fs:534120 front:18242
2021-04-13 21:18:05.634 T:4973 DEBUG : CAMLCodec::AddData: dl:549586 sum:549192 sz:15072 dts:4.755 pts:4.755 overflow:0
2021-04-13 21:18:05.634 T:4973 DEBUG : CAMLCodec::GetTimeSize: len:24 dl:549586 fs:549192 front:18242
2021-04-13 21:18:05.640 T:4974 DEBUG : CVideoPlayerAudio::OutputPacket: pts:4.110 curr_pts:3.368 clock:3.368 level:99
2021-04-13 21:18:05.640 T:4974 DEBUG : CVideoPlayerAudio::OutputPacket: pts:4.133 curr_pts:3.369 clock:3.368 level:99
2021-04-13 21:18:05.641 T:4973 DEBUG : CAMLCodec::GetTimeSize: len:24 dl:549586 fs:549192 front:18242
2021-04-13 21:18:05.642 T:4972 DEBUG : CVideoPlayer::ProcessVideoData size:203 dts:12.054 pts:12.054 dur:41.000ms, clock:3.370 level:91
2021-04-13 21:18:05.642 T:4972 DEBUG : CVideoPlayer::ProcessAudioData size:403 dts:12.074 pts:12.074 dur:23.000ms, clock:3.370 drop:0 level:99
2021-04-13 21:18:05.642 T:4972 DEBUG : CVideoPlayer::ProcessVideoData size:1864 dts:12.096 pts:12.096 dur:41.000ms, clock:3.370 level:91
2021-04-13 21:18:05.642 T:4972 DEBUG : CVideoPlayer::ProcessAudioData size:343 dts:12.098 pts:12.098 dur:23.000ms, clock:3.370 drop:0 level:99
2021-04-13 21:18:05.647 T:4973 DEBUG : CAMLCodec::GetTimeSize: len:24 dl:549586 fs:549192 front:18242
2021-04-13 21:18:05.660 T:4763 INFO : Skipped 2 duplicate messages..
2021-04-13 21:18:05.660 T:4763 DEBUG : CAMLCodec::PollFrame elapsed:37.542ms
2021-04-13 21:18:05.662 T:4763 DEBUG : PrepareNextRender: frameOnScreen: 3.390 renderPts: 3.557 nextFramePts: 3.545 -> diff: 0.012 render: 1 forceNext: 0
2021-04-13 21:18:05.664 T:4763 DEBUG : CAMLCodec::ReleaseFrame idx:85, drop:0
2021-04-13 21:18:05.666 T:4973 DEBUG : CAMLCodec::GetTimeSize: len:24 dl:531328 fs:549192 front:18242
2021-04-13 21:18:05.666 T:4973 DEBUG : CAMLCodec::GetTimeSize: len:23 dl:531328 fs:530950 front:18893
2021-04-13 21:18:05.666 T:4973 DEBUG : CAMLCodec::DequeueBuffer: pts:3.795 idx:91
2021-04-13 21:18:05.666 T:4973 DEBUG : CAMLCodec::GetPicture: index: 91, pts: 3.795, dur:41ms ar:0.00
2021-04-13 21:18:05.666 T:4973 DEBUG : CVideoPlayerVideo::OutputPicture - ttd:401ms pts:3.795 Clock:3.394 Level:5
2021-04-13 21:18:05.667 T:4973 DEBUG : CAMLCodec::GetTimeSize: len:23 dl:531328 fs:530950 front:18893
2021-04-13 21:18:05.672 T:4973 DEBUG : CAMLCodec::AddData: dl:566471 sum:566077 sz:35127 dts:4.796 pts:4.796 overflow:0
2021-04-13 21:18:05.672 T:4973 DEBUG : CAMLCodec::GetTimeSize: len:24 dl:566471 fs:566077 front:18893
2021-04-13 21:18:05.690 T:4974 INFO : Skipped 2 duplicate messages..
2021-04-13 21:18:05.690 T:4974 DEBUG : CVideoPlayerAudio::OutputPacket: pts:4.156 curr_pts:3.418 clock:3.418 level:99
2021-04-13 21:18:05.690 T:4974 DEBUG : CVideoPlayerAudio::OutputPacket: pts:4.180 curr_pts:3.418 clock:3.418 level:99
2021-04-13 21:18:05.691 T:4973 DEBUG : CAMLCodec::GetTimeSize: len:24 dl:566471 fs:566077 front:18893
2021-04-13 21:18:05.693 T:4972 DEBUG : CVideoPlayer::ProcessAudioData size:356 dts:12.121 pts:12.121 dur:23.000ms, clock:3.421 drop:0 level:99
2021-04-13 21:18:05.693 T:4972 DEBUG : CVideoPlayer::ProcessVideoData size:2818 dts:12.138 pts:12.138 dur:41.000ms, clock:3.421 level:91
2021-04-13 21:18:05.694 T:4972 DEBUG : CVideoPlayer::ProcessAudioData size:317 dts:12.144 pts:12.144 dur:23.000ms, clock:3.421 drop:0 level:99
2021-04-13 21:18:05.698 T:4973 DEBUG : CAMLCodec::GetTimeSize: len:24 dl:566471 fs:566077 front:18893
2021-04-13 21:18:05.701 T:4763 DEBUG : CAMLCodec::PollFrame elapsed:37.268ms
2021-04-13 21:18:05.704 T:4973 DEBUG : CAMLCodec::GetTimeSize: len:24 dl:566471 fs:566077 front:18893
2021-04-13 21:18:05.704 T:4763 DEBUG : PrepareNextRender: frameOnScreen: 3.432 renderPts: 3.599 nextFramePts: 3.587 -> diff: 0.012 render: 1 forceNext: 0
2021-04-13 21:18:05.705 T:4763 DEBUG : CAMLCodec::ReleaseFrame idx:86, drop:0
2021-04-13 21:18:05.711 T:4973 DEBUG : CAMLCodec::GetTimeSize: len:24 dl:547562 fs:566077 front:18893
2021-04-13 21:18:05.711 T:4973 DEBUG : CAMLCodec::GetTimeSize: len:23 dl:547562 fs:547184 front:16966
2021-04-13 21:18:05.711 T:4973 DEBUG : CAMLCodec::DequeueBuffer: pts:3.837 idx:92
2021-04-13 21:18:05.711 T:4973 DEBUG : CAMLCodec::GetPicture: index: 92, pts: 3.837, dur:42ms ar:0.00
2021-04-13 21:18:05.711 T:4973 DEBUG : CVideoPlayerVideo::OutputPicture - ttd:398ms pts:3.837 Clock:3.439 Level:5
2021-04-13 21:18:05.712 T:4973 DEBUG : CAMLCodec::GetTimeSize: len:23 dl:547562 fs:547184 front:16966
2021-04-13 21:18:05.717 T:4973 DEBUG : CAMLCodec::AddData: dl:548711 sum:548317 sz:1133 dts:4.838 pts:4.838 overflow:0
2021-04-13 21:18:05.717 T:4973 DEBUG : CAMLCodec::GetTimeSize: len:24 dl:548711 fs:548317 front:16966
2021-04-13 21:18:05.740 T:4974 INFO : Skipped 3 duplicate messages..
2021-04-13 21:18:05.740 T:4974 DEBUG : CVideoPlayerAudio::OutputPacket: pts:4.203 curr_pts:3.469 clock:3.468 level:99
2021-04-13 21:18:05.740 T:4974 DEBUG : CVideoPlayerAudio::OutputPacket: pts:4.226 curr_pts:3.469 clock:3.468 level:99
2021-04-13 21:18:05.741 T:4974 DEBUG : CVideoPlayerAudio::OutputPacket: pts:4.249 curr_pts:3.469 clock:3.468 level:99
2021-04-13 21:18:05.742 T:4973 DEBUG : CAMLCodec::GetTimeSize: len:24 dl:548711 fs:548317 front:16966
2021-04-13 21:18:05.743 T:4763 DEBUG : CAMLCodec::PollFrame elapsed:37.501ms
2021-04-13 21:18:05.744 T:4972 DEBUG : CVideoPlayer::ProcessAudioData size:309 dts:12.167 pts:12.167 dur:23.000ms, clock:3.472 drop:0 level:99
2021-04-13 21:18:05.745 T:4972 DEBUG : CVideoPlayer::ProcessVideoData size:3368 dts:12.179 pts:12.179 dur:41.000ms, clock:3.473 level:91
2021-04-13 21:18:05.745 T:4972 DEBUG : CVideoPlayer::ProcessAudioData size:388 dts:12.190 pts:12.190 dur:23.000ms, clock:3.473 drop:0 level:99
2021-04-13 21:18:05.745 T:4972 DEBUG : CVideoPlayer::ProcessAudioData size:387 dts:12.214 pts:12.214 dur:23.000ms, clock:3.473 drop:0 level:99
2021-04-13 21:18:05.746 T:4763 DEBUG : PrepareNextRender: frameOnScreen: 3.474 renderPts: 3.640 nextFramePts: 3.629 -> diff: 0.011 render: 1 forceNext: 0
2021-04-13 21:18:05.747 T:4763 DEBUG : CAMLCodec::ReleaseFrame idx:87, drop:0
2021-04-13 21:18:05.749 T:4973 DEBUG : CAMLCodec::GetTimeSize: len:24 dl:531729 fs:548317 front:16966
2021-04-13 21:18:05.749 T:4973 DEBUG : CAMLCodec::GetTimeSize: len:23 dl:531729 fs:531351 front:22041
2021-04-13 21:18:05.749 T:4973 DEBUG : CAMLCodec::DequeueBuffer: pts:3.879 idx:93
2021-04-13 21:18:05.749 T:4973 DEBUG : CAMLCodec::GetPicture: index: 93, pts: 3.879, dur:42ms ar:0.00
2021-04-13 21:18:05.749 T:4973 DEBUG : CVideoPlayerVideo::OutputPicture - ttd:402ms pts:3.879 Clock:3.477 Level:5
2021-04-13 21:18:05.750 T:4973 DEBUG : CAMLCodec::GetTimeSize: len:23 dl:531729 fs:531351 front:22041
2021-04-13 21:18:05.755 T:4973 DEBUG : CAMLCodec::AddData: dl:533606 sum:533212 sz:1861 dts:4.880 pts:4.880 overflow:0
2021-04-13 21:18:05.755 T:4973 DEBUG : CAMLCodec::GetTimeSize: len:24 dl:533606 fs:533212 front:22041
2021-04-13 21:18:05.785 T:4763 INFO : Skipped 4 duplicate messages..
2021-04-13 21:18:05.785 T:4763 DEBUG : CAMLCodec::PollFrame elapsed:37.350ms
2021-04-13 21:18:05.786 T:4973 DEBUG : CAMLCodec::GetTimeSize: len:24 dl:533606 fs:533212 front:22041
2021-04-13 21:18:05.787 T:4763 DEBUG : PrepareNextRender: frameOnScreen: 3.515 renderPts: 3.682 nextFramePts: 3.670 -> diff: 0.012 render: 1 forceNext: 0
2021-04-13 21:18:05.788 T:4763 DEBUG : CAMLCodec::ReleaseFrame idx:88, drop:0
2021-04-13 21:18:05.790 T:4974 DEBUG : CVideoPlayerAudio::OutputPacket: pts:4.272 curr_pts:3.518 clock:3.518 level:99
2021-04-13 21:18:05.791 T:4974 DEBUG : CVideoPlayerAudio::OutputPacket: pts:4.296 curr_pts:3.518 clock:3.519 level:99
2021-04-13 21:18:05.793 T:4973 DEBUG : CAMLCodec::GetTimeSize: len:24 dl:511549 fs:533212 front:22041
2021-04-13 21:18:05.793 T:4973 DEBUG : CAMLCodec::GetTimeSize: len:23 dl:511549 fs:511171 front:20569
2021-04-13 21:18:05.793 T:4973 DEBUG : CAMLCodec::DequeueBuffer: pts:3.921 idx:94
2021-04-13 21:18:05.793 T:4973 DEBUG : CAMLCodec::GetPicture: index: 94, pts: 3.921, dur:42ms ar:0.00
2021-04-13 21:18:05.793 T:4973 DEBUG : CVideoPlayerVideo::OutputPicture - ttd:400ms pts:3.921 Clock:3.521 Level:5
2021-04-13 21:18:05.794 T:4973 DEBUG : CAMLCodec::GetTimeSize: len:23 dl:511549 fs:511171 front:20569
2021-04-13 21:18:05.796 T:4972 DEBUG : CVideoPlayer::ProcessVideoData size:3938 dts:12.221 pts:12.221 dur:41.000ms, clock:3.523 level:91
2021-04-13 21:18:05.796 T:4972 DEBUG : CVideoPlayer::ProcessAudioData size:342 dts:12.237 pts:12.237 dur:23.000ms, clock:3.524 drop:0 level:99
2021-04-13 21:18:05.796 T:4972 DEBUG : CVideoPlayer::ProcessAudioData size:355 dts:12.260 pts:12.260 dur:23.000ms, clock:3.524 drop:0 level:99
2021-04-13 21:18:05.799 T:4973 DEBUG : CAMLCodec::AddData: dl:514394 sum:514000 sz:2829 dts:4.922 pts:4.922 overflow:0
2021-04-13 21:18:05.799 T:4973 DEBUG : CAMLCodec::GetTimeSize: len:24 dl:514394 fs:514000 front:20569
2021-04-13 21:18:05.827 T:4763 INFO : Skipped 4 duplicate messages..
2021-04-13 21:18:05.827 T:4763 DEBUG : CAMLCodec::PollFrame elapsed:37.941ms
2021-04-13 21:18:05.829 T:4763 DEBUG : PrepareNextRender: frameOnScreen: 3.557 renderPts: 3.724 nextFramePts: 3.712 -> diff: 0.012 render: 1 forceNext: 0
2021-04-13 21:18:05.831 T:4763 DEBUG : CAMLCodec::ReleaseFrame idx:89, drop:0
2021-04-13 21:18:05.831 T:4973 DEBUG : CAMLCodec::GetTimeSize: len:24 dl:514394 fs:514000 front:20569
2021-04-13 21:18:05.837 T:4973 DEBUG : CAMLCodec::GetTimeSize: len:24 dl:493809 fs:514000 front:20569
2021-04-13 21:18:05.837 T:4973 DEBUG : CAMLCodec::GetTimeSize: len:23 dl:493809 fs:493431 front:17864
2021-04-13 21:18:05.838 T:4973 DEBUG : CAMLCodec::DequeueBuffer: pts:3.962 idx:95
2021-04-13 21:18:05.838 T:4973 DEBUG : CAMLCodec::GetPicture: index: 95, pts: 3.962, dur:41ms ar:0.00
2021-04-13 21:18:05.838 T:4973 DEBUG : CVideoPlayerVideo::OutputPicture - ttd:396ms pts:3.962 Clock:3.566 Level:5
2021-04-13 21:18:05.839 T:4973 DEBUG : CAMLCodec::GetTimeSize: len:23 dl:493809 fs:493431 front:17864
2021-04-13 21:18:05.840 T:4974 DEBUG : CVideoPlayerAudio::OutputPacket: pts:4.319 curr_pts:3.569 clock:3.568 level:99
2021-04-13 21:18:05.840 T:4974 DEBUG : CVideoPlayerAudio::OutputPacket: pts:4.342 curr_pts:3.569 clock:3.568 level:99
2021-04-13 21:18:05.844 T:4973 DEBUG : CAMLCodec::AddData: dl:496492 sum:496098 sz:2667 dts:4.963 pts:4.963 overflow:0
2021-04-13 21:18:05.844 T:4973 DEBUG : CAMLCodec::GetTimeSize: len:24 dl:496492 fs:496098 front:17864
2021-04-13 21:18:05.846 T:4972 DEBUG : CVideoPlayer::ProcessVideoData size:3738 dts:12.263 pts:12.263 dur:41.000ms, clock:3.574 level:91
2021-04-13 21:18:05.847 T:4972 DEBUG : CVideoPlayer::ProcessAudioData size:332 dts:12.283 pts:12.283 dur:23.000ms, clock:3.574 drop:0 level:99
2021-04-13 21:18:05.847 T:4972 DEBUG : CVideoPlayer::ProcessVideoData size:3880 dts:12.304 pts:12.304 dur:41.000ms, clock:3.575 level:91
2021-04-13 21:18:05.847 T:4972 DEBUG : CVideoPlayer::ProcessAudioData size:368 dts:12.307 pts:12.307 dur:23.000ms, clock:3.575 drop:0 level:99
2021-04-13 21:18:05.850 T:4973 DEBUG : CAMLCodec::GetTimeSize: len:24 dl:496492 fs:496098 front:17864
2021-04-13 21:18:05.868 T:4763 INFO : Skipped 2 duplicate messages..
2021-04-13 21:18:05.868 T:4763 DEBUG : CAMLCodec::PollFrame elapsed:37.354ms
2021-04-13 21:18:05.869 T:4973 DEBUG : CAMLCodec::GetTimeSize: len:24 dl:496492 fs:496098 front:17864
2021-04-13 21:18:05.871 T:4763 DEBUG : PrepareNextRender: frameOnScreen: 3.599 renderPts: 3.766 nextFramePts: 3.754 -> diff: 0.012 render: 1 forceNext: 0
2021-04-13 21:18:05.872 T:4763 DEBUG : CAMLCodec::ReleaseFrame idx:90, drop:0
2021-04-13 21:18:05.875 T:4973 DEBUG : CAMLCodec::GetTimeSize: len:24 dl:478612 fs:496098 front:17864
2021-04-13 21:18:05.875 T:4973 DEBUG : CAMLCodec::GetTimeSize: len:23 dl:478612 fs:478234 front:39622
2021-04-13 21:18:05.876 T:4973 DEBUG : CAMLCodec::DequeueBuffer: pts:4.004 idx:96
2021-04-13 21:18:05.876 T:4973 DEBUG : CAMLCodec::GetPicture: index: 96, pts: 4.004, dur:42ms ar:0.00
2021-04-13 21:18:05.876 T:4973 DEBUG : CVideoPlayerVideo::OutputPicture - ttd:400ms pts:4.004 Clock:3.604 Level:5
2021-04-13 21:18:05.877 T:4973 DEBUG : CAMLCodec::GetTimeSize: len:23 dl:478612 fs:478234 front:39622
2021-04-13 21:18:05.882 T:4973 DEBUG : CAMLCodec::AddData: dl:481826 sum:481432 sz:3198 dts:5.005 pts:5.005 overflow:0
2021-04-13 21:18:05.882 T:4973 DEBUG : CAMLCodec::GetTimeSize: len:24 dl:481826 fs:481432 front:39622
2021-04-13 21:18:05.890 T:4974 INFO : Skipped 1 duplicate messages..
2021-04-13 21:18:05.890 T:4974 DEBUG : CVideoPlayerAudio::OutputPacket: pts:4.365 curr_pts:3.618 clock:3.617 level:99
2021-04-13 21:18:05.890 T:4974 DEBUG : CVideoPlayerAudio::OutputPacket: pts:4.389 curr_pts:3.618 clock:3.618 level:99
2021-04-13 21:18:05.895 T:4973 DEBUG : CAMLCodec::GetTimeSize: len:24 dl:481826 fs:481432 front:39622
2021-04-13 21:18:05.897 T:4972 DEBUG : CVideoPlayer::ProcessAudioData size:375 dts:12.330 pts:12.330 dur:23.000ms, clock:3.625 drop:0 level:99
2021-04-13 21:18:05.897 T:4972 DEBUG : CVideoPlayer::ProcessVideoData size:4264 dts:12.346 pts:12.346 dur:41.000ms, clock:3.625 level:91
2021-04-13 21:18:05.898 T:4972 DEBUG : CVideoPlayer::ProcessAudioData size:385 dts:12.353 pts:12.353 dur:23.000ms, clock:3.625 drop:0 level:99
2021-04-13 21:18:05.901 T:4973 DEBUG : CAMLCodec::GetTimeSize: len:24 dl:481826 fs:481432 front:39622
2021-04-13 21:18:05.910 T:4763 INFO : Skipped 1 duplicate messages..
2021-04-13 21:18:05.910 T:4763 DEBUG : CAMLCodec::PollFrame elapsed:37.469ms
2021-04-13 21:18:05.912 T:4763 DEBUG : PrepareNextRender: frameOnScreen: 3.640 renderPts: 3.807 nextFramePts: 3.795 -> diff: 0.012 render: 1 forceNext: 0
2021-04-13 21:18:05.913 T:4973 DEBUG : CAMLCodec::GetTimeSize: len:24 dl:481826 fs:481432 front:39622
2021-04-13 21:18:05.914 T:4763 DEBUG : CAMLCodec::ReleaseFrame idx:91, drop:0
2021-04-13 21:18:05.920 T:4973 DEBUG : CAMLCodec::GetTimeSize: len:24 dl:481826 fs:481432 front:39622
2021-04-13 21:18:05.940 T:4974 INFO : Skipped 3 duplicate messages..
2021-04-13 21:18:05.940 T:4974 DEBUG : CVideoPlayerAudio::OutputPacket: pts:4.412 curr_pts:3.668 clock:3.667 level:99
2021-04-13 21:18:05.940 T:4974 DEBUG : CVideoPlayerAudio::OutputPacket: pts:4.435 curr_pts:3.668 clock:3.668 level:99
2021-04-13 21:18:05.945 T:4973 DEBUG : CAMLCodec::GetTimeSize: len:24 dl:481826 fs:481432 front:39622
2021-04-13 21:18:05.948 T:4972 DEBUG : CVideoPlayer::ProcessAudioData size:322 dts:12.376 pts:12.376 dur:23.000ms, clock:3.676 drop:0 level:99
2021-04-13 21:18:05.948 T:4972 DEBUG : CVideoPlayer::ProcessVideoData size:4018 dts:12.388 pts:12.388 dur:41.000ms, clock:3.676 level:92
2021-04-13 21:18:05.948 T:4972 DEBUG : CVideoPlayer::ProcessAudioData size:339 dts:12.399 pts:12.399 dur:23.000ms, clock:3.676 drop:0 level:99
2021-04-13 21:18:05.951 T:4973 DEBUG : CAMLCodec::GetTimeSize: len:24 dl:481826 fs:481432 front:39622
2021-04-13 21:18:05.952 T:4763 DEBUG : CAMLCodec::PollFrame elapsed:37.957ms
2021-04-13 21:18:05.954 T:4763 DEBUG : PrepareNextRender: frameOnScreen: 3.682 renderPts: 3.849 nextFramePts: 3.837 -> diff: 0.012 render: 1 forceNext: 0
2021-04-13 21:18:05.955 T:4763 DEBUG : CAMLCodec::ReleaseFrame idx:92, drop:0
2021-04-13 21:18:05.957 T:4973 DEBUG : CAMLCodec::GetTimeSize: len:24 dl:481826 fs:481432 front:39622
2021-04-13 21:18:05.964 T:4973 DEBUG : CAMLCodec::GetTimeSize: len:24 dl:442188 fs:481432 front:39622
2021-04-13 21:18:05.964 T:4973 DEBUG : CAMLCodec::GetTimeSize: len:23 dl:442188 fs:441810 front:35252
2021-04-13 21:18:05.964 T:4973 DEBUG : CAMLCodec::DequeueBuffer: pts:4.046 idx:97
2021-04-13 21:18:05.964 T:4973 DEBUG : CAMLCodec::GetPicture: index: 97, pts: 4.046, dur:42ms ar:0.00
2021-04-13 21:18:05.964 T:4973 DEBUG : CVideoPlayerVideo::OutputPicture - ttd:354ms pts:4.046 Clock:3.692 Level:4
2021-04-13 21:18:05.965 T:4973 DEBUG : CAMLCodec::GetTimeSize: len:23 dl:442188 fs:441810 front:35252
2021-04-13 21:18:05.970 T:4973 DEBUG : CAMLCodec::AddData: dl:410166 sum:445050 sz:3240 dts:5.047 pts:5.047 overflow:0
2021-04-13 21:18:05.970 T:4973 DEBUG : CAMLCodec::GetTimeSize: len:24 dl:410166 fs:445050 front:35252
2021-04-13 21:18:05.970 T:4973 DEBUG : CAMLCodec::GetTimeSize: len:23 dl:410166 fs:409798 front:14819
2021-04-13 21:18:05.970 T:4973 DEBUG : CAMLCodec::DequeueBuffer: pts:4.087 idx:98
2021-04-13 21:18:05.971 T:4973 DEBUG : CAMLCodec::GetPicture: index: 98, pts: 4.087, dur:41ms ar:0.00
2021-04-13 21:18:05.971 T:4973 DEBUG : CVideoPlayerVideo::OutputPicture - ttd:388ms pts:4.087 Clock:3.698 Level:5
2021-04-13 21:18:05.972 T:4973 DEBUG : CAMLCodec::GetTimeSize: len:23 dl:410166 fs:409798 front:14819
2021-04-13 21:18:05.977 T:4973 DEBUG : CAMLCodec::AddData: dl:413896 sum:413512 sz:3714 dts:5.088 pts:5.088 overflow:0
2021-04-13 21:18:05.977 T:4973 DEBUG : CAMLCodec::GetTimeSize: len:24 dl:413896 fs:413512 front:14819
2021-04-13 21:18:05.990 T:4974 INFO : Skipped 2 duplicate messages..
2021-04-13 21:18:05.990 T:4974 DEBUG : CVideoPlayerAudio::OutputPacket: pts:4.458 curr_pts:3.718 clock:3.718 level:99
2021-04-13 21:18:05.990 T:4974 DEBUG : CVideoPlayerAudio::OutputPacket: pts:4.481 curr_pts:3.718 clock:3.718 level:99
2021-04-13 21:18:05.993 T:4763 DEBUG : CAMLCodec::PollFrame elapsed:38.224ms
2021-04-13 21:18:05.996 T:4973 DEBUG : CAMLCodec::GetTimeSize: len:24 dl:413896 fs:413512 front:14819
2021-04-13 21:18:05.996 T:4763 DEBUG : PrepareNextRender: frameOnScreen: 3.724 renderPts: 3.890 nextFramePts: 3.879 -> diff: 0.011 render: 1 forceNext: 0
2021-04-13 21:18:05.997 T:4763 DEBUG : CAMLCodec::ReleaseFrame idx:93, drop:0
2021-04-13 21:18:05.999 T:4972 DEBUG : CVideoPlayer::ProcessAudioData size:342 dts:12.423 pts:12.423 dur:23.000ms, clock:3.727 drop:0 level:99
2021-04-13 21:18:05.999 T:4972 DEBUG : CVideoPlayer::ProcessVideoData size:3310 dts:12.430 pts:12.430 dur:41.000ms, clock:3.727 level:91
2021-04-13 21:18:05.999 T:4972 DEBUG : CVideoPlayer::ProcessAudioData size:347 dts:12.446 pts:12.446 dur:23.000ms, clock:3.727 drop:0 level:99
2021-04-13 21:18:06.002 T:4973 DEBUG : CAMLCodec::GetTimeSize: len:24 dl:413896 fs:413512 front:14819
2021-04-13 21:18:06.035 T:4763 INFO : Skipped 5 duplicate messages..
2021-04-13 21:18:06.035 T:4763 DEBUG : CAMLCodec::PollFrame elapsed:38.233ms
2021-04-13 21:18:06.037 T:4763 DEBUG : PrepareNextRender: frameOnScreen: 3.765 renderPts: 3.932 nextFramePts: 3.921 -> diff: 0.011 render: 1 forceNext: 0
2021-04-13 21:18:06.038 T:4763 DEBUG : CAMLCodec::ReleaseFrame idx:94, drop:0
2021-04-13 21:18:06.040 T:4973 DEBUG : CAMLCodec::GetTimeSize: len:24 dl:413896 fs:413512 front:14819
2021-04-13 21:18:06.040 T:4974 DEBUG : CVideoPlayerAudio::OutputPacket: pts:4.505 curr_pts:3.768 clock:3.768 level:99
2021-04-13 21:18:06.040 T:4972 DEBUG : CVideoPlayer::ProcessAudioData size:351 dts:12.469 pts:12.469 dur:23.000ms, clock:3.768 drop:0 level:99
2021-04-13 21:18:06.040 T:4974 DEBUG : CVideoPlayerAudio::OutputPacket: pts:4.528 curr_pts:3.769 clock:3.768 level:99
2021-04-13 21:18:06.041 T:4972 DEBUG : CVideoPlayer::ProcessVideoData size:40752 dts:12.471 pts:12.471 dur:41.000ms, clock:3.769 level:92
2021-04-13 21:18:06.041 T:4972 DEBUG : CVideoPlayer::ProcessAudioData size:368 dts:12.492 pts:12.492 dur:23.000ms, clock:3.769 drop:0 level:99
2021-04-13 21:18:06.047 T:4973 DEBUG : CAMLCodec::GetTimeSize: len:24 dl:399061 fs:413512 front:14819
2021-04-13 21:18:06.047 T:4973 DEBUG : CAMLCodec::GetTimeSize: len:23 dl:399061 fs:398693 front:12156
2021-04-13 21:18:06.047 T:4973 DEBUG : CAMLCodec::DequeueBuffer: pts:4.129 idx:99
2021-04-13 21:18:06.047 T:4973 DEBUG : CAMLCodec::GetPicture: index: 99, pts: 4.129, dur:42ms ar:0.00
2021-04-13 21:18:06.048 T:4973 DEBUG : CVideoPlayerVideo::OutputPicture - ttd:353ms pts:4.129 Clock:3.775 Level:4
2021-04-13 21:18:06.049 T:4973 DEBUG : CAMLCodec::GetTimeSize: len:23 dl:399061 fs:398693 front:12156
2021-04-13 21:18:06.054 T:4973 DEBUG : CAMLCodec::AddData: dl:405693 sum:405309 sz:6616 dts:5.130 pts:5.130 overflow:0
2021-04-13 21:18:06.054 T:4973 DEBUG : CAMLCodec::GetTimeSize: len:24 dl:405693 fs:405309 front:12156
2021-04-13 21:18:06.077 T:4763 INFO : Skipped 3 duplicate messages..
2021-04-13 21:18:06.077 T:4763 DEBUG : CAMLCodec::PollFrame elapsed:37.928ms
2021-04-13 21:18:06.079 T:4973 DEBUG : CAMLCodec::GetTimeSize: len:24 dl:405693 fs:405309 front:12156
2021-04-13 21:18:06.080 T:4763 DEBUG : PrepareNextRender: frameOnScreen: 3.807 renderPts: 3.974 nextFramePts: 3.962 -> diff: 0.012 render: 1 forceNext: 0
2021-04-13 21:18:06.081 T:4763 DEBUG : CAMLCodec::ReleaseFrame idx:95, drop:0
2021-04-13 21:18:06.085 T:4973 DEBUG : CAMLCodec::GetTimeSize: len:24 dl:393521 fs:405309 front:12156
2021-04-13 21:18:06.086 T:4973 DEBUG : CAMLCodec::GetTimeSize: len:23 dl:393521 fs:393153 front:11089
2021-04-13 21:18:06.086 T:4973 DEBUG : CAMLCodec::DequeueBuffer: pts:4.171 idx:100
2021-04-13 21:18:06.086 T:4973 DEBUG : CAMLCodec::GetPicture: index: 100, pts: 4.171, dur:42ms ar:0.00
2021-04-13 21:18:06.086 T:4973 DEBUG : CVideoPlayerVideo::OutputPicture - ttd:357ms pts:4.171 Clock:3.814 Level:4
2021-04-13 21:18:06.087 T:4973 DEBUG : CAMLCodec::GetTimeSize: len:23 dl:393521 fs:393153 front:11089
2021-04-13 21:18:06.090 T:4974 DEBUG : CVideoPlayerAudio::OutputPacket: pts:4.551 curr_pts:3.818 clock:3.818 level:99
2021-04-13 21:18:06.090 T:4974 DEBUG : CVideoPlayerAudio::OutputPacket: pts:4.574 curr_pts:3.818 clock:3.818 level:99
2021-04-13 21:18:06.090 T:4974 DEBUG : CVideoPlayerAudio::OutputPacket: pts:4.598 curr_pts:3.818 clock:3.818 level:99
2021-04-13 21:18:06.092 T:4972 DEBUG : CVideoPlayer::ProcessVideoData size:28581 dts:12.513 pts:12.513 dur:41.000ms, clock:3.820 level:92
2021-04-13 21:18:06.092 T:4972 DEBUG : CVideoPlayer::ProcessAudioData size:479 dts:12.516 pts:12.516 dur:23.000ms, clock:3.820 drop:0 level:99
2021-04-13 21:18:06.092 T:4972 DEBUG : CVideoPlayer::ProcessAudioData size:326 dts:12.539 pts:12.539 dur:23.000ms, clock:3.820 drop:0 level:99
2021-04-13 21:18:06.092 T:4972 DEBUG : CVideoPlayer::ProcessVideoData size:3561 dts:12.555 pts:12.555 dur:41.000ms, clock:3.820 level:92
2021-04-13 21:18:06.092 T:4972 DEBUG : CVideoPlayer::ProcessAudioData size:340 dts:12.562 pts:12.562 dur:23.000ms, clock:3.820 drop:0 level:99
2021-04-13 21:18:06.092 T:4973 DEBUG : CAMLCodec::AddData: dl:398099 sum:397715 sz:4562 dts:5.172 pts:5.172 overflow:0
2021-04-13 21:18:06.092 T:4973 DEBUG : CAMLCodec::GetTimeSize: len:24 dl:398099 fs:397715 front:11089
2021-04-13 21:18:06.119 T:4763 INFO : Skipped 4 duplicate messages..
2021-04-13 21:18:06.119 T:4763 DEBUG : CAMLCodec::PollFrame elapsed:37.204ms
2021-04-13 21:18:06.121 T:4763 DEBUG : PrepareNextRender: frameOnScreen: 3.849 renderPts: 4.016 nextFramePts: 4.004 -> diff: 0.012 render: 1 forceNext: 0
2021-04-13 21:18:06.123 T:4763 DEBUG : CAMLCodec::ReleaseFrame idx:96, drop:0
2021-04-13 21:18:06.124 T:4973 DEBUG : CAMLCodec::GetTimeSize: len:24 dl:386994 fs:397715 front:11089
2021-04-13 21:18:06.124 T:4973 DEBUG : CAMLCodec::GetTimeSize: len:23 dl:386994 fs:386626 front:13588
2021-04-13 21:18:06.124 T:4973 DEBUG : CAMLCodec::DequeueBuffer: pts:4.213 idx:101
2021-04-13 21:18:06.124 T:4973 DEBUG : CAMLCodec::GetPicture: index: 101, pts: 4.213, dur:42ms ar:0.00
2021-04-13 21:18:06.124 T:4973 DEBUG : CVideoPlayerVideo::OutputPicture - ttd:361ms pts:4.213 Clock:3.852 Level:4
2021-04-13 21:18:06.125 T:4973 DEBUG : CAMLCodec::GetTimeSize: len:23 dl:386994 fs:386626 front:13588
2021-04-13 21:18:06.130 T:4973 DEBUG : CAMLCodec::AddData: dl:435837 sum:435453 sz:48827 dts:5.214 pts:5.214 overflow:0
2021-04-13 21:18:06.130 T:4973 DEBUG : CAMLCodec::GetTimeSize: len:24 dl:435837 fs:435453 front:13588
2021-04-13 21:18:06.140 T:4974 INFO : Skipped 1 duplicate messages..
2021-04-13 21:18:06.140 T:4974 DEBUG : CVideoPlayerAudio::OutputPacket: pts:4.621 curr_pts:3.869 clock:3.868 level:99
2021-04-13 21:18:06.140 T:4974 DEBUG : CVideoPlayerAudio::OutputPacket: pts:4.644 curr_pts:3.869 clock:3.868 level:99
2021-04-13 21:18:06.143 T:4972 DEBUG : CVideoPlayer::ProcessAudioData size:372 dts:12.585 pts:12.585 dur:23.000ms, clock:3.871 drop:0 level:99
2021-04-13 21:18:06.143 T:4972 DEBUG : CVideoPlayer::ProcessVideoData size:2552 dts:12.596 pts:12.596 dur:41.000ms, clock:3.871 level:92
2021-04-13 21:18:06.143 T:4972 DEBUG : CVideoPlayer::ProcessAudioData size:353 dts:12.608 pts:12.608 dur:23.000ms, clock:3.871 drop:0 level:99
2021-04-13 21:18:06.144 T:4973 DEBUG : CAMLCodec::GetTimeSize: len:24 dl:435837 fs:435453 front:13588
2021-04-13 21:18:06.160 T:4763 INFO : Skipped 2 duplicate messages..
2021-04-13 21:18:06.160 T:4763 DEBUG : CAMLCodec::PollFrame elapsed:36.887ms
2021-04-13 21:18:06.163 T:4763 DEBUG : PrepareNextRender: frameOnScreen: 3.891 renderPts: 4.058 nextFramePts: 4.046 -> diff: 0.012 render: 1 forceNext: 0
2021-04-13 21:18:06.163 T:4973 DEBUG : CAMLCodec::GetTimeSize: len:24 dl:435837 fs:435453 front:13588
2021-04-13 21:18:06.165 T:4763 DEBUG : CAMLCodec::ReleaseFrame idx:97, drop:0
2021-04-13 21:18:06.170 T:4973 DEBUG : CAMLCodec::GetTimeSize: len:24 dl:422233 fs:435453 front:13588
2021-04-13 21:18:06.170 T:4973 DEBUG : CAMLCodec::GetTimeSize: len:23 dl:422233 fs:421865 front:12618
2021-04-13 21:18:06.170 T:4973 DEBUG : CAMLCodec::DequeueBuffer: pts:4.254 idx:102
2021-04-13 21:18:06.170 T:4973 DEBUG : CAMLCodec::GetPicture: index: 102, pts: 4.254, dur:41ms ar:0.00
2021-04-13 21:18:06.170 T:4973 DEBUG : CVideoPlayerVideo::OutputPicture - ttd:355ms pts:4.254 Clock:3.898 Level:4
2021-04-13 21:18:06.172 T:4973 DEBUG : CAMLCodec::GetTimeSize: len:23 dl:422233 fs:421865 front:12618
2021-04-13 21:18:06.177 T:4973 DEBUG : CAMLCodec::AddData: dl:433130 sum:432746 sz:10881 dts:5.256 pts:5.256 overflow:0
2021-04-13 21:18:06.177 T:4973 DEBUG : CAMLCodec::GetTimeSize: len:24 dl:433130 fs:432746 front:12618
2021-04-13 21:18:06.190 T:4974 INFO : Skipped 2 duplicate messages..
2021-04-13 21:18:06.190 T:4974 DEBUG : CVideoPlayerAudio::OutputPacket: pts:4.667 curr_pts:3.918 clock:3.918 level:99
2021-04-13 21:18:06.190 T:4974 DEBUG : CVideoPlayerAudio::OutputPacket: pts:4.690 curr_pts:3.918 clock:3.918 level:99
2021-04-13 21:18:06.194 T:4972 DEBUG : CVideoPlayer::ProcessAudioData size:373 dts:12.632 pts:12.632 dur:23.000ms, clock:3.922 drop:0 level:99
2021-04-13 21:18:06.194 T:4972 DEBUG : CVideoPlayer::ProcessVideoData size:2431 dts:12.638 pts:12.638 dur:41.000ms, clock:3.922 level:92
2021-04-13 21:18:06.194 T:4972 DEBUG : CVideoPlayer::ProcessAudioData size:366 dts:12.655 pts:12.655 dur:23.000ms, clock:3.922 drop:0 level:99
2021-04-13 21:18:06.196 T:4973 DEBUG : CAMLCodec::GetTimeSize: len:24 dl:433130 fs:432746 front:12618
2021-04-13 21:18:06.202 T:4763 INFO : Skipped 1 duplicate messages..
2021-04-13 21:18:06.202 T:4763 DEBUG : CAMLCodec::PollFrame elapsed:36.921ms
2021-04-13 21:18:06.205 T:4763 DEBUG : PrepareNextRender: frameOnScreen: 3.933 renderPts: 4.100 nextFramePts: 4.087 -> diff: 0.013 render: 1 forceNext: 0
2021-04-13 21:18:06.206 T:4763 DEBUG : CAMLCodec::ReleaseFrame idx:98, drop:0
2021-04-13 21:18:06.208 T:4973 DEBUG : CAMLCodec::GetTimeSize: len:24 dl:420496 fs:432746 front:12618
2021-04-13 21:18:06.208 T:4973 DEBUG : CAMLCodec::GetTimeSize: len:23 dl:420496 fs:420128 front:14410
2021-04-13 21:18:06.208 T:4973 DEBUG : CAMLCodec::DequeueBuffer: pts:4.296 idx:103
2021-04-13 21:18:06.208 T:4973 DEBUG : CAMLCodec::GetPicture: index: 103, pts: 4.296, dur:42ms ar:0.00
2021-04-13 21:18:06.208 T:4973 DEBUG : CVideoPlayerVideo::OutputPicture - ttd:359ms pts:4.296 Clock:3.936 Level:4
2021-04-13 21:18:06.210 T:4973 DEBUG : CAMLCodec::GetTimeSize: len:23 dl:420496 fs:420128 front:14410
2021-04-13 21:18:06.215 T:4973 DEBUG : CAMLCodec::AddData: dl:433188 sum:432804 sz:12676 dts:5.297 pts:5.297 overflow:0
2021-04-13 21:18:06.215 T:4973 DEBUG : CAMLCodec::GetTimeSize: len:24 dl:433188 fs:432804 front:14410
2021-04-13 21:18:06.240 T:4974 INFO : Skipped 4 duplicate messages..
2021-04-13 21:18:06.240 T:4974 DEBUG : CVideoPlayerAudio::OutputPacket: pts:4.714 curr_pts:3.968 clock:3.968 level:99
2021-04-13 21:18:06.240 T:4974 DEBUG : CVideoPlayerAudio::OutputPacket: pts:4.737 curr_pts:3.969 clock:3.968 level:99
2021-04-13 21:18:06.244 T:4763 DEBUG : CAMLCodec::PollFrame elapsed:36.996ms
2021-04-13 21:18:06.245 T:4972 DEBUG : CVideoPlayer::ProcessAudioData size:366 dts:12.678 pts:12.678 dur:23.000ms, clock:3.973 drop:0 level:99
2021-04-13 21:18:06.245 T:4972 DEBUG : CVideoPlayer::ProcessVideoData size:2424 dts:12.680 pts:12.680 dur:41.000ms, clock:3.973 level:92
2021-04-13 21:18:06.245 T:4972 DEBUG : CVideoPlayer::ProcessAudioData size:377 dts:12.701 pts:12.701 dur:23.000ms, clock:3.973 drop:0 level:99
2021-04-13 21:18:06.246 T:4763 DEBUG : PrepareNextRender: frameOnScreen: 3.974 renderPts: 4.141 nextFramePts: 4.129 -> diff: 0.012 render: 1 forceNext: 0
2021-04-13 21:18:06.246 T:4973 DEBUG : CAMLCodec::GetTimeSize: len:24 dl:433188 fs:432804 front:14410
2021-04-13 21:18:06.247 T:4763 DEBUG : CAMLCodec::ReleaseFrame idx:99, drop:0
2021-04-13 21:18:06.253 T:4973 DEBUG : CAMLCodec::GetTimeSize: len:24 dl:418762 fs:432804 front:14410
2021-04-13 21:18:06.253 T:4973 DEBUG : CAMLCodec::GetTimeSize: len:23 dl:418762 fs:418394 front:12493
2021-04-13 21:18:06.253 T:4973 DEBUG : CAMLCodec::DequeueBuffer: pts:4.338 idx:104
2021-04-13 21:18:06.253 T:4973 DEBUG : CAMLCodec::GetPicture: index: 104, pts: 4.338, dur:42ms ar:0.00
2021-04-13 21:18:06.253 T:4973 DEBUG : CVideoPlayerVideo::OutputPicture - ttd:357ms pts:4.338 Clock:3.981 Level:4
2021-04-13 21:18:06.254 T:4973 DEBUG : CAMLCodec::GetTimeSize: len:23 dl:418762 fs:418394 front:12493
2021-04-13 21:18:06.259 T:4973 DEBUG : CAMLCodec::AddData: dl:430890 sum:430506 sz:12112 dts:5.339 pts:5.339 overflow:0
2021-04-13 21:18:06.259 T:4973 DEBUG : CAMLCodec::GetTimeSize: len:24 dl:430890 fs:430506 front:12493
2021-04-13 21:18:06.285 T:4763 INFO : Skipped 4 duplicate messages..
2021-04-13 21:18:06.285 T:4763 DEBUG : CAMLCodec::PollFrame elapsed:37.748ms
2021-04-13 21:18:06.287 T:4763 DEBUG : PrepareNextRender: frameOnScreen: 4.015 renderPts: 4.182 nextFramePts: 4.171 -> diff: 0.011 render: 1 forceNext: 0
2021-04-13 21:18:06.288 T:4763 DEBUG : CAMLCodec::ReleaseFrame idx:100, drop:0
2021-04-13 21:18:06.290 T:4974 DEBUG : CVideoPlayerAudio::OutputPacket: pts:4.760 curr_pts:4.018 clock:4.018 level:99
2021-04-13 21:18:06.290 T:4974 DEBUG : CVideoPlayerAudio::OutputPacket: pts:4.783 curr_pts:4.019 clock:4.018 level:99
2021-04-13 21:18:06.291 T:4973 DEBUG : CAMLCodec::GetTimeSize: len:24 dl:430890 fs:430506 front:12493
2021-04-13 21:18:06.296 T:4972 DEBUG : CVideoPlayer::ProcessVideoData size:2265 dts:12.722 pts:12.722 dur:41.000ms, clock:4.024 level:92
2021-04-13 21:18:06.296 T:4972 DEBUG : CVideoPlayer::ProcessAudioData size:362 dts:12.725 pts:12.725 dur:23.000ms, clock:4.024 drop:0 level:99
2021-04-13 21:18:06.296 T:4972 DEBUG : CVideoPlayer::ProcessAudioData size:361 dts:12.748 pts:12.748 dur:23.000ms, clock:4.024 drop:0 level:99
2021-04-13 21:18:06.297 T:4973 DEBUG : CAMLCodec::GetTimeSize: len:24 dl:430890 fs:430506 front:12493
2021-04-13 21:18:06.327 T:4763 INFO : Skipped 4 duplicate messages..
2021-04-13 21:18:06.327 T:4763 DEBUG : CAMLCodec::PollFrame elapsed:38.509ms
2021-04-13 21:18:06.329 T:4973 DEBUG : CAMLCodec::GetTimeSize: len:24 dl:430890 fs:430506 front:12493
2021-04-13 21:18:06.330 T:4763 DEBUG : PrepareNextRender: frameOnScreen: 4.058 renderPts: 4.224 nextFramePts: 4.213 -> diff: 0.011 render: 1 forceNext: 0
2021-04-13 21:18:06.331 T:4763 DEBUG : CAMLCodec::ReleaseFrame idx:101, drop:0
2021-04-13 21:18:06.335 T:4973 DEBUG : CAMLCodec::GetTimeSize: len:24 dl:418381 fs:430506 front:12493
2021-04-13 21:18:06.335 T:4973 DEBUG : CAMLCodec::GetTimeSize: len:23 dl:418381 fs:418013 front:15819
2021-04-13 21:18:06.335 T:4973 DEBUG : CAMLCodec::DequeueBuffer: pts:4.379 idx:105
2021-04-13 21:18:06.335 T:4973 DEBUG : CAMLCodec::GetPicture: index: 105, pts: 4.379, dur:41ms ar:0.00
2021-04-13 21:18:06.335 T:4973 DEBUG : CVideoPlayerVideo::OutputPicture - ttd:315ms pts:4.379 Clock:4.063 Level:3
2021-04-13 21:18:06.336 T:4973 DEBUG : CAMLCodec::GetTimeSize: len:23 dl:418381 fs:418013 front:15819
2021-04-13 21:18:06.340 T:4974 DEBUG : CVideoPlayerAudio::OutputPacket: pts:4.807 curr_pts:4.068 clock:4.068 level:99
2021-04-13 21:18:06.340 T:4974 DEBUG : CVideoPlayerAudio::OutputPacket: pts:4.830 curr_pts:4.069 clock:4.068 level:99
2021-04-13 21:18:06.342 T:4973 DEBUG : CAMLCodec::AddData: dl:427937 sum:427553 sz:9540 dts:5.381 pts:5.381 overflow:0
2021-04-13 21:18:06.342 T:4973 DEBUG : CAMLCodec::GetTimeSize: len:24 dl:427937 fs:427553 front:15819
2021-04-13 21:18:06.347 T:4972 DEBUG : CVideoPlayer::ProcessVideoData size:2314 dts:12.763 pts:12.763 dur:41.000ms, clock:4.075 level:92
2021-04-13 21:18:06.347 T:4972 DEBUG : CVideoPlayer::ProcessAudioData size:363 dts:12.771 pts:12.771 dur:23.000ms, clock:4.075 drop:0 level:99
