2021-04-13 21:18:30.367 T:4973 DEBUG : CAMLCodec::AddData: dl:973909 sum:973517 sz:21012 dts:29.405 pts:29.405 overflow:0
2021-04-13 21:18:30.367 T:4973 DEBUG : CAMLCodec::GetTimeSize: len:24 dl:973909 fs:973517 front:36390
2021-04-13 21:18:30.389 T:4974 INFO : Skipped 3 duplicate messages..
2021-04-13 21:18:30.389 T:4974 DEBUG : CVideoPlayerAudio::OutputPacket: pts:28.862 curr_pts:28.118 clock:28.117 level:99
2021-04-13 21:18:30.390 T:4974 DEBUG : CVideoPlayerAudio::OutputPacket: pts:28.886 curr_pts:28.118 clock:28.118 level:99
2021-04-13 21:18:30.392 T:4973 DEBUG : CAMLCodec::GetTimeSize: len:24 dl:973909 fs:973517 front:36390
2021-04-13 21:18:30.393 T:4972 DEBUG : CVideoPlayer::ProcessAudioData size:527 dts:36.827 pts:36.827 dur:23.000ms, clock:28.120 drop:0 level:99
2021-04-13 21:18:30.393 T:4972 DEBUG : CVideoPlayer::ProcessVideoData size:7117 dts:36.829 pts:36.829 dur:41.000ms, clock:28.121 level:92
2021-04-13 21:18:30.393 T:4763 DEBUG : CAMLCodec::PollFrame elapsed:36.151ms
2021-04-13 21:18:30.393 T:4972 DEBUG : CVideoPlayer::ProcessAudioData size:337 dts:36.850 pts:36.850 dur:23.000ms, clock:28.121 drop:0 level:99
2021-04-13 21:18:30.395 T:4763 DEBUG : PrepareNextRender: frameOnScreen: 28.123 renderPts: 28.290 nextFramePts: 28.279 -> diff: 0.011 render: 1 forceNext: 0
2021-04-13 21:18:30.399 T:4763 DEBUG : CAMLCodec::ReleaseFrame idx:678, drop:0
2021-04-13 21:18:30.399 T:4973 DEBUG : CAMLCodec::GetTimeSize: len:24 dl:937503 fs:973517 front:36390
2021-04-13 21:18:30.399 T:4973 DEBUG : CAMLCodec::GetTimeSize: len:23 dl:937503 fs:937127 front:41232
2021-04-13 21:18:30.399 T:4973 DEBUG : CAMLCodec::DequeueBuffer: pts:28.445 idx:682
2021-04-13 21:18:30.399 T:4973 DEBUG : CAMLCodec::GetPicture: index: 682, pts: 28.445, dur:41ms ar:0.00
2021-04-13 21:18:30.399 T:4973 DEBUG : CVideoPlayerVideo::OutputPicture - ttd:317ms pts:28.445 Clock:28.127 Level:3
2021-04-13 21:18:30.400 T:4973 DEBUG : CAMLCodec::GetTimeSize: len:23 dl:937503 fs:937127 front:41232
2021-04-13 21:18:30.408 T:4973 DEBUG : CAMLCodec::AddData: dl:1034686 sum:1034294 sz:97167 dts:29.446 pts:29.446 overflow:0
2021-04-13 21:18:30.408 T:4973 DEBUG : CAMLCodec::GetTimeSize: len:24 dl:1034686 fs:1034294 front:41232
2021-04-13 21:18:30.435 T:4763 INFO : Skipped 4 duplicate messages..
2021-04-13 21:18:30.434 T:4763 DEBUG : CAMLCodec::PollFrame elapsed:35.638ms
2021-04-13 21:18:30.437 T:4763 DEBUG : PrepareNextRender: frameOnScreen: 28.165 renderPts: 28.332 nextFramePts: 28.320 -> diff: 0.012 render: 1 forceNext: 0
2021-04-13 21:18:30.440 T:4763 DEBUG : CAMLCodec::ReleaseFrame idx:679, drop:0
2021-04-13 21:18:30.440 T:4974 DEBUG : CVideoPlayerAudio::OutputPacket: pts:28.909 curr_pts:28.168 clock:28.168 level:99
2021-04-13 21:18:30.440 T:4974 DEBUG : CVideoPlayerAudio::OutputPacket: pts:28.932 curr_pts:28.169 clock:28.168 level:99
2021-04-13 21:18:30.440 T:4973 DEBUG : CAMLCodec::GetTimeSize: len:24 dl:993438 fs:1034294 front:41232
2021-04-13 21:18:30.440 T:4973 DEBUG : CAMLCodec::GetTimeSize: len:23 dl:993438 fs:993062 front:20791
2021-04-13 21:18:30.441 T:4973 DEBUG : CAMLCodec::DequeueBuffer: pts:28.487 idx:683
2021-04-13 21:18:30.441 T:4973 DEBUG : CAMLCodec::GetPicture: index: 683, pts: 28.487, dur:42ms ar:0.00
2021-04-13 21:18:30.441 T:4973 DEBUG : CVideoPlayerVideo::OutputPicture - ttd:318ms pts:28.487 Clock:28.169 Level:3
2021-04-13 21:18:30.442 T:4973 DEBUG : CAMLCodec::GetTimeSize: len:23 dl:993438 fs:993062 front:20791
2021-04-13 21:18:30.443 T:4972 DEBUG : CVideoPlayer::ProcessVideoData size:7020 dts:36.870 pts:36.870 dur:41.000ms, clock:28.171 level:92
2021-04-13 21:18:30.444 T:4972 DEBUG : CVideoPlayer::ProcessAudioData size:385 dts:36.873 pts:36.873 dur:23.000ms, clock:28.172 drop:0 level:99
2021-04-13 21:18:30.444 T:4972 DEBUG : CVideoPlayer::ProcessAudioData size:391 dts:36.897 pts:36.897 dur:23.000ms, clock:28.172 drop:0 level:99
2021-04-13 21:18:30.447 T:4973 DEBUG : frame_number : 2, mag : 3; index_sz : 8
2021-04-13 21:18:30.449 T:4973 DEBUG : CAMLCodec::AddData: dl:1106398 sum:1105998 sz:112936 dts:29.488 pts:29.488 overflow:0
2021-04-13 21:18:30.449 T:4973 DEBUG : CAMLCodec::GetTimeSize: len:24 dl:1106398 fs:1105998 front:20791
2021-04-13 21:18:30.476 T:4763 INFO : Skipped 4 duplicate messages..
2021-04-13 21:18:30.476 T:4763 DEBUG : CAMLCodec::PollFrame elapsed:36.037ms
2021-04-13 21:18:30.479 T:4763 DEBUG : PrepareNextRender: frameOnScreen: 28.207 renderPts: 28.373 nextFramePts: 28.362 -> diff: 0.011 render: 1 forceNext: 0
2021-04-13 21:18:30.481 T:4973 DEBUG : CAMLCodec::GetTimeSize: len:24 dl:1106398 fs:1105998 front:20791
2021-04-13 21:18:30.481 T:4763 DEBUG : CAMLCodec::ReleaseFrame idx:680, drop:0
2021-04-13 21:18:30.487 T:4973 DEBUG : CAMLCodec::GetTimeSize: len:24 dl:1085591 fs:1105998 front:20791
2021-04-13 21:18:30.487 T:4973 DEBUG : CAMLCodec::GetTimeSize: len:23 dl:1085591 fs:1085207 front:25016
2021-04-13 21:18:30.488 T:4973 DEBUG : CAMLCodec::DequeueBuffer: pts:28.529 idx:684
2021-04-13 21:18:30.488 T:4973 DEBUG : CAMLCodec::GetPicture: index: 684, pts: 28.529, dur:42ms ar:0.00
2021-04-13 21:18:30.488 T:4973 DEBUG : CVideoPlayerVideo::OutputPicture - ttd:313ms pts:28.529 Clock:28.216 Level:3
2021-04-13 21:18:30.489 T:4973 DEBUG : CAMLCodec::GetTimeSize: len:23 dl:1085591 fs:1085207 front:25016
2021-04-13 21:18:30.490 T:4974 DEBUG : CVideoPlayerAudio::OutputPacket: pts:28.955 curr_pts:28.218 clock:28.218 level:99
2021-04-13 21:18:30.490 T:4974 DEBUG : CVideoPlayerAudio::OutputPacket: pts:28.979 curr_pts:28.218 clock:28.218 level:99
2021-04-13 21:18:30.494 T:4973 DEBUG : CAMLCodec::AddData: dl:1095141 sum:1094741 sz:9534 dts:29.530 pts:29.530 overflow:0
2021-04-13 21:18:30.494 T:4972 DEBUG : CVideoPlayer::ProcessVideoData size:4259 dts:36.912 pts:36.912 dur:41.000ms, clock:28.222 level:92
2021-04-13 21:18:30.495 T:4972 DEBUG : CVideoPlayer::ProcessAudioData size:370 dts:36.920 pts:36.920 dur:23.000ms, clock:28.222 drop:0 level:99
2021-04-13 21:18:30.495 T:4972 DEBUG : CVideoPlayer::ProcessAudioData size:350 dts:36.943 pts:36.943 dur:23.000ms, clock:28.223 drop:0 level:99
2021-04-13 21:18:30.495 T:4973 DEBUG : CAMLCodec::GetTimeSize: len:24 dl:1095141 fs:1094741 front:25016
2021-04-13 21:18:30.518 T:4763 INFO : Skipped 3 duplicate messages..
2021-04-13 21:18:30.518 T:4763 DEBUG : CAMLCodec::PollFrame elapsed:36.505ms
2021-04-13 21:18:30.520 T:4973 DEBUG : CAMLCodec::GetTimeSize: len:24 dl:1095141 fs:1094741 front:25016
2021-04-13 21:18:30.520 T:4763 DEBUG : PrepareNextRender: frameOnScreen: 28.248 renderPts: 28.415 nextFramePts: 28.404 -> diff: 0.011 render: 1 forceNext: 0
2021-04-13 21:18:30.522 T:4763 DEBUG : CAMLCodec::ReleaseFrame idx:681, drop:0
2021-04-13 21:18:30.526 T:4973 DEBUG : CAMLCodec::GetTimeSize: len:24 dl:1095141 fs:1094741 front:25016
2021-04-13 21:18:30.540 T:4974 INFO : Skipped 2 duplicate messages..
2021-04-13 21:18:30.540 T:4974 DEBUG : CVideoPlayerAudio::OutputPacket: pts:29.002 curr_pts:28.268 clock:28.268 level:99
2021-04-13 21:18:30.540 T:4974 DEBUG : CVideoPlayerAudio::OutputPacket: pts:29.025 curr_pts:28.269 clock:28.268 level:99
2021-04-13 21:18:30.540 T:4974 DEBUG : CVideoPlayerAudio::OutputPacket: pts:29.048 curr_pts:28.269 clock:28.268 level:99
2021-04-13 21:18:30.545 T:4972 DEBUG : CVideoPlayer::ProcessVideoData size:651 dts:36.954 pts:36.954 dur:41.000ms, clock:28.273 level:92
2021-04-13 21:18:30.545 T:4972 DEBUG : CVideoPlayer::ProcessAudioData size:419 dts:36.966 pts:36.966 dur:23.000ms, clock:28.273 drop:0 level:99
2021-04-13 21:18:30.545 T:4972 DEBUG : CVideoPlayer::ProcessAudioData size:389 dts:36.989 pts:36.989 dur:23.000ms, clock:28.273 drop:0 level:99
2021-04-13 21:18:30.546 T:4972 DEBUG : CVideoPlayer::ProcessVideoData size:60297 dts:36.996 pts:36.996 dur:41.000ms, clock:28.274 level:93
2021-04-13 21:18:30.546 T:4972 DEBUG : CVideoPlayer::ProcessAudioData size:328 dts:37.013 pts:37.013 dur:23.000ms, clock:28.274 drop:0 level:99
2021-04-13 21:18:30.547 T:4973 DEBUG : CAMLCodec::GetTimeSize: len:24 dl:1095141 fs:1094741 front:25016
2021-04-13 21:18:30.560 T:4763 INFO : Skipped 1 duplicate messages..
2021-04-13 21:18:30.560 T:4763 DEBUG : CAMLCodec::PollFrame elapsed:37.282ms
2021-04-13 21:18:30.560 T:4973 DEBUG : CAMLCodec::GetTimeSize: len:24 dl:1095141 fs:1094741 front:25016
2021-04-13 21:18:30.562 T:4763 DEBUG : PrepareNextRender: frameOnScreen: 28.290 renderPts: 28.457 nextFramePts: 28.445 -> diff: 0.012 render: 1 forceNext: 0
2021-04-13 21:18:30.564 T:4763 DEBUG : CAMLCodec::ReleaseFrame idx:682, drop:0
2021-04-13 21:18:30.566 T:4973 DEBUG : CAMLCodec::GetTimeSize: len:24 dl:1070109 fs:1094741 front:25016
2021-04-13 21:18:30.566 T:4973 DEBUG : CAMLCodec::GetTimeSize: len:23 dl:1070109 fs:1069725 front:25663
2021-04-13 21:18:30.566 T:4973 DEBUG : CAMLCodec::DequeueBuffer: pts:28.570 idx:685
2021-04-13 21:18:30.566 T:4973 DEBUG : CAMLCodec::GetPicture: index: 685, pts: 28.570, dur:41ms ar:0.00
2021-04-13 21:18:30.566 T:4973 DEBUG : CVideoPlayerVideo::OutputPicture - ttd:275ms pts:28.570 Clock:28.294 Level:2
2021-04-13 21:18:30.568 T:4973 DEBUG : CAMLCodec::GetTimeSize: len:23 dl:1070109 fs:1069725 front:25663
2021-04-13 21:18:30.573 T:4973 DEBUG : CAMLCodec::AddData: dl:1081307 sum:1080907 sz:11182 dts:29.571 pts:29.571 overflow:0
2021-04-13 21:18:30.573 T:4973 DEBUG : CAMLCodec::GetTimeSize: len:24 dl:1081307 fs:1080907 front:25663
2021-04-13 21:18:30.590 T:4974 INFO : Skipped 2 duplicate messages..
2021-04-13 21:18:30.590 T:4974 DEBUG : CVideoPlayerAudio::OutputPacket: pts:29.071 curr_pts:28.318 clock:28.318 level:99
2021-04-13 21:18:30.590 T:4974 DEBUG : CVideoPlayerAudio::OutputPacket: pts:29.095 curr_pts:28.318 clock:28.318 level:99
2021-04-13 21:18:30.592 T:4973 DEBUG : CAMLCodec::GetTimeSize: len:24 dl:1081307 fs:1080907 front:25663
2021-04-13 21:18:30.597 T:4972 DEBUG : CVideoPlayer::ProcessAudioData size:332 dts:37.036 pts:37.036 dur:23.000ms, clock:28.324 drop:0 level:99
2021-04-13 21:18:30.597 T:4972 DEBUG : CVideoPlayer::ProcessVideoData size:7315 dts:37.037 pts:37.037 dur:41.000ms, clock:28.325 level:93
2021-04-13 21:18:30.597 T:4972 DEBUG : CVideoPlayer::ProcessAudioData size:330 dts:37.059 pts:37.059 dur:23.000ms, clock:28.325 drop:0 level:99
2021-04-13 21:18:30.598 T:4973 DEBUG : CAMLCodec::GetTimeSize: len:24 dl:1081307 fs:1080907 front:25663
2021-04-13 21:18:30.601 T:4763 DEBUG : CAMLCodec::PollFrame elapsed:36.630ms
2021-04-13 21:18:30.604 T:4763 DEBUG : PrepareNextRender: frameOnScreen: 28.332 renderPts: 28.499 nextFramePts: 28.487 -> diff: 0.012 render: 1 forceNext: 0
2021-04-13 21:18:30.605 T:4973 DEBUG : CAMLCodec::GetTimeSize: len:24 dl:1081307 fs:1080907 front:25663
2021-04-13 21:18:30.606 T:4763 DEBUG : CAMLCodec::ReleaseFrame idx:683, drop:0
2021-04-13 21:18:30.611 T:4973 DEBUG : CAMLCodec::GetTimeSize: len:24 dl:1055628 fs:1080907 front:25663
2021-04-13 21:18:30.611 T:4973 DEBUG : CAMLCodec::GetTimeSize: len:23 dl:1055628 fs:1055244 front:21397
2021-04-13 21:18:30.611 T:4973 DEBUG : CAMLCodec::DequeueBuffer: pts:28.612 idx:686
2021-04-13 21:18:30.611 T:4973 DEBUG : CAMLCodec::GetPicture: index: 686, pts: 28.612, dur:42ms ar:0.00
2021-04-13 21:18:30.611 T:4973 DEBUG : CVideoPlayerVideo::OutputPicture - ttd:272ms pts:28.612 Clock:28.339 Level:2
2021-04-13 21:18:30.612 T:4973 DEBUG : CAMLCodec::GetTimeSize: len:23 dl:1055628 fs:1055244 front:21397
2021-04-13 21:18:30.618 T:4973 DEBUG : CAMLCodec::AddData: dl:1064433 sum:1064033 sz:8789 dts:29.613 pts:29.613 overflow:0
2021-04-13 21:18:30.618 T:4973 DEBUG : CAMLCodec::GetTimeSize: len:24 dl:1064433 fs:1064033 front:21397
2021-04-13 21:18:30.640 T:4974 INFO : Skipped 3 duplicate messages..
2021-04-13 21:18:30.640 T:4974 DEBUG : CVideoPlayerAudio::OutputPacket: pts:29.118 curr_pts:28.368 clock:28.368 level:99
2021-04-13 21:18:30.640 T:4974 DEBUG : CVideoPlayerAudio::OutputPacket: pts:29.141 curr_pts:28.369 clock:28.368 level:99
2021-04-13 21:18:30.643 T:4973 DEBUG : CAMLCodec::GetTimeSize: len:24 dl:1064433 fs:1064033 front:21397
2021-04-13 21:18:30.643 T:4763 DEBUG : CAMLCodec::PollFrame elapsed:36.453ms
2021-04-13 21:18:30.646 T:4763 DEBUG : PrepareNextRender: frameOnScreen: 28.374 renderPts: 28.540 nextFramePts: 28.529 -> diff: 0.011 render: 1 forceNext: 0
2021-04-13 21:18:30.648 T:4972 DEBUG : CVideoPlayer::ProcessVideoData size:10961 dts:37.079 pts:37.079 dur:41.000ms, clock:28.376 level:93
2021-04-13 21:18:30.648 T:4972 DEBUG : CVideoPlayer::ProcessAudioData size:331 dts:37.082 pts:37.082 dur:23.000ms, clock:28.376 drop:0 level:99
2021-04-13 21:18:30.648 T:4763 DEBUG : CAMLCodec::ReleaseFrame idx:684, drop:0
2021-04-13 21:18:30.649 T:4972 DEBUG : CVideoPlayer::ProcessAudioData size:355 dts:37.105 pts:37.105 dur:23.000ms, clock:28.376 drop:0 level:99
2021-04-13 21:18:30.650 T:4973 DEBUG : CAMLCodec::GetTimeSize: len:24 dl:1043020 fs:1064033 front:21397
2021-04-13 21:18:30.650 T:4973 DEBUG : CAMLCodec::GetTimeSize: len:23 dl:1043020 fs:1042636 front:13802
2021-04-13 21:18:30.650 T:4973 DEBUG : CAMLCodec::DequeueBuffer: pts:28.654 idx:687
2021-04-13 21:18:30.650 T:4973 DEBUG : CAMLCodec::GetPicture: index: 687, pts: 28.654, dur:42ms ar:0.00
2021-04-13 21:18:30.650 T:4973 DEBUG : CVideoPlayerVideo::OutputPicture - ttd:276ms pts:28.654 Clock:28.378 Level:2
2021-04-13 21:18:30.651 T:4973 DEBUG : CAMLCodec::GetTimeSize: len:23 dl:1043020 fs:1042636 front:13802
2021-04-13 21:18:30.656 T:4973 DEBUG : CAMLCodec::AddData: dl:1050972 sum:1050572 sz:7936 dts:29.655 pts:29.655 overflow:0
2021-04-13 21:18:30.656 T:4973 DEBUG : CAMLCodec::GetTimeSize: len:24 dl:1050972 fs:1050572 front:13802
2021-04-13 21:18:30.685 T:4763 INFO : Skipped 4 duplicate messages..
2021-04-13 21:18:30.685 T:4763 DEBUG : CAMLCodec::PollFrame elapsed:36.104ms
2021-04-13 21:18:30.688 T:4973 DEBUG : CAMLCodec::GetTimeSize: len:24 dl:1050972 fs:1050572 front:13802
2021-04-13 21:18:30.688 T:4763 DEBUG : PrepareNextRender: frameOnScreen: 28.416 renderPts: 28.582 nextFramePts: 28.570 -> diff: 0.012 render: 1 forceNext: 0
2021-04-13 21:18:30.688 T:4763 DEBUG : CAMLCodec::ReleaseFrame idx:685, drop:0
2021-04-13 21:18:30.690 T:4974 DEBUG : CVideoPlayerAudio::OutputPacket: pts:29.164 curr_pts:28.418 clock:28.418 level:99
2021-04-13 21:18:30.690 T:4974 DEBUG : CVideoPlayerAudio::OutputPacket: pts:29.187 curr_pts:28.418 clock:28.418 level:99
2021-04-13 21:18:30.694 T:4973 DEBUG : CAMLCodec::GetTimeSize: len:24 dl:1037154 fs:1050572 front:13802
2021-04-13 21:18:30.694 T:4973 DEBUG : CAMLCodec::GetTimeSize: len:23 dl:1037154 fs:1036770 front:113
2021-04-13 21:18:30.694 T:4973 DEBUG : CAMLCodec::DequeueBuffer: pts:28.696 idx:688
2021-04-13 21:18:30.694 T:4973 DEBUG : CAMLCodec::GetPicture: index: 688, pts: 28.696, dur:42ms ar:0.00
2021-04-13 21:18:30.694 T:4973 DEBUG : CVideoPlayerVideo::OutputPicture - ttd:273ms pts:28.696 Clock:28.422 Level:2
2021-04-13 21:18:30.696 T:4973 DEBUG : CAMLCodec::GetTimeSize: len:23 dl:1037154 fs:1036770 front:113
2021-04-13 21:18:30.699 T:4972 DEBUG : CVideoPlayer::ProcessVideoData size:10217 dts:37.121 pts:37.121 dur:41.000ms, clock:28.427 level:93
2021-04-13 21:18:30.699 T:4972 DEBUG : CVideoPlayer::ProcessAudioData size:484 dts:37.129 pts:37.129 dur:23.000ms, clock:28.427 drop:0 level:99
2021-04-13 21:18:30.699 T:4972 DEBUG : CVideoPlayer::ProcessAudioData size:440 dts:37.152 pts:37.152 dur:23.000ms, clock:28.427 drop:0 level:99
2021-04-13 21:18:30.701 T:4973 DEBUG : CAMLCodec::AddData: dl:1045446 sum:1045046 sz:8276 dts:29.697 pts:29.697 overflow:0
2021-04-13 21:18:30.701 T:4973 DEBUG : CAMLCodec::GetTimeSize: len:24 dl:1045446 fs:1045046 front:113
2021-04-13 21:18:30.726 T:4763 INFO : Skipped 4 duplicate messages..
2021-04-13 21:18:30.726 T:4763 DEBUG : CAMLCodec::PollFrame elapsed:38.283ms
2021-04-13 21:18:30.727 T:4763 DEBUG : PrepareNextRender: frameOnScreen: 28.455 renderPts: 28.622 nextFramePts: 28.612 -> diff: 0.010 render: 1 forceNext: 0
2021-04-13 21:18:30.728 T:4763 DEBUG : CAMLCodec::ReleaseFrame idx:686, drop:0
2021-04-13 21:18:30.732 T:4973 DEBUG : CAMLCodec::GetTimeSize: len:24 dl:1045317 fs:1045046 front:113
2021-04-13 21:18:30.732 T:4973 DEBUG : CAMLCodec::DequeueBuffer: pts:28.737 idx:689
2021-04-13 21:18:30.732 T:4973 DEBUG : CAMLCodec::GetPicture: index: 689, pts: 28.737, dur:41ms ar:0.00
2021-04-13 21:18:30.732 T:4973 DEBUG : CVideoPlayerVideo::OutputPicture - ttd:276ms pts:28.737 Clock:28.460 Level:2
2021-04-13 21:18:30.733 T:4973 DEBUG : CAMLCodec::GetTimeSize: len:24 dl:1045317 fs:1045046 front:113
2021-04-13 21:18:30.740 T:4973 DEBUG : CAMLCodec::GetTimeSize: len:24 dl:829858 fs:1045046 front:113
2021-04-13 21:18:30.740 T:4973 DEBUG : CAMLCodec::GetTimeSize: len:23 dl:829858 fs:1044933 front:215443
2021-04-13 21:18:30.740 T:4973 DEBUG : CAMLCodec::GetTimeSize: len:22 dl:829858 fs:829490 front:173735
2021-04-13 21:18:30.740 T:4974 DEBUG : CVideoPlayerAudio::OutputPacket: pts:29.211 curr_pts:28.468 clock:28.468 level:99
2021-04-13 21:18:30.741 T:4974 DEBUG : CVideoPlayerAudio::OutputPacket: pts:29.234 curr_pts:28.469 clock:28.468 level:99
2021-04-13 21:18:30.740 T:4972 DEBUG : CVideoPlayer::ProcessVideoData size:9247 dts:37.162 pts:37.162 dur:41.000ms, clock:28.468 level:93
2021-04-13 21:18:30.741 T:4972 DEBUG : CVideoPlayer::ProcessAudioData size:345 dts:37.175 pts:37.175 dur:23.000ms, clock:28.469 drop:0 level:99
2021-04-13 21:18:30.741 T:4972 DEBUG : CVideoPlayer::ProcessAudioData size:345 dts:37.198 pts:37.198 dur:23.000ms, clock:28.469 drop:0 level:99
2021-04-13 21:18:30.741 T:4973 DEBUG : CAMLCodec::DequeueBuffer: pts:28.779 idx:690
2021-04-13 21:18:30.741 T:4973 DEBUG : CAMLCodec::GetPicture: index: 690, pts: 28.779, dur:42ms ar:0.00
2021-04-13 21:18:30.741 T:4973 DEBUG : CVideoPlayerVideo::OutputPicture - ttd:310ms pts:28.779 Clock:28.469 Level:3
2021-04-13 21:18:30.742 T:4973 DEBUG : CAMLCodec::GetTimeSize: len:22 dl:829858 fs:829490 front:173735
2021-04-13 21:18:30.747 T:4973 DEBUG : CAMLCodec::AddData: dl:665525 sum:838900 sz:9410 dts:29.738 pts:29.738 overflow:0
2021-04-13 21:18:30.747 T:4973 DEBUG : CAMLCodec::GetTimeSize: len:23 dl:665525 fs:838900 front:173735
2021-04-13 21:18:30.747 T:4973 DEBUG : CAMLCodec::GetTimeSize: len:22 dl:665525 fs:665165 front:39674
2021-04-13 21:18:30.748 T:4973 DEBUG : CAMLCodec::DequeueBuffer: pts:28.821 idx:691
2021-04-13 21:18:30.748 T:4973 DEBUG : CAMLCodec::GetPicture: index: 691, pts: 28.821, dur:42ms ar:0.00
2021-04-13 21:18:30.748 T:4973 DEBUG : CVideoPlayerVideo::OutputPicture - ttd:345ms pts:28.821 Clock:28.476 Level:4
2021-04-13 21:18:30.749 T:4973 DEBUG : CAMLCodec::GetTimeSize: len:22 dl:665525 fs:665165 front:39674
2021-04-13 21:18:30.754 T:4973 DEBUG : CAMLCodec::AddData: dl:673338 sum:672962 sz:7797 dts:29.780 pts:29.780 overflow:0
2021-04-13 21:18:30.754 T:4973 DEBUG : CAMLCodec::GetTimeSize: len:23 dl:673338 fs:672962 front:39674
2021-04-13 21:18:30.759 T:4973 DEBUG : CAMLCodec::AddData: dl:683119 sum:682727 sz:9765 dts:29.822 pts:29.822 overflow:0
2021-04-13 21:18:30.759 T:4973 DEBUG : CAMLCodec::GetTimeSize: len:24 dl:683119 fs:682727 front:39674
2021-04-13 21:18:30.768 T:4763 INFO : Skipped 1 duplicate messages..
2021-04-13 21:18:30.768 T:4763 DEBUG : CAMLCodec::PollFrame elapsed:40.384ms
2021-04-13 21:18:30.769 T:4763 DEBUG : PrepareNextRender: frameOnScreen: 28.497 renderPts: 28.664 nextFramePts: 28.654 -> diff: 0.010 render: 1 forceNext: 0
2021-04-13 21:18:30.772 T:4973 DEBUG : CAMLCodec::GetTimeSize: len:24 dl:683119 fs:682727 front:39674
2021-04-13 21:18:30.772 T:4763 DEBUG : CAMLCodec::ReleaseFrame idx:687, drop:0
2021-04-13 21:18:30.778 T:4973 DEBUG : CAMLCodec::GetTimeSize: len:24 dl:643429 fs:682727 front:39674
2021-04-13 21:18:30.779 T:4973 DEBUG : CAMLCodec::GetTimeSize: len:23 dl:643429 fs:643053 front:23345
2021-04-13 21:18:30.779 T:4973 DEBUG : CAMLCodec::DequeueBuffer: pts:28.862 idx:692
2021-04-13 21:18:30.779 T:4973 DEBUG : CAMLCodec::GetPicture: index: 692, pts: 28.862, dur:41ms ar:0.00
2021-04-13 21:18:30.779 T:4973 DEBUG : CVideoPlayerVideo::OutputPicture - ttd:355ms pts:28.862 Clock:28.507 Level:4
2021-04-13 21:18:30.780 T:4973 DEBUG : CAMLCodec::GetTimeSize: len:23 dl:643429 fs:643053 front:23345
2021-04-13 21:18:30.785 T:4973 DEBUG : CAMLCodec::AddData: dl:651530 sum:651138 sz:8085 dts:29.863 pts:29.863 overflow:0
2021-04-13 21:18:30.785 T:4973 DEBUG : CAMLCodec::GetTimeSize: len:24 dl:651530 fs:651138 front:23345
2021-04-13 21:18:30.790 T:4974 DEBUG : CVideoPlayerAudio::OutputPacket: pts:29.257 curr_pts:28.518 clock:28.518 level:99
2021-04-13 21:18:30.790 T:4974 DEBUG : CVideoPlayerAudio::OutputPacket: pts:29.280 curr_pts:28.519 clock:28.518 level:99
2021-04-13 21:18:30.792 T:4972 DEBUG : CVideoPlayer::ProcessVideoData size:10218 dts:37.204 pts:37.204 dur:41.000ms, clock:28.520 level:91
2021-04-13 21:18:30.792 T:4972 DEBUG : CVideoPlayer::ProcessAudioData size:342 dts:37.222 pts:37.222 dur:23.000ms, clock:28.520 drop:0 level:99
2021-04-13 21:18:30.792 T:4972 DEBUG : CVideoPlayer::ProcessAudioData size:360 dts:37.245 pts:37.245 dur:23.000ms, clock:28.520 drop:0 level:99
2021-04-13 21:18:30.793 T:4973 DEBUG : CAMLCodec::GetTimeSize: len:24 dl:651530 fs:651138 front:23345
2021-04-13 21:18:30.810 T:4763 INFO : Skipped 2 duplicate messages..
2021-04-13 21:18:30.810 T:4763 DEBUG : CAMLCodec::PollFrame elapsed:37.229ms
2021-04-13 21:18:30.812 T:4973 DEBUG : CAMLCodec::GetTimeSize: len:24 dl:651530 fs:651138 front:23345
2021-04-13 21:18:30.813 T:4763 DEBUG : PrepareNextRender: frameOnScreen: 28.541 renderPts: 28.708 nextFramePts: 28.696 -> diff: 0.012 render: 1 forceNext: 0
2021-04-13 21:18:30.815 T:4763 DEBUG : CAMLCodec::ReleaseFrame idx:688, drop:0
2021-04-13 21:18:30.819 T:4973 DEBUG : CAMLCodec::GetTimeSize: len:24 dl:628169 fs:651138 front:23345
2021-04-13 21:18:30.819 T:4973 DEBUG : CAMLCodec::GetTimeSize: len:23 dl:628169 fs:627793 front:40078
2021-04-13 21:18:30.819 T:4973 DEBUG : CAMLCodec::DequeueBuffer: pts:28.904 idx:693
2021-04-13 21:18:30.819 T:4973 DEBUG : CAMLCodec::GetPicture: index: 693, pts: 28.904, dur:42ms ar:0.00
2021-04-13 21:18:30.819 T:4973 DEBUG : CVideoPlayerVideo::OutputPicture - ttd:357ms pts:28.904 Clock:28.547 Level:4
2021-04-13 21:18:30.820 T:4973 DEBUG : CAMLCodec::GetTimeSize: len:23 dl:628169 fs:627793 front:40078
2021-04-13 21:18:30.825 T:4973 DEBUG : CAMLCodec::AddData: dl:634701 sum:634309 sz:6516 dts:29.905 pts:29.905 overflow:0
2021-04-13 21:18:30.825 T:4973 DEBUG : CAMLCodec::GetTimeSize: len:24 dl:634701 fs:634309 front:40078
2021-04-13 21:18:30.840 T:4974 INFO : Skipped 2 duplicate messages..
2021-04-13 21:18:30.840 T:4974 DEBUG : CVideoPlayerAudio::OutputPacket: pts:29.304 curr_pts:28.568 clock:28.568 level:99
2021-04-13 21:18:30.840 T:4974 DEBUG : CVideoPlayerAudio::OutputPacket: pts:29.327 curr_pts:28.569 clock:28.568 level:99
2021-04-13 21:18:30.843 T:4972 DEBUG : CVideoPlayer::ProcessVideoData size:7253 dts:37.246 pts:37.246 dur:41.000ms, clock:28.571 level:91
2021-04-13 21:18:30.843 T:4972 DEBUG : CVideoPlayer::ProcessAudioData size:469 dts:37.268 pts:37.268 dur:23.000ms, clock:28.571 drop:0 level:99
2021-04-13 21:18:30.843 T:4972 DEBUG : CVideoPlayer::ProcessVideoData size:7288 dts:37.288 pts:37.288 dur:41.000ms, clock:28.571 level:92
2021-04-13 21:18:30.843 T:4972 DEBUG : CVideoPlayer::ProcessAudioData size:548 dts:37.291 pts:37.291 dur:23.000ms, clock:28.571 drop:0 level:99
2021-04-13 21:18:30.844 T:4973 DEBUG : CAMLCodec::GetTimeSize: len:24 dl:634701 fs:634309 front:40078
2021-04-13 21:18:30.852 T:4763 INFO : Skipped 1 duplicate messages..
2021-04-13 21:18:30.852 T:4763 DEBUG : CAMLCodec::PollFrame elapsed:36.042ms
2021-04-13 21:18:30.854 T:4763 DEBUG : PrepareNextRender: frameOnScreen: 28.582 renderPts: 28.749 nextFramePts: 28.737 -> diff: 0.012 render: 1 forceNext: 0
2021-04-13 21:18:30.856 T:4763 DEBUG : CAMLCodec::ReleaseFrame idx:689, drop:0
2021-04-13 21:18:30.857 T:4973 DEBUG : CAMLCodec::GetTimeSize: len:24 dl:594607 fs:634309 front:40078
2021-04-13 21:18:30.857 T:4973 DEBUG : CAMLCodec::GetTimeSize: len:23 dl:594607 fs:594231 front:47249
2021-04-13 21:18:30.857 T:4973 DEBUG : CAMLCodec::DequeueBuffer: pts:28.946 idx:694
2021-04-13 21:18:30.857 T:4973 DEBUG : CAMLCodec::GetPicture: index: 694, pts: 28.946, dur:42ms ar:0.00
2021-04-13 21:18:30.857 T:4973 DEBUG : CVideoPlayerVideo::OutputPicture - ttd:360ms pts:28.946 Clock:28.585 Level:4
2021-04-13 21:18:30.858 T:4973 DEBUG : CAMLCodec::GetTimeSize: len:23 dl:594607 fs:594231 front:47249
2021-04-13 21:18:30.863 T:4973 DEBUG : CAMLCodec::AddData: dl:595713 sum:595321 sz:1090 dts:29.947 pts:29.947 overflow:0
2021-04-13 21:18:30.863 T:4973 DEBUG : CAMLCodec::GetTimeSize: len:24 dl:595713 fs:595321 front:47249
2021-04-13 21:18:30.890 T:4974 INFO : Skipped 4 duplicate messages..
2021-04-13 21:18:30.890 T:4974 DEBUG : CVideoPlayerAudio::OutputPacket: pts:29.350 curr_pts:28.619 clock:28.618 level:99
2021-04-13 21:18:30.890 T:4974 DEBUG : CVideoPlayerAudio::OutputPacket: pts:29.373 curr_pts:28.619 clock:28.618 level:99
2021-04-13 21:18:30.891 T:4974 DEBUG : CVideoPlayerAudio::OutputPacket: pts:29.396 curr_pts:28.619 clock:28.619 level:99
2021-04-13 21:18:30.893 T:4763 DEBUG : CAMLCodec::PollFrame elapsed:36.589ms
2021-04-13 21:18:30.894 T:4972 DEBUG : CVideoPlayer::ProcessAudioData size:314 dts:37.314 pts:37.314 dur:23.000ms, clock:28.622 drop:0 level:99
2021-04-13 21:18:30.894 T:4972 DEBUG : CVideoPlayer::ProcessVideoData size:8651 dts:37.329 pts:37.329 dur:41.000ms, clock:28.622 level:92
2021-04-13 21:18:30.894 T:4972 DEBUG : CVideoPlayer::ProcessAudioData size:334 dts:37.338 pts:37.338 dur:23.000ms, clock:28.622 drop:0 level:99
2021-04-13 21:18:30.894 T:4972 DEBUG : CVideoPlayer::ProcessAudioData size:346 dts:37.361 pts:37.361 dur:23.000ms, clock:28.622 drop:0 level:99
2021-04-13 21:18:30.895 T:4973 DEBUG : CAMLCodec::GetTimeSize: len:24 dl:595713 fs:595321 front:47249
2021-04-13 21:18:30.896 T:4763 DEBUG : PrepareNextRender: frameOnScreen: 28.624 renderPts: 28.790 nextFramePts: 28.779 -> diff: 0.011 render: 1 forceNext: 0
2021-04-13 21:18:30.899 T:4763 DEBUG : CAMLCodec::ReleaseFrame idx:690, drop:0
2021-04-13 21:18:30.902 T:4973 DEBUG : CAMLCodec::GetTimeSize: len:24 dl:548448 fs:595321 front:47249
2021-04-13 21:18:30.902 T:4973 DEBUG : CAMLCodec::GetTimeSize: len:23 dl:548448 fs:548072 front:26914
2021-04-13 21:18:30.902 T:4973 DEBUG : CAMLCodec::DequeueBuffer: pts:28.988 idx:695
2021-04-13 21:18:30.902 T:4973 DEBUG : CAMLCodec::GetPicture: index: 695, pts: 28.988, dur:42ms ar:0.00
2021-04-13 21:18:30.902 T:4973 DEBUG : CVideoPlayerVideo::OutputPicture - ttd:357ms pts:28.988 Clock:28.630 Level:4
2021-04-13 21:18:30.903 T:4973 DEBUG : CAMLCodec::GetTimeSize: len:23 dl:548448 fs:548072 front:26914
2021-04-13 21:18:30.909 T:4973 DEBUG : frame_number : 2, mag : 3; index_sz : 8
2021-04-13 21:18:30.911 T:4973 DEBUG : CAMLCodec::AddData: dl:642984 sum:642584 sz:94512 dts:29.989 pts:29.989 overflow:0
2021-04-13 21:18:30.911 T:4973 DEBUG : CAMLCodec::GetTimeSize: len:24 dl:642984 fs:642584 front:26914
2021-04-13 21:18:30.935 T:4763 INFO : Skipped 3 duplicate messages..
2021-04-13 21:18:30.935 T:4763 DEBUG : CAMLCodec::PollFrame elapsed:36.066ms
2021-04-13 21:18:30.936 T:4973 DEBUG : CAMLCodec::GetTimeSize: len:24 dl:642984 fs:642584 front:26914
2021-04-13 21:18:30.938 T:4763 DEBUG : PrepareNextRender: frameOnScreen: 28.666 renderPts: 28.833 nextFramePts: 28.821 -> diff: 0.012 render: 1 forceNext: 0
2021-04-13 21:18:30.940 T:4974 DEBUG : CVideoPlayerAudio::OutputPacket: pts:29.420 curr_pts:28.667 clock:28.668 level:99
2021-04-13 21:18:30.940 T:4974 DEBUG : CVideoPlayerAudio::OutputPacket: pts:29.443 curr_pts:28.669 clock:28.668 level:99
2021-04-13 21:18:30.941 T:4763 DEBUG : CAMLCodec::ReleaseFrame idx:691, drop:0
2021-04-13 21:18:30.943 T:4973 DEBUG : CAMLCodec::GetTimeSize: len:24 dl:616054 fs:642584 front:26914
2021-04-13 21:18:30.943 T:4973 DEBUG : CAMLCodec::GetTimeSize: len:23 dl:616054 fs:615670 front:31659
2021-04-13 21:18:30.943 T:4973 DEBUG : CAMLCodec::DequeueBuffer: pts:29.029 idx:696
2021-04-13 21:18:30.943 T:4973 DEBUG : CAMLCodec::GetPicture: index: 696, pts: 29.029, dur:41ms ar:0.00
2021-04-13 21:18:30.943 T:4973 DEBUG : CVideoPlayerVideo::OutputPicture - ttd:358ms pts:29.029 Clock:28.671 Level:4
2021-04-13 21:18:30.944 T:4973 DEBUG : CAMLCodec::GetTimeSize: len:23 dl:616054 fs:615670 front:31659
2021-04-13 21:18:30.945 T:4972 DEBUG : CVideoPlayer::ProcessVideoData size:8566 dts:37.371 pts:37.371 dur:41.000ms, clock:28.673 level:92
2021-04-13 21:18:30.945 T:4972 DEBUG : CVideoPlayer::ProcessAudioData size:349 dts:37.384 pts:37.384 dur:23.000ms, clock:28.673 drop:0 level:99
2021-04-13 21:18:30.945 T:4972 DEBUG : CVideoPlayer::ProcessAudioData size:341 dts:37.407 pts:37.407 dur:23.000ms, clock:28.673 drop:0 level:99
2021-04-13 21:18:30.949 T:4973 DEBUG : CAMLCodec::AddData: dl:622805 sum:622405 sz:6735 dts:30.030 pts:30.030 overflow:0
2021-04-13 21:18:30.949 T:4973 DEBUG : CAMLCodec::GetTimeSize: len:24 dl:622805 fs:622405 front:31659
2021-04-13 21:18:30.977 T:4763 INFO : Skipped 4 duplicate messages..
2021-04-13 21:18:30.977 T:4763 DEBUG : CAMLCodec::PollFrame elapsed:35.675ms
2021-04-13 21:18:30.980 T:4763 DEBUG : PrepareNextRender: frameOnScreen: 28.707 renderPts: 28.874 nextFramePts: 28.862 -> diff: 0.012 render: 1 forceNext: 0
2021-04-13 21:18:30.981 T:4973 DEBUG : CAMLCodec::GetTimeSize: len:24 dl:622805 fs:622405 front:31659
2021-04-13 21:18:30.982 T:4763 DEBUG : CAMLCodec::ReleaseFrame idx:692, drop:0
2021-04-13 21:18:30.988 T:4973 DEBUG : CAMLCodec::GetTimeSize: len:24 dl:591130 fs:622405 front:31659
2021-04-13 21:18:30.988 T:4973 DEBUG : CAMLCodec::GetTimeSize: len:23 dl:591130 fs:590746 front:32189
2021-04-13 21:18:30.988 T:4973 DEBUG : CAMLCodec::DequeueBuffer: pts:29.071 idx:697
2021-04-13 21:18:30.988 T:4973 DEBUG : CAMLCodec::GetPicture: index: 697, pts: 29.071, dur:42ms ar:0.00
2021-04-13 21:18:30.988 T:4973 DEBUG : CVideoPlayerVideo::OutputPicture - ttd:355ms pts:29.071 Clock:28.716 Level:4
2021-04-13 21:18:30.989 T:4973 DEBUG : CAMLCodec::GetTimeSize: len:23 dl:591130 fs:590746 front:32189
2021-04-13 21:18:30.990 T:4974 DEBUG : CVideoPlayerAudio::OutputPacket: pts:29.466 curr_pts:28.718 clock:28.717 level:99
2021-04-13 21:18:30.990 T:4974 DEBUG : CVideoPlayerAudio::OutputPacket: pts:29.489 curr_pts:28.718 clock:28.718 level:99
2021-04-13 21:18:30.994 T:4973 DEBUG : CAMLCodec::AddData: dl:596576 sum:596176 sz:5430 dts:30.072 pts:30.072 overflow:0
2021-04-13 21:18:30.994 T:4973 DEBUG : CAMLCodec::GetTimeSize: len:24 dl:596576 fs:596176 front:32189
2021-04-13 21:18:30.995 T:4972 DEBUG : CVideoPlayer::ProcessVideoData size:1465 dts:37.413 pts:37.413 dur:41.000ms, clock:28.723 level:91
2021-04-13 21:18:30.996 T:4972 DEBUG : CVideoPlayer::ProcessAudioData size:456 dts:37.431 pts:37.431 dur:23.000ms, clock:28.723 drop:0 level:99
2021-04-13 21:18:30.996 T:4972 DEBUG : CVideoPlayer::ProcessVideoData size:8612 dts:37.454 pts:37.454 dur:41.000ms, clock:28.724 level:92
2021-04-13 21:18:30.996 T:4972 DEBUG : CVideoPlayer::ProcessAudioData size:449 dts:37.454 pts:37.454 dur:23.000ms, clock:28.724 drop:0 level:99
2021-04-13 21:18:31.001 T:4973 DEBUG : CAMLCodec::GetTimeSize: len:24 dl:596576 fs:596176 front:32189
2021-04-13 21:18:31.018 T:4763 INFO : Skipped 2 duplicate messages..
2021-04-13 21:18:31.018 T:4763 DEBUG : CAMLCodec::PollFrame elapsed:35.919ms
2021-04-13 21:18:31.020 T:4973 DEBUG : CAMLCodec::GetTimeSize: len:24 dl:596576 fs:596176 front:32189
2021-04-13 21:18:31.021 T:4763 DEBUG : PrepareNextRender: frameOnScreen: 28.749 renderPts: 28.915 nextFramePts: 28.904 -> diff: 0.011 render: 1 forceNext: 0
2021-04-13 21:18:31.023 T:4763 DEBUG : CAMLCodec::ReleaseFrame idx:693, drop:0
2021-04-13 21:18:31.026 T:4973 DEBUG : CAMLCodec::GetTimeSize: len:24 dl:596576 fs:596176 front:32189
2021-04-13 21:18:31.040 T:4974 INFO : Skipped 2 duplicate messages..
2021-04-13 21:18:31.040 T:4974 DEBUG : CVideoPlayerAudio::OutputPacket: pts:29.513 curr_pts:28.768 clock:28.768 level:99
2021-04-13 21:18:31.040 T:4974 DEBUG : CVideoPlayerAudio::OutputPacket: pts:29.536 curr_pts:28.769 clock:28.768 level:99
2021-04-13 21:18:31.045 T:4973 DEBUG : CAMLCodec::GetTimeSize: len:24 dl:596576 fs:596176 front:32189
2021-04-13 21:18:31.046 T:4972 DEBUG : CVideoPlayer::ProcessAudioData size:378 dts:37.477 pts:37.477 dur:23.000ms, clock:28.774 drop:0 level:99
2021-04-13 21:18:31.047 T:4972 DEBUG : CVideoPlayer::ProcessVideoData size:5788 dts:37.496 pts:37.496 dur:41.000ms, clock:28.774 level:92
2021-04-13 21:18:31.047 T:4972 DEBUG : CVideoPlayer::ProcessAudioData size:380 dts:37.500 pts:37.500 dur:23.000ms, clock:28.775 drop:0 level:99
2021-04-13 21:18:31.051 T:4973 DEBUG : CAMLCodec::GetTimeSize: len:24 dl:596576 fs:596176 front:32189
2021-04-13 21:18:31.060 T:4763 INFO : Skipped 1 duplicate messages..
2021-04-13 21:18:31.060 T:4763 DEBUG : CAMLCodec::PollFrame elapsed:37.296ms
2021-04-13 21:18:31.063 T:4763 DEBUG : PrepareNextRender: frameOnScreen: 28.791 renderPts: 28.958 nextFramePts: 28.946 -> diff: 0.012 render: 1 forceNext: 0
2021-04-13 21:18:31.064 T:4973 DEBUG : CAMLCodec::GetTimeSize: len:24 dl:596576 fs:596176 front:32189
2021-04-13 21:18:31.065 T:4763 DEBUG : CAMLCodec::ReleaseFrame idx:694, drop:0
2021-04-13 21:18:31.070 T:4973 DEBUG : CAMLCodec::GetTimeSize: len:24 dl:564371 fs:596176 front:32189
2021-04-13 21:18:31.070 T:4973 DEBUG : CAMLCodec::GetTimeSize: len:23 dl:564371 fs:563987 front:32820
2021-04-13 21:18:31.070 T:4973 DEBUG : CAMLCodec::DequeueBuffer: pts:29.113 idx:698
2021-04-13 21:18:31.070 T:4973 DEBUG : CAMLCodec::GetPicture: index: 698, pts: 29.113, dur:42ms ar:0.00
2021-04-13 21:18:31.070 T:4973 DEBUG : CVideoPlayerVideo::OutputPicture - ttd:314ms pts:29.113 Clock:28.798 Level:3
2021-04-13 21:18:31.072 T:4973 DEBUG : CAMLCodec::GetTimeSize: len:23 dl:564371 fs:563987 front:32820
2021-04-13 21:18:31.077 T:4973 DEBUG : CAMLCodec::AddData: dl:569839 sum:569439 sz:5452 dts:30.114 pts:30.114 overflow:0
2021-04-13 21:18:31.077 T:4973 DEBUG : CAMLCodec::GetTimeSize: len:24 dl:569839 fs:569439 front:32820
2021-04-13 21:18:31.090 T:4974 INFO : Skipped 2 duplicate messages..
2021-04-13 21:18:31.090 T:4974 DEBUG : CVideoPlayerAudio::OutputPacket: pts:29.559 curr_pts:28.818 clock:28.818 level:99
2021-04-13 21:18:31.090 T:4974 DEBUG : CVideoPlayerAudio::OutputPacket: pts:29.582 curr_pts:28.818 clock:28.818 level:99
2021-04-13 21:18:31.096 T:4973 DEBUG : CAMLCodec::GetTimeSize: len:24 dl:569839 fs:569439 front:32820
2021-04-13 21:18:31.097 T:4972 DEBUG : CVideoPlayer::ProcessAudioData size:304 dts:37.523 pts:37.523 dur:23.000ms, clock:28.825 drop:0 level:99
2021-04-13 21:18:31.097 T:4972 DEBUG : CVideoPlayer::ProcessVideoData size:5574 dts:37.538 pts:37.538 dur:41.000ms, clock:28.825 level:92
2021-04-13 21:18:31.097 T:4972 DEBUG : CVideoPlayer::ProcessAudioData size:313 dts:37.547 pts:37.547 dur:23.000ms, clock:28.825 drop:0 level:99
2021-04-13 21:18:31.102 T:4763 DEBUG : CAMLCodec::PollFrame elapsed:36.388ms
2021-04-13 21:18:31.102 T:4973 DEBUG : CAMLCodec::GetTimeSize: len:24 dl:569839 fs:569439 front:32820
2021-04-13 21:18:31.105 T:4763 DEBUG : PrepareNextRender: frameOnScreen: 28.833 renderPts: 29.000 nextFramePts: 28.988 -> diff: 0.012 render: 1 forceNext: 0
2021-04-13 21:18:31.108 T:4763 DEBUG : CAMLCodec::ReleaseFrame idx:695, drop:0
2021-04-13 21:18:31.108 T:4973 DEBUG : CAMLCodec::GetTimeSize: len:24 dl:537003 fs:569439 front:32820
2021-04-13 21:18:31.108 T:4973 DEBUG : CAMLCodec::GetTimeSize: len:23 dl:537003 fs:536619 front:22356
2021-04-13 21:18:31.108 T:4973 DEBUG : CAMLCodec::DequeueBuffer: pts:29.154 idx:699
2021-04-13 21:18:31.109 T:4973 DEBUG : CAMLCodec::GetPicture: index: 699, pts: 29.154, dur:41ms ar:0.00
2021-04-13 21:18:31.109 T:4973 DEBUG : CVideoPlayerVideo::OutputPicture - ttd:317ms pts:29.154 Clock:28.836 Level:3
2021-04-13 21:18:31.110 T:4973 DEBUG : CAMLCodec::GetTimeSize: len:23 dl:537003 fs:536619 front:22356
2021-04-13 21:18:31.115 T:4973 DEBUG : CAMLCodec::AddData: dl:542250 sum:541850 sz:5231 dts:30.155 pts:30.155 overflow:0
2021-04-13 21:18:31.115 T:4973 DEBUG : CAMLCodec::GetTimeSize: len:24 dl:542250 fs:541850 front:22356
2021-04-13 21:18:31.140 T:4974 INFO : Skipped 3 duplicate messages..
2021-04-13 21:18:31.140 T:4974 DEBUG : CVideoPlayerAudio::OutputPacket: pts:29.605 curr_pts:28.868 clock:28.868 level:99
2021-04-13 21:18:31.140 T:4974 DEBUG : CVideoPlayerAudio::OutputPacket: pts:29.629 curr_pts:28.868 clock:28.868 level:99
2021-04-13 21:18:31.140 T:4973 DEBUG : CAMLCodec::GetTimeSize: len:24 dl:542250 fs:541850 front:22356
2021-04-13 21:18:31.144 T:4763 DEBUG : CAMLCodec::PollFrame elapsed:35.450ms
2021-04-13 21:18:31.146 T:4763 DEBUG : PrepareNextRender: frameOnScreen: 28.874 renderPts: 29.041 nextFramePts: 29.029 -> diff: 0.012 render: 1 forceNext: 0
2021-04-13 21:18:31.147 T:4973 DEBUG : CAMLCodec::GetTimeSize: len:24 dl:542250 fs:541850 front:22356
2021-04-13 21:18:31.148 T:4972 DEBUG : CVideoPlayer::ProcessAudioData size:323 dts:37.570 pts:37.570 dur:23.000ms, clock:28.876 drop:0 level:99
2021-04-13 21:18:31.149 T:4972 DEBUG : CVideoPlayer::ProcessVideoData size:4396 dts:37.579 pts:37.579 dur:41.000ms, clock:28.876 level:92
2021-04-13 21:18:31.149 T:4763 DEBUG : CAMLCodec::ReleaseFrame idx:696, drop:0
2021-04-13 21:18:31.149 T:4972 DEBUG : CVideoPlayer::ProcessAudioData size:327 dts:37.593 pts:37.593 dur:23.000ms, clock:28.877 drop:0 level:99
2021-04-13 21:18:31.153 T:4973 DEBUG : CAMLCodec::GetTimeSize: len:24 dl:519878 fs:541850 front:22356
2021-04-13 21:18:31.153 T:4973 DEBUG : CAMLCodec::GetTimeSize: len:23 dl:519878 fs:519494 front:123
2021-04-13 21:18:31.153 T:4973 DEBUG : CAMLCodec::DequeueBuffer: pts:29.196 idx:700
2021-04-13 21:18:31.153 T:4973 DEBUG : CAMLCodec::GetPicture: index: 700, pts: 29.196, dur:42ms ar:0.00
2021-04-13 21:18:31.153 T:4973 DEBUG : CVideoPlayerVideo::OutputPicture - ttd:314ms pts:29.196 Clock:28.881 Level:3
2021-04-13 21:18:31.155 T:4973 DEBUG : CAMLCodec::GetTimeSize: len:23 dl:519878 fs:519494 front:123
2021-04-13 21:18:31.160 T:4973 DEBUG : CAMLCodec::AddData: dl:526009 sum:525609 sz:6115 dts:30.197 pts:30.197 overflow:0
2021-04-13 21:18:31.160 T:4973 DEBUG : CAMLCodec::GetTimeSize: len:24 dl:526009 fs:525609 front:123
2021-04-13 21:18:31.185 T:4763 INFO : Skipped 4 duplicate messages..
2021-04-13 21:18:31.185 T:4763 DEBUG : CAMLCodec::PollFrame elapsed:36.345ms
2021-04-13 21:18:31.189 T:4763 DEBUG : PrepareNextRender: frameOnScreen: 28.917 renderPts: 29.083 nextFramePts: 29.071 -> diff: 0.012 render: 1 forceNext: 0
2021-04-13 21:18:31.190 T:4974 DEBUG : CVideoPlayerAudio::OutputPacket: pts:29.652 curr_pts:28.918 clock:28.918 level:99
2021-04-13 21:18:31.191 T:4974 DEBUG : CVideoPlayerAudio::OutputPacket: pts:29.675 curr_pts:28.919 clock:28.919 level:99
2021-04-13 21:18:31.191 T:4974 DEBUG : CVideoPlayerAudio::OutputPacket: pts:29.698 curr_pts:28.919 clock:28.919 level:99
2021-04-13 21:18:31.192 T:4763 DEBUG : CAMLCodec::ReleaseFrame idx:697, drop:0
2021-04-13 21:18:31.193 T:4973 DEBUG : CAMLCodec::GetTimeSize: len:24 dl:525870 fs:525609 front:123
2021-04-13 21:18:31.193 T:4973 DEBUG : CAMLCodec::DequeueBuffer: pts:29.238 idx:701
2021-04-13 21:18:31.193 T:4973 DEBUG : CAMLCodec::GetPicture: index: 701, pts: 29.238, dur:42ms ar:0.00
2021-04-13 21:18:31.193 T:4973 DEBUG : CVideoPlayerVideo::OutputPicture - ttd:317ms pts:29.238 Clock:28.921 Level:3
2021-04-13 21:18:31.194 T:4973 DEBUG : CAMLCodec::GetTimeSize: len:24 dl:525870 fs:525609 front:123
2021-04-13 21:18:31.200 T:4972 DEBUG : CVideoPlayer::ProcessAudioData size:336 dts:37.616 pts:37.616 dur:23.000ms, clock:28.927 drop:0 level:99
2021-04-13 21:18:31.200 T:4972 DEBUG : CVideoPlayer::ProcessVideoData size:8687 dts:37.621 pts:37.621 dur:41.000ms, clock:28.928 level:92
2021-04-13 21:18:31.200 T:4972 DEBUG : CVideoPlayer::ProcessAudioData size:338 dts:37.640 pts:37.640 dur:23.000ms, clock:28.928 drop:0 level:99
2021-04-13 21:18:31.200 T:4972 DEBUG : CVideoPlayer::ProcessVideoData size:6536 dts:37.663 pts:37.663 dur:41.000ms, clock:28.928 level:93
2021-04-13 21:18:31.200 T:4972 DEBUG : CVideoPlayer::ProcessAudioData size:353 dts:37.663 pts:37.663 dur:23.000ms, clock:28.928 drop:0 level:99
2021-04-13 21:18:31.201 T:4973 DEBUG : CAMLCodec::GetTimeSize: len:24 dl:503840 fs:525609 front:123
2021-04-13 21:18:31.201 T:4973 DEBUG : CAMLCodec::GetTimeSize: len:23 dl:503840 fs:525486 front:22014
2021-04-13 21:18:31.201 T:4973 DEBUG : CAMLCodec::GetTimeSize: len:22 dl:503840 fs:503472 front:41425
2021-04-13 21:18:31.201 T:4973 DEBUG : CAMLCodec::DequeueBuffer: pts:29.280 idx:702
2021-04-13 21:18:31.201 T:4973 DEBUG : CAMLCodec::GetPicture: index: 702, pts: 29.280, dur:42ms ar:0.00
2021-04-13 21:18:31.202 T:4973 DEBUG : CVideoPlayerVideo::OutputPicture - ttd:350ms pts:29.280 Clock:28.929 Level:4
2021-04-13 21:18:31.203 T:4973 DEBUG : CAMLCodec::GetTimeSize: len:22 dl:503840 fs:503472 front:41425
2021-04-13 21:18:31.208 T:4973 DEBUG : CAMLCodec::AddData: dl:509556 sum:509172 sz:5700 dts:30.239 pts:30.239 overflow:0
2021-04-13 21:18:31.208 T:4973 DEBUG : CAMLCodec::GetTimeSize: len:23 dl:509556 fs:509172 front:41425
2021-04-13 21:18:31.213 T:4973 DEBUG : CAMLCodec::AddData: dl:514643 sum:514243 sz:5071 dts:30.281 pts:30.281 overflow:0
2021-04-13 21:18:31.213 T:4973 DEBUG : CAMLCodec::GetTimeSize: len:24 dl:514643 fs:514243 front:41425
2021-04-13 21:18:31.227 T:4763 INFO : Skipped 2 duplicate messages..
2021-04-13 21:18:31.227 T:4763 DEBUG : CAMLCodec::PollFrame elapsed:34.163ms
2021-04-13 21:18:31.230 T:4763 DEBUG : PrepareNextRender: frameOnScreen: 28.958 renderPts: 29.125 nextFramePts: 29.113 -> diff: 0.012 render: 1 forceNext: 0
2021-04-13 21:18:31.232 T:4973 DEBUG : CAMLCodec::GetTimeSize: len:24 dl:514643 fs:514243 front:41425
2021-04-13 21:18:31.232 T:4763 DEBUG : CAMLCodec::ReleaseFrame idx:698, drop:0
2021-04-13 21:18:31.239 T:4973 DEBUG : CAMLCodec::GetTimeSize: len:24 dl:473202 fs:514243 front:41425
2021-04-13 21:18:31.239 T:4973 DEBUG : CAMLCodec::GetTimeSize: len:23 dl:473202 fs:472818 front:19077
2021-04-13 21:18:31.239 T:4973 DEBUG : CAMLCodec::DequeueBuffer: pts:29.321 idx:703
2021-04-13 21:18:31.239 T:4973 DEBUG : CAMLCodec::GetPicture: index: 703, pts: 29.321, dur:41ms ar:0.00
2021-04-13 21:18:31.239 T:4973 DEBUG : CVideoPlayerVideo::OutputPicture - ttd:354ms pts:29.321 Clock:28.967 Level:4
2021-04-13 21:18:31.240 T:4973 DEBUG : CAMLCodec::GetTimeSize: len:23 dl:473202 fs:472818 front:19077
2021-04-13 21:18:31.240 T:4974 DEBUG : CVideoPlayerAudio::OutputPacket: pts:29.722 curr_pts:28.968 clock:28.968 level:99
2021-04-13 21:18:31.240 T:4974 DEBUG : CVideoPlayerAudio::OutputPacket: pts:29.745 curr_pts:28.969 clock:28.968 level:99
2021-04-13 21:18:31.241 T:4972 DEBUG : CVideoPlayer::ProcessAudioData size:354 dts:37.686 pts:37.686 dur:23.000ms, clock:28.969 drop:0 level:99
2021-04-13 21:18:31.241 T:4972 DEBUG : CVideoPlayer::ProcessVideoData size:87234 dts:37.705 pts:37.705 dur:41.000ms, clock:28.969 level:92
2021-04-13 21:18:31.242 T:4972 DEBUG : CVideoPlayer::ProcessAudioData size:360 dts:37.709 pts:37.709 dur:23.000ms, clock:28.969 drop:0 level:99
2021-04-13 21:18:31.245 T:4973 DEBUG : CAMLCodec::AddData: dl:477688 sum:477288 sz:4470 dts:30.322 pts:30.322 overflow:0
2021-04-13 21:18:31.245 T:4973 DEBUG : CAMLCodec::GetTimeSize: len:24 dl:477688 fs:477288 front:19077
2021-04-13 21:18:31.269 T:4763 INFO : Skipped 3 duplicate messages..
2021-04-13 21:18:31.269 T:4763 DEBUG : CAMLCodec::PollFrame elapsed:36.301ms
2021-04-13 21:18:31.270 T:4973 DEBUG : CAMLCodec::GetTimeSize: len:24 dl:477688 fs:477288 front:19077
2021-04-13 21:18:31.272 T:4763 DEBUG : PrepareNextRender: frameOnScreen: 29.000 renderPts: 29.167 nextFramePts: 29.154 -> diff: 0.013 render: 1 forceNext: 0
2021-04-13 21:18:31.275 T:4763 DEBUG : CAMLCodec::ReleaseFrame idx:699, drop:0
2021-04-13 21:18:31.277 T:4973 DEBUG : CAMLCodec::GetTimeSize: len:24 dl:458595 fs:477288 front:19077
2021-04-13 21:18:31.277 T:4973 DEBUG : CAMLCodec::GetTimeSize: len:23 dl:458595 fs:458211 front:21012
2021-04-13 21:18:31.277 T:4973 DEBUG : CAMLCodec::DequeueBuffer: pts:29.363 idx:704
2021-04-13 21:18:31.277 T:4973 DEBUG : CAMLCodec::GetPicture: index: 704, pts: 29.363, dur:42ms ar:0.00
2021-04-13 21:18:31.277 T:4973 DEBUG : CVideoPlayerVideo::OutputPicture - ttd:357ms pts:29.363 Clock:29.005 Level:4
2021-04-13 21:18:31.278 T:4973 DEBUG : CAMLCodec::GetTimeSize: len:23 dl:458595 fs:458211 front:21012
2021-04-13 21:18:31.283 T:4973 DEBUG : CAMLCodec::AddData: dl:462035 sum:461635 sz:3424 dts:30.364 pts:30.364 overflow:0
2021-04-13 21:18:31.283 T:4973 DEBUG : CAMLCodec::GetTimeSize: len:24 dl:462035 fs:461635 front:21012
2021-04-13 21:18:31.290 T:4974 INFO : Skipped 1 duplicate messages..
2021-04-13 21:18:31.290 T:4974 DEBUG : CVideoPlayerAudio::OutputPacket: pts:29.768 curr_pts:29.018 clock:29.018 level:99
2021-04-13 21:18:31.290 T:4974 DEBUG : CVideoPlayerAudio::OutputPacket: pts:29.791 curr_pts:29.019 clock:29.018 level:99
2021-04-13 21:18:31.292 T:4972 DEBUG : CVideoPlayer::ProcessAudioData size:351 dts:37.732 pts:37.732 dur:23.000ms, clock:29.020 drop:0 level:99
2021-04-13 21:18:31.293 T:4972 DEBUG : CVideoPlayer::ProcessVideoData size:57091 dts:37.746 pts:37.746 dur:41.000ms, clock:29.021 level:92
2021-04-13 21:18:31.293 T:4972 DEBUG : CVideoPlayer::ProcessAudioData size:351 dts:37.756 pts:37.756 dur:23.000ms, clock:29.021 drop:0 level:99
2021-04-13 21:18:31.296 T:4973 DEBUG : CAMLCodec::GetTimeSize: len:24 dl:462035 fs:461635 front:21012
2021-04-13 21:18:31.310 T:4763 INFO : Skipped 2 duplicate messages..
2021-04-13 21:18:31.310 T:4763 DEBUG : CAMLCodec::PollFrame elapsed:35.510ms
2021-04-13 21:18:31.314 T:4763 DEBUG : PrepareNextRender: frameOnScreen: 29.042 renderPts: 29.209 nextFramePts: 29.196 -> diff: 0.013 render: 1 forceNext: 0
2021-04-13 21:18:31.315 T:4973 DEBUG : CAMLCodec::GetTimeSize: len:24 dl:462035 fs:461635 front:21012
2021-04-13 21:18:31.316 T:4763 DEBUG : CAMLCodec::ReleaseFrame idx:700, drop:0
2021-04-13 21:18:31.321 T:4973 DEBUG : CAMLCodec::GetTimeSize: len:24 dl:441007 fs:461635 front:21012
2021-04-13 21:18:31.321 T:4973 DEBUG : CAMLCodec::GetTimeSize: len:23 dl:441007 fs:440623 front:97167
2021-04-13 21:18:31.322 T:4973 DEBUG : CAMLCodec::DequeueBuffer: pts:29.405 idx:705
2021-04-13 21:18:31.322 T:4973 DEBUG : CAMLCodec::GetPicture: index: 705, pts: 29.405, dur:42ms ar:0.00
2021-04-13 21:18:31.322 T:4973 DEBUG : CVideoPlayerVideo::OutputPicture - ttd:355ms pts:29.405 Clock:29.050 Level:4
2021-04-13 21:18:31.323 T:4973 DEBUG : CAMLCodec::GetTimeSize: len:23 dl:441007 fs:440623 front:97167
2021-04-13 21:18:31.328 T:4973 DEBUG : CAMLCodec::AddData: dl:441638 sum:441238 sz:615 dts:30.406 pts:30.406 overflow:0
2021-04-13 21:18:31.328 T:4973 DEBUG : CAMLCodec::GetTimeSize: len:24 dl:441638 fs:441238 front:97167
2021-04-13 21:18:31.340 T:4974 INFO : Skipped 1 duplicate messages..
2021-04-13 21:18:31.340 T:4974 DEBUG : CVideoPlayerAudio::OutputPacket: pts:29.814 curr_pts:29.068 clock:29.068 level:99
2021-04-13 21:18:31.340 T:4974 DEBUG : CVideoPlayerAudio::OutputPacket: pts:29.838 curr_pts:29.068 clock:29.068 level:99
2021-04-13 21:18:31.340 T:4973 DEBUG : CAMLCodec::GetTimeSize: len:24 dl:441638 fs:441238 front:97167
2021-04-13 21:18:31.343 T:4972 DEBUG : CVideoPlayer::ProcessAudioData size:376 dts:37.779 pts:37.779 dur:23.000ms, clock:29.071 drop:0 level:99
2021-04-13 21:18:31.344 T:4972 DEBUG : CVideoPlayer::ProcessVideoData size:1949 dts:37.788 pts:37.788 dur:41.000ms, clock:29.071 level:92
2021-04-13 21:18:31.344 T:4972 DEBUG : CVideoPlayer::ProcessAudioData size:388 dts:37.802 pts:37.802 dur:23.000ms, clock:29.072 drop:0 level:99
2021-04-13 21:18:31.347 T:4973 DEBUG : CAMLCodec::GetTimeSize: len:24 dl:441638 fs:441238 front:97167
2021-04-13 21:18:31.352 T:4763 DEBUG : CAMLCodec::PollFrame elapsed:35.372ms
2021-04-13 21:18:31.353 T:4973 DEBUG : CAMLCodec::GetTimeSize: len:24 dl:441638 fs:441238 front:97167
2021-04-13 21:18:31.355 T:4763 DEBUG : PrepareNextRender: frameOnScreen: 29.083 renderPts: 29.249 nextFramePts: 29.238 -> diff: 0.011 render: 1 forceNext: 0
2021-04-13 21:18:31.356 T:4763 DEBUG : CAMLCodec::ReleaseFrame idx:701, drop:0
2021-04-13 21:18:31.360 T:4973 DEBUG : CAMLCodec::GetTimeSize: len:24 dl:344455 fs:441238 front:97167
2021-04-13 21:18:31.360 T:4973 DEBUG : CAMLCodec::GetTimeSize: len:23 dl:344455 fs:344071 front:112936
2021-04-13 21:18:31.360 T:4973 DEBUG : CAMLCodec::DequeueBuffer: pts:29.446 idx:706
2021-04-13 21:18:31.360 T:4973 DEBUG : CAMLCodec::GetPicture: index: 706, pts: 29.446, dur:41ms ar:0.00
2021-04-13 21:18:31.360 T:4973 DEBUG : CVideoPlayerVideo::OutputPicture - ttd:358ms pts:29.446 Clock:29.088 Level:4
2021-04-13 21:18:31.361 T:4973 DEBUG : CAMLCodec::GetTimeSize: len:23 dl:344455 fs:344071 front:112936
2021-04-13 21:18:31.366 T:4973 DEBUG : frame_number : 2, mag : 2; index_sz : 6
2021-04-13 21:18:31.368 T:4973 DEBUG : CAMLCodec::AddData: dl:289723 sum:402273 sz:58202 dts:30.447 pts:30.447 overflow:0
2021-04-13 21:18:31.369 T:4973 DEBUG : CAMLCodec::GetTimeSize: len:24 dl:289723 fs:402273 front:112936
2021-04-13 21:18:31.369 T:4973 DEBUG : CAMLCodec::GetTimeSize: len:23 dl:289723 fs:289337 front:9534
2021-04-13 21:18:31.369 T:4973 DEBUG : CAMLCodec::DequeueBuffer: pts:29.488 idx:707
2021-04-13 21:18:31.369 T:4973 DEBUG : CAMLCodec::GetPicture: index: 707, pts: 29.488, dur:42ms ar:0.00
2021-04-13 21:18:31.369 T:4973 DEBUG : CVideoPlayerVideo::OutputPicture - ttd:391ms pts:29.488 Clock:29.097 Level:5
2021-04-13 21:18:31.370 T:4973 DEBUG : CAMLCodec::GetTimeSize: len:23 dl:289723 fs:289337 front:9534
2021-04-13 21:18:31.375 T:4973 DEBUG : CAMLCodec::AddData: dl:297536 sum:297134 sz:7797 dts:30.489 pts:30.489 overflow:0
2021-04-13 21:18:31.375 T:4973 DEBUG : CAMLCodec::GetTimeSize: len:24 dl:297536 fs:297134 front:9534
2021-04-13 21:18:31.390 T:4974 INFO : Skipped 2 duplicate messages..
2021-04-13 21:18:31.390 T:4974 DEBUG : CVideoPlayerAudio::OutputPacket: pts:29.861 curr_pts:29.119 clock:29.118 level:99
