2021-04-13 21:18:01.583 T:4972 DEBUG : CVideoPlayer::ProcessAudioData size:366 dts:4.714 pts:4.714 dur:23.000ms, clock:-0.500 drop:0 level:59
2021-04-13 21:18:01.584 T:4972 DEBUG : CVideoPlayer::ProcessAudioData size:390 dts:4.737 pts:4.737 dur:23.000ms, clock:-0.500 drop:0 level:59
2021-04-13 21:18:01.584 T:4972 DEBUG : CVideoPlayer::ProcessVideoData size:15072 dts:4.755 pts:4.755 dur:41.000ms, clock:-0.500 level:56
2021-04-13 21:18:01.585 T:4972 DEBUG : CVideoPlayer::ProcessAudioData size:394 dts:4.760 pts:4.760 dur:23.000ms, clock:-0.500 drop:0 level:59
2021-04-13 21:18:01.585 T:4972 DEBUG : CVideoPlayer::ProcessAudioData size:381 dts:4.783 pts:4.783 dur:23.000ms, clock:-0.500 drop:0 level:60
2021-04-13 21:18:01.585 T:4972 DEBUG : CVideoPlayer::ProcessVideoData size:35127 dts:4.796 pts:4.796 dur:41.000ms, clock:-0.500 level:57
2021-04-13 21:18:01.586 T:4972 DEBUG : CVideoPlayer::ProcessAudioData size:378 dts:4.807 pts:4.807 dur:23.000ms, clock:-0.500 drop:0 level:60
2021-04-13 21:18:01.587 T:4972 DEBUG : CVideoPlayer::ProcessAudioData size:344 dts:4.830 pts:4.830 dur:23.000ms, clock:-0.500 drop:0 level:60
2021-04-13 21:18:01.587 T:4972 DEBUG : CVideoPlayer::ProcessVideoData size:1133 dts:4.838 pts:4.838 dur:41.000ms, clock:-0.500 level:57
2021-04-13 21:18:01.587 T:4803 DEBUG : CActiveAE::ClearDiscardedBuffers - buffer pool deleted
2021-04-13 21:18:01.587 T:4972 DEBUG : CVideoPlayer::ProcessAudioData size:357 dts:4.853 pts:4.853 dur:23.000ms, clock:-0.500 drop:0 level:61
2021-04-13 21:18:01.588 T:4972 DEBUG : CVideoPlayer::ProcessAudioData size:348 dts:4.876 pts:4.876 dur:23.000ms, clock:-0.500 drop:0 level:61
2021-04-13 21:18:01.588 T:4972 DEBUG : CVideoPlayer::ProcessVideoData size:1861 dts:4.880 pts:4.880 dur:41.000ms, clock:-0.500 level:58
2021-04-13 21:18:01.588 T:4972 DEBUG : CVideoPlayer::ProcessAudioData size:352 dts:4.899 pts:4.899 dur:23.000ms, clock:-0.500 drop:0 level:61
2021-04-13 21:18:01.588 T:4972 DEBUG : CVideoPlayer::ProcessVideoData size:2829 dts:4.922 pts:4.922 dur:41.000ms, clock:-0.500 level:58
2021-04-13 21:18:01.588 T:4974 DEBUG : CVideoPlayerAudio::OutputPacket: pts:0.023 curr_pts:0.000 clock:-0.500 level:61
2021-04-13 21:18:01.588 T:4972 DEBUG : CVideoPlayer::ProcessAudioData size:343 dts:4.923 pts:4.923 dur:23.000ms, clock:-0.500 drop:0 level:61
2021-04-13 21:18:01.589 T:4972 DEBUG : CVideoPlayer::ProcessAudioData size:346 dts:4.946 pts:4.946 dur:23.000ms, clock:-0.500 drop:0 level:61
2021-04-13 21:18:01.589 T:4974 DEBUG : CVideoPlayerAudio::OutputPacket: pts:0.046 curr_pts:-0.000 clock:-0.500 level:61
2021-04-13 21:18:01.589 T:4972 DEBUG : CVideoPlayer::ProcessVideoData size:2667 dts:4.963 pts:4.963 dur:41.000ms, clock:-0.500 level:59
2021-04-13 21:18:01.589 T:4972 DEBUG : CVideoPlayer::ProcessAudioData size:351 dts:4.969 pts:4.969 dur:23.000ms, clock:-0.500 drop:0 level:61
2021-04-13 21:18:01.589 T:4972 DEBUG : CVideoPlayer::ProcessAudioData size:350 dts:4.992 pts:4.992 dur:23.000ms, clock:-0.500 drop:0 level:61
2021-04-13 21:18:01.589 T:4974 DEBUG : CVideoPlayerAudio::OutputPacket: pts:0.070 curr_pts:-0.049 clock:-0.500 level:62
2021-04-13 21:18:01.589 T:4972 DEBUG : CVideoPlayer::ProcessVideoData size:3198 dts:5.005 pts:5.005 dur:41.000ms, clock:-0.500 level:59
2021-04-13 21:18:01.589 T:4972 DEBUG : CVideoPlayer::ProcessAudioData size:364 dts:5.016 pts:5.016 dur:23.000ms, clock:-0.500 drop:0 level:61
2021-04-13 21:18:01.589 T:4974 DEBUG : CVideoPlayerAudio::OutputPacket: pts:0.093 curr_pts:-0.048 clock:-0.500 level:61
2021-04-13 21:18:01.589 T:4972 DEBUG : CVideoPlayer::ProcessAudioData size:359 dts:5.039 pts:5.039 dur:23.000ms, clock:-0.500 drop:0 level:62
2021-04-13 21:18:01.590 T:4972 DEBUG : CVideoPlayer::ProcessVideoData size:3240 dts:5.047 pts:5.047 dur:41.000ms, clock:-0.500 level:60
2021-04-13 21:18:01.590 T:4974 DEBUG : CVideoPlayerAudio::OutputPacket: pts:0.116 curr_pts:-0.148 clock:-0.500 level:62
2021-04-13 21:18:01.590 T:4972 DEBUG : CVideoPlayer::ProcessAudioData size:363 dts:5.062 pts:5.062 dur:23.000ms, clock:-0.500 drop:0 level:61
2021-04-13 21:18:01.590 T:4972 DEBUG : CVideoPlayer::ProcessAudioData size:367 dts:5.085 pts:5.085 dur:23.000ms, clock:-0.500 drop:0 level:62
2021-04-13 21:18:01.590 T:4974 DEBUG : CVideoPlayerAudio::OutputPacket: pts:0.139 curr_pts:-0.198 clock:-0.500 level:62
2021-04-13 21:18:01.590 T:4972 DEBUG : CVideoPlayer::ProcessVideoData size:3714 dts:5.088 pts:5.088 dur:41.000ms, clock:-0.500 level:60
2021-04-13 21:18:01.590 T:4972 DEBUG : CVideoPlayer::ProcessAudioData size:356 dts:5.108 pts:5.108 dur:23.000ms, clock:-0.500 drop:0 level:62
2021-04-13 21:18:01.590 T:4974 DEBUG : CVideoPlayerAudio::OutputPacket: pts:0.163 curr_pts:-0.198 clock:-0.500 level:62
2021-04-13 21:18:01.590 T:4972 DEBUG : CVideoPlayer::ProcessVideoData size:6616 dts:5.130 pts:5.130 dur:41.000ms, clock:-0.500 level:61
2021-04-13 21:18:01.591 T:4972 DEBUG : CVideoPlayer::ProcessAudioData size:363 dts:5.132 pts:5.132 dur:23.000ms, clock:-0.500 drop:0 level:62
2021-04-13 21:18:01.591 T:4972 DEBUG : CVideoPlayer::ProcessAudioData size:369 dts:5.155 pts:5.155 dur:23.000ms, clock:-0.500 drop:0 level:62
2021-04-13 21:18:01.591 T:4974 DEBUG : CVideoPlayerAudio::OutputPacket: pts:0.186 curr_pts:-0.196 clock:-0.500 level:62
2021-04-13 21:18:01.591 T:4972 DEBUG : CVideoPlayer::ProcessVideoData size:4562 dts:5.172 pts:5.172 dur:41.000ms, clock:-0.500 level:61
2021-04-13 21:18:01.591 T:4972 DEBUG : CVideoPlayer::ProcessAudioData size:366 dts:5.178 pts:5.178 dur:23.000ms, clock:-0.500 drop:0 level:62
2021-04-13 21:18:01.591 T:4763 DEBUG : CAMLCodec::PollFrame elapsed:2.884ms
2021-04-13 21:18:01.591 T:4972 DEBUG : CVideoPlayer::ProcessAudioData size:360 dts:5.201 pts:5.201 dur:23.000ms, clock:-0.500 drop:0 level:62
2021-04-13 21:18:01.591 T:4974 DEBUG : CVideoPlayerAudio::OutputPacket: pts:0.209 curr_pts:-0.196 clock:-0.500 level:63
2021-04-13 21:18:01.592 T:4974 DEBUG : CVideoPlayerAudio::OutputPacket: pts:0.232 curr_pts:-0.196 clock:-0.500 level:62
2021-04-13 21:18:01.592 T:4972 DEBUG : CVideoPlayer::ProcessVideoData size:48827 dts:5.214 pts:5.214 dur:41.000ms, clock:-0.500 level:62
2021-04-13 21:18:01.592 T:4972 DEBUG : CVideoPlayer::ProcessAudioData size:365 dts:5.224 pts:5.224 dur:23.000ms, clock:-0.500 drop:0 level:62
2021-04-13 21:18:01.592 T:4974 DEBUG : CVideoPlayerAudio::OutputPacket: pts:0.255 curr_pts:-0.196 clock:-0.500 level:62
2021-04-13 21:18:01.592 T:4972 DEBUG : CVideoPlayer::ProcessAudioData size:382 dts:5.248 pts:5.248 dur:23.000ms, clock:-0.500 drop:0 level:62
2021-04-13 21:18:01.593 T:4974 DEBUG : CVideoPlayerAudio::OutputPacket: pts:0.279 curr_pts:-0.196 clock:-0.500 level:62
2021-04-13 21:18:01.593 T:4972 DEBUG : CVideoPlayer::ProcessVideoData size:10881 dts:5.256 pts:5.256 dur:41.000ms, clock:-0.500 level:63
2021-04-13 21:18:01.593 T:4972 DEBUG : CVideoPlayer::HandleMessages - player started 1
2021-04-13 21:18:01.593 T:4972 DEBUG : VideoPlayer::Sync - Audio - pts: 0.279, cache: 0.497, totalcache: 0.800, packets:227 level:62
2021-04-13 21:18:01.593 T:4870 DEBUG : OnAVChange: CApplication::OnAVChange
2021-04-13 21:18:01.593 T:4972 DEBUG : VideoPlayer::Sync - Video - pts: 0.000, cache: 0.050, totalcache: 0.100, packets:127 level:63
2021-04-13 21:18:01.593 T:4972 DEBUG : CVideoPlayer::SetCaching - caching state 0 clock:-0.218 start pts:0.000
2021-04-13 21:18:01.593 T:4972 DEBUG : CDVDClock::SetSpeedAdjust - adjusted:0.000000
2021-04-13 21:18:01.593 T:4974 DEBUG : CVideoPlayerAudio - CDVDMsg::GENERAL_RESYNC(-0.218 level: 62 cache:0.496
2021-04-13 21:18:01.593 T:4870 DEBUG : OnAVStarted: CApplication::OnAVStarted
2021-04-13 21:18:01.594 T:4972 DEBUG : CVideoPlayer::ProcessAudioData size:418 dts:5.271 pts:5.271 dur:23.000ms, clock:-0.217 drop:0 level:62
2021-04-13 21:18:01.594 T:4972 DEBUG : CVideoPlayer::ProcessAudioData size:406 dts:5.294 pts:5.294 dur:23.000ms, clock:-0.217 drop:0 level:63
2021-04-13 21:18:01.594 T:4763 DEBUG : Activating window ID: 12005
2021-04-13 21:18:01.594 T:4972 DEBUG : CVideoPlayer::ProcessVideoData size:12676 dts:5.297 pts:5.297 dur:41.000ms, clock:-0.217 level:63
2021-04-13 21:18:01.594 T:4763 DEBUG : ------ Window Deinit (FileManager.xml) ------
2021-04-13 21:18:01.594 T:4972 DEBUG : CVideoPlayer::ProcessAudioData size:378 dts:5.317 pts:5.317 dur:23.000ms, clock:-0.216 drop:0 level:63
2021-04-13 21:18:01.594 T:4763 DEBUG : FreeVisualisation() done
2021-04-13 21:18:01.595 T:4972 DEBUG : CVideoPlayer::ProcessVideoData size:12112 dts:5.339 pts:5.339 dur:41.000ms, clock:-0.216 level:64
2021-04-13 21:18:01.595 T:4972 DEBUG : CVideoPlayer::ProcessAudioData size:359 dts:5.341 pts:5.341 dur:23.000ms, clock:-0.216 drop:0 level:63
2021-04-13 21:18:01.595 T:4972 DEBUG : CVideoPlayer::ProcessAudioData size:495 dts:5.364 pts:5.364 dur:23.000ms, clock:-0.216 drop:0 level:63
2021-04-13 21:18:01.595 T:4972 DEBUG : CVideoPlayer::ProcessVideoData size:9540 dts:5.381 pts:5.381 dur:41.000ms, clock:-0.215 level:64
2021-04-13 21:18:01.596 T:4972 DEBUG : CVideoPlayer::ProcessAudioData size:351 dts:5.387 pts:5.387 dur:23.000ms, clock:-0.215 drop:0 level:64
2021-04-13 21:18:01.596 T:4972 DEBUG : CVideoPlayer::ProcessAudioData size:386 dts:5.410 pts:5.410 dur:23.000ms, clock:-0.215 drop:0 level:64
2021-04-13 21:18:01.596 T:4972 DEBUG : CVideoPlayer::ProcessVideoData size:7483 dts:5.423 pts:5.423 dur:41.000ms, clock:-0.215 level:65
2021-04-13 21:18:01.594 T:4974 DEBUG : CVideoPlayerAudio - CDVDMsg::PLAYER_SETSPEED: 1000.000000 last: 0
2021-04-13 21:18:01.596 T:4974 DEBUG : CDVDAudio::Resume - resume audio stream
2021-04-13 21:18:01.596 T:4972 DEBUG : CVideoPlayer::ProcessAudioData size:450 dts:5.433 pts:5.433 dur:23.000ms, clock:-0.215 drop:0 level:64
2021-04-13 21:18:01.596 T:4803 DEBUG : ActiveAE - start sync of audio stream
2021-04-13 21:18:01.596 T:4974 DEBUG : CVideoPlayerAudio::OutputPacket: pts:0.302 curr_pts:-0.194 clock:-0.214 level:64
2021-04-13 21:18:01.596 T:4763 DEBUG : ------ Window Init (VideoFullScreen.xml) ------
2021-04-13 21:18:01.597 T:4763 INFO : Loading skin file: VideoFullScreen.xml, load type: KEEP_IN_MEMORY
2021-04-13 21:18:01.598 T:4973 DEBUG : CVideoPlayerVideo - CDVDMsg::GENERAL_RESYNC(-217531.996869)
2021-04-13 21:18:01.599 T:4973 DEBUG : CVideoPlayerVideo::CalcDropRequirement - hurry: 0
2021-04-13 21:18:01.600 T:4973 DEBUG : CAMLCodec::AddData: dl:22340 sum:41337 sz:22324 dts:0.250 pts:0.250 overflow:0
2021-04-13 21:18:01.600 T:4973 DEBUG : CAMLCodec::GetTimeSize: len:2 dl:22340 fs:41337 front:19013
2021-04-13 21:18:01.600 T:4973 DEBUG : CAMLCodec::GetTimeSize: len:1 dl:22340 fs:22324 front:22324
2021-04-13 21:18:01.600 T:4973 DEBUG : CVideoPlayerVideo::CalcDropRequirement - hurry: 0
2021-04-13 21:18:01.601 T:4973 DEBUG : CAMLCodec::AddData: dl:44052 sum:44020 sz:21696 dts:0.292 pts:0.292 overflow:0
2021-04-13 21:18:01.601 T:4973 DEBUG : CAMLCodec::GetTimeSize: len:2 dl:44052 fs:44020 front:22324
2021-04-13 21:18:01.601 T:4973 DEBUG : CVideoPlayerVideo::CalcDropRequirement - hurry: 0
2021-04-13 21:18:01.601 T:4973 DEBUG : CAMLCodec::AddData: dl:61278 sum:61230 sz:17210 dts:0.334 pts:0.334 overflow:0
2021-04-13 21:18:01.601 T:4973 DEBUG : CAMLCodec::GetTimeSize: len:3 dl:61278 fs:61230 front:22324
2021-04-13 21:18:01.601 T:4973 DEBUG : CVideoPlayerVideo::CalcDropRequirement - hurry: 0
2021-04-13 21:18:01.602 T:4973 DEBUG : CAMLCodec::AddData: dl:76346 sum:76282 sz:15052 dts:0.375 pts:0.375 overflow:0
2021-04-13 21:18:01.602 T:4973 DEBUG : CAMLCodec::GetTimeSize: len:4 dl:76346 fs:76282 front:22324
2021-04-13 21:18:01.602 T:4973 DEBUG : CVideoPlayerVideo::CalcDropRequirement - hurry: 0
2021-04-13 21:18:01.602 T:4973 DEBUG : CAMLCodec::AddData: dl:89066 sum:88986 sz:12704 dts:0.417 pts:0.417 overflow:0
2021-04-13 21:18:01.602 T:4973 DEBUG : CAMLCodec::GetTimeSize: len:5 dl:89066 fs:88986 front:22324
2021-04-13 21:18:01.602 T:4973 DEBUG : CAMLCodec::DequeueBuffer: pts:0.042 idx:1
2021-04-13 21:18:01.602 T:4973 DEBUG : CAMLCodec::GetPicture: index: 1, pts: 0.042, dur:42ms ar:0.00
2021-04-13 21:18:01.602 T:4973 DEBUG : CVideoPlayerVideo::OutputPicture - ttd:250ms pts:0.042 Clock:-0.208 Level:0
2021-04-13 21:18:01.603 T:4974 DEBUG : CVideoPlayerAudio::OutputPacket: pts:0.325 curr_pts:-0.191 clock:-0.212 level:64
2021-04-13 21:18:01.603 T:4972 DEBUG : CVideoPlayer::ProcessAudioData size:424 dts:5.457 pts:5.457 dur:23.000ms, clock:-0.207 drop:0 level:64
2021-04-13 21:18:01.604 T:4974 DEBUG : CVideoPlayerAudio::OutputPacket: pts:0.348 curr_pts:-0.185 clock:-0.207 level:64
2021-04-13 21:18:01.604 T:4972 DEBUG : CVideoPlayer::ProcessVideoData size:6647 dts:5.464 pts:5.464 dur:41.000ms, clock:-0.206 level:63
2021-04-13 21:18:01.605 T:4972 DEBUG : CVideoPlayer::ProcessAudioData size:344 dts:5.480 pts:5.480 dur:23.000ms, clock:-0.206 drop:0 level:64
2021-04-13 21:18:01.605 T:4972 DEBUG : CVideoPlayer::ProcessAudioData size:343 dts:5.503 pts:5.503 dur:23.000ms, clock:-0.206 drop:0 level:64
2021-04-13 21:18:01.607 T:4973 DEBUG : CAMLCodec::GetTimeSize: len:5 dl:66726 fs:88986 front:22324
2021-04-13 21:18:01.607 T:4973 DEBUG : CAMLCodec::GetTimeSize: len:4 dl:66726 fs:66662 front:21696
2021-04-13 21:18:01.607 T:4973 DEBUG : CVideoPlayerVideo::CalcDropRequirement - hurry: 1
2021-04-13 21:18:01.608 T:4973 DEBUG : CAMLCodec::AddData: dl:67651 sum:67571 sz:909 dts:0.459 pts:0.459 overflow:0
2021-04-13 21:18:01.607 T:4972 DEBUG : CVideoPlayer::ProcessVideoData size:101295 dts:5.506 pts:5.506 dur:41.000ms, clock:-0.203 level:63
2021-04-13 21:18:01.608 T:4973 DEBUG : CAMLCodec::GetTimeSize: len:5 dl:67651 fs:67571 front:21696
2021-04-13 21:18:01.608 T:4973 DEBUG : CAMLCodec::DequeueBuffer: pts:0.083 idx:2
2021-04-13 21:18:01.608 T:4973 DEBUG : CAMLCodec::GetPicture: index: 2, pts: 0.083, dur:41ms ar:0.00
2021-04-13 21:18:01.608 T:4973 DEBUG : CVideoPlayerVideo::OutputPicture - ttd:285ms pts:0.083 Clock:-0.203 Level:1
2021-04-13 21:18:01.608 T:4972 DEBUG : CVideoPlayer::ProcessAudioData size:344 dts:5.526 pts:5.526 dur:23.000ms, clock:-0.203 drop:0 level:65
2021-04-13 21:18:01.609 T:4973 DEBUG : CAMLCodec::GetTimeSize: len:5 dl:67651 fs:67571 front:21696
2021-04-13 21:18:01.609 T:4972 DEBUG : CVideoPlayer::ProcessVideoData size:66607 dts:5.548 pts:5.548 dur:41.000ms, clock:-0.202 level:63
2021-04-13 21:18:01.609 T:4973 DEBUG : CAMLCodec::DequeueBuffer: pts:0.125 idx:3
2021-04-13 21:18:01.609 T:4973 DEBUG : CAMLCodec::GetPicture: index: 3, pts: 0.125, dur:42ms ar:0.00
2021-04-13 21:18:01.610 T:4973 DEBUG : CVideoPlayerVideo::OutputPicture - ttd:326ms pts:0.125 Clock:-0.201 Level:2
2021-04-13 21:18:01.610 T:4972 DEBUG : CVideoPlayer::ProcessAudioData size:347 dts:5.550 pts:5.550 dur:23.000ms, clock:-0.201 drop:0 level:65
2021-04-13 21:18:01.610 T:4972 DEBUG : CVideoPlayer::ProcessAudioData size:371 dts:5.573 pts:5.573 dur:23.000ms, clock:-0.201 drop:0 level:65
2021-04-13 21:18:01.610 T:4972 DEBUG : CVideoPlayer::ProcessVideoData size:2366 dts:5.589 pts:5.589 dur:41.000ms, clock:-0.201 level:64
2021-04-13 21:18:01.610 T:4763 INFO : [WHITELIST] Searching the whitelist for: width: 2560, height: 1440, fps: 23.976, 3D: false
2021-04-13 21:18:01.610 T:4972 DEBUG : CVideoPlayer::ProcessAudioData size:417 dts:5.596 pts:5.596 dur:23.000ms, clock:-0.201 drop:0 level:66
2021-04-13 21:18:01.610 T:4972 DEBUG : CVideoPlayer::ProcessAudioData size:339 dts:5.619 pts:5.619 dur:23.000ms, clock:-0.200 drop:0 level:66
2021-04-13 21:18:01.611 T:4972 DEBUG : CVideoPlayer::ProcessVideoData size:576 dts:5.631 pts:5.631 dur:41.000ms, clock:-0.200 level:64
2021-04-13 21:18:01.611 T:4972 DEBUG : CVideoPlayer::ProcessAudioData size:359 dts:5.642 pts:5.642 dur:23.000ms, clock:-0.200 drop:0 level:66
2021-04-13 21:18:01.611 T:4972 DEBUG : CVideoPlayer::ProcessAudioData size:407 dts:5.666 pts:5.666 dur:23.000ms, clock:-0.200 drop:0 level:66
2021-04-13 21:18:01.611 T:4972 DEBUG : CVideoPlayer::ProcessVideoData size:910 dts:5.673 pts:5.673 dur:41.000ms, clock:-0.200 level:65
2021-04-13 21:18:01.611 T:4972 DEBUG : CVideoPlayer::ProcessAudioData size:462 dts:5.689 pts:5.689 dur:23.000ms, clock:-0.200 drop:0 level:66
2021-04-13 21:18:01.611 T:4972 DEBUG : CVideoPlayer::ProcessAudioData size:454 dts:5.712 pts:5.712 dur:23.000ms, clock:-0.199 drop:0 level:67
2021-04-13 21:18:01.611 T:4763 DEBUG : [WHITELIST] Using the default whitelist because the user whitelist is empty
2021-04-13 21:18:01.612 T:4972 DEBUG : CVideoPlayer::ProcessVideoData size:881 dts:5.715 pts:5.715 dur:41.000ms, clock:-0.199 level:65
2021-04-13 21:18:01.612 T:4763 DEBUG : [WHITELIST] Searching for an exact resolution with an exact refresh rate
2021-04-13 21:18:01.612 T:4972 DEBUG : CVideoPlayer::ProcessAudioData size:376 dts:5.735 pts:5.735 dur:23.000ms, clock:-0.199 drop:0 level:67
2021-04-13 21:18:01.612 T:4972 DEBUG : CVideoPlayer::ProcessVideoData size:859 dts:5.756 pts:5.756 dur:41.000ms, clock:-0.199 level:66
2021-04-13 21:18:01.612 T:4763 DEBUG : [WHITELIST] No match for an exact resolution with an exact refresh rate
2021-04-13 21:18:01.612 T:4972 DEBUG : CVideoPlayer::ProcessAudioData size:308 dts:5.759 pts:5.759 dur:23.000ms, clock:-0.199 drop:0 level:67
2021-04-13 21:18:01.612 T:4763 DEBUG : [WHITELIST] Searching for an exact resolution with double the refresh rate
2021-04-13 21:18:01.612 T:4972 DEBUG : CVideoPlayer::ProcessAudioData size:322 dts:5.782 pts:5.782 dur:23.000ms, clock:-0.199 drop:0 level:68
2021-04-13 21:18:01.612 T:4972 DEBUG : CVideoPlayer::ProcessVideoData size:937 dts:5.798 pts:5.798 dur:41.000ms, clock:-0.199 level:66
2021-04-13 21:18:01.612 T:4972 DEBUG : CVideoPlayer::ProcessAudioData size:324 dts:5.805 pts:5.805 dur:23.000ms, clock:-0.198 drop:0 level:68
2021-04-13 21:18:01.612 T:4763 DEBUG : [WHITELIST] No match for an exact resolution with double the refresh rate
2021-04-13 21:18:01.612 T:4763 DEBUG : [WHITELIST] Searching for an exact resolution with a 3:2 pulldown refresh rate
2021-04-13 21:18:01.612 T:4972 DEBUG : CVideoPlayer::ProcessAudioData size:375 dts:5.828 pts:5.828 dur:23.000ms, clock:-0.198 drop:0 level:68
2021-04-13 21:18:01.613 T:4972 DEBUG : CVideoPlayer::ProcessVideoData size:918 dts:5.840 pts:5.840 dur:41.000ms, clock:-0.198 level:67
2021-04-13 21:18:01.613 T:4763 DEBUG : [WHITELIST] No match for a resolution with a 3:2 pulldown refresh rate
2021-04-13 21:18:01.613 T:4763 DEBUG : [WHITELIST] Searching for a desktop resolution with an exact refresh rate
2021-04-13 21:18:01.613 T:4972 DEBUG : CVideoPlayer::ProcessAudioData size:551 dts:5.851 pts:5.851 dur:23.000ms, clock:-0.198 drop:0 level:68
2021-04-13 21:18:01.613 T:4763 DEBUG : [WHITELIST] Matched a desktop resolution with an exact refresh rate 3840x2160 @ 23.98 - Full Screen (39)
2021-04-13 21:18:01.613 T:4972 DEBUG : CVideoPlayer::ProcessAudioData size:381 dts:5.875 pts:5.875 dur:23.000ms, clock:-0.198 drop:0 level:69
2021-04-13 21:18:01.613 T:4763 INFO : Display resolution ADJUST : 3840x2160 @ 23.98 - Full Screen (39) (weight: -355195894062044747952816128.000)
2021-04-13 21:18:01.613 T:4972 DEBUG : CVideoPlayer::ProcessVideoData size:726 dts:5.881 pts:5.881 dur:41.000ms, clock:-0.198 level:67
2021-04-13 21:18:01.613 T:4972 DEBUG : CVideoPlayer::ProcessAudioData size:305 dts:5.898 pts:5.898 dur:23.000ms, clock:-0.198 drop:0 level:69
2021-04-13 21:18:01.613 T:4972 DEBUG : CVideoPlayer::ProcessAudioData size:306 dts:5.921 pts:5.921 dur:23.000ms, clock:-0.197 drop:0 level:69
2021-04-13 21:18:01.614 T:4763 INFO : VideoPlayer: OnLostDisplay received
2021-04-13 21:18:01.614 T:4972 DEBUG : CVideoPlayer::ProcessVideoData size:458 dts:5.923 pts:5.923 dur:41.000ms, clock:-0.197 level:68
2021-04-13 21:18:01.614 T:4763 DEBUG : Flush - flushing renderer
2021-04-13 21:18:01.614 T:4973 DEBUG : CVideoPlayerVideo - CDVDMsg::GENERAL_PAUSE: 1
2021-04-13 21:18:01.614 T:4763 DEBUG : CAMLCodec::ReleaseFrame idx:1, drop:1
2021-04-13 21:18:01.614 T:4763 DEBUG : CAMLCodec::ReleaseFrame idx:2, drop:1
2021-04-13 21:18:01.614 T:4763 DEBUG : AMLUtils::aml_handle_display_stereo_mode old mode 3doff new mode 3doff
2021-04-13 21:18:01.611 T:4974 DEBUG : CVideoPlayerAudio::OutputPacket: pts:0.372 curr_pts:-0.184 clock:-0.199 level:67
2021-04-13 21:18:01.614 T:4763 DEBUG : AMLUtils::aml_handle_display_stereo_mode - no change needed
2021-04-13 21:18:01.614 T:4974 DEBUG : CVideoPlayerAudio - CDVDMsg::GENERAL_PAUSE: 1
2021-04-13 21:18:01.614 T:4763 ERROR : GetString: error reading /sys/class/amhdmitx/amhdmitx0/custom_mode
2021-04-13 21:18:01.739 T:4803 DEBUG : ActiveAE::SyncStream - average error of 43.118528, start adjusting
2021-04-13 21:18:01.739 T:4803 DEBUG : ActiveAE::SyncStream - delay frames:1901 error 0ms
2021-04-13 21:18:01.740 T:4803 DEBUG : ActiveAE::SyncStream - average error 0.118528 below threshold of 30.000000
2021-04-13 21:18:02.073 T:4763 DEBUG : AMLUtils::aml_handle_display_stereo_mode old mode 3doff new mode 3doff
2021-04-13 21:18:02.073 T:4763 DEBUG : AMLUtils::aml_handle_display_stereo_mode - no change needed
2021-04-13 21:18:02.073 T:4763 INFO : VideoPlayer: OnResetDisplay received
2021-04-13 21:18:02.073 T:4974 DEBUG : CVideoPlayerAudio - CDVDMsg::GENERAL_PAUSE: 0
2021-04-13 21:18:02.074 T:4974 DEBUG : CVideoPlayerAudio::OutputPacket: pts:0.395 curr_pts:-0.173 clock:-0.197 level:69
2021-04-13 21:18:02.074 T:4973 DEBUG : CVideoPlayerVideo - CDVDMsg::GENERAL_PAUSE: 0
2021-04-13 21:18:02.074 T:4973 DEBUG : SetCodecControl 4000000->0
2021-04-13 21:18:02.074 T:4974 DEBUG : CVideoPlayerAudio::OutputPacket: pts:0.418 curr_pts:0.194 clock:-0.197 level:69
2021-04-13 21:18:02.075 T:4973 DEBUG : CAMLCodec::AddData: dl:46753 sum:85595 sz:18024 dts:0.501 pts:0.501 overflow:0
2021-04-13 21:18:02.075 T:4973 DEBUG : CAMLCodec::GetTimeSize: len:6 dl:46753 fs:85595 front:21696
2021-04-13 21:18:02.075 T:4973 DEBUG : CAMLCodec::GetTimeSize: len:5 dl:46753 fs:63899 front:17210
2021-04-13 21:18:02.075 T:4973 DEBUG : CAMLCodec::GetTimeSize: len:4 dl:46753 fs:46689 front:15052
2021-04-13 21:18:02.075 T:4973 DEBUG : CAMLCodec::AddData: dl:64147 sum:64067 sz:17378 dts:0.542 pts:0.542 overflow:0
2021-04-13 21:18:02.075 T:4973 DEBUG : CAMLCodec::GetTimeSize: len:5 dl:64147 fs:64067 front:15052
2021-04-13 21:18:02.075 T:4973 DEBUG : CAMLCodec::DequeueBuffer: pts:0.167 idx:4
2021-04-13 21:18:02.075 T:4973 DEBUG : CAMLCodec::GetPicture: index: 4, pts: 0.167, dur:42ms ar:0.00
2021-04-13 21:18:02.075 T:4973 DEBUG : CAMLCodec::ReleaseFrame idx:3, drop:1
2021-04-13 21:18:02.075 T:4974 DEBUG : CVideoPlayerAudio::OutputPacket: pts:0.441 curr_pts:0.194 clock:-0.197 level:69
2021-04-13 21:18:02.075 T:4973 DEBUG : CVideoPlayerVideo::OutputPicture - ttd:364ms pts:0.167 Clock:-0.197 Level:3
2021-04-13 21:18:02.076 T:4763 INFO : GLES: Maximum texture width: 8192
2021-04-13 21:18:02.076 T:4974 DEBUG : CVideoPlayerAudio::OutputPacket: pts:0.464 curr_pts:0.195 clock:-0.196 level:68
2021-04-13 21:18:02.076 T:4974 DEBUG : CVideoPlayerAudio::OutputPacket: pts:0.488 curr_pts:0.195 clock:-0.196 level:68
2021-04-13 21:18:02.076 T:4973 DEBUG : CAMLCodec::GetTimeSize: len:5 dl:64147 fs:64067 front:15052
2021-04-13 21:18:02.076 T:4973 DEBUG : CAMLCodec::DequeueBuffer: pts:0.209 idx:5
2021-04-13 21:18:02.076 T:4973 DEBUG : CAMLCodec::GetPicture: index: 5, pts: 0.209, dur:42ms ar:0.00
2021-04-13 21:18:02.076 T:4973 DEBUG : CVideoPlayerVideo::OutputPicture - ttd:404ms pts:0.209 Clock:-0.196 Level:4
2021-04-13 21:18:02.077 T:4974 DEBUG : CVideoPlayerAudio::OutputPacket: pts:0.511 curr_pts:0.196 clock:-0.195 level:68
2021-04-13 21:18:02.077 T:4974 DEBUG : CVideoPlayerAudio::OutputPacket: pts:0.534 curr_pts:0.197 clock:-0.195 level:68
2021-04-13 21:18:02.077 T:4974 DEBUG : CVideoPlayerAudio::OutputPacket: pts:0.557 curr_pts:0.197 clock:-0.195 level:67
2021-04-13 21:18:02.078 T:4763 DEBUG : PrepareNextRender: frameOnScreen: -0.195 renderPts: -0.028 nextFramePts: 0.042 -> diff: -0.070 render: 0 forceNext: 0
2021-04-13 21:18:02.078 T:4973 DEBUG : CAMLCodec::GetTimeSize: len:5 dl:64147 fs:64067 front:15052
2021-04-13 21:18:02.078 T:4974 DEBUG : CVideoPlayerAudio::OutputPacket: pts:0.580 curr_pts:0.197 clock:-0.194 level:67
2021-04-13 21:18:02.078 T:4973 DEBUG : CAMLCodec::DequeueBuffer: pts:0.250 idx:6
2021-04-13 21:18:02.078 T:4973 DEBUG : CAMLCodec::GetPicture: index: 6, pts: 0.250, dur:41ms ar:0.00
2021-04-13 21:18:02.078 T:4973 DEBUG : CVideoPlayerVideo::OutputPicture - ttd:444ms pts:0.250 Clock:-0.194 Level:5
2021-04-13 21:18:02.078 T:4974 DEBUG : CVideoPlayerAudio::OutputPacket: pts:0.604 curr_pts:0.197 clock:-0.194 level:67
2021-04-13 21:18:02.078 T:4974 DEBUG : CVideoPlayerAudio::OutputPacket: pts:0.627 curr_pts:0.198 clock:-0.194 level:66
2021-04-13 21:18:02.079 T:4974 DEBUG : CVideoPlayerAudio::OutputPacket: pts:0.650 curr_pts:0.198 clock:-0.193 level:66
2021-04-13 21:18:02.079 T:4973 DEBUG : CAMLCodec::GetTimeSize: len:5 dl:64147 fs:64067 front:15052
2021-04-13 21:18:02.079 T:4974 DEBUG : CVideoPlayerAudio::OutputPacket: pts:0.673 curr_pts:0.198 clock:-0.193 level:66
2021-04-13 21:18:02.079 T:4973 DEBUG : CAMLCodec::DequeueBuffer: pts:0.292 idx:7
2021-04-13 21:18:02.079 T:4973 DEBUG : CAMLCodec::GetPicture: index: 7, pts: 0.292, dur:42ms ar:0.00
2021-04-13 21:18:02.079 T:4973 DEBUG : CVideoPlayerVideo::OutputPicture - ttd:484ms pts:0.292 Clock:-0.193 Level:6
2021-04-13 21:18:02.079 T:4974 DEBUG : CVideoPlayerAudio::OutputPacket: pts:0.697 curr_pts:0.198 clock:-0.193 level:66
2021-04-13 21:18:02.080 T:4763 DEBUG : CAMLCodec::PollFrame elapsed:0.014ms
2021-04-13 21:18:02.080 T:4974 DEBUG : CVideoPlayerAudio::OutputPacket: pts:0.720 curr_pts:0.199 clock:-0.192 level:65
2021-04-13 21:18:02.080 T:4974 DEBUG : CVideoPlayerAudio::OutputPacket: pts:0.743 curr_pts:0.200 clock:-0.192 level:65
2021-04-13 21:18:02.080 T:4973 DEBUG : CAMLCodec::GetTimeSize: len:5 dl:64147 fs:64067 front:15052
2021-04-13 21:18:02.080 T:4973 DEBUG : CAMLCodec::DequeueBuffer: pts:0.334 idx:8
2021-04-13 21:18:02.081 T:4973 DEBUG : CAMLCodec::GetPicture: index: 8, pts: 0.334, dur:42ms ar:0.00
2021-04-13 21:18:02.081 T:4763 DEBUG : ------ Window Deinit (DialogBusy.xml) ------
2021-04-13 21:18:02.081 T:4974 DEBUG : CVideoPlayerAudio::OutputPacket: pts:0.766 curr_pts:0.200 clock:-0.191 level:65
2021-04-13 21:18:02.083 T:4974 DEBUG : CVideoPlayerAudio::OutputPacket: pts:0.789 curr_pts:0.202 clock:-0.189 level:64
2021-04-13 21:18:02.084 T:4974 DEBUG : CVideoPlayerAudio::OutputPacket: pts:0.813 curr_pts:0.202 clock:-0.189 level:64
2021-04-13 21:18:02.084 T:4974 DEBUG : CVideoPlayerAudio::OutputPacket: pts:0.836 curr_pts:0.204 clock:-0.188 level:64
2021-04-13 21:18:02.084 T:4763 DEBUG : PrepareNextRender: frameOnScreen: -0.188 renderPts: -0.021 nextFramePts: 0.042 -> diff: -0.063 render: 0 forceNext: 0
2021-04-13 21:18:02.084 T:4974 DEBUG : CVideoPlayerAudio::OutputPacket: pts:0.859 curr_pts:0.204 clock:-0.188 level:63
2021-04-13 21:18:02.085 T:4974 DEBUG : CVideoPlayerAudio::OutputPacket: pts:0.882 curr_pts:0.204 clock:-0.187 level:63
2021-04-13 21:18:02.085 T:4974 DEBUG : CVideoPlayerAudio::OutputPacket: pts:0.906 curr_pts:0.204 clock:-0.187 level:63
2021-04-13 21:18:02.085 T:4974 DEBUG : CVideoPlayerAudio::OutputPacket: pts:0.929 curr_pts:0.205 clock:-0.187 level:63
2021-04-13 21:18:02.086 T:4974 DEBUG : CVideoPlayerAudio::OutputPacket: pts:0.952 curr_pts:0.205 clock:-0.186 level:62
2021-04-13 21:18:02.086 T:4974 DEBUG : CVideoPlayerAudio::OutputPacket: pts:0.975 curr_pts:0.206 clock:-0.186 level:62
2021-04-13 21:18:02.086 T:4974 DEBUG : CVideoPlayerAudio::OutputPacket: pts:0.998 curr_pts:0.206 clock:-0.186 level:62
2021-04-13 21:18:02.087 T:4974 DEBUG : CVideoPlayerAudio::OutputPacket: pts:1.022 curr_pts:0.206 clock:-0.185 level:61
2021-04-13 21:18:02.087 T:4974 DEBUG : CVideoPlayerAudio::OutputPacket: pts:1.045 curr_pts:0.207 clock:-0.185 level:61
2021-04-13 21:18:02.087 T:4974 DEBUG : CVideoPlayerAudio::OutputPacket: pts:1.068 curr_pts:0.207 clock:-0.185 level:61
2021-04-13 21:18:02.087 T:4974 DEBUG : CVideoPlayerAudio::OutputPacket: pts:1.091 curr_pts:0.207 clock:-0.185 level:61
2021-04-13 21:18:02.088 T:4974 DEBUG : CVideoPlayerAudio::OutputPacket: pts:1.115 curr_pts:0.207 clock:-0.184 level:60
2021-04-13 21:18:02.088 T:4974 DEBUG : CVideoPlayerAudio::OutputPacket: pts:1.138 curr_pts:0.208 clock:-0.184 level:60
2021-04-13 21:18:02.088 T:4974 DEBUG : CVideoPlayerAudio::OutputPacket: pts:1.161 curr_pts:0.208 clock:-0.184 level:60
2021-04-13 21:18:02.088 T:4974 DEBUG : CVideoPlayerAudio::OutputPacket: pts:1.184 curr_pts:0.208 clock:-0.184 level:59
2021-04-13 21:18:02.089 T:4974 DEBUG : CVideoPlayerAudio::OutputPacket: pts:1.207 curr_pts:0.208 clock:-0.183 level:59
2021-04-13 21:18:02.089 T:4974 DEBUG : CVideoPlayerAudio::OutputPacket: pts:1.231 curr_pts:0.208 clock:-0.183 level:59
2021-04-13 21:18:02.089 T:4974 DEBUG : CVideoPlayerAudio::OutputPacket: pts:1.254 curr_pts:0.209 clock:-0.183 level:59
2021-04-13 21:18:02.089 T:4974 DEBUG : CVideoPlayerAudio::OutputPacket: pts:1.277 curr_pts:0.209 clock:-0.183 level:58
2021-04-13 21:18:02.115 T:4763 DEBUG : CAMLCodec::PollFrame elapsed:28.066ms
2021-04-13 21:18:02.115 T:4870 DEBUG : OnAVChange: CApplication::OnAVChange
2021-04-13 21:18:02.115 T:4972 DEBUG : CVideoPlayer::ProcessAudioData size:321 dts:5.944 pts:5.944 dur:23.000ms, clock:-0.157 drop:0 level:58
2021-04-13 21:18:02.116 T:4972 DEBUG : CVideoPlayer::ProcessVideoData size:123 dts:5.965 pts:5.965 dur:41.000ms, clock:-0.157 level:67
2021-04-13 21:18:02.116 T:4972 DEBUG : CVideoPlayer::ProcessAudioData size:337 dts:5.968 pts:5.968 dur:23.000ms, clock:-0.156 drop:0 level:59
2021-04-13 21:18:02.116 T:4972 DEBUG : CVideoPlayer::ProcessAudioData size:367 dts:5.991 pts:5.991 dur:23.000ms, clock:-0.156 drop:0 level:59
2021-04-13 21:18:02.116 T:4972 DEBUG : CVideoPlayer::ProcessVideoData size:5692 dts:6.006 pts:6.006 dur:41.000ms, clock:-0.156 level:68
2021-04-13 21:18:02.116 T:4972 DEBUG : CVideoPlayer::ProcessAudioData size:463 dts:6.014 pts:6.014 dur:23.000ms, clock:-0.156 drop:0 level:59
2021-04-13 21:18:02.116 T:4972 DEBUG : CVideoPlayer::ProcessAudioData size:320 dts:6.037 pts:6.037 dur:23.000ms, clock:-0.156 drop:0 level:59
2021-04-13 21:18:02.117 T:4972 DEBUG : CVideoPlayer::ProcessVideoData size:734 dts:6.048 pts:6.048 dur:41.000ms, clock:-0.156 level:68
2021-04-13 21:18:02.117 T:4972 DEBUG : CVideoPlayer::ProcessAudioData size:362 dts:6.060 pts:6.060 dur:23.000ms, clock:-0.155 drop:0 level:60
2021-04-13 21:18:02.117 T:4972 DEBUG : CVideoPlayer::ProcessAudioData size:333 dts:6.084 pts:6.084 dur:23.000ms, clock:-0.155 drop:0 level:60
2021-04-13 21:18:02.117 T:4972 DEBUG : CVideoPlayer::ProcessVideoData size:729 dts:6.090 pts:6.090 dur:41.000ms, clock:-0.155 level:69
2021-04-13 21:18:02.117 T:4972 DEBUG : CVideoPlayer::ProcessAudioData size:359 dts:6.107 pts:6.107 dur:23.000ms, clock:-0.155 drop:0 level:60
2021-04-13 21:18:02.117 T:4972 DEBUG : CVideoPlayer::ProcessAudioData size:445 dts:6.130 pts:6.130 dur:23.000ms, clock:-0.155 drop:0 level:61
2021-04-13 21:18:02.117 T:4972 DEBUG : CVideoPlayer::ProcessVideoData size:733 dts:6.132 pts:6.132 dur:41.000ms, clock:-0.155 level:69
2021-04-13 21:18:02.117 T:4972 DEBUG : CVideoPlayer::ProcessAudioData size:534 dts:6.153 pts:6.153 dur:23.000ms, clock:-0.155 drop:0 level:61
2021-04-13 21:18:02.117 T:4972 DEBUG : CVideoPlayer::ProcessVideoData size:795 dts:6.173 pts:6.173 dur:41.000ms, clock:-0.155 level:70
2021-04-13 21:18:02.117 T:4972 DEBUG : CVideoPlayer::ProcessAudioData size:364 dts:6.177 pts:6.177 dur:23.000ms, clock:-0.155 drop:0 level:61
2021-04-13 21:18:02.117 T:4972 DEBUG : CVideoPlayer::ProcessAudioData size:307 dts:6.200 pts:6.200 dur:23.000ms, clock:-0.155 drop:0 level:61
2021-04-13 21:18:02.118 T:4972 DEBUG : CVideoPlayer::ProcessVideoData size:518 dts:6.215 pts:6.215 dur:41.000ms, clock:-0.155 level:70
2021-04-13 21:18:02.118 T:4972 DEBUG : CVideoPlayer::ProcessAudioData size:310 dts:6.223 pts:6.223 dur:23.000ms, clock:-0.154 drop:0 level:62
2021-04-13 21:18:02.118 T:4763 DEBUG : PrepareNextRender: frameOnScreen: -0.154 renderPts: 0.012 nextFramePts: 0.042 -> diff: -0.030 render: 0 forceNext: 0
2021-04-13 21:18:02.118 T:4972 DEBUG : CVideoPlayer::ProcessAudioData size:321 dts:6.246 pts:6.246 dur:23.000ms, clock:-0.154 drop:0 level:62
2021-04-13 21:18:02.118 T:4972 DEBUG : CVideoPlayer::ProcessVideoData size:470 dts:6.257 pts:6.257 dur:41.000ms, clock:-0.154 level:71
2021-04-13 21:18:02.118 T:4972 DEBUG : CVideoPlayer::ProcessAudioData size:326 dts:6.269 pts:6.269 dur:23.000ms, clock:-0.154 drop:0 level:62
2021-04-13 21:18:02.118 T:4972 DEBUG : CVideoPlayer::ProcessAudioData size:350 dts:6.293 pts:6.293 dur:23.000ms, clock:-0.154 drop:0 level:63
2021-04-13 21:18:02.118 T:4972 DEBUG : CVideoPlayer::ProcessVideoData size:284 dts:6.298 pts:6.298 dur:41.000ms, clock:-0.154 level:71
2021-04-13 21:18:02.118 T:4972 DEBUG : CVideoPlayer::ProcessAudioData size:553 dts:6.316 pts:6.316 dur:23.000ms, clock:-0.154 drop:0 level:63
2021-04-13 21:18:02.118 T:4972 DEBUG : CVideoPlayer::ProcessAudioData size:387 dts:6.339 pts:6.339 dur:23.000ms, clock:-0.154 drop:0 level:63
2021-04-13 21:18:02.118 T:4972 DEBUG : CVideoPlayer::ProcessVideoData size:373 dts:6.340 pts:6.340 dur:41.000ms, clock:-0.154 level:72
2021-04-13 21:18:02.119 T:4972 DEBUG : CVideoPlayer::ProcessAudioData size:310 dts:6.362 pts:6.362 dur:23.000ms, clock:-0.154 drop:0 level:63
2021-04-13 21:18:02.119 T:4972 DEBUG : CVideoPlayer::ProcessVideoData size:222 dts:6.382 pts:6.382 dur:41.000ms, clock:-0.153 level:72
2021-04-13 21:18:02.119 T:4972 DEBUG : CVideoPlayer::ProcessAudioData size:324 dts:6.385 pts:6.385 dur:23.000ms, clock:-0.153 drop:0 level:64
2021-04-13 21:18:02.119 T:4972 DEBUG : CVideoPlayer::ProcessAudioData size:325 dts:6.409 pts:6.409 dur:23.000ms, clock:-0.153 drop:0 level:64
2021-04-13 21:18:02.120 T:4972 DEBUG : CVideoPlayer::ProcessVideoData size:43607 dts:6.424 pts:6.424 dur:41.000ms, clock:-0.153 level:73
2021-04-13 21:18:02.120 T:4972 DEBUG : CVideoPlayer::ProcessAudioData size:327 dts:6.432 pts:6.432 dur:23.000ms, clock:-0.152 drop:0 level:64
2021-04-13 21:18:02.120 T:4972 DEBUG : CVideoPlayer::ProcessAudioData size:490 dts:6.455 pts:6.455 dur:23.000ms, clock:-0.152 drop:0 level:65
2021-04-13 21:18:02.120 T:4972 DEBUG : CVideoPlayer::ProcessVideoData size:40469 dts:6.465 pts:6.465 dur:41.000ms, clock:-0.152 level:73
2021-04-13 21:18:02.121 T:4972 DEBUG : CVideoPlayer::ProcessAudioData size:370 dts:6.478 pts:6.478 dur:23.000ms, clock:-0.151 drop:0 level:65
2021-04-13 21:18:02.121 T:4972 DEBUG : CVideoPlayer::ProcessAudioData size:326 dts:6.502 pts:6.502 dur:23.000ms, clock:-0.151 drop:0 level:65
2021-04-13 21:18:02.121 T:4972 DEBUG : CVideoPlayer::ProcessVideoData size:15971 dts:6.507 pts:6.507 dur:41.000ms, clock:-0.151 level:74
2021-04-13 21:18:02.121 T:4972 DEBUG : CVideoPlayer::ProcessAudioData size:332 dts:6.525 pts:6.525 dur:23.000ms, clock:-0.151 drop:0 level:66
2021-04-13 21:18:02.121 T:4972 DEBUG : CVideoPlayer::ProcessAudioData size:340 dts:6.548 pts:6.548 dur:23.000ms, clock:-0.151 drop:0 level:66
2021-04-13 21:18:02.121 T:4972 DEBUG : CVideoPlayer::ProcessVideoData size:2194 dts:6.549 pts:6.549 dur:41.000ms, clock:-0.151 level:75
2021-04-13 21:18:02.122 T:4972 DEBUG : CVideoPlayer::ProcessAudioData size:333 dts:6.571 pts:6.571 dur:23.000ms, clock:-0.151 drop:0 level:66
2021-04-13 21:18:02.122 T:4972 DEBUG : CVideoPlayer::ProcessVideoData size:464 dts:6.590 pts:6.590 dur:41.000ms, clock:-0.150 level:75
2021-04-13 21:18:02.122 T:4972 DEBUG : CVideoPlayer::ProcessAudioData size:343 dts:6.594 pts:6.594 dur:23.000ms, clock:-0.150 drop:0 level:66
2021-04-13 21:18:02.122 T:4972 DEBUG : CVideoPlayer::ProcessAudioData size:568 dts:6.618 pts:6.618 dur:23.000ms, clock:-0.150 drop:0 level:67
2021-04-13 21:18:02.122 T:4972 DEBUG : CVideoPlayer::ProcessVideoData size:808 dts:6.632 pts:6.632 dur:41.000ms, clock:-0.150 level:76
2021-04-13 21:18:02.122 T:4972 DEBUG : CVideoPlayer::ProcessAudioData size:372 dts:6.641 pts:6.641 dur:23.000ms, clock:-0.150 drop:0 level:67
2021-04-13 21:18:02.122 T:4972 DEBUG : CVideoPlayer::ProcessAudioData size:333 dts:6.664 pts:6.664 dur:23.000ms, clock:-0.150 drop:0 level:67
2021-04-13 21:18:02.122 T:4972 DEBUG : CVideoPlayer::ProcessVideoData size:849 dts:6.674 pts:6.674 dur:41.000ms, clock:-0.150 level:76
2021-04-13 21:18:02.122 T:4972 DEBUG : CVideoPlayer::ProcessAudioData size:342 dts:6.687 pts:6.687 dur:23.000ms, clock:-0.150 drop:0 level:68
2021-04-13 21:18:02.122 T:4972 DEBUG : CVideoPlayer::ProcessAudioData size:334 dts:6.711 pts:6.711 dur:23.000ms, clock:-0.150 drop:0 level:68
2021-04-13 21:18:02.122 T:4972 DEBUG : CVideoPlayer::ProcessVideoData size:914 dts:6.716 pts:6.716 dur:41.000ms, clock:-0.150 level:77
2021-04-13 21:18:02.122 T:4972 DEBUG : CVideoPlayer::ProcessAudioData size:342 dts:6.734 pts:6.734 dur:23.000ms, clock:-0.150 drop:0 level:68
2021-04-13 21:18:02.123 T:4972 DEBUG : CVideoPlayer::ProcessVideoData size:687 dts:6.757 pts:6.757 dur:41.000ms, clock:-0.150 level:77
2021-04-13 21:18:02.123 T:4972 DEBUG : CVideoPlayer::ProcessAudioData size:362 dts:6.757 pts:6.757 dur:23.000ms, clock:-0.150 drop:0 level:68
2021-04-13 21:18:02.123 T:4972 DEBUG : CVideoPlayer::ProcessAudioData size:331 dts:6.780 pts:6.780 dur:23.000ms, clock:-0.149 drop:0 level:69
2021-04-13 21:18:02.123 T:4972 DEBUG : CVideoPlayer::ProcessVideoData size:581 dts:6.799 pts:6.799 dur:41.000ms, clock:-0.149 level:78
2021-04-13 21:18:02.123 T:4972 DEBUG : CVideoPlayer::ProcessAudioData size:335 dts:6.803 pts:6.803 dur:23.000ms, clock:-0.149 drop:0 level:69
2021-04-13 21:18:02.123 T:4972 DEBUG : CVideoPlayer::ProcessAudioData size:347 dts:6.827 pts:6.827 dur:23.000ms, clock:-0.149 drop:0 level:69
2021-04-13 21:18:02.123 T:4972 DEBUG : CVideoPlayer::ProcessVideoData size:543 dts:6.841 pts:6.841 dur:41.000ms, clock:-0.149 level:78
2021-04-13 21:18:02.123 T:4972 DEBUG : CVideoPlayer::ProcessAudioData size:348 dts:6.850 pts:6.850 dur:23.000ms, clock:-0.149 drop:0 level:70
2021-04-13 21:18:02.123 T:4972 DEBUG : CVideoPlayer::ProcessAudioData size:381 dts:6.873 pts:6.873 dur:23.000ms, clock:-0.149 drop:0 level:70
2021-04-13 21:18:02.123 T:4972 DEBUG : CVideoPlayer::ProcessVideoData size:134 dts:6.882 pts:6.882 dur:41.000ms, clock:-0.149 level:79
2021-04-13 21:18:02.123 T:4972 DEBUG : CVideoPlayer::ProcessAudioData size:349 dts:6.896 pts:6.896 dur:23.000ms, clock:-0.149 drop:0 level:70
2021-04-13 21:18:02.123 T:4972 DEBUG : CVideoPlayer::ProcessAudioData size:350 dts:6.920 pts:6.920 dur:23.000ms, clock:-0.149 drop:0 level:70
2021-04-13 21:18:02.123 T:4972 DEBUG : CVideoPlayer::ProcessVideoData size:6977 dts:6.924 pts:6.924 dur:41.000ms, clock:-0.149 level:79
2021-04-13 21:18:02.124 T:4972 DEBUG : CVideoPlayer::ProcessAudioData size:355 dts:6.943 pts:6.943 dur:23.000ms, clock:-0.149 drop:0 level:71
2021-04-13 21:18:02.124 T:4972 DEBUG : CVideoPlayer::ProcessVideoData size:719 dts:6.966 pts:6.966 dur:41.000ms, clock:-0.148 level:80
2021-04-13 21:18:02.124 T:4972 DEBUG : CVideoPlayer::ProcessAudioData size:356 dts:6.966 pts:6.966 dur:23.000ms, clock:-0.148 drop:0 level:71
2021-04-13 21:18:02.124 T:4972 DEBUG : CVideoPlayer::ProcessAudioData size:363 dts:6.989 pts:6.989 dur:23.000ms, clock:-0.148 drop:0 level:71
2021-04-13 21:18:02.124 T:4972 DEBUG : CVideoPlayer::ProcessVideoData size:802 dts:7.007 pts:7.007 dur:41.000ms, clock:-0.148 level:80
2021-04-13 21:18:02.124 T:4972 DEBUG : CVideoPlayer::ProcessAudioData size:354 dts:7.012 pts:7.012 dur:23.000ms, clock:-0.148 drop:0 level:72
2021-04-13 21:18:02.124 T:4972 DEBUG : CVideoPlayer::ProcessAudioData size:365 dts:7.036 pts:7.036 dur:23.000ms, clock:-0.148 drop:0 level:72
2021-04-13 21:18:02.124 T:4972 DEBUG : CVideoPlayer::ProcessVideoData size:784 dts:7.049 pts:7.049 dur:41.000ms, clock:-0.148 level:81
2021-04-13 21:18:02.124 T:4972 DEBUG : CVideoPlayer::ProcessAudioData size:367 dts:7.059 pts:7.059 dur:23.000ms, clock:-0.148 drop:0 level:72
2021-04-13 21:18:02.124 T:4972 DEBUG : CVideoPlayer::ProcessAudioData size:356 dts:7.082 pts:7.082 dur:23.000ms, clock:-0.148 drop:0 level:72
2021-04-13 21:18:02.124 T:4972 DEBUG : CVideoPlayer::ProcessVideoData size:685 dts:7.091 pts:7.091 dur:41.000ms, clock:-0.148 level:81
2021-04-13 21:18:02.124 T:4972 DEBUG : CVideoPlayer::ProcessAudioData size:367 dts:7.105 pts:7.105 dur:23.000ms, clock:-0.148 drop:0 level:73
2021-04-13 21:18:02.124 T:4972 DEBUG : CVideoPlayer::ProcessAudioData size:361 dts:7.129 pts:7.129 dur:23.000ms, clock:-0.148 drop:0 level:73
2021-04-13 21:18:02.125 T:4972 DEBUG : CVideoPlayer::ProcessVideoData size:730 dts:7.133 pts:7.133 dur:41.000ms, clock:-0.148 level:82
2021-04-13 21:18:02.125 T:4972 DEBUG : CVideoPlayer::ProcessAudioData size:367 dts:7.152 pts:7.152 dur:23.000ms, clock:-0.148 drop:0 level:73
2021-04-13 21:18:02.125 T:4972 DEBUG : CVideoPlayer::ProcessVideoData size:675 dts:7.174 pts:7.174 dur:41.000ms, clock:-0.147 level:82
2021-04-13 21:18:02.125 T:4972 DEBUG : CVideoPlayer::ProcessAudioData size:368 dts:7.175 pts:7.175 dur:23.000ms, clock:-0.147 drop:0 level:74
2021-04-13 21:18:02.125 T:4972 DEBUG : CVideoPlayer::ProcessAudioData size:432 dts:7.198 pts:7.198 dur:23.000ms, clock:-0.147 drop:0 level:74
2021-04-13 21:18:02.125 T:4972 DEBUG : CVideoPlayer::ProcessVideoData size:767 dts:7.216 pts:7.216 dur:41.000ms, clock:-0.147 level:83
2021-04-13 21:18:02.125 T:4972 DEBUG : CVideoPlayer::ProcessAudioData size:373 dts:7.221 pts:7.221 dur:23.000ms, clock:-0.147 drop:0 level:74
2021-04-13 21:18:02.125 T:4972 DEBUG : CVideoPlayer::ProcessAudioData size:389 dts:7.245 pts:7.245 dur:23.000ms, clock:-0.147 drop:0 level:75
2021-04-13 21:18:02.125 T:4972 DEBUG : CVideoPlayer::ProcessVideoData size:560 dts:7.258 pts:7.258 dur:41.000ms, clock:-0.147 level:83
2021-04-13 21:18:02.125 T:4972 DEBUG : CVideoPlayer::ProcessAudioData size:365 dts:7.268 pts:7.268 dur:23.000ms, clock:-0.147 drop:0 level:75
2021-04-13 21:18:02.125 T:4972 DEBUG : CVideoPlayer::ProcessAudioData size:368 dts:7.291 pts:7.291 dur:23.000ms, clock:-0.147 drop:0 level:75
2021-04-13 21:18:02.125 T:4972 DEBUG : CVideoPlayer::ProcessVideoData size:429 dts:7.299 pts:7.299 dur:41.000ms, clock:-0.147 level:84
2021-04-13 21:18:02.125 T:4972 DEBUG : CVideoPlayer::ProcessAudioData size:358 dts:7.314 pts:7.314 dur:23.000ms, clock:-0.147 drop:0 level:75
2021-04-13 21:18:02.126 T:4972 DEBUG : CVideoPlayer::ProcessAudioData size:363 dts:7.338 pts:7.338 dur:23.000ms, clock:-0.147 drop:0 level:76
2021-04-13 21:18:02.126 T:4972 DEBUG : CVideoPlayer::ProcessVideoData size:241 dts:7.341 pts:7.341 dur:41.000ms, clock:-0.146 level:84
2021-04-13 21:18:02.126 T:4972 DEBUG : CVideoPlayer::ProcessAudioData size:361 dts:7.361 pts:7.361 dur:23.000ms, clock:-0.146 drop:0 level:76
2021-04-13 21:18:02.126 T:4972 DEBUG : CVideoPlayer::ProcessVideoData size:35321 dts:7.383 pts:7.383 dur:41.000ms, clock:-0.146 level:85
2021-04-13 21:18:02.127 T:4972 DEBUG : CVideoPlayer::ProcessAudioData size:428 dts:7.384 pts:7.384 dur:23.000ms, clock:-0.145 drop:0 level:76
2021-04-13 21:18:02.127 T:4972 DEBUG : CVideoPlayer::ProcessAudioData size:393 dts:7.407 pts:7.407 dur:23.000ms, clock:-0.145 drop:0 level:77
2021-04-13 21:18:02.127 T:4972 DEBUG : CVideoPlayer::ProcessVideoData size:20292 dts:7.425 pts:7.425 dur:41.000ms, clock:-0.145 level:85
2021-04-13 21:18:02.127 T:4972 DEBUG : CVideoPlayer::ProcessAudioData size:356 dts:7.430 pts:7.430 dur:23.000ms, clock:-0.145 drop:0 level:77
2021-04-13 21:18:02.127 T:4972 DEBUG : CVideoPlayer::ProcessAudioData size:354 dts:7.454 pts:7.454 dur:23.000ms, clock:-0.145 drop:0 level:77
2021-04-13 21:18:02.128 T:4972 DEBUG : CVideoPlayer::ProcessVideoData size:26215 dts:7.466 pts:7.466 dur:41.000ms, clock:-0.145 level:86
2021-04-13 21:18:02.128 T:4972 DEBUG : CVideoPlayer::ProcessAudioData size:357 dts:7.477 pts:7.477 dur:23.000ms, clock:-0.144 drop:0 level:77
2021-04-13 21:18:02.128 T:4972 DEBUG : CVideoPlayer::ProcessAudioData size:360 dts:7.500 pts:7.500 dur:23.000ms, clock:-0.144 drop:0 level:78
2021-04-13 21:18:02.128 T:4972 DEBUG : CVideoPlayer::ProcessVideoData size:14361 dts:7.508 pts:7.508 dur:41.000ms, clock:-0.144 level:87
2021-04-13 21:18:02.128 T:4972 DEBUG : CVideoPlayer::ProcessAudioData size:592 dts:7.523 pts:7.523 dur:23.000ms, clock:-0.144 drop:0 level:78
2021-04-13 21:18:02.128 T:4972 DEBUG : CVideoPlayer::ProcessAudioData size:471 dts:7.546 pts:7.546 dur:23.000ms, clock:-0.144 drop:0 level:78
2021-04-13 21:18:02.128 T:4972 DEBUG : CVideoPlayer::ProcessVideoData size:3511 dts:7.550 pts:7.550 dur:41.000ms, clock:-0.144 level:87
2021-04-13 21:18:02.128 T:4972 DEBUG : CVideoPlayer::ProcessAudioData size:402 dts:7.570 pts:7.570 dur:23.000ms, clock:-0.144 drop:0 level:79
2021-04-13 21:18:02.129 T:4972 DEBUG : CVideoPlayer::ProcessVideoData size:386 dts:7.591 pts:7.591 dur:41.000ms, clock:-0.144 level:88
2021-04-13 21:18:02.129 T:4972 DEBUG : CVideoPlayer::ProcessAudioData size:428 dts:7.593 pts:7.593 dur:23.000ms, clock:-0.144 drop:0 level:79
2021-04-13 21:18:02.129 T:4972 DEBUG : CVideoPlayer::ProcessAudioData size:406 dts:7.616 pts:7.616 dur:23.000ms, clock:-0.143 drop:0 level:79
2021-04-13 21:18:02.129 T:4972 DEBUG : CVideoPlayer::ProcessVideoData size:532 dts:7.633 pts:7.633 dur:41.000ms, clock:-0.143 level:88
2021-04-13 21:18:02.129 T:4972 DEBUG : CVideoPlayer::ProcessAudioData size:376 dts:7.639 pts:7.639 dur:23.000ms, clock:-0.143 drop:0 level:79
2021-04-13 21:18:02.129 T:4972 DEBUG : CVideoPlayer::ProcessAudioData size:330 dts:7.663 pts:7.663 dur:23.000ms, clock:-0.143 drop:0 level:80
2021-04-13 21:18:02.129 T:4972 DEBUG : CVideoPlayer::ProcessVideoData size:727 dts:7.675 pts:7.675 dur:41.000ms, clock:-0.143 level:89
2021-04-13 21:18:02.129 T:4972 DEBUG : CVideoPlayer::ProcessAudioData size:358 dts:7.686 pts:7.686 dur:23.000ms, clock:-0.143 drop:0 level:80
2021-04-13 21:18:02.129 T:4972 DEBUG : CVideoPlayer::ProcessAudioData size:359 dts:7.709 pts:7.709 dur:23.000ms, clock:-0.143 drop:0 level:80
2021-04-13 21:18:02.129 T:4972 DEBUG : CVideoPlayer::ProcessVideoData size:712 dts:7.717 pts:7.717 dur:41.000ms, clock:-0.143 level:89
2021-04-13 21:18:02.129 T:4972 DEBUG : CVideoPlayer::ProcessAudioData size:386 dts:7.732 pts:7.732 dur:23.000ms, clock:-0.143 drop:0 level:81
2021-04-13 21:18:02.129 T:4972 DEBUG : CVideoPlayer::ProcessAudioData size:324 dts:7.755 pts:7.755 dur:23.000ms, clock:-0.143 drop:0 level:81
2021-04-13 21:18:02.129 T:4972 DEBUG : CVideoPlayer::ProcessVideoData size:718 dts:7.758 pts:7.758 dur:41.000ms, clock:-0.143 level:90
2021-04-13 21:18:02.130 T:4972 DEBUG : CVideoPlayer::ProcessAudioData size:350 dts:7.779 pts:7.779 dur:23.000ms, clock:-0.143 drop:0 level:81
2021-04-13 21:18:02.130 T:4972 DEBUG : CVideoPlayer::ProcessVideoData size:937 dts:7.800 pts:7.800 dur:41.000ms, clock:-0.142 level:90
2021-04-13 21:18:02.130 T:4972 DEBUG : CVideoPlayer::ProcessAudioData size:371 dts:7.802 pts:7.802 dur:23.000ms, clock:-0.142 drop:0 level:81
2021-04-13 21:18:02.130 T:4972 DEBUG : CVideoPlayer::ProcessAudioData size:342 dts:7.825 pts:7.825 dur:23.000ms, clock:-0.142 drop:0 level:82
2021-04-13 21:18:02.130 T:4972 DEBUG : CVideoPlayer::ProcessVideoData size:36959 dts:7.842 pts:7.842 dur:41.000ms, clock:-0.142 level:91
2021-04-13 21:18:02.130 T:4972 DEBUG : CVideoPlayer::ProcessAudioData size:346 dts:7.848 pts:7.848 dur:23.000ms, clock:-0.142 drop:0 level:82
2021-04-13 21:18:02.130 T:4972 DEBUG : CVideoPlayer::ProcessAudioData size:348 dts:7.872 pts:7.872 dur:23.000ms, clock:-0.142 drop:0 level:82
2021-04-13 21:18:02.130 T:4972 DEBUG : CVideoPlayer::ProcessVideoData size:11350 dts:7.883 pts:7.883 dur:41.000ms, clock:-0.142 level:91
2021-04-13 21:18:02.130 T:4972 DEBUG : CVideoPlayer::ProcessAudioData size:355 dts:7.895 pts:7.895 dur:23.000ms, clock:-0.142 drop:0 level:83
2021-04-13 21:18:02.131 T:4972 DEBUG : CVideoPlayer::ProcessAudioData size:354 dts:7.918 pts:7.918 dur:23.000ms, clock:-0.142 drop:0 level:83
2021-04-13 21:18:02.131 T:4972 DEBUG : CVideoPlayer::ProcessVideoData size:2755 dts:7.925 pts:7.925 dur:41.000ms, clock:-0.141 level:92
2021-04-13 21:18:02.131 T:4972 DEBUG : CVideoPlayer::ProcessAudioData size:369 dts:7.941 pts:7.941 dur:23.000ms, clock:-0.141 drop:0 level:83
2021-04-13 21:18:02.133 T:4972 DEBUG : CVideoPlayer::ProcessAudioData size:354 dts:7.964 pts:7.964 dur:23.000ms, clock:-0.139 drop:0 level:84
2021-04-13 21:18:02.133 T:4972 DEBUG : CVideoPlayer::ProcessVideoData size:101 dts:7.967 pts:7.967 dur:41.000ms, clock:-0.139 level:92
2021-04-13 21:18:02.133 T:4972 DEBUG : CVideoPlayer::ProcessAudioData size:356 dts:7.988 pts:7.988 dur:23.000ms, clock:-0.139 drop:0 level:84
2021-04-13 21:18:02.133 T:4972 DEBUG : CVideoPlayer::ProcessVideoData size:68 dts:8.008 pts:8.008 dur:41.000ms, clock:-0.139 level:93
2021-04-13 21:18:02.133 T:4972 DEBUG : CVideoPlayer::ProcessAudioData size:367 dts:8.011 pts:8.011 dur:23.000ms, clock:-0.139 drop:0 level:84
2021-04-13 21:18:02.133 T:4972 DEBUG : CVideoPlayer::ProcessAudioData size:359 dts:8.034 pts:8.034 dur:23.000ms, clock:-0.139 drop:0 level:84
2021-04-13 21:18:02.133 T:4972 DEBUG : CVideoPlayer::ProcessVideoData size:66 dts:8.050 pts:8.050 dur:41.000ms, clock:-0.139 level:93
2021-04-13 21:18:02.133 T:4972 DEBUG : CVideoPlayer::ProcessAudioData size:395 dts:8.057 pts:8.057 dur:23.000ms, clock:-0.139 drop:0 level:85
2021-04-13 21:18:02.133 T:4972 DEBUG : CVideoPlayer::ProcessAudioData size:369 dts:8.081 pts:8.081 dur:23.000ms, clock:-0.139 drop:0 level:85
2021-04-13 21:18:02.133 T:4972 DEBUG : CVideoPlayer::ProcessVideoData size:66 dts:8.092 pts:8.092 dur:41.000ms, clock:-0.139 level:94
2021-04-13 21:18:02.134 T:4972 DEBUG : CVideoPlayer::ProcessAudioData size:14 dts:8.104 pts:8.104 dur:23.000ms, clock:-0.139 drop:0 level:85
2021-04-13 21:18:02.134 T:4972 DEBUG : CVideoPlayer::ProcessAudioData size:372 dts:8.127 pts:8.127 dur:23.000ms, clock:-0.138 drop:0 level:86
2021-04-13 21:18:02.134 T:4972 DEBUG : CVideoPlayer::ProcessVideoData size:66 dts:8.134 pts:8.134 dur:41.000ms, clock:-0.138 level:94
2021-04-13 21:18:02.134 T:4972 DEBUG : CVideoPlayer::ProcessAudioData size:371 dts:8.150 pts:8.150 dur:23.000ms, clock:-0.138 drop:0 level:86
