2021-04-13 21:18:08.440 T:4974 DEBUG : CVideoPlayerAudio::OutputPacket: pts:6.920 curr_pts:6.168 clock:6.168 level:99
2021-04-13 21:18:08.440 T:4974 DEBUG : CVideoPlayerAudio::OutputPacket: pts:6.943 curr_pts:6.169 clock:6.168 level:99
2021-04-13 21:18:08.445 T:4973 DEBUG : CAMLCodec::GetTimeSize: len:24 dl:117126 fs:116732 front:2194
2021-04-13 21:18:08.450 T:4972 DEBUG : CVideoPlayer::ProcessAudioData size:372 dts:14.884 pts:14.884 dur:23.000ms, clock:6.178 drop:0 level:99
2021-04-13 21:18:08.450 T:4972 DEBUG : CVideoPlayer::ProcessVideoData size:14696 dts:14.890 pts:14.890 dur:41.000ms, clock:6.178 level:92
2021-04-13 21:18:08.450 T:4972 DEBUG : CVideoPlayer::ProcessAudioData size:358 dts:14.907 pts:14.907 dur:23.000ms, clock:6.178 drop:0 level:99
2021-04-13 21:18:08.452 T:4973 DEBUG : CAMLCodec::GetTimeSize: len:24 dl:117126 fs:116732 front:2194
2021-04-13 21:18:08.454 T:4763 DEBUG : CAMLCodec::PollFrame elapsed:37.462ms
2021-04-13 21:18:08.457 T:4763 DEBUG : PrepareNextRender: frameOnScreen: 6.185 renderPts: 6.351 nextFramePts: 6.340 -> diff: 0.011 render: 1 forceNext: 0
2021-04-13 21:18:08.458 T:4763 DEBUG : CAMLCodec::ReleaseFrame idx:152, drop:0
2021-04-13 21:18:08.458 T:4973 DEBUG : CAMLCodec::GetTimeSize: len:24 dl:117126 fs:116732 front:2194
2021-04-13 21:18:08.465 T:4973 DEBUG : CAMLCodec::GetTimeSize: len:24 dl:114916 fs:116732 front:2194
2021-04-13 21:18:08.465 T:4973 DEBUG : CAMLCodec::GetTimeSize: len:23 dl:114916 fs:114538 front:464
2021-04-13 21:18:08.465 T:4973 DEBUG : CAMLCodec::DequeueBuffer: pts:6.549 idx:157
2021-04-13 21:18:08.465 T:4973 DEBUG : CAMLCodec::GetPicture: index: 157, pts: 6.549, dur:42ms ar:0.00
2021-04-13 21:18:08.465 T:4973 DEBUG : CVideoPlayerVideo::OutputPicture - ttd:356ms pts:6.549 Clock:6.193 Level:4
2021-04-13 21:18:08.466 T:4973 DEBUG : CAMLCodec::GetTimeSize: len:23 dl:114916 fs:114538 front:464
2021-04-13 21:18:08.471 T:4973 DEBUG : CAMLCodec::AddData: dl:118443 sum:118049 sz:3511 dts:7.550 pts:7.550 overflow:0
2021-04-13 21:18:08.471 T:4973 DEBUG : CAMLCodec::GetTimeSize: len:24 dl:118443 fs:118049 front:464
2021-04-13 21:18:08.490 T:4974 INFO : Skipped 3 duplicate messages..
2021-04-13 21:18:08.490 T:4974 DEBUG : CVideoPlayerAudio::OutputPacket: pts:6.966 curr_pts:6.219 clock:6.218 level:99
2021-04-13 21:18:08.490 T:4974 DEBUG : CVideoPlayerAudio::OutputPacket: pts:6.989 curr_pts:6.219 clock:6.218 level:99
2021-04-13 21:18:08.491 T:4972 DEBUG : CVideoPlayer::ProcessAudioData size:364 dts:14.930 pts:14.930 dur:23.000ms, clock:6.218 drop:0 level:99
2021-04-13 21:18:08.491 T:4972 DEBUG : CVideoPlayer::ProcessVideoData size:16197 dts:14.932 pts:14.932 dur:41.000ms, clock:6.219 level:92
2021-04-13 21:18:08.491 T:4972 DEBUG : CVideoPlayer::ProcessAudioData size:376 dts:14.954 pts:14.954 dur:23.000ms, clock:6.219 drop:0 level:99
2021-04-13 21:18:08.496 T:4763 DEBUG : CAMLCodec::PollFrame elapsed:37.510ms
2021-04-13 21:18:08.496 T:4973 DEBUG : CAMLCodec::GetTimeSize: len:24 dl:118443 fs:118049 front:464
2021-04-13 21:18:08.498 T:4763 DEBUG : PrepareNextRender: frameOnScreen: 6.226 renderPts: 6.393 nextFramePts: 6.382 -> diff: 0.011 render: 1 forceNext: 0
2021-04-13 21:18:08.500 T:4763 DEBUG : CAMLCodec::ReleaseFrame idx:153, drop:0
2021-04-13 21:18:08.502 T:4973 DEBUG : CAMLCodec::GetTimeSize: len:24 dl:117963 fs:118049 front:464
2021-04-13 21:18:08.503 T:4973 DEBUG : CAMLCodec::GetTimeSize: len:23 dl:117963 fs:117585 front:808
2021-04-13 21:18:08.503 T:4973 DEBUG : CAMLCodec::DequeueBuffer: pts:6.590 idx:158
2021-04-13 21:18:08.503 T:4973 DEBUG : CAMLCodec::GetPicture: index: 158, pts: 6.590, dur:41ms ar:0.00
2021-04-13 21:18:08.503 T:4973 DEBUG : CVideoPlayerVideo::OutputPicture - ttd:359ms pts:6.590 Clock:6.231 Level:4
2021-04-13 21:18:08.504 T:4973 DEBUG : CAMLCodec::GetTimeSize: len:23 dl:117963 fs:117585 front:808
2021-04-13 21:18:08.509 T:4973 DEBUG : CAMLCodec::AddData: dl:118365 sum:117971 sz:386 dts:7.591 pts:7.591 overflow:0
2021-04-13 21:18:08.509 T:4973 DEBUG : CAMLCodec::GetTimeSize: len:24 dl:118365 fs:117971 front:808
2021-04-13 21:18:08.538 T:4763 INFO : Skipped 4 duplicate messages..
2021-04-13 21:18:08.538 T:4763 DEBUG : CAMLCodec::PollFrame elapsed:37.644ms
2021-04-13 21:18:08.540 T:4974 DEBUG : CVideoPlayerAudio::OutputPacket: pts:7.012 curr_pts:6.268 clock:6.268 level:99
2021-04-13 21:18:08.540 T:4763 DEBUG : PrepareNextRender: frameOnScreen: 6.268 renderPts: 6.435 nextFramePts: 6.424 -> diff: 0.011 render: 1 forceNext: 0
2021-04-13 21:18:08.540 T:4974 DEBUG : CVideoPlayerAudio::OutputPacket: pts:7.036 curr_pts:6.268 clock:6.268 level:99
2021-04-13 21:18:08.541 T:4763 DEBUG : CAMLCodec::ReleaseFrame idx:154, drop:0
2021-04-13 21:18:08.542 T:4972 DEBUG : CVideoPlayer::ProcessVideoData size:15588 dts:14.974 pts:14.974 dur:41.000ms, clock:6.270 level:92
2021-04-13 21:18:08.542 T:4972 DEBUG : CVideoPlayer::ProcessAudioData size:372 dts:14.977 pts:14.977 dur:23.000ms, clock:6.270 drop:0 level:99
2021-04-13 21:18:08.542 T:4972 DEBUG : CVideoPlayer::ProcessAudioData size:365 dts:15.000 pts:15.000 dur:23.000ms, clock:6.270 drop:0 level:99
2021-04-13 21:18:08.543 T:4973 DEBUG : CAMLCodec::GetTimeSize: len:24 dl:117541 fs:117971 front:808
2021-04-13 21:18:08.543 T:4973 DEBUG : CAMLCodec::GetTimeSize: len:23 dl:117541 fs:117163 front:849
2021-04-13 21:18:08.543 T:4973 DEBUG : CAMLCodec::DequeueBuffer: pts:6.632 idx:159
2021-04-13 21:18:08.543 T:4973 DEBUG : CAMLCodec::GetPicture: index: 159, pts: 6.632, dur:42ms ar:0.00
2021-04-13 21:18:08.543 T:4973 DEBUG : CVideoPlayerVideo::OutputPicture - ttd:360ms pts:6.632 Clock:6.271 Level:4
2021-04-13 21:18:08.544 T:4973 DEBUG : CAMLCodec::GetTimeSize: len:23 dl:117541 fs:117163 front:849
2021-04-13 21:18:08.550 T:4973 DEBUG : CAMLCodec::AddData: dl:118089 sum:117695 sz:532 dts:7.633 pts:7.633 overflow:0
2021-04-13 21:18:08.550 T:4973 DEBUG : CAMLCodec::GetTimeSize: len:24 dl:118089 fs:117695 front:849
2021-04-13 21:18:08.579 T:4763 INFO : Skipped 4 duplicate messages..
2021-04-13 21:18:08.579 T:4763 DEBUG : CAMLCodec::PollFrame elapsed:37.585ms
2021-04-13 21:18:08.581 T:4973 DEBUG : CAMLCodec::GetTimeSize: len:24 dl:118089 fs:117695 front:849
2021-04-13 21:18:08.582 T:4763 DEBUG : PrepareNextRender: frameOnScreen: 6.310 renderPts: 6.477 nextFramePts: 6.465 -> diff: 0.012 render: 1 forceNext: 0
2021-04-13 21:18:08.582 T:4763 DEBUG : CAMLCodec::ReleaseFrame idx:155, drop:0
2021-04-13 21:18:08.587 T:4973 DEBUG : CAMLCodec::GetTimeSize: len:24 dl:117224 fs:117695 front:849
2021-04-13 21:18:08.588 T:4973 DEBUG : CAMLCodec::GetTimeSize: len:23 dl:117224 fs:116846 front:914
2021-04-13 21:18:08.588 T:4973 DEBUG : CAMLCodec::DequeueBuffer: pts:6.674 idx:160
2021-04-13 21:18:08.588 T:4973 DEBUG : CAMLCodec::GetPicture: index: 160, pts: 6.674, dur:42ms ar:0.00
2021-04-13 21:18:08.588 T:4973 DEBUG : CVideoPlayerVideo::OutputPicture - ttd:358ms pts:6.674 Clock:6.316 Level:4
2021-04-13 21:18:08.589 T:4973 DEBUG : CAMLCodec::GetTimeSize: len:23 dl:117224 fs:116846 front:914
2021-04-13 21:18:08.590 T:4974 DEBUG : CVideoPlayerAudio::OutputPacket: pts:7.059 curr_pts:6.318 clock:6.317 level:99
2021-04-13 21:18:08.590 T:4974 DEBUG : CVideoPlayerAudio::OutputPacket: pts:7.082 curr_pts:6.318 clock:6.318 level:99
2021-04-13 21:18:08.593 T:4972 DEBUG : CVideoPlayer::ProcessVideoData size:16022 dts:15.015 pts:15.015 dur:41.000ms, clock:6.321 level:92
2021-04-13 21:18:08.593 T:4972 DEBUG : CVideoPlayer::ProcessAudioData size:359 dts:15.023 pts:15.023 dur:23.000ms, clock:6.321 drop:0 level:99
2021-04-13 21:18:08.593 T:4972 DEBUG : CVideoPlayer::ProcessAudioData size:367 dts:15.047 pts:15.047 dur:23.000ms, clock:6.321 drop:0 level:99
2021-04-13 21:18:08.594 T:4973 DEBUG : CAMLCodec::AddData: dl:117967 sum:117573 sz:727 dts:7.675 pts:7.675 overflow:0
2021-04-13 21:18:08.594 T:4973 DEBUG : CAMLCodec::GetTimeSize: len:24 dl:117967 fs:117573 front:914
2021-04-13 21:18:08.621 T:4763 INFO : Skipped 4 duplicate messages..
2021-04-13 21:18:08.621 T:4763 DEBUG : CAMLCodec::PollFrame elapsed:38.688ms
2021-04-13 21:18:08.622 T:4763 DEBUG : PrepareNextRender: frameOnScreen: 6.350 renderPts: 6.517 nextFramePts: 6.507 -> diff: 0.010 render: 1 forceNext: 0
2021-04-13 21:18:08.624 T:4763 DEBUG : CAMLCodec::ReleaseFrame idx:156, drop:0
2021-04-13 21:18:08.625 T:4973 DEBUG : CAMLCodec::GetTimeSize: len:24 dl:117967 fs:117573 front:914
2021-04-13 21:18:08.632 T:4973 DEBUG : CAMLCodec::GetTimeSize: len:24 dl:117037 fs:117573 front:914
2021-04-13 21:18:08.632 T:4973 DEBUG : CAMLCodec::GetTimeSize: len:23 dl:117037 fs:116659 front:687
2021-04-13 21:18:08.632 T:4973 DEBUG : CAMLCodec::DequeueBuffer: pts:6.716 idx:161
2021-04-13 21:18:08.632 T:4973 DEBUG : CAMLCodec::GetPicture: index: 161, pts: 6.716, dur:42ms ar:0.00
2021-04-13 21:18:08.632 T:4973 DEBUG : CVideoPlayerVideo::OutputPicture - ttd:356ms pts:6.716 Clock:6.360 Level:4
2021-04-13 21:18:08.633 T:4973 DEBUG : CAMLCodec::GetTimeSize: len:23 dl:117037 fs:116659 front:687
2021-04-13 21:18:08.638 T:4973 DEBUG : CAMLCodec::AddData: dl:117765 sum:117371 sz:712 dts:7.717 pts:7.717 overflow:0
2021-04-13 21:18:08.638 T:4973 DEBUG : CAMLCodec::GetTimeSize: len:24 dl:117765 fs:117371 front:687
2021-04-13 21:18:08.640 T:4974 DEBUG : CVideoPlayerAudio::OutputPacket: pts:7.105 curr_pts:6.368 clock:6.368 level:99
2021-04-13 21:18:08.640 T:4974 DEBUG : CVideoPlayerAudio::OutputPacket: pts:7.129 curr_pts:6.368 clock:6.368 level:99
2021-04-13 21:18:08.644 T:4972 DEBUG : CVideoPlayer::ProcessVideoData size:14782 dts:15.057 pts:15.057 dur:41.000ms, clock:6.372 level:91
2021-04-13 21:18:08.644 T:4972 DEBUG : CVideoPlayer::ProcessAudioData size:363 dts:15.070 pts:15.070 dur:23.000ms, clock:6.372 drop:0 level:99
2021-04-13 21:18:08.644 T:4972 DEBUG : CVideoPlayer::ProcessAudioData size:368 dts:15.093 pts:15.093 dur:23.000ms, clock:6.372 drop:0 level:99
2021-04-13 21:18:08.645 T:4973 DEBUG : CAMLCodec::GetTimeSize: len:24 dl:117765 fs:117371 front:687
2021-04-13 21:18:08.663 T:4763 INFO : Skipped 2 duplicate messages..
2021-04-13 21:18:08.663 T:4763 DEBUG : CAMLCodec::PollFrame elapsed:38.764ms
2021-04-13 21:18:08.664 T:4973 DEBUG : CAMLCodec::GetTimeSize: len:24 dl:117765 fs:117371 front:687
2021-04-13 21:18:08.665 T:4763 DEBUG : PrepareNextRender: frameOnScreen: 6.393 renderPts: 6.560 nextFramePts: 6.549 -> diff: 0.011 render: 1 forceNext: 0
2021-04-13 21:18:08.666 T:4763 DEBUG : CAMLCodec::ReleaseFrame idx:157, drop:0
2021-04-13 21:18:08.671 T:4973 DEBUG : CAMLCodec::GetTimeSize: len:24 dl:117765 fs:117371 front:687
2021-04-13 21:18:08.690 T:4974 INFO : Skipped 3 duplicate messages..
2021-04-13 21:18:08.690 T:4974 DEBUG : CVideoPlayerAudio::OutputPacket: pts:7.152 curr_pts:6.418 clock:6.418 level:99
2021-04-13 21:18:08.690 T:4974 DEBUG : CVideoPlayerAudio::OutputPacket: pts:7.175 curr_pts:6.419 clock:6.418 level:99
2021-04-13 21:18:08.690 T:4974 DEBUG : CVideoPlayerAudio::OutputPacket: pts:7.198 curr_pts:6.419 clock:6.418 level:99
2021-04-13 21:18:08.695 T:4972 DEBUG : CVideoPlayer::ProcessVideoData size:14444 dts:15.099 pts:15.099 dur:41.000ms, clock:6.423 level:92
2021-04-13 21:18:08.695 T:4972 DEBUG : CVideoPlayer::ProcessAudioData size:359 dts:15.116 pts:15.116 dur:23.000ms, clock:6.423 drop:0 level:99
2021-04-13 21:18:08.695 T:4972 DEBUG : CVideoPlayer::ProcessAudioData size:366 dts:15.139 pts:15.139 dur:23.000ms, clock:6.423 drop:0 level:99
2021-04-13 21:18:08.695 T:4972 DEBUG : CVideoPlayer::ProcessVideoData size:15664 dts:15.141 pts:15.141 dur:41.000ms, clock:6.423 level:92
2021-04-13 21:18:08.696 T:4972 DEBUG : CVideoPlayer::ProcessAudioData size:370 dts:15.163 pts:15.163 dur:23.000ms, clock:6.423 drop:0 level:99
2021-04-13 21:18:08.697 T:4973 DEBUG : CAMLCodec::GetTimeSize: len:24 dl:117765 fs:117371 front:687
2021-04-13 21:18:08.704 T:4763 INFO : Skipped 1 duplicate messages..
2021-04-13 21:18:08.704 T:4763 DEBUG : CAMLCodec::PollFrame elapsed:37.892ms
2021-04-13 21:18:08.707 T:4763 DEBUG : PrepareNextRender: frameOnScreen: 6.434 renderPts: 6.601 nextFramePts: 6.590 -> diff: 0.011 render: 1 forceNext: 0
2021-04-13 21:18:08.708 T:4763 DEBUG : CAMLCodec::ReleaseFrame idx:158, drop:0
2021-04-13 21:18:08.709 T:4973 DEBUG : CAMLCodec::GetTimeSize: len:24 dl:117765 fs:117371 front:687
2021-04-13 21:18:08.716 T:4973 DEBUG : CAMLCodec::GetTimeSize: len:24 dl:117062 fs:117371 front:687
2021-04-13 21:18:08.716 T:4973 DEBUG : CAMLCodec::GetTimeSize: len:23 dl:117062 fs:116684 front:581
2021-04-13 21:18:08.716 T:4973 DEBUG : CAMLCodec::DequeueBuffer: pts:6.757 idx:162
2021-04-13 21:18:08.716 T:4973 DEBUG : CAMLCodec::GetPicture: index: 162, pts: 6.757, dur:41ms ar:0.00
2021-04-13 21:18:08.716 T:4973 DEBUG : CVideoPlayerVideo::OutputPicture - ttd:313ms pts:6.757 Clock:6.444 Level:3
2021-04-13 21:18:08.717 T:4973 DEBUG : CAMLCodec::GetTimeSize: len:23 dl:117062 fs:116684 front:581
2021-04-13 21:18:08.722 T:4973 DEBUG : CAMLCodec::AddData: dl:117796 sum:117402 sz:718 dts:7.758 pts:7.758 overflow:0
2021-04-13 21:18:08.722 T:4973 DEBUG : CAMLCodec::GetTimeSize: len:24 dl:117796 fs:117402 front:581
2021-04-13 21:18:08.740 T:4974 INFO : Skipped 2 duplicate messages..
2021-04-13 21:18:08.740 T:4974 DEBUG : CVideoPlayerAudio::OutputPacket: pts:7.221 curr_pts:6.468 clock:6.468 level:99
2021-04-13 21:18:08.740 T:4974 DEBUG : CVideoPlayerAudio::OutputPacket: pts:7.245 curr_pts:6.468 clock:6.468 level:99
2021-04-13 21:18:08.741 T:4973 DEBUG : CAMLCodec::GetTimeSize: len:24 dl:117796 fs:117402 front:581
2021-04-13 21:18:08.746 T:4763 DEBUG : CAMLCodec::PollFrame elapsed:37.938ms
2021-04-13 21:18:08.746 T:4972 DEBUG : CVideoPlayer::ProcessVideoData size:134 dts:15.182 pts:15.182 dur:41.000ms, clock:6.474 level:92
2021-04-13 21:18:08.746 T:4972 DEBUG : CVideoPlayer::ProcessAudioData size:385 dts:15.186 pts:15.186 dur:23.000ms, clock:6.474 drop:0 level:99
2021-04-13 21:18:08.746 T:4972 DEBUG : CVideoPlayer::ProcessAudioData size:383 dts:15.209 pts:15.209 dur:23.000ms, clock:6.474 drop:0 level:99
2021-04-13 21:18:08.748 T:4973 DEBUG : CAMLCodec::GetTimeSize: len:24 dl:117796 fs:117402 front:581
2021-04-13 21:18:08.749 T:4763 DEBUG : PrepareNextRender: frameOnScreen: 6.477 renderPts: 6.643 nextFramePts: 6.632 -> diff: 0.011 render: 1 forceNext: 0
2021-04-13 21:18:08.750 T:4763 DEBUG : CAMLCodec::ReleaseFrame idx:159, drop:0
2021-04-13 21:18:08.754 T:4973 DEBUG : CAMLCodec::GetTimeSize: len:24 dl:117199 fs:117402 front:581
2021-04-13 21:18:08.754 T:4973 DEBUG : CAMLCodec::GetTimeSize: len:23 dl:117199 fs:116821 front:543
2021-04-13 21:18:08.754 T:4973 DEBUG : CAMLCodec::DequeueBuffer: pts:6.799 idx:163
2021-04-13 21:18:08.754 T:4973 DEBUG : CAMLCodec::GetPicture: index: 163, pts: 6.799, dur:42ms ar:0.00
2021-04-13 21:18:08.755 T:4973 DEBUG : CVideoPlayerVideo::OutputPicture - ttd:316ms pts:6.799 Clock:6.482 Level:3
2021-04-13 21:18:08.756 T:4973 DEBUG : CAMLCodec::GetTimeSize: len:23 dl:117199 fs:116821 front:543
2021-04-13 21:18:08.761 T:4973 DEBUG : CAMLCodec::AddData: dl:118152 sum:117758 sz:937 dts:7.800 pts:7.800 overflow:0
2021-04-13 21:18:08.761 T:4973 DEBUG : CAMLCodec::GetTimeSize: len:24 dl:118152 fs:117758 front:543
2021-04-13 21:18:08.788 T:4763 INFO : Skipped 4 duplicate messages..
2021-04-13 21:18:08.788 T:4763 DEBUG : CAMLCodec::PollFrame elapsed:37.580ms
2021-04-13 21:18:08.790 T:4974 DEBUG : CVideoPlayerAudio::OutputPacket: pts:7.268 curr_pts:6.519 clock:6.518 level:99
2021-04-13 21:18:08.791 T:4974 DEBUG : CVideoPlayerAudio::OutputPacket: pts:7.291 curr_pts:6.519 clock:6.519 level:99
2021-04-13 21:18:08.791 T:4763 DEBUG : PrepareNextRender: frameOnScreen: 6.519 renderPts: 6.685 nextFramePts: 6.674 -> diff: 0.011 render: 1 forceNext: 0
2021-04-13 21:18:08.792 T:4763 DEBUG : CAMLCodec::ReleaseFrame idx:160, drop:0
2021-04-13 21:18:08.792 T:4973 DEBUG : CAMLCodec::GetTimeSize: len:24 dl:118152 fs:117758 front:543
2021-04-13 21:18:08.797 T:4972 DEBUG : CVideoPlayer::ProcessVideoData size:19457 dts:15.224 pts:15.224 dur:41.000ms, clock:6.525 level:92
2021-04-13 21:18:08.797 T:4972 DEBUG : CVideoPlayer::ProcessAudioData size:374 dts:15.232 pts:15.232 dur:23.000ms, clock:6.525 drop:0 level:99
2021-04-13 21:18:08.797 T:4972 DEBUG : CVideoPlayer::ProcessAudioData size:373 dts:15.256 pts:15.256 dur:23.000ms, clock:6.525 drop:0 level:99
2021-04-13 21:18:08.799 T:4973 DEBUG : CAMLCodec::GetTimeSize: len:24 dl:117593 fs:117758 front:543
2021-04-13 21:18:08.799 T:4973 DEBUG : CAMLCodec::GetTimeSize: len:23 dl:117593 fs:117215 front:134
2021-04-13 21:18:08.799 T:4973 DEBUG : CAMLCodec::DequeueBuffer: pts:6.841 idx:164
2021-04-13 21:18:08.799 T:4973 DEBUG : CAMLCodec::GetPicture: index: 164, pts: 6.841, dur:42ms ar:0.00
2021-04-13 21:18:08.799 T:4973 DEBUG : CVideoPlayerVideo::OutputPicture - ttd:313ms pts:6.841 Clock:6.527 Level:3
2021-04-13 21:18:08.800 T:4973 DEBUG : CAMLCodec::GetTimeSize: len:23 dl:117593 fs:117215 front:134
2021-04-13 21:18:08.805 T:4973 DEBUG : CAMLCodec::AddData: dl:154568 sum:154174 sz:36959 dts:7.842 pts:7.842 overflow:0
2021-04-13 21:18:08.805 T:4973 DEBUG : CAMLCodec::GetTimeSize: len:24 dl:154568 fs:154174 front:134
2021-04-13 21:18:08.830 T:4763 INFO : Skipped 3 duplicate messages..
2021-04-13 21:18:08.830 T:4763 DEBUG : CAMLCodec::PollFrame elapsed:36.932ms
2021-04-13 21:18:08.831 T:4973 DEBUG : CAMLCodec::GetTimeSize: len:24 dl:154568 fs:154174 front:134
2021-04-13 21:18:08.832 T:4763 DEBUG : PrepareNextRender: frameOnScreen: 6.560 renderPts: 6.727 nextFramePts: 6.716 -> diff: 0.011 render: 1 forceNext: 0
2021-04-13 21:18:08.834 T:4763 DEBUG : CAMLCodec::ReleaseFrame idx:161, drop:0
2021-04-13 21:18:08.837 T:4973 DEBUG : CAMLCodec::GetTimeSize: len:24 dl:154418 fs:154174 front:134
2021-04-13 21:18:08.837 T:4973 DEBUG : CAMLCodec::DequeueBuffer: pts:6.882 idx:165
2021-04-13 21:18:08.837 T:4973 DEBUG : CAMLCodec::GetPicture: index: 165, pts: 6.882, dur:41ms ar:0.00
2021-04-13 21:18:08.838 T:4973 DEBUG : CVideoPlayerVideo::OutputPicture - ttd:316ms pts:6.882 Clock:6.565 Level:3
2021-04-13 21:18:08.839 T:4973 DEBUG : CAMLCodec::GetTimeSize: len:24 dl:154418 fs:154174 front:134
2021-04-13 21:18:08.840 T:4974 DEBUG : CVideoPlayerAudio::OutputPacket: pts:7.314 curr_pts:6.568 clock:6.568 level:99
2021-04-13 21:18:08.840 T:4974 DEBUG : CVideoPlayerAudio::OutputPacket: pts:7.338 curr_pts:6.568 clock:6.568 level:99
2021-04-13 21:18:08.845 T:4973 DEBUG : CAMLCodec::GetTimeSize: len:24 dl:147415 fs:154174 front:134
2021-04-13 21:18:08.845 T:4973 DEBUG : CAMLCodec::GetTimeSize: len:23 dl:147415 fs:154040 front:6977
2021-04-13 21:18:08.845 T:4973 DEBUG : CAMLCodec::GetTimeSize: len:22 dl:147415 fs:147063 front:719
2021-04-13 21:18:08.845 T:4973 DEBUG : CAMLCodec::DequeueBuffer: pts:6.924 idx:166
2021-04-13 21:18:08.845 T:4973 DEBUG : CAMLCodec::GetPicture: index: 166, pts: 6.924, dur:42ms ar:0.00
2021-04-13 21:18:08.845 T:4973 DEBUG : CVideoPlayerVideo::OutputPicture - ttd:350ms pts:6.924 Clock:6.573 Level:4
2021-04-13 21:18:08.846 T:4973 DEBUG : CAMLCodec::GetTimeSize: len:22 dl:147415 fs:147063 front:719
2021-04-13 21:18:08.848 T:4972 DEBUG : CVideoPlayer::ProcessVideoData size:39187 dts:15.266 pts:15.266 dur:41.000ms, clock:6.576 level:92
2021-04-13 21:18:08.848 T:4972 DEBUG : CVideoPlayer::ProcessAudioData size:377 dts:15.279 pts:15.279 dur:23.000ms, clock:6.576 drop:0 level:99
2021-04-13 21:18:08.849 T:4972 DEBUG : CVideoPlayer::ProcessAudioData size:377 dts:15.302 pts:15.302 dur:23.000ms, clock:6.576 drop:0 level:99
2021-04-13 21:18:08.852 T:4973 DEBUG : frame_number : 2, mag : 2; index_sz : 6
2021-04-13 21:18:08.852 T:4973 DEBUG : CAMLCodec::AddData: dl:158791 sum:158413 sz:11350 dts:7.883 pts:7.883 overflow:0
2021-04-13 21:18:08.852 T:4973 DEBUG : CAMLCodec::GetTimeSize: len:23 dl:158791 fs:158413 front:719
2021-04-13 21:18:08.857 T:4973 DEBUG : CAMLCodec::AddData: dl:161562 sum:161168 sz:2755 dts:7.925 pts:7.925 overflow:0
2021-04-13 21:18:08.857 T:4973 DEBUG : CAMLCodec::GetTimeSize: len:24 dl:161562 fs:161168 front:719
2021-04-13 21:18:08.871 T:4763 INFO : Skipped 2 duplicate messages..
2021-04-13 21:18:08.871 T:4763 DEBUG : CAMLCodec::PollFrame elapsed:37.239ms
2021-04-13 21:18:08.874 T:4763 DEBUG : PrepareNextRender: frameOnScreen: 6.601 renderPts: 6.768 nextFramePts: 6.757 -> diff: 0.011 render: 1 forceNext: 0
2021-04-13 21:18:08.875 T:4763 DEBUG : CAMLCodec::ReleaseFrame idx:162, drop:0
2021-04-13 21:18:08.876 T:4973 DEBUG : CAMLCodec::GetTimeSize: len:24 dl:161562 fs:161168 front:719
2021-04-13 21:18:08.890 T:4974 INFO : Skipped 2 duplicate messages..
2021-04-13 21:18:08.890 T:4974 DEBUG : CVideoPlayerAudio::OutputPacket: pts:7.361 curr_pts:6.619 clock:6.618 level:99
2021-04-13 21:18:08.890 T:4974 DEBUG : CVideoPlayerAudio::OutputPacket: pts:7.384 curr_pts:6.619 clock:6.618 level:99
2021-04-13 21:18:08.895 T:4973 DEBUG : CAMLCodec::GetTimeSize: len:24 dl:161562 fs:161168 front:719
2021-04-13 21:18:08.899 T:4972 DEBUG : CVideoPlayer::ProcessVideoData size:12301 dts:15.307 pts:15.307 dur:41.000ms, clock:6.627 level:92
2021-04-13 21:18:08.899 T:4972 DEBUG : CVideoPlayer::ProcessAudioData size:375 dts:15.325 pts:15.325 dur:23.000ms, clock:6.627 drop:0 level:99
2021-04-13 21:18:08.899 T:4972 DEBUG : CVideoPlayer::ProcessAudioData size:377 dts:15.348 pts:15.348 dur:23.000ms, clock:6.627 drop:0 level:99
2021-04-13 21:18:08.901 T:4973 DEBUG : CAMLCodec::GetTimeSize: len:24 dl:161562 fs:161168 front:719
2021-04-13 21:18:08.913 T:4763 INFO : Skipped 1 duplicate messages..
2021-04-13 21:18:08.913 T:4763 DEBUG : CAMLCodec::PollFrame elapsed:37.931ms
2021-04-13 21:18:08.913 T:4973 DEBUG : CAMLCodec::GetTimeSize: len:24 dl:161562 fs:161168 front:719
2021-04-13 21:18:08.916 T:4763 DEBUG : PrepareNextRender: frameOnScreen: 6.644 renderPts: 6.810 nextFramePts: 6.799 -> diff: 0.011 render: 1 forceNext: 0
2021-04-13 21:18:08.917 T:4763 DEBUG : CAMLCodec::ReleaseFrame idx:163, drop:0
2021-04-13 21:18:08.920 T:4973 DEBUG : CAMLCodec::GetTimeSize: len:24 dl:160827 fs:161168 front:719
2021-04-13 21:18:08.920 T:4973 DEBUG : CAMLCodec::GetTimeSize: len:23 dl:160827 fs:160449 front:802
2021-04-13 21:18:08.920 T:4973 DEBUG : CAMLCodec::DequeueBuffer: pts:6.966 idx:167
2021-04-13 21:18:08.920 T:4973 DEBUG : CAMLCodec::GetPicture: index: 167, pts: 6.966, dur:42ms ar:0.00
2021-04-13 21:18:08.920 T:4973 DEBUG : CVideoPlayerVideo::OutputPicture - ttd:317ms pts:6.966 Clock:6.648 Level:3
2021-04-13 21:18:08.921 T:4973 DEBUG : CAMLCodec::GetTimeSize: len:23 dl:160827 fs:160449 front:802
2021-04-13 21:18:08.926 T:4973 DEBUG : CAMLCodec::AddData: dl:160944 sum:160550 sz:101 dts:7.967 pts:7.967 overflow:0
2021-04-13 21:18:08.927 T:4973 DEBUG : CAMLCodec::GetTimeSize: len:24 dl:160944 fs:160550 front:802
2021-04-13 21:18:08.940 T:4974 INFO : Skipped 2 duplicate messages..
2021-04-13 21:18:08.940 T:4974 DEBUG : CVideoPlayerAudio::OutputPacket: pts:7.407 curr_pts:6.668 clock:6.668 level:99
2021-04-13 21:18:08.940 T:4972 DEBUG : CVideoPlayer::ProcessVideoData size:10400 dts:15.349 pts:15.349 dur:41.000ms, clock:6.668 level:92
2021-04-13 21:18:08.940 T:4972 DEBUG : CVideoPlayer::ProcessAudioData size:381 dts:15.372 pts:15.372 dur:23.000ms, clock:6.668 drop:0 level:99
2021-04-13 21:18:08.940 T:4974 DEBUG : CVideoPlayerAudio::OutputPacket: pts:7.430 curr_pts:6.669 clock:6.668 level:99
2021-04-13 21:18:08.940 T:4972 DEBUG : CVideoPlayer::ProcessVideoData size:10295 dts:15.391 pts:15.391 dur:41.000ms, clock:6.668 level:92
2021-04-13 21:18:08.941 T:4972 DEBUG : CVideoPlayer::ProcessAudioData size:375 dts:15.395 pts:15.395 dur:23.000ms, clock:6.668 drop:0 level:99
2021-04-13 21:18:08.945 T:4973 DEBUG : CAMLCodec::GetTimeSize: len:24 dl:160944 fs:160550 front:802
2021-04-13 21:18:08.955 T:4763 INFO : Skipped 1 duplicate messages..
2021-04-13 21:18:08.955 T:4763 DEBUG : CAMLCodec::PollFrame elapsed:37.588ms
2021-04-13 21:18:08.957 T:4763 DEBUG : PrepareNextRender: frameOnScreen: 6.685 renderPts: 6.852 nextFramePts: 6.841 -> diff: 0.011 render: 1 forceNext: 0
2021-04-13 21:18:08.958 T:4973 DEBUG : CAMLCodec::GetTimeSize: len:24 dl:160944 fs:160550 front:802
2021-04-13 21:18:08.959 T:4763 DEBUG : CAMLCodec::ReleaseFrame idx:164, drop:0
2021-04-13 21:18:08.964 T:4973 DEBUG : CAMLCodec::GetTimeSize: len:24 dl:160126 fs:160550 front:802
2021-04-13 21:18:08.964 T:4973 DEBUG : CAMLCodec::GetTimeSize: len:23 dl:160126 fs:159748 front:784
2021-04-13 21:18:08.964 T:4973 DEBUG : CAMLCodec::DequeueBuffer: pts:7.007 idx:168
2021-04-13 21:18:08.965 T:4973 DEBUG : CAMLCodec::GetPicture: index: 168, pts: 7.007, dur:41ms ar:0.00
2021-04-13 21:18:08.965 T:4973 DEBUG : CVideoPlayerVideo::OutputPicture - ttd:314ms pts:7.007 Clock:6.692 Level:3
2021-04-13 21:18:08.966 T:4973 DEBUG : CAMLCodec::GetTimeSize: len:23 dl:160126 fs:159748 front:784
2021-04-13 21:18:08.971 T:4973 DEBUG : CAMLCodec::AddData: dl:160210 sum:159816 sz:68 dts:8.008 pts:8.008 overflow:0
2021-04-13 21:18:08.971 T:4973 DEBUG : CAMLCodec::GetTimeSize: len:24 dl:160210 fs:159816 front:784
2021-04-13 21:18:08.990 T:4974 INFO : Skipped 3 duplicate messages..
2021-04-13 21:18:08.990 T:4974 DEBUG : CVideoPlayerAudio::OutputPacket: pts:7.454 curr_pts:6.718 clock:6.718 level:99
2021-04-13 21:18:08.990 T:4974 DEBUG : CVideoPlayerAudio::OutputPacket: pts:7.477 curr_pts:6.719 clock:6.718 level:99
2021-04-13 21:18:08.991 T:4972 DEBUG : CVideoPlayer::ProcessAudioData size:379 dts:15.418 pts:15.418 dur:23.000ms, clock:6.719 drop:0 level:99
2021-04-13 21:18:08.991 T:4972 DEBUG : CVideoPlayer::ProcessVideoData size:10707 dts:15.433 pts:15.433 dur:41.000ms, clock:6.719 level:92
2021-04-13 21:18:08.992 T:4972 DEBUG : CVideoPlayer::ProcessAudioData size:380 dts:15.441 pts:15.441 dur:23.000ms, clock:6.719 drop:0 level:99
2021-04-13 21:18:08.996 T:4973 DEBUG : CAMLCodec::GetTimeSize: len:24 dl:160210 fs:159816 front:784
2021-04-13 21:18:08.996 T:4763 DEBUG : CAMLCodec::PollFrame elapsed:37.106ms
2021-04-13 21:18:08.999 T:4763 DEBUG : PrepareNextRender: frameOnScreen: 6.727 renderPts: 6.893 nextFramePts: 6.882 -> diff: 0.011 render: 1 forceNext: 0
2021-04-13 21:18:09.000 T:4763 DEBUG : CAMLCodec::ReleaseFrame idx:165, drop:0
2021-04-13 21:18:09.002 T:4973 DEBUG : CAMLCodec::GetTimeSize: len:24 dl:159410 fs:159816 front:784
2021-04-13 21:18:09.002 T:4973 DEBUG : CAMLCodec::GetTimeSize: len:23 dl:159410 fs:159032 front:685
2021-04-13 21:18:09.002 T:4973 DEBUG : CAMLCodec::DequeueBuffer: pts:7.049 idx:169
2021-04-13 21:18:09.003 T:4973 DEBUG : CAMLCodec::GetPicture: index: 169, pts: 7.049, dur:42ms ar:0.00
2021-04-13 21:18:09.003 T:4973 DEBUG : CVideoPlayerVideo::OutputPicture - ttd:318ms pts:7.049 Clock:6.730 Level:3
2021-04-13 21:18:09.004 T:4973 DEBUG : CAMLCodec::GetTimeSize: len:23 dl:159410 fs:159032 front:685
2021-04-13 21:18:09.009 T:4973 DEBUG : CAMLCodec::AddData: dl:159492 sum:159098 sz:66 dts:8.050 pts:8.050 overflow:0
2021-04-13 21:18:09.009 T:4973 DEBUG : CAMLCodec::GetTimeSize: len:24 dl:159492 fs:159098 front:685
2021-04-13 21:18:09.038 T:4763 INFO : Skipped 4 duplicate messages..
2021-04-13 21:18:09.038 T:4763 DEBUG : CAMLCodec::PollFrame elapsed:37.655ms
2021-04-13 21:18:09.040 T:4974 DEBUG : CVideoPlayerAudio::OutputPacket: pts:7.500 curr_pts:6.769 clock:6.768 level:99
2021-04-13 21:18:09.041 T:4763 DEBUG : PrepareNextRender: frameOnScreen: 6.768 renderPts: 6.935 nextFramePts: 6.924 -> diff: 0.011 render: 1 forceNext: 0
2021-04-13 21:18:09.041 T:4974 DEBUG : CVideoPlayerAudio::OutputPacket: pts:7.523 curr_pts:6.769 clock:6.769 level:99
2021-04-13 21:18:09.041 T:4974 DEBUG : CVideoPlayerAudio::OutputPacket: pts:7.546 curr_pts:6.769 clock:6.769 level:99
2021-04-13 21:18:09.042 T:4973 DEBUG : CAMLCodec::GetTimeSize: len:24 dl:159492 fs:159098 front:685
2021-04-13 21:18:09.042 T:4972 DEBUG : CVideoPlayer::ProcessAudioData size:378 dts:15.464 pts:15.464 dur:23.000ms, clock:6.770 drop:0 level:99
2021-04-13 21:18:09.042 T:4763 DEBUG : CAMLCodec::ReleaseFrame idx:166, drop:0
2021-04-13 21:18:09.043 T:4972 DEBUG : CVideoPlayer::ProcessVideoData size:14691 dts:15.474 pts:15.474 dur:41.000ms, clock:6.771 level:92
2021-04-13 21:18:09.043 T:4972 DEBUG : CVideoPlayer::ProcessAudioData size:385 dts:15.488 pts:15.488 dur:23.000ms, clock:6.771 drop:0 level:99
2021-04-13 21:18:09.043 T:4972 DEBUG : CVideoPlayer::ProcessAudioData size:378 dts:15.511 pts:15.511 dur:23.000ms, clock:6.771 drop:0 level:99
2021-04-13 21:18:09.048 T:4973 DEBUG : CAMLCodec::GetTimeSize: len:24 dl:158791 fs:159098 front:685
2021-04-13 21:18:09.048 T:4973 DEBUG : CAMLCodec::GetTimeSize: len:23 dl:158791 fs:158413 front:730
2021-04-13 21:18:09.048 T:4973 DEBUG : CAMLCodec::DequeueBuffer: pts:7.091 idx:170
2021-04-13 21:18:09.048 T:4973 DEBUG : CAMLCodec::GetPicture: index: 170, pts: 7.091, dur:42ms ar:0.00
2021-04-13 21:18:09.048 T:4973 DEBUG : CVideoPlayerVideo::OutputPicture - ttd:314ms pts:7.091 Clock:6.776 Level:3
2021-04-13 21:18:09.049 T:4973 DEBUG : CAMLCodec::GetTimeSize: len:23 dl:158791 fs:158413 front:730
2021-04-13 21:18:09.054 T:4973 DEBUG : CAMLCodec::AddData: dl:158873 sum:158479 sz:66 dts:8.092 pts:8.092 overflow:0
2021-04-13 21:18:09.055 T:4973 DEBUG : CAMLCodec::GetTimeSize: len:24 dl:158873 fs:158479 front:730
2021-04-13 21:18:09.080 T:4763 INFO : Skipped 4 duplicate messages..
2021-04-13 21:18:09.080 T:4763 DEBUG : CAMLCodec::PollFrame elapsed:37.025ms
2021-04-13 21:18:09.082 T:4763 DEBUG : PrepareNextRender: frameOnScreen: 6.810 renderPts: 6.977 nextFramePts: 6.966 -> diff: 0.011 render: 1 forceNext: 0
2021-04-13 21:18:09.084 T:4763 DEBUG : CAMLCodec::ReleaseFrame idx:167, drop:0
2021-04-13 21:18:09.086 T:4973 DEBUG : CAMLCodec::GetTimeSize: len:24 dl:158127 fs:158479 front:730
2021-04-13 21:18:09.086 T:4973 DEBUG : CAMLCodec::GetTimeSize: len:23 dl:158127 fs:157749 front:675
2021-04-13 21:18:09.086 T:4973 DEBUG : CAMLCodec::DequeueBuffer: pts:7.133 idx:171
2021-04-13 21:18:09.086 T:4973 DEBUG : CAMLCodec::GetPicture: index: 171, pts: 7.133, dur:42ms ar:0.00
2021-04-13 21:18:09.086 T:4973 DEBUG : CVideoPlayerVideo::OutputPicture - ttd:319ms pts:7.133 Clock:6.814 Level:3
2021-04-13 21:18:09.087 T:4973 DEBUG : CAMLCodec::GetTimeSize: len:23 dl:158127 fs:157749 front:675
2021-04-13 21:18:09.090 T:4974 DEBUG : CVideoPlayerAudio::OutputPacket: pts:7.570 curr_pts:6.817 clock:6.817 level:99
2021-04-13 21:18:09.090 T:4974 DEBUG : CVideoPlayerAudio::OutputPacket: pts:7.593 curr_pts:6.818 clock:6.818 level:99
2021-04-13 21:18:09.092 T:4973 DEBUG : CAMLCodec::AddData: dl:158209 sum:157815 sz:66 dts:8.134 pts:8.134 overflow:0
2021-04-13 21:18:09.092 T:4973 DEBUG : CAMLCodec::GetTimeSize: len:24 dl:158209 fs:157815 front:675
2021-04-13 21:18:09.094 T:4972 DEBUG : CVideoPlayer::ProcessVideoData size:13561 dts:15.516 pts:15.516 dur:41.000ms, clock:6.822 level:92
2021-04-13 21:18:09.094 T:4972 DEBUG : CVideoPlayer::ProcessAudioData size:373 dts:15.534 pts:15.534 dur:23.000ms, clock:6.822 drop:0 level:99
2021-04-13 21:18:09.094 T:4972 DEBUG : CVideoPlayer::ProcessAudioData size:376 dts:15.557 pts:15.557 dur:23.000ms, clock:6.822 drop:0 level:99
2021-04-13 21:18:09.099 T:4973 DEBUG : CAMLCodec::GetTimeSize: len:24 dl:158209 fs:157815 front:675
2021-04-13 21:18:09.122 T:4763 INFO : Skipped 3 duplicate messages..
2021-04-13 21:18:09.122 T:4763 DEBUG : CAMLCodec::PollFrame elapsed:37.567ms
2021-04-13 21:18:09.124 T:4973 DEBUG : CAMLCodec::GetTimeSize: len:24 dl:158209 fs:157815 front:675
2021-04-13 21:18:09.124 T:4763 DEBUG : PrepareNextRender: frameOnScreen: 6.852 renderPts: 7.019 nextFramePts: 7.007 -> diff: 0.012 render: 1 forceNext: 0
2021-04-13 21:18:09.125 T:4763 DEBUG : CAMLCodec::ReleaseFrame idx:168, drop:0
2021-04-13 21:18:09.130 T:4973 DEBUG : CAMLCodec::GetTimeSize: len:24 dl:158209 fs:157815 front:675
2021-04-13 21:18:09.140 T:4974 INFO : Skipped 1 duplicate messages..
2021-04-13 21:18:09.140 T:4974 DEBUG : CVideoPlayerAudio::OutputPacket: pts:7.616 curr_pts:6.868 clock:6.867 level:99
2021-04-13 21:18:09.140 T:4974 DEBUG : CVideoPlayerAudio::OutputPacket: pts:7.639 curr_pts:6.868 clock:6.868 level:99
2021-04-13 21:18:09.143 T:4973 DEBUG : CAMLCodec::GetTimeSize: len:24 dl:158209 fs:157815 front:675
2021-04-13 21:18:09.145 T:4972 DEBUG : CVideoPlayer::ProcessVideoData size:10652 dts:15.558 pts:15.558 dur:41.000ms, clock:6.873 level:92
2021-04-13 21:18:09.145 T:4972 DEBUG : CVideoPlayer::ProcessAudioData size:365 dts:15.581 pts:15.581 dur:23.000ms, clock:6.873 drop:0 level:99
2021-04-13 21:18:09.145 T:4972 DEBUG : CVideoPlayer::ProcessVideoData size:10634 dts:15.599 pts:15.599 dur:41.000ms, clock:6.873 level:93
2021-04-13 21:18:09.145 T:4972 DEBUG : CVideoPlayer::ProcessAudioData size:378 dts:15.604 pts:15.604 dur:23.000ms, clock:6.873 drop:0 level:99
2021-04-13 21:18:09.149 T:4973 DEBUG : CAMLCodec::GetTimeSize: len:24 dl:158209 fs:157815 front:675
2021-04-13 21:18:09.163 T:4763 INFO : Skipped 2 duplicate messages..
2021-04-13 21:18:09.163 T:4763 DEBUG : CAMLCodec::PollFrame elapsed:38.158ms
2021-04-13 21:18:09.166 T:4763 DEBUG : PrepareNextRender: frameOnScreen: 6.894 renderPts: 7.060 nextFramePts: 7.049 -> diff: 0.011 render: 1 forceNext: 0
2021-04-13 21:18:09.167 T:4763 DEBUG : CAMLCodec::ReleaseFrame idx:169, drop:0
2021-04-13 21:18:09.168 T:4973 DEBUG : CAMLCodec::GetTimeSize: len:24 dl:158209 fs:157815 front:675
2021-04-13 21:18:09.174 T:4973 DEBUG : CAMLCodec::GetTimeSize: len:24 dl:157518 fs:157815 front:675
2021-04-13 21:18:09.174 T:4973 DEBUG : CAMLCodec::GetTimeSize: len:23 dl:157518 fs:157140 front:767
2021-04-13 21:18:09.174 T:4973 DEBUG : CAMLCodec::DequeueBuffer: pts:7.174 idx:172
2021-04-13 21:18:09.174 T:4973 DEBUG : CAMLCodec::GetPicture: index: 172, pts: 7.174, dur:41ms ar:0.00
2021-04-13 21:18:09.174 T:4973 DEBUG : CVideoPlayerVideo::OutputPicture - ttd:271ms pts:7.174 Clock:6.902 Level:2
2021-04-13 21:18:09.176 T:4973 DEBUG : CAMLCodec::GetTimeSize: len:23 dl:157518 fs:157140 front:767
2021-04-13 21:18:09.181 T:4973 DEBUG : CAMLCodec::AddData: dl:157600 sum:157206 sz:66 dts:8.175 pts:8.175 overflow:0
2021-04-13 21:18:09.181 T:4973 DEBUG : CAMLCodec::GetTimeSize: len:24 dl:157600 fs:157206 front:767
2021-04-13 21:18:09.190 T:4974 INFO : Skipped 1 duplicate messages..
2021-04-13 21:18:09.190 T:4974 DEBUG : CVideoPlayerAudio::OutputPacket: pts:7.663 curr_pts:6.918 clock:6.918 level:99
2021-04-13 21:18:09.190 T:4974 DEBUG : CVideoPlayerAudio::OutputPacket: pts:7.686 curr_pts:6.919 clock:6.918 level:99
2021-04-13 21:18:09.193 T:4973 DEBUG : CAMLCodec::GetTimeSize: len:24 dl:157600 fs:157206 front:767
2021-04-13 21:18:09.196 T:4972 DEBUG : CVideoPlayer::ProcessAudioData size:381 dts:15.627 pts:15.627 dur:23.000ms, clock:6.924 drop:0 level:99
2021-04-13 21:18:09.196 T:4972 DEBUG : CVideoPlayer::ProcessVideoData size:12333 dts:15.641 pts:15.641 dur:41.000ms, clock:6.924 level:93
2021-04-13 21:18:09.196 T:4972 DEBUG : CVideoPlayer::ProcessAudioData size:366 dts:15.650 pts:15.650 dur:23.000ms, clock:6.924 drop:0 level:99
2021-04-13 21:18:09.200 T:4973 DEBUG : CAMLCodec::GetTimeSize: len:24 dl:157600 fs:157206 front:767
2021-04-13 21:18:09.205 T:4763 DEBUG : CAMLCodec::PollFrame elapsed:37.185ms
2021-04-13 21:18:09.206 T:4973 DEBUG : CAMLCodec::GetTimeSize: len:24 dl:157600 fs:157206 front:767
2021-04-13 21:18:09.208 T:4763 DEBUG : PrepareNextRender: frameOnScreen: 6.936 renderPts: 7.102 nextFramePts: 7.091 -> diff: 0.011 render: 1 forceNext: 0
2021-04-13 21:18:09.209 T:4763 DEBUG : CAMLCodec::ReleaseFrame idx:170, drop:0
2021-04-13 21:18:09.213 T:4973 DEBUG : CAMLCodec::GetTimeSize: len:24 dl:156817 fs:157206 front:767
2021-04-13 21:18:09.213 T:4973 DEBUG : CAMLCodec::GetTimeSize: len:23 dl:156817 fs:156439 front:560
2021-04-13 21:18:09.213 T:4973 DEBUG : CAMLCodec::DequeueBuffer: pts:7.216 idx:173
2021-04-13 21:18:09.213 T:4973 DEBUG : CAMLCodec::GetPicture: index: 173, pts: 7.216, dur:42ms ar:0.00
2021-04-13 21:18:09.213 T:4973 DEBUG : CVideoPlayerVideo::OutputPicture - ttd:275ms pts:7.216 Clock:6.941 Level:2
2021-04-13 21:18:09.214 T:4973 DEBUG : CAMLCodec::GetTimeSize: len:23 dl:156817 fs:156439 front:560
2021-04-13 21:18:09.219 T:4973 DEBUG : CAMLCodec::AddData: dl:156899 sum:156505 sz:66 dts:8.217 pts:8.217 overflow:0
2021-04-13 21:18:09.219 T:4973 DEBUG : CAMLCodec::GetTimeSize: len:24 dl:156899 fs:156505 front:560
2021-04-13 21:18:09.240 T:4974 INFO : Skipped 3 duplicate messages..
2021-04-13 21:18:09.240 T:4974 DEBUG : CVideoPlayerAudio::OutputPacket: pts:7.709 curr_pts:6.968 clock:6.968 level:99
2021-04-13 21:18:09.240 T:4974 DEBUG : CVideoPlayerAudio::OutputPacket: pts:7.732 curr_pts:6.968 clock:6.968 level:99
2021-04-13 21:18:09.244 T:4973 DEBUG : CAMLCodec::GetTimeSize: len:24 dl:156899 fs:156505 front:560
2021-04-13 21:18:09.247 T:4763 DEBUG : CAMLCodec::PollFrame elapsed:37.012ms
2021-04-13 21:18:09.247 T:4972 DEBUG : CVideoPlayer::ProcessAudioData size:407 dts:15.673 pts:15.673 dur:23.000ms, clock:6.975 drop:0 level:99
2021-04-13 21:18:09.248 T:4972 DEBUG : CVideoPlayer::ProcessVideoData size:10586 dts:15.683 pts:15.683 dur:41.000ms, clock:6.976 level:93
2021-04-13 21:18:09.248 T:4972 DEBUG : CVideoPlayer::ProcessAudioData size:434 dts:15.697 pts:15.697 dur:23.000ms, clock:6.976 drop:0 level:99
2021-04-13 21:18:09.249 T:4763 DEBUG : PrepareNextRender: frameOnScreen: 6.977 renderPts: 7.144 nextFramePts: 7.133 -> diff: 0.011 render: 1 forceNext: 0
2021-04-13 21:18:09.250 T:4973 DEBUG : CAMLCodec::GetTimeSize: len:24 dl:156899 fs:156505 front:560
2021-04-13 21:18:09.251 T:4763 DEBUG : CAMLCodec::ReleaseFrame idx:171, drop:0
2021-04-13 21:18:09.257 T:4973 DEBUG : CAMLCodec::GetTimeSize: len:24 dl:156323 fs:156505 front:560
2021-04-13 21:18:09.257 T:4973 DEBUG : CAMLCodec::GetTimeSize: len:23 dl:156323 fs:155945 front:429
2021-04-13 21:18:09.257 T:4973 DEBUG : CAMLCodec::DequeueBuffer: pts:7.258 idx:174
2021-04-13 21:18:09.257 T:4973 DEBUG : CAMLCodec::GetPicture: index: 174, pts: 7.258, dur:42ms ar:0.00
2021-04-13 21:18:09.257 T:4973 DEBUG : CVideoPlayerVideo::OutputPicture - ttd:272ms pts:7.258 Clock:6.985 Level:2
2021-04-13 21:18:09.258 T:4973 DEBUG : CAMLCodec::GetTimeSize: len:23 dl:156323 fs:155945 front:429
2021-04-13 21:18:09.263 T:4973 DEBUG : CAMLCodec::AddData: dl:156405 sum:156011 sz:66 dts:8.259 pts:8.259 overflow:0
2021-04-13 21:18:09.263 T:4973 DEBUG : CAMLCodec::GetTimeSize: len:24 dl:156405 fs:156011 front:429
2021-04-13 21:18:09.288 T:4763 INFO : Skipped 4 duplicate messages..
2021-04-13 21:18:09.288 T:4763 DEBUG : CAMLCodec::PollFrame elapsed:37.157ms
2021-04-13 21:18:09.290 T:4974 DEBUG : CVideoPlayerAudio::OutputPacket: pts:7.755 curr_pts:7.018 clock:7.018 level:99
2021-04-13 21:18:09.290 T:4974 DEBUG : CVideoPlayerAudio::OutputPacket: pts:7.779 curr_pts:7.018 clock:7.018 level:99
2021-04-13 21:18:09.291 T:4763 DEBUG : PrepareNextRender: frameOnScreen: 7.019 renderPts: 7.186 nextFramePts: 7.174 -> diff: 0.012 render: 1 forceNext: 0
2021-04-13 21:18:09.293 T:4763 DEBUG : CAMLCodec::ReleaseFrame idx:172, drop:0
2021-04-13 21:18:09.295 T:4973 DEBUG : CAMLCodec::GetTimeSize: len:24 dl:155960 fs:156011 front:429
2021-04-13 21:18:09.295 T:4973 DEBUG : CAMLCodec::GetTimeSize: len:23 dl:155960 fs:155582 front:241
2021-04-13 21:18:09.295 T:4973 DEBUG : CAMLCodec::DequeueBuffer: pts:7.299 idx:175
2021-04-13 21:18:09.295 T:4973 DEBUG : CAMLCodec::GetPicture: index: 175, pts: 7.299, dur:41ms ar:0.00
2021-04-13 21:18:09.295 T:4973 DEBUG : CVideoPlayerVideo::OutputPicture - ttd:276ms pts:7.299 Clock:7.023 Level:2
2021-04-13 21:18:09.296 T:4973 DEBUG : CAMLCodec::GetTimeSize: len:23 dl:155960 fs:155582 front:241
2021-04-13 21:18:09.299 T:4972 DEBUG : CVideoPlayer::ProcessAudioData size:400 dts:15.720 pts:15.720 dur:23.000ms, clock:7.027 drop:0 level:99
2021-04-13 21:18:09.299 T:4972 DEBUG : CVideoPlayer::ProcessVideoData size:1170 dts:15.725 pts:15.725 dur:41.000ms, clock:7.027 level:93
2021-04-13 21:18:09.299 T:4972 DEBUG : CVideoPlayer::ProcessAudioData size:357 dts:15.743 pts:15.743 dur:23.000ms, clock:7.027 drop:0 level:99
2021-04-13 21:18:09.301 T:4973 DEBUG : CAMLCodec::AddData: dl:156042 sum:155648 sz:66 dts:8.300 pts:8.300 overflow:0
2021-04-13 21:18:09.301 T:4973 DEBUG : CAMLCodec::GetTimeSize: len:24 dl:156042 fs:155648 front:241
2021-04-13 21:18:09.330 T:4763 INFO : Skipped 4 duplicate messages..
2021-04-13 21:18:09.330 T:4763 DEBUG : CAMLCodec::PollFrame elapsed:37.148ms
2021-04-13 21:18:09.333 T:4973 DEBUG : CAMLCodec::GetTimeSize: len:24 dl:156042 fs:155648 front:241
2021-04-13 21:18:09.333 T:4763 DEBUG : PrepareNextRender: frameOnScreen: 7.061 renderPts: 7.228 nextFramePts: 7.216 -> diff: 0.012 render: 1 forceNext: 0
2021-04-13 21:18:09.335 T:4763 DEBUG : CAMLCodec::ReleaseFrame idx:173, drop:0
2021-04-13 21:18:09.339 T:4973 DEBUG : CAMLCodec::GetTimeSize: len:24 dl:120448 fs:155648 front:241
2021-04-13 21:18:09.339 T:4973 DEBUG : CAMLCodec::GetTimeSize: len:23 dl:120448 fs:155407 front:35321
2021-04-13 21:18:09.339 T:4973 DEBUG : CAMLCodec::GetTimeSize: len:22 dl:120448 fs:120086 front:20292
2021-04-13 21:18:09.339 T:4973 DEBUG : CAMLCodec::DequeueBuffer: pts:7.341 idx:176
2021-04-13 21:18:09.340 T:4973 DEBUG : CAMLCodec::GetPicture: index: 176, pts: 7.341, dur:42ms ar:0.00
2021-04-13 21:18:09.340 T:4973 DEBUG : CVideoPlayerVideo::OutputPicture - ttd:273ms pts:7.341 Clock:7.068 Level:2
2021-04-13 21:18:09.340 T:4974 DEBUG : CVideoPlayerAudio::OutputPacket: pts:7.802 curr_pts:7.068 clock:7.068 level:99
2021-04-13 21:18:09.340 T:4974 DEBUG : CVideoPlayerAudio::OutputPacket: pts:7.825 curr_pts:7.069 clock:7.068 level:99
2021-04-13 21:18:09.340 T:4974 DEBUG : CVideoPlayerAudio::OutputPacket: pts:7.848 curr_pts:7.069 clock:7.068 level:99
2021-04-13 21:18:09.341 T:4973 DEBUG : CAMLCodec::GetTimeSize: len:22 dl:120448 fs:120086 front:20292
2021-04-13 21:18:09.341 T:4973 DEBUG : CAMLCodec::DequeueBuffer: pts:7.383 idx:177
2021-04-13 21:18:09.341 T:4973 DEBUG : CAMLCodec::GetPicture: index: 177, pts: 7.383, dur:42ms ar:0.00
2021-04-13 21:18:09.341 T:4973 DEBUG : CVideoPlayerVideo::OutputPicture - ttd:314ms pts:7.383 Clock:7.069 Level:3
2021-04-13 21:18:09.342 T:4973 DEBUG : CAMLCodec::GetTimeSize: len:22 dl:100140 fs:120086 front:20292
2021-04-13 21:18:09.342 T:4973 DEBUG : CAMLCodec::GetTimeSize: len:21 dl:100140 fs:99794 front:26215
2021-04-13 21:18:09.342 T:4973 DEBUG : CAMLCodec::DequeueBuffer: pts:7.425 idx:178
2021-04-13 21:18:09.342 T:4973 DEBUG : CAMLCodec::GetPicture: index: 178, pts: 7.425, dur:42ms ar:0.00
2021-04-13 21:18:09.342 T:4973 DEBUG : CVideoPlayerVideo::OutputPicture - ttd:354ms pts:7.425 Clock:7.070 Level:4
2021-04-13 21:18:09.343 T:4973 DEBUG : CAMLCodec::GetTimeSize: len:21 dl:100140 fs:99794 front:26215
2021-04-13 21:18:09.349 T:4973 DEBUG : CAMLCodec::AddData: dl:73991 sum:99860 sz:66 dts:8.342 pts:8.342 overflow:0
2021-04-13 21:18:09.349 T:4973 DEBUG : CAMLCodec::GetTimeSize: len:22 dl:73991 fs:99860 front:26215
2021-04-13 21:18:09.349 T:4973 DEBUG : CAMLCodec::GetTimeSize: len:21 dl:73991 fs:73645 front:14361
2021-04-13 21:18:09.349 T:4973 DEBUG : CAMLCodec::DequeueBuffer: pts:7.466 idx:179
2021-04-13 21:18:09.349 T:4973 DEBUG : CAMLCodec::GetPicture: index: 179, pts: 7.466, dur:41ms ar:0.00
2021-04-13 21:18:09.349 T:4973 DEBUG : CVideoPlayerVideo::OutputPicture - ttd:389ms pts:7.466 Clock:7.077 Level:5
2021-04-13 21:18:09.350 T:4972 DEBUG : CVideoPlayer::ProcessVideoData size:49406 dts:15.766 pts:15.766 dur:41.000ms, clock:7.078 level:92
2021-04-13 21:18:09.350 T:4972 DEBUG : CVideoPlayer::ProcessAudioData size:362 dts:15.766 pts:15.766 dur:23.000ms, clock:7.078 drop:0 level:99
2021-04-13 21:18:09.351 T:4972 DEBUG : CVideoPlayer::ProcessAudioData size:337 dts:15.790 pts:15.790 dur:23.000ms, clock:7.078 drop:0 level:99
2021-04-13 21:18:09.351 T:4972 DEBUG : CVideoPlayer::ProcessVideoData size:15880 dts:15.808 pts:15.808 dur:41.000ms, clock:7.079 level:93
2021-04-13 21:18:09.351 T:4972 DEBUG : CVideoPlayer::ProcessAudioData size:349 dts:15.813 pts:15.813 dur:23.000ms, clock:7.079 drop:0 level:99
2021-04-13 21:18:09.350 T:4973 DEBUG : CAMLCodec::GetTimeSize: len:21 dl:73991 fs:73645 front:14361
2021-04-13 21:18:09.356 T:4973 DEBUG : CAMLCodec::AddData: dl:74073 sum:73711 sz:66 dts:8.384 pts:8.384 overflow:0
2021-04-13 21:18:09.356 T:4973 DEBUG : CAMLCodec::GetTimeSize: len:22 dl:74073 fs:73711 front:14361
2021-04-13 21:18:09.361 T:4973 DEBUG : CAMLCodec::AddData: dl:74155 sum:73777 sz:66 dts:8.426 pts:8.426 overflow:0
2021-04-13 21:18:09.361 T:4973 DEBUG : CAMLCodec::GetTimeSize: len:23 dl:74155 fs:73777 front:14361
2021-04-13 21:18:09.366 T:4973 DEBUG : CAMLCodec::AddData: dl:74237 sum:73843 sz:66 dts:8.467 pts:8.467 overflow:0
2021-04-13 21:18:09.366 T:4973 DEBUG : CAMLCodec::GetTimeSize: len:24 dl:74237 fs:73843 front:14361
2021-04-13 21:18:09.372 T:4763 DEBUG : CAMLCodec::PollFrame elapsed:36.895ms
2021-04-13 21:18:09.373 T:4973 DEBUG : CAMLCodec::GetTimeSize: len:24 dl:74237 fs:73843 front:14361
2021-04-13 21:18:09.374 T:4763 DEBUG : PrepareNextRender: frameOnScreen: 7.102 renderPts: 7.269 nextFramePts: 7.258 -> diff: 0.011 render: 1 forceNext: 0
2021-04-13 21:18:09.376 T:4763 DEBUG : CAMLCodec::ReleaseFrame idx:174, drop:0
2021-04-13 21:18:09.379 T:4973 DEBUG : CAMLCodec::GetTimeSize: len:24 dl:59860 fs:73843 front:14361
2021-04-13 21:18:09.379 T:4973 DEBUG : CAMLCodec::GetTimeSize: len:23 dl:59860 fs:59482 front:3511
2021-04-13 21:18:09.379 T:4973 DEBUG : CAMLCodec::DequeueBuffer: pts:7.508 idx:180
2021-04-13 21:18:09.379 T:4973 DEBUG : CAMLCodec::GetPicture: index: 180, pts: 7.508, dur:42ms ar:0.00
2021-04-13 21:18:09.380 T:4973 DEBUG : CVideoPlayerVideo::OutputPicture - ttd:400ms pts:7.508 Clock:7.107 Level:5
2021-04-13 21:18:09.381 T:4973 DEBUG : CAMLCodec::GetTimeSize: len:23 dl:59860 fs:59482 front:3511
2021-04-13 21:18:09.386 T:4973 DEBUG : CAMLCodec::AddData: dl:59942 sum:59548 sz:66 dts:8.509 pts:8.509 overflow:0
2021-04-13 21:18:09.386 T:4973 DEBUG : CAMLCodec::GetTimeSize: len:24 dl:59942 fs:59548 front:3511
2021-04-13 21:18:09.390 T:4974 DEBUG : CVideoPlayerAudio::OutputPacket: pts:7.872 curr_pts:7.118 clock:7.118 level:99
2021-04-13 21:18:09.390 T:4974 DEBUG : CVideoPlayerAudio::OutputPacket: pts:7.895 curr_pts:7.119 clock:7.118 level:99
2021-04-13 21:18:09.391 T:4972 DEBUG : CVideoPlayer::ProcessAudioData size:357 dts:15.836 pts:15.836 dur:23.000ms, clock:7.119 drop:0 level:99
2021-04-13 21:18:09.392 T:4972 DEBUG : CVideoPlayer::ProcessVideoData size:15125 dts:15.850 pts:15.850 dur:41.000ms, clock:7.119 level:91
2021-04-13 21:18:09.392 T:4972 DEBUG : CVideoPlayer::ProcessAudioData size:344 dts:15.859 pts:15.859 dur:23.000ms, clock:7.120 drop:0 level:99
2021-04-13 21:18:09.393 T:4973 DEBUG : CAMLCodec::GetTimeSize: len:24 dl:59942 fs:59548 front:3511
2021-04-13 21:18:09.414 T:4763 INFO : Skipped 3 duplicate messages..
2021-04-13 21:18:09.414 T:4763 DEBUG : CAMLCodec::PollFrame elapsed:37.205ms
2021-04-13 21:18:09.416 T:4763 DEBUG : PrepareNextRender: frameOnScreen: 7.144 renderPts: 7.311 nextFramePts: 7.299 -> diff: 0.012 render: 1 forceNext: 0
2021-04-13 21:18:09.418 T:4763 DEBUG : CAMLCodec::ReleaseFrame idx:175, drop:0
2021-04-13 21:18:09.418 T:4973 DEBUG : CAMLCodec::GetTimeSize: len:24 dl:59942 fs:59548 front:3511
2021-04-13 21:18:09.424 T:4973 DEBUG : CAMLCodec::GetTimeSize: len:24 dl:56415 fs:59548 front:3511
2021-04-13 21:18:09.424 T:4973 DEBUG : CAMLCodec::GetTimeSize: len:23 dl:56415 fs:56037 front:386
2021-04-13 21:18:09.424 T:4973 DEBUG : CAMLCodec::DequeueBuffer: pts:7.550 idx:181
2021-04-13 21:18:09.424 T:4973 DEBUG : CAMLCodec::GetPicture: index: 181, pts: 7.550, dur:42ms ar:0.00
2021-04-13 21:18:09.424 T:4973 DEBUG : CVideoPlayerVideo::OutputPicture - ttd:397ms pts:7.550 Clock:7.152 Level:5
2021-04-13 21:18:09.426 T:4973 DEBUG : CAMLCodec::GetTimeSize: len:23 dl:56415 fs:56037 front:386
2021-04-13 21:18:09.431 T:4973 DEBUG : CAMLCodec::AddData: dl:56497 sum:56103 sz:66 dts:8.551 pts:8.551 overflow:0
2021-04-13 21:18:09.431 T:4973 DEBUG : CAMLCodec::GetTimeSize: len:24 dl:56497 fs:56103 front:386
2021-04-13 21:18:09.440 T:4974 INFO : Skipped 1 duplicate messages..
2021-04-13 21:18:09.440 T:4974 DEBUG : CVideoPlayerAudio::OutputPacket: pts:7.918 curr_pts:7.168 clock:7.168 level:99
2021-04-13 21:18:09.440 T:4974 DEBUG : CVideoPlayerAudio::OutputPacket: pts:7.941 curr_pts:7.169 clock:7.168 level:99
2021-04-13 21:18:09.442 T:4972 DEBUG : CVideoPlayer::ProcessAudioData size:342 dts:15.882 pts:15.882 dur:23.000ms, clock:7.170 drop:0 level:99
2021-04-13 21:18:09.443 T:4972 DEBUG : CVideoPlayer::ProcessVideoData size:15587 dts:15.891 pts:15.891 dur:41.000ms, clock:7.170 level:91
2021-04-13 21:18:09.443 T:4972 DEBUG : CVideoPlayer::ProcessAudioData size:360 dts:15.906 pts:15.906 dur:23.000ms, clock:7.171 drop:0 level:99
2021-04-13 21:18:09.444 T:4973 DEBUG : CAMLCodec::GetTimeSize: len:24 dl:56497 fs:56103 front:386
2021-04-13 21:18:09.455 T:4763 INFO : Skipped 1 duplicate messages..
2021-04-13 21:18:09.455 T:4763 DEBUG : CAMLCodec::PollFrame elapsed:37.124ms
2021-04-13 21:18:09.456 T:4973 DEBUG : CAMLCodec::GetTimeSize: len:24 dl:56497 fs:56103 front:386
2021-04-13 21:18:09.458 T:4763 DEBUG : PrepareNextRender: frameOnScreen: 7.186 renderPts: 7.352 nextFramePts: 7.341 -> diff: 0.011 render: 1 forceNext: 0
2021-04-13 21:18:09.459 T:4763 DEBUG : CAMLCodec::ReleaseFrame idx:176, drop:0
2021-04-13 21:18:09.463 T:4973 DEBUG : CAMLCodec::GetTimeSize: len:24 dl:56095 fs:56103 front:386
2021-04-13 21:18:09.463 T:4973 DEBUG : CAMLCodec::GetTimeSize: len:23 dl:56095 fs:55717 front:532
2021-04-13 21:18:09.463 T:4973 DEBUG : CAMLCodec::DequeueBuffer: pts:7.591 idx:182
2021-04-13 21:18:09.463 T:4973 DEBUG : CAMLCodec::GetPicture: index: 182, pts: 7.591, dur:41ms ar:0.00
2021-04-13 21:18:09.463 T:4973 DEBUG : CVideoPlayerVideo::OutputPicture - ttd:399ms pts:7.591 Clock:7.191 Level:5
2021-04-13 21:18:09.464 T:4973 DEBUG : CAMLCodec::GetTimeSize: len:23 dl:56095 fs:55717 front:532
2021-04-13 21:18:09.469 T:4973 DEBUG : CAMLCodec::AddData: dl:56177 sum:55783 sz:66 dts:8.592 pts:8.592 overflow:0
2021-04-13 21:18:09.470 T:4973 DEBUG : CAMLCodec::GetTimeSize: len:24 dl:56177 fs:55783 front:532
2021-04-13 21:18:09.490 T:4974 INFO : Skipped 3 duplicate messages..
