2021-04-13 21:18:24.117 T:4973 DEBUG : CAMLCodec::GetTimeSize: len:24 dl:392566 fs:392174 front:19739
2021-04-13 21:18:24.137 T:4763 INFO : Skipped 3 duplicate messages..
2021-04-13 21:18:24.137 T:4763 DEBUG : CAMLCodec::PollFrame elapsed:36.960ms
2021-04-13 21:18:24.139 T:4763 DEBUG : PrepareNextRender: frameOnScreen: 21.867 renderPts: 22.034 nextFramePts: 22.022 -> diff: 0.012 render: 1 forceNext: 0
2021-04-13 21:18:24.140 T:4974 DEBUG : CVideoPlayerAudio::OutputPacket: pts:22.616 curr_pts:21.868 clock:21.868 level:99
2021-04-13 21:18:24.140 T:4974 DEBUG : CVideoPlayerAudio::OutputPacket: pts:22.639 curr_pts:21.868 clock:21.868 level:99
2021-04-13 21:18:24.141 T:4763 DEBUG : CAMLCodec::ReleaseFrame idx:528, drop:0
2021-04-13 21:18:24.143 T:4973 DEBUG : CAMLCodec::GetTimeSize: len:24 dl:392566 fs:392174 front:19739
2021-04-13 21:18:24.144 T:4972 DEBUG : CVideoPlayer::ProcessVideoData size:6945 dts:30.572 pts:30.572 dur:41.000ms, clock:21.872 level:92
2021-04-13 21:18:24.144 T:4972 DEBUG : CVideoPlayer::ProcessAudioData size:357 dts:30.581 pts:30.581 dur:23.000ms, clock:21.872 drop:0 level:99
2021-04-13 21:18:24.144 T:4972 DEBUG : CVideoPlayer::ProcessAudioData size:431 dts:30.604 pts:30.604 dur:23.000ms, clock:21.872 drop:0 level:99
2021-04-13 21:18:24.149 T:4973 DEBUG : CAMLCodec::GetTimeSize: len:24 dl:392566 fs:392174 front:19739
2021-04-13 21:18:24.178 T:4763 INFO : Skipped 4 duplicate messages..
2021-04-13 21:18:24.178 T:4763 DEBUG : CAMLCodec::PollFrame elapsed:37.075ms
2021-04-13 21:18:24.180 T:4973 DEBUG : CAMLCodec::GetTimeSize: len:24 dl:392566 fs:392174 front:19739
2021-04-13 21:18:24.181 T:4763 DEBUG : PrepareNextRender: frameOnScreen: 21.909 renderPts: 22.075 nextFramePts: 22.064 -> diff: 0.011 render: 1 forceNext: 0
2021-04-13 21:18:24.183 T:4763 DEBUG : CAMLCodec::ReleaseFrame idx:529, drop:0
2021-04-13 21:18:24.187 T:4973 DEBUG : CAMLCodec::GetTimeSize: len:24 dl:372811 fs:392174 front:19739
2021-04-13 21:18:24.187 T:4973 DEBUG : CAMLCodec::GetTimeSize: len:23 dl:372811 fs:372435 front:15373
2021-04-13 21:18:24.187 T:4973 DEBUG : CAMLCodec::DequeueBuffer: pts:22.231 idx:533
2021-04-13 21:18:24.187 T:4973 DEBUG : CAMLCodec::GetPicture: index: 533, pts: 22.231, dur:42ms ar:0.00
2021-04-13 21:18:24.187 T:4973 DEBUG : CVideoPlayerVideo::OutputPicture - ttd:316ms pts:22.231 Clock:21.915 Level:3
2021-04-13 21:18:24.188 T:4973 DEBUG : CAMLCodec::GetTimeSize: len:23 dl:372811 fs:372435 front:15373
2021-04-13 21:18:24.190 T:4974 DEBUG : CVideoPlayerAudio::OutputPacket: pts:22.663 curr_pts:21.918 clock:21.918 level:99
2021-04-13 21:18:24.190 T:4974 DEBUG : CVideoPlayerAudio::OutputPacket: pts:22.686 curr_pts:21.919 clock:21.918 level:99
2021-04-13 21:18:24.193 T:4973 DEBUG : CAMLCodec::AddData: dl:385343 sum:384951 sz:12516 dts:23.232 pts:23.232 overflow:0
2021-04-13 21:18:24.193 T:4973 DEBUG : CAMLCodec::GetTimeSize: len:24 dl:385343 fs:384951 front:15373
2021-04-13 21:18:24.195 T:4972 DEBUG : CVideoPlayer::ProcessVideoData size:10166 dts:30.614 pts:30.614 dur:41.000ms, clock:21.923 level:92
2021-04-13 21:18:24.195 T:4972 DEBUG : CVideoPlayer::ProcessAudioData size:451 dts:30.627 pts:30.627 dur:23.000ms, clock:21.923 drop:0 level:99
2021-04-13 21:18:24.195 T:4972 DEBUG : CVideoPlayer::ProcessAudioData size:421 dts:30.650 pts:30.650 dur:23.000ms, clock:21.923 drop:0 level:99
2021-04-13 21:18:24.200 T:4973 DEBUG : CAMLCodec::GetTimeSize: len:24 dl:385343 fs:384951 front:15373
2021-04-13 21:18:24.220 T:4763 INFO : Skipped 3 duplicate messages..
2021-04-13 21:18:24.220 T:4763 DEBUG : CAMLCodec::PollFrame elapsed:36.913ms
2021-04-13 21:18:24.223 T:4763 DEBUG : PrepareNextRender: frameOnScreen: 21.951 renderPts: 22.117 nextFramePts: 22.106 -> diff: 0.011 render: 1 forceNext: 0
2021-04-13 21:18:24.225 T:4973 DEBUG : CAMLCodec::GetTimeSize: len:24 dl:385343 fs:384951 front:15373
2021-04-13 21:18:24.225 T:4763 DEBUG : CAMLCodec::ReleaseFrame idx:530, drop:0
2021-04-13 21:18:24.231 T:4973 DEBUG : CAMLCodec::GetTimeSize: len:24 dl:369954 fs:384951 front:15373
2021-04-13 21:18:24.232 T:4973 DEBUG : CAMLCodec::GetTimeSize: len:23 dl:369954 fs:369578 front:18531
2021-04-13 21:18:24.232 T:4973 DEBUG : CAMLCodec::DequeueBuffer: pts:22.272 idx:534
2021-04-13 21:18:24.232 T:4973 DEBUG : CAMLCodec::GetPicture: index: 534, pts: 22.272, dur:41ms ar:0.00
2021-04-13 21:18:24.232 T:4973 DEBUG : CVideoPlayerVideo::OutputPicture - ttd:312ms pts:22.272 Clock:21.960 Level:3
2021-04-13 21:18:24.233 T:4973 DEBUG : CAMLCodec::GetTimeSize: len:23 dl:369954 fs:369578 front:18531
2021-04-13 21:18:24.238 T:4973 DEBUG : CAMLCodec::AddData: dl:383284 sum:382892 sz:13314 dts:23.273 pts:23.273 overflow:0
2021-04-13 21:18:24.238 T:4973 DEBUG : CAMLCodec::GetTimeSize: len:24 dl:383284 fs:382892 front:18531
2021-04-13 21:18:24.240 T:4974 DEBUG : CVideoPlayerAudio::OutputPacket: pts:22.709 curr_pts:21.968 clock:21.968 level:99
2021-04-13 21:18:24.240 T:4974 DEBUG : CVideoPlayerAudio::OutputPacket: pts:22.732 curr_pts:21.968 clock:21.968 level:99
2021-04-13 21:18:24.244 T:4973 DEBUG : CAMLCodec::GetTimeSize: len:24 dl:383284 fs:382892 front:18531
2021-04-13 21:18:24.246 T:4972 DEBUG : CVideoPlayer::ProcessVideoData size:10151 dts:30.656 pts:30.656 dur:41.000ms, clock:21.974 level:92
2021-04-13 21:18:24.246 T:4972 DEBUG : CVideoPlayer::ProcessAudioData size:331 dts:30.674 pts:30.674 dur:23.000ms, clock:21.974 drop:0 level:99
2021-04-13 21:18:24.246 T:4972 DEBUG : CVideoPlayer::ProcessAudioData size:341 dts:30.697 pts:30.697 dur:23.000ms, clock:21.974 drop:0 level:99
2021-04-13 21:18:24.251 T:4973 DEBUG : CAMLCodec::GetTimeSize: len:24 dl:383284 fs:382892 front:18531
2021-04-13 21:18:24.262 T:4763 INFO : Skipped 1 duplicate messages..
2021-04-13 21:18:24.262 T:4763 DEBUG : CAMLCodec::PollFrame elapsed:36.210ms
2021-04-13 21:18:24.263 T:4973 DEBUG : CAMLCodec::GetTimeSize: len:24 dl:383284 fs:382892 front:18531
2021-04-13 21:18:24.264 T:4763 DEBUG : PrepareNextRender: frameOnScreen: 21.992 renderPts: 22.159 nextFramePts: 22.147 -> diff: 0.012 render: 1 forceNext: 0
2021-04-13 21:18:24.266 T:4763 DEBUG : CAMLCodec::ReleaseFrame idx:531, drop:0
2021-04-13 21:18:24.270 T:4973 DEBUG : CAMLCodec::GetTimeSize: len:24 dl:364737 fs:382892 front:18531
2021-04-13 21:18:24.270 T:4973 DEBUG : CAMLCodec::GetTimeSize: len:23 dl:364737 fs:364361 front:19929
2021-04-13 21:18:24.270 T:4973 DEBUG : CAMLCodec::DequeueBuffer: pts:22.314 idx:535
2021-04-13 21:18:24.270 T:4973 DEBUG : CAMLCodec::GetPicture: index: 535, pts: 22.314, dur:42ms ar:0.00
2021-04-13 21:18:24.270 T:4973 DEBUG : CVideoPlayerVideo::OutputPicture - ttd:316ms pts:22.314 Clock:21.998 Level:3
2021-04-13 21:18:24.271 T:4973 DEBUG : CAMLCodec::GetTimeSize: len:23 dl:364737 fs:364361 front:19929
2021-04-13 21:18:24.276 T:4973 DEBUG : CAMLCodec::AddData: dl:381276 sum:380884 sz:16523 dts:23.315 pts:23.315 overflow:0
2021-04-13 21:18:24.276 T:4973 DEBUG : CAMLCodec::GetTimeSize: len:24 dl:381276 fs:380884 front:19929
2021-04-13 21:18:24.290 T:4974 INFO : Skipped 2 duplicate messages..
2021-04-13 21:18:24.290 T:4974 DEBUG : CVideoPlayerAudio::OutputPacket: pts:22.756 curr_pts:22.018 clock:22.018 level:99
2021-04-13 21:18:24.290 T:4974 DEBUG : CVideoPlayerAudio::OutputPacket: pts:22.779 curr_pts:22.019 clock:22.018 level:99
2021-04-13 21:18:24.295 T:4973 DEBUG : CAMLCodec::GetTimeSize: len:24 dl:381276 fs:380884 front:19929
2021-04-13 21:18:24.297 T:4972 DEBUG : CVideoPlayer::ProcessVideoData size:8300 dts:30.698 pts:30.698 dur:41.000ms, clock:22.025 level:92
2021-04-13 21:18:24.297 T:4972 DEBUG : CVideoPlayer::ProcessAudioData size:345 dts:30.720 pts:30.720 dur:23.000ms, clock:22.025 drop:0 level:99
2021-04-13 21:18:24.297 T:4972 DEBUG : CVideoPlayer::ProcessVideoData size:8099 dts:30.739 pts:30.739 dur:41.000ms, clock:22.025 level:92
2021-04-13 21:18:24.297 T:4972 DEBUG : CVideoPlayer::ProcessAudioData size:348 dts:30.743 pts:30.743 dur:23.000ms, clock:22.025 drop:0 level:99
2021-04-13 21:18:24.302 T:4973 DEBUG : CAMLCodec::GetTimeSize: len:24 dl:381276 fs:380884 front:19929
2021-04-13 21:18:24.303 T:4763 DEBUG : CAMLCodec::PollFrame elapsed:36.878ms
2021-04-13 21:18:24.307 T:4763 DEBUG : PrepareNextRender: frameOnScreen: 22.034 renderPts: 22.201 nextFramePts: 22.189 -> diff: 0.012 render: 1 forceNext: 0
2021-04-13 21:18:24.308 T:4973 DEBUG : CAMLCodec::GetTimeSize: len:24 dl:361331 fs:380884 front:19929
2021-04-13 21:18:24.308 T:4973 DEBUG : CAMLCodec::GetTimeSize: len:23 dl:361331 fs:360955 front:18456
2021-04-13 21:18:24.308 T:4973 DEBUG : CAMLCodec::DequeueBuffer: pts:22.356 idx:536
2021-04-13 21:18:24.308 T:4973 DEBUG : CAMLCodec::GetPicture: index: 536, pts: 22.356, dur:42ms ar:0.00
2021-04-13 21:18:24.308 T:4973 DEBUG : CVideoPlayerVideo::OutputPicture - ttd:319ms pts:22.356 Clock:22.036 Level:3
2021-04-13 21:18:24.308 T:4763 DEBUG : CAMLCodec::ReleaseFrame idx:532, drop:0
2021-04-13 21:18:24.310 T:4973 DEBUG : CAMLCodec::GetTimeSize: len:23 dl:361331 fs:360955 front:18456
2021-04-13 21:18:24.315 T:4973 DEBUG : CAMLCodec::AddData: dl:378973 sum:378581 sz:17626 dts:23.357 pts:23.357 overflow:0
2021-04-13 21:18:24.315 T:4973 DEBUG : CAMLCodec::GetTimeSize: len:24 dl:378973 fs:378581 front:18456
2021-04-13 21:18:24.340 T:4974 INFO : Skipped 4 duplicate messages..
2021-04-13 21:18:24.340 T:4974 DEBUG : CVideoPlayerAudio::OutputPacket: pts:22.802 curr_pts:22.068 clock:22.068 level:99
2021-04-13 21:18:24.340 T:4974 DEBUG : CVideoPlayerAudio::OutputPacket: pts:22.825 curr_pts:22.069 clock:22.068 level:99
2021-04-13 21:18:24.341 T:4974 DEBUG : CVideoPlayerAudio::OutputPacket: pts:22.848 curr_pts:22.069 clock:22.068 level:99
2021-04-13 21:18:24.345 T:4763 DEBUG : CAMLCodec::PollFrame elapsed:36.488ms
2021-04-13 21:18:24.346 T:4973 DEBUG : CAMLCodec::GetTimeSize: len:24 dl:378973 fs:378581 front:18456
2021-04-13 21:18:24.348 T:4972 DEBUG : CVideoPlayer::ProcessAudioData size:429 dts:30.766 pts:30.766 dur:23.000ms, clock:22.076 drop:0 level:99
2021-04-13 21:18:24.348 T:4763 DEBUG : PrepareNextRender: frameOnScreen: 22.076 renderPts: 22.243 nextFramePts: 22.231 -> diff: 0.012 render: 1 forceNext: 0
2021-04-13 21:18:24.348 T:4972 DEBUG : CVideoPlayer::ProcessVideoData size:4201 dts:30.781 pts:30.781 dur:41.000ms, clock:22.076 level:92
2021-04-13 21:18:24.348 T:4972 DEBUG : CVideoPlayer::ProcessAudioData size:469 dts:30.790 pts:30.790 dur:23.000ms, clock:22.076 drop:0 level:99
2021-04-13 21:18:24.348 T:4972 DEBUG : CVideoPlayer::ProcessAudioData size:438 dts:30.813 pts:30.813 dur:23.000ms, clock:22.076 drop:0 level:99
2021-04-13 21:18:24.350 T:4763 DEBUG : CAMLCodec::ReleaseFrame idx:533, drop:0
2021-04-13 21:18:24.353 T:4973 DEBUG : CAMLCodec::GetTimeSize: len:24 dl:360501 fs:378581 front:18456
2021-04-13 21:18:24.353 T:4973 DEBUG : CAMLCodec::GetTimeSize: len:23 dl:360501 fs:360125 front:16770
2021-04-13 21:18:24.353 T:4973 DEBUG : CAMLCodec::DequeueBuffer: pts:22.398 idx:537
2021-04-13 21:18:24.353 T:4973 DEBUG : CAMLCodec::GetPicture: index: 537, pts: 22.398, dur:42ms ar:0.00
2021-04-13 21:18:24.353 T:4973 DEBUG : CVideoPlayerVideo::OutputPicture - ttd:317ms pts:22.398 Clock:22.081 Level:3
2021-04-13 21:18:24.354 T:4973 DEBUG : CAMLCodec::GetTimeSize: len:23 dl:360501 fs:360125 front:16770
2021-04-13 21:18:24.359 T:4973 DEBUG : CAMLCodec::AddData: dl:375717 sum:375325 sz:15200 dts:23.399 pts:23.399 overflow:0
2021-04-13 21:18:24.359 T:4973 DEBUG : CAMLCodec::GetTimeSize: len:24 dl:375717 fs:375325 front:16770
2021-04-13 21:18:24.387 T:4763 INFO : Skipped 4 duplicate messages..
2021-04-13 21:18:24.387 T:4763 DEBUG : CAMLCodec::PollFrame elapsed:36.341ms
2021-04-13 21:18:24.389 T:4763 DEBUG : PrepareNextRender: frameOnScreen: 22.117 renderPts: 22.284 nextFramePts: 22.272 -> diff: 0.012 render: 1 forceNext: 0
2021-04-13 21:18:24.390 T:4974 DEBUG : CVideoPlayerAudio::OutputPacket: pts:22.872 curr_pts:22.118 clock:22.118 level:99
2021-04-13 21:18:24.390 T:4763 DEBUG : CAMLCodec::ReleaseFrame idx:534, drop:0
2021-04-13 21:18:24.390 T:4974 DEBUG : CVideoPlayerAudio::OutputPacket: pts:22.895 curr_pts:22.119 clock:22.118 level:99
2021-04-13 21:18:24.392 T:4973 DEBUG : CAMLCodec::GetTimeSize: len:24 dl:375717 fs:375325 front:16770
2021-04-13 21:18:24.399 T:4972 INFO : Skipped 1 duplicate messages..
2021-04-13 21:18:24.399 T:4972 DEBUG : CVideoPlayer::ProcessVideoData size:2807 dts:30.823 pts:30.823 dur:41.000ms, clock:22.127 level:92
2021-04-13 21:18:24.399 T:4972 DEBUG : CVideoPlayer::ProcessAudioData size:451 dts:30.836 pts:30.836 dur:23.000ms, clock:22.127 drop:0 level:99
2021-04-13 21:18:24.399 T:4972 DEBUG : CVideoPlayer::ProcessAudioData size:411 dts:30.859 pts:30.859 dur:23.000ms, clock:22.127 drop:0 level:99
2021-04-13 21:18:24.404 T:4973 DEBUG : CAMLCodec::GetTimeSize: len:24 dl:375717 fs:375325 front:16770
2021-04-13 21:18:24.428 T:4763 INFO : Skipped 3 duplicate messages..
2021-04-13 21:18:24.428 T:4763 DEBUG : CAMLCodec::PollFrame elapsed:37.997ms
2021-04-13 21:18:24.429 T:4973 DEBUG : CAMLCodec::GetTimeSize: len:24 dl:375717 fs:375325 front:16770
2021-04-13 21:18:24.431 T:4763 DEBUG : PrepareNextRender: frameOnScreen: 22.159 renderPts: 22.326 nextFramePts: 22.314 -> diff: 0.012 render: 1 forceNext: 0
2021-04-13 21:18:24.433 T:4763 DEBUG : CAMLCodec::ReleaseFrame idx:535, drop:0
2021-04-13 21:18:24.436 T:4973 DEBUG : CAMLCodec::GetTimeSize: len:24 dl:358931 fs:375325 front:16770
2021-04-13 21:18:24.436 T:4973 DEBUG : CAMLCodec::GetTimeSize: len:23 dl:358931 fs:358555 front:16652
2021-04-13 21:18:24.436 T:4973 DEBUG : CAMLCodec::DequeueBuffer: pts:22.439 idx:538
2021-04-13 21:18:24.436 T:4973 DEBUG : CAMLCodec::GetPicture: index: 538, pts: 22.439, dur:41ms ar:0.00
2021-04-13 21:18:24.436 T:4973 DEBUG : CVideoPlayerVideo::OutputPicture - ttd:274ms pts:22.439 Clock:22.164 Level:2
2021-04-13 21:18:24.437 T:4973 DEBUG : CAMLCodec::GetTimeSize: len:23 dl:358931 fs:358555 front:16652
2021-04-13 21:18:24.440 T:4974 DEBUG : CVideoPlayerAudio::OutputPacket: pts:22.918 curr_pts:22.168 clock:22.168 level:99
2021-04-13 21:18:24.440 T:4974 DEBUG : CVideoPlayerAudio::OutputPacket: pts:22.941 curr_pts:22.169 clock:22.168 level:99
2021-04-13 21:18:24.443 T:4973 DEBUG : CAMLCodec::AddData: dl:359333 sum:358941 sz:386 dts:23.440 pts:23.440 overflow:0
2021-04-13 21:18:24.443 T:4973 DEBUG : CAMLCodec::GetTimeSize: len:24 dl:359333 fs:358941 front:16652
2021-04-13 21:18:24.450 T:4972 INFO : Skipped 1 duplicate messages..
2021-04-13 21:18:24.450 T:4972 DEBUG : CVideoPlayer::ProcessVideoData size:633 dts:30.864 pts:30.864 dur:41.000ms, clock:22.178 level:92
2021-04-13 21:18:24.450 T:4972 DEBUG : CVideoPlayer::ProcessAudioData size:411 dts:30.883 pts:30.883 dur:23.000ms, clock:22.178 drop:0 level:99
2021-04-13 21:18:24.451 T:4972 DEBUG : CVideoPlayer::ProcessVideoData size:102313 dts:30.906 pts:30.906 dur:41.000ms, clock:22.179 level:93
2021-04-13 21:18:24.451 T:4972 DEBUG : CVideoPlayer::ProcessAudioData size:357 dts:30.906 pts:30.906 dur:23.000ms, clock:22.179 drop:0 level:99
2021-04-13 21:18:24.455 T:4973 DEBUG : CAMLCodec::GetTimeSize: len:24 dl:359333 fs:358941 front:16652
2021-04-13 21:18:24.470 T:4763 INFO : Skipped 2 duplicate messages..
2021-04-13 21:18:24.470 T:4763 DEBUG : CAMLCodec::PollFrame elapsed:37.053ms
2021-04-13 21:18:24.473 T:4763 DEBUG : PrepareNextRender: frameOnScreen: 22.201 renderPts: 22.367 nextFramePts: 22.356 -> diff: 0.011 render: 1 forceNext: 0
2021-04-13 21:18:24.475 T:4973 DEBUG : CAMLCodec::GetTimeSize: len:24 dl:359333 fs:358941 front:16652
2021-04-13 21:18:24.475 T:4763 DEBUG : CAMLCodec::ReleaseFrame idx:536, drop:0
2021-04-13 21:18:24.481 T:4973 DEBUG : CAMLCodec::GetTimeSize: len:24 dl:342665 fs:358941 front:16652
2021-04-13 21:18:24.481 T:4973 DEBUG : CAMLCodec::GetTimeSize: len:23 dl:342665 fs:342289 front:18066
2021-04-13 21:18:24.481 T:4973 DEBUG : CAMLCodec::DequeueBuffer: pts:22.481 idx:539
2021-04-13 21:18:24.481 T:4973 DEBUG : CAMLCodec::GetPicture: index: 539, pts: 22.481, dur:42ms ar:0.00
2021-04-13 21:18:24.481 T:4973 DEBUG : CVideoPlayerVideo::OutputPicture - ttd:271ms pts:22.481 Clock:22.209 Level:2
2021-04-13 21:18:24.483 T:4973 DEBUG : CAMLCodec::GetTimeSize: len:23 dl:342665 fs:342289 front:18066
2021-04-13 21:18:24.488 T:4973 DEBUG : CAMLCodec::AddData: dl:342758 sum:342366 sz:77 dts:23.482 pts:23.482 overflow:0
2021-04-13 21:18:24.488 T:4973 DEBUG : CAMLCodec::GetTimeSize: len:24 dl:342758 fs:342366 front:18066
2021-04-13 21:18:24.490 T:4974 DEBUG : CVideoPlayerAudio::OutputPacket: pts:22.965 curr_pts:22.218 clock:22.218 level:99
2021-04-13 21:18:24.490 T:4974 DEBUG : CVideoPlayerAudio::OutputPacket: pts:22.988 curr_pts:22.219 clock:22.218 level:99
2021-04-13 21:18:24.492 T:4972 DEBUG : CVideoPlayer::ProcessAudioData size:361 dts:30.929 pts:30.929 dur:23.000ms, clock:22.219 drop:0 level:99
2021-04-13 21:18:24.492 T:4972 DEBUG : CVideoPlayer::ProcessVideoData size:113905 dts:30.948 pts:30.948 dur:41.000ms, clock:22.220 level:93
2021-04-13 21:18:24.492 T:4972 DEBUG : CVideoPlayer::ProcessAudioData size:338 dts:30.952 pts:30.952 dur:23.000ms, clock:22.220 drop:0 level:99
2021-04-13 21:18:24.494 T:4973 DEBUG : CAMLCodec::GetTimeSize: len:24 dl:342758 fs:342366 front:18066
2021-04-13 21:18:24.512 T:4763 INFO : Skipped 2 duplicate messages..
2021-04-13 21:18:24.512 T:4763 DEBUG : CAMLCodec::PollFrame elapsed:36.328ms
2021-04-13 21:18:24.513 T:4973 DEBUG : CAMLCodec::GetTimeSize: len:24 dl:342758 fs:342366 front:18066
2021-04-13 21:18:24.515 T:4763 DEBUG : PrepareNextRender: frameOnScreen: 22.243 renderPts: 22.410 nextFramePts: 22.398 -> diff: 0.012 render: 1 forceNext: 0
2021-04-13 21:18:24.517 T:4763 DEBUG : CAMLCodec::ReleaseFrame idx:537, drop:0
2021-04-13 21:18:24.519 T:4973 DEBUG : CAMLCodec::GetTimeSize: len:24 dl:324676 fs:342366 front:18066
2021-04-13 21:18:24.519 T:4973 DEBUG : CAMLCodec::GetTimeSize: len:23 dl:324676 fs:324300 front:18214
2021-04-13 21:18:24.520 T:4973 DEBUG : CAMLCodec::DequeueBuffer: pts:22.523 idx:540
2021-04-13 21:18:24.520 T:4973 DEBUG : CAMLCodec::GetPicture: index: 540, pts: 22.523, dur:42ms ar:0.00
2021-04-13 21:18:24.520 T:4973 DEBUG : CVideoPlayerVideo::OutputPicture - ttd:275ms pts:22.523 Clock:22.248 Level:2
2021-04-13 21:18:24.521 T:4973 DEBUG : CAMLCodec::GetTimeSize: len:23 dl:324676 fs:324300 front:18214
2021-04-13 21:18:24.526 T:4973 DEBUG : CAMLCodec::AddData: dl:324758 sum:324366 sz:66 dts:23.524 pts:23.524 overflow:0
2021-04-13 21:18:24.526 T:4973 DEBUG : CAMLCodec::GetTimeSize: len:24 dl:324758 fs:324366 front:18214
2021-04-13 21:18:24.540 T:4974 INFO : Skipped 2 duplicate messages..
2021-04-13 21:18:24.540 T:4974 DEBUG : CVideoPlayerAudio::OutputPacket: pts:23.011 curr_pts:22.268 clock:22.267 level:99
2021-04-13 21:18:24.540 T:4974 DEBUG : CVideoPlayerAudio::OutputPacket: pts:23.034 curr_pts:22.268 clock:22.268 level:99
2021-04-13 21:18:24.543 T:4972 DEBUG : CVideoPlayer::ProcessAudioData size:418 dts:30.975 pts:30.975 dur:23.000ms, clock:22.271 drop:0 level:99
2021-04-13 21:18:24.543 T:4972 DEBUG : CVideoPlayer::ProcessVideoData size:9973 dts:30.990 pts:30.990 dur:41.000ms, clock:22.271 level:93
2021-04-13 21:18:24.543 T:4972 DEBUG : CVideoPlayer::ProcessAudioData size:308 dts:30.999 pts:30.999 dur:23.000ms, clock:22.271 drop:0 level:99
2021-04-13 21:18:24.545 T:4973 DEBUG : CAMLCodec::GetTimeSize: len:24 dl:324758 fs:324366 front:18214
2021-04-13 21:18:24.554 T:4763 INFO : Skipped 1 duplicate messages..
2021-04-13 21:18:24.554 T:4763 DEBUG : CAMLCodec::PollFrame elapsed:36.534ms
2021-04-13 21:18:24.556 T:4763 DEBUG : PrepareNextRender: frameOnScreen: 22.284 renderPts: 22.451 nextFramePts: 22.439 -> diff: 0.012 render: 1 forceNext: 0
2021-04-13 21:18:24.557 T:4973 DEBUG : CAMLCodec::GetTimeSize: len:24 dl:324758 fs:324366 front:18214
2021-04-13 21:18:24.559 T:4763 DEBUG : CAMLCodec::ReleaseFrame idx:538, drop:0
2021-04-13 21:18:24.564 T:4973 DEBUG : CAMLCodec::GetTimeSize: len:24 dl:306528 fs:324366 front:18214
2021-04-13 21:18:24.564 T:4973 DEBUG : CAMLCodec::GetTimeSize: len:23 dl:306528 fs:306152 front:11987
2021-04-13 21:18:24.564 T:4973 DEBUG : CAMLCodec::DequeueBuffer: pts:22.564 idx:541
2021-04-13 21:18:24.564 T:4973 DEBUG : CAMLCodec::GetPicture: index: 541, pts: 22.564, dur:41ms ar:0.00
2021-04-13 21:18:24.564 T:4973 DEBUG : CVideoPlayerVideo::OutputPicture - ttd:271ms pts:22.564 Clock:22.292 Level:2
2021-04-13 21:18:24.565 T:4973 DEBUG : CAMLCodec::GetTimeSize: len:23 dl:306528 fs:306152 front:11987
2021-04-13 21:18:24.570 T:4973 DEBUG : CAMLCodec::AddData: dl:306610 sum:306218 sz:66 dts:23.565 pts:23.565 overflow:0
2021-04-13 21:18:24.571 T:4973 DEBUG : CAMLCodec::GetTimeSize: len:24 dl:306610 fs:306218 front:11987
2021-04-13 21:18:24.590 T:4974 INFO : Skipped 3 duplicate messages..
2021-04-13 21:18:24.590 T:4974 DEBUG : CVideoPlayerAudio::OutputPacket: pts:23.057 curr_pts:22.318 clock:22.317 level:99
2021-04-13 21:18:24.590 T:4974 DEBUG : CVideoPlayerAudio::OutputPacket: pts:23.081 curr_pts:22.318 clock:22.318 level:99
2021-04-13 21:18:24.594 T:4972 DEBUG : CVideoPlayer::ProcessAudioData size:323 dts:31.022 pts:31.022 dur:23.000ms, clock:22.322 drop:0 level:99
2021-04-13 21:18:24.594 T:4972 DEBUG : CVideoPlayer::ProcessVideoData size:11093 dts:31.031 pts:31.031 dur:41.000ms, clock:22.322 level:93
2021-04-13 21:18:24.594 T:4972 DEBUG : CVideoPlayer::ProcessAudioData size:358 dts:31.045 pts:31.045 dur:23.000ms, clock:22.322 drop:0 level:99
2021-04-13 21:18:24.595 T:4763 DEBUG : CAMLCodec::PollFrame elapsed:36.326ms
2021-04-13 21:18:24.596 T:4973 DEBUG : CAMLCodec::GetTimeSize: len:24 dl:306610 fs:306218 front:11987
2021-04-13 21:18:24.598 T:4763 DEBUG : PrepareNextRender: frameOnScreen: 22.326 renderPts: 22.493 nextFramePts: 22.481 -> diff: 0.012 render: 1 forceNext: 0
2021-04-13 21:18:24.600 T:4763 DEBUG : CAMLCodec::ReleaseFrame idx:539, drop:0
2021-04-13 21:18:24.602 T:4973 DEBUG : CAMLCodec::GetTimeSize: len:24 dl:294607 fs:306218 front:11987
2021-04-13 21:18:24.602 T:4973 DEBUG : CAMLCodec::GetTimeSize: len:23 dl:294607 fs:294231 front:1149
2021-04-13 21:18:24.602 T:4973 DEBUG : CAMLCodec::DequeueBuffer: pts:22.606 idx:542
2021-04-13 21:18:24.602 T:4973 DEBUG : CAMLCodec::GetPicture: index: 542, pts: 22.606, dur:42ms ar:0.00
2021-04-13 21:18:24.602 T:4973 DEBUG : CVideoPlayerVideo::OutputPicture - ttd:275ms pts:22.606 Clock:22.330 Level:2
2021-04-13 21:18:24.604 T:4973 DEBUG : CAMLCodec::GetTimeSize: len:23 dl:294607 fs:294231 front:1149
2021-04-13 21:18:24.609 T:4973 DEBUG : CAMLCodec::AddData: dl:294689 sum:294297 sz:66 dts:23.607 pts:23.607 overflow:0
2021-04-13 21:18:24.609 T:4973 DEBUG : CAMLCodec::GetTimeSize: len:24 dl:294689 fs:294297 front:1149
2021-04-13 21:18:24.637 T:4763 INFO : Skipped 4 duplicate messages..
2021-04-13 21:18:24.637 T:4763 DEBUG : CAMLCodec::PollFrame elapsed:36.485ms
2021-04-13 21:18:24.640 T:4763 DEBUG : PrepareNextRender: frameOnScreen: 22.368 renderPts: 22.534 nextFramePts: 22.523 -> diff: 0.011 render: 1 forceNext: 0
2021-04-13 21:18:24.640 T:4974 DEBUG : CVideoPlayerAudio::OutputPacket: pts:23.104 curr_pts:22.368 clock:22.368 level:99
2021-04-13 21:18:24.640 T:4973 DEBUG : CAMLCodec::GetTimeSize: len:24 dl:294689 fs:294297 front:1149
2021-04-13 21:18:24.641 T:4974 DEBUG : CVideoPlayerAudio::OutputPacket: pts:23.127 curr_pts:22.369 clock:22.369 level:99
2021-04-13 21:18:24.642 T:4763 DEBUG : CAMLCodec::ReleaseFrame idx:540, drop:0
2021-04-13 21:18:24.645 T:4972 DEBUG : CVideoPlayer::ProcessAudioData size:326 dts:31.068 pts:31.068 dur:23.000ms, clock:22.373 drop:0 level:99
2021-04-13 21:18:24.645 T:4972 DEBUG : CVideoPlayer::ProcessVideoData size:9937 dts:31.073 pts:31.073 dur:41.000ms, clock:22.373 level:93
2021-04-13 21:18:24.646 T:4972 DEBUG : CVideoPlayer::ProcessAudioData size:321 dts:31.092 pts:31.092 dur:23.000ms, clock:22.373 drop:0 level:99
2021-04-13 21:18:24.647 T:4973 DEBUG : CAMLCodec::GetTimeSize: len:24 dl:293524 fs:294297 front:1149
2021-04-13 21:18:24.647 T:4973 DEBUG : CAMLCodec::GetTimeSize: len:23 dl:293524 fs:293148 front:85031
2021-04-13 21:18:24.647 T:4973 DEBUG : CAMLCodec::DequeueBuffer: pts:22.648 idx:543
2021-04-13 21:18:24.647 T:4973 DEBUG : CAMLCodec::GetPicture: index: 543, pts: 22.648, dur:42ms ar:0.00
2021-04-13 21:18:24.647 T:4973 DEBUG : CVideoPlayerVideo::OutputPicture - ttd:272ms pts:22.648 Clock:22.375 Level:2
2021-04-13 21:18:24.648 T:4973 DEBUG : CAMLCodec::GetTimeSize: len:23 dl:293524 fs:293148 front:85031
2021-04-13 21:18:24.654 T:4973 DEBUG : CAMLCodec::AddData: dl:208551 sum:293214 sz:66 dts:23.649 pts:23.649 overflow:0
2021-04-13 21:18:24.654 T:4973 DEBUG : CAMLCodec::GetTimeSize: len:24 dl:208551 fs:293214 front:85031
2021-04-13 21:18:24.654 T:4973 DEBUG : CAMLCodec::GetTimeSize: len:23 dl:208551 fs:208183 front:13881
2021-04-13 21:18:24.654 T:4973 DEBUG : CAMLCodec::DequeueBuffer: pts:22.690 idx:544
2021-04-13 21:18:24.654 T:4973 DEBUG : CAMLCodec::GetPicture: index: 544, pts: 22.690, dur:42ms ar:0.00
2021-04-13 21:18:24.654 T:4973 DEBUG : CVideoPlayerVideo::OutputPicture - ttd:308ms pts:22.690 Clock:22.382 Level:3
2021-04-13 21:18:24.655 T:4973 DEBUG : CAMLCodec::GetTimeSize: len:23 dl:208551 fs:208183 front:13881
2021-04-13 21:18:24.660 T:4973 DEBUG : CAMLCodec::AddData: dl:208633 sum:208249 sz:66 dts:23.691 pts:23.691 overflow:0
2021-04-13 21:18:24.660 T:4973 DEBUG : CAMLCodec::GetTimeSize: len:24 dl:208633 fs:208249 front:13881
2021-04-13 21:18:24.679 T:4763 INFO : Skipped 2 duplicate messages..
2021-04-13 21:18:24.679 T:4763 DEBUG : CAMLCodec::PollFrame elapsed:36.627ms
2021-04-13 21:18:24.679 T:4973 DEBUG : CAMLCodec::GetTimeSize: len:24 dl:208633 fs:208249 front:13881
2021-04-13 21:18:24.681 T:4763 DEBUG : PrepareNextRender: frameOnScreen: 22.409 renderPts: 22.576 nextFramePts: 22.564 -> diff: 0.012 render: 1 forceNext: 0
2021-04-13 21:18:24.684 T:4763 DEBUG : CAMLCodec::ReleaseFrame idx:541, drop:0
2021-04-13 21:18:24.685 T:4973 DEBUG : CAMLCodec::GetTimeSize: len:24 dl:194736 fs:208249 front:13881
2021-04-13 21:18:24.685 T:4973 DEBUG : CAMLCodec::GetTimeSize: len:23 dl:194736 fs:194368 front:12398
2021-04-13 21:18:24.685 T:4973 DEBUG : CAMLCodec::DequeueBuffer: pts:22.731 idx:545
2021-04-13 21:18:24.685 T:4973 DEBUG : CAMLCodec::GetPicture: index: 545, pts: 22.731, dur:41ms ar:0.00
2021-04-13 21:18:24.686 T:4973 DEBUG : CVideoPlayerVideo::OutputPicture - ttd:317ms pts:22.731 Clock:22.413 Level:3
2021-04-13 21:18:24.687 T:4973 DEBUG : CAMLCodec::GetTimeSize: len:23 dl:194736 fs:194368 front:12398
2021-04-13 21:18:24.690 T:4974 DEBUG : CVideoPlayerAudio::OutputPacket: pts:23.150 curr_pts:22.418 clock:22.418 level:99
2021-04-13 21:18:24.690 T:4974 DEBUG : CVideoPlayerAudio::OutputPacket: pts:23.174 curr_pts:22.418 clock:22.418 level:99
2021-04-13 21:18:24.690 T:4974 DEBUG : CVideoPlayerAudio::OutputPacket: pts:23.197 curr_pts:22.419 clock:22.418 level:99
2021-04-13 21:18:24.692 T:4973 DEBUG : CAMLCodec::AddData: dl:195915 sum:195531 sz:1163 dts:23.732 pts:23.732 overflow:0
2021-04-13 21:18:24.692 T:4973 DEBUG : CAMLCodec::GetTimeSize: len:24 dl:195915 fs:195531 front:12398
2021-04-13 21:18:24.696 T:4972 DEBUG : CVideoPlayer::ProcessVideoData size:12187 dts:31.115 pts:31.115 dur:41.000ms, clock:22.424 level:92
2021-04-13 21:18:24.696 T:4972 DEBUG : CVideoPlayer::ProcessAudioData size:319 dts:31.115 pts:31.115 dur:23.000ms, clock:22.424 drop:0 level:99
2021-04-13 21:18:24.697 T:4972 DEBUG : CVideoPlayer::ProcessAudioData size:321 dts:31.138 pts:31.138 dur:23.000ms, clock:22.424 drop:0 level:99
2021-04-13 21:18:24.697 T:4972 DEBUG : CVideoPlayer::ProcessVideoData size:11234 dts:31.156 pts:31.156 dur:41.000ms, clock:22.425 level:92
2021-04-13 21:18:24.697 T:4972 DEBUG : CVideoPlayer::ProcessAudioData size:330 dts:31.161 pts:31.161 dur:23.000ms, clock:22.425 drop:0 level:99
2021-04-13 21:18:24.698 T:4973 DEBUG : CAMLCodec::GetTimeSize: len:24 dl:195915 fs:195531 front:12398
2021-04-13 21:18:24.720 T:4763 INFO : Skipped 3 duplicate messages..
2021-04-13 21:18:24.720 T:4763 DEBUG : CAMLCodec::PollFrame elapsed:36.192ms
2021-04-13 21:18:24.724 T:4763 DEBUG : PrepareNextRender: frameOnScreen: 22.452 renderPts: 22.618 nextFramePts: 22.606 -> diff: 0.012 render: 1 forceNext: 0
2021-04-13 21:18:24.724 T:4973 DEBUG : CAMLCodec::GetTimeSize: len:24 dl:195915 fs:195531 front:12398
2021-04-13 21:18:24.726 T:4763 DEBUG : CAMLCodec::ReleaseFrame idx:542, drop:0
2021-04-13 21:18:24.730 T:4973 DEBUG : CAMLCodec::GetTimeSize: len:24 dl:183501 fs:195531 front:12398
2021-04-13 21:18:24.730 T:4973 DEBUG : CAMLCodec::GetTimeSize: len:23 dl:183501 fs:183133 front:16168
2021-04-13 21:18:24.730 T:4973 DEBUG : CAMLCodec::DequeueBuffer: pts:22.773 idx:546
2021-04-13 21:18:24.730 T:4973 DEBUG : CAMLCodec::GetPicture: index: 546, pts: 22.773, dur:42ms ar:0.00
2021-04-13 21:18:24.731 T:4973 DEBUG : CVideoPlayerVideo::OutputPicture - ttd:314ms pts:22.773 Clock:22.458 Level:3
2021-04-13 21:18:24.732 T:4973 DEBUG : CAMLCodec::GetTimeSize: len:23 dl:183501 fs:183133 front:16168
2021-04-13 21:18:24.737 T:4973 DEBUG : CAMLCodec::AddData: dl:197967 sum:197583 sz:14450 dts:23.774 pts:23.774 overflow:0
2021-04-13 21:18:24.737 T:4973 DEBUG : CAMLCodec::GetTimeSize: len:24 dl:197967 fs:197583 front:16168
2021-04-13 21:18:24.740 T:4974 DEBUG : CVideoPlayerAudio::OutputPacket: pts:23.220 curr_pts:22.468 clock:22.468 level:99
2021-04-13 21:18:24.740 T:4974 DEBUG : CVideoPlayerAudio::OutputPacket: pts:23.243 curr_pts:22.468 clock:22.468 level:99
2021-04-13 21:18:24.743 T:4973 DEBUG : CAMLCodec::GetTimeSize: len:24 dl:197967 fs:197583 front:16168
2021-04-13 21:18:24.747 T:4972 DEBUG : CVideoPlayer::ProcessAudioData size:343 dts:31.184 pts:31.184 dur:23.000ms, clock:22.475 drop:0 level:99
2021-04-13 21:18:24.748 T:4972 DEBUG : CVideoPlayer::ProcessVideoData size:12035 dts:31.198 pts:31.198 dur:41.000ms, clock:22.475 level:92
2021-04-13 21:18:24.748 T:4972 DEBUG : CVideoPlayer::ProcessAudioData size:341 dts:31.208 pts:31.208 dur:23.000ms, clock:22.476 drop:0 level:99
2021-04-13 21:18:24.750 T:4973 DEBUG : CAMLCodec::GetTimeSize: len:24 dl:197967 fs:197583 front:16168
2021-04-13 21:18:24.762 T:4763 INFO : Skipped 2 duplicate messages..
2021-04-13 21:18:24.762 T:4763 DEBUG : CAMLCodec::PollFrame elapsed:36.350ms
2021-04-13 21:18:24.765 T:4763 DEBUG : PrepareNextRender: frameOnScreen: 22.492 renderPts: 22.659 nextFramePts: 22.648 -> diff: 0.011 render: 1 forceNext: 0
2021-04-13 21:18:24.766 T:4763 DEBUG : CAMLCodec::ReleaseFrame idx:543, drop:0
2021-04-13 21:18:24.769 T:4973 DEBUG : CAMLCodec::GetTimeSize: len:24 dl:181783 fs:197583 front:16168
2021-04-13 21:18:24.769 T:4973 DEBUG : CAMLCodec::GetTimeSize: len:23 dl:181783 fs:181415 front:13076
2021-04-13 21:18:24.769 T:4973 DEBUG : CAMLCodec::DequeueBuffer: pts:22.815 idx:547
2021-04-13 21:18:24.769 T:4973 DEBUG : CAMLCodec::GetPicture: index: 547, pts: 22.815, dur:42ms ar:0.00
2021-04-13 21:18:24.769 T:4973 DEBUG : CVideoPlayerVideo::OutputPicture - ttd:318ms pts:22.815 Clock:22.497 Level:3
2021-04-13 21:18:24.770 T:4973 DEBUG : CAMLCodec::GetTimeSize: len:23 dl:181783 fs:181415 front:13076
2021-04-13 21:18:24.775 T:4973 DEBUG : frame_number : 2, mag : 3; index_sz : 8
2021-04-13 21:18:24.778 T:4973 DEBUG : CAMLCodec::AddData: dl:453679 sum:453287 sz:271872 dts:23.816 pts:23.816 overflow:0
2021-04-13 21:18:24.778 T:4973 DEBUG : CAMLCodec::GetTimeSize: len:24 dl:453679 fs:453287 front:13076
2021-04-13 21:18:24.790 T:4974 INFO : Skipped 1 duplicate messages..
2021-04-13 21:18:24.790 T:4974 DEBUG : CVideoPlayerAudio::OutputPacket: pts:23.266 curr_pts:22.518 clock:22.518 level:99
2021-04-13 21:18:24.790 T:4974 DEBUG : CVideoPlayerAudio::OutputPacket: pts:23.290 curr_pts:22.518 clock:22.518 level:99
2021-04-13 21:18:24.791 T:4973 DEBUG : CAMLCodec::GetTimeSize: len:24 dl:453679 fs:453287 front:13076
2021-04-13 21:18:24.798 T:4972 INFO : Skipped 1 duplicate messages..
2021-04-13 21:18:24.798 T:4972 DEBUG : CVideoPlayer::ProcessAudioData size:336 dts:31.231 pts:31.231 dur:23.000ms, clock:22.526 drop:0 level:99
2021-04-13 21:18:24.799 T:4972 DEBUG : CVideoPlayer::ProcessVideoData size:10965 dts:31.240 pts:31.240 dur:41.000ms, clock:22.526 level:92
2021-04-13 21:18:24.799 T:4972 DEBUG : CVideoPlayer::ProcessAudioData size:355 dts:31.254 pts:31.254 dur:23.000ms, clock:22.527 drop:0 level:99
2021-04-13 21:18:24.803 T:4973 DEBUG : CAMLCodec::GetTimeSize: len:24 dl:453679 fs:453287 front:13076
2021-04-13 21:18:24.804 T:4763 DEBUG : CAMLCodec::PollFrame elapsed:37.175ms
2021-04-13 21:18:24.806 T:4763 DEBUG : PrepareNextRender: frameOnScreen: 22.534 renderPts: 22.701 nextFramePts: 22.690 -> diff: 0.011 render: 1 forceNext: 0
2021-04-13 21:18:24.809 T:4763 DEBUG : CAMLCodec::ReleaseFrame idx:544, drop:0
2021-04-13 21:18:24.810 T:4973 DEBUG : CAMLCodec::GetTimeSize: len:24 dl:453679 fs:453287 front:13076
2021-04-13 21:18:24.810 T:4973 DEBUG : CAMLCodec::DequeueBuffer: pts:22.856 idx:548
2021-04-13 21:18:24.810 T:4973 DEBUG : CAMLCodec::GetPicture: index: 548, pts: 22.856, dur:41ms ar:0.00
2021-04-13 21:18:24.810 T:4973 DEBUG : CVideoPlayerVideo::OutputPicture - ttd:318ms pts:22.856 Clock:22.538 Level:3
2021-04-13 21:18:24.811 T:4973 DEBUG : CAMLCodec::GetTimeSize: len:24 dl:440587 fs:453287 front:13076
2021-04-13 21:18:24.811 T:4973 DEBUG : CAMLCodec::GetTimeSize: len:23 dl:440587 fs:440211 front:11530
2021-04-13 21:18:24.817 T:4973 DEBUG : CAMLCodec::AddData: dl:457488 sum:457096 sz:16885 dts:23.857 pts:23.857 overflow:0
2021-04-13 21:18:24.817 T:4973 DEBUG : CAMLCodec::GetTimeSize: len:24 dl:457488 fs:457096 front:11530
2021-04-13 21:18:24.840 T:4974 INFO : Skipped 3 duplicate messages..
2021-04-13 21:18:24.840 T:4974 DEBUG : CVideoPlayerAudio::OutputPacket: pts:23.313 curr_pts:22.569 clock:22.568 level:99
2021-04-13 21:18:24.840 T:4974 DEBUG : CVideoPlayerAudio::OutputPacket: pts:23.336 curr_pts:22.569 clock:22.568 level:99
2021-04-13 21:18:24.842 T:4973 DEBUG : CAMLCodec::GetTimeSize: len:24 dl:457488 fs:457096 front:11530
2021-04-13 21:18:24.846 T:4763 DEBUG : CAMLCodec::PollFrame elapsed:36.614ms
2021-04-13 21:18:24.848 T:4973 DEBUG : CAMLCodec::GetTimeSize: len:24 dl:457488 fs:457096 front:11530
2021-04-13 21:18:24.848 T:4763 DEBUG : PrepareNextRender: frameOnScreen: 22.576 renderPts: 22.743 nextFramePts: 22.731 -> diff: 0.012 render: 1 forceNext: 0
2021-04-13 21:18:24.849 T:4972 DEBUG : CVideoPlayer::ProcessAudioData size:354 dts:31.277 pts:31.277 dur:23.000ms, clock:22.577 drop:0 level:99
2021-04-13 21:18:24.850 T:4972 DEBUG : CVideoPlayer::ProcessVideoData size:10811 dts:31.282 pts:31.282 dur:41.000ms, clock:22.578 level:92
2021-04-13 21:18:24.850 T:4972 DEBUG : CVideoPlayer::ProcessAudioData size:362 dts:31.300 pts:31.300 dur:23.000ms, clock:22.578 drop:0 level:99
2021-04-13 21:18:24.851 T:4763 DEBUG : CAMLCodec::ReleaseFrame idx:545, drop:0
2021-04-13 21:18:24.855 T:4973 DEBUG : CAMLCodec::GetTimeSize: len:24 dl:445942 fs:457096 front:11530
2021-04-13 21:18:24.855 T:4973 DEBUG : CAMLCodec::GetTimeSize: len:23 dl:445942 fs:445566 front:10077
2021-04-13 21:18:24.855 T:4973 DEBUG : CAMLCodec::DequeueBuffer: pts:22.898 idx:549
2021-04-13 21:18:24.855 T:4973 DEBUG : CAMLCodec::GetPicture: index: 549, pts: 22.898, dur:42ms ar:0.00
2021-04-13 21:18:24.855 T:4973 DEBUG : CVideoPlayerVideo::OutputPicture - ttd:315ms pts:22.898 Clock:22.583 Level:3
2021-04-13 21:18:24.856 T:4973 DEBUG : CAMLCodec::GetTimeSize: len:23 dl:445942 fs:445566 front:10077
2021-04-13 21:18:24.861 T:4973 DEBUG : CAMLCodec::AddData: dl:466395 sum:466003 sz:20437 dts:23.899 pts:23.899 overflow:0
2021-04-13 21:18:24.861 T:4973 DEBUG : CAMLCodec::GetTimeSize: len:24 dl:466395 fs:466003 front:10077
2021-04-13 21:18:24.887 T:4763 INFO : Skipped 4 duplicate messages..
2021-04-13 21:18:24.887 T:4763 DEBUG : CAMLCodec::PollFrame elapsed:36.312ms
2021-04-13 21:18:24.890 T:4763 DEBUG : PrepareNextRender: frameOnScreen: 22.617 renderPts: 22.784 nextFramePts: 22.773 -> diff: 0.011 render: 1 forceNext: 0
2021-04-13 21:18:24.890 T:4974 DEBUG : CVideoPlayerAudio::OutputPacket: pts:23.359 curr_pts:22.618 clock:22.618 level:99
2021-04-13 21:18:24.890 T:4974 DEBUG : CVideoPlayerAudio::OutputPacket: pts:23.382 curr_pts:22.618 clock:22.618 level:99
2021-04-13 21:18:24.891 T:4972 DEBUG : CVideoPlayer::ProcessVideoData size:8500 dts:31.323 pts:31.323 dur:41.000ms, clock:22.619 level:92
2021-04-13 21:18:24.891 T:4972 DEBUG : CVideoPlayer::ProcessAudioData size:354 dts:31.324 pts:31.324 dur:23.000ms, clock:22.619 drop:0 level:99
2021-04-13 21:18:24.891 T:4972 DEBUG : CVideoPlayer::ProcessAudioData size:371 dts:31.347 pts:31.347 dur:23.000ms, clock:22.619 drop:0 level:99
2021-04-13 21:18:24.891 T:4763 DEBUG : CAMLCodec::ReleaseFrame idx:546, drop:0
2021-04-13 21:18:24.893 T:4973 DEBUG : CAMLCodec::GetTimeSize: len:24 dl:466395 fs:466003 front:10077
2021-04-13 21:18:24.929 T:4763 INFO : Skipped 5 duplicate messages..
2021-04-13 21:18:24.929 T:4763 DEBUG : CAMLCodec::PollFrame elapsed:37.599ms
2021-04-13 21:18:24.930 T:4973 DEBUG : CAMLCodec::GetTimeSize: len:24 dl:466395 fs:466003 front:10077
2021-04-13 21:18:24.932 T:4763 DEBUG : PrepareNextRender: frameOnScreen: 22.660 renderPts: 22.826 nextFramePts: 22.815 -> diff: 0.011 render: 1 forceNext: 0
2021-04-13 21:18:24.933 T:4763 DEBUG : CAMLCodec::ReleaseFrame idx:547, drop:0
2021-04-13 21:18:24.937 T:4973 DEBUG : CAMLCodec::GetTimeSize: len:24 dl:456302 fs:466003 front:10077
2021-04-13 21:18:24.937 T:4973 DEBUG : CAMLCodec::GetTimeSize: len:23 dl:456302 fs:455926 front:11270
2021-04-13 21:18:24.937 T:4973 DEBUG : CAMLCodec::DequeueBuffer: pts:22.940 idx:550
2021-04-13 21:18:24.937 T:4973 DEBUG : CAMLCodec::GetPicture: index: 550, pts: 22.940, dur:42ms ar:0.00
2021-04-13 21:18:24.937 T:4973 DEBUG : CVideoPlayerVideo::OutputPicture - ttd:275ms pts:22.940 Clock:22.665 Level:2
2021-04-13 21:18:24.938 T:4973 DEBUG : CAMLCodec::GetTimeSize: len:23 dl:456302 fs:455926 front:11270
2021-04-13 21:18:24.940 T:4974 DEBUG : CVideoPlayerAudio::OutputPacket: pts:23.406 curr_pts:22.668 clock:22.668 level:99
2021-04-13 21:18:24.940 T:4974 DEBUG : CVideoPlayerAudio::OutputPacket: pts:23.429 curr_pts:22.669 clock:22.668 level:99
2021-04-13 21:18:24.942 T:4972 DEBUG : CVideoPlayer::ProcessVideoData size:7931 dts:31.365 pts:31.365 dur:41.000ms, clock:22.670 level:93
2021-04-13 21:18:24.942 T:4972 DEBUG : CVideoPlayer::ProcessAudioData size:360 dts:31.370 pts:31.370 dur:23.000ms, clock:22.670 drop:0 level:99
2021-04-13 21:18:24.942 T:4972 DEBUG : CVideoPlayer::ProcessAudioData size:360 dts:31.393 pts:31.393 dur:23.000ms, clock:22.670 drop:0 level:99
2021-04-13 21:18:24.943 T:4973 DEBUG : CAMLCodec::AddData: dl:479805 sum:479413 sz:23487 dts:23.941 pts:23.941 overflow:0
2021-04-13 21:18:24.943 T:4973 DEBUG : CAMLCodec::GetTimeSize: len:24 dl:479805 fs:479413 front:11270
2021-04-13 21:18:24.971 T:4763 INFO : Skipped 4 duplicate messages..
2021-04-13 21:18:24.971 T:4763 DEBUG : CAMLCodec::PollFrame elapsed:37.170ms
2021-04-13 21:18:24.973 T:4763 DEBUG : PrepareNextRender: frameOnScreen: 22.701 renderPts: 22.868 nextFramePts: 22.856 -> diff: 0.012 render: 1 forceNext: 0
2021-04-13 21:18:24.975 T:4973 DEBUG : CAMLCodec::GetTimeSize: len:24 dl:479805 fs:479413 front:11270
2021-04-13 21:18:24.975 T:4763 DEBUG : CAMLCodec::ReleaseFrame idx:548, drop:0
2021-04-13 21:18:24.981 T:4973 DEBUG : CAMLCodec::GetTimeSize: len:24 dl:468519 fs:479413 front:11270
2021-04-13 21:18:24.981 T:4973 DEBUG : CAMLCodec::GetTimeSize: len:23 dl:468519 fs:468143 front:9416
2021-04-13 21:18:24.981 T:4973 DEBUG : CAMLCodec::DequeueBuffer: pts:22.982 idx:551
2021-04-13 21:18:24.981 T:4973 DEBUG : CAMLCodec::GetPicture: index: 551, pts: 22.982, dur:42ms ar:0.00
2021-04-13 21:18:24.981 T:4973 DEBUG : CVideoPlayerVideo::OutputPicture - ttd:272ms pts:22.982 Clock:22.709 Level:2
2021-04-13 21:18:24.982 T:4973 DEBUG : CAMLCodec::GetTimeSize: len:23 dl:468519 fs:468143 front:9416
2021-04-13 21:18:24.988 T:4973 DEBUG : CAMLCodec::AddData: dl:493129 sum:492737 sz:24594 dts:23.983 pts:23.983 overflow:0
2021-04-13 21:18:24.988 T:4973 DEBUG : CAMLCodec::GetTimeSize: len:24 dl:493129 fs:492737 front:9416
2021-04-13 21:18:24.990 T:4974 DEBUG : CVideoPlayerAudio::OutputPacket: pts:23.452 curr_pts:22.718 clock:22.718 level:99
2021-04-13 21:18:24.990 T:4974 DEBUG : CVideoPlayerAudio::OutputPacket: pts:23.475 curr_pts:22.719 clock:22.718 level:99
2021-04-13 21:18:24.991 T:4974 DEBUG : CVideoPlayerAudio::OutputPacket: pts:23.499 curr_pts:22.719 clock:22.719 level:99
2021-04-13 21:18:24.993 T:4972 DEBUG : CVideoPlayer::ProcessVideoData size:771 dts:31.407 pts:31.407 dur:41.000ms, clock:22.721 level:92
2021-04-13 21:18:24.993 T:4972 DEBUG : CVideoPlayer::ProcessAudioData size:353 dts:31.417 pts:31.417 dur:23.000ms, clock:22.721 drop:0 level:99
2021-04-13 21:18:24.993 T:4972 DEBUG : CVideoPlayer::ProcessAudioData size:377 dts:31.440 pts:31.440 dur:23.000ms, clock:22.721 drop:0 level:99
2021-04-13 21:18:24.994 T:4972 DEBUG : CVideoPlayer::ProcessVideoData size:108787 dts:31.448 pts:31.448 dur:41.000ms, clock:22.722 level:93
2021-04-13 21:18:24.994 T:4972 DEBUG : CVideoPlayer::ProcessAudioData size:377 dts:31.463 pts:31.463 dur:23.000ms, clock:22.722 drop:0 level:99
2021-04-13 21:18:24.995 T:4973 DEBUG : CAMLCodec::GetTimeSize: len:24 dl:493129 fs:492737 front:9416
2021-04-13 21:18:25.012 T:4763 INFO : Skipped 2 duplicate messages..
2021-04-13 21:18:25.012 T:4763 DEBUG : CAMLCodec::PollFrame elapsed:36.958ms
2021-04-13 21:18:25.014 T:4973 DEBUG : CAMLCodec::GetTimeSize: len:24 dl:493129 fs:492737 front:9416
2021-04-13 21:18:25.015 T:4763 DEBUG : PrepareNextRender: frameOnScreen: 22.743 renderPts: 22.910 nextFramePts: 22.898 -> diff: 0.012 render: 1 forceNext: 0
2021-04-13 21:18:25.018 T:4763 DEBUG : CAMLCodec::ReleaseFrame idx:549, drop:0
2021-04-13 21:18:25.021 T:4973 DEBUG : CAMLCodec::GetTimeSize: len:24 dl:483697 fs:492737 front:9416
2021-04-13 21:18:25.021 T:4973 DEBUG : CAMLCodec::GetTimeSize: len:23 dl:483697 fs:483321 front:6623
2021-04-13 21:18:25.021 T:4973 DEBUG : CAMLCodec::DequeueBuffer: pts:23.023 idx:552
2021-04-13 21:18:25.021 T:4973 DEBUG : CAMLCodec::GetPicture: index: 552, pts: 23.023, dur:41ms ar:0.00
2021-04-13 21:18:25.021 T:4973 DEBUG : CVideoPlayerVideo::OutputPicture - ttd:274ms pts:23.023 Clock:22.749 Level:2
2021-04-13 21:18:25.022 T:4973 DEBUG : CAMLCodec::GetTimeSize: len:23 dl:483697 fs:483321 front:6623
2021-04-13 21:18:25.027 T:4973 DEBUG : CAMLCodec::AddData: dl:511668 sum:511276 sz:27955 dts:24.024 pts:24.024 overflow:0
2021-04-13 21:18:25.027 T:4973 DEBUG : CAMLCodec::GetTimeSize: len:24 dl:511668 fs:511276 front:6623
2021-04-13 21:18:25.040 T:4974 INFO : Skipped 2 duplicate messages..
2021-04-13 21:18:25.040 T:4974 DEBUG : CVideoPlayerAudio::OutputPacket: pts:23.522 curr_pts:22.769 clock:22.768 level:99
2021-04-13 21:18:25.041 T:4974 DEBUG : CVideoPlayerAudio::OutputPacket: pts:23.545 curr_pts:22.769 clock:22.768 level:99
2021-04-13 21:18:25.045 T:4972 DEBUG : CVideoPlayer::ProcessAudioData size:364 dts:31.486 pts:31.486 dur:23.000ms, clock:22.773 drop:0 level:99
2021-04-13 21:18:25.045 T:4972 DEBUG : CVideoPlayer::ProcessVideoData size:9833 dts:31.490 pts:31.490 dur:41.000ms, clock:22.773 level:93
2021-04-13 21:18:25.045 T:4972 DEBUG : CVideoPlayer::ProcessAudioData size:374 dts:31.509 pts:31.509 dur:23.000ms, clock:22.773 drop:0 level:99
2021-04-13 21:18:25.046 T:4973 DEBUG : CAMLCodec::GetTimeSize: len:24 dl:511668 fs:511276 front:6623
2021-04-13 21:18:25.054 T:4763 INFO : Skipped 1 duplicate messages..
2021-04-13 21:18:25.054 T:4763 DEBUG : CAMLCodec::PollFrame elapsed:36.337ms
2021-04-13 21:18:25.057 T:4763 DEBUG : PrepareNextRender: frameOnScreen: 22.785 renderPts: 22.951 nextFramePts: 22.940 -> diff: 0.011 render: 1 forceNext: 0
2021-04-13 21:18:25.059 T:4973 DEBUG : CAMLCodec::GetTimeSize: len:24 dl:511668 fs:511276 front:6623
2021-04-13 21:18:25.059 T:4763 DEBUG : CAMLCodec::ReleaseFrame idx:550, drop:0
2021-04-13 21:18:25.065 T:4973 DEBUG : CAMLCodec::GetTimeSize: len:24 dl:505029 fs:511276 front:6623
2021-04-13 21:18:25.065 T:4973 DEBUG : CAMLCodec::GetTimeSize: len:23 dl:505029 fs:504653 front:515
2021-04-13 21:18:25.065 T:4973 DEBUG : CAMLCodec::DequeueBuffer: pts:23.065 idx:553
2021-04-13 21:18:25.065 T:4973 DEBUG : CAMLCodec::GetPicture: index: 553, pts: 23.065, dur:42ms ar:0.00
2021-04-13 21:18:25.066 T:4973 DEBUG : CVideoPlayerVideo::OutputPicture - ttd:271ms pts:23.065 Clock:22.793 Level:2
2021-04-13 21:18:25.067 T:4973 DEBUG : CAMLCodec::GetTimeSize: len:23 dl:505029 fs:504653 front:515
2021-04-13 21:18:25.072 T:4973 DEBUG : CAMLCodec::AddData: dl:525448 sum:525056 sz:20403 dts:24.066 pts:24.066 overflow:0
2021-04-13 21:18:25.072 T:4973 DEBUG : CAMLCodec::GetTimeSize: len:24 dl:525448 fs:525056 front:515
2021-04-13 21:18:25.090 T:4974 INFO : Skipped 2 duplicate messages..
2021-04-13 21:18:25.090 T:4974 DEBUG : CVideoPlayerAudio::OutputPacket: pts:23.568 curr_pts:22.818 clock:22.817 level:99
2021-04-13 21:18:25.090 T:4974 DEBUG : CVideoPlayerAudio::OutputPacket: pts:23.591 curr_pts:22.818 clock:22.818 level:99
2021-04-13 21:18:25.091 T:4973 DEBUG : CAMLCodec::GetTimeSize: len:24 dl:525448 fs:525056 front:515
2021-04-13 21:18:25.096 T:4763 DEBUG : CAMLCodec::PollFrame elapsed:36.237ms
2021-04-13 21:18:25.097 T:4972 DEBUG : CVideoPlayer::ProcessVideoData size:8041 dts:31.532 pts:31.532 dur:41.000ms, clock:22.825 level:93
2021-04-13 21:18:25.098 T:4972 DEBUG : CVideoPlayer::ProcessAudioData size:432 dts:31.533 pts:31.533 dur:23.000ms, clock:22.825 drop:0 level:99
2021-04-13 21:18:25.098 T:4972 DEBUG : CVideoPlayer::ProcessAudioData size:491 dts:31.556 pts:31.556 dur:23.000ms, clock:22.826 drop:0 level:99
2021-04-13 21:18:25.099 T:4763 DEBUG : PrepareNextRender: frameOnScreen: 22.827 renderPts: 22.993 nextFramePts: 22.982 -> diff: 0.011 render: 1 forceNext: 0
2021-04-13 21:18:25.099 T:4973 DEBUG : CAMLCodec::GetTimeSize: len:24 dl:525448 fs:525056 front:515
2021-04-13 21:18:25.100 T:4763 DEBUG : CAMLCodec::ReleaseFrame idx:551, drop:0
2021-04-13 21:18:25.106 T:4973 DEBUG : CAMLCodec::GetTimeSize: len:24 dl:513587 fs:525056 front:515
2021-04-13 21:18:25.106 T:4973 DEBUG : CAMLCodec::GetTimeSize: len:23 dl:513587 fs:524541 front:11314
2021-04-13 21:18:25.106 T:4973 DEBUG : CAMLCodec::GetTimeSize: len:22 dl:513587 fs:513227 front:16009
2021-04-13 21:18:25.106 T:4973 DEBUG : CAMLCodec::DequeueBuffer: pts:23.107 idx:554
2021-04-13 21:18:25.106 T:4973 DEBUG : CAMLCodec::GetPicture: index: 554, pts: 23.107, dur:42ms ar:0.00
2021-04-13 21:18:25.106 T:4973 DEBUG : CVideoPlayerVideo::OutputPicture - ttd:273ms pts:23.107 Clock:22.834 Level:2
2021-04-13 21:18:25.107 T:4973 DEBUG : CAMLCodec::GetTimeSize: len:22 dl:513587 fs:513227 front:16009
2021-04-13 21:18:25.107 T:4973 DEBUG : CAMLCodec::DequeueBuffer: pts:23.148 idx:555
2021-04-13 21:18:25.107 T:4973 DEBUG : CAMLCodec::GetPicture: index: 555, pts: 23.148, dur:41ms ar:0.00
2021-04-13 21:18:25.107 T:4973 DEBUG : CVideoPlayerVideo::OutputPicture - ttd:312ms pts:23.148 Clock:22.835 Level:3
2021-04-13 21:18:25.108 T:4973 DEBUG : CAMLCodec::GetTimeSize: len:22 dl:513587 fs:513227 front:16009
2021-04-13 21:18:25.113 T:4973 DEBUG : CAMLCodec::AddData: dl:537803 sum:537427 sz:24200 dts:24.108 pts:24.108 overflow:0
2021-04-13 21:18:25.113 T:4973 DEBUG : CAMLCodec::GetTimeSize: len:23 dl:537803 fs:537427 front:16009
2021-04-13 21:18:25.119 T:4973 DEBUG : CAMLCodec::AddData: dl:558953 sum:558561 sz:21134 dts:24.149 pts:24.149 overflow:0
2021-04-13 21:18:25.119 T:4973 DEBUG : CAMLCodec::GetTimeSize: len:24 dl:558953 fs:558561 front:16009
2021-04-13 21:18:25.138 T:4763 INFO : Skipped 3 duplicate messages..
2021-04-13 21:18:25.138 T:4763 DEBUG : CAMLCodec::PollFrame elapsed:36.923ms
2021-04-13 21:18:25.140 T:4974 DEBUG : CVideoPlayerAudio::OutputPacket: pts:23.615 curr_pts:22.868 clock:22.868 level:99
2021-04-13 21:18:25.140 T:4763 DEBUG : PrepareNextRender: frameOnScreen: 22.868 renderPts: 23.035 nextFramePts: 23.023 -> diff: 0.012 render: 1 forceNext: 0
2021-04-13 21:18:25.140 T:4974 DEBUG : CVideoPlayerAudio::OutputPacket: pts:23.638 curr_pts:22.869 clock:22.868 level:99
2021-04-13 21:18:25.142 T:4763 DEBUG : CAMLCodec::ReleaseFrame idx:552, drop:0
2021-04-13 21:18:25.144 T:4973 DEBUG : CAMLCodec::GetTimeSize: len:24 dl:542928 fs:558561 front:16009
2021-04-13 21:18:25.144 T:4973 DEBUG : CAMLCodec::GetTimeSize: len:23 dl:542928 fs:542552 front:12516
2021-04-13 21:18:25.144 T:4973 DEBUG : CAMLCodec::DequeueBuffer: pts:23.190 idx:556
2021-04-13 21:18:25.144 T:4973 DEBUG : CAMLCodec::GetPicture: index: 556, pts: 23.190, dur:42ms ar:0.00
2021-04-13 21:18:25.144 T:4973 DEBUG : CVideoPlayerVideo::OutputPicture - ttd:318ms pts:23.190 Clock:22.872 Level:3
2021-04-13 21:18:25.145 T:4973 DEBUG : CAMLCodec::GetTimeSize: len:23 dl:542928 fs:542552 front:12516
2021-04-13 21:18:25.149 T:4972 DEBUG : CVideoPlayer::ProcessVideoData size:12353 dts:31.573 pts:31.573 dur:41.000ms, clock:22.876 level:92
2021-04-13 21:18:25.149 T:4972 DEBUG : CVideoPlayer::ProcessAudioData size:348 dts:31.579 pts:31.579 dur:23.000ms, clock:22.877 drop:0 level:99
2021-04-13 21:18:25.149 T:4972 DEBUG : CVideoPlayer::ProcessAudioData size:350 dts:31.602 pts:31.602 dur:23.000ms, clock:22.877 drop:0 level:99
2021-04-13 21:18:25.150 T:4973 DEBUG : CAMLCodec::AddData: dl:547854 sum:547462 sz:4910 dts:24.191 pts:24.191 overflow:0
2021-04-13 21:18:25.150 T:4973 DEBUG : CAMLCodec::GetTimeSize: len:24 dl:547854 fs:547462 front:12516
2021-04-13 21:18:25.179 T:4763 INFO : Skipped 4 duplicate messages..
2021-04-13 21:18:25.179 T:4763 DEBUG : CAMLCodec::PollFrame elapsed:36.839ms
2021-04-13 21:18:25.181 T:4763 DEBUG : PrepareNextRender: frameOnScreen: 22.909 renderPts: 23.076 nextFramePts: 23.065 -> diff: 0.011 render: 1 forceNext: 0
2021-04-13 21:18:25.182 T:4973 DEBUG : CAMLCodec::GetTimeSize: len:24 dl:547854 fs:547462 front:12516
2021-04-13 21:18:25.183 T:4763 DEBUG : CAMLCodec::ReleaseFrame idx:553, drop:0
2021-04-13 21:18:25.188 T:4973 DEBUG : CAMLCodec::GetTimeSize: len:24 dl:535322 fs:547462 front:12516
2021-04-13 21:18:25.188 T:4973 DEBUG : CAMLCodec::GetTimeSize: len:23 dl:535322 fs:534946 front:13314
