2021-04-13 21:18:04.240 T:4974 DEBUG : CVideoPlayerAudio::OutputPacket: pts:2.717 curr_pts:1.969 clock:1.968 level:99
2021-04-13 21:18:04.241 T:4974 DEBUG : CVideoPlayerAudio::OutputPacket: pts:2.740 curr_pts:1.969 clock:1.969 level:99
2021-04-13 21:18:04.242 T:4763 DEBUG : CAMLCodec::PollFrame elapsed:37.363ms
2021-04-13 21:18:04.242 T:4972 DEBUG : CVideoPlayer::ProcessVideoData size:12702 dts:10.678 pts:10.678 dur:41.000ms, clock:1.970 level:92
2021-04-13 21:18:04.243 T:4972 DEBUG : CVideoPlayer::ProcessAudioData size:366 dts:10.681 pts:10.681 dur:23.000ms, clock:1.971 drop:0 level:99
2021-04-13 21:18:04.243 T:4972 DEBUG : CVideoPlayer::ProcessAudioData size:357 dts:10.704 pts:10.704 dur:23.000ms, clock:1.971 drop:0 level:99
2021-04-13 21:18:04.245 T:4763 DEBUG : PrepareNextRender: frameOnScreen: 1.973 renderPts: 2.140 nextFramePts: 2.127 -> diff: 0.013 render: 1 forceNext: 0
2021-04-13 21:18:04.246 T:4763 DEBUG : CAMLCodec::ReleaseFrame idx:51, drop:0
2021-04-13 21:18:04.246 T:4973 DEBUG : CAMLCodec::GetTimeSize: len:24 dl:618536 fs:620880 front:2720
2021-04-13 21:18:04.246 T:4973 DEBUG : CAMLCodec::GetTimeSize: len:23 dl:618536 fs:618160 front:8921
2021-04-13 21:18:04.247 T:4973 DEBUG : CAMLCodec::DequeueBuffer: pts:2.294 idx:55
2021-04-13 21:18:04.247 T:4973 DEBUG : CAMLCodec::GetPicture: index: 55, pts: 2.294, dur:42ms ar:0.00
2021-04-13 21:18:04.247 T:4973 DEBUG : CVideoPlayerVideo::OutputPicture - ttd:319ms pts:2.294 Clock:1.975 Level:3
2021-04-13 21:18:04.248 T:4973 DEBUG : CAMLCodec::GetTimeSize: len:23 dl:618536 fs:618160 front:8921
2021-04-13 21:18:04.253 T:4973 DEBUG : CAMLCodec::AddData: dl:630398 sum:638943 sz:20783 dts:3.295 pts:3.295 overflow:0
2021-04-13 21:18:04.253 T:4973 DEBUG : CAMLCodec::GetTimeSize: len:24 dl:630398 fs:638943 front:8921
2021-04-13 21:18:04.253 T:4973 DEBUG : CAMLCodec::GetTimeSize: len:23 dl:630398 fs:630022 front:8739
2021-04-13 21:18:04.253 T:4973 DEBUG : CAMLCodec::DequeueBuffer: pts:2.336 idx:56
2021-04-13 21:18:04.253 T:4973 DEBUG : CAMLCodec::GetPicture: index: 56, pts: 2.336, dur:42ms ar:0.00
2021-04-13 21:18:04.253 T:4973 DEBUG : CVideoPlayerVideo::OutputPicture - ttd:354ms pts:2.336 Clock:1.981 Level:4
2021-04-13 21:18:04.254 T:4973 DEBUG : CAMLCodec::GetTimeSize: len:23 dl:630398 fs:630022 front:8739
2021-04-13 21:18:04.260 T:4973 DEBUG : CAMLCodec::AddData: dl:649830 sum:649438 sz:19416 dts:3.337 pts:3.337 overflow:0
2021-04-13 21:18:04.260 T:4973 DEBUG : CAMLCodec::GetTimeSize: len:24 dl:649830 fs:649438 front:8739
2021-04-13 21:18:04.283 T:4763 INFO : Skipped 3 duplicate messages..
2021-04-13 21:18:04.283 T:4763 DEBUG : CAMLCodec::PollFrame elapsed:36.917ms
2021-04-13 21:18:04.285 T:4973 DEBUG : CAMLCodec::GetTimeSize: len:24 dl:649830 fs:649438 front:8739
2021-04-13 21:18:04.286 T:4763 DEBUG : PrepareNextRender: frameOnScreen: 2.014 renderPts: 2.181 nextFramePts: 2.169 -> diff: 0.012 render: 1 forceNext: 0
2021-04-13 21:18:04.287 T:4763 DEBUG : CAMLCodec::ReleaseFrame idx:52, drop:0
2021-04-13 21:18:04.290 T:4974 DEBUG : CVideoPlayerAudio::OutputPacket: pts:2.763 curr_pts:2.018 clock:2.017 level:99
2021-04-13 21:18:04.290 T:4974 DEBUG : CVideoPlayerAudio::OutputPacket: pts:2.786 curr_pts:2.018 clock:2.018 level:99
2021-04-13 21:18:04.292 T:4973 DEBUG : CAMLCodec::GetTimeSize: len:24 dl:641075 fs:649438 front:8739
2021-04-13 21:18:04.292 T:4973 DEBUG : CAMLCodec::GetTimeSize: len:23 dl:641075 fs:640699 front:8286
2021-04-13 21:18:04.292 T:4973 DEBUG : CAMLCodec::DequeueBuffer: pts:2.377 idx:57
2021-04-13 21:18:04.292 T:4973 DEBUG : CAMLCodec::GetPicture: index: 57, pts: 2.377, dur:41ms ar:0.00
2021-04-13 21:18:04.292 T:4973 DEBUG : CVideoPlayerVideo::OutputPicture - ttd:357ms pts:2.377 Clock:2.020 Level:4
2021-04-13 21:18:04.293 T:4973 DEBUG : CAMLCodec::GetTimeSize: len:23 dl:641075 fs:640699 front:8286
2021-04-13 21:18:04.293 T:4972 DEBUG : CVideoPlayer::ProcessVideoData size:7838 dts:10.720 pts:10.720 dur:41.000ms, clock:2.021 level:92
2021-04-13 21:18:04.294 T:4972 DEBUG : CVideoPlayer::ProcessAudioData size:366 dts:10.728 pts:10.728 dur:23.000ms, clock:2.021 drop:0 level:99
2021-04-13 21:18:04.294 T:4972 DEBUG : CVideoPlayer::ProcessAudioData size:375 dts:10.751 pts:10.751 dur:23.000ms, clock:2.022 drop:0 level:99
2021-04-13 21:18:04.298 T:4973 DEBUG : CAMLCodec::AddData: dl:642471 sum:642079 sz:1380 dts:3.378 pts:3.378 overflow:0
2021-04-13 21:18:04.298 T:4973 DEBUG : CAMLCodec::GetTimeSize: len:24 dl:642471 fs:642079 front:8286
2021-04-13 21:18:04.325 T:4763 INFO : Skipped 4 duplicate messages..
2021-04-13 21:18:04.325 T:4763 DEBUG : CAMLCodec::PollFrame elapsed:37.728ms
2021-04-13 21:18:04.328 T:4763 DEBUG : PrepareNextRender: frameOnScreen: 2.056 renderPts: 2.222 nextFramePts: 2.211 -> diff: 0.011 render: 1 forceNext: 0
2021-04-13 21:18:04.329 T:4763 DEBUG : CAMLCodec::ReleaseFrame idx:53, drop:0
2021-04-13 21:18:04.330 T:4973 DEBUG : CAMLCodec::GetTimeSize: len:24 dl:634169 fs:642079 front:8286
2021-04-13 21:18:04.330 T:4973 DEBUG : CAMLCodec::GetTimeSize: len:23 dl:634169 fs:633793 front:7572
2021-04-13 21:18:04.330 T:4973 DEBUG : CAMLCodec::DequeueBuffer: pts:2.419 idx:58
2021-04-13 21:18:04.330 T:4973 DEBUG : CAMLCodec::GetPicture: index: 58, pts: 2.419, dur:42ms ar:0.00
2021-04-13 21:18:04.330 T:4973 DEBUG : CVideoPlayerVideo::OutputPicture - ttd:361ms pts:2.419 Clock:2.058 Level:4
2021-04-13 21:18:04.331 T:4973 DEBUG : CAMLCodec::GetTimeSize: len:23 dl:634169 fs:633793 front:7572
2021-04-13 21:18:04.336 T:4973 DEBUG : CAMLCodec::AddData: dl:653909 sum:653517 sz:19724 dts:3.420 pts:3.420 overflow:0
2021-04-13 21:18:04.336 T:4973 DEBUG : CAMLCodec::GetTimeSize: len:24 dl:653909 fs:653517 front:7572
2021-04-13 21:18:04.340 T:4974 DEBUG : CVideoPlayerAudio::OutputPacket: pts:2.810 curr_pts:2.067 clock:2.067 level:99
2021-04-13 21:18:04.340 T:4974 DEBUG : CVideoPlayerAudio::OutputPacket: pts:2.833 curr_pts:2.069 clock:2.068 level:99
2021-04-13 21:18:04.343 T:4973 DEBUG : CAMLCodec::GetTimeSize: len:24 dl:653909 fs:653517 front:7572
2021-04-13 21:18:04.344 T:4972 DEBUG : CVideoPlayer::ProcessVideoData size:9188 dts:10.761 pts:10.761 dur:41.000ms, clock:2.072 level:91
2021-04-13 21:18:04.344 T:4972 DEBUG : CVideoPlayer::ProcessAudioData size:373 dts:10.774 pts:10.774 dur:23.000ms, clock:2.072 drop:0 level:99
2021-04-13 21:18:04.345 T:4972 DEBUG : CVideoPlayer::ProcessAudioData size:371 dts:10.797 pts:10.797 dur:23.000ms, clock:2.072 drop:0 level:99
2021-04-13 21:18:04.349 T:4973 DEBUG : CAMLCodec::GetTimeSize: len:24 dl:653909 fs:653517 front:7572
2021-04-13 21:18:04.367 T:4763 INFO : Skipped 2 duplicate messages..
2021-04-13 21:18:04.367 T:4763 DEBUG : CAMLCodec::PollFrame elapsed:37.720ms
2021-04-13 21:18:04.368 T:4973 DEBUG : CAMLCodec::GetTimeSize: len:24 dl:653909 fs:653517 front:7572
2021-04-13 21:18:04.369 T:4763 DEBUG : PrepareNextRender: frameOnScreen: 2.097 renderPts: 2.264 nextFramePts: 2.252 -> diff: 0.012 render: 1 forceNext: 0
2021-04-13 21:18:04.370 T:4763 DEBUG : CAMLCodec::ReleaseFrame idx:54, drop:0
2021-04-13 21:18:04.375 T:4973 DEBUG : CAMLCodec::GetTimeSize: len:24 dl:646321 fs:653517 front:7572
2021-04-13 21:18:04.375 T:4973 DEBUG : CAMLCodec::GetTimeSize: len:23 dl:646321 fs:645945 front:7846
2021-04-13 21:18:04.375 T:4973 DEBUG : CAMLCodec::DequeueBuffer: pts:2.461 idx:59
2021-04-13 21:18:04.375 T:4973 DEBUG : CAMLCodec::GetPicture: index: 59, pts: 2.461, dur:42ms ar:0.00
2021-04-13 21:18:04.375 T:4973 DEBUG : CVideoPlayerVideo::OutputPicture - ttd:358ms pts:2.461 Clock:2.103 Level:4
2021-04-13 21:18:04.376 T:4973 DEBUG : CAMLCodec::GetTimeSize: len:23 dl:646321 fs:645945 front:7846
2021-04-13 21:18:04.381 T:4973 DEBUG : CAMLCodec::AddData: dl:664758 sum:664366 sz:18421 dts:3.462 pts:3.462 overflow:0
2021-04-13 21:18:04.381 T:4973 DEBUG : CAMLCodec::GetTimeSize: len:24 dl:664758 fs:664366 front:7846
2021-04-13 21:18:04.390 T:4974 INFO : Skipped 1 duplicate messages..
2021-04-13 21:18:04.390 T:4974 DEBUG : CVideoPlayerAudio::OutputPacket: pts:2.856 curr_pts:2.118 clock:2.118 level:99
2021-04-13 21:18:04.390 T:4974 DEBUG : CVideoPlayerAudio::OutputPacket: pts:2.879 curr_pts:2.118 clock:2.118 level:99
2021-04-13 21:18:04.394 T:4973 DEBUG : CAMLCodec::GetTimeSize: len:24 dl:664758 fs:664366 front:7846
2021-04-13 21:18:04.395 T:4972 DEBUG : CVideoPlayer::ProcessVideoData size:11273 dts:10.803 pts:10.803 dur:41.000ms, clock:2.123 level:91
2021-04-13 21:18:04.396 T:4972 DEBUG : CVideoPlayer::ProcessAudioData size:373 dts:10.820 pts:10.820 dur:23.000ms, clock:2.123 drop:0 level:99
2021-04-13 21:18:04.396 T:4972 DEBUG : CVideoPlayer::ProcessAudioData size:365 dts:10.844 pts:10.844 dur:23.000ms, clock:2.124 drop:0 level:99
2021-04-13 21:18:04.400 T:4973 DEBUG : CAMLCodec::GetTimeSize: len:24 dl:664758 fs:664366 front:7846
2021-04-13 21:18:04.409 T:4763 INFO : Skipped 1 duplicate messages..
2021-04-13 21:18:04.409 T:4763 DEBUG : CAMLCodec::PollFrame elapsed:38.736ms
2021-04-13 21:18:04.409 T:4763 DEBUG : PrepareNextRender: frameOnScreen: 2.137 renderPts: 2.304 nextFramePts: 2.294 -> diff: 0.010 render: 1 forceNext: 0
2021-04-13 21:18:04.410 T:4763 DEBUG : CAMLCodec::ReleaseFrame idx:55, drop:0
2021-04-13 21:18:04.413 T:4973 DEBUG : CAMLCodec::GetTimeSize: len:24 dl:664758 fs:664366 front:7846
2021-04-13 21:18:04.419 T:4973 DEBUG : CAMLCodec::GetTimeSize: len:24 dl:656896 fs:664366 front:7846
2021-04-13 21:18:04.419 T:4973 DEBUG : CAMLCodec::GetTimeSize: len:23 dl:656896 fs:656520 front:7127
2021-04-13 21:18:04.419 T:4973 DEBUG : CAMLCodec::DequeueBuffer: pts:2.503 idx:60
2021-04-13 21:18:04.420 T:4973 DEBUG : CAMLCodec::GetPicture: index: 60, pts: 2.503, dur:42ms ar:0.00
2021-04-13 21:18:04.420 T:4973 DEBUG : CVideoPlayerVideo::OutputPicture - ttd:355ms pts:2.503 Clock:2.147 Level:4
2021-04-13 21:18:04.421 T:4973 DEBUG : CAMLCodec::GetTimeSize: len:23 dl:656896 fs:656520 front:7127
2021-04-13 21:18:04.426 T:4973 DEBUG : CAMLCodec::AddData: dl:674851 sum:674459 sz:17939 dts:3.504 pts:3.504 overflow:0
2021-04-13 21:18:04.426 T:4973 DEBUG : CAMLCodec::GetTimeSize: len:24 dl:674851 fs:674459 front:7127
2021-04-13 21:18:04.440 T:4974 INFO : Skipped 2 duplicate messages..
2021-04-13 21:18:04.440 T:4974 DEBUG : CVideoPlayerAudio::OutputPacket: pts:2.902 curr_pts:2.168 clock:2.168 level:99
2021-04-13 21:18:04.440 T:4974 DEBUG : CVideoPlayerAudio::OutputPacket: pts:2.926 curr_pts:2.168 clock:2.168 level:99
2021-04-13 21:18:04.440 T:4974 DEBUG : CVideoPlayerAudio::OutputPacket: pts:2.949 curr_pts:2.169 clock:2.168 level:99
2021-04-13 21:18:04.445 T:4973 DEBUG : CAMLCodec::GetTimeSize: len:24 dl:674851 fs:674459 front:7127
2021-04-13 21:18:04.446 T:4972 DEBUG : CVideoPlayer::ProcessVideoData size:12387 dts:10.845 pts:10.845 dur:41.000ms, clock:2.174 level:91
2021-04-13 21:18:04.447 T:4972 DEBUG : CVideoPlayer::ProcessAudioData size:362 dts:10.867 pts:10.867 dur:23.000ms, clock:2.175 drop:0 level:99
2021-04-13 21:18:04.447 T:4972 DEBUG : CVideoPlayer::ProcessVideoData size:13638 dts:10.886 pts:10.886 dur:41.000ms, clock:2.175 level:92
2021-04-13 21:18:04.447 T:4972 DEBUG : CVideoPlayer::ProcessAudioData size:366 dts:10.890 pts:10.890 dur:23.000ms, clock:2.175 drop:0 level:99
2021-04-13 21:18:04.447 T:4972 DEBUG : CVideoPlayer::ProcessAudioData size:366 dts:10.913 pts:10.913 dur:23.000ms, clock:2.175 drop:0 level:99
2021-04-13 21:18:04.450 T:4763 DEBUG : CAMLCodec::PollFrame elapsed:40.526ms
2021-04-13 21:18:04.451 T:4763 DEBUG : PrepareNextRender: frameOnScreen: 2.179 renderPts: 2.346 nextFramePts: 2.336 -> diff: 0.010 render: 1 forceNext: 0
2021-04-13 21:18:04.451 T:4763 DEBUG : CAMLCodec::ReleaseFrame idx:56, drop:0
2021-04-13 21:18:04.452 T:4973 DEBUG : CAMLCodec::GetTimeSize: len:24 dl:674851 fs:674459 front:7127
2021-04-13 21:18:04.458 T:4973 DEBUG : CAMLCodec::GetTimeSize: len:24 dl:667708 fs:674459 front:7127
2021-04-13 21:18:04.458 T:4973 DEBUG : CAMLCodec::GetTimeSize: len:23 dl:667708 fs:667332 front:6914
2021-04-13 21:18:04.458 T:4973 DEBUG : CAMLCodec::DequeueBuffer: pts:2.544 idx:61
2021-04-13 21:18:04.458 T:4973 DEBUG : CAMLCodec::GetPicture: index: 61, pts: 2.544, dur:41ms ar:0.00
2021-04-13 21:18:04.458 T:4973 DEBUG : CVideoPlayerVideo::OutputPicture - ttd:357ms pts:2.544 Clock:2.186 Level:4
2021-04-13 21:18:04.459 T:4973 DEBUG : CAMLCodec::GetTimeSize: len:23 dl:667708 fs:667332 front:6914
2021-04-13 21:18:04.465 T:4973 DEBUG : CAMLCodec::AddData: dl:699858 sum:699466 sz:32134 dts:3.545 pts:3.545 overflow:0
2021-04-13 21:18:04.465 T:4973 DEBUG : CAMLCodec::GetTimeSize: len:24 dl:699858 fs:699466 front:6914
2021-04-13 21:18:04.490 T:4974 INFO : Skipped 4 duplicate messages..
2021-04-13 21:18:04.490 T:4974 DEBUG : CVideoPlayerAudio::OutputPacket: pts:2.972 curr_pts:2.218 clock:2.218 level:99
2021-04-13 21:18:04.490 T:4974 DEBUG : CVideoPlayerAudio::OutputPacket: pts:2.995 curr_pts:2.218 clock:2.218 level:99
2021-04-13 21:18:04.492 T:4763 DEBUG : CAMLCodec::PollFrame elapsed:40.525ms
2021-04-13 21:18:04.493 T:4763 DEBUG : PrepareNextRender: frameOnScreen: 2.221 renderPts: 2.388 nextFramePts: 2.377 -> diff: 0.011 render: 1 forceNext: 0
2021-04-13 21:18:04.493 T:4763 DEBUG : CAMLCodec::ReleaseFrame idx:57, drop:0
2021-04-13 21:18:04.496 T:4973 DEBUG : CAMLCodec::GetTimeSize: len:24 dl:699858 fs:699466 front:6914
2021-04-13 21:18:04.498 T:4972 DEBUG : CVideoPlayer::ProcessVideoData size:13770 dts:10.928 pts:10.928 dur:41.000ms, clock:2.226 level:92
2021-04-13 21:18:04.498 T:4972 DEBUG : CVideoPlayer::ProcessAudioData size:367 dts:10.937 pts:10.937 dur:23.000ms, clock:2.226 drop:0 level:99
2021-04-13 21:18:04.498 T:4972 DEBUG : CVideoPlayer::ProcessAudioData size:365 dts:10.960 pts:10.960 dur:23.000ms, clock:2.226 drop:0 level:99
2021-04-13 21:18:04.502 T:4973 DEBUG : CAMLCodec::GetTimeSize: len:24 dl:692928 fs:699466 front:6914
2021-04-13 21:18:04.502 T:4973 DEBUG : CAMLCodec::GetTimeSize: len:23 dl:692928 fs:692552 front:7572
2021-04-13 21:18:04.502 T:4973 DEBUG : CAMLCodec::DequeueBuffer: pts:2.586 idx:62
2021-04-13 21:18:04.502 T:4973 DEBUG : CAMLCodec::GetPicture: index: 62, pts: 2.586, dur:42ms ar:0.00
2021-04-13 21:18:04.502 T:4973 DEBUG : CVideoPlayerVideo::OutputPicture - ttd:355ms pts:2.586 Clock:2.230 Level:4
2021-04-13 21:18:04.504 T:4973 DEBUG : CAMLCodec::GetTimeSize: len:23 dl:692928 fs:692552 front:7572
2021-04-13 21:18:04.509 T:4973 DEBUG : CAMLCodec::AddData: dl:720243 sum:719851 sz:27299 dts:3.587 pts:3.587 overflow:0
2021-04-13 21:18:04.509 T:4973 DEBUG : CAMLCodec::GetTimeSize: len:24 dl:720243 fs:719851 front:7572
2021-04-13 21:18:04.534 T:4763 INFO : Skipped 3 duplicate messages..
2021-04-13 21:18:04.534 T:4763 DEBUG : CAMLCodec::PollFrame elapsed:40.435ms
2021-04-13 21:18:04.534 T:4973 DEBUG : CAMLCodec::GetTimeSize: len:24 dl:720243 fs:719851 front:7572
2021-04-13 21:18:04.535 T:4763 DEBUG : PrepareNextRender: frameOnScreen: 2.262 renderPts: 2.429 nextFramePts: 2.419 -> diff: 0.010 render: 1 forceNext: 0
2021-04-13 21:18:04.535 T:4763 DEBUG : CAMLCodec::ReleaseFrame idx:58, drop:0
2021-04-13 21:18:04.540 T:4974 DEBUG : CVideoPlayerAudio::OutputPacket: pts:3.019 curr_pts:2.268 clock:2.268 level:99
2021-04-13 21:18:04.540 T:4974 DEBUG : CVideoPlayerAudio::OutputPacket: pts:3.042 curr_pts:2.269 clock:2.268 level:99
2021-04-13 21:18:04.540 T:4973 DEBUG : CAMLCodec::GetTimeSize: len:24 dl:720243 fs:719851 front:7572
2021-04-13 21:18:04.549 T:4972 INFO : Skipped 1 duplicate messages..
2021-04-13 21:18:04.549 T:4972 DEBUG : CVideoPlayer::ProcessVideoData size:12556 dts:10.970 pts:10.970 dur:41.000ms, clock:2.277 level:92
2021-04-13 21:18:04.549 T:4972 DEBUG : CVideoPlayer::ProcessAudioData size:371 dts:10.983 pts:10.983 dur:23.000ms, clock:2.277 drop:0 level:99
2021-04-13 21:18:04.549 T:4972 DEBUG : CVideoPlayer::ProcessAudioData size:372 dts:11.006 pts:11.006 dur:23.000ms, clock:2.277 drop:0 level:99
2021-04-13 21:18:04.553 T:4973 DEBUG : CAMLCodec::GetTimeSize: len:24 dl:720243 fs:719851 front:7572
2021-04-13 21:18:04.575 T:4763 INFO : Skipped 3 duplicate messages..
2021-04-13 21:18:04.575 T:4763 DEBUG : CAMLCodec::PollFrame elapsed:40.510ms
2021-04-13 21:18:04.576 T:4763 DEBUG : PrepareNextRender: frameOnScreen: 2.304 renderPts: 2.471 nextFramePts: 2.461 -> diff: 0.010 render: 1 forceNext: 0
2021-04-13 21:18:04.576 T:4763 DEBUG : CAMLCodec::ReleaseFrame idx:59, drop:0
2021-04-13 21:18:04.578 T:4973 DEBUG : CAMLCodec::GetTimeSize: len:24 dl:720243 fs:719851 front:7572
2021-04-13 21:18:04.584 T:4973 DEBUG : CAMLCodec::GetTimeSize: len:24 dl:712655 fs:719851 front:7572
2021-04-13 21:18:04.584 T:4973 DEBUG : CAMLCodec::GetTimeSize: len:23 dl:712655 fs:712279 front:113083
2021-04-13 21:18:04.584 T:4973 DEBUG : CAMLCodec::DequeueBuffer: pts:2.628 idx:63
2021-04-13 21:18:04.584 T:4973 DEBUG : CAMLCodec::GetPicture: index: 63, pts: 2.628, dur:42ms ar:0.00
2021-04-13 21:18:04.584 T:4973 DEBUG : CVideoPlayerVideo::OutputPicture - ttd:315ms pts:2.628 Clock:2.312 Level:3
2021-04-13 21:18:04.585 T:4973 DEBUG : CAMLCodec::GetTimeSize: len:23 dl:712655 fs:712279 front:113083
2021-04-13 21:18:04.590 T:4974 DEBUG : CVideoPlayerAudio::OutputPacket: pts:3.065 curr_pts:2.318 clock:2.318 level:99
2021-04-13 21:18:04.591 T:4974 DEBUG : CVideoPlayerAudio::OutputPacket: pts:3.088 curr_pts:2.319 clock:2.318 level:99
2021-04-13 21:18:04.591 T:4973 DEBUG : CAMLCodec::AddData: dl:739746 sum:739354 sz:27075 dts:3.629 pts:3.629 overflow:0
2021-04-13 21:18:04.591 T:4973 DEBUG : CAMLCodec::GetTimeSize: len:24 dl:739746 fs:739354 front:113083
2021-04-13 21:18:04.600 T:4972 INFO : Skipped 1 duplicate messages..
2021-04-13 21:18:04.600 T:4972 DEBUG : CVideoPlayer::ProcessVideoData size:11888 dts:11.011 pts:11.011 dur:41.000ms, clock:2.328 level:92
2021-04-13 21:18:04.600 T:4972 DEBUG : CVideoPlayer::ProcessAudioData size:389 dts:11.029 pts:11.029 dur:23.000ms, clock:2.328 drop:0 level:99
2021-04-13 21:18:04.600 T:4972 DEBUG : CVideoPlayer::ProcessVideoData size:10070 dts:11.053 pts:11.053 dur:41.000ms, clock:2.328 level:92
2021-04-13 21:18:04.600 T:4972 DEBUG : CVideoPlayer::ProcessAudioData size:375 dts:11.053 pts:11.053 dur:23.000ms, clock:2.328 drop:0 level:99
2021-04-13 21:18:04.603 T:4973 DEBUG : CAMLCodec::GetTimeSize: len:24 dl:739746 fs:739354 front:113083
2021-04-13 21:18:04.617 T:4763 INFO : Skipped 2 duplicate messages..
2021-04-13 21:18:04.617 T:4763 DEBUG : CAMLCodec::PollFrame elapsed:40.513ms
2021-04-13 21:18:04.618 T:4763 DEBUG : PrepareNextRender: frameOnScreen: 2.346 renderPts: 2.513 nextFramePts: 2.503 -> diff: 0.010 render: 1 forceNext: 0
2021-04-13 21:18:04.618 T:4763 DEBUG : CAMLCodec::ReleaseFrame idx:60, drop:0
2021-04-13 21:18:04.622 T:4973 DEBUG : CAMLCodec::GetTimeSize: len:24 dl:739746 fs:739354 front:113083
2021-04-13 21:18:04.629 T:4973 DEBUG : CAMLCodec::GetTimeSize: len:24 dl:587089 fs:739354 front:113083
2021-04-13 21:18:04.629 T:4973 DEBUG : CAMLCodec::GetTimeSize: len:23 dl:587089 fs:626271 front:39542
2021-04-13 21:18:04.629 T:4973 DEBUG : CAMLCodec::GetTimeSize: len:22 dl:587089 fs:586729 front:17857
2021-04-13 21:18:04.629 T:4973 DEBUG : CAMLCodec::DequeueBuffer: pts:2.669 idx:64
2021-04-13 21:18:04.629 T:4973 DEBUG : CAMLCodec::GetPicture: index: 64, pts: 2.669, dur:41ms ar:0.00
2021-04-13 21:18:04.629 T:4973 DEBUG : CVideoPlayerVideo::OutputPicture - ttd:312ms pts:2.669 Clock:2.357 Level:3
2021-04-13 21:18:04.630 T:4973 DEBUG : CAMLCodec::GetTimeSize: len:22 dl:587089 fs:586729 front:17857
2021-04-13 21:18:04.630 T:4973 DEBUG : CAMLCodec::DequeueBuffer: pts:2.711 idx:65
2021-04-13 21:18:04.630 T:4973 DEBUG : CAMLCodec::GetPicture: index: 65, pts: 2.711, dur:42ms ar:0.00
2021-04-13 21:18:04.630 T:4973 DEBUG : CVideoPlayerVideo::OutputPicture - ttd:353ms pts:2.711 Clock:2.358 Level:4
2021-04-13 21:18:04.631 T:4973 DEBUG : CAMLCodec::GetTimeSize: len:22 dl:569216 fs:586729 front:17857
2021-04-13 21:18:04.631 T:4973 DEBUG : CAMLCodec::GetTimeSize: len:21 dl:569216 fs:568872 front:25419
2021-04-13 21:18:04.631 T:4973 DEBUG : CAMLCodec::DequeueBuffer: pts:2.753 idx:66
2021-04-13 21:18:04.631 T:4973 DEBUG : CAMLCodec::GetPicture: index: 66, pts: 2.753, dur:42ms ar:0.00
2021-04-13 21:18:04.631 T:4973 DEBUG : CVideoPlayerVideo::OutputPicture - ttd:393ms pts:2.753 Clock:2.359 Level:5
2021-04-13 21:18:04.632 T:4973 DEBUG : CAMLCodec::GetTimeSize: len:21 dl:569216 fs:568872 front:25419
2021-04-13 21:18:04.638 T:4973 DEBUG : CAMLCodec::AddData: dl:606731 sum:606371 sz:37499 dts:3.670 pts:3.670 overflow:0
2021-04-13 21:18:04.638 T:4973 DEBUG : CAMLCodec::GetTimeSize: len:22 dl:606731 fs:606371 front:25419
2021-04-13 21:18:04.640 T:4974 DEBUG : CVideoPlayerAudio::OutputPacket: pts:3.111 curr_pts:2.368 clock:2.368 level:99
2021-04-13 21:18:04.640 T:4974 DEBUG : CVideoPlayerAudio::OutputPacket: pts:3.135 curr_pts:2.368 clock:2.368 level:99
2021-04-13 21:18:04.641 T:4972 DEBUG : CVideoPlayer::ProcessAudioData size:374 dts:11.076 pts:11.076 dur:23.000ms, clock:2.369 drop:0 level:99
2021-04-13 21:18:04.641 T:4972 DEBUG : CVideoPlayer::ProcessVideoData size:2585 dts:11.095 pts:11.095 dur:41.000ms, clock:2.369 level:92
2021-04-13 21:18:04.641 T:4972 DEBUG : CVideoPlayer::ProcessAudioData size:377 dts:11.099 pts:11.099 dur:23.000ms, clock:2.369 drop:0 level:99
2021-04-13 21:18:04.643 T:4973 DEBUG : CAMLCodec::AddData: dl:629098 sum:628722 sz:22351 dts:3.712 pts:3.712 overflow:0
2021-04-13 21:18:04.643 T:4973 DEBUG : CAMLCodec::GetTimeSize: len:23 dl:629098 fs:628722 front:25419
2021-04-13 21:18:04.651 T:4973 DEBUG : CAMLCodec::AddData: dl:646843 sum:646451 sz:17729 dts:3.754 pts:3.754 overflow:0
2021-04-13 21:18:04.651 T:4973 DEBUG : CAMLCodec::GetTimeSize: len:24 dl:646843 fs:646451 front:25419
2021-04-13 21:18:04.659 T:4763 INFO : Skipped 1 duplicate messages..
2021-04-13 21:18:04.659 T:4763 DEBUG : CAMLCodec::PollFrame elapsed:40.479ms
2021-04-13 21:18:04.660 T:4763 DEBUG : PrepareNextRender: frameOnScreen: 2.388 renderPts: 2.555 nextFramePts: 2.544 -> diff: 0.011 render: 1 forceNext: 0
2021-04-13 21:18:04.661 T:4763 DEBUG : CAMLCodec::ReleaseFrame idx:61, drop:0
2021-04-13 21:18:04.664 T:4973 DEBUG : CAMLCodec::GetTimeSize: len:24 dl:621408 fs:646451 front:25419
2021-04-13 21:18:04.664 T:4973 DEBUG : CAMLCodec::GetTimeSize: len:23 dl:621408 fs:621032 front:24254
2021-04-13 21:18:04.664 T:4973 DEBUG : CAMLCodec::DequeueBuffer: pts:2.794 idx:67
2021-04-13 21:18:04.664 T:4973 DEBUG : CAMLCodec::GetPicture: index: 67, pts: 2.794, dur:41ms ar:0.00
2021-04-13 21:18:04.664 T:4973 DEBUG : CVideoPlayerVideo::OutputPicture - ttd:402ms pts:2.794 Clock:2.392 Level:5
2021-04-13 21:18:04.665 T:4973 DEBUG : CAMLCodec::GetTimeSize: len:23 dl:621408 fs:621032 front:24254
2021-04-13 21:18:04.670 T:4973 DEBUG : CAMLCodec::AddData: dl:639666 sum:639274 sz:18242 dts:3.795 pts:3.795 overflow:0
2021-04-13 21:18:04.670 T:4973 DEBUG : CAMLCodec::GetTimeSize: len:24 dl:639666 fs:639274 front:24254
2021-04-13 21:18:04.690 T:4974 INFO : Skipped 3 duplicate messages..
2021-04-13 21:18:04.690 T:4974 DEBUG : CVideoPlayerAudio::OutputPacket: pts:3.158 curr_pts:2.419 clock:2.418 level:99
2021-04-13 21:18:04.691 T:4974 DEBUG : CVideoPlayerAudio::OutputPacket: pts:3.181 curr_pts:2.419 clock:2.419 level:99
2021-04-13 21:18:04.692 T:4972 DEBUG : CVideoPlayer::ProcessAudioData size:376 dts:11.122 pts:11.122 dur:23.000ms, clock:2.420 drop:0 level:99
2021-04-13 21:18:04.692 T:4972 DEBUG : CVideoPlayer::ProcessVideoData size:86382 dts:11.137 pts:11.137 dur:41.000ms, clock:2.420 level:91
2021-04-13 21:18:04.693 T:4972 DEBUG : CVideoPlayer::ProcessAudioData size:370 dts:11.146 pts:11.146 dur:23.000ms, clock:2.420 drop:0 level:99
2021-04-13 21:18:04.695 T:4973 DEBUG : CAMLCodec::GetTimeSize: len:24 dl:639666 fs:639274 front:24254
2021-04-13 21:18:04.700 T:4763 DEBUG : CAMLCodec::PollFrame elapsed:38.956ms
2021-04-13 21:18:04.702 T:4973 DEBUG : CAMLCodec::GetTimeSize: len:24 dl:639666 fs:639274 front:24254
2021-04-13 21:18:04.703 T:4763 DEBUG : PrepareNextRender: frameOnScreen: 2.431 renderPts: 2.598 nextFramePts: 2.586 -> diff: 0.012 render: 1 forceNext: 0
2021-04-13 21:18:04.705 T:4763 DEBUG : CAMLCodec::ReleaseFrame idx:62, drop:0
2021-04-13 21:18:04.708 T:4973 DEBUG : CAMLCodec::GetTimeSize: len:24 dl:615396 fs:639274 front:24254
2021-04-13 21:18:04.708 T:4973 DEBUG : CAMLCodec::GetTimeSize: len:23 dl:615396 fs:615020 front:20700
2021-04-13 21:18:04.708 T:4973 DEBUG : CAMLCodec::DequeueBuffer: pts:2.836 idx:68
2021-04-13 21:18:04.708 T:4973 DEBUG : CAMLCodec::GetPicture: index: 68, pts: 2.836, dur:42ms ar:0.00
2021-04-13 21:18:04.708 T:4973 DEBUG : CVideoPlayerVideo::OutputPicture - ttd:399ms pts:2.836 Clock:2.436 Level:5
2021-04-13 21:18:04.709 T:4973 DEBUG : CAMLCodec::GetTimeSize: len:23 dl:615396 fs:615020 front:20700
2021-04-13 21:18:04.715 T:4973 DEBUG : CAMLCodec::AddData: dl:634305 sum:633913 sz:18893 dts:3.837 pts:3.837 overflow:0
2021-04-13 21:18:04.715 T:4973 DEBUG : CAMLCodec::GetTimeSize: len:24 dl:634305 fs:633913 front:20700
2021-04-13 21:18:04.740 T:4974 INFO : Skipped 4 duplicate messages..
2021-04-13 21:18:04.740 T:4974 DEBUG : CVideoPlayerAudio::OutputPacket: pts:3.204 curr_pts:2.468 clock:2.468 level:99
2021-04-13 21:18:04.740 T:4974 DEBUG : CVideoPlayerAudio::OutputPacket: pts:3.228 curr_pts:2.468 clock:2.468 level:99
2021-04-13 21:18:04.742 T:4763 DEBUG : CAMLCodec::PollFrame elapsed:37.396ms
2021-04-13 21:18:04.743 T:4972 DEBUG : CVideoPlayer::ProcessAudioData size:369 dts:11.169 pts:11.169 dur:23.000ms, clock:2.471 drop:0 level:99
2021-04-13 21:18:04.744 T:4972 DEBUG : CVideoPlayer::ProcessVideoData size:11334 dts:11.178 pts:11.178 dur:41.000ms, clock:2.472 level:91
2021-04-13 21:18:04.744 T:4972 DEBUG : CVideoPlayer::ProcessAudioData size:370 dts:11.192 pts:11.192 dur:23.000ms, clock:2.472 drop:0 level:99
2021-04-13 21:18:04.745 T:4763 DEBUG : PrepareNextRender: frameOnScreen: 2.473 renderPts: 2.640 nextFramePts: 2.628 -> diff: 0.012 render: 1 forceNext: 0
2021-04-13 21:18:04.746 T:4973 DEBUG : CAMLCodec::GetTimeSize: len:24 dl:634305 fs:633913 front:20700
2021-04-13 21:18:04.747 T:4763 DEBUG : CAMLCodec::ReleaseFrame idx:63, drop:0
2021-04-13 21:18:04.752 T:4973 DEBUG : CAMLCodec::GetTimeSize: len:24 dl:613589 fs:633913 front:20700
2021-04-13 21:18:04.752 T:4973 DEBUG : CAMLCodec::GetTimeSize: len:23 dl:613589 fs:613213 front:64410
2021-04-13 21:18:04.752 T:4973 DEBUG : CAMLCodec::DequeueBuffer: pts:2.878 idx:69
2021-04-13 21:18:04.753 T:4973 DEBUG : CAMLCodec::GetPicture: index: 69, pts: 2.878, dur:42ms ar:0.00
2021-04-13 21:18:04.753 T:4973 DEBUG : CVideoPlayerVideo::OutputPicture - ttd:397ms pts:2.878 Clock:2.481 Level:5
2021-04-13 21:18:04.754 T:4973 DEBUG : CAMLCodec::GetTimeSize: len:23 dl:613589 fs:613213 front:64410
2021-04-13 21:18:04.759 T:4973 DEBUG : CAMLCodec::AddData: dl:630571 sum:630179 sz:16966 dts:3.879 pts:3.879 overflow:0
2021-04-13 21:18:04.759 T:4973 DEBUG : CAMLCodec::GetTimeSize: len:24 dl:630571 fs:630179 front:64410
2021-04-13 21:18:04.784 T:4763 INFO : Skipped 4 duplicate messages..
2021-04-13 21:18:04.784 T:4763 DEBUG : CAMLCodec::PollFrame elapsed:37.062ms
2021-04-13 21:18:04.786 T:4763 DEBUG : PrepareNextRender: frameOnScreen: 2.514 renderPts: 2.681 nextFramePts: 2.669 -> diff: 0.012 render: 1 forceNext: 0
2021-04-13 21:18:04.787 T:4763 DEBUG : CAMLCodec::ReleaseFrame idx:64, drop:0
2021-04-13 21:18:04.789 T:4974 DEBUG : CVideoPlayerAudio::OutputPacket: pts:3.251 curr_pts:2.518 clock:2.517 level:99
2021-04-13 21:18:04.790 T:4974 DEBUG : CVideoPlayerAudio::OutputPacket: pts:3.274 curr_pts:2.518 clock:2.518 level:99
2021-04-13 21:18:04.790 T:4974 DEBUG : CVideoPlayerAudio::OutputPacket: pts:3.297 curr_pts:2.518 clock:2.518 level:99
2021-04-13 21:18:04.790 T:4973 DEBUG : CAMLCodec::GetTimeSize: len:24 dl:566145 fs:630179 front:64410
2021-04-13 21:18:04.790 T:4973 DEBUG : CAMLCodec::GetTimeSize: len:23 dl:566145 fs:565769 front:88701
2021-04-13 21:18:04.790 T:4973 DEBUG : CAMLCodec::DequeueBuffer: pts:2.920 idx:70
2021-04-13 21:18:04.790 T:4973 DEBUG : CAMLCodec::GetPicture: index: 70, pts: 2.920, dur:42ms ar:0.00
2021-04-13 21:18:04.790 T:4973 DEBUG : CVideoPlayerVideo::OutputPicture - ttd:401ms pts:2.920 Clock:2.518 Level:5
2021-04-13 21:18:04.792 T:4973 DEBUG : CAMLCodec::GetTimeSize: len:23 dl:566145 fs:565769 front:88701
2021-04-13 21:18:04.795 T:4972 DEBUG : CVideoPlayer::ProcessAudioData size:366 dts:11.215 pts:11.215 dur:23.000ms, clock:2.523 drop:0 level:99
2021-04-13 21:18:04.795 T:4972 DEBUG : CVideoPlayer::ProcessVideoData size:11193 dts:11.220 pts:11.220 dur:41.000ms, clock:2.523 level:91
2021-04-13 21:18:04.795 T:4972 DEBUG : CVideoPlayer::ProcessAudioData size:375 dts:11.238 pts:11.238 dur:23.000ms, clock:2.523 drop:0 level:99
2021-04-13 21:18:04.795 T:4972 DEBUG : CVideoPlayer::ProcessVideoData size:13675 dts:11.262 pts:11.262 dur:41.000ms, clock:2.523 level:92
2021-04-13 21:18:04.795 T:4972 DEBUG : CVideoPlayer::ProcessAudioData size:360 dts:11.262 pts:11.262 dur:23.000ms, clock:2.523 drop:0 level:99
2021-04-13 21:18:04.797 T:4973 DEBUG : CAMLCodec::AddData: dl:588202 sum:587810 sz:22041 dts:3.921 pts:3.921 overflow:0
2021-04-13 21:18:04.797 T:4973 DEBUG : CAMLCodec::GetTimeSize: len:24 dl:588202 fs:587810 front:88701
2021-04-13 21:18:04.826 T:4763 INFO : Skipped 4 duplicate messages..
2021-04-13 21:18:04.826 T:4763 DEBUG : CAMLCodec::PollFrame elapsed:37.807ms
2021-04-13 21:18:04.828 T:4763 DEBUG : PrepareNextRender: frameOnScreen: 2.556 renderPts: 2.723 nextFramePts: 2.711 -> diff: 0.012 render: 1 forceNext: 0
2021-04-13 21:18:04.828 T:4973 DEBUG : CAMLCodec::GetTimeSize: len:24 dl:588202 fs:587810 front:88701
2021-04-13 21:18:04.830 T:4763 DEBUG : CAMLCodec::ReleaseFrame idx:65, drop:0
2021-04-13 21:18:04.835 T:4973 DEBUG : CAMLCodec::GetTimeSize: len:24 dl:499477 fs:587810 front:88701
2021-04-13 21:18:04.835 T:4973 DEBUG : CAMLCodec::GetTimeSize: len:23 dl:499477 fs:499109 front:23401
2021-04-13 21:18:04.835 T:4973 DEBUG : CAMLCodec::DequeueBuffer: pts:2.961 idx:71
2021-04-13 21:18:04.835 T:4973 DEBUG : CAMLCodec::GetPicture: index: 71, pts: 2.961, dur:41ms ar:0.00
2021-04-13 21:18:04.835 T:4973 DEBUG : CVideoPlayerVideo::OutputPicture - ttd:398ms pts:2.961 Clock:2.563 Level:5
2021-04-13 21:18:04.836 T:4973 DEBUG : CAMLCodec::GetTimeSize: len:23 dl:499477 fs:499109 front:23401
2021-04-13 21:18:04.840 T:4974 DEBUG : CVideoPlayerAudio::OutputPacket: pts:3.320 curr_pts:2.568 clock:2.567 level:99
2021-04-13 21:18:04.840 T:4974 DEBUG : CVideoPlayerAudio::OutputPacket: pts:3.344 curr_pts:2.568 clock:2.568 level:99
2021-04-13 21:18:04.841 T:4973 DEBUG : CAMLCodec::AddData: dl:520062 sum:519678 sz:20569 dts:3.962 pts:3.962 overflow:0
2021-04-13 21:18:04.841 T:4973 DEBUG : CAMLCodec::GetTimeSize: len:24 dl:520062 fs:519678 front:23401
2021-04-13 21:18:04.846 T:4972 DEBUG : CVideoPlayer::ProcessAudioData size:373 dts:11.285 pts:11.285 dur:23.000ms, clock:2.574 drop:0 level:99
2021-04-13 21:18:04.846 T:4972 DEBUG : CVideoPlayer::ProcessVideoData size:10493 dts:11.303 pts:11.303 dur:41.000ms, clock:2.574 level:91
2021-04-13 21:18:04.846 T:4972 DEBUG : CVideoPlayer::ProcessAudioData size:375 dts:11.308 pts:11.308 dur:23.000ms, clock:2.574 drop:0 level:99
2021-04-13 21:18:04.848 T:4973 DEBUG : CAMLCodec::GetTimeSize: len:24 dl:520062 fs:519678 front:23401
2021-04-13 21:18:04.867 T:4763 INFO : Skipped 3 duplicate messages..
2021-04-13 21:18:04.867 T:4763 DEBUG : CAMLCodec::PollFrame elapsed:37.363ms
2021-04-13 21:18:04.869 T:4763 DEBUG : PrepareNextRender: frameOnScreen: 2.597 renderPts: 2.764 nextFramePts: 2.753 -> diff: 0.011 render: 1 forceNext: 0
2021-04-13 21:18:04.870 T:4763 DEBUG : CAMLCodec::ReleaseFrame idx:66, drop:0
2021-04-13 21:18:04.873 T:4973 DEBUG : CAMLCodec::GetTimeSize: len:24 dl:520062 fs:519678 front:23401
2021-04-13 21:18:04.890 T:4974 INFO : Skipped 2 duplicate messages..
2021-04-13 21:18:04.890 T:4974 DEBUG : CVideoPlayerAudio::OutputPacket: pts:3.367 curr_pts:2.618 clock:2.618 level:99
2021-04-13 21:18:04.890 T:4974 DEBUG : CVideoPlayerAudio::OutputPacket: pts:3.390 curr_pts:2.618 clock:2.618 level:99
2021-04-13 21:18:04.892 T:4973 DEBUG : CAMLCodec::GetTimeSize: len:24 dl:520062 fs:519678 front:23401
2021-04-13 21:18:04.897 T:4972 DEBUG : CVideoPlayer::ProcessAudioData size:369 dts:11.331 pts:11.331 dur:23.000ms, clock:2.625 drop:0 level:99
2021-04-13 21:18:04.898 T:4972 DEBUG : CVideoPlayer::ProcessVideoData size:10553 dts:11.345 pts:11.345 dur:41.000ms, clock:2.625 level:92
2021-04-13 21:18:04.898 T:4972 DEBUG : CVideoPlayer::ProcessAudioData size:375 dts:11.355 pts:11.355 dur:23.000ms, clock:2.626 drop:0 level:99
2021-04-13 21:18:04.899 T:4973 DEBUG : CAMLCodec::GetTimeSize: len:24 dl:520062 fs:519678 front:23401
2021-04-13 21:18:04.909 T:4763 INFO : Skipped 1 duplicate messages..
2021-04-13 21:18:04.909 T:4763 DEBUG : CAMLCodec::PollFrame elapsed:38.274ms
2021-04-13 21:18:04.912 T:4973 DEBUG : CAMLCodec::GetTimeSize: len:24 dl:520062 fs:519678 front:23401
2021-04-13 21:18:04.912 T:4763 DEBUG : PrepareNextRender: frameOnScreen: 2.639 renderPts: 2.806 nextFramePts: 2.794 -> diff: 0.012 render: 1 forceNext: 0
2021-04-13 21:18:04.913 T:4763 DEBUG : CAMLCodec::ReleaseFrame idx:67, drop:0
2021-04-13 21:18:04.918 T:4973 DEBUG : CAMLCodec::GetTimeSize: len:24 dl:496645 fs:519678 front:23401
2021-04-13 21:18:04.918 T:4973 DEBUG : CAMLCodec::GetTimeSize: len:23 dl:496645 fs:496277 front:21476
2021-04-13 21:18:04.918 T:4973 DEBUG : CAMLCodec::DequeueBuffer: pts:3.003 idx:72
2021-04-13 21:18:04.918 T:4973 DEBUG : CAMLCodec::GetPicture: index: 72, pts: 3.003, dur:42ms ar:0.00
2021-04-13 21:18:04.918 T:4973 DEBUG : CVideoPlayerVideo::OutputPicture - ttd:356ms pts:3.003 Clock:2.646 Level:4
2021-04-13 21:18:04.919 T:4973 DEBUG : CAMLCodec::GetTimeSize: len:23 dl:496645 fs:496277 front:21476
2021-04-13 21:18:04.925 T:4973 DEBUG : CAMLCodec::AddData: dl:514525 sum:514141 sz:17864 dts:4.004 pts:4.004 overflow:0
2021-04-13 21:18:04.925 T:4973 DEBUG : CAMLCodec::GetTimeSize: len:24 dl:514525 fs:514141 front:21476
2021-04-13 21:18:04.940 T:4974 INFO : Skipped 2 duplicate messages..
2021-04-13 21:18:04.940 T:4974 DEBUG : CVideoPlayerAudio::OutputPacket: pts:3.413 curr_pts:2.668 clock:2.668 level:99
2021-04-13 21:18:04.940 T:4974 DEBUG : CVideoPlayerAudio::OutputPacket: pts:3.437 curr_pts:2.668 clock:2.668 level:99
2021-04-13 21:18:04.943 T:4973 DEBUG : CAMLCodec::GetTimeSize: len:24 dl:514525 fs:514141 front:21476
2021-04-13 21:18:04.948 T:4972 DEBUG : CVideoPlayer::ProcessAudioData size:371 dts:11.378 pts:11.378 dur:23.000ms, clock:2.676 drop:0 level:99
2021-04-13 21:18:04.949 T:4972 DEBUG : CVideoPlayer::ProcessVideoData size:10777 dts:11.387 pts:11.387 dur:41.000ms, clock:2.676 level:92
2021-04-13 21:18:04.949 T:4972 DEBUG : CVideoPlayer::ProcessAudioData size:370 dts:11.401 pts:11.401 dur:23.000ms, clock:2.677 drop:0 level:99
2021-04-13 21:18:04.950 T:4973 DEBUG : CAMLCodec::GetTimeSize: len:24 dl:514525 fs:514141 front:21476
2021-04-13 21:18:04.951 T:4763 DEBUG : CAMLCodec::PollFrame elapsed:37.252ms
2021-04-13 21:18:04.953 T:4763 DEBUG : PrepareNextRender: frameOnScreen: 2.681 renderPts: 2.848 nextFramePts: 2.836 -> diff: 0.012 render: 1 forceNext: 0
2021-04-13 21:18:04.955 T:4763 DEBUG : CAMLCodec::ReleaseFrame idx:68, drop:0
2021-04-13 21:18:04.956 T:4973 DEBUG : CAMLCodec::GetTimeSize: len:24 dl:493033 fs:514141 front:21476
2021-04-13 21:18:04.956 T:4973 DEBUG : CAMLCodec::GetTimeSize: len:23 dl:493033 fs:492665 front:23348
2021-04-13 21:18:04.957 T:4973 DEBUG : CAMLCodec::DequeueBuffer: pts:3.045 idx:73
2021-04-13 21:18:04.957 T:4973 DEBUG : CAMLCodec::GetPicture: index: 73, pts: 3.045, dur:42ms ar:0.00
2021-04-13 21:18:04.957 T:4973 DEBUG : CVideoPlayerVideo::OutputPicture - ttd:360ms pts:3.045 Clock:2.685 Level:4
2021-04-13 21:18:04.958 T:4973 DEBUG : CAMLCodec::GetTimeSize: len:23 dl:493033 fs:492665 front:23348
2021-04-13 21:18:04.963 T:4973 DEBUG : CAMLCodec::AddData: dl:532671 sum:532287 sz:39622 dts:4.046 pts:4.046 overflow:0
2021-04-13 21:18:04.963 T:4973 DEBUG : CAMLCodec::GetTimeSize: len:24 dl:532671 fs:532287 front:23348
2021-04-13 21:18:04.990 T:4974 INFO : Skipped 4 duplicate messages..
2021-04-13 21:18:04.990 T:4974 DEBUG : CVideoPlayerAudio::OutputPacket: pts:3.460 curr_pts:2.718 clock:2.718 level:99
2021-04-13 21:18:04.990 T:4974 DEBUG : CVideoPlayerAudio::OutputPacket: pts:3.483 curr_pts:2.719 clock:2.718 level:99
2021-04-13 21:18:04.992 T:4763 DEBUG : CAMLCodec::PollFrame elapsed:37.310ms
2021-04-13 21:18:04.994 T:4973 DEBUG : CAMLCodec::GetTimeSize: len:24 dl:532671 fs:532287 front:23348
2021-04-13 21:18:04.995 T:4763 DEBUG : PrepareNextRender: frameOnScreen: 2.723 renderPts: 2.890 nextFramePts: 2.878 -> diff: 0.012 render: 1 forceNext: 0
2021-04-13 21:18:04.996 T:4763 DEBUG : CAMLCodec::ReleaseFrame idx:69, drop:0
2021-04-13 21:18:04.999 T:4972 DEBUG : CVideoPlayer::ProcessAudioData size:371 dts:11.424 pts:11.424 dur:23.000ms, clock:2.727 drop:0 level:99
2021-04-13 21:18:05.000 T:4972 DEBUG : CVideoPlayer::ProcessVideoData size:8670 dts:11.429 pts:11.429 dur:41.000ms, clock:2.728 level:92
2021-04-13 21:18:05.000 T:4972 DEBUG : CVideoPlayer::ProcessAudioData size:377 dts:11.447 pts:11.447 dur:23.000ms, clock:2.728 drop:0 level:99
2021-04-13 21:18:05.001 T:4973 DEBUG : CAMLCodec::GetTimeSize: len:24 dl:509307 fs:532287 front:23348
2021-04-13 21:18:05.001 T:4973 DEBUG : CAMLCodec::GetTimeSize: len:23 dl:509307 fs:508939 front:25763
2021-04-13 21:18:05.001 T:4973 DEBUG : CAMLCodec::DequeueBuffer: pts:3.086 idx:74
2021-04-13 21:18:05.001 T:4973 DEBUG : CAMLCodec::GetPicture: index: 74, pts: 3.086, dur:41ms ar:0.00
2021-04-13 21:18:05.001 T:4973 DEBUG : CVideoPlayerVideo::OutputPicture - ttd:356ms pts:3.086 Clock:2.729 Level:4
2021-04-13 21:18:05.002 T:4973 DEBUG : CAMLCodec::GetTimeSize: len:23 dl:509307 fs:508939 front:25763
2021-04-13 21:18:05.008 T:4973 DEBUG : frame_number : 2, mag : 2; index_sz : 6
2021-04-13 21:18:05.008 T:4973 DEBUG : CAMLCodec::AddData: dl:544585 sum:544191 sz:35252 dts:4.087 pts:4.087 overflow:0
2021-04-13 21:18:05.008 T:4973 DEBUG : CAMLCodec::GetTimeSize: len:24 dl:544585 fs:544191 front:25763
2021-04-13 21:18:05.034 T:4763 INFO : Skipped 4 duplicate messages..
2021-04-13 21:18:05.034 T:4763 DEBUG : CAMLCodec::PollFrame elapsed:37.331ms
2021-04-13 21:18:05.037 T:4763 DEBUG : PrepareNextRender: frameOnScreen: 2.765 renderPts: 2.931 nextFramePts: 2.920 -> diff: 0.011 render: 1 forceNext: 0
2021-04-13 21:18:05.038 T:4763 DEBUG : CAMLCodec::ReleaseFrame idx:70, drop:0
2021-04-13 21:18:05.039 T:4973 DEBUG : CAMLCodec::GetTimeSize: len:24 dl:518806 fs:544191 front:25763
2021-04-13 21:18:05.039 T:4973 DEBUG : CAMLCodec::GetTimeSize: len:23 dl:518806 fs:518428 front:22465
2021-04-13 21:18:05.039 T:4973 DEBUG : CAMLCodec::DequeueBuffer: pts:3.128 idx:75
2021-04-13 21:18:05.039 T:4973 DEBUG : CAMLCodec::GetPicture: index: 75, pts: 3.128, dur:42ms ar:0.00
2021-04-13 21:18:05.039 T:4973 DEBUG : CVideoPlayerVideo::OutputPicture - ttd:360ms pts:3.128 Clock:2.767 Level:4
2021-04-13 21:18:05.040 T:4974 DEBUG : CVideoPlayerAudio::OutputPacket: pts:3.506 curr_pts:2.768 clock:2.768 level:99
2021-04-13 21:18:05.040 T:4974 DEBUG : CVideoPlayerAudio::OutputPacket: pts:3.529 curr_pts:2.768 clock:2.768 level:99
2021-04-13 21:18:05.040 T:4972 DEBUG : CVideoPlayer::ProcessVideoData size:6925 dts:11.470 pts:11.470 dur:41.000ms, clock:2.768 level:92
2021-04-13 21:18:05.040 T:4972 DEBUG : CVideoPlayer::ProcessAudioData size:375 dts:11.471 pts:11.471 dur:23.000ms, clock:2.768 drop:0 level:99
2021-04-13 21:18:05.041 T:4972 DEBUG : CVideoPlayer::ProcessAudioData size:384 dts:11.494 pts:11.494 dur:23.000ms, clock:2.768 drop:0 level:99
2021-04-13 21:18:05.041 T:4973 DEBUG : CAMLCodec::GetTimeSize: len:23 dl:518806 fs:518428 front:22465
2021-04-13 21:18:05.047 T:4973 DEBUG : CAMLCodec::AddData: dl:533641 sum:533247 sz:14819 dts:4.129 pts:4.129 overflow:0
2021-04-13 21:18:05.047 T:4973 DEBUG : CAMLCodec::GetTimeSize: len:24 dl:533641 fs:533247 front:22465
2021-04-13 21:18:05.076 T:4763 INFO : Skipped 4 duplicate messages..
2021-04-13 21:18:05.076 T:4763 DEBUG : CAMLCodec::PollFrame elapsed:37.468ms
2021-04-13 21:18:05.078 T:4973 DEBUG : CAMLCodec::GetTimeSize: len:24 dl:533641 fs:533247 front:22465
2021-04-13 21:18:05.078 T:4763 DEBUG : PrepareNextRender: frameOnScreen: 2.806 renderPts: 2.973 nextFramePts: 2.961 -> diff: 0.012 render: 1 forceNext: 0
2021-04-13 21:18:05.080 T:4763 DEBUG : CAMLCodec::ReleaseFrame idx:71, drop:0
2021-04-13 21:18:05.085 T:4973 DEBUG : CAMLCodec::GetTimeSize: len:24 dl:511160 fs:533247 front:22465
2021-04-13 21:18:05.085 T:4973 DEBUG : CAMLCodec::GetTimeSize: len:23 dl:511160 fs:510782 front:22019
2021-04-13 21:18:05.085 T:4973 DEBUG : CAMLCodec::DequeueBuffer: pts:3.170 idx:76
2021-04-13 21:18:05.085 T:4973 DEBUG : CAMLCodec::GetPicture: index: 76, pts: 3.170, dur:42ms ar:0.00
2021-04-13 21:18:05.085 T:4973 DEBUG : CVideoPlayerVideo::OutputPicture - ttd:357ms pts:3.170 Clock:2.813 Level:4
2021-04-13 21:18:05.086 T:4973 DEBUG : CAMLCodec::GetTimeSize: len:23 dl:511160 fs:510782 front:22019
2021-04-13 21:18:05.090 T:4974 DEBUG : CVideoPlayerAudio::OutputPacket: pts:3.553 curr_pts:2.818 clock:2.818 level:99
2021-04-13 21:18:05.090 T:4974 DEBUG : CVideoPlayerAudio::OutputPacket: pts:3.576 curr_pts:2.819 clock:2.818 level:99
2021-04-13 21:18:05.090 T:4974 DEBUG : CVideoPlayerAudio::OutputPacket: pts:3.599 curr_pts:2.819 clock:2.818 level:99
2021-04-13 21:18:05.091 T:4972 DEBUG : CVideoPlayer::ProcessVideoData size:5769 dts:11.512 pts:11.512 dur:41.000ms, clock:2.819 level:92
2021-04-13 21:18:05.091 T:4972 DEBUG : CVideoPlayer::ProcessAudioData size:411 dts:11.517 pts:11.517 dur:23.000ms, clock:2.819 drop:0 level:99
2021-04-13 21:18:05.091 T:4972 DEBUG : CVideoPlayer::ProcessAudioData size:397 dts:11.540 pts:11.540 dur:23.000ms, clock:2.819 drop:0 level:99
2021-04-13 21:18:05.092 T:4972 DEBUG : CVideoPlayer::ProcessVideoData size:4277 dts:11.554 pts:11.554 dur:41.000ms, clock:2.819 level:92
2021-04-13 21:18:05.092 T:4972 DEBUG : CVideoPlayer::ProcessAudioData size:405 dts:11.564 pts:11.564 dur:23.000ms, clock:2.819 drop:0 level:99
2021-04-13 21:18:05.092 T:4973 DEBUG : CAMLCodec::AddData: dl:523332 sum:522938 sz:12156 dts:4.171 pts:4.171 overflow:0
2021-04-13 21:18:05.092 T:4973 DEBUG : CAMLCodec::GetTimeSize: len:24 dl:523332 fs:522938 front:22019
2021-04-13 21:18:05.118 T:4763 INFO : Skipped 4 duplicate messages..
2021-04-13 21:18:05.118 T:4763 DEBUG : CAMLCodec::PollFrame elapsed:37.635ms
2021-04-13 21:18:05.120 T:4763 DEBUG : PrepareNextRender: frameOnScreen: 2.848 renderPts: 3.015 nextFramePts: 3.003 -> diff: 0.012 render: 1 forceNext: 0
2021-04-13 21:18:05.121 T:4763 DEBUG : CAMLCodec::ReleaseFrame idx:72, drop:0
2021-04-13 21:18:05.123 T:4973 DEBUG : CAMLCodec::GetTimeSize: len:24 dl:501297 fs:522938 front:22019
2021-04-13 21:18:05.123 T:4973 DEBUG : CAMLCodec::GetTimeSize: len:23 dl:501297 fs:500919 front:22745
2021-04-13 21:18:05.123 T:4973 DEBUG : CAMLCodec::DequeueBuffer: pts:3.212 idx:77
2021-04-13 21:18:05.124 T:4973 DEBUG : CAMLCodec::GetPicture: index: 77, pts: 3.212, dur:42ms ar:0.00
2021-04-13 21:18:05.124 T:4973 DEBUG : CVideoPlayerVideo::OutputPicture - ttd:360ms pts:3.212 Clock:2.851 Level:4
2021-04-13 21:18:05.125 T:4973 DEBUG : CAMLCodec::GetTimeSize: len:23 dl:501297 fs:500919 front:22745
2021-04-13 21:18:05.130 T:4973 DEBUG : CAMLCodec::AddData: dl:512402 sum:512008 sz:11089 dts:4.213 pts:4.213 overflow:0
2021-04-13 21:18:05.130 T:4973 DEBUG : CAMLCodec::GetTimeSize: len:24 dl:512402 fs:512008 front:22745
2021-04-13 21:18:05.140 T:4974 INFO : Skipped 1 duplicate messages..
2021-04-13 21:18:05.140 T:4974 DEBUG : CVideoPlayerAudio::OutputPacket: pts:3.622 curr_pts:2.868 clock:2.868 level:99
2021-04-13 21:18:05.140 T:4974 DEBUG : CVideoPlayerAudio::OutputPacket: pts:3.646 curr_pts:2.868 clock:2.868 level:99
2021-04-13 21:18:05.142 T:4972 DEBUG : CVideoPlayer::ProcessAudioData size:442 dts:11.587 pts:11.587 dur:23.000ms, clock:2.870 drop:0 level:99
2021-04-13 21:18:05.142 T:4972 DEBUG : CVideoPlayer::ProcessVideoData size:493 dts:11.595 pts:11.595 dur:41.000ms, clock:2.870 level:92
2021-04-13 21:18:05.142 T:4972 DEBUG : CVideoPlayer::ProcessAudioData size:473 dts:11.610 pts:11.610 dur:23.000ms, clock:2.870 drop:0 level:99
2021-04-13 21:18:05.144 T:4973 DEBUG : CAMLCodec::GetTimeSize: len:24 dl:512402 fs:512008 front:22745
2021-04-13 21:18:05.159 T:4763 INFO : Skipped 2 duplicate messages..
2021-04-13 21:18:05.159 T:4763 DEBUG : CAMLCodec::PollFrame elapsed:37.857ms
2021-04-13 21:18:05.162 T:4763 DEBUG : PrepareNextRender: frameOnScreen: 2.890 renderPts: 3.056 nextFramePts: 3.045 -> diff: 0.011 render: 1 forceNext: 0
2021-04-13 21:18:05.162 T:4973 DEBUG : CAMLCodec::GetTimeSize: len:24 dl:512402 fs:512008 front:22745
2021-04-13 21:18:05.163 T:4763 DEBUG : CAMLCodec::ReleaseFrame idx:73, drop:0
2021-04-13 21:18:05.169 T:4973 DEBUG : CAMLCodec::GetTimeSize: len:24 dl:512402 fs:512008 front:22745
2021-04-13 21:18:05.190 T:4974 INFO : Skipped 3 duplicate messages..
2021-04-13 21:18:05.190 T:4974 DEBUG : CVideoPlayerAudio::OutputPacket: pts:3.669 curr_pts:2.919 clock:2.918 level:99
2021-04-13 21:18:05.190 T:4974 DEBUG : CVideoPlayerAudio::OutputPacket: pts:3.692 curr_pts:2.919 clock:2.918 level:99
2021-04-13 21:18:05.193 T:4972 DEBUG : CVideoPlayer::ProcessAudioData size:463 dts:11.633 pts:11.633 dur:23.000ms, clock:2.921 drop:0 level:99
2021-04-13 21:18:05.194 T:4972 DEBUG : CVideoPlayer::ProcessVideoData size:86746 dts:11.637 pts:11.637 dur:41.000ms, clock:2.922 level:92
2021-04-13 21:18:05.194 T:4972 DEBUG : CVideoPlayer::ProcessAudioData size:432 dts:11.656 pts:11.656 dur:23.000ms, clock:2.922 drop:0 level:99
2021-04-13 21:18:05.195 T:4973 DEBUG : CAMLCodec::GetTimeSize: len:24 dl:512402 fs:512008 front:22745
2021-04-13 21:18:05.201 T:4763 DEBUG : CAMLCodec::PollFrame elapsed:37.907ms
2021-04-13 21:18:05.202 T:4973 DEBUG : CAMLCodec::GetTimeSize: len:24 dl:512402 fs:512008 front:22745
2021-04-13 21:18:05.204 T:4763 DEBUG : PrepareNextRender: frameOnScreen: 2.932 renderPts: 3.099 nextFramePts: 3.086 -> diff: 0.013 render: 1 forceNext: 0
2021-04-13 21:18:05.205 T:4763 DEBUG : CAMLCodec::ReleaseFrame idx:74, drop:0
2021-04-13 21:18:05.208 T:4973 DEBUG : CAMLCodec::GetTimeSize: len:24 dl:489641 fs:512008 front:22745
2021-04-13 21:18:05.208 T:4973 DEBUG : CAMLCodec::GetTimeSize: len:23 dl:489641 fs:489263 front:20783
2021-04-13 21:18:05.208 T:4973 DEBUG : CAMLCodec::DequeueBuffer: pts:3.253 idx:78
2021-04-13 21:18:05.208 T:4973 DEBUG : CAMLCodec::GetPicture: index: 78, pts: 3.253, dur:41ms ar:0.00
2021-04-13 21:18:05.208 T:4973 DEBUG : CVideoPlayerVideo::OutputPicture - ttd:316ms pts:3.253 Clock:2.936 Level:3
2021-04-13 21:18:05.209 T:4973 DEBUG : CAMLCodec::GetTimeSize: len:23 dl:489641 fs:489263 front:20783
2021-04-13 21:18:05.215 T:4973 DEBUG : CAMLCodec::AddData: dl:503245 sum:502851 sz:13588 dts:4.254 pts:4.254 overflow:0
2021-04-13 21:18:05.215 T:4973 DEBUG : CAMLCodec::GetTimeSize: len:24 dl:503245 fs:502851 front:20783
2021-04-13 21:18:05.240 T:4974 INFO : Skipped 4 duplicate messages..
2021-04-13 21:18:05.240 T:4974 DEBUG : CVideoPlayerAudio::OutputPacket: pts:3.715 curr_pts:2.968 clock:2.968 level:99
2021-04-13 21:18:05.240 T:4974 DEBUG : CVideoPlayerAudio::OutputPacket: pts:3.738 curr_pts:2.969 clock:2.968 level:99
2021-04-13 21:18:05.243 T:4763 DEBUG : CAMLCodec::PollFrame elapsed:37.155ms
2021-04-13 21:18:05.245 T:4972 DEBUG : CVideoPlayer::ProcessVideoData size:7157 dts:11.679 pts:11.679 dur:41.000ms, clock:2.973 level:92
2021-04-13 21:18:05.245 T:4972 DEBUG : CVideoPlayer::ProcessAudioData size:426 dts:11.680 pts:11.680 dur:23.000ms, clock:2.973 drop:0 level:99
2021-04-13 21:18:05.245 T:4972 DEBUG : CVideoPlayer::ProcessAudioData size:380 dts:11.703 pts:11.703 dur:23.000ms, clock:2.973 drop:0 level:99
2021-04-13 21:18:05.245 T:4763 DEBUG : PrepareNextRender: frameOnScreen: 2.973 renderPts: 3.140 nextFramePts: 3.128 -> diff: 0.012 render: 1 forceNext: 0
2021-04-13 21:18:05.247 T:4973 DEBUG : CAMLCodec::GetTimeSize: len:24 dl:503245 fs:502851 front:20783
2021-04-13 21:18:05.247 T:4763 DEBUG : CAMLCodec::ReleaseFrame idx:75, drop:0
2021-04-13 21:18:05.253 T:4973 DEBUG : CAMLCodec::GetTimeSize: len:24 dl:482446 fs:502851 front:20783
2021-04-13 21:18:05.253 T:4973 DEBUG : CAMLCodec::GetTimeSize: len:23 dl:482446 fs:482068 front:19416
2021-04-13 21:18:05.253 T:4973 DEBUG : CAMLCodec::DequeueBuffer: pts:3.295 idx:79
2021-04-13 21:18:05.253 T:4973 DEBUG : CAMLCodec::GetPicture: index: 79, pts: 3.295, dur:42ms ar:0.00
2021-04-13 21:18:05.253 T:4973 DEBUG : CVideoPlayerVideo::OutputPicture - ttd:313ms pts:3.295 Clock:2.981 Level:3
2021-04-13 21:18:05.255 T:4973 DEBUG : CAMLCodec::GetTimeSize: len:23 dl:482446 fs:482068 front:19416
2021-04-13 21:18:05.260 T:4973 DEBUG : CAMLCodec::AddData: dl:495080 sum:494686 sz:12618 dts:4.296 pts:4.296 overflow:0
2021-04-13 21:18:05.260 T:4973 DEBUG : CAMLCodec::GetTimeSize: len:24 dl:495080 fs:494686 front:19416
2021-04-13 21:18:05.284 T:4763 INFO : Skipped 3 duplicate messages..
2021-04-13 21:18:05.284 T:4763 DEBUG : CAMLCodec::PollFrame elapsed:37.049ms
2021-04-13 21:18:05.285 T:4973 DEBUG : CAMLCodec::GetTimeSize: len:24 dl:495080 fs:494686 front:19416
2021-04-13 21:18:05.287 T:4763 DEBUG : PrepareNextRender: frameOnScreen: 3.015 renderPts: 3.181 nextFramePts: 3.170 -> diff: 0.011 render: 1 forceNext: 0
2021-04-13 21:18:05.288 T:4763 DEBUG : CAMLCodec::ReleaseFrame idx:76, drop:0
2021-04-13 21:18:05.290 T:4974 DEBUG : CVideoPlayerAudio::OutputPacket: pts:3.762 curr_pts:3.018 clock:3.018 level:99
2021-04-13 21:18:05.291 T:4974 DEBUG : CVideoPlayerAudio::OutputPacket: pts:3.785 curr_pts:3.019 clock:3.019 level:99
2021-04-13 21:18:05.291 T:4973 DEBUG : CAMLCodec::GetTimeSize: len:24 dl:475648 fs:494686 front:19416
2021-04-13 21:18:05.291 T:4973 DEBUG : CAMLCodec::GetTimeSize: len:23 dl:475648 fs:475270 front:1380
2021-04-13 21:18:05.291 T:4973 DEBUG : CAMLCodec::DequeueBuffer: pts:3.337 idx:80
2021-04-13 21:18:05.291 T:4973 DEBUG : CAMLCodec::GetPicture: index: 80, pts: 3.337, dur:42ms ar:0.00
