2021-04-13 21:18:22.090 T:4974 DEBUG : CVideoPlayerAudio::OutputPacket: pts:20.573 curr_pts:19.818 clock:19.818 level:99
2021-04-13 21:18:22.090 T:4974 DEBUG : CVideoPlayerAudio::OutputPacket: pts:20.596 curr_pts:19.819 clock:19.818 level:99
2021-04-13 21:18:22.092 T:4973 DEBUG : CAMLCodec::GetTimeSize: len:24 dl:1840175 fs:1839775 front:48959
2021-04-13 21:18:22.093 T:4763 DEBUG : CAMLCodec::PollFrame elapsed:36.506ms
2021-04-13 21:18:22.095 T:4763 DEBUG : PrepareNextRender: frameOnScreen: 19.823 renderPts: 19.990 nextFramePts: 19.979 -> diff: 0.011 render: 1 forceNext: 0
2021-04-13 21:18:22.096 T:4972 DEBUG : CVideoPlayer::ProcessVideoData size:20791 dts:28.529 pts:28.529 dur:41.000ms, clock:19.823 level:92
2021-04-13 21:18:22.096 T:4972 DEBUG : CVideoPlayer::ProcessAudioData size:362 dts:28.537 pts:28.537 dur:23.000ms, clock:19.824 drop:0 level:99
2021-04-13 21:18:22.096 T:4972 DEBUG : CVideoPlayer::ProcessAudioData size:376 dts:28.561 pts:28.561 dur:23.000ms, clock:19.824 drop:0 level:99
2021-04-13 21:18:22.097 T:4763 DEBUG : CAMLCodec::ReleaseFrame idx:479, drop:0
2021-04-13 21:18:22.098 T:4973 DEBUG : CAMLCodec::GetTimeSize: len:24 dl:1840175 fs:1839775 front:48959
2021-04-13 21:18:22.105 T:4973 DEBUG : CAMLCodec::GetTimeSize: len:24 dl:1791200 fs:1839775 front:48959
2021-04-13 21:18:22.105 T:4973 DEBUG : CAMLCodec::GetTimeSize: len:23 dl:1791200 fs:1790816 front:47080
2021-04-13 21:18:22.105 T:4973 DEBUG : CAMLCodec::DequeueBuffer: pts:20.145 idx:483
2021-04-13 21:18:22.105 T:4973 DEBUG : CAMLCodec::GetPicture: index: 483, pts: 20.145, dur:41ms ar:0.00
2021-04-13 21:18:22.105 T:4973 DEBUG : CVideoPlayerVideo::OutputPicture - ttd:312ms pts:20.145 Clock:19.833 Level:3
2021-04-13 21:18:22.106 T:4973 DEBUG : CAMLCodec::GetTimeSize: len:23 dl:1791200 fs:1790816 front:47080
2021-04-13 21:18:22.113 T:4973 DEBUG : CAMLCodec::AddData: dl:1851396 sum:1850996 sz:60180 dts:21.146 pts:21.146 overflow:0
2021-04-13 21:18:22.113 T:4973 DEBUG : CAMLCodec::GetTimeSize: len:24 dl:1851396 fs:1850996 front:47080
2021-04-13 21:18:22.135 T:4763 INFO : Skipped 3 duplicate messages..
2021-04-13 21:18:22.135 T:4763 DEBUG : CAMLCodec::PollFrame elapsed:37.294ms
2021-04-13 21:18:22.137 T:4763 DEBUG : PrepareNextRender: frameOnScreen: 19.865 renderPts: 20.032 nextFramePts: 20.020 -> diff: 0.012 render: 1 forceNext: 0
2021-04-13 21:18:22.139 T:4973 DEBUG : CAMLCodec::GetTimeSize: len:24 dl:1851396 fs:1850996 front:47080
2021-04-13 21:18:22.139 T:4763 DEBUG : CAMLCodec::ReleaseFrame idx:480, drop:0
2021-04-13 21:18:22.140 T:4974 DEBUG : CVideoPlayerAudio::OutputPacket: pts:20.619 curr_pts:19.868 clock:19.868 level:99
2021-04-13 21:18:22.140 T:4974 DEBUG : CVideoPlayerAudio::OutputPacket: pts:20.643 curr_pts:19.868 clock:19.868 level:99
2021-04-13 21:18:22.145 T:4973 DEBUG : CAMLCodec::GetTimeSize: len:24 dl:1804300 fs:1850996 front:47080
2021-04-13 21:18:22.145 T:4973 DEBUG : CAMLCodec::GetTimeSize: len:23 dl:1804300 fs:1803916 front:52077
2021-04-13 21:18:22.145 T:4973 DEBUG : CAMLCodec::DequeueBuffer: pts:20.187 idx:484
2021-04-13 21:18:22.145 T:4973 DEBUG : CAMLCodec::GetPicture: index: 484, pts: 20.187, dur:42ms ar:0.00
2021-04-13 21:18:22.145 T:4973 DEBUG : CVideoPlayerVideo::OutputPicture - ttd:313ms pts:20.187 Clock:19.873 Level:3
2021-04-13 21:18:22.146 T:4973 DEBUG : CAMLCodec::GetTimeSize: len:23 dl:1804300 fs:1803916 front:52077
2021-04-13 21:18:22.147 T:4972 DEBUG : CVideoPlayer::ProcessVideoData size:25016 dts:28.570 pts:28.570 dur:41.000ms, clock:19.875 level:92
2021-04-13 21:18:22.147 T:4972 DEBUG : CVideoPlayer::ProcessAudioData size:375 dts:28.584 pts:28.584 dur:23.000ms, clock:19.875 drop:0 level:99
2021-04-13 21:18:22.147 T:4972 DEBUG : CVideoPlayer::ProcessAudioData size:372 dts:28.607 pts:28.607 dur:23.000ms, clock:19.875 drop:0 level:99
2021-04-13 21:18:22.152 T:4973 DEBUG : CAMLCodec::AddData: dl:1844944 sum:1844544 sz:40628 dts:21.188 pts:21.188 overflow:0
2021-04-13 21:18:22.152 T:4973 DEBUG : CAMLCodec::GetTimeSize: len:24 dl:1844944 fs:1844544 front:52077
2021-04-13 21:18:22.176 T:4763 INFO : Skipped 3 duplicate messages..
2021-04-13 21:18:22.176 T:4763 DEBUG : CAMLCodec::PollFrame elapsed:36.931ms
2021-04-13 21:18:22.177 T:4973 DEBUG : CAMLCodec::GetTimeSize: len:24 dl:1844944 fs:1844544 front:52077
2021-04-13 21:18:22.179 T:4763 DEBUG : PrepareNextRender: frameOnScreen: 19.907 renderPts: 20.074 nextFramePts: 20.062 -> diff: 0.012 render: 1 forceNext: 0
2021-04-13 21:18:22.181 T:4763 DEBUG : CAMLCodec::ReleaseFrame idx:481, drop:0
2021-04-13 21:18:22.183 T:4973 DEBUG : CAMLCodec::GetTimeSize: len:24 dl:1792851 fs:1844544 front:52077
2021-04-13 21:18:22.183 T:4973 DEBUG : CAMLCodec::GetTimeSize: len:23 dl:1792851 fs:1792467 front:53757
2021-04-13 21:18:22.183 T:4973 DEBUG : CAMLCodec::DequeueBuffer: pts:20.229 idx:485
2021-04-13 21:18:22.183 T:4973 DEBUG : CAMLCodec::GetPicture: index: 485, pts: 20.229, dur:42ms ar:0.00
2021-04-13 21:18:22.183 T:4973 DEBUG : CVideoPlayerVideo::OutputPicture - ttd:317ms pts:20.229 Clock:19.911 Level:3
2021-04-13 21:18:22.184 T:4973 DEBUG : CAMLCodec::GetTimeSize: len:23 dl:1792851 fs:1792467 front:53757
2021-04-13 21:18:22.190 T:4973 DEBUG : CAMLCodec::AddData: dl:1839075 sum:1838675 sz:46208 dts:21.230 pts:21.230 overflow:0
2021-04-13 21:18:22.190 T:4973 DEBUG : CAMLCodec::GetTimeSize: len:24 dl:1839075 fs:1838675 front:53757
2021-04-13 21:18:22.190 T:4974 DEBUG : CVideoPlayerAudio::OutputPacket: pts:20.666 curr_pts:19.919 clock:19.918 level:99
2021-04-13 21:18:22.190 T:4974 DEBUG : CVideoPlayerAudio::OutputPacket: pts:20.689 curr_pts:19.919 clock:19.918 level:99
2021-04-13 21:18:22.196 T:4973 DEBUG : CAMLCodec::GetTimeSize: len:24 dl:1839075 fs:1838675 front:53757
2021-04-13 21:18:22.198 T:4972 DEBUG : CVideoPlayer::ProcessVideoData size:25663 dts:28.612 pts:28.612 dur:41.000ms, clock:19.926 level:92
2021-04-13 21:18:22.198 T:4972 DEBUG : CVideoPlayer::ProcessAudioData size:387 dts:28.630 pts:28.630 dur:23.000ms, clock:19.926 drop:0 level:99
2021-04-13 21:18:22.199 T:4972 DEBUG : CVideoPlayer::ProcessAudioData size:365 dts:28.653 pts:28.653 dur:23.000ms, clock:19.926 drop:0 level:99
2021-04-13 21:18:22.202 T:4973 DEBUG : CAMLCodec::GetTimeSize: len:24 dl:1839075 fs:1838675 front:53757
2021-04-13 21:18:22.218 T:4763 INFO : Skipped 2 duplicate messages..
2021-04-13 21:18:22.218 T:4763 DEBUG : CAMLCodec::PollFrame elapsed:36.417ms
2021-04-13 21:18:22.221 T:4763 DEBUG : PrepareNextRender: frameOnScreen: 19.948 renderPts: 20.115 nextFramePts: 20.104 -> diff: 0.011 render: 1 forceNext: 0
2021-04-13 21:18:22.221 T:4973 DEBUG : CAMLCodec::GetTimeSize: len:24 dl:1839075 fs:1838675 front:53757
2021-04-13 21:18:22.222 T:4763 DEBUG : CAMLCodec::ReleaseFrame idx:482, drop:0
2021-04-13 21:18:22.228 T:4973 DEBUG : CAMLCodec::GetTimeSize: len:24 dl:1839075 fs:1838675 front:53757
2021-04-13 21:18:22.240 T:4974 INFO : Skipped 1 duplicate messages..
2021-04-13 21:18:22.240 T:4974 DEBUG : CVideoPlayerAudio::OutputPacket: pts:20.712 curr_pts:19.968 clock:19.968 level:99
2021-04-13 21:18:22.240 T:4973 DEBUG : CAMLCodec::GetTimeSize: len:24 dl:1839075 fs:1838675 front:53757
2021-04-13 21:18:22.240 T:4974 DEBUG : CVideoPlayerAudio::OutputPacket: pts:20.735 curr_pts:19.968 clock:19.968 level:99
2021-04-13 21:18:22.246 T:4973 DEBUG : CAMLCodec::GetTimeSize: len:24 dl:1839075 fs:1838675 front:53757
2021-04-13 21:18:22.249 T:4972 DEBUG : CVideoPlayer::ProcessVideoData size:21397 dts:28.654 pts:28.654 dur:41.000ms, clock:19.977 level:92
2021-04-13 21:18:22.249 T:4972 DEBUG : CVideoPlayer::ProcessAudioData size:374 dts:28.677 pts:28.677 dur:23.000ms, clock:19.977 drop:0 level:99
2021-04-13 21:18:22.249 T:4972 DEBUG : CVideoPlayer::ProcessVideoData size:13802 dts:28.696 pts:28.696 dur:41.000ms, clock:19.977 level:93
2021-04-13 21:18:22.250 T:4972 DEBUG : CVideoPlayer::ProcessAudioData size:371 dts:28.700 pts:28.700 dur:23.000ms, clock:19.977 drop:0 level:99
2021-04-13 21:18:22.253 T:4973 DEBUG : CAMLCodec::GetTimeSize: len:24 dl:1839075 fs:1838675 front:53757
2021-04-13 21:18:22.260 T:4763 INFO : Skipped 1 duplicate messages..
2021-04-13 21:18:22.260 T:4763 DEBUG : CAMLCodec::PollFrame elapsed:37.115ms
2021-04-13 21:18:22.262 T:4763 DEBUG : PrepareNextRender: frameOnScreen: 19.990 renderPts: 20.157 nextFramePts: 20.145 -> diff: 0.012 render: 1 forceNext: 0
2021-04-13 21:18:22.264 T:4763 DEBUG : CAMLCodec::ReleaseFrame idx:483, drop:0
2021-04-13 21:18:22.265 T:4973 DEBUG : CAMLCodec::GetTimeSize: len:24 dl:1785302 fs:1838675 front:53757
2021-04-13 21:18:22.266 T:4973 DEBUG : CAMLCodec::GetTimeSize: len:23 dl:1785302 fs:1784918 front:55472
2021-04-13 21:18:22.266 T:4973 DEBUG : CAMLCodec::DequeueBuffer: pts:20.270 idx:486
2021-04-13 21:18:22.266 T:4973 DEBUG : CAMLCodec::GetPicture: index: 486, pts: 20.270, dur:41ms ar:0.00
2021-04-13 21:18:22.266 T:4973 DEBUG : CVideoPlayerVideo::OutputPicture - ttd:276ms pts:20.270 Clock:19.994 Level:2
2021-04-13 21:18:22.267 T:4973 DEBUG : CAMLCodec::GetTimeSize: len:23 dl:1785302 fs:1784918 front:55472
2021-04-13 21:18:22.272 T:4973 DEBUG : CAMLCodec::AddData: dl:1831300 sum:1830900 sz:45982 dts:21.271 pts:21.271 overflow:0
2021-04-13 21:18:22.272 T:4973 DEBUG : CAMLCodec::GetTimeSize: len:24 dl:1831300 fs:1830900 front:55472
2021-04-13 21:18:22.290 T:4972 INFO : Skipped 2 duplicate messages..
2021-04-13 21:18:22.290 T:4972 DEBUG : CVideoPlayer::ProcessAudioData size:366 dts:28.723 pts:28.723 dur:23.000ms, clock:20.018 drop:0 level:99
2021-04-13 21:18:22.290 T:4974 DEBUG : CVideoPlayerAudio::OutputPacket: pts:20.759 curr_pts:20.018 clock:20.018 level:99
2021-04-13 21:18:22.291 T:4974 DEBUG : CVideoPlayerAudio::OutputPacket: pts:20.782 curr_pts:20.019 clock:20.018 level:99
2021-04-13 21:18:22.291 T:4973 DEBUG : CAMLCodec::GetTimeSize: len:24 dl:1831300 fs:1830900 front:55472
2021-04-13 21:18:22.300 T:4972 INFO : Skipped 1 duplicate messages..
2021-04-13 21:18:22.300 T:4972 DEBUG : CVideoPlayer::ProcessVideoData size:113 dts:28.737 pts:28.737 dur:41.000ms, clock:20.028 level:93
2021-04-13 21:18:22.301 T:4972 DEBUG : CVideoPlayer::ProcessAudioData size:378 dts:28.746 pts:28.746 dur:23.000ms, clock:20.029 drop:0 level:99
2021-04-13 21:18:22.301 T:4763 DEBUG : CAMLCodec::PollFrame elapsed:37.268ms
2021-04-13 21:18:22.304 T:4973 DEBUG : CAMLCodec::GetTimeSize: len:24 dl:1831300 fs:1830900 front:55472
2021-04-13 21:18:22.304 T:4763 DEBUG : PrepareNextRender: frameOnScreen: 20.032 renderPts: 20.199 nextFramePts: 20.187 -> diff: 0.012 render: 1 forceNext: 0
2021-04-13 21:18:22.306 T:4763 DEBUG : CAMLCodec::ReleaseFrame idx:484, drop:0
2021-04-13 21:18:22.310 T:4973 DEBUG : CAMLCodec::GetTimeSize: len:24 dl:1775812 fs:1830900 front:55472
2021-04-13 21:18:22.310 T:4973 DEBUG : CAMLCodec::GetTimeSize: len:23 dl:1775812 fs:1775428 front:44760
2021-04-13 21:18:22.310 T:4973 DEBUG : CAMLCodec::DequeueBuffer: pts:20.312 idx:487
2021-04-13 21:18:22.310 T:4973 DEBUG : CAMLCodec::GetPicture: index: 487, pts: 20.312, dur:42ms ar:0.00
2021-04-13 21:18:22.310 T:4973 DEBUG : CVideoPlayerVideo::OutputPicture - ttd:273ms pts:20.312 Clock:20.038 Level:2
2021-04-13 21:18:22.312 T:4973 DEBUG : CAMLCodec::GetTimeSize: len:23 dl:1775812 fs:1775428 front:44760
2021-04-13 21:18:22.317 T:4973 DEBUG : CAMLCodec::AddData: dl:1822952 sum:1822552 sz:47124 dts:21.313 pts:21.313 overflow:0
2021-04-13 21:18:22.317 T:4973 DEBUG : CAMLCodec::GetTimeSize: len:24 dl:1822952 fs:1822552 front:44760
2021-04-13 21:18:22.340 T:4974 INFO : Skipped 3 duplicate messages..
2021-04-13 21:18:22.340 T:4974 DEBUG : CVideoPlayerAudio::OutputPacket: pts:20.805 curr_pts:20.069 clock:20.068 level:99
2021-04-13 21:18:22.340 T:4974 DEBUG : CVideoPlayerAudio::OutputPacket: pts:20.828 curr_pts:20.069 clock:20.068 level:99
2021-04-13 21:18:22.341 T:4972 DEBUG : CVideoPlayer::ProcessAudioData size:368 dts:28.770 pts:28.770 dur:23.000ms, clock:20.069 drop:0 level:99
2021-04-13 21:18:22.342 T:4973 DEBUG : CAMLCodec::GetTimeSize: len:24 dl:1822952 fs:1822552 front:44760
2021-04-13 21:18:22.343 T:4763 DEBUG : CAMLCodec::PollFrame elapsed:37.162ms
2021-04-13 21:18:22.346 T:4763 DEBUG : PrepareNextRender: frameOnScreen: 20.074 renderPts: 20.241 nextFramePts: 20.229 -> diff: 0.012 render: 1 forceNext: 0
2021-04-13 21:18:22.349 T:4763 DEBUG : CAMLCodec::ReleaseFrame idx:485, drop:0
2021-04-13 21:18:22.349 T:4972 DEBUG : CVideoPlayer::ProcessVideoData size:215443 dts:28.779 pts:28.779 dur:41.000ms, clock:20.077 level:93
2021-04-13 21:18:22.349 T:4972 DEBUG : CVideoPlayer::ProcessAudioData size:373 dts:28.793 pts:28.793 dur:23.000ms, clock:20.077 drop:0 level:99
2021-04-13 21:18:22.350 T:4973 DEBUG : CAMLCodec::GetTimeSize: len:24 dl:1778176 fs:1822552 front:44760
2021-04-13 21:18:22.350 T:4973 DEBUG : CAMLCodec::GetTimeSize: len:23 dl:1778176 fs:1777792 front:45656
2021-04-13 21:18:22.350 T:4973 DEBUG : CAMLCodec::DequeueBuffer: pts:20.354 idx:488
2021-04-13 21:18:22.350 T:4973 DEBUG : CAMLCodec::GetPicture: index: 488, pts: 20.354, dur:42ms ar:0.00
2021-04-13 21:18:22.350 T:4973 DEBUG : CVideoPlayerVideo::OutputPicture - ttd:275ms pts:20.354 Clock:20.078 Level:2
2021-04-13 21:18:22.351 T:4973 DEBUG : CAMLCodec::GetTimeSize: len:23 dl:1778176 fs:1777792 front:45656
2021-04-13 21:18:22.357 T:4973 DEBUG : CAMLCodec::AddData: dl:1821524 sum:1821124 sz:43332 dts:21.355 pts:21.355 overflow:0
2021-04-13 21:18:22.357 T:4973 DEBUG : CAMLCodec::GetTimeSize: len:24 dl:1821524 fs:1821124 front:45656
2021-04-13 21:18:22.385 T:4763 INFO : Skipped 4 duplicate messages..
2021-04-13 21:18:22.385 T:4763 DEBUG : CAMLCodec::PollFrame elapsed:35.859ms
2021-04-13 21:18:22.388 T:4763 DEBUG : PrepareNextRender: frameOnScreen: 20.116 renderPts: 20.282 nextFramePts: 20.270 -> diff: 0.012 render: 1 forceNext: 0
2021-04-13 21:18:22.388 T:4973 DEBUG : CAMLCodec::GetTimeSize: len:24 dl:1821524 fs:1821124 front:45656
2021-04-13 21:18:22.390 T:4974 DEBUG : CVideoPlayerAudio::OutputPacket: pts:20.852 curr_pts:20.118 clock:20.118 level:99
2021-04-13 21:18:22.390 T:4974 DEBUG : CVideoPlayerAudio::OutputPacket: pts:20.875 curr_pts:20.119 clock:20.118 level:99
2021-04-13 21:18:22.391 T:4972 DEBUG : CVideoPlayer::ProcessAudioData size:363 dts:28.816 pts:28.816 dur:23.000ms, clock:20.119 drop:0 level:99
2021-04-13 21:18:22.390 T:4763 DEBUG : CAMLCodec::ReleaseFrame idx:486, drop:0
2021-04-13 21:18:22.391 T:4974 DEBUG : CVideoPlayerAudio::OutputPacket: pts:20.898 curr_pts:20.120 clock:20.119 level:99
2021-04-13 21:18:22.392 T:4972 DEBUG : CVideoPlayer::ProcessVideoData size:173735 dts:28.821 pts:28.821 dur:41.000ms, clock:20.120 level:93
2021-04-13 21:18:22.392 T:4972 DEBUG : CVideoPlayer::ProcessAudioData size:376 dts:28.839 pts:28.839 dur:23.000ms, clock:20.120 drop:0 level:99
2021-04-13 21:18:22.395 T:4973 DEBUG : CAMLCodec::GetTimeSize: len:24 dl:1775852 fs:1821124 front:45656
2021-04-13 21:18:22.395 T:4973 DEBUG : CAMLCodec::GetTimeSize: len:23 dl:1775852 fs:1775468 front:29127
2021-04-13 21:18:22.395 T:4973 DEBUG : CAMLCodec::DequeueBuffer: pts:20.396 idx:489
2021-04-13 21:18:22.395 T:4973 DEBUG : CAMLCodec::GetPicture: index: 489, pts: 20.396, dur:42ms ar:0.00
2021-04-13 21:18:22.395 T:4973 DEBUG : CVideoPlayerVideo::OutputPicture - ttd:273ms pts:20.396 Clock:20.123 Level:2
2021-04-13 21:18:22.396 T:4973 DEBUG : CAMLCodec::GetTimeSize: len:23 dl:1775852 fs:1775468 front:29127
2021-04-13 21:18:22.398 T:4972 DEBUG : CVideoPlayer::ProcessVideoData size:39674 dts:28.862 pts:28.862 dur:41.000ms, clock:20.126 level:93
2021-04-13 21:18:22.399 T:4972 DEBUG : CVideoPlayer::ProcessAudioData size:371 dts:28.862 pts:28.862 dur:23.000ms, clock:20.126 drop:0 level:99
2021-04-13 21:18:22.401 T:4973 DEBUG : CAMLCodec::AddData: dl:1801206 sum:1800806 sz:25338 dts:21.397 pts:21.397 overflow:0
2021-04-13 21:18:22.401 T:4973 DEBUG : CAMLCodec::GetTimeSize: len:24 dl:1801206 fs:1800806 front:29127
2021-04-13 21:18:22.427 T:4763 INFO : Skipped 4 duplicate messages..
2021-04-13 21:18:22.426 T:4763 DEBUG : CAMLCodec::PollFrame elapsed:35.508ms
2021-04-13 21:18:22.429 T:4763 DEBUG : PrepareNextRender: frameOnScreen: 20.157 renderPts: 20.324 nextFramePts: 20.312 -> diff: 0.012 render: 1 forceNext: 0
2021-04-13 21:18:22.432 T:4763 DEBUG : CAMLCodec::ReleaseFrame idx:487, drop:0
2021-04-13 21:18:22.433 T:4973 DEBUG : CAMLCodec::GetTimeSize: len:24 dl:1772063 fs:1800806 front:29127
2021-04-13 21:18:22.433 T:4973 DEBUG : CAMLCodec::GetTimeSize: len:23 dl:1772063 fs:1771679 front:433
2021-04-13 21:18:22.433 T:4973 DEBUG : CAMLCodec::DequeueBuffer: pts:20.437 idx:490
2021-04-13 21:18:22.433 T:4973 DEBUG : CAMLCodec::GetPicture: index: 490, pts: 20.437, dur:41ms ar:0.00
2021-04-13 21:18:22.433 T:4973 DEBUG : CVideoPlayerVideo::OutputPicture - ttd:276ms pts:20.437 Clock:20.161 Level:2
2021-04-13 21:18:22.434 T:4973 DEBUG : CAMLCodec::GetTimeSize: len:23 dl:1772063 fs:1771679 front:433
2021-04-13 21:18:22.439 T:4973 DEBUG : CAMLCodec::AddData: dl:1772334 sum:1771934 sz:255 dts:21.438 pts:21.438 overflow:0
2021-04-13 21:18:22.439 T:4973 DEBUG : CAMLCodec::GetTimeSize: len:24 dl:1772334 fs:1771934 front:433
2021-04-13 21:18:22.440 T:4974 DEBUG : CVideoPlayerAudio::OutputPacket: pts:20.921 curr_pts:20.168 clock:20.167 level:99
2021-04-13 21:18:22.440 T:4974 DEBUG : CVideoPlayerAudio::OutputPacket: pts:20.944 curr_pts:20.168 clock:20.168 level:99
2021-04-13 21:18:22.446 T:4973 DEBUG : CAMLCodec::GetTimeSize: len:24 dl:1772334 fs:1771934 front:433
2021-04-13 21:18:22.449 T:4972 DEBUG : CVideoPlayer::ProcessAudioData size:363 dts:28.886 pts:28.886 dur:23.000ms, clock:20.177 drop:0 level:99
2021-04-13 21:18:22.449 T:4972 DEBUG : CVideoPlayer::ProcessVideoData size:23345 dts:28.904 pts:28.904 dur:41.000ms, clock:20.177 level:93
2021-04-13 21:18:22.450 T:4972 DEBUG : CVideoPlayer::ProcessAudioData size:378 dts:28.909 pts:28.909 dur:23.000ms, clock:20.178 drop:0 level:99
2021-04-13 21:18:22.452 T:4973 DEBUG : CAMLCodec::GetTimeSize: len:24 dl:1772334 fs:1771934 front:433
2021-04-13 21:18:22.468 T:4763 INFO : Skipped 2 duplicate messages..
2021-04-13 21:18:22.468 T:4763 DEBUG : CAMLCodec::PollFrame elapsed:35.958ms
2021-04-13 21:18:22.471 T:4973 DEBUG : CAMLCodec::GetTimeSize: len:24 dl:1772334 fs:1771934 front:433
2021-04-13 21:18:22.471 T:4763 DEBUG : PrepareNextRender: frameOnScreen: 20.199 renderPts: 20.366 nextFramePts: 20.354 -> diff: 0.012 render: 1 forceNext: 0
2021-04-13 21:18:22.474 T:4763 DEBUG : CAMLCodec::ReleaseFrame idx:488, drop:0
2021-04-13 21:18:22.477 T:4973 DEBUG : CAMLCodec::GetTimeSize: len:24 dl:1771885 fs:1771934 front:433
2021-04-13 21:18:22.478 T:4973 DEBUG : CAMLCodec::GetTimeSize: len:23 dl:1771885 fs:1771501 front:458535
2021-04-13 21:18:22.478 T:4973 DEBUG : CAMLCodec::DequeueBuffer: pts:20.479 idx:491
2021-04-13 21:18:22.478 T:4973 DEBUG : CAMLCodec::GetPicture: index: 491, pts: 20.479, dur:42ms ar:0.00
2021-04-13 21:18:22.478 T:4973 DEBUG : CVideoPlayerVideo::OutputPicture - ttd:273ms pts:20.479 Clock:20.206 Level:2
2021-04-13 21:18:22.479 T:4973 DEBUG : CAMLCodec::GetTimeSize: len:23 dl:1771885 fs:1771501 front:458535
2021-04-13 21:18:22.484 T:4973 DEBUG : CAMLCodec::AddData: dl:1819965 sum:1819565 sz:48064 dts:21.480 pts:21.480 overflow:0
2021-04-13 21:18:22.484 T:4973 DEBUG : CAMLCodec::GetTimeSize: len:24 dl:1819965 fs:1819565 front:458535
2021-04-13 21:18:22.490 T:4974 DEBUG : CVideoPlayerAudio::OutputPacket: pts:20.968 curr_pts:20.217 clock:20.217 level:99
2021-04-13 21:18:22.490 T:4974 DEBUG : CVideoPlayerAudio::OutputPacket: pts:20.991 curr_pts:20.219 clock:20.218 level:99
2021-04-13 21:18:22.490 T:4972 DEBUG : CVideoPlayer::ProcessAudioData size:398 dts:28.932 pts:28.932 dur:23.000ms, clock:20.218 drop:0 level:99
2021-04-13 21:18:22.491 T:4972 DEBUG : CVideoPlayer::ProcessVideoData size:40078 dts:28.946 pts:28.946 dur:41.000ms, clock:20.219 level:93
2021-04-13 21:18:22.491 T:4972 DEBUG : CVideoPlayer::ProcessAudioData size:366 dts:28.955 pts:28.955 dur:23.000ms, clock:20.219 drop:0 level:99
2021-04-13 21:18:22.492 T:4973 DEBUG : CAMLCodec::GetTimeSize: len:24 dl:1361406 fs:1819565 front:458535
2021-04-13 21:18:22.492 T:4973 DEBUG : CAMLCodec::GetTimeSize: len:23 dl:1361406 fs:1361030 front:53813
2021-04-13 21:18:22.492 T:4973 DEBUG : CAMLCodec::DequeueBuffer: pts:20.521 idx:492
2021-04-13 21:18:22.492 T:4973 DEBUG : CAMLCodec::GetPicture: index: 492, pts: 20.521, dur:42ms ar:0.00
2021-04-13 21:18:22.492 T:4973 DEBUG : CVideoPlayerVideo::OutputPicture - ttd:300ms pts:20.521 Clock:20.220 Level:3
2021-04-13 21:18:22.493 T:4973 DEBUG : CAMLCodec::GetTimeSize: len:23 dl:1361406 fs:1361030 front:53813
2021-04-13 21:18:22.498 T:4973 DEBUG : CAMLCodec::AddData: dl:1402399 sum:1402007 sz:40977 dts:21.522 pts:21.522 overflow:0
2021-04-13 21:18:22.499 T:4973 DEBUG : CAMLCodec::GetTimeSize: len:24 dl:1402399 fs:1402007 front:53813
2021-04-13 21:18:22.510 T:4763 INFO : Skipped 1 duplicate messages..
2021-04-13 21:18:22.510 T:4763 DEBUG : CAMLCodec::PollFrame elapsed:36.039ms
2021-04-13 21:18:22.511 T:4973 DEBUG : CAMLCodec::GetTimeSize: len:24 dl:1402399 fs:1402007 front:53813
2021-04-13 21:18:22.512 T:4763 DEBUG : PrepareNextRender: frameOnScreen: 20.240 renderPts: 20.407 nextFramePts: 20.396 -> diff: 0.011 render: 1 forceNext: 0
2021-04-13 21:18:22.515 T:4763 DEBUG : CAMLCodec::ReleaseFrame idx:489, drop:0
2021-04-13 21:18:22.518 T:4973 DEBUG : CAMLCodec::GetTimeSize: len:24 dl:1348570 fs:1402007 front:53813
2021-04-13 21:18:22.518 T:4973 DEBUG : CAMLCodec::GetTimeSize: len:23 dl:1348570 fs:1348194 front:64385
2021-04-13 21:18:22.518 T:4973 DEBUG : CAMLCodec::DequeueBuffer: pts:20.562 idx:493
2021-04-13 21:18:22.518 T:4973 DEBUG : CAMLCodec::GetPicture: index: 493, pts: 20.562, dur:41ms ar:0.00
2021-04-13 21:18:22.518 T:4973 DEBUG : CVideoPlayerVideo::OutputPicture - ttd:316ms pts:20.562 Clock:20.246 Level:3
2021-04-13 21:18:22.519 T:4973 DEBUG : CAMLCodec::GetTimeSize: len:23 dl:1348570 fs:1348194 front:64385
2021-04-13 21:18:22.524 T:4973 DEBUG : CAMLCodec::AddData: dl:1391398 sum:1391006 sz:42812 dts:21.563 pts:21.563 overflow:0
2021-04-13 21:18:22.524 T:4973 DEBUG : CAMLCodec::GetTimeSize: len:24 dl:1391398 fs:1391006 front:64385
2021-04-13 21:18:22.540 T:4974 INFO : Skipped 2 duplicate messages..
2021-04-13 21:18:22.540 T:4974 DEBUG : CVideoPlayerAudio::OutputPacket: pts:21.014 curr_pts:20.268 clock:20.268 level:99
2021-04-13 21:18:22.540 T:4974 DEBUG : CVideoPlayerAudio::OutputPacket: pts:21.037 curr_pts:20.268 clock:20.268 level:99
2021-04-13 21:18:22.541 T:4972 DEBUG : CVideoPlayer::ProcessAudioData size:367 dts:28.979 pts:28.979 dur:23.000ms, clock:20.269 drop:0 level:99
2021-04-13 21:18:22.542 T:4972 DEBUG : CVideoPlayer::ProcessVideoData size:47249 dts:28.988 pts:28.988 dur:41.000ms, clock:20.270 level:92
2021-04-13 21:18:22.542 T:4972 DEBUG : CVideoPlayer::ProcessAudioData size:375 dts:29.002 pts:29.002 dur:23.000ms, clock:20.270 drop:0 level:99
2021-04-13 21:18:22.543 T:4973 DEBUG : CAMLCodec::GetTimeSize: len:24 dl:1391398 fs:1391006 front:64385
2021-04-13 21:18:22.552 T:4763 INFO : Skipped 1 duplicate messages..
2021-04-13 21:18:22.552 T:4763 DEBUG : CAMLCodec::PollFrame elapsed:36.313ms
2021-04-13 21:18:22.554 T:4763 DEBUG : PrepareNextRender: frameOnScreen: 20.282 renderPts: 20.449 nextFramePts: 20.437 -> diff: 0.012 render: 1 forceNext: 0
2021-04-13 21:18:22.556 T:4973 DEBUG : CAMLCodec::GetTimeSize: len:24 dl:1391398 fs:1391006 front:64385
2021-04-13 21:18:22.557 T:4763 DEBUG : CAMLCodec::ReleaseFrame idx:490, drop:0
2021-04-13 21:18:22.563 T:4973 DEBUG : CAMLCodec::GetTimeSize: len:24 dl:1326997 fs:1391006 front:64385
2021-04-13 21:18:22.563 T:4973 DEBUG : CAMLCodec::GetTimeSize: len:23 dl:1326997 fs:1326621 front:58407
2021-04-13 21:18:22.563 T:4973 DEBUG : CAMLCodec::DequeueBuffer: pts:20.604 idx:494
2021-04-13 21:18:22.563 T:4973 DEBUG : CAMLCodec::GetPicture: index: 494, pts: 20.604, dur:42ms ar:0.00
2021-04-13 21:18:22.563 T:4973 DEBUG : CVideoPlayerVideo::OutputPicture - ttd:313ms pts:20.604 Clock:20.291 Level:3
2021-04-13 21:18:22.564 T:4973 DEBUG : CAMLCodec::GetTimeSize: len:23 dl:1326997 fs:1326621 front:58407
2021-04-13 21:18:22.569 T:4973 DEBUG : CAMLCodec::AddData: dl:1368008 sum:1367616 sz:40995 dts:21.605 pts:21.605 overflow:0
2021-04-13 21:18:22.569 T:4973 DEBUG : CAMLCodec::GetTimeSize: len:24 dl:1368008 fs:1367616 front:58407
2021-04-13 21:18:22.590 T:4974 INFO : Skipped 3 duplicate messages..
2021-04-13 21:18:22.590 T:4974 DEBUG : CVideoPlayerAudio::OutputPacket: pts:21.060 curr_pts:20.318 clock:20.318 level:99
2021-04-13 21:18:22.590 T:4974 DEBUG : CVideoPlayerAudio::OutputPacket: pts:21.084 curr_pts:20.318 clock:20.318 level:99
2021-04-13 21:18:22.593 T:4972 DEBUG : CVideoPlayer::ProcessAudioData size:372 dts:29.025 pts:29.025 dur:23.000ms, clock:20.320 drop:0 level:99
2021-04-13 21:18:22.593 T:4972 DEBUG : CVideoPlayer::ProcessVideoData size:26914 dts:29.029 pts:29.029 dur:41.000ms, clock:20.321 level:92
2021-04-13 21:18:22.593 T:4972 DEBUG : CVideoPlayer::ProcessAudioData size:364 dts:29.048 pts:29.048 dur:23.000ms, clock:20.321 drop:0 level:99
2021-04-13 21:18:22.593 T:4763 DEBUG : CAMLCodec::PollFrame elapsed:35.906ms
2021-04-13 21:18:22.595 T:4973 DEBUG : CAMLCodec::GetTimeSize: len:24 dl:1368008 fs:1367616 front:58407
2021-04-13 21:18:22.597 T:4763 DEBUG : PrepareNextRender: frameOnScreen: 20.324 renderPts: 20.491 nextFramePts: 20.479 -> diff: 0.012 render: 1 forceNext: 0
2021-04-13 21:18:22.599 T:4763 DEBUG : CAMLCodec::ReleaseFrame idx:491, drop:0
2021-04-13 21:18:22.601 T:4973 DEBUG : CAMLCodec::GetTimeSize: len:24 dl:1309585 fs:1367616 front:58407
2021-04-13 21:18:22.601 T:4973 DEBUG : CAMLCodec::GetTimeSize: len:23 dl:1309585 fs:1309209 front:72120
2021-04-13 21:18:22.601 T:4973 DEBUG : CAMLCodec::DequeueBuffer: pts:20.646 idx:495
2021-04-13 21:18:22.601 T:4973 DEBUG : CAMLCodec::GetPicture: index: 495, pts: 20.646, dur:42ms ar:0.00
2021-04-13 21:18:22.602 T:4973 DEBUG : CVideoPlayerVideo::OutputPicture - ttd:316ms pts:20.646 Clock:20.329 Level:3
2021-04-13 21:18:22.603 T:4973 DEBUG : CAMLCodec::GetTimeSize: len:23 dl:1309585 fs:1309209 front:72120
2021-04-13 21:18:22.610 T:4973 DEBUG : CAMLCodec::AddData: dl:1367468 sum:1367076 sz:57867 dts:21.647 pts:21.647 overflow:0
2021-04-13 21:18:22.610 T:4973 DEBUG : CAMLCodec::GetTimeSize: len:24 dl:1367468 fs:1367076 front:72120
2021-04-13 21:18:22.635 T:4763 INFO : Skipped 3 duplicate messages..
2021-04-13 21:18:22.635 T:4763 DEBUG : CAMLCodec::PollFrame elapsed:35.748ms
2021-04-13 21:18:22.635 T:4973 DEBUG : CAMLCodec::GetTimeSize: len:24 dl:1367468 fs:1367076 front:72120
2021-04-13 21:18:22.638 T:4763 DEBUG : PrepareNextRender: frameOnScreen: 20.366 renderPts: 20.533 nextFramePts: 20.521 -> diff: 0.012 render: 1 forceNext: 0
2021-04-13 21:18:22.640 T:4974 DEBUG : CVideoPlayerAudio::OutputPacket: pts:21.107 curr_pts:20.368 clock:20.368 level:99
2021-04-13 21:18:22.641 T:4763 DEBUG : CAMLCodec::ReleaseFrame idx:492, drop:0
2021-04-13 21:18:22.641 T:4974 DEBUG : CVideoPlayerAudio::OutputPacket: pts:21.130 curr_pts:20.369 clock:20.369 level:99
2021-04-13 21:18:22.642 T:4973 DEBUG : CAMLCodec::GetTimeSize: len:24 dl:1295332 fs:1367076 front:72120
2021-04-13 21:18:22.642 T:4973 DEBUG : CAMLCodec::GetTimeSize: len:23 dl:1295332 fs:1294956 front:55999
2021-04-13 21:18:22.642 T:4973 DEBUG : CAMLCodec::DequeueBuffer: pts:20.688 idx:496
2021-04-13 21:18:22.642 T:4973 DEBUG : CAMLCodec::GetPicture: index: 496, pts: 20.688, dur:42ms ar:0.00
2021-04-13 21:18:22.642 T:4973 DEBUG : CVideoPlayerVideo::OutputPicture - ttd:318ms pts:20.688 Clock:20.370 Level:3
2021-04-13 21:18:22.643 T:4973 DEBUG : CAMLCodec::GetTimeSize: len:23 dl:1295332 fs:1294956 front:55999
2021-04-13 21:18:22.644 T:4972 DEBUG : CVideoPlayer::ProcessVideoData size:31659 dts:29.071 pts:29.071 dur:41.000ms, clock:20.372 level:92
2021-04-13 21:18:22.644 T:4972 DEBUG : CVideoPlayer::ProcessAudioData size:389 dts:29.071 pts:29.071 dur:23.000ms, clock:20.372 drop:0 level:99
2021-04-13 21:18:22.644 T:4972 DEBUG : CVideoPlayer::ProcessAudioData size:377 dts:29.095 pts:29.095 dur:23.000ms, clock:20.372 drop:0 level:99
2021-04-13 21:18:22.648 T:4973 DEBUG : frame_number : 2, mag : 3; index_sz : 8
2021-04-13 21:18:22.650 T:4973 DEBUG : CAMLCodec::AddData: dl:1390005 sum:1389605 sz:94649 dts:21.689 pts:21.689 overflow:0
2021-04-13 21:18:22.651 T:4973 DEBUG : CAMLCodec::GetTimeSize: len:24 dl:1390005 fs:1389605 front:55999
2021-04-13 21:18:22.677 T:4763 INFO : Skipped 4 duplicate messages..
2021-04-13 21:18:22.677 T:4763 DEBUG : CAMLCodec::PollFrame elapsed:35.990ms
2021-04-13 21:18:22.679 T:4763 DEBUG : PrepareNextRender: frameOnScreen: 20.407 renderPts: 20.574 nextFramePts: 20.562 -> diff: 0.012 render: 1 forceNext: 0
2021-04-13 21:18:22.682 T:4763 DEBUG : CAMLCodec::ReleaseFrame idx:493, drop:0
2021-04-13 21:18:22.682 T:4973 DEBUG : CAMLCodec::GetTimeSize: len:24 dl:1390005 fs:1389605 front:55999
2021-04-13 21:18:22.688 T:4973 DEBUG : CAMLCodec::GetTimeSize: len:24 dl:1333990 fs:1389605 front:55999
2021-04-13 21:18:22.689 T:4973 DEBUG : CAMLCodec::GetTimeSize: len:23 dl:1333990 fs:1333606 front:54706
2021-04-13 21:18:22.689 T:4973 DEBUG : CAMLCodec::DequeueBuffer: pts:20.729 idx:497
2021-04-13 21:18:22.689 T:4973 DEBUG : CAMLCodec::GetPicture: index: 497, pts: 20.729, dur:41ms ar:0.00
2021-04-13 21:18:22.689 T:4973 DEBUG : CVideoPlayerVideo::OutputPicture - ttd:312ms pts:20.729 Clock:20.417 Level:3
2021-04-13 21:18:22.690 T:4973 DEBUG : CAMLCodec::GetTimeSize: len:23 dl:1333990 fs:1333606 front:54706
2021-04-13 21:18:22.690 T:4974 DEBUG : CVideoPlayerAudio::OutputPacket: pts:21.153 curr_pts:20.418 clock:20.418 level:99
2021-04-13 21:18:22.690 T:4974 DEBUG : CVideoPlayerAudio::OutputPacket: pts:21.177 curr_pts:20.418 clock:20.418 level:99
2021-04-13 21:18:22.690 T:4974 DEBUG : CVideoPlayerAudio::OutputPacket: pts:21.200 curr_pts:20.419 clock:20.418 level:99
2021-04-13 21:18:22.695 T:4972 DEBUG : CVideoPlayer::ProcessVideoData size:32189 dts:29.113 pts:29.113 dur:41.000ms, clock:20.423 level:92
2021-04-13 21:18:22.696 T:4972 DEBUG : CVideoPlayer::ProcessAudioData size:463 dts:29.118 pts:29.118 dur:23.000ms, clock:20.423 drop:0 level:99
2021-04-13 21:18:22.696 T:4972 DEBUG : CVideoPlayer::ProcessAudioData size:490 dts:29.141 pts:29.141 dur:23.000ms, clock:20.423 drop:0 level:99
2021-04-13 21:18:22.696 T:4972 DEBUG : CVideoPlayer::ProcessVideoData size:32820 dts:29.154 pts:29.154 dur:41.000ms, clock:20.424 level:92
2021-04-13 21:18:22.696 T:4972 DEBUG : CVideoPlayer::ProcessAudioData size:464 dts:29.164 pts:29.164 dur:23.000ms, clock:20.424 drop:0 level:99
2021-04-13 21:18:22.696 T:4973 DEBUG : CAMLCodec::AddData: dl:1355928 sum:1355528 sz:21922 dts:21.730 pts:21.730 overflow:0
2021-04-13 21:18:22.696 T:4973 DEBUG : CAMLCodec::GetTimeSize: len:24 dl:1355928 fs:1355528 front:54706
2021-04-13 21:18:22.718 T:4763 INFO : Skipped 3 duplicate messages..
2021-04-13 21:18:22.718 T:4763 DEBUG : CAMLCodec::PollFrame elapsed:36.403ms
2021-04-13 21:18:22.721 T:4763 DEBUG : PrepareNextRender: frameOnScreen: 20.449 renderPts: 20.616 nextFramePts: 20.604 -> diff: 0.012 render: 1 forceNext: 0
2021-04-13 21:18:22.721 T:4973 DEBUG : CAMLCodec::GetTimeSize: len:24 dl:1355928 fs:1355528 front:54706
2021-04-13 21:18:22.723 T:4763 DEBUG : CAMLCodec::ReleaseFrame idx:494, drop:0
2021-04-13 21:18:22.728 T:4973 DEBUG : CAMLCodec::GetTimeSize: len:24 dl:1355928 fs:1355528 front:54706
2021-04-13 21:18:22.740 T:4974 INFO : Skipped 1 duplicate messages..
2021-04-13 21:18:22.740 T:4974 DEBUG : CVideoPlayerAudio::OutputPacket: pts:21.223 curr_pts:20.468 clock:20.468 level:99
2021-04-13 21:18:22.740 T:4973 DEBUG : CAMLCodec::GetTimeSize: len:24 dl:1355928 fs:1355528 front:54706
2021-04-13 21:18:22.740 T:4974 DEBUG : CVideoPlayerAudio::OutputPacket: pts:21.246 curr_pts:20.469 clock:20.468 level:99
2021-04-13 21:18:22.747 T:4973 DEBUG : CAMLCodec::GetTimeSize: len:24 dl:1355928 fs:1355528 front:54706
2021-04-13 21:18:22.747 T:4972 DEBUG : CVideoPlayer::ProcessAudioData size:388 dts:29.187 pts:29.187 dur:23.000ms, clock:20.474 drop:0 level:99
2021-04-13 21:18:22.747 T:4972 DEBUG : CVideoPlayer::ProcessVideoData size:22356 dts:29.196 pts:29.196 dur:41.000ms, clock:20.475 level:93
2021-04-13 21:18:22.747 T:4972 DEBUG : CVideoPlayer::ProcessAudioData size:403 dts:29.211 pts:29.211 dur:23.000ms, clock:20.475 drop:0 level:99
2021-04-13 21:18:22.753 T:4973 DEBUG : CAMLCodec::GetTimeSize: len:24 dl:1355928 fs:1355528 front:54706
2021-04-13 21:18:22.760 T:4763 INFO : Skipped 1 duplicate messages..
2021-04-13 21:18:22.760 T:4763 DEBUG : CAMLCodec::PollFrame elapsed:37.127ms
2021-04-13 21:18:22.763 T:4763 DEBUG : PrepareNextRender: frameOnScreen: 20.491 renderPts: 20.657 nextFramePts: 20.646 -> diff: 0.011 render: 1 forceNext: 0
2021-04-13 21:18:22.765 T:4763 DEBUG : CAMLCodec::ReleaseFrame idx:495, drop:0
2021-04-13 21:18:22.766 T:4973 DEBUG : CAMLCodec::GetTimeSize: len:24 dl:1355928 fs:1355528 front:54706
2021-04-13 21:18:22.773 T:4973 DEBUG : CAMLCodec::GetTimeSize: len:24 dl:1301206 fs:1355528 front:54706
2021-04-13 21:18:22.773 T:4973 DEBUG : CAMLCodec::GetTimeSize: len:23 dl:1301206 fs:1300822 front:62446
2021-04-13 21:18:22.773 T:4973 DEBUG : CAMLCodec::DequeueBuffer: pts:20.771 idx:498
2021-04-13 21:18:22.773 T:4973 DEBUG : CAMLCodec::GetPicture: index: 498, pts: 20.771, dur:42ms ar:0.00
2021-04-13 21:18:22.773 T:4973 DEBUG : CVideoPlayerVideo::OutputPicture - ttd:270ms pts:20.771 Clock:20.501 Level:2
2021-04-13 21:18:22.774 T:4973 DEBUG : CAMLCodec::GetTimeSize: len:23 dl:1301206 fs:1300822 front:62446
2021-04-13 21:18:22.779 T:4973 DEBUG : CAMLCodec::AddData: dl:1317903 sum:1317503 sz:16681 dts:21.772 pts:21.772 overflow:0
2021-04-13 21:18:22.779 T:4973 DEBUG : CAMLCodec::GetTimeSize: len:24 dl:1317903 fs:1317503 front:62446
2021-04-13 21:18:22.790 T:4974 INFO : Skipped 1 duplicate messages..
2021-04-13 21:18:22.790 T:4974 DEBUG : CVideoPlayerAudio::OutputPacket: pts:21.269 curr_pts:20.518 clock:20.518 level:99
2021-04-13 21:18:22.790 T:4974 DEBUG : CVideoPlayerAudio::OutputPacket: pts:21.293 curr_pts:20.518 clock:20.518 level:99
2021-04-13 21:18:22.792 T:4973 DEBUG : CAMLCodec::GetTimeSize: len:24 dl:1317903 fs:1317503 front:62446
2021-04-13 21:18:22.798 T:4972 DEBUG : CVideoPlayer::ProcessAudioData size:399 dts:29.234 pts:29.234 dur:23.000ms, clock:20.526 drop:0 level:99
2021-04-13 21:18:22.798 T:4972 DEBUG : CVideoPlayer::ProcessVideoData size:123 dts:29.238 pts:29.238 dur:41.000ms, clock:20.526 level:93
2021-04-13 21:18:22.798 T:4972 DEBUG : CVideoPlayer::ProcessAudioData size:380 dts:29.257 pts:29.257 dur:23.000ms, clock:20.526 drop:0 level:99
2021-04-13 21:18:22.799 T:4973 DEBUG : CAMLCodec::GetTimeSize: len:24 dl:1317903 fs:1317503 front:62446
2021-04-13 21:18:22.802 T:4763 DEBUG : CAMLCodec::PollFrame elapsed:36.176ms
2021-04-13 21:18:22.805 T:4763 DEBUG : PrepareNextRender: frameOnScreen: 20.532 renderPts: 20.699 nextFramePts: 20.688 -> diff: 0.011 render: 1 forceNext: 0
2021-04-13 21:18:22.805 T:4973 DEBUG : CAMLCodec::GetTimeSize: len:24 dl:1317903 fs:1317503 front:62446
2021-04-13 21:18:22.807 T:4763 DEBUG : CAMLCodec::ReleaseFrame idx:496, drop:0
2021-04-13 21:18:22.812 T:4973 DEBUG : CAMLCodec::GetTimeSize: len:24 dl:1255441 fs:1317503 front:62446
2021-04-13 21:18:22.812 T:4973 DEBUG : CAMLCodec::GetTimeSize: len:23 dl:1255441 fs:1255057 front:44581
2021-04-13 21:18:22.812 T:4973 DEBUG : CAMLCodec::DequeueBuffer: pts:20.813 idx:499
2021-04-13 21:18:22.812 T:4973 DEBUG : CAMLCodec::GetPicture: index: 499, pts: 20.813, dur:42ms ar:0.00
2021-04-13 21:18:22.812 T:4973 DEBUG : CVideoPlayerVideo::OutputPicture - ttd:272ms pts:20.813 Clock:20.540 Level:2
2021-04-13 21:18:22.813 T:4973 DEBUG : CAMLCodec::GetTimeSize: len:23 dl:1255441 fs:1255057 front:44581
2021-04-13 21:18:22.819 T:4973 DEBUG : CAMLCodec::AddData: dl:1271914 sum:1271514 sz:16457 dts:21.814 pts:21.814 overflow:0
2021-04-13 21:18:22.819 T:4973 DEBUG : CAMLCodec::GetTimeSize: len:24 dl:1271914 fs:1271514 front:44581
2021-04-13 21:18:22.840 T:4974 INFO : Skipped 3 duplicate messages..
2021-04-13 21:18:22.840 T:4974 DEBUG : CVideoPlayerAudio::OutputPacket: pts:21.316 curr_pts:20.569 clock:20.568 level:99
2021-04-13 21:18:22.840 T:4974 DEBUG : CVideoPlayerAudio::OutputPacket: pts:21.339 curr_pts:20.569 clock:20.568 level:99
2021-04-13 21:18:22.844 T:4763 DEBUG : CAMLCodec::PollFrame elapsed:36.666ms
2021-04-13 21:18:22.844 T:4973 DEBUG : CAMLCodec::GetTimeSize: len:24 dl:1271914 fs:1271514 front:44581
2021-04-13 21:18:22.847 T:4763 DEBUG : PrepareNextRender: frameOnScreen: 20.575 renderPts: 20.742 nextFramePts: 20.729 -> diff: 0.013 render: 1 forceNext: 0
2021-04-13 21:18:22.849 T:4972 DEBUG : CVideoPlayer::ProcessVideoData size:22014 dts:29.280 pts:29.280 dur:41.000ms, clock:20.577 level:93
2021-04-13 21:18:22.849 T:4972 DEBUG : CVideoPlayer::ProcessAudioData size:366 dts:29.280 pts:29.280 dur:23.000ms, clock:20.577 drop:0 level:99
2021-04-13 21:18:22.849 T:4972 DEBUG : CVideoPlayer::ProcessAudioData size:336 dts:29.304 pts:29.304 dur:23.000ms, clock:20.577 drop:0 level:99
2021-04-13 21:18:22.849 T:4763 DEBUG : CAMLCodec::ReleaseFrame idx:497, drop:0
2021-04-13 21:18:22.850 T:4973 DEBUG : CAMLCodec::GetTimeSize: len:24 dl:1227317 fs:1271514 front:44581
2021-04-13 21:18:22.851 T:4973 DEBUG : CAMLCodec::GetTimeSize: len:23 dl:1227317 fs:1226933 front:42287
2021-04-13 21:18:22.851 T:4973 DEBUG : CAMLCodec::DequeueBuffer: pts:20.854 idx:500
2021-04-13 21:18:22.851 T:4973 DEBUG : CAMLCodec::GetPicture: index: 500, pts: 20.854, dur:41ms ar:0.00
2021-04-13 21:18:22.851 T:4973 DEBUG : CVideoPlayerVideo::OutputPicture - ttd:275ms pts:20.854 Clock:20.579 Level:2
2021-04-13 21:18:22.852 T:4973 DEBUG : CAMLCodec::GetTimeSize: len:23 dl:1227317 fs:1226933 front:42287
2021-04-13 21:18:22.857 T:4973 DEBUG : CAMLCodec::AddData: dl:1251436 sum:1251036 sz:24103 dts:21.855 pts:21.855 overflow:0
2021-04-13 21:18:22.857 T:4973 DEBUG : CAMLCodec::GetTimeSize: len:24 dl:1251436 fs:1251036 front:42287
2021-04-13 21:18:22.885 T:4763 INFO : Skipped 4 duplicate messages..
2021-04-13 21:18:22.885 T:4763 DEBUG : CAMLCodec::PollFrame elapsed:35.858ms
2021-04-13 21:18:22.888 T:4763 DEBUG : PrepareNextRender: frameOnScreen: 20.616 renderPts: 20.783 nextFramePts: 20.771 -> diff: 0.012 render: 1 forceNext: 0
2021-04-13 21:18:22.889 T:4973 DEBUG : CAMLCodec::GetTimeSize: len:24 dl:1251436 fs:1251036 front:42287
2021-04-13 21:18:22.890 T:4763 DEBUG : CAMLCodec::ReleaseFrame idx:498, drop:0
2021-04-13 21:18:22.891 T:4974 DEBUG : CVideoPlayerAudio::OutputPacket: pts:21.362 curr_pts:20.618 clock:20.618 level:99
2021-04-13 21:18:22.891 T:4974 DEBUG : CVideoPlayerAudio::OutputPacket: pts:21.386 curr_pts:20.619 clock:20.619 level:99
2021-04-13 21:18:22.895 T:4973 DEBUG : CAMLCodec::GetTimeSize: len:24 dl:1209133 fs:1251036 front:42287
2021-04-13 21:18:22.895 T:4973 DEBUG : CAMLCodec::GetTimeSize: len:23 dl:1209133 fs:1208749 front:39895
2021-04-13 21:18:22.895 T:4973 DEBUG : CAMLCodec::DequeueBuffer: pts:20.896 idx:501
2021-04-13 21:18:22.895 T:4973 DEBUG : CAMLCodec::GetPicture: index: 501, pts: 20.896, dur:42ms ar:0.00
2021-04-13 21:18:22.895 T:4973 DEBUG : CVideoPlayerVideo::OutputPicture - ttd:272ms pts:20.896 Clock:20.623 Level:2
2021-04-13 21:18:22.896 T:4973 DEBUG : CAMLCodec::GetTimeSize: len:23 dl:1209133 fs:1208749 front:39895
2021-04-13 21:18:22.900 T:4972 DEBUG : CVideoPlayer::ProcessVideoData size:41425 dts:29.321 pts:29.321 dur:41.000ms, clock:20.628 level:93
2021-04-13 21:18:22.900 T:4972 DEBUG : CVideoPlayer::ProcessAudioData size:330 dts:29.327 pts:29.327 dur:23.000ms, clock:20.628 drop:0 level:99
2021-04-13 21:18:22.900 T:4972 DEBUG : CVideoPlayer::ProcessAudioData size:324 dts:29.350 pts:29.350 dur:23.000ms, clock:20.628 drop:0 level:99
2021-04-13 21:18:22.902 T:4973 DEBUG : CAMLCodec::AddData: dl:1233231 sum:1232831 sz:24082 dts:21.897 pts:21.897 overflow:0
2021-04-13 21:18:22.902 T:4973 DEBUG : CAMLCodec::GetTimeSize: len:24 dl:1233231 fs:1232831 front:39895
2021-04-13 21:18:22.927 T:4763 INFO : Skipped 4 duplicate messages..
2021-04-13 21:18:22.927 T:4763 DEBUG : CAMLCodec::PollFrame elapsed:36.665ms
2021-04-13 21:18:22.930 T:4763 DEBUG : PrepareNextRender: frameOnScreen: 20.657 renderPts: 20.824 nextFramePts: 20.813 -> diff: 0.011 render: 1 forceNext: 0
2021-04-13 21:18:22.932 T:4763 DEBUG : CAMLCodec::ReleaseFrame idx:499, drop:0
2021-04-13 21:18:22.933 T:4973 DEBUG : CAMLCodec::GetTimeSize: len:24 dl:1233231 fs:1232831 front:39895
2021-04-13 21:18:22.939 T:4974 DEBUG : CVideoPlayerAudio::OutputPacket: pts:21.409 curr_pts:20.668 clock:20.667 level:99
2021-04-13 21:18:22.940 T:4974 DEBUG : CVideoPlayerAudio::OutputPacket: pts:21.432 curr_pts:20.668 clock:20.668 level:99
2021-04-13 21:18:22.939 T:4973 DEBUG : CAMLCodec::GetTimeSize: len:24 dl:1193320 fs:1232831 front:39895
2021-04-13 21:18:22.940 T:4973 DEBUG : CAMLCodec::GetTimeSize: len:23 dl:1193320 fs:1192936 front:530
2021-04-13 21:18:22.940 T:4973 DEBUG : CAMLCodec::DequeueBuffer: pts:20.938 idx:502
2021-04-13 21:18:22.940 T:4973 DEBUG : CAMLCodec::GetPicture: index: 502, pts: 20.938, dur:42ms ar:0.00
2021-04-13 21:18:22.940 T:4973 DEBUG : CVideoPlayerVideo::OutputPicture - ttd:270ms pts:20.938 Clock:20.668 Level:2
2021-04-13 21:18:22.941 T:4972 DEBUG : CVideoPlayer::ProcessVideoData size:19077 dts:29.363 pts:29.363 dur:41.000ms, clock:20.669 level:93
2021-04-13 21:18:22.941 T:4972 DEBUG : CVideoPlayer::ProcessAudioData size:347 dts:29.373 pts:29.373 dur:23.000ms, clock:20.669 drop:0 level:99
2021-04-13 21:18:22.941 T:4972 DEBUG : CVideoPlayer::ProcessAudioData size:354 dts:29.396 pts:29.396 dur:23.000ms, clock:20.669 drop:0 level:99
2021-04-13 21:18:22.942 T:4973 DEBUG : CAMLCodec::GetTimeSize: len:23 dl:1193320 fs:1192936 front:530
2021-04-13 21:18:22.948 T:4973 DEBUG : CAMLCodec::AddData: dl:1213663 sum:1213263 sz:20327 dts:21.939 pts:21.939 overflow:0
2021-04-13 21:18:22.948 T:4973 DEBUG : CAMLCodec::GetTimeSize: len:24 dl:1213663 fs:1213263 front:530
2021-04-13 21:18:22.969 T:4763 INFO : Skipped 3 duplicate messages..
2021-04-13 21:18:22.969 T:4763 DEBUG : CAMLCodec::PollFrame elapsed:35.963ms
2021-04-13 21:18:22.971 T:4763 DEBUG : PrepareNextRender: frameOnScreen: 20.699 renderPts: 20.866 nextFramePts: 20.854 -> diff: 0.012 render: 1 forceNext: 0
2021-04-13 21:18:22.973 T:4973 DEBUG : CAMLCodec::GetTimeSize: len:24 dl:1213663 fs:1213263 front:530
2021-04-13 21:18:22.973 T:4763 DEBUG : CAMLCodec::ReleaseFrame idx:500, drop:0
2021-04-13 21:18:22.979 T:4973 DEBUG : CAMLCodec::GetTimeSize: len:24 dl:1213117 fs:1213263 front:530
2021-04-13 21:18:22.980 T:4973 DEBUG : CAMLCodec::GetTimeSize: len:23 dl:1213117 fs:1212733 front:358877
2021-04-13 21:18:22.980 T:4973 DEBUG : CAMLCodec::DequeueBuffer: pts:20.980 idx:503
2021-04-13 21:18:22.980 T:4973 DEBUG : CAMLCodec::GetPicture: index: 503, pts: 20.980, dur:42ms ar:0.00
2021-04-13 21:18:22.980 T:4973 DEBUG : CVideoPlayerVideo::OutputPicture - ttd:272ms pts:20.980 Clock:20.708 Level:2
2021-04-13 21:18:22.981 T:4973 DEBUG : CAMLCodec::GetTimeSize: len:23 dl:1213117 fs:1212733 front:358877
2021-04-13 21:18:22.986 T:4973 DEBUG : CAMLCodec::AddData: dl:872563 sum:1231064 sz:18331 dts:21.981 pts:21.981 overflow:0
2021-04-13 21:18:22.986 T:4973 DEBUG : CAMLCodec::GetTimeSize: len:24 dl:872563 fs:1231064 front:358877
2021-04-13 21:18:22.986 T:4973 DEBUG : CAMLCodec::GetTimeSize: len:23 dl:872563 fs:872187 front:43960
2021-04-13 21:18:22.986 T:4973 DEBUG : CAMLCodec::DequeueBuffer: pts:21.021 idx:504
2021-04-13 21:18:22.986 T:4973 DEBUG : CAMLCodec::GetPicture: index: 504, pts: 21.021, dur:41ms ar:0.00
2021-04-13 21:18:22.986 T:4973 DEBUG : CVideoPlayerVideo::OutputPicture - ttd:306ms pts:21.021 Clock:20.714 Level:3
2021-04-13 21:18:22.988 T:4973 DEBUG : CAMLCodec::GetTimeSize: len:23 dl:872563 fs:872187 front:43960
2021-04-13 21:18:22.990 T:4974 DEBUG : CVideoPlayerAudio::OutputPacket: pts:21.455 curr_pts:20.718 clock:20.717 level:99
2021-04-13 21:18:22.990 T:4974 DEBUG : CVideoPlayerAudio::OutputPacket: pts:21.478 curr_pts:20.718 clock:20.718 level:99
2021-04-13 21:18:22.992 T:4972 DEBUG : CVideoPlayer::ProcessVideoData size:21012 dts:29.405 pts:29.405 dur:41.000ms, clock:20.720 level:92
2021-04-13 21:18:22.992 T:4972 DEBUG : CVideoPlayer::ProcessAudioData size:361 dts:29.420 pts:29.420 dur:23.000ms, clock:20.720 drop:0 level:99
2021-04-13 21:18:22.992 T:4972 DEBUG : CVideoPlayer::ProcessAudioData size:333 dts:29.443 pts:29.443 dur:23.000ms, clock:20.720 drop:0 level:99
2021-04-13 21:18:22.993 T:4973 DEBUG : CAMLCodec::AddData: dl:893782 sum:893390 sz:21203 dts:22.022 pts:22.022 overflow:0
2021-04-13 21:18:22.993 T:4973 DEBUG : CAMLCodec::GetTimeSize: len:24 dl:893782 fs:893390 front:43960
2021-04-13 21:18:23.010 T:4763 INFO : Skipped 2 duplicate messages..
2021-04-13 21:18:23.010 T:4763 DEBUG : CAMLCodec::PollFrame elapsed:37.155ms
2021-04-13 21:18:23.012 T:4973 DEBUG : CAMLCodec::GetTimeSize: len:24 dl:893782 fs:893390 front:43960
2021-04-13 21:18:23.013 T:4763 DEBUG : PrepareNextRender: frameOnScreen: 20.741 renderPts: 20.908 nextFramePts: 20.896 -> diff: 0.012 render: 1 forceNext: 0
2021-04-13 21:18:23.016 T:4763 DEBUG : CAMLCodec::ReleaseFrame idx:501, drop:0
2021-04-13 21:18:23.019 T:4973 DEBUG : CAMLCodec::GetTimeSize: len:24 dl:849806 fs:893390 front:43960
2021-04-13 21:18:23.019 T:4973 DEBUG : CAMLCodec::GetTimeSize: len:23 dl:849806 fs:849430 front:51913
2021-04-13 21:18:23.019 T:4973 DEBUG : CAMLCodec::DequeueBuffer: pts:21.063 idx:505
2021-04-13 21:18:23.019 T:4973 DEBUG : CAMLCodec::GetPicture: index: 505, pts: 21.063, dur:42ms ar:0.00
2021-04-13 21:18:23.019 T:4973 DEBUG : CVideoPlayerVideo::OutputPicture - ttd:316ms pts:21.063 Clock:20.747 Level:3
2021-04-13 21:18:23.020 T:4973 DEBUG : CAMLCodec::GetTimeSize: len:23 dl:849806 fs:849430 front:51913
2021-04-13 21:18:23.025 T:4973 DEBUG : CAMLCodec::AddData: dl:870226 sum:869834 sz:20404 dts:22.064 pts:22.064 overflow:0
2021-04-13 21:18:23.025 T:4973 DEBUG : CAMLCodec::GetTimeSize: len:24 dl:870226 fs:869834 front:51913
2021-04-13 21:18:23.040 T:4974 INFO : Skipped 2 duplicate messages..
2021-04-13 21:18:23.040 T:4974 DEBUG : CVideoPlayerAudio::OutputPacket: pts:21.502 curr_pts:20.767 clock:20.768 level:99
2021-04-13 21:18:23.040 T:4974 DEBUG : CVideoPlayerAudio::OutputPacket: pts:21.525 curr_pts:20.769 clock:20.768 level:99
2021-04-13 21:18:23.040 T:4974 DEBUG : CVideoPlayerAudio::OutputPacket: pts:21.548 curr_pts:20.769 clock:20.768 level:99
2021-04-13 21:18:23.043 T:4972 DEBUG : CVideoPlayer::ProcessVideoData size:97167 dts:29.446 pts:29.446 dur:41.000ms, clock:20.771 level:92
2021-04-13 21:18:23.044 T:4972 DEBUG : CVideoPlayer::ProcessAudioData size:348 dts:29.466 pts:29.466 dur:23.000ms, clock:20.772 drop:0 level:99
2021-04-13 21:18:23.045 T:4973 DEBUG : CAMLCodec::GetTimeSize: len:24 dl:870226 fs:869834 front:51913
2021-04-13 21:18:23.050 T:4972 DEBUG : CVideoPlayer::ProcessVideoData size:112936 dts:29.488 pts:29.488 dur:41.000ms, clock:20.778 level:92
2021-04-13 21:18:23.050 T:4972 DEBUG : CVideoPlayer::ProcessAudioData size:348 dts:29.489 pts:29.489 dur:23.000ms, clock:20.778 drop:0 level:99
2021-04-13 21:18:23.051 T:4972 DEBUG : CVideoPlayer::ProcessAudioData size:355 dts:29.513 pts:29.513 dur:23.000ms, clock:20.778 drop:0 level:99
2021-04-13 21:18:23.051 T:4973 DEBUG : CAMLCodec::GetTimeSize: len:24 dl:870226 fs:869834 front:51913
2021-04-13 21:18:23.052 T:4763 DEBUG : CAMLCodec::PollFrame elapsed:36.131ms
2021-04-13 21:18:23.055 T:4763 DEBUG : PrepareNextRender: frameOnScreen: 20.783 renderPts: 20.949 nextFramePts: 20.938 -> diff: 0.011 render: 1 forceNext: 0
2021-04-13 21:18:23.058 T:4763 DEBUG : CAMLCodec::ReleaseFrame idx:502, drop:0
2021-04-13 21:18:23.058 T:4973 DEBUG : CAMLCodec::GetTimeSize: len:24 dl:870226 fs:869834 front:51913
2021-04-13 21:18:23.064 T:4973 DEBUG : CAMLCodec::GetTimeSize: len:24 dl:818297 fs:869834 front:51913
2021-04-13 21:18:23.065 T:4973 DEBUG : CAMLCodec::GetTimeSize: len:23 dl:818297 fs:817921 front:60180
2021-04-13 21:18:23.065 T:4973 DEBUG : CAMLCodec::DequeueBuffer: pts:21.105 idx:506
2021-04-13 21:18:23.065 T:4973 DEBUG : CAMLCodec::GetPicture: index: 506, pts: 21.105, dur:42ms ar:0.00
2021-04-13 21:18:23.065 T:4973 DEBUG : CVideoPlayerVideo::OutputPicture - ttd:312ms pts:21.105 Clock:20.793 Level:3
2021-04-13 21:18:23.066 T:4973 DEBUG : CAMLCodec::GetTimeSize: len:23 dl:818297 fs:817921 front:60180
2021-04-13 21:18:23.071 T:4973 DEBUG : CAMLCodec::AddData: dl:833080 sum:832688 sz:14767 dts:22.106 pts:22.106 overflow:0
2021-04-13 21:18:23.071 T:4973 DEBUG : CAMLCodec::GetTimeSize: len:24 dl:833080 fs:832688 front:60180
2021-04-13 21:18:23.090 T:4974 INFO : Skipped 2 duplicate messages..
2021-04-13 21:18:23.090 T:4974 DEBUG : CVideoPlayerAudio::OutputPacket: pts:21.571 curr_pts:20.818 clock:20.818 level:99
2021-04-13 21:18:23.090 T:4973 DEBUG : CAMLCodec::GetTimeSize: len:24 dl:833080 fs:832688 front:60180
2021-04-13 21:18:23.090 T:4974 DEBUG : CVideoPlayerAudio::OutputPacket: pts:21.595 curr_pts:20.818 clock:20.818 level:99
2021-04-13 21:18:23.091 T:4972 DEBUG : CVideoPlayer::ProcessVideoData size:9534 dts:29.530 pts:29.530 dur:41.000ms, clock:20.819 level:92
2021-04-13 21:18:23.091 T:4972 DEBUG : CVideoPlayer::ProcessAudioData size:344 dts:29.536 pts:29.536 dur:23.000ms, clock:20.819 drop:0 level:99
2021-04-13 21:18:23.091 T:4972 DEBUG : CVideoPlayer::ProcessAudioData size:346 dts:29.559 pts:29.559 dur:23.000ms, clock:20.819 drop:0 level:99
2021-04-13 21:18:23.094 T:4763 DEBUG : CAMLCodec::PollFrame elapsed:35.549ms
2021-04-13 21:18:23.096 T:4973 DEBUG : CAMLCodec::GetTimeSize: len:24 dl:833080 fs:832688 front:60180
2021-04-13 21:18:23.097 T:4763 DEBUG : PrepareNextRender: frameOnScreen: 20.824 renderPts: 20.991 nextFramePts: 20.980 -> diff: 0.011 render: 1 forceNext: 0
2021-04-13 21:18:23.099 T:4763 DEBUG : CAMLCodec::ReleaseFrame idx:503, drop:0
2021-04-13 21:18:23.103 T:4973 DEBUG : CAMLCodec::GetTimeSize: len:24 dl:772884 fs:832688 front:60180
