2021-04-13 21:18:15.810 T:4973 DEBUG : CAMLCodec::AddData: dl:277209 sum:276805 sz:13412 dts:14.807 pts:14.807 overflow:0
2021-04-13 21:18:15.810 T:4973 DEBUG : CAMLCodec::GetTimeSize: len:24 dl:277209 fs:276805 front:1706
2021-04-13 21:18:15.837 T:4763 INFO : Skipped 4 duplicate messages..
2021-04-13 21:18:15.837 T:4763 DEBUG : CAMLCodec::PollFrame elapsed:37.601ms
2021-04-13 21:18:15.839 T:4763 DEBUG : PrepareNextRender: frameOnScreen: 13.567 renderPts: 13.733 nextFramePts: 13.723 -> diff: 0.010 render: 1 forceNext: 0
2021-04-13 21:18:15.840 T:4974 DEBUG : CVideoPlayerAudio::OutputPacket: pts:14.303 curr_pts:13.568 clock:13.568 level:99
2021-04-13 21:18:15.841 T:4763 DEBUG : CAMLCodec::ReleaseFrame idx:329, drop:0
2021-04-13 21:18:15.841 T:4974 DEBUG : CVideoPlayerAudio::OutputPacket: pts:14.327 curr_pts:13.569 clock:13.569 level:99
2021-04-13 21:18:15.841 T:4974 DEBUG : CVideoPlayerAudio::OutputPacket: pts:14.350 curr_pts:13.570 clock:13.569 level:99
2021-04-13 21:18:15.842 T:4972 DEBUG : CVideoPlayer::ProcessAudioData size:371 dts:22.268 pts:22.268 dur:23.000ms, clock:13.569 drop:0 level:99
2021-04-13 21:18:15.842 T:4972 DEBUG : CVideoPlayer::ProcessVideoData size:15373 dts:22.272 pts:22.272 dur:41.000ms, clock:13.570 level:93
2021-04-13 21:18:15.842 T:4972 DEBUG : CVideoPlayer::ProcessAudioData size:375 dts:22.291 pts:22.291 dur:23.000ms, clock:13.570 drop:0 level:99
2021-04-13 21:18:15.842 T:4972 DEBUG : CVideoPlayer::ProcessVideoData size:18531 dts:22.314 pts:22.314 dur:41.000ms, clock:13.570 level:93
2021-04-13 21:18:15.841 T:4973 DEBUG : CAMLCodec::GetTimeSize: len:24 dl:277209 fs:276805 front:1706
2021-04-13 21:18:15.842 T:4972 DEBUG : CVideoPlayer::ProcessAudioData size:482 dts:22.314 pts:22.314 dur:23.000ms, clock:13.570 drop:0 level:99
2021-04-13 21:18:15.842 T:4973 DEBUG : CAMLCodec::DequeueBuffer: pts:13.848 idx:332
2021-04-13 21:18:15.843 T:4973 DEBUG : CAMLCodec::GetPicture: index: 332, pts: 13.848, dur:42ms ar:0.00
2021-04-13 21:18:15.843 T:4973 DEBUG : CVideoPlayerVideo::OutputPicture - ttd:277ms pts:13.848 Clock:13.571 Level:2
2021-04-13 21:18:15.844 T:4973 DEBUG : CAMLCodec::GetTimeSize: len:24 dl:275487 fs:276805 front:1706
2021-04-13 21:18:15.844 T:4973 DEBUG : CAMLCodec::GetTimeSize: len:23 dl:275487 fs:275099 front:1134
2021-04-13 21:18:15.849 T:4973 DEBUG : CAMLCodec::AddData: dl:292873 sum:292469 sz:17370 dts:14.849 pts:14.849 overflow:0
2021-04-13 21:18:15.849 T:4973 DEBUG : CAMLCodec::GetTimeSize: len:24 dl:292873 fs:292469 front:1134
2021-04-13 21:18:15.878 T:4763 INFO : Skipped 4 duplicate messages..
2021-04-13 21:18:15.878 T:4763 DEBUG : CAMLCodec::PollFrame elapsed:37.305ms
2021-04-13 21:18:15.880 T:4973 DEBUG : CAMLCodec::GetTimeSize: len:24 dl:292873 fs:292469 front:1134
2021-04-13 21:18:15.881 T:4763 DEBUG : PrepareNextRender: frameOnScreen: 13.609 renderPts: 13.776 nextFramePts: 13.764 -> diff: 0.012 render: 1 forceNext: 0
2021-04-13 21:18:15.883 T:4763 DEBUG : CAMLCodec::ReleaseFrame idx:330, drop:0
2021-04-13 21:18:15.887 T:4973 DEBUG : CAMLCodec::GetTimeSize: len:24 dl:291723 fs:292469 front:1134
2021-04-13 21:18:15.887 T:4973 DEBUG : CAMLCodec::GetTimeSize: len:23 dl:291723 fs:291335 front:139
2021-04-13 21:18:15.887 T:4973 DEBUG : CAMLCodec::DequeueBuffer: pts:13.889 idx:333
2021-04-13 21:18:15.887 T:4973 DEBUG : CAMLCodec::GetPicture: index: 333, pts: 13.889, dur:41ms ar:0.00
2021-04-13 21:18:15.887 T:4973 DEBUG : CVideoPlayerVideo::OutputPicture - ttd:273ms pts:13.889 Clock:13.615 Level:2
2021-04-13 21:18:15.888 T:4973 DEBUG : CAMLCodec::GetTimeSize: len:23 dl:291723 fs:291335 front:139
2021-04-13 21:18:15.890 T:4974 DEBUG : CVideoPlayerAudio::OutputPacket: pts:14.373 curr_pts:13.618 clock:13.618 level:99
2021-04-13 21:18:15.890 T:4974 DEBUG : CVideoPlayerAudio::OutputPacket: pts:14.396 curr_pts:13.619 clock:13.618 level:99
2021-04-13 21:18:15.893 T:4972 DEBUG : CVideoPlayer::ProcessAudioData size:388 dts:22.338 pts:22.338 dur:23.000ms, clock:13.621 drop:0 level:99
2021-04-13 21:18:15.893 T:4972 DEBUG : CVideoPlayer::ProcessVideoData size:19929 dts:22.356 pts:22.356 dur:41.000ms, clock:13.621 level:93
2021-04-13 21:18:15.894 T:4972 DEBUG : CVideoPlayer::ProcessAudioData size:466 dts:22.361 pts:22.361 dur:23.000ms, clock:13.621 drop:0 level:99
2021-04-13 21:18:15.894 T:4973 DEBUG : CAMLCodec::AddData: dl:306435 sum:306031 sz:14696 dts:14.890 pts:14.890 overflow:0
2021-04-13 21:18:15.894 T:4973 DEBUG : CAMLCodec::GetTimeSize: len:24 dl:306435 fs:306031 front:139
2021-04-13 21:18:15.920 T:4763 INFO : Skipped 4 duplicate messages..
2021-04-13 21:18:15.920 T:4763 DEBUG : CAMLCodec::PollFrame elapsed:36.933ms
2021-04-13 21:18:15.923 T:4763 DEBUG : PrepareNextRender: frameOnScreen: 13.651 renderPts: 13.817 nextFramePts: 13.806 -> diff: 0.011 render: 1 forceNext: 0
2021-04-13 21:18:15.925 T:4763 DEBUG : CAMLCodec::ReleaseFrame idx:331, drop:0
2021-04-13 21:18:15.925 T:4973 DEBUG : CAMLCodec::GetTimeSize: len:24 dl:306280 fs:306031 front:139
2021-04-13 21:18:15.925 T:4973 DEBUG : CAMLCodec::DequeueBuffer: pts:13.931 idx:334
2021-04-13 21:18:15.925 T:4973 DEBUG : CAMLCodec::GetPicture: index: 334, pts: 13.931, dur:42ms ar:0.00
2021-04-13 21:18:15.925 T:4973 DEBUG : CVideoPlayerVideo::OutputPicture - ttd:277ms pts:13.931 Clock:13.653 Level:2
2021-04-13 21:18:15.927 T:4973 DEBUG : CAMLCodec::GetTimeSize: len:24 dl:306280 fs:306031 front:139
2021-04-13 21:18:15.933 T:4973 DEBUG : CAMLCodec::GetTimeSize: len:24 dl:305272 fs:306031 front:139
2021-04-13 21:18:15.933 T:4973 DEBUG : CAMLCodec::GetTimeSize: len:23 dl:305272 fs:305892 front:992
2021-04-13 21:18:15.933 T:4973 DEBUG : CAMLCodec::GetTimeSize: len:22 dl:305272 fs:304900 front:1587
2021-04-13 21:18:15.933 T:4973 DEBUG : CAMLCodec::DequeueBuffer: pts:13.973 idx:335
2021-04-13 21:18:15.933 T:4973 DEBUG : CAMLCodec::GetPicture: index: 335, pts: 13.973, dur:42ms ar:0.00
2021-04-13 21:18:15.933 T:4973 DEBUG : CVideoPlayerVideo::OutputPicture - ttd:311ms pts:13.973 Clock:13.661 Level:3
2021-04-13 21:18:15.934 T:4973 DEBUG : CAMLCodec::GetTimeSize: len:22 dl:305272 fs:304900 front:1587
2021-04-13 21:18:15.939 T:4973 DEBUG : CAMLCodec::AddData: dl:321485 sum:321097 sz:16197 dts:14.932 pts:14.932 overflow:0
2021-04-13 21:18:15.939 T:4973 DEBUG : CAMLCodec::GetTimeSize: len:23 dl:321485 fs:321097 front:1587
2021-04-13 21:18:15.940 T:4974 DEBUG : CVideoPlayerAudio::OutputPacket: pts:14.420 curr_pts:13.668 clock:13.668 level:99
2021-04-13 21:18:15.940 T:4974 DEBUG : CVideoPlayerAudio::OutputPacket: pts:14.443 curr_pts:13.669 clock:13.668 level:99
2021-04-13 21:18:15.944 T:4972 DEBUG : CVideoPlayer::ProcessAudioData size:334 dts:22.384 pts:22.384 dur:23.000ms, clock:13.672 drop:0 level:99
2021-04-13 21:18:15.945 T:4972 DEBUG : CVideoPlayer::ProcessVideoData size:18456 dts:22.398 pts:22.398 dur:41.000ms, clock:13.672 level:93
2021-04-13 21:18:15.945 T:4972 DEBUG : CVideoPlayer::ProcessAudioData size:363 dts:22.407 pts:22.407 dur:23.000ms, clock:13.673 drop:0 level:99
2021-04-13 21:18:15.945 T:4973 DEBUG : CAMLCodec::AddData: dl:337089 sum:336685 sz:15588 dts:14.974 pts:14.974 overflow:0
2021-04-13 21:18:15.945 T:4973 DEBUG : CAMLCodec::GetTimeSize: len:24 dl:337089 fs:336685 front:1587
2021-04-13 21:18:15.962 T:4763 INFO : Skipped 2 duplicate messages..
2021-04-13 21:18:15.962 T:4763 DEBUG : CAMLCodec::PollFrame elapsed:36.808ms
2021-04-13 21:18:15.964 T:4973 DEBUG : CAMLCodec::GetTimeSize: len:24 dl:337089 fs:336685 front:1587
2021-04-13 21:18:15.964 T:4763 DEBUG : PrepareNextRender: frameOnScreen: 13.692 renderPts: 13.859 nextFramePts: 13.848 -> diff: 0.011 render: 1 forceNext: 0
2021-04-13 21:18:15.966 T:4763 DEBUG : CAMLCodec::ReleaseFrame idx:332, drop:0
2021-04-13 21:18:15.970 T:4973 DEBUG : CAMLCodec::GetTimeSize: len:24 dl:335486 fs:336685 front:1587
2021-04-13 21:18:15.970 T:4973 DEBUG : CAMLCodec::GetTimeSize: len:23 dl:335486 fs:335098 front:1395
2021-04-13 21:18:15.970 T:4973 DEBUG : CAMLCodec::DequeueBuffer: pts:14.014 idx:336
2021-04-13 21:18:15.971 T:4973 DEBUG : CAMLCodec::GetPicture: index: 336, pts: 14.014, dur:41ms ar:0.00
2021-04-13 21:18:15.971 T:4973 DEBUG : CVideoPlayerVideo::OutputPicture - ttd:315ms pts:14.014 Clock:13.699 Level:3
2021-04-13 21:18:15.972 T:4973 DEBUG : CAMLCodec::GetTimeSize: len:23 dl:335486 fs:335098 front:1395
2021-04-13 21:18:15.977 T:4973 DEBUG : CAMLCodec::AddData: dl:351524 sum:351120 sz:16022 dts:15.015 pts:15.015 overflow:0
2021-04-13 21:18:15.977 T:4973 DEBUG : CAMLCodec::GetTimeSize: len:24 dl:351524 fs:351120 front:1395
2021-04-13 21:18:15.989 T:4974 INFO : Skipped 1 duplicate messages..
2021-04-13 21:18:15.989 T:4974 DEBUG : CVideoPlayerAudio::OutputPacket: pts:14.466 curr_pts:13.718 clock:13.717 level:99
2021-04-13 21:18:15.990 T:4973 DEBUG : CAMLCodec::GetTimeSize: len:24 dl:351524 fs:351120 front:1395
2021-04-13 21:18:15.990 T:4974 DEBUG : CVideoPlayerAudio::OutputPacket: pts:14.489 curr_pts:13.718 clock:13.718 level:99
2021-04-13 21:18:15.995 T:4972 DEBUG : CVideoPlayer::ProcessAudioData size:347 dts:22.430 pts:22.430 dur:23.000ms, clock:13.723 drop:0 level:99
2021-04-13 21:18:15.996 T:4972 DEBUG : CVideoPlayer::ProcessVideoData size:16770 dts:22.439 pts:22.439 dur:41.000ms, clock:13.724 level:92
2021-04-13 21:18:15.996 T:4972 DEBUG : CVideoPlayer::ProcessAudioData size:478 dts:22.454 pts:22.454 dur:23.000ms, clock:13.724 drop:0 level:99
2021-04-13 21:18:15.997 T:4973 DEBUG : CAMLCodec::GetTimeSize: len:24 dl:351524 fs:351120 front:1395
2021-04-13 21:18:16.003 T:4763 INFO : Skipped 1 duplicate messages..
2021-04-13 21:18:16.003 T:4763 DEBUG : CAMLCodec::PollFrame elapsed:36.984ms
2021-04-13 21:18:16.006 T:4763 DEBUG : PrepareNextRender: frameOnScreen: 13.734 renderPts: 13.900 nextFramePts: 13.889 -> diff: 0.011 render: 1 forceNext: 0
2021-04-13 21:18:16.008 T:4763 DEBUG : CAMLCodec::ReleaseFrame idx:333, drop:0
2021-04-13 21:18:16.010 T:4973 DEBUG : CAMLCodec::GetTimeSize: len:24 dl:350113 fs:351120 front:1395
2021-04-13 21:18:16.010 T:4973 DEBUG : CAMLCodec::GetTimeSize: len:23 dl:350113 fs:349725 front:1570
2021-04-13 21:18:16.010 T:4973 DEBUG : CAMLCodec::DequeueBuffer: pts:14.056 idx:337
2021-04-13 21:18:16.010 T:4973 DEBUG : CAMLCodec::GetPicture: index: 337, pts: 14.056, dur:42ms ar:0.00
2021-04-13 21:18:16.010 T:4973 DEBUG : CVideoPlayerVideo::OutputPicture - ttd:318ms pts:14.056 Clock:13.738 Level:3
2021-04-13 21:18:16.011 T:4973 DEBUG : CAMLCodec::GetTimeSize: len:23 dl:350113 fs:349725 front:1570
2021-04-13 21:18:16.016 T:4973 DEBUG : CAMLCodec::AddData: dl:364911 sum:364507 sz:14782 dts:15.057 pts:15.057 overflow:0
2021-04-13 21:18:16.016 T:4973 DEBUG : CAMLCodec::GetTimeSize: len:24 dl:364911 fs:364507 front:1570
2021-04-13 21:18:16.040 T:4974 INFO : Skipped 3 duplicate messages..
2021-04-13 21:18:16.040 T:4974 DEBUG : CVideoPlayerAudio::OutputPacket: pts:14.512 curr_pts:13.768 clock:13.767 level:99
2021-04-13 21:18:16.040 T:4974 DEBUG : CVideoPlayerAudio::OutputPacket: pts:14.536 curr_pts:13.768 clock:13.768 level:99
2021-04-13 21:18:16.041 T:4973 DEBUG : CAMLCodec::GetTimeSize: len:24 dl:364911 fs:364507 front:1570
2021-04-13 21:18:16.045 T:4763 DEBUG : CAMLCodec::PollFrame elapsed:37.130ms
2021-04-13 21:18:16.047 T:4972 DEBUG : CVideoPlayer::ProcessAudioData size:325 dts:22.477 pts:22.477 dur:23.000ms, clock:13.775 drop:0 level:99
2021-04-13 21:18:16.047 T:4972 DEBUG : CVideoPlayer::ProcessVideoData size:16652 dts:22.481 pts:22.481 dur:41.000ms, clock:13.775 level:92
2021-04-13 21:18:16.047 T:4972 DEBUG : CVideoPlayer::ProcessAudioData size:335 dts:22.500 pts:22.500 dur:23.000ms, clock:13.775 drop:0 level:99
2021-04-13 21:18:16.048 T:4763 DEBUG : PrepareNextRender: frameOnScreen: 13.776 renderPts: 13.942 nextFramePts: 13.931 -> diff: 0.011 render: 1 forceNext: 0
2021-04-13 21:18:16.049 T:4973 DEBUG : CAMLCodec::GetTimeSize: len:24 dl:364911 fs:364507 front:1570
2021-04-13 21:18:16.049 T:4763 DEBUG : CAMLCodec::ReleaseFrame idx:334, drop:0
2021-04-13 21:18:16.055 T:4973 DEBUG : CAMLCodec::GetTimeSize: len:24 dl:363325 fs:364507 front:1570
2021-04-13 21:18:16.055 T:4973 DEBUG : CAMLCodec::GetTimeSize: len:23 dl:363325 fs:362937 front:1741
2021-04-13 21:18:16.055 T:4973 DEBUG : CAMLCodec::DequeueBuffer: pts:14.098 idx:338
2021-04-13 21:18:16.055 T:4973 DEBUG : CAMLCodec::GetPicture: index: 338, pts: 14.098, dur:42ms ar:0.00
2021-04-13 21:18:16.055 T:4973 DEBUG : CVideoPlayerVideo::OutputPicture - ttd:314ms pts:14.098 Clock:13.783 Level:3
2021-04-13 21:18:16.057 T:4973 DEBUG : CAMLCodec::GetTimeSize: len:23 dl:363325 fs:362937 front:1741
2021-04-13 21:18:16.062 T:4973 DEBUG : CAMLCodec::AddData: dl:377785 sum:377381 sz:14444 dts:15.099 pts:15.099 overflow:0
2021-04-13 21:18:16.062 T:4973 DEBUG : CAMLCodec::GetTimeSize: len:24 dl:377785 fs:377381 front:1741
2021-04-13 21:18:16.087 T:4763 INFO : Skipped 4 duplicate messages..
2021-04-13 21:18:16.087 T:4763 DEBUG : CAMLCodec::PollFrame elapsed:37.400ms
2021-04-13 21:18:16.089 T:4763 DEBUG : PrepareNextRender: frameOnScreen: 13.817 renderPts: 13.984 nextFramePts: 13.973 -> diff: 0.011 render: 1 forceNext: 0
2021-04-13 21:18:16.090 T:4974 DEBUG : CVideoPlayerAudio::OutputPacket: pts:14.559 curr_pts:13.818 clock:13.818 level:99
2021-04-13 21:18:16.091 T:4974 DEBUG : CVideoPlayerAudio::OutputPacket: pts:14.582 curr_pts:13.819 clock:13.818 level:99
2021-04-13 21:18:16.091 T:4763 DEBUG : CAMLCodec::ReleaseFrame idx:335, drop:0
2021-04-13 21:18:16.093 T:4973 DEBUG : CAMLCodec::GetTimeSize: len:24 dl:376028 fs:377381 front:1741
2021-04-13 21:18:16.093 T:4973 DEBUG : CAMLCodec::GetTimeSize: len:23 dl:376028 fs:375640 front:2005
2021-04-13 21:18:16.093 T:4973 DEBUG : CAMLCodec::DequeueBuffer: pts:14.140 idx:339
2021-04-13 21:18:16.093 T:4973 DEBUG : CAMLCodec::GetPicture: index: 339, pts: 14.140, dur:42ms ar:0.00
2021-04-13 21:18:16.093 T:4973 DEBUG : CVideoPlayerVideo::OutputPicture - ttd:318ms pts:14.140 Clock:13.821 Level:3
2021-04-13 21:18:16.094 T:4973 DEBUG : CAMLCodec::GetTimeSize: len:23 dl:376028 fs:375640 front:2005
2021-04-13 21:18:16.098 T:4972 DEBUG : CVideoPlayer::ProcessVideoData size:18066 dts:22.523 pts:22.523 dur:41.000ms, clock:13.826 level:92
2021-04-13 21:18:16.098 T:4972 DEBUG : CVideoPlayer::ProcessAudioData size:330 dts:22.523 pts:22.523 dur:23.000ms, clock:13.826 drop:0 level:99
2021-04-13 21:18:16.098 T:4972 DEBUG : CVideoPlayer::ProcessAudioData size:341 dts:22.547 pts:22.547 dur:23.000ms, clock:13.826 drop:0 level:99
2021-04-13 21:18:16.100 T:4973 DEBUG : CAMLCodec::AddData: dl:391708 sum:391304 sz:15664 dts:15.141 pts:15.141 overflow:0
2021-04-13 21:18:16.100 T:4973 DEBUG : CAMLCodec::GetTimeSize: len:24 dl:391708 fs:391304 front:2005
2021-04-13 21:18:16.129 T:4763 INFO : Skipped 4 duplicate messages..
2021-04-13 21:18:16.129 T:4763 DEBUG : CAMLCodec::PollFrame elapsed:37.201ms
2021-04-13 21:18:16.131 T:4763 DEBUG : PrepareNextRender: frameOnScreen: 13.859 renderPts: 14.025 nextFramePts: 14.014 -> diff: 0.011 render: 1 forceNext: 0
2021-04-13 21:18:16.131 T:4973 DEBUG : CAMLCodec::GetTimeSize: len:24 dl:391708 fs:391304 front:2005
2021-04-13 21:18:16.132 T:4763 DEBUG : CAMLCodec::ReleaseFrame idx:336, drop:0
2021-04-13 21:18:16.137 T:4973 DEBUG : CAMLCodec::GetTimeSize: len:24 dl:389687 fs:391304 front:2005
2021-04-13 21:18:16.137 T:4973 DEBUG : CAMLCodec::GetTimeSize: len:23 dl:389687 fs:389299 front:3229
2021-04-13 21:18:16.138 T:4973 DEBUG : CAMLCodec::DequeueBuffer: pts:14.181 idx:340
2021-04-13 21:18:16.138 T:4973 DEBUG : CAMLCodec::GetPicture: index: 340, pts: 14.181, dur:41ms ar:0.00
2021-04-13 21:18:16.138 T:4973 DEBUG : CVideoPlayerVideo::OutputPicture - ttd:315ms pts:14.181 Clock:13.866 Level:3
2021-04-13 21:18:16.139 T:4973 DEBUG : CAMLCodec::GetTimeSize: len:23 dl:389687 fs:389299 front:3229
2021-04-13 21:18:16.140 T:4974 DEBUG : CVideoPlayerAudio::OutputPacket: pts:14.605 curr_pts:13.868 clock:13.868 level:99
2021-04-13 21:18:16.140 T:4974 DEBUG : CVideoPlayerAudio::OutputPacket: pts:14.629 curr_pts:13.868 clock:13.868 level:99
2021-04-13 21:18:16.144 T:4973 DEBUG : CAMLCodec::AddData: dl:389837 sum:389433 sz:134 dts:15.182 pts:15.182 overflow:0
2021-04-13 21:18:16.144 T:4973 DEBUG : CAMLCodec::GetTimeSize: len:24 dl:389837 fs:389433 front:3229
2021-04-13 21:18:16.149 T:4972 DEBUG : CVideoPlayer::ProcessVideoData size:18214 dts:22.564 pts:22.564 dur:41.000ms, clock:13.877 level:92
2021-04-13 21:18:16.149 T:4972 DEBUG : CVideoPlayer::ProcessAudioData size:356 dts:22.570 pts:22.570 dur:23.000ms, clock:13.877 drop:0 level:99
2021-04-13 21:18:16.149 T:4972 DEBUG : CVideoPlayer::ProcessAudioData size:347 dts:22.593 pts:22.593 dur:23.000ms, clock:13.877 drop:0 level:99
2021-04-13 21:18:16.151 T:4973 DEBUG : CAMLCodec::GetTimeSize: len:24 dl:389837 fs:389433 front:3229
2021-04-13 21:18:16.170 T:4763 INFO : Skipped 3 duplicate messages..
2021-04-13 21:18:16.170 T:4763 DEBUG : CAMLCodec::PollFrame elapsed:37.793ms
2021-04-13 21:18:16.172 T:4763 DEBUG : PrepareNextRender: frameOnScreen: 13.900 renderPts: 14.067 nextFramePts: 14.056 -> diff: 0.011 render: 1 forceNext: 0
2021-04-13 21:18:16.174 T:4763 DEBUG : CAMLCodec::ReleaseFrame idx:337, drop:0
2021-04-13 21:18:16.176 T:4973 DEBUG : CAMLCodec::GetTimeSize: len:24 dl:389837 fs:389433 front:3229
2021-04-13 21:18:16.190 T:4974 INFO : Skipped 2 duplicate messages..
2021-04-13 21:18:16.190 T:4974 DEBUG : CVideoPlayerAudio::OutputPacket: pts:14.652 curr_pts:13.918 clock:13.918 level:99
2021-04-13 21:18:16.190 T:4972 DEBUG : CVideoPlayer::ProcessVideoData size:11987 dts:22.606 pts:22.606 dur:41.000ms, clock:13.918 level:92
2021-04-13 21:18:16.190 T:4974 DEBUG : CVideoPlayerAudio::OutputPacket: pts:14.675 curr_pts:13.919 clock:13.918 level:99
2021-04-13 21:18:16.190 T:4974 DEBUG : CVideoPlayerAudio::OutputPacket: pts:14.698 curr_pts:13.919 clock:13.918 level:99
2021-04-13 21:18:16.190 T:4972 DEBUG : CVideoPlayer::ProcessAudioData size:359 dts:22.616 pts:22.616 dur:23.000ms, clock:13.918 drop:0 level:99
2021-04-13 21:18:16.191 T:4972 DEBUG : CVideoPlayer::ProcessAudioData size:403 dts:22.639 pts:22.639 dur:23.000ms, clock:13.919 drop:0 level:99
2021-04-13 21:18:16.191 T:4972 DEBUG : CVideoPlayer::ProcessVideoData size:1149 dts:22.648 pts:22.648 dur:41.000ms, clock:13.919 level:93
2021-04-13 21:18:16.191 T:4972 DEBUG : CVideoPlayer::ProcessAudioData size:349 dts:22.663 pts:22.663 dur:23.000ms, clock:13.919 drop:0 level:99
2021-04-13 21:18:16.194 T:4973 DEBUG : CAMLCodec::GetTimeSize: len:24 dl:389837 fs:389433 front:3229
2021-04-13 21:18:16.212 T:4763 INFO : Skipped 2 duplicate messages..
2021-04-13 21:18:16.212 T:4763 DEBUG : CAMLCodec::PollFrame elapsed:37.883ms
2021-04-13 21:18:16.213 T:4973 DEBUG : CAMLCodec::GetTimeSize: len:24 dl:389837 fs:389433 front:3229
2021-04-13 21:18:16.215 T:4763 DEBUG : PrepareNextRender: frameOnScreen: 13.943 renderPts: 14.110 nextFramePts: 14.098 -> diff: 0.012 render: 1 forceNext: 0
2021-04-13 21:18:16.217 T:4763 DEBUG : CAMLCodec::ReleaseFrame idx:338, drop:0
2021-04-13 21:18:16.220 T:4973 DEBUG : CAMLCodec::GetTimeSize: len:24 dl:386592 fs:389433 front:3229
2021-04-13 21:18:16.220 T:4973 DEBUG : CAMLCodec::GetTimeSize: len:23 dl:386592 fs:386204 front:28224
2021-04-13 21:18:16.220 T:4973 DEBUG : CAMLCodec::DequeueBuffer: pts:14.223 idx:341
2021-04-13 21:18:16.220 T:4973 DEBUG : CAMLCodec::GetPicture: index: 341, pts: 14.223, dur:42ms ar:0.00
2021-04-13 21:18:16.220 T:4973 DEBUG : CVideoPlayerVideo::OutputPicture - ttd:275ms pts:14.223 Clock:13.948 Level:2
2021-04-13 21:18:16.221 T:4973 DEBUG : CAMLCodec::GetTimeSize: len:23 dl:386592 fs:386204 front:28224
2021-04-13 21:18:16.226 T:4973 DEBUG : CAMLCodec::AddData: dl:406065 sum:405661 sz:19457 dts:15.224 pts:15.224 overflow:0
2021-04-13 21:18:16.226 T:4973 DEBUG : CAMLCodec::GetTimeSize: len:24 dl:406065 fs:405661 front:28224
2021-04-13 21:18:16.240 T:4974 INFO : Skipped 2 duplicate messages..
2021-04-13 21:18:16.240 T:4974 DEBUG : CVideoPlayerAudio::OutputPacket: pts:14.721 curr_pts:13.968 clock:13.968 level:99
2021-04-13 21:18:16.240 T:4974 DEBUG : CVideoPlayerAudio::OutputPacket: pts:14.745 curr_pts:13.968 clock:13.968 level:99
2021-04-13 21:18:16.241 T:4972 DEBUG : CVideoPlayer::ProcessAudioData size:353 dts:22.686 pts:22.686 dur:23.000ms, clock:13.969 drop:0 level:99
2021-04-13 21:18:16.242 T:4972 DEBUG : CVideoPlayer::ProcessVideoData size:85031 dts:22.690 pts:22.690 dur:41.000ms, clock:13.970 level:93
2021-04-13 21:18:16.242 T:4972 DEBUG : CVideoPlayer::ProcessAudioData size:347 dts:22.709 pts:22.709 dur:23.000ms, clock:13.970 drop:0 level:99
2021-04-13 21:18:16.245 T:4973 DEBUG : CAMLCodec::GetTimeSize: len:24 dl:406065 fs:405661 front:28224
2021-04-13 21:18:16.254 T:4763 INFO : Skipped 1 duplicate messages..
2021-04-13 21:18:16.254 T:4763 DEBUG : CAMLCodec::PollFrame elapsed:36.794ms
2021-04-13 21:18:16.256 T:4763 DEBUG : PrepareNextRender: frameOnScreen: 13.984 renderPts: 14.151 nextFramePts: 14.140 -> diff: 0.011 render: 1 forceNext: 0
2021-04-13 21:18:16.258 T:4763 DEBUG : CAMLCodec::ReleaseFrame idx:339, drop:0
2021-04-13 21:18:16.258 T:4973 DEBUG : CAMLCodec::GetTimeSize: len:24 dl:406065 fs:405661 front:28224
2021-04-13 21:18:16.264 T:4973 DEBUG : CAMLCodec::GetTimeSize: len:24 dl:377825 fs:405661 front:28224
2021-04-13 21:18:16.264 T:4973 DEBUG : CAMLCodec::GetTimeSize: len:23 dl:377825 fs:377437 front:38433
2021-04-13 21:18:16.264 T:4973 DEBUG : CAMLCodec::DequeueBuffer: pts:14.265 idx:342
2021-04-13 21:18:16.264 T:4973 DEBUG : CAMLCodec::GetPicture: index: 342, pts: 14.265, dur:42ms ar:0.00
2021-04-13 21:18:16.264 T:4973 DEBUG : CVideoPlayerVideo::OutputPicture - ttd:272ms pts:14.265 Clock:13.992 Level:2
2021-04-13 21:18:16.266 T:4973 DEBUG : CAMLCodec::GetTimeSize: len:23 dl:377825 fs:377437 front:38433
2021-04-13 21:18:16.271 T:4973 DEBUG : frame_number : 2, mag : 2; index_sz : 6
2021-04-13 21:18:16.271 T:4973 DEBUG : CAMLCodec::AddData: dl:361939 sum:416624 sz:39187 dts:15.266 pts:15.266 overflow:0
2021-04-13 21:18:16.271 T:4973 DEBUG : CAMLCodec::GetTimeSize: len:24 dl:361939 fs:416624 front:38433
2021-04-13 21:18:16.271 T:4973 DEBUG : CAMLCodec::GetTimeSize: len:23 dl:361939 fs:378191 front:16624
2021-04-13 21:18:16.271 T:4973 DEBUG : CAMLCodec::GetTimeSize: len:22 dl:361939 fs:361567 front:16753
2021-04-13 21:18:16.271 T:4973 DEBUG : CAMLCodec::DequeueBuffer: pts:14.306 idx:343
2021-04-13 21:18:16.271 T:4973 DEBUG : CAMLCodec::GetPicture: index: 343, pts: 14.306, dur:41ms ar:0.00
2021-04-13 21:18:16.271 T:4973 DEBUG : CVideoPlayerVideo::OutputPicture - ttd:306ms pts:14.306 Clock:13.999 Level:3
2021-04-13 21:18:16.272 T:4973 DEBUG : CAMLCodec::GetTimeSize: len:22 dl:361939 fs:361567 front:16753
2021-04-13 21:18:16.272 T:4973 DEBUG : CAMLCodec::DequeueBuffer: pts:14.348 idx:344
2021-04-13 21:18:16.272 T:4973 DEBUG : CAMLCodec::GetPicture: index: 344, pts: 14.348, dur:42ms ar:0.00
2021-04-13 21:18:16.272 T:4973 DEBUG : CVideoPlayerVideo::OutputPicture - ttd:347ms pts:14.348 Clock:14.000 Level:4
2021-04-13 21:18:16.274 T:4973 DEBUG : CAMLCodec::GetTimeSize: len:22 dl:361939 fs:361567 front:16753
2021-04-13 21:18:16.279 T:4973 DEBUG : CAMLCodec::AddData: dl:374256 sum:373868 sz:12301 dts:15.307 pts:15.307 overflow:0
2021-04-13 21:18:16.279 T:4973 DEBUG : CAMLCodec::GetTimeSize: len:23 dl:374256 fs:373868 front:16753
2021-04-13 21:18:16.284 T:4973 DEBUG : CAMLCodec::AddData: dl:384672 sum:384268 sz:10400 dts:15.349 pts:15.349 overflow:0
2021-04-13 21:18:16.284 T:4973 DEBUG : CAMLCodec::GetTimeSize: len:24 dl:384672 fs:384268 front:16753
2021-04-13 21:18:16.290 T:4974 DEBUG : CVideoPlayerAudio::OutputPacket: pts:14.768 curr_pts:14.018 clock:14.018 level:99
2021-04-13 21:18:16.290 T:4974 DEBUG : CVideoPlayerAudio::OutputPacket: pts:14.791 curr_pts:14.019 clock:14.018 level:99
2021-04-13 21:18:16.290 T:4973 DEBUG : CAMLCodec::GetTimeSize: len:24 dl:384672 fs:384268 front:16753
2021-04-13 21:18:16.293 T:4972 DEBUG : CVideoPlayer::ProcessVideoData size:13881 dts:22.731 pts:22.731 dur:41.000ms, clock:14.021 level:92
2021-04-13 21:18:16.293 T:4972 DEBUG : CVideoPlayer::ProcessAudioData size:367 dts:22.732 pts:22.732 dur:23.000ms, clock:14.021 drop:0 level:99
2021-04-13 21:18:16.293 T:4972 DEBUG : CVideoPlayer::ProcessAudioData size:404 dts:22.756 pts:22.756 dur:23.000ms, clock:14.021 drop:0 level:99
2021-04-13 21:18:16.295 T:4763 DEBUG : CAMLCodec::PollFrame elapsed:37.378ms
2021-04-13 21:18:16.297 T:4973 DEBUG : CAMLCodec::GetTimeSize: len:24 dl:384672 fs:384268 front:16753
2021-04-13 21:18:16.298 T:4763 DEBUG : PrepareNextRender: frameOnScreen: 14.026 renderPts: 14.193 nextFramePts: 14.181 -> diff: 0.012 render: 1 forceNext: 0
2021-04-13 21:18:16.300 T:4763 DEBUG : CAMLCodec::ReleaseFrame idx:340, drop:0
2021-04-13 21:18:16.303 T:4973 DEBUG : CAMLCodec::GetTimeSize: len:24 dl:367903 fs:384268 front:16753
2021-04-13 21:18:16.303 T:4973 DEBUG : CAMLCodec::GetTimeSize: len:23 dl:367903 fs:367515 front:20724
2021-04-13 21:18:16.303 T:4973 DEBUG : CAMLCodec::DequeueBuffer: pts:14.390 idx:345
2021-04-13 21:18:16.303 T:4973 DEBUG : CAMLCodec::GetPicture: index: 345, pts: 14.390, dur:42ms ar:0.00
2021-04-13 21:18:16.304 T:4973 DEBUG : CVideoPlayerVideo::OutputPicture - ttd:358ms pts:14.390 Clock:14.031 Level:4
2021-04-13 21:18:16.305 T:4973 DEBUG : CAMLCodec::GetTimeSize: len:23 dl:367903 fs:367515 front:20724
2021-04-13 21:18:16.310 T:4973 DEBUG : CAMLCodec::AddData: dl:378214 sum:377810 sz:10295 dts:15.391 pts:15.391 overflow:0
2021-04-13 21:18:16.310 T:4973 DEBUG : CAMLCodec::GetTimeSize: len:24 dl:378214 fs:377810 front:20724
2021-04-13 21:18:16.337 T:4763 INFO : Skipped 4 duplicate messages..
2021-04-13 21:18:16.337 T:4763 DEBUG : CAMLCodec::PollFrame elapsed:37.076ms
2021-04-13 21:18:16.340 T:4763 DEBUG : PrepareNextRender: frameOnScreen: 14.067 renderPts: 14.234 nextFramePts: 14.223 -> diff: 0.011 render: 1 forceNext: 0
2021-04-13 21:18:16.340 T:4974 DEBUG : CVideoPlayerAudio::OutputPacket: pts:14.814 curr_pts:14.068 clock:14.068 level:99
2021-04-13 21:18:16.341 T:4974 DEBUG : CVideoPlayerAudio::OutputPacket: pts:14.838 curr_pts:14.069 clock:14.069 level:99
2021-04-13 21:18:16.341 T:4763 DEBUG : CAMLCodec::ReleaseFrame idx:341, drop:0
2021-04-13 21:18:16.342 T:4973 DEBUG : CAMLCodec::GetTimeSize: len:24 dl:357474 fs:377810 front:20724
2021-04-13 21:18:16.342 T:4973 DEBUG : CAMLCodec::GetTimeSize: len:23 dl:357474 fs:357086 front:17498
2021-04-13 21:18:16.342 T:4973 DEBUG : CAMLCodec::DequeueBuffer: pts:14.432 idx:346
2021-04-13 21:18:16.343 T:4973 DEBUG : CAMLCodec::GetPicture: index: 346, pts: 14.432, dur:42ms ar:0.00
2021-04-13 21:18:16.343 T:4973 DEBUG : CVideoPlayerVideo::OutputPicture - ttd:361ms pts:14.432 Clock:14.070 Level:4
2021-04-13 21:18:16.344 T:4973 DEBUG : CAMLCodec::GetTimeSize: len:23 dl:357474 fs:357086 front:17498
2021-04-13 21:18:16.344 T:4972 DEBUG : CVideoPlayer::ProcessVideoData size:12398 dts:22.773 pts:22.773 dur:41.000ms, clock:14.072 level:92
2021-04-13 21:18:16.344 T:4972 DEBUG : CVideoPlayer::ProcessAudioData size:445 dts:22.779 pts:22.779 dur:23.000ms, clock:14.072 drop:0 level:99
2021-04-13 21:18:16.344 T:4972 DEBUG : CVideoPlayer::ProcessAudioData size:331 dts:22.802 pts:22.802 dur:23.000ms, clock:14.072 drop:0 level:99
2021-04-13 21:18:16.349 T:4973 DEBUG : CAMLCodec::AddData: dl:368197 sum:367793 sz:10707 dts:15.433 pts:15.433 overflow:0
2021-04-13 21:18:16.349 T:4973 DEBUG : CAMLCodec::GetTimeSize: len:24 dl:368197 fs:367793 front:17498
2021-04-13 21:18:16.379 T:4763 INFO : Skipped 4 duplicate messages..
2021-04-13 21:18:16.379 T:4763 DEBUG : CAMLCodec::PollFrame elapsed:37.325ms
2021-04-13 21:18:16.380 T:4973 DEBUG : CAMLCodec::GetTimeSize: len:24 dl:368197 fs:367793 front:17498
2021-04-13 21:18:16.381 T:4763 DEBUG : PrepareNextRender: frameOnScreen: 14.109 renderPts: 14.276 nextFramePts: 14.265 -> diff: 0.011 render: 1 forceNext: 0
2021-04-13 21:18:16.383 T:4763 DEBUG : CAMLCodec::ReleaseFrame idx:342, drop:0
2021-04-13 21:18:16.387 T:4973 DEBUG : CAMLCodec::GetTimeSize: len:24 dl:350683 fs:367793 front:17498
2021-04-13 21:18:16.387 T:4973 DEBUG : CAMLCodec::GetTimeSize: len:23 dl:350683 fs:350295 front:15434
2021-04-13 21:18:16.387 T:4973 DEBUG : CAMLCodec::DequeueBuffer: pts:14.473 idx:347
2021-04-13 21:18:16.387 T:4973 DEBUG : CAMLCodec::GetPicture: index: 347, pts: 14.473, dur:41ms ar:0.00
2021-04-13 21:18:16.387 T:4973 DEBUG : CVideoPlayerVideo::OutputPicture - ttd:358ms pts:14.473 Clock:14.115 Level:4
2021-04-13 21:18:16.388 T:4973 DEBUG : CAMLCodec::GetTimeSize: len:23 dl:350683 fs:350295 front:15434
2021-04-13 21:18:16.390 T:4974 DEBUG : CVideoPlayerAudio::OutputPacket: pts:14.861 curr_pts:14.119 clock:14.118 level:99
2021-04-13 21:18:16.390 T:4974 DEBUG : CVideoPlayerAudio::OutputPacket: pts:14.884 curr_pts:14.119 clock:14.118 level:99
2021-04-13 21:18:16.393 T:4973 DEBUG : CAMLCodec::AddData: dl:365390 sum:364986 sz:14691 dts:15.474 pts:15.474 overflow:0
2021-04-13 21:18:16.393 T:4973 DEBUG : CAMLCodec::GetTimeSize: len:24 dl:365390 fs:364986 front:15434
2021-04-13 21:18:16.395 T:4972 DEBUG : CVideoPlayer::ProcessVideoData size:16168 dts:22.815 pts:22.815 dur:41.000ms, clock:14.123 level:91
2021-04-13 21:18:16.395 T:4972 DEBUG : CVideoPlayer::ProcessAudioData size:350 dts:22.825 pts:22.825 dur:23.000ms, clock:14.123 drop:0 level:99
2021-04-13 21:18:16.395 T:4972 DEBUG : CVideoPlayer::ProcessAudioData size:418 dts:22.848 pts:22.848 dur:23.000ms, clock:14.123 drop:0 level:99
2021-04-13 21:18:16.400 T:4973 DEBUG : CAMLCodec::GetTimeSize: len:24 dl:365390 fs:364986 front:15434
2021-04-13 21:18:16.421 T:4763 INFO : Skipped 3 duplicate messages..
2021-04-13 21:18:16.420 T:4763 DEBUG : CAMLCodec::PollFrame elapsed:37.210ms
2021-04-13 21:18:16.423 T:4763 DEBUG : PrepareNextRender: frameOnScreen: 14.151 renderPts: 14.318 nextFramePts: 14.306 -> diff: 0.012 render: 1 forceNext: 0
2021-04-13 21:18:16.424 T:4763 DEBUG : CAMLCodec::ReleaseFrame idx:343, drop:0
2021-04-13 21:18:16.425 T:4973 DEBUG : CAMLCodec::GetTimeSize: len:24 dl:365390 fs:364986 front:15434
2021-04-13 21:18:16.431 T:4973 DEBUG : CAMLCodec::GetTimeSize: len:24 dl:349940 fs:364986 front:15434
2021-04-13 21:18:16.431 T:4973 DEBUG : CAMLCodec::GetTimeSize: len:23 dl:349940 fs:349552 front:13494
2021-04-13 21:18:16.431 T:4973 DEBUG : CAMLCodec::DequeueBuffer: pts:14.515 idx:348
2021-04-13 21:18:16.431 T:4973 DEBUG : CAMLCodec::GetPicture: index: 348, pts: 14.515, dur:42ms ar:0.00
2021-04-13 21:18:16.431 T:4973 DEBUG : CVideoPlayerVideo::OutputPicture - ttd:355ms pts:14.515 Clock:14.159 Level:4
2021-04-13 21:18:16.433 T:4973 DEBUG : CAMLCodec::GetTimeSize: len:23 dl:349940 fs:349552 front:13494
2021-04-13 21:18:16.438 T:4973 DEBUG : CAMLCodec::AddData: dl:363517 sum:363113 sz:13561 dts:15.516 pts:15.516 overflow:0
2021-04-13 21:18:16.438 T:4973 DEBUG : CAMLCodec::GetTimeSize: len:24 dl:363517 fs:363113 front:13494
2021-04-13 21:18:16.440 T:4974 DEBUG : CVideoPlayerAudio::OutputPacket: pts:14.907 curr_pts:14.168 clock:14.168 level:99
2021-04-13 21:18:16.440 T:4974 DEBUG : CVideoPlayerAudio::OutputPacket: pts:14.930 curr_pts:14.169 clock:14.168 level:99
2021-04-13 21:18:16.444 T:4973 DEBUG : CAMLCodec::GetTimeSize: len:24 dl:363517 fs:363113 front:13494
2021-04-13 21:18:16.446 T:4972 DEBUG : CVideoPlayer::ProcessVideoData size:13076 dts:22.856 pts:22.856 dur:41.000ms, clock:14.174 level:91
2021-04-13 21:18:16.446 T:4972 DEBUG : CVideoPlayer::ProcessAudioData size:347 dts:22.872 pts:22.872 dur:23.000ms, clock:14.174 drop:0 level:99
2021-04-13 21:18:16.446 T:4972 DEBUG : CVideoPlayer::ProcessAudioData size:350 dts:22.895 pts:22.895 dur:23.000ms, clock:14.174 drop:0 level:99
2021-04-13 21:18:16.450 T:4973 DEBUG : CAMLCodec::GetTimeSize: len:24 dl:363517 fs:363113 front:13494
2021-04-13 21:18:16.462 T:4763 INFO : Skipped 1 duplicate messages..
2021-04-13 21:18:16.462 T:4763 DEBUG : CAMLCodec::PollFrame elapsed:37.695ms
2021-04-13 21:18:16.463 T:4973 DEBUG : CAMLCodec::GetTimeSize: len:24 dl:363517 fs:363113 front:13494
2021-04-13 21:18:16.465 T:4763 DEBUG : PrepareNextRender: frameOnScreen: 14.193 renderPts: 14.360 nextFramePts: 14.348 -> diff: 0.012 render: 1 forceNext: 0
2021-04-13 21:18:16.467 T:4763 DEBUG : CAMLCodec::ReleaseFrame idx:344, drop:0
2021-04-13 21:18:16.469 T:4973 DEBUG : CAMLCodec::GetTimeSize: len:24 dl:350007 fs:363113 front:13494
2021-04-13 21:18:16.469 T:4973 DEBUG : CAMLCodec::GetTimeSize: len:23 dl:350007 fs:349619 front:12764
2021-04-13 21:18:16.470 T:4973 DEBUG : CAMLCodec::DequeueBuffer: pts:14.557 idx:349
2021-04-13 21:18:16.470 T:4973 DEBUG : CAMLCodec::GetPicture: index: 349, pts: 14.557, dur:42ms ar:0.00
2021-04-13 21:18:16.470 T:4973 DEBUG : CVideoPlayerVideo::OutputPicture - ttd:359ms pts:14.557 Clock:14.198 Level:4
2021-04-13 21:18:16.471 T:4973 DEBUG : CAMLCodec::GetTimeSize: len:23 dl:350007 fs:349619 front:12764
2021-04-13 21:18:16.476 T:4973 DEBUG : CAMLCodec::AddData: dl:360675 sum:360271 sz:10652 dts:15.558 pts:15.558 overflow:0
2021-04-13 21:18:16.476 T:4973 DEBUG : CAMLCodec::GetTimeSize: len:24 dl:360675 fs:360271 front:12764
2021-04-13 21:18:16.490 T:4974 INFO : Skipped 2 duplicate messages..
2021-04-13 21:18:16.490 T:4974 DEBUG : CVideoPlayerAudio::OutputPacket: pts:14.954 curr_pts:14.218 clock:14.218 level:99
2021-04-13 21:18:16.490 T:4974 DEBUG : CVideoPlayerAudio::OutputPacket: pts:14.977 curr_pts:14.219 clock:14.218 level:99
2021-04-13 21:18:16.495 T:4973 DEBUG : CAMLCodec::GetTimeSize: len:24 dl:360675 fs:360271 front:12764
2021-04-13 21:18:16.497 T:4972 DEBUG : CVideoPlayer::ProcessVideoData size:11530 dts:22.898 pts:22.898 dur:41.000ms, clock:14.225 level:91
2021-04-13 21:18:16.497 T:4972 DEBUG : CVideoPlayer::ProcessAudioData size:349 dts:22.918 pts:22.918 dur:23.000ms, clock:14.225 drop:0 level:99
2021-04-13 21:18:16.497 T:4972 DEBUG : CVideoPlayer::ProcessVideoData size:10077 dts:22.940 pts:22.940 dur:41.000ms, clock:14.225 level:92
2021-04-13 21:18:16.497 T:4972 DEBUG : CVideoPlayer::ProcessAudioData size:351 dts:22.941 pts:22.941 dur:23.000ms, clock:14.225 drop:0 level:99
2021-04-13 21:18:16.501 T:4973 DEBUG : CAMLCodec::GetTimeSize: len:24 dl:360675 fs:360271 front:12764
2021-04-13 21:18:16.504 T:4763 DEBUG : CAMLCodec::PollFrame elapsed:37.071ms
2021-04-13 21:18:16.506 T:4763 DEBUG : PrepareNextRender: frameOnScreen: 14.234 renderPts: 14.401 nextFramePts: 14.390 -> diff: 0.011 render: 1 forceNext: 0
2021-04-13 21:18:16.508 T:4973 DEBUG : CAMLCodec::GetTimeSize: len:24 dl:360675 fs:360271 front:12764
2021-04-13 21:18:16.508 T:4763 DEBUG : CAMLCodec::ReleaseFrame idx:345, drop:0
2021-04-13 21:18:16.514 T:4973 DEBUG : CAMLCodec::GetTimeSize: len:24 dl:360675 fs:360271 front:12764
2021-04-13 21:18:16.539 T:4974 INFO : Skipped 4 duplicate messages..
2021-04-13 21:18:16.539 T:4974 DEBUG : CVideoPlayerAudio::OutputPacket: pts:15.000 curr_pts:14.268 clock:14.267 level:99
2021-04-13 21:18:16.540 T:4974 DEBUG : CVideoPlayerAudio::OutputPacket: pts:15.023 curr_pts:14.268 clock:14.268 level:99
2021-04-13 21:18:16.540 T:4974 DEBUG : CVideoPlayerAudio::OutputPacket: pts:15.047 curr_pts:14.268 clock:14.268 level:99
2021-04-13 21:18:16.545 T:4973 DEBUG : CAMLCodec::GetTimeSize: len:24 dl:360675 fs:360271 front:12764
2021-04-13 21:18:16.546 T:4763 DEBUG : CAMLCodec::PollFrame elapsed:37.809ms
2021-04-13 21:18:16.548 T:4763 DEBUG : PrepareNextRender: frameOnScreen: 14.276 renderPts: 14.443 nextFramePts: 14.432 -> diff: 0.011 render: 1 forceNext: 0
2021-04-13 21:18:16.548 T:4972 DEBUG : CVideoPlayer::ProcessAudioData size:356 dts:22.965 pts:22.965 dur:23.000ms, clock:14.276 drop:0 level:99
2021-04-13 21:18:16.549 T:4972 DEBUG : CVideoPlayer::ProcessVideoData size:11270 dts:22.982 pts:22.982 dur:41.000ms, clock:14.276 level:92
2021-04-13 21:18:16.549 T:4972 DEBUG : CVideoPlayer::ProcessAudioData size:371 dts:22.988 pts:22.988 dur:23.000ms, clock:14.277 drop:0 level:99
2021-04-13 21:18:16.549 T:4972 DEBUG : CVideoPlayer::ProcessAudioData size:465 dts:23.011 pts:23.011 dur:23.000ms, clock:14.277 drop:0 level:99
2021-04-13 21:18:16.550 T:4763 DEBUG : CAMLCodec::ReleaseFrame idx:346, drop:0
2021-04-13 21:18:16.552 T:4973 DEBUG : CAMLCodec::GetTimeSize: len:24 dl:347895 fs:360271 front:12764
2021-04-13 21:18:16.552 T:4973 DEBUG : CAMLCodec::GetTimeSize: len:23 dl:347895 fs:347507 front:13353
2021-04-13 21:18:16.552 T:4973 DEBUG : CAMLCodec::DequeueBuffer: pts:14.598 idx:350
2021-04-13 21:18:16.552 T:4973 DEBUG : CAMLCodec::GetPicture: index: 350, pts: 14.598, dur:41ms ar:0.00
2021-04-13 21:18:16.552 T:4973 DEBUG : CVideoPlayerVideo::OutputPicture - ttd:318ms pts:14.598 Clock:14.280 Level:3
2021-04-13 21:18:16.553 T:4973 DEBUG : CAMLCodec::GetTimeSize: len:23 dl:347895 fs:347507 front:13353
2021-04-13 21:18:16.558 T:4973 DEBUG : CAMLCodec::AddData: dl:358545 sum:358141 sz:10634 dts:15.599 pts:15.599 overflow:0
2021-04-13 21:18:16.558 T:4973 DEBUG : CAMLCodec::GetTimeSize: len:24 dl:358545 fs:358141 front:13353
2021-04-13 21:18:16.587 T:4763 INFO : Skipped 4 duplicate messages..
2021-04-13 21:18:16.587 T:4763 DEBUG : CAMLCodec::PollFrame elapsed:37.534ms
2021-04-13 21:18:16.590 T:4973 DEBUG : CAMLCodec::GetTimeSize: len:24 dl:358545 fs:358141 front:13353
2021-04-13 21:18:16.590 T:4763 DEBUG : PrepareNextRender: frameOnScreen: 14.318 renderPts: 14.484 nextFramePts: 14.473 -> diff: 0.011 render: 1 forceNext: 0
2021-04-13 21:18:16.590 T:4974 DEBUG : CVideoPlayerAudio::OutputPacket: pts:15.070 curr_pts:14.318 clock:14.318 level:99
2021-04-13 21:18:16.590 T:4974 DEBUG : CVideoPlayerAudio::OutputPacket: pts:15.093 curr_pts:14.319 clock:14.318 level:99
2021-04-13 21:18:16.591 T:4763 DEBUG : CAMLCodec::ReleaseFrame idx:347, drop:0
2021-04-13 21:18:16.596 T:4973 DEBUG : CAMLCodec::GetTimeSize: len:24 dl:345176 fs:358141 front:13353
2021-04-13 21:18:16.596 T:4973 DEBUG : CAMLCodec::GetTimeSize: len:23 dl:345176 fs:344788 front:13784
2021-04-13 21:18:16.596 T:4973 DEBUG : CAMLCodec::DequeueBuffer: pts:14.640 idx:351
2021-04-13 21:18:16.596 T:4973 DEBUG : CAMLCodec::GetPicture: index: 351, pts: 14.640, dur:42ms ar:0.00
2021-04-13 21:18:16.596 T:4973 DEBUG : CVideoPlayerVideo::OutputPicture - ttd:315ms pts:14.640 Clock:14.324 Level:3
2021-04-13 21:18:16.597 T:4973 DEBUG : CAMLCodec::GetTimeSize: len:23 dl:345176 fs:344788 front:13784
2021-04-13 21:18:16.600 T:4972 DEBUG : CVideoPlayer::ProcessVideoData size:9416 dts:23.023 pts:23.023 dur:41.000ms, clock:14.328 level:92
2021-04-13 21:18:16.600 T:4972 DEBUG : CVideoPlayer::ProcessAudioData size:346 dts:23.034 pts:23.034 dur:23.000ms, clock:14.328 drop:0 level:99
2021-04-13 21:18:16.600 T:4972 DEBUG : CVideoPlayer::ProcessAudioData size:346 dts:23.057 pts:23.057 dur:23.000ms, clock:14.328 drop:0 level:99
2021-04-13 21:18:16.603 T:4973 DEBUG : CAMLCodec::AddData: dl:357525 sum:357121 sz:12333 dts:15.641 pts:15.641 overflow:0
2021-04-13 21:18:16.603 T:4973 DEBUG : CAMLCodec::GetTimeSize: len:24 dl:357525 fs:357121 front:13784
2021-04-13 21:18:16.629 T:4763 INFO : Skipped 4 duplicate messages..
2021-04-13 21:18:16.629 T:4763 DEBUG : CAMLCodec::PollFrame elapsed:37.342ms
2021-04-13 21:18:16.631 T:4763 DEBUG : PrepareNextRender: frameOnScreen: 14.359 renderPts: 14.526 nextFramePts: 14.515 -> diff: 0.011 render: 1 forceNext: 0
2021-04-13 21:18:16.633 T:4763 DEBUG : CAMLCodec::ReleaseFrame idx:348, drop:0
2021-04-13 21:18:16.634 T:4973 DEBUG : CAMLCodec::GetTimeSize: len:24 dl:357525 fs:357121 front:13784
2021-04-13 21:18:16.640 T:4974 DEBUG : CVideoPlayerAudio::OutputPacket: pts:15.116 curr_pts:14.368 clock:14.368 level:99
2021-04-13 21:18:16.640 T:4974 DEBUG : CVideoPlayerAudio::OutputPacket: pts:15.139 curr_pts:14.368 clock:14.368 level:99
2021-04-13 21:18:16.641 T:4972 DEBUG : CVideoPlayer::ProcessVideoData size:6623 dts:23.065 pts:23.065 dur:41.000ms, clock:14.369 level:92
2021-04-13 21:18:16.641 T:4972 DEBUG : CVideoPlayer::ProcessAudioData size:343 dts:23.081 pts:23.081 dur:23.000ms, clock:14.369 drop:0 level:99
2021-04-13 21:18:16.641 T:4972 DEBUG : CVideoPlayer::ProcessAudioData size:362 dts:23.104 pts:23.104 dur:23.000ms, clock:14.369 drop:0 level:99
2021-04-13 21:18:16.642 T:4973 DEBUG : CAMLCodec::GetTimeSize: len:24 dl:343725 fs:357121 front:13784
2021-04-13 21:18:16.642 T:4973 DEBUG : CAMLCodec::GetTimeSize: len:23 dl:343725 fs:343337 front:2408
2021-04-13 21:18:16.642 T:4973 DEBUG : CAMLCodec::DequeueBuffer: pts:14.682 idx:352
2021-04-13 21:18:16.642 T:4973 DEBUG : CAMLCodec::GetPicture: index: 352, pts: 14.682, dur:42ms ar:0.00
2021-04-13 21:18:16.642 T:4973 DEBUG : CVideoPlayerVideo::OutputPicture - ttd:311ms pts:14.682 Clock:14.370 Level:3
2021-04-13 21:18:16.643 T:4973 DEBUG : CAMLCodec::GetTimeSize: len:23 dl:343725 fs:343337 front:2408
2021-04-13 21:18:16.649 T:4973 DEBUG : CAMLCodec::AddData: dl:354327 sum:353923 sz:10586 dts:15.683 pts:15.683 overflow:0
2021-04-13 21:18:16.649 T:4973 DEBUG : CAMLCodec::GetTimeSize: len:24 dl:354327 fs:353923 front:2408
2021-04-13 21:18:16.671 T:4763 INFO : Skipped 3 duplicate messages..
2021-04-13 21:18:16.671 T:4763 DEBUG : CAMLCodec::PollFrame elapsed:37.188ms
2021-04-13 21:18:16.673 T:4763 DEBUG : PrepareNextRender: frameOnScreen: 14.401 renderPts: 14.568 nextFramePts: 14.557 -> diff: 0.011 render: 1 forceNext: 0
2021-04-13 21:18:16.674 T:4973 DEBUG : CAMLCodec::GetTimeSize: len:24 dl:354327 fs:353923 front:2408
2021-04-13 21:18:16.675 T:4763 DEBUG : CAMLCodec::ReleaseFrame idx:349, drop:0
2021-04-13 21:18:16.680 T:4973 DEBUG : CAMLCodec::GetTimeSize: len:24 dl:351903 fs:353923 front:2408
2021-04-13 21:18:16.680 T:4973 DEBUG : CAMLCodec::GetTimeSize: len:23 dl:351903 fs:351515 front:38402
2021-04-13 21:18:16.680 T:4973 DEBUG : CAMLCodec::DequeueBuffer: pts:14.724 idx:353
2021-04-13 21:18:16.680 T:4973 DEBUG : CAMLCodec::GetPicture: index: 353, pts: 14.724, dur:42ms ar:0.00
2021-04-13 21:18:16.681 T:4973 DEBUG : CVideoPlayerVideo::OutputPicture - ttd:315ms pts:14.724 Clock:14.408 Level:3
2021-04-13 21:18:16.682 T:4973 DEBUG : CAMLCodec::GetTimeSize: len:23 dl:351903 fs:351515 front:38402
2021-04-13 21:18:16.687 T:4973 DEBUG : CAMLCodec::AddData: dl:314661 sum:352685 sz:1170 dts:15.725 pts:15.725 overflow:0
2021-04-13 21:18:16.687 T:4973 DEBUG : CAMLCodec::GetTimeSize: len:24 dl:314661 fs:352685 front:38402
2021-04-13 21:18:16.687 T:4973 DEBUG : CAMLCodec::GetTimeSize: len:23 dl:314661 fs:314283 front:13412
2021-04-13 21:18:16.687 T:4973 DEBUG : CAMLCodec::DequeueBuffer: pts:14.765 idx:354
2021-04-13 21:18:16.687 T:4973 DEBUG : CAMLCodec::GetPicture: index: 354, pts: 14.765, dur:41ms ar:0.00
2021-04-13 21:18:16.687 T:4973 DEBUG : CVideoPlayerVideo::OutputPicture - ttd:350ms pts:14.765 Clock:14.415 Level:4
2021-04-13 21:18:16.688 T:4973 DEBUG : CAMLCodec::GetTimeSize: len:23 dl:314661 fs:314283 front:13412
2021-04-13 21:18:16.690 T:4974 DEBUG : CVideoPlayerAudio::OutputPacket: pts:15.163 curr_pts:14.418 clock:14.418 level:99
2021-04-13 21:18:16.690 T:4974 DEBUG : CVideoPlayerAudio::OutputPacket: pts:15.186 curr_pts:14.419 clock:14.418 level:99
2021-04-13 21:18:16.691 T:4972 DEBUG : CVideoPlayer::ProcessVideoData size:515 dts:23.107 pts:23.107 dur:41.000ms, clock:14.419 level:92
2021-04-13 21:18:16.692 T:4972 DEBUG : CVideoPlayer::ProcessAudioData size:489 dts:23.127 pts:23.127 dur:23.000ms, clock:14.419 drop:0 level:99
2021-04-13 21:18:16.692 T:4972 DEBUG : CVideoPlayer::ProcessVideoData size:11314 dts:23.148 pts:23.148 dur:41.000ms, clock:14.420 level:92
2021-04-13 21:18:16.692 T:4972 DEBUG : CVideoPlayer::ProcessAudioData size:374 dts:23.150 pts:23.150 dur:23.000ms, clock:14.420 drop:0 level:99
2021-04-13 21:18:16.693 T:4973 DEBUG : frame_number : 2, mag : 2; index_sz : 6
2021-04-13 21:18:16.693 T:4973 DEBUG : CAMLCodec::AddData: dl:364093 sum:363689 sz:49406 dts:15.766 pts:15.766 overflow:0
2021-04-13 21:18:16.694 T:4973 DEBUG : CAMLCodec::GetTimeSize: len:24 dl:364093 fs:363689 front:13412
2021-04-13 21:18:16.712 T:4763 INFO : Skipped 3 duplicate messages..
2021-04-13 21:18:16.712 T:4763 DEBUG : CAMLCodec::PollFrame elapsed:37.297ms
2021-04-13 21:18:16.715 T:4763 DEBUG : PrepareNextRender: frameOnScreen: 14.443 renderPts: 14.610 nextFramePts: 14.598 -> diff: 0.012 render: 1 forceNext: 0
2021-04-13 21:18:16.717 T:4763 DEBUG : CAMLCodec::ReleaseFrame idx:350, drop:0
2021-04-13 21:18:16.719 T:4973 DEBUG : CAMLCodec::GetTimeSize: len:24 dl:364093 fs:363689 front:13412
2021-04-13 21:18:16.740 T:4974 INFO : Skipped 3 duplicate messages..
2021-04-13 21:18:16.740 T:4974 DEBUG : CVideoPlayerAudio::OutputPacket: pts:15.209 curr_pts:14.468 clock:14.468 level:99
2021-04-13 21:18:16.740 T:4974 DEBUG : CVideoPlayerAudio::OutputPacket: pts:15.232 curr_pts:14.468 clock:14.468 level:99
2021-04-13 21:18:16.743 T:4972 DEBUG : CVideoPlayer::ProcessAudioData size:444 dts:23.174 pts:23.174 dur:23.000ms, clock:14.470 drop:0 level:99
2021-04-13 21:18:16.743 T:4972 DEBUG : CVideoPlayer::ProcessVideoData size:16009 dts:23.190 pts:23.190 dur:41.000ms, clock:14.471 level:92
2021-04-13 21:18:16.743 T:4972 DEBUG : CVideoPlayer::ProcessAudioData size:387 dts:23.197 pts:23.197 dur:23.000ms, clock:14.471 drop:0 level:99
2021-04-13 21:18:16.744 T:4973 DEBUG : CAMLCodec::GetTimeSize: len:24 dl:364093 fs:363689 front:13412
2021-04-13 21:18:16.754 T:4763 INFO : Skipped 1 duplicate messages..
2021-04-13 21:18:16.754 T:4763 DEBUG : CAMLCodec::PollFrame elapsed:37.181ms
2021-04-13 21:18:16.757 T:4763 DEBUG : PrepareNextRender: frameOnScreen: 14.485 renderPts: 14.651 nextFramePts: 14.640 -> diff: 0.011 render: 1 forceNext: 0
2021-04-13 21:18:16.757 T:4973 DEBUG : CAMLCodec::GetTimeSize: len:24 dl:364093 fs:363689 front:13412
2021-04-13 21:18:16.759 T:4763 DEBUG : CAMLCodec::ReleaseFrame idx:351, drop:0
2021-04-13 21:18:16.763 T:4973 DEBUG : CAMLCodec::GetTimeSize: len:24 dl:350665 fs:363689 front:13412
2021-04-13 21:18:16.763 T:4973 DEBUG : CAMLCodec::GetTimeSize: len:23 dl:350665 fs:350277 front:17370
2021-04-13 21:18:16.764 T:4973 DEBUG : CAMLCodec::DequeueBuffer: pts:14.807 idx:355
2021-04-13 21:18:16.764 T:4973 DEBUG : CAMLCodec::GetPicture: index: 355, pts: 14.807, dur:42ms ar:0.00
2021-04-13 21:18:16.764 T:4973 DEBUG : CVideoPlayerVideo::OutputPicture - ttd:315ms pts:14.807 Clock:14.492 Level:3
2021-04-13 21:18:16.765 T:4973 DEBUG : CAMLCodec::GetTimeSize: len:23 dl:350665 fs:350277 front:17370
2021-04-13 21:18:16.770 T:4973 DEBUG : CAMLCodec::AddData: dl:366561 sum:366157 sz:15880 dts:15.808 pts:15.808 overflow:0
2021-04-13 21:18:16.770 T:4973 DEBUG : CAMLCodec::GetTimeSize: len:24 dl:366561 fs:366157 front:17370
2021-04-13 21:18:16.790 T:4974 INFO : Skipped 3 duplicate messages..
2021-04-13 21:18:16.790 T:4974 DEBUG : CVideoPlayerAudio::OutputPacket: pts:15.256 curr_pts:14.518 clock:14.518 level:99
2021-04-13 21:18:16.790 T:4974 DEBUG : CVideoPlayerAudio::OutputPacket: pts:15.279 curr_pts:14.519 clock:14.518 level:99
2021-04-13 21:18:16.794 T:4972 DEBUG : CVideoPlayer::ProcessAudioData size:325 dts:23.220 pts:23.220 dur:23.000ms, clock:14.522 drop:0 level:99
2021-04-13 21:18:16.794 T:4972 DEBUG : CVideoPlayer::ProcessVideoData size:12516 dts:23.232 pts:23.232 dur:41.000ms, clock:14.522 level:92
2021-04-13 21:18:16.794 T:4972 DEBUG : CVideoPlayer::ProcessAudioData size:340 dts:23.243 pts:23.243 dur:23.000ms, clock:14.522 drop:0 level:99
2021-04-13 21:18:16.795 T:4973 DEBUG : CAMLCodec::GetTimeSize: len:24 dl:366561 fs:366157 front:17370
2021-04-13 21:18:16.796 T:4763 DEBUG : CAMLCodec::PollFrame elapsed:36.934ms
2021-04-13 21:18:16.798 T:4763 DEBUG : PrepareNextRender: frameOnScreen: 14.526 renderPts: 14.693 nextFramePts: 14.682 -> diff: 0.011 render: 1 forceNext: 0
2021-04-13 21:18:16.800 T:4763 DEBUG : CAMLCodec::ReleaseFrame idx:352, drop:0
2021-04-13 21:18:16.802 T:4973 DEBUG : CAMLCodec::GetTimeSize: len:24 dl:349175 fs:366157 front:17370
2021-04-13 21:18:16.802 T:4973 DEBUG : CAMLCodec::GetTimeSize: len:23 dl:349175 fs:348787 front:14696
2021-04-13 21:18:16.802 T:4973 DEBUG : CAMLCodec::DequeueBuffer: pts:14.849 idx:356
2021-04-13 21:18:16.802 T:4973 DEBUG : CAMLCodec::GetPicture: index: 356, pts: 14.849, dur:42ms ar:0.00
2021-04-13 21:18:16.802 T:4973 DEBUG : CVideoPlayerVideo::OutputPicture - ttd:319ms pts:14.849 Clock:14.530 Level:3
2021-04-13 21:18:16.803 T:4973 DEBUG : CAMLCodec::GetTimeSize: len:23 dl:349175 fs:348787 front:14696
2021-04-13 21:18:16.808 T:4973 DEBUG : CAMLCodec::AddData: dl:364316 sum:363912 sz:15125 dts:15.850 pts:15.850 overflow:0
2021-04-13 21:18:16.808 T:4973 DEBUG : CAMLCodec::GetTimeSize: len:24 dl:364316 fs:363912 front:14696
2021-04-13 21:18:16.838 T:4763 INFO : Skipped 4 duplicate messages..
2021-04-13 21:18:16.838 T:4763 DEBUG : CAMLCodec::PollFrame elapsed:37.379ms
2021-04-13 21:18:16.840 T:4763 DEBUG : PrepareNextRender: frameOnScreen: 14.568 renderPts: 14.735 nextFramePts: 14.724 -> diff: 0.011 render: 1 forceNext: 0
2021-04-13 21:18:16.840 T:4974 DEBUG : CVideoPlayerAudio::OutputPacket: pts:15.302 curr_pts:14.569 clock:14.568 level:99
2021-04-13 21:18:16.841 T:4974 DEBUG : CVideoPlayerAudio::OutputPacket: pts:15.325 curr_pts:14.569 clock:14.568 level:99
2021-04-13 21:18:16.841 T:4974 DEBUG : CVideoPlayerAudio::OutputPacket: pts:15.348 curr_pts:14.569 clock:14.569 level:99
2021-04-13 21:18:16.840 T:4973 DEBUG : CAMLCodec::GetTimeSize: len:24 dl:364316 fs:363912 front:14696
2021-04-13 21:18:16.842 T:4763 DEBUG : CAMLCodec::ReleaseFrame idx:353, drop:0
2021-04-13 21:18:16.845 T:4972 DEBUG : CVideoPlayer::ProcessAudioData size:347 dts:23.266 pts:23.266 dur:23.000ms, clock:14.573 drop:0 level:99
2021-04-13 21:18:16.845 T:4972 DEBUG : CVideoPlayer::ProcessVideoData size:13314 dts:23.273 pts:23.273 dur:41.000ms, clock:14.573 level:92
2021-04-13 21:18:16.845 T:4972 DEBUG : CVideoPlayer::ProcessAudioData size:340 dts:23.290 pts:23.290 dur:23.000ms, clock:14.573 drop:0 level:99
2021-04-13 21:18:16.845 T:4972 DEBUG : CVideoPlayer::ProcessAudioData size:347 dts:23.313 pts:23.313 dur:23.000ms, clock:14.573 drop:0 level:99
2021-04-13 21:18:16.848 T:4973 DEBUG : CAMLCodec::GetTimeSize: len:24 dl:349604 fs:363912 front:14696
2021-04-13 21:18:16.848 T:4973 DEBUG : CAMLCodec::GetTimeSize: len:23 dl:349604 fs:349216 front:16197
