2021-04-13 21:18:31.390 T:4974 DEBUG : CVideoPlayerAudio::OutputPacket: pts:29.884 curr_pts:29.119 clock:29.118 level:99
2021-04-13 21:18:31.394 T:4763 DEBUG : CAMLCodec::PollFrame elapsed:37.228ms
2021-04-13 21:18:31.394 T:4973 DEBUG : CAMLCodec::GetTimeSize: len:24 dl:297536 fs:297134 front:9534
2021-04-13 21:18:31.394 T:4972 DEBUG : CVideoPlayer::ProcessAudioData size:443 dts:37.825 pts:37.825 dur:23.000ms, clock:29.122 drop:0 level:99
2021-04-13 21:18:31.395 T:4972 DEBUG : CVideoPlayer::ProcessVideoData size:2286 dts:37.830 pts:37.830 dur:41.000ms, clock:29.123 level:91
2021-04-13 21:18:31.395 T:4972 DEBUG : CVideoPlayer::ProcessAudioData size:475 dts:37.849 pts:37.849 dur:23.000ms, clock:29.123 drop:0 level:99
2021-04-13 21:18:31.396 T:4763 DEBUG : PrepareNextRender: frameOnScreen: 29.124 renderPts: 29.291 nextFramePts: 29.280 -> diff: 0.011 render: 1 forceNext: 0
2021-04-13 21:18:31.398 T:4763 DEBUG : CAMLCodec::ReleaseFrame idx:702, drop:0
2021-04-13 21:18:31.400 T:4973 DEBUG : CAMLCodec::GetTimeSize: len:24 dl:297536 fs:297134 front:9534
2021-04-13 21:18:31.435 T:4763 INFO : Skipped 5 duplicate messages..
2021-04-13 21:18:31.435 T:4763 DEBUG : CAMLCodec::PollFrame elapsed:37.255ms
2021-04-13 21:18:31.438 T:4973 DEBUG : CAMLCodec::GetTimeSize: len:24 dl:297536 fs:297134 front:9534
2021-04-13 21:18:31.438 T:4763 DEBUG : PrepareNextRender: frameOnScreen: 29.166 renderPts: 29.333 nextFramePts: 29.321 -> diff: 0.012 render: 1 forceNext: 0
2021-04-13 21:18:31.440 T:4763 DEBUG : CAMLCodec::ReleaseFrame idx:703, drop:0
2021-04-13 21:18:31.441 T:4974 DEBUG : CVideoPlayerAudio::OutputPacket: pts:29.907 curr_pts:29.168 clock:29.168 level:99
2021-04-13 21:18:31.441 T:4974 DEBUG : CVideoPlayerAudio::OutputPacket: pts:29.931 curr_pts:29.169 clock:29.169 level:99
2021-04-13 21:18:31.445 T:4973 DEBUG : CAMLCodec::GetTimeSize: len:24 dl:287986 fs:297134 front:9534
2021-04-13 21:18:31.445 T:4973 DEBUG : CAMLCodec::GetTimeSize: len:23 dl:287986 fs:287600 front:11182
2021-04-13 21:18:31.445 T:4973 DEBUG : CAMLCodec::DequeueBuffer: pts:29.530 idx:708
2021-04-13 21:18:31.445 T:4973 DEBUG : CAMLCodec::GetPicture: index: 708, pts: 29.530, dur:42ms ar:0.00
2021-04-13 21:18:31.445 T:4973 DEBUG : CVideoPlayerVideo::OutputPicture - ttd:357ms pts:29.530 Clock:29.173 Level:4
2021-04-13 21:18:31.445 T:4972 DEBUG : CVideoPlayer::ProcessVideoData size:2134 dts:37.871 pts:37.871 dur:41.000ms, clock:29.173 level:92
2021-04-13 21:18:31.446 T:4972 DEBUG : CVideoPlayer::ProcessAudioData size:467 dts:37.872 pts:37.872 dur:23.000ms, clock:29.174 drop:0 level:99
2021-04-13 21:18:31.446 T:4972 DEBUG : CVideoPlayer::ProcessAudioData size:445 dts:37.895 pts:37.895 dur:23.000ms, clock:29.174 drop:0 level:99
2021-04-13 21:18:31.447 T:4973 DEBUG : CAMLCodec::GetTimeSize: len:23 dl:287986 fs:287600 front:11182
2021-04-13 21:18:31.452 T:4973 DEBUG : CAMLCodec::AddData: dl:295371 sum:294969 sz:7369 dts:30.531 pts:30.531 overflow:0
2021-04-13 21:18:31.452 T:4973 DEBUG : CAMLCodec::GetTimeSize: len:24 dl:295371 fs:294969 front:11182
2021-04-13 21:18:31.477 T:4763 INFO : Skipped 4 duplicate messages..
2021-04-13 21:18:31.477 T:4763 DEBUG : CAMLCodec::PollFrame elapsed:36.584ms
2021-04-13 21:18:31.480 T:4763 DEBUG : PrepareNextRender: frameOnScreen: 29.208 renderPts: 29.374 nextFramePts: 29.363 -> diff: 0.011 render: 1 forceNext: 0
2021-04-13 21:18:31.483 T:4763 DEBUG : CAMLCodec::ReleaseFrame idx:704, drop:0
2021-04-13 21:18:31.483 T:4973 DEBUG : CAMLCodec::GetTimeSize: len:24 dl:284173 fs:294969 front:11182
2021-04-13 21:18:31.484 T:4973 DEBUG : CAMLCodec::GetTimeSize: len:23 dl:284173 fs:283787 front:8789
2021-04-13 21:18:31.484 T:4973 DEBUG : CAMLCodec::DequeueBuffer: pts:29.571 idx:709
2021-04-13 21:18:31.484 T:4973 DEBUG : CAMLCodec::GetPicture: index: 709, pts: 29.571, dur:41ms ar:0.00
2021-04-13 21:18:31.484 T:4973 DEBUG : CVideoPlayerVideo::OutputPicture - ttd:359ms pts:29.571 Clock:29.212 Level:4
2021-04-13 21:18:31.485 T:4973 DEBUG : CAMLCodec::GetTimeSize: len:23 dl:284173 fs:283787 front:8789
2021-04-13 21:18:31.490 T:4974 DEBUG : CVideoPlayerAudio::OutputPacket: pts:29.954 curr_pts:29.218 clock:29.217 level:99
2021-04-13 21:18:31.490 T:4974 DEBUG : CVideoPlayerAudio::OutputPacket: pts:29.977 curr_pts:29.218 clock:29.218 level:99
2021-04-13 21:18:31.490 T:4973 DEBUG : CAMLCodec::AddData: dl:291134 sum:290732 sz:6945 dts:30.572 pts:30.572 overflow:0
2021-04-13 21:18:31.490 T:4973 DEBUG : CAMLCodec::GetTimeSize: len:24 dl:291134 fs:290732 front:8789
2021-04-13 21:18:31.496 T:4972 DEBUG : CVideoPlayer::ProcessVideoData size:2388 dts:37.913 pts:37.913 dur:41.000ms, clock:29.224 level:91
2021-04-13 21:18:31.496 T:4972 DEBUG : CVideoPlayer::ProcessAudioData size:397 dts:37.918 pts:37.918 dur:23.000ms, clock:29.224 drop:0 level:99
2021-04-13 21:18:31.497 T:4972 DEBUG : CVideoPlayer::ProcessAudioData size:363 dts:37.941 pts:37.941 dur:23.000ms, clock:29.224 drop:0 level:99
2021-04-13 21:18:31.498 T:4973 DEBUG : CAMLCodec::GetTimeSize: len:24 dl:291134 fs:290732 front:8789
2021-04-13 21:18:31.519 T:4763 INFO : Skipped 3 duplicate messages..
2021-04-13 21:18:31.519 T:4763 DEBUG : CAMLCodec::PollFrame elapsed:35.941ms
2021-04-13 21:18:31.522 T:4763 DEBUG : PrepareNextRender: frameOnScreen: 29.249 renderPts: 29.416 nextFramePts: 29.405 -> diff: 0.011 render: 1 forceNext: 0
2021-04-13 21:18:31.523 T:4973 DEBUG : CAMLCodec::GetTimeSize: len:24 dl:291134 fs:290732 front:8789
2021-04-13 21:18:31.524 T:4763 DEBUG : CAMLCodec::ReleaseFrame idx:705, drop:0
2021-04-13 21:18:31.529 T:4973 DEBUG : CAMLCodec::GetTimeSize: len:24 dl:282329 fs:290732 front:8789
2021-04-13 21:18:31.529 T:4973 DEBUG : CAMLCodec::GetTimeSize: len:23 dl:282329 fs:281943 front:7936
2021-04-13 21:18:31.529 T:4973 DEBUG : CAMLCodec::DequeueBuffer: pts:29.613 idx:710
2021-04-13 21:18:31.529 T:4973 DEBUG : CAMLCodec::GetPicture: index: 710, pts: 29.613, dur:42ms ar:0.00
2021-04-13 21:18:31.529 T:4973 DEBUG : CVideoPlayerVideo::OutputPicture - ttd:355ms pts:29.613 Clock:29.257 Level:4
2021-04-13 21:18:31.531 T:4973 DEBUG : CAMLCodec::GetTimeSize: len:23 dl:282329 fs:281943 front:7936
2021-04-13 21:18:31.536 T:4973 DEBUG : CAMLCodec::AddData: dl:292511 sum:292109 sz:10166 dts:30.614 pts:30.614 overflow:0
2021-04-13 21:18:31.536 T:4973 DEBUG : CAMLCodec::GetTimeSize: len:24 dl:292511 fs:292109 front:7936
2021-04-13 21:18:31.540 T:4974 DEBUG : CVideoPlayerAudio::OutputPacket: pts:30.000 curr_pts:29.268 clock:29.267 level:99
2021-04-13 21:18:31.540 T:4974 DEBUG : CVideoPlayerAudio::OutputPacket: pts:30.023 curr_pts:29.268 clock:29.268 level:99
2021-04-13 21:18:31.540 T:4974 DEBUG : CVideoPlayerAudio::OutputPacket: pts:30.047 curr_pts:29.268 clock:29.268 level:99
2021-04-13 21:18:31.542 T:4973 DEBUG : CAMLCodec::GetTimeSize: len:24 dl:292511 fs:292109 front:7936
2021-04-13 21:18:31.547 T:4972 DEBUG : CVideoPlayer::ProcessVideoData size:2020 dts:37.955 pts:37.955 dur:41.000ms, clock:29.275 level:91
2021-04-13 21:18:31.547 T:4972 DEBUG : CVideoPlayer::ProcessAudioData size:337 dts:37.965 pts:37.965 dur:23.000ms, clock:29.275 drop:0 level:99
2021-04-13 21:18:31.547 T:4972 DEBUG : CVideoPlayer::ProcessAudioData size:386 dts:37.988 pts:37.988 dur:23.000ms, clock:29.275 drop:0 level:99
2021-04-13 21:18:31.547 T:4972 DEBUG : CVideoPlayer::ProcessVideoData size:1866 dts:37.997 pts:37.997 dur:41.000ms, clock:29.275 level:92
2021-04-13 21:18:31.548 T:4972 DEBUG : CVideoPlayer::ProcessAudioData size:425 dts:38.011 pts:38.011 dur:23.000ms, clock:29.275 drop:0 level:99
2021-04-13 21:18:31.549 T:4973 DEBUG : CAMLCodec::GetTimeSize: len:24 dl:292511 fs:292109 front:7936
2021-04-13 21:18:31.561 T:4763 INFO : Skipped 1 duplicate messages..
2021-04-13 21:18:31.561 T:4763 DEBUG : CAMLCodec::PollFrame elapsed:36.732ms
2021-04-13 21:18:31.561 T:4973 DEBUG : CAMLCodec::GetTimeSize: len:24 dl:292511 fs:292109 front:7936
2021-04-13 21:18:31.563 T:4763 DEBUG : PrepareNextRender: frameOnScreen: 29.291 renderPts: 29.458 nextFramePts: 29.446 -> diff: 0.012 render: 1 forceNext: 0
2021-04-13 21:18:31.566 T:4763 DEBUG : CAMLCodec::ReleaseFrame idx:706, drop:0
2021-04-13 21:18:31.568 T:4973 DEBUG : CAMLCodec::GetTimeSize: len:24 dl:284559 fs:292109 front:7936
2021-04-13 21:18:31.568 T:4973 DEBUG : CAMLCodec::GetTimeSize: len:23 dl:284559 fs:284173 front:8276
2021-04-13 21:18:31.568 T:4973 DEBUG : CAMLCodec::DequeueBuffer: pts:29.655 idx:711
2021-04-13 21:18:31.568 T:4973 DEBUG : CAMLCodec::GetPicture: index: 711, pts: 29.655, dur:42ms ar:0.00
2021-04-13 21:18:31.568 T:4973 DEBUG : CVideoPlayerVideo::OutputPicture - ttd:359ms pts:29.655 Clock:29.296 Level:4
2021-04-13 21:18:31.569 T:4973 DEBUG : CAMLCodec::GetTimeSize: len:23 dl:284559 fs:284173 front:8276
2021-04-13 21:18:31.574 T:4973 DEBUG : CAMLCodec::AddData: dl:294726 sum:294324 sz:10151 dts:30.656 pts:30.656 overflow:0
2021-04-13 21:18:31.574 T:4973 DEBUG : CAMLCodec::GetTimeSize: len:24 dl:294726 fs:294324 front:8276
2021-04-13 21:18:31.590 T:4974 INFO : Skipped 2 duplicate messages..
2021-04-13 21:18:31.590 T:4974 DEBUG : CVideoPlayerAudio::OutputPacket: pts:30.070 curr_pts:29.318 clock:29.318 level:99
2021-04-13 21:18:31.590 T:4974 DEBUG : CVideoPlayerAudio::OutputPacket: pts:30.093 curr_pts:29.318 clock:29.318 level:99
2021-04-13 21:18:31.593 T:4973 DEBUG : CAMLCodec::GetTimeSize: len:24 dl:294726 fs:294324 front:8276
2021-04-13 21:18:31.598 T:4972 DEBUG : CVideoPlayer::ProcessAudioData size:346 dts:38.034 pts:38.034 dur:23.000ms, clock:29.326 drop:0 level:99
2021-04-13 21:18:31.598 T:4972 DEBUG : CVideoPlayer::ProcessVideoData size:1905 dts:38.038 pts:38.038 dur:41.000ms, clock:29.326 level:92
2021-04-13 21:18:31.598 T:4972 DEBUG : CVideoPlayer::ProcessAudioData size:351 dts:38.058 pts:38.058 dur:23.000ms, clock:29.326 drop:0 level:99
2021-04-13 21:18:31.600 T:4973 DEBUG : CAMLCodec::GetTimeSize: len:24 dl:294726 fs:294324 front:8276
2021-04-13 21:18:31.602 T:4763 DEBUG : CAMLCodec::PollFrame elapsed:36.110ms
2021-04-13 21:18:31.605 T:4763 DEBUG : PrepareNextRender: frameOnScreen: 29.333 renderPts: 29.499 nextFramePts: 29.488 -> diff: 0.011 render: 1 forceNext: 0
2021-04-13 21:18:31.606 T:4973 DEBUG : CAMLCodec::GetTimeSize: len:24 dl:294726 fs:294324 front:8276
2021-04-13 21:18:31.608 T:4763 DEBUG : CAMLCodec::ReleaseFrame idx:707, drop:0
2021-04-13 21:18:31.613 T:4973 DEBUG : CAMLCodec::GetTimeSize: len:24 dl:286434 fs:294324 front:8276
2021-04-13 21:18:31.613 T:4973 DEBUG : CAMLCodec::GetTimeSize: len:23 dl:286434 fs:286048 front:9410
2021-04-13 21:18:31.613 T:4973 DEBUG : CAMLCodec::DequeueBuffer: pts:29.697 idx:712
2021-04-13 21:18:31.613 T:4973 DEBUG : CAMLCodec::GetPicture: index: 712, pts: 29.697, dur:42ms ar:0.00
2021-04-13 21:18:31.613 T:4973 DEBUG : CVideoPlayerVideo::OutputPicture - ttd:356ms pts:29.697 Clock:29.341 Level:4
2021-04-13 21:18:31.614 T:4973 DEBUG : CAMLCodec::GetTimeSize: len:23 dl:286434 fs:286048 front:9410
2021-04-13 21:18:31.619 T:4973 DEBUG : CAMLCodec::AddData: dl:294750 sum:294348 sz:8300 dts:30.698 pts:30.698 overflow:0
2021-04-13 21:18:31.619 T:4973 DEBUG : CAMLCodec::GetTimeSize: len:24 dl:294750 fs:294348 front:9410
2021-04-13 21:18:31.640 T:4974 INFO : Skipped 3 duplicate messages..
2021-04-13 21:18:31.640 T:4974 DEBUG : CVideoPlayerAudio::OutputPacket: pts:30.116 curr_pts:29.368 clock:29.368 level:99
2021-04-13 21:18:31.640 T:4974 DEBUG : CVideoPlayerAudio::OutputPacket: pts:30.140 curr_pts:29.368 clock:29.368 level:99
2021-04-13 21:18:31.644 T:4763 DEBUG : CAMLCodec::PollFrame elapsed:36.142ms
2021-04-13 21:18:31.644 T:4973 DEBUG : CAMLCodec::GetTimeSize: len:24 dl:294750 fs:294348 front:9410
2021-04-13 21:18:31.647 T:4763 DEBUG : PrepareNextRender: frameOnScreen: 29.374 renderPts: 29.541 nextFramePts: 29.530 -> diff: 0.011 render: 1 forceNext: 0
2021-04-13 21:18:31.649 T:4763 DEBUG : CAMLCodec::ReleaseFrame idx:708, drop:0
2021-04-13 21:18:31.649 T:4972 DEBUG : CVideoPlayer::ProcessVideoData size:1698 dts:38.080 pts:38.080 dur:41.000ms, clock:29.377 level:92
2021-04-13 21:18:31.649 T:4972 DEBUG : CVideoPlayer::ProcessAudioData size:406 dts:38.081 pts:38.081 dur:23.000ms, clock:29.377 drop:0 level:99
2021-04-13 21:18:31.649 T:4972 DEBUG : CVideoPlayer::ProcessAudioData size:365 dts:38.104 pts:38.104 dur:23.000ms, clock:29.377 drop:0 level:99
2021-04-13 21:18:31.651 T:4973 DEBUG : CAMLCodec::GetTimeSize: len:24 dl:285324 fs:294348 front:9410
2021-04-13 21:18:31.651 T:4973 DEBUG : CAMLCodec::GetTimeSize: len:23 dl:285324 fs:284938 front:7797
2021-04-13 21:18:31.651 T:4973 DEBUG : CAMLCodec::DequeueBuffer: pts:29.738 idx:713
2021-04-13 21:18:31.651 T:4973 DEBUG : CAMLCodec::GetPicture: index: 713, pts: 29.738, dur:41ms ar:0.00
2021-04-13 21:18:31.651 T:4973 DEBUG : CVideoPlayerVideo::OutputPicture - ttd:359ms pts:29.738 Clock:29.379 Level:4
2021-04-13 21:18:31.652 T:4973 DEBUG : CAMLCodec::GetTimeSize: len:23 dl:285324 fs:284938 front:7797
2021-04-13 21:18:31.657 T:4973 DEBUG : CAMLCodec::AddData: dl:293439 sum:293037 sz:8099 dts:30.739 pts:30.739 overflow:0
2021-04-13 21:18:31.657 T:4973 DEBUG : CAMLCodec::GetTimeSize: len:24 dl:293439 fs:293037 front:7797
2021-04-13 21:18:31.686 T:4763 INFO : Skipped 4 duplicate messages..
2021-04-13 21:18:31.686 T:4763 DEBUG : CAMLCodec::PollFrame elapsed:36.591ms
2021-04-13 21:18:31.688 T:4763 DEBUG : PrepareNextRender: frameOnScreen: 29.416 renderPts: 29.583 nextFramePts: 29.571 -> diff: 0.012 render: 1 forceNext: 0
2021-04-13 21:18:31.689 T:4973 DEBUG : CAMLCodec::GetTimeSize: len:24 dl:293439 fs:293037 front:7797
2021-04-13 21:18:31.690 T:4974 DEBUG : CVideoPlayerAudio::OutputPacket: pts:30.163 curr_pts:29.419 clock:29.418 level:99
2021-04-13 21:18:31.690 T:4972 DEBUG : CVideoPlayer::ProcessVideoData size:1645 dts:38.122 pts:38.122 dur:41.000ms, clock:29.418 level:92
2021-04-13 21:18:31.690 T:4763 DEBUG : CAMLCodec::ReleaseFrame idx:709, drop:0
2021-04-13 21:18:31.690 T:4972 DEBUG : CVideoPlayer::ProcessAudioData size:355 dts:38.127 pts:38.127 dur:23.000ms, clock:29.418 drop:0 level:99
2021-04-13 21:18:31.690 T:4972 DEBUG : CVideoPlayer::ProcessAudioData size:410 dts:38.150 pts:38.150 dur:23.000ms, clock:29.418 drop:0 level:99
2021-04-13 21:18:31.690 T:4974 DEBUG : CVideoPlayerAudio::OutputPacket: pts:30.186 curr_pts:29.419 clock:29.418 level:100
2021-04-13 21:18:31.695 T:4973 DEBUG : CAMLCodec::GetTimeSize: len:24 dl:293439 fs:293037 front:7797
2021-04-13 21:18:31.727 T:4763 INFO : Skipped 5 duplicate messages..
2021-04-13 21:18:31.727 T:4763 DEBUG : CAMLCodec::PollFrame elapsed:37.103ms
2021-04-13 21:18:31.730 T:4763 DEBUG : PrepareNextRender: frameOnScreen: 29.458 renderPts: 29.624 nextFramePts: 29.613 -> diff: 0.011 render: 1 forceNext: 0
2021-04-13 21:18:31.732 T:4763 DEBUG : CAMLCodec::ReleaseFrame idx:710, drop:0
2021-04-13 21:18:31.733 T:4973 DEBUG : CAMLCodec::GetTimeSize: len:24 dl:293439 fs:293037 front:7797
2021-04-13 21:18:31.739 T:4973 DEBUG : CAMLCodec::GetTimeSize: len:24 dl:285626 fs:293037 front:7797
2021-04-13 21:18:31.739 T:4973 DEBUG : CAMLCodec::GetTimeSize: len:23 dl:285626 fs:285240 front:9765
2021-04-13 21:18:31.739 T:4973 DEBUG : CAMLCodec::DequeueBuffer: pts:29.780 idx:714
2021-04-13 21:18:31.739 T:4973 DEBUG : CAMLCodec::GetPicture: index: 714, pts: 29.780, dur:42ms ar:0.00
2021-04-13 21:18:31.739 T:4973 DEBUG : CVideoPlayerVideo::OutputPicture - ttd:312ms pts:29.780 Clock:29.467 Level:3
2021-04-13 21:18:31.740 T:4974 DEBUG : CVideoPlayerAudio::OutputPacket: pts:30.209 curr_pts:29.468 clock:29.468 level:99
2021-04-13 21:18:31.740 T:4974 DEBUG : CVideoPlayerAudio::OutputPacket: pts:30.232 curr_pts:29.468 clock:29.468 level:99
2021-04-13 21:18:31.740 T:4973 DEBUG : CAMLCodec::GetTimeSize: len:23 dl:285626 fs:285240 front:9765
2021-04-13 21:18:31.741 T:4972 DEBUG : CVideoPlayer::ProcessVideoData size:1212 dts:38.163 pts:38.163 dur:41.000ms, clock:29.469 level:92
2021-04-13 21:18:31.741 T:4972 DEBUG : CVideoPlayer::ProcessAudioData size:329 dts:38.174 pts:38.174 dur:23.000ms, clock:29.469 drop:0 level:99
2021-04-13 21:18:31.741 T:4972 DEBUG : CVideoPlayer::ProcessAudioData size:369 dts:38.197 pts:38.197 dur:23.000ms, clock:29.469 drop:0 level:99
2021-04-13 21:18:31.746 T:4973 DEBUG : CAMLCodec::AddData: dl:289843 sum:289441 sz:4201 dts:30.781 pts:30.781 overflow:0
2021-04-13 21:18:31.746 T:4973 DEBUG : CAMLCodec::GetTimeSize: len:24 dl:289843 fs:289441 front:9765
2021-04-13 21:18:31.769 T:4763 INFO : Skipped 3 duplicate messages..
2021-04-13 21:18:31.769 T:4763 DEBUG : CAMLCodec::PollFrame elapsed:36.718ms
2021-04-13 21:18:31.771 T:4973 DEBUG : CAMLCodec::GetTimeSize: len:24 dl:289843 fs:289441 front:9765
2021-04-13 21:18:31.772 T:4763 DEBUG : PrepareNextRender: frameOnScreen: 29.499 renderPts: 29.666 nextFramePts: 29.655 -> diff: 0.011 render: 1 forceNext: 0
2021-04-13 21:18:31.774 T:4763 DEBUG : CAMLCodec::ReleaseFrame idx:711, drop:0
2021-04-13 21:18:31.777 T:4973 DEBUG : CAMLCodec::GetTimeSize: len:24 dl:280062 fs:289441 front:9765
2021-04-13 21:18:31.777 T:4973 DEBUG : CAMLCodec::GetTimeSize: len:23 dl:280062 fs:279676 front:8085
2021-04-13 21:18:31.777 T:4973 DEBUG : CAMLCodec::DequeueBuffer: pts:29.822 idx:715
2021-04-13 21:18:31.777 T:4973 DEBUG : CAMLCodec::GetPicture: index: 715, pts: 29.822, dur:42ms ar:0.00
2021-04-13 21:18:31.777 T:4973 DEBUG : CVideoPlayerVideo::OutputPicture - ttd:316ms pts:29.822 Clock:29.505 Level:3
2021-04-13 21:18:31.779 T:4973 DEBUG : CAMLCodec::GetTimeSize: len:23 dl:280062 fs:279676 front:8085
2021-04-13 21:18:31.784 T:4973 DEBUG : CAMLCodec::AddData: dl:282885 sum:282483 sz:2807 dts:30.823 pts:30.823 overflow:0
2021-04-13 21:18:31.784 T:4973 DEBUG : CAMLCodec::GetTimeSize: len:24 dl:282885 fs:282483 front:8085
2021-04-13 21:18:31.790 T:4974 DEBUG : CVideoPlayerAudio::OutputPacket: pts:30.256 curr_pts:29.518 clock:29.518 level:99
2021-04-13 21:18:31.790 T:4974 DEBUG : CVideoPlayerAudio::OutputPacket: pts:30.279 curr_pts:29.519 clock:29.518 level:99
2021-04-13 21:18:31.790 T:4973 DEBUG : CAMLCodec::GetTimeSize: len:24 dl:282885 fs:282483 front:8085
2021-04-13 21:18:31.792 T:4972 DEBUG : CVideoPlayer::ProcessVideoData size:166 dts:38.205 pts:38.205 dur:41.000ms, clock:29.520 level:92
2021-04-13 21:18:31.792 T:4972 DEBUG : CVideoPlayer::ProcessAudioData size:374 dts:38.220 pts:38.220 dur:23.000ms, clock:29.520 drop:0 level:99
2021-04-13 21:18:31.792 T:4972 DEBUG : CVideoPlayer::ProcessAudioData size:355 dts:38.243 pts:38.243 dur:23.000ms, clock:29.520 drop:0 level:99
2021-04-13 21:18:31.797 T:4973 DEBUG : CAMLCodec::GetTimeSize: len:24 dl:282885 fs:282483 front:8085
2021-04-13 21:18:31.811 T:4763 INFO : Skipped 2 duplicate messages..
2021-04-13 21:18:31.811 T:4763 DEBUG : CAMLCodec::PollFrame elapsed:36.007ms
2021-04-13 21:18:31.814 T:4763 DEBUG : PrepareNextRender: frameOnScreen: 29.542 renderPts: 29.709 nextFramePts: 29.697 -> diff: 0.012 render: 1 forceNext: 0
2021-04-13 21:18:31.816 T:4973 DEBUG : CAMLCodec::GetTimeSize: len:24 dl:274784 fs:282483 front:8085
2021-04-13 21:18:31.816 T:4973 DEBUG : CAMLCodec::GetTimeSize: len:23 dl:274784 fs:274398 front:6516
2021-04-13 21:18:31.816 T:4973 DEBUG : CAMLCodec::DequeueBuffer: pts:29.863 idx:716
2021-04-13 21:18:31.816 T:4973 DEBUG : CAMLCodec::GetPicture: index: 716, pts: 29.863, dur:41ms ar:0.00
2021-04-13 21:18:31.816 T:4973 DEBUG : CVideoPlayerVideo::OutputPicture - ttd:318ms pts:29.863 Clock:29.544 Level:3
2021-04-13 21:18:31.817 T:4763 DEBUG : CAMLCodec::ReleaseFrame idx:712, drop:0
2021-04-13 21:18:31.817 T:4973 DEBUG : CAMLCodec::GetTimeSize: len:23 dl:274784 fs:274398 front:6516
2021-04-13 21:18:31.823 T:4973 DEBUG : CAMLCodec::AddData: dl:275433 sum:275031 sz:633 dts:30.864 pts:30.864 overflow:0
2021-04-13 21:18:31.823 T:4973 DEBUG : CAMLCodec::GetTimeSize: len:24 dl:275433 fs:275031 front:6516
2021-04-13 21:18:31.840 T:4974 INFO : Skipped 2 duplicate messages..
2021-04-13 21:18:31.840 T:4974 DEBUG : CVideoPlayerAudio::OutputPacket: pts:30.302 curr_pts:29.568 clock:29.568 level:99
2021-04-13 21:18:31.840 T:4974 DEBUG : CVideoPlayerAudio::OutputPacket: pts:30.325 curr_pts:29.569 clock:29.568 level:99
2021-04-13 21:18:31.841 T:4974 DEBUG : CVideoPlayerAudio::OutputPacket: pts:30.348 curr_pts:29.569 clock:29.569 level:99
2021-04-13 21:18:31.841 T:4973 DEBUG : CAMLCodec::GetTimeSize: len:24 dl:275433 fs:275031 front:6516
2021-04-13 21:18:31.843 T:4972 DEBUG : CVideoPlayer::ProcessVideoData size:80320 dts:38.247 pts:38.247 dur:41.000ms, clock:29.571 level:92
2021-04-13 21:18:31.843 T:4972 DEBUG : CVideoPlayer::ProcessAudioData size:332 dts:38.266 pts:38.266 dur:23.000ms, clock:29.571 drop:0 level:99
2021-04-13 21:18:31.843 T:4972 DEBUG : CVideoPlayer::ProcessVideoData size:2229 dts:38.289 pts:38.289 dur:41.000ms, clock:29.571 level:92
2021-04-13 21:18:31.843 T:4972 DEBUG : CVideoPlayer::ProcessAudioData size:317 dts:38.290 pts:38.290 dur:23.000ms, clock:29.571 drop:0 level:99
2021-04-13 21:18:31.843 T:4972 DEBUG : CVideoPlayer::ProcessAudioData size:363 dts:38.313 pts:38.313 dur:23.000ms, clock:29.571 drop:0 level:99
2021-04-13 21:18:31.848 T:4973 DEBUG : CAMLCodec::GetTimeSize: len:24 dl:275433 fs:275031 front:6516
2021-04-13 21:18:31.853 T:4763 DEBUG : CAMLCodec::PollFrame elapsed:35.841ms
2021-04-13 21:18:31.855 T:4973 DEBUG : CAMLCodec::GetTimeSize: len:24 dl:275433 fs:275031 front:6516
2021-04-13 21:18:31.855 T:4763 DEBUG : PrepareNextRender: frameOnScreen: 29.583 renderPts: 29.750 nextFramePts: 29.738 -> diff: 0.012 render: 1 forceNext: 0
2021-04-13 21:18:31.858 T:4763 DEBUG : CAMLCodec::ReleaseFrame idx:713, drop:0
2021-04-13 21:18:31.861 T:4973 DEBUG : CAMLCodec::GetTimeSize: len:24 dl:268901 fs:275031 front:6516
2021-04-13 21:18:31.861 T:4973 DEBUG : CAMLCodec::GetTimeSize: len:23 dl:268901 fs:268515 front:1090
2021-04-13 21:18:31.861 T:4973 DEBUG : CAMLCodec::DequeueBuffer: pts:29.905 idx:717
2021-04-13 21:18:31.861 T:4973 DEBUG : CAMLCodec::GetPicture: index: 717, pts: 29.905, dur:42ms ar:0.00
2021-04-13 21:18:31.861 T:4973 DEBUG : CVideoPlayerVideo::OutputPicture - ttd:315ms pts:29.905 Clock:29.589 Level:3
2021-04-13 21:18:31.863 T:4973 DEBUG : CAMLCodec::GetTimeSize: len:23 dl:268901 fs:268515 front:1090
2021-04-13 21:18:31.870 T:4973 DEBUG : CAMLCodec::AddData: dl:371230 sum:370828 sz:102313 dts:30.906 pts:30.906 overflow:0
2021-04-13 21:18:31.870 T:4973 DEBUG : CAMLCodec::GetTimeSize: len:24 dl:371230 fs:370828 front:1090
2021-04-13 21:18:31.890 T:4974 INFO : Skipped 3 duplicate messages..
2021-04-13 21:18:31.890 T:4974 DEBUG : CVideoPlayerAudio::OutputPacket: pts:30.372 curr_pts:29.618 clock:29.618 level:99
2021-04-13 21:18:31.890 T:4974 DEBUG : CVideoPlayerAudio::OutputPacket: pts:30.395 curr_pts:29.619 clock:29.618 level:99
2021-04-13 21:18:31.894 T:4972 DEBUG : CVideoPlayer::ProcessVideoData size:2980 dts:38.330 pts:38.330 dur:41.000ms, clock:29.622 level:92
2021-04-13 21:18:31.894 T:4763 DEBUG : CAMLCodec::PollFrame elapsed:35.558ms
2021-04-13 21:18:31.894 T:4972 DEBUG : CVideoPlayer::ProcessAudioData size:341 dts:38.336 pts:38.336 dur:23.000ms, clock:29.622 drop:0 level:99
2021-04-13 21:18:31.895 T:4972 DEBUG : CVideoPlayer::ProcessAudioData size:323 dts:38.359 pts:38.359 dur:23.000ms, clock:29.622 drop:0 level:99
2021-04-13 21:18:31.896 T:4973 DEBUG : CAMLCodec::GetTimeSize: len:24 dl:371230 fs:370828 front:1090
2021-04-13 21:18:31.897 T:4763 DEBUG : PrepareNextRender: frameOnScreen: 29.625 renderPts: 29.792 nextFramePts: 29.780 -> diff: 0.012 render: 1 forceNext: 0
2021-04-13 21:18:31.900 T:4763 DEBUG : CAMLCodec::ReleaseFrame idx:714, drop:0
2021-04-13 21:18:31.902 T:4973 DEBUG : CAMLCodec::GetTimeSize: len:24 dl:370124 fs:370828 front:1090
2021-04-13 21:18:31.902 T:4973 DEBUG : CAMLCodec::GetTimeSize: len:23 dl:370124 fs:369738 front:94512
2021-04-13 21:18:31.903 T:4973 DEBUG : CAMLCodec::DequeueBuffer: pts:29.947 idx:718
2021-04-13 21:18:31.903 T:4973 DEBUG : CAMLCodec::GetPicture: index: 718, pts: 29.947, dur:42ms ar:0.00
2021-04-13 21:18:31.903 T:4973 DEBUG : CVideoPlayerVideo::OutputPicture - ttd:316ms pts:29.947 Clock:29.631 Level:3
2021-04-13 21:18:31.904 T:4973 DEBUG : CAMLCodec::GetTimeSize: len:23 dl:370124 fs:369738 front:94512
2021-04-13 21:18:31.909 T:4973 DEBUG : frame_number : 2, mag : 3; index_sz : 8
2021-04-13 21:18:31.911 T:4973 DEBUG : CAMLCodec::AddData: dl:389517 sum:483643 sz:113905 dts:30.948 pts:30.948 overflow:0
2021-04-13 21:18:31.912 T:4973 DEBUG : CAMLCodec::GetTimeSize: len:24 dl:389517 fs:483643 front:94512
2021-04-13 21:18:31.912 T:4973 DEBUG : CAMLCodec::GetTimeSize: len:23 dl:389517 fs:389131 front:6735
2021-04-13 21:18:31.912 T:4973 DEBUG : CAMLCodec::DequeueBuffer: pts:29.989 idx:719
2021-04-13 21:18:31.912 T:4973 DEBUG : CAMLCodec::GetPicture: index: 719, pts: 29.989, dur:42ms ar:0.00
2021-04-13 21:18:31.912 T:4973 DEBUG : CVideoPlayerVideo::OutputPicture - ttd:349ms pts:29.989 Clock:29.640 Level:4
2021-04-13 21:18:31.913 T:4973 DEBUG : CAMLCodec::GetTimeSize: len:23 dl:389517 fs:389131 front:6735
2021-04-13 21:18:31.918 T:4973 DEBUG : CAMLCodec::AddData: dl:399506 sum:399104 sz:9973 dts:30.990 pts:30.990 overflow:0
2021-04-13 21:18:31.918 T:4973 DEBUG : CAMLCodec::GetTimeSize: len:24 dl:399506 fs:399104 front:6735
2021-04-13 21:18:31.936 T:4763 INFO : Skipped 2 duplicate messages..
2021-04-13 21:18:31.936 T:4763 DEBUG : CAMLCodec::PollFrame elapsed:35.899ms
2021-04-13 21:18:31.937 T:4973 DEBUG : CAMLCodec::GetTimeSize: len:24 dl:399506 fs:399104 front:6735
2021-04-13 21:18:31.938 T:4763 DEBUG : PrepareNextRender: frameOnScreen: 29.666 renderPts: 29.833 nextFramePts: 29.822 -> diff: 0.011 render: 1 forceNext: 0
2021-04-13 21:18:31.940 T:4974 DEBUG : CVideoPlayerAudio::OutputPacket: pts:30.418 curr_pts:29.668 clock:29.668 level:99
2021-04-13 21:18:31.940 T:4763 DEBUG : CAMLCodec::ReleaseFrame idx:715, drop:0
2021-04-13 21:18:31.941 T:4974 DEBUG : CVideoPlayerAudio::OutputPacket: pts:30.441 curr_pts:29.669 clock:29.668 level:99
2021-04-13 21:18:31.943 T:4973 DEBUG : CAMLCodec::GetTimeSize: len:24 dl:399506 fs:399104 front:6735
2021-04-13 21:18:31.945 T:4972 DEBUG : CVideoPlayer::ProcessVideoData size:2821 dts:38.372 pts:38.372 dur:41.000ms, clock:29.673 level:92
2021-04-13 21:18:31.945 T:4972 DEBUG : CVideoPlayer::ProcessAudioData size:348 dts:38.383 pts:38.383 dur:23.000ms, clock:29.673 drop:0 level:99
2021-04-13 21:18:31.945 T:4972 DEBUG : CVideoPlayer::ProcessAudioData size:370 dts:38.406 pts:38.406 dur:23.000ms, clock:29.673 drop:0 level:99
2021-04-13 21:18:31.950 T:4973 DEBUG : CAMLCodec::GetTimeSize: len:24 dl:399506 fs:399104 front:6735
2021-04-13 21:18:31.978 T:4763 INFO : Skipped 4 duplicate messages..
2021-04-13 21:18:31.978 T:4763 DEBUG : CAMLCodec::PollFrame elapsed:37.176ms
2021-04-13 21:18:31.980 T:4763 DEBUG : PrepareNextRender: frameOnScreen: 29.708 renderPts: 29.875 nextFramePts: 29.863 -> diff: 0.012 render: 1 forceNext: 0
2021-04-13 21:18:31.981 T:4973 DEBUG : CAMLCodec::GetTimeSize: len:24 dl:399506 fs:399104 front:6735
2021-04-13 21:18:31.983 T:4763 DEBUG : CAMLCodec::ReleaseFrame idx:716, drop:0
2021-04-13 21:18:31.988 T:4973 DEBUG : CAMLCodec::GetTimeSize: len:24 dl:392755 fs:399104 front:6735
2021-04-13 21:18:31.988 T:4973 DEBUG : CAMLCodec::GetTimeSize: len:23 dl:392755 fs:392369 front:5430
2021-04-13 21:18:31.988 T:4973 DEBUG : CAMLCodec::DequeueBuffer: pts:30.030 idx:720
2021-04-13 21:18:31.988 T:4973 DEBUG : CAMLCodec::GetPicture: index: 720, pts: 30.030, dur:41ms ar:0.00
2021-04-13 21:18:31.988 T:4973 DEBUG : CVideoPlayerVideo::OutputPicture - ttd:314ms pts:30.030 Clock:29.716 Level:3
2021-04-13 21:18:31.989 T:4973 DEBUG : CAMLCodec::GetTimeSize: len:23 dl:392755 fs:392369 front:5430
2021-04-13 21:18:31.989 T:4974 DEBUG : CVideoPlayerAudio::OutputPacket: pts:30.465 curr_pts:29.717 clock:29.717 level:99
2021-04-13 21:18:31.990 T:4974 DEBUG : CVideoPlayerAudio::OutputPacket: pts:30.488 curr_pts:29.719 clock:29.718 level:99
2021-04-13 21:18:31.994 T:4973 DEBUG : CAMLCodec::AddData: dl:403864 sum:403462 sz:11093 dts:31.031 pts:31.031 overflow:0
2021-04-13 21:18:31.994 T:4973 DEBUG : CAMLCodec::GetTimeSize: len:24 dl:403864 fs:403462 front:5430
2021-04-13 21:18:31.996 T:4972 DEBUG : CVideoPlayer::ProcessVideoData size:3813 dts:38.414 pts:38.414 dur:41.000ms, clock:29.724 level:92
2021-04-13 21:18:31.996 T:4972 DEBUG : CVideoPlayer::ProcessAudioData size:341 dts:38.429 pts:38.429 dur:23.000ms, clock:29.724 drop:0 level:99
2021-04-13 21:18:31.996 T:4972 DEBUG : CVideoPlayer::ProcessAudioData size:360 dts:38.452 pts:38.452 dur:23.000ms, clock:29.724 drop:0 level:99
2021-04-13 21:18:32.001 T:4973 DEBUG : CAMLCodec::GetTimeSize: len:24 dl:403864 fs:403462 front:5430
2021-04-13 21:18:32.019 T:4763 INFO : Skipped 3 duplicate messages..
2021-04-13 21:18:32.019 T:4763 DEBUG : CAMLCodec::PollFrame elapsed:36.611ms
2021-04-13 21:18:32.023 T:4763 DEBUG : PrepareNextRender: frameOnScreen: 29.750 renderPts: 29.917 nextFramePts: 29.905 -> diff: 0.012 render: 1 forceNext: 0
2021-04-13 21:18:32.025 T:4763 DEBUG : CAMLCodec::ReleaseFrame idx:717, drop:0
2021-04-13 21:18:32.026 T:4973 DEBUG : CAMLCodec::GetTimeSize: len:24 dl:398418 fs:403462 front:5430
2021-04-13 21:18:32.026 T:4973 DEBUG : CAMLCodec::GetTimeSize: len:23 dl:398418 fs:398032 front:5452
2021-04-13 21:18:32.026 T:4973 DEBUG : CAMLCodec::DequeueBuffer: pts:30.072 idx:721
2021-04-13 21:18:32.026 T:4973 DEBUG : CAMLCodec::GetPicture: index: 721, pts: 30.072, dur:42ms ar:0.00
2021-04-13 21:18:32.026 T:4973 DEBUG : CVideoPlayerVideo::OutputPicture - ttd:318ms pts:30.072 Clock:29.754 Level:3
2021-04-13 21:18:32.027 T:4973 DEBUG : CAMLCodec::GetTimeSize: len:23 dl:398418 fs:398032 front:5452
2021-04-13 21:18:32.032 T:4973 DEBUG : CAMLCodec::AddData: dl:408371 sum:407969 sz:9937 dts:31.073 pts:31.073 overflow:0
2021-04-13 21:18:32.032 T:4973 DEBUG : CAMLCodec::GetTimeSize: len:24 dl:408371 fs:407969 front:5452
2021-04-13 21:18:32.040 T:4974 INFO : Skipped 1 duplicate messages..
2021-04-13 21:18:32.040 T:4974 DEBUG : CVideoPlayerAudio::OutputPacket: pts:30.511 curr_pts:29.768 clock:29.767 level:99
2021-04-13 21:18:32.040 T:4974 DEBUG : CVideoPlayerAudio::OutputPacket: pts:30.534 curr_pts:29.768 clock:29.768 level:99
2021-04-13 21:18:32.045 T:4973 DEBUG : CAMLCodec::GetTimeSize: len:24 dl:408371 fs:407969 front:5452
2021-04-13 21:18:32.047 T:4972 DEBUG : CVideoPlayer::ProcessVideoData size:4735 dts:38.455 pts:38.455 dur:41.000ms, clock:29.775 level:92
2021-04-13 21:18:32.047 T:4972 DEBUG : CVideoPlayer::ProcessAudioData size:387 dts:38.475 pts:38.475 dur:23.000ms, clock:29.775 drop:0 level:99
2021-04-13 21:18:32.047 T:4972 DEBUG : CVideoPlayer::ProcessVideoData size:4043 dts:38.497 pts:38.497 dur:41.000ms, clock:29.775 level:92
2021-04-13 21:18:32.047 T:4972 DEBUG : CVideoPlayer::ProcessAudioData size:341 dts:38.499 pts:38.499 dur:23.000ms, clock:29.775 drop:0 level:99
2021-04-13 21:18:32.051 T:4973 DEBUG : CAMLCodec::GetTimeSize: len:24 dl:408371 fs:407969 front:5452
2021-04-13 21:18:32.061 T:4763 INFO : Skipped 1 duplicate messages..
2021-04-13 21:18:32.061 T:4763 DEBUG : CAMLCodec::PollFrame elapsed:36.166ms
2021-04-13 21:18:32.063 T:4763 DEBUG : PrepareNextRender: frameOnScreen: 29.791 renderPts: 29.958 nextFramePts: 29.947 -> diff: 0.011 render: 1 forceNext: 0
2021-04-13 21:18:32.064 T:4973 DEBUG : CAMLCodec::GetTimeSize: len:24 dl:408371 fs:407969 front:5452
2021-04-13 21:18:32.065 T:4763 DEBUG : CAMLCodec::ReleaseFrame idx:718, drop:0
2021-04-13 21:18:32.070 T:4973 DEBUG : CAMLCodec::GetTimeSize: len:24 dl:402903 fs:407969 front:5452
2021-04-13 21:18:32.070 T:4973 DEBUG : CAMLCodec::GetTimeSize: len:23 dl:402903 fs:402517 front:5231
2021-04-13 21:18:32.071 T:4973 DEBUG : CAMLCodec::DequeueBuffer: pts:30.114 idx:722
2021-04-13 21:18:32.071 T:4973 DEBUG : CAMLCodec::GetPicture: index: 722, pts: 30.114, dur:42ms ar:0.00
2021-04-13 21:18:32.071 T:4973 DEBUG : CVideoPlayerVideo::OutputPicture - ttd:315ms pts:30.114 Clock:29.799 Level:3
2021-04-13 21:18:32.072 T:4973 DEBUG : CAMLCodec::GetTimeSize: len:23 dl:402903 fs:402517 front:5231
2021-04-13 21:18:32.077 T:4973 DEBUG : CAMLCodec::AddData: dl:415106 sum:414704 sz:12187 dts:31.115 pts:31.115 overflow:0
2021-04-13 21:18:32.077 T:4973 DEBUG : CAMLCodec::GetTimeSize: len:24 dl:415106 fs:414704 front:5231
2021-04-13 21:18:32.090 T:4974 INFO : Skipped 2 duplicate messages..
2021-04-13 21:18:32.090 T:4974 DEBUG : CVideoPlayerAudio::OutputPacket: pts:30.557 curr_pts:29.818 clock:29.818 level:99
2021-04-13 21:18:32.090 T:4974 DEBUG : CVideoPlayerAudio::OutputPacket: pts:30.581 curr_pts:29.818 clock:29.818 level:99
2021-04-13 21:18:32.096 T:4973 DEBUG : CAMLCodec::GetTimeSize: len:24 dl:415106 fs:414704 front:5231
2021-04-13 21:18:32.098 T:4972 DEBUG : CVideoPlayer::ProcessAudioData size:371 dts:38.522 pts:38.522 dur:23.000ms, clock:29.826 drop:0 level:99
2021-04-13 21:18:32.098 T:4972 DEBUG : CVideoPlayer::ProcessVideoData size:4395 dts:38.539 pts:38.539 dur:41.000ms, clock:29.826 level:92
2021-04-13 21:18:32.098 T:4972 DEBUG : CVideoPlayer::ProcessAudioData size:354 dts:38.545 pts:38.545 dur:23.000ms, clock:29.826 drop:0 level:99
2021-04-13 21:18:32.102 T:4973 DEBUG : CAMLCodec::GetTimeSize: len:24 dl:415106 fs:414704 front:5231
2021-04-13 21:18:32.103 T:4763 DEBUG : CAMLCodec::PollFrame elapsed:37.286ms
2021-04-13 21:18:32.105 T:4763 DEBUG : PrepareNextRender: frameOnScreen: 29.833 renderPts: 30.000 nextFramePts: 29.989 -> diff: 0.011 render: 1 forceNext: 0
2021-04-13 21:18:32.107 T:4763 DEBUG : CAMLCodec::ReleaseFrame idx:719, drop:0
2021-04-13 21:18:32.109 T:4973 DEBUG : CAMLCodec::GetTimeSize: len:24 dl:415106 fs:414704 front:5231
2021-04-13 21:18:32.115 T:4973 DEBUG : CAMLCodec::GetTimeSize: len:24 dl:409859 fs:414704 front:5231
2021-04-13 21:18:32.115 T:4973 DEBUG : CAMLCodec::GetTimeSize: len:23 dl:409859 fs:409473 front:6115
2021-04-13 21:18:32.115 T:4973 DEBUG : CAMLCodec::DequeueBuffer: pts:30.155 idx:723
2021-04-13 21:18:32.115 T:4973 DEBUG : CAMLCodec::GetPicture: index: 723, pts: 30.155, dur:41ms ar:0.00
2021-04-13 21:18:32.115 T:4973 DEBUG : CVideoPlayerVideo::OutputPicture - ttd:311ms pts:30.155 Clock:29.843 Level:3
2021-04-13 21:18:32.116 T:4973 DEBUG : CAMLCodec::GetTimeSize: len:23 dl:409859 fs:409473 front:6115
2021-04-13 21:18:32.121 T:4871 DEBUG : Thread JobWorker 3825193648 terminating (autodelete)
2021-04-13 21:18:32.121 T:4870 DEBUG : Thread JobWorker 3833586352 terminating (autodelete)
2021-04-13 21:18:32.121 T:4868 DEBUG : Thread JobWorker 3774870192 terminating (autodelete)
2021-04-13 21:18:32.121 T:4973 DEBUG : CAMLCodec::AddData: dl:421109 sum:420707 sz:11234 dts:31.156 pts:31.156 overflow:0
2021-04-13 21:18:32.122 T:4973 DEBUG : CAMLCodec::GetTimeSize: len:24 dl:421109 fs:420707 front:6115
2021-04-13 21:18:32.140 T:4974 INFO : Skipped 2 duplicate messages..
2021-04-13 21:18:32.140 T:4974 DEBUG : CVideoPlayerAudio::OutputPacket: pts:30.604 curr_pts:29.868 clock:29.868 level:99
2021-04-13 21:18:32.140 T:4974 DEBUG : CVideoPlayerAudio::OutputPacket: pts:30.627 curr_pts:29.868 clock:29.868 level:99
2021-04-13 21:18:32.140 T:4973 DEBUG : CAMLCodec::GetTimeSize: len:24 dl:421109 fs:420707 front:6115
2021-04-13 21:18:32.145 T:4763 DEBUG : CAMLCodec::PollFrame elapsed:37.100ms
2021-04-13 21:18:32.147 T:4973 DEBUG : CAMLCodec::GetTimeSize: len:24 dl:421109 fs:420707 front:6115
2021-04-13 21:18:32.148 T:4763 DEBUG : PrepareNextRender: frameOnScreen: 29.876 renderPts: 30.042 nextFramePts: 30.030 -> diff: 0.012 render: 1 forceNext: 0
2021-04-13 21:18:32.149 T:4972 DEBUG : CVideoPlayer::ProcessAudioData size:362 dts:38.568 pts:38.568 dur:23.000ms, clock:29.877 drop:0 level:99
2021-04-13 21:18:32.149 T:4972 DEBUG : CVideoPlayer::ProcessVideoData size:4415 dts:38.580 pts:38.580 dur:41.000ms, clock:29.877 level:92
2021-04-13 21:18:32.149 T:4972 DEBUG : CVideoPlayer::ProcessAudioData size:348 dts:38.592 pts:38.592 dur:23.000ms, clock:29.877 drop:0 level:99
2021-04-13 21:18:32.151 T:4763 DEBUG : CAMLCodec::ReleaseFrame idx:720, drop:0
2021-04-13 21:18:32.153 T:4973 DEBUG : CAMLCodec::GetTimeSize: len:24 dl:414978 fs:420707 front:6115
2021-04-13 21:18:32.153 T:4973 DEBUG : CAMLCodec::GetTimeSize: len:23 dl:414978 fs:414592 front:5700
2021-04-13 21:18:32.154 T:4973 DEBUG : CAMLCodec::DequeueBuffer: pts:30.197 idx:724
2021-04-13 21:18:32.154 T:4973 DEBUG : CAMLCodec::GetPicture: index: 724, pts: 30.197, dur:42ms ar:0.00
2021-04-13 21:18:32.154 T:4973 DEBUG : CVideoPlayerVideo::OutputPicture - ttd:315ms pts:30.197 Clock:29.882 Level:3
2021-04-13 21:18:32.155 T:4973 DEBUG : CAMLCodec::GetTimeSize: len:23 dl:414978 fs:414592 front:5700
2021-04-13 21:18:32.160 T:4973 DEBUG : CAMLCodec::AddData: dl:427029 sum:426627 sz:12035 dts:31.198 pts:31.198 overflow:0
2021-04-13 21:18:32.160 T:4973 DEBUG : CAMLCodec::GetTimeSize: len:24 dl:427029 fs:426627 front:5700
2021-04-13 21:18:32.186 T:4763 INFO : Skipped 4 duplicate messages..
2021-04-13 21:18:32.186 T:4763 DEBUG : CAMLCodec::PollFrame elapsed:35.523ms
2021-04-13 21:18:32.188 T:4763 DEBUG : PrepareNextRender: frameOnScreen: 29.916 renderPts: 30.083 nextFramePts: 30.072 -> diff: 0.011 render: 1 forceNext: 0
2021-04-13 21:18:32.190 T:4974 DEBUG : CVideoPlayerAudio::OutputPacket: pts:30.650 curr_pts:29.918 clock:29.918 level:99
2021-04-13 21:18:32.190 T:4974 DEBUG : CVideoPlayerAudio::OutputPacket: pts:30.674 curr_pts:29.918 clock:29.918 level:99
2021-04-13 21:18:32.191 T:4974 DEBUG : CVideoPlayerAudio::OutputPacket: pts:30.697 curr_pts:29.919 clock:29.918 level:99
2021-04-13 21:18:32.190 T:4972 DEBUG : CVideoPlayer::ProcessAudioData size:360 dts:38.615 pts:38.615 dur:23.000ms, clock:29.918 drop:0 level:99
2021-04-13 21:18:32.191 T:4972 DEBUG : CVideoPlayer::ProcessVideoData size:4212 dts:38.622 pts:38.622 dur:41.000ms, clock:29.919 level:92
2021-04-13 21:18:32.191 T:4763 DEBUG : CAMLCodec::ReleaseFrame idx:721, drop:0
2021-04-13 21:18:32.191 T:4972 DEBUG : CVideoPlayer::ProcessAudioData size:364 dts:38.638 pts:38.638 dur:23.000ms, clock:29.919 drop:0 level:99
2021-04-13 21:18:32.191 T:4972 DEBUG : CVideoPlayer::ProcessAudioData size:363 dts:38.661 pts:38.661 dur:23.000ms, clock:29.919 drop:0 level:99
2021-04-13 21:18:32.192 T:4973 DEBUG : CAMLCodec::GetTimeSize: len:24 dl:427029 fs:426627 front:5700
2021-04-13 21:18:32.228 T:4763 INFO : Skipped 5 duplicate messages..
2021-04-13 21:18:32.228 T:4763 DEBUG : CAMLCodec::PollFrame elapsed:36.773ms
2021-04-13 21:18:32.230 T:4973 DEBUG : CAMLCodec::GetTimeSize: len:24 dl:427029 fs:426627 front:5700
2021-04-13 21:18:32.231 T:4763 DEBUG : PrepareNextRender: frameOnScreen: 29.959 renderPts: 30.125 nextFramePts: 30.114 -> diff: 0.011 render: 1 forceNext: 0
2021-04-13 21:18:32.233 T:4763 DEBUG : CAMLCodec::ReleaseFrame idx:722, drop:0
2021-04-13 21:18:32.236 T:4973 DEBUG : CAMLCodec::GetTimeSize: len:24 dl:421313 fs:426627 front:5700
2021-04-13 21:18:32.236 T:4973 DEBUG : CAMLCodec::GetTimeSize: len:23 dl:421313 fs:420927 front:5071
2021-04-13 21:18:32.236 T:4973 DEBUG : CAMLCodec::DequeueBuffer: pts:30.239 idx:725
2021-04-13 21:18:32.236 T:4973 DEBUG : CAMLCodec::GetPicture: index: 725, pts: 30.239, dur:42ms ar:0.00
2021-04-13 21:18:32.236 T:4973 DEBUG : CVideoPlayerVideo::OutputPicture - ttd:274ms pts:30.239 Clock:29.964 Level:2
2021-04-13 21:18:32.237 T:4973 DEBUG : CAMLCodec::GetTimeSize: len:23 dl:421313 fs:420927 front:5071
2021-04-13 21:18:32.240 T:4974 DEBUG : CVideoPlayerAudio::OutputPacket: pts:30.720 curr_pts:29.968 clock:29.968 level:99
2021-04-13 21:18:32.240 T:4974 DEBUG : CVideoPlayerAudio::OutputPacket: pts:30.743 curr_pts:29.968 clock:29.968 level:99
2021-04-13 21:18:32.242 T:4972 DEBUG : CVideoPlayer::ProcessVideoData size:2960 dts:38.664 pts:38.664 dur:41.000ms, clock:29.970 level:93
2021-04-13 21:18:32.242 T:4972 DEBUG : CVideoPlayer::ProcessAudioData size:353 dts:38.684 pts:38.684 dur:23.000ms, clock:29.970 drop:0 level:99
2021-04-13 21:18:32.242 T:4972 DEBUG : CVideoPlayer::ProcessVideoData size:300 dts:38.706 pts:38.706 dur:41.000ms, clock:29.970 level:93
2021-04-13 21:18:32.242 T:4972 DEBUG : CVideoPlayer::ProcessAudioData size:373 dts:38.708 pts:38.708 dur:23.000ms, clock:29.970 drop:0 level:99
2021-04-13 21:18:32.243 T:4973 DEBUG : CAMLCodec::AddData: dl:432294 sum:431892 sz:10965 dts:31.240 pts:31.240 overflow:0
2021-04-13 21:18:32.243 T:4973 DEBUG : CAMLCodec::GetTimeSize: len:24 dl:432294 fs:431892 front:5071
2021-04-13 21:18:32.270 T:4763 INFO : Skipped 4 duplicate messages..
2021-04-13 21:18:32.270 T:4763 DEBUG : CAMLCodec::PollFrame elapsed:36.452ms
2021-04-13 21:18:32.272 T:4763 DEBUG : PrepareNextRender: frameOnScreen: 30.000 renderPts: 30.167 nextFramePts: 30.155 -> diff: 0.012 render: 1 forceNext: 0
2021-04-13 21:18:32.274 T:4973 DEBUG : CAMLCodec::GetTimeSize: len:24 dl:432294 fs:431892 front:5071
2021-04-13 21:18:32.275 T:4763 DEBUG : CAMLCodec::ReleaseFrame idx:723, drop:0
2021-04-13 21:18:32.281 T:4973 DEBUG : CAMLCodec::GetTimeSize: len:24 dl:427207 fs:431892 front:5071
2021-04-13 21:18:32.281 T:4973 DEBUG : CAMLCodec::GetTimeSize: len:23 dl:427207 fs:426821 front:4470
2021-04-13 21:18:32.281 T:4973 DEBUG : CAMLCodec::DequeueBuffer: pts:30.281 idx:726
2021-04-13 21:18:32.281 T:4973 DEBUG : CAMLCodec::GetPicture: index: 726, pts: 30.281, dur:42ms ar:0.00
2021-04-13 21:18:32.281 T:4973 DEBUG : CVideoPlayerVideo::OutputPicture - ttd:272ms pts:30.281 Clock:30.009 Level:2
2021-04-13 21:18:32.282 T:4973 DEBUG : CAMLCodec::GetTimeSize: len:23 dl:427207 fs:426821 front:4470
2021-04-13 21:18:32.287 T:4973 DEBUG : CAMLCodec::AddData: dl:438034 sum:437632 sz:10811 dts:31.282 pts:31.282 overflow:0
2021-04-13 21:18:32.287 T:4973 DEBUG : CAMLCodec::GetTimeSize: len:24 dl:438034 fs:437632 front:4470
2021-04-13 21:18:32.290 T:4974 DEBUG : CVideoPlayerAudio::OutputPacket: pts:30.766 curr_pts:30.018 clock:30.018 level:99
2021-04-13 21:18:32.290 T:4974 DEBUG : CVideoPlayerAudio::OutputPacket: pts:30.790 curr_pts:30.018 clock:30.018 level:99
2021-04-13 21:18:32.293 T:4972 DEBUG : CVideoPlayer::ProcessAudioData size:373 dts:38.731 pts:38.731 dur:23.000ms, clock:30.021 drop:0 level:99
2021-04-13 21:18:32.293 T:4972 DEBUG : CVideoPlayer::ProcessVideoData size:59035 dts:38.747 pts:38.747 dur:41.000ms, clock:30.021 level:93
2021-04-13 21:18:32.293 T:4972 DEBUG : CVideoPlayer::ProcessAudioData size:376 dts:38.754 pts:38.754 dur:23.000ms, clock:30.021 drop:0 level:99
2021-04-13 21:18:32.294 T:4973 DEBUG : CAMLCodec::GetTimeSize: len:24 dl:438034 fs:437632 front:4470
2021-04-13 21:18:32.311 T:4763 INFO : Skipped 2 duplicate messages..
2021-04-13 21:18:32.311 T:4763 DEBUG : CAMLCodec::PollFrame elapsed:35.731ms
2021-04-13 21:18:32.313 T:4973 DEBUG : CAMLCodec::GetTimeSize: len:24 dl:438034 fs:437632 front:4470
2021-04-13 21:18:32.315 T:4763 DEBUG : PrepareNextRender: frameOnScreen: 30.043 renderPts: 30.210 nextFramePts: 30.197 -> diff: 0.013 render: 1 forceNext: 0
2021-04-13 21:18:32.317 T:4763 DEBUG : CAMLCodec::ReleaseFrame idx:724, drop:0
2021-04-13 21:18:32.320 T:4973 DEBUG : CAMLCodec::GetTimeSize: len:24 dl:433548 fs:437632 front:4470
2021-04-13 21:18:32.320 T:4973 DEBUG : CAMLCodec::GetTimeSize: len:23 dl:433548 fs:433162 front:3424
2021-04-13 21:18:32.320 T:4973 DEBUG : CAMLCodec::DequeueBuffer: pts:30.322 idx:727
2021-04-13 21:18:32.320 T:4973 DEBUG : CAMLCodec::GetPicture: index: 727, pts: 30.322, dur:41ms ar:0.00
2021-04-13 21:18:32.320 T:4973 DEBUG : CVideoPlayerVideo::OutputPicture - ttd:273ms pts:30.322 Clock:30.048 Level:2
2021-04-13 21:18:32.321 T:4973 DEBUG : CAMLCodec::GetTimeSize: len:23 dl:433548 fs:433162 front:3424
2021-04-13 21:18:32.326 T:4973 DEBUG : CAMLCodec::AddData: dl:442064 sum:441662 sz:8500 dts:31.323 pts:31.323 overflow:0
2021-04-13 21:18:32.327 T:4973 DEBUG : CAMLCodec::GetTimeSize: len:24 dl:442064 fs:441662 front:3424
2021-04-13 21:18:32.340 T:4974 INFO : Skipped 2 duplicate messages..
2021-04-13 21:18:32.340 T:4974 DEBUG : CVideoPlayerAudio::OutputPacket: pts:30.813 curr_pts:30.069 clock:30.068 level:99
2021-04-13 21:18:32.340 T:4974 DEBUG : CVideoPlayerAudio::OutputPacket: pts:30.836 curr_pts:30.069 clock:30.068 level:99
2021-04-13 21:18:32.344 T:4972 DEBUG : CVideoPlayer::ProcessAudioData size:357 dts:38.777 pts:38.777 dur:23.000ms, clock:30.072 drop:0 level:99
2021-04-13 21:18:32.344 T:4972 DEBUG : CVideoPlayer::ProcessVideoData size:7767 dts:38.789 pts:38.789 dur:41.000ms, clock:30.072 level:93
2021-04-13 21:18:32.344 T:4972 DEBUG : CVideoPlayer::ProcessAudioData size:372 dts:38.801 pts:38.801 dur:23.000ms, clock:30.072 drop:0 level:99
2021-04-13 21:18:32.345 T:4973 DEBUG : CAMLCodec::GetTimeSize: len:24 dl:442064 fs:441662 front:3424
2021-04-13 21:18:32.353 T:4763 INFO : Skipped 1 duplicate messages..
2021-04-13 21:18:32.353 T:4763 DEBUG : CAMLCodec::PollFrame elapsed:36.044ms
2021-04-13 21:18:32.355 T:4763 DEBUG : PrepareNextRender: frameOnScreen: 30.083 renderPts: 30.250 nextFramePts: 30.239 -> diff: 0.011 render: 1 forceNext: 0
2021-04-13 21:18:32.357 T:4763 DEBUG : CAMLCodec::ReleaseFrame idx:725, drop:0
2021-04-13 21:18:32.358 T:4973 DEBUG : CAMLCodec::GetTimeSize: len:24 dl:442064 fs:441662 front:3424
2021-04-13 21:18:32.365 T:4973 DEBUG : CAMLCodec::GetTimeSize: len:24 dl:438624 fs:441662 front:3424
2021-04-13 21:18:32.365 T:4973 DEBUG : CAMLCodec::GetTimeSize: len:23 dl:438624 fs:438238 front:615
2021-04-13 21:18:32.365 T:4973 DEBUG : CAMLCodec::DequeueBuffer: pts:30.364 idx:728
2021-04-13 21:18:32.365 T:4973 DEBUG : CAMLCodec::GetPicture: index: 728, pts: 30.364, dur:42ms ar:0.00
2021-04-13 21:18:32.365 T:4973 DEBUG : CVideoPlayerVideo::OutputPicture - ttd:271ms pts:30.364 Clock:30.093 Level:2
2021-04-13 21:18:32.366 T:4973 DEBUG : CAMLCodec::GetTimeSize: len:23 dl:438624 fs:438238 front:615
2021-04-13 21:18:32.371 T:4973 DEBUG : CAMLCodec::AddData: dl:446571 sum:446169 sz:7931 dts:31.365 pts:31.365 overflow:0
2021-04-13 21:18:32.371 T:4973 DEBUG : CAMLCodec::GetTimeSize: len:24 dl:446571 fs:446169 front:615
2021-04-13 21:18:32.390 T:4974 INFO : Skipped 3 duplicate messages..
2021-04-13 21:18:32.390 T:4974 DEBUG : CVideoPlayerAudio::OutputPacket: pts:30.859 curr_pts:30.118 clock:30.118 level:99
2021-04-13 21:18:32.390 T:4974 DEBUG : CVideoPlayerAudio::OutputPacket: pts:30.883 curr_pts:30.118 clock:30.118 level:99
2021-04-13 21:18:32.395 T:4763 DEBUG : CAMLCodec::PollFrame elapsed:37.127ms
2021-04-13 21:18:32.395 T:4972 DEBUG : CVideoPlayer::ProcessAudioData size:382 dts:38.824 pts:38.824 dur:23.000ms, clock:30.123 drop:0 level:99
2021-04-13 21:18:32.395 T:4972 DEBUG : CVideoPlayer::ProcessVideoData size:7535 dts:38.831 pts:38.831 dur:41.000ms, clock:30.123 level:93
2021-04-13 21:18:32.395 T:4972 DEBUG : CVideoPlayer::ProcessAudioData size:384 dts:38.847 pts:38.847 dur:23.000ms, clock:30.123 drop:0 level:99
2021-04-13 21:18:32.396 T:4973 DEBUG : CAMLCodec::GetTimeSize: len:24 dl:446571 fs:446169 front:615
2021-04-13 21:18:32.398 T:4763 DEBUG : PrepareNextRender: frameOnScreen: 30.125 renderPts: 30.292 nextFramePts: 30.281 -> diff: 0.011 render: 1 forceNext: 0
2021-04-13 21:18:32.400 T:4763 DEBUG : CAMLCodec::ReleaseFrame idx:726, drop:0
2021-04-13 21:18:32.403 T:4973 DEBUG : CAMLCodec::GetTimeSize: len:24 dl:445940 fs:446169 front:615
2021-04-13 21:18:32.403 T:4973 DEBUG : CAMLCodec::GetTimeSize: len:23 dl:445940 fs:445554 front:58202
2021-04-13 21:18:32.403 T:4973 DEBUG : CAMLCodec::DequeueBuffer: pts:30.406 idx:729
2021-04-13 21:18:32.403 T:4973 DEBUG : CAMLCodec::GetPicture: index: 729, pts: 30.406, dur:42ms ar:0.00
2021-04-13 21:18:32.403 T:4973 DEBUG : CVideoPlayerVideo::OutputPicture - ttd:274ms pts:30.406 Clock:30.131 Level:2
2021-04-13 21:18:32.405 T:4973 DEBUG : CAMLCodec::GetTimeSize: len:23 dl:445940 fs:445554 front:58202
2021-04-13 21:18:32.410 T:4973 DEBUG : CAMLCodec::AddData: dl:388499 sum:446325 sz:771 dts:31.407 pts:31.407 overflow:0
2021-04-13 21:18:32.410 T:4973 DEBUG : CAMLCodec::GetTimeSize: len:24 dl:388499 fs:446325 front:58202
2021-04-13 21:18:32.410 T:4973 DEBUG : CAMLCodec::GetTimeSize: len:23 dl:388499 fs:388123 front:7797
2021-04-13 21:18:32.410 T:4973 DEBUG : CAMLCodec::DequeueBuffer: pts:30.447 idx:730
2021-04-13 21:18:32.410 T:4973 DEBUG : CAMLCodec::GetPicture: index: 730, pts: 30.447, dur:41ms ar:0.00
2021-04-13 21:18:32.410 T:4973 DEBUG : CVideoPlayerVideo::OutputPicture - ttd:309ms pts:30.447 Clock:30.138 Level:3
2021-04-13 21:18:32.411 T:4973 DEBUG : CAMLCodec::GetTimeSize: len:23 dl:388499 fs:388123 front:7797
2021-04-13 21:18:32.416 T:4973 DEBUG : frame_number : 2, mag : 3; index_sz : 8
2021-04-13 21:18:32.419 T:4973 DEBUG : CAMLCodec::AddData: dl:497310 sum:496910 sz:108787 dts:31.448 pts:31.448 overflow:0
2021-04-13 21:18:32.419 T:4973 DEBUG : CAMLCodec::GetTimeSize: len:24 dl:497310 fs:496910 front:7797
2021-04-13 21:18:32.437 T:4763 INFO : Skipped 2 duplicate messages..
2021-04-13 21:18:32.436 T:4763 DEBUG : CAMLCodec::PollFrame elapsed:35.881ms
2021-04-13 21:18:32.438 T:4973 DEBUG : CAMLCodec::GetTimeSize: len:24 dl:497310 fs:496910 front:7797
2021-04-13 21:18:32.439 T:4763 DEBUG : PrepareNextRender: frameOnScreen: 30.167 renderPts: 30.334 nextFramePts: 30.322 -> diff: 0.012 render: 1 forceNext: 0
2021-04-13 21:18:32.441 T:4974 DEBUG : CVideoPlayerAudio::OutputPacket: pts:30.906 curr_pts:30.169 clock:30.168 level:99
2021-04-13 21:18:32.441 T:4974 DEBUG : CVideoPlayerAudio::OutputPacket: pts:30.929 curr_pts:30.170 clock:30.169 level:99
2021-04-13 21:18:32.442 T:4763 DEBUG : CAMLCodec::ReleaseFrame idx:727, drop:0
2021-04-13 21:18:32.444 T:4973 DEBUG : CAMLCodec::GetTimeSize: len:24 dl:489497 fs:496910 front:7797
2021-04-13 21:18:32.444 T:4973 DEBUG : CAMLCodec::GetTimeSize: len:23 dl:489497 fs:489113 front:7369
2021-04-13 21:18:32.444 T:4973 DEBUG : CAMLCodec::DequeueBuffer: pts:30.489 idx:731
2021-04-13 21:18:32.444 T:4973 DEBUG : CAMLCodec::GetPicture: index: 731, pts: 30.489, dur:42ms ar:0.00
2021-04-13 21:18:32.444 T:4973 DEBUG : CVideoPlayerVideo::OutputPicture - ttd:316ms pts:30.489 Clock:30.172 Level:3
2021-04-13 21:18:32.445 T:4973 DEBUG : CAMLCodec::GetTimeSize: len:23 dl:489497 fs:489113 front:7369
