2021-04-13 21:18:27.268 T:4763 DEBUG : CAMLCodec::ReleaseFrame idx:603, drop:0
2021-04-13 21:18:27.271 T:4973 DEBUG : CAMLCodec::GetTimeSize: len:24 dl:377345 fs:376953 front:16722
2021-04-13 21:18:27.290 T:4974 INFO : Skipped 2 duplicate messages..
2021-04-13 21:18:27.290 T:4974 DEBUG : CVideoPlayerAudio::OutputPacket: pts:25.751 curr_pts:25.018 clock:25.018 level:99
2021-04-13 21:18:27.290 T:4974 DEBUG : CVideoPlayerAudio::OutputPacket: pts:25.774 curr_pts:25.018 clock:25.018 level:99
2021-04-13 21:18:27.290 T:4973 DEBUG : CAMLCodec::GetTimeSize: len:24 dl:377345 fs:376953 front:16722
2021-04-13 21:18:27.290 T:4974 DEBUG : CVideoPlayerAudio::OutputPacket: pts:25.797 curr_pts:25.019 clock:25.018 level:99
2021-04-13 21:18:27.296 T:4972 DEBUG : CVideoPlayer::ProcessVideoData size:2943 dts:33.701 pts:33.701 dur:41.000ms, clock:25.023 level:92
2021-04-13 21:18:27.296 T:4972 DEBUG : CVideoPlayer::ProcessAudioData size:323 dts:33.715 pts:33.715 dur:23.000ms, clock:25.024 drop:0 level:99
2021-04-13 21:18:27.296 T:4972 DEBUG : CVideoPlayer::ProcessAudioData size:421 dts:33.739 pts:33.739 dur:23.000ms, clock:25.024 drop:0 level:99
2021-04-13 21:18:27.296 T:4972 DEBUG : CVideoPlayer::ProcessVideoData size:3368 dts:33.742 pts:33.742 dur:41.000ms, clock:25.024 level:92
2021-04-13 21:18:27.296 T:4972 DEBUG : CVideoPlayer::ProcessAudioData size:407 dts:33.762 pts:33.762 dur:23.000ms, clock:25.024 drop:0 level:99
2021-04-13 21:18:27.297 T:4973 DEBUG : CAMLCodec::GetTimeSize: len:24 dl:377345 fs:376953 front:16722
2021-04-13 21:18:27.306 T:4763 INFO : Skipped 1 duplicate messages..
2021-04-13 21:18:27.306 T:4763 DEBUG : CAMLCodec::PollFrame elapsed:38.175ms
2021-04-13 21:18:27.309 T:4763 DEBUG : PrepareNextRender: frameOnScreen: 25.037 renderPts: 25.203 nextFramePts: 25.192 -> diff: 0.011 render: 1 forceNext: 0
2021-04-13 21:18:27.310 T:4973 DEBUG : CAMLCodec::GetTimeSize: len:24 dl:377345 fs:376953 front:16722
2021-04-13 21:18:27.311 T:4763 DEBUG : CAMLCodec::ReleaseFrame idx:604, drop:0
2021-04-13 21:18:27.316 T:4973 DEBUG : CAMLCodec::GetTimeSize: len:24 dl:360607 fs:376953 front:16722
2021-04-13 21:18:27.316 T:4973 DEBUG : CAMLCodec::GetTimeSize: len:23 dl:360607 fs:360231 front:15759
2021-04-13 21:18:27.316 T:4973 DEBUG : CAMLCodec::DequeueBuffer: pts:25.359 idx:608
2021-04-13 21:18:27.316 T:4973 DEBUG : CAMLCodec::GetPicture: index: 608, pts: 25.359, dur:42ms ar:0.00
2021-04-13 21:18:27.317 T:4973 DEBUG : CVideoPlayerVideo::OutputPicture - ttd:314ms pts:25.359 Clock:25.044 Level:3
2021-04-13 21:18:27.318 T:4973 DEBUG : CAMLCodec::GetTimeSize: len:23 dl:360607 fs:360231 front:15759
2021-04-13 21:18:27.323 T:4973 DEBUG : frame_number : 2, mag : 2; index_sz : 6
2021-04-13 21:18:27.323 T:4973 DEBUG : CAMLCodec::AddData: dl:393333 sum:392931 sz:32700 dts:26.360 pts:26.360 overflow:0
2021-04-13 21:18:27.323 T:4973 DEBUG : CAMLCodec::GetTimeSize: len:24 dl:393333 fs:392931 front:15759
2021-04-13 21:18:27.340 T:4974 INFO : Skipped 2 duplicate messages..
2021-04-13 21:18:27.340 T:4974 DEBUG : CVideoPlayerAudio::OutputPacket: pts:25.821 curr_pts:25.068 clock:25.068 level:99
2021-04-13 21:18:27.340 T:4974 DEBUG : CVideoPlayerAudio::OutputPacket: pts:25.844 curr_pts:25.069 clock:25.068 level:99
2021-04-13 21:18:27.342 T:4973 DEBUG : CAMLCodec::GetTimeSize: len:24 dl:393333 fs:392931 front:15759
2021-04-13 21:18:27.347 T:4972 DEBUG : CVideoPlayer::ProcessVideoData size:60845 dts:33.784 pts:33.784 dur:41.000ms, clock:25.075 level:92
2021-04-13 21:18:27.347 T:4972 DEBUG : CVideoPlayer::ProcessAudioData size:325 dts:33.785 pts:33.785 dur:23.000ms, clock:25.075 drop:0 level:99
2021-04-13 21:18:27.347 T:4972 DEBUG : CVideoPlayer::ProcessAudioData size:375 dts:33.808 pts:33.808 dur:23.000ms, clock:25.075 drop:0 level:99
2021-04-13 21:18:27.348 T:4763 DEBUG : CAMLCodec::PollFrame elapsed:37.137ms
2021-04-13 21:18:27.349 T:4973 DEBUG : CAMLCodec::GetTimeSize: len:24 dl:393333 fs:392931 front:15759
2021-04-13 21:18:27.351 T:4763 DEBUG : PrepareNextRender: frameOnScreen: 25.079 renderPts: 25.246 nextFramePts: 25.234 -> diff: 0.012 render: 1 forceNext: 0
2021-04-13 21:18:27.353 T:4763 DEBUG : CAMLCodec::ReleaseFrame idx:605, drop:0
2021-04-13 21:18:27.355 T:4973 DEBUG : CAMLCodec::GetTimeSize: len:24 dl:377558 fs:392931 front:15759
2021-04-13 21:18:27.355 T:4973 DEBUG : CAMLCodec::GetTimeSize: len:23 dl:377558 fs:377172 front:15116
2021-04-13 21:18:27.355 T:4973 DEBUG : CAMLCodec::DequeueBuffer: pts:25.401 idx:609
2021-04-13 21:18:27.355 T:4973 DEBUG : CAMLCodec::GetPicture: index: 609, pts: 25.401, dur:42ms ar:0.00
2021-04-13 21:18:27.355 T:4973 DEBUG : CVideoPlayerVideo::OutputPicture - ttd:317ms pts:25.401 Clock:25.083 Level:3
2021-04-13 21:18:27.356 T:4973 DEBUG : CAMLCodec::GetTimeSize: len:23 dl:377558 fs:377172 front:15116
2021-04-13 21:18:27.362 T:4973 DEBUG : CAMLCodec::AddData: dl:377696 sum:377294 sz:122 dts:26.402 pts:26.402 overflow:0
2021-04-13 21:18:27.362 T:4973 DEBUG : CAMLCodec::GetTimeSize: len:24 dl:377696 fs:377294 front:15116
2021-04-13 21:18:27.390 T:4974 INFO : Skipped 4 duplicate messages..
2021-04-13 21:18:27.390 T:4974 DEBUG : CVideoPlayerAudio::OutputPacket: pts:25.867 curr_pts:25.118 clock:25.118 level:99
2021-04-13 21:18:27.390 T:4763 DEBUG : CAMLCodec::PollFrame elapsed:36.725ms
2021-04-13 21:18:27.391 T:4974 DEBUG : CVideoPlayerAudio::OutputPacket: pts:25.890 curr_pts:25.119 clock:25.118 level:99
2021-04-13 21:18:27.393 T:4973 DEBUG : CAMLCodec::GetTimeSize: len:24 dl:377696 fs:377294 front:15116
2021-04-13 21:18:27.393 T:4763 DEBUG : PrepareNextRender: frameOnScreen: 25.121 renderPts: 25.288 nextFramePts: 25.276 -> diff: 0.012 render: 1 forceNext: 0
2021-04-13 21:18:27.396 T:4763 DEBUG : CAMLCodec::ReleaseFrame idx:606, drop:0
2021-04-13 21:18:27.398 T:4972 DEBUG : CVideoPlayer::ProcessVideoData size:52662 dts:33.826 pts:33.826 dur:41.000ms, clock:25.126 level:92
2021-04-13 21:18:27.398 T:4972 DEBUG : CVideoPlayer::ProcessAudioData size:328 dts:33.831 pts:33.831 dur:23.000ms, clock:25.126 drop:0 level:99
2021-04-13 21:18:27.399 T:4972 DEBUG : CVideoPlayer::ProcessAudioData size:335 dts:33.855 pts:33.855 dur:23.000ms, clock:25.126 drop:0 level:99
2021-04-13 21:18:27.400 T:4973 DEBUG : CAMLCodec::GetTimeSize: len:24 dl:362564 fs:377294 front:15116
2021-04-13 21:18:27.400 T:4973 DEBUG : CAMLCodec::GetTimeSize: len:23 dl:362564 fs:362178 front:12211
2021-04-13 21:18:27.400 T:4973 DEBUG : CAMLCodec::DequeueBuffer: pts:25.442 idx:610
2021-04-13 21:18:27.400 T:4973 DEBUG : CAMLCodec::GetPicture: index: 610, pts: 25.442, dur:41ms ar:0.00
2021-04-13 21:18:27.400 T:4973 DEBUG : CVideoPlayerVideo::OutputPicture - ttd:314ms pts:25.442 Clock:25.128 Level:3
2021-04-13 21:18:27.401 T:4973 DEBUG : CAMLCodec::GetTimeSize: len:23 dl:362564 fs:362178 front:12211
2021-04-13 21:18:27.406 T:4973 DEBUG : CAMLCodec::AddData: dl:363425 sum:363023 sz:845 dts:26.443 pts:26.443 overflow:0
2021-04-13 21:18:27.406 T:4973 DEBUG : CAMLCodec::GetTimeSize: len:24 dl:363425 fs:363023 front:12211
2021-04-13 21:18:27.432 T:4763 INFO : Skipped 3 duplicate messages..
2021-04-13 21:18:27.432 T:4763 DEBUG : CAMLCodec::PollFrame elapsed:35.677ms
2021-04-13 21:18:27.432 T:4973 DEBUG : CAMLCodec::GetTimeSize: len:24 dl:363425 fs:363023 front:12211
2021-04-13 21:18:27.434 T:4763 DEBUG : PrepareNextRender: frameOnScreen: 25.162 renderPts: 25.329 nextFramePts: 25.317 -> diff: 0.012 render: 1 forceNext: 0
2021-04-13 21:18:27.436 T:4763 DEBUG : CAMLCodec::ReleaseFrame idx:607, drop:0
2021-04-13 21:18:27.438 T:4973 DEBUG : CAMLCodec::GetTimeSize: len:24 dl:351198 fs:363023 front:12211
2021-04-13 21:18:27.438 T:4973 DEBUG : CAMLCodec::GetTimeSize: len:23 dl:351198 fs:350812 front:995
2021-04-13 21:18:27.438 T:4973 DEBUG : CAMLCodec::DequeueBuffer: pts:25.484 idx:611
2021-04-13 21:18:27.438 T:4973 DEBUG : CAMLCodec::GetPicture: index: 611, pts: 25.484, dur:42ms ar:0.00
2021-04-13 21:18:27.439 T:4973 DEBUG : CVideoPlayerVideo::OutputPicture - ttd:317ms pts:25.484 Clock:25.166 Level:3
2021-04-13 21:18:27.440 T:4973 DEBUG : CAMLCodec::GetTimeSize: len:23 dl:351198 fs:350812 front:995
2021-04-13 21:18:27.440 T:4974 DEBUG : CVideoPlayerAudio::OutputPacket: pts:25.913 curr_pts:25.168 clock:25.168 level:99
2021-04-13 21:18:27.440 T:4974 DEBUG : CVideoPlayerAudio::OutputPacket: pts:25.937 curr_pts:25.168 clock:25.168 level:99
2021-04-13 21:18:27.445 T:4973 DEBUG : CAMLCodec::AddData: dl:353816 sum:353414 sz:2602 dts:26.485 pts:26.485 overflow:0
2021-04-13 21:18:27.445 T:4973 DEBUG : CAMLCodec::GetTimeSize: len:24 dl:353816 fs:353414 front:995
2021-04-13 21:18:27.449 T:4972 DEBUG : CVideoPlayer::ProcessVideoData size:5770 dts:33.867 pts:33.867 dur:41.000ms, clock:25.177 level:92
2021-04-13 21:18:27.449 T:4972 DEBUG : CVideoPlayer::ProcessAudioData size:339 dts:33.878 pts:33.878 dur:23.000ms, clock:25.177 drop:0 level:99
2021-04-13 21:18:27.449 T:4972 DEBUG : CVideoPlayer::ProcessAudioData size:346 dts:33.901 pts:33.901 dur:23.000ms, clock:25.177 drop:0 level:99
2021-04-13 21:18:27.451 T:4973 DEBUG : CAMLCodec::GetTimeSize: len:24 dl:353816 fs:353414 front:995
2021-04-13 21:18:27.473 T:4763 INFO : Skipped 3 duplicate messages..
2021-04-13 21:18:27.473 T:4763 DEBUG : CAMLCodec::PollFrame elapsed:36.765ms
2021-04-13 21:18:27.476 T:4763 DEBUG : PrepareNextRender: frameOnScreen: 25.204 renderPts: 25.370 nextFramePts: 25.359 -> diff: 0.011 render: 1 forceNext: 0
2021-04-13 21:18:27.476 T:4973 DEBUG : CAMLCodec::GetTimeSize: len:24 dl:353816 fs:353414 front:995
2021-04-13 21:18:27.478 T:4763 DEBUG : CAMLCodec::ReleaseFrame idx:608, drop:0
2021-04-13 21:18:27.483 T:4973 DEBUG : CAMLCodec::GetTimeSize: len:24 dl:352805 fs:353414 front:995
2021-04-13 21:18:27.483 T:4973 DEBUG : CAMLCodec::GetTimeSize: len:23 dl:352805 fs:352419 front:112017
2021-04-13 21:18:27.483 T:4973 DEBUG : CAMLCodec::DequeueBuffer: pts:25.526 idx:612
2021-04-13 21:18:27.483 T:4973 DEBUG : CAMLCodec::GetPicture: index: 612, pts: 25.526, dur:42ms ar:0.00
2021-04-13 21:18:27.483 T:4973 DEBUG : CVideoPlayerVideo::OutputPicture - ttd:314ms pts:25.526 Clock:25.211 Level:3
2021-04-13 21:18:27.484 T:4973 DEBUG : CAMLCodec::GetTimeSize: len:23 dl:352805 fs:352419 front:112017
2021-04-13 21:18:27.490 T:4973 DEBUG : CAMLCodec::AddData: dl:244539 sum:356178 sz:3759 dts:26.527 pts:26.527 overflow:0
2021-04-13 21:18:27.490 T:4973 DEBUG : CAMLCodec::GetTimeSize: len:24 dl:244539 fs:356178 front:112017
2021-04-13 21:18:27.490 T:4973 DEBUG : CAMLCodec::GetTimeSize: len:23 dl:244539 fs:244161 front:17045
2021-04-13 21:18:27.490 T:4973 DEBUG : CAMLCodec::DequeueBuffer: pts:25.567 idx:613
2021-04-13 21:18:27.490 T:4974 DEBUG : CVideoPlayerAudio::OutputPacket: pts:25.960 curr_pts:25.218 clock:25.218 level:99
2021-04-13 21:18:27.490 T:4972 DEBUG : CVideoPlayer::ProcessVideoData size:6398 dts:33.909 pts:33.909 dur:41.000ms, clock:25.218 level:92
2021-04-13 21:18:27.490 T:4972 DEBUG : CVideoPlayer::ProcessAudioData size:364 dts:33.924 pts:33.924 dur:23.000ms, clock:25.218 drop:0 level:99
2021-04-13 21:18:27.490 T:4972 DEBUG : CVideoPlayer::ProcessAudioData size:359 dts:33.948 pts:33.948 dur:23.000ms, clock:25.218 drop:0 level:99
2021-04-13 21:18:27.490 T:4973 DEBUG : CAMLCodec::GetPicture: index: 613, pts: 25.567, dur:41ms ar:0.00
2021-04-13 21:18:27.490 T:4974 DEBUG : CVideoPlayerAudio::OutputPacket: pts:25.983 curr_pts:25.219 clock:25.218 level:99
2021-04-13 21:18:27.491 T:4973 DEBUG : CVideoPlayerVideo::OutputPicture - ttd:348ms pts:25.567 Clock:25.218 Level:4
2021-04-13 21:18:27.492 T:4973 DEBUG : CAMLCodec::GetTimeSize: len:23 dl:244539 fs:244161 front:17045
2021-04-13 21:18:27.497 T:4973 DEBUG : CAMLCodec::AddData: dl:249972 sum:249578 sz:5417 dts:26.568 pts:26.568 overflow:0
2021-04-13 21:18:27.497 T:4973 DEBUG : CAMLCodec::GetTimeSize: len:24 dl:249972 fs:249578 front:17045
2021-04-13 21:18:27.515 T:4763 INFO : Skipped 2 duplicate messages..
2021-04-13 21:18:27.515 T:4763 DEBUG : CAMLCodec::PollFrame elapsed:36.792ms
2021-04-13 21:18:27.516 T:4973 DEBUG : CAMLCodec::GetTimeSize: len:24 dl:249972 fs:249578 front:17045
2021-04-13 21:18:27.517 T:4763 DEBUG : PrepareNextRender: frameOnScreen: 25.245 renderPts: 25.412 nextFramePts: 25.401 -> diff: 0.011 render: 1 forceNext: 0
2021-04-13 21:18:27.518 T:4763 DEBUG : CAMLCodec::ReleaseFrame idx:609, drop:0
2021-04-13 21:18:27.522 T:4973 DEBUG : CAMLCodec::GetTimeSize: len:24 dl:249972 fs:249578 front:17045
2021-04-13 21:18:27.540 T:4974 INFO : Skipped 2 duplicate messages..
2021-04-13 21:18:27.540 T:4974 DEBUG : CVideoPlayerAudio::OutputPacket: pts:26.006 curr_pts:25.268 clock:25.268 level:99
2021-04-13 21:18:27.540 T:4974 DEBUG : CVideoPlayerAudio::OutputPacket: pts:26.030 curr_pts:25.268 clock:25.268 level:99
2021-04-13 21:18:27.541 T:4973 DEBUG : CAMLCodec::GetTimeSize: len:24 dl:249972 fs:249578 front:17045
2021-04-13 21:18:27.541 T:4972 DEBUG : CVideoPlayer::ProcessVideoData size:6278 dts:33.951 pts:33.951 dur:41.000ms, clock:25.269 level:92
2021-04-13 21:18:27.541 T:4972 DEBUG : CVideoPlayer::ProcessAudioData size:357 dts:33.971 pts:33.971 dur:23.000ms, clock:25.269 drop:0 level:99
2021-04-13 21:18:27.541 T:4972 DEBUG : CVideoPlayer::ProcessVideoData size:6966 dts:33.993 pts:33.993 dur:41.000ms, clock:25.269 level:92
2021-04-13 21:18:27.542 T:4972 DEBUG : CVideoPlayer::ProcessAudioData size:358 dts:33.994 pts:33.994 dur:23.000ms, clock:25.269 drop:0 level:99
2021-04-13 21:18:27.547 T:4973 DEBUG : CAMLCodec::GetTimeSize: len:24 dl:249972 fs:249578 front:17045
2021-04-13 21:18:27.557 T:4763 INFO : Skipped 1 duplicate messages..
2021-04-13 21:18:27.557 T:4763 DEBUG : CAMLCodec::PollFrame elapsed:37.943ms
2021-04-13 21:18:27.559 T:4763 DEBUG : PrepareNextRender: frameOnScreen: 25.287 renderPts: 25.454 nextFramePts: 25.442 -> diff: 0.012 render: 1 forceNext: 0
2021-04-13 21:18:27.559 T:4763 DEBUG : CAMLCodec::ReleaseFrame idx:610, drop:0
2021-04-13 21:18:27.560 T:4973 DEBUG : CAMLCodec::GetTimeSize: len:24 dl:249972 fs:249578 front:17045
2021-04-13 21:18:27.566 T:4973 DEBUG : CAMLCodec::GetTimeSize: len:24 dl:232911 fs:249578 front:17045
2021-04-13 21:18:27.566 T:4973 DEBUG : CAMLCodec::GetTimeSize: len:23 dl:232911 fs:232533 front:16431
2021-04-13 21:18:27.566 T:4973 DEBUG : CAMLCodec::DequeueBuffer: pts:25.609 idx:614
2021-04-13 21:18:27.567 T:4973 DEBUG : CAMLCodec::GetPicture: index: 614, pts: 25.609, dur:42ms ar:0.00
2021-04-13 21:18:27.567 T:4973 DEBUG : CVideoPlayerVideo::OutputPicture - ttd:314ms pts:25.609 Clock:25.294 Level:3
2021-04-13 21:18:27.568 T:4973 DEBUG : CAMLCodec::GetTimeSize: len:23 dl:232911 fs:232533 front:16431
2021-04-13 21:18:27.573 T:4973 DEBUG : CAMLCodec::AddData: dl:239617 sum:239223 sz:6690 dts:26.610 pts:26.610 overflow:0
2021-04-13 21:18:27.573 T:4973 DEBUG : CAMLCodec::GetTimeSize: len:24 dl:239617 fs:239223 front:16431
2021-04-13 21:18:27.590 T:4974 INFO : Skipped 2 duplicate messages..
2021-04-13 21:18:27.590 T:4974 DEBUG : CVideoPlayerAudio::OutputPacket: pts:26.053 curr_pts:25.319 clock:25.318 level:99
2021-04-13 21:18:27.590 T:4974 DEBUG : CVideoPlayerAudio::OutputPacket: pts:26.076 curr_pts:25.319 clock:25.318 level:99
2021-04-13 21:18:27.591 T:4974 DEBUG : CVideoPlayerAudio::OutputPacket: pts:26.099 curr_pts:25.319 clock:25.318 level:99
2021-04-13 21:18:27.592 T:4973 DEBUG : CAMLCodec::GetTimeSize: len:24 dl:239617 fs:239223 front:16431
2021-04-13 21:18:27.592 T:4972 DEBUG : CVideoPlayer::ProcessAudioData size:370 dts:34.017 pts:34.017 dur:23.000ms, clock:25.320 drop:0 level:99
2021-04-13 21:18:27.592 T:4972 DEBUG : CVideoPlayer::ProcessVideoData size:9702 dts:34.034 pts:34.034 dur:41.000ms, clock:25.320 level:92
2021-04-13 21:18:27.593 T:4972 DEBUG : CVideoPlayer::ProcessAudioData size:360 dts:34.040 pts:34.040 dur:23.000ms, clock:25.320 drop:0 level:99
2021-04-13 21:18:27.593 T:4972 DEBUG : CVideoPlayer::ProcessAudioData size:362 dts:34.064 pts:34.064 dur:23.000ms, clock:25.321 drop:0 level:99
2021-04-13 21:18:27.598 T:4973 DEBUG : CAMLCodec::GetTimeSize: len:24 dl:239617 fs:239223 front:16431
2021-04-13 21:18:27.598 T:4763 DEBUG : CAMLCodec::PollFrame elapsed:38.863ms
2021-04-13 21:18:27.599 T:4763 DEBUG : PrepareNextRender: frameOnScreen: 25.327 renderPts: 25.494 nextFramePts: 25.484 -> diff: 0.010 render: 1 forceNext: 0
2021-04-13 21:18:27.599 T:4763 DEBUG : CAMLCodec::ReleaseFrame idx:611, drop:0
2021-04-13 21:18:27.605 T:4973 DEBUG : CAMLCodec::GetTimeSize: len:24 dl:223170 fs:239223 front:16431
2021-04-13 21:18:27.605 T:4973 DEBUG : CAMLCodec::GetTimeSize: len:23 dl:223170 fs:222792 front:17383
2021-04-13 21:18:27.605 T:4973 DEBUG : CAMLCodec::DequeueBuffer: pts:25.651 idx:615
2021-04-13 21:18:27.605 T:4973 DEBUG : CAMLCodec::GetPicture: index: 615, pts: 25.651, dur:42ms ar:0.00
2021-04-13 21:18:27.605 T:4973 DEBUG : CVideoPlayerVideo::OutputPicture - ttd:318ms pts:25.651 Clock:25.333 Level:3
2021-04-13 21:18:27.606 T:4973 DEBUG : CAMLCodec::GetTimeSize: len:23 dl:223170 fs:222792 front:17383
2021-04-13 21:18:27.611 T:4973 DEBUG : CAMLCodec::AddData: dl:230871 sum:230477 sz:7685 dts:26.652 pts:26.652 overflow:0
2021-04-13 21:18:27.611 T:4973 DEBUG : CAMLCodec::GetTimeSize: len:24 dl:230871 fs:230477 front:17383
2021-04-13 21:18:27.640 T:4974 INFO : Skipped 4 duplicate messages..
2021-04-13 21:18:27.640 T:4974 DEBUG : CVideoPlayerAudio::OutputPacket: pts:26.122 curr_pts:25.368 clock:25.368 level:99
2021-04-13 21:18:27.641 T:4763 DEBUG : CAMLCodec::PollFrame elapsed:40.978ms
2021-04-13 21:18:27.641 T:4974 DEBUG : CVideoPlayerAudio::OutputPacket: pts:26.146 curr_pts:25.369 clock:25.369 level:99
2021-04-13 21:18:27.642 T:4763 DEBUG : PrepareNextRender: frameOnScreen: 25.370 renderPts: 25.537 nextFramePts: 25.526 -> diff: 0.011 render: 1 forceNext: 0
2021-04-13 21:18:27.642 T:4763 DEBUG : CAMLCodec::ReleaseFrame idx:612, drop:0
2021-04-13 21:18:27.642 T:4973 DEBUG : CAMLCodec::GetTimeSize: len:24 dl:230871 fs:230477 front:17383
2021-04-13 21:18:27.643 T:4972 DEBUG : CVideoPlayer::ProcessVideoData size:8316 dts:34.076 pts:34.076 dur:41.000ms, clock:25.371 level:92
2021-04-13 21:18:27.644 T:4972 DEBUG : CVideoPlayer::ProcessAudioData size:403 dts:34.087 pts:34.087 dur:23.000ms, clock:25.372 drop:0 level:99
2021-04-13 21:18:27.644 T:4972 DEBUG : CVideoPlayer::ProcessAudioData size:466 dts:34.110 pts:34.110 dur:23.000ms, clock:25.372 drop:0 level:99
2021-04-13 21:18:27.649 T:4973 DEBUG : CAMLCodec::GetTimeSize: len:24 dl:213472 fs:230477 front:17383
2021-04-13 21:18:27.649 T:4973 DEBUG : CAMLCodec::GetTimeSize: len:23 dl:213472 fs:213094 front:15311
2021-04-13 21:18:27.649 T:4973 DEBUG : CAMLCodec::DequeueBuffer: pts:25.693 idx:616
2021-04-13 21:18:27.649 T:4973 DEBUG : CAMLCodec::GetPicture: index: 616, pts: 25.693, dur:42ms ar:0.00
2021-04-13 21:18:27.649 T:4973 DEBUG : CVideoPlayerVideo::OutputPicture - ttd:316ms pts:25.693 Clock:25.377 Level:3
2021-04-13 21:18:27.650 T:4973 DEBUG : CAMLCodec::GetTimeSize: len:23 dl:213472 fs:213094 front:15311
2021-04-13 21:18:27.655 T:4973 DEBUG : CAMLCodec::AddData: dl:223069 sum:222675 sz:9581 dts:26.694 pts:26.694 overflow:0
2021-04-13 21:18:27.655 T:4973 DEBUG : CAMLCodec::GetTimeSize: len:24 dl:223069 fs:222675 front:15311
2021-04-13 21:18:27.682 T:4763 INFO : Skipped 4 duplicate messages..
2021-04-13 21:18:27.682 T:4763 DEBUG : CAMLCodec::PollFrame elapsed:39.337ms
2021-04-13 21:18:27.683 T:4763 DEBUG : PrepareNextRender: frameOnScreen: 25.411 renderPts: 25.577 nextFramePts: 25.567 -> diff: 0.010 render: 1 forceNext: 0
2021-04-13 21:18:27.683 T:4763 DEBUG : CAMLCodec::ReleaseFrame idx:613, drop:0
2021-04-13 21:18:27.687 T:4973 DEBUG : CAMLCodec::GetTimeSize: len:24 dl:207742 fs:222675 front:15311
2021-04-13 21:18:27.687 T:4973 DEBUG : CAMLCodec::GetTimeSize: len:23 dl:207742 fs:207364 front:12539
2021-04-13 21:18:27.687 T:4973 DEBUG : CAMLCodec::DequeueBuffer: pts:25.734 idx:617
2021-04-13 21:18:27.687 T:4973 DEBUG : CAMLCodec::GetPicture: index: 617, pts: 25.734, dur:41ms ar:0.00
2021-04-13 21:18:27.687 T:4973 DEBUG : CVideoPlayerVideo::OutputPicture - ttd:319ms pts:25.734 Clock:25.415 Level:3
2021-04-13 21:18:27.688 T:4973 DEBUG : CAMLCodec::GetTimeSize: len:23 dl:207742 fs:207364 front:12539
2021-04-13 21:18:27.690 T:4974 DEBUG : CVideoPlayerAudio::OutputPacket: pts:26.169 curr_pts:25.419 clock:25.418 level:99
2021-04-13 21:18:27.690 T:4974 DEBUG : CVideoPlayerAudio::OutputPacket: pts:26.192 curr_pts:25.419 clock:25.418 level:99
2021-04-13 21:18:27.693 T:4973 DEBUG : CAMLCodec::AddData: dl:217776 sum:217382 sz:10018 dts:26.735 pts:26.735 overflow:0
2021-04-13 21:18:27.693 T:4973 DEBUG : CAMLCodec::GetTimeSize: len:24 dl:217776 fs:217382 front:12539
2021-04-13 21:18:27.694 T:4972 DEBUG : CVideoPlayer::ProcessVideoData size:5098 dts:34.118 pts:34.118 dur:41.000ms, clock:25.422 level:92
2021-04-13 21:18:27.695 T:4972 DEBUG : CVideoPlayer::ProcessAudioData size:400 dts:34.133 pts:34.133 dur:23.000ms, clock:25.422 drop:0 level:99
2021-04-13 21:18:27.695 T:4972 DEBUG : CVideoPlayer::ProcessAudioData size:385 dts:34.157 pts:34.157 dur:23.000ms, clock:25.423 drop:0 level:99
2021-04-13 21:18:27.700 T:4973 DEBUG : CAMLCodec::GetTimeSize: len:24 dl:217776 fs:217382 front:12539
2021-04-13 21:18:27.723 T:4763 INFO : Skipped 3 duplicate messages..
2021-04-13 21:18:27.723 T:4763 DEBUG : CAMLCodec::PollFrame elapsed:40.364ms
2021-04-13 21:18:27.724 T:4763 DEBUG : PrepareNextRender: frameOnScreen: 25.452 renderPts: 25.619 nextFramePts: 25.609 -> diff: 0.010 render: 1 forceNext: 0
2021-04-13 21:18:27.725 T:4763 DEBUG : CAMLCodec::ReleaseFrame idx:614, drop:0
2021-04-13 21:18:27.725 T:4973 DEBUG : CAMLCodec::GetTimeSize: len:24 dl:217776 fs:217382 front:12539
2021-04-13 21:18:27.731 T:4973 DEBUG : CAMLCodec::GetTimeSize: len:24 dl:205221 fs:217382 front:12539
2021-04-13 21:18:27.731 T:4973 DEBUG : CAMLCodec::GetTimeSize: len:23 dl:205221 fs:204843 front:11705
2021-04-13 21:18:27.731 T:4973 DEBUG : CAMLCodec::DequeueBuffer: pts:25.776 idx:618
2021-04-13 21:18:27.731 T:4973 DEBUG : CAMLCodec::GetPicture: index: 618, pts: 25.776, dur:42ms ar:0.00
2021-04-13 21:18:27.731 T:4973 DEBUG : CVideoPlayerVideo::OutputPicture - ttd:316ms pts:25.776 Clock:25.459 Level:3
2021-04-13 21:18:27.732 T:4973 DEBUG : CAMLCodec::GetTimeSize: len:23 dl:205221 fs:204843 front:11705
2021-04-13 21:18:27.738 T:4973 DEBUG : CAMLCodec::AddData: dl:213758 sum:213364 sz:8521 dts:26.777 pts:26.777 overflow:0
2021-04-13 21:18:27.738 T:4973 DEBUG : CAMLCodec::GetTimeSize: len:24 dl:213758 fs:213364 front:11705
2021-04-13 21:18:27.739 T:4974 DEBUG : CVideoPlayerAudio::OutputPacket: pts:26.215 curr_pts:25.468 clock:25.467 level:99
2021-04-13 21:18:27.740 T:4974 DEBUG : CVideoPlayerAudio::OutputPacket: pts:26.239 curr_pts:25.468 clock:25.468 level:99
2021-04-13 21:18:27.744 T:4973 DEBUG : CAMLCodec::GetTimeSize: len:24 dl:213758 fs:213364 front:11705
2021-04-13 21:18:27.745 T:4972 DEBUG : CVideoPlayer::ProcessVideoData size:5001 dts:34.159 pts:34.159 dur:41.000ms, clock:25.473 level:92
2021-04-13 21:18:27.745 T:4972 DEBUG : CVideoPlayer::ProcessAudioData size:346 dts:34.180 pts:34.180 dur:23.000ms, clock:25.473 drop:0 level:99
2021-04-13 21:18:27.745 T:4972 DEBUG : CVideoPlayer::ProcessVideoData size:4231 dts:34.201 pts:34.201 dur:41.000ms, clock:25.473 level:92
2021-04-13 21:18:27.746 T:4972 DEBUG : CVideoPlayer::ProcessAudioData size:354 dts:34.203 pts:34.203 dur:23.000ms, clock:25.473 drop:0 level:99
2021-04-13 21:18:27.750 T:4973 DEBUG : CAMLCodec::GetTimeSize: len:24 dl:213758 fs:213364 front:11705
2021-04-13 21:18:27.765 T:4763 INFO : Skipped 2 duplicate messages..
2021-04-13 21:18:27.765 T:4763 DEBUG : CAMLCodec::PollFrame elapsed:40.350ms
2021-04-13 21:18:27.766 T:4763 DEBUG : PrepareNextRender: frameOnScreen: 25.494 renderPts: 25.661 nextFramePts: 25.651 -> diff: 0.010 render: 1 forceNext: 0
2021-04-13 21:18:27.768 T:4763 DEBUG : CAMLCodec::ReleaseFrame idx:615, drop:0
2021-04-13 21:18:27.769 T:4973 DEBUG : CAMLCodec::GetTimeSize: len:24 dl:213758 fs:213364 front:11705
2021-04-13 21:18:27.790 T:4974 INFO : Skipped 3 duplicate messages..
2021-04-13 21:18:27.790 T:4974 DEBUG : CVideoPlayerAudio::OutputPacket: pts:26.262 curr_pts:25.518 clock:25.518 level:99
2021-04-13 21:18:27.790 T:4974 DEBUG : CVideoPlayerAudio::OutputPacket: pts:26.285 curr_pts:25.519 clock:25.518 level:99
2021-04-13 21:18:27.794 T:4973 DEBUG : CAMLCodec::GetTimeSize: len:24 dl:213758 fs:213364 front:11705
2021-04-13 21:18:27.796 T:4972 DEBUG : CVideoPlayer::ProcessAudioData size:420 dts:34.226 pts:34.226 dur:23.000ms, clock:25.524 drop:0 level:99
2021-04-13 21:18:27.796 T:4972 DEBUG : CVideoPlayer::ProcessVideoData size:2774 dts:34.243 pts:34.243 dur:41.000ms, clock:25.524 level:93
2021-04-13 21:18:27.796 T:4972 DEBUG : CVideoPlayer::ProcessAudioData size:388 dts:34.249 pts:34.249 dur:23.000ms, clock:25.524 drop:0 level:99
2021-04-13 21:18:27.801 T:4973 DEBUG : CAMLCodec::GetTimeSize: len:24 dl:213758 fs:213364 front:11705
2021-04-13 21:18:27.807 T:4763 INFO : Skipped 1 duplicate messages..
2021-04-13 21:18:27.807 T:4763 DEBUG : CAMLCodec::PollFrame elapsed:38.417ms
2021-04-13 21:18:27.810 T:4763 DEBUG : PrepareNextRender: frameOnScreen: 25.537 renderPts: 25.704 nextFramePts: 25.693 -> diff: 0.011 render: 1 forceNext: 0
2021-04-13 21:18:27.812 T:4763 DEBUG : CAMLCodec::ReleaseFrame idx:616, drop:0
2021-04-13 21:18:27.813 T:4973 DEBUG : CAMLCodec::GetTimeSize: len:24 dl:202037 fs:213364 front:11705
2021-04-13 21:18:27.813 T:4973 DEBUG : CAMLCodec::GetTimeSize: len:23 dl:202037 fs:201659 front:11446
2021-04-13 21:18:27.813 T:4973 DEBUG : CAMLCodec::DequeueBuffer: pts:25.818 idx:619
2021-04-13 21:18:27.813 T:4973 DEBUG : CAMLCodec::GetPicture: index: 619, pts: 25.818, dur:42ms ar:0.00
2021-04-13 21:18:27.813 T:4973 DEBUG : CVideoPlayerVideo::OutputPicture - ttd:276ms pts:25.818 Clock:25.541 Level:2
2021-04-13 21:18:27.815 T:4973 DEBUG : CAMLCodec::GetTimeSize: len:23 dl:202037 fs:201659 front:11446
2021-04-13 21:18:27.820 T:4973 DEBUG : CAMLCodec::AddData: dl:203392 sum:202998 sz:1339 dts:26.819 pts:26.819 overflow:0
2021-04-13 21:18:27.820 T:4973 DEBUG : CAMLCodec::GetTimeSize: len:24 dl:203392 fs:202998 front:11446
2021-04-13 21:18:27.840 T:4974 INFO : Skipped 3 duplicate messages..
2021-04-13 21:18:27.840 T:4974 DEBUG : CVideoPlayerAudio::OutputPacket: pts:26.308 curr_pts:25.568 clock:25.568 level:99
2021-04-13 21:18:27.840 T:4974 DEBUG : CVideoPlayerAudio::OutputPacket: pts:26.331 curr_pts:25.568 clock:25.568 level:99
2021-04-13 21:18:27.845 T:4973 DEBUG : CAMLCodec::GetTimeSize: len:24 dl:203392 fs:202998 front:11446
2021-04-13 21:18:27.847 T:4972 DEBUG : CVideoPlayer::ProcessAudioData size:373 dts:34.273 pts:34.273 dur:23.000ms, clock:25.575 drop:0 level:99
2021-04-13 21:18:27.847 T:4972 DEBUG : CVideoPlayer::ProcessVideoData size:188 dts:34.285 pts:34.285 dur:41.000ms, clock:25.575 level:93
2021-04-13 21:18:27.847 T:4972 DEBUG : CVideoPlayer::ProcessAudioData size:379 dts:34.296 pts:34.296 dur:23.000ms, clock:25.575 drop:0 level:99
2021-04-13 21:18:27.849 T:4763 DEBUG : CAMLCodec::PollFrame elapsed:35.849ms
2021-04-13 21:18:27.851 T:4973 DEBUG : CAMLCodec::GetTimeSize: len:24 dl:203392 fs:202998 front:11446
2021-04-13 21:18:27.852 T:4763 DEBUG : PrepareNextRender: frameOnScreen: 25.579 renderPts: 25.746 nextFramePts: 25.734 -> diff: 0.012 render: 1 forceNext: 0
2021-04-13 21:18:27.854 T:4763 DEBUG : CAMLCodec::ReleaseFrame idx:617, drop:0
2021-04-13 21:18:27.858 T:4973 DEBUG : CAMLCodec::GetTimeSize: len:24 dl:191930 fs:202998 front:11446
2021-04-13 21:18:27.858 T:4973 DEBUG : CAMLCodec::GetTimeSize: len:23 dl:191930 fs:191552 front:10225
2021-04-13 21:18:27.858 T:4973 DEBUG : CAMLCodec::DequeueBuffer: pts:25.859 idx:620
2021-04-13 21:18:27.858 T:4973 DEBUG : CAMLCodec::GetPicture: index: 620, pts: 25.859, dur:41ms ar:0.00
2021-04-13 21:18:27.858 T:4973 DEBUG : CVideoPlayerVideo::OutputPicture - ttd:272ms pts:25.859 Clock:25.586 Level:2
2021-04-13 21:18:27.859 T:4973 DEBUG : CAMLCodec::GetTimeSize: len:23 dl:191930 fs:191552 front:10225
2021-04-13 21:18:27.864 T:4973 DEBUG : frame_number : 2, mag : 3; index_sz : 8
2021-04-13 21:18:27.867 T:4973 DEBUG : CAMLCodec::AddData: dl:351317 sum:350915 sz:159363 dts:26.860 pts:26.860 overflow:0
2021-04-13 21:18:27.867 T:4973 DEBUG : CAMLCodec::GetTimeSize: len:24 dl:351317 fs:350915 front:10225
2021-04-13 21:18:27.890 T:4974 INFO : Skipped 3 duplicate messages..
2021-04-13 21:18:27.890 T:4974 DEBUG : CVideoPlayerAudio::OutputPacket: pts:26.355 curr_pts:25.618 clock:25.618 level:99
2021-04-13 21:18:27.890 T:4974 DEBUG : CVideoPlayerAudio::OutputPacket: pts:26.378 curr_pts:25.619 clock:25.618 level:99
2021-04-13 21:18:27.890 T:4763 DEBUG : CAMLCodec::PollFrame elapsed:36.450ms
2021-04-13 21:18:27.892 T:4973 DEBUG : CAMLCodec::GetTimeSize: len:24 dl:351317 fs:350915 front:10225
2021-04-13 21:18:27.893 T:4763 DEBUG : PrepareNextRender: frameOnScreen: 25.621 renderPts: 25.788 nextFramePts: 25.776 -> diff: 0.012 render: 1 forceNext: 0
2021-04-13 21:18:27.895 T:4763 DEBUG : CAMLCodec::ReleaseFrame idx:618, drop:0
2021-04-13 21:18:27.898 T:4972 DEBUG : CVideoPlayer::ProcessAudioData size:339 dts:34.319 pts:34.319 dur:23.000ms, clock:25.626 drop:0 level:99
2021-04-13 21:18:27.898 T:4972 DEBUG : CVideoPlayer::ProcessVideoData size:51123 dts:34.326 pts:34.326 dur:41.000ms, clock:25.626 level:93
2021-04-13 21:18:27.898 T:4972 DEBUG : CVideoPlayer::ProcessAudioData size:346 dts:34.342 pts:34.342 dur:23.000ms, clock:25.626 drop:0 level:99
2021-04-13 21:18:27.900 T:4973 DEBUG : CAMLCodec::GetTimeSize: len:24 dl:341076 fs:350915 front:10225
2021-04-13 21:18:27.900 T:4973 DEBUG : CAMLCodec::GetTimeSize: len:23 dl:341076 fs:340690 front:7481
2021-04-13 21:18:27.900 T:4973 DEBUG : CAMLCodec::DequeueBuffer: pts:25.901 idx:621
2021-04-13 21:18:27.900 T:4973 DEBUG : CAMLCodec::GetPicture: index: 621, pts: 25.901, dur:42ms ar:0.00
2021-04-13 21:18:27.900 T:4973 DEBUG : CVideoPlayerVideo::OutputPicture - ttd:273ms pts:25.901 Clock:25.628 Level:2
2021-04-13 21:18:27.901 T:4973 DEBUG : CAMLCodec::GetTimeSize: len:23 dl:341076 fs:340690 front:7481
2021-04-13 21:18:27.906 T:4973 DEBUG : CAMLCodec::AddData: dl:356822 sum:356420 sz:15730 dts:26.902 pts:26.902 overflow:0
2021-04-13 21:18:27.906 T:4973 DEBUG : CAMLCodec::GetTimeSize: len:24 dl:356822 fs:356420 front:7481
2021-04-13 21:18:27.932 T:4763 INFO : Skipped 4 duplicate messages..
2021-04-13 21:18:27.932 T:4763 DEBUG : CAMLCodec::PollFrame elapsed:36.662ms
2021-04-13 21:18:27.935 T:4763 DEBUG : PrepareNextRender: frameOnScreen: 25.663 renderPts: 25.830 nextFramePts: 25.818 -> diff: 0.012 render: 1 forceNext: 0
2021-04-13 21:18:27.937 T:4763 DEBUG : CAMLCodec::ReleaseFrame idx:619, drop:0
2021-04-13 21:18:27.938 T:4973 DEBUG : CAMLCodec::GetTimeSize: len:24 dl:349325 fs:356420 front:7481
2021-04-13 21:18:27.938 T:4973 DEBUG : CAMLCodec::GetTimeSize: len:23 dl:349325 fs:348939 front:420
2021-04-13 21:18:27.938 T:4973 DEBUG : CAMLCodec::DequeueBuffer: pts:25.943 idx:622
2021-04-13 21:18:27.938 T:4973 DEBUG : CAMLCodec::GetPicture: index: 622, pts: 25.943, dur:42ms ar:0.00
2021-04-13 21:18:27.938 T:4973 DEBUG : CVideoPlayerVideo::OutputPicture - ttd:277ms pts:25.943 Clock:25.666 Level:2
2021-04-13 21:18:27.939 T:4973 DEBUG : CAMLCodec::GetTimeSize: len:23 dl:349325 fs:348939 front:420
2021-04-13 21:18:27.940 T:4974 DEBUG : CVideoPlayerAudio::OutputPacket: pts:26.401 curr_pts:25.668 clock:25.668 level:99
2021-04-13 21:18:27.940 T:4974 DEBUG : CVideoPlayerAudio::OutputPacket: pts:26.424 curr_pts:25.668 clock:25.668 level:99
2021-04-13 21:18:27.940 T:4974 DEBUG : CVideoPlayerAudio::OutputPacket: pts:26.448 curr_pts:25.668 clock:25.668 level:99
2021-04-13 21:18:27.944 T:4973 DEBUG : CAMLCodec::AddData: dl:366896 sum:366494 sz:17555 dts:26.944 pts:26.944 overflow:0
2021-04-13 21:18:27.945 T:4973 DEBUG : CAMLCodec::GetTimeSize: len:24 dl:366896 fs:366494 front:420
2021-04-13 21:18:27.949 T:4972 DEBUG : CVideoPlayer::ProcessAudioData size:339 dts:34.366 pts:34.366 dur:23.000ms, clock:25.677 drop:0 level:99
2021-04-13 21:18:27.949 T:4972 DEBUG : CVideoPlayer::ProcessVideoData size:6095 dts:34.368 pts:34.368 dur:41.000ms, clock:25.677 level:92
2021-04-13 21:18:27.949 T:4972 DEBUG : CVideoPlayer::ProcessAudioData size:344 dts:34.389 pts:34.389 dur:23.000ms, clock:25.677 drop:0 level:99
2021-04-13 21:18:27.949 T:4972 DEBUG : CVideoPlayer::ProcessVideoData size:6856 dts:34.410 pts:34.410 dur:41.000ms, clock:25.677 level:93
2021-04-13 21:18:27.949 T:4972 DEBUG : CVideoPlayer::ProcessAudioData size:356 dts:34.412 pts:34.412 dur:23.000ms, clock:25.677 drop:0 level:99
2021-04-13 21:18:27.951 T:4973 DEBUG : CAMLCodec::GetTimeSize: len:24 dl:366896 fs:366494 front:420
2021-04-13 21:18:27.974 T:4763 INFO : Skipped 3 duplicate messages..
2021-04-13 21:18:27.974 T:4763 DEBUG : CAMLCodec::PollFrame elapsed:36.151ms
2021-04-13 21:18:27.976 T:4973 DEBUG : CAMLCodec::GetTimeSize: len:24 dl:366896 fs:366494 front:420
2021-04-13 21:18:27.977 T:4763 DEBUG : PrepareNextRender: frameOnScreen: 25.705 renderPts: 25.871 nextFramePts: 25.859 -> diff: 0.012 render: 1 forceNext: 0
2021-04-13 21:18:27.979 T:4763 DEBUG : CAMLCodec::ReleaseFrame idx:620, drop:0
2021-04-13 21:18:27.983 T:4973 DEBUG : CAMLCodec::GetTimeSize: len:24 dl:356665 fs:366494 front:420
2021-04-13 21:18:27.983 T:4973 DEBUG : CAMLCodec::GetTimeSize: len:23 dl:356665 fs:366074 front:9779
2021-04-13 21:18:27.983 T:4973 DEBUG : CAMLCodec::GetTimeSize: len:22 dl:356665 fs:356295 front:13121
2021-04-13 21:18:27.983 T:4973 DEBUG : CAMLCodec::DequeueBuffer: pts:25.985 idx:623
2021-04-13 21:18:27.983 T:4973 DEBUG : CAMLCodec::GetPicture: index: 623, pts: 25.985, dur:42ms ar:0.00
2021-04-13 21:18:27.983 T:4973 DEBUG : CVideoPlayerVideo::OutputPicture - ttd:274ms pts:25.985 Clock:25.711 Level:2
2021-04-13 21:18:27.984 T:4973 DEBUG : CAMLCodec::GetTimeSize: len:22 dl:356665 fs:356295 front:13121
2021-04-13 21:18:27.984 T:4973 DEBUG : CAMLCodec::DequeueBuffer: pts:26.026 idx:624
2021-04-13 21:18:27.984 T:4973 DEBUG : CAMLCodec::GetPicture: index: 624, pts: 26.026, dur:41ms ar:0.00
2021-04-13 21:18:27.984 T:4973 DEBUG : CVideoPlayerVideo::OutputPicture - ttd:313ms pts:26.026 Clock:25.712 Level:3
2021-04-13 21:18:27.985 T:4973 DEBUG : CAMLCodec::GetTimeSize: len:22 dl:356665 fs:356295 front:13121
2021-04-13 21:18:27.990 T:4974 DEBUG : CVideoPlayerAudio::OutputPacket: pts:26.471 curr_pts:25.719 clock:25.718 level:99
2021-04-13 21:18:27.990 T:4972 DEBUG : CVideoPlayer::ProcessAudioData size:453 dts:34.435 pts:34.435 dur:23.000ms, clock:25.718 drop:0 level:99
2021-04-13 21:18:27.990 T:4974 DEBUG : CVideoPlayerAudio::OutputPacket: pts:26.494 curr_pts:25.719 clock:25.718 level:99
2021-04-13 21:18:27.990 T:4972 DEBUG : CVideoPlayer::ProcessVideoData size:8387 dts:34.451 pts:34.451 dur:41.000ms, clock:25.718 level:93
2021-04-13 21:18:27.991 T:4972 DEBUG : CVideoPlayer::ProcessAudioData size:433 dts:34.458 pts:34.458 dur:23.000ms, clock:25.718 drop:0 level:99
2021-04-13 21:18:27.991 T:4973 DEBUG : CAMLCodec::AddData: dl:377071 sum:376685 sz:20390 dts:26.986 pts:26.986 overflow:0
2021-04-13 21:18:27.991 T:4973 DEBUG : CAMLCodec::GetTimeSize: len:23 dl:377071 fs:376685 front:13121
2021-04-13 21:18:27.996 T:4973 DEBUG : CAMLCodec::AddData: dl:403266 sum:402864 sz:26179 dts:27.027 pts:27.027 overflow:0
2021-04-13 21:18:27.996 T:4973 DEBUG : CAMLCodec::GetTimeSize: len:24 dl:403266 fs:402864 front:13121
2021-04-13 21:18:28.015 T:4763 INFO : Skipped 3 duplicate messages..
2021-04-13 21:18:28.015 T:4763 DEBUG : CAMLCodec::PollFrame elapsed:36.148ms
2021-04-13 21:18:28.018 T:4763 DEBUG : PrepareNextRender: frameOnScreen: 25.745 renderPts: 25.912 nextFramePts: 25.901 -> diff: 0.011 render: 1 forceNext: 0
2021-04-13 21:18:28.020 T:4763 DEBUG : CAMLCodec::ReleaseFrame idx:621, drop:0
2021-04-13 21:18:28.021 T:4973 DEBUG : CAMLCodec::GetTimeSize: len:24 dl:390129 fs:402864 front:13121
2021-04-13 21:18:28.021 T:4973 DEBUG : CAMLCodec::GetTimeSize: len:23 dl:390129 fs:389743 front:13735
2021-04-13 21:18:28.021 T:4973 DEBUG : CAMLCodec::DequeueBuffer: pts:26.068 idx:625
2021-04-13 21:18:28.021 T:4973 DEBUG : CAMLCodec::GetPicture: index: 625, pts: 26.068, dur:42ms ar:0.00
2021-04-13 21:18:28.022 T:4973 DEBUG : CVideoPlayerVideo::OutputPicture - ttd:318ms pts:26.068 Clock:25.749 Level:3
2021-04-13 21:18:28.023 T:4973 DEBUG : CAMLCodec::GetTimeSize: len:23 dl:390129 fs:389743 front:13735
2021-04-13 21:18:28.028 T:4973 DEBUG : CAMLCodec::AddData: dl:417235 sum:416833 sz:27090 dts:27.069 pts:27.069 overflow:0
2021-04-13 21:18:28.028 T:4973 DEBUG : CAMLCodec::GetTimeSize: len:24 dl:417235 fs:416833 front:13735
2021-04-13 21:18:28.040 T:4974 INFO : Skipped 1 duplicate messages..
2021-04-13 21:18:28.040 T:4974 DEBUG : CVideoPlayerAudio::OutputPacket: pts:26.517 curr_pts:25.768 clock:25.768 level:99
2021-04-13 21:18:28.040 T:4974 DEBUG : CVideoPlayerAudio::OutputPacket: pts:26.540 curr_pts:25.768 clock:25.768 level:99
2021-04-13 21:18:28.041 T:4973 DEBUG : CAMLCodec::GetTimeSize: len:24 dl:417235 fs:416833 front:13735
2021-04-13 21:18:28.041 T:4972 DEBUG : CVideoPlayer::ProcessAudioData size:456 dts:34.482 pts:34.482 dur:23.000ms, clock:25.769 drop:0 level:99
2021-04-13 21:18:28.042 T:4972 DEBUG : CVideoPlayer::ProcessVideoData size:8445 dts:34.493 pts:34.493 dur:41.000ms, clock:25.770 level:92
2021-04-13 21:18:28.042 T:4972 DEBUG : CVideoPlayer::ProcessAudioData size:334 dts:34.505 pts:34.505 dur:23.000ms, clock:25.770 drop:0 level:99
2021-04-13 21:18:28.047 T:4973 DEBUG : CAMLCodec::GetTimeSize: len:24 dl:417235 fs:416833 front:13735
2021-04-13 21:18:28.057 T:4763 INFO : Skipped 1 duplicate messages..
2021-04-13 21:18:28.057 T:4763 DEBUG : CAMLCodec::PollFrame elapsed:37.082ms
2021-04-13 21:18:28.060 T:4973 DEBUG : CAMLCodec::GetTimeSize: len:24 dl:417235 fs:416833 front:13735
2021-04-13 21:18:28.060 T:4763 DEBUG : PrepareNextRender: frameOnScreen: 25.788 renderPts: 25.955 nextFramePts: 25.943 -> diff: 0.012 render: 1 forceNext: 0
2021-04-13 21:18:28.062 T:4763 DEBUG : CAMLCodec::ReleaseFrame idx:622, drop:0
2021-04-13 21:18:28.066 T:4973 DEBUG : CAMLCodec::GetTimeSize: len:24 dl:403484 fs:416833 front:13735
2021-04-13 21:18:28.066 T:4973 DEBUG : CAMLCodec::GetTimeSize: len:23 dl:403484 fs:403098 front:10886
2021-04-13 21:18:28.066 T:4973 DEBUG : CAMLCodec::DequeueBuffer: pts:26.110 idx:626
2021-04-13 21:18:28.066 T:4973 DEBUG : CAMLCodec::GetPicture: index: 626, pts: 26.110, dur:42ms ar:0.00
2021-04-13 21:18:28.067 T:4973 DEBUG : CVideoPlayerVideo::OutputPicture - ttd:315ms pts:26.110 Clock:25.794 Level:3
2021-04-13 21:18:28.068 T:4973 DEBUG : CAMLCodec::GetTimeSize: len:23 dl:403484 fs:403098 front:10886
2021-04-13 21:18:28.073 T:4973 DEBUG : CAMLCodec::AddData: dl:432036 sum:431634 sz:28536 dts:27.111 pts:27.111 overflow:0
2021-04-13 21:18:28.073 T:4973 DEBUG : CAMLCodec::GetTimeSize: len:24 dl:432036 fs:431634 front:10886
2021-04-13 21:18:28.090 T:4974 INFO : Skipped 2 duplicate messages..
2021-04-13 21:18:28.090 T:4974 DEBUG : CVideoPlayerAudio::OutputPacket: pts:26.564 curr_pts:25.818 clock:25.818 level:99
2021-04-13 21:18:28.090 T:4974 DEBUG : CVideoPlayerAudio::OutputPacket: pts:26.587 curr_pts:25.819 clock:25.818 level:99
2021-04-13 21:18:28.092 T:4973 DEBUG : CAMLCodec::GetTimeSize: len:24 dl:432036 fs:431634 front:10886
2021-04-13 21:18:28.092 T:4972 DEBUG : CVideoPlayer::ProcessAudioData size:313 dts:34.528 pts:34.528 dur:23.000ms, clock:25.820 drop:0 level:99
2021-04-13 21:18:28.093 T:4972 DEBUG : CVideoPlayer::ProcessVideoData size:7208 dts:34.535 pts:34.535 dur:41.000ms, clock:25.820 level:92
2021-04-13 21:18:28.093 T:4972 DEBUG : CVideoPlayer::ProcessAudioData size:317 dts:34.551 pts:34.551 dur:23.000ms, clock:25.821 drop:0 level:99
2021-04-13 21:18:28.098 T:4973 DEBUG : CAMLCodec::GetTimeSize: len:24 dl:432036 fs:431634 front:10886
2021-04-13 21:18:28.099 T:4763 DEBUG : CAMLCodec::PollFrame elapsed:36.174ms
2021-04-13 21:18:28.101 T:4763 DEBUG : PrepareNextRender: frameOnScreen: 25.829 renderPts: 25.996 nextFramePts: 25.985 -> diff: 0.011 render: 1 forceNext: 0
2021-04-13 21:18:28.103 T:4763 DEBUG : CAMLCodec::ReleaseFrame idx:623, drop:0
2021-04-13 21:18:28.105 T:4973 DEBUG : CAMLCodec::GetTimeSize: len:24 dl:421134 fs:431634 front:10886
2021-04-13 21:18:28.105 T:4973 DEBUG : CAMLCodec::GetTimeSize: len:23 dl:421134 fs:420748 front:10448
2021-04-13 21:18:28.105 T:4973 DEBUG : CAMLCodec::DequeueBuffer: pts:26.151 idx:627
2021-04-13 21:18:28.105 T:4973 DEBUG : CAMLCodec::GetPicture: index: 627, pts: 26.151, dur:41ms ar:0.00
2021-04-13 21:18:28.105 T:4973 DEBUG : CVideoPlayerVideo::OutputPicture - ttd:318ms pts:26.151 Clock:25.833 Level:3
2021-04-13 21:18:28.106 T:4973 DEBUG : CAMLCodec::GetTimeSize: len:23 dl:421134 fs:420748 front:10448
2021-04-13 21:18:28.111 T:4973 DEBUG : CAMLCodec::AddData: dl:452585 sum:452183 sz:31435 dts:27.152 pts:27.152 overflow:0
2021-04-13 21:18:28.111 T:4973 DEBUG : CAMLCodec::GetTimeSize: len:24 dl:452585 fs:452183 front:10448
2021-04-13 21:18:28.140 T:4974 INFO : Skipped 4 duplicate messages..
2021-04-13 21:18:28.140 T:4974 DEBUG : CVideoPlayerAudio::OutputPacket: pts:26.610 curr_pts:25.868 clock:25.868 level:99
2021-04-13 21:18:28.141 T:4974 DEBUG : CVideoPlayerAudio::OutputPacket: pts:26.633 curr_pts:25.869 clock:25.868 level:99
2021-04-13 21:18:28.141 T:4763 DEBUG : CAMLCodec::PollFrame elapsed:37.219ms
2021-04-13 21:18:28.143 T:4973 DEBUG : CAMLCodec::GetTimeSize: len:24 dl:452585 fs:452183 front:10448
2021-04-13 21:18:28.143 T:4763 DEBUG : PrepareNextRender: frameOnScreen: 25.871 renderPts: 26.038 nextFramePts: 26.026 -> diff: 0.012 render: 1 forceNext: 0
2021-04-13 21:18:28.143 T:4972 DEBUG : CVideoPlayer::ProcessAudioData size:381 dts:34.575 pts:34.575 dur:23.000ms, clock:25.871 drop:0 level:99
2021-04-13 21:18:28.144 T:4972 DEBUG : CVideoPlayer::ProcessVideoData size:5913 dts:34.576 pts:34.576 dur:41.000ms, clock:25.872 level:92
2021-04-13 21:18:28.144 T:4972 DEBUG : CVideoPlayer::ProcessAudioData size:388 dts:34.598 pts:34.598 dur:23.000ms, clock:25.872 drop:0 level:99
2021-04-13 21:18:28.145 T:4763 DEBUG : CAMLCodec::ReleaseFrame idx:624, drop:0
2021-04-13 21:18:28.149 T:4973 DEBUG : CAMLCodec::GetTimeSize: len:24 dl:442121 fs:452183 front:10448
2021-04-13 21:18:28.149 T:4973 DEBUG : CAMLCodec::GetTimeSize: len:23 dl:442121 fs:441735 front:12211
2021-04-13 21:18:28.149 T:4973 DEBUG : CAMLCodec::DequeueBuffer: pts:26.193 idx:628
2021-04-13 21:18:28.149 T:4973 DEBUG : CAMLCodec::GetPicture: index: 628, pts: 26.193, dur:42ms ar:0.00
2021-04-13 21:18:28.149 T:4973 DEBUG : CVideoPlayerVideo::OutputPicture - ttd:315ms pts:26.193 Clock:25.877 Level:3
2021-04-13 21:18:28.151 T:4973 DEBUG : CAMLCodec::GetTimeSize: len:23 dl:442121 fs:441735 front:12211
2021-04-13 21:18:28.156 T:4973 DEBUG : CAMLCodec::AddData: dl:474918 sum:474516 sz:32781 dts:27.194 pts:27.194 overflow:0
2021-04-13 21:18:28.156 T:4973 DEBUG : CAMLCodec::GetTimeSize: len:24 dl:474918 fs:474516 front:12211
2021-04-13 21:18:28.182 T:4763 INFO : Skipped 4 duplicate messages..
2021-04-13 21:18:28.182 T:4763 DEBUG : CAMLCodec::PollFrame elapsed:36.996ms
2021-04-13 21:18:28.185 T:4763 DEBUG : PrepareNextRender: frameOnScreen: 25.913 renderPts: 26.080 nextFramePts: 26.068 -> diff: 0.012 render: 1 forceNext: 0
2021-04-13 21:18:28.187 T:4763 DEBUG : CAMLCodec::ReleaseFrame idx:625, drop:0
2021-04-13 21:18:28.187 T:4973 DEBUG : CAMLCodec::GetTimeSize: len:24 dl:462691 fs:474516 front:12211
2021-04-13 21:18:28.187 T:4973 DEBUG : CAMLCodec::GetTimeSize: len:23 dl:462691 fs:462305 front:13581
2021-04-13 21:18:28.187 T:4973 DEBUG : CAMLCodec::DequeueBuffer: pts:26.235 idx:629
2021-04-13 21:18:28.188 T:4973 DEBUG : CAMLCodec::GetPicture: index: 629, pts: 26.235, dur:42ms ar:0.00
2021-04-13 21:18:28.188 T:4973 DEBUG : CVideoPlayerVideo::OutputPicture - ttd:319ms pts:26.235 Clock:25.915 Level:3
2021-04-13 21:18:28.189 T:4973 DEBUG : CAMLCodec::GetTimeSize: len:23 dl:462691 fs:462305 front:13581
2021-04-13 21:18:28.190 T:4974 DEBUG : CVideoPlayerAudio::OutputPacket: pts:26.657 curr_pts:25.918 clock:25.918 level:99
2021-04-13 21:18:28.190 T:4974 DEBUG : CVideoPlayerAudio::OutputPacket: pts:26.680 curr_pts:25.919 clock:25.918 level:99
2021-04-13 21:18:28.194 T:4973 DEBUG : CAMLCodec::AddData: dl:487307 sum:486905 sz:24600 dts:27.236 pts:27.236 overflow:0
2021-04-13 21:18:28.194 T:4973 DEBUG : CAMLCodec::GetTimeSize: len:24 dl:487307 fs:486905 front:13581
2021-04-13 21:18:28.195 T:4972 DEBUG : CVideoPlayer::ProcessVideoData size:5695 dts:34.618 pts:34.618 dur:41.000ms, clock:25.923 level:92
2021-04-13 21:18:28.195 T:4972 DEBUG : CVideoPlayer::ProcessAudioData size:322 dts:34.621 pts:34.621 dur:23.000ms, clock:25.923 drop:0 level:99
2021-04-13 21:18:28.195 T:4972 DEBUG : CVideoPlayer::ProcessAudioData size:358 dts:34.644 pts:34.644 dur:23.000ms, clock:25.923 drop:0 level:99
2021-04-13 21:18:28.200 T:4973 DEBUG : CAMLCodec::GetTimeSize: len:24 dl:487307 fs:486905 front:13581
2021-04-13 21:18:28.224 T:4763 INFO : Skipped 3 duplicate messages..
2021-04-13 21:18:28.224 T:4763 DEBUG : CAMLCodec::PollFrame elapsed:36.987ms
2021-04-13 21:18:28.225 T:4973 DEBUG : CAMLCodec::GetTimeSize: len:24 dl:487307 fs:486905 front:13581
2021-04-13 21:18:28.226 T:4763 DEBUG : PrepareNextRender: frameOnScreen: 25.954 renderPts: 26.121 nextFramePts: 26.110 -> diff: 0.011 render: 1 forceNext: 0
2021-04-13 21:18:28.228 T:4763 DEBUG : CAMLCodec::ReleaseFrame idx:626, drop:0
2021-04-13 21:18:28.232 T:4973 DEBUG : CAMLCodec::GetTimeSize: len:24 dl:487307 fs:486905 front:13581
2021-04-13 21:18:28.240 T:4974 INFO : Skipped 1 duplicate messages..
2021-04-13 21:18:28.240 T:4974 DEBUG : CVideoPlayerAudio::OutputPacket: pts:26.703 curr_pts:25.969 clock:25.968 level:99
2021-04-13 21:18:28.240 T:4974 DEBUG : CVideoPlayerAudio::OutputPacket: pts:26.726 curr_pts:25.969 clock:25.968 level:99
2021-04-13 21:18:28.241 T:4974 DEBUG : CVideoPlayerAudio::OutputPacket: pts:26.749 curr_pts:25.969 clock:25.969 level:99
2021-04-13 21:18:28.244 T:4973 DEBUG : CAMLCodec::GetTimeSize: len:24 dl:487307 fs:486905 front:13581
2021-04-13 21:18:28.246 T:4972 DEBUG : CVideoPlayer::ProcessVideoData size:6201 dts:34.660 pts:34.660 dur:41.000ms, clock:25.973 level:92
2021-04-13 21:18:28.246 T:4972 DEBUG : CVideoPlayer::ProcessAudioData size:461 dts:34.667 pts:34.667 dur:23.000ms, clock:25.974 drop:0 level:99
2021-04-13 21:18:28.246 T:4972 DEBUG : CVideoPlayer::ProcessAudioData size:340 dts:34.691 pts:34.691 dur:23.000ms, clock:25.974 drop:0 level:99
2021-04-13 21:18:28.246 T:4972 DEBUG : CVideoPlayer::ProcessVideoData size:3728 dts:34.702 pts:34.702 dur:41.000ms, clock:25.974 level:93
2021-04-13 21:18:28.246 T:4972 DEBUG : CVideoPlayer::ProcessAudioData size:337 dts:34.714 pts:34.714 dur:23.000ms, clock:25.974 drop:0 level:99
2021-04-13 21:18:28.251 T:4973 DEBUG : CAMLCodec::GetTimeSize: len:24 dl:487307 fs:486905 front:13581
2021-04-13 21:18:28.266 T:4763 INFO : Skipped 2 duplicate messages..
2021-04-13 21:18:28.266 T:4763 DEBUG : CAMLCodec::PollFrame elapsed:37.433ms
2021-04-13 21:18:28.269 T:4763 DEBUG : PrepareNextRender: frameOnScreen: 25.997 renderPts: 26.164 nextFramePts: 26.151 -> diff: 0.013 render: 1 forceNext: 0
2021-04-13 21:18:28.270 T:4973 DEBUG : CAMLCodec::GetTimeSize: len:24 dl:487307 fs:486905 front:13581
2021-04-13 21:18:28.271 T:4763 DEBUG : CAMLCodec::ReleaseFrame idx:627, drop:0
2021-04-13 21:18:28.276 T:4973 DEBUG : CAMLCodec::GetTimeSize: len:24 dl:473710 fs:486905 front:13581
2021-04-13 21:18:28.276 T:4973 DEBUG : CAMLCodec::GetTimeSize: len:23 dl:473710 fs:473324 front:386
2021-04-13 21:18:28.276 T:4973 DEBUG : CAMLCodec::DequeueBuffer: pts:26.277 idx:630
2021-04-13 21:18:28.276 T:4973 DEBUG : CAMLCodec::GetPicture: index: 630, pts: 26.277, dur:42ms ar:0.00
2021-04-13 21:18:28.276 T:4973 DEBUG : CVideoPlayerVideo::OutputPicture - ttd:272ms pts:26.277 Clock:26.004 Level:2
2021-04-13 21:18:28.278 T:4973 DEBUG : CAMLCodec::GetTimeSize: len:23 dl:473710 fs:473324 front:386
2021-04-13 21:18:28.283 T:4973 DEBUG : CAMLCodec::AddData: dl:489256 sum:488854 sz:15530 dts:27.278 pts:27.278 overflow:0
2021-04-13 21:18:28.283 T:4973 DEBUG : CAMLCodec::GetTimeSize: len:24 dl:489256 fs:488854 front:386
2021-04-13 21:18:28.290 T:4974 INFO : Skipped 1 duplicate messages..
2021-04-13 21:18:28.290 T:4974 DEBUG : CVideoPlayerAudio::OutputPacket: pts:26.773 curr_pts:26.017 clock:26.017 level:99
2021-04-13 21:18:28.290 T:4974 DEBUG : CVideoPlayerAudio::OutputPacket: pts:26.796 curr_pts:26.019 clock:26.018 level:99
2021-04-13 21:18:28.295 T:4973 DEBUG : CAMLCodec::GetTimeSize: len:24 dl:489256 fs:488854 front:386
2021-04-13 21:18:28.297 T:4972 DEBUG : CVideoPlayer::ProcessAudioData size:337 dts:34.737 pts:34.737 dur:23.000ms, clock:26.024 drop:0 level:99
2021-04-13 21:18:28.297 T:4972 DEBUG : CVideoPlayer::ProcessVideoData size:296 dts:34.743 pts:34.743 dur:41.000ms, clock:26.025 level:93
2021-04-13 21:18:28.297 T:4972 DEBUG : CVideoPlayer::ProcessAudioData size:345 dts:34.760 pts:34.760 dur:23.000ms, clock:26.025 drop:0 level:99
2021-04-13 21:18:28.302 T:4973 DEBUG : CAMLCodec::GetTimeSize: len:24 dl:489256 fs:488854 front:386
2021-04-13 21:18:28.307 T:4763 DEBUG : CAMLCodec::PollFrame elapsed:36.391ms
2021-04-13 21:18:28.308 T:4973 DEBUG : CAMLCodec::GetTimeSize: len:24 dl:489256 fs:488854 front:386
2021-04-13 21:18:28.310 T:4763 DEBUG : PrepareNextRender: frameOnScreen: 26.038 renderPts: 26.204 nextFramePts: 26.193 -> diff: 0.011 render: 1 forceNext: 0
2021-04-13 21:18:28.312 T:4763 DEBUG : CAMLCodec::ReleaseFrame idx:628, drop:0
2021-04-13 21:18:28.315 T:4973 DEBUG : CAMLCodec::GetTimeSize: len:24 dl:488854 fs:488854 front:386
2021-04-13 21:18:28.315 T:4973 DEBUG : CAMLCodec::DequeueBuffer: pts:26.318 idx:631
2021-04-13 21:18:28.315 T:4973 DEBUG : CAMLCodec::GetPicture: index: 631, pts: 26.318, dur:41ms ar:0.00
2021-04-13 21:18:28.315 T:4973 DEBUG : CVideoPlayerVideo::OutputPicture - ttd:274ms pts:26.318 Clock:26.043 Level:2
2021-04-13 21:18:28.316 T:4973 DEBUG : CAMLCodec::GetTimeSize: len:24 dl:488854 fs:488854 front:386
