2021-04-13 21:18:11.640 T:4973 DEBUG : CAMLCodec::AddData: dl:291518 sum:291114 sz:67167 dts:10.636 pts:10.636 overflow:0
2021-04-13 21:18:11.641 T:4973 DEBUG : CAMLCodec::GetTimeSize: len:24 dl:291518 fs:291114 front:288
2021-04-13 21:18:11.643 T:4972 DEBUG : CVideoPlayer::ProcessVideoData size:58 dts:18.060 pts:18.060 dur:41.000ms, clock:9.370 level:92
2021-04-13 21:18:11.643 T:4972 DEBUG : CVideoPlayer::ProcessAudioData size:373 dts:18.065 pts:18.065 dur:23.000ms, clock:9.371 drop:0 level:99
2021-04-13 21:18:11.643 T:4972 DEBUG : CVideoPlayer::ProcessAudioData size:385 dts:18.088 pts:18.088 dur:23.000ms, clock:9.371 drop:0 level:99
2021-04-13 21:18:11.643 T:4972 DEBUG : CVideoPlayer::ProcessVideoData size:58 dts:18.102 pts:18.102 dur:41.000ms, clock:9.371 level:93
2021-04-13 21:18:11.643 T:4972 DEBUG : CVideoPlayer::ProcessAudioData size:389 dts:18.112 pts:18.112 dur:23.000ms, clock:9.371 drop:0 level:99
2021-04-13 21:18:11.647 T:4973 DEBUG : CAMLCodec::GetTimeSize: len:24 dl:291518 fs:291114 front:288
2021-04-13 21:18:11.666 T:4763 INFO : Skipped 2 duplicate messages..
2021-04-13 21:18:11.666 T:4763 DEBUG : CAMLCodec::PollFrame elapsed:37.019ms
2021-04-13 21:18:11.666 T:4973 DEBUG : CAMLCodec::GetTimeSize: len:24 dl:291518 fs:291114 front:288
2021-04-13 21:18:11.669 T:4763 DEBUG : PrepareNextRender: frameOnScreen: 9.397 renderPts: 9.564 nextFramePts: 9.552 -> diff: 0.012 render: 1 forceNext: 0
2021-04-13 21:18:11.671 T:4763 DEBUG : CAMLCodec::ReleaseFrame idx:229, drop:0
2021-04-13 21:18:11.673 T:4973 DEBUG : CAMLCodec::GetTimeSize: len:24 dl:291214 fs:291114 front:288
2021-04-13 21:18:11.673 T:4973 DEBUG : CAMLCodec::DequeueBuffer: pts:9.677 idx:232
2021-04-13 21:18:11.673 T:4973 DEBUG : CAMLCodec::GetPicture: index: 232, pts: 9.677, dur:42ms ar:0.00
2021-04-13 21:18:11.673 T:4973 DEBUG : CVideoPlayerVideo::OutputPicture - ttd:276ms pts:9.677 Clock:9.401 Level:2
2021-04-13 21:18:11.674 T:4973 DEBUG : CAMLCodec::GetTimeSize: len:24 dl:291214 fs:291114 front:288
2021-04-13 21:18:11.681 T:4973 DEBUG : CAMLCodec::GetTimeSize: len:24 dl:261304 fs:291114 front:288
2021-04-13 21:18:11.681 T:4973 DEBUG : CAMLCodec::GetTimeSize: len:23 dl:261304 fs:290826 front:29884
2021-04-13 21:18:11.681 T:4973 DEBUG : CAMLCodec::GetTimeSize: len:22 dl:261304 fs:260942 front:4437
2021-04-13 21:18:11.681 T:4973 DEBUG : CAMLCodec::DequeueBuffer: pts:9.719 idx:233
2021-04-13 21:18:11.681 T:4973 DEBUG : CAMLCodec::GetPicture: index: 233, pts: 9.719, dur:42ms ar:0.00
2021-04-13 21:18:11.681 T:4973 DEBUG : CVideoPlayerVideo::OutputPicture - ttd:310ms pts:9.719 Clock:9.409 Level:3
2021-04-13 21:18:11.682 T:4973 DEBUG : CAMLCodec::GetTimeSize: len:22 dl:261304 fs:260942 front:4437
2021-04-13 21:18:11.687 T:4973 DEBUG : CAMLCodec::AddData: dl:274022 sum:273644 sz:12702 dts:10.678 pts:10.678 overflow:0
2021-04-13 21:18:11.687 T:4973 DEBUG : CAMLCodec::GetTimeSize: len:23 dl:274022 fs:273644 front:4437
2021-04-13 21:18:11.690 T:4974 DEBUG : CVideoPlayerAudio::OutputPacket: pts:10.170 curr_pts:9.418 clock:9.418 level:99
2021-04-13 21:18:11.691 T:4974 DEBUG : CVideoPlayerAudio::OutputPacket: pts:10.194 curr_pts:9.419 clock:9.418 level:99
2021-04-13 21:18:11.693 T:4973 DEBUG : CAMLCodec::AddData: dl:281876 sum:281482 sz:7838 dts:10.720 pts:10.720 overflow:0
2021-04-13 21:18:11.693 T:4973 DEBUG : CAMLCodec::GetTimeSize: len:24 dl:281876 fs:281482 front:4437
2021-04-13 21:18:11.694 T:4972 DEBUG : CVideoPlayer::ProcessAudioData size:384 dts:18.135 pts:18.135 dur:23.000ms, clock:9.421 drop:0 level:99
2021-04-13 21:18:11.694 T:4972 DEBUG : CVideoPlayer::ProcessVideoData size:58 dts:18.144 pts:18.144 dur:41.000ms, clock:9.422 level:92
2021-04-13 21:18:11.694 T:4972 DEBUG : CVideoPlayer::ProcessAudioData size:383 dts:18.158 pts:18.158 dur:23.000ms, clock:9.422 drop:0 level:99
2021-04-13 21:18:11.699 T:4973 DEBUG : CAMLCodec::GetTimeSize: len:24 dl:281876 fs:281482 front:4437
2021-04-13 21:18:11.707 T:4763 INFO : Skipped 1 duplicate messages..
2021-04-13 21:18:11.707 T:4763 DEBUG : CAMLCodec::PollFrame elapsed:36.584ms
2021-04-13 21:18:11.710 T:4763 DEBUG : PrepareNextRender: frameOnScreen: 9.438 renderPts: 9.605 nextFramePts: 9.593 -> diff: 0.012 render: 1 forceNext: 0
2021-04-13 21:18:11.712 T:4973 DEBUG : CAMLCodec::GetTimeSize: len:24 dl:281876 fs:281482 front:4437
2021-04-13 21:18:11.712 T:4763 DEBUG : CAMLCodec::ReleaseFrame idx:230, drop:0
2021-04-13 21:18:11.718 T:4973 DEBUG : CAMLCodec::GetTimeSize: len:24 dl:277423 fs:281482 front:4437
2021-04-13 21:18:11.718 T:4973 DEBUG : CAMLCodec::GetTimeSize: len:23 dl:277423 fs:277045 front:4685
2021-04-13 21:18:11.719 T:4973 DEBUG : CAMLCodec::DequeueBuffer: pts:9.760 idx:234
2021-04-13 21:18:11.719 T:4973 DEBUG : CAMLCodec::GetPicture: index: 234, pts: 9.760, dur:41ms ar:0.00
2021-04-13 21:18:11.719 T:4973 DEBUG : CVideoPlayerVideo::OutputPicture - ttd:313ms pts:9.760 Clock:9.447 Level:3
2021-04-13 21:18:11.720 T:4973 DEBUG : CAMLCodec::GetTimeSize: len:23 dl:277423 fs:277045 front:4685
2021-04-13 21:18:11.725 T:4973 DEBUG : CAMLCodec::AddData: dl:286627 sum:286233 sz:9188 dts:10.761 pts:10.761 overflow:0
2021-04-13 21:18:11.725 T:4973 DEBUG : CAMLCodec::GetTimeSize: len:24 dl:286627 fs:286233 front:4685
2021-04-13 21:18:11.739 T:4974 INFO : Skipped 2 duplicate messages..
2021-04-13 21:18:11.739 T:4974 DEBUG : CVideoPlayerAudio::OutputPacket: pts:10.217 curr_pts:9.468 clock:9.467 level:99
2021-04-13 21:18:11.740 T:4974 DEBUG : CVideoPlayerAudio::OutputPacket: pts:10.240 curr_pts:9.468 clock:9.468 level:99
2021-04-13 21:18:11.744 T:4973 DEBUG : CAMLCodec::GetTimeSize: len:24 dl:286627 fs:286233 front:4685
2021-04-13 21:18:11.744 T:4972 DEBUG : CVideoPlayer::ProcessAudioData size:374 dts:18.181 pts:18.181 dur:23.000ms, clock:9.472 drop:0 level:99
2021-04-13 21:18:11.744 T:4972 DEBUG : CVideoPlayer::ProcessVideoData size:58 dts:18.185 pts:18.185 dur:41.000ms, clock:9.472 level:92
2021-04-13 21:18:11.745 T:4972 DEBUG : CVideoPlayer::ProcessAudioData size:353 dts:18.204 pts:18.204 dur:23.000ms, clock:9.472 drop:0 level:99
2021-04-13 21:18:11.749 T:4763 DEBUG : CAMLCodec::PollFrame elapsed:36.911ms
2021-04-13 21:18:11.750 T:4973 DEBUG : CAMLCodec::GetTimeSize: len:24 dl:286627 fs:286233 front:4685
2021-04-13 21:18:11.752 T:4763 DEBUG : PrepareNextRender: frameOnScreen: 9.480 renderPts: 9.646 nextFramePts: 9.635 -> diff: 0.011 render: 1 forceNext: 0
2021-04-13 21:18:11.753 T:4763 DEBUG : CAMLCodec::ReleaseFrame idx:231, drop:0
2021-04-13 21:18:11.757 T:4973 DEBUG : CAMLCodec::GetTimeSize: len:24 dl:281926 fs:286233 front:4685
2021-04-13 21:18:11.757 T:4973 DEBUG : CAMLCodec::GetTimeSize: len:23 dl:281926 fs:281548 front:4885
2021-04-13 21:18:11.757 T:4973 DEBUG : CAMLCodec::DequeueBuffer: pts:9.802 idx:235
2021-04-13 21:18:11.757 T:4973 DEBUG : CAMLCodec::GetPicture: index: 235, pts: 9.802, dur:42ms ar:0.00
2021-04-13 21:18:11.757 T:4973 DEBUG : CVideoPlayerVideo::OutputPicture - ttd:317ms pts:9.802 Clock:9.485 Level:3
2021-04-13 21:18:11.758 T:4973 DEBUG : CAMLCodec::GetTimeSize: len:23 dl:281926 fs:281548 front:4885
2021-04-13 21:18:11.763 T:4973 DEBUG : CAMLCodec::AddData: dl:293215 sum:292821 sz:11273 dts:10.803 pts:10.803 overflow:0
2021-04-13 21:18:11.763 T:4973 DEBUG : CAMLCodec::GetTimeSize: len:24 dl:293215 fs:292821 front:4885
2021-04-13 21:18:11.790 T:4974 INFO : Skipped 4 duplicate messages..
2021-04-13 21:18:11.790 T:4974 DEBUG : CVideoPlayerAudio::OutputPacket: pts:10.263 curr_pts:9.518 clock:9.517 level:99
2021-04-13 21:18:11.790 T:4974 DEBUG : CVideoPlayerAudio::OutputPacket: pts:10.286 curr_pts:9.518 clock:9.518 level:99
2021-04-13 21:18:11.791 T:4763 DEBUG : CAMLCodec::PollFrame elapsed:37.165ms
2021-04-13 21:18:11.793 T:4763 DEBUG : PrepareNextRender: frameOnScreen: 9.521 renderPts: 9.688 nextFramePts: 9.677 -> diff: 0.011 render: 1 forceNext: 0
2021-04-13 21:18:11.795 T:4763 DEBUG : CAMLCodec::ReleaseFrame idx:232, drop:0
2021-04-13 21:18:11.795 T:4972 DEBUG : CVideoPlayer::ProcessVideoData size:58 dts:18.227 pts:18.227 dur:41.000ms, clock:9.523 level:92
2021-04-13 21:18:11.796 T:4972 DEBUG : CVideoPlayer::ProcessAudioData size:359 dts:18.228 pts:18.228 dur:23.000ms, clock:9.524 drop:0 level:99
2021-04-13 21:18:11.796 T:4972 DEBUG : CVideoPlayer::ProcessAudioData size:348 dts:18.251 pts:18.251 dur:23.000ms, clock:9.524 drop:0 level:99
2021-04-13 21:18:11.797 T:4973 DEBUG : CAMLCodec::GetTimeSize: len:24 dl:288314 fs:292821 front:4885
2021-04-13 21:18:11.797 T:4973 DEBUG : CAMLCodec::GetTimeSize: len:23 dl:288314 fs:287936 front:5485
2021-04-13 21:18:11.797 T:4973 DEBUG : CAMLCodec::DequeueBuffer: pts:9.844 idx:236
2021-04-13 21:18:11.797 T:4973 DEBUG : CAMLCodec::GetPicture: index: 236, pts: 9.844, dur:42ms ar:0.00
2021-04-13 21:18:11.797 T:4973 DEBUG : CVideoPlayerVideo::OutputPicture - ttd:319ms pts:9.844 Clock:9.525 Level:3
2021-04-13 21:18:11.798 T:4973 DEBUG : CAMLCodec::GetTimeSize: len:23 dl:288314 fs:287936 front:5485
2021-04-13 21:18:11.803 T:4973 DEBUG : CAMLCodec::AddData: dl:300717 sum:300323 sz:12387 dts:10.845 pts:10.845 overflow:0
2021-04-13 21:18:11.804 T:4973 DEBUG : CAMLCodec::GetTimeSize: len:24 dl:300717 fs:300323 front:5485
2021-04-13 21:18:11.833 T:4763 INFO : Skipped 4 duplicate messages..
2021-04-13 21:18:11.833 T:4763 DEBUG : CAMLCodec::PollFrame elapsed:36.930ms
2021-04-13 21:18:11.835 T:4763 DEBUG : PrepareNextRender: frameOnScreen: 9.563 renderPts: 9.730 nextFramePts: 9.719 -> diff: 0.011 render: 1 forceNext: 0
2021-04-13 21:18:11.835 T:4973 DEBUG : CAMLCodec::GetTimeSize: len:24 dl:300717 fs:300323 front:5485
2021-04-13 21:18:11.837 T:4763 DEBUG : CAMLCodec::ReleaseFrame idx:233, drop:0
2021-04-13 21:18:11.840 T:4974 DEBUG : CVideoPlayerAudio::OutputPacket: pts:10.310 curr_pts:9.567 clock:9.568 level:99
2021-04-13 21:18:11.840 T:4974 DEBUG : CVideoPlayerAudio::OutputPacket: pts:10.333 curr_pts:9.569 clock:9.568 level:99
2021-04-13 21:18:11.842 T:4973 DEBUG : CAMLCodec::GetTimeSize: len:24 dl:295216 fs:300323 front:5485
2021-04-13 21:18:11.842 T:4973 DEBUG : CAMLCodec::GetTimeSize: len:23 dl:295216 fs:294838 front:4655
2021-04-13 21:18:11.842 T:4973 DEBUG : CAMLCodec::DequeueBuffer: pts:9.885 idx:237
2021-04-13 21:18:11.842 T:4973 DEBUG : CAMLCodec::GetPicture: index: 237, pts: 9.885, dur:41ms ar:0.00
2021-04-13 21:18:11.842 T:4973 DEBUG : CVideoPlayerVideo::OutputPicture - ttd:315ms pts:9.885 Clock:9.570 Level:3
2021-04-13 21:18:11.843 T:4973 DEBUG : CAMLCodec::GetTimeSize: len:23 dl:295216 fs:294838 front:4655
2021-04-13 21:18:11.846 T:4972 DEBUG : CVideoPlayer::ProcessVideoData size:58 dts:18.269 pts:18.269 dur:41.000ms, clock:9.574 level:92
2021-04-13 21:18:11.847 T:4972 DEBUG : CVideoPlayer::ProcessAudioData size:363 dts:18.274 pts:18.274 dur:23.000ms, clock:9.574 drop:0 level:99
2021-04-13 21:18:11.847 T:4972 DEBUG : CVideoPlayer::ProcessAudioData size:358 dts:18.297 pts:18.297 dur:23.000ms, clock:9.575 drop:0 level:99
2021-04-13 21:18:11.848 T:4973 DEBUG : CAMLCodec::AddData: dl:308870 sum:308476 sz:13638 dts:10.886 pts:10.886 overflow:0
2021-04-13 21:18:11.848 T:4973 DEBUG : CAMLCodec::GetTimeSize: len:24 dl:308870 fs:308476 front:4655
2021-04-13 21:18:11.874 T:4763 INFO : Skipped 3 duplicate messages..
2021-04-13 21:18:11.874 T:4763 DEBUG : CAMLCodec::PollFrame elapsed:37.058ms
2021-04-13 21:18:11.875 T:4973 DEBUG : CAMLCodec::GetTimeSize: len:24 dl:308870 fs:308476 front:4655
2021-04-13 21:18:11.877 T:4763 DEBUG : PrepareNextRender: frameOnScreen: 9.605 renderPts: 9.772 nextFramePts: 9.760 -> diff: 0.012 render: 1 forceNext: 0
2021-04-13 21:18:11.879 T:4763 DEBUG : CAMLCodec::ReleaseFrame idx:234, drop:0
2021-04-13 21:18:11.881 T:4973 DEBUG : CAMLCodec::GetTimeSize: len:24 dl:304199 fs:308476 front:4655
2021-04-13 21:18:11.881 T:4973 DEBUG : CAMLCodec::GetTimeSize: len:23 dl:304199 fs:303821 front:4074
2021-04-13 21:18:11.881 T:4973 DEBUG : CAMLCodec::DequeueBuffer: pts:9.927 idx:238
2021-04-13 21:18:11.881 T:4973 DEBUG : CAMLCodec::GetPicture: index: 238, pts: 9.927, dur:42ms ar:0.00
2021-04-13 21:18:11.881 T:4973 DEBUG : CVideoPlayerVideo::OutputPicture - ttd:317ms pts:9.927 Clock:9.609 Level:3
2021-04-13 21:18:11.882 T:4973 DEBUG : CAMLCodec::GetTimeSize: len:23 dl:304199 fs:303821 front:4074
2021-04-13 21:18:11.888 T:4973 DEBUG : CAMLCodec::AddData: dl:317985 sum:317591 sz:13770 dts:10.928 pts:10.928 overflow:0
2021-04-13 21:18:11.888 T:4973 DEBUG : CAMLCodec::GetTimeSize: len:24 dl:317985 fs:317591 front:4074
2021-04-13 21:18:11.890 T:4974 DEBUG : CVideoPlayerAudio::OutputPacket: pts:10.356 curr_pts:9.618 clock:9.618 level:99
2021-04-13 21:18:11.890 T:4974 DEBUG : CVideoPlayerAudio::OutputPacket: pts:10.379 curr_pts:9.618 clock:9.618 level:99
2021-04-13 21:18:11.894 T:4973 DEBUG : CAMLCodec::GetTimeSize: len:24 dl:317985 fs:317591 front:4074
2021-04-13 21:18:11.899 T:4972 DEBUG : CVideoPlayer::ProcessVideoData size:58 dts:18.310 pts:18.310 dur:41.000ms, clock:9.627 level:92
2021-04-13 21:18:11.899 T:4972 DEBUG : CVideoPlayer::ProcessAudioData size:355 dts:18.321 pts:18.321 dur:23.000ms, clock:9.627 drop:0 level:99
2021-04-13 21:18:11.899 T:4972 DEBUG : CVideoPlayer::ProcessAudioData size:354 dts:18.344 pts:18.344 dur:23.000ms, clock:9.627 drop:0 level:99
2021-04-13 21:18:11.900 T:4973 DEBUG : CAMLCodec::GetTimeSize: len:24 dl:317985 fs:317591 front:4074
2021-04-13 21:18:11.916 T:4763 INFO : Skipped 2 duplicate messages..
2021-04-13 21:18:11.916 T:4763 DEBUG : CAMLCodec::PollFrame elapsed:36.979ms
2021-04-13 21:18:11.918 T:4763 DEBUG : PrepareNextRender: frameOnScreen: 9.646 renderPts: 9.813 nextFramePts: 9.802 -> diff: 0.011 render: 1 forceNext: 0
2021-04-13 21:18:11.919 T:4973 DEBUG : CAMLCodec::GetTimeSize: len:24 dl:317985 fs:317591 front:4074
2021-04-13 21:18:11.920 T:4763 DEBUG : CAMLCodec::ReleaseFrame idx:235, drop:0
2021-04-13 21:18:11.926 T:4973 DEBUG : CAMLCodec::GetTimeSize: len:24 dl:317985 fs:317591 front:4074
2021-04-13 21:18:11.940 T:4974 INFO : Skipped 2 duplicate messages..
2021-04-13 21:18:11.940 T:4974 DEBUG : CVideoPlayerAudio::OutputPacket: pts:10.403 curr_pts:9.668 clock:9.668 level:99
2021-04-13 21:18:11.940 T:4974 DEBUG : CVideoPlayerAudio::OutputPacket: pts:10.426 curr_pts:9.669 clock:9.668 level:99
2021-04-13 21:18:11.940 T:4974 DEBUG : CVideoPlayerAudio::OutputPacket: pts:10.449 curr_pts:9.669 clock:9.668 level:99
2021-04-13 21:18:11.944 T:4973 DEBUG : CAMLCodec::GetTimeSize: len:24 dl:317985 fs:317591 front:4074
2021-04-13 21:18:11.950 T:4972 DEBUG : CVideoPlayer::ProcessVideoData size:58 dts:18.352 pts:18.352 dur:41.000ms, clock:9.678 level:92
2021-04-13 21:18:11.950 T:4972 DEBUG : CVideoPlayer::ProcessAudioData size:365 dts:18.367 pts:18.367 dur:23.000ms, clock:9.678 drop:0 level:99
2021-04-13 21:18:11.950 T:4972 DEBUG : CVideoPlayer::ProcessAudioData size:399 dts:18.390 pts:18.390 dur:23.000ms, clock:9.678 drop:0 level:99
2021-04-13 21:18:11.950 T:4972 DEBUG : CVideoPlayer::ProcessVideoData size:58 dts:18.394 pts:18.394 dur:41.000ms, clock:9.678 level:93
2021-04-13 21:18:11.950 T:4972 DEBUG : CVideoPlayer::ProcessAudioData size:355 dts:18.413 pts:18.413 dur:23.000ms, clock:9.678 drop:0 level:99
2021-04-13 21:18:11.951 T:4973 DEBUG : CAMLCodec::GetTimeSize: len:24 dl:317985 fs:317591 front:4074
2021-04-13 21:18:11.958 T:4763 INFO : Skipped 1 duplicate messages..
2021-04-13 21:18:11.958 T:4763 DEBUG : CAMLCodec::PollFrame elapsed:37.930ms
2021-04-13 21:18:11.960 T:4763 DEBUG : PrepareNextRender: frameOnScreen: 9.688 renderPts: 9.855 nextFramePts: 9.844 -> diff: 0.011 render: 1 forceNext: 0
2021-04-13 21:18:11.961 T:4763 DEBUG : CAMLCodec::ReleaseFrame idx:236, drop:0
2021-04-13 21:18:11.964 T:4973 DEBUG : CAMLCodec::GetTimeSize: len:24 dl:313895 fs:317591 front:4074
2021-04-13 21:18:11.964 T:4973 DEBUG : CAMLCodec::GetTimeSize: len:23 dl:313895 fs:313517 front:4176
2021-04-13 21:18:11.964 T:4973 DEBUG : CAMLCodec::DequeueBuffer: pts:9.969 idx:239
2021-04-13 21:18:11.964 T:4973 DEBUG : CAMLCodec::GetPicture: index: 239, pts: 9.969, dur:42ms ar:0.00
2021-04-13 21:18:11.964 T:4973 DEBUG : CVideoPlayerVideo::OutputPicture - ttd:276ms pts:9.969 Clock:9.692 Level:2
2021-04-13 21:18:11.965 T:4973 DEBUG : CAMLCodec::GetTimeSize: len:23 dl:313895 fs:313517 front:4176
2021-04-13 21:18:11.970 T:4973 DEBUG : CAMLCodec::AddData: dl:326467 sum:326073 sz:12556 dts:10.970 pts:10.970 overflow:0
2021-04-13 21:18:11.971 T:4973 DEBUG : CAMLCodec::GetTimeSize: len:24 dl:326467 fs:326073 front:4176
2021-04-13 21:18:11.990 T:4974 INFO : Skipped 3 duplicate messages..
2021-04-13 21:18:11.990 T:4974 DEBUG : CVideoPlayerAudio::OutputPacket: pts:10.472 curr_pts:9.718 clock:9.718 level:99
2021-04-13 21:18:11.990 T:4974 DEBUG : CVideoPlayerAudio::OutputPacket: pts:10.495 curr_pts:9.718 clock:9.718 level:99
2021-04-13 21:18:11.991 T:4972 DEBUG : CVideoPlayer::ProcessVideoData size:58 dts:18.436 pts:18.436 dur:41.000ms, clock:9.719 level:93
2021-04-13 21:18:11.991 T:4972 DEBUG : CVideoPlayer::ProcessAudioData size:442 dts:18.437 pts:18.437 dur:23.000ms, clock:9.719 drop:0 level:99
2021-04-13 21:18:11.991 T:4972 DEBUG : CVideoPlayer::ProcessAudioData size:463 dts:18.460 pts:18.460 dur:23.000ms, clock:9.719 drop:0 level:99
2021-04-13 21:18:11.996 T:4973 DEBUG : CAMLCodec::GetTimeSize: len:24 dl:326467 fs:326073 front:4176
2021-04-13 21:18:11.999 T:4763 DEBUG : CAMLCodec::PollFrame elapsed:37.568ms
2021-04-13 21:18:12.002 T:4973 DEBUG : CAMLCodec::GetTimeSize: len:24 dl:326467 fs:326073 front:4176
2021-04-13 21:18:12.002 T:4763 DEBUG : PrepareNextRender: frameOnScreen: 9.730 renderPts: 9.897 nextFramePts: 9.885 -> diff: 0.012 render: 1 forceNext: 0
2021-04-13 21:18:12.004 T:4763 DEBUG : CAMLCodec::ReleaseFrame idx:237, drop:0
2021-04-13 21:18:12.009 T:4973 DEBUG : CAMLCodec::GetTimeSize: len:24 dl:322275 fs:326073 front:4176
2021-04-13 21:18:12.009 T:4973 DEBUG : CAMLCodec::GetTimeSize: len:23 dl:322275 fs:321897 front:3511
2021-04-13 21:18:12.009 T:4973 DEBUG : CAMLCodec::DequeueBuffer: pts:10.010 idx:240
2021-04-13 21:18:12.009 T:4973 DEBUG : CAMLCodec::GetPicture: index: 240, pts: 10.010, dur:41ms ar:0.00
2021-04-13 21:18:12.009 T:4973 DEBUG : CVideoPlayerVideo::OutputPicture - ttd:273ms pts:10.010 Clock:9.737 Level:2
2021-04-13 21:18:12.010 T:4973 DEBUG : CAMLCodec::GetTimeSize: len:23 dl:322275 fs:321897 front:3511
2021-04-13 21:18:12.015 T:4973 DEBUG : CAMLCodec::AddData: dl:334179 sum:333785 sz:11888 dts:11.011 pts:11.011 overflow:0
2021-04-13 21:18:12.015 T:4973 DEBUG : CAMLCodec::GetTimeSize: len:24 dl:334179 fs:333785 front:3511
2021-04-13 21:18:12.040 T:4974 INFO : Skipped 3 duplicate messages..
2021-04-13 21:18:12.040 T:4974 DEBUG : CVideoPlayerAudio::OutputPacket: pts:10.519 curr_pts:9.768 clock:9.768 level:99
2021-04-13 21:18:12.040 T:4973 DEBUG : CAMLCodec::GetTimeSize: len:24 dl:334179 fs:333785 front:3511
2021-04-13 21:18:12.040 T:4974 DEBUG : CVideoPlayerAudio::OutputPacket: pts:10.542 curr_pts:9.769 clock:9.768 level:99
2021-04-13 21:18:12.041 T:4763 DEBUG : CAMLCodec::PollFrame elapsed:37.195ms
2021-04-13 21:18:12.042 T:4972 DEBUG : CVideoPlayer::ProcessVideoData size:58 dts:18.477 pts:18.477 dur:41.000ms, clock:9.769 level:93
2021-04-13 21:18:12.042 T:4972 DEBUG : CVideoPlayer::ProcessAudioData size:452 dts:18.483 pts:18.483 dur:23.000ms, clock:9.770 drop:0 level:99
2021-04-13 21:18:12.042 T:4972 DEBUG : CVideoPlayer::ProcessAudioData size:421 dts:18.506 pts:18.506 dur:23.000ms, clock:9.770 drop:0 level:99
2021-04-13 21:18:12.043 T:4763 DEBUG : PrepareNextRender: frameOnScreen: 9.771 renderPts: 9.938 nextFramePts: 9.927 -> diff: 0.011 render: 1 forceNext: 0
2021-04-13 21:18:12.045 T:4763 DEBUG : CAMLCodec::ReleaseFrame idx:238, drop:0
2021-04-13 21:18:12.047 T:4973 DEBUG : CAMLCodec::GetTimeSize: len:24 dl:334179 fs:333785 front:3511
2021-04-13 21:18:12.053 T:4973 DEBUG : CAMLCodec::GetTimeSize: len:24 dl:330652 fs:333785 front:3511
2021-04-13 21:18:12.053 T:4973 DEBUG : CAMLCodec::GetTimeSize: len:23 dl:330652 fs:330274 front:2923
2021-04-13 21:18:12.053 T:4973 DEBUG : CAMLCodec::DequeueBuffer: pts:10.052 idx:241
2021-04-13 21:18:12.053 T:4973 DEBUG : CAMLCodec::GetPicture: index: 241, pts: 10.052, dur:42ms ar:0.00
2021-04-13 21:18:12.053 T:4973 DEBUG : CVideoPlayerVideo::OutputPicture - ttd:271ms pts:10.052 Clock:9.781 Level:2
2021-04-13 21:18:12.054 T:4973 DEBUG : CAMLCodec::GetTimeSize: len:23 dl:330652 fs:330274 front:2923
2021-04-13 21:18:12.059 T:4973 DEBUG : CAMLCodec::AddData: dl:340738 sum:340344 sz:10070 dts:11.053 pts:11.053 overflow:0
2021-04-13 21:18:12.059 T:4973 DEBUG : CAMLCodec::GetTimeSize: len:24 dl:340738 fs:340344 front:2923
2021-04-13 21:18:12.083 T:4763 INFO : Skipped 3 duplicate messages..
2021-04-13 21:18:12.083 T:4763 DEBUG : CAMLCodec::PollFrame elapsed:37.833ms
2021-04-13 21:18:12.084 T:4973 DEBUG : CAMLCodec::GetTimeSize: len:24 dl:340738 fs:340344 front:2923
2021-04-13 21:18:12.086 T:4763 DEBUG : PrepareNextRender: frameOnScreen: 9.813 renderPts: 9.980 nextFramePts: 9.969 -> diff: 0.011 render: 1 forceNext: 0
2021-04-13 21:18:12.087 T:4763 DEBUG : CAMLCodec::ReleaseFrame idx:239, drop:0
2021-04-13 21:18:12.090 T:4974 DEBUG : CVideoPlayerAudio::OutputPacket: pts:10.565 curr_pts:9.818 clock:9.818 level:99
2021-04-13 21:18:12.090 T:4974 DEBUG : CVideoPlayerAudio::OutputPacket: pts:10.588 curr_pts:9.819 clock:9.818 level:99
2021-04-13 21:18:12.091 T:4973 DEBUG : CAMLCodec::GetTimeSize: len:24 dl:337799 fs:340344 front:2923
2021-04-13 21:18:12.091 T:4973 DEBUG : CAMLCodec::GetTimeSize: len:23 dl:337799 fs:337421 front:244
2021-04-13 21:18:12.091 T:4973 DEBUG : CAMLCodec::DequeueBuffer: pts:10.094 idx:242
2021-04-13 21:18:12.091 T:4973 DEBUG : CAMLCodec::GetPicture: index: 242, pts: 10.094, dur:42ms ar:0.00
2021-04-13 21:18:12.091 T:4973 DEBUG : CVideoPlayerVideo::OutputPicture - ttd:274ms pts:10.094 Clock:9.819 Level:2
2021-04-13 21:18:12.092 T:4972 DEBUG : CVideoPlayer::ProcessVideoData size:58 dts:18.519 pts:18.519 dur:41.000ms, clock:9.820 level:93
2021-04-13 21:18:12.092 T:4972 DEBUG : CVideoPlayer::ProcessAudioData size:420 dts:18.530 pts:18.530 dur:23.000ms, clock:9.820 drop:0 level:99
2021-04-13 21:18:12.093 T:4972 DEBUG : CVideoPlayer::ProcessAudioData size:399 dts:18.553 pts:18.553 dur:23.000ms, clock:9.820 drop:0 level:99
2021-04-13 21:18:12.094 T:4973 DEBUG : CAMLCodec::GetTimeSize: len:23 dl:337799 fs:337421 front:244
2021-04-13 21:18:12.099 T:4973 DEBUG : CAMLCodec::AddData: dl:340400 sum:340006 sz:2585 dts:11.095 pts:11.095 overflow:0
2021-04-13 21:18:12.099 T:4973 DEBUG : CAMLCodec::GetTimeSize: len:24 dl:340400 fs:340006 front:244
2021-04-13 21:18:12.125 T:4763 INFO : Skipped 4 duplicate messages..
2021-04-13 21:18:12.125 T:4763 DEBUG : CAMLCodec::PollFrame elapsed:36.884ms
2021-04-13 21:18:12.127 T:4763 DEBUG : PrepareNextRender: frameOnScreen: 9.855 renderPts: 10.022 nextFramePts: 10.010 -> diff: 0.012 render: 1 forceNext: 0
2021-04-13 21:18:12.129 T:4763 DEBUG : CAMLCodec::ReleaseFrame idx:240, drop:0
2021-04-13 21:18:12.130 T:4973 DEBUG : CAMLCodec::GetTimeSize: len:24 dl:340140 fs:340006 front:244
2021-04-13 21:18:12.130 T:4973 DEBUG : CAMLCodec::DequeueBuffer: pts:10.136 idx:243
2021-04-13 21:18:12.131 T:4973 DEBUG : CAMLCodec::GetPicture: index: 243, pts: 10.136, dur:42ms ar:0.00
2021-04-13 21:18:12.131 T:4973 DEBUG : CVideoPlayerVideo::OutputPicture - ttd:277ms pts:10.136 Clock:9.858 Level:2
2021-04-13 21:18:12.132 T:4973 DEBUG : CAMLCodec::GetTimeSize: len:24 dl:340140 fs:340006 front:244
2021-04-13 21:18:12.138 T:4973 DEBUG : CAMLCodec::GetTimeSize: len:24 dl:336825 fs:340006 front:244
2021-04-13 21:18:12.138 T:4973 DEBUG : CAMLCodec::GetTimeSize: len:23 dl:336825 fs:339762 front:3299
2021-04-13 21:18:12.138 T:4973 DEBUG : CAMLCodec::GetTimeSize: len:22 dl:336825 fs:336463 front:28868
2021-04-13 21:18:12.138 T:4973 DEBUG : CAMLCodec::DequeueBuffer: pts:10.177 idx:244
2021-04-13 21:18:12.138 T:4973 DEBUG : CAMLCodec::GetPicture: index: 244, pts: 10.177, dur:41ms ar:0.00
2021-04-13 21:18:12.138 T:4973 DEBUG : CVideoPlayerVideo::OutputPicture - ttd:310ms pts:10.177 Clock:9.866 Level:3
2021-04-13 21:18:12.139 T:4973 DEBUG : CAMLCodec::GetTimeSize: len:22 dl:336825 fs:336463 front:28868
2021-04-13 21:18:12.140 T:4974 DEBUG : CVideoPlayerAudio::OutputPacket: pts:10.612 curr_pts:9.868 clock:9.868 level:99
2021-04-13 21:18:12.140 T:4974 DEBUG : CVideoPlayerAudio::OutputPacket: pts:10.635 curr_pts:9.869 clock:9.868 level:99
2021-04-13 21:18:12.143 T:4972 DEBUG : CVideoPlayer::ProcessVideoData size:58 dts:18.561 pts:18.561 dur:41.000ms, clock:9.871 level:93
2021-04-13 21:18:12.143 T:4972 DEBUG : CVideoPlayer::ProcessAudioData size:391 dts:18.576 pts:18.576 dur:23.000ms, clock:9.871 drop:0 level:99
2021-04-13 21:18:12.143 T:4972 DEBUG : CVideoPlayer::ProcessAudioData size:367 dts:18.599 pts:18.599 dur:23.000ms, clock:9.871 drop:0 level:99
2021-04-13 21:18:12.145 T:4973 DEBUG : frame_number : 2, mag : 3; index_sz : 8
2021-04-13 21:18:12.147 T:4973 DEBUG : CAMLCodec::AddData: dl:423231 sum:422845 sz:86382 dts:11.137 pts:11.137 overflow:0
2021-04-13 21:18:12.147 T:4973 DEBUG : CAMLCodec::GetTimeSize: len:23 dl:423231 fs:422845 front:28868
2021-04-13 21:18:12.152 T:4973 DEBUG : CAMLCodec::AddData: dl:434581 sum:434179 sz:11334 dts:11.178 pts:11.178 overflow:0
2021-04-13 21:18:12.152 T:4973 DEBUG : CAMLCodec::GetTimeSize: len:24 dl:434581 fs:434179 front:28868
2021-04-13 21:18:12.166 T:4763 INFO : Skipped 2 duplicate messages..
2021-04-13 21:18:12.166 T:4763 DEBUG : CAMLCodec::PollFrame elapsed:37.260ms
2021-04-13 21:18:12.169 T:4763 DEBUG : PrepareNextRender: frameOnScreen: 9.897 renderPts: 10.064 nextFramePts: 10.052 -> diff: 0.012 render: 1 forceNext: 0
2021-04-13 21:18:12.171 T:4763 DEBUG : CAMLCodec::ReleaseFrame idx:241, drop:0
2021-04-13 21:18:12.171 T:4973 DEBUG : CAMLCodec::GetTimeSize: len:24 dl:434581 fs:434179 front:28868
2021-04-13 21:18:12.178 T:4973 DEBUG : CAMLCodec::GetTimeSize: len:24 dl:400590 fs:434179 front:28868
2021-04-13 21:18:12.178 T:4973 DEBUG : CAMLCodec::GetTimeSize: len:23 dl:400590 fs:405311 front:5091
2021-04-13 21:18:12.178 T:4973 DEBUG : CAMLCodec::GetTimeSize: len:22 dl:400590 fs:400220 front:6310
2021-04-13 21:18:12.178 T:4973 DEBUG : CAMLCodec::DequeueBuffer: pts:10.219 idx:245
2021-04-13 21:18:12.178 T:4973 DEBUG : CAMLCodec::GetPicture: index: 245, pts: 10.219, dur:42ms ar:0.00
2021-04-13 21:18:12.178 T:4973 DEBUG : CVideoPlayerVideo::OutputPicture - ttd:313ms pts:10.219 Clock:9.906 Level:3
2021-04-13 21:18:12.179 T:4973 DEBUG : CAMLCodec::GetTimeSize: len:22 dl:400590 fs:400220 front:6310
2021-04-13 21:18:12.179 T:4973 DEBUG : CAMLCodec::DequeueBuffer: pts:10.261 idx:246
2021-04-13 21:18:12.179 T:4973 DEBUG : CAMLCodec::GetPicture: index: 246, pts: 10.261, dur:42ms ar:0.00
2021-04-13 21:18:12.179 T:4973 DEBUG : CVideoPlayerVideo::OutputPicture - ttd:353ms pts:10.261 Clock:9.907 Level:4
2021-04-13 21:18:12.180 T:4973 DEBUG : CAMLCodec::GetTimeSize: len:22 dl:394264 fs:400220 front:6310
2021-04-13 21:18:12.180 T:4973 DEBUG : CAMLCodec::GetTimeSize: len:21 dl:394264 fs:393910 front:7287
2021-04-13 21:18:12.180 T:4973 DEBUG : CAMLCodec::DequeueBuffer: pts:10.302 idx:247
2021-04-13 21:18:12.180 T:4973 DEBUG : CAMLCodec::GetPicture: index: 247, pts: 10.302, dur:41ms ar:0.00
2021-04-13 21:18:12.180 T:4973 DEBUG : CVideoPlayerVideo::OutputPicture - ttd:393ms pts:10.302 Clock:9.908 Level:5
2021-04-13 21:18:12.181 T:4973 DEBUG : CAMLCodec::GetTimeSize: len:21 dl:394264 fs:393910 front:7287
2021-04-13 21:18:12.187 T:4973 DEBUG : CAMLCodec::AddData: dl:405473 sum:405103 sz:11193 dts:11.220 pts:11.220 overflow:0
2021-04-13 21:18:12.187 T:4973 DEBUG : CAMLCodec::GetTimeSize: len:22 dl:405473 fs:405103 front:7287
2021-04-13 21:18:12.190 T:4974 DEBUG : CVideoPlayerAudio::OutputPacket: pts:10.658 curr_pts:9.919 clock:9.918 level:99
2021-04-13 21:18:12.190 T:4974 DEBUG : CVideoPlayerAudio::OutputPacket: pts:10.681 curr_pts:9.919 clock:9.918 level:99
2021-04-13 21:18:12.192 T:4973 DEBUG : CAMLCodec::AddData: dl:419164 sum:418778 sz:13675 dts:11.262 pts:11.262 overflow:0
2021-04-13 21:18:12.192 T:4973 DEBUG : CAMLCodec::GetTimeSize: len:23 dl:419164 fs:418778 front:7287
2021-04-13 21:18:12.194 T:4972 DEBUG : CVideoPlayer::ProcessVideoData size:58 dts:18.602 pts:18.602 dur:41.000ms, clock:9.922 level:91
2021-04-13 21:18:12.194 T:4972 DEBUG : CVideoPlayer::ProcessAudioData size:394 dts:18.622 pts:18.622 dur:23.000ms, clock:9.922 drop:0 level:99
2021-04-13 21:18:12.194 T:4972 DEBUG : CVideoPlayer::ProcessVideoData size:58 dts:18.644 pts:18.644 dur:41.000ms, clock:9.922 level:92
2021-04-13 21:18:12.194 T:4972 DEBUG : CVideoPlayer::ProcessAudioData size:389 dts:18.646 pts:18.646 dur:23.000ms, clock:9.922 drop:0 level:99
2021-04-13 21:18:12.197 T:4973 DEBUG : CAMLCodec::AddData: dl:429673 sum:429271 sz:10493 dts:11.303 pts:11.303 overflow:0
2021-04-13 21:18:12.197 T:4973 DEBUG : CAMLCodec::GetTimeSize: len:24 dl:429673 fs:429271 front:7287
2021-04-13 21:18:12.208 T:4763 INFO : Skipped 1 duplicate messages..
2021-04-13 21:18:12.208 T:4763 DEBUG : CAMLCodec::PollFrame elapsed:36.939ms
2021-04-13 21:18:12.210 T:4973 DEBUG : CAMLCodec::GetTimeSize: len:24 dl:429673 fs:429271 front:7287
2021-04-13 21:18:12.210 T:4763 DEBUG : PrepareNextRender: frameOnScreen: 9.938 renderPts: 10.105 nextFramePts: 10.094 -> diff: 0.011 render: 1 forceNext: 0
2021-04-13 21:18:12.212 T:4763 DEBUG : CAMLCodec::ReleaseFrame idx:242, drop:0
2021-04-13 21:18:12.217 T:4973 DEBUG : CAMLCodec::GetTimeSize: len:24 dl:422370 fs:429271 front:7287
2021-04-13 21:18:12.217 T:4973 DEBUG : CAMLCodec::GetTimeSize: len:23 dl:422370 fs:421984 front:8250
2021-04-13 21:18:12.217 T:4973 DEBUG : CAMLCodec::DequeueBuffer: pts:10.344 idx:248
2021-04-13 21:18:12.217 T:4973 DEBUG : CAMLCodec::GetPicture: index: 248, pts: 10.344, dur:42ms ar:0.00
2021-04-13 21:18:12.217 T:4973 DEBUG : CVideoPlayerVideo::OutputPicture - ttd:399ms pts:10.344 Clock:9.945 Level:5
2021-04-13 21:18:12.218 T:4973 DEBUG : CAMLCodec::GetTimeSize: len:23 dl:422370 fs:421984 front:8250
2021-04-13 21:18:12.223 T:4973 DEBUG : CAMLCodec::AddData: dl:432939 sum:432537 sz:10553 dts:11.345 pts:11.345 overflow:0
2021-04-13 21:18:12.223 T:4973 DEBUG : CAMLCodec::GetTimeSize: len:24 dl:432939 fs:432537 front:8250
2021-04-13 21:18:12.240 T:4974 INFO : Skipped 2 duplicate messages..
2021-04-13 21:18:12.240 T:4974 DEBUG : CVideoPlayerAudio::OutputPacket: pts:10.704 curr_pts:9.968 clock:9.968 level:99
2021-04-13 21:18:12.240 T:4974 DEBUG : CVideoPlayerAudio::OutputPacket: pts:10.728 curr_pts:9.968 clock:9.968 level:99
2021-04-13 21:18:12.242 T:4973 DEBUG : CAMLCodec::GetTimeSize: len:24 dl:432939 fs:432537 front:8250
2021-04-13 21:18:12.245 T:4972 DEBUG : CVideoPlayer::ProcessAudioData size:374 dts:18.669 pts:18.669 dur:23.000ms, clock:9.973 drop:0 level:99
2021-04-13 21:18:12.245 T:4972 DEBUG : CVideoPlayer::ProcessVideoData size:58 dts:18.686 pts:18.686 dur:41.000ms, clock:9.973 level:91
2021-04-13 21:18:12.245 T:4972 DEBUG : CVideoPlayer::ProcessAudioData size:371 dts:18.692 pts:18.692 dur:23.000ms, clock:9.973 drop:0 level:99
2021-04-13 21:18:12.248 T:4973 DEBUG : CAMLCodec::GetTimeSize: len:24 dl:432939 fs:432537 front:8250
2021-04-13 21:18:12.250 T:4763 DEBUG : CAMLCodec::PollFrame elapsed:37.103ms
2021-04-13 21:18:12.252 T:4763 DEBUG : PrepareNextRender: frameOnScreen: 9.980 renderPts: 10.147 nextFramePts: 10.136 -> diff: 0.011 render: 1 forceNext: 0
2021-04-13 21:18:12.254 T:4763 DEBUG : CAMLCodec::ReleaseFrame idx:243, drop:0
2021-04-13 21:18:12.255 T:4973 DEBUG : CAMLCodec::GetTimeSize: len:24 dl:424673 fs:432537 front:8250
2021-04-13 21:18:12.255 T:4973 DEBUG : CAMLCodec::GetTimeSize: len:23 dl:424673 fs:424287 front:9653
2021-04-13 21:18:12.255 T:4973 DEBUG : CAMLCodec::DequeueBuffer: pts:10.386 idx:249
2021-04-13 21:18:12.255 T:4973 DEBUG : CAMLCodec::GetPicture: index: 249, pts: 10.386, dur:42ms ar:0.00
2021-04-13 21:18:12.255 T:4973 DEBUG : CVideoPlayerVideo::OutputPicture - ttd:403ms pts:10.386 Clock:9.983 Level:5
2021-04-13 21:18:12.256 T:4973 DEBUG : CAMLCodec::GetTimeSize: len:23 dl:424673 fs:424287 front:9653
2021-04-13 21:18:12.261 T:4973 DEBUG : CAMLCodec::AddData: dl:435466 sum:435064 sz:10777 dts:11.387 pts:11.387 overflow:0
2021-04-13 21:18:12.262 T:4973 DEBUG : CAMLCodec::GetTimeSize: len:24 dl:435466 fs:435064 front:9653
2021-04-13 21:18:12.290 T:4974 INFO : Skipped 4 duplicate messages..
2021-04-13 21:18:12.290 T:4974 DEBUG : CVideoPlayerAudio::OutputPacket: pts:10.751 curr_pts:10.018 clock:10.017 level:99
2021-04-13 21:18:12.290 T:4974 DEBUG : CVideoPlayerAudio::OutputPacket: pts:10.774 curr_pts:10.018 clock:10.018 level:99
2021-04-13 21:18:12.290 T:4974 DEBUG : CVideoPlayerAudio::OutputPacket: pts:10.797 curr_pts:10.018 clock:10.018 level:99
2021-04-13 21:18:12.291 T:4763 DEBUG : CAMLCodec::PollFrame elapsed:37.491ms
2021-04-13 21:18:12.293 T:4973 DEBUG : CAMLCodec::GetTimeSize: len:24 dl:435466 fs:435064 front:9653
2021-04-13 21:18:12.294 T:4763 DEBUG : PrepareNextRender: frameOnScreen: 10.022 renderPts: 10.189 nextFramePts: 10.177 -> diff: 0.012 render: 1 forceNext: 0
2021-04-13 21:18:12.296 T:4763 DEBUG : CAMLCodec::ReleaseFrame idx:244, drop:0
2021-04-13 21:18:12.296 T:4972 DEBUG : CVideoPlayer::ProcessAudioData size:350 dts:18.715 pts:18.715 dur:23.000ms, clock:10.024 drop:0 level:99
2021-04-13 21:18:12.296 T:4972 DEBUG : CVideoPlayer::ProcessVideoData size:58 dts:18.728 pts:18.728 dur:41.000ms, clock:10.024 level:91
2021-04-13 21:18:12.296 T:4972 DEBUG : CVideoPlayer::ProcessAudioData size:375 dts:18.739 pts:18.739 dur:23.000ms, clock:10.024 drop:0 level:99
2021-04-13 21:18:12.296 T:4972 DEBUG : CVideoPlayer::ProcessAudioData size:375 dts:18.762 pts:18.762 dur:23.000ms, clock:10.024 drop:0 level:99
2021-04-13 21:18:12.300 T:4973 DEBUG : CAMLCodec::GetTimeSize: len:24 dl:425797 fs:435064 front:9653
2021-04-13 21:18:12.300 T:4973 DEBUG : CAMLCodec::GetTimeSize: len:23 dl:425797 fs:425411 front:10689
2021-04-13 21:18:12.300 T:4973 DEBUG : CAMLCodec::DequeueBuffer: pts:10.428 idx:250
2021-04-13 21:18:12.300 T:4973 DEBUG : CAMLCodec::GetPicture: index: 250, pts: 10.428, dur:42ms ar:0.00
2021-04-13 21:18:12.300 T:4973 DEBUG : CVideoPlayerVideo::OutputPicture - ttd:400ms pts:10.428 Clock:10.028 Level:5
2021-04-13 21:18:12.301 T:4973 DEBUG : CAMLCodec::GetTimeSize: len:23 dl:425797 fs:425411 front:10689
2021-04-13 21:18:12.306 T:4973 DEBUG : CAMLCodec::AddData: dl:434483 sum:434081 sz:8670 dts:11.429 pts:11.429 overflow:0
2021-04-13 21:18:12.306 T:4973 DEBUG : CAMLCodec::GetTimeSize: len:24 dl:434483 fs:434081 front:10689
2021-04-13 21:18:12.333 T:4763 INFO : Skipped 4 duplicate messages..
2021-04-13 21:18:12.333 T:4763 DEBUG : CAMLCodec::PollFrame elapsed:37.026ms
2021-04-13 21:18:12.335 T:4763 DEBUG : PrepareNextRender: frameOnScreen: 10.063 renderPts: 10.230 nextFramePts: 10.219 -> diff: 0.011 render: 1 forceNext: 0
2021-04-13 21:18:12.337 T:4763 DEBUG : CAMLCodec::ReleaseFrame idx:245, drop:0
2021-04-13 21:18:12.337 T:4973 DEBUG : CAMLCodec::GetTimeSize: len:24 dl:434483 fs:434081 front:10689
2021-04-13 21:18:12.340 T:4974 DEBUG : CVideoPlayerAudio::OutputPacket: pts:10.820 curr_pts:10.068 clock:10.067 level:99
2021-04-13 21:18:12.340 T:4974 DEBUG : CVideoPlayerAudio::OutputPacket: pts:10.844 curr_pts:10.068 clock:10.068 level:99
2021-04-13 21:18:12.344 T:4973 DEBUG : CAMLCodec::GetTimeSize: len:24 dl:423778 fs:434081 front:10689
2021-04-13 21:18:12.344 T:4973 DEBUG : CAMLCodec::GetTimeSize: len:23 dl:423778 fs:423392 front:14396
2021-04-13 21:18:12.344 T:4973 DEBUG : CAMLCodec::DequeueBuffer: pts:10.469 idx:251
2021-04-13 21:18:12.344 T:4973 DEBUG : CAMLCodec::GetPicture: index: 251, pts: 10.469, dur:41ms ar:0.00
2021-04-13 21:18:12.344 T:4973 DEBUG : CVideoPlayerVideo::OutputPicture - ttd:397ms pts:10.469 Clock:10.072 Level:5
2021-04-13 21:18:12.345 T:4973 DEBUG : CAMLCodec::GetTimeSize: len:23 dl:423778 fs:423392 front:14396
2021-04-13 21:18:12.347 T:4972 DEBUG : CVideoPlayer::ProcessVideoData size:2013 dts:18.769 pts:18.769 dur:41.000ms, clock:10.075 level:91
2021-04-13 21:18:12.347 T:4972 DEBUG : CVideoPlayer::ProcessAudioData size:363 dts:18.785 pts:18.785 dur:23.000ms, clock:10.075 drop:0 level:99
2021-04-13 21:18:12.347 T:4972 DEBUG : CVideoPlayer::ProcessAudioData size:330 dts:18.808 pts:18.808 dur:23.000ms, clock:10.075 drop:0 level:99
2021-04-13 21:18:12.350 T:4973 DEBUG : CAMLCodec::AddData: dl:430719 sum:430317 sz:6925 dts:11.470 pts:11.470 overflow:0
2021-04-13 21:18:12.350 T:4973 DEBUG : CAMLCodec::GetTimeSize: len:24 dl:430719 fs:430317 front:14396
2021-04-13 21:18:12.375 T:4763 INFO : Skipped 3 duplicate messages..
2021-04-13 21:18:12.375 T:4763 DEBUG : CAMLCodec::PollFrame elapsed:37.843ms
2021-04-13 21:18:12.375 T:4973 DEBUG : CAMLCodec::GetTimeSize: len:24 dl:430719 fs:430317 front:14396
2021-04-13 21:18:12.377 T:4763 DEBUG : PrepareNextRender: frameOnScreen: 10.105 renderPts: 10.272 nextFramePts: 10.261 -> diff: 0.011 render: 1 forceNext: 0
2021-04-13 21:18:12.379 T:4763 DEBUG : CAMLCodec::ReleaseFrame idx:246, drop:0
2021-04-13 21:18:12.382 T:4973 DEBUG : CAMLCodec::GetTimeSize: len:24 dl:416307 fs:430317 front:14396
2021-04-13 21:18:12.382 T:4973 DEBUG : CAMLCodec::GetTimeSize: len:23 dl:416307 fs:415921 front:18171
2021-04-13 21:18:12.382 T:4973 DEBUG : CAMLCodec::DequeueBuffer: pts:10.511 idx:252
2021-04-13 21:18:12.382 T:4973 DEBUG : CAMLCodec::GetPicture: index: 252, pts: 10.511, dur:42ms ar:0.00
2021-04-13 21:18:12.382 T:4973 DEBUG : CVideoPlayerVideo::OutputPicture - ttd:401ms pts:10.511 Clock:10.110 Level:5
2021-04-13 21:18:12.383 T:4973 DEBUG : CAMLCodec::GetTimeSize: len:23 dl:416307 fs:415921 front:18171
2021-04-13 21:18:12.388 T:4973 DEBUG : CAMLCodec::AddData: dl:422092 sum:421690 sz:5769 dts:11.512 pts:11.512 overflow:0
2021-04-13 21:18:12.388 T:4973 DEBUG : CAMLCodec::GetTimeSize: len:24 dl:422092 fs:421690 front:18171
2021-04-13 21:18:12.390 T:4974 DEBUG : CVideoPlayerAudio::OutputPacket: pts:10.867 curr_pts:10.118 clock:10.118 level:99
2021-04-13 21:18:12.390 T:4974 DEBUG : CVideoPlayerAudio::OutputPacket: pts:10.890 curr_pts:10.118 clock:10.118 level:99
2021-04-13 21:18:12.395 T:4973 DEBUG : CAMLCodec::GetTimeSize: len:24 dl:422092 fs:421690 front:18171
2021-04-13 21:18:12.398 T:4972 DEBUG : CVideoPlayer::ProcessVideoData size:58 dts:18.811 pts:18.811 dur:41.000ms, clock:10.126 level:91
2021-04-13 21:18:12.398 T:4972 DEBUG : CVideoPlayer::ProcessAudioData size:343 dts:18.831 pts:18.831 dur:23.000ms, clock:10.126 drop:0 level:99
2021-04-13 21:18:12.398 T:4972 DEBUG : CVideoPlayer::ProcessVideoData size:58 dts:18.853 pts:18.853 dur:41.000ms, clock:10.126 level:91
2021-04-13 21:18:12.398 T:4972 DEBUG : CVideoPlayer::ProcessAudioData size:323 dts:18.855 pts:18.855 dur:23.000ms, clock:10.126 drop:0 level:99
2021-04-13 21:18:12.401 T:4973 DEBUG : CAMLCodec::GetTimeSize: len:24 dl:422092 fs:421690 front:18171
2021-04-13 21:18:12.417 T:4763 INFO : Skipped 2 duplicate messages..
2021-04-13 21:18:12.417 T:4763 DEBUG : CAMLCodec::PollFrame elapsed:37.182ms
2021-04-13 21:18:12.419 T:4763 DEBUG : PrepareNextRender: frameOnScreen: 10.147 renderPts: 10.314 nextFramePts: 10.302 -> diff: 0.012 render: 1 forceNext: 0
2021-04-13 21:18:12.420 T:4973 DEBUG : CAMLCodec::GetTimeSize: len:24 dl:422092 fs:421690 front:18171
2021-04-13 21:18:12.421 T:4763 DEBUG : CAMLCodec::ReleaseFrame idx:247, drop:0
2021-04-13 21:18:12.426 T:4973 DEBUG : CAMLCodec::GetTimeSize: len:24 dl:403905 fs:421690 front:18171
2021-04-13 21:18:12.426 T:4973 DEBUG : CAMLCodec::GetTimeSize: len:23 dl:403905 fs:403519 front:42686
2021-04-13 21:18:12.426 T:4973 DEBUG : CAMLCodec::DequeueBuffer: pts:10.553 idx:253
2021-04-13 21:18:12.426 T:4973 DEBUG : CAMLCodec::GetPicture: index: 253, pts: 10.553, dur:42ms ar:0.00
2021-04-13 21:18:12.426 T:4973 DEBUG : CVideoPlayerVideo::OutputPicture - ttd:398ms pts:10.553 Clock:10.154 Level:5
2021-04-13 21:18:12.428 T:4973 DEBUG : CAMLCodec::GetTimeSize: len:23 dl:403905 fs:403519 front:42686
2021-04-13 21:18:12.433 T:4973 DEBUG : CAMLCodec::AddData: dl:408198 sum:407796 sz:4277 dts:11.554 pts:11.554 overflow:0
2021-04-13 21:18:12.433 T:4973 DEBUG : CAMLCodec::GetTimeSize: len:24 dl:408198 fs:407796 front:42686
2021-04-13 21:18:12.440 T:4974 INFO : Skipped 1 duplicate messages..
2021-04-13 21:18:12.440 T:4974 DEBUG : CVideoPlayerAudio::OutputPacket: pts:10.913 curr_pts:10.168 clock:10.168 level:99
2021-04-13 21:18:12.440 T:4974 DEBUG : CVideoPlayerAudio::OutputPacket: pts:10.937 curr_pts:10.168 clock:10.168 level:99
2021-04-13 21:18:12.445 T:4973 DEBUG : CAMLCodec::GetTimeSize: len:24 dl:408198 fs:407796 front:42686
2021-04-13 21:18:12.449 T:4972 DEBUG : CVideoPlayer::ProcessAudioData size:345 dts:18.878 pts:18.878 dur:23.000ms, clock:10.177 drop:0 level:99
2021-04-13 21:18:12.449 T:4972 DEBUG : CVideoPlayer::ProcessVideoData size:58 dts:18.894 pts:18.894 dur:41.000ms, clock:10.177 level:91
2021-04-13 21:18:12.449 T:4972 DEBUG : CVideoPlayer::ProcessAudioData size:325 dts:18.901 pts:18.901 dur:23.000ms, clock:10.177 drop:0 level:99
2021-04-13 21:18:12.452 T:4973 DEBUG : CAMLCodec::GetTimeSize: len:24 dl:408198 fs:407796 front:42686
2021-04-13 21:18:12.458 T:4763 INFO : Skipped 1 duplicate messages..
2021-04-13 21:18:12.458 T:4763 DEBUG : CAMLCodec::PollFrame elapsed:37.162ms
2021-04-13 21:18:12.460 T:4763 DEBUG : PrepareNextRender: frameOnScreen: 10.188 renderPts: 10.355 nextFramePts: 10.344 -> diff: 0.011 render: 1 forceNext: 0
2021-04-13 21:18:12.461 T:4763 DEBUG : CAMLCodec::ReleaseFrame idx:248, drop:0
2021-04-13 21:18:12.464 T:4973 DEBUG : CAMLCodec::GetTimeSize: len:24 dl:408198 fs:407796 front:42686
2021-04-13 21:18:12.490 T:4974 INFO : Skipped 4 duplicate messages..
2021-04-13 21:18:12.490 T:4974 DEBUG : CVideoPlayerAudio::OutputPacket: pts:10.960 curr_pts:10.218 clock:10.218 level:99
2021-04-13 21:18:12.490 T:4974 DEBUG : CVideoPlayerAudio::OutputPacket: pts:10.983 curr_pts:10.219 clock:10.218 level:99
2021-04-13 21:18:12.495 T:4973 DEBUG : CAMLCodec::GetTimeSize: len:24 dl:408198 fs:407796 front:42686
2021-04-13 21:18:12.499 T:4972 DEBUG : CVideoPlayer::ProcessAudioData size:378 dts:18.924 pts:18.924 dur:23.000ms, clock:10.227 drop:0 level:99
2021-04-13 21:18:12.500 T:4972 DEBUG : CVideoPlayer::ProcessVideoData size:58 dts:18.936 pts:18.936 dur:41.000ms, clock:10.227 level:92
2021-04-13 21:18:12.500 T:4972 DEBUG : CVideoPlayer::ProcessAudioData size:370 dts:18.947 pts:18.947 dur:23.000ms, clock:10.227 drop:0 level:99
2021-04-13 21:18:12.500 T:4763 DEBUG : CAMLCodec::PollFrame elapsed:38.426ms
2021-04-13 21:18:12.502 T:4973 DEBUG : CAMLCodec::GetTimeSize: len:24 dl:408198 fs:407796 front:42686
2021-04-13 21:18:12.502 T:4763 DEBUG : PrepareNextRender: frameOnScreen: 10.230 renderPts: 10.397 nextFramePts: 10.386 -> diff: 0.011 render: 1 forceNext: 0
2021-04-13 21:18:12.504 T:4763 DEBUG : CAMLCodec::ReleaseFrame idx:249, drop:0
2021-04-13 21:18:12.508 T:4973 DEBUG : CAMLCodec::GetTimeSize: len:24 dl:365496 fs:407796 front:42686
2021-04-13 21:18:12.508 T:4973 DEBUG : CAMLCodec::GetTimeSize: len:23 dl:365496 fs:365110 front:67167
2021-04-13 21:18:12.509 T:4973 DEBUG : CAMLCodec::DequeueBuffer: pts:10.594 idx:254
2021-04-13 21:18:12.509 T:4973 DEBUG : CAMLCodec::GetPicture: index: 254, pts: 10.594, dur:41ms ar:0.00
2021-04-13 21:18:12.509 T:4973 DEBUG : CVideoPlayerVideo::OutputPicture - ttd:357ms pts:10.594 Clock:10.237 Level:4
2021-04-13 21:18:12.510 T:4973 DEBUG : CAMLCodec::GetTimeSize: len:23 dl:365496 fs:365110 front:67167
2021-04-13 21:18:12.515 T:4973 DEBUG : CAMLCodec::AddData: dl:298812 sum:365603 sz:493 dts:11.595 pts:11.595 overflow:0
2021-04-13 21:18:12.515 T:4973 DEBUG : CAMLCodec::GetTimeSize: len:24 dl:298812 fs:365603 front:67167
2021-04-13 21:18:12.515 T:4973 DEBUG : CAMLCodec::GetTimeSize: len:23 dl:298812 fs:298436 front:12702
2021-04-13 21:18:12.515 T:4973 DEBUG : CAMLCodec::DequeueBuffer: pts:10.636 idx:255
2021-04-13 21:18:12.515 T:4973 DEBUG : CAMLCodec::GetPicture: index: 255, pts: 10.636, dur:42ms ar:0.00
2021-04-13 21:18:12.515 T:4973 DEBUG : CVideoPlayerVideo::OutputPicture - ttd:392ms pts:10.636 Clock:10.243 Level:5
2021-04-13 21:18:12.516 T:4973 DEBUG : CAMLCodec::GetTimeSize: len:23 dl:298812 fs:298436 front:12702
2021-04-13 21:18:12.521 T:4973 DEBUG : frame_number : 2, mag : 3; index_sz : 8
2021-04-13 21:18:12.524 T:4973 DEBUG : CAMLCodec::AddData: dl:385582 sum:385182 sz:86746 dts:11.637 pts:11.637 overflow:0
2021-04-13 21:18:12.524 T:4973 DEBUG : CAMLCodec::GetTimeSize: len:24 dl:385582 fs:385182 front:12702
2021-04-13 21:18:12.540 T:4974 INFO : Skipped 2 duplicate messages..
2021-04-13 21:18:12.540 T:4974 DEBUG : CVideoPlayerAudio::OutputPacket: pts:11.006 curr_pts:10.268 clock:10.268 level:99
2021-04-13 21:18:12.540 T:4972 DEBUG : CVideoPlayer::ProcessAudioData size:352 dts:18.971 pts:18.971 dur:23.000ms, clock:10.268 drop:0 level:99
2021-04-13 21:18:12.540 T:4972 DEBUG : CVideoPlayer::ProcessVideoData size:58 dts:18.978 pts:18.978 dur:41.000ms, clock:10.268 level:91
2021-04-13 21:18:12.540 T:4972 DEBUG : CVideoPlayer::ProcessAudioData size:335 dts:18.994 pts:18.994 dur:23.000ms, clock:10.268 drop:0 level:99
2021-04-13 21:18:12.540 T:4974 DEBUG : CVideoPlayerAudio::OutputPacket: pts:11.029 curr_pts:10.268 clock:10.268 level:99
2021-04-13 21:18:12.542 T:4763 DEBUG : CAMLCodec::PollFrame elapsed:37.520ms
2021-04-13 21:18:12.543 T:4973 DEBUG : CAMLCodec::GetTimeSize: len:24 dl:385582 fs:385182 front:12702
2021-04-13 21:18:12.544 T:4763 DEBUG : PrepareNextRender: frameOnScreen: 10.272 renderPts: 10.438 nextFramePts: 10.428 -> diff: 0.010 render: 1 forceNext: 0
2021-04-13 21:18:12.545 T:4763 DEBUG : CAMLCodec::ReleaseFrame idx:250, drop:0
2021-04-13 21:18:12.549 T:4973 DEBUG : CAMLCodec::GetTimeSize: len:24 dl:385582 fs:385182 front:12702
2021-04-13 21:18:12.583 T:4763 INFO : Skipped 5 duplicate messages..
2021-04-13 21:18:12.583 T:4763 DEBUG : CAMLCodec::PollFrame elapsed:38.440ms
2021-04-13 21:18:12.586 T:4763 DEBUG : PrepareNextRender: frameOnScreen: 10.314 renderPts: 10.480 nextFramePts: 10.469 -> diff: 0.011 render: 1 forceNext: 0
2021-04-13 21:18:12.587 T:4973 DEBUG : CAMLCodec::GetTimeSize: len:24 dl:385582 fs:385182 front:12702
2021-04-13 21:18:12.587 T:4763 DEBUG : CAMLCodec::ReleaseFrame idx:251, drop:0
2021-04-13 21:18:12.590 T:4974 DEBUG : CVideoPlayerAudio::OutputPacket: pts:11.053 curr_pts:10.318 clock:10.318 level:99
2021-04-13 21:18:12.590 T:4974 DEBUG : CVideoPlayerAudio::OutputPacket: pts:11.076 curr_pts:10.319 clock:10.318 level:99
2021-04-13 21:18:12.590 T:4974 DEBUG : CVideoPlayerAudio::OutputPacket: pts:11.099 curr_pts:10.319 clock:10.318 level:99
2021-04-13 21:18:12.591 T:4972 DEBUG : CVideoPlayer::ProcessAudioData size:337 dts:19.017 pts:19.017 dur:23.000ms, clock:10.319 drop:0 level:99
2021-04-13 21:18:12.591 T:4972 DEBUG : CVideoPlayer::ProcessVideoData size:58 dts:19.019 pts:19.019 dur:41.000ms, clock:10.319 level:92
2021-04-13 21:18:12.591 T:4972 DEBUG : CVideoPlayer::ProcessAudioData size:369 dts:19.040 pts:19.040 dur:23.000ms, clock:10.319 drop:0 level:99
2021-04-13 21:18:12.591 T:4972 DEBUG : CVideoPlayer::ProcessVideoData size:58 dts:19.061 pts:19.061 dur:41.000ms, clock:10.319 level:92
2021-04-13 21:18:12.591 T:4972 DEBUG : CVideoPlayer::ProcessAudioData size:366 dts:19.064 pts:19.064 dur:23.000ms, clock:10.319 drop:0 level:99
2021-04-13 21:18:12.593 T:4973 DEBUG : CAMLCodec::GetTimeSize: len:24 dl:372864 fs:385182 front:12702
2021-04-13 21:18:12.593 T:4973 DEBUG : CAMLCodec::GetTimeSize: len:23 dl:372864 fs:372480 front:7838
2021-04-13 21:18:12.593 T:4973 DEBUG : CAMLCodec::DequeueBuffer: pts:10.678 idx:256
2021-04-13 21:18:12.593 T:4973 DEBUG : CAMLCodec::GetPicture: index: 256, pts: 10.678, dur:42ms ar:0.00
2021-04-13 21:18:12.593 T:4973 DEBUG : CVideoPlayerVideo::OutputPicture - ttd:356ms pts:10.678 Clock:10.321 Level:4
2021-04-13 21:18:12.594 T:4973 DEBUG : CAMLCodec::GetTimeSize: len:23 dl:372864 fs:372480 front:7838
2021-04-13 21:18:12.600 T:4973 DEBUG : CAMLCodec::AddData: dl:380037 sum:379637 sz:7157 dts:11.679 pts:11.679 overflow:0
2021-04-13 21:18:12.600 T:4973 DEBUG : CAMLCodec::GetTimeSize: len:24 dl:380037 fs:379637 front:7838
2021-04-13 21:18:12.625 T:4763 INFO : Skipped 4 duplicate messages..
2021-04-13 21:18:12.625 T:4763 DEBUG : CAMLCodec::PollFrame elapsed:37.619ms
2021-04-13 21:18:12.628 T:4763 DEBUG : PrepareNextRender: frameOnScreen: 10.355 renderPts: 10.522 nextFramePts: 10.511 -> diff: 0.011 render: 1 forceNext: 0
2021-04-13 21:18:12.629 T:4763 DEBUG : CAMLCodec::ReleaseFrame idx:252, drop:0
2021-04-13 21:18:12.631 T:4973 DEBUG : CAMLCodec::GetTimeSize: len:24 dl:372183 fs:379637 front:7838
2021-04-13 21:18:12.631 T:4973 DEBUG : CAMLCodec::GetTimeSize: len:23 dl:372183 fs:371799 front:9188
2021-04-13 21:18:12.631 T:4973 DEBUG : CAMLCodec::DequeueBuffer: pts:10.720 idx:257
2021-04-13 21:18:12.631 T:4973 DEBUG : CAMLCodec::GetPicture: index: 257, pts: 10.720, dur:42ms ar:0.00
2021-04-13 21:18:12.631 T:4973 DEBUG : CVideoPlayerVideo::OutputPicture - ttd:360ms pts:10.720 Clock:10.359 Level:4
2021-04-13 21:18:12.632 T:4973 DEBUG : CAMLCodec::GetTimeSize: len:23 dl:372183 fs:371799 front:9188
2021-04-13 21:18:12.638 T:4973 DEBUG : CAMLCodec::AddData: dl:376854 sum:376454 sz:4655 dts:11.721 pts:11.721 overflow:0
2021-04-13 21:18:12.638 T:4973 DEBUG : CAMLCodec::GetTimeSize: len:24 dl:376854 fs:376454 front:9188
2021-04-13 21:18:12.640 T:4974 DEBUG : CVideoPlayerAudio::OutputPacket: pts:11.122 curr_pts:10.368 clock:10.368 level:99
2021-04-13 21:18:12.640 T:4974 DEBUG : CVideoPlayerAudio::OutputPacket: pts:11.146 curr_pts:10.368 clock:10.368 level:99
2021-04-13 21:18:12.642 T:4972 DEBUG : CVideoPlayer::ProcessAudioData size:373 dts:19.087 pts:19.087 dur:23.000ms, clock:10.370 drop:0 level:99
2021-04-13 21:18:12.642 T:4972 DEBUG : CVideoPlayer::ProcessVideoData size:58 dts:19.103 pts:19.103 dur:41.000ms, clock:10.370 level:92
2021-04-13 21:18:12.642 T:4972 DEBUG : CVideoPlayer::ProcessAudioData size:384 dts:19.110 pts:19.110 dur:23.000ms, clock:10.370 drop:0 level:99
