2021-04-13 21:18:21.092 T:4972 DEBUG : CVideoPlayer::ProcessAudioData size:352 dts:27.562 pts:27.562 dur:23.000ms, clock:18.819 drop:0 level:99
2021-04-13 21:18:21.092 T:4763 DEBUG : CAMLCodec::PollFrame elapsed:37.374ms
2021-04-13 21:18:21.095 T:4763 DEBUG : PrepareNextRender: frameOnScreen: 18.822 renderPts: 18.989 nextFramePts: 18.978 -> diff: 0.011 render: 1 forceNext: 0
2021-04-13 21:18:21.096 T:4973 DEBUG : CAMLCodec::GetTimeSize: len:24 dl:424524 fs:424502 front:58
2021-04-13 21:18:21.097 T:4763 DEBUG : CAMLCodec::ReleaseFrame idx:455, drop:0
2021-04-13 21:18:21.102 T:4973 DEBUG : CAMLCodec::GetTimeSize: len:24 dl:424450 fs:424502 front:58
2021-04-13 21:18:21.102 T:4973 DEBUG : CAMLCodec::GetTimeSize: len:23 dl:424450 fs:424444 front:58
2021-04-13 21:18:21.102 T:4973 DEBUG : CAMLCodec::DequeueBuffer: pts:19.103 idx:458
2021-04-13 21:18:21.102 T:4973 DEBUG : CAMLCodec::GetPicture: index: 458, pts: 19.103, dur:42ms ar:0.00
2021-04-13 21:18:21.102 T:4973 DEBUG : CVideoPlayerVideo::OutputPicture - ttd:272ms pts:19.103 Clock:18.830 Level:2
2021-04-13 21:18:21.104 T:4973 DEBUG : CAMLCodec::GetTimeSize: len:23 dl:424450 fs:424444 front:58
2021-04-13 21:18:21.109 T:4973 DEBUG : CAMLCodec::AddData: dl:449508 sum:449486 sz:25042 dts:19.895 pts:19.895 overflow:0
2021-04-13 21:18:21.109 T:4973 DEBUG : CAMLCodec::GetTimeSize: len:24 dl:449508 fs:449486 front:58
2021-04-13 21:18:21.134 T:4763 INFO : Skipped 3 duplicate messages..
2021-04-13 21:18:21.134 T:4763 DEBUG : CAMLCodec::PollFrame elapsed:36.768ms
2021-04-13 21:18:21.134 T:4973 DEBUG : CAMLCodec::GetTimeSize: len:24 dl:449508 fs:449486 front:58
2021-04-13 21:18:21.136 T:4763 DEBUG : PrepareNextRender: frameOnScreen: 18.864 renderPts: 19.031 nextFramePts: 19.019 -> diff: 0.012 render: 1 forceNext: 0
2021-04-13 21:18:21.138 T:4763 DEBUG : CAMLCodec::ReleaseFrame idx:456, drop:0
2021-04-13 21:18:21.140 T:4974 DEBUG : CVideoPlayerAudio::OutputPacket: pts:19.621 curr_pts:18.869 clock:18.868 level:99
2021-04-13 21:18:21.141 T:4974 DEBUG : CVideoPlayerAudio::OutputPacket: pts:19.644 curr_pts:18.869 clock:18.868 level:99
2021-04-13 21:18:21.141 T:4973 DEBUG : CAMLCodec::GetTimeSize: len:24 dl:448285 fs:449486 front:58
2021-04-13 21:18:21.141 T:4973 DEBUG : CAMLCodec::GetTimeSize: len:23 dl:448285 fs:449428 front:58
2021-04-13 21:18:21.141 T:4973 DEBUG : CAMLCodec::GetTimeSize: len:22 dl:448285 fs:449370 front:58
2021-04-13 21:18:21.141 T:4973 DEBUG : CAMLCodec::GetTimeSize: len:21 dl:448285 fs:449312 front:58
2021-04-13 21:18:21.141 T:4973 DEBUG : CAMLCodec::GetTimeSize: len:20 dl:448285 fs:449254 front:58
2021-04-13 21:18:21.141 T:4973 DEBUG : CAMLCodec::GetTimeSize: len:19 dl:448285 fs:449196 front:1207
2021-04-13 21:18:21.141 T:4973 DEBUG : CAMLCodec::GetTimeSize: len:18 dl:448285 fs:447989 front:3123
2021-04-13 21:18:21.141 T:4973 DEBUG : CAMLCodec::DequeueBuffer: pts:19.145 idx:459
2021-04-13 21:18:21.141 T:4973 DEBUG : CAMLCodec::GetPicture: index: 459, pts: 19.145, dur:42ms ar:0.00
2021-04-13 21:18:21.141 T:4973 DEBUG : CVideoPlayerVideo::OutputPicture - ttd:275ms pts:19.145 Clock:18.869 Level:2
2021-04-13 21:18:21.142 T:4973 DEBUG : CAMLCodec::GetTimeSize: len:18 dl:448285 fs:447989 front:3123
2021-04-13 21:18:21.143 T:4972 DEBUG : CVideoPlayer::ProcessVideoData size:56318 dts:27.569 pts:27.569 dur:41.000ms, clock:18.871 level:95
2021-04-13 21:18:21.143 T:4972 DEBUG : CVideoPlayer::ProcessAudioData size:393 dts:27.585 pts:27.585 dur:23.000ms, clock:18.871 drop:0 level:99
2021-04-13 21:18:21.143 T:4972 DEBUG : CVideoPlayer::ProcessAudioData size:378 dts:27.609 pts:27.609 dur:23.000ms, clock:18.871 drop:0 level:99
2021-04-13 21:18:21.147 T:4973 DEBUG : CAMLCodec::AddData: dl:463982 sum:466809 sz:18820 dts:19.937 pts:19.937 overflow:0
2021-04-13 21:18:21.148 T:4973 DEBUG : CAMLCodec::GetTimeSize: len:19 dl:463982 fs:466809 front:3123
2021-04-13 21:18:21.148 T:4973 DEBUG : CAMLCodec::GetTimeSize: len:18 dl:463982 fs:463686 front:5491
2021-04-13 21:18:21.148 T:4973 DEBUG : CAMLCodec::DequeueBuffer: pts:19.186 idx:460
2021-04-13 21:18:21.148 T:4973 DEBUG : CAMLCodec::GetPicture: index: 460, pts: 19.186, dur:41ms ar:0.00
2021-04-13 21:18:21.148 T:4973 DEBUG : CVideoPlayerVideo::OutputPicture - ttd:310ms pts:19.186 Clock:18.876 Level:3
2021-04-13 21:18:21.149 T:4973 DEBUG : CAMLCodec::GetTimeSize: len:18 dl:463982 fs:463686 front:5491
2021-04-13 21:18:21.154 T:4973 DEBUG : CAMLCodec::AddData: dl:464332 sum:464020 sz:334 dts:19.979 pts:19.979 overflow:0
2021-04-13 21:18:21.154 T:4973 DEBUG : CAMLCodec::GetTimeSize: len:19 dl:464332 fs:464020 front:5491
2021-04-13 21:18:21.159 T:4973 DEBUG : frame_number : 2, mag : 3; index_sz : 8
2021-04-13 21:18:21.162 T:4973 DEBUG : CAMLCodec::AddData: dl:738243 sum:737907 sz:273887 dts:20.020 pts:20.020 overflow:0
2021-04-13 21:18:21.162 T:4973 DEBUG : CAMLCodec::GetTimeSize: len:20 dl:738243 fs:737907 front:5491
2021-04-13 21:18:21.167 T:4973 DEBUG : CAMLCodec::AddData: dl:776837 sum:776485 sz:38578 dts:20.062 pts:20.062 overflow:0
2021-04-13 21:18:21.167 T:4973 DEBUG : CAMLCodec::GetTimeSize: len:21 dl:776837 fs:776485 front:5491
2021-04-13 21:18:21.173 T:4973 DEBUG : CAMLCodec::AddData: dl:823178 sum:822810 sz:46325 dts:20.104 pts:20.104 overflow:0
2021-04-13 21:18:21.173 T:4973 DEBUG : CAMLCodec::GetTimeSize: len:22 dl:823178 fs:822810 front:5491
2021-04-13 21:18:21.175 T:4763 DEBUG : CAMLCodec::PollFrame elapsed:36.855ms
2021-04-13 21:18:21.178 T:4763 DEBUG : PrepareNextRender: frameOnScreen: 18.906 renderPts: 19.073 nextFramePts: 19.061 -> diff: 0.012 render: 1 forceNext: 0
2021-04-13 21:18:21.178 T:4973 DEBUG : CAMLCodec::AddData: dl:872153 sum:871769 sz:48959 dts:20.145 pts:20.145 overflow:0
2021-04-13 21:18:21.179 T:4973 DEBUG : CAMLCodec::GetTimeSize: len:23 dl:872153 fs:871769 front:5491
2021-04-13 21:18:21.180 T:4763 DEBUG : CAMLCodec::ReleaseFrame idx:457, drop:0
2021-04-13 21:18:21.184 T:4973 DEBUG : CAMLCodec::AddData: dl:913742 sum:918849 sz:47080 dts:20.187 pts:20.187 overflow:0
2021-04-13 21:18:21.184 T:4973 DEBUG : CAMLCodec::GetTimeSize: len:24 dl:913742 fs:918849 front:5491
2021-04-13 21:18:21.184 T:4973 DEBUG : CAMLCodec::GetTimeSize: len:23 dl:913742 fs:913358 front:7841
2021-04-13 21:18:21.184 T:4973 DEBUG : CAMLCodec::DequeueBuffer: pts:19.228 idx:461
2021-04-13 21:18:21.184 T:4973 DEBUG : CAMLCodec::GetPicture: index: 461, pts: 19.228, dur:42ms ar:0.00
2021-04-13 21:18:21.184 T:4973 DEBUG : CVideoPlayerVideo::OutputPicture - ttd:315ms pts:19.228 Clock:18.912 Level:3
2021-04-13 21:18:21.185 T:4973 DEBUG : CAMLCodec::GetTimeSize: len:23 dl:913742 fs:913358 front:7841
2021-04-13 21:18:21.190 T:4974 DEBUG : CVideoPlayerAudio::OutputPacket: pts:19.667 curr_pts:18.918 clock:18.918 level:99
2021-04-13 21:18:21.190 T:4974 DEBUG : CVideoPlayerAudio::OutputPacket: pts:19.691 curr_pts:18.918 clock:18.918 level:99
2021-04-13 21:18:21.193 T:4973 DEBUG : CAMLCodec::AddData: dl:965835 sum:965435 sz:52077 dts:20.229 pts:20.229 overflow:0
2021-04-13 21:18:21.193 T:4973 DEBUG : CAMLCodec::GetTimeSize: len:24 dl:965835 fs:965435 front:7841
2021-04-13 21:18:21.194 T:4972 DEBUG : CVideoPlayer::ProcessVideoData size:53367 dts:27.611 pts:27.611 dur:41.000ms, clock:18.922 level:92
2021-04-13 21:18:21.194 T:4972 DEBUG : CVideoPlayer::ProcessAudioData size:357 dts:27.632 pts:27.632 dur:23.000ms, clock:18.922 drop:0 level:99
2021-04-13 21:18:21.195 T:4972 DEBUG : CVideoPlayer::ProcessVideoData size:42518 dts:27.653 pts:27.653 dur:41.000ms, clock:18.922 level:92
2021-04-13 21:18:21.195 T:4972 DEBUG : CVideoPlayer::ProcessAudioData size:385 dts:27.655 pts:27.655 dur:23.000ms, clock:18.923 drop:0 level:99
2021-04-13 21:18:21.199 T:4973 DEBUG : CAMLCodec::GetTimeSize: len:24 dl:965835 fs:965435 front:7841
2021-04-13 21:18:21.217 T:4763 INFO : Skipped 2 duplicate messages..
2021-04-13 21:18:21.217 T:4763 DEBUG : CAMLCodec::PollFrame elapsed:36.778ms
2021-04-13 21:18:21.218 T:4973 DEBUG : CAMLCodec::GetTimeSize: len:24 dl:965835 fs:965435 front:7841
2021-04-13 21:18:21.220 T:4763 DEBUG : PrepareNextRender: frameOnScreen: 18.947 renderPts: 19.114 nextFramePts: 19.103 -> diff: 0.011 render: 1 forceNext: 0
2021-04-13 21:18:21.222 T:4763 DEBUG : CAMLCodec::ReleaseFrame idx:458, drop:0
2021-04-13 21:18:21.224 T:4973 DEBUG : CAMLCodec::GetTimeSize: len:24 dl:957978 fs:965435 front:7841
2021-04-13 21:18:21.224 T:4973 DEBUG : CAMLCodec::GetTimeSize: len:23 dl:957978 fs:957594 front:9354
2021-04-13 21:18:21.224 T:4973 DEBUG : CAMLCodec::DequeueBuffer: pts:19.270 idx:462
2021-04-13 21:18:21.224 T:4973 DEBUG : CAMLCodec::GetPicture: index: 462, pts: 19.270, dur:42ms ar:0.00
2021-04-13 21:18:21.225 T:4973 DEBUG : CVideoPlayerVideo::OutputPicture - ttd:317ms pts:19.270 Clock:18.952 Level:3
2021-04-13 21:18:21.226 T:4973 DEBUG : CAMLCodec::GetTimeSize: len:23 dl:957978 fs:957594 front:9354
2021-04-13 21:18:21.233 T:4973 DEBUG : CAMLCodec::AddData: dl:1011751 sum:1011351 sz:53757 dts:20.270 pts:20.270 overflow:0
2021-04-13 21:18:21.233 T:4973 DEBUG : CAMLCodec::GetTimeSize: len:24 dl:1011751 fs:1011351 front:9354
2021-04-13 21:18:21.240 T:4974 INFO : Skipped 1 duplicate messages..
2021-04-13 21:18:21.240 T:4974 DEBUG : CVideoPlayerAudio::OutputPacket: pts:19.714 curr_pts:18.969 clock:18.968 level:99
2021-04-13 21:18:21.240 T:4974 DEBUG : CVideoPlayerAudio::OutputPacket: pts:19.737 curr_pts:18.969 clock:18.968 level:99
2021-04-13 21:18:21.245 T:4972 DEBUG : CVideoPlayer::ProcessAudioData size:368 dts:27.678 pts:27.678 dur:23.000ms, clock:18.973 drop:0 level:99
2021-04-13 21:18:21.246 T:4972 DEBUG : CVideoPlayer::ProcessVideoData size:44424 dts:27.695 pts:27.695 dur:41.000ms, clock:18.974 level:92
2021-04-13 21:18:21.246 T:4972 DEBUG : CVideoPlayer::ProcessAudioData size:353 dts:27.701 pts:27.701 dur:23.000ms, clock:18.974 drop:0 level:99
2021-04-13 21:18:21.246 T:4973 DEBUG : CAMLCodec::GetTimeSize: len:24 dl:1011751 fs:1011351 front:9354
2021-04-13 21:18:21.259 T:4763 INFO : Skipped 2 duplicate messages..
2021-04-13 21:18:21.259 T:4763 DEBUG : CAMLCodec::PollFrame elapsed:36.683ms
2021-04-13 21:18:21.261 T:4763 DEBUG : PrepareNextRender: frameOnScreen: 18.989 renderPts: 19.156 nextFramePts: 19.145 -> diff: 0.011 render: 1 forceNext: 0
2021-04-13 21:18:21.263 T:4763 DEBUG : CAMLCodec::ReleaseFrame idx:459, drop:0
2021-04-13 21:18:21.265 T:4973 DEBUG : CAMLCodec::GetTimeSize: len:24 dl:1002381 fs:1011351 front:9354
2021-04-13 21:18:21.265 T:4973 DEBUG : CAMLCodec::GetTimeSize: len:23 dl:1002381 fs:1001997 front:10430
2021-04-13 21:18:21.265 T:4973 DEBUG : CAMLCodec::DequeueBuffer: pts:19.311 idx:463
2021-04-13 21:18:21.265 T:4973 DEBUG : CAMLCodec::GetPicture: index: 463, pts: 19.311, dur:41ms ar:0.00
2021-04-13 21:18:21.265 T:4973 DEBUG : CVideoPlayerVideo::OutputPicture - ttd:318ms pts:19.311 Clock:18.993 Level:3
2021-04-13 21:18:21.266 T:4973 DEBUG : CAMLCodec::GetTimeSize: len:23 dl:1002381 fs:1001997 front:10430
2021-04-13 21:18:21.273 T:4973 DEBUG : CAMLCodec::AddData: dl:1057869 sum:1057469 sz:55472 dts:20.312 pts:20.312 overflow:0
2021-04-13 21:18:21.273 T:4973 DEBUG : CAMLCodec::GetTimeSize: len:24 dl:1057869 fs:1057469 front:10430
2021-04-13 21:18:21.290 T:4974 INFO : Skipped 2 duplicate messages..
2021-04-13 21:18:21.290 T:4974 DEBUG : CVideoPlayerAudio::OutputPacket: pts:19.760 curr_pts:19.018 clock:19.018 level:99
2021-04-13 21:18:21.290 T:4974 DEBUG : CVideoPlayerAudio::OutputPacket: pts:19.783 curr_pts:19.019 clock:19.018 level:99
2021-04-13 21:18:21.292 T:4973 DEBUG : CAMLCodec::GetTimeSize: len:24 dl:1057869 fs:1057469 front:10430
2021-04-13 21:18:21.296 T:4972 DEBUG : CVideoPlayer::ProcessAudioData size:365 dts:27.725 pts:27.725 dur:23.000ms, clock:19.024 drop:0 level:99
2021-04-13 21:18:21.297 T:4972 DEBUG : CVideoPlayer::ProcessVideoData size:60909 dts:27.736 pts:27.736 dur:41.000ms, clock:19.025 level:92
2021-04-13 21:18:21.297 T:4972 DEBUG : CVideoPlayer::ProcessAudioData size:374 dts:27.748 pts:27.748 dur:23.000ms, clock:19.025 drop:0 level:99
2021-04-13 21:18:21.299 T:4973 DEBUG : CAMLCodec::GetTimeSize: len:24 dl:1057869 fs:1057469 front:10430
2021-04-13 21:18:21.300 T:4763 DEBUG : CAMLCodec::PollFrame elapsed:37.057ms
2021-04-13 21:18:21.303 T:4763 DEBUG : PrepareNextRender: frameOnScreen: 19.031 renderPts: 19.198 nextFramePts: 19.186 -> diff: 0.012 render: 1 forceNext: 0
2021-04-13 21:18:21.304 T:4763 DEBUG : CAMLCodec::ReleaseFrame idx:460, drop:0
2021-04-13 21:18:21.305 T:4973 DEBUG : CAMLCodec::GetTimeSize: len:24 dl:1047423 fs:1057469 front:10430
2021-04-13 21:18:21.305 T:4973 DEBUG : CAMLCodec::GetTimeSize: len:23 dl:1047423 fs:1047039 front:11957
2021-04-13 21:18:21.305 T:4973 DEBUG : CAMLCodec::DequeueBuffer: pts:19.353 idx:464
2021-04-13 21:18:21.305 T:4973 DEBUG : CAMLCodec::GetPicture: index: 464, pts: 19.353, dur:42ms ar:0.00
2021-04-13 21:18:21.305 T:4973 DEBUG : CVideoPlayerVideo::OutputPicture - ttd:319ms pts:19.353 Clock:19.033 Level:3
2021-04-13 21:18:21.306 T:4973 DEBUG : CAMLCodec::GetTimeSize: len:23 dl:1047423 fs:1047039 front:11957
2021-04-13 21:18:21.312 T:4973 DEBUG : CAMLCodec::AddData: dl:1092199 sum:1091799 sz:44760 dts:20.354 pts:20.354 overflow:0
2021-04-13 21:18:21.312 T:4973 DEBUG : CAMLCodec::GetTimeSize: len:24 dl:1092199 fs:1091799 front:11957
2021-04-13 21:18:21.340 T:4974 INFO : Skipped 4 duplicate messages..
2021-04-13 21:18:21.340 T:4974 DEBUG : CVideoPlayerAudio::OutputPacket: pts:19.807 curr_pts:19.067 clock:19.067 level:99
2021-04-13 21:18:21.340 T:4974 DEBUG : CVideoPlayerAudio::OutputPacket: pts:19.830 curr_pts:19.069 clock:19.068 level:99
2021-04-13 21:18:21.342 T:4763 DEBUG : CAMLCodec::PollFrame elapsed:37.509ms
2021-04-13 21:18:21.343 T:4973 DEBUG : CAMLCodec::GetTimeSize: len:24 dl:1092199 fs:1091799 front:11957
2021-04-13 21:18:21.345 T:4763 DEBUG : PrepareNextRender: frameOnScreen: 19.072 renderPts: 19.239 nextFramePts: 19.228 -> diff: 0.011 render: 1 forceNext: 0
2021-04-13 21:18:21.346 T:4763 DEBUG : CAMLCodec::ReleaseFrame idx:461, drop:0
2021-04-13 21:18:21.348 T:4972 DEBUG : CVideoPlayer::ProcessAudioData size:376 dts:27.771 pts:27.771 dur:23.000ms, clock:19.075 drop:0 level:99
2021-04-13 21:18:21.348 T:4972 DEBUG : CVideoPlayer::ProcessVideoData size:29883 dts:27.778 pts:27.778 dur:41.000ms, clock:19.076 level:92
2021-04-13 21:18:21.348 T:4972 DEBUG : CVideoPlayer::ProcessAudioData size:378 dts:27.794 pts:27.794 dur:23.000ms, clock:19.076 drop:0 level:99
2021-04-13 21:18:21.350 T:4973 DEBUG : CAMLCodec::GetTimeSize: len:24 dl:1080226 fs:1091799 front:11957
2021-04-13 21:18:21.350 T:4973 DEBUG : CAMLCodec::GetTimeSize: len:23 dl:1080226 fs:1079842 front:11900
2021-04-13 21:18:21.350 T:4973 DEBUG : CAMLCodec::DequeueBuffer: pts:19.395 idx:465
2021-04-13 21:18:21.350 T:4973 DEBUG : CAMLCodec::GetPicture: index: 465, pts: 19.395, dur:42ms ar:0.00
2021-04-13 21:18:21.350 T:4973 DEBUG : CVideoPlayerVideo::OutputPicture - ttd:317ms pts:19.395 Clock:19.078 Level:3
2021-04-13 21:18:21.351 T:4973 DEBUG : CAMLCodec::GetTimeSize: len:23 dl:1080226 fs:1079842 front:11900
2021-04-13 21:18:21.356 T:4973 DEBUG : CAMLCodec::AddData: dl:1125898 sum:1125498 sz:45656 dts:20.396 pts:20.396 overflow:0
2021-04-13 21:18:21.356 T:4973 DEBUG : CAMLCodec::GetTimeSize: len:24 dl:1125898 fs:1125498 front:11900
2021-04-13 21:18:21.384 T:4763 INFO : Skipped 4 duplicate messages..
2021-04-13 21:18:21.384 T:4763 DEBUG : CAMLCodec::PollFrame elapsed:37.431ms
2021-04-13 21:18:21.386 T:4763 DEBUG : PrepareNextRender: frameOnScreen: 19.114 renderPts: 19.281 nextFramePts: 19.270 -> diff: 0.011 render: 1 forceNext: 0
2021-04-13 21:18:21.387 T:4763 DEBUG : CAMLCodec::ReleaseFrame idx:462, drop:0
2021-04-13 21:18:21.388 T:4973 DEBUG : CAMLCodec::GetTimeSize: len:24 dl:1125898 fs:1125498 front:11900
2021-04-13 21:18:21.390 T:4974 DEBUG : CVideoPlayerAudio::OutputPacket: pts:19.853 curr_pts:19.118 clock:19.117 level:99
2021-04-13 21:18:21.390 T:4974 DEBUG : CVideoPlayerAudio::OutputPacket: pts:19.876 curr_pts:19.118 clock:19.118 level:99
2021-04-13 21:18:21.390 T:4974 DEBUG : CVideoPlayerAudio::OutputPacket: pts:19.900 curr_pts:19.118 clock:19.118 level:99
2021-04-13 21:18:21.394 T:4973 DEBUG : CAMLCodec::GetTimeSize: len:24 dl:1125898 fs:1125498 front:11900
2021-04-13 21:18:21.399 T:4972 DEBUG : CVideoPlayer::ProcessAudioData size:386 dts:27.818 pts:27.818 dur:23.000ms, clock:19.127 drop:0 level:99
2021-04-13 21:18:21.399 T:4972 DEBUG : CVideoPlayer::ProcessVideoData size:415 dts:27.820 pts:27.820 dur:41.000ms, clock:19.127 level:92
2021-04-13 21:18:21.399 T:4972 DEBUG : CVideoPlayer::ProcessAudioData size:335 dts:27.841 pts:27.841 dur:23.000ms, clock:19.127 drop:0 level:99
2021-04-13 21:18:21.401 T:4973 DEBUG : CAMLCodec::GetTimeSize: len:24 dl:1125898 fs:1125498 front:11900
2021-04-13 21:18:21.407 T:4972 DEBUG : CVideoPlayer::ProcessVideoData size:276051 dts:27.861 pts:27.861 dur:41.000ms, clock:19.135 level:93
2021-04-13 21:18:21.407 T:4972 DEBUG : CVideoPlayer::ProcessAudioData size:383 dts:27.864 pts:27.864 dur:23.000ms, clock:19.135 drop:0 level:99
2021-04-13 21:18:21.408 T:4973 DEBUG : CAMLCodec::GetTimeSize: len:24 dl:1125898 fs:1125498 front:11900
2021-04-13 21:18:21.425 T:4763 INFO : Skipped 2 duplicate messages..
2021-04-13 21:18:21.425 T:4763 DEBUG : CAMLCodec::PollFrame elapsed:38.174ms
2021-04-13 21:18:21.428 T:4973 DEBUG : CAMLCodec::GetTimeSize: len:24 dl:1125898 fs:1125498 front:11900
2021-04-13 21:18:21.428 T:4763 DEBUG : PrepareNextRender: frameOnScreen: 19.156 renderPts: 19.323 nextFramePts: 19.311 -> diff: 0.012 render: 1 forceNext: 0
2021-04-13 21:18:21.430 T:4763 DEBUG : CAMLCodec::ReleaseFrame idx:463, drop:0
2021-04-13 21:18:21.434 T:4973 DEBUG : CAMLCodec::GetTimeSize: len:24 dl:1113982 fs:1125498 front:11900
2021-04-13 21:18:21.434 T:4973 DEBUG : CAMLCodec::GetTimeSize: len:23 dl:1113982 fs:1113598 front:35276
2021-04-13 21:18:21.434 T:4973 DEBUG : CAMLCodec::DequeueBuffer: pts:19.437 idx:466
2021-04-13 21:18:21.434 T:4973 DEBUG : CAMLCodec::GetPicture: index: 466, pts: 19.437, dur:42ms ar:0.00
2021-04-13 21:18:21.434 T:4973 DEBUG : CVideoPlayerVideo::OutputPicture - ttd:274ms pts:19.437 Clock:19.162 Level:2
2021-04-13 21:18:21.435 T:4973 DEBUG : CAMLCodec::GetTimeSize: len:23 dl:1113982 fs:1113598 front:35276
2021-04-13 21:18:21.440 T:4974 DEBUG : CVideoPlayerAudio::OutputPacket: pts:19.923 curr_pts:19.168 clock:19.168 level:99
2021-04-13 21:18:21.440 T:4974 DEBUG : CVideoPlayerAudio::OutputPacket: pts:19.946 curr_pts:19.169 clock:19.168 level:99
2021-04-13 21:18:21.441 T:4973 DEBUG : CAMLCodec::AddData: dl:1143125 sum:1142725 sz:29127 dts:20.437 pts:20.437 overflow:0
2021-04-13 21:18:21.441 T:4973 DEBUG : CAMLCodec::GetTimeSize: len:24 dl:1143125 fs:1142725 front:35276
2021-04-13 21:18:21.448 T:4972 INFO : Skipped 1 duplicate messages..
2021-04-13 21:18:21.448 T:4972 DEBUG : CVideoPlayer::ProcessAudioData size:366 dts:27.887 pts:27.887 dur:23.000ms, clock:19.176 drop:0 level:99
2021-04-13 21:18:21.448 T:4972 DEBUG : CVideoPlayer::ProcessVideoData size:75131 dts:27.903 pts:27.903 dur:41.000ms, clock:19.176 level:93
2021-04-13 21:18:21.449 T:4972 DEBUG : CVideoPlayer::ProcessAudioData size:344 dts:27.910 pts:27.910 dur:23.000ms, clock:19.176 drop:0 level:99
2021-04-13 21:18:21.453 T:4973 DEBUG : CAMLCodec::GetTimeSize: len:24 dl:1143125 fs:1142725 front:35276
2021-04-13 21:18:21.467 T:4763 INFO : Skipped 2 duplicate messages..
2021-04-13 21:18:21.467 T:4763 DEBUG : CAMLCodec::PollFrame elapsed:36.923ms
2021-04-13 21:18:21.469 T:4763 DEBUG : PrepareNextRender: frameOnScreen: 19.197 renderPts: 19.364 nextFramePts: 19.353 -> diff: 0.011 render: 1 forceNext: 0
2021-04-13 21:18:21.471 T:4763 DEBUG : CAMLCodec::ReleaseFrame idx:464, drop:0
2021-04-13 21:18:21.472 T:4973 DEBUG : CAMLCodec::GetTimeSize: len:24 dl:1143125 fs:1142725 front:35276
2021-04-13 21:18:21.478 T:4973 DEBUG : CAMLCodec::GetTimeSize: len:24 dl:1107833 fs:1142725 front:35276
2021-04-13 21:18:21.478 T:4973 DEBUG : CAMLCodec::GetTimeSize: len:23 dl:1107833 fs:1107449 front:136459
2021-04-13 21:18:21.479 T:4973 DEBUG : CAMLCodec::DequeueBuffer: pts:19.478 idx:467
2021-04-13 21:18:21.479 T:4973 DEBUG : CAMLCodec::GetPicture: index: 467, pts: 19.478, dur:41ms ar:0.00
2021-04-13 21:18:21.479 T:4973 DEBUG : CVideoPlayerVideo::OutputPicture - ttd:271ms pts:19.478 Clock:19.207 Level:2
2021-04-13 21:18:21.480 T:4973 DEBUG : CAMLCodec::GetTimeSize: len:23 dl:1107833 fs:1107449 front:136459
2021-04-13 21:18:21.485 T:4973 DEBUG : CAMLCodec::AddData: dl:953683 sum:1107882 sz:433 dts:20.479 pts:20.479 overflow:0
2021-04-13 21:18:21.485 T:4973 DEBUG : CAMLCodec::GetTimeSize: len:24 dl:953683 fs:1107882 front:136459
2021-04-13 21:18:21.485 T:4973 DEBUG : CAMLCodec::GetTimeSize: len:23 dl:953683 fs:971423 front:18100
2021-04-13 21:18:21.485 T:4973 DEBUG : CAMLCodec::GetTimeSize: len:22 dl:953683 fs:953323 front:20431
2021-04-13 21:18:21.485 T:4973 DEBUG : CAMLCodec::DequeueBuffer: pts:19.520 idx:468
2021-04-13 21:18:21.485 T:4973 DEBUG : CAMLCodec::GetPicture: index: 468, pts: 19.520, dur:42ms ar:0.00
2021-04-13 21:18:21.485 T:4973 DEBUG : CVideoPlayerVideo::OutputPicture - ttd:306ms pts:19.520 Clock:19.213 Level:3
2021-04-13 21:18:21.486 T:4973 DEBUG : CAMLCodec::GetTimeSize: len:22 dl:953683 fs:953323 front:20431
2021-04-13 21:18:21.486 T:4973 DEBUG : CAMLCodec::DequeueBuffer: pts:19.561 idx:469
2021-04-13 21:18:21.486 T:4973 DEBUG : CAMLCodec::GetPicture: index: 469, pts: 19.561, dur:41ms ar:0.00
2021-04-13 21:18:21.486 T:4973 DEBUG : CVideoPlayerVideo::OutputPicture - ttd:346ms pts:19.561 Clock:19.214 Level:4
2021-04-13 21:18:21.488 T:4973 DEBUG : CAMLCodec::GetTimeSize: len:22 dl:953683 fs:953323 front:20431
2021-04-13 21:18:21.490 T:4974 DEBUG : CVideoPlayerAudio::OutputPacket: pts:19.969 curr_pts:19.218 clock:19.218 level:99
2021-04-13 21:18:21.490 T:4974 DEBUG : CVideoPlayerAudio::OutputPacket: pts:19.992 curr_pts:19.218 clock:19.218 level:99
2021-04-13 21:18:21.493 T:4973 DEBUG : frame_number : 2, mag : 3; index_sz : 8
2021-04-13 21:18:21.496 T:4973 DEBUG : CAMLCodec::AddData: dl:1412242 sum:1411858 sz:458535 dts:20.521 pts:20.521 overflow:0
2021-04-13 21:18:21.496 T:4973 DEBUG : CAMLCodec::GetTimeSize: len:23 dl:1412242 fs:1411858 front:20431
2021-04-13 21:18:21.499 T:4972 DEBUG : CVideoPlayer::ProcessAudioData size:355 dts:27.934 pts:27.934 dur:23.000ms, clock:19.227 drop:0 level:99
2021-04-13 21:18:21.500 T:4972 DEBUG : CVideoPlayer::ProcessVideoData size:22934 dts:27.945 pts:27.945 dur:41.000ms, clock:19.227 level:92
2021-04-13 21:18:21.500 T:4972 DEBUG : CVideoPlayer::ProcessAudioData size:355 dts:27.957 pts:27.957 dur:23.000ms, clock:19.228 drop:0 level:99
2021-04-13 21:18:21.504 T:4973 DEBUG : CAMLCodec::AddData: dl:1466071 sum:1465671 sz:53813 dts:20.562 pts:20.562 overflow:0
2021-04-13 21:18:21.504 T:4973 DEBUG : CAMLCodec::GetTimeSize: len:24 dl:1466071 fs:1465671 front:20431
2021-04-13 21:18:21.509 T:4763 DEBUG : CAMLCodec::PollFrame elapsed:37.760ms
2021-04-13 21:18:21.510 T:4973 DEBUG : CAMLCodec::GetTimeSize: len:24 dl:1466071 fs:1465671 front:20431
2021-04-13 21:18:21.511 T:4763 DEBUG : PrepareNextRender: frameOnScreen: 19.239 renderPts: 19.406 nextFramePts: 19.395 -> diff: 0.011 render: 1 forceNext: 0
2021-04-13 21:18:21.514 T:4763 DEBUG : CAMLCodec::ReleaseFrame idx:465, drop:0
2021-04-13 21:18:21.516 T:4973 DEBUG : CAMLCodec::GetTimeSize: len:24 dl:1445624 fs:1465671 front:20431
2021-04-13 21:18:21.516 T:4973 DEBUG : CAMLCodec::GetTimeSize: len:23 dl:1445624 fs:1445240 front:20774
2021-04-13 21:18:21.516 T:4973 DEBUG : CAMLCodec::DequeueBuffer: pts:19.603 idx:470
2021-04-13 21:18:21.517 T:4973 DEBUG : CAMLCodec::GetPicture: index: 470, pts: 19.603, dur:42ms ar:0.00
2021-04-13 21:18:21.517 T:4973 DEBUG : CVideoPlayerVideo::OutputPicture - ttd:358ms pts:19.603 Clock:19.245 Level:4
2021-04-13 21:18:21.518 T:4973 DEBUG : CAMLCodec::GetTimeSize: len:23 dl:1445624 fs:1445240 front:20774
2021-04-13 21:18:21.525 T:4973 DEBUG : CAMLCodec::AddData: dl:1510025 sum:1509625 sz:64385 dts:20.604 pts:20.604 overflow:0
2021-04-13 21:18:21.525 T:4973 DEBUG : CAMLCodec::GetTimeSize: len:24 dl:1510025 fs:1509625 front:20774
2021-04-13 21:18:21.540 T:4974 INFO : Skipped 2 duplicate messages..
2021-04-13 21:18:21.540 T:4974 DEBUG : CVideoPlayerAudio::OutputPacket: pts:20.016 curr_pts:19.268 clock:19.268 level:99
2021-04-13 21:18:21.540 T:4974 DEBUG : CVideoPlayerAudio::OutputPacket: pts:20.039 curr_pts:19.269 clock:19.268 level:99
2021-04-13 21:18:21.540 T:4972 DEBUG : CVideoPlayer::ProcessAudioData size:372 dts:27.980 pts:27.980 dur:23.000ms, clock:19.268 drop:0 level:99
2021-04-13 21:18:21.541 T:4972 DEBUG : CVideoPlayer::ProcessVideoData size:69637 dts:27.987 pts:27.987 dur:41.000ms, clock:19.269 level:92
2021-04-13 21:18:21.541 T:4972 DEBUG : CVideoPlayer::ProcessAudioData size:366 dts:28.003 pts:28.003 dur:23.000ms, clock:19.269 drop:0 level:99
2021-04-13 21:18:21.544 T:4973 DEBUG : CAMLCodec::GetTimeSize: len:24 dl:1510025 fs:1509625 front:20774
2021-04-13 21:18:21.551 T:4763 INFO : Skipped 1 duplicate messages..
2021-04-13 21:18:21.551 T:4763 DEBUG : CAMLCodec::PollFrame elapsed:36.606ms
2021-04-13 21:18:21.553 T:4763 DEBUG : PrepareNextRender: frameOnScreen: 19.281 renderPts: 19.448 nextFramePts: 19.437 -> diff: 0.011 render: 1 forceNext: 0
2021-04-13 21:18:21.555 T:4763 DEBUG : CAMLCodec::ReleaseFrame idx:466, drop:0
2021-04-13 21:18:21.557 T:4973 DEBUG : CAMLCodec::GetTimeSize: len:24 dl:1489235 fs:1509625 front:20774
2021-04-13 21:18:21.557 T:4973 DEBUG : CAMLCodec::GetTimeSize: len:23 dl:1489235 fs:1488851 front:23186
2021-04-13 21:18:21.557 T:4973 DEBUG : CAMLCodec::DequeueBuffer: pts:19.645 idx:471
2021-04-13 21:18:21.557 T:4973 DEBUG : CAMLCodec::GetPicture: index: 471, pts: 19.645, dur:42ms ar:0.00
2021-04-13 21:18:21.557 T:4973 DEBUG : CVideoPlayerVideo::OutputPicture - ttd:360ms pts:19.645 Clock:19.285 Level:4
2021-04-13 21:18:21.558 T:4973 DEBUG : CAMLCodec::GetTimeSize: len:23 dl:1489235 fs:1488851 front:23186
2021-04-13 21:18:21.565 T:4973 DEBUG : CAMLCodec::AddData: dl:1547658 sum:1547258 sz:58407 dts:20.646 pts:20.646 overflow:0
2021-04-13 21:18:21.566 T:4973 DEBUG : CAMLCodec::GetTimeSize: len:24 dl:1547658 fs:1547258 front:23186
2021-04-13 21:18:21.590 T:4974 INFO : Skipped 3 duplicate messages..
2021-04-13 21:18:21.590 T:4974 DEBUG : CVideoPlayerAudio::OutputPacket: pts:20.062 curr_pts:19.318 clock:19.318 level:99
2021-04-13 21:18:21.590 T:4974 DEBUG : CVideoPlayerAudio::OutputPacket: pts:20.085 curr_pts:19.319 clock:19.318 level:99
2021-04-13 21:18:21.591 T:4973 DEBUG : CAMLCodec::GetTimeSize: len:24 dl:1547658 fs:1547258 front:23186
2021-04-13 21:18:21.592 T:4972 DEBUG : CVideoPlayer::ProcessAudioData size:374 dts:28.026 pts:28.026 dur:23.000ms, clock:19.320 drop:0 level:99
2021-04-13 21:18:21.592 T:4972 DEBUG : CVideoPlayer::ProcessVideoData size:26462 dts:28.028 pts:28.028 dur:41.000ms, clock:19.320 level:92
2021-04-13 21:18:21.592 T:4972 DEBUG : CVideoPlayer::ProcessAudioData size:366 dts:28.050 pts:28.050 dur:23.000ms, clock:19.320 drop:0 level:99
2021-04-13 21:18:21.592 T:4763 DEBUG : CAMLCodec::PollFrame elapsed:36.644ms
2021-04-13 21:18:21.595 T:4763 DEBUG : PrepareNextRender: frameOnScreen: 19.322 renderPts: 19.489 nextFramePts: 19.478 -> diff: 0.011 render: 1 forceNext: 0
2021-04-13 21:18:21.596 T:4763 DEBUG : CAMLCodec::ReleaseFrame idx:467, drop:0
2021-04-13 21:18:21.597 T:4973 DEBUG : CAMLCodec::GetTimeSize: len:24 dl:1547658 fs:1547258 front:23186
2021-04-13 21:18:21.603 T:4973 DEBUG : CAMLCodec::GetTimeSize: len:24 dl:1524456 fs:1547258 front:23186
2021-04-13 21:18:21.603 T:4973 DEBUG : CAMLCodec::GetTimeSize: len:23 dl:1524456 fs:1524072 front:23947
2021-04-13 21:18:21.603 T:4973 DEBUG : CAMLCodec::DequeueBuffer: pts:19.687 idx:472
2021-04-13 21:18:21.603 T:4973 DEBUG : CAMLCodec::GetPicture: index: 472, pts: 19.687, dur:42ms ar:0.00
2021-04-13 21:18:21.604 T:4973 DEBUG : CVideoPlayerVideo::OutputPicture - ttd:355ms pts:19.687 Clock:19.331 Level:4
2021-04-13 21:18:21.605 T:4973 DEBUG : CAMLCodec::GetTimeSize: len:23 dl:1524456 fs:1524072 front:23947
2021-04-13 21:18:21.612 T:4973 DEBUG : CAMLCodec::AddData: dl:1596592 sum:1596192 sz:72120 dts:20.688 pts:20.688 overflow:0
2021-04-13 21:18:21.612 T:4973 DEBUG : CAMLCodec::GetTimeSize: len:24 dl:1596592 fs:1596192 front:23947
2021-04-13 21:18:21.634 T:4763 INFO : Skipped 3 duplicate messages..
2021-04-13 21:18:21.634 T:4763 DEBUG : CAMLCodec::PollFrame elapsed:37.250ms
2021-04-13 21:18:21.637 T:4763 DEBUG : PrepareNextRender: frameOnScreen: 19.365 renderPts: 19.531 nextFramePts: 19.520 -> diff: 0.011 render: 1 forceNext: 0
2021-04-13 21:18:21.637 T:4973 DEBUG : CAMLCodec::GetTimeSize: len:24 dl:1596592 fs:1596192 front:23947
2021-04-13 21:18:21.639 T:4763 DEBUG : CAMLCodec::ReleaseFrame idx:468, drop:0
2021-04-13 21:18:21.640 T:4974 DEBUG : CVideoPlayerAudio::OutputPacket: pts:20.108 curr_pts:19.368 clock:19.368 level:99
2021-04-13 21:18:21.640 T:4974 DEBUG : CVideoPlayerAudio::OutputPacket: pts:20.132 curr_pts:19.368 clock:19.368 level:99
2021-04-13 21:18:21.643 T:4972 DEBUG : CVideoPlayer::ProcessVideoData size:45955 dts:28.070 pts:28.070 dur:41.000ms, clock:19.371 level:92
2021-04-13 21:18:21.643 T:4972 DEBUG : CVideoPlayer::ProcessAudioData size:366 dts:28.073 pts:28.073 dur:23.000ms, clock:19.371 drop:0 level:99
2021-04-13 21:18:21.643 T:4972 DEBUG : CVideoPlayer::ProcessAudioData size:368 dts:28.096 pts:28.096 dur:23.000ms, clock:19.371 drop:0 level:99
2021-04-13 21:18:21.644 T:4973 DEBUG : CAMLCodec::GetTimeSize: len:24 dl:1572629 fs:1596192 front:23947
2021-04-13 21:18:21.644 T:4973 DEBUG : CAMLCodec::GetTimeSize: len:23 dl:1572629 fs:1572245 front:26595
2021-04-13 21:18:21.644 T:4973 DEBUG : CAMLCodec::DequeueBuffer: pts:19.728 idx:473
2021-04-13 21:18:21.645 T:4973 DEBUG : CAMLCodec::GetPicture: index: 473, pts: 19.728, dur:41ms ar:0.00
2021-04-13 21:18:21.645 T:4973 DEBUG : CVideoPlayerVideo::OutputPicture - ttd:355ms pts:19.728 Clock:19.373 Level:4
2021-04-13 21:18:21.646 T:4973 DEBUG : CAMLCodec::GetTimeSize: len:23 dl:1572629 fs:1572245 front:26595
2021-04-13 21:18:21.653 T:4973 DEBUG : CAMLCodec::AddData: dl:1628644 sum:1628244 sz:55999 dts:20.729 pts:20.729 overflow:0
2021-04-13 21:18:21.653 T:4973 DEBUG : CAMLCodec::GetTimeSize: len:24 dl:1628644 fs:1628244 front:26595
2021-04-13 21:18:21.676 T:4763 INFO : Skipped 3 duplicate messages..
2021-04-13 21:18:21.676 T:4763 DEBUG : CAMLCodec::PollFrame elapsed:36.470ms
2021-04-13 21:18:21.678 T:4973 DEBUG : CAMLCodec::GetTimeSize: len:24 dl:1628644 fs:1628244 front:26595
2021-04-13 21:18:21.679 T:4763 DEBUG : PrepareNextRender: frameOnScreen: 19.407 renderPts: 19.573 nextFramePts: 19.561 -> diff: 0.012 render: 1 forceNext: 0
2021-04-13 21:18:21.681 T:4763 DEBUG : CAMLCodec::ReleaseFrame idx:469, drop:0
2021-04-13 21:18:21.685 T:4973 DEBUG : CAMLCodec::GetTimeSize: len:24 dl:1602033 fs:1628244 front:26595
2021-04-13 21:18:21.685 T:4973 DEBUG : CAMLCodec::GetTimeSize: len:23 dl:1602033 fs:1601649 front:28658
2021-04-13 21:18:21.685 T:4973 DEBUG : CAMLCodec::DequeueBuffer: pts:19.770 idx:474
2021-04-13 21:18:21.685 T:4973 DEBUG : CAMLCodec::GetPicture: index: 474, pts: 19.770, dur:42ms ar:0.00
2021-04-13 21:18:21.685 T:4973 DEBUG : CVideoPlayerVideo::OutputPicture - ttd:356ms pts:19.770 Clock:19.413 Level:4
2021-04-13 21:18:21.686 T:4973 DEBUG : CAMLCodec::GetTimeSize: len:23 dl:1602033 fs:1601649 front:28658
2021-04-13 21:18:21.690 T:4974 DEBUG : CVideoPlayerAudio::OutputPacket: pts:20.155 curr_pts:19.419 clock:19.418 level:99
2021-04-13 21:18:21.690 T:4974 DEBUG : CVideoPlayerAudio::OutputPacket: pts:20.178 curr_pts:19.419 clock:19.418 level:99
2021-04-13 21:18:21.694 T:4973 DEBUG : CAMLCodec::AddData: dl:1656755 sum:1656355 sz:54706 dts:20.771 pts:20.771 overflow:0
2021-04-13 21:18:21.694 T:4973 DEBUG : CAMLCodec::GetTimeSize: len:24 dl:1656755 fs:1656355 front:28658
2021-04-13 21:18:21.694 T:4972 DEBUG : CVideoPlayer::ProcessVideoData size:43796 dts:28.112 pts:28.112 dur:41.000ms, clock:19.422 level:91
2021-04-13 21:18:21.694 T:4972 DEBUG : CVideoPlayer::ProcessAudioData size:369 dts:28.119 pts:28.119 dur:23.000ms, clock:19.422 drop:0 level:99
2021-04-13 21:18:21.695 T:4972 DEBUG : CVideoPlayer::ProcessAudioData size:361 dts:28.143 pts:28.143 dur:23.000ms, clock:19.422 drop:0 level:99
2021-04-13 21:18:21.700 T:4973 DEBUG : CAMLCodec::GetTimeSize: len:24 dl:1656755 fs:1656355 front:28658
2021-04-13 21:18:21.717 T:4763 INFO : Skipped 2 duplicate messages..
2021-04-13 21:18:21.717 T:4763 DEBUG : CAMLCodec::PollFrame elapsed:36.526ms
2021-04-13 21:18:21.719 T:4973 DEBUG : CAMLCodec::GetTimeSize: len:24 dl:1656755 fs:1656355 front:28658
2021-04-13 21:18:21.720 T:4763 DEBUG : PrepareNextRender: frameOnScreen: 19.448 renderPts: 19.615 nextFramePts: 19.603 -> diff: 0.012 render: 1 forceNext: 0
2021-04-13 21:18:21.722 T:4763 DEBUG : CAMLCodec::ReleaseFrame idx:470, drop:0
2021-04-13 21:18:21.725 T:4973 DEBUG : CAMLCodec::GetTimeSize: len:24 dl:1656755 fs:1656355 front:28658
2021-04-13 21:18:21.740 T:4974 INFO : Skipped 2 duplicate messages..
2021-04-13 21:18:21.740 T:4974 DEBUG : CVideoPlayerAudio::OutputPacket: pts:20.201 curr_pts:19.468 clock:19.468 level:99
2021-04-13 21:18:21.740 T:4974 DEBUG : CVideoPlayerAudio::OutputPacket: pts:20.225 curr_pts:19.468 clock:19.468 level:99
2021-04-13 21:18:21.741 T:4974 DEBUG : CVideoPlayerAudio::OutputPacket: pts:20.248 curr_pts:19.469 clock:19.469 level:99
2021-04-13 21:18:21.744 T:4973 DEBUG : CAMLCodec::GetTimeSize: len:24 dl:1656755 fs:1656355 front:28658
2021-04-13 21:18:21.745 T:4972 DEBUG : CVideoPlayer::ProcessVideoData size:37680 dts:28.153 pts:28.153 dur:41.000ms, clock:19.473 level:92
2021-04-13 21:18:21.746 T:4972 DEBUG : CVideoPlayer::ProcessAudioData size:375 dts:28.166 pts:28.166 dur:23.000ms, clock:19.473 drop:0 level:99
2021-04-13 21:18:21.746 T:4972 DEBUG : CVideoPlayer::ProcessAudioData size:369 dts:28.189 pts:28.189 dur:23.000ms, clock:19.474 drop:0 level:99
2021-04-13 21:18:21.746 T:4972 DEBUG : CVideoPlayer::ProcessVideoData size:19476 dts:28.195 pts:28.195 dur:41.000ms, clock:19.474 level:92
2021-04-13 21:18:21.746 T:4972 DEBUG : CVideoPlayer::ProcessAudioData size:361 dts:28.212 pts:28.212 dur:23.000ms, clock:19.474 drop:0 level:99
2021-04-13 21:18:21.751 T:4973 DEBUG : CAMLCodec::GetTimeSize: len:24 dl:1656755 fs:1656355 front:28658
2021-04-13 21:18:21.759 T:4763 INFO : Skipped 1 duplicate messages..
2021-04-13 21:18:21.759 T:4763 DEBUG : CAMLCodec::PollFrame elapsed:37.265ms
2021-04-13 21:18:21.762 T:4763 DEBUG : PrepareNextRender: frameOnScreen: 19.490 renderPts: 19.657 nextFramePts: 19.645 -> diff: 0.012 render: 1 forceNext: 0
2021-04-13 21:18:21.764 T:4973 DEBUG : CAMLCodec::GetTimeSize: len:24 dl:1656755 fs:1656355 front:28658
2021-04-13 21:18:21.764 T:4763 DEBUG : CAMLCodec::ReleaseFrame idx:471, drop:0
2021-04-13 21:18:21.771 T:4973 DEBUG : CAMLCodec::GetTimeSize: len:24 dl:1628081 fs:1656355 front:28658
2021-04-13 21:18:21.771 T:4973 DEBUG : CAMLCodec::GetTimeSize: len:23 dl:1628081 fs:1627697 front:29425
2021-04-13 21:18:21.771 T:4973 DEBUG : CAMLCodec::DequeueBuffer: pts:19.812 idx:475
2021-04-13 21:18:21.771 T:4973 DEBUG : CAMLCodec::GetPicture: index: 475, pts: 19.812, dur:42ms ar:0.00
2021-04-13 21:18:21.771 T:4973 DEBUG : CVideoPlayerVideo::OutputPicture - ttd:313ms pts:19.812 Clock:19.499 Level:3
2021-04-13 21:18:21.772 T:4973 DEBUG : CAMLCodec::GetTimeSize: len:23 dl:1628081 fs:1627697 front:29425
2021-04-13 21:18:21.779 T:4973 DEBUG : CAMLCodec::AddData: dl:1690543 sum:1690143 sz:62446 dts:20.813 pts:20.813 overflow:0
2021-04-13 21:18:21.779 T:4973 DEBUG : CAMLCodec::GetTimeSize: len:24 dl:1690543 fs:1690143 front:29425
2021-04-13 21:18:21.790 T:4974 INFO : Skipped 1 duplicate messages..
2021-04-13 21:18:21.790 T:4974 DEBUG : CVideoPlayerAudio::OutputPacket: pts:20.271 curr_pts:19.519 clock:19.518 level:99
2021-04-13 21:18:21.790 T:4974 DEBUG : CVideoPlayerAudio::OutputPacket: pts:20.294 curr_pts:19.519 clock:19.518 level:99
2021-04-13 21:18:21.792 T:4973 DEBUG : CAMLCodec::GetTimeSize: len:24 dl:1690543 fs:1690143 front:29425
2021-04-13 21:18:21.797 T:4972 DEBUG : CVideoPlayer::ProcessAudioData size:369 dts:28.235 pts:28.235 dur:23.000ms, clock:19.525 drop:0 level:99
2021-04-13 21:18:21.797 T:4972 DEBUG : CVideoPlayer::ProcessVideoData size:20867 dts:28.237 pts:28.237 dur:41.000ms, clock:19.525 level:92
2021-04-13 21:18:21.797 T:4972 DEBUG : CVideoPlayer::ProcessAudioData size:367 dts:28.259 pts:28.259 dur:23.000ms, clock:19.525 drop:0 level:99
2021-04-13 21:18:21.798 T:4973 DEBUG : CAMLCodec::GetTimeSize: len:24 dl:1690543 fs:1690143 front:29425
2021-04-13 21:18:21.801 T:4763 DEBUG : CAMLCodec::PollFrame elapsed:36.376ms
2021-04-13 21:18:21.803 T:4763 DEBUG : PrepareNextRender: frameOnScreen: 19.531 renderPts: 19.698 nextFramePts: 19.687 -> diff: 0.011 render: 1 forceNext: 0
2021-04-13 21:18:21.805 T:4973 DEBUG : CAMLCodec::GetTimeSize: len:24 dl:1690543 fs:1690143 front:29425
2021-04-13 21:18:21.806 T:4763 DEBUG : CAMLCodec::ReleaseFrame idx:472, drop:0
2021-04-13 21:18:21.811 T:4973 DEBUG : CAMLCodec::GetTimeSize: len:24 dl:1661102 fs:1690143 front:29425
2021-04-13 21:18:21.811 T:4973 DEBUG : CAMLCodec::GetTimeSize: len:23 dl:1661102 fs:1660718 front:25042
2021-04-13 21:18:21.811 T:4973 DEBUG : CAMLCodec::DequeueBuffer: pts:19.853 idx:476
2021-04-13 21:18:21.812 T:4973 DEBUG : CAMLCodec::GetPicture: index: 476, pts: 19.853, dur:41ms ar:0.00
2021-04-13 21:18:21.812 T:4973 DEBUG : CVideoPlayerVideo::OutputPicture - ttd:313ms pts:19.853 Clock:19.540 Level:3
2021-04-13 21:18:21.813 T:4973 DEBUG : CAMLCodec::GetTimeSize: len:23 dl:1661102 fs:1660718 front:25042
2021-04-13 21:18:21.818 T:4973 DEBUG : CAMLCodec::AddData: dl:1705699 sum:1705299 sz:44581 dts:20.854 pts:20.854 overflow:0
2021-04-13 21:18:21.818 T:4973 DEBUG : CAMLCodec::GetTimeSize: len:24 dl:1705699 fs:1705299 front:25042
2021-04-13 21:18:21.841 T:4974 INFO : Skipped 3 duplicate messages..
2021-04-13 21:18:21.840 T:4974 DEBUG : CVideoPlayerAudio::OutputPacket: pts:20.317 curr_pts:19.568 clock:19.568 level:99
2021-04-13 21:18:21.841 T:4974 DEBUG : CVideoPlayerAudio::OutputPacket: pts:20.341 curr_pts:19.568 clock:19.569 level:99
2021-04-13 21:18:21.843 T:4763 DEBUG : CAMLCodec::PollFrame elapsed:36.383ms
2021-04-13 21:18:21.843 T:4973 DEBUG : CAMLCodec::GetTimeSize: len:24 dl:1705699 fs:1705299 front:25042
2021-04-13 21:18:21.845 T:4763 DEBUG : PrepareNextRender: frameOnScreen: 19.573 renderPts: 19.740 nextFramePts: 19.728 -> diff: 0.012 render: 1 forceNext: 0
2021-04-13 21:18:21.847 T:4763 DEBUG : CAMLCodec::ReleaseFrame idx:473, drop:0
2021-04-13 21:18:21.848 T:4972 DEBUG : CVideoPlayer::ProcessVideoData size:502 dts:28.279 pts:28.279 dur:41.000ms, clock:19.576 level:92
2021-04-13 21:18:21.848 T:4972 DEBUG : CVideoPlayer::ProcessAudioData size:363 dts:28.282 pts:28.282 dur:23.000ms, clock:19.576 drop:0 level:99
2021-04-13 21:18:21.848 T:4972 DEBUG : CVideoPlayer::ProcessAudioData size:386 dts:28.305 pts:28.305 dur:23.000ms, clock:19.576 drop:0 level:99
2021-04-13 21:18:21.850 T:4973 DEBUG : CAMLCodec::GetTimeSize: len:24 dl:1680641 fs:1705299 front:25042
2021-04-13 21:18:21.850 T:4973 DEBUG : CAMLCodec::GetTimeSize: len:23 dl:1680641 fs:1680257 front:18820
2021-04-13 21:18:21.850 T:4973 DEBUG : CAMLCodec::DequeueBuffer: pts:19.895 idx:477
2021-04-13 21:18:21.850 T:4973 DEBUG : CAMLCodec::GetPicture: index: 477, pts: 19.895, dur:42ms ar:0.00
2021-04-13 21:18:21.850 T:4973 DEBUG : CVideoPlayerVideo::OutputPicture - ttd:317ms pts:19.895 Clock:19.578 Level:3
2021-04-13 21:18:21.851 T:4973 DEBUG : CAMLCodec::GetTimeSize: len:23 dl:1680641 fs:1680257 front:18820
2021-04-13 21:18:21.856 T:4973 DEBUG : CAMLCodec::AddData: dl:1722944 sum:1722544 sz:42287 dts:20.896 pts:20.896 overflow:0
2021-04-13 21:18:21.856 T:4973 DEBUG : CAMLCodec::GetTimeSize: len:24 dl:1722944 fs:1722544 front:18820
2021-04-13 21:18:21.884 T:4763 INFO : Skipped 4 duplicate messages..
2021-04-13 21:18:21.884 T:4763 DEBUG : CAMLCodec::PollFrame elapsed:36.709ms
2021-04-13 21:18:21.887 T:4763 DEBUG : PrepareNextRender: frameOnScreen: 19.615 renderPts: 19.782 nextFramePts: 19.770 -> diff: 0.012 render: 1 forceNext: 0
2021-04-13 21:18:21.888 T:4973 DEBUG : CAMLCodec::GetTimeSize: len:24 dl:1722944 fs:1722544 front:18820
2021-04-13 21:18:21.889 T:4763 DEBUG : CAMLCodec::ReleaseFrame idx:474, drop:0
2021-04-13 21:18:21.890 T:4974 DEBUG : CVideoPlayerAudio::OutputPacket: pts:20.364 curr_pts:19.618 clock:19.618 level:99
2021-04-13 21:18:21.890 T:4974 DEBUG : CVideoPlayerAudio::OutputPacket: pts:20.387 curr_pts:19.618 clock:19.618 level:99
2021-04-13 21:18:21.894 T:4973 DEBUG : CAMLCodec::GetTimeSize: len:24 dl:1704108 fs:1722544 front:18820
2021-04-13 21:18:21.894 T:4973 DEBUG : CAMLCodec::GetTimeSize: len:23 dl:1704108 fs:1703724 front:334
2021-04-13 21:18:21.894 T:4973 DEBUG : CAMLCodec::DequeueBuffer: pts:19.937 idx:478
2021-04-13 21:18:21.894 T:4973 DEBUG : CAMLCodec::GetPicture: index: 478, pts: 19.937, dur:42ms ar:0.00
2021-04-13 21:18:21.894 T:4973 DEBUG : CVideoPlayerVideo::OutputPicture - ttd:314ms pts:19.937 Clock:19.622 Level:3
2021-04-13 21:18:21.895 T:4973 DEBUG : CAMLCodec::GetTimeSize: len:23 dl:1704108 fs:1703724 front:334
2021-04-13 21:18:21.900 T:4972 DEBUG : CVideoPlayer::ProcessVideoData size:215329 dts:28.320 pts:28.320 dur:41.000ms, clock:19.627 level:92
2021-04-13 21:18:21.900 T:4972 DEBUG : CVideoPlayer::ProcessAudioData size:372 dts:28.328 pts:28.328 dur:23.000ms, clock:19.628 drop:0 level:99
2021-04-13 21:18:21.900 T:4972 DEBUG : CVideoPlayer::ProcessAudioData size:368 dts:28.352 pts:28.352 dur:23.000ms, clock:19.628 drop:0 level:99
2021-04-13 21:18:21.901 T:4973 DEBUG : CAMLCodec::AddData: dl:1744019 sum:1743619 sz:39895 dts:20.938 pts:20.938 overflow:0
2021-04-13 21:18:21.901 T:4973 DEBUG : CAMLCodec::GetTimeSize: len:24 dl:1744019 fs:1743619 front:334
2021-04-13 21:18:21.926 T:4763 INFO : Skipped 4 duplicate messages..
2021-04-13 21:18:21.926 T:4763 DEBUG : CAMLCodec::PollFrame elapsed:37.123ms
2021-04-13 21:18:21.929 T:4763 DEBUG : PrepareNextRender: frameOnScreen: 19.657 renderPts: 19.824 nextFramePts: 19.812 -> diff: 0.012 render: 1 forceNext: 0
2021-04-13 21:18:21.931 T:4763 DEBUG : CAMLCodec::ReleaseFrame idx:475, drop:0
2021-04-13 21:18:21.932 T:4973 DEBUG : CAMLCodec::GetTimeSize: len:24 dl:1743669 fs:1743619 front:334
2021-04-13 21:18:21.932 T:4973 DEBUG : CAMLCodec::DequeueBuffer: pts:19.979 idx:479
2021-04-13 21:18:21.932 T:4973 DEBUG : CAMLCodec::GetPicture: index: 479, pts: 19.979, dur:42ms ar:0.00
2021-04-13 21:18:21.932 T:4973 DEBUG : CVideoPlayerVideo::OutputPicture - ttd:318ms pts:19.979 Clock:19.660 Level:3
2021-04-13 21:18:21.933 T:4973 DEBUG : CAMLCodec::GetTimeSize: len:24 dl:1743669 fs:1743619 front:334
2021-04-13 21:18:21.940 T:4974 DEBUG : CVideoPlayerAudio::OutputPacket: pts:20.410 curr_pts:19.668 clock:19.668 level:99
2021-04-13 21:18:21.940 T:4973 DEBUG : CAMLCodec::GetTimeSize: len:24 dl:1743669 fs:1743619 front:334
2021-04-13 21:18:21.940 T:4973 DEBUG : CAMLCodec::DequeueBuffer: pts:20.020 idx:480
2021-04-13 21:18:21.940 T:4974 DEBUG : CVideoPlayerAudio::OutputPacket: pts:20.434 curr_pts:19.668 clock:19.668 level:99
2021-04-13 21:18:21.940 T:4973 DEBUG : CAMLCodec::GetPicture: index: 480, pts: 20.020, dur:41ms ar:0.00
2021-04-13 21:18:21.941 T:4972 DEBUG : CVideoPlayer::ProcessVideoData size:26783 dts:28.362 pts:28.362 dur:41.000ms, clock:19.669 level:92
2021-04-13 21:18:21.941 T:4972 DEBUG : CVideoPlayer::ProcessAudioData size:375 dts:28.375 pts:28.375 dur:23.000ms, clock:19.669 drop:0 level:99
2021-04-13 21:18:21.941 T:4972 DEBUG : CVideoPlayer::ProcessAudioData size:381 dts:28.398 pts:28.398 dur:23.000ms, clock:19.669 drop:0 level:99
2021-04-13 21:18:21.941 T:4973 DEBUG : CVideoPlayerVideo::OutputPicture - ttd:350ms pts:20.020 Clock:19.669 Level:4
2021-04-13 21:18:21.943 T:4973 DEBUG : CAMLCodec::GetTimeSize: len:24 dl:1469758 fs:1743619 front:334
2021-04-13 21:18:21.943 T:4973 DEBUG : CAMLCodec::GetTimeSize: len:23 dl:1469758 fs:1743285 front:273887
2021-04-13 21:18:21.943 T:4973 DEBUG : CAMLCodec::GetTimeSize: len:22 dl:1469758 fs:1469398 front:38578
2021-04-13 21:18:21.948 T:4973 DEBUG : CAMLCodec::AddData: dl:1470304 sum:1469928 sz:530 dts:20.980 pts:20.980 overflow:0
2021-04-13 21:18:21.948 T:4973 DEBUG : CAMLCodec::GetTimeSize: len:23 dl:1470304 fs:1469928 front:38578
2021-04-13 21:18:21.953 T:4973 DEBUG : frame_number : 2, mag : 3; index_sz : 8
2021-04-13 21:18:21.956 T:4973 DEBUG : CAMLCodec::AddData: dl:1829205 sum:1828805 sz:358877 dts:21.021 pts:21.021 overflow:0
2021-04-13 21:18:21.956 T:4973 DEBUG : CAMLCodec::GetTimeSize: len:24 dl:1829205 fs:1828805 front:38578
2021-04-13 21:18:21.968 T:4763 INFO : Skipped 1 duplicate messages..
2021-04-13 21:18:21.968 T:4763 DEBUG : CAMLCodec::PollFrame elapsed:36.233ms
2021-04-13 21:18:21.969 T:4973 DEBUG : CAMLCodec::GetTimeSize: len:24 dl:1829205 fs:1828805 front:38578
2021-04-13 21:18:21.970 T:4763 DEBUG : PrepareNextRender: frameOnScreen: 19.698 renderPts: 19.865 nextFramePts: 19.853 -> diff: 0.012 render: 1 forceNext: 0
2021-04-13 21:18:21.972 T:4763 DEBUG : CAMLCodec::ReleaseFrame idx:476, drop:0
2021-04-13 21:18:21.975 T:4973 DEBUG : CAMLCodec::GetTimeSize: len:24 dl:1829205 fs:1828805 front:38578
2021-04-13 21:18:21.990 T:4974 INFO : Skipped 2 duplicate messages..
2021-04-13 21:18:21.990 T:4974 DEBUG : CVideoPlayerAudio::OutputPacket: pts:20.457 curr_pts:19.718 clock:19.718 level:99
2021-04-13 21:18:21.990 T:4974 DEBUG : CVideoPlayerAudio::OutputPacket: pts:20.480 curr_pts:19.719 clock:19.718 level:99
2021-04-13 21:18:21.992 T:4972 DEBUG : CVideoPlayer::ProcessVideoData size:36937 dts:28.404 pts:28.404 dur:41.000ms, clock:19.720 level:92
2021-04-13 21:18:21.992 T:4972 DEBUG : CVideoPlayer::ProcessAudioData size:375 dts:28.421 pts:28.421 dur:23.000ms, clock:19.720 drop:0 level:99
2021-04-13 21:18:21.992 T:4972 DEBUG : CVideoPlayer::ProcessAudioData size:400 dts:28.444 pts:28.444 dur:23.000ms, clock:19.720 drop:0 level:99
2021-04-13 21:18:21.994 T:4973 DEBUG : CAMLCodec::GetTimeSize: len:24 dl:1829205 fs:1828805 front:38578
2021-04-13 21:18:22.009 T:4763 INFO : Skipped 2 duplicate messages..
2021-04-13 21:18:22.009 T:4763 DEBUG : CAMLCodec::PollFrame elapsed:37.592ms
2021-04-13 21:18:22.012 T:4763 DEBUG : PrepareNextRender: frameOnScreen: 19.740 renderPts: 19.907 nextFramePts: 19.895 -> diff: 0.012 render: 1 forceNext: 0
2021-04-13 21:18:22.013 T:4973 DEBUG : CAMLCodec::GetTimeSize: len:24 dl:1829205 fs:1828805 front:38578
2021-04-13 21:18:22.015 T:4763 DEBUG : CAMLCodec::ReleaseFrame idx:477, drop:0
2021-04-13 21:18:22.019 T:4973 DEBUG : CAMLCodec::GetTimeSize: len:24 dl:1790611 fs:1828805 front:38578
2021-04-13 21:18:22.019 T:4973 DEBUG : CAMLCodec::GetTimeSize: len:23 dl:1790611 fs:1790227 front:46325
2021-04-13 21:18:22.019 T:4973 DEBUG : CAMLCodec::DequeueBuffer: pts:20.062 idx:481
2021-04-13 21:18:22.019 T:4973 DEBUG : CAMLCodec::GetPicture: index: 481, pts: 20.062, dur:42ms ar:0.00
2021-04-13 21:18:22.019 T:4973 DEBUG : CVideoPlayerVideo::OutputPicture - ttd:314ms pts:20.062 Clock:19.747 Level:3
2021-04-13 21:18:22.021 T:4973 DEBUG : CAMLCodec::GetTimeSize: len:23 dl:1790611 fs:1790227 front:46325
2021-04-13 21:18:22.026 T:4973 DEBUG : CAMLCodec::AddData: dl:1834587 sum:1834187 sz:43960 dts:21.063 pts:21.063 overflow:0
2021-04-13 21:18:22.026 T:4973 DEBUG : CAMLCodec::GetTimeSize: len:24 dl:1834587 fs:1834187 front:46325
2021-04-13 21:18:22.040 T:4974 INFO : Skipped 2 duplicate messages..
2021-04-13 21:18:22.040 T:4974 DEBUG : CVideoPlayerAudio::OutputPacket: pts:20.503 curr_pts:19.768 clock:19.768 level:99
2021-04-13 21:18:22.040 T:4974 DEBUG : CVideoPlayerAudio::OutputPacket: pts:20.526 curr_pts:19.768 clock:19.768 level:99
2021-04-13 21:18:22.040 T:4974 DEBUG : CVideoPlayerAudio::OutputPacket: pts:20.550 curr_pts:19.768 clock:19.768 level:99
2021-04-13 21:18:22.043 T:4972 DEBUG : CVideoPlayer::ProcessVideoData size:36390 dts:28.445 pts:28.445 dur:41.000ms, clock:19.771 level:92
2021-04-13 21:18:22.043 T:4972 DEBUG : CVideoPlayer::ProcessAudioData size:360 dts:28.468 pts:28.468 dur:23.000ms, clock:19.771 drop:0 level:99
2021-04-13 21:18:22.044 T:4972 DEBUG : CVideoPlayer::ProcessVideoData size:41232 dts:28.487 pts:28.487 dur:41.000ms, clock:19.772 level:92
2021-04-13 21:18:22.044 T:4972 DEBUG : CVideoPlayer::ProcessAudioData size:367 dts:28.491 pts:28.491 dur:23.000ms, clock:19.772 drop:0 level:99
2021-04-13 21:18:22.044 T:4972 DEBUG : CVideoPlayer::ProcessAudioData size:361 dts:28.514 pts:28.514 dur:23.000ms, clock:19.772 drop:0 level:99
2021-04-13 21:18:22.045 T:4973 DEBUG : CAMLCodec::GetTimeSize: len:24 dl:1834587 fs:1834187 front:46325
2021-04-13 21:18:22.051 T:4763 DEBUG : CAMLCodec::PollFrame elapsed:36.317ms
2021-04-13 21:18:22.052 T:4973 DEBUG : CAMLCodec::GetTimeSize: len:24 dl:1834587 fs:1834187 front:46325
2021-04-13 21:18:22.054 T:4763 DEBUG : PrepareNextRender: frameOnScreen: 19.781 renderPts: 19.948 nextFramePts: 19.937 -> diff: 0.011 render: 1 forceNext: 0
2021-04-13 21:18:22.056 T:4763 DEBUG : CAMLCodec::ReleaseFrame idx:478, drop:0
2021-04-13 21:18:22.058 T:4973 DEBUG : CAMLCodec::GetTimeSize: len:24 dl:1788246 fs:1834187 front:46325
2021-04-13 21:18:22.058 T:4973 DEBUG : CAMLCodec::GetTimeSize: len:23 dl:1788246 fs:1787862 front:48959
2021-04-13 21:18:22.058 T:4973 DEBUG : CAMLCodec::DequeueBuffer: pts:20.104 idx:482
2021-04-13 21:18:22.058 T:4973 DEBUG : CAMLCodec::GetPicture: index: 482, pts: 20.104, dur:42ms ar:0.00
2021-04-13 21:18:22.058 T:4973 DEBUG : CVideoPlayerVideo::OutputPicture - ttd:317ms pts:20.104 Clock:19.786 Level:3
2021-04-13 21:18:22.059 T:4973 DEBUG : CAMLCodec::GetTimeSize: len:23 dl:1788246 fs:1787862 front:48959
2021-04-13 21:18:22.067 T:4973 DEBUG : CAMLCodec::AddData: dl:1840175 sum:1839775 sz:51913 dts:21.105 pts:21.105 overflow:0
2021-04-13 21:18:22.067 T:4973 DEBUG : CAMLCodec::GetTimeSize: len:24 dl:1840175 fs:1839775 front:48959
2021-04-13 21:18:22.090 T:4974 INFO : Skipped 3 duplicate messages..
