2021-04-13 21:18:28.323 T:4973 DEBUG : CAMLCodec::GetTimeSize: len:24 dl:456128 fs:488854 front:386
2021-04-13 21:18:28.323 T:4973 DEBUG : CAMLCodec::GetTimeSize: len:23 dl:456128 fs:488468 front:32700
2021-04-13 21:18:28.323 T:4973 DEBUG : CAMLCodec::GetTimeSize: len:22 dl:456128 fs:455768 front:122
2021-04-13 21:18:28.323 T:4973 DEBUG : CAMLCodec::DequeueBuffer: pts:26.360 idx:632
2021-04-13 21:18:28.323 T:4973 DEBUG : CAMLCodec::GetPicture: index: 632, pts: 26.360, dur:42ms ar:0.00
2021-04-13 21:18:28.323 T:4973 DEBUG : CVideoPlayerVideo::OutputPicture - ttd:309ms pts:26.360 Clock:26.051 Level:3
2021-04-13 21:18:28.324 T:4973 DEBUG : CAMLCodec::GetTimeSize: len:22 dl:455990 fs:455768 front:122
2021-04-13 21:18:28.324 T:4973 DEBUG : CAMLCodec::DequeueBuffer: pts:26.402 idx:633
2021-04-13 21:18:28.324 T:4973 DEBUG : CAMLCodec::GetPicture: index: 633, pts: 26.402, dur:42ms ar:0.00
2021-04-13 21:18:28.324 T:4973 DEBUG : CVideoPlayerVideo::OutputPicture - ttd:349ms pts:26.402 Clock:26.052 Level:4
2021-04-13 21:18:28.325 T:4973 DEBUG : CAMLCodec::GetTimeSize: len:22 dl:455990 fs:455768 front:122
2021-04-13 21:18:28.331 T:4973 DEBUG : CAMLCodec::AddData: dl:457275 sum:457037 sz:1269 dts:27.319 pts:27.319 overflow:0
2021-04-13 21:18:28.331 T:4973 DEBUG : CAMLCodec::GetTimeSize: len:23 dl:457275 fs:457037 front:122
2021-04-13 21:18:28.336 T:4973 DEBUG : frame_number : 2, mag : 3; index_sz : 8
2021-04-13 21:18:28.338 T:4973 DEBUG : CAMLCodec::AddData: dl:668487 sum:668225 sz:211188 dts:27.361 pts:27.361 overflow:0
2021-04-13 21:18:28.338 T:4973 DEBUG : CAMLCodec::GetTimeSize: len:24 dl:668487 fs:668225 front:122
2021-04-13 21:18:28.340 T:4974 DEBUG : CVideoPlayerAudio::OutputPacket: pts:26.819 curr_pts:26.068 clock:26.068 level:99
2021-04-13 21:18:28.340 T:4974 DEBUG : CVideoPlayerAudio::OutputPacket: pts:26.842 curr_pts:26.068 clock:26.068 level:99
2021-04-13 21:18:28.345 T:4973 DEBUG : CAMLCodec::GetTimeSize: len:24 dl:668487 fs:668225 front:122
2021-04-13 21:18:28.347 T:4972 DEBUG : CVideoPlayer::ProcessAudioData size:343 dts:34.783 pts:34.783 dur:23.000ms, clock:26.075 drop:0 level:99
2021-04-13 21:18:28.348 T:4972 DEBUG : CVideoPlayer::ProcessVideoData size:4251 dts:34.785 pts:34.785 dur:41.000ms, clock:26.075 level:92
2021-04-13 21:18:28.348 T:4972 DEBUG : CVideoPlayer::ProcessAudioData size:355 dts:34.807 pts:34.807 dur:23.000ms, clock:26.076 drop:0 level:99
2021-04-13 21:18:28.349 T:4763 DEBUG : CAMLCodec::PollFrame elapsed:37.089ms
2021-04-13 21:18:28.351 T:4973 DEBUG : CAMLCodec::GetTimeSize: len:24 dl:668487 fs:668225 front:122
2021-04-13 21:18:28.352 T:4763 DEBUG : PrepareNextRender: frameOnScreen: 26.080 renderPts: 26.246 nextFramePts: 26.235 -> diff: 0.011 render: 1 forceNext: 0
2021-04-13 21:18:28.354 T:4763 DEBUG : CAMLCodec::ReleaseFrame idx:629, drop:0
2021-04-13 21:18:28.358 T:4973 DEBUG : CAMLCodec::GetTimeSize: len:24 dl:667626 fs:668225 front:122
2021-04-13 21:18:28.358 T:4973 DEBUG : CAMLCodec::GetTimeSize: len:23 dl:667626 fs:668103 front:845
2021-04-13 21:18:28.358 T:4973 DEBUG : CAMLCodec::GetTimeSize: len:22 dl:667626 fs:667258 front:2602
2021-04-13 21:18:28.358 T:4973 DEBUG : CAMLCodec::DequeueBuffer: pts:26.443 idx:634
2021-04-13 21:18:28.358 T:4973 DEBUG : CAMLCodec::GetPicture: index: 634, pts: 26.443, dur:41ms ar:0.00
2021-04-13 21:18:28.358 T:4973 DEBUG : CVideoPlayerVideo::OutputPicture - ttd:357ms pts:26.443 Clock:26.086 Level:4
2021-04-13 21:18:28.359 T:4973 DEBUG : CAMLCodec::GetTimeSize: len:22 dl:667626 fs:667258 front:2602
2021-04-13 21:18:28.365 T:4973 DEBUG : CAMLCodec::AddData: dl:714872 sum:714488 sz:47230 dts:27.403 pts:27.403 overflow:0
2021-04-13 21:18:28.365 T:4973 DEBUG : CAMLCodec::GetTimeSize: len:23 dl:714872 fs:714488 front:2602
2021-04-13 21:18:28.372 T:4973 DEBUG : CAMLCodec::AddData: dl:776045 sum:775645 sz:61157 dts:27.444 pts:27.444 overflow:0
2021-04-13 21:18:28.372 T:4973 DEBUG : CAMLCodec::GetTimeSize: len:24 dl:776045 fs:775645 front:2602
2021-04-13 21:18:28.390 T:4974 INFO : Skipped 2 duplicate messages..
2021-04-13 21:18:28.390 T:4974 DEBUG : CVideoPlayerAudio::OutputPacket: pts:26.865 curr_pts:26.118 clock:26.118 level:99
2021-04-13 21:18:28.390 T:4974 DEBUG : CVideoPlayerAudio::OutputPacket: pts:26.889 curr_pts:26.118 clock:26.118 level:99
2021-04-13 21:18:28.391 T:4763 DEBUG : CAMLCodec::PollFrame elapsed:36.963ms
2021-04-13 21:18:28.391 T:4973 DEBUG : CAMLCodec::GetTimeSize: len:24 dl:776045 fs:775645 front:2602
2021-04-13 21:18:28.393 T:4763 DEBUG : PrepareNextRender: frameOnScreen: 26.121 renderPts: 26.288 nextFramePts: 26.277 -> diff: 0.011 render: 1 forceNext: 0
2021-04-13 21:18:28.395 T:4763 DEBUG : CAMLCodec::ReleaseFrame idx:630, drop:0
2021-04-13 21:18:28.397 T:4973 DEBUG : CAMLCodec::GetTimeSize: len:24 dl:773427 fs:775645 front:2602
2021-04-13 21:18:28.397 T:4973 DEBUG : CAMLCodec::GetTimeSize: len:23 dl:773427 fs:773043 front:3759
2021-04-13 21:18:28.398 T:4973 DEBUG : CAMLCodec::DequeueBuffer: pts:26.485 idx:635
2021-04-13 21:18:28.398 T:4973 DEBUG : CAMLCodec::GetPicture: index: 635, pts: 26.485, dur:42ms ar:0.00
2021-04-13 21:18:28.398 T:4973 DEBUG : CVideoPlayerVideo::OutputPicture - ttd:359ms pts:26.485 Clock:26.126 Level:4
2021-04-13 21:18:28.398 T:4972 DEBUG : CVideoPlayer::ProcessVideoData size:5063 dts:34.827 pts:34.827 dur:41.000ms, clock:26.126 level:92
2021-04-13 21:18:28.398 T:4972 DEBUG : CVideoPlayer::ProcessAudioData size:348 dts:34.830 pts:34.830 dur:23.000ms, clock:26.126 drop:0 level:99
2021-04-13 21:18:28.399 T:4972 DEBUG : CVideoPlayer::ProcessAudioData size:349 dts:34.853 pts:34.853 dur:23.000ms, clock:26.126 drop:0 level:99
2021-04-13 21:18:28.400 T:4973 DEBUG : CAMLCodec::GetTimeSize: len:23 dl:773427 fs:773043 front:3759
2021-04-13 21:18:28.405 T:4973 DEBUG : CAMLCodec::AddData: dl:812136 sum:811736 sz:38693 dts:27.486 pts:27.486 overflow:0
2021-04-13 21:18:28.405 T:4973 DEBUG : CAMLCodec::GetTimeSize: len:24 dl:812136 fs:811736 front:3759
2021-04-13 21:18:28.433 T:4763 INFO : Skipped 4 duplicate messages..
2021-04-13 21:18:28.432 T:4763 DEBUG : CAMLCodec::PollFrame elapsed:36.798ms
2021-04-13 21:18:28.435 T:4763 DEBUG : PrepareNextRender: frameOnScreen: 26.163 renderPts: 26.330 nextFramePts: 26.318 -> diff: 0.012 render: 1 forceNext: 0
2021-04-13 21:18:28.436 T:4973 DEBUG : CAMLCodec::GetTimeSize: len:24 dl:812136 fs:811736 front:3759
2021-04-13 21:18:28.437 T:4763 DEBUG : CAMLCodec::ReleaseFrame idx:631, drop:0
2021-04-13 21:18:28.440 T:4974 DEBUG : CVideoPlayerAudio::OutputPacket: pts:26.912 curr_pts:26.168 clock:26.168 level:99
2021-04-13 21:18:28.440 T:4974 DEBUG : CVideoPlayerAudio::OutputPacket: pts:26.935 curr_pts:26.168 clock:26.168 level:99
2021-04-13 21:18:28.443 T:4973 DEBUG : CAMLCodec::GetTimeSize: len:24 dl:808361 fs:811736 front:3759
2021-04-13 21:18:28.443 T:4973 DEBUG : CAMLCodec::GetTimeSize: len:23 dl:808361 fs:807977 front:5417
2021-04-13 21:18:28.443 T:4973 DEBUG : CAMLCodec::DequeueBuffer: pts:26.527 idx:636
2021-04-13 21:18:28.443 T:4973 DEBUG : CAMLCodec::GetPicture: index: 636, pts: 26.527, dur:42ms ar:0.00
2021-04-13 21:18:28.443 T:4973 DEBUG : CVideoPlayerVideo::OutputPicture - ttd:356ms pts:26.527 Clock:26.171 Level:4
2021-04-13 21:18:28.444 T:4973 DEBUG : CAMLCodec::GetTimeSize: len:23 dl:808361 fs:807977 front:5417
2021-04-13 21:18:28.449 T:4972 DEBUG : CVideoPlayer::ProcessVideoData size:4408 dts:34.868 pts:34.868 dur:41.000ms, clock:26.177 level:92
2021-04-13 21:18:28.449 T:4972 DEBUG : CVideoPlayer::ProcessAudioData size:352 dts:34.876 pts:34.876 dur:23.000ms, clock:26.177 drop:0 level:99
2021-04-13 21:18:28.449 T:4972 DEBUG : CVideoPlayer::ProcessAudioData size:358 dts:34.900 pts:34.900 dur:23.000ms, clock:26.177 drop:0 level:99
2021-04-13 21:18:28.452 T:4973 DEBUG : CAMLCodec::AddData: dl:879239 sum:878839 sz:70862 dts:27.528 pts:27.528 overflow:0
2021-04-13 21:18:28.452 T:4973 DEBUG : CAMLCodec::GetTimeSize: len:24 dl:879239 fs:878839 front:5417
2021-04-13 21:18:28.474 T:4763 INFO : Skipped 3 duplicate messages..
2021-04-13 21:18:28.474 T:4763 DEBUG : CAMLCodec::PollFrame elapsed:36.796ms
2021-04-13 21:18:28.477 T:4973 DEBUG : CAMLCodec::GetTimeSize: len:24 dl:879239 fs:878839 front:5417
2021-04-13 21:18:28.477 T:4763 DEBUG : PrepareNextRender: frameOnScreen: 26.205 renderPts: 26.372 nextFramePts: 26.360 -> diff: 0.012 render: 1 forceNext: 0
2021-04-13 21:18:28.479 T:4763 DEBUG : CAMLCodec::ReleaseFrame idx:632, drop:0
2021-04-13 21:18:28.483 T:4973 DEBUG : CAMLCodec::GetTimeSize: len:24 dl:873806 fs:878839 front:5417
2021-04-13 21:18:28.484 T:4973 DEBUG : CAMLCodec::GetTimeSize: len:23 dl:873806 fs:873422 front:6690
2021-04-13 21:18:28.484 T:4973 DEBUG : CAMLCodec::DequeueBuffer: pts:26.568 idx:637
2021-04-13 21:18:28.484 T:4973 DEBUG : CAMLCodec::GetPicture: index: 637, pts: 26.568, dur:41ms ar:0.00
2021-04-13 21:18:28.484 T:4973 DEBUG : CVideoPlayerVideo::OutputPicture - ttd:356ms pts:26.568 Clock:26.212 Level:4
2021-04-13 21:18:28.485 T:4973 DEBUG : CAMLCodec::GetTimeSize: len:23 dl:873806 fs:873422 front:6690
2021-04-13 21:18:28.490 T:4974 DEBUG : CVideoPlayerAudio::OutputPacket: pts:26.958 curr_pts:26.218 clock:26.218 level:99
2021-04-13 21:18:28.490 T:4972 DEBUG : CVideoPlayer::ProcessVideoData size:3169 dts:34.910 pts:34.910 dur:41.000ms, clock:26.218 level:92
2021-04-13 21:18:28.490 T:4972 DEBUG : CVideoPlayer::ProcessAudioData size:351 dts:34.923 pts:34.923 dur:23.000ms, clock:26.218 drop:0 level:99
2021-04-13 21:18:28.490 T:4974 DEBUG : CVideoPlayerAudio::OutputPacket: pts:26.982 curr_pts:26.218 clock:26.218 level:99
2021-04-13 21:18:28.493 T:4973 DEBUG : CAMLCodec::AddData: dl:930140 sum:929740 sz:56318 dts:27.569 pts:27.569 overflow:0
2021-04-13 21:18:28.493 T:4973 DEBUG : CAMLCodec::GetTimeSize: len:24 dl:930140 fs:929740 front:6690
2021-04-13 21:18:28.500 T:4972 INFO : Skipped 1 duplicate messages..
2021-04-13 21:18:28.500 T:4972 DEBUG : CVideoPlayer::ProcessAudioData size:361 dts:34.946 pts:34.946 dur:23.000ms, clock:26.228 drop:0 level:99
2021-04-13 21:18:28.506 T:4973 DEBUG : CAMLCodec::GetTimeSize: len:24 dl:930140 fs:929740 front:6690
2021-04-13 21:18:28.516 T:4763 INFO : Skipped 1 duplicate messages..
2021-04-13 21:18:28.516 T:4763 DEBUG : CAMLCodec::PollFrame elapsed:36.787ms
2021-04-13 21:18:28.518 T:4973 DEBUG : CAMLCodec::GetTimeSize: len:24 dl:930140 fs:929740 front:6690
2021-04-13 21:18:28.519 T:4763 DEBUG : PrepareNextRender: frameOnScreen: 26.246 renderPts: 26.413 nextFramePts: 26.402 -> diff: 0.011 render: 1 forceNext: 0
2021-04-13 21:18:28.521 T:4763 DEBUG : CAMLCodec::ReleaseFrame idx:633, drop:0
2021-04-13 21:18:28.525 T:4973 DEBUG : CAMLCodec::GetTimeSize: len:24 dl:923434 fs:929740 front:6690
2021-04-13 21:18:28.525 T:4973 DEBUG : CAMLCodec::GetTimeSize: len:23 dl:923434 fs:923050 front:7685
2021-04-13 21:18:28.525 T:4973 DEBUG : CAMLCodec::DequeueBuffer: pts:26.610 idx:638
2021-04-13 21:18:28.525 T:4973 DEBUG : CAMLCodec::GetPicture: index: 638, pts: 26.610, dur:42ms ar:0.00
2021-04-13 21:18:28.525 T:4973 DEBUG : CVideoPlayerVideo::OutputPicture - ttd:357ms pts:26.610 Clock:26.253 Level:4
2021-04-13 21:18:28.526 T:4973 DEBUG : CAMLCodec::GetTimeSize: len:23 dl:923434 fs:923050 front:7685
2021-04-13 21:18:28.533 T:4973 DEBUG : CAMLCodec::AddData: dl:976817 sum:976417 sz:53367 dts:27.611 pts:27.611 overflow:0
2021-04-13 21:18:28.533 T:4973 DEBUG : CAMLCodec::GetTimeSize: len:24 dl:976817 fs:976417 front:7685
2021-04-13 21:18:28.540 T:4974 INFO : Skipped 1 duplicate messages..
2021-04-13 21:18:28.540 T:4974 DEBUG : CVideoPlayerAudio::OutputPacket: pts:27.005 curr_pts:26.269 clock:26.268 level:99
2021-04-13 21:18:28.540 T:4974 DEBUG : CVideoPlayerAudio::OutputPacket: pts:27.028 curr_pts:26.269 clock:26.268 level:99
2021-04-13 21:18:28.541 T:4972 DEBUG : CVideoPlayer::ProcessVideoData size:68556 dts:34.952 pts:34.952 dur:41.000ms, clock:26.269 level:91
2021-04-13 21:18:28.542 T:4972 DEBUG : CVideoPlayer::ProcessAudioData size:366 dts:34.969 pts:34.969 dur:23.000ms, clock:26.270 drop:0 level:99
2021-04-13 21:18:28.542 T:4972 DEBUG : CVideoPlayer::ProcessAudioData size:412 dts:34.992 pts:34.992 dur:23.000ms, clock:26.270 drop:0 level:99
2021-04-13 21:18:28.546 T:4973 DEBUG : CAMLCodec::GetTimeSize: len:24 dl:976817 fs:976417 front:7685
2021-04-13 21:18:28.558 T:4763 INFO : Skipped 1 duplicate messages..
2021-04-13 21:18:28.558 T:4763 DEBUG : CAMLCodec::PollFrame elapsed:36.798ms
2021-04-13 21:18:28.559 T:4973 DEBUG : CAMLCodec::GetTimeSize: len:24 dl:976817 fs:976417 front:7685
2021-04-13 21:18:28.560 T:4763 DEBUG : PrepareNextRender: frameOnScreen: 26.288 renderPts: 26.455 nextFramePts: 26.443 -> diff: 0.012 render: 1 forceNext: 0
2021-04-13 21:18:28.562 T:4763 DEBUG : CAMLCodec::ReleaseFrame idx:634, drop:0
2021-04-13 21:18:28.565 T:4973 DEBUG : CAMLCodec::GetTimeSize: len:24 dl:976817 fs:976417 front:7685
2021-04-13 21:18:28.590 T:4974 INFO : Skipped 4 duplicate messages..
2021-04-13 21:18:28.590 T:4974 DEBUG : CVideoPlayerAudio::OutputPacket: pts:27.051 curr_pts:26.318 clock:26.318 level:99
2021-04-13 21:18:28.590 T:4974 DEBUG : CVideoPlayerAudio::OutputPacket: pts:27.074 curr_pts:26.318 clock:26.318 level:99
2021-04-13 21:18:28.590 T:4974 DEBUG : CVideoPlayerAudio::OutputPacket: pts:27.098 curr_pts:26.318 clock:26.318 level:99
2021-04-13 21:18:28.593 T:4972 DEBUG : CVideoPlayer::ProcessVideoData size:83104 dts:34.994 pts:34.994 dur:41.000ms, clock:26.321 level:92
2021-04-13 21:18:28.593 T:4972 DEBUG : CVideoPlayer::ProcessAudioData size:392 dts:35.016 pts:35.016 dur:23.000ms, clock:26.321 drop:0 level:99
2021-04-13 21:18:28.593 T:4972 DEBUG : CVideoPlayer::ProcessVideoData size:6630 dts:35.035 pts:35.035 dur:41.000ms, clock:26.321 level:92
2021-04-13 21:18:28.593 T:4972 DEBUG : CVideoPlayer::ProcessAudioData size:375 dts:35.039 pts:35.039 dur:23.000ms, clock:26.321 drop:0 level:99
2021-04-13 21:18:28.593 T:4972 DEBUG : CVideoPlayer::ProcessAudioData size:414 dts:35.062 pts:35.062 dur:23.000ms, clock:26.321 drop:0 level:99
2021-04-13 21:18:28.596 T:4973 DEBUG : CAMLCodec::GetTimeSize: len:24 dl:976817 fs:976417 front:7685
2021-04-13 21:18:28.599 T:4763 DEBUG : CAMLCodec::PollFrame elapsed:37.557ms
2021-04-13 21:18:28.602 T:4763 DEBUG : PrepareNextRender: frameOnScreen: 26.330 renderPts: 26.496 nextFramePts: 26.485 -> diff: 0.011 render: 1 forceNext: 0
2021-04-13 21:18:28.603 T:4973 DEBUG : CAMLCodec::GetTimeSize: len:24 dl:976817 fs:976417 front:7685
2021-04-13 21:18:28.604 T:4763 DEBUG : CAMLCodec::ReleaseFrame idx:635, drop:0
2021-04-13 21:18:28.609 T:4973 DEBUG : CAMLCodec::GetTimeSize: len:24 dl:969116 fs:976417 front:7685
2021-04-13 21:18:28.609 T:4973 DEBUG : CAMLCodec::GetTimeSize: len:23 dl:969116 fs:968732 front:9581
2021-04-13 21:18:28.609 T:4973 DEBUG : CAMLCodec::DequeueBuffer: pts:26.652 idx:639
2021-04-13 21:18:28.609 T:4973 DEBUG : CAMLCodec::GetPicture: index: 639, pts: 26.652, dur:42ms ar:0.00
2021-04-13 21:18:28.609 T:4973 DEBUG : CVideoPlayerVideo::OutputPicture - ttd:314ms pts:26.652 Clock:26.337 Level:3
2021-04-13 21:18:28.610 T:4973 DEBUG : CAMLCodec::GetTimeSize: len:23 dl:969116 fs:968732 front:9581
2021-04-13 21:18:28.616 T:4973 DEBUG : CAMLCodec::AddData: dl:1011650 sum:1011250 sz:42518 dts:27.653 pts:27.653 overflow:0
2021-04-13 21:18:28.616 T:4973 DEBUG : CAMLCodec::GetTimeSize: len:24 dl:1011650 fs:1011250 front:9581
2021-04-13 21:18:28.640 T:4974 INFO : Skipped 3 duplicate messages..
2021-04-13 21:18:28.640 T:4974 DEBUG : CVideoPlayerAudio::OutputPacket: pts:27.121 curr_pts:26.369 clock:26.368 level:99
2021-04-13 21:18:28.640 T:4974 DEBUG : CVideoPlayerAudio::OutputPacket: pts:27.144 curr_pts:26.369 clock:26.368 level:99
2021-04-13 21:18:28.641 T:4973 DEBUG : CAMLCodec::GetTimeSize: len:24 dl:1011650 fs:1011250 front:9581
2021-04-13 21:18:28.641 T:4763 DEBUG : CAMLCodec::PollFrame elapsed:36.622ms
2021-04-13 21:18:28.644 T:4763 DEBUG : PrepareNextRender: frameOnScreen: 26.372 renderPts: 26.538 nextFramePts: 26.527 -> diff: 0.011 render: 1 forceNext: 0
2021-04-13 21:18:28.644 T:4972 DEBUG : CVideoPlayer::ProcessVideoData size:7545 dts:35.077 pts:35.077 dur:41.000ms, clock:26.372 level:92
2021-04-13 21:18:28.645 T:4972 DEBUG : CVideoPlayer::ProcessAudioData size:360 dts:35.085 pts:35.085 dur:23.000ms, clock:26.373 drop:0 level:99
2021-04-13 21:18:28.645 T:4972 DEBUG : CVideoPlayer::ProcessAudioData size:365 dts:35.109 pts:35.109 dur:23.000ms, clock:26.373 drop:0 level:99
2021-04-13 21:18:28.646 T:4763 DEBUG : CAMLCodec::ReleaseFrame idx:636, drop:0
2021-04-13 21:18:28.647 T:4973 DEBUG : CAMLCodec::GetTimeSize: len:24 dl:1002053 fs:1011250 front:9581
2021-04-13 21:18:28.647 T:4973 DEBUG : CAMLCodec::GetTimeSize: len:23 dl:1002053 fs:1001669 front:10018
2021-04-13 21:18:28.647 T:4973 DEBUG : CAMLCodec::DequeueBuffer: pts:26.694 idx:640
2021-04-13 21:18:28.647 T:4973 DEBUG : CAMLCodec::GetPicture: index: 640, pts: 26.694, dur:42ms ar:0.00
2021-04-13 21:18:28.647 T:4973 DEBUG : CVideoPlayerVideo::OutputPicture - ttd:318ms pts:26.694 Clock:26.375 Level:3
2021-04-13 21:18:28.648 T:4973 DEBUG : CAMLCodec::GetTimeSize: len:23 dl:1002053 fs:1001669 front:10018
2021-04-13 21:18:28.654 T:4973 DEBUG : CAMLCodec::AddData: dl:1046493 sum:1046093 sz:44424 dts:27.695 pts:27.695 overflow:0
2021-04-13 21:18:28.654 T:4973 DEBUG : CAMLCodec::GetTimeSize: len:24 dl:1046493 fs:1046093 front:10018
2021-04-13 21:18:28.683 T:4763 INFO : Skipped 4 duplicate messages..
2021-04-13 21:18:28.683 T:4763 DEBUG : CAMLCodec::PollFrame elapsed:36.618ms
2021-04-13 21:18:28.685 T:4763 DEBUG : PrepareNextRender: frameOnScreen: 26.413 renderPts: 26.580 nextFramePts: 26.568 -> diff: 0.012 render: 1 forceNext: 0
2021-04-13 21:18:28.685 T:4973 DEBUG : CAMLCodec::GetTimeSize: len:24 dl:1046493 fs:1046093 front:10018
2021-04-13 21:18:28.687 T:4763 DEBUG : CAMLCodec::ReleaseFrame idx:637, drop:0
2021-04-13 21:18:28.690 T:4974 DEBUG : CVideoPlayerAudio::OutputPacket: pts:27.167 curr_pts:26.418 clock:26.418 level:99
2021-04-13 21:18:28.690 T:4974 DEBUG : CVideoPlayerAudio::OutputPacket: pts:27.191 curr_pts:26.418 clock:26.418 level:99
2021-04-13 21:18:28.691 T:4973 DEBUG : CAMLCodec::GetTimeSize: len:24 dl:1036459 fs:1046093 front:10018
2021-04-13 21:18:28.692 T:4973 DEBUG : CAMLCodec::GetTimeSize: len:23 dl:1036459 fs:1036075 front:8521
2021-04-13 21:18:28.692 T:4973 DEBUG : CAMLCodec::DequeueBuffer: pts:26.735 idx:641
2021-04-13 21:18:28.692 T:4973 DEBUG : CAMLCodec::GetPicture: index: 641, pts: 26.735, dur:41ms ar:0.00
2021-04-13 21:18:28.692 T:4973 DEBUG : CVideoPlayerVideo::OutputPicture - ttd:315ms pts:26.735 Clock:26.420 Level:3
2021-04-13 21:18:28.693 T:4973 DEBUG : CAMLCodec::GetTimeSize: len:23 dl:1036459 fs:1036075 front:8521
2021-04-13 21:18:28.695 T:4972 DEBUG : CVideoPlayer::ProcessVideoData size:6446 dts:35.119 pts:35.119 dur:41.000ms, clock:26.423 level:92
2021-04-13 21:18:28.696 T:4972 DEBUG : CVideoPlayer::ProcessAudioData size:355 dts:35.132 pts:35.132 dur:23.000ms, clock:26.423 drop:0 level:99
2021-04-13 21:18:28.696 T:4972 DEBUG : CVideoPlayer::ProcessAudioData size:426 dts:35.155 pts:35.155 dur:23.000ms, clock:26.424 drop:0 level:99
2021-04-13 21:18:28.700 T:4973 DEBUG : CAMLCodec::AddData: dl:1097384 sum:1096984 sz:60909 dts:27.736 pts:27.736 overflow:0
2021-04-13 21:18:28.700 T:4973 DEBUG : CAMLCodec::GetTimeSize: len:24 dl:1097384 fs:1096984 front:8521
2021-04-13 21:18:28.724 T:4763 INFO : Skipped 3 duplicate messages..
2021-04-13 21:18:28.724 T:4763 DEBUG : CAMLCodec::PollFrame elapsed:37.416ms
2021-04-13 21:18:28.725 T:4973 DEBUG : CAMLCodec::GetTimeSize: len:24 dl:1097384 fs:1096984 front:8521
2021-04-13 21:18:28.727 T:4763 DEBUG : PrepareNextRender: frameOnScreen: 26.455 renderPts: 26.622 nextFramePts: 26.610 -> diff: 0.012 render: 1 forceNext: 0
2021-04-13 21:18:28.729 T:4763 DEBUG : CAMLCodec::ReleaseFrame idx:638, drop:0
2021-04-13 21:18:28.732 T:4973 DEBUG : CAMLCodec::GetTimeSize: len:24 dl:1088847 fs:1096984 front:8521
2021-04-13 21:18:28.732 T:4973 DEBUG : CAMLCodec::GetTimeSize: len:23 dl:1088847 fs:1088463 front:1339
2021-04-13 21:18:28.732 T:4973 DEBUG : CAMLCodec::DequeueBuffer: pts:26.777 idx:642
2021-04-13 21:18:28.732 T:4973 DEBUG : CAMLCodec::GetPicture: index: 642, pts: 26.777, dur:42ms ar:0.00
2021-04-13 21:18:28.732 T:4973 DEBUG : CVideoPlayerVideo::OutputPicture - ttd:316ms pts:26.777 Clock:26.460 Level:3
2021-04-13 21:18:28.733 T:4973 DEBUG : CAMLCodec::GetTimeSize: len:23 dl:1088847 fs:1088463 front:1339
2021-04-13 21:18:28.739 T:4973 DEBUG : CAMLCodec::AddData: dl:1118746 sum:1118346 sz:29883 dts:27.778 pts:27.778 overflow:0
2021-04-13 21:18:28.739 T:4973 DEBUG : CAMLCodec::GetTimeSize: len:24 dl:1118746 fs:1118346 front:1339
2021-04-13 21:18:28.740 T:4974 DEBUG : CVideoPlayerAudio::OutputPacket: pts:27.214 curr_pts:26.469 clock:26.468 level:99
2021-04-13 21:18:28.740 T:4974 DEBUG : CVideoPlayerAudio::OutputPacket: pts:27.237 curr_pts:26.469 clock:26.468 level:99
2021-04-13 21:18:28.745 T:4973 DEBUG : CAMLCodec::GetTimeSize: len:24 dl:1118746 fs:1118346 front:1339
2021-04-13 21:18:28.746 T:4972 DEBUG : CVideoPlayer::ProcessVideoData size:5610 dts:35.160 pts:35.160 dur:41.000ms, clock:26.474 level:92
2021-04-13 21:18:28.747 T:4972 DEBUG : CVideoPlayer::ProcessAudioData size:392 dts:35.178 pts:35.178 dur:23.000ms, clock:26.474 drop:0 level:99
2021-04-13 21:18:28.747 T:4972 DEBUG : CVideoPlayer::ProcessAudioData size:347 dts:35.201 pts:35.201 dur:23.000ms, clock:26.475 drop:0 level:99
2021-04-13 21:18:28.751 T:4973 DEBUG : CAMLCodec::GetTimeSize: len:24 dl:1118746 fs:1118346 front:1339
2021-04-13 21:18:28.766 T:4763 INFO : Skipped 2 duplicate messages..
2021-04-13 21:18:28.766 T:4763 DEBUG : CAMLCodec::PollFrame elapsed:36.566ms
2021-04-13 21:18:28.769 T:4763 DEBUG : PrepareNextRender: frameOnScreen: 26.497 renderPts: 26.664 nextFramePts: 26.652 -> diff: 0.012 render: 1 forceNext: 0
2021-04-13 21:18:28.770 T:4973 DEBUG : CAMLCodec::GetTimeSize: len:24 dl:1118746 fs:1118346 front:1339
2021-04-13 21:18:28.772 T:4763 DEBUG : CAMLCodec::ReleaseFrame idx:639, drop:0
2021-04-13 21:18:28.777 T:4973 DEBUG : CAMLCodec::GetTimeSize: len:24 dl:1117391 fs:1118346 front:1339
2021-04-13 21:18:28.777 T:4973 DEBUG : CAMLCodec::GetTimeSize: len:23 dl:1117391 fs:1117007 front:159363
2021-04-13 21:18:28.777 T:4973 DEBUG : CAMLCodec::DequeueBuffer: pts:26.819 idx:643
2021-04-13 21:18:28.777 T:4973 DEBUG : CAMLCodec::GetPicture: index: 643, pts: 26.819, dur:42ms ar:0.00
2021-04-13 21:18:28.777 T:4973 DEBUG : CVideoPlayerVideo::OutputPicture - ttd:314ms pts:26.819 Clock:26.505 Level:3
2021-04-13 21:18:28.778 T:4973 DEBUG : CAMLCodec::GetTimeSize: len:23 dl:1117391 fs:1117007 front:159363
2021-04-13 21:18:28.783 T:4973 DEBUG : CAMLCodec::AddData: dl:958435 sum:1117422 sz:415 dts:27.820 pts:27.820 overflow:0
2021-04-13 21:18:28.783 T:4973 DEBUG : CAMLCodec::GetTimeSize: len:24 dl:958435 fs:1117422 front:159363
2021-04-13 21:18:28.783 T:4973 DEBUG : CAMLCodec::GetTimeSize: len:23 dl:958435 fs:958059 front:15730
2021-04-13 21:18:28.783 T:4973 DEBUG : CAMLCodec::DequeueBuffer: pts:26.860 idx:644
2021-04-13 21:18:28.784 T:4973 DEBUG : CAMLCodec::GetPicture: index: 644, pts: 26.860, dur:41ms ar:0.00
2021-04-13 21:18:28.784 T:4973 DEBUG : CVideoPlayerVideo::OutputPicture - ttd:348ms pts:26.860 Clock:26.511 Level:4
2021-04-13 21:18:28.785 T:4973 DEBUG : CAMLCodec::GetTimeSize: len:23 dl:958435 fs:958059 front:15730
2021-04-13 21:18:28.789 T:4974 DEBUG : CVideoPlayerAudio::OutputPacket: pts:27.260 curr_pts:26.518 clock:26.517 level:99
2021-04-13 21:18:28.790 T:4974 DEBUG : CVideoPlayerAudio::OutputPacket: pts:27.283 curr_pts:26.518 clock:26.518 level:99
2021-04-13 21:18:28.790 T:4973 DEBUG : frame_number : 2, mag : 3; index_sz : 8
2021-04-13 21:18:28.793 T:4973 DEBUG : CAMLCodec::AddData: dl:1234510 sum:1234110 sz:276051 dts:27.861 pts:27.861 overflow:0
2021-04-13 21:18:28.793 T:4973 DEBUG : CAMLCodec::GetTimeSize: len:24 dl:1234510 fs:1234110 front:15730
2021-04-13 21:18:28.797 T:4972 DEBUG : CVideoPlayer::ProcessVideoData size:5573 dts:35.202 pts:35.202 dur:41.000ms, clock:26.525 level:91
2021-04-13 21:18:28.797 T:4972 DEBUG : CVideoPlayer::ProcessAudioData size:390 dts:35.225 pts:35.225 dur:23.000ms, clock:26.525 drop:0 level:99
2021-04-13 21:18:28.798 T:4972 DEBUG : CVideoPlayer::ProcessVideoData size:5730 dts:35.244 pts:35.244 dur:41.000ms, clock:26.526 level:92
2021-04-13 21:18:28.798 T:4972 DEBUG : CVideoPlayer::ProcessAudioData size:369 dts:35.248 pts:35.248 dur:23.000ms, clock:26.526 drop:0 level:99
2021-04-13 21:18:28.799 T:4973 DEBUG : CAMLCodec::GetTimeSize: len:24 dl:1234510 fs:1234110 front:15730
2021-04-13 21:18:28.808 T:4763 INFO : Skipped 1 duplicate messages..
2021-04-13 21:18:28.808 T:4763 DEBUG : CAMLCodec::PollFrame elapsed:35.915ms
2021-04-13 21:18:28.810 T:4763 DEBUG : PrepareNextRender: frameOnScreen: 26.538 renderPts: 26.705 nextFramePts: 26.694 -> diff: 0.011 render: 1 forceNext: 0
2021-04-13 21:18:28.812 T:4763 DEBUG : CAMLCodec::ReleaseFrame idx:640, drop:0
2021-04-13 21:18:28.812 T:4973 DEBUG : CAMLCodec::GetTimeSize: len:24 dl:1234510 fs:1234110 front:15730
2021-04-13 21:18:28.840 T:4974 INFO : Skipped 4 duplicate messages..
2021-04-13 21:18:28.840 T:4974 DEBUG : CVideoPlayerAudio::OutputPacket: pts:27.307 curr_pts:26.567 clock:26.567 level:99
2021-04-13 21:18:28.840 T:4974 DEBUG : CVideoPlayerAudio::OutputPacket: pts:27.330 curr_pts:26.569 clock:26.568 level:99
2021-04-13 21:18:28.843 T:4973 DEBUG : CAMLCodec::GetTimeSize: len:24 dl:1234510 fs:1234110 front:15730
2021-04-13 21:18:28.848 T:4972 DEBUG : CVideoPlayer::ProcessAudioData size:333 dts:35.271 pts:35.271 dur:23.000ms, clock:26.576 drop:0 level:99
2021-04-13 21:18:28.849 T:4972 DEBUG : CVideoPlayer::ProcessVideoData size:4550 dts:35.286 pts:35.286 dur:41.000ms, clock:26.576 level:92
2021-04-13 21:18:28.849 T:4972 DEBUG : CVideoPlayer::ProcessAudioData size:345 dts:35.294 pts:35.294 dur:23.000ms, clock:26.577 drop:0 level:99
2021-04-13 21:18:28.850 T:4763 DEBUG : CAMLCodec::PollFrame elapsed:37.413ms
2021-04-13 21:18:28.850 T:4973 DEBUG : CAMLCodec::GetTimeSize: len:24 dl:1234510 fs:1234110 front:15730
2021-04-13 21:18:28.852 T:4763 DEBUG : PrepareNextRender: frameOnScreen: 26.580 renderPts: 26.747 nextFramePts: 26.735 -> diff: 0.012 render: 1 forceNext: 0
2021-04-13 21:18:28.855 T:4763 DEBUG : CAMLCodec::ReleaseFrame idx:641, drop:0
2021-04-13 21:18:28.856 T:4973 DEBUG : CAMLCodec::GetTimeSize: len:24 dl:1218764 fs:1234110 front:15730
2021-04-13 21:18:28.856 T:4973 DEBUG : CAMLCodec::GetTimeSize: len:23 dl:1218764 fs:1218380 front:17555
2021-04-13 21:18:28.856 T:4973 DEBUG : CAMLCodec::DequeueBuffer: pts:26.902 idx:645
2021-04-13 21:18:28.856 T:4973 DEBUG : CAMLCodec::GetPicture: index: 645, pts: 26.902, dur:42ms ar:0.00
2021-04-13 21:18:28.856 T:4973 DEBUG : CVideoPlayerVideo::OutputPicture - ttd:317ms pts:26.902 Clock:26.584 Level:3
2021-04-13 21:18:28.857 T:4973 DEBUG : CAMLCodec::GetTimeSize: len:23 dl:1218764 fs:1218380 front:17555
2021-04-13 21:18:28.865 T:4973 DEBUG : CAMLCodec::AddData: dl:1293911 sum:1293511 sz:75131 dts:27.903 pts:27.903 overflow:0
2021-04-13 21:18:28.865 T:4973 DEBUG : CAMLCodec::GetTimeSize: len:24 dl:1293911 fs:1293511 front:17555
2021-04-13 21:18:28.890 T:4974 INFO : Skipped 3 duplicate messages..
2021-04-13 21:18:28.890 T:4974 DEBUG : CVideoPlayerAudio::OutputPacket: pts:27.353 curr_pts:26.618 clock:26.617 level:99
2021-04-13 21:18:28.890 T:4974 DEBUG : CVideoPlayerAudio::OutputPacket: pts:27.376 curr_pts:26.618 clock:26.618 level:99
2021-04-13 21:18:28.890 T:4974 DEBUG : CVideoPlayerAudio::OutputPacket: pts:27.400 curr_pts:26.618 clock:26.618 level:99
2021-04-13 21:18:28.890 T:4973 DEBUG : CAMLCodec::GetTimeSize: len:24 dl:1293911 fs:1293511 front:17555
2021-04-13 21:18:28.891 T:4763 DEBUG : CAMLCodec::PollFrame elapsed:36.471ms
2021-04-13 21:18:28.894 T:4763 DEBUG : PrepareNextRender: frameOnScreen: 26.622 renderPts: 26.789 nextFramePts: 26.777 -> diff: 0.012 render: 1 forceNext: 0
2021-04-13 21:18:28.896 T:4763 DEBUG : CAMLCodec::ReleaseFrame idx:642, drop:0
2021-04-13 21:18:28.897 T:4973 DEBUG : CAMLCodec::GetTimeSize: len:24 dl:1276340 fs:1293511 front:17555
2021-04-13 21:18:28.897 T:4973 DEBUG : CAMLCodec::GetTimeSize: len:23 dl:1276340 fs:1275956 front:20390
2021-04-13 21:18:28.897 T:4973 DEBUG : CAMLCodec::DequeueBuffer: pts:26.944 idx:646
2021-04-13 21:18:28.897 T:4973 DEBUG : CAMLCodec::GetPicture: index: 646, pts: 26.944, dur:42ms ar:0.00
2021-04-13 21:18:28.897 T:4973 DEBUG : CVideoPlayerVideo::OutputPicture - ttd:319ms pts:26.944 Clock:26.625 Level:3
2021-04-13 21:18:28.898 T:4973 DEBUG : CAMLCodec::GetTimeSize: len:23 dl:1276340 fs:1275956 front:20390
2021-04-13 21:18:28.899 T:4972 DEBUG : CVideoPlayer::ProcessAudioData size:352 dts:35.318 pts:35.318 dur:23.000ms, clock:26.627 drop:0 level:99
2021-04-13 21:18:28.899 T:4972 DEBUG : CVideoPlayer::ProcessVideoData size:4069 dts:35.327 pts:35.327 dur:41.000ms, clock:26.627 level:92
2021-04-13 21:18:28.899 T:4972 DEBUG : CVideoPlayer::ProcessAudioData size:372 dts:35.341 pts:35.341 dur:23.000ms, clock:26.627 drop:0 level:99
2021-04-13 21:18:28.899 T:4972 DEBUG : CVideoPlayer::ProcessAudioData size:359 dts:35.364 pts:35.364 dur:23.000ms, clock:26.627 drop:0 level:99
2021-04-13 21:18:28.903 T:4973 DEBUG : CAMLCodec::AddData: dl:1299290 sum:1298890 sz:22934 dts:27.945 pts:27.945 overflow:0
2021-04-13 21:18:28.903 T:4973 DEBUG : CAMLCodec::GetTimeSize: len:24 dl:1299290 fs:1298890 front:20390
2021-04-13 21:18:28.933 T:4763 INFO : Skipped 4 duplicate messages..
2021-04-13 21:18:28.933 T:4763 DEBUG : CAMLCodec::PollFrame elapsed:36.582ms
2021-04-13 21:18:28.935 T:4973 DEBUG : CAMLCodec::GetTimeSize: len:24 dl:1299290 fs:1298890 front:20390
2021-04-13 21:18:28.936 T:4763 DEBUG : PrepareNextRender: frameOnScreen: 26.663 renderPts: 26.830 nextFramePts: 26.819 -> diff: 0.011 render: 1 forceNext: 0
2021-04-13 21:18:28.937 T:4763 DEBUG : CAMLCodec::ReleaseFrame idx:643, drop:0
2021-04-13 21:18:28.940 T:4974 DEBUG : CVideoPlayerAudio::OutputPacket: pts:27.423 curr_pts:26.668 clock:26.668 level:99
2021-04-13 21:18:28.940 T:4974 DEBUG : CVideoPlayerAudio::OutputPacket: pts:27.446 curr_pts:26.669 clock:26.668 level:99
2021-04-13 21:18:28.940 T:4972 DEBUG : CVideoPlayer::ProcessVideoData size:3558 dts:35.369 pts:35.369 dur:41.000ms, clock:26.668 level:92
2021-04-13 21:18:28.940 T:4972 DEBUG : CVideoPlayer::ProcessAudioData size:360 dts:35.387 pts:35.387 dur:23.000ms, clock:26.668 drop:0 level:99
2021-04-13 21:18:28.940 T:4972 DEBUG : CVideoPlayer::ProcessAudioData size:366 dts:35.410 pts:35.410 dur:23.000ms, clock:26.668 drop:0 level:99
2021-04-13 21:18:28.942 T:4973 DEBUG : CAMLCodec::GetTimeSize: len:24 dl:1278884 fs:1298890 front:20390
2021-04-13 21:18:28.942 T:4973 DEBUG : CAMLCodec::GetTimeSize: len:23 dl:1278884 fs:1278500 front:26179
2021-04-13 21:18:28.942 T:4973 DEBUG : CAMLCodec::DequeueBuffer: pts:26.986 idx:647
2021-04-13 21:18:28.942 T:4973 DEBUG : CAMLCodec::GetPicture: index: 647, pts: 26.986, dur:42ms ar:0.00
2021-04-13 21:18:28.942 T:4973 DEBUG : CVideoPlayerVideo::OutputPicture - ttd:316ms pts:26.986 Clock:26.670 Level:3
2021-04-13 21:18:28.943 T:4973 DEBUG : CAMLCodec::GetTimeSize: len:23 dl:1278884 fs:1278500 front:26179
2021-04-13 21:18:28.950 T:4973 DEBUG : CAMLCodec::AddData: dl:1348537 sum:1348137 sz:69637 dts:27.987 pts:27.987 overflow:0
2021-04-13 21:18:28.950 T:4973 DEBUG : CAMLCodec::GetTimeSize: len:24 dl:1348537 fs:1348137 front:26179
2021-04-13 21:18:28.975 T:4763 INFO : Skipped 3 duplicate messages..
2021-04-13 21:18:28.975 T:4763 DEBUG : CAMLCodec::PollFrame elapsed:37.238ms
2021-04-13 21:18:28.976 T:4973 DEBUG : CAMLCodec::GetTimeSize: len:24 dl:1348537 fs:1348137 front:26179
2021-04-13 21:18:28.978 T:4763 DEBUG : PrepareNextRender: frameOnScreen: 26.705 renderPts: 26.872 nextFramePts: 26.860 -> diff: 0.012 render: 1 forceNext: 0
2021-04-13 21:18:28.980 T:4763 DEBUG : CAMLCodec::ReleaseFrame idx:644, drop:0
2021-04-13 21:18:28.982 T:4973 DEBUG : CAMLCodec::GetTimeSize: len:24 dl:1322342 fs:1348137 front:26179
2021-04-13 21:18:28.982 T:4973 DEBUG : CAMLCodec::GetTimeSize: len:23 dl:1322342 fs:1321958 front:27090
2021-04-13 21:18:28.982 T:4973 DEBUG : CAMLCodec::DequeueBuffer: pts:27.027 idx:648
2021-04-13 21:18:28.982 T:4973 DEBUG : CAMLCodec::GetPicture: index: 648, pts: 27.027, dur:41ms ar:0.00
2021-04-13 21:18:28.982 T:4973 DEBUG : CVideoPlayerVideo::OutputPicture - ttd:316ms pts:27.027 Clock:26.710 Level:3
2021-04-13 21:18:28.984 T:4973 DEBUG : CAMLCodec::GetTimeSize: len:23 dl:1322342 fs:1321958 front:27090
2021-04-13 21:18:28.989 T:4973 DEBUG : CAMLCodec::AddData: dl:1348820 sum:1348420 sz:26462 dts:28.028 pts:28.028 overflow:0
2021-04-13 21:18:28.989 T:4973 DEBUG : CAMLCodec::GetTimeSize: len:24 dl:1348820 fs:1348420 front:27090
2021-04-13 21:18:28.990 T:4974 DEBUG : CVideoPlayerAudio::OutputPacket: pts:27.469 curr_pts:26.718 clock:26.718 level:99
2021-04-13 21:18:28.990 T:4974 DEBUG : CVideoPlayerAudio::OutputPacket: pts:27.492 curr_pts:26.718 clock:26.718 level:99
2021-04-13 21:18:28.991 T:4972 DEBUG : CVideoPlayer::ProcessVideoData size:2474 dts:35.411 pts:35.411 dur:41.000ms, clock:26.719 level:92
2021-04-13 21:18:28.991 T:4972 DEBUG : CVideoPlayer::ProcessAudioData size:376 dts:35.434 pts:35.434 dur:23.000ms, clock:26.719 drop:0 level:99
2021-04-13 21:18:28.991 T:4972 DEBUG : CVideoPlayer::ProcessVideoData size:188 dts:35.452 pts:35.452 dur:41.000ms, clock:26.719 level:92
2021-04-13 21:18:28.991 T:4972 DEBUG : CVideoPlayer::ProcessAudioData size:421 dts:35.457 pts:35.457 dur:23.000ms, clock:26.719 drop:0 level:99
2021-04-13 21:18:28.995 T:4973 DEBUG : CAMLCodec::GetTimeSize: len:24 dl:1348820 fs:1348420 front:27090
2021-04-13 21:18:29.016 T:4763 INFO : Skipped 3 duplicate messages..
2021-04-13 21:18:29.016 T:4763 DEBUG : CAMLCodec::PollFrame elapsed:36.257ms
2021-04-13 21:18:29.019 T:4763 DEBUG : PrepareNextRender: frameOnScreen: 26.746 renderPts: 26.913 nextFramePts: 26.902 -> diff: 0.011 render: 1 forceNext: 0
2021-04-13 21:18:29.020 T:4973 DEBUG : CAMLCodec::GetTimeSize: len:24 dl:1348820 fs:1348420 front:27090
2021-04-13 21:18:29.021 T:4763 DEBUG : CAMLCodec::ReleaseFrame idx:645, drop:0
2021-04-13 21:18:29.027 T:4973 DEBUG : CAMLCodec::GetTimeSize: len:24 dl:1321714 fs:1348420 front:27090
2021-04-13 21:18:29.027 T:4973 DEBUG : CAMLCodec::GetTimeSize: len:23 dl:1321714 fs:1321330 front:28536
2021-04-13 21:18:29.027 T:4973 DEBUG : CAMLCodec::DequeueBuffer: pts:27.069 idx:649
2021-04-13 21:18:29.027 T:4973 DEBUG : CAMLCodec::GetPicture: index: 649, pts: 27.069, dur:42ms ar:0.00
2021-04-13 21:18:29.027 T:4973 DEBUG : CVideoPlayerVideo::OutputPicture - ttd:313ms pts:27.069 Clock:26.755 Level:3
2021-04-13 21:18:29.028 T:4973 DEBUG : CAMLCodec::GetTimeSize: len:23 dl:1321714 fs:1321330 front:28536
2021-04-13 21:18:29.034 T:4973 DEBUG : CAMLCodec::AddData: dl:1367685 sum:1367285 sz:45955 dts:28.070 pts:28.070 overflow:0
2021-04-13 21:18:29.034 T:4973 DEBUG : CAMLCodec::GetTimeSize: len:24 dl:1367685 fs:1367285 front:28536
2021-04-13 21:18:29.040 T:4974 DEBUG : CVideoPlayerAudio::OutputPacket: pts:27.516 curr_pts:26.768 clock:26.768 level:99
2021-04-13 21:18:29.040 T:4973 DEBUG : CAMLCodec::GetTimeSize: len:24 dl:1367685 fs:1367285 front:28536
2021-04-13 21:18:29.040 T:4974 DEBUG : CVideoPlayerAudio::OutputPacket: pts:27.539 curr_pts:26.769 clock:26.768 level:99
2021-04-13 21:18:29.042 T:4972 DEBUG : CVideoPlayer::ProcessAudioData size:355 dts:35.480 pts:35.480 dur:23.000ms, clock:26.770 drop:0 level:99
2021-04-13 21:18:29.043 T:4972 DEBUG : CVideoPlayer::ProcessVideoData size:103818 dts:35.494 pts:35.494 dur:41.000ms, clock:26.770 level:92
2021-04-13 21:18:29.043 T:4972 DEBUG : CVideoPlayer::ProcessAudioData size:355 dts:35.503 pts:35.503 dur:23.000ms, clock:26.771 drop:0 level:99
2021-04-13 21:18:29.046 T:4973 DEBUG : CAMLCodec::GetTimeSize: len:24 dl:1367685 fs:1367285 front:28536
2021-04-13 21:18:29.058 T:4763 INFO : Skipped 1 duplicate messages..
2021-04-13 21:18:29.058 T:4763 DEBUG : CAMLCodec::PollFrame elapsed:37.025ms
2021-04-13 21:18:29.059 T:4973 DEBUG : CAMLCodec::GetTimeSize: len:24 dl:1367685 fs:1367285 front:28536
2021-04-13 21:18:29.060 T:4763 DEBUG : PrepareNextRender: frameOnScreen: 26.788 renderPts: 26.955 nextFramePts: 26.944 -> diff: 0.011 render: 1 forceNext: 0
2021-04-13 21:18:29.062 T:4763 DEBUG : CAMLCodec::ReleaseFrame idx:646, drop:0
2021-04-13 21:18:29.065 T:4973 DEBUG : CAMLCodec::GetTimeSize: len:24 dl:1367685 fs:1367285 front:28536
2021-04-13 21:18:29.090 T:4974 INFO : Skipped 3 duplicate messages..
2021-04-13 21:18:29.090 T:4974 DEBUG : CVideoPlayerAudio::OutputPacket: pts:27.562 curr_pts:26.818 clock:26.818 level:99
2021-04-13 21:18:29.090 T:4974 DEBUG : CVideoPlayerAudio::OutputPacket: pts:27.585 curr_pts:26.818 clock:26.818 level:99
2021-04-13 21:18:29.090 T:4973 DEBUG : CAMLCodec::GetTimeSize: len:24 dl:1367685 fs:1367285 front:28536
2021-04-13 21:18:29.093 T:4972 DEBUG : CVideoPlayer::ProcessAudioData size:378 dts:35.527 pts:35.527 dur:23.000ms, clock:26.821 drop:0 level:99
2021-04-13 21:18:29.093 T:4972 DEBUG : CVideoPlayer::ProcessVideoData size:4675 dts:35.536 pts:35.536 dur:41.000ms, clock:26.821 level:93
2021-04-13 21:18:29.094 T:4972 DEBUG : CVideoPlayer::ProcessAudioData size:458 dts:35.550 pts:35.550 dur:23.000ms, clock:26.821 drop:0 level:99
2021-04-13 21:18:29.097 T:4973 DEBUG : CAMLCodec::GetTimeSize: len:24 dl:1367685 fs:1367285 front:28536
2021-04-13 21:18:29.100 T:4763 DEBUG : CAMLCodec::PollFrame elapsed:37.282ms
2021-04-13 21:18:29.103 T:4763 DEBUG : PrepareNextRender: frameOnScreen: 26.830 renderPts: 26.997 nextFramePts: 26.986 -> diff: 0.011 render: 1 forceNext: 0
2021-04-13 21:18:29.103 T:4973 DEBUG : CAMLCodec::GetTimeSize: len:24 dl:1367685 fs:1367285 front:28536
2021-04-13 21:18:29.105 T:4763 DEBUG : CAMLCodec::ReleaseFrame idx:647, drop:0
2021-04-13 21:18:29.110 T:4973 DEBUG : CAMLCodec::GetTimeSize: len:24 dl:1339133 fs:1367285 front:28536
2021-04-13 21:18:29.110 T:4973 DEBUG : CAMLCodec::GetTimeSize: len:23 dl:1339133 fs:1338749 front:31435
2021-04-13 21:18:29.110 T:4973 DEBUG : CAMLCodec::DequeueBuffer: pts:27.111 idx:650
2021-04-13 21:18:29.110 T:4973 DEBUG : CAMLCodec::GetPicture: index: 650, pts: 27.111, dur:42ms ar:0.00
2021-04-13 21:18:29.110 T:4973 DEBUG : CVideoPlayerVideo::OutputPicture - ttd:273ms pts:27.111 Clock:26.838 Level:2
2021-04-13 21:18:29.111 T:4973 DEBUG : CAMLCodec::GetTimeSize: len:23 dl:1339133 fs:1338749 front:31435
2021-04-13 21:18:29.116 T:4973 DEBUG : CAMLCodec::AddData: dl:1382945 sum:1382545 sz:43796 dts:28.112 pts:28.112 overflow:0
2021-04-13 21:18:29.116 T:4973 DEBUG : CAMLCodec::GetTimeSize: len:24 dl:1382945 fs:1382545 front:31435
2021-04-13 21:18:29.140 T:4974 INFO : Skipped 3 duplicate messages..
2021-04-13 21:18:29.140 T:4974 DEBUG : CVideoPlayerAudio::OutputPacket: pts:27.609 curr_pts:26.868 clock:26.868 level:99
2021-04-13 21:18:29.140 T:4974 DEBUG : CVideoPlayerAudio::OutputPacket: pts:27.632 curr_pts:26.869 clock:26.868 level:99
2021-04-13 21:18:29.141 T:4973 DEBUG : CAMLCodec::GetTimeSize: len:24 dl:1382945 fs:1382545 front:31435
2021-04-13 21:18:29.142 T:4763 DEBUG : CAMLCodec::PollFrame elapsed:36.834ms
2021-04-13 21:18:29.144 T:4972 DEBUG : CVideoPlayer::ProcessAudioData size:352 dts:35.573 pts:35.573 dur:23.000ms, clock:26.872 drop:0 level:99
2021-04-13 21:18:29.145 T:4972 DEBUG : CVideoPlayer::ProcessVideoData size:5347 dts:35.577 pts:35.577 dur:41.000ms, clock:26.873 level:93
2021-04-13 21:18:29.145 T:4972 DEBUG : CVideoPlayer::ProcessAudioData size:471 dts:35.596 pts:35.596 dur:23.000ms, clock:26.873 drop:0 level:99
2021-04-13 21:18:29.144 T:4763 DEBUG : PrepareNextRender: frameOnScreen: 26.872 renderPts: 27.039 nextFramePts: 27.027 -> diff: 0.012 render: 1 forceNext: 0
2021-04-13 21:18:29.147 T:4763 DEBUG : CAMLCodec::ReleaseFrame idx:648, drop:0
2021-04-13 21:18:29.148 T:4973 DEBUG : CAMLCodec::GetTimeSize: len:24 dl:1351494 fs:1382545 front:31435
2021-04-13 21:18:29.148 T:4973 DEBUG : CAMLCodec::GetTimeSize: len:23 dl:1351494 fs:1351110 front:32781
2021-04-13 21:18:29.148 T:4973 DEBUG : CAMLCodec::DequeueBuffer: pts:27.152 idx:651
2021-04-13 21:18:29.148 T:4973 DEBUG : CAMLCodec::GetPicture: index: 651, pts: 27.152, dur:41ms ar:0.00
2021-04-13 21:18:29.148 T:4973 DEBUG : CVideoPlayerVideo::OutputPicture - ttd:276ms pts:27.152 Clock:26.876 Level:2
2021-04-13 21:18:29.149 T:4973 DEBUG : CAMLCodec::GetTimeSize: len:23 dl:1351494 fs:1351110 front:32781
2021-04-13 21:18:29.154 T:4973 DEBUG : CAMLCodec::AddData: dl:1389190 sum:1388790 sz:37680 dts:28.153 pts:28.153 overflow:0
2021-04-13 21:18:29.154 T:4973 DEBUG : CAMLCodec::GetTimeSize: len:24 dl:1389190 fs:1388790 front:32781
2021-04-13 21:18:29.183 T:4763 INFO : Skipped 4 duplicate messages..
2021-04-13 21:18:29.183 T:4763 DEBUG : CAMLCodec::PollFrame elapsed:36.381ms
2021-04-13 21:18:29.186 T:4973 DEBUG : CAMLCodec::GetTimeSize: len:24 dl:1389190 fs:1388790 front:32781
2021-04-13 21:18:29.186 T:4763 DEBUG : PrepareNextRender: frameOnScreen: 26.914 renderPts: 27.081 nextFramePts: 27.069 -> diff: 0.012 render: 1 forceNext: 0
2021-04-13 21:18:29.188 T:4763 DEBUG : CAMLCodec::ReleaseFrame idx:649, drop:0
2021-04-13 21:18:29.190 T:4974 DEBUG : CVideoPlayerAudio::OutputPacket: pts:27.655 curr_pts:26.919 clock:26.918 level:99
2021-04-13 21:18:29.190 T:4974 DEBUG : CVideoPlayerAudio::OutputPacket: pts:27.678 curr_pts:26.919 clock:26.918 level:99
2021-04-13 21:18:29.192 T:4973 DEBUG : CAMLCodec::GetTimeSize: len:24 dl:1356393 fs:1388790 front:32781
2021-04-13 21:18:29.192 T:4973 DEBUG : CAMLCodec::GetTimeSize: len:23 dl:1356393 fs:1356009 front:24600
2021-04-13 21:18:29.193 T:4973 DEBUG : CAMLCodec::DequeueBuffer: pts:27.194 idx:652
2021-04-13 21:18:29.193 T:4973 DEBUG : CAMLCodec::GetPicture: index: 652, pts: 27.194, dur:42ms ar:0.00
2021-04-13 21:18:29.193 T:4973 DEBUG : CVideoPlayerVideo::OutputPicture - ttd:273ms pts:27.194 Clock:26.921 Level:2
2021-04-13 21:18:29.194 T:4973 DEBUG : CAMLCodec::GetTimeSize: len:23 dl:1356393 fs:1356009 front:24600
2021-04-13 21:18:29.196 T:4972 DEBUG : CVideoPlayer::ProcessVideoData size:5653 dts:35.619 pts:35.619 dur:41.000ms, clock:26.923 level:93
2021-04-13 21:18:29.196 T:4972 DEBUG : CVideoPlayer::ProcessAudioData size:372 dts:35.619 pts:35.619 dur:23.000ms, clock:26.924 drop:0 level:99
2021-04-13 21:18:29.196 T:4972 DEBUG : CVideoPlayer::ProcessAudioData size:340 dts:35.643 pts:35.643 dur:23.000ms, clock:26.924 drop:0 level:99
2021-04-13 21:18:29.199 T:4973 DEBUG : CAMLCodec::AddData: dl:1375885 sum:1375485 sz:19476 dts:28.195 pts:28.195 overflow:0
2021-04-13 21:18:29.199 T:4973 DEBUG : CAMLCodec::GetTimeSize: len:24 dl:1375885 fs:1375485 front:24600
2021-04-13 21:18:29.225 T:4763 INFO : Skipped 4 duplicate messages..
2021-04-13 21:18:29.225 T:4763 DEBUG : CAMLCodec::PollFrame elapsed:36.782ms
2021-04-13 21:18:29.228 T:4763 DEBUG : PrepareNextRender: frameOnScreen: 26.955 renderPts: 27.122 nextFramePts: 27.111 -> diff: 0.011 render: 1 forceNext: 0
2021-04-13 21:18:29.231 T:4973 DEBUG : CAMLCodec::GetTimeSize: len:24 dl:1375885 fs:1375485 front:24600
2021-04-13 21:18:29.231 T:4763 DEBUG : CAMLCodec::ReleaseFrame idx:650, drop:0
2021-04-13 21:18:29.237 T:4973 DEBUG : CAMLCodec::GetTimeSize: len:24 dl:1351269 fs:1375485 front:24600
2021-04-13 21:18:29.237 T:4973 DEBUG : CAMLCodec::GetTimeSize: len:23 dl:1351269 fs:1350885 front:15530
2021-04-13 21:18:29.237 T:4973 DEBUG : CAMLCodec::DequeueBuffer: pts:27.236 idx:653
2021-04-13 21:18:29.237 T:4973 DEBUG : CAMLCodec::GetPicture: index: 653, pts: 27.236, dur:42ms ar:0.00
2021-04-13 21:18:29.237 T:4973 DEBUG : CVideoPlayerVideo::OutputPicture - ttd:270ms pts:27.236 Clock:26.965 Level:2
2021-04-13 21:18:29.238 T:4973 DEBUG : CAMLCodec::GetTimeSize: len:23 dl:1351269 fs:1350885 front:15530
2021-04-13 21:18:29.240 T:4974 DEBUG : CVideoPlayerAudio::OutputPacket: pts:27.701 curr_pts:26.968 clock:26.968 level:99
2021-04-13 21:18:29.240 T:4974 DEBUG : CVideoPlayerAudio::OutputPacket: pts:27.725 curr_pts:26.968 clock:26.968 level:99
2021-04-13 21:18:29.241 T:4974 DEBUG : CVideoPlayerAudio::OutputPacket: pts:27.748 curr_pts:26.969 clock:26.968 level:99
2021-04-13 21:18:29.244 T:4973 DEBUG : CAMLCodec::AddData: dl:1372152 sum:1371752 sz:20867 dts:28.237 pts:28.237 overflow:0
2021-04-13 21:18:29.244 T:4973 DEBUG : CAMLCodec::GetTimeSize: len:24 dl:1372152 fs:1371752 front:15530
2021-04-13 21:18:29.247 T:4972 DEBUG : CVideoPlayer::ProcessVideoData size:6389 dts:35.661 pts:35.661 dur:41.000ms, clock:26.975 level:92
2021-04-13 21:18:29.247 T:4972 DEBUG : CVideoPlayer::ProcessAudioData size:347 dts:35.666 pts:35.666 dur:23.000ms, clock:26.975 drop:0 level:99
2021-04-13 21:18:29.247 T:4972 DEBUG : CVideoPlayer::ProcessAudioData size:355 dts:35.689 pts:35.689 dur:23.000ms, clock:26.975 drop:0 level:99
2021-04-13 21:18:29.247 T:4972 DEBUG : CVideoPlayer::ProcessVideoData size:6310 dts:35.703 pts:35.703 dur:41.000ms, clock:26.975 level:93
2021-04-13 21:18:29.247 T:4972 DEBUG : CVideoPlayer::ProcessAudioData size:341 dts:35.712 pts:35.712 dur:23.000ms, clock:26.975 drop:0 level:99
2021-04-13 21:18:29.250 T:4973 DEBUG : CAMLCodec::GetTimeSize: len:24 dl:1372152 fs:1371752 front:15530
2021-04-13 21:18:29.267 T:4763 INFO : Skipped 2 duplicate messages..
2021-04-13 21:18:29.267 T:4763 DEBUG : CAMLCodec::PollFrame elapsed:35.867ms
2021-04-13 21:18:29.269 T:4973 DEBUG : CAMLCodec::GetTimeSize: len:24 dl:1372152 fs:1371752 front:15530
2021-04-13 21:18:29.270 T:4763 DEBUG : PrepareNextRender: frameOnScreen: 26.997 renderPts: 27.164 nextFramePts: 27.152 -> diff: 0.012 render: 1 forceNext: 0
2021-04-13 21:18:29.272 T:4763 DEBUG : CAMLCodec::ReleaseFrame idx:651, drop:0
2021-04-13 21:18:29.276 T:4973 DEBUG : CAMLCodec::GetTimeSize: len:24 dl:1356606 fs:1371752 front:15530
2021-04-13 21:18:29.276 T:4973 DEBUG : CAMLCodec::GetTimeSize: len:23 dl:1356606 fs:1356222 front:1269
2021-04-13 21:18:29.276 T:4973 DEBUG : CAMLCodec::DequeueBuffer: pts:27.278 idx:654
2021-04-13 21:18:29.276 T:4973 DEBUG : CAMLCodec::GetPicture: index: 654, pts: 27.278, dur:42ms ar:0.00
2021-04-13 21:18:29.276 T:4973 DEBUG : CVideoPlayerVideo::OutputPicture - ttd:273ms pts:27.278 Clock:27.004 Level:2
2021-04-13 21:18:29.277 T:4973 DEBUG : CAMLCodec::GetTimeSize: len:23 dl:1356606 fs:1356222 front:1269
2021-04-13 21:18:29.283 T:4973 DEBUG : CAMLCodec::AddData: dl:1357124 sum:1356724 sz:502 dts:28.279 pts:28.279 overflow:0
2021-04-13 21:18:29.283 T:4973 DEBUG : CAMLCodec::GetTimeSize: len:24 dl:1357124 fs:1356724 front:1269
2021-04-13 21:18:29.290 T:4974 INFO : Skipped 1 duplicate messages..
2021-04-13 21:18:29.290 T:4974 DEBUG : CVideoPlayerAudio::OutputPacket: pts:27.771 curr_pts:27.019 clock:27.018 level:99
2021-04-13 21:18:29.290 T:4974 DEBUG : CVideoPlayerAudio::OutputPacket: pts:27.794 curr_pts:27.019 clock:27.018 level:99
2021-04-13 21:18:29.295 T:4973 DEBUG : CAMLCodec::GetTimeSize: len:24 dl:1357124 fs:1356724 front:1269
2021-04-13 21:18:29.298 T:4972 DEBUG : CVideoPlayer::ProcessAudioData size:361 dts:35.736 pts:35.736 dur:23.000ms, clock:27.026 drop:0 level:99
2021-04-13 21:18:29.298 T:4972 DEBUG : CVideoPlayer::ProcessVideoData size:5537 dts:35.744 pts:35.744 dur:41.000ms, clock:27.026 level:93
2021-04-13 21:18:29.298 T:4972 DEBUG : CVideoPlayer::ProcessAudioData size:347 dts:35.759 pts:35.759 dur:23.000ms, clock:27.026 drop:0 level:99
2021-04-13 21:18:29.302 T:4973 DEBUG : CAMLCodec::GetTimeSize: len:24 dl:1357124 fs:1356724 front:1269
2021-04-13 21:18:29.308 T:4763 INFO : Skipped 1 duplicate messages..
2021-04-13 21:18:29.308 T:4763 DEBUG : CAMLCodec::PollFrame elapsed:35.703ms
2021-04-13 21:18:29.311 T:4763 DEBUG : PrepareNextRender: frameOnScreen: 27.038 renderPts: 27.205 nextFramePts: 27.194 -> diff: 0.011 render: 1 forceNext: 0
2021-04-13 21:18:29.313 T:4763 DEBUG : CAMLCodec::ReleaseFrame idx:652, drop:0
2021-04-13 21:18:29.314 T:4973 DEBUG : CAMLCodec::GetTimeSize: len:24 dl:1355839 fs:1356724 front:1269
2021-04-13 21:18:29.314 T:4973 DEBUG : CAMLCodec::GetTimeSize: len:23 dl:1355839 fs:1355455 front:211188
2021-04-13 21:18:29.314 T:4973 DEBUG : CAMLCodec::DequeueBuffer: pts:27.319 idx:655
2021-04-13 21:18:29.314 T:4973 DEBUG : CAMLCodec::GetPicture: index: 655, pts: 27.319, dur:41ms ar:0.00
2021-04-13 21:18:29.315 T:4973 DEBUG : CVideoPlayerVideo::OutputPicture - ttd:276ms pts:27.319 Clock:27.042 Level:2
2021-04-13 21:18:29.316 T:4973 DEBUG : CAMLCodec::GetTimeSize: len:23 dl:1355839 fs:1355455 front:211188
2021-04-13 21:18:29.321 T:4973 DEBUG : frame_number : 2, mag : 3; index_sz : 8
2021-04-13 21:18:29.324 T:4973 DEBUG : CAMLCodec::AddData: dl:1359980 sum:1570784 sz:215329 dts:28.320 pts:28.320 overflow:0
2021-04-13 21:18:29.324 T:4973 DEBUG : CAMLCodec::GetTimeSize: len:24 dl:1359980 fs:1570784 front:211188
2021-04-13 21:18:29.324 T:4973 DEBUG : CAMLCodec::GetTimeSize: len:23 dl:1359980 fs:1359596 front:47230
2021-04-13 21:18:29.324 T:4973 DEBUG : CAMLCodec::DequeueBuffer: pts:27.361 idx:656
2021-04-13 21:18:29.324 T:4973 DEBUG : CAMLCodec::GetPicture: index: 656, pts: 27.361, dur:42ms ar:0.00
2021-04-13 21:18:29.324 T:4973 DEBUG : CVideoPlayerVideo::OutputPicture - ttd:309ms pts:27.361 Clock:27.052 Level:3
2021-04-13 21:18:29.325 T:4973 DEBUG : CAMLCodec::GetTimeSize: len:23 dl:1359980 fs:1359596 front:47230
2021-04-13 21:18:29.331 T:4973 DEBUG : CAMLCodec::AddData: dl:1386779 sum:1386379 sz:26783 dts:28.362 pts:28.362 overflow:0
2021-04-13 21:18:29.331 T:4973 DEBUG : CAMLCodec::GetTimeSize: len:24 dl:1386779 fs:1386379 front:47230
2021-04-13 21:18:29.340 T:4974 INFO : Skipped 1 duplicate messages..
2021-04-13 21:18:29.340 T:4974 DEBUG : CVideoPlayerAudio::OutputPacket: pts:27.818 curr_pts:27.067 clock:27.067 level:99
2021-04-13 21:18:29.340 T:4974 DEBUG : CVideoPlayerAudio::OutputPacket: pts:27.841 curr_pts:27.069 clock:27.068 level:99
2021-04-13 21:18:29.343 T:4973 DEBUG : CAMLCodec::GetTimeSize: len:24 dl:1386779 fs:1386379 front:47230
