2021-04-13 21:18:29.349 T:4972 DEBUG : CVideoPlayer::ProcessAudioData size:360 dts:35.782 pts:35.782 dur:23.000ms, clock:27.077 drop:0 level:99
2021-04-13 21:18:29.349 T:4972 DEBUG : CVideoPlayer::ProcessVideoData size:5238 dts:35.786 pts:35.786 dur:41.000ms, clock:27.077 level:92
2021-04-13 21:18:29.349 T:4972 DEBUG : CVideoPlayer::ProcessAudioData size:365 dts:35.805 pts:35.805 dur:23.000ms, clock:27.077 drop:0 level:99
2021-04-13 21:18:29.350 T:4763 DEBUG : CAMLCodec::PollFrame elapsed:36.850ms
2021-04-13 21:18:29.350 T:4973 DEBUG : CAMLCodec::GetTimeSize: len:24 dl:1386779 fs:1386379 front:47230
2021-04-13 21:18:29.353 T:4763 DEBUG : PrepareNextRender: frameOnScreen: 27.081 renderPts: 27.248 nextFramePts: 27.236 -> diff: 0.012 render: 1 forceNext: 0
2021-04-13 21:18:29.355 T:4763 DEBUG : CAMLCodec::ReleaseFrame idx:653, drop:0
2021-04-13 21:18:29.357 T:4973 DEBUG : CAMLCodec::GetTimeSize: len:24 dl:1339533 fs:1386379 front:47230
2021-04-13 21:18:29.357 T:4973 DEBUG : CAMLCodec::GetTimeSize: len:23 dl:1339533 fs:1339149 front:61157
2021-04-13 21:18:29.357 T:4973 DEBUG : CAMLCodec::DequeueBuffer: pts:27.403 idx:657
2021-04-13 21:18:29.357 T:4973 DEBUG : CAMLCodec::GetPicture: index: 657, pts: 27.403, dur:42ms ar:0.00
2021-04-13 21:18:29.357 T:4973 DEBUG : CVideoPlayerVideo::OutputPicture - ttd:318ms pts:27.403 Clock:27.085 Level:3
2021-04-13 21:18:29.358 T:4973 DEBUG : CAMLCodec::GetTimeSize: len:23 dl:1339533 fs:1339149 front:61157
2021-04-13 21:18:29.363 T:4973 DEBUG : CAMLCodec::AddData: dl:1376486 sum:1376086 sz:36937 dts:28.404 pts:28.404 overflow:0
2021-04-13 21:18:29.363 T:4973 DEBUG : CAMLCodec::GetTimeSize: len:24 dl:1376486 fs:1376086 front:61157
2021-04-13 21:18:29.390 T:4974 INFO : Skipped 4 duplicate messages..
2021-04-13 21:18:29.390 T:4974 DEBUG : CVideoPlayerAudio::OutputPacket: pts:27.864 curr_pts:27.118 clock:27.117 level:99
2021-04-13 21:18:29.390 T:4974 DEBUG : CVideoPlayerAudio::OutputPacket: pts:27.887 curr_pts:27.118 clock:27.118 level:99
2021-04-13 21:18:29.390 T:4972 DEBUG : CVideoPlayer::ProcessVideoData size:3816 dts:35.828 pts:35.828 dur:41.000ms, clock:27.118 level:92
2021-04-13 21:18:29.390 T:4972 DEBUG : CVideoPlayer::ProcessAudioData size:374 dts:35.828 pts:35.828 dur:23.000ms, clock:27.118 drop:0 level:99
2021-04-13 21:18:29.390 T:4972 DEBUG : CVideoPlayer::ProcessAudioData size:360 dts:35.852 pts:35.852 dur:23.000ms, clock:27.118 drop:0 level:99
2021-04-13 21:18:29.392 T:4763 DEBUG : CAMLCodec::PollFrame elapsed:36.299ms
2021-04-13 21:18:29.395 T:4763 DEBUG : PrepareNextRender: frameOnScreen: 27.123 renderPts: 27.289 nextFramePts: 27.278 -> diff: 0.011 render: 1 forceNext: 0
2021-04-13 21:18:29.395 T:4973 DEBUG : CAMLCodec::GetTimeSize: len:24 dl:1376486 fs:1376086 front:61157
2021-04-13 21:18:29.397 T:4763 DEBUG : CAMLCodec::ReleaseFrame idx:654, drop:0
2021-04-13 21:18:29.401 T:4973 DEBUG : CAMLCodec::GetTimeSize: len:24 dl:1315313 fs:1376086 front:61157
2021-04-13 21:18:29.402 T:4973 DEBUG : CAMLCodec::GetTimeSize: len:23 dl:1315313 fs:1314929 front:38693
2021-04-13 21:18:29.402 T:4973 DEBUG : CAMLCodec::DequeueBuffer: pts:27.444 idx:658
2021-04-13 21:18:29.402 T:4973 DEBUG : CAMLCodec::GetPicture: index: 658, pts: 27.444, dur:41ms ar:0.00
2021-04-13 21:18:29.402 T:4973 DEBUG : CVideoPlayerVideo::OutputPicture - ttd:314ms pts:27.444 Clock:27.130 Level:3
2021-04-13 21:18:29.403 T:4973 DEBUG : CAMLCodec::GetTimeSize: len:23 dl:1315313 fs:1314929 front:38693
2021-04-13 21:18:29.408 T:4973 DEBUG : CAMLCodec::AddData: dl:1351719 sum:1351319 sz:36390 dts:28.445 pts:28.445 overflow:0
2021-04-13 21:18:29.408 T:4973 DEBUG : CAMLCodec::GetTimeSize: len:24 dl:1351719 fs:1351319 front:38693
2021-04-13 21:18:29.434 T:4763 INFO : Skipped 4 duplicate messages..
2021-04-13 21:18:29.434 T:4763 DEBUG : CAMLCodec::PollFrame elapsed:36.136ms
2021-04-13 21:18:29.437 T:4763 DEBUG : PrepareNextRender: frameOnScreen: 27.165 renderPts: 27.331 nextFramePts: 27.319 -> diff: 0.012 render: 1 forceNext: 0
2021-04-13 21:18:29.439 T:4763 DEBUG : CAMLCodec::ReleaseFrame idx:655, drop:0
2021-04-13 21:18:29.440 T:4974 DEBUG : CVideoPlayerAudio::OutputPacket: pts:27.910 curr_pts:27.168 clock:27.168 level:99
2021-04-13 21:18:29.440 T:4974 DEBUG : CVideoPlayerAudio::OutputPacket: pts:27.934 curr_pts:27.168 clock:27.168 level:99
2021-04-13 21:18:29.440 T:4973 DEBUG : CAMLCodec::GetTimeSize: len:24 dl:1313010 fs:1351319 front:38693
2021-04-13 21:18:29.440 T:4973 DEBUG : CAMLCodec::GetTimeSize: len:23 dl:1313010 fs:1312626 front:70862
2021-04-13 21:18:29.440 T:4973 DEBUG : CAMLCodec::DequeueBuffer: pts:27.486 idx:659
2021-04-13 21:18:29.440 T:4973 DEBUG : CAMLCodec::GetPicture: index: 659, pts: 27.486, dur:42ms ar:0.00
2021-04-13 21:18:29.440 T:4973 DEBUG : CVideoPlayerVideo::OutputPicture - ttd:317ms pts:27.486 Clock:27.168 Level:3
2021-04-13 21:18:29.441 T:4973 DEBUG : CAMLCodec::GetTimeSize: len:23 dl:1313010 fs:1312626 front:70862
2021-04-13 21:18:29.442 T:4972 DEBUG : CVideoPlayer::ProcessVideoData size:3114 dts:35.869 pts:35.869 dur:41.000ms, clock:27.170 level:92
2021-04-13 21:18:29.442 T:4972 DEBUG : CVideoPlayer::ProcessAudioData size:356 dts:35.875 pts:35.875 dur:23.000ms, clock:27.170 drop:0 level:99
2021-04-13 21:18:29.442 T:4972 DEBUG : CVideoPlayer::ProcessAudioData size:363 dts:35.898 pts:35.898 dur:23.000ms, clock:27.170 drop:0 level:99
2021-04-13 21:18:29.447 T:4973 DEBUG : CAMLCodec::AddData: dl:1354258 sum:1353858 sz:41232 dts:28.487 pts:28.487 overflow:0
2021-04-13 21:18:29.447 T:4973 DEBUG : CAMLCodec::GetTimeSize: len:24 dl:1354258 fs:1353858 front:70862
2021-04-13 21:18:29.475 T:4763 INFO : Skipped 4 duplicate messages..
2021-04-13 21:18:29.475 T:4763 DEBUG : CAMLCodec::PollFrame elapsed:36.053ms
2021-04-13 21:18:29.478 T:4763 DEBUG : PrepareNextRender: frameOnScreen: 27.206 renderPts: 27.373 nextFramePts: 27.361 -> diff: 0.012 render: 1 forceNext: 0
2021-04-13 21:18:29.478 T:4973 DEBUG : CAMLCodec::GetTimeSize: len:24 dl:1354258 fs:1353858 front:70862
2021-04-13 21:18:29.480 T:4763 DEBUG : CAMLCodec::ReleaseFrame idx:656, drop:0
2021-04-13 21:18:29.485 T:4973 DEBUG : CAMLCodec::GetTimeSize: len:24 dl:1283380 fs:1353858 front:70862
2021-04-13 21:18:29.485 T:4973 DEBUG : CAMLCodec::GetTimeSize: len:23 dl:1283380 fs:1282996 front:56318
2021-04-13 21:18:29.485 T:4973 DEBUG : CAMLCodec::DequeueBuffer: pts:27.528 idx:660
2021-04-13 21:18:29.485 T:4973 DEBUG : CAMLCodec::GetPicture: index: 660, pts: 27.528, dur:42ms ar:0.00
2021-04-13 21:18:29.485 T:4973 DEBUG : CVideoPlayerVideo::OutputPicture - ttd:314ms pts:27.528 Clock:27.213 Level:3
2021-04-13 21:18:29.486 T:4973 DEBUG : CAMLCodec::GetTimeSize: len:23 dl:1283380 fs:1282996 front:56318
2021-04-13 21:18:29.490 T:4974 DEBUG : CVideoPlayerAudio::OutputPacket: pts:27.957 curr_pts:27.218 clock:27.218 level:99
2021-04-13 21:18:29.490 T:4974 DEBUG : CVideoPlayerAudio::OutputPacket: pts:27.980 curr_pts:27.219 clock:27.218 level:99
2021-04-13 21:18:29.492 T:4973 DEBUG : CAMLCodec::AddData: dl:1304187 sum:1303787 sz:20791 dts:28.529 pts:28.529 overflow:0
2021-04-13 21:18:29.492 T:4973 DEBUG : CAMLCodec::GetTimeSize: len:24 dl:1304187 fs:1303787 front:56318
2021-04-13 21:18:29.493 T:4972 DEBUG : CVideoPlayer::ProcessVideoData size:1983 dts:35.911 pts:35.911 dur:41.000ms, clock:27.220 level:92
2021-04-13 21:18:29.493 T:4972 DEBUG : CVideoPlayer::ProcessAudioData size:369 dts:35.921 pts:35.921 dur:23.000ms, clock:27.221 drop:0 level:99
2021-04-13 21:18:29.493 T:4972 DEBUG : CVideoPlayer::ProcessAudioData size:373 dts:35.944 pts:35.944 dur:23.000ms, clock:27.221 drop:0 level:99
2021-04-13 21:18:29.498 T:4973 DEBUG : CAMLCodec::GetTimeSize: len:24 dl:1304187 fs:1303787 front:56318
2021-04-13 21:18:29.517 T:4763 INFO : Skipped 3 duplicate messages..
2021-04-13 21:18:29.517 T:4763 DEBUG : CAMLCodec::PollFrame elapsed:36.329ms
2021-04-13 21:18:29.520 T:4763 DEBUG : PrepareNextRender: frameOnScreen: 27.247 renderPts: 27.414 nextFramePts: 27.403 -> diff: 0.011 render: 1 forceNext: 0
2021-04-13 21:18:29.522 T:4763 DEBUG : CAMLCodec::ReleaseFrame idx:657, drop:0
2021-04-13 21:18:29.523 T:4973 DEBUG : CAMLCodec::GetTimeSize: len:24 dl:1247853 fs:1303787 front:56318
2021-04-13 21:18:29.523 T:4973 DEBUG : CAMLCodec::GetTimeSize: len:23 dl:1247853 fs:1247469 front:53367
2021-04-13 21:18:29.523 T:4973 DEBUG : CAMLCodec::DequeueBuffer: pts:27.569 idx:661
2021-04-13 21:18:29.523 T:4973 DEBUG : CAMLCodec::GetPicture: index: 661, pts: 27.569, dur:41ms ar:0.00
2021-04-13 21:18:29.523 T:4973 DEBUG : CVideoPlayerVideo::OutputPicture - ttd:317ms pts:27.569 Clock:27.251 Level:3
2021-04-13 21:18:29.525 T:4973 DEBUG : CAMLCodec::GetTimeSize: len:23 dl:1247853 fs:1247469 front:53367
2021-04-13 21:18:29.530 T:4973 DEBUG : CAMLCodec::AddData: dl:1272885 sum:1272485 sz:25016 dts:28.570 pts:28.570 overflow:0
2021-04-13 21:18:29.530 T:4973 DEBUG : CAMLCodec::GetTimeSize: len:24 dl:1272885 fs:1272485 front:53367
2021-04-13 21:18:29.540 T:4974 INFO : Skipped 1 duplicate messages..
2021-04-13 21:18:29.540 T:4974 DEBUG : CVideoPlayerAudio::OutputPacket: pts:28.003 curr_pts:27.268 clock:27.268 level:99
2021-04-13 21:18:29.540 T:4974 DEBUG : CVideoPlayerAudio::OutputPacket: pts:28.026 curr_pts:27.268 clock:27.268 level:99
2021-04-13 21:18:29.540 T:4974 DEBUG : CVideoPlayerAudio::OutputPacket: pts:28.050 curr_pts:27.268 clock:27.268 level:99
2021-04-13 21:18:29.542 T:4973 DEBUG : CAMLCodec::GetTimeSize: len:24 dl:1272885 fs:1272485 front:53367
2021-04-13 21:18:29.543 T:4972 DEBUG : CVideoPlayer::ProcessVideoData size:156 dts:35.953 pts:35.953 dur:41.000ms, clock:27.271 level:92
2021-04-13 21:18:29.543 T:4972 DEBUG : CVideoPlayer::ProcessAudioData size:391 dts:35.968 pts:35.968 dur:23.000ms, clock:27.271 drop:0 level:99
2021-04-13 21:18:29.544 T:4972 DEBUG : CVideoPlayer::ProcessAudioData size:367 dts:35.991 pts:35.991 dur:23.000ms, clock:27.271 drop:0 level:99
2021-04-13 21:18:29.544 T:4972 DEBUG : CVideoPlayer::ProcessVideoData size:89649 dts:35.995 pts:35.995 dur:41.000ms, clock:27.272 level:92
2021-04-13 21:18:29.544 T:4972 DEBUG : CVideoPlayer::ProcessAudioData size:375 dts:36.014 pts:36.014 dur:23.000ms, clock:27.272 drop:0 level:99
2021-04-13 21:18:29.549 T:4973 DEBUG : CAMLCodec::GetTimeSize: len:24 dl:1272885 fs:1272485 front:53367
2021-04-13 21:18:29.559 T:4763 INFO : Skipped 1 duplicate messages..
2021-04-13 21:18:29.559 T:4763 DEBUG : CAMLCodec::PollFrame elapsed:36.054ms
2021-04-13 21:18:29.561 T:4763 DEBUG : PrepareNextRender: frameOnScreen: 27.289 renderPts: 27.455 nextFramePts: 27.444 -> diff: 0.011 render: 1 forceNext: 0
2021-04-13 21:18:29.561 T:4973 DEBUG : CAMLCodec::GetTimeSize: len:24 dl:1272885 fs:1272485 front:53367
2021-04-13 21:18:29.562 T:4763 DEBUG : CAMLCodec::ReleaseFrame idx:658, drop:0
2021-04-13 21:18:29.568 T:4973 DEBUG : CAMLCodec::GetTimeSize: len:24 dl:1272885 fs:1272485 front:53367
2021-04-13 21:18:29.590 T:4974 INFO : Skipped 3 duplicate messages..
2021-04-13 21:18:29.590 T:4974 DEBUG : CVideoPlayerAudio::OutputPacket: pts:28.073 curr_pts:27.318 clock:27.318 level:99
2021-04-13 21:18:29.590 T:4974 DEBUG : CVideoPlayerAudio::OutputPacket: pts:28.096 curr_pts:27.319 clock:27.318 level:99
2021-04-13 21:18:29.593 T:4973 DEBUG : CAMLCodec::GetTimeSize: len:24 dl:1272885 fs:1272485 front:53367
2021-04-13 21:18:29.595 T:4972 DEBUG : CVideoPlayer::ProcessVideoData size:3051 dts:36.036 pts:36.036 dur:41.000ms, clock:27.323 level:93
2021-04-13 21:18:29.595 T:4972 DEBUG : CVideoPlayer::ProcessAudioData size:369 dts:36.037 pts:36.037 dur:23.000ms, clock:27.323 drop:0 level:99
2021-04-13 21:18:29.595 T:4972 DEBUG : CVideoPlayer::ProcessAudioData size:388 dts:36.061 pts:36.061 dur:23.000ms, clock:27.323 drop:0 level:99
2021-04-13 21:18:29.599 T:4973 DEBUG : CAMLCodec::GetTimeSize: len:24 dl:1272885 fs:1272485 front:53367
2021-04-13 21:18:29.600 T:4763 DEBUG : CAMLCodec::PollFrame elapsed:38.210ms
2021-04-13 21:18:29.603 T:4763 DEBUG : PrepareNextRender: frameOnScreen: 27.330 renderPts: 27.497 nextFramePts: 27.486 -> diff: 0.011 render: 1 forceNext: 0
2021-04-13 21:18:29.605 T:4763 DEBUG : CAMLCodec::ReleaseFrame idx:659, drop:0
2021-04-13 21:18:29.606 T:4973 DEBUG : CAMLCodec::GetTimeSize: len:24 dl:1272885 fs:1272485 front:53367
2021-04-13 21:18:29.612 T:4973 DEBUG : CAMLCodec::GetTimeSize: len:24 dl:1219502 fs:1272485 front:53367
2021-04-13 21:18:29.612 T:4973 DEBUG : CAMLCodec::GetTimeSize: len:23 dl:1219502 fs:1219118 front:42518
2021-04-13 21:18:29.612 T:4973 DEBUG : CAMLCodec::DequeueBuffer: pts:27.611 idx:662
2021-04-13 21:18:29.612 T:4973 DEBUG : CAMLCodec::GetPicture: index: 662, pts: 27.611, dur:42ms ar:0.00
2021-04-13 21:18:29.612 T:4973 DEBUG : CVideoPlayerVideo::OutputPicture - ttd:271ms pts:27.611 Clock:27.340 Level:2
2021-04-13 21:18:29.613 T:4973 DEBUG : CAMLCodec::GetTimeSize: len:23 dl:1219502 fs:1219118 front:42518
2021-04-13 21:18:29.618 T:4973 DEBUG : CAMLCodec::AddData: dl:1245181 sum:1244781 sz:25663 dts:28.612 pts:28.612 overflow:0
2021-04-13 21:18:29.618 T:4973 DEBUG : CAMLCodec::GetTimeSize: len:24 dl:1245181 fs:1244781 front:42518
2021-04-13 21:18:29.640 T:4974 INFO : Skipped 3 duplicate messages..
2021-04-13 21:18:29.640 T:4974 DEBUG : CVideoPlayerAudio::OutputPacket: pts:28.119 curr_pts:27.368 clock:27.368 level:99
2021-04-13 21:18:29.640 T:4974 DEBUG : CVideoPlayerAudio::OutputPacket: pts:28.143 curr_pts:27.368 clock:27.368 level:99
2021-04-13 21:18:29.642 T:4763 DEBUG : CAMLCodec::PollFrame elapsed:37.008ms
2021-04-13 21:18:29.644 T:4973 DEBUG : CAMLCodec::GetTimeSize: len:24 dl:1245181 fs:1244781 front:42518
2021-04-13 21:18:29.645 T:4763 DEBUG : PrepareNextRender: frameOnScreen: 27.373 renderPts: 27.539 nextFramePts: 27.528 -> diff: 0.011 render: 1 forceNext: 0
2021-04-13 21:18:29.646 T:4972 DEBUG : CVideoPlayer::ProcessVideoData size:3549 dts:36.078 pts:36.078 dur:41.000ms, clock:27.374 level:93
2021-04-13 21:18:29.646 T:4972 DEBUG : CVideoPlayer::ProcessAudioData size:379 dts:36.084 pts:36.084 dur:23.000ms, clock:27.374 drop:0 level:99
2021-04-13 21:18:29.647 T:4972 DEBUG : CVideoPlayer::ProcessAudioData size:371 dts:36.107 pts:36.107 dur:23.000ms, clock:27.374 drop:0 level:99
2021-04-13 21:18:29.648 T:4763 DEBUG : CAMLCodec::ReleaseFrame idx:660, drop:0
2021-04-13 21:18:29.650 T:4973 DEBUG : CAMLCodec::GetTimeSize: len:24 dl:1202647 fs:1244781 front:42518
2021-04-13 21:18:29.650 T:4973 DEBUG : CAMLCodec::GetTimeSize: len:23 dl:1202647 fs:1202263 front:44424
2021-04-13 21:18:29.650 T:4973 DEBUG : CAMLCodec::DequeueBuffer: pts:27.653 idx:663
2021-04-13 21:18:29.650 T:4973 DEBUG : CAMLCodec::GetPicture: index: 663, pts: 27.653, dur:42ms ar:0.00
2021-04-13 21:18:29.650 T:4973 DEBUG : CVideoPlayerVideo::OutputPicture - ttd:274ms pts:27.653 Clock:27.378 Level:2
2021-04-13 21:18:29.651 T:4973 DEBUG : CAMLCodec::GetTimeSize: len:23 dl:1202647 fs:1202263 front:44424
2021-04-13 21:18:29.657 T:4973 DEBUG : CAMLCodec::AddData: dl:1224060 sum:1223660 sz:21397 dts:28.654 pts:28.654 overflow:0
2021-04-13 21:18:29.657 T:4973 DEBUG : CAMLCodec::GetTimeSize: len:24 dl:1224060 fs:1223660 front:44424
2021-04-13 21:18:29.684 T:4763 INFO : Skipped 4 duplicate messages..
2021-04-13 21:18:29.684 T:4763 DEBUG : CAMLCodec::PollFrame elapsed:35.957ms
2021-04-13 21:18:29.687 T:4763 DEBUG : PrepareNextRender: frameOnScreen: 27.415 renderPts: 27.582 nextFramePts: 27.569 -> diff: 0.013 render: 1 forceNext: 0
2021-04-13 21:18:29.688 T:4973 DEBUG : CAMLCodec::GetTimeSize: len:24 dl:1224060 fs:1223660 front:44424
2021-04-13 21:18:29.689 T:4763 DEBUG : CAMLCodec::ReleaseFrame idx:661, drop:0
2021-04-13 21:18:29.690 T:4974 DEBUG : CVideoPlayerAudio::OutputPacket: pts:28.166 curr_pts:27.419 clock:27.418 level:99
2021-04-13 21:18:29.690 T:4974 DEBUG : CVideoPlayerAudio::OutputPacket: pts:28.189 curr_pts:27.419 clock:27.418 level:99
2021-04-13 21:18:29.695 T:4973 DEBUG : CAMLCodec::GetTimeSize: len:24 dl:1179620 fs:1223660 front:44424
2021-04-13 21:18:29.695 T:4973 DEBUG : CAMLCodec::GetTimeSize: len:23 dl:1179620 fs:1179236 front:60909
2021-04-13 21:18:29.695 T:4973 DEBUG : CAMLCodec::DequeueBuffer: pts:27.695 idx:664
2021-04-13 21:18:29.695 T:4973 DEBUG : CAMLCodec::GetPicture: index: 664, pts: 27.695, dur:42ms ar:0.00
2021-04-13 21:18:29.695 T:4973 DEBUG : CVideoPlayerVideo::OutputPicture - ttd:272ms pts:27.695 Clock:27.423 Level:2
2021-04-13 21:18:29.696 T:4973 DEBUG : CAMLCodec::GetTimeSize: len:23 dl:1179620 fs:1179236 front:60909
2021-04-13 21:18:29.697 T:4972 DEBUG : CVideoPlayer::ProcessVideoData size:4503 dts:36.120 pts:36.120 dur:41.000ms, clock:27.425 level:93
2021-04-13 21:18:29.697 T:4972 DEBUG : CVideoPlayer::ProcessAudioData size:370 dts:36.130 pts:36.130 dur:23.000ms, clock:27.425 drop:0 level:99
2021-04-13 21:18:29.697 T:4972 DEBUG : CVideoPlayer::ProcessAudioData size:363 dts:36.153 pts:36.153 dur:23.000ms, clock:27.425 drop:0 level:99
2021-04-13 21:18:29.701 T:4973 DEBUG : CAMLCodec::AddData: dl:1193438 sum:1193038 sz:13802 dts:28.696 pts:28.696 overflow:0
2021-04-13 21:18:29.701 T:4973 DEBUG : CAMLCodec::GetTimeSize: len:24 dl:1193438 fs:1193038 front:60909
2021-04-13 21:18:29.725 T:4763 INFO : Skipped 3 duplicate messages..
2021-04-13 21:18:29.725 T:4763 DEBUG : CAMLCodec::PollFrame elapsed:36.628ms
2021-04-13 21:18:29.726 T:4973 DEBUG : CAMLCodec::GetTimeSize: len:24 dl:1193438 fs:1193038 front:60909
2021-04-13 21:18:29.728 T:4763 DEBUG : PrepareNextRender: frameOnScreen: 27.456 renderPts: 27.623 nextFramePts: 27.611 -> diff: 0.012 render: 1 forceNext: 0
2021-04-13 21:18:29.731 T:4763 DEBUG : CAMLCodec::ReleaseFrame idx:662, drop:0
2021-04-13 21:18:29.733 T:4973 DEBUG : CAMLCodec::GetTimeSize: len:24 dl:1132513 fs:1193038 front:60909
2021-04-13 21:18:29.733 T:4973 DEBUG : CAMLCodec::GetTimeSize: len:23 dl:1132513 fs:1132129 front:29883
2021-04-13 21:18:29.733 T:4973 DEBUG : CAMLCodec::DequeueBuffer: pts:27.736 idx:665
2021-04-13 21:18:29.733 T:4973 DEBUG : CAMLCodec::GetPicture: index: 665, pts: 27.736, dur:41ms ar:0.00
2021-04-13 21:18:29.733 T:4973 DEBUG : CVideoPlayerVideo::OutputPicture - ttd:275ms pts:27.736 Clock:27.461 Level:2
2021-04-13 21:18:29.734 T:4973 DEBUG : CAMLCodec::GetTimeSize: len:23 dl:1132513 fs:1132129 front:29883
2021-04-13 21:18:29.739 T:4973 DEBUG : CAMLCodec::AddData: dl:1132642 sum:1132242 sz:113 dts:28.737 pts:28.737 overflow:0
2021-04-13 21:18:29.739 T:4973 DEBUG : CAMLCodec::GetTimeSize: len:24 dl:1132642 fs:1132242 front:29883
2021-04-13 21:18:29.740 T:4974 DEBUG : CVideoPlayerAudio::OutputPacket: pts:28.212 curr_pts:27.468 clock:27.468 level:99
2021-04-13 21:18:29.740 T:4974 DEBUG : CVideoPlayerAudio::OutputPacket: pts:28.235 curr_pts:27.468 clock:27.468 level:99
2021-04-13 21:18:29.745 T:4973 DEBUG : CAMLCodec::GetTimeSize: len:24 dl:1132642 fs:1132242 front:29883
2021-04-13 21:18:29.748 T:4972 DEBUG : CVideoPlayer::ProcessVideoData size:5676 dts:36.161 pts:36.161 dur:41.000ms, clock:27.476 level:92
2021-04-13 21:18:29.748 T:4972 DEBUG : CVideoPlayer::ProcessAudioData size:370 dts:36.177 pts:36.177 dur:23.000ms, clock:27.476 drop:0 level:99
2021-04-13 21:18:29.748 T:4972 DEBUG : CVideoPlayer::ProcessAudioData size:398 dts:36.200 pts:36.200 dur:23.000ms, clock:27.476 drop:0 level:99
2021-04-13 21:18:29.752 T:4973 DEBUG : CAMLCodec::GetTimeSize: len:24 dl:1132642 fs:1132242 front:29883
2021-04-13 21:18:29.767 T:4763 INFO : Skipped 2 duplicate messages..
2021-04-13 21:18:29.767 T:4763 DEBUG : CAMLCodec::PollFrame elapsed:36.024ms
2021-04-13 21:18:29.771 T:4763 DEBUG : PrepareNextRender: frameOnScreen: 27.498 renderPts: 27.665 nextFramePts: 27.653 -> diff: 0.012 render: 1 forceNext: 0
2021-04-13 21:18:29.771 T:4973 DEBUG : CAMLCodec::GetTimeSize: len:24 dl:1132642 fs:1132242 front:29883
2021-04-13 21:18:29.773 T:4763 DEBUG : CAMLCodec::ReleaseFrame idx:663, drop:0
2021-04-13 21:18:29.777 T:4973 DEBUG : CAMLCodec::GetTimeSize: len:24 dl:1102743 fs:1132242 front:29883
2021-04-13 21:18:29.777 T:4973 DEBUG : CAMLCodec::GetTimeSize: len:23 dl:1102743 fs:1102359 front:415
2021-04-13 21:18:29.777 T:4973 DEBUG : CAMLCodec::DequeueBuffer: pts:27.778 idx:666
2021-04-13 21:18:29.777 T:4973 DEBUG : CAMLCodec::GetPicture: index: 666, pts: 27.778, dur:42ms ar:0.00
2021-04-13 21:18:29.777 T:4973 DEBUG : CVideoPlayerVideo::OutputPicture - ttd:272ms pts:27.778 Clock:27.505 Level:2
2021-04-13 21:18:29.779 T:4973 DEBUG : CAMLCodec::GetTimeSize: len:23 dl:1102743 fs:1102359 front:415
2021-04-13 21:18:29.786 T:4973 DEBUG : CAMLCodec::AddData: dl:1318202 sum:1317802 sz:215443 dts:28.779 pts:28.779 overflow:0
2021-04-13 21:18:29.786 T:4973 DEBUG : CAMLCodec::GetTimeSize: len:24 dl:1318202 fs:1317802 front:415
2021-04-13 21:18:29.790 T:4974 DEBUG : CVideoPlayerAudio::OutputPacket: pts:28.259 curr_pts:27.518 clock:27.518 level:99
2021-04-13 21:18:29.790 T:4974 DEBUG : CVideoPlayerAudio::OutputPacket: pts:28.282 curr_pts:27.519 clock:27.518 level:99
2021-04-13 21:18:29.793 T:4973 DEBUG : CAMLCodec::GetTimeSize: len:24 dl:1318202 fs:1317802 front:415
2021-04-13 21:18:29.799 T:4972 INFO : Skipped 1 duplicate messages..
2021-04-13 21:18:29.799 T:4972 DEBUG : CVideoPlayer::ProcessVideoData size:6046 dts:36.203 pts:36.203 dur:41.000ms, clock:27.527 level:92
2021-04-13 21:18:29.799 T:4972 DEBUG : CVideoPlayer::ProcessAudioData size:369 dts:36.223 pts:36.223 dur:23.000ms, clock:27.527 drop:0 level:99
2021-04-13 21:18:29.799 T:4972 DEBUG : CVideoPlayer::ProcessVideoData size:6361 dts:36.245 pts:36.245 dur:41.000ms, clock:27.527 level:93
2021-04-13 21:18:29.800 T:4972 DEBUG : CVideoPlayer::ProcessAudioData size:359 dts:36.246 pts:36.246 dur:23.000ms, clock:27.527 drop:0 level:99
2021-04-13 21:18:29.805 T:4973 DEBUG : CAMLCodec::GetTimeSize: len:24 dl:1318202 fs:1317802 front:415
2021-04-13 21:18:29.809 T:4763 DEBUG : CAMLCodec::PollFrame elapsed:35.741ms
2021-04-13 21:18:29.812 T:4973 DEBUG : CAMLCodec::GetTimeSize: len:24 dl:1318202 fs:1317802 front:415
2021-04-13 21:18:29.812 T:4763 DEBUG : PrepareNextRender: frameOnScreen: 27.540 renderPts: 27.707 nextFramePts: 27.695 -> diff: 0.012 render: 1 forceNext: 0
2021-04-13 21:18:29.814 T:4763 DEBUG : CAMLCodec::ReleaseFrame idx:664, drop:0
2021-04-13 21:18:29.818 T:4973 DEBUG : CAMLCodec::GetTimeSize: len:24 dl:1317771 fs:1317802 front:415
2021-04-13 21:18:29.819 T:4973 DEBUG : CAMLCodec::GetTimeSize: len:23 dl:1317771 fs:1317387 front:276051
2021-04-13 21:18:29.819 T:4973 DEBUG : CAMLCodec::DequeueBuffer: pts:27.820 idx:667
2021-04-13 21:18:29.819 T:4973 DEBUG : CAMLCodec::GetPicture: index: 667, pts: 27.820, dur:42ms ar:0.00
2021-04-13 21:18:29.819 T:4973 DEBUG : CVideoPlayerVideo::OutputPicture - ttd:273ms pts:27.820 Clock:27.547 Level:2
2021-04-13 21:18:29.820 T:4973 DEBUG : CAMLCodec::GetTimeSize: len:23 dl:1317771 fs:1317387 front:276051
2021-04-13 21:18:29.825 T:4973 DEBUG : frame_number : 2, mag : 3; index_sz : 8
2021-04-13 21:18:29.828 T:4973 DEBUG : CAMLCodec::AddData: dl:1215455 sum:1491122 sz:173735 dts:28.821 pts:28.821 overflow:0
2021-04-13 21:18:29.828 T:4973 DEBUG : CAMLCodec::GetTimeSize: len:24 dl:1215455 fs:1491122 front:276051
2021-04-13 21:18:29.828 T:4973 DEBUG : CAMLCodec::GetTimeSize: len:23 dl:1215455 fs:1215071 front:75131
2021-04-13 21:18:29.828 T:4973 DEBUG : CAMLCodec::DequeueBuffer: pts:27.861 idx:668
2021-04-13 21:18:29.828 T:4973 DEBUG : CAMLCodec::GetPicture: index: 668, pts: 27.861, dur:41ms ar:0.00
2021-04-13 21:18:29.828 T:4973 DEBUG : CVideoPlayerVideo::OutputPicture - ttd:305ms pts:27.861 Clock:27.556 Level:3
2021-04-13 21:18:29.829 T:4973 DEBUG : CAMLCodec::GetTimeSize: len:23 dl:1215455 fs:1215071 front:75131
2021-04-13 21:18:29.834 T:4973 DEBUG : CAMLCodec::AddData: dl:1255145 sum:1254745 sz:39674 dts:28.862 pts:28.862 overflow:0
2021-04-13 21:18:29.834 T:4973 DEBUG : CAMLCodec::GetTimeSize: len:24 dl:1255145 fs:1254745 front:75131
2021-04-13 21:18:29.840 T:4972 DEBUG : CVideoPlayer::ProcessAudioData size:355 dts:36.270 pts:36.270 dur:23.000ms, clock:27.568 drop:0 level:99
2021-04-13 21:18:29.840 T:4974 DEBUG : CVideoPlayerAudio::OutputPacket: pts:28.305 curr_pts:27.569 clock:27.568 level:99
2021-04-13 21:18:29.840 T:4974 DEBUG : CVideoPlayerAudio::OutputPacket: pts:28.328 curr_pts:27.569 clock:27.568 level:99
2021-04-13 21:18:29.841 T:4973 DEBUG : CAMLCodec::GetTimeSize: len:24 dl:1255145 fs:1254745 front:75131
2021-04-13 21:18:29.850 T:4972 INFO : Skipped 1 duplicate messages..
2021-04-13 21:18:29.850 T:4972 DEBUG : CVideoPlayer::ProcessVideoData size:5658 dts:36.287 pts:36.287 dur:41.000ms, clock:27.578 level:92
2021-04-13 21:18:29.851 T:4763 DEBUG : CAMLCodec::PollFrame elapsed:36.298ms
2021-04-13 21:18:29.851 T:4972 DEBUG : CVideoPlayer::ProcessAudioData size:351 dts:36.293 pts:36.293 dur:23.000ms, clock:27.579 drop:0 level:99
2021-04-13 21:18:29.853 T:4763 DEBUG : PrepareNextRender: frameOnScreen: 27.581 renderPts: 27.748 nextFramePts: 27.736 -> diff: 0.012 render: 1 forceNext: 0
2021-04-13 21:18:29.853 T:4973 DEBUG : CAMLCodec::GetTimeSize: len:24 dl:1255145 fs:1254745 front:75131
2021-04-13 21:18:29.856 T:4763 DEBUG : CAMLCodec::ReleaseFrame idx:665, drop:0
2021-04-13 21:18:29.860 T:4973 DEBUG : CAMLCodec::GetTimeSize: len:24 dl:1179998 fs:1254745 front:75131
2021-04-13 21:18:29.860 T:4973 DEBUG : CAMLCodec::GetTimeSize: len:23 dl:1179998 fs:1179614 front:22934
2021-04-13 21:18:29.860 T:4973 DEBUG : CAMLCodec::DequeueBuffer: pts:27.903 idx:669
2021-04-13 21:18:29.860 T:4973 DEBUG : CAMLCodec::GetPicture: index: 669, pts: 27.903, dur:42ms ar:0.00
2021-04-13 21:18:29.860 T:4973 DEBUG : CVideoPlayerVideo::OutputPicture - ttd:314ms pts:27.903 Clock:27.588 Level:3
2021-04-13 21:18:29.861 T:4973 DEBUG : CAMLCodec::GetTimeSize: len:23 dl:1179998 fs:1179614 front:22934
2021-04-13 21:18:29.866 T:4973 DEBUG : CAMLCodec::AddData: dl:1203359 sum:1202959 sz:23345 dts:28.904 pts:28.904 overflow:0
2021-04-13 21:18:29.867 T:4973 DEBUG : CAMLCodec::GetTimeSize: len:24 dl:1203359 fs:1202959 front:22934
2021-04-13 21:18:29.890 T:4974 INFO : Skipped 3 duplicate messages..
2021-04-13 21:18:29.890 T:4974 DEBUG : CVideoPlayerAudio::OutputPacket: pts:28.352 curr_pts:27.617 clock:27.617 level:99
2021-04-13 21:18:29.890 T:4974 DEBUG : CVideoPlayerAudio::OutputPacket: pts:28.375 curr_pts:27.619 clock:27.618 level:99
2021-04-13 21:18:29.890 T:4974 DEBUG : CVideoPlayerAudio::OutputPacket: pts:28.398 curr_pts:27.619 clock:27.618 level:99
2021-04-13 21:18:29.891 T:4972 DEBUG : CVideoPlayer::ProcessAudioData size:348 dts:36.316 pts:36.316 dur:23.000ms, clock:27.619 drop:0 level:99
2021-04-13 21:18:29.891 T:4972 DEBUG : CVideoPlayer::ProcessVideoData size:4854 dts:36.328 pts:36.328 dur:41.000ms, clock:27.619 level:92
2021-04-13 21:18:29.891 T:4972 DEBUG : CVideoPlayer::ProcessAudioData size:357 dts:36.339 pts:36.339 dur:23.000ms, clock:27.619 drop:0 level:99
2021-04-13 21:18:29.891 T:4972 DEBUG : CVideoPlayer::ProcessAudioData size:355 dts:36.362 pts:36.362 dur:23.000ms, clock:27.619 drop:0 level:99
2021-04-13 21:18:29.892 T:4763 DEBUG : CAMLCodec::PollFrame elapsed:36.254ms
2021-04-13 21:18:29.893 T:4973 DEBUG : CAMLCodec::GetTimeSize: len:24 dl:1203359 fs:1202959 front:22934
2021-04-13 21:18:29.895 T:4763 DEBUG : PrepareNextRender: frameOnScreen: 27.623 renderPts: 27.790 nextFramePts: 27.778 -> diff: 0.012 render: 1 forceNext: 0
2021-04-13 21:18:29.897 T:4763 DEBUG : CAMLCodec::ReleaseFrame idx:666, drop:0
2021-04-13 21:18:29.900 T:4973 DEBUG : CAMLCodec::GetTimeSize: len:24 dl:1180409 fs:1202959 front:22934
2021-04-13 21:18:29.900 T:4973 DEBUG : CAMLCodec::GetTimeSize: len:23 dl:1180409 fs:1180025 front:69637
2021-04-13 21:18:29.900 T:4973 DEBUG : CAMLCodec::DequeueBuffer: pts:27.945 idx:670
2021-04-13 21:18:29.900 T:4973 DEBUG : CAMLCodec::GetPicture: index: 670, pts: 27.945, dur:42ms ar:0.00
2021-04-13 21:18:29.900 T:4973 DEBUG : CVideoPlayerVideo::OutputPicture - ttd:317ms pts:27.945 Clock:27.628 Level:3
2021-04-13 21:18:29.901 T:4973 DEBUG : CAMLCodec::GetTimeSize: len:23 dl:1180409 fs:1180025 front:69637
2021-04-13 21:18:29.906 T:4973 DEBUG : CAMLCodec::AddData: dl:1220503 sum:1220103 sz:40078 dts:28.946 pts:28.946 overflow:0
2021-04-13 21:18:29.906 T:4973 DEBUG : CAMLCodec::GetTimeSize: len:24 dl:1220503 fs:1220103 front:69637
2021-04-13 21:18:29.934 T:4763 INFO : Skipped 4 duplicate messages..
2021-04-13 21:18:29.934 T:4763 DEBUG : CAMLCodec::PollFrame elapsed:36.799ms
2021-04-13 21:18:29.937 T:4763 DEBUG : PrepareNextRender: frameOnScreen: 27.665 renderPts: 27.832 nextFramePts: 27.820 -> diff: 0.012 render: 1 forceNext: 0
2021-04-13 21:18:29.938 T:4973 DEBUG : CAMLCodec::GetTimeSize: len:24 dl:1220503 fs:1220103 front:69637
2021-04-13 21:18:29.940 T:4763 DEBUG : CAMLCodec::ReleaseFrame idx:667, drop:0
2021-04-13 21:18:29.940 T:4974 DEBUG : CVideoPlayerAudio::OutputPacket: pts:28.421 curr_pts:27.668 clock:27.668 level:99
2021-04-13 21:18:29.940 T:4974 DEBUG : CVideoPlayerAudio::OutputPacket: pts:28.444 curr_pts:27.668 clock:27.668 level:99
2021-04-13 21:18:29.942 T:4972 DEBUG : CVideoPlayer::ProcessVideoData size:3747 dts:36.370 pts:36.370 dur:41.000ms, clock:27.670 level:92
2021-04-13 21:18:29.942 T:4972 DEBUG : CVideoPlayer::ProcessAudioData size:454 dts:36.386 pts:36.386 dur:23.000ms, clock:27.670 drop:0 level:99
2021-04-13 21:18:29.942 T:4972 DEBUG : CVideoPlayer::ProcessAudioData size:395 dts:36.409 pts:36.409 dur:23.000ms, clock:27.670 drop:0 level:99
2021-04-13 21:18:29.944 T:4973 DEBUG : CAMLCodec::GetTimeSize: len:24 dl:1150850 fs:1220103 front:69637
2021-04-13 21:18:29.944 T:4973 DEBUG : CAMLCodec::GetTimeSize: len:23 dl:1150850 fs:1150466 front:26462
2021-04-13 21:18:29.944 T:4973 DEBUG : CAMLCodec::DequeueBuffer: pts:27.987 idx:671
2021-04-13 21:18:29.944 T:4973 DEBUG : CAMLCodec::GetPicture: index: 671, pts: 27.987, dur:42ms ar:0.00
2021-04-13 21:18:29.944 T:4973 DEBUG : CVideoPlayerVideo::OutputPicture - ttd:314ms pts:27.987 Clock:27.672 Level:3
2021-04-13 21:18:29.946 T:4973 DEBUG : CAMLCodec::GetTimeSize: len:23 dl:1150850 fs:1150466 front:26462
2021-04-13 21:18:29.951 T:4973 DEBUG : CAMLCodec::AddData: dl:1198115 sum:1197715 sz:47249 dts:28.988 pts:28.988 overflow:0
2021-04-13 21:18:29.951 T:4973 DEBUG : CAMLCodec::GetTimeSize: len:24 dl:1198115 fs:1197715 front:26462
2021-04-13 21:18:29.976 T:4763 INFO : Skipped 3 duplicate messages..
2021-04-13 21:18:29.976 T:4763 DEBUG : CAMLCodec::PollFrame elapsed:35.706ms
2021-04-13 21:18:29.976 T:4973 DEBUG : CAMLCodec::GetTimeSize: len:24 dl:1198115 fs:1197715 front:26462
2021-04-13 21:18:29.979 T:4763 DEBUG : PrepareNextRender: frameOnScreen: 27.707 renderPts: 27.874 nextFramePts: 27.861 -> diff: 0.013 render: 1 forceNext: 0
2021-04-13 21:18:29.981 T:4763 DEBUG : CAMLCodec::ReleaseFrame idx:668, drop:0
2021-04-13 21:18:29.983 T:4973 DEBUG : CAMLCodec::GetTimeSize: len:24 dl:1171637 fs:1197715 front:26462
2021-04-13 21:18:29.983 T:4973 DEBUG : CAMLCodec::GetTimeSize: len:23 dl:1171637 fs:1171253 front:45955
2021-04-13 21:18:29.983 T:4973 DEBUG : CAMLCodec::DequeueBuffer: pts:28.028 idx:672
2021-04-13 21:18:29.983 T:4973 DEBUG : CAMLCodec::GetPicture: index: 672, pts: 28.028, dur:41ms ar:0.00
2021-04-13 21:18:29.983 T:4973 DEBUG : CVideoPlayerVideo::OutputPicture - ttd:317ms pts:28.028 Clock:27.711 Level:3
2021-04-13 21:18:29.984 T:4973 DEBUG : CAMLCodec::GetTimeSize: len:23 dl:1171637 fs:1171253 front:45955
2021-04-13 21:18:29.989 T:4973 DEBUG : CAMLCodec::AddData: dl:1198567 sum:1198167 sz:26914 dts:29.029 pts:29.029 overflow:0
2021-04-13 21:18:29.989 T:4973 DEBUG : CAMLCodec::GetTimeSize: len:24 dl:1198567 fs:1198167 front:45955
2021-04-13 21:18:29.990 T:4974 DEBUG : CVideoPlayerAudio::OutputPacket: pts:28.468 curr_pts:27.717 clock:27.718 level:99
2021-04-13 21:18:29.990 T:4974 DEBUG : CVideoPlayerAudio::OutputPacket: pts:28.491 curr_pts:27.719 clock:27.718 level:99
2021-04-13 21:18:29.993 T:4972 DEBUG : CVideoPlayer::ProcessVideoData size:2367 dts:36.412 pts:36.412 dur:41.000ms, clock:27.721 level:92
2021-04-13 21:18:29.993 T:4972 DEBUG : CVideoPlayer::ProcessAudioData size:399 dts:36.432 pts:36.432 dur:23.000ms, clock:27.721 drop:0 level:99
2021-04-13 21:18:29.993 T:4972 DEBUG : CVideoPlayer::ProcessVideoData size:194 dts:36.453 pts:36.453 dur:41.000ms, clock:27.721 level:92
2021-04-13 21:18:29.994 T:4972 DEBUG : CVideoPlayer::ProcessAudioData size:462 dts:36.455 pts:36.455 dur:23.000ms, clock:27.721 drop:0 level:99
2021-04-13 21:18:29.996 T:4973 DEBUG : CAMLCodec::GetTimeSize: len:24 dl:1198567 fs:1198167 front:45955
2021-04-13 21:18:30.017 T:4763 INFO : Skipped 3 duplicate messages..
2021-04-13 21:18:30.017 T:4763 DEBUG : CAMLCodec::PollFrame elapsed:36.209ms
2021-04-13 21:18:30.020 T:4763 DEBUG : PrepareNextRender: frameOnScreen: 27.748 renderPts: 27.915 nextFramePts: 27.903 -> diff: 0.012 render: 1 forceNext: 0
2021-04-13 21:18:30.021 T:4973 DEBUG : CAMLCodec::GetTimeSize: len:24 dl:1198567 fs:1198167 front:45955
2021-04-13 21:18:30.023 T:4763 DEBUG : CAMLCodec::ReleaseFrame idx:669, drop:0
2021-04-13 21:18:30.027 T:4973 DEBUG : CAMLCodec::GetTimeSize: len:24 dl:1152596 fs:1198167 front:45955
2021-04-13 21:18:30.027 T:4973 DEBUG : CAMLCodec::GetTimeSize: len:23 dl:1152596 fs:1152212 front:43796
2021-04-13 21:18:30.028 T:4973 DEBUG : CAMLCodec::DequeueBuffer: pts:28.070 idx:673
2021-04-13 21:18:30.028 T:4973 DEBUG : CAMLCodec::GetPicture: index: 673, pts: 28.070, dur:42ms ar:0.00
2021-04-13 21:18:30.028 T:4973 DEBUG : CVideoPlayerVideo::OutputPicture - ttd:314ms pts:28.070 Clock:27.756 Level:3
2021-04-13 21:18:30.029 T:4973 DEBUG : CAMLCodec::GetTimeSize: len:23 dl:1152596 fs:1152212 front:43796
2021-04-13 21:18:30.034 T:4973 DEBUG : CAMLCodec::AddData: dl:1184271 sum:1183871 sz:31659 dts:29.071 pts:29.071 overflow:0
2021-04-13 21:18:30.034 T:4973 DEBUG : CAMLCodec::GetTimeSize: len:24 dl:1184271 fs:1183871 front:43796
2021-04-13 21:18:30.040 T:4974 DEBUG : CVideoPlayerAudio::OutputPacket: pts:28.514 curr_pts:27.768 clock:27.768 level:99
2021-04-13 21:18:30.040 T:4974 DEBUG : CVideoPlayerAudio::OutputPacket: pts:28.537 curr_pts:27.768 clock:27.768 level:99
2021-04-13 21:18:30.041 T:4973 DEBUG : CAMLCodec::GetTimeSize: len:24 dl:1184271 fs:1183871 front:43796
2021-04-13 21:18:30.044 T:4972 DEBUG : CVideoPlayer::ProcessAudioData size:353 dts:36.479 pts:36.479 dur:23.000ms, clock:27.772 drop:0 level:99
2021-04-13 21:18:30.045 T:4972 DEBUG : CVideoPlayer::ProcessVideoData size:70448 dts:36.495 pts:36.495 dur:41.000ms, clock:27.772 level:92
2021-04-13 21:18:30.045 T:4972 DEBUG : CVideoPlayer::ProcessAudioData size:477 dts:36.502 pts:36.502 dur:23.000ms, clock:27.773 drop:0 level:99
2021-04-13 21:18:30.047 T:4973 DEBUG : CAMLCodec::GetTimeSize: len:24 dl:1184271 fs:1183871 front:43796
2021-04-13 21:18:30.059 T:4763 INFO : Skipped 1 duplicate messages..
2021-04-13 21:18:30.059 T:4763 DEBUG : CAMLCodec::PollFrame elapsed:35.788ms
2021-04-13 21:18:30.059 T:4973 DEBUG : CAMLCodec::GetTimeSize: len:24 dl:1184271 fs:1183871 front:43796
2021-04-13 21:18:30.062 T:4763 DEBUG : PrepareNextRender: frameOnScreen: 27.789 renderPts: 27.956 nextFramePts: 27.945 -> diff: 0.011 render: 1 forceNext: 0
2021-04-13 21:18:30.063 T:4763 DEBUG : CAMLCodec::ReleaseFrame idx:670, drop:0
2021-04-13 21:18:30.066 T:4973 DEBUG : CAMLCodec::GetTimeSize: len:24 dl:1184271 fs:1183871 front:43796
2021-04-13 21:18:30.090 T:4974 INFO : Skipped 3 duplicate messages..
2021-04-13 21:18:30.090 T:4974 DEBUG : CVideoPlayerAudio::OutputPacket: pts:28.561 curr_pts:27.818 clock:27.818 level:99
2021-04-13 21:18:30.090 T:4974 DEBUG : CVideoPlayerAudio::OutputPacket: pts:28.584 curr_pts:27.819 clock:27.818 level:99
2021-04-13 21:18:30.091 T:4973 DEBUG : CAMLCodec::GetTimeSize: len:24 dl:1184271 fs:1183871 front:43796
2021-04-13 21:18:30.095 T:4972 DEBUG : CVideoPlayer::ProcessAudioData size:465 dts:36.525 pts:36.525 dur:23.000ms, clock:27.823 drop:0 level:99
2021-04-13 21:18:30.096 T:4972 DEBUG : CVideoPlayer::ProcessVideoData size:4673 dts:36.537 pts:36.537 dur:41.000ms, clock:27.823 level:93
2021-04-13 21:18:30.096 T:4972 DEBUG : CVideoPlayer::ProcessAudioData size:353 dts:36.548 pts:36.548 dur:23.000ms, clock:27.824 drop:0 level:99
2021-04-13 21:18:30.097 T:4973 DEBUG : CAMLCodec::GetTimeSize: len:24 dl:1184271 fs:1183871 front:43796
2021-04-13 21:18:30.101 T:4763 DEBUG : CAMLCodec::PollFrame elapsed:37.306ms
2021-04-13 21:18:30.104 T:4973 DEBUG : CAMLCodec::GetTimeSize: len:24 dl:1184271 fs:1183871 front:43796
2021-04-13 21:18:30.104 T:4763 DEBUG : PrepareNextRender: frameOnScreen: 27.832 renderPts: 27.999 nextFramePts: 27.987 -> diff: 0.012 render: 1 forceNext: 0
2021-04-13 21:18:30.107 T:4763 DEBUG : CAMLCodec::ReleaseFrame idx:671, drop:0
2021-04-13 21:18:30.110 T:4973 DEBUG : CAMLCodec::GetTimeSize: len:24 dl:1140459 fs:1183871 front:43796
2021-04-13 21:18:30.110 T:4973 DEBUG : CAMLCodec::GetTimeSize: len:23 dl:1140459 fs:1140075 front:37680
2021-04-13 21:18:30.110 T:4973 DEBUG : CAMLCodec::DequeueBuffer: pts:28.112 idx:674
2021-04-13 21:18:30.111 T:4973 DEBUG : CAMLCodec::GetPicture: index: 674, pts: 28.112, dur:42ms ar:0.00
2021-04-13 21:18:30.111 T:4973 DEBUG : CVideoPlayerVideo::OutputPicture - ttd:273ms pts:28.112 Clock:27.838 Level:2
2021-04-13 21:18:30.112 T:4973 DEBUG : CAMLCodec::GetTimeSize: len:23 dl:1140459 fs:1140075 front:37680
2021-04-13 21:18:30.117 T:4973 DEBUG : CAMLCodec::AddData: dl:1172664 sum:1172264 sz:32189 dts:29.113 pts:29.113 overflow:0
2021-04-13 21:18:30.117 T:4973 DEBUG : CAMLCodec::GetTimeSize: len:24 dl:1172664 fs:1172264 front:37680
2021-04-13 21:18:30.140 T:4974 INFO : Skipped 3 duplicate messages..
2021-04-13 21:18:30.140 T:4974 DEBUG : CVideoPlayerAudio::OutputPacket: pts:28.607 curr_pts:27.868 clock:27.868 level:99
2021-04-13 21:18:30.140 T:4974 DEBUG : CVideoPlayerAudio::OutputPacket: pts:28.630 curr_pts:27.869 clock:27.868 level:99
2021-04-13 21:18:30.142 T:4973 DEBUG : CAMLCodec::GetTimeSize: len:24 dl:1172664 fs:1172264 front:37680
2021-04-13 21:18:30.143 T:4763 DEBUG : CAMLCodec::PollFrame elapsed:35.789ms
2021-04-13 21:18:30.145 T:4763 DEBUG : PrepareNextRender: frameOnScreen: 27.873 renderPts: 28.039 nextFramePts: 28.028 -> diff: 0.011 render: 1 forceNext: 0
2021-04-13 21:18:30.147 T:4972 DEBUG : CVideoPlayer::ProcessAudioData size:357 dts:36.571 pts:36.571 dur:23.000ms, clock:27.874 drop:0 level:99
2021-04-13 21:18:30.147 T:4763 DEBUG : CAMLCodec::ReleaseFrame idx:672, drop:0
2021-04-13 21:18:30.147 T:4972 DEBUG : CVideoPlayer::ProcessVideoData size:4578 dts:36.578 pts:36.578 dur:41.000ms, clock:27.875 level:93
2021-04-13 21:18:30.147 T:4972 DEBUG : CVideoPlayer::ProcessAudioData size:314 dts:36.595 pts:36.595 dur:23.000ms, clock:27.875 drop:0 level:99
2021-04-13 21:18:30.149 T:4973 DEBUG : CAMLCodec::GetTimeSize: len:24 dl:1172664 fs:1172264 front:37680
2021-04-13 21:18:30.155 T:4973 DEBUG : CAMLCodec::GetTimeSize: len:24 dl:1134968 fs:1172264 front:37680
2021-04-13 21:18:30.155 T:4973 DEBUG : CAMLCodec::GetTimeSize: len:23 dl:1134968 fs:1134584 front:19476
2021-04-13 21:18:30.155 T:4973 DEBUG : CAMLCodec::DequeueBuffer: pts:28.153 idx:675
2021-04-13 21:18:30.155 T:4973 DEBUG : CAMLCodec::GetPicture: index: 675, pts: 28.153, dur:41ms ar:0.00
2021-04-13 21:18:30.155 T:4973 DEBUG : CVideoPlayerVideo::OutputPicture - ttd:269ms pts:28.153 Clock:27.883 Level:2
2021-04-13 21:18:30.156 T:4973 DEBUG : CAMLCodec::GetTimeSize: len:23 dl:1134968 fs:1134584 front:19476
2021-04-13 21:18:30.161 T:4973 DEBUG : CAMLCodec::AddData: dl:1167804 sum:1167404 sz:32820 dts:29.154 pts:29.154 overflow:0
2021-04-13 21:18:30.162 T:4973 DEBUG : CAMLCodec::GetTimeSize: len:24 dl:1167804 fs:1167404 front:19476
2021-04-13 21:18:30.184 T:4763 INFO : Skipped 3 duplicate messages..
2021-04-13 21:18:30.184 T:4763 DEBUG : CAMLCodec::PollFrame elapsed:37.067ms
2021-04-13 21:18:30.187 T:4973 DEBUG : CAMLCodec::GetTimeSize: len:24 dl:1167804 fs:1167404 front:19476
2021-04-13 21:18:30.188 T:4763 DEBUG : PrepareNextRender: frameOnScreen: 27.916 renderPts: 28.082 nextFramePts: 28.070 -> diff: 0.012 render: 1 forceNext: 0
2021-04-13 21:18:30.190 T:4763 DEBUG : CAMLCodec::ReleaseFrame idx:673, drop:0
2021-04-13 21:18:30.190 T:4974 DEBUG : CVideoPlayerAudio::OutputPacket: pts:28.653 curr_pts:27.918 clock:27.918 level:99
2021-04-13 21:18:30.190 T:4974 DEBUG : CVideoPlayerAudio::OutputPacket: pts:28.677 curr_pts:27.918 clock:27.918 level:99
2021-04-13 21:18:30.190 T:4974 DEBUG : CVideoPlayerAudio::OutputPacket: pts:28.700 curr_pts:27.919 clock:27.918 level:99
2021-04-13 21:18:30.193 T:4973 DEBUG : CAMLCodec::GetTimeSize: len:24 dl:1148312 fs:1167404 front:19476
2021-04-13 21:18:30.193 T:4973 DEBUG : CAMLCodec::GetTimeSize: len:23 dl:1148312 fs:1147928 front:20867
2021-04-13 21:18:30.194 T:4973 DEBUG : CAMLCodec::DequeueBuffer: pts:28.195 idx:676
2021-04-13 21:18:30.194 T:4973 DEBUG : CAMLCodec::GetPicture: index: 676, pts: 28.195, dur:42ms ar:0.00
2021-04-13 21:18:30.194 T:4973 DEBUG : CVideoPlayerVideo::OutputPicture - ttd:273ms pts:28.195 Clock:27.922 Level:2
2021-04-13 21:18:30.195 T:4973 DEBUG : CAMLCodec::GetTimeSize: len:23 dl:1148312 fs:1147928 front:20867
2021-04-13 21:18:30.198 T:4972 DEBUG : CVideoPlayer::ProcessAudioData size:321 dts:36.618 pts:36.618 dur:23.000ms, clock:27.926 drop:0 level:99
2021-04-13 21:18:30.198 T:4972 DEBUG : CVideoPlayer::ProcessVideoData size:4991 dts:36.620 pts:36.620 dur:41.000ms, clock:27.926 level:93
2021-04-13 21:18:30.198 T:4972 DEBUG : CVideoPlayer::ProcessAudioData size:327 dts:36.641 pts:36.641 dur:23.000ms, clock:27.926 drop:0 level:99
2021-04-13 21:18:30.199 T:4972 DEBUG : CVideoPlayer::ProcessVideoData size:5164 dts:36.662 pts:36.662 dur:41.000ms, clock:27.926 level:93
2021-04-13 21:18:30.199 T:4972 DEBUG : CVideoPlayer::ProcessAudioData size:345 dts:36.664 pts:36.664 dur:23.000ms, clock:27.927 drop:0 level:99
2021-04-13 21:18:30.200 T:4973 DEBUG : CAMLCodec::AddData: dl:1170684 sum:1170284 sz:22356 dts:29.196 pts:29.196 overflow:0
2021-04-13 21:18:30.200 T:4973 DEBUG : CAMLCodec::GetTimeSize: len:24 dl:1170684 fs:1170284 front:20867
2021-04-13 21:18:30.226 T:4763 INFO : Skipped 4 duplicate messages..
2021-04-13 21:18:30.226 T:4763 DEBUG : CAMLCodec::PollFrame elapsed:35.848ms
2021-04-13 21:18:30.229 T:4763 DEBUG : PrepareNextRender: frameOnScreen: 27.957 renderPts: 28.124 nextFramePts: 28.112 -> diff: 0.012 render: 1 forceNext: 0
2021-04-13 21:18:30.232 T:4973 DEBUG : CAMLCodec::GetTimeSize: len:24 dl:1149801 fs:1170284 front:20867
2021-04-13 21:18:30.232 T:4973 DEBUG : CAMLCodec::GetTimeSize: len:23 dl:1149801 fs:1149417 front:502
2021-04-13 21:18:30.232 T:4973 DEBUG : CAMLCodec::DequeueBuffer: pts:28.237 idx:677
2021-04-13 21:18:30.232 T:4973 DEBUG : CAMLCodec::GetPicture: index: 677, pts: 28.237, dur:42ms ar:0.00
2021-04-13 21:18:30.232 T:4973 DEBUG : CVideoPlayerVideo::OutputPicture - ttd:277ms pts:28.237 Clock:27.960 Level:2
2021-04-13 21:18:30.232 T:4763 DEBUG : CAMLCodec::ReleaseFrame idx:674, drop:0
2021-04-13 21:18:30.233 T:4973 DEBUG : CAMLCodec::GetTimeSize: len:23 dl:1149801 fs:1149417 front:502
2021-04-13 21:18:30.238 T:4973 DEBUG : CAMLCodec::AddData: dl:1149940 sum:1149540 sz:123 dts:29.238 pts:29.238 overflow:0
2021-04-13 21:18:30.238 T:4973 DEBUG : CAMLCodec::GetTimeSize: len:24 dl:1149940 fs:1149540 front:502
2021-04-13 21:18:30.240 T:4974 DEBUG : CVideoPlayerAudio::OutputPacket: pts:28.723 curr_pts:27.968 clock:27.968 level:99
2021-04-13 21:18:30.240 T:4974 DEBUG : CVideoPlayerAudio::OutputPacket: pts:28.746 curr_pts:27.969 clock:27.968 level:99
2021-04-13 21:18:30.245 T:4973 DEBUG : CAMLCodec::GetTimeSize: len:24 dl:1149940 fs:1149540 front:502
2021-04-13 21:18:30.249 T:4972 DEBUG : CVideoPlayer::ProcessAudioData size:332 dts:36.688 pts:36.688 dur:23.000ms, clock:27.977 drop:0 level:99
2021-04-13 21:18:30.249 T:4972 DEBUG : CVideoPlayer::ProcessVideoData size:5263 dts:36.704 pts:36.704 dur:41.000ms, clock:27.977 level:93
2021-04-13 21:18:30.250 T:4972 DEBUG : CVideoPlayer::ProcessAudioData size:340 dts:36.711 pts:36.711 dur:23.000ms, clock:27.977 drop:0 level:99
2021-04-13 21:18:30.251 T:4973 DEBUG : CAMLCodec::GetTimeSize: len:24 dl:1149940 fs:1149540 front:502
2021-04-13 21:18:30.268 T:4763 INFO : Skipped 2 duplicate messages..
2021-04-13 21:18:30.268 T:4763 DEBUG : CAMLCodec::PollFrame elapsed:35.643ms
2021-04-13 21:18:30.270 T:4973 DEBUG : CAMLCodec::GetTimeSize: len:24 dl:1149940 fs:1149540 front:502
2021-04-13 21:18:30.271 T:4763 DEBUG : PrepareNextRender: frameOnScreen: 27.999 renderPts: 28.166 nextFramePts: 28.153 -> diff: 0.013 render: 1 forceNext: 0
2021-04-13 21:18:30.273 T:4763 DEBUG : CAMLCodec::ReleaseFrame idx:675, drop:0
2021-04-13 21:18:30.277 T:4973 DEBUG : CAMLCodec::GetTimeSize: len:24 dl:1149422 fs:1149540 front:502
2021-04-13 21:18:30.277 T:4973 DEBUG : CAMLCodec::GetTimeSize: len:23 dl:1149422 fs:1149038 front:215329
2021-04-13 21:18:30.277 T:4973 DEBUG : CAMLCodec::DequeueBuffer: pts:28.279 idx:678
2021-04-13 21:18:30.277 T:4973 DEBUG : CAMLCodec::GetPicture: index: 678, pts: 28.279, dur:42ms ar:0.00
2021-04-13 21:18:30.277 T:4973 DEBUG : CVideoPlayerVideo::OutputPicture - ttd:274ms pts:28.279 Clock:28.005 Level:2
2021-04-13 21:18:30.278 T:4973 DEBUG : CAMLCodec::GetTimeSize: len:23 dl:1149422 fs:1149038 front:215329
2021-04-13 21:18:30.283 T:4973 DEBUG : CAMLCodec::AddData: dl:956099 sum:1171052 sz:22014 dts:29.280 pts:29.280 overflow:0
2021-04-13 21:18:30.283 T:4973 DEBUG : CAMLCodec::GetTimeSize: len:24 dl:956099 fs:1171052 front:215329
2021-04-13 21:18:30.283 T:4973 DEBUG : CAMLCodec::GetTimeSize: len:23 dl:956099 fs:955723 front:26783
2021-04-13 21:18:30.283 T:4973 DEBUG : CAMLCodec::DequeueBuffer: pts:28.320 idx:679
2021-04-13 21:18:30.283 T:4973 DEBUG : CAMLCodec::GetPicture: index: 679, pts: 28.320, dur:41ms ar:0.00
2021-04-13 21:18:30.283 T:4973 DEBUG : CVideoPlayerVideo::OutputPicture - ttd:308ms pts:28.320 Clock:28.011 Level:3
2021-04-13 21:18:30.285 T:4973 DEBUG : CAMLCodec::GetTimeSize: len:23 dl:956099 fs:955723 front:26783
2021-04-13 21:18:30.290 T:4973 DEBUG : CAMLCodec::AddData: dl:997540 sum:997148 sz:41425 dts:29.321 pts:29.321 overflow:0
2021-04-13 21:18:30.290 T:4974 DEBUG : CVideoPlayerAudio::OutputPacket: pts:28.770 curr_pts:28.018 clock:28.018 level:99
2021-04-13 21:18:30.290 T:4972 DEBUG : CVideoPlayer::ProcessAudioData size:346 dts:36.734 pts:36.734 dur:23.000ms, clock:28.018 drop:0 level:99
2021-04-13 21:18:30.290 T:4972 DEBUG : CVideoPlayer::ProcessVideoData size:6413 dts:36.745 pts:36.745 dur:41.000ms, clock:28.018 level:92
2021-04-13 21:18:30.290 T:4974 DEBUG : CVideoPlayerAudio::OutputPacket: pts:28.793 curr_pts:28.019 clock:28.018 level:99
2021-04-13 21:18:30.291 T:4972 DEBUG : CVideoPlayer::ProcessAudioData size:359 dts:36.757 pts:36.757 dur:23.000ms, clock:28.019 drop:0 level:99
2021-04-13 21:18:30.290 T:4973 DEBUG : CAMLCodec::GetTimeSize: len:24 dl:997540 fs:997148 front:26783
2021-04-13 21:18:30.309 T:4763 INFO : Skipped 2 duplicate messages..
2021-04-13 21:18:30.309 T:4763 DEBUG : CAMLCodec::PollFrame elapsed:35.616ms
2021-04-13 21:18:30.309 T:4973 DEBUG : CAMLCodec::GetTimeSize: len:24 dl:997540 fs:997148 front:26783
2021-04-13 21:18:30.312 T:4763 DEBUG : PrepareNextRender: frameOnScreen: 28.040 renderPts: 28.207 nextFramePts: 28.195 -> diff: 0.012 render: 1 forceNext: 0
2021-04-13 21:18:30.314 T:4763 DEBUG : CAMLCodec::ReleaseFrame idx:676, drop:0
2021-04-13 21:18:30.316 T:4973 DEBUG : CAMLCodec::GetTimeSize: len:24 dl:970741 fs:997148 front:26783
2021-04-13 21:18:30.316 T:4973 DEBUG : CAMLCodec::GetTimeSize: len:23 dl:970741 fs:970365 front:36937
2021-04-13 21:18:30.316 T:4973 DEBUG : CAMLCodec::DequeueBuffer: pts:28.362 idx:680
2021-04-13 21:18:30.316 T:4973 DEBUG : CAMLCodec::GetPicture: index: 680, pts: 28.362, dur:42ms ar:0.00
2021-04-13 21:18:30.316 T:4973 DEBUG : CVideoPlayerVideo::OutputPicture - ttd:317ms pts:28.362 Clock:28.044 Level:3
2021-04-13 21:18:30.317 T:4973 DEBUG : CAMLCodec::GetTimeSize: len:23 dl:970741 fs:970365 front:36937
2021-04-13 21:18:30.323 T:4973 DEBUG : CAMLCodec::AddData: dl:989834 sum:989442 sz:19077 dts:29.363 pts:29.363 overflow:0
2021-04-13 21:18:30.323 T:4973 DEBUG : CAMLCodec::GetTimeSize: len:24 dl:989834 fs:989442 front:36937
2021-04-13 21:18:30.340 T:4974 INFO : Skipped 2 duplicate messages..
2021-04-13 21:18:30.340 T:4974 DEBUG : CVideoPlayerAudio::OutputPacket: pts:28.816 curr_pts:28.069 clock:28.068 level:99
2021-04-13 21:18:30.341 T:4974 DEBUG : CVideoPlayerAudio::OutputPacket: pts:28.839 curr_pts:28.069 clock:28.068 level:99
2021-04-13 21:18:30.341 T:4972 DEBUG : CVideoPlayer::ProcessAudioData size:359 dts:36.780 pts:36.780 dur:23.000ms, clock:28.069 drop:0 level:99
2021-04-13 21:18:30.341 T:4972 DEBUG : CVideoPlayer::ProcessVideoData size:4571 dts:36.787 pts:36.787 dur:41.000ms, clock:28.069 level:92
2021-04-13 21:18:30.341 T:4972 DEBUG : CVideoPlayer::ProcessAudioData size:388 dts:36.804 pts:36.804 dur:23.000ms, clock:28.069 drop:0 level:99
2021-04-13 21:18:30.341 T:4973 DEBUG : CAMLCodec::GetTimeSize: len:24 dl:989834 fs:989442 front:36937
2021-04-13 21:18:30.351 T:4763 INFO : Skipped 1 duplicate messages..
2021-04-13 21:18:30.351 T:4763 DEBUG : CAMLCodec::PollFrame elapsed:36.598ms
2021-04-13 21:18:30.354 T:4763 DEBUG : PrepareNextRender: frameOnScreen: 28.082 renderPts: 28.249 nextFramePts: 28.237 -> diff: 0.012 render: 1 forceNext: 0
2021-04-13 21:18:30.354 T:4973 DEBUG : CAMLCodec::GetTimeSize: len:24 dl:989834 fs:989442 front:36937
2021-04-13 21:18:30.356 T:4763 DEBUG : CAMLCodec::ReleaseFrame idx:677, drop:0
2021-04-13 21:18:30.361 T:4973 DEBUG : CAMLCodec::GetTimeSize: len:24 dl:952881 fs:989442 front:36937
2021-04-13 21:18:30.361 T:4973 DEBUG : CAMLCodec::GetTimeSize: len:23 dl:952881 fs:952505 front:36390
2021-04-13 21:18:30.361 T:4973 DEBUG : CAMLCodec::DequeueBuffer: pts:28.404 idx:681
2021-04-13 21:18:30.361 T:4973 DEBUG : CAMLCodec::GetPicture: index: 681, pts: 28.404, dur:42ms ar:0.00
2021-04-13 21:18:30.361 T:4973 DEBUG : CVideoPlayerVideo::OutputPicture - ttd:315ms pts:28.404 Clock:28.089 Level:3
2021-04-13 21:18:30.362 T:4973 DEBUG : CAMLCodec::GetTimeSize: len:23 dl:952881 fs:952505 front:36390
