2021-04-13 21:18:26.238 T:4973 DEBUG : CAMLCodec::GetTimeSize: len:23 dl:392379 fs:735154 front:343135
2021-04-13 21:18:26.238 T:4973 DEBUG : CAMLCodec::GetTimeSize: len:22 dl:392379 fs:392019 front:16649
2021-04-13 21:18:26.238 T:4973 DEBUG : CAMLCodec::DequeueBuffer: pts:24.316 idx:583
2021-04-13 21:18:26.238 T:4973 DEBUG : CAMLCodec::GetPicture: index: 583, pts: 24.316, dur:41ms ar:0.00
2021-04-13 21:18:26.238 T:4973 DEBUG : CVideoPlayerVideo::OutputPicture - ttd:349ms pts:24.316 Clock:23.966 Level:4
2021-04-13 21:18:26.240 T:4973 DEBUG : CAMLCodec::GetTimeSize: len:22 dl:392379 fs:392019 front:16649
2021-04-13 21:18:26.240 T:4974 DEBUG : CVideoPlayerAudio::OutputPacket: pts:24.706 curr_pts:23.968 clock:23.968 level:99
2021-04-13 21:18:26.240 T:4974 DEBUG : CVideoPlayerAudio::OutputPacket: pts:24.729 curr_pts:23.968 clock:23.968 level:99
2021-04-13 21:18:26.244 T:4972 DEBUG : CVideoPlayer::ProcessVideoData size:61583 dts:32.658 pts:32.658 dur:41.000ms, clock:23.972 level:92
2021-04-13 21:18:26.244 T:4972 DEBUG : CVideoPlayer::ProcessAudioData size:356 dts:32.670 pts:32.670 dur:23.000ms, clock:23.972 drop:0 level:99
2021-04-13 21:18:26.245 T:4972 DEBUG : CVideoPlayer::ProcessAudioData size:403 dts:32.694 pts:32.694 dur:23.000ms, clock:23.972 drop:0 level:99
2021-04-13 21:18:26.245 T:4973 DEBUG : CAMLCodec::AddData: dl:409184 sum:408808 sz:16789 dts:25.276 pts:25.276 overflow:0
2021-04-13 21:18:26.245 T:4973 DEBUG : CAMLCodec::GetTimeSize: len:23 dl:409184 fs:408808 front:16649
2021-04-13 21:18:26.250 T:4973 DEBUG : CAMLCodec::AddData: dl:425036 sum:424644 sz:15836 dts:25.317 pts:25.317 overflow:0
2021-04-13 21:18:26.250 T:4973 DEBUG : CAMLCodec::GetTimeSize: len:24 dl:425036 fs:424644 front:16649
2021-04-13 21:18:26.264 T:4763 INFO : Skipped 2 duplicate messages..
2021-04-13 21:18:26.264 T:4763 DEBUG : CAMLCodec::PollFrame elapsed:35.763ms
2021-04-13 21:18:26.266 T:4763 DEBUG : PrepareNextRender: frameOnScreen: 23.994 renderPts: 24.161 nextFramePts: 24.149 -> diff: 0.012 render: 1 forceNext: 0
2021-04-13 21:18:26.268 T:4763 DEBUG : CAMLCodec::ReleaseFrame idx:579, drop:0
2021-04-13 21:18:26.269 T:4973 DEBUG : CAMLCodec::GetTimeSize: len:24 dl:425036 fs:424644 front:16649
2021-04-13 21:18:26.290 T:4974 INFO : Skipped 3 duplicate messages..
2021-04-13 21:18:26.290 T:4974 DEBUG : CVideoPlayerAudio::OutputPacket: pts:24.752 curr_pts:24.018 clock:24.018 level:99
2021-04-13 21:18:26.290 T:4974 DEBUG : CVideoPlayerAudio::OutputPacket: pts:24.776 curr_pts:24.018 clock:24.018 level:99
2021-04-13 21:18:26.290 T:4974 DEBUG : CVideoPlayerAudio::OutputPacket: pts:24.799 curr_pts:24.019 clock:24.018 level:99
2021-04-13 21:18:26.294 T:4973 DEBUG : CAMLCodec::GetTimeSize: len:24 dl:425036 fs:424644 front:16649
2021-04-13 21:18:26.296 T:4972 DEBUG : CVideoPlayer::ProcessVideoData size:44717 dts:32.700 pts:32.700 dur:41.000ms, clock:24.024 level:92
2021-04-13 21:18:26.296 T:4972 DEBUG : CVideoPlayer::ProcessAudioData size:435 dts:32.717 pts:32.717 dur:23.000ms, clock:24.024 drop:0 level:99
2021-04-13 21:18:26.296 T:4972 DEBUG : CVideoPlayer::ProcessAudioData size:400 dts:32.740 pts:32.740 dur:23.000ms, clock:24.024 drop:0 level:99
2021-04-13 21:18:26.296 T:4972 DEBUG : CVideoPlayer::ProcessVideoData size:1413 dts:32.741 pts:32.741 dur:41.000ms, clock:24.024 level:92
2021-04-13 21:18:26.296 T:4972 DEBUG : CVideoPlayer::ProcessAudioData size:427 dts:32.763 pts:32.763 dur:23.000ms, clock:24.024 drop:0 level:99
2021-04-13 21:18:26.300 T:4973 DEBUG : CAMLCodec::GetTimeSize: len:24 dl:425036 fs:424644 front:16649
2021-04-13 21:18:26.305 T:4763 DEBUG : CAMLCodec::PollFrame elapsed:37.532ms
2021-04-13 21:18:26.307 T:4973 DEBUG : CAMLCodec::GetTimeSize: len:24 dl:425036 fs:424644 front:16649
2021-04-13 21:18:26.308 T:4763 DEBUG : PrepareNextRender: frameOnScreen: 24.036 renderPts: 24.203 nextFramePts: 24.191 -> diff: 0.012 render: 1 forceNext: 0
2021-04-13 21:18:26.311 T:4763 DEBUG : CAMLCodec::ReleaseFrame idx:580, drop:0
2021-04-13 21:18:26.313 T:4973 DEBUG : CAMLCodec::GetTimeSize: len:24 dl:408371 fs:424644 front:16649
2021-04-13 21:18:26.313 T:4973 DEBUG : CAMLCodec::GetTimeSize: len:23 dl:408371 fs:407995 front:24060
2021-04-13 21:18:26.313 T:4973 DEBUG : CAMLCodec::DequeueBuffer: pts:24.358 idx:584
2021-04-13 21:18:26.314 T:4973 DEBUG : CAMLCodec::GetPicture: index: 584, pts: 24.358, dur:42ms ar:0.00
2021-04-13 21:18:26.314 T:4973 DEBUG : CVideoPlayerVideo::OutputPicture - ttd:316ms pts:24.358 Clock:24.042 Level:3
2021-04-13 21:18:26.315 T:4973 DEBUG : CAMLCodec::GetTimeSize: len:23 dl:408371 fs:407995 front:24060
2021-04-13 21:18:26.320 T:4973 DEBUG : CAMLCodec::AddData: dl:425109 sum:424717 sz:16722 dts:25.359 pts:25.359 overflow:0
2021-04-13 21:18:26.320 T:4973 DEBUG : CAMLCodec::GetTimeSize: len:24 dl:425109 fs:424717 front:24060
2021-04-13 21:18:26.340 T:4974 INFO : Skipped 3 duplicate messages..
2021-04-13 21:18:26.340 T:4974 DEBUG : CVideoPlayerAudio::OutputPacket: pts:24.822 curr_pts:24.068 clock:24.068 level:99
2021-04-13 21:18:26.340 T:4974 DEBUG : CVideoPlayerAudio::OutputPacket: pts:24.845 curr_pts:24.068 clock:24.068 level:99
2021-04-13 21:18:26.345 T:4973 DEBUG : CAMLCodec::GetTimeSize: len:24 dl:425109 fs:424717 front:24060
2021-04-13 21:18:26.347 T:4972 DEBUG : CVideoPlayer::ProcessVideoData size:1688 dts:32.783 pts:32.783 dur:41.000ms, clock:24.075 level:92
2021-04-13 21:18:26.347 T:4972 DEBUG : CVideoPlayer::ProcessAudioData size:505 dts:32.787 pts:32.787 dur:23.000ms, clock:24.075 drop:0 level:99
2021-04-13 21:18:26.347 T:4972 DEBUG : CVideoPlayer::ProcessAudioData size:374 dts:32.810 pts:32.810 dur:23.000ms, clock:24.075 drop:0 level:99
2021-04-13 21:18:26.347 T:4763 DEBUG : CAMLCodec::PollFrame elapsed:36.080ms
2021-04-13 21:18:26.350 T:4763 DEBUG : PrepareNextRender: frameOnScreen: 24.078 renderPts: 24.244 nextFramePts: 24.233 -> diff: 0.011 render: 1 forceNext: 0
2021-04-13 21:18:26.352 T:4973 DEBUG : CAMLCodec::GetTimeSize: len:24 dl:425109 fs:424717 front:24060
2021-04-13 21:18:26.353 T:4763 DEBUG : CAMLCodec::ReleaseFrame idx:581, drop:0
2021-04-13 21:18:26.358 T:4973 DEBUG : CAMLCodec::GetTimeSize: len:24 dl:401033 fs:424717 front:24060
2021-04-13 21:18:26.358 T:4973 DEBUG : CAMLCodec::GetTimeSize: len:23 dl:401033 fs:400657 front:12373
2021-04-13 21:18:26.358 T:4973 DEBUG : CAMLCodec::DequeueBuffer: pts:24.400 idx:585
2021-04-13 21:18:26.358 T:4973 DEBUG : CAMLCodec::GetPicture: index: 585, pts: 24.400, dur:42ms ar:0.00
2021-04-13 21:18:26.358 T:4973 DEBUG : CVideoPlayerVideo::OutputPicture - ttd:313ms pts:24.400 Clock:24.086 Level:3
2021-04-13 21:18:26.359 T:4973 DEBUG : CAMLCodec::GetTimeSize: len:23 dl:401033 fs:400657 front:12373
2021-04-13 21:18:26.365 T:4973 DEBUG : CAMLCodec::AddData: dl:416808 sum:416416 sz:15759 dts:25.401 pts:25.401 overflow:0
2021-04-13 21:18:26.365 T:4973 DEBUG : CAMLCodec::GetTimeSize: len:24 dl:416808 fs:416416 front:12373
2021-04-13 21:18:26.389 T:4763 INFO : Skipped 3 duplicate messages..
2021-04-13 21:18:26.389 T:4763 DEBUG : CAMLCodec::PollFrame elapsed:36.008ms
2021-04-13 21:18:26.390 T:4973 DEBUG : CAMLCodec::GetTimeSize: len:24 dl:416808 fs:416416 front:12373
2021-04-13 21:18:26.390 T:4974 DEBUG : CVideoPlayerAudio::OutputPacket: pts:24.869 curr_pts:24.118 clock:24.118 level:99
2021-04-13 21:18:26.390 T:4974 DEBUG : CVideoPlayerAudio::OutputPacket: pts:24.892 curr_pts:24.119 clock:24.118 level:99
2021-04-13 21:18:26.392 T:4763 DEBUG : PrepareNextRender: frameOnScreen: 24.119 renderPts: 24.286 nextFramePts: 24.275 -> diff: 0.011 render: 1 forceNext: 0
2021-04-13 21:18:26.394 T:4763 DEBUG : CAMLCodec::ReleaseFrame idx:582, drop:0
2021-04-13 21:18:26.396 T:4973 DEBUG : CAMLCodec::GetTimeSize: len:24 dl:416808 fs:416416 front:12373
2021-04-13 21:18:26.398 T:4972 DEBUG : CVideoPlayer::ProcessVideoData size:1219 dts:32.825 pts:32.825 dur:41.000ms, clock:24.125 level:92
2021-04-13 21:18:26.398 T:4972 DEBUG : CVideoPlayer::ProcessAudioData size:491 dts:32.833 pts:32.833 dur:23.000ms, clock:24.126 drop:0 level:99
2021-04-13 21:18:26.398 T:4972 DEBUG : CVideoPlayer::ProcessAudioData size:307 dts:32.856 pts:32.856 dur:23.000ms, clock:24.126 drop:0 level:99
2021-04-13 21:18:26.403 T:4973 DEBUG : CAMLCodec::GetTimeSize: len:24 dl:404419 fs:416416 front:12373
2021-04-13 21:18:26.403 T:4973 DEBUG : CAMLCodec::GetTimeSize: len:23 dl:404419 fs:404043 front:7215
2021-04-13 21:18:26.403 T:4973 DEBUG : CAMLCodec::DequeueBuffer: pts:24.441 idx:586
2021-04-13 21:18:26.403 T:4973 DEBUG : CAMLCodec::GetPicture: index: 586, pts: 24.441, dur:41ms ar:0.00
2021-04-13 21:18:26.403 T:4973 DEBUG : CVideoPlayerVideo::OutputPicture - ttd:310ms pts:24.441 Clock:24.131 Level:3
2021-04-13 21:18:26.404 T:4973 DEBUG : CAMLCodec::GetTimeSize: len:23 dl:404419 fs:404043 front:7215
2021-04-13 21:18:26.409 T:4973 DEBUG : CAMLCodec::AddData: dl:419551 sum:419159 sz:15116 dts:25.442 pts:25.442 overflow:0
2021-04-13 21:18:26.409 T:4973 DEBUG : CAMLCodec::GetTimeSize: len:24 dl:419551 fs:419159 front:7215
2021-04-13 21:18:26.430 T:4763 INFO : Skipped 3 duplicate messages..
2021-04-13 21:18:26.430 T:4763 DEBUG : CAMLCodec::PollFrame elapsed:35.799ms
2021-04-13 21:18:26.433 T:4763 DEBUG : PrepareNextRender: frameOnScreen: 24.161 renderPts: 24.328 nextFramePts: 24.316 -> diff: 0.012 render: 1 forceNext: 0
2021-04-13 21:18:26.434 T:4973 DEBUG : CAMLCodec::GetTimeSize: len:24 dl:419551 fs:419159 front:7215
2021-04-13 21:18:26.436 T:4763 DEBUG : CAMLCodec::ReleaseFrame idx:583, drop:0
2021-04-13 21:18:26.440 T:4974 DEBUG : CVideoPlayerAudio::OutputPacket: pts:24.915 curr_pts:24.168 clock:24.168 level:99
2021-04-13 21:18:26.440 T:4974 DEBUG : CVideoPlayerAudio::OutputPacket: pts:24.938 curr_pts:24.169 clock:24.168 level:99
2021-04-13 21:18:26.441 T:4973 DEBUG : CAMLCodec::GetTimeSize: len:24 dl:412320 fs:419159 front:7215
2021-04-13 21:18:26.441 T:4973 DEBUG : CAMLCodec::GetTimeSize: len:23 dl:412320 fs:411944 front:15378
2021-04-13 21:18:26.441 T:4973 DEBUG : CAMLCodec::DequeueBuffer: pts:24.483 idx:587
2021-04-13 21:18:26.441 T:4973 DEBUG : CAMLCodec::GetPicture: index: 587, pts: 24.483, dur:42ms ar:0.00
2021-04-13 21:18:26.441 T:4973 DEBUG : CVideoPlayerVideo::OutputPicture - ttd:313ms pts:24.483 Clock:24.169 Level:3
2021-04-13 21:18:26.442 T:4973 DEBUG : CAMLCodec::GetTimeSize: len:23 dl:412320 fs:411944 front:15378
2021-04-13 21:18:26.447 T:4973 DEBUG : CAMLCodec::AddData: dl:424547 sum:424155 sz:12211 dts:25.484 pts:25.484 overflow:0
2021-04-13 21:18:26.448 T:4973 DEBUG : CAMLCodec::GetTimeSize: len:24 dl:424547 fs:424155 front:15378
2021-04-13 21:18:26.448 T:4972 DEBUG : CVideoPlayer::ProcessVideoData size:1458 dts:32.866 pts:32.866 dur:41.000ms, clock:24.176 level:92
2021-04-13 21:18:26.449 T:4972 DEBUG : CVideoPlayer::ProcessAudioData size:360 dts:32.879 pts:32.879 dur:23.000ms, clock:24.176 drop:0 level:99
2021-04-13 21:18:26.449 T:4972 DEBUG : CVideoPlayer::ProcessAudioData size:337 dts:32.903 pts:32.903 dur:23.000ms, clock:24.177 drop:0 level:99
2021-04-13 21:18:26.454 T:4973 DEBUG : CAMLCodec::GetTimeSize: len:24 dl:424547 fs:424155 front:15378
2021-04-13 21:18:26.472 T:4763 INFO : Skipped 2 duplicate messages..
2021-04-13 21:18:26.472 T:4763 DEBUG : CAMLCodec::PollFrame elapsed:36.093ms
2021-04-13 21:18:26.473 T:4973 DEBUG : CAMLCodec::GetTimeSize: len:24 dl:424547 fs:424155 front:15378
2021-04-13 21:18:26.475 T:4763 DEBUG : PrepareNextRender: frameOnScreen: 24.203 renderPts: 24.370 nextFramePts: 24.358 -> diff: 0.012 render: 1 forceNext: 0
2021-04-13 21:18:26.477 T:4763 DEBUG : CAMLCodec::ReleaseFrame idx:584, drop:0
2021-04-13 21:18:26.480 T:4973 DEBUG : CAMLCodec::GetTimeSize: len:24 dl:409153 fs:424155 front:15378
2021-04-13 21:18:26.480 T:4973 DEBUG : CAMLCodec::GetTimeSize: len:23 dl:409153 fs:408777 front:9939
2021-04-13 21:18:26.480 T:4973 DEBUG : CAMLCodec::DequeueBuffer: pts:24.525 idx:588
2021-04-13 21:18:26.480 T:4973 DEBUG : CAMLCodec::GetPicture: index: 588, pts: 24.525, dur:42ms ar:0.00
2021-04-13 21:18:26.480 T:4973 DEBUG : CVideoPlayerVideo::OutputPicture - ttd:317ms pts:24.525 Clock:24.208 Level:3
2021-04-13 21:18:26.481 T:4973 DEBUG : CAMLCodec::GetTimeSize: len:23 dl:409153 fs:408777 front:9939
2021-04-13 21:18:26.486 T:4973 DEBUG : CAMLCodec::AddData: dl:410164 sum:409772 sz:995 dts:25.526 pts:25.526 overflow:0
2021-04-13 21:18:26.486 T:4973 DEBUG : CAMLCodec::GetTimeSize: len:24 dl:410164 fs:409772 front:9939
2021-04-13 21:18:26.490 T:4974 DEBUG : CVideoPlayerAudio::OutputPacket: pts:24.961 curr_pts:24.218 clock:24.218 level:99
2021-04-13 21:18:26.490 T:4974 DEBUG : CVideoPlayerAudio::OutputPacket: pts:24.985 curr_pts:24.218 clock:24.218 level:99
2021-04-13 21:18:26.493 T:4973 DEBUG : CAMLCodec::GetTimeSize: len:24 dl:410164 fs:409772 front:9939
2021-04-13 21:18:26.499 T:4972 INFO : Skipped 1 duplicate messages..
2021-04-13 21:18:26.499 T:4972 DEBUG : CVideoPlayer::ProcessVideoData size:1902 dts:32.908 pts:32.908 dur:41.000ms, clock:24.227 level:92
2021-04-13 21:18:26.499 T:4972 DEBUG : CVideoPlayer::ProcessAudioData size:324 dts:32.926 pts:32.926 dur:23.000ms, clock:24.227 drop:0 level:99
2021-04-13 21:18:26.499 T:4972 DEBUG : CVideoPlayer::ProcessAudioData size:325 dts:32.949 pts:32.949 dur:23.000ms, clock:24.227 drop:0 level:99
2021-04-13 21:18:26.505 T:4973 DEBUG : CAMLCodec::GetTimeSize: len:24 dl:410164 fs:409772 front:9939
2021-04-13 21:18:26.514 T:4763 INFO : Skipped 1 duplicate messages..
2021-04-13 21:18:26.514 T:4763 DEBUG : CAMLCodec::PollFrame elapsed:36.588ms
2021-04-13 21:18:26.516 T:4763 DEBUG : PrepareNextRender: frameOnScreen: 24.244 renderPts: 24.411 nextFramePts: 24.400 -> diff: 0.011 render: 1 forceNext: 0
2021-04-13 21:18:26.517 T:4763 DEBUG : CAMLCodec::ReleaseFrame idx:585, drop:0
2021-04-13 21:18:26.518 T:4973 DEBUG : CAMLCodec::GetTimeSize: len:24 dl:410164 fs:409772 front:9939
2021-04-13 21:18:26.540 T:4972 INFO : Skipped 3 duplicate messages..
2021-04-13 21:18:26.540 T:4972 DEBUG : CVideoPlayer::ProcessVideoData size:1686 dts:32.950 pts:32.950 dur:41.000ms, clock:24.268 level:92
2021-04-13 21:18:26.540 T:4974 DEBUG : CVideoPlayerAudio::OutputPacket: pts:25.008 curr_pts:24.269 clock:24.268 level:99
2021-04-13 21:18:26.540 T:4972 DEBUG : CVideoPlayer::ProcessAudioData size:490 dts:32.972 pts:32.972 dur:23.000ms, clock:24.268 drop:0 level:99
2021-04-13 21:18:26.540 T:4972 DEBUG : CVideoPlayer::ProcessVideoData size:1799 dts:32.992 pts:32.992 dur:41.000ms, clock:24.268 level:93
2021-04-13 21:18:26.540 T:4972 DEBUG : CVideoPlayer::ProcessAudioData size:350 dts:32.996 pts:32.996 dur:23.000ms, clock:24.268 drop:0 level:99
2021-04-13 21:18:26.540 T:4974 DEBUG : CVideoPlayerAudio::OutputPacket: pts:25.031 curr_pts:24.269 clock:24.268 level:99
2021-04-13 21:18:26.543 T:4973 DEBUG : CAMLCodec::GetTimeSize: len:24 dl:410164 fs:409772 front:9939
2021-04-13 21:18:26.556 T:4763 INFO : Skipped 2 duplicate messages..
2021-04-13 21:18:26.556 T:4763 DEBUG : CAMLCodec::PollFrame elapsed:38.143ms
2021-04-13 21:18:26.558 T:4763 DEBUG : PrepareNextRender: frameOnScreen: 24.286 renderPts: 24.452 nextFramePts: 24.441 -> diff: 0.011 render: 1 forceNext: 0
2021-04-13 21:18:26.560 T:4763 DEBUG : CAMLCodec::ReleaseFrame idx:586, drop:0
2021-04-13 21:18:26.562 T:4973 DEBUG : CAMLCodec::GetTimeSize: len:24 dl:410164 fs:409772 front:9939
2021-04-13 21:18:26.568 T:4973 DEBUG : CAMLCodec::GetTimeSize: len:24 dl:400209 fs:409772 front:9939
2021-04-13 21:18:26.568 T:4973 DEBUG : CAMLCodec::GetTimeSize: len:23 dl:400209 fs:399833 front:8546
2021-04-13 21:18:26.568 T:4973 DEBUG : CAMLCodec::DequeueBuffer: pts:24.566 idx:589
2021-04-13 21:18:26.568 T:4973 DEBUG : CAMLCodec::GetPicture: index: 589, pts: 24.566, dur:41ms ar:0.00
2021-04-13 21:18:26.568 T:4973 DEBUG : CVideoPlayerVideo::OutputPicture - ttd:269ms pts:24.566 Clock:24.296 Level:2
2021-04-13 21:18:26.569 T:4973 DEBUG : CAMLCodec::GetTimeSize: len:23 dl:400209 fs:399833 front:8546
2021-04-13 21:18:26.575 T:4973 DEBUG : frame_number : 2, mag : 3; index_sz : 8
2021-04-13 21:18:26.577 T:4973 DEBUG : CAMLCodec::AddData: dl:512250 sum:511850 sz:112017 dts:25.567 pts:25.567 overflow:0
2021-04-13 21:18:26.577 T:4973 DEBUG : CAMLCodec::GetTimeSize: len:24 dl:512250 fs:511850 front:8546
2021-04-13 21:18:26.590 T:4974 INFO : Skipped 2 duplicate messages..
2021-04-13 21:18:26.590 T:4974 DEBUG : CVideoPlayerAudio::OutputPacket: pts:25.054 curr_pts:24.318 clock:24.318 level:99
2021-04-13 21:18:26.591 T:4974 DEBUG : CVideoPlayerAudio::OutputPacket: pts:25.078 curr_pts:24.319 clock:24.318 level:99
2021-04-13 21:18:26.591 T:4972 DEBUG : CVideoPlayer::ProcessAudioData size:385 dts:33.019 pts:33.019 dur:23.000ms, clock:24.319 drop:0 level:99
2021-04-13 21:18:26.591 T:4972 DEBUG : CVideoPlayer::ProcessVideoData size:1663 dts:33.033 pts:33.033 dur:41.000ms, clock:24.319 level:93
2021-04-13 21:18:26.591 T:4972 DEBUG : CVideoPlayer::ProcessAudioData size:386 dts:33.042 pts:33.042 dur:23.000ms, clock:24.319 drop:0 level:99
2021-04-13 21:18:26.596 T:4973 DEBUG : CAMLCodec::GetTimeSize: len:24 dl:512250 fs:511850 front:8546
2021-04-13 21:18:26.597 T:4763 DEBUG : CAMLCodec::PollFrame elapsed:37.263ms
2021-04-13 21:18:26.600 T:4763 DEBUG : PrepareNextRender: frameOnScreen: 24.328 renderPts: 24.495 nextFramePts: 24.483 -> diff: 0.012 render: 1 forceNext: 0
2021-04-13 21:18:26.602 T:4973 DEBUG : CAMLCodec::GetTimeSize: len:24 dl:512250 fs:511850 front:8546
2021-04-13 21:18:26.603 T:4763 DEBUG : CAMLCodec::ReleaseFrame idx:587, drop:0
2021-04-13 21:18:26.609 T:4973 DEBUG : CAMLCodec::GetTimeSize: len:24 dl:503688 fs:511850 front:8546
2021-04-13 21:18:26.609 T:4973 DEBUG : CAMLCodec::GetTimeSize: len:23 dl:503688 fs:503304 front:4854
2021-04-13 21:18:26.609 T:4973 DEBUG : CAMLCodec::DequeueBuffer: pts:24.608 idx:590
2021-04-13 21:18:26.609 T:4973 DEBUG : CAMLCodec::GetPicture: index: 590, pts: 24.608, dur:42ms ar:0.00
2021-04-13 21:18:26.609 T:4973 DEBUG : CVideoPlayerVideo::OutputPicture - ttd:271ms pts:24.608 Clock:24.337 Level:2
2021-04-13 21:18:26.610 T:4973 DEBUG : CAMLCodec::GetTimeSize: len:23 dl:503688 fs:503304 front:4854
2021-04-13 21:18:26.615 T:4973 DEBUG : CAMLCodec::AddData: dl:520749 sum:520349 sz:17045 dts:25.609 pts:25.609 overflow:0
2021-04-13 21:18:26.616 T:4973 DEBUG : CAMLCodec::GetTimeSize: len:24 dl:520749 fs:520349 front:4854
2021-04-13 21:18:26.639 T:4763 INFO : Skipped 3 duplicate messages..
2021-04-13 21:18:26.639 T:4763 DEBUG : CAMLCodec::PollFrame elapsed:35.788ms
2021-04-13 21:18:26.641 T:4974 DEBUG : CVideoPlayerAudio::OutputPacket: pts:25.101 curr_pts:24.369 clock:24.368 level:99
2021-04-13 21:18:26.641 T:4974 DEBUG : CVideoPlayerAudio::OutputPacket: pts:25.124 curr_pts:24.370 clock:24.369 level:99
2021-04-13 21:18:26.641 T:4974 DEBUG : CVideoPlayerAudio::OutputPacket: pts:25.147 curr_pts:24.370 clock:24.369 level:99
2021-04-13 21:18:26.641 T:4973 DEBUG : CAMLCodec::GetTimeSize: len:24 dl:520749 fs:520349 front:4854
2021-04-13 21:18:26.642 T:4972 DEBUG : CVideoPlayer::ProcessAudioData size:311 dts:33.065 pts:33.065 dur:23.000ms, clock:24.370 drop:0 level:99
2021-04-13 21:18:26.642 T:4763 DEBUG : PrepareNextRender: frameOnScreen: 24.370 renderPts: 24.537 nextFramePts: 24.525 -> diff: 0.012 render: 1 forceNext: 0
2021-04-13 21:18:26.642 T:4972 DEBUG : CVideoPlayer::ProcessVideoData size:1351 dts:33.075 pts:33.075 dur:41.000ms, clock:24.370 level:93
2021-04-13 21:18:26.643 T:4972 DEBUG : CVideoPlayer::ProcessAudioData size:311 dts:33.088 pts:33.088 dur:23.000ms, clock:24.370 drop:0 level:99
2021-04-13 21:18:26.643 T:4972 DEBUG : CVideoPlayer::ProcessAudioData size:349 dts:33.112 pts:33.112 dur:23.000ms, clock:24.371 drop:0 level:99
2021-04-13 21:18:26.645 T:4763 DEBUG : CAMLCodec::ReleaseFrame idx:588, drop:0
2021-04-13 21:18:26.648 T:4973 DEBUG : CAMLCodec::GetTimeSize: len:24 dl:515879 fs:520349 front:4854
2021-04-13 21:18:26.648 T:4973 DEBUG : CAMLCodec::GetTimeSize: len:23 dl:515879 fs:515495 front:4263
2021-04-13 21:18:26.648 T:4973 DEBUG : CAMLCodec::DequeueBuffer: pts:24.650 idx:591
2021-04-13 21:18:26.648 T:4973 DEBUG : CAMLCodec::GetPicture: index: 591, pts: 24.650, dur:42ms ar:0.00
2021-04-13 21:18:26.648 T:4973 DEBUG : CVideoPlayerVideo::OutputPicture - ttd:273ms pts:24.650 Clock:24.376 Level:2
2021-04-13 21:18:26.650 T:4973 DEBUG : CAMLCodec::GetTimeSize: len:23 dl:515879 fs:515495 front:4263
2021-04-13 21:18:26.655 T:4973 DEBUG : CAMLCodec::AddData: dl:532326 sum:531926 sz:16431 dts:25.651 pts:25.651 overflow:0
2021-04-13 21:18:26.655 T:4973 DEBUG : CAMLCodec::GetTimeSize: len:24 dl:532326 fs:531926 front:4263
2021-04-13 21:18:26.681 T:4763 INFO : Skipped 4 duplicate messages..
2021-04-13 21:18:26.681 T:4763 DEBUG : CAMLCodec::PollFrame elapsed:35.666ms
2021-04-13 21:18:26.683 T:4763 DEBUG : PrepareNextRender: frameOnScreen: 24.411 renderPts: 24.578 nextFramePts: 24.566 -> diff: 0.012 render: 1 forceNext: 0
2021-04-13 21:18:26.686 T:4763 DEBUG : CAMLCodec::ReleaseFrame idx:589, drop:0
2021-04-13 21:18:26.686 T:4973 DEBUG : CAMLCodec::GetTimeSize: len:24 dl:532326 fs:531926 front:4263
2021-04-13 21:18:26.690 T:4974 DEBUG : CVideoPlayerAudio::OutputPacket: pts:25.170 curr_pts:24.418 clock:24.417 level:99
2021-04-13 21:18:26.690 T:4974 DEBUG : CVideoPlayerAudio::OutputPacket: pts:25.194 curr_pts:24.418 clock:24.418 level:99
2021-04-13 21:18:26.693 T:4973 DEBUG : CAMLCodec::GetTimeSize: len:24 dl:528047 fs:531926 front:4263
2021-04-13 21:18:26.693 T:4973 DEBUG : CAMLCodec::GetTimeSize: len:23 dl:528047 fs:527663 front:761
2021-04-13 21:18:26.693 T:4973 DEBUG : CAMLCodec::DequeueBuffer: pts:24.692 idx:592
2021-04-13 21:18:26.693 T:4973 DEBUG : CAMLCodec::GetPicture: index: 592, pts: 24.692, dur:42ms ar:0.00
2021-04-13 21:18:26.693 T:4973 DEBUG : CVideoPlayerVideo::OutputPicture - ttd:271ms pts:24.692 Clock:24.421 Level:2
2021-04-13 21:18:26.693 T:4972 DEBUG : CVideoPlayer::ProcessVideoData size:832 dts:33.117 pts:33.117 dur:41.000ms, clock:24.421 level:93
2021-04-13 21:18:26.693 T:4972 DEBUG : CVideoPlayer::ProcessAudioData size:533 dts:33.135 pts:33.135 dur:23.000ms, clock:24.421 drop:0 level:99
2021-04-13 21:18:26.694 T:4972 DEBUG : CVideoPlayer::ProcessVideoData size:169 dts:33.158 pts:33.158 dur:41.000ms, clock:24.421 level:93
2021-04-13 21:18:26.694 T:4972 DEBUG : CVideoPlayer::ProcessAudioData size:347 dts:33.158 pts:33.158 dur:23.000ms, clock:24.421 drop:0 level:99
2021-04-13 21:18:26.695 T:4973 DEBUG : CAMLCodec::GetTimeSize: len:23 dl:528047 fs:527663 front:761
2021-04-13 21:18:26.700 T:4973 DEBUG : CAMLCodec::AddData: dl:545446 sum:545046 sz:17383 dts:25.693 pts:25.693 overflow:0
2021-04-13 21:18:26.700 T:4973 DEBUG : CAMLCodec::GetTimeSize: len:24 dl:545446 fs:545046 front:761
2021-04-13 21:18:26.722 T:4763 INFO : Skipped 3 duplicate messages..
2021-04-13 21:18:26.722 T:4763 DEBUG : CAMLCodec::PollFrame elapsed:35.860ms
2021-04-13 21:18:26.725 T:4763 DEBUG : PrepareNextRender: frameOnScreen: 24.453 renderPts: 24.620 nextFramePts: 24.608 -> diff: 0.012 render: 1 forceNext: 0
2021-04-13 21:18:26.726 T:4973 DEBUG : CAMLCodec::GetTimeSize: len:24 dl:545446 fs:545046 front:761
2021-04-13 21:18:26.728 T:4763 DEBUG : CAMLCodec::ReleaseFrame idx:590, drop:0
2021-04-13 21:18:26.732 T:4973 DEBUG : CAMLCodec::GetTimeSize: len:24 dl:544669 fs:545046 front:761
2021-04-13 21:18:26.732 T:4973 DEBUG : CAMLCodec::GetTimeSize: len:23 dl:544669 fs:544285 front:4017
2021-04-13 21:18:26.732 T:4973 DEBUG : CAMLCodec::DequeueBuffer: pts:24.733 idx:593
2021-04-13 21:18:26.732 T:4973 DEBUG : CAMLCodec::GetPicture: index: 593, pts: 24.733, dur:41ms ar:0.00
2021-04-13 21:18:26.732 T:4973 DEBUG : CVideoPlayerVideo::OutputPicture - ttd:272ms pts:24.733 Clock:24.460 Level:2
2021-04-13 21:18:26.734 T:4973 DEBUG : CAMLCodec::GetTimeSize: len:23 dl:540636 fs:544285 front:4017
2021-04-13 21:18:26.734 T:4973 DEBUG : CAMLCodec::GetTimeSize: len:22 dl:540636 fs:540268 front:4987
2021-04-13 21:18:26.734 T:4973 DEBUG : CAMLCodec::DequeueBuffer: pts:24.775 idx:594
2021-04-13 21:18:26.734 T:4973 DEBUG : CAMLCodec::GetPicture: index: 594, pts: 24.775, dur:42ms ar:0.00
2021-04-13 21:18:26.734 T:4973 DEBUG : CVideoPlayerVideo::OutputPicture - ttd:313ms pts:24.775 Clock:24.462 Level:3
2021-04-13 21:18:26.735 T:4973 DEBUG : CAMLCodec::GetTimeSize: len:22 dl:540636 fs:540268 front:4987
2021-04-13 21:18:26.740 T:4974 DEBUG : CVideoPlayerAudio::OutputPacket: pts:25.217 curr_pts:24.468 clock:24.468 level:99
2021-04-13 21:18:26.740 T:4974 DEBUG : CVideoPlayerAudio::OutputPacket: pts:25.240 curr_pts:24.468 clock:24.468 level:99
2021-04-13 21:18:26.740 T:4973 DEBUG : CAMLCodec::AddData: dl:555963 sum:555579 sz:15311 dts:25.734 pts:25.734 overflow:0
2021-04-13 21:18:26.740 T:4973 DEBUG : CAMLCodec::GetTimeSize: len:23 dl:555963 fs:555579 front:4987
2021-04-13 21:18:26.745 T:4972 DEBUG : CVideoPlayer::ProcessAudioData size:437 dts:33.181 pts:33.181 dur:23.000ms, clock:24.473 drop:0 level:99
2021-04-13 21:18:26.745 T:4972 DEBUG : CVideoPlayer::ProcessVideoData size:38635 dts:33.200 pts:33.200 dur:41.000ms, clock:24.473 level:93
2021-04-13 21:18:26.745 T:4972 DEBUG : CVideoPlayer::ProcessAudioData size:340 dts:33.205 pts:33.205 dur:23.000ms, clock:24.473 drop:0 level:99
2021-04-13 21:18:26.745 T:4973 DEBUG : CAMLCodec::AddData: dl:568518 sum:568118 sz:12539 dts:25.776 pts:25.776 overflow:0
2021-04-13 21:18:26.746 T:4973 DEBUG : CAMLCodec::GetTimeSize: len:24 dl:568518 fs:568118 front:4987
2021-04-13 21:18:26.764 T:4763 INFO : Skipped 2 duplicate messages..
2021-04-13 21:18:26.764 T:4763 DEBUG : CAMLCodec::PollFrame elapsed:35.643ms
2021-04-13 21:18:26.765 T:4973 DEBUG : CAMLCodec::GetTimeSize: len:24 dl:568518 fs:568118 front:4987
2021-04-13 21:18:26.767 T:4763 DEBUG : PrepareNextRender: frameOnScreen: 24.495 renderPts: 24.662 nextFramePts: 24.650 -> diff: 0.012 render: 1 forceNext: 0
2021-04-13 21:18:26.769 T:4763 DEBUG : CAMLCodec::ReleaseFrame idx:591, drop:0
2021-04-13 21:18:26.771 T:4973 DEBUG : CAMLCodec::GetTimeSize: len:24 dl:563515 fs:568118 front:4987
2021-04-13 21:18:26.771 T:4973 DEBUG : CAMLCodec::GetTimeSize: len:23 dl:563515 fs:563131 front:4786
2021-04-13 21:18:26.771 T:4973 DEBUG : CAMLCodec::DequeueBuffer: pts:24.817 idx:595
2021-04-13 21:18:26.771 T:4973 DEBUG : CAMLCodec::GetPicture: index: 595, pts: 24.817, dur:42ms ar:0.00
2021-04-13 21:18:26.772 T:4973 DEBUG : CVideoPlayerVideo::OutputPicture - ttd:317ms pts:24.817 Clock:24.499 Level:3
2021-04-13 21:18:26.773 T:4973 DEBUG : CAMLCodec::GetTimeSize: len:23 dl:563515 fs:563131 front:4786
2021-04-13 21:18:26.778 T:4973 DEBUG : CAMLCodec::AddData: dl:575236 sum:574836 sz:11705 dts:25.818 pts:25.818 overflow:0
2021-04-13 21:18:26.778 T:4973 DEBUG : CAMLCodec::GetTimeSize: len:24 dl:575236 fs:574836 front:4786
2021-04-13 21:18:26.790 T:4974 INFO : Skipped 1 duplicate messages..
2021-04-13 21:18:26.790 T:4974 DEBUG : CVideoPlayerAudio::OutputPacket: pts:25.263 curr_pts:24.518 clock:24.518 level:99
2021-04-13 21:18:26.790 T:4974 DEBUG : CVideoPlayerAudio::OutputPacket: pts:25.287 curr_pts:24.518 clock:24.518 level:99
2021-04-13 21:18:26.791 T:4973 DEBUG : CAMLCodec::GetTimeSize: len:24 dl:575236 fs:574836 front:4786
2021-04-13 21:18:26.796 T:4972 DEBUG : CVideoPlayer::ProcessAudioData size:311 dts:33.228 pts:33.228 dur:23.000ms, clock:24.524 drop:0 level:99
2021-04-13 21:18:26.796 T:4972 DEBUG : CVideoPlayer::ProcessVideoData size:1305 dts:33.242 pts:33.242 dur:41.000ms, clock:24.524 level:92
2021-04-13 21:18:26.796 T:4972 DEBUG : CVideoPlayer::ProcessAudioData size:324 dts:33.251 pts:33.251 dur:23.000ms, clock:24.524 drop:0 level:99
2021-04-13 21:18:26.797 T:4973 DEBUG : CAMLCodec::GetTimeSize: len:24 dl:575236 fs:574836 front:4786
2021-04-13 21:18:26.806 T:4763 INFO : Skipped 1 duplicate messages..
2021-04-13 21:18:26.806 T:4763 DEBUG : CAMLCodec::PollFrame elapsed:36.626ms
2021-04-13 21:18:26.809 T:4763 DEBUG : PrepareNextRender: frameOnScreen: 24.537 renderPts: 24.704 nextFramePts: 24.692 -> diff: 0.012 render: 1 forceNext: 0
2021-04-13 21:18:26.810 T:4973 DEBUG : CAMLCodec::GetTimeSize: len:24 dl:575236 fs:574836 front:4786
2021-04-13 21:18:26.811 T:4763 DEBUG : CAMLCodec::ReleaseFrame idx:592, drop:0
2021-04-13 21:18:26.817 T:4973 DEBUG : CAMLCodec::GetTimeSize: len:24 dl:570434 fs:574836 front:4786
2021-04-13 21:18:26.817 T:4973 DEBUG : CAMLCodec::GetTimeSize: len:23 dl:570434 fs:570050 front:4666
2021-04-13 21:18:26.817 T:4973 DEBUG : CAMLCodec::DequeueBuffer: pts:24.858 idx:596
2021-04-13 21:18:26.817 T:4973 DEBUG : CAMLCodec::GetPicture: index: 596, pts: 24.858, dur:41ms ar:0.00
2021-04-13 21:18:26.817 T:4973 DEBUG : CVideoPlayerVideo::OutputPicture - ttd:313ms pts:24.858 Clock:24.545 Level:3
2021-04-13 21:18:26.818 T:4973 DEBUG : CAMLCodec::GetTimeSize: len:23 dl:570434 fs:570050 front:4666
2021-04-13 21:18:26.823 T:4973 DEBUG : CAMLCodec::AddData: dl:581896 sum:581496 sz:11446 dts:25.859 pts:25.859 overflow:0
2021-04-13 21:18:26.824 T:4973 DEBUG : CAMLCodec::GetTimeSize: len:24 dl:581896 fs:581496 front:4666
2021-04-13 21:18:26.840 T:4974 INFO : Skipped 2 duplicate messages..
2021-04-13 21:18:26.840 T:4974 DEBUG : CVideoPlayerAudio::OutputPacket: pts:25.310 curr_pts:24.568 clock:24.568 level:99
2021-04-13 21:18:26.840 T:4974 DEBUG : CVideoPlayerAudio::OutputPacket: pts:25.333 curr_pts:24.569 clock:24.568 level:99
2021-04-13 21:18:26.842 T:4973 DEBUG : CAMLCodec::GetTimeSize: len:24 dl:581896 fs:581496 front:4666
2021-04-13 21:18:26.847 T:4972 DEBUG : CVideoPlayer::ProcessAudioData size:365 dts:33.274 pts:33.274 dur:23.000ms, clock:24.575 drop:0 level:99
2021-04-13 21:18:26.847 T:4972 DEBUG : CVideoPlayer::ProcessVideoData size:1908 dts:33.284 pts:33.284 dur:41.000ms, clock:24.575 level:92
2021-04-13 21:18:26.847 T:4972 DEBUG : CVideoPlayer::ProcessAudioData size:419 dts:33.297 pts:33.297 dur:23.000ms, clock:24.575 drop:0 level:99
2021-04-13 21:18:26.848 T:4763 DEBUG : CAMLCodec::PollFrame elapsed:36.367ms
2021-04-13 21:18:26.849 T:4973 DEBUG : CAMLCodec::GetTimeSize: len:24 dl:581896 fs:581496 front:4666
2021-04-13 21:18:26.851 T:4763 DEBUG : PrepareNextRender: frameOnScreen: 24.579 renderPts: 24.746 nextFramePts: 24.733 -> diff: 0.013 render: 1 forceNext: 0
2021-04-13 21:18:26.853 T:4763 DEBUG : CAMLCodec::ReleaseFrame idx:593, drop:0
2021-04-13 21:18:26.856 T:4973 DEBUG : CAMLCodec::GetTimeSize: len:24 dl:577214 fs:581496 front:4666
2021-04-13 21:18:26.856 T:4973 DEBUG : CAMLCodec::GetTimeSize: len:23 dl:577214 fs:576830 front:5492
2021-04-13 21:18:26.856 T:4973 DEBUG : CAMLCodec::DequeueBuffer: pts:24.900 idx:597
2021-04-13 21:18:26.856 T:4973 DEBUG : CAMLCodec::GetPicture: index: 597, pts: 24.900, dur:42ms ar:0.00
2021-04-13 21:18:26.856 T:4973 DEBUG : CVideoPlayerVideo::OutputPicture - ttd:315ms pts:24.900 Clock:24.584 Level:3
2021-04-13 21:18:26.857 T:4973 DEBUG : CAMLCodec::GetTimeSize: len:23 dl:577214 fs:576830 front:5492
2021-04-13 21:18:26.863 T:4973 DEBUG : CAMLCodec::AddData: dl:587455 sum:587055 sz:10225 dts:25.901 pts:25.901 overflow:0
2021-04-13 21:18:26.863 T:4973 DEBUG : CAMLCodec::GetTimeSize: len:24 dl:587455 fs:587055 front:5492
2021-04-13 21:18:26.889 T:4763 INFO : Skipped 4 duplicate messages..
2021-04-13 21:18:26.889 T:4763 DEBUG : CAMLCodec::PollFrame elapsed:35.994ms
2021-04-13 21:18:26.890 T:4974 DEBUG : CVideoPlayerAudio::OutputPacket: pts:25.356 curr_pts:24.618 clock:24.618 level:99
2021-04-13 21:18:26.891 T:4974 DEBUG : CVideoPlayerAudio::OutputPacket: pts:25.379 curr_pts:24.619 clock:24.619 level:99
2021-04-13 21:18:26.892 T:4763 DEBUG : PrepareNextRender: frameOnScreen: 24.620 renderPts: 24.787 nextFramePts: 24.775 -> diff: 0.012 render: 1 forceNext: 0
2021-04-13 21:18:26.894 T:4973 DEBUG : CAMLCodec::GetTimeSize: len:24 dl:587455 fs:587055 front:5492
2021-04-13 21:18:26.895 T:4763 DEBUG : CAMLCodec::ReleaseFrame idx:594, drop:0
2021-04-13 21:18:26.898 T:4972 DEBUG : CVideoPlayer::ProcessAudioData size:375 dts:33.321 pts:33.321 dur:23.000ms, clock:24.626 drop:0 level:99
2021-04-13 21:18:26.898 T:4972 DEBUG : CVideoPlayer::ProcessVideoData size:1907 dts:33.325 pts:33.325 dur:41.000ms, clock:24.626 level:92
2021-04-13 21:18:26.898 T:4972 DEBUG : CVideoPlayer::ProcessAudioData size:376 dts:33.344 pts:33.344 dur:23.000ms, clock:24.626 drop:0 level:99
2021-04-13 21:18:26.901 T:4973 DEBUG : CAMLCodec::GetTimeSize: len:24 dl:581947 fs:587055 front:5492
2021-04-13 21:18:26.901 T:4973 DEBUG : CAMLCodec::GetTimeSize: len:23 dl:581947 fs:581563 front:5504
2021-04-13 21:18:26.901 T:4973 DEBUG : CAMLCodec::DequeueBuffer: pts:24.942 idx:598
2021-04-13 21:18:26.901 T:4973 DEBUG : CAMLCodec::GetPicture: index: 598, pts: 24.942, dur:42ms ar:0.00
2021-04-13 21:18:26.901 T:4973 DEBUG : CVideoPlayerVideo::OutputPicture - ttd:313ms pts:24.942 Clock:24.629 Level:3
2021-04-13 21:18:26.902 T:4973 DEBUG : CAMLCodec::GetTimeSize: len:23 dl:581947 fs:581563 front:5504
2021-04-13 21:18:26.907 T:4973 DEBUG : CAMLCodec::AddData: dl:589444 sum:589044 sz:7481 dts:25.943 pts:25.943 overflow:0
2021-04-13 21:18:26.907 T:4973 DEBUG : CAMLCodec::GetTimeSize: len:24 dl:589444 fs:589044 front:5504
2021-04-13 21:18:26.931 T:4763 INFO : Skipped 3 duplicate messages..
2021-04-13 21:18:26.931 T:4763 DEBUG : CAMLCodec::PollFrame elapsed:36.242ms
2021-04-13 21:18:26.933 T:4973 DEBUG : CAMLCodec::GetTimeSize: len:24 dl:589444 fs:589044 front:5504
2021-04-13 21:18:26.933 T:4763 DEBUG : PrepareNextRender: frameOnScreen: 24.661 renderPts: 24.828 nextFramePts: 24.817 -> diff: 0.011 render: 1 forceNext: 0
2021-04-13 21:18:26.936 T:4763 DEBUG : CAMLCodec::ReleaseFrame idx:595, drop:0
2021-04-13 21:18:26.939 T:4973 DEBUG : CAMLCodec::GetTimeSize: len:24 dl:583924 fs:589044 front:5504
2021-04-13 21:18:26.939 T:4973 DEBUG : CAMLCodec::GetTimeSize: len:23 dl:583924 fs:583540 front:74230
2021-04-13 21:18:26.939 T:4973 DEBUG : CAMLCodec::DequeueBuffer: pts:24.984 idx:599
2021-04-13 21:18:26.939 T:4973 DEBUG : CAMLCodec::GetPicture: index: 599, pts: 24.984, dur:42ms ar:0.00
2021-04-13 21:18:26.939 T:4973 DEBUG : CVideoPlayerVideo::OutputPicture - ttd:316ms pts:24.984 Clock:24.667 Level:3
2021-04-13 21:18:26.940 T:4974 DEBUG : CVideoPlayerAudio::OutputPacket: pts:25.403 curr_pts:24.668 clock:24.668 level:99
2021-04-13 21:18:26.940 T:4974 DEBUG : CVideoPlayerAudio::OutputPacket: pts:25.426 curr_pts:24.669 clock:24.668 level:99
2021-04-13 21:18:26.940 T:4974 DEBUG : CVideoPlayerAudio::OutputPacket: pts:25.449 curr_pts:24.669 clock:24.668 level:99
2021-04-13 21:18:26.941 T:4973 DEBUG : CAMLCodec::GetTimeSize: len:23 dl:583924 fs:583540 front:74230
2021-04-13 21:18:26.946 T:4973 DEBUG : CAMLCodec::AddData: dl:584360 sum:583960 sz:420 dts:25.985 pts:25.985 overflow:0
2021-04-13 21:18:26.946 T:4973 DEBUG : CAMLCodec::GetTimeSize: len:24 dl:584360 fs:583960 front:74230
2021-04-13 21:18:26.949 T:4972 DEBUG : CVideoPlayer::ProcessVideoData size:2228 dts:33.367 pts:33.367 dur:41.000ms, clock:24.677 level:92
2021-04-13 21:18:26.949 T:4972 DEBUG : CVideoPlayer::ProcessAudioData size:315 dts:33.367 pts:33.367 dur:23.000ms, clock:24.677 drop:0 level:99
2021-04-13 21:18:26.949 T:4972 DEBUG : CVideoPlayer::ProcessAudioData size:326 dts:33.390 pts:33.390 dur:23.000ms, clock:24.677 drop:0 level:99
2021-04-13 21:18:26.949 T:4972 DEBUG : CVideoPlayer::ProcessVideoData size:2066 dts:33.409 pts:33.409 dur:41.000ms, clock:24.677 level:92
2021-04-13 21:18:26.949 T:4972 DEBUG : CVideoPlayer::ProcessAudioData size:330 dts:33.414 pts:33.414 dur:23.000ms, clock:24.677 drop:0 level:99
2021-04-13 21:18:26.952 T:4973 DEBUG : CAMLCodec::GetTimeSize: len:24 dl:584360 fs:583960 front:74230
2021-04-13 21:18:26.973 T:4763 INFO : Skipped 3 duplicate messages..
2021-04-13 21:18:26.973 T:4763 DEBUG : CAMLCodec::PollFrame elapsed:36.827ms
2021-04-13 21:18:26.975 T:4763 DEBUG : PrepareNextRender: frameOnScreen: 24.703 renderPts: 24.869 nextFramePts: 24.858 -> diff: 0.011 render: 1 forceNext: 0
2021-04-13 21:18:26.976 T:4763 DEBUG : CAMLCodec::ReleaseFrame idx:596, drop:0
2021-04-13 21:18:26.977 T:4973 DEBUG : CAMLCodec::GetTimeSize: len:24 dl:584360 fs:583960 front:74230
2021-04-13 21:18:26.990 T:4974 INFO : Skipped 2 duplicate messages..
2021-04-13 21:18:26.990 T:4974 DEBUG : CVideoPlayerAudio::OutputPacket: pts:25.472 curr_pts:24.718 clock:24.718 level:99
2021-04-13 21:18:26.990 T:4974 DEBUG : CVideoPlayerAudio::OutputPacket: pts:25.496 curr_pts:24.718 clock:24.718 level:99
2021-04-13 21:18:26.996 T:4973 DEBUG : CAMLCodec::GetTimeSize: len:24 dl:584360 fs:583960 front:74230
2021-04-13 21:18:27.000 T:4972 DEBUG : CVideoPlayer::ProcessAudioData size:531 dts:33.437 pts:33.437 dur:23.000ms, clock:24.728 drop:0 level:99
2021-04-13 21:18:27.000 T:4972 DEBUG : CVideoPlayer::ProcessVideoData size:2755 dts:33.450 pts:33.450 dur:41.000ms, clock:24.728 level:93
2021-04-13 21:18:27.000 T:4972 DEBUG : CVideoPlayer::ProcessAudioData size:346 dts:33.460 pts:33.460 dur:23.000ms, clock:24.728 drop:0 level:99
2021-04-13 21:18:27.002 T:4973 DEBUG : CAMLCodec::GetTimeSize: len:24 dl:584360 fs:583960 front:74230
2021-04-13 21:18:27.014 T:4763 INFO : Skipped 1 duplicate messages..
2021-04-13 21:18:27.014 T:4763 DEBUG : CAMLCodec::PollFrame elapsed:38.160ms
2021-04-13 21:18:27.015 T:4973 DEBUG : CAMLCodec::GetTimeSize: len:24 dl:584360 fs:583960 front:74230
2021-04-13 21:18:27.017 T:4763 DEBUG : PrepareNextRender: frameOnScreen: 24.744 renderPts: 24.911 nextFramePts: 24.900 -> diff: 0.011 render: 1 forceNext: 0
2021-04-13 21:18:27.017 T:4763 DEBUG : CAMLCodec::ReleaseFrame idx:597, drop:0
2021-04-13 21:18:27.022 T:4973 DEBUG : CAMLCodec::GetTimeSize: len:24 dl:510114 fs:583960 front:74230
2021-04-13 21:18:27.022 T:4973 DEBUG : CAMLCodec::GetTimeSize: len:23 dl:510114 fs:509730 front:114968
2021-04-13 21:18:27.022 T:4973 DEBUG : CAMLCodec::DequeueBuffer: pts:25.025 idx:600
2021-04-13 21:18:27.022 T:4973 DEBUG : CAMLCodec::GetPicture: index: 600, pts: 25.025, dur:41ms ar:0.00
2021-04-13 21:18:27.022 T:4973 DEBUG : CVideoPlayerVideo::OutputPicture - ttd:275ms pts:25.025 Clock:24.750 Level:2
2021-04-13 21:18:27.023 T:4973 DEBUG : CAMLCodec::GetTimeSize: len:23 dl:510114 fs:509730 front:114968
2021-04-13 21:18:27.028 T:4973 DEBUG : CAMLCodec::AddData: dl:404917 sum:519509 sz:9779 dts:26.026 pts:26.026 overflow:0
2021-04-13 21:18:27.028 T:4973 DEBUG : CAMLCodec::GetTimeSize: len:24 dl:404917 fs:519509 front:114968
2021-04-13 21:18:27.028 T:4973 DEBUG : CAMLCodec::GetTimeSize: len:23 dl:404917 fs:404541 front:16688
2021-04-13 21:18:27.029 T:4973 DEBUG : CAMLCodec::DequeueBuffer: pts:25.067 idx:601
2021-04-13 21:18:27.029 T:4973 DEBUG : CAMLCodec::GetPicture: index: 601, pts: 25.067, dur:42ms ar:0.00
2021-04-13 21:18:27.029 T:4973 DEBUG : CVideoPlayerVideo::OutputPicture - ttd:310ms pts:25.067 Clock:24.757 Level:3
2021-04-13 21:18:27.030 T:4973 DEBUG : CAMLCodec::GetTimeSize: len:23 dl:404917 fs:404541 front:16688
2021-04-13 21:18:27.035 T:4973 DEBUG : CAMLCodec::AddData: dl:401350 sum:417662 sz:13121 dts:26.068 pts:26.068 overflow:0
2021-04-13 21:18:27.035 T:4973 DEBUG : CAMLCodec::GetTimeSize: len:24 dl:401350 fs:417662 front:16688
2021-04-13 21:18:27.035 T:4973 DEBUG : CAMLCodec::GetTimeSize: len:23 dl:401350 fs:400974 front:14381
2021-04-13 21:18:27.035 T:4973 DEBUG : CAMLCodec::DequeueBuffer: pts:25.109 idx:602
2021-04-13 21:18:27.035 T:4973 DEBUG : CAMLCodec::GetPicture: index: 602, pts: 25.109, dur:42ms ar:0.00
2021-04-13 21:18:27.035 T:4973 DEBUG : CVideoPlayerVideo::OutputPicture - ttd:345ms pts:25.109 Clock:24.763 Level:4
2021-04-13 21:18:27.037 T:4973 DEBUG : CAMLCodec::GetTimeSize: len:23 dl:401350 fs:400974 front:14381
2021-04-13 21:18:27.040 T:4974 DEBUG : CVideoPlayerAudio::OutputPacket: pts:25.519 curr_pts:24.769 clock:24.768 level:99
2021-04-13 21:18:27.040 T:4974 DEBUG : CVideoPlayerAudio::OutputPacket: pts:25.542 curr_pts:24.769 clock:24.768 level:99
2021-04-13 21:18:27.041 T:4972 DEBUG : CVideoPlayer::ProcessAudioData size:327 dts:33.483 pts:33.483 dur:23.000ms, clock:24.769 drop:0 level:99
2021-04-13 21:18:27.041 T:4972 DEBUG : CVideoPlayer::ProcessVideoData size:2372 dts:33.492 pts:33.492 dur:41.000ms, clock:24.769 level:92
2021-04-13 21:18:27.041 T:4972 DEBUG : CVideoPlayer::ProcessAudioData size:331 dts:33.506 pts:33.506 dur:23.000ms, clock:24.769 drop:0 level:99
2021-04-13 21:18:27.042 T:4973 DEBUG : CAMLCodec::AddData: dl:415101 sum:414709 sz:13735 dts:26.110 pts:26.110 overflow:0
2021-04-13 21:18:27.042 T:4973 DEBUG : CAMLCodec::GetTimeSize: len:24 dl:415101 fs:414709 front:14381
2021-04-13 21:18:27.056 T:4763 INFO : Skipped 2 duplicate messages..
2021-04-13 21:18:27.056 T:4763 DEBUG : CAMLCodec::PollFrame elapsed:39.111ms
2021-04-13 21:18:27.057 T:4763 DEBUG : PrepareNextRender: frameOnScreen: 24.785 renderPts: 24.952 nextFramePts: 24.942 -> diff: 0.010 render: 1 forceNext: 0
2021-04-13 21:18:27.057 T:4763 DEBUG : CAMLCodec::ReleaseFrame idx:598, drop:0
2021-04-13 21:18:27.061 T:4973 DEBUG : CAMLCodec::GetTimeSize: len:24 dl:400704 fs:414709 front:14381
2021-04-13 21:18:27.061 T:4973 DEBUG : CAMLCodec::GetTimeSize: len:23 dl:400704 fs:400328 front:18550
2021-04-13 21:18:27.061 T:4973 DEBUG : CAMLCodec::DequeueBuffer: pts:25.150 idx:603
2021-04-13 21:18:27.061 T:4973 DEBUG : CAMLCodec::GetPicture: index: 603, pts: 25.150, dur:41ms ar:0.00
2021-04-13 21:18:27.061 T:4973 DEBUG : CVideoPlayerVideo::OutputPicture - ttd:361ms pts:25.150 Clock:24.789 Level:4
2021-04-13 21:18:27.062 T:4973 DEBUG : CAMLCodec::GetTimeSize: len:23 dl:400704 fs:400328 front:18550
2021-04-13 21:18:27.067 T:4973 DEBUG : CAMLCodec::AddData: dl:411606 sum:411214 sz:10886 dts:26.151 pts:26.151 overflow:0
2021-04-13 21:18:27.067 T:4973 DEBUG : CAMLCodec::GetTimeSize: len:24 dl:411606 fs:411214 front:18550
2021-04-13 21:18:27.090 T:4974 INFO : Skipped 3 duplicate messages..
2021-04-13 21:18:27.090 T:4974 DEBUG : CVideoPlayerAudio::OutputPacket: pts:25.565 curr_pts:24.818 clock:24.818 level:99
2021-04-13 21:18:27.091 T:4974 DEBUG : CVideoPlayerAudio::OutputPacket: pts:25.588 curr_pts:24.819 clock:24.818 level:99
2021-04-13 21:18:27.092 T:4972 DEBUG : CVideoPlayer::ProcessAudioData size:368 dts:33.530 pts:33.530 dur:23.000ms, clock:24.820 drop:0 level:99
2021-04-13 21:18:27.092 T:4972 DEBUG : CVideoPlayer::ProcessVideoData size:1851 dts:33.534 pts:33.534 dur:41.000ms, clock:24.820 level:92
2021-04-13 21:18:27.092 T:4972 DEBUG : CVideoPlayer::ProcessAudioData size:350 dts:33.553 pts:33.553 dur:23.000ms, clock:24.820 drop:0 level:99
2021-04-13 21:18:27.093 T:4973 DEBUG : CAMLCodec::GetTimeSize: len:24 dl:411606 fs:411214 front:18550
2021-04-13 21:18:27.098 T:4763 DEBUG : CAMLCodec::PollFrame elapsed:40.275ms
2021-04-13 21:18:27.099 T:4763 DEBUG : PrepareNextRender: frameOnScreen: 24.827 renderPts: 24.993 nextFramePts: 24.984 -> diff: 0.009 render: 1 forceNext: 0
2021-04-13 21:18:27.099 T:4763 DEBUG : CAMLCodec::ReleaseFrame idx:599, drop:0
2021-04-13 21:18:27.100 T:4973 DEBUG : CAMLCodec::GetTimeSize: len:24 dl:411606 fs:411214 front:18550
2021-04-13 21:18:27.106 T:4973 DEBUG : CAMLCodec::GetTimeSize: len:24 dl:393040 fs:411214 front:18550
2021-04-13 21:18:27.106 T:4973 DEBUG : CAMLCodec::GetTimeSize: len:23 dl:393040 fs:392664 front:19712
2021-04-13 21:18:27.107 T:4973 DEBUG : CAMLCodec::DequeueBuffer: pts:25.192 idx:604
2021-04-13 21:18:27.107 T:4973 DEBUG : CAMLCodec::GetPicture: index: 604, pts: 25.192, dur:42ms ar:0.00
2021-04-13 21:18:27.107 T:4973 DEBUG : CVideoPlayerVideo::OutputPicture - ttd:357ms pts:25.192 Clock:24.835 Level:4
2021-04-13 21:18:27.108 T:4973 DEBUG : CAMLCodec::GetTimeSize: len:23 dl:393040 fs:392664 front:19712
2021-04-13 21:18:27.113 T:4973 DEBUG : CAMLCodec::AddData: dl:403504 sum:403112 sz:10448 dts:26.193 pts:26.193 overflow:0
2021-04-13 21:18:27.113 T:4973 DEBUG : CAMLCodec::GetTimeSize: len:24 dl:403504 fs:403112 front:19712
2021-04-13 21:18:27.140 T:4763 INFO : Skipped 4 duplicate messages..
2021-04-13 21:18:27.140 T:4763 DEBUG : CAMLCodec::PollFrame elapsed:40.523ms
2021-04-13 21:18:27.140 T:4974 DEBUG : CVideoPlayerAudio::OutputPacket: pts:25.612 curr_pts:24.868 clock:24.868 level:99
2021-04-13 21:18:27.141 T:4974 DEBUG : CVideoPlayerAudio::OutputPacket: pts:25.635 curr_pts:24.869 clock:24.869 level:99
2021-04-13 21:18:27.141 T:4763 DEBUG : PrepareNextRender: frameOnScreen: 24.869 renderPts: 25.035 nextFramePts: 25.025 -> diff: 0.010 render: 1 forceNext: 0
2021-04-13 21:18:27.141 T:4763 DEBUG : CAMLCodec::ReleaseFrame idx:600, drop:0
2021-04-13 21:18:27.143 T:4972 DEBUG : CVideoPlayer::ProcessVideoData size:1277 dts:33.575 pts:33.575 dur:41.000ms, clock:24.871 level:92
2021-04-13 21:18:27.143 T:4972 DEBUG : CVideoPlayer::ProcessAudioData size:452 dts:33.576 pts:33.576 dur:23.000ms, clock:24.871 drop:0 level:99
2021-04-13 21:18:27.143 T:4972 DEBUG : CVideoPlayer::ProcessAudioData size:440 dts:33.599 pts:33.599 dur:23.000ms, clock:24.871 drop:0 level:99
2021-04-13 21:18:27.144 T:4973 DEBUG : CAMLCodec::GetTimeSize: len:24 dl:403504 fs:403112 front:19712
2021-04-13 21:18:27.145 T:4973 DEBUG : CAMLCodec::DequeueBuffer: pts:25.234 idx:605
2021-04-13 21:18:27.145 T:4973 DEBUG : CAMLCodec::GetPicture: index: 605, pts: 25.234, dur:42ms ar:0.00
2021-04-13 21:18:27.145 T:4973 DEBUG : CVideoPlayerVideo::OutputPicture - ttd:361ms pts:25.234 Clock:24.873 Level:4
2021-04-13 21:18:27.146 T:4973 DEBUG : CAMLCodec::GetTimeSize: len:24 dl:383776 fs:403112 front:19712
2021-04-13 21:18:27.146 T:4973 DEBUG : CAMLCodec::GetTimeSize: len:23 dl:383776 fs:383400 front:16789
2021-04-13 21:18:27.151 T:4973 DEBUG : CAMLCodec::AddData: dl:396003 sum:395611 sz:12211 dts:26.235 pts:26.235 overflow:0
2021-04-13 21:18:27.151 T:4973 DEBUG : CAMLCodec::GetTimeSize: len:24 dl:396003 fs:395611 front:16789
2021-04-13 21:18:27.181 T:4763 INFO : Skipped 4 duplicate messages..
2021-04-13 21:18:27.181 T:4763 DEBUG : CAMLCodec::PollFrame elapsed:39.966ms
2021-04-13 21:18:27.183 T:4973 DEBUG : CAMLCodec::GetTimeSize: len:24 dl:396003 fs:395611 front:16789
2021-04-13 21:18:27.183 T:4763 DEBUG : PrepareNextRender: frameOnScreen: 24.911 renderPts: 25.078 nextFramePts: 25.067 -> diff: 0.011 render: 1 forceNext: 0
2021-04-13 21:18:27.185 T:4763 DEBUG : CAMLCodec::ReleaseFrame idx:601, drop:0
2021-04-13 21:18:27.189 T:4973 DEBUG : CAMLCodec::GetTimeSize: len:24 dl:379198 fs:395611 front:16789
2021-04-13 21:18:27.189 T:4973 DEBUG : CAMLCodec::GetTimeSize: len:23 dl:379198 fs:378822 front:15836
2021-04-13 21:18:27.189 T:4973 DEBUG : CAMLCodec::DequeueBuffer: pts:25.276 idx:606
2021-04-13 21:18:27.189 T:4973 DEBUG : CAMLCodec::GetPicture: index: 606, pts: 25.276, dur:42ms ar:0.00
2021-04-13 21:18:27.189 T:4973 DEBUG : CVideoPlayerVideo::OutputPicture - ttd:358ms pts:25.276 Clock:24.917 Level:4
2021-04-13 21:18:27.189 T:4974 DEBUG : CVideoPlayerAudio::OutputPacket: pts:25.658 curr_pts:24.918 clock:24.917 level:99
2021-04-13 21:18:27.190 T:4974 DEBUG : CVideoPlayerAudio::OutputPacket: pts:25.681 curr_pts:24.918 clock:24.918 level:99
2021-04-13 21:18:27.190 T:4973 DEBUG : CAMLCodec::GetTimeSize: len:23 dl:379198 fs:378822 front:15836
2021-04-13 21:18:27.194 T:4972 DEBUG : CVideoPlayer::ProcessVideoData size:189 dts:33.617 pts:33.617 dur:41.000ms, clock:24.922 level:92
2021-04-13 21:18:27.194 T:4972 DEBUG : CVideoPlayer::ProcessAudioData size:320 dts:33.622 pts:33.622 dur:23.000ms, clock:24.922 drop:0 level:99
2021-04-13 21:18:27.194 T:4972 DEBUG : CVideoPlayer::ProcessAudioData size:356 dts:33.646 pts:33.646 dur:23.000ms, clock:24.922 drop:0 level:99
2021-04-13 21:18:27.196 T:4973 DEBUG : CAMLCodec::AddData: dl:392795 sum:392403 sz:13581 dts:26.277 pts:26.277 overflow:0
2021-04-13 21:18:27.196 T:4973 DEBUG : CAMLCodec::GetTimeSize: len:24 dl:392795 fs:392403 front:15836
2021-04-13 21:18:27.223 T:4763 INFO : Skipped 4 duplicate messages..
2021-04-13 21:18:27.223 T:4763 DEBUG : CAMLCodec::PollFrame elapsed:37.485ms
2021-04-13 21:18:27.226 T:4763 DEBUG : PrepareNextRender: frameOnScreen: 24.954 renderPts: 25.121 nextFramePts: 25.109 -> diff: 0.012 render: 1 forceNext: 0
2021-04-13 21:18:27.227 T:4973 DEBUG : CAMLCodec::GetTimeSize: len:24 dl:392795 fs:392403 front:15836
2021-04-13 21:18:27.229 T:4763 DEBUG : CAMLCodec::ReleaseFrame idx:602, drop:0
2021-04-13 21:18:27.233 T:4973 DEBUG : CAMLCodec::GetTimeSize: len:24 dl:376943 fs:392403 front:15836
2021-04-13 21:18:27.233 T:4973 DEBUG : CAMLCodec::GetTimeSize: len:23 dl:376943 fs:376567 front:16722
2021-04-13 21:18:27.234 T:4973 DEBUG : CAMLCodec::DequeueBuffer: pts:25.317 idx:607
2021-04-13 21:18:27.234 T:4973 DEBUG : CAMLCodec::GetPicture: index: 607, pts: 25.317, dur:41ms ar:0.00
2021-04-13 21:18:27.234 T:4973 DEBUG : CVideoPlayerVideo::OutputPicture - ttd:355ms pts:25.317 Clock:24.962 Level:4
2021-04-13 21:18:27.235 T:4973 DEBUG : CAMLCodec::GetTimeSize: len:23 dl:376943 fs:376567 front:16722
2021-04-13 21:18:27.240 T:4974 DEBUG : CVideoPlayerAudio::OutputPacket: pts:25.704 curr_pts:24.968 clock:24.967 level:99
2021-04-13 21:18:27.240 T:4974 DEBUG : CVideoPlayerAudio::OutputPacket: pts:25.728 curr_pts:24.968 clock:24.968 level:99
2021-04-13 21:18:27.240 T:4973 DEBUG : CAMLCodec::AddData: dl:377345 sum:376953 sz:386 dts:26.318 pts:26.318 overflow:0
2021-04-13 21:18:27.240 T:4973 DEBUG : CAMLCodec::GetTimeSize: len:24 dl:377345 fs:376953 front:16722
2021-04-13 21:18:27.245 T:4972 DEBUG : CVideoPlayer::ProcessVideoData size:1822 dts:33.659 pts:33.659 dur:41.000ms, clock:24.972 level:91
2021-04-13 21:18:27.245 T:4972 DEBUG : CVideoPlayer::ProcessAudioData size:319 dts:33.669 pts:33.669 dur:23.000ms, clock:24.973 drop:0 level:99
2021-04-13 21:18:27.245 T:4972 DEBUG : CVideoPlayer::ProcessAudioData size:346 dts:33.692 pts:33.692 dur:23.000ms, clock:24.973 drop:0 level:99
2021-04-13 21:18:27.246 T:4973 DEBUG : CAMLCodec::GetTimeSize: len:24 dl:377345 fs:376953 front:16722
2021-04-13 21:18:27.265 T:4763 INFO : Skipped 2 duplicate messages..
2021-04-13 21:18:27.265 T:4763 DEBUG : CAMLCodec::PollFrame elapsed:35.864ms
2021-04-13 21:18:27.265 T:4973 DEBUG : CAMLCodec::GetTimeSize: len:24 dl:377345 fs:376953 front:16722
2021-04-13 21:18:27.267 T:4763 DEBUG : PrepareNextRender: frameOnScreen: 24.995 renderPts: 25.161 nextFramePts: 25.150 -> diff: 0.011 render: 1 forceNext: 0
