2021-04-13 21:18:23.103 T:4973 DEBUG : CAMLCodec::GetTimeSize: len:23 dl:772884 fs:772508 front:40628
2021-04-13 21:18:23.103 T:4973 DEBUG : CAMLCodec::DequeueBuffer: pts:21.146 idx:507
2021-04-13 21:18:23.103 T:4973 DEBUG : CAMLCodec::GetPicture: index: 507, pts: 21.146, dur:41ms ar:0.00
2021-04-13 21:18:23.103 T:4973 DEBUG : CVideoPlayerVideo::OutputPicture - ttd:314ms pts:21.146 Clock:20.831 Level:3
2021-04-13 21:18:23.104 T:4973 DEBUG : CAMLCodec::GetTimeSize: len:23 dl:772884 fs:772508 front:40628
2021-04-13 21:18:23.109 T:4973 DEBUG : CAMLCodec::AddData: dl:774631 sum:774239 sz:1731 dts:22.147 pts:22.147 overflow:0
2021-04-13 21:18:23.110 T:4973 DEBUG : CAMLCodec::GetTimeSize: len:24 dl:774631 fs:774239 front:40628
2021-04-13 21:18:23.136 T:4763 INFO : Skipped 4 duplicate messages..
2021-04-13 21:18:23.136 T:4763 DEBUG : CAMLCodec::PollFrame elapsed:36.634ms
2021-04-13 21:18:23.138 T:4763 DEBUG : PrepareNextRender: frameOnScreen: 20.866 renderPts: 21.033 nextFramePts: 21.021 -> diff: 0.012 render: 1 forceNext: 0
2021-04-13 21:18:23.141 T:4974 DEBUG : CVideoPlayerAudio::OutputPacket: pts:21.618 curr_pts:20.869 clock:20.868 level:99
2021-04-13 21:18:23.141 T:4763 DEBUG : CAMLCodec::ReleaseFrame idx:504, drop:0
2021-04-13 21:18:23.141 T:4973 DEBUG : CAMLCodec::GetTimeSize: len:24 dl:774631 fs:774239 front:40628
2021-04-13 21:18:23.141 T:4974 DEBUG : CVideoPlayerAudio::OutputPacket: pts:21.641 curr_pts:20.870 clock:20.869 level:99
2021-04-13 21:18:23.142 T:4972 DEBUG : CVideoPlayer::ProcessVideoData size:11182 dts:29.571 pts:29.571 dur:41.000ms, clock:20.870 level:92
2021-04-13 21:18:23.142 T:4972 DEBUG : CVideoPlayer::ProcessAudioData size:360 dts:29.582 pts:29.582 dur:23.000ms, clock:20.870 drop:0 level:99
2021-04-13 21:18:23.142 T:4972 DEBUG : CVideoPlayer::ProcessAudioData size:365 dts:29.605 pts:29.605 dur:23.000ms, clock:20.870 drop:0 level:99
2021-04-13 21:18:23.148 T:4973 DEBUG : CAMLCodec::GetTimeSize: len:24 dl:733987 fs:774239 front:40628
2021-04-13 21:18:23.148 T:4973 DEBUG : CAMLCodec::GetTimeSize: len:23 dl:733987 fs:733611 front:46208
2021-04-13 21:18:23.148 T:4973 DEBUG : CAMLCodec::DequeueBuffer: pts:21.188 idx:508
2021-04-13 21:18:23.148 T:4973 DEBUG : CAMLCodec::GetPicture: index: 508, pts: 21.188, dur:42ms ar:0.00
2021-04-13 21:18:23.148 T:4973 DEBUG : CVideoPlayerVideo::OutputPicture - ttd:312ms pts:21.188 Clock:20.876 Level:3
2021-04-13 21:18:23.149 T:4973 DEBUG : CAMLCodec::GetTimeSize: len:23 dl:733987 fs:733611 front:46208
2021-04-13 21:18:23.154 T:4973 DEBUG : frame_number : 2, mag : 3; index_sz : 8
2021-04-13 21:18:23.156 T:4973 DEBUG : CAMLCodec::AddData: dl:829836 sum:829436 sz:95825 dts:22.189 pts:22.189 overflow:0
2021-04-13 21:18:23.156 T:4973 DEBUG : CAMLCodec::GetTimeSize: len:24 dl:829836 fs:829436 front:46208
2021-04-13 21:18:23.177 T:4763 INFO : Skipped 3 duplicate messages..
2021-04-13 21:18:23.177 T:4763 DEBUG : CAMLCodec::PollFrame elapsed:36.023ms
2021-04-13 21:18:23.180 T:4763 DEBUG : PrepareNextRender: frameOnScreen: 20.908 renderPts: 21.075 nextFramePts: 21.063 -> diff: 0.012 render: 1 forceNext: 0
2021-04-13 21:18:23.182 T:4973 DEBUG : CAMLCodec::GetTimeSize: len:24 dl:829836 fs:829436 front:46208
2021-04-13 21:18:23.182 T:4763 DEBUG : CAMLCodec::ReleaseFrame idx:505, drop:0
2021-04-13 21:18:23.189 T:4973 DEBUG : CAMLCodec::GetTimeSize: len:24 dl:783612 fs:829436 front:46208
2021-04-13 21:18:23.189 T:4973 DEBUG : CAMLCodec::GetTimeSize: len:23 dl:783612 fs:783228 front:45982
2021-04-13 21:18:23.189 T:4973 DEBUG : CAMLCodec::DequeueBuffer: pts:21.230 idx:509
2021-04-13 21:18:23.189 T:4973 DEBUG : CAMLCodec::GetPicture: index: 509, pts: 21.230, dur:42ms ar:0.00
2021-04-13 21:18:23.189 T:4973 DEBUG : CVideoPlayerVideo::OutputPicture - ttd:313ms pts:21.230 Clock:20.917 Level:3
2021-04-13 21:18:23.190 T:4974 DEBUG : CVideoPlayerAudio::OutputPacket: pts:21.664 curr_pts:20.918 clock:20.918 level:99
2021-04-13 21:18:23.190 T:4973 DEBUG : CAMLCodec::GetTimeSize: len:23 dl:783612 fs:783228 front:45982
2021-04-13 21:18:23.190 T:4974 DEBUG : CVideoPlayerAudio::OutputPacket: pts:21.687 curr_pts:20.918 clock:20.918 level:99
2021-04-13 21:18:23.193 T:4972 DEBUG : CVideoPlayer::ProcessVideoData size:8789 dts:29.613 pts:29.613 dur:41.000ms, clock:20.921 level:92
2021-04-13 21:18:23.193 T:4972 DEBUG : CVideoPlayer::ProcessAudioData size:362 dts:29.629 pts:29.629 dur:23.000ms, clock:20.921 drop:0 level:99
2021-04-13 21:18:23.193 T:4972 DEBUG : CVideoPlayer::ProcessAudioData size:369 dts:29.652 pts:29.652 dur:23.000ms, clock:20.921 drop:0 level:99
2021-04-13 21:18:23.195 T:4973 DEBUG : CAMLCodec::AddData: dl:803367 sum:802967 sz:19739 dts:22.231 pts:22.231 overflow:0
2021-04-13 21:18:23.195 T:4973 DEBUG : CAMLCodec::GetTimeSize: len:24 dl:803367 fs:802967 front:45982
2021-04-13 21:18:23.219 T:4763 INFO : Skipped 3 duplicate messages..
2021-04-13 21:18:23.219 T:4763 DEBUG : CAMLCodec::PollFrame elapsed:36.539ms
2021-04-13 21:18:23.220 T:4973 DEBUG : CAMLCodec::GetTimeSize: len:24 dl:803367 fs:802967 front:45982
2021-04-13 21:18:23.221 T:4763 DEBUG : PrepareNextRender: frameOnScreen: 20.949 renderPts: 21.116 nextFramePts: 21.105 -> diff: 0.011 render: 1 forceNext: 0
2021-04-13 21:18:23.223 T:4763 DEBUG : CAMLCodec::ReleaseFrame idx:506, drop:0
2021-04-13 21:18:23.227 T:4973 DEBUG : CAMLCodec::GetTimeSize: len:24 dl:803367 fs:802967 front:45982
2021-04-13 21:18:23.240 T:4974 INFO : Skipped 2 duplicate messages..
2021-04-13 21:18:23.240 T:4974 DEBUG : CVideoPlayerAudio::OutputPacket: pts:21.711 curr_pts:20.968 clock:20.968 level:99
2021-04-13 21:18:23.240 T:4974 DEBUG : CVideoPlayerAudio::OutputPacket: pts:21.734 curr_pts:20.969 clock:20.968 level:99
2021-04-13 21:18:23.244 T:4972 DEBUG : CVideoPlayer::ProcessVideoData size:7936 dts:29.655 pts:29.655 dur:41.000ms, clock:20.972 level:92
2021-04-13 21:18:23.244 T:4972 DEBUG : CVideoPlayer::ProcessAudioData size:383 dts:29.675 pts:29.675 dur:23.000ms, clock:20.972 drop:0 level:99
2021-04-13 21:18:23.244 T:4972 DEBUG : CVideoPlayer::ProcessVideoData size:8276 dts:29.697 pts:29.697 dur:41.000ms, clock:20.972 level:93
2021-04-13 21:18:23.244 T:4972 DEBUG : CVideoPlayer::ProcessAudioData size:388 dts:29.698 pts:29.698 dur:23.000ms, clock:20.972 drop:0 level:99
2021-04-13 21:18:23.246 T:4973 DEBUG : CAMLCodec::GetTimeSize: len:24 dl:803367 fs:802967 front:45982
2021-04-13 21:18:23.261 T:4763 INFO : Skipped 2 duplicate messages..
2021-04-13 21:18:23.261 T:4763 DEBUG : CAMLCodec::PollFrame elapsed:37.594ms
2021-04-13 21:18:23.263 T:4763 DEBUG : PrepareNextRender: frameOnScreen: 20.991 renderPts: 21.158 nextFramePts: 21.146 -> diff: 0.012 render: 1 forceNext: 0
2021-04-13 21:18:23.264 T:4973 DEBUG : CAMLCodec::GetTimeSize: len:24 dl:803367 fs:802967 front:45982
2021-04-13 21:18:23.265 T:4763 DEBUG : CAMLCodec::ReleaseFrame idx:507, drop:0
2021-04-13 21:18:23.271 T:4973 DEBUG : CAMLCodec::GetTimeSize: len:24 dl:757369 fs:802967 front:45982
2021-04-13 21:18:23.271 T:4973 DEBUG : CAMLCodec::GetTimeSize: len:23 dl:757369 fs:756985 front:47124
2021-04-13 21:18:23.271 T:4973 DEBUG : CAMLCodec::DequeueBuffer: pts:21.271 idx:510
2021-04-13 21:18:23.271 T:4973 DEBUG : CAMLCodec::GetPicture: index: 510, pts: 21.271, dur:41ms ar:0.00
2021-04-13 21:18:23.271 T:4973 DEBUG : CVideoPlayerVideo::OutputPicture - ttd:272ms pts:21.271 Clock:20.999 Level:2
2021-04-13 21:18:23.272 T:4973 DEBUG : CAMLCodec::GetTimeSize: len:23 dl:757369 fs:756985 front:47124
2021-04-13 21:18:23.277 T:4973 DEBUG : CAMLCodec::AddData: dl:772758 sum:772358 sz:15373 dts:22.272 pts:22.272 overflow:0
2021-04-13 21:18:23.277 T:4973 DEBUG : CAMLCodec::GetTimeSize: len:24 dl:772758 fs:772358 front:47124
2021-04-13 21:18:23.290 T:4974 INFO : Skipped 2 duplicate messages..
2021-04-13 21:18:23.290 T:4974 DEBUG : CVideoPlayerAudio::OutputPacket: pts:21.757 curr_pts:21.018 clock:21.018 level:99
2021-04-13 21:18:23.290 T:4974 DEBUG : CVideoPlayerAudio::OutputPacket: pts:21.780 curr_pts:21.019 clock:21.018 level:99
2021-04-13 21:18:23.295 T:4972 DEBUG : CVideoPlayer::ProcessAudioData size:347 dts:29.722 pts:29.722 dur:23.000ms, clock:21.023 drop:0 level:99
2021-04-13 21:18:23.295 T:4972 DEBUG : CVideoPlayer::ProcessVideoData size:9410 dts:29.738 pts:29.738 dur:41.000ms, clock:21.023 level:93
2021-04-13 21:18:23.295 T:4972 DEBUG : CVideoPlayer::ProcessAudioData size:354 dts:29.745 pts:29.745 dur:23.000ms, clock:21.023 drop:0 level:99
2021-04-13 21:18:23.296 T:4973 DEBUG : CAMLCodec::GetTimeSize: len:24 dl:772758 fs:772358 front:47124
2021-04-13 21:18:23.302 T:4763 DEBUG : CAMLCodec::PollFrame elapsed:36.769ms
2021-04-13 21:18:23.303 T:4973 DEBUG : CAMLCodec::GetTimeSize: len:24 dl:772758 fs:772358 front:47124
2021-04-13 21:18:23.305 T:4763 DEBUG : PrepareNextRender: frameOnScreen: 21.033 renderPts: 21.200 nextFramePts: 21.188 -> diff: 0.012 render: 1 forceNext: 0
2021-04-13 21:18:23.307 T:4763 DEBUG : CAMLCodec::ReleaseFrame idx:508, drop:0
2021-04-13 21:18:23.309 T:4973 DEBUG : CAMLCodec::GetTimeSize: len:24 dl:772758 fs:772358 front:47124
2021-04-13 21:18:23.315 T:4973 DEBUG : CAMLCodec::GetTimeSize: len:24 dl:725618 fs:772358 front:47124
2021-04-13 21:18:23.315 T:4973 DEBUG : CAMLCodec::GetTimeSize: len:23 dl:725618 fs:725234 front:43332
2021-04-13 21:18:23.315 T:4973 DEBUG : CAMLCodec::DequeueBuffer: pts:21.313 idx:511
2021-04-13 21:18:23.315 T:4973 DEBUG : CAMLCodec::GetPicture: index: 511, pts: 21.313, dur:42ms ar:0.00
2021-04-13 21:18:23.315 T:4973 DEBUG : CVideoPlayerVideo::OutputPicture - ttd:269ms pts:21.313 Clock:21.043 Level:2
2021-04-13 21:18:23.317 T:4973 DEBUG : CAMLCodec::GetTimeSize: len:23 dl:725618 fs:725234 front:43332
2021-04-13 21:18:23.322 T:4973 DEBUG : CAMLCodec::AddData: dl:744165 sum:743765 sz:18531 dts:22.314 pts:22.314 overflow:0
2021-04-13 21:18:23.322 T:4973 DEBUG : CAMLCodec::GetTimeSize: len:24 dl:744165 fs:743765 front:43332
2021-04-13 21:18:23.340 T:4974 INFO : Skipped 2 duplicate messages..
2021-04-13 21:18:23.340 T:4974 DEBUG : CVideoPlayerAudio::OutputPacket: pts:21.804 curr_pts:21.068 clock:21.068 level:99
2021-04-13 21:18:23.340 T:4974 DEBUG : CVideoPlayerAudio::OutputPacket: pts:21.827 curr_pts:21.069 clock:21.068 level:99
2021-04-13 21:18:23.341 T:4974 DEBUG : CVideoPlayerAudio::OutputPacket: pts:21.850 curr_pts:21.069 clock:21.068 level:99
2021-04-13 21:18:23.341 T:4973 DEBUG : CAMLCodec::GetTimeSize: len:24 dl:744165 fs:743765 front:43332
2021-04-13 21:18:23.344 T:4763 DEBUG : CAMLCodec::PollFrame elapsed:36.298ms
2021-04-13 21:18:23.346 T:4972 DEBUG : CVideoPlayer::ProcessAudioData size:343 dts:29.768 pts:29.768 dur:23.000ms, clock:21.074 drop:0 level:99
2021-04-13 21:18:23.347 T:4972 DEBUG : CVideoPlayer::ProcessVideoData size:7797 dts:29.780 pts:29.780 dur:41.000ms, clock:21.075 level:93
2021-04-13 21:18:23.347 T:4972 DEBUG : CVideoPlayer::ProcessAudioData size:350 dts:29.791 pts:29.791 dur:23.000ms, clock:21.075 drop:0 level:99
2021-04-13 21:18:23.347 T:4972 DEBUG : CVideoPlayer::ProcessAudioData size:355 dts:29.814 pts:29.814 dur:23.000ms, clock:21.075 drop:0 level:99
2021-04-13 21:18:23.347 T:4763 DEBUG : PrepareNextRender: frameOnScreen: 21.075 renderPts: 21.242 nextFramePts: 21.230 -> diff: 0.012 render: 1 forceNext: 0
2021-04-13 21:18:23.348 T:4973 DEBUG : CAMLCodec::GetTimeSize: len:24 dl:744165 fs:743765 front:43332
2021-04-13 21:18:23.349 T:4763 DEBUG : CAMLCodec::ReleaseFrame idx:509, drop:0
2021-04-13 21:18:23.355 T:4973 DEBUG : CAMLCodec::GetTimeSize: len:24 dl:700817 fs:743765 front:43332
2021-04-13 21:18:23.355 T:4973 DEBUG : CAMLCodec::GetTimeSize: len:23 dl:700817 fs:700433 front:25338
2021-04-13 21:18:23.355 T:4973 DEBUG : CAMLCodec::DequeueBuffer: pts:21.355 idx:512
2021-04-13 21:18:23.355 T:4973 DEBUG : CAMLCodec::GetPicture: index: 512, pts: 21.355, dur:42ms ar:0.00
2021-04-13 21:18:23.355 T:4973 DEBUG : CVideoPlayerVideo::OutputPicture - ttd:272ms pts:21.355 Clock:21.083 Level:2
2021-04-13 21:18:23.356 T:4973 DEBUG : CAMLCodec::GetTimeSize: len:23 dl:700817 fs:700433 front:25338
2021-04-13 21:18:23.361 T:4973 DEBUG : CAMLCodec::AddData: dl:720762 sum:720362 sz:19929 dts:22.356 pts:22.356 overflow:0
2021-04-13 21:18:23.361 T:4973 DEBUG : CAMLCodec::GetTimeSize: len:24 dl:720762 fs:720362 front:25338
2021-04-13 21:18:23.386 T:4763 INFO : Skipped 3 duplicate messages..
2021-04-13 21:18:23.386 T:4763 DEBUG : CAMLCodec::PollFrame elapsed:36.740ms
2021-04-13 21:18:23.386 T:4973 DEBUG : CAMLCodec::GetTimeSize: len:24 dl:720762 fs:720362 front:25338
2021-04-13 21:18:23.388 T:4763 DEBUG : PrepareNextRender: frameOnScreen: 21.116 renderPts: 21.283 nextFramePts: 21.271 -> diff: 0.012 render: 1 forceNext: 0
2021-04-13 21:18:23.391 T:4974 DEBUG : CVideoPlayerAudio::OutputPacket: pts:21.873 curr_pts:21.118 clock:21.119 level:99
2021-04-13 21:18:23.391 T:4974 DEBUG : CVideoPlayerAudio::OutputPacket: pts:21.896 curr_pts:21.119 clock:21.119 level:99
2021-04-13 21:18:23.391 T:4763 DEBUG : CAMLCodec::ReleaseFrame idx:510, drop:0
2021-04-13 21:18:23.393 T:4973 DEBUG : CAMLCodec::GetTimeSize: len:24 dl:695408 fs:720362 front:25338
2021-04-13 21:18:23.393 T:4973 DEBUG : CAMLCodec::GetTimeSize: len:23 dl:695408 fs:695024 front:255
2021-04-13 21:18:23.393 T:4973 DEBUG : CAMLCodec::DequeueBuffer: pts:21.397 idx:513
2021-04-13 21:18:23.393 T:4973 DEBUG : CAMLCodec::GetPicture: index: 513, pts: 21.397, dur:42ms ar:0.00
2021-04-13 21:18:23.393 T:4973 DEBUG : CVideoPlayerVideo::OutputPicture - ttd:275ms pts:21.397 Clock:21.121 Level:2
2021-04-13 21:18:23.394 T:4973 DEBUG : CAMLCodec::GetTimeSize: len:23 dl:695408 fs:695024 front:255
2021-04-13 21:18:23.398 T:4972 DEBUG : CVideoPlayer::ProcessVideoData size:9765 dts:29.822 pts:29.822 dur:41.000ms, clock:21.126 level:93
2021-04-13 21:18:23.398 T:4972 DEBUG : CVideoPlayer::ProcessAudioData size:360 dts:29.838 pts:29.838 dur:23.000ms, clock:21.126 drop:0 level:99
2021-04-13 21:18:23.398 T:4972 DEBUG : CVideoPlayer::ProcessAudioData size:372 dts:29.861 pts:29.861 dur:23.000ms, clock:21.126 drop:0 level:99
2021-04-13 21:18:23.399 T:4973 DEBUG : CAMLCodec::AddData: dl:713880 sum:713480 sz:18456 dts:22.398 pts:22.398 overflow:0
2021-04-13 21:18:23.400 T:4973 DEBUG : CAMLCodec::GetTimeSize: len:24 dl:713880 fs:713480 front:255
2021-04-13 21:18:23.428 T:4763 INFO : Skipped 4 duplicate messages..
2021-04-13 21:18:23.428 T:4763 DEBUG : CAMLCodec::PollFrame elapsed:36.114ms
2021-04-13 21:18:23.431 T:4763 DEBUG : PrepareNextRender: frameOnScreen: 21.158 renderPts: 21.325 nextFramePts: 21.313 -> diff: 0.012 render: 1 forceNext: 0
2021-04-13 21:18:23.431 T:4973 DEBUG : CAMLCodec::GetTimeSize: len:24 dl:713880 fs:713480 front:255
2021-04-13 21:18:23.432 T:4763 DEBUG : CAMLCodec::ReleaseFrame idx:511, drop:0
2021-04-13 21:18:23.438 T:4973 DEBUG : CAMLCodec::GetTimeSize: len:24 dl:665529 fs:713480 front:255
2021-04-13 21:18:23.438 T:4973 DEBUG : CAMLCodec::GetTimeSize: len:23 dl:665529 fs:713225 front:48064
2021-04-13 21:18:23.438 T:4973 DEBUG : CAMLCodec::GetTimeSize: len:22 dl:665529 fs:665161 front:40977
2021-04-13 21:18:23.438 T:4973 DEBUG : CAMLCodec::DequeueBuffer: pts:21.438 idx:514
2021-04-13 21:18:23.438 T:4973 DEBUG : CAMLCodec::GetPicture: index: 514, pts: 21.438, dur:41ms ar:0.00
2021-04-13 21:18:23.438 T:4973 DEBUG : CVideoPlayerVideo::OutputPicture - ttd:272ms pts:21.438 Clock:21.166 Level:2
2021-04-13 21:18:23.439 T:4973 DEBUG : CAMLCodec::GetTimeSize: len:22 dl:665529 fs:665161 front:40977
2021-04-13 21:18:23.439 T:4973 DEBUG : CAMLCodec::DequeueBuffer: pts:21.480 idx:515
2021-04-13 21:18:23.439 T:4973 DEBUG : CAMLCodec::GetPicture: index: 515, pts: 21.480, dur:42ms ar:0.00
2021-04-13 21:18:23.439 T:4973 DEBUG : CVideoPlayerVideo::OutputPicture - ttd:312ms pts:21.480 Clock:21.167 Level:3
2021-04-13 21:18:23.440 T:4974 DEBUG : CVideoPlayerAudio::OutputPacket: pts:21.920 curr_pts:21.168 clock:21.168 level:99
2021-04-13 21:18:23.440 T:4973 DEBUG : CAMLCodec::GetTimeSize: len:22 dl:665529 fs:665161 front:40977
2021-04-13 21:18:23.441 T:4974 DEBUG : CVideoPlayerAudio::OutputPacket: pts:21.943 curr_pts:21.169 clock:21.168 level:99
2021-04-13 21:18:23.446 T:4973 DEBUG : CAMLCodec::AddData: dl:682315 sum:681931 sz:16770 dts:22.439 pts:22.439 overflow:0
2021-04-13 21:18:23.446 T:4973 DEBUG : CAMLCodec::GetTimeSize: len:23 dl:682315 fs:681931 front:40977
2021-04-13 21:18:23.449 T:4972 DEBUG : CVideoPlayer::ProcessVideoData size:8085 dts:29.863 pts:29.863 dur:41.000ms, clock:21.177 level:92
2021-04-13 21:18:23.449 T:4972 DEBUG : CVideoPlayer::ProcessAudioData size:366 dts:29.884 pts:29.884 dur:23.000ms, clock:21.177 drop:0 level:99
2021-04-13 21:18:23.449 T:4972 DEBUG : CVideoPlayer::ProcessVideoData size:6516 dts:29.905 pts:29.905 dur:41.000ms, clock:21.177 level:93
2021-04-13 21:18:23.449 T:4972 DEBUG : CVideoPlayer::ProcessAudioData size:369 dts:29.907 pts:29.907 dur:23.000ms, clock:21.177 drop:0 level:99
2021-04-13 21:18:23.451 T:4973 DEBUG : CAMLCodec::AddData: dl:698983 sum:698583 sz:16652 dts:22.481 pts:22.481 overflow:0
2021-04-13 21:18:23.451 T:4973 DEBUG : CAMLCodec::GetTimeSize: len:24 dl:698983 fs:698583 front:40977
2021-04-13 21:18:23.469 T:4763 INFO : Skipped 2 duplicate messages..
2021-04-13 21:18:23.469 T:4763 DEBUG : CAMLCodec::PollFrame elapsed:36.601ms
2021-04-13 21:18:23.470 T:4973 DEBUG : CAMLCodec::GetTimeSize: len:24 dl:698983 fs:698583 front:40977
2021-04-13 21:18:23.472 T:4763 DEBUG : PrepareNextRender: frameOnScreen: 21.200 renderPts: 21.367 nextFramePts: 21.355 -> diff: 0.012 render: 1 forceNext: 0
2021-04-13 21:18:23.475 T:4763 DEBUG : CAMLCodec::ReleaseFrame idx:512, drop:0
2021-04-13 21:18:23.476 T:4973 DEBUG : CAMLCodec::GetTimeSize: len:24 dl:657990 fs:698583 front:40977
2021-04-13 21:18:23.476 T:4973 DEBUG : CAMLCodec::GetTimeSize: len:23 dl:657990 fs:657606 front:42812
2021-04-13 21:18:23.476 T:4973 DEBUG : CAMLCodec::DequeueBuffer: pts:21.522 idx:516
2021-04-13 21:18:23.476 T:4973 DEBUG : CAMLCodec::GetPicture: index: 516, pts: 21.522, dur:42ms ar:0.00
2021-04-13 21:18:23.476 T:4973 DEBUG : CVideoPlayerVideo::OutputPicture - ttd:317ms pts:21.522 Clock:21.204 Level:3
2021-04-13 21:18:23.478 T:4973 DEBUG : CAMLCodec::GetTimeSize: len:23 dl:657990 fs:657606 front:42812
2021-04-13 21:18:23.483 T:4973 DEBUG : CAMLCodec::AddData: dl:676072 sum:675672 sz:18066 dts:22.523 pts:22.523 overflow:0
2021-04-13 21:18:23.483 T:4973 DEBUG : CAMLCodec::GetTimeSize: len:24 dl:676072 fs:675672 front:42812
2021-04-13 21:18:23.490 T:4974 INFO : Skipped 1 duplicate messages..
2021-04-13 21:18:23.490 T:4974 DEBUG : CVideoPlayerAudio::OutputPacket: pts:21.966 curr_pts:21.218 clock:21.217 level:99
2021-04-13 21:18:23.490 T:4974 DEBUG : CVideoPlayerAudio::OutputPacket: pts:21.989 curr_pts:21.218 clock:21.218 level:99
2021-04-13 21:18:23.490 T:4972 DEBUG : CVideoPlayer::ProcessAudioData size:370 dts:29.931 pts:29.931 dur:23.000ms, clock:21.218 drop:0 level:99
2021-04-13 21:18:23.490 T:4972 DEBUG : CVideoPlayer::ProcessVideoData size:1090 dts:29.947 pts:29.947 dur:41.000ms, clock:21.218 level:92
2021-04-13 21:18:23.490 T:4972 DEBUG : CVideoPlayer::ProcessAudioData size:366 dts:29.954 pts:29.954 dur:23.000ms, clock:21.218 drop:0 level:99
2021-04-13 21:18:23.495 T:4973 DEBUG : CAMLCodec::GetTimeSize: len:24 dl:676072 fs:675672 front:42812
2021-04-13 21:18:23.511 T:4763 INFO : Skipped 2 duplicate messages..
2021-04-13 21:18:23.511 T:4763 DEBUG : CAMLCodec::PollFrame elapsed:36.010ms
2021-04-13 21:18:23.514 T:4763 DEBUG : PrepareNextRender: frameOnScreen: 21.242 renderPts: 21.409 nextFramePts: 21.397 -> diff: 0.012 render: 1 forceNext: 0
2021-04-13 21:18:23.514 T:4973 DEBUG : CAMLCodec::GetTimeSize: len:24 dl:676072 fs:675672 front:42812
2021-04-13 21:18:23.516 T:4763 DEBUG : CAMLCodec::ReleaseFrame idx:513, drop:0
2021-04-13 21:18:23.521 T:4973 DEBUG : CAMLCodec::GetTimeSize: len:24 dl:633244 fs:675672 front:42812
2021-04-13 21:18:23.521 T:4973 DEBUG : CAMLCodec::GetTimeSize: len:23 dl:633244 fs:632860 front:40995
2021-04-13 21:18:23.521 T:4973 DEBUG : CAMLCodec::DequeueBuffer: pts:21.563 idx:517
2021-04-13 21:18:23.521 T:4973 DEBUG : CAMLCodec::GetPicture: index: 517, pts: 21.563, dur:41ms ar:0.00
2021-04-13 21:18:23.521 T:4973 DEBUG : CVideoPlayerVideo::OutputPicture - ttd:314ms pts:21.563 Clock:21.249 Level:3
2021-04-13 21:18:23.522 T:4973 DEBUG : CAMLCodec::GetTimeSize: len:23 dl:633244 fs:632860 front:40995
2021-04-13 21:18:23.527 T:4973 DEBUG : CAMLCodec::AddData: dl:651474 sum:651074 sz:18214 dts:22.564 pts:22.564 overflow:0
2021-04-13 21:18:23.527 T:4973 DEBUG : CAMLCodec::GetTimeSize: len:24 dl:651474 fs:651074 front:40995
2021-04-13 21:18:23.540 T:4974 INFO : Skipped 1 duplicate messages..
2021-04-13 21:18:23.540 T:4974 DEBUG : CVideoPlayerAudio::OutputPacket: pts:22.013 curr_pts:21.268 clock:21.267 level:99
2021-04-13 21:18:23.540 T:4974 DEBUG : CVideoPlayerAudio::OutputPacket: pts:22.036 curr_pts:21.269 clock:21.268 level:99
2021-04-13 21:18:23.540 T:4973 DEBUG : CAMLCodec::GetTimeSize: len:24 dl:651474 fs:651074 front:40995
2021-04-13 21:18:23.541 T:4972 DEBUG : CVideoPlayer::ProcessAudioData size:367 dts:29.977 pts:29.977 dur:23.000ms, clock:21.269 drop:0 level:99
2021-04-13 21:18:23.542 T:4972 DEBUG : CVideoPlayer::ProcessVideoData size:94512 dts:29.989 pts:29.989 dur:41.000ms, clock:21.269 level:92
2021-04-13 21:18:23.542 T:4972 DEBUG : CVideoPlayer::ProcessAudioData size:386 dts:30.000 pts:30.000 dur:23.000ms, clock:21.270 drop:0 level:99
2021-04-13 21:18:23.546 T:4973 DEBUG : CAMLCodec::GetTimeSize: len:24 dl:651474 fs:651074 front:40995
2021-04-13 21:18:23.553 T:4763 INFO : Skipped 1 duplicate messages..
2021-04-13 21:18:23.553 T:4763 DEBUG : CAMLCodec::PollFrame elapsed:36.091ms
2021-04-13 21:18:23.555 T:4763 DEBUG : PrepareNextRender: frameOnScreen: 21.283 renderPts: 21.450 nextFramePts: 21.438 -> diff: 0.012 render: 1 forceNext: 0
2021-04-13 21:18:23.558 T:4763 DEBUG : CAMLCodec::ReleaseFrame idx:514, drop:0
2021-04-13 21:18:23.559 T:4973 DEBUG : CAMLCodec::GetTimeSize: len:24 dl:610463 fs:651074 front:40995
2021-04-13 21:18:23.559 T:4973 DEBUG : CAMLCodec::GetTimeSize: len:23 dl:610463 fs:610079 front:57867
2021-04-13 21:18:23.559 T:4973 DEBUG : CAMLCodec::DequeueBuffer: pts:21.605 idx:518
2021-04-13 21:18:23.559 T:4973 DEBUG : CAMLCodec::GetPicture: index: 518, pts: 21.605, dur:42ms ar:0.00
2021-04-13 21:18:23.559 T:4973 DEBUG : CVideoPlayerVideo::OutputPicture - ttd:317ms pts:21.605 Clock:21.287 Level:3
2021-04-13 21:18:23.560 T:4973 DEBUG : CAMLCodec::GetTimeSize: len:23 dl:610463 fs:610079 front:57867
2021-04-13 21:18:23.566 T:4973 DEBUG : CAMLCodec::AddData: dl:622466 sum:622066 sz:11987 dts:22.606 pts:22.606 overflow:0
2021-04-13 21:18:23.566 T:4973 DEBUG : CAMLCodec::GetTimeSize: len:24 dl:622466 fs:622066 front:57867
2021-04-13 21:18:23.590 T:4974 INFO : Skipped 3 duplicate messages..
2021-04-13 21:18:23.590 T:4974 DEBUG : CVideoPlayerAudio::OutputPacket: pts:22.059 curr_pts:21.318 clock:21.318 level:99
2021-04-13 21:18:23.590 T:4974 DEBUG : CVideoPlayerAudio::OutputPacket: pts:22.082 curr_pts:21.318 clock:21.318 level:99
2021-04-13 21:18:23.591 T:4973 DEBUG : CAMLCodec::GetTimeSize: len:24 dl:622466 fs:622066 front:57867
2021-04-13 21:18:23.592 T:4972 DEBUG : CVideoPlayer::ProcessAudioData size:387 dts:30.023 pts:30.023 dur:23.000ms, clock:21.320 drop:0 level:99
2021-04-13 21:18:23.592 T:4972 DEBUG : CVideoPlayer::ProcessVideoData size:6735 dts:30.030 pts:30.030 dur:41.000ms, clock:21.320 level:92
2021-04-13 21:18:23.593 T:4972 DEBUG : CVideoPlayer::ProcessAudioData size:495 dts:30.047 pts:30.047 dur:23.000ms, clock:21.320 drop:0 level:99
2021-04-13 21:18:23.594 T:4763 DEBUG : CAMLCodec::PollFrame elapsed:35.985ms
2021-04-13 21:18:23.597 T:4763 DEBUG : PrepareNextRender: frameOnScreen: 21.325 renderPts: 21.491 nextFramePts: 21.480 -> diff: 0.011 render: 1 forceNext: 0
2021-04-13 21:18:23.597 T:4973 DEBUG : CAMLCodec::GetTimeSize: len:24 dl:622466 fs:622066 front:57867
2021-04-13 21:18:23.598 T:4763 DEBUG : CAMLCodec::ReleaseFrame idx:515, drop:0
2021-04-13 21:18:23.603 T:4973 DEBUG : CAMLCodec::GetTimeSize: len:24 dl:564583 fs:622066 front:57867
2021-04-13 21:18:23.604 T:4973 DEBUG : CAMLCodec::GetTimeSize: len:23 dl:564583 fs:564199 front:94649
2021-04-13 21:18:23.604 T:4973 DEBUG : CAMLCodec::DequeueBuffer: pts:21.647 idx:519
2021-04-13 21:18:23.604 T:4973 DEBUG : CAMLCodec::GetPicture: index: 519, pts: 21.647, dur:42ms ar:0.00
2021-04-13 21:18:23.604 T:4973 DEBUG : CVideoPlayerVideo::OutputPicture - ttd:315ms pts:21.647 Clock:21.332 Level:3
2021-04-13 21:18:23.605 T:4973 DEBUG : CAMLCodec::GetTimeSize: len:23 dl:564583 fs:564199 front:94649
2021-04-13 21:18:23.610 T:4973 DEBUG : CAMLCodec::AddData: dl:471075 sum:565348 sz:1149 dts:22.648 pts:22.648 overflow:0
2021-04-13 21:18:23.610 T:4973 DEBUG : CAMLCodec::GetTimeSize: len:24 dl:471075 fs:565348 front:94649
2021-04-13 21:18:23.610 T:4973 DEBUG : CAMLCodec::GetTimeSize: len:23 dl:471075 fs:470699 front:21922
2021-04-13 21:18:23.610 T:4973 DEBUG : CAMLCodec::DequeueBuffer: pts:21.689 idx:520
2021-04-13 21:18:23.610 T:4973 DEBUG : CAMLCodec::GetPicture: index: 520, pts: 21.689, dur:42ms ar:0.00
2021-04-13 21:18:23.610 T:4973 DEBUG : CVideoPlayerVideo::OutputPicture - ttd:350ms pts:21.689 Clock:21.338 Level:4
2021-04-13 21:18:23.612 T:4973 DEBUG : CAMLCodec::GetTimeSize: len:23 dl:471075 fs:470699 front:21922
2021-04-13 21:18:23.617 T:4973 DEBUG : frame_number : 2, mag : 3; index_sz : 8
2021-04-13 21:18:23.619 T:4973 DEBUG : CAMLCodec::AddData: dl:556130 sum:555730 sz:85031 dts:22.690 pts:22.690 overflow:0
2021-04-13 21:18:23.619 T:4973 DEBUG : CAMLCodec::GetTimeSize: len:24 dl:556130 fs:555730 front:21922
2021-04-13 21:18:23.636 T:4763 INFO : Skipped 2 duplicate messages..
2021-04-13 21:18:23.636 T:4763 DEBUG : CAMLCodec::PollFrame elapsed:37.654ms
2021-04-13 21:18:23.638 T:4973 DEBUG : CAMLCodec::GetTimeSize: len:24 dl:556130 fs:555730 front:21922
2021-04-13 21:18:23.639 T:4763 DEBUG : PrepareNextRender: frameOnScreen: 21.366 renderPts: 21.533 nextFramePts: 21.522 -> diff: 0.011 render: 1 forceNext: 0
2021-04-13 21:18:23.640 T:4974 DEBUG : CVideoPlayerAudio::OutputPacket: pts:22.105 curr_pts:21.368 clock:21.368 level:99
2021-04-13 21:18:23.640 T:4763 DEBUG : CAMLCodec::ReleaseFrame idx:516, drop:0
2021-04-13 21:18:23.641 T:4974 DEBUG : CVideoPlayerAudio::OutputPacket: pts:22.129 curr_pts:21.368 clock:21.369 level:99
2021-04-13 21:18:23.643 T:4972 DEBUG : CVideoPlayer::ProcessAudioData size:488 dts:30.070 pts:30.070 dur:23.000ms, clock:21.371 drop:0 level:99
2021-04-13 21:18:23.644 T:4972 DEBUG : CVideoPlayer::ProcessVideoData size:5430 dts:30.072 pts:30.072 dur:41.000ms, clock:21.371 level:92
2021-04-13 21:18:23.644 T:4972 DEBUG : CVideoPlayer::ProcessAudioData size:418 dts:30.093 pts:30.093 dur:23.000ms, clock:21.372 drop:0 level:99
2021-04-13 21:18:23.645 T:4973 DEBUG : CAMLCodec::GetTimeSize: len:24 dl:534192 fs:555730 front:21922
2021-04-13 21:18:23.645 T:4973 DEBUG : CAMLCodec::GetTimeSize: len:23 dl:534192 fs:533808 front:16681
2021-04-13 21:18:23.645 T:4973 DEBUG : CAMLCodec::DequeueBuffer: pts:21.730 idx:521
2021-04-13 21:18:23.645 T:4973 DEBUG : CAMLCodec::GetPicture: index: 521, pts: 21.730, dur:41ms ar:0.00
2021-04-13 21:18:23.645 T:4973 DEBUG : CVideoPlayerVideo::OutputPicture - ttd:357ms pts:21.730 Clock:21.373 Level:4
2021-04-13 21:18:23.646 T:4973 DEBUG : CAMLCodec::GetTimeSize: len:23 dl:534192 fs:533808 front:16681
2021-04-13 21:18:23.651 T:4973 DEBUG : CAMLCodec::AddData: dl:548089 sum:547689 sz:13881 dts:22.731 pts:22.731 overflow:0
2021-04-13 21:18:23.651 T:4973 DEBUG : CAMLCodec::GetTimeSize: len:24 dl:548089 fs:547689 front:16681
2021-04-13 21:18:23.678 T:4763 INFO : Skipped 4 duplicate messages..
2021-04-13 21:18:23.678 T:4763 DEBUG : CAMLCodec::PollFrame elapsed:37.097ms
2021-04-13 21:18:23.680 T:4763 DEBUG : PrepareNextRender: frameOnScreen: 21.408 renderPts: 21.575 nextFramePts: 21.563 -> diff: 0.012 render: 1 forceNext: 0
2021-04-13 21:18:23.683 T:4763 DEBUG : CAMLCodec::ReleaseFrame idx:517, drop:0
2021-04-13 21:18:23.683 T:4973 DEBUG : CAMLCodec::GetTimeSize: len:24 dl:548089 fs:547689 front:16681
2021-04-13 21:18:23.689 T:4973 DEBUG : CAMLCodec::GetTimeSize: len:24 dl:531392 fs:547689 front:16681
2021-04-13 21:18:23.689 T:4973 DEBUG : CAMLCodec::GetTimeSize: len:23 dl:531392 fs:531008 front:16457
2021-04-13 21:18:23.689 T:4973 DEBUG : CAMLCodec::DequeueBuffer: pts:21.772 idx:522
2021-04-13 21:18:23.689 T:4973 DEBUG : CAMLCodec::GetPicture: index: 522, pts: 21.772, dur:42ms ar:0.00
2021-04-13 21:18:23.690 T:4973 DEBUG : CVideoPlayerVideo::OutputPicture - ttd:354ms pts:21.772 Clock:21.417 Level:4
2021-04-13 21:18:23.690 T:4974 DEBUG : CVideoPlayerAudio::OutputPacket: pts:22.152 curr_pts:21.418 clock:21.418 level:99
2021-04-13 21:18:23.690 T:4974 DEBUG : CVideoPlayerAudio::OutputPacket: pts:22.175 curr_pts:21.419 clock:21.418 level:99
2021-04-13 21:18:23.690 T:4974 DEBUG : CVideoPlayerAudio::OutputPacket: pts:22.198 curr_pts:21.419 clock:21.418 level:99
2021-04-13 21:18:23.691 T:4973 DEBUG : CAMLCodec::GetTimeSize: len:23 dl:531392 fs:531008 front:16457
2021-04-13 21:18:23.694 T:4972 DEBUG : CVideoPlayer::ProcessVideoData size:5452 dts:30.114 pts:30.114 dur:41.000ms, clock:21.422 level:92
2021-04-13 21:18:23.694 T:4972 DEBUG : CVideoPlayer::ProcessAudioData size:445 dts:30.116 pts:30.116 dur:23.000ms, clock:21.422 drop:0 level:99
2021-04-13 21:18:23.695 T:4972 DEBUG : CVideoPlayer::ProcessAudioData size:437 dts:30.140 pts:30.140 dur:23.000ms, clock:21.422 drop:0 level:99
2021-04-13 21:18:23.695 T:4972 DEBUG : CVideoPlayer::ProcessVideoData size:5231 dts:30.155 pts:30.155 dur:41.000ms, clock:21.423 level:92
2021-04-13 21:18:23.695 T:4972 DEBUG : CVideoPlayer::ProcessAudioData size:413 dts:30.163 pts:30.163 dur:23.000ms, clock:21.423 drop:0 level:99
2021-04-13 21:18:23.696 T:4973 DEBUG : CAMLCodec::AddData: dl:543806 sum:543406 sz:12398 dts:22.773 pts:22.773 overflow:0
2021-04-13 21:18:23.696 T:4973 DEBUG : CAMLCodec::GetTimeSize: len:24 dl:543806 fs:543406 front:16457
2021-04-13 21:18:23.719 T:4763 INFO : Skipped 3 duplicate messages..
2021-04-13 21:18:23.719 T:4763 DEBUG : CAMLCodec::PollFrame elapsed:36.427ms
2021-04-13 21:18:23.721 T:4973 DEBUG : CAMLCodec::GetTimeSize: len:24 dl:543806 fs:543406 front:16457
2021-04-13 21:18:23.722 T:4763 DEBUG : PrepareNextRender: frameOnScreen: 21.450 renderPts: 21.617 nextFramePts: 21.605 -> diff: 0.012 render: 1 forceNext: 0
2021-04-13 21:18:23.724 T:4763 DEBUG : CAMLCodec::ReleaseFrame idx:518, drop:0
2021-04-13 21:18:23.727 T:4973 DEBUG : CAMLCodec::GetTimeSize: len:24 dl:527333 fs:543406 front:16457
2021-04-13 21:18:23.727 T:4973 DEBUG : CAMLCodec::GetTimeSize: len:23 dl:527333 fs:526949 front:24103
2021-04-13 21:18:23.728 T:4973 DEBUG : CAMLCodec::DequeueBuffer: pts:21.814 idx:523
2021-04-13 21:18:23.728 T:4973 DEBUG : CAMLCodec::GetPicture: index: 523, pts: 21.814, dur:42ms ar:0.00
2021-04-13 21:18:23.728 T:4973 DEBUG : CVideoPlayerVideo::OutputPicture - ttd:358ms pts:21.814 Clock:21.456 Level:4
2021-04-13 21:18:23.729 T:4973 DEBUG : CAMLCodec::GetTimeSize: len:23 dl:527333 fs:526949 front:24103
2021-04-13 21:18:23.734 T:4973 DEBUG : CAMLCodec::AddData: dl:543517 sum:543117 sz:16168 dts:22.815 pts:22.815 overflow:0
2021-04-13 21:18:23.734 T:4973 DEBUG : CAMLCodec::GetTimeSize: len:24 dl:543517 fs:543117 front:24103
2021-04-13 21:18:23.740 T:4974 DEBUG : CVideoPlayerAudio::OutputPacket: pts:22.221 curr_pts:21.468 clock:21.468 level:99
2021-04-13 21:18:23.740 T:4974 DEBUG : CVideoPlayerAudio::OutputPacket: pts:22.245 curr_pts:21.468 clock:21.468 level:99
2021-04-13 21:18:23.740 T:4973 DEBUG : CAMLCodec::GetTimeSize: len:24 dl:543517 fs:543117 front:24103
2021-04-13 21:18:23.745 T:4972 DEBUG : CVideoPlayer::ProcessAudioData size:313 dts:30.186 pts:30.186 dur:23.000ms, clock:21.473 drop:0 level:99
2021-04-13 21:18:23.746 T:4972 DEBUG : CVideoPlayer::ProcessVideoData size:6115 dts:30.197 pts:30.197 dur:41.000ms, clock:21.473 level:92
2021-04-13 21:18:23.746 T:4972 DEBUG : CVideoPlayer::ProcessAudioData size:337 dts:30.209 pts:30.209 dur:23.000ms, clock:21.474 drop:0 level:99
2021-04-13 21:18:23.747 T:4973 DEBUG : CAMLCodec::GetTimeSize: len:24 dl:543517 fs:543117 front:24103
2021-04-13 21:18:23.761 T:4763 INFO : Skipped 2 duplicate messages..
2021-04-13 21:18:23.761 T:4763 DEBUG : CAMLCodec::PollFrame elapsed:36.764ms
2021-04-13 21:18:23.764 T:4763 DEBUG : PrepareNextRender: frameOnScreen: 21.492 renderPts: 21.659 nextFramePts: 21.647 -> diff: 0.012 render: 1 forceNext: 0
2021-04-13 21:18:23.766 T:4973 DEBUG : CAMLCodec::GetTimeSize: len:24 dl:543517 fs:543117 front:24103
2021-04-13 21:18:23.766 T:4763 DEBUG : CAMLCodec::ReleaseFrame idx:519, drop:0
2021-04-13 21:18:23.772 T:4973 DEBUG : CAMLCodec::GetTimeSize: len:24 dl:519398 fs:543117 front:24103
2021-04-13 21:18:23.772 T:4973 DEBUG : CAMLCodec::GetTimeSize: len:23 dl:519398 fs:519014 front:24082
2021-04-13 21:18:23.772 T:4973 DEBUG : CAMLCodec::DequeueBuffer: pts:21.855 idx:524
2021-04-13 21:18:23.772 T:4973 DEBUG : CAMLCodec::GetPicture: index: 524, pts: 21.855, dur:41ms ar:0.00
2021-04-13 21:18:23.772 T:4973 DEBUG : CVideoPlayerVideo::OutputPicture - ttd:354ms pts:21.855 Clock:21.500 Level:4
2021-04-13 21:18:23.774 T:4973 DEBUG : CAMLCodec::GetTimeSize: len:23 dl:519398 fs:519014 front:24082
2021-04-13 21:18:23.779 T:4973 DEBUG : CAMLCodec::AddData: dl:532490 sum:532090 sz:13076 dts:22.856 pts:22.856 overflow:0
2021-04-13 21:18:23.779 T:4973 DEBUG : CAMLCodec::GetTimeSize: len:24 dl:532490 fs:532090 front:24082
2021-04-13 21:18:23.790 T:4974 INFO : Skipped 1 duplicate messages..
2021-04-13 21:18:23.790 T:4974 DEBUG : CVideoPlayerAudio::OutputPacket: pts:22.268 curr_pts:21.518 clock:21.518 level:99
2021-04-13 21:18:23.790 T:4974 DEBUG : CVideoPlayerAudio::OutputPacket: pts:22.291 curr_pts:21.519 clock:21.518 level:99
2021-04-13 21:18:23.791 T:4973 DEBUG : CAMLCodec::GetTimeSize: len:24 dl:532490 fs:532090 front:24082
2021-04-13 21:18:23.796 T:4972 DEBUG : CVideoPlayer::ProcessAudioData size:329 dts:30.232 pts:30.232 dur:23.000ms, clock:21.524 drop:0 level:99
2021-04-13 21:18:23.796 T:4972 DEBUG : CVideoPlayer::ProcessVideoData size:5700 dts:30.239 pts:30.239 dur:41.000ms, clock:21.524 level:92
2021-04-13 21:18:23.797 T:4972 DEBUG : CVideoPlayer::ProcessAudioData size:337 dts:30.256 pts:30.256 dur:23.000ms, clock:21.524 drop:0 level:99
2021-04-13 21:18:23.798 T:4973 DEBUG : CAMLCodec::GetTimeSize: len:24 dl:532490 fs:532090 front:24082
2021-04-13 21:18:23.803 T:4763 DEBUG : CAMLCodec::PollFrame elapsed:36.485ms
2021-04-13 21:18:23.804 T:4973 DEBUG : CAMLCodec::GetTimeSize: len:24 dl:532490 fs:532090 front:24082
2021-04-13 21:18:23.805 T:4763 DEBUG : PrepareNextRender: frameOnScreen: 21.533 renderPts: 21.700 nextFramePts: 21.689 -> diff: 0.011 render: 1 forceNext: 0
2021-04-13 21:18:23.808 T:4763 DEBUG : CAMLCodec::ReleaseFrame idx:520, drop:0
2021-04-13 21:18:23.811 T:4973 DEBUG : CAMLCodec::GetTimeSize: len:24 dl:508392 fs:532090 front:24082
2021-04-13 21:18:23.811 T:4973 DEBUG : CAMLCodec::GetTimeSize: len:23 dl:508392 fs:508008 front:20327
2021-04-13 21:18:23.811 T:4973 DEBUG : CAMLCodec::DequeueBuffer: pts:21.897 idx:525
2021-04-13 21:18:23.811 T:4973 DEBUG : CAMLCodec::GetPicture: index: 525, pts: 21.897, dur:42ms ar:0.00
2021-04-13 21:18:23.811 T:4973 DEBUG : CVideoPlayerVideo::OutputPicture - ttd:357ms pts:21.897 Clock:21.539 Level:4
2021-04-13 21:18:23.812 T:4973 DEBUG : CAMLCodec::GetTimeSize: len:23 dl:508392 fs:508008 front:20327
2021-04-13 21:18:23.818 T:4973 DEBUG : CAMLCodec::AddData: dl:519938 sum:519538 sz:11530 dts:22.898 pts:22.898 overflow:0
2021-04-13 21:18:23.818 T:4973 DEBUG : CAMLCodec::GetTimeSize: len:24 dl:519938 fs:519538 front:20327
2021-04-13 21:18:23.840 T:4974 INFO : Skipped 3 duplicate messages..
2021-04-13 21:18:23.840 T:4974 DEBUG : CVideoPlayerAudio::OutputPacket: pts:22.314 curr_pts:21.568 clock:21.568 level:99
2021-04-13 21:18:23.840 T:4974 DEBUG : CVideoPlayerAudio::OutputPacket: pts:22.338 curr_pts:21.568 clock:21.568 level:99
2021-04-13 21:18:23.843 T:4973 DEBUG : CAMLCodec::GetTimeSize: len:24 dl:519938 fs:519538 front:20327
2021-04-13 21:18:23.845 T:4763 DEBUG : CAMLCodec::PollFrame elapsed:36.594ms
2021-04-13 21:18:23.847 T:4763 DEBUG : PrepareNextRender: frameOnScreen: 21.575 renderPts: 21.742 nextFramePts: 21.730 -> diff: 0.012 render: 1 forceNext: 0
2021-04-13 21:18:23.847 T:4972 DEBUG : CVideoPlayer::ProcessAudioData size:334 dts:30.279 pts:30.279 dur:23.000ms, clock:21.575 drop:0 level:99
2021-04-13 21:18:23.848 T:4972 DEBUG : CVideoPlayer::ProcessVideoData size:5071 dts:30.281 pts:30.281 dur:41.000ms, clock:21.576 level:92
2021-04-13 21:18:23.848 T:4972 DEBUG : CVideoPlayer::ProcessAudioData size:367 dts:30.302 pts:30.302 dur:23.000ms, clock:21.576 drop:0 level:99
2021-04-13 21:18:23.849 T:4973 DEBUG : CAMLCodec::GetTimeSize: len:24 dl:519938 fs:519538 front:20327
2021-04-13 21:18:23.850 T:4763 DEBUG : CAMLCodec::ReleaseFrame idx:521, drop:0
2021-04-13 21:18:23.856 T:4973 DEBUG : CAMLCodec::GetTimeSize: len:24 dl:499595 fs:519538 front:20327
2021-04-13 21:18:23.856 T:4973 DEBUG : CAMLCodec::GetTimeSize: len:23 dl:499595 fs:499211 front:18331
2021-04-13 21:18:23.856 T:4973 DEBUG : CAMLCodec::DequeueBuffer: pts:21.939 idx:526
2021-04-13 21:18:23.856 T:4973 DEBUG : CAMLCodec::GetPicture: index: 526, pts: 21.939, dur:42ms ar:0.00
2021-04-13 21:18:23.856 T:4973 DEBUG : CVideoPlayerVideo::OutputPicture - ttd:355ms pts:21.939 Clock:21.584 Level:4
2021-04-13 21:18:23.857 T:4973 DEBUG : CAMLCodec::GetTimeSize: len:23 dl:499595 fs:499211 front:18331
2021-04-13 21:18:23.862 T:4973 DEBUG : CAMLCodec::AddData: dl:509688 sum:509288 sz:10077 dts:22.940 pts:22.940 overflow:0
2021-04-13 21:18:23.862 T:4973 DEBUG : CAMLCodec::GetTimeSize: len:24 dl:509688 fs:509288 front:18331
2021-04-13 21:18:23.886 T:4763 INFO : Skipped 3 duplicate messages..
2021-04-13 21:18:23.886 T:4763 DEBUG : CAMLCodec::PollFrame elapsed:36.375ms
2021-04-13 21:18:23.887 T:4973 DEBUG : CAMLCodec::GetTimeSize: len:24 dl:509688 fs:509288 front:18331
2021-04-13 21:18:23.888 T:4763 DEBUG : PrepareNextRender: frameOnScreen: 21.616 renderPts: 21.783 nextFramePts: 21.772 -> diff: 0.011 render: 1 forceNext: 0
2021-04-13 21:18:23.890 T:4763 DEBUG : CAMLCodec::ReleaseFrame idx:522, drop:0
2021-04-13 21:18:23.890 T:4974 DEBUG : CVideoPlayerAudio::OutputPacket: pts:22.361 curr_pts:21.619 clock:21.618 level:99
2021-04-13 21:18:23.891 T:4974 DEBUG : CVideoPlayerAudio::OutputPacket: pts:22.384 curr_pts:21.619 clock:21.619 level:99
2021-04-13 21:18:23.894 T:4973 DEBUG : CAMLCodec::GetTimeSize: len:24 dl:509688 fs:509288 front:18331
2021-04-13 21:18:23.899 T:4972 DEBUG : CVideoPlayer::ProcessVideoData size:4470 dts:30.322 pts:30.322 dur:41.000ms, clock:21.627 level:92
2021-04-13 21:18:23.899 T:4972 DEBUG : CVideoPlayer::ProcessAudioData size:338 dts:30.325 pts:30.325 dur:23.000ms, clock:21.627 drop:0 level:99
2021-04-13 21:18:23.899 T:4972 DEBUG : CVideoPlayer::ProcessAudioData size:338 dts:30.348 pts:30.348 dur:23.000ms, clock:21.627 drop:0 level:99
2021-04-13 21:18:23.900 T:4973 DEBUG : CAMLCodec::GetTimeSize: len:24 dl:509688 fs:509288 front:18331
2021-04-13 21:18:23.928 T:4763 INFO : Skipped 4 duplicate messages..
2021-04-13 21:18:23.928 T:4763 DEBUG : CAMLCodec::PollFrame elapsed:38.168ms
2021-04-13 21:18:23.931 T:4763 DEBUG : PrepareNextRender: frameOnScreen: 21.659 renderPts: 21.826 nextFramePts: 21.814 -> diff: 0.012 render: 1 forceNext: 0
2021-04-13 21:18:23.932 T:4973 DEBUG : CAMLCodec::GetTimeSize: len:24 dl:509688 fs:509288 front:18331
2021-04-13 21:18:23.933 T:4763 DEBUG : CAMLCodec::ReleaseFrame idx:523, drop:0
2021-04-13 21:18:23.938 T:4973 DEBUG : CAMLCodec::GetTimeSize: len:24 dl:491341 fs:509288 front:18331
2021-04-13 21:18:23.938 T:4973 DEBUG : CAMLCodec::GetTimeSize: len:23 dl:491341 fs:490957 front:21203
2021-04-13 21:18:23.938 T:4973 DEBUG : CAMLCodec::DequeueBuffer: pts:21.981 idx:527
2021-04-13 21:18:23.938 T:4973 DEBUG : CAMLCodec::GetPicture: index: 527, pts: 21.981, dur:42ms ar:0.00
2021-04-13 21:18:23.938 T:4973 DEBUG : CVideoPlayerVideo::OutputPicture - ttd:314ms pts:21.981 Clock:21.666 Level:3
2021-04-13 21:18:23.939 T:4973 DEBUG : CAMLCodec::GetTimeSize: len:23 dl:491341 fs:490957 front:21203
2021-04-13 21:18:23.940 T:4974 DEBUG : CVideoPlayerAudio::OutputPacket: pts:22.407 curr_pts:21.668 clock:21.668 level:99
2021-04-13 21:18:23.940 T:4974 DEBUG : CVideoPlayerAudio::OutputPacket: pts:22.430 curr_pts:21.668 clock:21.668 level:99
2021-04-13 21:18:23.945 T:4973 DEBUG : CAMLCodec::AddData: dl:502627 sum:502227 sz:11270 dts:22.982 pts:22.982 overflow:0
2021-04-13 21:18:23.945 T:4973 DEBUG : CAMLCodec::GetTimeSize: len:24 dl:502627 fs:502227 front:21203
2021-04-13 21:18:23.950 T:4972 DEBUG : CVideoPlayer::ProcessVideoData size:3424 dts:30.364 pts:30.364 dur:41.000ms, clock:21.678 level:92
2021-04-13 21:18:23.950 T:4972 DEBUG : CVideoPlayer::ProcessAudioData size:338 dts:30.372 pts:30.372 dur:23.000ms, clock:21.678 drop:0 level:99
2021-04-13 21:18:23.950 T:4972 DEBUG : CVideoPlayer::ProcessAudioData size:359 dts:30.395 pts:30.395 dur:23.000ms, clock:21.678 drop:0 level:99
2021-04-13 21:18:23.951 T:4973 DEBUG : CAMLCodec::GetTimeSize: len:24 dl:502627 fs:502227 front:21203
2021-04-13 21:18:23.970 T:4763 INFO : Skipped 2 duplicate messages..
2021-04-13 21:18:23.970 T:4763 DEBUG : CAMLCodec::PollFrame elapsed:36.537ms
2021-04-13 21:18:23.970 T:4973 DEBUG : CAMLCodec::GetTimeSize: len:24 dl:502627 fs:502227 front:21203
2021-04-13 21:18:23.972 T:4763 DEBUG : PrepareNextRender: frameOnScreen: 21.700 renderPts: 21.867 nextFramePts: 21.855 -> diff: 0.012 render: 1 forceNext: 0
2021-04-13 21:18:23.975 T:4763 DEBUG : CAMLCodec::ReleaseFrame idx:524, drop:0
2021-04-13 21:18:23.977 T:4973 DEBUG : CAMLCodec::GetTimeSize: len:24 dl:481408 fs:502227 front:21203
2021-04-13 21:18:23.977 T:4973 DEBUG : CAMLCodec::GetTimeSize: len:23 dl:481408 fs:481024 front:20404
2021-04-13 21:18:23.977 T:4973 DEBUG : CAMLCodec::DequeueBuffer: pts:22.022 idx:528
2021-04-13 21:18:23.977 T:4973 DEBUG : CAMLCodec::GetPicture: index: 528, pts: 22.022, dur:41ms ar:0.00
2021-04-13 21:18:23.977 T:4973 DEBUG : CVideoPlayerVideo::OutputPicture - ttd:317ms pts:22.022 Clock:21.705 Level:3
2021-04-13 21:18:23.978 T:4973 DEBUG : CAMLCodec::GetTimeSize: len:23 dl:481408 fs:481024 front:20404
2021-04-13 21:18:23.983 T:4973 DEBUG : CAMLCodec::AddData: dl:490840 sum:490440 sz:9416 dts:23.023 pts:23.023 overflow:0
2021-04-13 21:18:23.983 T:4973 DEBUG : CAMLCodec::GetTimeSize: len:24 dl:490840 fs:490440 front:20404
2021-04-13 21:18:23.990 T:4974 INFO : Skipped 1 duplicate messages..
2021-04-13 21:18:23.990 T:4974 DEBUG : CVideoPlayerAudio::OutputPacket: pts:22.454 curr_pts:21.717 clock:21.717 level:99
2021-04-13 21:18:23.990 T:4974 DEBUG : CVideoPlayerAudio::OutputPacket: pts:22.477 curr_pts:21.718 clock:21.718 level:99
2021-04-13 21:18:23.991 T:4972 DEBUG : CVideoPlayer::ProcessVideoData size:615 dts:30.406 pts:30.406 dur:41.000ms, clock:21.719 level:92
2021-04-13 21:18:23.991 T:4972 DEBUG : CVideoPlayer::ProcessAudioData size:375 dts:30.418 pts:30.418 dur:23.000ms, clock:21.719 drop:0 level:99
2021-04-13 21:18:23.991 T:4972 DEBUG : CVideoPlayer::ProcessAudioData size:431 dts:30.441 pts:30.441 dur:23.000ms, clock:21.719 drop:0 level:99
2021-04-13 21:18:23.996 T:4973 DEBUG : CAMLCodec::GetTimeSize: len:24 dl:490840 fs:490440 front:20404
2021-04-13 21:18:24.011 T:4763 INFO : Skipped 2 duplicate messages..
2021-04-13 21:18:24.011 T:4763 DEBUG : CAMLCodec::PollFrame elapsed:36.354ms
2021-04-13 21:18:24.014 T:4763 DEBUG : PrepareNextRender: frameOnScreen: 21.742 renderPts: 21.909 nextFramePts: 21.897 -> diff: 0.012 render: 1 forceNext: 0
2021-04-13 21:18:24.015 T:4973 DEBUG : CAMLCodec::GetTimeSize: len:24 dl:490840 fs:490440 front:20404
2021-04-13 21:18:24.016 T:4763 DEBUG : CAMLCodec::ReleaseFrame idx:525, drop:0
2021-04-13 21:18:24.021 T:4973 DEBUG : CAMLCodec::GetTimeSize: len:24 dl:470420 fs:490440 front:20404
2021-04-13 21:18:24.021 T:4973 DEBUG : CAMLCodec::GetTimeSize: len:23 dl:470420 fs:470036 front:14767
2021-04-13 21:18:24.021 T:4973 DEBUG : CAMLCodec::DequeueBuffer: pts:22.064 idx:529
2021-04-13 21:18:24.021 T:4973 DEBUG : CAMLCodec::GetPicture: index: 529, pts: 22.064, dur:42ms ar:0.00
2021-04-13 21:18:24.022 T:4973 DEBUG : CVideoPlayerVideo::OutputPicture - ttd:314ms pts:22.064 Clock:21.749 Level:3
2021-04-13 21:18:24.023 T:4973 DEBUG : CAMLCodec::GetTimeSize: len:23 dl:470420 fs:470036 front:14767
2021-04-13 21:18:24.028 T:4973 DEBUG : CAMLCodec::AddData: dl:477059 sum:476659 sz:6623 dts:23.065 pts:23.065 overflow:0
2021-04-13 21:18:24.028 T:4973 DEBUG : CAMLCodec::GetTimeSize: len:24 dl:477059 fs:476659 front:14767
2021-04-13 21:18:24.040 T:4974 INFO : Skipped 1 duplicate messages..
2021-04-13 21:18:24.040 T:4974 DEBUG : CVideoPlayerAudio::OutputPacket: pts:22.500 curr_pts:21.768 clock:21.767 level:99
2021-04-13 21:18:24.040 T:4974 DEBUG : CVideoPlayerAudio::OutputPacket: pts:22.523 curr_pts:21.768 clock:21.768 level:99
2021-04-13 21:18:24.040 T:4974 DEBUG : CVideoPlayerAudio::OutputPacket: pts:22.547 curr_pts:21.768 clock:21.768 level:99
2021-04-13 21:18:24.040 T:4973 DEBUG : CAMLCodec::GetTimeSize: len:24 dl:477059 fs:476659 front:14767
2021-04-13 21:18:24.042 T:4972 DEBUG : CVideoPlayer::ProcessVideoData size:58202 dts:30.447 pts:30.447 dur:41.000ms, clock:21.770 level:92
2021-04-13 21:18:24.042 T:4972 DEBUG : CVideoPlayer::ProcessAudioData size:428 dts:30.465 pts:30.465 dur:23.000ms, clock:21.770 drop:0 level:99
2021-04-13 21:18:24.042 T:4972 DEBUG : CVideoPlayer::ProcessAudioData size:338 dts:30.488 pts:30.488 dur:23.000ms, clock:21.770 drop:0 level:99
2021-04-13 21:18:24.042 T:4972 DEBUG : CVideoPlayer::ProcessVideoData size:7797 dts:30.489 pts:30.489 dur:41.000ms, clock:21.770 level:92
2021-04-13 21:18:24.042 T:4972 DEBUG : CVideoPlayer::ProcessAudioData size:333 dts:30.511 pts:30.511 dur:23.000ms, clock:21.770 drop:0 level:99
2021-04-13 21:18:24.047 T:4973 DEBUG : CAMLCodec::GetTimeSize: len:24 dl:477059 fs:476659 front:14767
2021-04-13 21:18:24.053 T:4763 INFO : Skipped 1 duplicate messages..
2021-04-13 21:18:24.053 T:4763 DEBUG : CAMLCodec::PollFrame elapsed:37.067ms
2021-04-13 21:18:24.056 T:4763 DEBUG : PrepareNextRender: frameOnScreen: 21.784 renderPts: 21.951 nextFramePts: 21.939 -> diff: 0.012 render: 1 forceNext: 0
2021-04-13 21:18:24.058 T:4763 DEBUG : CAMLCodec::ReleaseFrame idx:526, drop:0
2021-04-13 21:18:24.059 T:4973 DEBUG : CAMLCodec::GetTimeSize: len:24 dl:462276 fs:476659 front:14767
2021-04-13 21:18:24.060 T:4973 DEBUG : CAMLCodec::GetTimeSize: len:23 dl:462276 fs:461892 front:1731
2021-04-13 21:18:24.060 T:4973 DEBUG : CAMLCodec::DequeueBuffer: pts:22.106 idx:530
2021-04-13 21:18:24.060 T:4973 DEBUG : CAMLCodec::GetPicture: index: 530, pts: 22.106, dur:42ms ar:0.00
2021-04-13 21:18:24.060 T:4973 DEBUG : CVideoPlayerVideo::OutputPicture - ttd:318ms pts:22.106 Clock:21.788 Level:3
2021-04-13 21:18:24.061 T:4973 DEBUG : CAMLCodec::GetTimeSize: len:23 dl:462276 fs:461892 front:1731
2021-04-13 21:18:24.066 T:4973 DEBUG : CAMLCodec::AddData: dl:462807 sum:462407 sz:515 dts:23.107 pts:23.107 overflow:0
2021-04-13 21:18:24.066 T:4973 DEBUG : CAMLCodec::GetTimeSize: len:24 dl:462807 fs:462407 front:1731
2021-04-13 21:18:24.090 T:4974 INFO : Skipped 3 duplicate messages..
2021-04-13 21:18:24.090 T:4974 DEBUG : CVideoPlayerAudio::OutputPacket: pts:22.570 curr_pts:21.818 clock:21.818 level:99
2021-04-13 21:18:24.090 T:4974 DEBUG : CVideoPlayerAudio::OutputPacket: pts:22.593 curr_pts:21.819 clock:21.818 level:99
2021-04-13 21:18:24.091 T:4973 DEBUG : CAMLCodec::GetTimeSize: len:24 dl:462807 fs:462407 front:1731
2021-04-13 21:18:24.093 T:4972 DEBUG : CVideoPlayer::ProcessVideoData size:7369 dts:30.531 pts:30.531 dur:41.000ms, clock:21.821 level:92
2021-04-13 21:18:24.093 T:4972 DEBUG : CVideoPlayer::ProcessAudioData size:353 dts:30.534 pts:30.534 dur:23.000ms, clock:21.821 drop:0 level:99
2021-04-13 21:18:24.093 T:4972 DEBUG : CVideoPlayer::ProcessAudioData size:336 dts:30.557 pts:30.557 dur:23.000ms, clock:21.821 drop:0 level:99
2021-04-13 21:18:24.095 T:4763 DEBUG : CAMLCodec::PollFrame elapsed:36.387ms
2021-04-13 21:18:24.098 T:4763 DEBUG : PrepareNextRender: frameOnScreen: 21.825 renderPts: 21.992 nextFramePts: 21.981 -> diff: 0.011 render: 1 forceNext: 0
2021-04-13 21:18:24.098 T:4973 DEBUG : CAMLCodec::GetTimeSize: len:24 dl:462807 fs:462407 front:1731
2021-04-13 21:18:24.099 T:4763 DEBUG : CAMLCodec::ReleaseFrame idx:527, drop:0
2021-04-13 21:18:24.104 T:4973 DEBUG : CAMLCodec::GetTimeSize: len:24 dl:461060 fs:462407 front:1731
2021-04-13 21:18:24.104 T:4973 DEBUG : CAMLCodec::GetTimeSize: len:23 dl:461060 fs:460676 front:95825
2021-04-13 21:18:24.104 T:4973 DEBUG : CAMLCodec::DequeueBuffer: pts:22.147 idx:531
2021-04-13 21:18:24.104 T:4973 DEBUG : CAMLCodec::GetPicture: index: 531, pts: 22.147, dur:41ms ar:0.00
2021-04-13 21:18:24.105 T:4973 DEBUG : CVideoPlayerVideo::OutputPicture - ttd:314ms pts:22.147 Clock:21.832 Level:3
2021-04-13 21:18:24.106 T:4973 DEBUG : CAMLCodec::GetTimeSize: len:23 dl:461060 fs:460676 front:95825
2021-04-13 21:18:24.111 T:4973 DEBUG : CAMLCodec::AddData: dl:376541 sum:471990 sz:11314 dts:23.148 pts:23.148 overflow:0
2021-04-13 21:18:24.111 T:4973 DEBUG : CAMLCodec::GetTimeSize: len:24 dl:376541 fs:471990 front:95825
2021-04-13 21:18:24.111 T:4973 DEBUG : CAMLCodec::GetTimeSize: len:23 dl:376541 fs:376165 front:19739
2021-04-13 21:18:24.111 T:4973 DEBUG : CAMLCodec::DequeueBuffer: pts:22.189 idx:532
2021-04-13 21:18:24.111 T:4973 DEBUG : CAMLCodec::GetPicture: index: 532, pts: 22.189, dur:42ms ar:0.00
2021-04-13 21:18:24.111 T:4973 DEBUG : CVideoPlayerVideo::OutputPicture - ttd:349ms pts:22.189 Clock:21.839 Level:4
2021-04-13 21:18:24.112 T:4973 DEBUG : CAMLCodec::GetTimeSize: len:23 dl:376541 fs:376165 front:19739
2021-04-13 21:18:24.117 T:4973 DEBUG : CAMLCodec::AddData: dl:392566 sum:392174 sz:16009 dts:23.190 pts:23.190 overflow:0
