2019-06-08 12:44:44.017 T:4061875600 DEBUG: LocalizeStrings: loaded 8 strings from file /usr/share/kodi/addons/metadata.themoviedb.org/resources/language/resource.language.en_gb/strings.po
2019-06-08 12:44:44.020 T:4061875600 DEBUG: LocalizeStrings: loaded 5 strings from file /storage/.kodi/addons/metadata.tvshows.themoviedb.org/resources/language/resource.language.en_gb/strings.po
2019-06-08 12:44:44.021 T:4061875600 DEBUG: LocalizeStrings: loaded 9 strings from file /usr/share/kodi/addons/peripheral.joystick/resources/language/English/strings.po
2019-06-08 12:44:44.024 T:4061875600 DEBUG: LocalizeStrings: loaded 1 strings from file /usr/share/kodi/addons/screensaver.xbmc.builtin.dim/resources/language/resource.language.en_gb/strings.po
2019-06-08 12:44:44.025 T:4061875600 DEBUG: LocalizeStrings: loaded 18 strings from file /usr/share/kodi/addons/script.program.driverselect/resources/language/resource.language.en_gb/strings.po
2019-06-08 12:44:44.028 T:4061875600 DEBUG: LocalizeStrings: loaded 248 strings from file /usr/share/kodi/addons/service.coreelec.settings/resources/language/resource.language.en_gb/strings.po
2019-06-08 12:44:44.037 T:4061875600 DEBUG: LocalizeStrings: loaded 51 strings from file /storage/.kodi/addons/script.module.metadatautils/resources/language/resource.language.en_gb/strings.po
2019-06-08 12:44:44.039 T:4061875600 DEBUG: LocalizeStrings: loaded 26 strings from file /storage/.kodi/addons/script.skin.helper.service/resources/language/resource.language.en_gb/strings.po
2019-06-08 12:44:44.041 T:4061875600 DEBUG: LocalizeStrings: loaded 6 strings from file /storage/.kodi/addons/script.skin.helper.colorpicker/resources/language/resource.language.en_gb/strings.po
2019-06-08 12:44:44.045 T:4061875600 DEBUG: LocalizeStrings: loaded 136 strings from file /storage/.kodi/addons/screensaver.digitalclock/resources/language/resource.language.en_gb/strings.po
2019-06-08 12:44:44.049 T:4061875600 DEBUG: LocalizeStrings: loaded 97 strings from file /storage/.kodi/addons/script.xbmcbackup/resources/language/resource.language.en_gb/strings.po
2019-06-08 12:44:44.053 T:4061875600 DEBUG: LocalizeStrings: loaded 38 strings from file /storage/.kodi/addons/script.module.youtube.dl/resources/language/English/strings.po
2019-06-08 12:44:44.055 T:4061875600 DEBUG: LocalizeStrings: loaded 12 strings from file /storage/.kodi/addons/script.keymap/resources/language/English/strings.xml
2019-06-08 12:44:44.059 T:4061875600 DEBUG: LocalizeStrings: loaded 167 strings from file /storage/.kodi/addons/script.extendedinfo/resources/language/resource.language.en_gb/strings.po
2019-06-08 12:44:44.063 T:4061875600 DEBUG: LocalizeStrings: loaded 74 strings from file /storage/.kodi/addons/plugin.library.node.editor/resources/language/resource.language.en_GB/strings.po
2019-06-08 12:44:44.068 T:4061875600 DEBUG: LocalizeStrings: loaded 25 strings from file /storage/.kodi/addons/script.speedfaninfo/resources/language/English/strings.po
2019-06-08 12:44:44.070 T:4061875600 DEBUG: LocalizeStrings: loaded 2 strings from file /storage/.kodi/addons/service.system.syncthing/resources/language/English/strings.po
2019-06-08 12:44:44.072 T:4061875600 DEBUG: LocalizeStrings: loaded 285 strings from file /storage/.kodi/addons/plugin.video.youtube/resources/language/resource.language.en_gb/strings.po
2019-06-08 12:44:44.074 T:4061875600 DEBUG: LocalizeStrings: loaded 13 strings from file /storage/.kodi/addons/context.copytostorage/resources/language/resource.language.en_gb/strings.po
2019-06-08 12:44:44.076 T:4061875600 DEBUG: LocalizeStrings: loaded 10 strings from file /storage/.kodi/addons/metadata.tvdb.com/resources/language/resource.language.en_gb/strings.po
2019-06-08 12:44:44.079 T:4061875600 DEBUG: POParser: PO file has Win Style Line Endings. Converted in memory to Linux LF for file: /storage/.kodi/addons/service.vpn.manager/resources/language/English/strings.po
2019-06-08 12:44:44.080 T:4061875600 DEBUG: LocalizeStrings: loaded 199 strings from file /storage/.kodi/addons/service.vpn.manager/resources/language/English/strings.po
2019-06-08 12:44:44.083 T:4061875600 DEBUG: LocalizeStrings: loaded 3 strings from file /storage/.kodi/addons/script.favourites/resources/language/resource.language.en_GB/strings.po
2019-06-08 12:44:44.086 T:4061875600 DEBUG: LocalizeStrings: loaded 13 strings from file /storage/.kodi/addons/service.skin.widgets/resources/language/English/strings.po
2019-06-08 12:44:44.087 T:4061875600 DEBUG: LocalizeStrings: loaded 24 strings from file /storage/.kodi/addons/service.library.data.provider/resources/language/resource.language.en_gb/strings.po
2019-06-08 12:44:44.091 T:4061875600 DEBUG: LocalizeStrings: loaded 7 strings from file /storage/.kodi/addons/script.common.plugin.cache/resources/language/English/strings.xml
2019-06-08 12:44:44.094 T:4061875600 DEBUG: LocalizeStrings: loaded 214 strings from file /storage/.kodi/addons/plugin.image.mypicsdb/resources/language/English/strings.po
2019-06-08 12:44:44.096 T:4061875600 DEBUG: LocalizeStrings: loaded 4 strings from file /storage/.kodi/addons/script.service.mypicsdb/resources/language/English/strings.po
2019-06-08 12:44:44.098 T:3915350896 DEBUG: Thread JobWorker start, auto delete: true
2019-06-08 12:44:44.098 T:3915350896 DEBUG: Initialize, updating databases...
2019-06-08 12:44:44.099 T:3915350896 NOTICE: Running database version Addons27
2019-06-08 12:44:44.106 T:3915350896 NOTICE: Running database version ViewModes6
2019-06-08 12:44:44.132 T:3915350896 NOTICE: Running database version Textures13
2019-06-08 12:44:44.138 T:3915350896 NOTICE: MYSQL: Connected to version 5.1.73-log
2019-06-08 12:44:44.138 T:3915350896 WARNING: MYSQL: Your database server version 5.1.73-log is very old and might not be supported in future Kodi versions. Please consider upgrading to MySQL 5.7 or MariaDB 10.2.
2019-06-08 12:44:44.170 T:3915350896 NOTICE: Running database version MyMusic72
2019-06-08 12:44:44.192 T:3915350896 NOTICE: Running database version MyVideos116
2019-06-08 12:44:44.198 T:3915350896 NOTICE: Running database version TV32
2019-06-08 12:44:44.205 T:3915350896 NOTICE: Running database version Epg12
2019-06-08 12:44:44.205 T:3915350896 DEBUG: Initialize, updating databases... DONE
2019-06-08 12:44:44.205 T:4061875600 NOTICE: start dvd mediatype detection
2019-06-08 12:44:44.206 T:4061875600 INFO: DPMS: not supported on this platform
2019-06-08 12:44:44.206 T:4042687344 DEBUG: Thread DetectDVDMedia start, auto delete: false
2019-06-08 12:44:44.206 T:4042687344 DEBUG: Compiled with libcdio Version 0.94
2019-06-08 12:44:44.207 T:4042687344 DEBUG: Thread DetectDVDMedia 4042687344 terminating
2019-06-08 12:44:44.229 T:4061860720 DEBUG: CAnnouncementManager - Announcement: OnClear from xbmc
2019-06-08 12:44:44.230 T:4061860720 DEBUG: GOT ANNOUNCEMENT, type: 2, from xbmc, message OnClear
2019-06-08 12:44:44.248 T:4061875600 INFO: Unloading old skin ...
2019-06-08 12:44:44.270 T:4061875600 NOTICE: load skin from: /storage/.kodi/addons/skin.xonfluence (version: 4.0.10)
2019-06-08 12:44:44.270 T:4061875600 INFO: load fonts for skin...
2019-06-08 12:44:44.279 T:4061875600 INFO: Loading skin includes from /storage/.kodi/addons/skin.xonfluence/xml/Includes.xml
2019-06-08 12:44:44.676 T:4061875600 INFO: Loading fonts from /storage/.kodi/addons/skin.xonfluence/xml/Font.xml
2019-06-08 12:44:44.706 T:4061875600 DEBUG: POParser: PO file has Win Style Line Endings. Converted in memory to Linux LF for file: /storage/.kodi/addons/skin.xonfluence/language/resource.language.en_gb/strings.po
2019-06-08 12:44:44.707 T:4061875600 DEBUG: LocalizeStrings: loaded 517 strings from file /storage/.kodi/addons/skin.xonfluence/language/resource.language.en_gb/strings.po
2019-06-08 12:44:44.707 T:4061875600 INFO: load new skin...
2019-06-08 12:44:44.708 T:4061875600 INFO: Loading custom window XMLs from skin path /storage/.kodi/addons/skin.xonfluence/xml
2019-06-08 12:44:44.767 T:4061875600 DEBUG: Load Skin XML: 59.12ms
2019-06-08 12:44:44.767 T:4061875600 INFO: initialize new skin...
2019-06-08 12:44:44.767 T:4061875600 DEBUG: guilib: Fill viewport on change for solving rendering passes
2019-06-08 12:44:44.767 T:4061875600 INFO: Loading skin file: CustomAutoPartySaver_2131.xml, load type: LOAD_ON_GUI_INIT
2019-06-08 12:44:44.767 T:4061875600 INFO: Loading skin file: CustomAutoReFreshList_1195.xml, load type: LOAD_ON_GUI_INIT
2019-06-08 12:44:44.767 T:4061875600 INFO: Loading skin file: VideoOSD.xml, load type: LOAD_ON_GUI_INIT
2019-06-08 12:44:44.795 T:4061875600 DEBUG: OpenBundle - Opened bundle /storage/.kodi/addons/skin.xonfluence/media/Textures.xbt
2019-06-08 12:44:44.821 T:4061875600 INFO: Loading skin file: DialogPVRChannelGuide.xml, load type: LOAD_ON_GUI_INIT
2019-06-08 12:44:44.830 T:4061875600 INFO: Loading skin file: DialogPVRChannelsOSD.xml, load type: LOAD_ON_GUI_INIT
2019-06-08 12:44:44.841 T:4061875600 INFO: Loading skin file: DialogNotification.xml, load type: LOAD_ON_GUI_INIT
2019-06-08 12:44:44.843 T:4061875600 INFO: Loading skin file: CustomAutoMusicViz_2122.xml, load type: LOAD_ON_GUI_INIT
2019-06-08 12:44:44.843 T:4061875600 INFO: Loading skin file: DialogSeekBar.xml, load type: LOAD_ON_GUI_INIT
2019-06-08 12:44:44.852 T:4061875600 INFO: Loading skin file: DialogExtendedProgressBar.xml, load type: LOAD_ON_GUI_INIT
2019-06-08 12:44:44.853 T:4061875600 INFO: Loading skin file: DialogBusy.xml, load type: LOAD_ON_GUI_INIT
2019-06-08 12:44:44.854 T:4061875600 INFO: Loading skin file: CustomPVRChannelNumberInput_1113.xml, load type: LOAD_ON_GUI_INIT
2019-06-08 12:44:44.855 T:4061875600 INFO: Loading skin file: DialogVolumeBar.xml, load type: LOAD_ON_GUI_INIT
2019-06-08 12:44:44.857 T:4061875600 INFO: Loading skin file: Pointer.xml, load type: LOAD_ON_GUI_INIT
2019-06-08 12:44:44.858 T:4061875600 INFO: Loading skin file: DialogSettings.xml, load type: LOAD_ON_GUI_INIT
2019-06-08 12:44:44.867 T:4061875600 INFO: Previous line repeats 1 times.
2019-06-08 12:44:44.867 T:4061875600 INFO: Loading skin file: DialogBusy.xml, load type: LOAD_ON_GUI_INIT
2019-06-08 12:44:44.868 T:4061875600 INFO: Loading skin file: DialogSubtitles.xml, load type: LOAD_ON_GUI_INIT
2019-06-08 12:44:44.879 T:4061875600 INFO: Loading resource://resource.uisounds.kodi/sounds.xml
2019-06-08 12:44:44.940 T:4061875600 INFO: skin loaded...
2019-06-08 12:44:44.941 T:4061875600 DEBUG: Activating window ID: 12997
2019-06-08 12:44:44.941 T:4061875600 DEBUG: ------ Window Init () ------
2019-06-08 12:44:44.941 T:4061875600 DEBUG: Activating window ID: 12999
2019-06-08 12:44:44.941 T:4061875600 DEBUG: ------ Window Init (Startup.xml) ------
2019-06-08 12:44:44.941 T:4061875600 INFO: Loading skin file: Startup.xml, load type: LOAD_EVERY_TIME
2019-06-08 12:44:45.089 T:4061875600 WARNING: CApplication::Initialize - startup.xml taints init process
2019-06-08 12:44:45.102 T:4061875600 DEBUG: JSONRPC: JSON schema type definition references an unknown type Setting.Details.Setting
2019-06-08 12:44:45.102 T:4061875600 WARNING: JSONRPC: Could not parse type "Setting.Details.SettingList"
2019-06-08 12:44:45.102 T:4061875600 INFO: JSONRPC: Adding type "Setting.Details.SettingList" to list of incomplete definitions (waiting for "Setting.Details.Setting")
2019-06-08 12:44:45.102 T:4061875600 INFO: JSONRPC: Resolving incomplete types/methods referencing Setting.Details.Setting
2019-06-08 12:44:45.121 T:4061875600 INFO: JSONRPC v10.3.0: Successfully initialized
2019-06-08 12:44:45.122 T:4061875600 DEBUG: LoadMappings - loaded node "Motorola Nyxboard Hybrid"
2019-06-08 12:44:45.122 T:4061875600 DEBUG: LoadMappings - loaded node "CEC Adapter"
2019-06-08 12:44:45.122 T:4061875600 DEBUG: LoadMappings - loaded node "Pulse-Eight CEC Adapter"
2019-06-08 12:44:45.122 T:4061875600 DEBUG: LoadMappings - loaded node "iMON HID device"
2019-06-08 12:44:45.122 T:4061875600 DEBUG: LoadMappings - loaded node "WETEK Play remote"
2019-06-08 12:44:45.122 T:4061875600 DEBUG: LoadMappings - loaded node ""
2019-06-08 12:44:45.122 T:4061875600 DEBUG: CPeripheralBusUSB - initialised udev monitor
2019-06-08 12:44:45.123 T:4061875600 DEBUG: Add-on bus: Registering add-on peripheral.joystick
2019-06-08 12:44:45.123 T:4061875600 DEBUG: PERIPHERAL - CreateAddon - creating peripheral add-on instance 'Joystick Support'
2019-06-08 12:44:45.123 T:4061875600 DEBUG: ADDON: Dll Initializing - Joystick Support
2019-06-08 12:44:45.123 T:4061875600 DEBUG: SECTION:LoadDLL(/usr/lib/kodi/addons/peripheral.joystick/peripheral.joystick.so.1.4.7)
2019-06-08 12:44:45.123 T:4061875600 DEBUG: Loading: /usr/lib/kodi/addons/peripheral.joystick/peripheral.joystick.so.1.4.7
2019-06-08 12:44:45.131 T:4061875600 DEBUG: AddOnLog: Joystick Support: Loaded 14 joystick families with 97 total joysticks
2019-06-08 12:44:45.131 T:4061875600 DEBUG: Calling TransferSettings for: Joystick Support
2019-06-08 12:44:45.131 T:4061875600 DEBUG: CAddonSettings[peripheral.joystick]: loading setting definitions
2019-06-08 12:44:45.131 T:4061875600 INFO: AddOnLog: Joystick Support: Enabling joystick interface "linux"
2019-06-08 12:44:45.132 T:3897512816 DEBUG: Thread PeripBusUSBUdev start, auto delete: false
2019-06-08 12:44:45.133 T:3889120112 DEBUG: Thread PeripBusCEC start, auto delete: false
2019-06-08 12:44:45.134 T:3878679408 DEBUG: Thread PeripBusAddon start, auto delete: false
2019-06-08 12:44:45.137 T:4061875600 DEBUG: Initialise - initialised peripheral on 'keyboard' with 1 features and 0 sub devices
2019-06-08 12:44:45.137 T:4061875600 NOTICE: Register - new keyboard device registered on application->keyboard: Keyboard (0000:0000)
2019-06-08 12:44:45.138 T:4061875600 DEBUG: Initialise - initialised peripheral on 'mouse' with 1 features and 0 sub devices
2019-06-08 12:44:45.138 T:4061875600 NOTICE: Register - new mouse device registered on application->mouse: Mouse (0000:0000)
2019-06-08 12:44:45.138 T:3870286704 DEBUG: Thread PeripEventScanner start, auto delete: false
2019-06-08 12:44:45.140 T:4061875600 DEBUG: ContextMenuManager: addon menus reloaded.
2019-06-08 12:44:45.140 T:4061875600 NOTICE: Loading player core factory settings from special://xbmc/system/playercorefactory.xml.
2019-06-08 12:44:45.141 T:4061875600 DEBUG: CPlayerCoreConfig::: created player VideoPlayer
2019-06-08 12:44:45.141 T:4061875600 DEBUG: CPlayerCoreConfig::: created player PAPlayer
2019-06-08 12:44:45.141 T:4061875600 DEBUG: CPlayerCoreConfig::: created player RetroPlayer
2019-06-08 12:44:45.141 T:4061875600 DEBUG: CPlayerSelectionRule::Initialize: creating rule: system rules
2019-06-08 12:44:45.141 T:4061875600 DEBUG: CPlayerSelectionRule::Initialize: creating rule: mms/udp
2019-06-08 12:44:45.141 T:4061875600 DEBUG: CPlayerSelectionRule::Initialize: creating rule: lastfm/shout
2019-06-08 12:44:45.141 T:4061875600 DEBUG: CPlayerSelectionRule::Initialize: creating rule: rtmp
2019-06-08 12:44:45.141 T:4061875600 DEBUG: CPlayerSelectionRule::Initialize: creating rule: rtsp
2019-06-08 12:44:45.141 T:4061875600 DEBUG: CPlayerSelectionRule::Initialize: creating rule: streams
2019-06-08 12:44:45.141 T:4061875600 DEBUG: CPlayerSelectionRule::Initialize: creating rule: aacp/sdp
2019-06-08 12:44:45.141 T:4061875600 DEBUG: CPlayerSelectionRule::Initialize: creating rule: mp2
2019-06-08 12:44:45.141 T:4061875600 DEBUG: CPlayerSelectionRule::Initialize: creating rule: dvd
2019-06-08 12:44:45.141 T:4061875600 DEBUG: CPlayerSelectionRule::Initialize: creating rule: dvdimage
2019-06-08 12:44:45.141 T:4061875600 DEBUG: CPlayerSelectionRule::Initialize: creating rule: sdp/asf
2019-06-08 12:44:45.141 T:4061875600 DEBUG: CPlayerSelectionRule::Initialize: creating rule: nsv
2019-06-08 12:44:45.141 T:4061875600 DEBUG: CPlayerSelectionRule::Initialize: creating rule: radio
2019-06-08 12:44:45.141 T:4061875600 NOTICE: Loaded playercorefactory configuration
2019-06-08 12:44:45.141 T:4061875600 NOTICE: Loading player core factory settings from special://masterprofile/playercorefactory.xml.
2019-06-08 12:44:45.141 T:4061875600 NOTICE: special://masterprofile/playercorefactory.xml does not exist. Skipping.
2019-06-08 12:44:45.141 T:4061875600 INFO: removing tempfiles
2019-06-08 12:44:45.147 T:4061875600 DEBUG: CRepositoryUpdater: previous update at 07-06-2019 22:04:52, next at 08-06-2019 22:04:52
2019-06-08 12:44:45.150 T:4061875600 DEBUG: CServiceAddonManager: starting service.coreelec.settings
2019-06-08 12:44:45.150 T:3853501296 DEBUG: Thread LanguageInvoker start, auto delete: false
2019-06-08 12:44:45.150 T:4061875600 DEBUG: CServiceAddonManager: starting script.skin.helper.service
2019-06-08 12:44:45.150 T:3853501296 INFO: initializing python engine.
2019-06-08 12:44:45.150 T:3845108592 DEBUG: Thread LanguageInvoker start, auto delete: false
2019-06-08 12:44:45.150 T:4061875600 DEBUG: CServiceAddonManager: starting script.xbmcbackup
2019-06-08 12:44:45.150 T:3845108592 INFO: initializing python engine.
2019-06-08 12:44:45.150 T:3836715888 DEBUG: Thread LanguageInvoker start, auto delete: false
2019-06-08 12:44:45.150 T:4061875600 DEBUG: CServiceAddonManager: starting plugin.video.youtube
2019-06-08 12:44:45.150 T:3836715888 INFO: initializing python engine.
2019-06-08 12:44:45.151 T:3828323184 DEBUG: Thread LanguageInvoker start, auto delete: false
2019-06-08 12:44:45.151 T:4061875600 DEBUG: CServiceAddonManager: starting service.skin.widgets
2019-06-08 12:44:45.151 T:3828323184 INFO: initializing python engine.
2019-06-08 12:44:45.152 T:3819930480 DEBUG: Thread LanguageInvoker start, auto delete: false
2019-06-08 12:44:45.152 T:4061875600 DEBUG: CServiceAddonManager: starting service.library.data.provider
2019-06-08 12:44:45.152 T:3819930480 INFO: initializing python engine.
2019-06-08 12:44:45.152 T:3811537776 DEBUG: Thread LanguageInvoker start, auto delete: false
2019-06-08 12:44:45.152 T:4061875600 DEBUG: CServiceAddonManager: starting script.common.plugin.cache
2019-06-08 12:44:45.152 T:3811537776 INFO: initializing python engine.
2019-06-08 12:44:45.152 T:3803145072 DEBUG: Thread LanguageInvoker start, auto delete: false
2019-06-08 12:44:45.152 T:4061875600 DEBUG: CServiceAddonManager: starting script.service.mypicsdb
2019-06-08 12:44:45.152 T:3861894000 DEBUG: Thread Timer start, auto delete: false
2019-06-08 12:44:45.152 T:3803145072 INFO: initializing python engine.
2019-06-08 12:44:45.153 T:3794752368 DEBUG: Thread LanguageInvoker start, auto delete: false
2019-06-08 12:44:45.153 T:4061875600 NOTICE: initialize done
2019-06-08 12:44:45.153 T:4061875600 NOTICE: Running the application...
2019-06-08 12:44:45.154 T:4061875600 DEBUG: Activating window ID: 10000
2019-06-08 12:44:45.154 T:3794752368 INFO: initializing python engine.
2019-06-08 12:44:45.154 T:4061875600 DEBUG: [Warning] CGUITextureManager::GetTexturePath: could not find texture '$VAR[SkinBackgroundPath]startup.jpg'
2019-06-08 12:44:45.156 T:4061875600 DEBUG: ------ Window Init () ------
2019-06-08 12:44:45.182 T:4061875600 DEBUG: ------ Window Deinit (Startup.xml) ------
2019-06-08 12:44:45.184 T:3786359664 DEBUG: Thread Timer start, auto delete: false
2019-06-08 12:44:45.188 T:3786359664 DEBUG: Thread Timer 3786359664 terminating
2019-06-08 12:44:45.189 T:3777966960 DEBUG: Thread Timer start, auto delete: false
2019-06-08 12:44:45.201 T:3777966960 DEBUG: Thread Timer 3777966960 terminating
2019-06-08 12:44:45.202 T:3786359664 DEBUG: Thread Timer start, auto delete: false
2019-06-08 12:44:45.205 T:3853501296 DEBUG: CPythonInvoker(0, /usr/share/kodi/addons/service.coreelec.settings/service.py): start processing
2019-06-08 12:44:45.205 T:3845108592 DEBUG: CPythonInvoker(1, /storage/.kodi/addons/script.skin.helper.service/service.py): start processing
2019-06-08 12:44:45.205 T:3836715888 DEBUG: CPythonInvoker(2, /storage/.kodi/addons/script.xbmcbackup/scheduler.py): start processing
2019-06-08 12:44:45.205 T:3828323184 DEBUG: CPythonInvoker(3, /storage/.kodi/addons/plugin.video.youtube/resources/lib/startup.py): start processing
2019-06-08 12:44:45.205 T:3819930480 DEBUG: CPythonInvoker(4, /storage/.kodi/addons/service.skin.widgets/default.py): start processing
2019-06-08 12:44:45.205 T:3811537776 DEBUG: CPythonInvoker(5, /storage/.kodi/addons/service.library.data.provider/service.py): start processing
2019-06-08 12:44:45.205 T:3794752368 DEBUG: CPythonInvoker(7, /storage/.kodi/addons/script.service.mypicsdb/default.py): start processing
2019-06-08 12:44:45.206 T:3803145072 DEBUG: CPythonInvoker(6, /storage/.kodi/addons/script.common.plugin.cache/default.py): start processing
2019-06-08 12:44:45.216 T:3786359664 DEBUG: Thread Timer 3786359664 terminating
2019-06-08 12:44:45.216 T:3777966960 DEBUG: Thread Timer start, auto delete: false
2019-06-08 12:44:45.224 T:3853501296 DEBUG: -->Python Interpreter Initialized<--
2019-06-08 12:44:45.224 T:3853501296 DEBUG: CPythonInvoker(0, /usr/share/kodi/addons/service.coreelec.settings/service.py): the source file to load is "/usr/share/kodi/addons/service.coreelec.settings/service.py"
2019-06-08 12:44:45.235 T:3777966960 DEBUG: Thread Timer 3777966960 terminating
2019-06-08 12:44:45.235 T:3777966960 DEBUG: Thread Timer start, auto delete: false
2019-06-08 12:44:45.250 T:3777966960 DEBUG: Thread Timer 3777966960 terminating
2019-06-08 12:44:45.251 T:3786359664 DEBUG: Thread Timer start, auto delete: false
2019-06-08 12:44:45.265 T:3786359664 DEBUG: Thread Timer 3786359664 terminating
2019-06-08 12:44:45.266 T:3777966960 DEBUG: Thread Timer start, auto delete: false
2019-06-08 12:44:45.282 T:3889120112 DEBUG: GetMappingForDevice - device (0000:0000) mapped to CEC Adapter (type = cec)
2019-06-08 12:44:45.283 T:4061875600 DEBUG: FreeVisualisation() done
2019-06-08 12:44:45.285 T:4061875600 INFO: GLES: Enabling VSYNC
2019-06-08 12:44:45.288 T:4061875600 DEBUG: ------ Window Init (Home.xml) ------
2019-06-08 12:44:45.288 T:4061875600 INFO: Loading skin file: Home.xml, load type: KEEP_IN_MEMORY
2019-06-08 12:44:45.291 T:3889120112 DEBUG: InitialiseFeature - using libCEC v4.0.4
2019-06-08 12:44:45.291 T:3889120112 DEBUG: Initialise - initialised peripheral on 'AOCEC' with 2 features and 0 sub devices
2019-06-08 12:44:45.291 T:3768787824 DEBUG: Thread CECAdapter start, auto delete: false
2019-06-08 12:44:45.291 T:3889120112 NOTICE: Register - new cec device registered on cec->AOCEC: CEC Adapter (0000:0000)
2019-06-08 12:44:45.291 T:3768787824 DEBUG: OpenConnection - opening a connection to the CEC adapter: AOCEC
2019-06-08 12:44:45.291 T:3786359664 DEBUG: CecLogMessage - Broadcast (F): osd name set to 'Broadcast'
2019-06-08 12:44:45.292 T:3786359664 DEBUG: CecLogMessage - connection opened
2019-06-08 12:44:45.292 T:3786359664 DEBUG: CecLogMessage - processor thread started
2019-06-08 12:44:45.292 T:3786359664 DEBUG: CecLogMessage - << Broadcast (F) -> TV (0): POLL
2019-06-08 12:44:45.292 T:3786359664 DEBUG: CecLogMessage - << f0
2019-06-08 12:44:45.309 T:3853501296 DEBUG: CPythonInvoker(0, /usr/share/kodi/addons/service.coreelec.settings/service.py): setting the Python path to /usr/share/kodi/addons/service.coreelec.settings:/usr/lib/python27.zip:/usr/lib/python2.7:/usr/lib/python2.7/plat-linux2:/usr/lib/python2.7/lib-tk:/usr/lib/python2.7/lib-old:/usr/lib/python2.7/lib-dynload:/usr/lib/python2.7/site-packages:/usr/lib/python2.7/site-packages/gtk-2.0
2019-06-08 12:44:45.309 T:3853501296 DEBUG: CPythonInvoker(0, /usr/share/kodi/addons/service.coreelec.settings/service.py): entering source directory /usr/share/kodi/addons/service.coreelec.settings
2019-06-08 12:44:45.310 T:3853501296 DEBUG: CPythonInvoker(0, /usr/share/kodi/addons/service.coreelec.settings/service.py): instantiating addon using automatically obtained id of "service.coreelec.settings" dependent on version 2.1.0 of the xbmc.python api
2019-06-08 12:44:45.315 T:3803145072 DEBUG: -->Python Interpreter Initialized<--
2019-06-08 12:44:45.315 T:3803145072 DEBUG: CPythonInvoker(6, /storage/.kodi/addons/script.common.plugin.cache/default.py): the source file to load is "/storage/.kodi/addons/script.common.plugin.cache/default.py"
2019-06-08 12:44:45.315 T:3803145072 DEBUG: CPythonInvoker(6, /storage/.kodi/addons/script.common.plugin.cache/default.py): setting the Python path to /storage/.kodi/addons/script.common.plugin.cache:/usr/lib/python27.zip:/usr/lib/python2.7:/usr/lib/python2.7/plat-linux2:/usr/lib/python2.7/lib-tk:/usr/lib/python2.7/lib-old:/usr/lib/python2.7/lib-dynload:/usr/lib/python2.7/site-packages:/usr/lib/python2.7/site-packages/gtk-2.0
2019-06-08 12:44:45.315 T:3803145072 DEBUG: CPythonInvoker(6, /storage/.kodi/addons/script.common.plugin.cache/default.py): entering source directory /storage/.kodi/addons/script.common.plugin.cache
2019-06-08 12:44:45.315 T:3811537776 DEBUG: -->Python Interpreter Initialized<--
2019-06-08 12:44:45.315 T:3811537776 DEBUG: CPythonInvoker(5, /storage/.kodi/addons/service.library.data.provider/service.py): the source file to load is "/storage/.kodi/addons/service.library.data.provider/service.py"
2019-06-08 12:44:45.316 T:3845108592 DEBUG: -->Python Interpreter Initialized<--
2019-06-08 12:44:45.316 T:3845108592 DEBUG: CPythonInvoker(1, /storage/.kodi/addons/script.skin.helper.service/service.py): the source file to load is "/storage/.kodi/addons/script.skin.helper.service/service.py"
2019-06-08 12:44:45.317 T:3803145072 DEBUG: CPythonInvoker(6, /storage/.kodi/addons/script.common.plugin.cache/default.py): instantiating addon using automatically obtained id of "script.common.plugin.cache" dependent on version 2.24.0 of the xbmc.python api
2019-06-08 12:44:45.347 T:3786359664 DEBUG: CecLogMessage - >> POLL sent
2019-06-08 12:44:45.347 T:3786359664 DEBUG: CecLogMessage - TV (0): device status changed into 'present'
2019-06-08 12:44:45.347 T:3786359664 DEBUG: CecLogMessage - << requesting vendor ID of 'TV' (0)
2019-06-08 12:44:45.347 T:3786359664 DEBUG: CecLogMessage - << f0:8c
2019-06-08 12:44:45.513 T:3853501296 DEBUG: ## CoreELEC Addon ## 9.0.0
2019-06-08 12:44:45.775 T:3777966960 DEBUG: Thread Timer 3777966960 terminating
2019-06-08 12:44:46.431 T:3786359664 DEBUG: CecLogMessage - expected response not received (87: device vendor id)
2019-06-08 12:44:46.431 T:3786359664 DEBUG: CecLogMessage - << f0:8c
2019-06-08 12:44:46.746 T:3777966960 DEBUG: Thread LanguageInvoker start, auto delete: false
2019-06-08 12:44:46.746 T:3777966960 INFO: initializing python engine.
2019-06-08 12:44:46.746 T:3777966960 DEBUG: CPythonInvoker(8, /storage/.kodi/addons/script.favourites/default.py): start processing
2019-06-08 12:44:46.747 T:3729077104 DEBUG: Thread LanguageInvoker start, auto delete: false
2019-06-08 12:44:46.747 T:3729077104 INFO: initializing python engine.
2019-06-08 12:44:46.747 T:3729077104 DEBUG: CPythonInvoker(9, /storage/.kodi/addons/script.randomandlastitems/randomandlastitems.py): start processing
2019-06-08 12:44:46.748 T:3915350896 DEBUG: CRecentlyAddedJob::UpdateMusic() - Running RecentlyAdded home screen update
2019-06-08 12:44:46.748 T:3836715888 DEBUG: -->Python Interpreter Initialized<--
2019-06-08 12:44:46.749 T:3836715888 DEBUG: CPythonInvoker(2, /storage/.kodi/addons/script.xbmcbackup/scheduler.py): the source file to load is "/storage/.kodi/addons/script.xbmcbackup/scheduler.py"
2019-06-08 12:44:46.749 T:4061875600 DEBUG: no profile autoexec.py (/storage/.kodi/userdata/autoexec.py) found, skipping
2019-06-08 12:44:46.749 T:4061875600 DEBUG: NetworkMessage - Starting network services
2019-06-08 12:44:46.749 T:4061875600 NOTICE: CWebServer[8080]: Started
2019-06-08 12:44:46.750 T:3819930480 DEBUG: -->Python Interpreter Initialized<--
2019-06-08 12:44:46.750 T:3819930480 DEBUG: CPythonInvoker(4, /storage/.kodi/addons/service.skin.widgets/default.py): the source file to load is "/storage/.kodi/addons/service.skin.widgets/default.py"
2019-06-08 12:44:46.751 T:3794752368 DEBUG: -->Python Interpreter Initialized<--
2019-06-08 12:44:46.751 T:3794752368 DEBUG: CPythonInvoker(7, /storage/.kodi/addons/script.service.mypicsdb/default.py): the source file to load is "/storage/.kodi/addons/script.service.mypicsdb/default.py"
2019-06-08 12:44:46.751 T:3836715888 DEBUG: CPythonInvoker(2, /storage/.kodi/addons/script.xbmcbackup/scheduler.py): setting the Python path to /storage/.kodi/addons/script.xbmcbackup:/storage/.kodi/addons/script.module.certifi/lib:/storage/.kodi/addons/script.module.chardet/lib:/storage/.kodi/addons/script.module.googleapi/lib:/storage/.kodi/addons/script.module.httplib2/lib:/storage/.kodi/addons/script.module.idna/lib:/storage/.kodi/addons/script.module.oauth2client/lib:/storage/.kodi/addons/script.module.requests/lib:/storage/.kodi/addons/script.module.six/lib:/storage/.kodi/addons/script.module.uritemplate/lib:/storage/.kodi/addons/script.module.urllib3/lib:/storage/.kodi/addons/script.module.yaml/lib:/usr/lib/python27.zip:/usr/lib/python2.7:/usr/lib/python2.7/plat-linux2:/usr/lib/python2.7/lib-tk:/usr/lib/python2.7/lib-old:/usr/lib/python2.7/lib-dynload:/usr/lib/python2.7/site-packages:/usr/lib/python2.7/site-packages/gtk-2.0
2019-06-08 12:44:46.751 T:3836715888 DEBUG: CPythonInvoker(2, /storage/.kodi/addons/script.xbmcbackup/scheduler.py): entering source directory /storage/.kodi/addons/script.xbmcbackup
2019-06-08 12:44:46.751 T:3836715888 DEBUG: CPythonInvoker(2, /storage/.kodi/addons/script.xbmcbackup/scheduler.py): instantiating addon using automatically obtained id of "script.xbmcbackup" dependent on version 2.24.0 of the xbmc.python api
2019-06-08 12:44:46.752 T:4061875600 INFO: CZeroconfAvahi::clientCallback: avahi server not available. But may become later...
2019-06-08 12:44:46.752 T:4061875600 NOTICE: starting upnp client
2019-06-08 12:44:46.753 T:4061875600 NOTICE: starting upnp server
2019-06-08 12:44:46.756 T:3811537776 DEBUG: CPythonInvoker(5, /storage/.kodi/addons/service.library.data.provider/service.py): setting the Python path to /storage/.kodi/addons/service.library.data.provider:/storage/.kodi/addons/script.module.routing/lib:/storage/.kodi/addons/script.module.simplejson/lib:/usr/lib/python27.zip:/usr/lib/python2.7:/usr/lib/python2.7/plat-linux2:/usr/lib/python2.7/lib-tk:/usr/lib/python2.7/lib-old:/usr/lib/python2.7/lib-dynload:/usr/lib/python2.7/site-packages:/usr/lib/python2.7/site-packages/gtk-2.0
2019-06-08 12:44:46.756 T:3811537776 DEBUG: CPythonInvoker(5, /storage/.kodi/addons/service.library.data.provider/service.py): entering source directory /storage/.kodi/addons/service.library.data.provider
2019-06-08 12:44:46.756 T:3845108592 DEBUG: CPythonInvoker(1, /storage/.kodi/addons/script.skin.helper.service/service.py): setting the Python path to /storage/.kodi/addons/script.skin.helper.service:/storage/.kodi/addons/script.module.arrow/lib:/storage/.kodi/addons/script.module.beautifulsoup/lib:/storage/.kodi/addons/script.module.certifi/lib:/storage/.kodi/addons/script.module.chardet/lib:/storage/.kodi/addons/script.module.dateutil/lib:/storage/.kodi/addons/script.module.idna/lib:/storage/.kodi/addons/script.module.metadatautils/lib:/storage/.kodi/addons/script.module.musicbrainz/lib:/storage/.kodi/addons/script.module.requests/lib:/storage/.kodi/addons/script.module.simplecache/lib:/storage/.kodi/addons/script.module.simplejson/lib:/storage/.kodi/addons/script.module.six/lib:/storage/.kodi/addons/script.module.thetvdb/lib:/storage/.kodi/addons/script.module.urllib3/lib:/usr/lib/python27.zip:/usr/lib/python2.7:/usr/lib/python2.7/plat-linux2:/usr/lib/python2.7/lib-tk:/usr/lib/python2.7/lib-old:/usr/lib/python2.7/lib-dynload:/usr/lib/python2.7/site-packages:/usr/lib/python2.7/site-packages/gtk-2.0
2019-06-08 12:44:46.756 T:3845108592 DEBUG: CPythonInvoker(1, /storage/.kodi/addons/script.skin.helper.service/service.py): entering source directory /storage/.kodi/addons/script.skin.helper.service
2019-06-08 12:44:46.756 T:3811537776 DEBUG: CPythonInvoker(5, /storage/.kodi/addons/service.library.data.provider/service.py): instantiating addon using automatically obtained id of "service.library.data.provider" dependent on version 2.25.0 of the xbmc.python api
2019-06-08 12:44:46.757 T:3577746288 DEBUG: Thread EventServer start, auto delete: false
2019-06-08 12:44:46.757 T:3577746288 NOTICE: ES: Starting UDP Event server on port 9777
2019-06-08 12:44:46.757 T:3577746288 NOTICE: UDP: Listening on port 9777 (ipv6 : false)
2019-06-08 12:44:46.759 T:3845108592 DEBUG: CPythonInvoker(1, /storage/.kodi/addons/script.skin.helper.service/service.py): instantiating addon using automatically obtained id of "script.skin.helper.service" dependent on version 2.13.0 of the xbmc.python api
2019-06-08 12:44:46.763 T:4061875600 INFO: JSONRPC Server: Successfully initialized
2019-06-08 12:44:46.763 T:3560960880 DEBUG: Thread TCPServer start, auto delete: false
2019-06-08 12:44:46.763 T:4061875600 DEBUG: LogindUPowerSyscall - Received unknown signal NameAcquired
2019-06-08 12:44:46.764 T:3552568176 DEBUG: Thread JobWorker start, auto delete: true
2019-06-08 12:44:46.765 T:3803145072 DEBUG: CAddonSettings[script.common.plugin.cache]: loading setting definitions
2019-06-08 12:44:46.765 T:3803145072 DEBUG: CAddonSettings[script.common.plugin.cache]: trying to load setting definitions from old format...
2019-06-08 12:44:46.766 T:3819930480 DEBUG: CPythonInvoker(4, /storage/.kodi/addons/service.skin.widgets/default.py): setting the Python path to /storage/.kodi/addons/service.skin.widgets:/storage/.kodi/addons/script.module.simplejson/lib:/usr/lib/python27.zip:/usr/lib/python2.7:/usr/lib/python2.7/plat-linux2:/usr/lib/python2.7/lib-tk:/usr/lib/python2.7/lib-old:/usr/lib/python2.7/lib-dynload:/usr/lib/python2.7/site-packages:/usr/lib/python2.7/site-packages/gtk-2.0
2019-06-08 12:44:46.766 T:3819930480 DEBUG: CPythonInvoker(4, /storage/.kodi/addons/service.skin.widgets/default.py): entering source directory /storage/.kodi/addons/service.skin.widgets
2019-06-08 12:44:46.766 T:3819930480 DEBUG: CPythonInvoker(4, /storage/.kodi/addons/service.skin.widgets/default.py): instantiating addon using automatically obtained id of "service.skin.widgets" dependent on version 2.14.0 of the xbmc.python api
2019-06-08 12:44:46.791 T:3915350896 DEBUG: GetRecentlyAddedAlbumSongs() query: SELECT songview.*, songartistview.* FROM (SELECT idAlbum FROM album ORDER BY idAlbum DESC LIMIT 10) AS recentalbums JOIN songview ON songview.idAlbum = recentalbums.idAlbum JOIN songartistview ON songview.idSong = songartistview.idSong ORDER BY songview.idAlbum DESC, songview.idSong, songartistview.idRole, songartistview.iOrder
2019-06-08 12:44:46.799 T:3794752368 DEBUG: CPythonInvoker(7, /storage/.kodi/addons/script.service.mypicsdb/default.py): setting the Python path to /storage/.kodi/addons/script.service.mypicsdb:/usr/lib/python27.zip:/usr/lib/python2.7:/usr/lib/python2.7/plat-linux2:/usr/lib/python2.7/lib-tk:/usr/lib/python2.7/lib-old:/usr/lib/python2.7/lib-dynload:/usr/lib/python2.7/site-packages:/usr/lib/python2.7/site-packages/gtk-2.0
2019-06-08 12:44:46.799 T:3794752368 DEBUG: CPythonInvoker(7, /storage/.kodi/addons/script.service.mypicsdb/default.py): entering source directory /storage/.kodi/addons/script.service.mypicsdb
2019-06-08 12:44:46.813 T:3794752368 DEBUG: CPythonInvoker(7, /storage/.kodi/addons/script.service.mypicsdb/default.py): instantiating addon using automatically obtained id of "script.service.mypicsdb" dependent on version 2.1.0 of the xbmc.python api
2019-06-08 12:44:46.824 T:3552568176 DEBUG: ffmpeg[D3BFE370]: [swscaler] No accelerated colorspace conversion found from yuv420p to bgra.
2019-06-08 12:44:46.964 T:3915350896 DEBUG: GetRecentlyAddedAlbums query: SELECT albumview.*, albumartistview.* FROM (SELECT idAlbum FROM album WHERE strAlbum != '' ORDER BY idAlbum DESC LIMIT 10) AS recentalbums JOIN albumview ON albumview.idAlbum = recentalbums.idAlbum JOIN albumartistview ON albumview.idAlbum = albumartistview.idAlbum ORDER BY albumview.idAlbum desc, albumartistview.iOrder
2019-06-08 12:44:47.148 T:3915350896 DEBUG: CRecentlyAddedJob::UpdateVideos() - Running RecentlyAdded home screen update
2019-06-08 12:44:47.511 T:3786359664 DEBUG: CecLogMessage - expected response not received (87: device vendor id)
2019-06-08 12:44:47.511 T:3786359664 DEBUG: CecLogMessage - registering new CEC client - v4.0.0
2019-06-08 12:44:47.511 T:3786359664 DEBUG: CecLogMessage - detecting logical address for type 'recording device'
2019-06-08 12:44:47.511 T:3786359664 DEBUG: CecLogMessage - trying logical address 'Recorder 1'
2019-06-08 12:44:47.511 T:3786359664 DEBUG: CecLogMessage - << Recorder 1 (1) -> Recorder 1 (1): POLL
2019-06-08 12:44:47.511 T:3786359664 DEBUG: CecLogMessage - << 11
2019-06-08 12:44:47.567 T:3786359664 WARNING: CecLogMessage - Write: write failed
2019-06-08 12:44:47.567 T:3786359664 DEBUG: CecLogMessage - << 11
2019-06-08 12:44:47.568 T:3845108592 DEBUG: Skin Helper Simplecache --> Initialized
2019-06-08 12:44:47.570 T:3845108592 DEBUG: CAddonSettings[script.module.metadatautils]: loading setting definitions
2019-06-08 12:44:47.570 T:3845108592 DEBUG: CAddonSettings[script.module.metadatautils]: trying to load setting definitions from old format...
2019-06-08 12:44:47.571 T:3845108592 DEBUG: Skin Helper Simplecache --> Initialized
2019-06-08 12:44:47.571 T:3845108592 DEBUG: script.module.thetvdb --> Initialized
2019-06-08 12:44:47.613 T:3777966960 DEBUG: -->Python Interpreter Initialized<--
2019-06-08 12:44:47.613 T:3777966960 DEBUG: CPythonInvoker(8, /storage/.kodi/addons/script.favourites/default.py): the source file to load is "/storage/.kodi/addons/script.favourites/default.py"
2019-06-08 12:44:47.613 T:3845108592 DEBUG: Skin Helper Simplecache --> Initialized
2019-06-08 12:44:47.614 T:3828323184 DEBUG: -->Python Interpreter Initialized<--
2019-06-08 12:44:47.614 T:3828323184 DEBUG: CPythonInvoker(3, /storage/.kodi/addons/plugin.video.youtube/resources/lib/startup.py): the source file to load is "/storage/.kodi/addons/plugin.video.youtube/resources/lib/startup.py"
2019-06-08 12:44:47.623 T:3786359664 WARNING: CecLogMessage - Write: write failed
2019-06-08 12:44:47.623 T:3786359664 DEBUG: CecLogMessage - >> POLL not sent
2019-06-08 12:44:47.623 T:3786359664 DEBUG: CecLogMessage - using logical address 'Recorder 1'
2019-06-08 12:44:47.623 T:3786359664 DEBUG: CecLogMessage - Recorder 1 (1): device status changed into 'handled by libCEC'
2019-06-08 12:44:47.623 T:3786359664 DEBUG: CecLogMessage - Recorder 1 (1): power status changed from 'unknown' to 'on'
2019-06-08 12:44:47.623 T:3786359664 DEBUG: CecLogMessage - Recorder 1 (1): vendor = Pulse Eight (001582)
2019-06-08 12:44:47.623 T:3786359664 DEBUG: CecLogMessage - Recorder 1 (1): CEC version 1.4
2019-06-08 12:44:47.623 T:3786359664 DEBUG: CecLogMessage - AllocateLogicalAddresses - device '0', type 'recording device', LA '1'
2019-06-08 12:44:47.623 T:3786359664 DEBUG: CecLogMessage - Recorder 1 (1): osd name set to 'Kodi'
2019-06-08 12:44:47.623 T:3786359664 DEBUG: CecLogMessage - Recorder 1 (1): menu language set to 'eng'
2019-06-08 12:44:47.623 T:3786359664 DEBUG: CecLogMessage - AutodetectPhysicalAddress - autodetected physical address '2500'
2019-06-08 12:44:47.623 T:3786359664 DEBUG: CecLogMessage - Recorder 1 (1): physical address changed from ffff to 2500
2019-06-08 12:44:47.623 T:3786359664 DEBUG: CecLogMessage - << Recorder 1 (1) -> broadcast (F): physical address 2500
2019-06-08 12:44:47.623 T:3786359664 DEBUG: CecLogMessage - << 1f:84:25:00:01
2019-06-08 12:44:47.654 T:3811537776 DEBUG: CAddonSettings[service.library.data.provider]: loading setting definitions
2019-06-08 12:44:47.654 T:3811537776 DEBUG: CAddonSettings[service.library.data.provider]: trying to load setting definitions from old format...
2019-06-08 12:44:47.655 T:3811537776 DEBUG: CAddonSettings[service.library.data.provider]: loading setting definitions
2019-06-08 12:44:47.655 T:3811537776 DEBUG: CAddonSettings[service.library.data.provider]: trying to load setting definitions from old format...
2019-06-08 12:44:47.655 T:3811537776 DEBUG: CAddonSettings[service.library.data.provider]: loading setting definitions
2019-06-08 12:44:47.655 T:3811537776 DEBUG: CAddonSettings[service.library.data.provider]: trying to load setting definitions from old format...
2019-06-08 12:44:47.656 T:3811537776 DEBUG: CAddonSettings[service.library.data.provider]: loading setting definitions
2019-06-08 12:44:47.656 T:3811537776 DEBUG: CAddonSettings[service.library.data.provider]: trying to load setting definitions from old format...
2019-06-08 12:44:47.706 T:3803145072 DEBUG: CAddonSettings[script.common.plugin.cache]: loading setting definitions
2019-06-08 12:44:47.706 T:3803145072 DEBUG: CAddonSettings[script.common.plugin.cache]: trying to load setting definitions from old format...
2019-06-08 12:44:47.707 T:3777966960 DEBUG: CPythonInvoker(8, /storage/.kodi/addons/script.favourites/default.py): setting the Python path to /storage/.kodi/addons/script.favourites:/usr/lib/python27.zip:/usr/lib/python2.7:/usr/lib/python2.7/plat-linux2:/usr/lib/python2.7/lib-tk:/usr/lib/python2.7/lib-old:/usr/lib/python2.7/lib-dynload:/usr/lib/python2.7/site-packages:/usr/lib/python2.7/site-packages/gtk-2.0
2019-06-08 12:44:47.707 T:3777966960 DEBUG: CPythonInvoker(8, /storage/.kodi/addons/script.favourites/default.py): entering source directory /storage/.kodi/addons/script.favourites
2019-06-08 12:44:47.712 T:3777966960 DEBUG: CPythonInvoker(8, /storage/.kodi/addons/script.favourites/default.py): instantiating addon using automatically obtained id of "script.favourites" dependent on version 2.25.0 of the xbmc.python api
2019-06-08 12:44:47.720 T:3828323184 DEBUG: CPythonInvoker(3, /storage/.kodi/addons/plugin.video.youtube/resources/lib/startup.py): setting the Python path to /storage/.kodi/addons/plugin.video.youtube/resources/lib:/storage/.kodi/addons/script.module.certifi/lib:/storage/.kodi/addons/script.module.chardet/lib:/storage/.kodi/addons/script.module.idna/lib:/storage/.kodi/addons/script.module.requests/lib:/storage/.kodi/addons/script.module.six/lib:/storage/.kodi/addons/script.module.urllib3/lib:/usr/lib/python27.zip:/usr/lib/python2.7:/usr/lib/python2.7/plat-linux2:/usr/lib/python2.7/lib-tk:/usr/lib/python2.7/lib-old:/usr/lib/python2.7/lib-dynload:/usr/lib/python2.7/site-packages:/usr/lib/python2.7/site-packages/gtk-2.0
2019-06-08 12:44:47.720 T:3828323184 DEBUG: CPythonInvoker(3, /storage/.kodi/addons/plugin.video.youtube/resources/lib/startup.py): entering source directory /storage/.kodi/addons/plugin.video.youtube/resources/lib
2019-06-08 12:44:47.720 T:3828323184 DEBUG: CPythonInvoker(3, /storage/.kodi/addons/plugin.video.youtube/resources/lib/startup.py): instantiating addon using automatically obtained id of "plugin.video.youtube" dependent on version 2.20.0 of the xbmc.python api
2019-06-08 12:44:47.777 T:3786359664 DEBUG: CecLogMessage - CEC client registered: libCEC version = 4.0.4, client version = 4.0.0, firmware version = 5, logical address(es) = Recorder 1 (1) , physical address: 2.5.0.0, compiled on Fri Jun 7 23:08:52 UTC 2019 by relkai@hammbwcor01 on Linux 4.15.0-48-generic (x86_64), features: P8_USB, DRM, P8_detect, AOCEC
2019-06-08 12:44:47.777 T:3786359664 DEBUG: CecLogMessage - << Recorder 1 (1) -> TV (0): OSD name 'Kodi'
2019-06-08 12:44:47.777 T:3786359664 DEBUG: CecLogMessage - << 10:47:4b:6f:64:69
2019-06-08 12:44:47.957 T:3786359664 DEBUG: CecLogMessage - << requesting power status of 'TV' (0)
2019-06-08 12:44:47.957 T:3786359664 DEBUG: CecLogMessage - << 10:8f
2019-06-08 12:44:48.079 T:3786359664 DEBUG: CecLogMessage - >> 01:00:47:00
2019-06-08 12:44:48.079 T:3786359664 DEBUG: CecLogMessage - marking opcode 'set osd name' as unsupported feature for device 'TV'
2019-06-08 12:44:48.079 T:3786359664 DEBUG: CecLogMessage - >> TV (0) -> Recorder 1 (1): feature abort ( 0)
2019-06-08 12:44:48.287 T:3786359664 DEBUG: CecLogMessage - >> 01:90:00
2019-06-08 12:44:48.287 T:3786359664 DEBUG: CecLogMessage - TV (0): power status changed from 'unknown' to 'on'
2019-06-08 12:44:48.287 T:3786359664 DEBUG: CecLogMessage - >> TV (0) -> Recorder 1 (1): report power status (90)
2019-06-08 12:44:48.287 T:3768787824 DEBUG: OpenConnection - connection to the CEC adapter opened
2019-06-08 12:44:48.287 T:3768787824 DEBUG: SetConfigurationFromLibCEC - settings updated by libCEC
2019-06-08 12:44:48.287 T:3786359664 DEBUG: CecLogMessage - expected response received (90: report power status)
2019-06-08 12:44:48.287 T:3653542768 DEBUG: Thread CECAdapterUpdate start, auto delete: false
2019-06-08 12:44:48.287 T:3653542768 DEBUG: UpdateMenuLanguage - using TV menu language is disabled
2019-06-08 12:44:48.288 T:3786359664 DEBUG: CecLogMessage - << Recorder 1 (1) -> Recorder 2 (2): POLL
2019-06-08 12:44:48.288 T:3786359664 DEBUG: CecLogMessage - << 12
2019-06-08 12:44:48.339 T:3915350896 DEBUG: CRecentlyAddedJob::UpdateTotal() - Running RecentlyAdded home screen update
2019-06-08 12:44:48.343 T:3786359664 WARNING: CecLogMessage - Write: write failed
2019-06-08 12:44:48.343 T:3786359664 DEBUG: CecLogMessage - << 12
2019-06-08 12:44:48.360 T:3915350896 DEBUG: GetArtistsByWhere query: SELECT COUNT(DISTINCT artistview.idArtist) FROM artistview WHERE (EXISTS (SELECT 1 FROM song_artist WHERE song_artist.idArtist = artistview.idArtist AND song_artist.idRole = 1) OR EXISTS (SELECT 1 FROM album_artist WHERE album_artist.idArtist = artistview.idArtist)) AND (artistview.strArtist != '')
2019-06-08 12:44:48.410 T:3786359664 DEBUG: CecLogMessage - >> 01:8c
2019-06-08 12:44:48.410 T:3786359664 DEBUG: CecLogMessage - >> TV (0) -> Recorder 1 (1): give device vendor id (8C)
2019-06-08 12:44:48.487 T:3786359664 WARNING: CecLogMessage - Write: write failed
2019-06-08 12:44:48.487 T:3786359664 DEBUG: CecLogMessage - >> POLL not sent
2019-06-08 12:44:48.487 T:3786359664 DEBUG: CecLogMessage - Recorder 2 (2): device status changed into 'not present'
2019-06-08 12:44:48.487 T:3786359664 DEBUG: CecLogMessage - << Recorder 1 (1) -> Tuner 1 (3): POLL
2019-06-08 12:44:48.487 T:3786359664 DEBUG: CecLogMessage - << 13
2019-06-08 12:44:48.547 T:3786359664 DEBUG: CecLogMessage - >> POLL sent
2019-06-08 12:44:48.547 T:3786359664 DEBUG: CecLogMessage - Tuner 1 (3): device status changed into 'present'
2019-06-08 12:44:48.557 T:3786359664 DEBUG: CecLogMessage - << Recorder 1 (1) -> TV (0): vendor id Pulse Eight (1582)
2019-06-08 12:44:48.557 T:3786359664 DEBUG: CecLogMessage - << 1f:87:00:15:82
2019-06-08 12:44:48.701 T:3786359664 DEBUG: CecLogMessage - << Recorder 1 (1) -> Playback 1 (4): POLL
2019-06-08 12:44:48.701 T:3786359664 DEBUG: CecLogMessage - << 14
2019-06-08 12:44:48.789 T:3836715888 DEBUG: CAddonSettings[script.xbmcbackup]: loading setting definitions
2019-06-08 12:44:48.789 T:3836715888 DEBUG: CAddonSettings[script.xbmcbackup]: trying to load setting definitions from old format...
2019-06-08 12:44:48.789 T:3836715888 WARNING: CAddonSettings[script.xbmcbackup]: cannot reference setting (relative index: -8; absolute index: -1) in another category in old setting condition "eq(-8,3)" for "remove_auth_button"
2019-06-08 12:44:48.790 T:3836715888 WARNING: CAddonSettings[script.xbmcbackup]: failed to parse visible condition "eq(-8,3)" of old setting definition for "remove_auth_button"
2019-06-08 12:44:48.790 T:3836715888 WARNING: CAddonSettings[script.xbmcbackup]: cannot reference setting (relative index: -9; absolute index: -2) in another category in old setting condition "gt(-9,1)" for "remove_auth_button"
2019-06-08 12:44:48.790 T:3836715888 WARNING: CAddonSettings[script.xbmcbackup]: failed to parse visible condition "gt(-9,1)" of old setting definition for "remove_auth_button"
2019-06-08 12:44:48.791 T:3836715888 DEBUG: CAddonSettings[script.xbmcbackup]: loading setting values
2019-06-08 12:44:48.792 T:3803145072 DEBUG: StorageServer Module loaded RUN
2019-06-08 12:44:48.792 T:3803145072 DEBUG: StorageClient-2.5.4 Starting server
2019-06-08 12:44:48.817 T:3845108592 DEBUG: Skin Helper Simplecache --> Initialized
2019-06-08 12:44:48.900 T:3786359664 DEBUG: CecLogMessage - >> 01:a0:00:80:45:06:05
2019-06-08 12:44:48.900 T:3786359664 DEBUG: CecLogMessage - TV (0): vendor = Panasonic (008045)
2019-06-08 12:44:48.900 T:3786359664 DEBUG: CecLogMessage - >> process after replacing vendor handler: >> 01:a0:00:80:45:06:05
2019-06-08 12:44:48.900 T:3786359664 DEBUG: CecLogMessage - >> TV (0) -> Recorder 1 (1): vendor command with id (A0)
2019-06-08 12:44:48.959 T:3786359664 WARNING: CecLogMessage - Write: write failed
2019-06-08 12:44:48.959 T:3786359664 DEBUG: CecLogMessage - << 14
2019-06-08 12:44:49.019 T:3786359664 WARNING: CecLogMessage - Write: write failed
2019-06-08 12:44:49.019 T:3786359664 DEBUG: CecLogMessage - >> POLL not sent
2019-06-08 12:44:49.019 T:3786359664 DEBUG: CecLogMessage - Playback 1 (4): device status changed into 'not present'
2019-06-08 12:44:49.019 T:3786359664 DEBUG: CecLogMessage - << Recorder 1 (1) -> Audio (5): POLL
2019-06-08 12:44:49.020 T:3786359664 DEBUG: CecLogMessage - << 15
2019-06-08 12:44:49.024 T:3811537776 DEBUG: Library Data Provider: service version 0.3.2 started
2019-06-08 12:44:49.025 T:3845108592 DEBUG: CAddonSettings[script.module.metadatautils]: loading setting definitions
2019-06-08 12:44:49.025 T:3845108592 DEBUG: CAddonSettings[script.module.metadatautils]: trying to load setting definitions from old format...
2019-06-08 12:44:49.026 T:3729077104 DEBUG: -->Python Interpreter Initialized<--
2019-06-08 12:44:49.026 T:3729077104 DEBUG: CPythonInvoker(9, /storage/.kodi/addons/script.randomandlastitems/randomandlastitems.py): the source file to load is "/storage/.kodi/addons/script.randomandlastitems/randomandlastitems.py"
2019-06-08 12:44:49.044 T:3819930480 DEBUG: Skin Widgets: script version 0.0.33 started
2019-06-08 12:44:49.046 T:3819930480 DEBUG: CAddonSettings[service.skin.widgets]: loading setting definitions
2019-06-08 12:44:49.047 T:3819930480 DEBUG: CAddonSettings[service.skin.widgets]: trying to load setting definitions from old format...
