2022-12-30 13:15:01.753 T:3907 DEBUG : CAMLCodec::GetPicture: index: 795, pts: 33.116, dur:41ms ar:2.00
2022-12-30 13:15:01.753 T:3907 DEBUG : CVideoPlayerVideo::OutputPicture - ttd:404ms pts:33.116 Clock:32.711 Level:5
2022-12-30 13:15:01.755 T:3908 DEBUG : CVideoPlayerAudio::OutputPacket: pts:33.472 curr_pts:32.712 clock:32.713 level:99
2022-12-30 13:15:01.755 T:3907 DEBUG : CAMLCodec::GetTimeSize: len:24 dl:2144902 fs:2144902 front:45141
2022-12-30 13:15:01.761 T:3907 DEBUG : CAMLCodec::GetTimeSize: len:24 dl:2099761 fs:2144902 front:45141
2022-12-30 13:15:01.762 T:3907 DEBUG : CAMLCodec::GetTimeSize: len:23 dl:2099761 fs:2099761 front:51291
2022-12-30 13:15:01.764 T:3904 DEBUG : CVideoPlayer::ProcessVideoData size:187766 dts:41.166 pts:41.458 dur:41.000ms, clock:32.722 level:88
2022-12-30 13:15:01.767 T:3904 DEBUG : CVideoPlayer::ProcessVideoData size:263342 dts:41.208 pts:41.333 dur:41.000ms, clock:32.725 level:88
2022-12-30 13:15:01.767 T:3904 DEBUG : CVideoPlayer::ProcessVideoData size:37964 dts:41.250 pts:41.250 dur:41.000ms, clock:32.725 level:89
2022-12-30 13:15:01.769 T:3904 DEBUG : CVideoPlayer::ProcessVideoData size:65827 dts:41.291 pts:41.291 dur:41.000ms, clock:32.727 level:89
2022-12-30 13:15:01.769 T:3904 DEBUG : CVideoPlayer::ProcessVideoData size:65603 dts:41.333 pts:41.375 dur:41.000ms, clock:32.727 level:89
2022-12-30 13:15:01.770 T:3907 DEBUG : CAMLCodec::AddData: dl:2164033 sum:2164033 sz:64272 dts:34.159 pts:34.159
2022-12-30 13:15:01.770 T:3907 DEBUG : CAMLCodec::GetTimeSize: len:24 dl:2164033 fs:2164033 front:51291
2022-12-30 13:15:01.771 T:3904 DEBUG : CVideoPlayer::ProcessVideoData size:110129 dts:41.375 pts:41.416 dur:41.000ms, clock:32.729 level:90
2022-12-30 13:15:01.772 T:3904 DEBUG : CVideoPlayer::ProcessAudioData size:2560 dts:41.440 pts:41.440 dur:32.000ms, clock:32.730 drop:0 level:99
2022-12-30 13:15:01.776 T:3907 DEBUG : CAMLCodec::GetTimeSize: len:24 dl:2164033 fs:2164033 front:51291
2022-12-30 13:15:01.789 T:3665 INFO : Skipped 2 duplicate messages..
2022-12-30 13:15:01.789 T:3665 DEBUG : CAMLCodec::PollFrame elapsed:36.094ms
2022-12-30 13:15:01.792 T:3665 DEBUG : PrepareNextRender: frameOnScreen: 32.750 renderPts: 32.917 nextFramePts: 32.908 -> diff: 0.009 render: 1 forceNext: 0
2022-12-30 13:15:01.794 T:3665 DEBUG : CAMLCodec::ReleaseFrame idx:790, drop:0
2022-12-30 13:15:01.795 T:3907 DEBUG : CAMLCodec::GetTimeSize: len:24 dl:2164033 fs:2164033 front:51291
2022-12-30 13:15:01.795 T:3907 DEBUG : CAMLCodec::DequeueBuffer: pts:33.158 idx:796
2022-12-30 13:15:01.795 T:3907 DEBUG : CAMLCodec::GetPicture: index: 796, pts: 33.158, dur:42ms ar:2.00
2022-12-30 13:15:01.795 T:3907 DEBUG : CVideoPlayerVideo::OutputPicture - ttd:404ms pts:33.158 Clock:32.753 Level:5
2022-12-30 13:15:01.796 T:3907 DEBUG : CAMLCodec::GetTimeSize: len:24 dl:2164033 fs:2164033 front:51291
2022-12-30 13:15:01.802 T:3907 DEBUG : CAMLCodec::GetTimeSize: len:24 dl:2112742 fs:2164033 front:51291
2022-12-30 13:15:01.802 T:3907 DEBUG : CAMLCodec::GetTimeSize: len:23 dl:2112742 fs:2112742 front:191806
2022-12-30 13:15:01.805 T:3908 DEBUG : CVideoPlayerAudio::OutputPacket: pts:33.504 curr_pts:32.762 clock:32.763 level:99
2022-12-30 13:15:01.806 T:3908 DEBUG : CVideoPlayerAudio::OutputPacket: pts:33.536 curr_pts:32.763 clock:32.764 level:99
2022-12-30 13:15:01.810 T:3907 DEBUG : CAMLCodec::AddData: dl:2186078 sum:2186078 sz:73336 dts:34.201 pts:34.243
2022-12-30 13:15:01.810 T:3907 DEBUG : CAMLCodec::GetTimeSize: len:24 dl:2186078 fs:2186078 front:191806
2022-12-30 13:15:01.813 T:3904 DEBUG : CVideoPlayer::ProcessAudioData size:2560 dts:41.472 pts:41.472 dur:32.000ms, clock:32.771 drop:0 level:99
2022-12-30 13:15:01.813 T:3904 DEBUG : CVideoPlayer::ProcessAudioData size:2560 dts:41.504 pts:41.504 dur:32.000ms, clock:32.771 drop:0 level:99
2022-12-30 13:15:01.816 T:3907 DEBUG : CAMLCodec::GetTimeSize: len:24 dl:2186078 fs:2186078 front:191806
2022-12-30 13:15:01.831 T:3665 INFO : Skipped 2 duplicate messages..
2022-12-30 13:15:01.831 T:3665 DEBUG : CAMLCodec::PollFrame elapsed:36.507ms
2022-12-30 13:15:01.834 T:3665 DEBUG : PrepareNextRender: frameOnScreen: 32.791 renderPts: 32.958 nextFramePts: 32.950 -> diff: 0.008 render: 1 forceNext: 0
2022-12-30 13:15:01.835 T:3665 DEBUG : CAMLCodec::ReleaseFrame idx:791, drop:0
2022-12-30 13:15:01.835 T:3907 DEBUG : CAMLCodec::GetTimeSize: len:24 dl:2186078 fs:2186078 front:191806
2022-12-30 13:15:01.855 T:3908 INFO : Skipped 3 duplicate messages..
2022-12-30 13:15:01.855 T:3908 DEBUG : CVideoPlayerAudio::OutputPacket: pts:33.568 curr_pts:32.812 clock:32.813 level:99
2022-12-30 13:15:01.855 T:3908 DEBUG : CVideoPlayerAudio::OutputPacket: pts:33.600 curr_pts:32.813 clock:32.813 level:99
2022-12-30 13:15:01.860 T:3907 DEBUG : CAMLCodec::GetTimeSize: len:24 dl:2186078 fs:2186078 front:191806
2022-12-30 13:15:01.864 T:3904 DEBUG : CVideoPlayer::ProcessAudioData size:2560 dts:41.536 pts:41.536 dur:32.000ms, clock:32.822 drop:0 level:99
2022-12-30 13:15:01.864 T:3904 DEBUG : CVideoPlayer::ProcessAudioData size:2560 dts:41.568 pts:41.568 dur:32.000ms, clock:32.822 drop:0 level:99
2022-12-30 13:15:01.866 T:3907 DEBUG : CAMLCodec::GetTimeSize: len:24 dl:2186078 fs:2186078 front:191806
2022-12-30 13:15:01.872 T:3665 DEBUG : CAMLCodec::PollFrame elapsed:37.549ms
2022-12-30 13:15:01.873 T:3907 DEBUG : CAMLCodec::GetTimeSize: len:24 dl:2186078 fs:2186078 front:191806
2022-12-30 13:15:01.876 T:3665 DEBUG : PrepareNextRender: frameOnScreen: 32.834 renderPts: 33.001 nextFramePts: 32.991 -> diff: 0.010 render: 1 forceNext: 0
2022-12-30 13:15:01.877 T:3665 DEBUG : CAMLCodec::ReleaseFrame idx:792, drop:0
2022-12-30 13:15:01.879 T:3907 DEBUG : CAMLCodec::GetTimeSize: len:24 dl:2186078 fs:2186078 front:191806
2022-12-30 13:15:01.879 T:3907 DEBUG : CAMLCodec::DequeueBuffer: pts:33.200 idx:797
2022-12-30 13:15:01.879 T:3907 DEBUG : CAMLCodec::GetPicture: index: 797, pts: 33.200, dur:42ms ar:2.00
2022-12-30 13:15:01.879 T:3907 DEBUG : CVideoPlayerVideo::OutputPicture - ttd:362ms pts:33.200 Clock:32.837 Level:4
2022-12-30 13:15:01.880 T:3907 DEBUG : CAMLCodec::GetTimeSize: len:24 dl:2186078 fs:2186078 front:191806
2022-12-30 13:15:01.886 T:3907 DEBUG : CAMLCodec::GetTimeSize: len:24 dl:1994272 fs:2186078 front:191806
2022-12-30 13:15:01.887 T:3907 DEBUG : CAMLCodec::GetTimeSize: len:23 dl:1994272 fs:1994272 front:96930
2022-12-30 13:15:01.894 T:3907 DEBUG : CAMLCodec::AddData: dl:2054830 sum:2054830 sz:60558 dts:34.243 pts:34.284
2022-12-30 13:15:01.894 T:3907 DEBUG : CAMLCodec::GetTimeSize: len:24 dl:2054830 fs:2054830 front:96930
2022-12-30 13:15:01.905 T:3908 INFO : Skipped 1 duplicate messages..
2022-12-30 13:15:01.905 T:3908 DEBUG : CVideoPlayerAudio::OutputPacket: pts:33.632 curr_pts:32.862 clock:32.863 level:99
2022-12-30 13:15:01.905 T:3904 DEBUG : CVideoPlayer::ProcessAudioData size:2560 dts:41.600 pts:41.600 dur:32.000ms, clock:32.863 drop:0 level:99
2022-12-30 13:15:01.906 T:3907 DEBUG : CAMLCodec::GetTimeSize: len:24 dl:2054830 fs:2054830 front:96930
2022-12-30 13:15:01.914 T:3665 INFO : Skipped 1 duplicate messages..
2022-12-30 13:15:01.914 T:3665 DEBUG : CAMLCodec::PollFrame elapsed:36.445ms
2022-12-30 13:15:01.917 T:3665 DEBUG : PrepareNextRender: frameOnScreen: 32.875 renderPts: 33.042 nextFramePts: 33.033 -> diff: 0.009 render: 1 forceNext: 0
2022-12-30 13:15:01.919 T:3665 DEBUG : CAMLCodec::ReleaseFrame idx:793, drop:0
2022-12-30 13:15:01.919 T:3907 DEBUG : CAMLCodec::GetTimeSize: len:24 dl:2054830 fs:2054830 front:96930
2022-12-30 13:15:01.919 T:3907 DEBUG : CAMLCodec::DequeueBuffer: pts:33.242 idx:798
2022-12-30 13:15:01.919 T:3907 DEBUG : CAMLCodec::GetPicture: index: 798, pts: 33.242, dur:42ms ar:2.00
2022-12-30 13:15:01.919 T:3907 DEBUG : CVideoPlayerVideo::OutputPicture - ttd:364ms pts:33.242 Clock:32.877 Level:4
2022-12-30 13:15:01.920 T:3907 DEBUG : CAMLCodec::GetTimeSize: len:24 dl:2054830 fs:2054830 front:96930
2022-12-30 13:15:01.927 T:3907 DEBUG : CAMLCodec::GetTimeSize: len:24 dl:1957900 fs:2054830 front:96930
2022-12-30 13:15:01.927 T:3907 DEBUG : CAMLCodec::GetTimeSize: len:23 dl:1957900 fs:1957900 front:49388
2022-12-30 13:15:01.930 T:3710 DEBUG : Thread JobWorker 3816804992 terminating (autodelete)
2022-12-30 13:15:01.934 T:3907 DEBUG : CAMLCodec::AddData: dl:2011389 sum:2011389 sz:53489 dts:34.284 pts:34.493
2022-12-30 13:15:01.934 T:3907 DEBUG : CAMLCodec::GetTimeSize: len:24 dl:2011389 fs:2011389 front:49388
2022-12-30 13:15:01.955 T:3908 INFO : Skipped 3 duplicate messages..
2022-12-30 13:15:01.955 T:3908 DEBUG : CVideoPlayerAudio::OutputPacket: pts:33.664 curr_pts:32.912 clock:32.913 level:99
2022-12-30 13:15:01.955 T:3908 DEBUG : CVideoPlayerAudio::OutputPacket: pts:33.696 curr_pts:32.913 clock:32.913 level:99
2022-12-30 13:15:01.956 T:3904 DEBUG : CVideoPlayer::ProcessAudioData size:2560 dts:41.632 pts:41.632 dur:32.000ms, clock:32.914 drop:0 level:99
2022-12-30 13:15:01.956 T:3904 DEBUG : CVideoPlayer::ProcessAudioData size:2560 dts:41.664 pts:41.664 dur:32.000ms, clock:32.914 drop:0 level:99
2022-12-30 13:15:01.956 T:3665 DEBUG : CAMLCodec::PollFrame elapsed:37.156ms
2022-12-30 13:15:01.959 T:3907 DEBUG : CAMLCodec::GetTimeSize: len:24 dl:2011389 fs:2011389 front:49388
2022-12-30 13:15:01.960 T:3907 DEBUG : CAMLCodec::DequeueBuffer: pts:33.283 idx:799
2022-12-30 13:15:01.960 T:3907 DEBUG : CAMLCodec::GetPicture: index: 799, pts: 33.283, dur:41ms ar:2.00
2022-12-30 13:15:01.960 T:3907 DEBUG : CVideoPlayerVideo::OutputPicture - ttd:365ms pts:33.283 Clock:32.918 Level:5
2022-12-30 13:15:01.961 T:3665 DEBUG : PrepareNextRender: frameOnScreen: 32.919 renderPts: 33.086 nextFramePts: 33.075 -> diff: 0.011 render: 1 forceNext: 0
2022-12-30 13:15:01.961 T:3907 DEBUG : CAMLCodec::GetTimeSize: len:24 dl:2011389 fs:2011389 front:49388
2022-12-30 13:15:01.962 T:3665 DEBUG : CAMLCodec::ReleaseFrame idx:794, drop:0
2022-12-30 13:15:01.967 T:3907 DEBUG : CAMLCodec::GetTimeSize: len:24 dl:1962001 fs:2011389 front:49388
2022-12-30 13:15:01.967 T:3907 DEBUG : CAMLCodec::GetTimeSize: len:23 dl:1962001 fs:1962001 front:47351
2022-12-30 13:15:01.968 T:3907 DEBUG : CAMLCodec::DequeueBuffer: pts:33.325 idx:800
2022-12-30 13:15:01.968 T:3907 DEBUG : CAMLCodec::GetPicture: index: 800, pts: 33.325, dur:42ms ar:2.00
2022-12-30 13:15:01.968 T:3907 DEBUG : CVideoPlayerVideo::OutputPicture - ttd:399ms pts:33.325 Clock:32.926 Level:5
2022-12-30 13:15:01.969 T:3907 DEBUG : CAMLCodec::GetTimeSize: len:23 dl:1962001 fs:1962001 front:47351
2022-12-30 13:15:01.974 T:3907 DEBUG : CAMLCodec::AddData: dl:2005127 sum:2005127 sz:43126 dts:34.326 pts:34.409
2022-12-30 13:15:01.974 T:3907 DEBUG : CAMLCodec::GetTimeSize: len:24 dl:2005127 fs:2005127 front:47351
2022-12-30 13:15:01.980 T:3907 DEBUG : CAMLCodec::GetTimeSize: len:24 dl:1957776 fs:2005127 front:47351
2022-12-30 13:15:01.980 T:3907 DEBUG : CAMLCodec::GetTimeSize: len:23 dl:1957776 fs:1957776 front:54376
2022-12-30 13:15:01.986 T:3907 DEBUG : CAMLCodec::AddData: dl:1984789 sum:1984789 sz:27013 dts:34.368 pts:34.368
2022-12-30 13:15:01.986 T:3907 DEBUG : CAMLCodec::GetTimeSize: len:24 dl:1984789 fs:1984789 front:54376
2022-12-30 13:15:01.998 T:3665 INFO : Skipped 1 duplicate messages..
2022-12-30 13:15:01.998 T:3665 DEBUG : CAMLCodec::PollFrame elapsed:34.800ms
2022-12-30 13:15:01.998 T:3907 DEBUG : CAMLCodec::GetTimeSize: len:24 dl:1984789 fs:1984789 front:54376
2022-12-30 13:15:02.001 T:3665 DEBUG : PrepareNextRender: frameOnScreen: 32.959 renderPts: 33.126 nextFramePts: 33.116 -> diff: 0.010 render: 1 forceNext: 0
2022-12-30 13:15:02.002 T:3665 DEBUG : CAMLCodec::ReleaseFrame idx:795, drop:0
2022-12-30 13:15:02.005 T:3908 DEBUG : CVideoPlayerAudio::OutputPacket: pts:33.728 curr_pts:32.962 clock:32.963 level:99
2022-12-30 13:15:02.005 T:3907 DEBUG : CAMLCodec::GetTimeSize: len:24 dl:1984789 fs:1984789 front:54376
2022-12-30 13:15:02.005 T:3907 DEBUG : CAMLCodec::DequeueBuffer: pts:33.367 idx:801
2022-12-30 13:15:02.005 T:3907 DEBUG : CAMLCodec::GetPicture: index: 801, pts: 33.367, dur:42ms ar:2.00
2022-12-30 13:15:02.006 T:3907 DEBUG : CVideoPlayerVideo::OutputPicture - ttd:403ms pts:33.367 Clock:32.964 Level:5
2022-12-30 13:15:02.007 T:3904 DEBUG : CVideoPlayer::ProcessVideoData size:132045 dts:41.416 pts:41.708 dur:41.000ms, clock:32.965 level:88
2022-12-30 13:15:02.009 T:3904 DEBUG : CVideoPlayer::ProcessVideoData size:97179 dts:41.458 pts:41.583 dur:41.000ms, clock:32.967 level:88
2022-12-30 13:15:02.010 T:3904 DEBUG : CVideoPlayer::ProcessVideoData size:86097 dts:41.500 pts:41.500 dur:41.000ms, clock:32.968 level:89
2022-12-30 13:15:02.010 T:3904 DEBUG : CVideoPlayer::ProcessVideoData size:76219 dts:41.541 pts:41.541 dur:41.000ms, clock:32.968 level:89
2022-12-30 13:15:02.012 T:3904 DEBUG : CVideoPlayer::ProcessVideoData size:63878 dts:41.583 pts:41.625 dur:41.000ms, clock:32.970 level:90
2022-12-30 13:15:02.012 T:3904 DEBUG : CVideoPlayer::ProcessVideoData size:63515 dts:41.625 pts:41.667 dur:41.000ms, clock:32.970 level:90
2022-12-30 13:15:02.014 T:3907 DEBUG : CAMLCodec::GetTimeSize: len:24 dl:1930413 fs:1984789 front:54376
2022-12-30 13:15:02.014 T:3907 DEBUG : CAMLCodec::GetTimeSize: len:23 dl:1930413 fs:1930413 front:58846
2022-12-30 13:15:02.015 T:3904 DEBUG : CVideoPlayer::ProcessAudioData size:2560 dts:41.696 pts:41.696 dur:32.000ms, clock:32.973 drop:0 level:99
2022-12-30 13:15:02.019 T:3907 DEBUG : CAMLCodec::AddData: dl:1950492 sum:1950492 sz:20079 dts:34.409 pts:34.451
2022-12-30 13:15:02.019 T:3907 DEBUG : CAMLCodec::GetTimeSize: len:24 dl:1950492 fs:1950492 front:58846
2022-12-30 13:15:02.039 T:3665 INFO : Skipped 3 duplicate messages..
2022-12-30 13:15:02.039 T:3665 DEBUG : CAMLCodec::PollFrame elapsed:36.918ms
2022-12-30 13:15:02.043 T:3665 DEBUG : PrepareNextRender: frameOnScreen: 33.001 renderPts: 33.168 nextFramePts: 33.158 -> diff: 0.010 render: 1 forceNext: 0
2022-12-30 13:15:02.044 T:3907 DEBUG : CAMLCodec::GetTimeSize: len:24 dl:1950492 fs:1950492 front:58846
2022-12-30 13:15:02.044 T:3907 DEBUG : CAMLCodec::DequeueBuffer: pts:33.408 idx:802
2022-12-30 13:15:02.044 T:3907 DEBUG : CAMLCodec::GetPicture: index: 802, pts: 33.408, dur:41ms ar:2.00
2022-12-30 13:15:02.044 T:3907 DEBUG : CVideoPlayerVideo::OutputPicture - ttd:405ms pts:33.408 Clock:33.003 Level:5
2022-12-30 13:15:02.045 T:3665 DEBUG : CAMLCodec::ReleaseFrame idx:796, drop:0
2022-12-30 13:15:02.046 T:3907 DEBUG : CAMLCodec::GetTimeSize: len:24 dl:1950492 fs:1950492 front:58846
2022-12-30 13:15:02.052 T:3907 DEBUG : CAMLCodec::GetTimeSize: len:24 dl:1891646 fs:1950492 front:58846
2022-12-30 13:15:02.052 T:3907 DEBUG : CAMLCodec::GetTimeSize: len:23 dl:1891646 fs:1891646 front:174470
2022-12-30 13:15:02.055 T:3908 DEBUG : CVideoPlayerAudio::OutputPacket: pts:33.760 curr_pts:33.012 clock:33.013 level:99
2022-12-30 13:15:02.055 T:3908 DEBUG : CVideoPlayerAudio::OutputPacket: pts:33.792 curr_pts:33.013 clock:33.013 level:99
2022-12-30 13:15:02.056 T:3904 DEBUG : CVideoPlayer::ProcessAudioData size:2560 dts:41.728 pts:41.728 dur:32.000ms, clock:33.014 drop:0 level:99
2022-12-30 13:15:02.056 T:3904 DEBUG : CVideoPlayer::ProcessAudioData size:2560 dts:41.760 pts:41.760 dur:32.000ms, clock:33.014 drop:0 level:99
2022-12-30 13:15:02.057 T:3907 DEBUG : CAMLCodec::AddData: dl:1925682 sum:1925682 sz:34036 dts:34.451 pts:34.534
2022-12-30 13:15:02.057 T:3907 DEBUG : CAMLCodec::GetTimeSize: len:24 dl:1925682 fs:1925682 front:174470
2022-12-30 13:15:02.081 T:3665 INFO : Skipped 3 duplicate messages..
2022-12-30 13:15:02.081 T:3665 DEBUG : CAMLCodec::PollFrame elapsed:35.849ms
2022-12-30 13:15:02.082 T:3907 DEBUG : CAMLCodec::GetTimeSize: len:24 dl:1925682 fs:1925682 front:174470
2022-12-30 13:15:02.084 T:3665 DEBUG : PrepareNextRender: frameOnScreen: 33.042 renderPts: 33.209 nextFramePts: 33.200 -> diff: 0.009 render: 1 forceNext: 0
2022-12-30 13:15:02.085 T:3665 DEBUG : CAMLCodec::ReleaseFrame idx:797, drop:0
2022-12-30 13:15:02.088 T:3907 DEBUG : CAMLCodec::GetTimeSize: len:24 dl:1925682 fs:1925682 front:174470
2022-12-30 13:15:02.089 T:3907 DEBUG : CAMLCodec::DequeueBuffer: pts:33.450 idx:803
2022-12-30 13:15:02.089 T:3907 DEBUG : CAMLCodec::GetPicture: index: 803, pts: 33.450, dur:42ms ar:2.00
2022-12-30 13:15:02.089 T:3907 DEBUG : CVideoPlayerVideo::OutputPicture - ttd:403ms pts:33.450 Clock:33.047 Level:5
2022-12-30 13:15:02.090 T:3907 DEBUG : CAMLCodec::GetTimeSize: len:24 dl:1925682 fs:1925682 front:174470
2022-12-30 13:15:02.096 T:3907 DEBUG : CAMLCodec::GetTimeSize: len:24 dl:1751212 fs:1925682 front:174470
2022-12-30 13:15:02.096 T:3907 DEBUG : CAMLCodec::GetTimeSize: len:23 dl:1751212 fs:1751212 front:111598
2022-12-30 13:15:02.101 T:3907 DEBUG : CAMLCodec::AddData: dl:1794038 sum:1794038 sz:42826 dts:34.493 pts:34.618
2022-12-30 13:15:02.101 T:3907 DEBUG : CAMLCodec::GetTimeSize: len:24 dl:1794038 fs:1794038 front:111598
2022-12-30 13:15:02.105 T:3908 DEBUG : CVideoPlayerAudio::OutputPacket: pts:33.824 curr_pts:33.062 clock:33.063 level:99
2022-12-30 13:15:02.107 T:3904 DEBUG : CVideoPlayer::ProcessAudioData size:2560 dts:41.792 pts:41.792 dur:32.000ms, clock:33.065 drop:0 level:99
2022-12-30 13:15:02.108 T:3907 DEBUG : CAMLCodec::GetTimeSize: len:24 dl:1794038 fs:1794038 front:111598
2022-12-30 13:15:02.123 T:3665 INFO : Skipped 2 duplicate messages..
2022-12-30 13:15:02.123 T:3665 DEBUG : CAMLCodec::PollFrame elapsed:37.106ms
2022-12-30 13:15:02.126 T:3665 DEBUG : PrepareNextRender: frameOnScreen: 33.084 renderPts: 33.251 nextFramePts: 33.242 -> diff: 0.009 render: 1 forceNext: 0
2022-12-30 13:15:02.127 T:3907 DEBUG : CAMLCodec::GetTimeSize: len:24 dl:1794038 fs:1794038 front:111598
2022-12-30 13:15:02.127 T:3665 DEBUG : CAMLCodec::ReleaseFrame idx:798, drop:0
2022-12-30 13:15:02.133 T:3907 DEBUG : CAMLCodec::GetTimeSize: len:24 dl:1794038 fs:1794038 front:111598
2022-12-30 13:15:02.155 T:3908 INFO : Skipped 3 duplicate messages..
2022-12-30 13:15:02.154 T:3908 DEBUG : CVideoPlayerAudio::OutputPacket: pts:33.856 curr_pts:33.112 clock:33.113 level:99
2022-12-30 13:15:02.155 T:3908 DEBUG : CVideoPlayerAudio::OutputPacket: pts:33.888 curr_pts:33.113 clock:33.113 level:99
2022-12-30 13:15:02.157 T:3904 DEBUG : CVideoPlayer::ProcessAudioData size:2560 dts:41.824 pts:41.824 dur:32.000ms, clock:33.115 drop:0 level:99
2022-12-30 13:15:02.157 T:3904 DEBUG : CVideoPlayer::ProcessAudioData size:2560 dts:41.856 pts:41.856 dur:32.000ms, clock:33.115 drop:0 level:99
2022-12-30 13:15:02.158 T:3907 DEBUG : CAMLCodec::GetTimeSize: len:24 dl:1794038 fs:1794038 front:111598
2022-12-30 13:15:02.164 T:3665 INFO : Skipped 1 duplicate messages..
2022-12-30 13:15:02.164 T:3665 DEBUG : CAMLCodec::PollFrame elapsed:36.798ms
2022-12-30 13:15:02.168 T:3665 DEBUG : PrepareNextRender: frameOnScreen: 33.126 renderPts: 33.293 nextFramePts: 33.283 -> diff: 0.010 render: 1 forceNext: 0
2022-12-30 13:15:02.169 T:3665 DEBUG : CAMLCodec::ReleaseFrame idx:799, drop:0
2022-12-30 13:15:02.170 T:3907 DEBUG : CAMLCodec::GetTimeSize: len:24 dl:1794038 fs:1794038 front:111598
2022-12-30 13:15:02.170 T:3907 DEBUG : CAMLCodec::DequeueBuffer: pts:33.492 idx:804
2022-12-30 13:15:02.170 T:3907 DEBUG : CAMLCodec::GetPicture: index: 804, pts: 33.492, dur:42ms ar:2.00
2022-12-30 13:15:02.170 T:3907 DEBUG : CVideoPlayerVideo::OutputPicture - ttd:363ms pts:33.492 Clock:33.128 Level:4
2022-12-30 13:15:02.171 T:3907 DEBUG : CAMLCodec::GetTimeSize: len:24 dl:1794038 fs:1794038 front:111598
2022-12-30 13:15:02.178 T:3907 DEBUG : CAMLCodec::GetTimeSize: len:24 dl:1682440 fs:1794038 front:111598
2022-12-30 13:15:02.178 T:3907 DEBUG : CAMLCodec::GetTimeSize: len:23 dl:1682440 fs:1682440 front:61686
2022-12-30 13:15:02.183 T:3907 DEBUG : CAMLCodec::AddData: dl:1694185 sum:1694185 sz:11745 dts:34.534 pts:34.576
2022-12-30 13:15:02.183 T:3907 DEBUG : CAMLCodec::GetTimeSize: len:24 dl:1694185 fs:1694185 front:61686
2022-12-30 13:15:02.205 T:3908 INFO : Skipped 3 duplicate messages..
2022-12-30 13:15:02.205 T:3908 DEBUG : CVideoPlayerAudio::OutputPacket: pts:33.920 curr_pts:33.162 clock:33.163 level:99
2022-12-30 13:15:02.206 T:3665 DEBUG : CAMLCodec::PollFrame elapsed:36.444ms
2022-12-30 13:15:02.208 T:3904 DEBUG : CVideoPlayer::ProcessAudioData size:2560 dts:41.888 pts:41.888 dur:32.000ms, clock:33.166 drop:0 level:99
2022-12-30 13:15:02.208 T:3907 DEBUG : CAMLCodec::GetTimeSize: len:24 dl:1694185 fs:1694185 front:61686
2022-12-30 13:15:02.208 T:3907 DEBUG : CAMLCodec::DequeueBuffer: pts:33.533 idx:805
2022-12-30 13:15:02.208 T:3907 DEBUG : CAMLCodec::GetPicture: index: 805, pts: 33.533, dur:41ms ar:2.00
2022-12-30 13:15:02.209 T:3907 DEBUG : CVideoPlayerVideo::OutputPicture - ttd:366ms pts:33.533 Clock:33.167 Level:5
2022-12-30 13:15:02.210 T:3665 DEBUG : PrepareNextRender: frameOnScreen: 33.168 renderPts: 33.335 nextFramePts: 33.325 -> diff: 0.010 render: 1 forceNext: 0
2022-12-30 13:15:02.210 T:3907 DEBUG : CAMLCodec::GetTimeSize: len:24 dl:1694185 fs:1694185 front:61686
2022-12-30 13:15:02.211 T:3665 DEBUG : CAMLCodec::ReleaseFrame idx:800, drop:0
2022-12-30 13:15:02.217 T:3907 DEBUG : CAMLCodec::GetTimeSize: len:24 dl:1632499 fs:1694185 front:61686
2022-12-30 13:15:02.217 T:3907 DEBUG : CAMLCodec::GetTimeSize: len:23 dl:1632499 fs:1632499 front:58977
2022-12-30 13:15:02.217 T:3907 DEBUG : CAMLCodec::DequeueBuffer: pts:33.575 idx:806
2022-12-30 13:15:02.217 T:3907 DEBUG : CAMLCodec::GetPicture: index: 806, pts: 33.575, dur:42ms ar:2.00
2022-12-30 13:15:02.217 T:3907 DEBUG : CVideoPlayerVideo::OutputPicture - ttd:400ms pts:33.575 Clock:33.175 Level:5
2022-12-30 13:15:02.218 T:3907 DEBUG : CAMLCodec::GetTimeSize: len:23 dl:1632499 fs:1632499 front:58977
2022-12-30 13:15:02.223 T:3907 DEBUG : CAMLCodec::AddData: dl:1671819 sum:1671819 sz:39320 dts:34.576 pts:34.660
2022-12-30 13:15:02.223 T:3907 DEBUG : CAMLCodec::GetTimeSize: len:24 dl:1671819 fs:1671819 front:58977
2022-12-30 13:15:02.230 T:3907 DEBUG : CAMLCodec::GetTimeSize: len:24 dl:1612842 fs:1671819 front:58977
2022-12-30 13:15:02.230 T:3907 DEBUG : CAMLCodec::GetTimeSize: len:23 dl:1612842 fs:1612842 front:61572
2022-12-30 13:15:02.237 T:3907 DEBUG : CAMLCodec::AddData: dl:1807248 sum:1807248 sz:194406 dts:34.618 pts:34.826
2022-12-30 13:15:02.237 T:3907 DEBUG : CAMLCodec::GetTimeSize: len:24 dl:1807248 fs:1807248 front:61572
2022-12-30 13:15:02.248 T:3665 INFO : Skipped 1 duplicate messages..
2022-12-30 13:15:02.248 T:3665 DEBUG : CAMLCodec::PollFrame elapsed:36.103ms
2022-12-30 13:15:02.250 T:3907 DEBUG : CAMLCodec::GetTimeSize: len:24 dl:1807248 fs:1807248 front:61572
2022-12-30 13:15:02.250 T:3907 DEBUG : CAMLCodec::DequeueBuffer: pts:33.617 idx:807
2022-12-30 13:15:02.250 T:3907 DEBUG : CAMLCodec::GetPicture: index: 807, pts: 33.617, dur:42ms ar:2.00
2022-12-30 13:15:02.250 T:3907 DEBUG : CVideoPlayerVideo::OutputPicture - ttd:408ms pts:33.617 Clock:33.208 Level:6
2022-12-30 13:15:02.251 T:3907 DEBUG : CAMLCodec::GetTimeSize: len:24 dl:1807248 fs:1807248 front:61572
2022-12-30 13:15:02.252 T:3665 DEBUG : PrepareNextRender: frameOnScreen: 33.210 renderPts: 33.377 nextFramePts: 33.367 -> diff: 0.010 render: 1 forceNext: 0
2022-12-30 13:15:02.253 T:3665 DEBUG : CAMLCodec::ReleaseFrame idx:801, drop:0
2022-12-30 13:15:02.255 T:3908 DEBUG : CVideoPlayerAudio::OutputPacket: pts:33.952 curr_pts:33.212 clock:33.213 level:99
2022-12-30 13:15:02.256 T:3908 DEBUG : CVideoPlayerAudio::OutputPacket: pts:33.984 curr_pts:33.213 clock:33.214 level:99
2022-12-30 13:15:02.258 T:3907 DEBUG : CAMLCodec::GetTimeSize: len:24 dl:1807248 fs:1807248 front:61572
2022-12-30 13:15:02.259 T:3904 DEBUG : CVideoPlayer::ProcessAudioData size:2560 dts:41.920 pts:41.920 dur:32.000ms, clock:33.217 drop:0 level:99
2022-12-30 13:15:02.259 T:3904 DEBUG : CVideoPlayer::ProcessVideoData size:116548 dts:41.667 pts:41.959 dur:41.000ms, clock:33.217 level:88
2022-12-30 13:15:02.260 T:3904 DEBUG : CVideoPlayer::ProcessVideoData size:90207 dts:41.708 pts:41.833 dur:41.000ms, clock:33.218 level:88
2022-12-30 13:15:02.261 T:3904 DEBUG : CVideoPlayer::ProcessVideoData size:63927 dts:41.750 pts:41.750 dur:41.000ms, clock:33.219 level:89
2022-12-30 13:15:02.261 T:3904 DEBUG : CVideoPlayer::ProcessVideoData size:57440 dts:41.792 pts:41.792 dur:41.000ms, clock:33.219 level:89
2022-12-30 13:15:02.262 T:3904 DEBUG : CVideoPlayer::ProcessVideoData size:59707 dts:41.833 pts:41.875 dur:41.000ms, clock:33.220 level:90
2022-12-30 13:15:02.263 T:3904 DEBUG : CVideoPlayer::ProcessVideoData size:56753 dts:41.875 pts:41.917 dur:41.000ms, clock:33.221 level:90
2022-12-30 13:15:02.263 T:3904 DEBUG : CVideoPlayer::ProcessAudioData size:2560 dts:41.952 pts:41.952 dur:32.000ms, clock:33.221 drop:0 level:99
2022-12-30 13:15:02.264 T:3907 DEBUG : CAMLCodec::GetTimeSize: len:24 dl:1745676 fs:1807248 front:61572
2022-12-30 13:15:02.264 T:3907 DEBUG : CAMLCodec::GetTimeSize: len:23 dl:1745676 fs:1745676 front:63788
2022-12-30 13:15:02.272 T:3907 DEBUG : CAMLCodec::AddData: dl:1905312 sum:1905312 sz:159636 dts:34.660 pts:34.743
2022-12-30 13:15:02.272 T:3907 DEBUG : CAMLCodec::GetTimeSize: len:24 dl:1905312 fs:1905312 front:63788
2022-12-30 13:15:02.290 T:3665 INFO : Skipped 2 duplicate messages..
2022-12-30 13:15:02.290 T:3665 DEBUG : CAMLCodec::PollFrame elapsed:36.035ms
2022-12-30 13:15:02.290 T:3907 DEBUG : CAMLCodec::GetTimeSize: len:24 dl:1905312 fs:1905312 front:63788
2022-12-30 13:15:02.294 T:3665 DEBUG : PrepareNextRender: frameOnScreen: 33.252 renderPts: 33.419 nextFramePts: 33.408 -> diff: 0.011 render: 1 forceNext: 0
2022-12-30 13:15:02.295 T:3665 DEBUG : CAMLCodec::ReleaseFrame idx:802, drop:0
2022-12-30 13:15:02.297 T:3907 DEBUG : CAMLCodec::GetTimeSize: len:24 dl:1905312 fs:1905312 front:63788
2022-12-30 13:15:02.297 T:3907 DEBUG : CAMLCodec::DequeueBuffer: pts:33.659 idx:808
2022-12-30 13:15:02.297 T:3907 DEBUG : CAMLCodec::GetPicture: index: 808, pts: 33.659, dur:42ms ar:2.00
2022-12-30 13:15:02.297 T:3907 DEBUG : CVideoPlayerVideo::OutputPicture - ttd:404ms pts:33.659 Clock:33.255 Level:5
2022-12-30 13:15:02.298 T:3907 DEBUG : CAMLCodec::GetTimeSize: len:24 dl:1905312 fs:1905312 front:63788
2022-12-30 13:15:02.305 T:3908 DEBUG : CVideoPlayerAudio::OutputPacket: pts:34.016 curr_pts:33.262 clock:33.263 level:99
2022-12-30 13:15:02.306 T:3908 DEBUG : CVideoPlayerAudio::OutputPacket: pts:34.048 curr_pts:33.263 clock:33.264 level:99
2022-12-30 13:15:02.306 T:3907 DEBUG : CAMLCodec::GetTimeSize: len:24 dl:1841524 fs:1905312 front:63788
2022-12-30 13:15:02.306 T:3907 DEBUG : CAMLCodec::GetTimeSize: len:23 dl:1841524 fs:1841524 front:154931
2022-12-30 13:15:02.313 T:3907 DEBUG : CAMLCodec::AddData: dl:1969028 sum:1969028 sz:127504 dts:34.701 pts:34.701
2022-12-30 13:15:02.313 T:3907 DEBUG : CAMLCodec::GetTimeSize: len:24 dl:1969028 fs:1969028 front:154931
2022-12-30 13:15:02.314 T:3904 DEBUG : CVideoPlayer::ProcessVideoData size:147301 dts:41.917 pts:42.000 dur:41.000ms, clock:33.272 level:90
2022-12-30 13:15:02.314 T:3904 DEBUG : CVideoPlayer::ProcessAudioData size:2560 dts:41.984 pts:41.984 dur:32.000ms, clock:33.272 drop:0 level:99
2022-12-30 13:15:02.316 T:3904 DEBUG : CVideoPlayer::ProcessVideoData size:131065 dts:41.959 pts:42.042 dur:41.000ms, clock:33.274 level:90
2022-12-30 13:15:02.318 T:3904 DEBUG : CVideoPlayer::ProcessAudioData size:2560 dts:42.016 pts:42.016 dur:32.000ms, clock:33.276 drop:0 level:99
2022-12-30 13:15:02.320 T:3907 DEBUG : CAMLCodec::GetTimeSize: len:24 dl:1969028 fs:1969028 front:154931
2022-12-30 13:15:02.331 T:3665 INFO : Skipped 1 duplicate messages..
2022-12-30 13:15:02.331 T:3665 DEBUG : CAMLCodec::PollFrame elapsed:35.891ms
2022-12-30 13:15:02.333 T:3907 DEBUG : CAMLCodec::GetTimeSize: len:24 dl:1969028 fs:1969028 front:154931
2022-12-30 13:15:02.333 T:3907 DEBUG : CAMLCodec::DequeueBuffer: pts:33.700 idx:809
2022-12-30 13:15:02.333 T:3907 DEBUG : CAMLCodec::GetPicture: index: 809, pts: 33.700, dur:41ms ar:2.00
2022-12-30 13:15:02.333 T:3907 DEBUG : CVideoPlayerVideo::OutputPicture - ttd:409ms pts:33.700 Clock:33.291 Level:6
2022-12-30 13:15:02.334 T:3907 DEBUG : CAMLCodec::GetTimeSize: len:24 dl:1969028 fs:1969028 front:154931
2022-12-30 13:15:02.335 T:3665 DEBUG : PrepareNextRender: frameOnScreen: 33.293 renderPts: 33.460 nextFramePts: 33.450 -> diff: 0.010 render: 1 forceNext: 0
2022-12-30 13:15:02.336 T:3665 DEBUG : CAMLCodec::ReleaseFrame idx:803, drop:0
2022-12-30 13:15:02.340 T:3907 DEBUG : CAMLCodec::GetTimeSize: len:24 dl:1969028 fs:1969028 front:154931
2022-12-30 13:15:02.347 T:3907 DEBUG : CAMLCodec::GetTimeSize: len:24 dl:1814097 fs:1969028 front:154931
2022-12-30 13:15:02.347 T:3907 DEBUG : CAMLCodec::GetTimeSize: len:23 dl:1814097 fs:1814097 front:108210
2022-12-30 13:15:02.355 T:3908 DEBUG : CVideoPlayerAudio::OutputPacket: pts:34.080 curr_pts:33.312 clock:33.313 level:99
2022-12-30 13:15:02.355 T:3907 DEBUG : CAMLCodec::AddData: dl:1915224 sum:1915224 sz:101127 dts:34.743 pts:34.785
2022-12-30 13:15:02.355 T:3907 DEBUG : CAMLCodec::GetTimeSize: len:24 dl:1915224 fs:1915224 front:108210
2022-12-30 13:15:02.358 T:3904 DEBUG : CVideoPlayer::ProcessAudioData size:2560 dts:42.048 pts:42.048 dur:32.000ms, clock:33.316 drop:0 level:99
2022-12-30 13:15:02.361 T:3907 DEBUG : CAMLCodec::GetTimeSize: len:24 dl:1915224 fs:1915224 front:108210
2022-12-30 13:15:02.373 T:3665 INFO : Skipped 1 duplicate messages..
2022-12-30 13:15:02.373 T:3665 DEBUG : CAMLCodec::PollFrame elapsed:36.695ms
2022-12-30 13:15:02.374 T:3907 DEBUG : CAMLCodec::GetTimeSize: len:24 dl:1915224 fs:1915224 front:108210
2022-12-30 13:15:02.375 T:3665 DEBUG : PrepareNextRender: frameOnScreen: 33.333 renderPts: 33.500 nextFramePts: 33.492 -> diff: 0.008 render: 1 forceNext: 0
2022-12-30 13:15:02.376 T:3665 DEBUG : CAMLCodec::ReleaseFrame idx:804, drop:0
2022-12-30 13:15:02.380 T:3907 DEBUG : CAMLCodec::GetTimeSize: len:24 dl:1915224 fs:1915224 front:108210
2022-12-30 13:15:02.405 T:3908 INFO : Skipped 3 duplicate messages..
2022-12-30 13:15:02.405 T:3908 DEBUG : CVideoPlayerAudio::OutputPacket: pts:34.112 curr_pts:33.362 clock:33.363 level:99
2022-12-30 13:15:02.406 T:3908 DEBUG : CVideoPlayerAudio::OutputPacket: pts:34.144 curr_pts:33.363 clock:33.364 level:99
2022-12-30 13:15:02.406 T:3907 DEBUG : CAMLCodec::GetTimeSize: len:24 dl:1915224 fs:1915224 front:108210
2022-12-30 13:15:02.409 T:3904 DEBUG : CVideoPlayer::ProcessAudioData size:2560 dts:42.080 pts:42.080 dur:32.000ms, clock:33.367 drop:0 level:99
2022-12-30 13:15:02.409 T:3904 DEBUG : CVideoPlayer::ProcessAudioData size:2560 dts:42.112 pts:42.112 dur:32.000ms, clock:33.367 drop:0 level:99
2022-12-30 13:15:02.412 T:3907 DEBUG : CAMLCodec::GetTimeSize: len:24 dl:1915224 fs:1915224 front:108210
2022-12-30 13:15:02.415 T:3665 DEBUG : CAMLCodec::PollFrame elapsed:37.914ms
2022-12-30 13:15:02.418 T:3665 DEBUG : PrepareNextRender: frameOnScreen: 33.376 renderPts: 33.543 nextFramePts: 33.533 -> diff: 0.010 render: 1 forceNext: 0
2022-12-30 13:15:02.419 T:3907 DEBUG : CAMLCodec::GetTimeSize: len:24 dl:1915224 fs:1915224 front:108210
2022-12-30 13:15:02.419 T:3907 DEBUG : CAMLCodec::DequeueBuffer: pts:33.742 idx:810
2022-12-30 13:15:02.419 T:3907 DEBUG : CAMLCodec::GetPicture: index: 810, pts: 33.742, dur:42ms ar:2.00
2022-12-30 13:15:02.419 T:3907 DEBUG : CVideoPlayerVideo::OutputPicture - ttd:365ms pts:33.742 Clock:33.377 Level:4
2022-12-30 13:15:02.419 T:3665 DEBUG : CAMLCodec::ReleaseFrame idx:805, drop:0
2022-12-30 13:15:02.420 T:3907 DEBUG : CAMLCodec::GetTimeSize: len:24 dl:1915224 fs:1915224 front:108210
2022-12-30 13:15:02.426 T:3907 DEBUG : CAMLCodec::GetTimeSize: len:24 dl:1807014 fs:1915224 front:108210
2022-12-30 13:15:02.426 T:3907 DEBUG : CAMLCodec::GetTimeSize: len:23 dl:1807014 fs:1807014 front:65785
2022-12-30 13:15:02.434 T:3907 DEBUG : CAMLCodec::AddData: dl:1966543 sum:1966543 sz:159529 dts:34.785 pts:35.077
2022-12-30 13:15:02.434 T:3907 DEBUG : CAMLCodec::GetTimeSize: len:24 dl:1966543 fs:1966543 front:65785
2022-12-30 13:15:02.455 T:3908 INFO : Skipped 3 duplicate messages..
2022-12-30 13:15:02.455 T:3908 DEBUG : CVideoPlayerAudio::OutputPacket: pts:34.176 curr_pts:33.412 clock:33.413 level:99
2022-12-30 13:15:02.456 T:3665 DEBUG : CAMLCodec::PollFrame elapsed:36.810ms
2022-12-30 13:15:02.459 T:3907 DEBUG : CAMLCodec::GetTimeSize: len:24 dl:1966543 fs:1966543 front:65785
2022-12-30 13:15:02.459 T:3907 DEBUG : CAMLCodec::DequeueBuffer: pts:33.784 idx:811
2022-12-30 13:15:02.459 T:3907 DEBUG : CAMLCodec::GetPicture: index: 811, pts: 33.784, dur:42ms ar:2.00
2022-12-30 13:15:02.460 T:3907 DEBUG : CVideoPlayerVideo::OutputPicture - ttd:366ms pts:33.784 Clock:33.418 Level:5
2022-12-30 13:15:02.460 T:3904 DEBUG : CVideoPlayer::ProcessAudioData size:2560 dts:42.144 pts:42.144 dur:32.000ms, clock:33.418 drop:0 level:99
2022-12-30 13:15:02.460 T:3665 DEBUG : PrepareNextRender: frameOnScreen: 33.418 renderPts: 33.585 nextFramePts: 33.575 -> diff: 0.010 render: 1 forceNext: 0
2022-12-30 13:15:02.461 T:3907 DEBUG : CAMLCodec::GetTimeSize: len:24 dl:1966543 fs:1966543 front:65785
2022-12-30 13:15:02.462 T:3665 DEBUG : CAMLCodec::ReleaseFrame idx:806, drop:0
2022-12-30 13:15:02.467 T:3907 DEBUG : CAMLCodec::GetTimeSize: len:24 dl:1900758 fs:1966543 front:65785
2022-12-30 13:15:02.467 T:3907 DEBUG : CAMLCodec::GetTimeSize: len:23 dl:1900758 fs:1900758 front:65639
2022-12-30 13:15:02.467 T:3907 DEBUG : CAMLCodec::DequeueBuffer: pts:33.825 idx:812
2022-12-30 13:15:02.467 T:3907 DEBUG : CAMLCodec::GetPicture: index: 812, pts: 33.825, dur:41ms ar:2.00
2022-12-30 13:15:02.467 T:3907 DEBUG : CVideoPlayerVideo::OutputPicture - ttd:399ms pts:33.825 Clock:33.425 Level:5
2022-12-30 13:15:02.469 T:3907 DEBUG : CAMLCodec::GetTimeSize: len:23 dl:1900758 fs:1900758 front:65639
2022-12-30 13:15:02.476 T:3907 DEBUG : CAMLCodec::AddData: dl:1932050 sum:1997689 sz:96931 dts:34.826 pts:34.952
2022-12-30 13:15:02.476 T:3907 DEBUG : CAMLCodec::GetTimeSize: len:24 dl:1932050 fs:1997689 front:65639
2022-12-30 13:15:02.476 T:3907 DEBUG : CAMLCodec::GetTimeSize: len:23 dl:1932050 fs:1932050 front:53213
2022-12-30 13:15:02.483 T:3907 DEBUG : CAMLCodec::AddData: dl:2004047 sum:2004047 sz:71997 dts:34.868 pts:34.868
2022-12-30 13:15:02.484 T:3907 DEBUG : CAMLCodec::GetTimeSize: len:24 dl:2004047 fs:2004047 front:53213
2022-12-30 13:15:02.498 T:3665 INFO : Skipped 2 duplicate messages..
2022-12-30 13:15:02.498 T:3665 DEBUG : CAMLCodec::PollFrame elapsed:35.749ms
2022-12-30 13:15:02.501 T:3665 DEBUG : PrepareNextRender: frameOnScreen: 33.459 renderPts: 33.626 nextFramePts: 33.617 -> diff: 0.009 render: 1 forceNext: 0
2022-12-30 13:15:02.502 T:3665 DEBUG : CAMLCodec::ReleaseFrame idx:807, drop:0
2022-12-30 13:15:02.502 T:3907 DEBUG : CAMLCodec::GetTimeSize: len:24 dl:2004047 fs:2004047 front:53213
2022-12-30 13:15:02.502 T:3907 DEBUG : CAMLCodec::DequeueBuffer: pts:33.867 idx:813
2022-12-30 13:15:02.502 T:3907 DEBUG : CAMLCodec::GetPicture: index: 813, pts: 33.867, dur:42ms ar:2.00
2022-12-30 13:15:02.502 T:3907 DEBUG : CVideoPlayerVideo::OutputPicture - ttd:406ms pts:33.867 Clock:33.460 Level:5
2022-12-30 13:15:02.504 T:3907 DEBUG : CAMLCodec::GetTimeSize: len:24 dl:2004047 fs:2004047 front:53213
2022-12-30 13:15:02.505 T:3908 DEBUG : CVideoPlayerAudio::OutputPacket: pts:34.208 curr_pts:33.462 clock:33.463 level:99
2022-12-30 13:15:02.506 T:3908 DEBUG : CVideoPlayerAudio::OutputPacket: pts:34.240 curr_pts:33.463 clock:33.464 level:99
2022-12-30 13:15:02.510 T:3907 DEBUG : CAMLCodec::GetTimeSize: len:24 dl:1950834 fs:2004047 front:53213
2022-12-30 13:15:02.510 T:3907 DEBUG : CAMLCodec::GetTimeSize: len:23 dl:1950834 fs:1950834 front:223906
2022-12-30 13:15:02.510 T:3904 DEBUG : CVideoPlayer::ProcessAudioData size:2560 dts:42.176 pts:42.176 dur:32.000ms, clock:33.468 drop:0 level:99
2022-12-30 13:15:02.511 T:3904 DEBUG : CVideoPlayer::ProcessAudioData size:2560 dts:42.208 pts:42.208 dur:32.000ms, clock:33.469 drop:0 level:99
2022-12-30 13:15:02.517 T:3907 DEBUG : CAMLCodec::AddData: dl:2022499 sum:2022499 sz:71665 dts:34.910 pts:34.910
2022-12-30 13:15:02.517 T:3907 DEBUG : CAMLCodec::GetTimeSize: len:24 dl:2022499 fs:2022499 front:223906
2022-12-30 13:15:02.540 T:3665 INFO : Skipped 3 duplicate messages..
2022-12-30 13:15:02.540 T:3665 DEBUG : CAMLCodec::PollFrame elapsed:37.947ms
2022-12-30 13:15:02.541 T:3665 DEBUG : PrepareNextRender: frameOnScreen: 33.499 renderPts: 33.666 nextFramePts: 33.659 -> diff: 0.007 render: 1 forceNext: 0
2022-12-30 13:15:02.541 T:3665 DEBUG : CAMLCodec::ReleaseFrame idx:808, drop:0
2022-12-30 13:15:02.542 T:3907 DEBUG : CAMLCodec::GetTimeSize: len:24 dl:2022499 fs:2022499 front:223906
2022-12-30 13:15:02.542 T:3907 DEBUG : CAMLCodec::DequeueBuffer: pts:33.909 idx:814
2022-12-30 13:15:02.542 T:3907 DEBUG : CAMLCodec::GetPicture: index: 814, pts: 33.909, dur:42ms ar:2.00
2022-12-30 13:15:02.542 T:3907 DEBUG : CVideoPlayerVideo::OutputPicture - ttd:408ms pts:33.909 Clock:33.500 Level:5
2022-12-30 13:15:02.543 T:3907 DEBUG : CAMLCodec::GetTimeSize: len:24 dl:2022499 fs:2022499 front:223906
2022-12-30 13:15:02.544 T:3907 DEBUG : CAMLCodec::DequeueBuffer: pts:33.951 idx:815
2022-12-30 13:15:02.544 T:3907 DEBUG : CAMLCodec::GetPicture: index: 815, pts: 33.951, dur:42ms ar:2.00
2022-12-30 13:15:02.544 T:3907 DEBUG : CVideoPlayerVideo::OutputPicture - ttd:449ms pts:33.951 Clock:33.502 Level:6
2022-12-30 13:15:02.545 T:3907 DEBUG : CAMLCodec::GetTimeSize: len:24 dl:2022499 fs:2022499 front:223906
2022-12-30 13:15:02.545 T:3907 DEBUG : CAMLCodec::DequeueBuffer: pts:33.992 idx:816
2022-12-30 13:15:02.545 T:3907 DEBUG : CAMLCodec::GetPicture: index: 816, pts: 33.992, dur:41ms ar:2.00
2022-12-30 13:15:02.555 T:3908 DEBUG : CVideoPlayerAudio::OutputPacket: pts:34.272 curr_pts:33.512 clock:33.513 level:99
2022-12-30 13:15:02.561 T:3904 DEBUG : CVideoPlayer::ProcessAudioData size:2560 dts:42.240 pts:42.240 dur:32.000ms, clock:33.519 drop:0 level:99
2022-12-30 13:15:02.581 T:3665 DEBUG : CAMLCodec::PollFrame elapsed:40.278ms
2022-12-30 13:15:02.583 T:3665 DEBUG : PrepareNextRender: frameOnScreen: 33.541 renderPts: 33.708 nextFramePts: 33.700 -> diff: 0.008 render: 1 forceNext: 0
2022-12-30 13:15:02.583 T:3907 DEBUG : CVideoPlayerVideo::OutputPicture - ttd:489ms pts:33.992 Clock:33.503 Level:6
2022-12-30 13:15:02.584 T:3665 DEBUG : CAMLCodec::ReleaseFrame idx:809, drop:0
2022-12-30 13:15:02.584 T:3907 DEBUG : CAMLCodec::GetTimeSize: len:24 dl:1798593 fs:2022499 front:223906
2022-12-30 13:15:02.584 T:3907 DEBUG : CAMLCodec::GetTimeSize: len:23 dl:1798593 fs:1798593 front:111658
2022-12-30 13:15:02.592 T:3907 DEBUG : CAMLCodec::AddData: dl:1849248 sum:1849248 sz:50655 dts:34.952 pts:34.993
2022-12-30 13:15:02.592 T:3907 DEBUG : CAMLCodec::GetTimeSize: len:24 dl:1849248 fs:1849248 front:111658
2022-12-30 13:15:02.598 T:3907 DEBUG : CAMLCodec::GetTimeSize: len:24 dl:1737590 fs:1849248 front:111658
2022-12-30 13:15:02.598 T:3907 DEBUG : CAMLCodec::GetTimeSize: len:23 dl:1737590 fs:1737590 front:98457
2022-12-30 13:15:02.603 T:3907 DEBUG : CAMLCodec::AddData: dl:1787183 sum:1787183 sz:49593 dts:34.993 pts:35.035
2022-12-30 13:15:02.603 T:3907 DEBUG : CAMLCodec::GetTimeSize: len:24 dl:1787183 fs:1787183 front:98457
2022-12-30 13:15:02.605 T:3908 DEBUG : CVideoPlayerAudio::OutputPacket: pts:34.304 curr_pts:33.562 clock:33.563 level:99
2022-12-30 13:15:02.606 T:3908 DEBUG : CVideoPlayerAudio::OutputPacket: pts:34.336 curr_pts:33.563 clock:33.564 level:99
2022-12-30 13:15:02.610 T:3907 DEBUG : CAMLCodec::GetTimeSize: len:24 dl:1787183 fs:1787183 front:98457
2022-12-30 13:15:02.613 T:3904 DEBUG : CVideoPlayer::ProcessVideoData size:133168 dts:42.000 pts:42.209 dur:41.000ms, clock:33.571 level:87
2022-12-30 13:15:02.614 T:3904 DEBUG : CVideoPlayer::ProcessVideoData size:114025 dts:42.042 pts:42.125 dur:41.000ms, clock:33.572 level:88
2022-12-30 13:15:02.615 T:3904 DEBUG : CVideoPlayer::ProcessVideoData size:83377 dts:42.084 pts:42.084 dur:41.000ms, clock:33.573 level:88
2022-12-30 13:15:02.616 T:3904 DEBUG : CVideoPlayer::ProcessVideoData size:86533 dts:42.125 pts:42.167 dur:41.000ms, clock:33.574 level:89
2022-12-30 13:15:02.617 T:3907 DEBUG : CAMLCodec::GetTimeSize: len:24 dl:1787183 fs:1787183 front:98457
2022-12-30 13:15:02.617 T:3904 DEBUG : CVideoPlayer::ProcessAudioData size:2560 dts:42.272 pts:42.272 dur:32.000ms, clock:33.575 drop:0 level:99
2022-12-30 13:15:02.617 T:3904 DEBUG : CVideoPlayer::ProcessAudioData size:2560 dts:42.304 pts:42.304 dur:32.000ms, clock:33.576 drop:0 level:99
2022-12-30 13:15:02.623 T:3907 DEBUG : CAMLCodec::GetTimeSize: len:24 dl:1787183 fs:1787183 front:98457
2022-12-30 13:15:02.623 T:3665 DEBUG : CAMLCodec::PollFrame elapsed:38.938ms
2022-12-30 13:15:02.627 T:3665 DEBUG : PrepareNextRender: frameOnScreen: 33.585 renderPts: 33.752 nextFramePts: 33.742 -> diff: 0.010 render: 1 forceNext: 0
2022-12-30 13:15:02.628 T:3665 DEBUG : CAMLCodec::ReleaseFrame idx:810, drop:0
2022-12-30 13:15:02.630 T:3907 DEBUG : CAMLCodec::GetTimeSize: len:24 dl:1787183 fs:1787183 front:98457
2022-12-30 13:15:02.636 T:3907 DEBUG : CAMLCodec::GetTimeSize: len:24 dl:1688726 fs:1787183 front:98457
2022-12-30 13:15:02.636 T:3907 DEBUG : CAMLCodec::GetTimeSize: len:23 dl:1688726 fs:1688726 front:66053
2022-12-30 13:15:02.643 T:3907 DEBUG : CAMLCodec::AddData: dl:1827101 sum:1827101 sz:138375 dts:35.035 pts:35.410
2022-12-30 13:15:02.643 T:3907 DEBUG : CAMLCodec::GetTimeSize: len:24 dl:1827101 fs:1827101 front:66053
2022-12-30 13:15:02.655 T:3908 INFO : Skipped 1 duplicate messages..
2022-12-30 13:15:02.655 T:3908 DEBUG : CVideoPlayerAudio::OutputPacket: pts:34.368 curr_pts:33.612 clock:33.613 level:99
2022-12-30 13:15:02.656 T:3908 DEBUG : CVideoPlayerAudio::OutputPacket: pts:34.400 curr_pts:33.613 clock:33.614 level:99
2022-12-30 13:15:02.656 T:3907 DEBUG : CAMLCodec::GetTimeSize: len:24 dl:1827101 fs:1827101 front:66053
2022-12-30 13:15:02.658 T:3904 DEBUG : CVideoPlayer::ProcessAudioData size:2560 dts:42.336 pts:42.336 dur:32.000ms, clock:33.616 drop:0 level:99
2022-12-30 13:15:02.658 T:3904 DEBUG : CVideoPlayer::ProcessAudioData size:2560 dts:42.368 pts:42.368 dur:32.000ms, clock:33.616 drop:0 level:99
2022-12-30 13:15:02.662 T:3907 DEBUG : CAMLCodec::GetTimeSize: len:24 dl:1827101 fs:1827101 front:66053
2022-12-30 13:15:02.665 T:3665 DEBUG : CAMLCodec::PollFrame elapsed:36.245ms
2022-12-30 13:15:02.668 T:3665 DEBUG : PrepareNextRender: frameOnScreen: 33.626 renderPts: 33.793 nextFramePts: 33.784 -> diff: 0.009 render: 1 forceNext: 0
2022-12-30 13:15:02.668 T:3907 DEBUG : CAMLCodec::GetTimeSize: len:24 dl:1827101 fs:1827101 front:66053
2022-12-30 13:15:02.669 T:3907 DEBUG : CAMLCodec::DequeueBuffer: pts:34.034 idx:817
2022-12-30 13:15:02.669 T:3907 DEBUG : CAMLCodec::GetPicture: index: 817, pts: 34.034, dur:42ms ar:2.00
2022-12-30 13:15:02.669 T:3907 DEBUG : CVideoPlayerVideo::OutputPicture - ttd:407ms pts:34.034 Clock:33.627 Level:5
2022-12-30 13:15:02.670 T:3665 DEBUG : CAMLCodec::ReleaseFrame idx:811, drop:0
2022-12-30 13:15:02.670 T:3907 DEBUG : CAMLCodec::GetTimeSize: len:24 dl:1827101 fs:1827101 front:66053
2022-12-30 13:15:02.676 T:3907 DEBUG : CAMLCodec::GetTimeSize: len:24 dl:1761048 fs:1827101 front:66053
2022-12-30 13:15:02.676 T:3907 DEBUG : CAMLCodec::GetTimeSize: len:23 dl:1761048 fs:1761048 front:69830
2022-12-30 13:15:02.684 T:3907 DEBUG : CAMLCodec::AddData: dl:1844878 sum:1844878 sz:83830 dts:35.077 pts:35.244
2022-12-30 13:15:02.684 T:3907 DEBUG : CAMLCodec::GetTimeSize: len:24 dl:1844878 fs:1844878 front:69830
2022-12-30 13:15:02.705 T:3908 INFO : Skipped 3 duplicate messages..
2022-12-30 13:15:02.705 T:3908 DEBUG : CVideoPlayerAudio::OutputPacket: pts:34.432 curr_pts:33.662 clock:33.663 level:99
2022-12-30 13:15:02.707 T:3665 DEBUG : CAMLCodec::PollFrame elapsed:36.472ms
2022-12-30 13:15:02.709 T:3907 DEBUG : CAMLCodec::GetTimeSize: len:24 dl:1844878 fs:1844878 front:69830
2022-12-30 13:15:02.709 T:3907 DEBUG : CAMLCodec::DequeueBuffer: pts:34.076 idx:818
2022-12-30 13:15:02.709 T:3907 DEBUG : CAMLCodec::GetPicture: index: 818, pts: 34.076, dur:42ms ar:2.00
2022-12-30 13:15:02.709 T:3907 DEBUG : CVideoPlayerVideo::OutputPicture - ttd:409ms pts:34.076 Clock:33.667 Level:6
2022-12-30 13:15:02.710 T:3904 DEBUG : CVideoPlayer::ProcessAudioData size:2560 dts:42.400 pts:42.400 dur:32.000ms, clock:33.668 drop:0 level:99
2022-12-30 13:15:02.710 T:3907 DEBUG : CAMLCodec::GetTimeSize: len:24 dl:1844878 fs:1844878 front:69830
2022-12-30 13:15:02.711 T:3665 DEBUG : PrepareNextRender: frameOnScreen: 33.669 renderPts: 33.836 nextFramePts: 33.825 -> diff: 0.011 render: 1 forceNext: 0
2022-12-30 13:15:02.712 T:3665 DEBUG : CAMLCodec::ReleaseFrame idx:812, drop:0
2022-12-30 13:15:02.716 T:3907 DEBUG : CAMLCodec::GetTimeSize: len:24 dl:1775048 fs:1844878 front:69830
2022-12-30 13:15:02.716 T:3907 DEBUG : CAMLCodec::GetTimeSize: len:23 dl:1775048 fs:1775048 front:64272
2022-12-30 13:15:02.722 T:3907 DEBUG : CAMLCodec::AddData: dl:1815821 sum:1815821 sz:40773 dts:35.118 pts:35.118
2022-12-30 13:15:02.722 T:3907 DEBUG : CAMLCodec::GetTimeSize: len:24 dl:1815821 fs:1815821 front:64272
2022-12-30 13:15:02.748 T:3665 INFO : Skipped 4 duplicate messages..
2022-12-30 13:15:02.748 T:3665 DEBUG : CAMLCodec::PollFrame elapsed:36.153ms
2022-12-30 13:15:02.752 T:3665 DEBUG : PrepareNextRender: frameOnScreen: 33.710 renderPts: 33.877 nextFramePts: 33.867 -> diff: 0.010 render: 1 forceNext: 0
2022-12-30 13:15:02.753 T:3907 DEBUG : CAMLCodec::GetTimeSize: len:24 dl:1815821 fs:1815821 front:64272
2022-12-30 13:15:02.753 T:3907 DEBUG : CAMLCodec::DequeueBuffer: pts:34.117 idx:819
2022-12-30 13:15:02.753 T:3907 DEBUG : CAMLCodec::GetPicture: index: 819, pts: 34.117, dur:41ms ar:2.00
2022-12-30 13:15:02.753 T:3907 DEBUG : CVideoPlayerVideo::OutputPicture - ttd:405ms pts:34.117 Clock:33.711 Level:5
2022-12-30 13:15:02.754 T:3665 DEBUG : CAMLCodec::ReleaseFrame idx:813, drop:0
2022-12-30 13:15:02.754 T:3907 DEBUG : CAMLCodec::GetTimeSize: len:24 dl:1815821 fs:1815821 front:64272
2022-12-30 13:15:02.755 T:3908 DEBUG : CVideoPlayerAudio::OutputPacket: pts:34.464 curr_pts:33.712 clock:33.713 level:99
2022-12-30 13:15:02.756 T:3908 DEBUG : CVideoPlayerAudio::OutputPacket: pts:34.496 curr_pts:33.713 clock:33.714 level:99
2022-12-30 13:15:02.760 T:3904 DEBUG : CVideoPlayer::ProcessAudioData size:2560 dts:42.432 pts:42.432 dur:32.000ms, clock:33.718 drop:0 level:99
2022-12-30 13:15:02.761 T:3904 DEBUG : CVideoPlayer::ProcessAudioData size:2560 dts:42.464 pts:42.464 dur:32.000ms, clock:33.719 drop:0 level:99
2022-12-30 13:15:02.761 T:3907 DEBUG : CAMLCodec::GetTimeSize: len:24 dl:1751549 fs:1815821 front:64272
2022-12-30 13:15:02.761 T:3907 DEBUG : CAMLCodec::GetTimeSize: len:23 dl:1751549 fs:1751549 front:73336
2022-12-30 13:15:02.766 T:3907 DEBUG : CAMLCodec::AddData: dl:1798908 sum:1798908 sz:47359 dts:35.160 pts:35.160
2022-12-30 13:15:02.766 T:3907 DEBUG : CAMLCodec::GetTimeSize: len:24 dl:1798908 fs:1798908 front:73336
2022-12-30 13:15:02.790 T:3665 INFO : Skipped 3 duplicate messages..
2022-12-30 13:15:02.790 T:3665 DEBUG : CAMLCodec::PollFrame elapsed:35.880ms
2022-12-30 13:15:02.791 T:3907 DEBUG : CAMLCodec::GetTimeSize: len:24 dl:1798908 fs:1798908 front:73336
2022-12-30 13:15:02.791 T:3907 DEBUG : CAMLCodec::DequeueBuffer: pts:34.159 idx:820
2022-12-30 13:15:02.791 T:3907 DEBUG : CAMLCodec::GetPicture: index: 820, pts: 34.159, dur:42ms ar:2.00
2022-12-30 13:15:02.791 T:3907 DEBUG : CVideoPlayerVideo::OutputPicture - ttd:409ms pts:34.159 Clock:33.749 Level:6
2022-12-30 13:15:02.793 T:3907 DEBUG : CAMLCodec::GetTimeSize: len:24 dl:1798908 fs:1798908 front:73336
2022-12-30 13:15:02.795 T:3665 DEBUG : PrepareNextRender: frameOnScreen: 33.753 renderPts: 33.919 nextFramePts: 33.909 -> diff: 0.010 render: 1 forceNext: 0
2022-12-30 13:15:02.796 T:3665 DEBUG : CAMLCodec::ReleaseFrame idx:814, drop:0
2022-12-30 13:15:02.799 T:3907 DEBUG : CAMLCodec::GetTimeSize: len:24 dl:1798908 fs:1798908 front:73336
2022-12-30 13:15:02.805 T:3908 DEBUG : CVideoPlayerAudio::OutputPacket: pts:34.528 curr_pts:33.762 clock:33.763 level:99
2022-12-30 13:15:02.805 T:3907 DEBUG : CAMLCodec::GetTimeSize: len:24 dl:1725572 fs:1798908 front:73336
2022-12-30 13:15:02.805 T:3907 DEBUG : CAMLCodec::GetTimeSize: len:23 dl:1725572 fs:1725572 front:60558
2022-12-30 13:15:02.810 T:3907 DEBUG : CAMLCodec::AddData: dl:1763298 sum:1763298 sz:37726 dts:35.202 pts:35.202
2022-12-30 13:15:02.811 T:3907 DEBUG : CAMLCodec::GetTimeSize: len:24 dl:1763298 fs:1763298 front:60558
2022-12-30 13:15:02.811 T:3904 DEBUG : CVideoPlayer::ProcessAudioData size:2560 dts:42.496 pts:42.496 dur:32.000ms, clock:33.769 drop:0 level:99
2022-12-30 13:15:02.817 T:3907 DEBUG : CAMLCodec::GetTimeSize: len:24 dl:1763298 fs:1763298 front:60558
2022-12-30 13:15:02.832 T:3665 INFO : Skipped 2 duplicate messages..
2022-12-30 13:15:02.832 T:3665 DEBUG : CAMLCodec::PollFrame elapsed:35.584ms
2022-12-30 13:15:02.835 T:3665 DEBUG : PrepareNextRender: frameOnScreen: 33.793 renderPts: 33.960 nextFramePts: 33.951 -> diff: 0.009 render: 1 forceNext: 0
2022-12-30 13:15:02.836 T:3907 DEBUG : CAMLCodec::GetTimeSize: len:24 dl:1763298 fs:1763298 front:60558
2022-12-30 13:15:02.836 T:3907 DEBUG : CAMLCodec::DequeueBuffer: pts:34.201 idx:821
2022-12-30 13:15:02.836 T:3907 DEBUG : CAMLCodec::GetPicture: index: 821, pts: 34.201, dur:42ms ar:2.00
2022-12-30 13:15:02.836 T:3907 DEBUG : CVideoPlayerVideo::OutputPicture - ttd:406ms pts:34.201 Clock:33.794 Level:5
2022-12-30 13:15:02.837 T:3665 DEBUG : CAMLCodec::ReleaseFrame idx:815, drop:0
2022-12-30 13:15:02.837 T:3907 DEBUG : CAMLCodec::GetTimeSize: len:24 dl:1763298 fs:1763298 front:60558
2022-12-30 13:15:02.843 T:3907 DEBUG : CAMLCodec::GetTimeSize: len:24 dl:1702740 fs:1763298 front:60558
2022-12-30 13:15:02.844 T:3907 DEBUG : CAMLCodec::GetTimeSize: len:23 dl:1702740 fs:1702740 front:53489
2022-12-30 13:15:02.849 T:3907 DEBUG : CAMLCodec::AddData: dl:1742171 sum:1742171 sz:39431 dts:35.244 pts:35.285
2022-12-30 13:15:02.849 T:3907 DEBUG : CAMLCodec::GetTimeSize: len:24 dl:1742171 fs:1742171 front:53489
2022-12-30 13:15:02.855 T:3908 DEBUG : CVideoPlayerAudio::OutputPacket: pts:34.560 curr_pts:33.812 clock:33.813 level:99
