2022-12-30 13:14:58.415 T:3907 DEBUG : CVideoPlayerVideo::OutputPicture - ttd:407ms pts:29.780 Clock:29.373 Level:6
2022-12-30 13:14:58.415 T:3665 DEBUG : PrepareNextRender: frameOnScreen: 29.373 renderPts: 29.540 nextFramePts: 29.529 -> diff: 0.011 render: 1 forceNext: 0
2022-12-30 13:14:58.416 T:3907 DEBUG : CAMLCodec::GetTimeSize: len:24 dl:2013753 fs:2013753 front:29316
2022-12-30 13:14:58.417 T:3665 DEBUG : CAMLCodec::ReleaseFrame idx:709, drop:0
2022-12-30 13:14:58.422 T:3907 DEBUG : CAMLCodec::GetTimeSize: len:24 dl:1984437 fs:2013753 front:29316
2022-12-30 13:14:58.422 T:3907 DEBUG : CAMLCodec::GetTimeSize: len:23 dl:1984437 fs:1984437 front:180907
2022-12-30 13:14:58.427 T:3907 DEBUG : CAMLCodec::AddData: dl:2020345 sum:2020345 sz:35908 dts:30.822 pts:30.822
2022-12-30 13:14:58.428 T:3907 DEBUG : CAMLCodec::GetTimeSize: len:24 dl:2020345 fs:2020345 front:180907
2022-12-30 13:14:58.453 T:3907 INFO : Skipped 4 duplicate messages..
2022-12-30 13:14:58.453 T:3907 DEBUG : CAMLCodec::DequeueBuffer: pts:29.821 idx:716
2022-12-30 13:14:58.453 T:3907 DEBUG : CAMLCodec::GetPicture: index: 716, pts: 29.821, dur:41ms ar:2.00
2022-12-30 13:14:58.453 T:3907 DEBUG : CVideoPlayerVideo::OutputPicture - ttd:409ms pts:29.821 Clock:29.411 Level:6
2022-12-30 13:14:58.453 T:3665 DEBUG : CAMLCodec::PollFrame elapsed:36.072ms
2022-12-30 13:14:58.455 T:3908 DEBUG : CVideoPlayerAudio::OutputPacket: pts:30.176 curr_pts:29.412 clock:29.413 level:99
2022-12-30 13:14:58.455 T:3907 DEBUG : CAMLCodec::GetTimeSize: len:24 dl:2020345 fs:2020345 front:180907
2022-12-30 13:14:58.455 T:3904 DEBUG : CVideoPlayer::ProcessAudioData size:2560 dts:38.144 pts:38.144 dur:32.000ms, clock:29.413 drop:0 level:99
2022-12-30 13:14:58.458 T:3665 DEBUG : PrepareNextRender: frameOnScreen: 29.416 renderPts: 29.583 nextFramePts: 29.571 -> diff: 0.012 render: 1 forceNext: 0
2022-12-30 13:14:58.460 T:3665 DEBUG : CAMLCodec::ReleaseFrame idx:710, drop:0
2022-12-30 13:14:58.461 T:3907 DEBUG : CAMLCodec::GetTimeSize: len:24 dl:2020345 fs:2020345 front:180907
2022-12-30 13:14:58.467 T:3907 DEBUG : CAMLCodec::GetTimeSize: len:24 dl:1839438 fs:2020345 front:180907
2022-12-30 13:14:58.467 T:3907 DEBUG : CAMLCodec::GetTimeSize: len:23 dl:1839438 fs:1839438 front:31941
2022-12-30 13:14:58.473 T:3907 DEBUG : CAMLCodec::AddData: dl:1877966 sum:1877966 sz:38528 dts:30.864 pts:30.864
2022-12-30 13:14:58.473 T:3907 DEBUG : CAMLCodec::GetTimeSize: len:24 dl:1877966 fs:1877966 front:31941
2022-12-30 13:14:58.494 T:3665 INFO : Skipped 3 duplicate messages..
2022-12-30 13:14:58.494 T:3665 DEBUG : CAMLCodec::PollFrame elapsed:34.342ms
2022-12-30 13:14:58.498 T:3907 DEBUG : CAMLCodec::GetTimeSize: len:24 dl:1877966 fs:1877966 front:31941
2022-12-30 13:14:58.498 T:3907 DEBUG : CAMLCodec::DequeueBuffer: pts:29.863 idx:717
2022-12-30 13:14:58.498 T:3907 DEBUG : CAMLCodec::GetPicture: index: 717, pts: 29.863, dur:42ms ar:2.00
2022-12-30 13:14:58.498 T:3907 DEBUG : CVideoPlayerVideo::OutputPicture - ttd:406ms pts:29.863 Clock:29.456 Level:6
2022-12-30 13:14:58.499 T:3665 DEBUG : PrepareNextRender: frameOnScreen: 29.457 renderPts: 29.623 nextFramePts: 29.613 -> diff: 0.010 render: 1 forceNext: 0
2022-12-30 13:14:58.499 T:3907 DEBUG : CAMLCodec::GetTimeSize: len:24 dl:1877966 fs:1877966 front:31941
2022-12-30 13:14:58.500 T:3665 DEBUG : CAMLCodec::ReleaseFrame idx:711, drop:0
2022-12-30 13:14:58.505 T:3908 DEBUG : CVideoPlayerAudio::OutputPacket: pts:30.208 curr_pts:29.462 clock:29.463 level:99
2022-12-30 13:14:58.506 T:3908 DEBUG : CVideoPlayerAudio::OutputPacket: pts:30.240 curr_pts:29.463 clock:29.464 level:99
2022-12-30 13:14:58.506 T:3907 DEBUG : CAMLCodec::GetTimeSize: len:24 dl:1846025 fs:1877966 front:31941
2022-12-30 13:14:58.506 T:3907 DEBUG : CAMLCodec::GetTimeSize: len:23 dl:1846025 fs:1846025 front:205938
2022-12-30 13:14:58.506 T:3904 DEBUG : CVideoPlayer::ProcessAudioData size:2560 dts:38.176 pts:38.176 dur:32.000ms, clock:29.464 drop:0 level:99
2022-12-30 13:14:58.506 T:3904 DEBUG : CVideoPlayer::ProcessAudioData size:2560 dts:38.208 pts:38.208 dur:32.000ms, clock:29.465 drop:0 level:99
2022-12-30 13:14:58.511 T:3907 DEBUG : CAMLCodec::AddData: dl:1886089 sum:1886089 sz:40064 dts:30.906 pts:30.948
2022-12-30 13:14:58.511 T:3907 DEBUG : CAMLCodec::GetTimeSize: len:24 dl:1886089 fs:1886089 front:205938
2022-12-30 13:14:58.536 T:3665 INFO : Skipped 3 duplicate messages..
2022-12-30 13:14:58.536 T:3665 DEBUG : CAMLCodec::PollFrame elapsed:36.060ms
2022-12-30 13:14:58.537 T:3907 DEBUG : CAMLCodec::GetTimeSize: len:24 dl:1886089 fs:1886089 front:205938
2022-12-30 13:14:58.537 T:3907 DEBUG : CAMLCodec::DequeueBuffer: pts:29.905 idx:718
2022-12-30 13:14:58.537 T:3907 DEBUG : CAMLCodec::GetPicture: index: 718, pts: 29.905, dur:42ms ar:2.00
2022-12-30 13:14:58.537 T:3907 DEBUG : CVideoPlayerVideo::OutputPicture - ttd:409ms pts:29.905 Clock:29.496 Level:6
2022-12-30 13:14:58.539 T:3907 DEBUG : CAMLCodec::GetTimeSize: len:24 dl:1886089 fs:1886089 front:205938
2022-12-30 13:14:58.539 T:3907 DEBUG : CAMLCodec::DequeueBuffer: pts:29.947 idx:719
2022-12-30 13:14:58.539 T:3907 DEBUG : CAMLCodec::GetPicture: index: 719, pts: 29.947, dur:42ms ar:2.00
2022-12-30 13:14:58.540 T:3665 DEBUG : PrepareNextRender: frameOnScreen: 29.498 renderPts: 29.665 nextFramePts: 29.655 -> diff: 0.010 render: 1 forceNext: 0
2022-12-30 13:14:58.540 T:3907 DEBUG : CVideoPlayerVideo::OutputPicture - ttd:450ms pts:29.947 Clock:29.497 Level:6
2022-12-30 13:14:58.541 T:3665 DEBUG : CAMLCodec::ReleaseFrame idx:712, drop:0
2022-12-30 13:14:58.541 T:3907 DEBUG : CAMLCodec::GetTimeSize: len:24 dl:1886089 fs:1886089 front:205938
2022-12-30 13:14:58.541 T:3907 DEBUG : CAMLCodec::DequeueBuffer: pts:29.988 idx:720
2022-12-30 13:14:58.541 T:3907 DEBUG : CAMLCodec::GetPicture: index: 720, pts: 29.988, dur:41ms ar:2.00
2022-12-30 13:14:58.555 T:3908 DEBUG : CVideoPlayerAudio::OutputPacket: pts:30.272 curr_pts:29.512 clock:29.513 level:99
2022-12-30 13:14:58.557 T:3904 DEBUG : CVideoPlayer::ProcessAudioData size:2560 dts:38.240 pts:38.240 dur:32.000ms, clock:29.515 drop:0 level:99
2022-12-30 13:14:58.577 T:3665 DEBUG : CAMLCodec::PollFrame elapsed:36.227ms
2022-12-30 13:14:58.581 T:3665 DEBUG : PrepareNextRender: frameOnScreen: 29.539 renderPts: 29.706 nextFramePts: 29.696 -> diff: 0.010 render: 1 forceNext: 0
2022-12-30 13:14:58.581 T:3907 DEBUG : CVideoPlayerVideo::OutputPicture - ttd:488ms pts:29.988 Clock:29.500 Level:6
2022-12-30 13:14:58.582 T:3665 DEBUG : CAMLCodec::ReleaseFrame idx:713, drop:0
2022-12-30 13:14:58.583 T:3907 DEBUG : CAMLCodec::GetTimeSize: len:24 dl:1680151 fs:1886089 front:205938
2022-12-30 13:14:58.583 T:3907 DEBUG : CAMLCodec::GetTimeSize: len:23 dl:1680151 fs:1680151 front:112123
2022-12-30 13:14:58.588 T:3907 DEBUG : CAMLCodec::AddData: dl:1606854 sum:1718977 sz:38826 dts:30.948 pts:30.989
2022-12-30 13:14:58.588 T:3907 DEBUG : CAMLCodec::GetTimeSize: len:24 dl:1606854 fs:1718977 front:112123
2022-12-30 13:14:58.588 T:3907 DEBUG : CAMLCodec::GetTimeSize: len:23 dl:1606854 fs:1606854 front:89657
2022-12-30 13:14:58.595 T:3907 DEBUG : CAMLCodec::AddData: dl:1739098 sum:1739098 sz:132244 dts:30.989 pts:31.240
2022-12-30 13:14:58.596 T:3907 DEBUG : CAMLCodec::GetTimeSize: len:24 dl:1739098 fs:1739098 front:89657
2022-12-30 13:14:58.605 T:3908 INFO : Skipped 1 duplicate messages..
2022-12-30 13:14:58.605 T:3908 DEBUG : CVideoPlayerAudio::OutputPacket: pts:30.304 curr_pts:29.562 clock:29.563 level:99
2022-12-30 13:14:58.606 T:3908 DEBUG : CVideoPlayerAudio::OutputPacket: pts:30.336 curr_pts:29.563 clock:29.564 level:99
2022-12-30 13:14:58.609 T:3904 DEBUG : CVideoPlayer::ProcessVideoData size:147970 dts:37.996 pts:38.247 dur:41.000ms, clock:29.567 level:87
2022-12-30 13:14:58.610 T:3904 DEBUG : CVideoPlayer::ProcessVideoData size:117392 dts:38.038 pts:38.163 dur:41.000ms, clock:29.568 level:88
2022-12-30 13:14:58.611 T:3904 DEBUG : CVideoPlayer::ProcessVideoData size:81778 dts:38.080 pts:38.080 dur:41.000ms, clock:29.569 level:88
2022-12-30 13:14:58.612 T:3904 DEBUG : CVideoPlayer::ProcessVideoData size:76691 dts:38.121 pts:38.121 dur:41.000ms, clock:29.571 level:89
2022-12-30 13:14:58.613 T:3904 DEBUG : CVideoPlayer::ProcessVideoData size:68657 dts:38.163 pts:38.205 dur:41.000ms, clock:29.571 level:89
2022-12-30 13:14:58.614 T:3904 DEBUG : CVideoPlayer::ProcessAudioData size:2560 dts:38.272 pts:38.272 dur:32.000ms, clock:29.572 drop:0 level:99
2022-12-30 13:14:58.615 T:3904 DEBUG : CVideoPlayer::ProcessAudioData size:2560 dts:38.304 pts:38.304 dur:32.000ms, clock:29.573 drop:0 level:99
2022-12-30 13:14:58.615 T:3907 DEBUG : CAMLCodec::GetTimeSize: len:24 dl:1739098 fs:1739098 front:89657
2022-12-30 13:14:58.619 T:3665 DEBUG : CAMLCodec::PollFrame elapsed:36.601ms
2022-12-30 13:14:58.622 T:3907 DEBUG : CAMLCodec::GetTimeSize: len:24 dl:1739098 fs:1739098 front:89657
2022-12-30 13:14:58.623 T:3665 DEBUG : PrepareNextRender: frameOnScreen: 29.581 renderPts: 29.748 nextFramePts: 29.738 -> diff: 0.010 render: 1 forceNext: 0
2022-12-30 13:14:58.625 T:3665 DEBUG : CAMLCodec::ReleaseFrame idx:714, drop:0
2022-12-30 13:14:58.629 T:3907 DEBUG : CAMLCodec::GetTimeSize: len:24 dl:1739098 fs:1739098 front:89657
2022-12-30 13:14:58.635 T:3907 DEBUG : CAMLCodec::GetTimeSize: len:24 dl:1649441 fs:1739098 front:89657
2022-12-30 13:14:58.635 T:3907 DEBUG : CAMLCodec::GetTimeSize: len:23 dl:1649441 fs:1649441 front:40667
2022-12-30 13:14:58.642 T:3907 DEBUG : CAMLCodec::AddData: dl:1752130 sum:1752130 sz:102689 dts:31.031 pts:31.156
2022-12-30 13:14:58.642 T:3907 DEBUG : CAMLCodec::GetTimeSize: len:24 dl:1752130 fs:1752130 front:40667
2022-12-30 13:14:58.655 T:3908 INFO : Skipped 1 duplicate messages..
2022-12-30 13:14:58.655 T:3908 DEBUG : CVideoPlayerAudio::OutputPacket: pts:30.368 curr_pts:29.612 clock:29.613 level:99
2022-12-30 13:14:58.655 T:3904 DEBUG : CVideoPlayer::ProcessAudioData size:2560 dts:38.336 pts:38.336 dur:32.000ms, clock:29.613 drop:0 level:99
2022-12-30 13:14:58.655 T:3904 DEBUG : CVideoPlayer::ProcessAudioData size:2560 dts:38.368 pts:38.368 dur:32.000ms, clock:29.613 drop:0 level:99
2022-12-30 13:14:58.656 T:3908 DEBUG : CVideoPlayerAudio::OutputPacket: pts:30.400 curr_pts:29.613 clock:29.614 level:100
2022-12-30 13:14:58.657 T:3907 DEBUG : CAMLCodec::GetTimeSize: len:24 dl:1752130 fs:1752130 front:40667
2022-12-30 13:14:58.661 T:3665 DEBUG : CAMLCodec::PollFrame elapsed:35.949ms
2022-12-30 13:14:58.663 T:3907 DEBUG : CAMLCodec::GetTimeSize: len:24 dl:1752130 fs:1752130 front:40667
2022-12-30 13:14:58.664 T:3907 DEBUG : CAMLCodec::DequeueBuffer: pts:30.030 idx:721
2022-12-30 13:14:58.664 T:3907 DEBUG : CAMLCodec::GetPicture: index: 721, pts: 30.030, dur:42ms ar:2.00
2022-12-30 13:14:58.664 T:3907 DEBUG : CVideoPlayerVideo::OutputPicture - ttd:408ms pts:30.030 Clock:29.622 Level:6
2022-12-30 13:14:58.665 T:3665 DEBUG : PrepareNextRender: frameOnScreen: 29.623 renderPts: 29.790 nextFramePts: 29.780 -> diff: 0.010 render: 1 forceNext: 0
2022-12-30 13:14:58.665 T:3907 DEBUG : CAMLCodec::GetTimeSize: len:24 dl:1752130 fs:1752130 front:40667
2022-12-30 13:14:58.666 T:3665 DEBUG : CAMLCodec::ReleaseFrame idx:715, drop:0
2022-12-30 13:14:58.672 T:3907 DEBUG : CAMLCodec::GetTimeSize: len:24 dl:1711463 fs:1752130 front:40667
2022-12-30 13:14:58.672 T:3907 DEBUG : CAMLCodec::GetTimeSize: len:23 dl:1711463 fs:1711463 front:45668
2022-12-30 13:14:58.677 T:3907 DEBUG : CAMLCodec::AddData: dl:1755401 sum:1755401 sz:43938 dts:31.073 pts:31.073
2022-12-30 13:14:58.677 T:3907 DEBUG : CAMLCodec::GetTimeSize: len:24 dl:1755401 fs:1755401 front:45668
2022-12-30 13:14:58.703 T:3665 INFO : Skipped 4 duplicate messages..
2022-12-30 13:14:58.703 T:3665 DEBUG : CAMLCodec::PollFrame elapsed:36.166ms
2022-12-30 13:14:58.705 T:3908 DEBUG : CVideoPlayerAudio::OutputPacket: pts:30.432 curr_pts:29.663 clock:29.663 level:99
2022-12-30 13:14:58.706 T:3904 DEBUG : CVideoPlayer::ProcessAudioData size:2560 dts:38.400 pts:38.400 dur:32.000ms, clock:29.664 drop:0 level:99
2022-12-30 13:14:58.708 T:3907 DEBUG : CAMLCodec::GetTimeSize: len:24 dl:1755401 fs:1755401 front:45668
2022-12-30 13:14:58.708 T:3907 DEBUG : CAMLCodec::DequeueBuffer: pts:30.072 idx:722
2022-12-30 13:14:58.708 T:3907 DEBUG : CAMLCodec::GetPicture: index: 722, pts: 30.072, dur:42ms ar:2.00
2022-12-30 13:14:58.708 T:3907 DEBUG : CVideoPlayerVideo::OutputPicture - ttd:405ms pts:30.072 Clock:29.667 Level:6
2022-12-30 13:14:58.709 T:3665 DEBUG : PrepareNextRender: frameOnScreen: 29.667 renderPts: 29.834 nextFramePts: 29.821 -> diff: 0.013 render: 1 forceNext: 0
2022-12-30 13:14:58.710 T:3907 DEBUG : CAMLCodec::GetTimeSize: len:24 dl:1755401 fs:1755401 front:45668
2022-12-30 13:14:58.711 T:3665 DEBUG : CAMLCodec::ReleaseFrame idx:716, drop:0
2022-12-30 13:14:58.716 T:3907 DEBUG : CAMLCodec::GetTimeSize: len:24 dl:1709733 fs:1755401 front:45668
2022-12-30 13:14:58.716 T:3907 DEBUG : CAMLCodec::GetTimeSize: len:23 dl:1709733 fs:1709733 front:226278
2022-12-30 13:14:58.721 T:3907 DEBUG : CAMLCodec::AddData: dl:1752775 sum:1752775 sz:43042 dts:31.114 pts:31.114
2022-12-30 13:14:58.721 T:3907 DEBUG : CAMLCodec::GetTimeSize: len:24 dl:1752775 fs:1752775 front:226278
2022-12-30 13:14:58.744 T:3665 INFO : Skipped 3 duplicate messages..
2022-12-30 13:14:58.744 T:3665 DEBUG : CAMLCodec::PollFrame elapsed:33.600ms
2022-12-30 13:14:58.747 T:3907 DEBUG : CAMLCodec::GetTimeSize: len:24 dl:1752775 fs:1752775 front:226278
2022-12-30 13:14:58.747 T:3907 DEBUG : CAMLCodec::DequeueBuffer: pts:30.113 idx:723
2022-12-30 13:14:58.747 T:3907 DEBUG : CAMLCodec::GetPicture: index: 723, pts: 30.113, dur:41ms ar:2.00
2022-12-30 13:14:58.747 T:3907 DEBUG : CVideoPlayerVideo::OutputPicture - ttd:408ms pts:30.113 Clock:29.705 Level:6
2022-12-30 13:14:58.748 T:3907 DEBUG : CAMLCodec::GetTimeSize: len:24 dl:1752775 fs:1752775 front:226278
2022-12-30 13:14:58.748 T:3665 DEBUG : PrepareNextRender: frameOnScreen: 29.706 renderPts: 29.873 nextFramePts: 29.863 -> diff: 0.010 render: 1 forceNext: 0
2022-12-30 13:14:58.749 T:3665 DEBUG : CAMLCodec::ReleaseFrame idx:717, drop:0
2022-12-30 13:14:58.755 T:3908 DEBUG : CVideoPlayerAudio::OutputPacket: pts:30.464 curr_pts:29.712 clock:29.713 level:99
2022-12-30 13:14:58.756 T:3908 DEBUG : CVideoPlayerAudio::OutputPacket: pts:30.496 curr_pts:29.713 clock:29.714 level:99
2022-12-30 13:14:58.755 T:3907 DEBUG : CAMLCodec::GetTimeSize: len:24 dl:1526497 fs:1752775 front:226278
2022-12-30 13:14:58.756 T:3907 DEBUG : CAMLCodec::GetTimeSize: len:23 dl:1526497 fs:1526497 front:106259
2022-12-30 13:14:58.757 T:3904 DEBUG : CVideoPlayer::ProcessAudioData size:2560 dts:38.432 pts:38.432 dur:32.000ms, clock:29.715 drop:0 level:99
2022-12-30 13:14:58.757 T:3904 DEBUG : CVideoPlayer::ProcessAudioData size:2560 dts:38.464 pts:38.464 dur:32.000ms, clock:29.715 drop:0 level:99
2022-12-30 13:14:58.763 T:3907 DEBUG : CAMLCodec::AddData: dl:1589680 sum:1589680 sz:63183 dts:31.156 pts:31.198
2022-12-30 13:14:58.763 T:3907 DEBUG : CAMLCodec::GetTimeSize: len:24 dl:1589680 fs:1589680 front:106259
2022-12-30 13:14:58.786 T:3665 INFO : Skipped 3 duplicate messages..
2022-12-30 13:14:58.786 T:3665 DEBUG : CAMLCodec::PollFrame elapsed:36.408ms
2022-12-30 13:14:58.788 T:3907 DEBUG : CAMLCodec::GetTimeSize: len:24 dl:1589680 fs:1589680 front:106259
2022-12-30 13:14:58.788 T:3907 DEBUG : CAMLCodec::DequeueBuffer: pts:30.155 idx:724
2022-12-30 13:14:58.788 T:3907 DEBUG : CAMLCodec::GetPicture: index: 724, pts: 30.155, dur:42ms ar:2.00
2022-12-30 13:14:58.788 T:3907 DEBUG : CVideoPlayerVideo::OutputPicture - ttd:408ms pts:30.155 Clock:29.747 Level:6
2022-12-30 13:14:58.790 T:3907 DEBUG : CAMLCodec::GetTimeSize: len:24 dl:1589680 fs:1589680 front:106259
2022-12-30 13:14:58.791 T:3665 DEBUG : PrepareNextRender: frameOnScreen: 29.749 renderPts: 29.915 nextFramePts: 29.905 -> diff: 0.010 render: 1 forceNext: 0
2022-12-30 13:14:58.791 T:3665 DEBUG : CAMLCodec::ReleaseFrame idx:718, drop:0
2022-12-30 13:14:58.796 T:3907 DEBUG : CAMLCodec::GetTimeSize: len:24 dl:1483421 fs:1589680 front:106259
2022-12-30 13:14:58.796 T:3907 DEBUG : CAMLCodec::GetTimeSize: len:23 dl:1483421 fs:1483421 front:62715
2022-12-30 13:14:58.804 T:3907 DEBUG : CAMLCodec::AddData: dl:1615260 sum:1615260 sz:131839 dts:31.198 pts:31.365
2022-12-30 13:14:58.804 T:3907 DEBUG : CAMLCodec::GetTimeSize: len:24 dl:1615260 fs:1615260 front:62715
2022-12-30 13:14:58.805 T:3908 DEBUG : CVideoPlayerAudio::OutputPacket: pts:30.528 curr_pts:29.762 clock:29.763 level:99
2022-12-30 13:14:58.808 T:3904 DEBUG : CVideoPlayer::ProcessAudioData size:2560 dts:38.496 pts:38.496 dur:32.000ms, clock:29.766 drop:0 level:99
2022-12-30 13:14:58.810 T:3907 DEBUG : CAMLCodec::GetTimeSize: len:24 dl:1615260 fs:1615260 front:62715
2022-12-30 13:14:58.828 T:3665 INFO : Skipped 2 duplicate messages..
2022-12-30 13:14:58.828 T:3665 DEBUG : CAMLCodec::PollFrame elapsed:36.813ms
2022-12-30 13:14:58.829 T:3907 DEBUG : CAMLCodec::GetTimeSize: len:24 dl:1615260 fs:1615260 front:62715
2022-12-30 13:14:58.829 T:3907 DEBUG : CAMLCodec::DequeueBuffer: pts:30.197 idx:725
2022-12-30 13:14:58.829 T:3907 DEBUG : CAMLCodec::GetPicture: index: 725, pts: 30.197, dur:42ms ar:2.00
2022-12-30 13:14:58.829 T:3907 DEBUG : CVideoPlayerVideo::OutputPicture - ttd:409ms pts:30.197 Clock:29.787 Level:6
2022-12-30 13:14:58.830 T:3665 DEBUG : PrepareNextRender: frameOnScreen: 29.788 renderPts: 29.954 nextFramePts: 29.947 -> diff: 0.007 render: 1 forceNext: 0
2022-12-30 13:14:58.830 T:3665 DEBUG : CAMLCodec::ReleaseFrame idx:719, drop:0
2022-12-30 13:14:58.830 T:3907 DEBUG : CAMLCodec::GetTimeSize: len:24 dl:1615260 fs:1615260 front:62715
2022-12-30 13:14:58.843 T:3907 INFO : Skipped 1 duplicate messages..
2022-12-30 13:14:58.843 T:3907 DEBUG : CAMLCodec::GetTimeSize: len:24 dl:1552545 fs:1615260 front:62715
2022-12-30 13:14:58.843 T:3907 DEBUG : CAMLCodec::GetTimeSize: len:23 dl:1552545 fs:1552545 front:54446
2022-12-30 13:14:58.850 T:3907 DEBUG : CAMLCodec::AddData: dl:1639598 sum:1639598 sz:87053 dts:31.240 pts:31.323
2022-12-30 13:14:58.850 T:3907 DEBUG : CAMLCodec::GetTimeSize: len:24 dl:1639598 fs:1639598 front:54446
2022-12-30 13:14:58.852 T:3906 DEBUG : Thread JobWorker 3201811072 terminating (autodelete)
2022-12-30 13:14:58.853 T:3756 DEBUG : Thread JobWorker 3408913024 terminating (autodelete)
2022-12-30 13:14:58.855 T:3908 DEBUG : CVideoPlayerAudio::OutputPacket: pts:30.560 curr_pts:29.812 clock:29.813 level:99
2022-12-30 13:14:58.855 T:3908 DEBUG : CVideoPlayerAudio::OutputPacket: pts:30.592 curr_pts:29.813 clock:29.813 level:99
2022-12-30 13:14:58.857 T:3907 DEBUG : CAMLCodec::GetTimeSize: len:24 dl:1639598 fs:1639598 front:54446
2022-12-30 13:14:58.859 T:3904 DEBUG : CVideoPlayer::ProcessVideoData size:111814 dts:38.205 pts:38.497 dur:41.000ms, clock:29.817 level:87
2022-12-30 13:14:58.859 T:3904 DEBUG : CVideoPlayer::ProcessVideoData size:80311 dts:38.247 pts:38.372 dur:41.000ms, clock:29.817 level:87
2022-12-30 13:14:58.861 T:3904 DEBUG : CVideoPlayer::ProcessVideoData size:65236 dts:38.288 pts:38.288 dur:41.000ms, clock:29.819 level:88
2022-12-30 13:14:58.861 T:3904 DEBUG : CVideoPlayer::ProcessVideoData size:54345 dts:38.330 pts:38.330 dur:41.000ms, clock:29.819 level:88
2022-12-30 13:14:58.861 T:3904 DEBUG : CVideoPlayer::ProcessVideoData size:52507 dts:38.372 pts:38.413 dur:41.000ms, clock:29.819 level:89
2022-12-30 13:14:58.862 T:3904 DEBUG : CVideoPlayer::ProcessVideoData size:53138 dts:38.413 pts:38.455 dur:41.000ms, clock:29.820 level:89
2022-12-30 13:14:58.863 T:3904 DEBUG : CVideoPlayer::ProcessVideoData size:62171 dts:38.455 pts:38.538 dur:41.000ms, clock:29.821 level:90
2022-12-30 13:14:58.864 T:3904 DEBUG : CVideoPlayer::ProcessAudioData size:2560 dts:38.528 pts:38.528 dur:32.000ms, clock:29.822 drop:0 level:99
2022-12-30 13:14:58.864 T:3904 DEBUG : CVideoPlayer::ProcessAudioData size:2560 dts:38.560 pts:38.560 dur:32.000ms, clock:29.822 drop:0 level:99
2022-12-30 13:14:58.864 T:3907 DEBUG : CAMLCodec::GetTimeSize: len:24 dl:1639598 fs:1639598 front:54446
2022-12-30 13:14:58.869 T:3665 DEBUG : CAMLCodec::PollFrame elapsed:39.661ms
2022-12-30 13:14:58.871 T:3907 DEBUG : CAMLCodec::GetTimeSize: len:24 dl:1639598 fs:1639598 front:54446
2022-12-30 13:14:58.871 T:3907 DEBUG : CAMLCodec::DequeueBuffer: pts:30.239 idx:726
2022-12-30 13:14:58.871 T:3907 DEBUG : CAMLCodec::GetPicture: index: 726, pts: 30.239, dur:42ms ar:2.00
2022-12-30 13:14:58.871 T:3907 DEBUG : CVideoPlayerVideo::OutputPicture - ttd:409ms pts:30.239 Clock:29.829 Level:6
2022-12-30 13:14:58.872 T:3665 DEBUG : PrepareNextRender: frameOnScreen: 29.830 renderPts: 29.997 nextFramePts: 29.988 -> diff: 0.009 render: 1 forceNext: 0
2022-12-30 13:14:58.872 T:3907 DEBUG : CAMLCodec::GetTimeSize: len:24 dl:1639598 fs:1639598 front:54446
2022-12-30 13:14:58.873 T:3665 DEBUG : CAMLCodec::ReleaseFrame idx:720, drop:0
2022-12-30 13:14:58.879 T:3907 DEBUG : CAMLCodec::GetTimeSize: len:24 dl:1585152 fs:1639598 front:54446
2022-12-30 13:14:58.879 T:3907 DEBUG : CAMLCodec::GetTimeSize: len:23 dl:1585152 fs:1585152 front:51377
2022-12-30 13:14:58.886 T:3907 DEBUG : CAMLCodec::AddData: dl:1653719 sum:1653719 sz:68567 dts:31.281 pts:31.281
2022-12-30 13:14:58.886 T:3907 DEBUG : CAMLCodec::GetTimeSize: len:24 dl:1653719 fs:1653719 front:51377
2022-12-30 13:14:58.905 T:3908 INFO : Skipped 2 duplicate messages..
2022-12-30 13:14:58.905 T:3908 DEBUG : CVideoPlayerAudio::OutputPacket: pts:30.624 curr_pts:29.862 clock:29.863 level:99
2022-12-30 13:14:58.905 T:3907 DEBUG : CAMLCodec::GetTimeSize: len:24 dl:1653719 fs:1653719 front:51377
2022-12-30 13:14:58.906 T:3904 DEBUG : CVideoPlayer::ProcessAudioData size:2560 dts:38.592 pts:38.592 dur:32.000ms, clock:29.864 drop:0 level:99
2022-12-30 13:14:58.911 T:3665 DEBUG : CAMLCodec::PollFrame elapsed:37.853ms
2022-12-30 13:14:58.912 T:3907 DEBUG : CAMLCodec::GetTimeSize: len:24 dl:1653719 fs:1653719 front:51377
2022-12-30 13:14:58.915 T:3665 DEBUG : PrepareNextRender: frameOnScreen: 29.873 renderPts: 30.040 nextFramePts: 30.030 -> diff: 0.010 render: 1 forceNext: 0
2022-12-30 13:14:58.917 T:3665 DEBUG : CAMLCodec::ReleaseFrame idx:721, drop:0
2022-12-30 13:14:58.918 T:3907 DEBUG : CAMLCodec::GetTimeSize: len:24 dl:1653719 fs:1653719 front:51377
2022-12-30 13:14:58.918 T:3907 DEBUG : CAMLCodec::DequeueBuffer: pts:30.280 idx:727
2022-12-30 13:14:58.918 T:3907 DEBUG : CAMLCodec::GetPicture: index: 727, pts: 30.280, dur:41ms ar:2.00
2022-12-30 13:14:58.918 T:3907 DEBUG : CVideoPlayerVideo::OutputPicture - ttd:403ms pts:30.280 Clock:29.876 Level:5
2022-12-30 13:14:58.919 T:3907 DEBUG : CAMLCodec::GetTimeSize: len:24 dl:1653719 fs:1653719 front:51377
2022-12-30 13:14:58.925 T:3907 DEBUG : CAMLCodec::GetTimeSize: len:24 dl:1602342 fs:1653719 front:51377
2022-12-30 13:14:58.925 T:3907 DEBUG : CAMLCodec::GetTimeSize: len:23 dl:1602342 fs:1602342 front:38460
2022-12-30 13:14:58.933 T:3907 DEBUG : CAMLCodec::AddData: dl:1888085 sum:1888085 sz:285743 dts:31.323 pts:31.573
2022-12-30 13:14:58.933 T:3907 DEBUG : CAMLCodec::GetTimeSize: len:24 dl:1888085 fs:1888085 front:38460
2022-12-30 13:14:58.953 T:3665 INFO : Skipped 3 duplicate messages..
2022-12-30 13:14:58.953 T:3665 DEBUG : CAMLCodec::PollFrame elapsed:35.777ms
2022-12-30 13:14:58.955 T:3908 DEBUG : CVideoPlayerAudio::OutputPacket: pts:30.656 curr_pts:29.912 clock:29.913 level:99
2022-12-30 13:14:58.956 T:3908 DEBUG : CVideoPlayerAudio::OutputPacket: pts:30.688 curr_pts:29.913 clock:29.914 level:99
2022-12-30 13:14:58.956 T:3904 DEBUG : CVideoPlayer::ProcessAudioData size:2560 dts:38.624 pts:38.624 dur:32.000ms, clock:29.914 drop:0 level:99
2022-12-30 13:14:58.957 T:3904 DEBUG : CVideoPlayer::ProcessAudioData size:2560 dts:38.656 pts:38.656 dur:32.000ms, clock:29.915 drop:0 level:99
2022-12-30 13:14:58.958 T:3907 DEBUG : CAMLCodec::GetTimeSize: len:24 dl:1888085 fs:1888085 front:38460
2022-12-30 13:14:58.958 T:3907 DEBUG : CAMLCodec::DequeueBuffer: pts:30.322 idx:728
2022-12-30 13:14:58.959 T:3907 DEBUG : CAMLCodec::GetPicture: index: 728, pts: 30.322, dur:42ms ar:2.00
2022-12-30 13:14:58.959 T:3907 DEBUG : CVideoPlayerVideo::OutputPicture - ttd:405ms pts:30.322 Clock:29.917 Level:6
2022-12-30 13:14:58.960 T:3907 DEBUG : CAMLCodec::GetTimeSize: len:24 dl:1888085 fs:1888085 front:38460
2022-12-30 13:14:58.961 T:3665 DEBUG : PrepareNextRender: frameOnScreen: 29.919 renderPts: 30.086 nextFramePts: 30.072 -> diff: 0.014 render: 1 forceNext: 0
2022-12-30 13:14:58.962 T:3665 DEBUG : CAMLCodec::ReleaseFrame idx:722, drop:0
2022-12-30 13:14:58.966 T:3907 DEBUG : CAMLCodec::GetTimeSize: len:24 dl:1849625 fs:1888085 front:38460
2022-12-30 13:14:58.966 T:3907 DEBUG : CAMLCodec::GetTimeSize: len:23 dl:1849625 fs:1849625 front:120070
2022-12-30 13:14:58.974 T:3907 DEBUG : CAMLCodec::AddData: dl:1946646 sum:1946646 sz:97021 dts:31.365 pts:31.490
2022-12-30 13:14:58.974 T:3907 DEBUG : CAMLCodec::GetTimeSize: len:24 dl:1946646 fs:1946646 front:120070
2022-12-30 13:14:58.995 T:3665 INFO : Skipped 3 duplicate messages..
2022-12-30 13:14:58.995 T:3665 DEBUG : CAMLCodec::PollFrame elapsed:32.439ms
2022-12-30 13:14:58.998 T:3665 DEBUG : PrepareNextRender: frameOnScreen: 29.956 renderPts: 30.123 nextFramePts: 30.113 -> diff: 0.010 render: 1 forceNext: 0
2022-12-30 13:14:58.999 T:3907 DEBUG : CAMLCodec::GetTimeSize: len:24 dl:1946646 fs:1946646 front:120070
2022-12-30 13:14:58.999 T:3907 DEBUG : CAMLCodec::DequeueBuffer: pts:30.364 idx:729
2022-12-30 13:14:58.999 T:3907 DEBUG : CAMLCodec::GetPicture: index: 729, pts: 30.364, dur:42ms ar:2.00
2022-12-30 13:14:58.999 T:3907 DEBUG : CVideoPlayerVideo::OutputPicture - ttd:407ms pts:30.364 Clock:29.957 Level:5
2022-12-30 13:14:59.000 T:3665 DEBUG : CAMLCodec::ReleaseFrame idx:723, drop:0
2022-12-30 13:14:59.000 T:3907 DEBUG : CAMLCodec::GetTimeSize: len:24 dl:1946646 fs:1946646 front:120070
2022-12-30 13:14:59.005 T:3908 DEBUG : CVideoPlayerAudio::OutputPacket: pts:30.720 curr_pts:29.962 clock:29.963 level:99
2022-12-30 13:14:59.006 T:3907 DEBUG : CAMLCodec::GetTimeSize: len:24 dl:1826576 fs:1946646 front:120070
2022-12-30 13:14:59.007 T:3907 DEBUG : CAMLCodec::GetTimeSize: len:23 dl:1826576 fs:1826576 front:110586
2022-12-30 13:14:59.008 T:3904 DEBUG : CVideoPlayer::ProcessVideoData size:109647 dts:38.497 pts:38.705 dur:41.000ms, clock:29.966 level:89
2022-12-30 13:14:59.008 T:3904 DEBUG : CVideoPlayer::ProcessVideoData size:69013 dts:38.538 pts:38.622 dur:41.000ms, clock:29.966 level:89
2022-12-30 13:14:59.008 T:3904 DEBUG : CVideoPlayer::ProcessVideoData size:51968 dts:38.580 pts:38.580 dur:41.000ms, clock:29.966 level:90
2022-12-30 13:14:59.010 T:3904 DEBUG : CVideoPlayer::ProcessVideoData size:51868 dts:38.622 pts:38.664 dur:41.000ms, clock:29.968 level:90
2022-12-30 13:14:59.010 T:3904 DEBUG : CVideoPlayer::ProcessAudioData size:2560 dts:38.688 pts:38.688 dur:32.000ms, clock:29.968 drop:0 level:99
2022-12-30 13:14:59.014 T:3907 DEBUG : CAMLCodec::AddData: dl:1886038 sum:1886038 sz:59462 dts:31.406 pts:31.406
2022-12-30 13:14:59.014 T:3907 DEBUG : CAMLCodec::GetTimeSize: len:24 dl:1886038 fs:1886038 front:110586
2022-12-30 13:14:59.036 T:3665 INFO : Skipped 3 duplicate messages..
2022-12-30 13:14:59.036 T:3665 DEBUG : CAMLCodec::PollFrame elapsed:35.914ms
2022-12-30 13:14:59.039 T:3907 DEBUG : CAMLCodec::GetTimeSize: len:24 dl:1886038 fs:1886038 front:110586
2022-12-30 13:14:59.040 T:3907 DEBUG : CAMLCodec::DequeueBuffer: pts:30.405 idx:730
2022-12-30 13:14:59.040 T:3907 DEBUG : CAMLCodec::GetPicture: index: 730, pts: 30.405, dur:41ms ar:2.00
2022-12-30 13:14:59.040 T:3907 DEBUG : CVideoPlayerVideo::OutputPicture - ttd:406ms pts:30.405 Clock:29.998 Level:6
2022-12-30 13:14:59.041 T:3665 DEBUG : PrepareNextRender: frameOnScreen: 29.999 renderPts: 30.166 nextFramePts: 30.155 -> diff: 0.011 render: 1 forceNext: 0
2022-12-30 13:14:59.041 T:3907 DEBUG : CAMLCodec::GetTimeSize: len:24 dl:1886038 fs:1886038 front:110586
2022-12-30 13:14:59.042 T:3665 DEBUG : CAMLCodec::ReleaseFrame idx:724, drop:0
2022-12-30 13:14:59.047 T:3907 DEBUG : CAMLCodec::GetTimeSize: len:24 dl:1775452 fs:1886038 front:110586
2022-12-30 13:14:59.047 T:3907 DEBUG : CAMLCodec::GetTimeSize: len:23 dl:1775452 fs:1775452 front:54056
2022-12-30 13:14:59.055 T:3908 DEBUG : CVideoPlayerAudio::OutputPacket: pts:30.752 curr_pts:30.012 clock:30.013 level:99
2022-12-30 13:14:59.055 T:3907 DEBUG : CAMLCodec::AddData: dl:1845085 sum:1845085 sz:69633 dts:31.448 pts:31.448
2022-12-30 13:14:59.055 T:3907 DEBUG : CAMLCodec::GetTimeSize: len:24 dl:1845085 fs:1845085 front:54056
2022-12-30 13:14:59.056 T:3908 DEBUG : CVideoPlayerAudio::OutputPacket: pts:30.784 curr_pts:30.013 clock:30.014 level:99
2022-12-30 13:14:59.061 T:3904 DEBUG : CVideoPlayer::ProcessAudioData size:2560 dts:38.720 pts:38.720 dur:32.000ms, clock:30.019 drop:0 level:99
2022-12-30 13:14:59.061 T:3904 DEBUG : CVideoPlayer::ProcessAudioData size:2560 dts:38.752 pts:38.752 dur:32.000ms, clock:30.019 drop:0 level:99
2022-12-30 13:14:59.061 T:3907 DEBUG : CAMLCodec::GetTimeSize: len:24 dl:1845085 fs:1845085 front:54056
2022-12-30 13:14:59.078 T:3665 INFO : Skipped 2 duplicate messages..
2022-12-30 13:14:59.078 T:3665 DEBUG : CAMLCodec::PollFrame elapsed:35.531ms
2022-12-30 13:14:59.080 T:3907 DEBUG : CAMLCodec::GetTimeSize: len:24 dl:1845085 fs:1845085 front:54056
2022-12-30 13:14:59.081 T:3665 DEBUG : PrepareNextRender: frameOnScreen: 30.039 renderPts: 30.206 nextFramePts: 30.197 -> diff: 0.009 render: 1 forceNext: 0
2022-12-30 13:14:59.082 T:3665 DEBUG : CAMLCodec::ReleaseFrame idx:725, drop:0
2022-12-30 13:14:59.086 T:3907 DEBUG : CAMLCodec::GetTimeSize: len:24 dl:1845085 fs:1845085 front:54056
2022-12-30 13:14:59.105 T:3908 INFO : Skipped 2 duplicate messages..
2022-12-30 13:14:59.105 T:3908 DEBUG : CVideoPlayerAudio::OutputPacket: pts:30.816 curr_pts:30.062 clock:30.063 level:99
2022-12-30 13:14:59.106 T:3908 DEBUG : CVideoPlayerAudio::OutputPacket: pts:30.848 curr_pts:30.063 clock:30.064 level:99
2022-12-30 13:14:59.106 T:3907 DEBUG : CAMLCodec::GetTimeSize: len:24 dl:1845085 fs:1845085 front:54056
2022-12-30 13:14:59.112 T:3904 DEBUG : CVideoPlayer::ProcessAudioData size:2560 dts:38.784 pts:38.784 dur:32.000ms, clock:30.070 drop:0 level:99
2022-12-30 13:14:59.112 T:3904 DEBUG : CVideoPlayer::ProcessAudioData size:2560 dts:38.816 pts:38.816 dur:32.000ms, clock:30.070 drop:0 level:99
2022-12-30 13:14:59.112 T:3907 DEBUG : CAMLCodec::GetTimeSize: len:24 dl:1845085 fs:1845085 front:54056
2022-12-30 13:14:59.120 T:3665 INFO : Skipped 1 duplicate messages..
2022-12-30 13:14:59.120 T:3665 DEBUG : CAMLCodec::PollFrame elapsed:37.378ms
2022-12-30 13:14:59.124 T:3665 DEBUG : PrepareNextRender: frameOnScreen: 30.082 renderPts: 30.249 nextFramePts: 30.239 -> diff: 0.010 render: 1 forceNext: 0
2022-12-30 13:14:59.125 T:3907 DEBUG : CAMLCodec::GetTimeSize: len:24 dl:1845085 fs:1845085 front:54056
2022-12-30 13:14:59.125 T:3907 DEBUG : CAMLCodec::DequeueBuffer: pts:30.447 idx:731
2022-12-30 13:14:59.125 T:3907 DEBUG : CAMLCodec::GetPicture: index: 731, pts: 30.447, dur:42ms ar:2.00
2022-12-30 13:14:59.125 T:3907 DEBUG : CVideoPlayerVideo::OutputPicture - ttd:364ms pts:30.447 Clock:30.083 Level:4
2022-12-30 13:14:59.125 T:3665 DEBUG : CAMLCodec::ReleaseFrame idx:726, drop:0
2022-12-30 13:14:59.126 T:3907 DEBUG : CAMLCodec::GetTimeSize: len:24 dl:1845085 fs:1845085 front:54056
2022-12-30 13:14:59.132 T:3907 DEBUG : CAMLCodec::GetTimeSize: len:24 dl:1791029 fs:1845085 front:54056
2022-12-30 13:14:59.132 T:3907 DEBUG : CAMLCodec::GetTimeSize: len:23 dl:1791029 fs:1791029 front:55092
2022-12-30 13:14:59.133 T:3907 DEBUG : CAMLCodec::DequeueBuffer: pts:30.489 idx:732
2022-12-30 13:14:59.133 T:3907 DEBUG : CAMLCodec::GetPicture: index: 732, pts: 30.489, dur:42ms ar:2.00
2022-12-30 13:14:59.133 T:3907 DEBUG : CVideoPlayerVideo::OutputPicture - ttd:398ms pts:30.489 Clock:30.091 Level:5
2022-12-30 13:14:59.134 T:3907 DEBUG : CAMLCodec::GetTimeSize: len:23 dl:1791029 fs:1791029 front:55092
2022-12-30 13:14:59.141 T:3907 DEBUG : CAMLCodec::AddData: dl:1801413 sum:1856505 sz:65476 dts:31.490 pts:31.531
2022-12-30 13:14:59.141 T:3907 DEBUG : CAMLCodec::GetTimeSize: len:24 dl:1801413 fs:1856505 front:55092
2022-12-30 13:14:59.141 T:3907 DEBUG : CAMLCodec::GetTimeSize: len:23 dl:1801413 fs:1801413 front:40845
2022-12-30 13:14:59.149 T:3907 DEBUG : CAMLCodec::AddData: dl:1957930 sum:1957930 sz:156517 dts:31.531 pts:31.907
2022-12-30 13:14:59.149 T:3907 DEBUG : CAMLCodec::GetTimeSize: len:24 dl:1957930 fs:1957930 front:40845
2022-12-30 13:14:59.155 T:3908 DEBUG : CVideoPlayerAudio::OutputPacket: pts:30.880 curr_pts:30.112 clock:30.113 level:99
2022-12-30 13:14:59.156 T:3907 DEBUG : CAMLCodec::GetTimeSize: len:24 dl:1957930 fs:1957930 front:40845
2022-12-30 13:14:59.161 T:3665 DEBUG : CAMLCodec::PollFrame elapsed:35.850ms
2022-12-30 13:14:59.163 T:3907 DEBUG : CAMLCodec::GetTimeSize: len:24 dl:1957930 fs:1957930 front:40845
2022-12-30 13:14:59.163 T:3907 DEBUG : CAMLCodec::DequeueBuffer: pts:30.530 idx:733
2022-12-30 13:14:59.163 T:3907 DEBUG : CAMLCodec::GetPicture: index: 733, pts: 30.530, dur:41ms ar:2.00
2022-12-30 13:14:59.163 T:3907 DEBUG : CVideoPlayerVideo::OutputPicture - ttd:409ms pts:30.530 Clock:30.121 Level:6
2022-12-30 13:14:59.163 T:3904 DEBUG : CVideoPlayer::ProcessAudioData size:2560 dts:38.848 pts:38.848 dur:32.000ms, clock:30.121 drop:0 level:99
2022-12-30 13:14:59.164 T:3907 DEBUG : CAMLCodec::GetTimeSize: len:24 dl:1957930 fs:1957930 front:40845
2022-12-30 13:14:59.166 T:3665 DEBUG : PrepareNextRender: frameOnScreen: 30.124 renderPts: 30.291 nextFramePts: 30.280 -> diff: 0.011 render: 1 forceNext: 0
2022-12-30 13:14:59.167 T:3665 DEBUG : CAMLCodec::ReleaseFrame idx:727, drop:0
2022-12-30 13:14:59.170 T:3907 DEBUG : CAMLCodec::GetTimeSize: len:24 dl:1957930 fs:1957930 front:40845
2022-12-30 13:14:59.177 T:3907 DEBUG : CAMLCodec::GetTimeSize: len:24 dl:1917085 fs:1957930 front:40845
2022-12-30 13:14:59.177 T:3907 DEBUG : CAMLCodec::GetTimeSize: len:23 dl:1917085 fs:1917085 front:46747
2022-12-30 13:14:59.184 T:3907 DEBUG : CAMLCodec::AddData: dl:2026963 sum:2026963 sz:109878 dts:31.573 pts:31.740
2022-12-30 13:14:59.184 T:3907 DEBUG : CAMLCodec::GetTimeSize: len:24 dl:2026963 fs:2026963 front:46747
2022-12-30 13:14:59.203 T:3665 INFO : Skipped 3 duplicate messages..
2022-12-30 13:14:59.203 T:3665 DEBUG : CAMLCodec::PollFrame elapsed:35.804ms
2022-12-30 13:14:59.205 T:3908 DEBUG : CVideoPlayerAudio::OutputPacket: pts:30.912 curr_pts:30.162 clock:30.163 level:99
2022-12-30 13:14:59.206 T:3908 DEBUG : CVideoPlayerAudio::OutputPacket: pts:30.944 curr_pts:30.163 clock:30.164 level:99
2022-12-30 13:14:59.209 T:3907 DEBUG : CAMLCodec::GetTimeSize: len:24 dl:2026963 fs:2026963 front:46747
2022-12-30 13:14:59.209 T:3907 DEBUG : CAMLCodec::DequeueBuffer: pts:30.572 idx:734
2022-12-30 13:14:59.210 T:3907 DEBUG : CAMLCodec::GetPicture: index: 734, pts: 30.572, dur:42ms ar:2.00
2022-12-30 13:14:59.210 T:3907 DEBUG : CVideoPlayerVideo::OutputPicture - ttd:404ms pts:30.572 Clock:30.168 Level:6
2022-12-30 13:14:59.210 T:3665 DEBUG : PrepareNextRender: frameOnScreen: 30.168 renderPts: 30.335 nextFramePts: 30.322 -> diff: 0.013 render: 1 forceNext: 0
2022-12-30 13:14:59.210 T:3665 DEBUG : CAMLCodec::ReleaseFrame idx:728, drop:0
2022-12-30 13:14:59.211 T:3907 DEBUG : CAMLCodec::GetTimeSize: len:24 dl:2026963 fs:2026963 front:46747
2022-12-30 13:14:59.214 T:3904 DEBUG : CVideoPlayer::ProcessAudioData size:2560 dts:38.880 pts:38.880 dur:32.000ms, clock:30.172 drop:0 level:99
2022-12-30 13:14:59.214 T:3904 DEBUG : CVideoPlayer::ProcessAudioData size:2560 dts:38.912 pts:38.912 dur:32.000ms, clock:30.172 drop:0 level:99
2022-12-30 13:14:59.217 T:3907 DEBUG : CAMLCodec::GetTimeSize: len:24 dl:1980216 fs:2026963 front:46747
2022-12-30 13:14:59.217 T:3907 DEBUG : CAMLCodec::GetTimeSize: len:23 dl:1980216 fs:1980216 front:49936
2022-12-30 13:14:59.225 T:3907 DEBUG : CAMLCodec::AddData: dl:2046437 sum:2046437 sz:66221 dts:31.615 pts:31.615
2022-12-30 13:14:59.225 T:3907 DEBUG : CAMLCodec::GetTimeSize: len:24 dl:2046437 fs:2046437 front:49936
2022-12-30 13:14:59.245 T:3665 INFO : Skipped 3 duplicate messages..
2022-12-30 13:14:59.245 T:3665 DEBUG : CAMLCodec::PollFrame elapsed:34.327ms
2022-12-30 13:14:59.246 T:3665 DEBUG : PrepareNextRender: frameOnScreen: 30.204 renderPts: 30.371 nextFramePts: 30.364 -> diff: 0.007 render: 1 forceNext: 0
2022-12-30 13:14:59.246 T:3665 DEBUG : CAMLCodec::ReleaseFrame idx:729, drop:0
2022-12-30 13:14:59.249 T:3907 DEBUG : CAMLCodec::GetTimeSize: len:24 dl:2046437 fs:2046437 front:49936
2022-12-30 13:14:59.250 T:3907 DEBUG : CAMLCodec::DequeueBuffer: pts:30.614 idx:735
2022-12-30 13:14:59.250 T:3907 DEBUG : CAMLCodec::GetPicture: index: 735, pts: 30.614, dur:42ms ar:2.00
2022-12-30 13:14:59.250 T:3907 DEBUG : CVideoPlayerVideo::OutputPicture - ttd:406ms pts:30.614 Clock:30.208 Level:5
2022-12-30 13:14:59.251 T:3907 DEBUG : CAMLCodec::GetTimeSize: len:24 dl:2046437 fs:2046437 front:49936
2022-12-30 13:14:59.255 T:3908 DEBUG : CVideoPlayerAudio::OutputPacket: pts:30.976 curr_pts:30.212 clock:30.213 level:99
2022-12-30 13:14:59.256 T:3904 DEBUG : CVideoPlayer::ProcessVideoData size:52607 dts:38.664 pts:38.789 dur:41.000ms, clock:30.213 level:88
2022-12-30 13:14:59.256 T:3904 DEBUG : CVideoPlayer::ProcessVideoData size:29438 dts:38.705 pts:38.747 dur:41.000ms, clock:30.214 level:88
2022-12-30 13:14:59.257 T:3904 DEBUG : CVideoPlayer::ProcessVideoData size:137704 dts:38.747 pts:38.872 dur:41.000ms, clock:30.215 level:89
2022-12-30 13:14:59.258 T:3904 DEBUG : CVideoPlayer::ProcessVideoData size:66386 dts:38.789 pts:38.830 dur:41.000ms, clock:30.216 level:89
2022-12-30 13:14:59.259 T:3907 DEBUG : CAMLCodec::GetTimeSize: len:24 dl:1996501 fs:2046437 front:49936
2022-12-30 13:14:59.259 T:3907 DEBUG : CAMLCodec::GetTimeSize: len:23 dl:1996501 fs:1996501 front:50184
2022-12-30 13:14:59.260 T:3904 DEBUG : CVideoPlayer::ProcessAudioData size:2560 dts:38.944 pts:38.944 dur:32.000ms, clock:30.218 drop:0 level:99
2022-12-30 13:14:59.267 T:3907 DEBUG : CAMLCodec::AddData: dl:2061002 sum:2061002 sz:64501 dts:31.657 pts:31.657
2022-12-30 13:14:59.267 T:3907 DEBUG : CAMLCodec::GetTimeSize: len:24 dl:2061002 fs:2061002 front:50184
2022-12-30 13:14:59.286 T:3665 INFO : Skipped 3 duplicate messages..
2022-12-30 13:14:59.286 T:3665 DEBUG : CAMLCodec::PollFrame elapsed:40.594ms
2022-12-30 13:14:59.288 T:3665 DEBUG : PrepareNextRender: frameOnScreen: 30.246 renderPts: 30.412 nextFramePts: 30.405 -> diff: 0.007 render: 1 forceNext: 0
2022-12-30 13:14:59.288 T:3665 DEBUG : CAMLCodec::ReleaseFrame idx:730, drop:0
2022-12-30 13:14:59.292 T:3907 DEBUG : CAMLCodec::GetTimeSize: len:24 dl:2061002 fs:2061002 front:50184
2022-12-30 13:14:59.305 T:3908 INFO : Skipped 1 duplicate messages..
2022-12-30 13:14:59.305 T:3908 DEBUG : CVideoPlayerAudio::OutputPacket: pts:31.008 curr_pts:30.262 clock:30.263 level:99
2022-12-30 13:14:59.305 T:3907 DEBUG : CAMLCodec::GetTimeSize: len:24 dl:2061002 fs:2061002 front:50184
2022-12-30 13:14:59.306 T:3908 DEBUG : CVideoPlayerAudio::OutputPacket: pts:31.040 curr_pts:30.263 clock:30.264 level:99
2022-12-30 13:14:59.311 T:3904 DEBUG : CVideoPlayer::ProcessAudioData size:2560 dts:38.976 pts:38.976 dur:32.000ms, clock:30.269 drop:0 level:99
2022-12-30 13:14:59.311 T:3904 DEBUG : CVideoPlayer::ProcessAudioData size:2560 dts:39.008 pts:39.008 dur:32.000ms, clock:30.269 drop:0 level:99
2022-12-30 13:14:59.311 T:3907 DEBUG : CAMLCodec::GetTimeSize: len:24 dl:2061002 fs:2061002 front:50184
2022-12-30 13:14:59.328 T:3665 INFO : Skipped 2 duplicate messages..
2022-12-30 13:14:59.328 T:3665 DEBUG : CAMLCodec::PollFrame elapsed:39.720ms
2022-12-30 13:14:59.331 T:3907 DEBUG : CAMLCodec::GetTimeSize: len:24 dl:2061002 fs:2061002 front:50184
2022-12-30 13:14:59.331 T:3907 DEBUG : CAMLCodec::DequeueBuffer: pts:30.656 idx:736
2022-12-30 13:14:59.331 T:3907 DEBUG : CAMLCodec::GetPicture: index: 736, pts: 30.656, dur:42ms ar:2.00
2022-12-30 13:14:59.331 T:3907 DEBUG : CVideoPlayerVideo::OutputPicture - ttd:367ms pts:30.656 Clock:30.289 Level:5
2022-12-30 13:14:59.332 T:3907 DEBUG : CAMLCodec::GetTimeSize: len:24 dl:2061002 fs:2061002 front:50184
2022-12-30 13:14:59.333 T:3665 DEBUG : PrepareNextRender: frameOnScreen: 30.291 renderPts: 30.457 nextFramePts: 30.447 -> diff: 0.010 render: 1 forceNext: 0
2022-12-30 13:14:59.334 T:3665 DEBUG : CAMLCodec::ReleaseFrame idx:731, drop:0
2022-12-30 13:14:59.338 T:3907 DEBUG : CAMLCodec::GetTimeSize: len:24 dl:2010818 fs:2061002 front:50184
2022-12-30 13:14:59.338 T:3907 DEBUG : CAMLCodec::GetTimeSize: len:23 dl:2010818 fs:2010818 front:129499
2022-12-30 13:14:59.346 T:3907 DEBUG : CAMLCodec::AddData: dl:2068158 sum:2068158 sz:57340 dts:31.698 pts:31.698
2022-12-30 13:14:59.346 T:3907 DEBUG : CAMLCodec::GetTimeSize: len:24 dl:2068158 fs:2068158 front:129499
2022-12-30 13:14:59.355 T:3908 INFO : Skipped 1 duplicate messages..
2022-12-30 13:14:59.355 T:3908 DEBUG : CVideoPlayerAudio::OutputPacket: pts:31.072 curr_pts:30.312 clock:30.313 level:99
2022-12-30 13:14:59.358 T:3907 DEBUG : CAMLCodec::GetTimeSize: len:24 dl:2068158 fs:2068158 front:129499
2022-12-30 13:14:59.362 T:3904 DEBUG : CVideoPlayer::ProcessAudioData size:2560 dts:39.040 pts:39.040 dur:32.000ms, clock:30.320 drop:0 level:99
2022-12-30 13:14:59.364 T:3907 DEBUG : CAMLCodec::GetTimeSize: len:24 dl:2068158 fs:2068158 front:129499
2022-12-30 13:14:59.370 T:3665 DEBUG : CAMLCodec::PollFrame elapsed:36.049ms
2022-12-30 13:14:59.371 T:3907 DEBUG : CAMLCodec::GetTimeSize: len:24 dl:2068158 fs:2068158 front:129499
2022-12-30 13:14:59.374 T:3665 DEBUG : PrepareNextRender: frameOnScreen: 30.332 renderPts: 30.499 nextFramePts: 30.489 -> diff: 0.010 render: 1 forceNext: 0
2022-12-30 13:14:59.375 T:3665 DEBUG : CAMLCodec::ReleaseFrame idx:732, drop:0
2022-12-30 13:14:59.377 T:3907 DEBUG : CAMLCodec::GetTimeSize: len:24 dl:2068158 fs:2068158 front:129499
2022-12-30 13:14:59.377 T:3907 DEBUG : CAMLCodec::DequeueBuffer: pts:30.697 idx:737
2022-12-30 13:14:59.377 T:3907 DEBUG : CAMLCodec::GetPicture: index: 737, pts: 30.697, dur:41ms ar:2.00
2022-12-30 13:14:59.377 T:3907 DEBUG : CVideoPlayerVideo::OutputPicture - ttd:361ms pts:30.697 Clock:30.335 Level:4
2022-12-30 13:14:59.378 T:3907 DEBUG : CAMLCodec::GetTimeSize: len:24 dl:2068158 fs:2068158 front:129499
2022-12-30 13:14:59.385 T:3907 DEBUG : CAMLCodec::GetTimeSize: len:24 dl:1938659 fs:2068158 front:129499
2022-12-30 13:14:59.385 T:3907 DEBUG : CAMLCodec::GetTimeSize: len:23 dl:1938659 fs:1938659 front:80986
2022-12-30 13:14:59.392 T:3907 DEBUG : CAMLCodec::AddData: dl:1992321 sum:1992321 sz:53662 dts:31.740 pts:31.782
2022-12-30 13:14:59.392 T:3907 DEBUG : CAMLCodec::GetTimeSize: len:24 dl:1992321 fs:1992321 front:80986
2022-12-30 13:14:59.405 T:3908 INFO : Skipped 1 duplicate messages..
2022-12-30 13:14:59.405 T:3908 DEBUG : CVideoPlayerAudio::OutputPacket: pts:31.104 curr_pts:30.362 clock:30.363 level:99
2022-12-30 13:14:59.406 T:3908 DEBUG : CVideoPlayerAudio::OutputPacket: pts:31.136 curr_pts:30.363 clock:30.364 level:99
2022-12-30 13:14:59.406 T:3907 DEBUG : CAMLCodec::GetTimeSize: len:24 dl:1992321 fs:1992321 front:80986
2022-12-30 13:14:59.412 T:3665 DEBUG : CAMLCodec::PollFrame elapsed:36.311ms
2022-12-30 13:14:59.412 T:3907 DEBUG : CAMLCodec::GetTimeSize: len:24 dl:1992321 fs:1992321 front:80986
2022-12-30 13:14:59.413 T:3904 DEBUG : CVideoPlayer::ProcessAudioData size:2560 dts:39.072 pts:39.072 dur:32.000ms, clock:30.371 drop:0 level:99
2022-12-30 13:14:59.413 T:3904 DEBUG : CVideoPlayer::ProcessAudioData size:2560 dts:39.104 pts:39.104 dur:32.000ms, clock:30.371 drop:0 level:99
2022-12-30 13:14:59.415 T:3665 DEBUG : PrepareNextRender: frameOnScreen: 30.373 renderPts: 30.540 nextFramePts: 30.530 -> diff: 0.010 render: 1 forceNext: 0
2022-12-30 13:14:59.416 T:3665 DEBUG : CAMLCodec::ReleaseFrame idx:733, drop:0
2022-12-30 13:14:59.419 T:3907 DEBUG : CAMLCodec::GetTimeSize: len:24 dl:1992321 fs:1992321 front:80986
2022-12-30 13:14:59.455 T:3908 INFO : Skipped 5 duplicate messages..
2022-12-30 13:14:59.455 T:3908 DEBUG : CVideoPlayerAudio::OutputPacket: pts:31.168 curr_pts:30.413 clock:30.413 level:99
2022-12-30 13:14:59.456 T:3908 DEBUG : CVideoPlayerAudio::OutputPacket: pts:31.200 curr_pts:30.413 clock:30.414 level:99
2022-12-30 13:14:59.456 T:3665 DEBUG : CAMLCodec::PollFrame elapsed:37.964ms
2022-12-30 13:14:59.458 T:3907 DEBUG : CAMLCodec::GetTimeSize: len:24 dl:1992321 fs:1992321 front:80986
2022-12-30 13:14:59.458 T:3907 DEBUG : CAMLCodec::DequeueBuffer: pts:30.739 idx:738
2022-12-30 13:14:59.458 T:3907 DEBUG : CAMLCodec::GetPicture: index: 738, pts: 30.739, dur:42ms ar:2.00
2022-12-30 13:14:59.458 T:3907 DEBUG : CVideoPlayerVideo::OutputPicture - ttd:323ms pts:30.739 Clock:30.416 Level:4
2022-12-30 13:14:59.459 T:3907 DEBUG : CAMLCodec::GetTimeSize: len:24 dl:1992321 fs:1992321 front:80986
2022-12-30 13:14:59.462 T:3665 DEBUG : PrepareNextRender: frameOnScreen: 30.420 renderPts: 30.587 nextFramePts: 30.572 -> diff: 0.015 render: 1 forceNext: 0
2022-12-30 13:14:59.463 T:3665 DEBUG : CAMLCodec::ReleaseFrame idx:734, drop:0
2022-12-30 13:14:59.464 T:3904 DEBUG : CVideoPlayer::ProcessAudioData size:2560 dts:39.136 pts:39.136 dur:32.000ms, clock:30.422 drop:0 level:99
2022-12-30 13:14:59.464 T:3904 DEBUG : CVideoPlayer::ProcessAudioData size:2560 dts:39.168 pts:39.168 dur:32.000ms, clock:30.422 drop:0 level:99
2022-12-30 13:14:59.466 T:3907 DEBUG : CAMLCodec::GetTimeSize: len:24 dl:1911335 fs:1992321 front:80986
2022-12-30 13:14:59.466 T:3907 DEBUG : CAMLCodec::GetTimeSize: len:23 dl:1911335 fs:1911335 front:35908
2022-12-30 13:14:59.466 T:3907 DEBUG : CAMLCodec::DequeueBuffer: pts:30.781 idx:739
2022-12-30 13:14:59.466 T:3907 DEBUG : CAMLCodec::GetPicture: index: 739, pts: 30.781, dur:42ms ar:2.00
2022-12-30 13:14:59.466 T:3907 DEBUG : CVideoPlayerVideo::OutputPicture - ttd:356ms pts:30.781 Clock:30.424 Level:4
2022-12-30 13:14:59.467 T:3907 DEBUG : CAMLCodec::GetTimeSize: len:23 dl:1911335 fs:1911335 front:35908
2022-12-30 13:14:59.475 T:3907 DEBUG : CAMLCodec::AddData: dl:1930122 sum:1966030 sz:54695 dts:31.782 pts:31.823
2022-12-30 13:14:59.475 T:3907 DEBUG : CAMLCodec::GetTimeSize: len:24 dl:1930122 fs:1966030 front:35908
2022-12-30 13:14:59.475 T:3907 DEBUG : CAMLCodec::GetTimeSize: len:23 dl:1930122 fs:1930122 front:38528
2022-12-30 13:14:59.475 T:3907 DEBUG : CAMLCodec::DequeueBuffer: pts:30.822 idx:740
2022-12-30 13:14:59.475 T:3907 DEBUG : CAMLCodec::GetPicture: index: 740, pts: 30.822, dur:41ms ar:2.00
2022-12-30 13:14:59.475 T:3907 DEBUG : CVideoPlayerVideo::OutputPicture - ttd:388ms pts:30.822 Clock:30.433 Level:5
2022-12-30 13:14:59.476 T:3907 DEBUG : CAMLCodec::GetTimeSize: len:23 dl:1930122 fs:1930122 front:38528
2022-12-30 13:14:59.484 T:3907 DEBUG : CAMLCodec::AddData: dl:1943495 sum:1982023 sz:51901 dts:31.823 pts:31.865
2022-12-30 13:14:59.484 T:3907 DEBUG : CAMLCodec::GetTimeSize: len:24 dl:1943495 fs:1982023 front:38528
2022-12-30 13:14:59.484 T:3907 DEBUG : CAMLCodec::GetTimeSize: len:23 dl:1943495 fs:1943495 front:40064
2022-12-30 13:14:59.491 T:3907 DEBUG : CAMLCodec::AddData: dl:2082254 sum:2082254 sz:138759 dts:31.865 pts:31.990
2022-12-30 13:14:59.491 T:3907 DEBUG : CAMLCodec::GetTimeSize: len:24 dl:2082254 fs:2082254 front:40064
2022-12-30 13:14:59.495 T:3665 DEBUG : CAMLCodec::PollFrame elapsed:31.439ms
2022-12-30 13:14:59.498 T:3907 DEBUG : CAMLCodec::GetTimeSize: len:24 dl:2082254 fs:2082254 front:40064
2022-12-30 13:14:59.499 T:3907 DEBUG : CAMLCodec::DequeueBuffer: pts:30.864 idx:741
2022-12-30 13:14:59.499 T:3907 DEBUG : CAMLCodec::GetPicture: index: 741, pts: 30.864, dur:42ms ar:2.00
2022-12-30 13:14:59.499 T:3907 DEBUG : CVideoPlayerVideo::OutputPicture - ttd:407ms pts:30.864 Clock:30.457 Level:6
2022-12-30 13:14:59.500 T:3665 DEBUG : PrepareNextRender: frameOnScreen: 30.458 renderPts: 30.624 nextFramePts: 30.614 -> diff: 0.010 render: 1 forceNext: 0
2022-12-30 13:14:59.500 T:3907 DEBUG : CAMLCodec::GetTimeSize: len:24 dl:2082254 fs:2082254 front:40064
2022-12-30 13:14:59.501 T:3665 DEBUG : CAMLCodec::ReleaseFrame idx:735, drop:0
2022-12-30 13:14:59.505 T:3904 DEBUG : CVideoPlayer::ProcessVideoData size:77316 dts:38.830 pts:39.039 dur:41.000ms, clock:30.463 level:87
2022-12-30 13:14:59.506 T:3904 DEBUG : CVideoPlayer::ProcessVideoData size:58043 dts:38.872 pts:38.956 dur:41.000ms, clock:30.464 level:87
2022-12-30 13:14:59.506 T:3904 DEBUG : CVideoPlayer::ProcessVideoData size:55899 dts:38.914 pts:38.914 dur:41.000ms, clock:30.464 level:88
2022-12-30 13:14:59.507 T:3908 DEBUG : CVideoPlayerAudio::OutputPacket: pts:31.232 curr_pts:30.462 clock:30.465 level:99
2022-12-30 13:14:59.507 T:3907 DEBUG : CAMLCodec::GetTimeSize: len:24 dl:2042190 fs:2082254 front:40064
2022-12-30 13:14:59.507 T:3907 DEBUG : CAMLCodec::GetTimeSize: len:23 dl:2042190 fs:2042190 front:38826
2022-12-30 13:14:59.508 T:3904 DEBUG : CVideoPlayer::ProcessVideoData size:34054 dts:38.956 pts:38.997 dur:41.000ms, clock:30.466 level:88
2022-12-30 13:14:59.510 T:3904 DEBUG : CVideoPlayer::ProcessVideoData size:250395 dts:38.997 pts:39.164 dur:41.000ms, clock:30.468 level:89
2022-12-30 13:14:59.512 T:3904 DEBUG : CVideoPlayer::ProcessVideoData size:148652 dts:39.039 pts:39.122 dur:41.000ms, clock:30.470 level:89
2022-12-30 13:14:59.513 T:3907 DEBUG : CAMLCodec::AddData: dl:2073317 sum:2073317 sz:31127 dts:31.907 pts:31.949
2022-12-30 13:14:59.513 T:3907 DEBUG : CAMLCodec::GetTimeSize: len:24 dl:2073317 fs:2073317 front:38826
2022-12-30 13:14:59.514 T:3904 DEBUG : CVideoPlayer::ProcessVideoData size:129723 dts:39.081 pts:39.081 dur:41.000ms, clock:30.472 level:89
2022-12-30 13:14:59.515 T:3904 DEBUG : CVideoPlayer::ProcessAudioData size:2560 dts:39.200 pts:39.200 dur:32.000ms, clock:30.473 drop:0 level:99
2022-12-30 13:14:59.519 T:3907 DEBUG : CAMLCodec::GetTimeSize: len:24 dl:2073317 fs:2073317 front:38826
2022-12-30 13:14:59.537 T:3665 INFO : Skipped 2 duplicate messages..
2022-12-30 13:14:59.537 T:3665 DEBUG : CAMLCodec::PollFrame elapsed:35.695ms
