2022-12-30 13:14:33.387 T:3665 DEBUG : PrepareNextRender: frameOnScreen: 4.345 renderPts: 4.512 nextFramePts: 4.504 -> diff: 0.008 render: 1 forceNext: 0
2022-12-30 13:14:33.388 T:3665 DEBUG : CAMLCodec::ReleaseFrame idx:109, drop:0
2022-12-30 13:14:33.389 T:3907 DEBUG : CAMLCodec::GetTimeSize: len:24 dl:101447 fs:101447 front:10204
2022-12-30 13:14:33.389 T:3907 DEBUG : CAMLCodec::DequeueBuffer: pts:4.713 idx:114
2022-12-30 13:14:33.389 T:3907 DEBUG : CAMLCodec::GetPicture: index: 114, pts: 4.713, dur:42ms ar:2.00
2022-12-30 13:14:33.389 T:3907 DEBUG : CVideoPlayerVideo::OutputPicture - ttd:365ms pts:4.713 Clock:4.347 Level:4
2022-12-30 13:14:33.390 T:3907 DEBUG : CAMLCodec::GetTimeSize: len:24 dl:101447 fs:101447 front:10204
2022-12-30 13:14:33.396 T:3907 DEBUG : CAMLCodec::GetTimeSize: len:24 dl:91243 fs:101447 front:10204
2022-12-30 13:14:33.397 T:3907 DEBUG : CAMLCodec::GetTimeSize: len:23 dl:91243 fs:91243 front:9308
2022-12-30 13:14:33.402 T:3907 DEBUG : CAMLCodec::AddData: dl:91834 sum:91834 sz:591 dts:5.756 pts:5.756
2022-12-30 13:14:33.402 T:3907 DEBUG : CAMLCodec::GetTimeSize: len:24 dl:91834 fs:91834 front:9308
2022-12-30 13:14:33.404 T:3908 DEBUG : CVideoPlayerAudio::OutputPacket: pts:5.120 curr_pts:4.362 clock:4.362 level:99
2022-12-30 13:14:33.405 T:3904 DEBUG : CVideoPlayer::ProcessAudioData size:2560 dts:13.088 pts:13.088 dur:32.000ms, clock:4.363 drop:0 level:99
2022-12-30 13:14:33.408 T:3907 DEBUG : CAMLCodec::GetTimeSize: len:24 dl:91834 fs:91834 front:9308
2022-12-30 13:14:33.427 T:3665 INFO : Skipped 3 duplicate messages..
2022-12-30 13:14:33.427 T:3665 DEBUG : CAMLCodec::PollFrame elapsed:39.409ms
2022-12-30 13:14:33.429 T:3665 DEBUG : PrepareNextRender: frameOnScreen: 4.387 renderPts: 4.554 nextFramePts: 4.546 -> diff: 0.008 render: 1 forceNext: 0
2022-12-30 13:14:33.430 T:3665 DEBUG : CAMLCodec::ReleaseFrame idx:110, drop:0
2022-12-30 13:14:33.433 T:3907 DEBUG : CAMLCodec::GetTimeSize: len:24 dl:91834 fs:91834 front:9308
2022-12-30 13:14:33.433 T:3907 DEBUG : CAMLCodec::DequeueBuffer: pts:4.755 idx:115
2022-12-30 13:14:33.433 T:3907 DEBUG : CAMLCodec::GetPicture: index: 115, pts: 4.755, dur:42ms ar:2.00
2022-12-30 13:14:33.433 T:3907 DEBUG : CVideoPlayerVideo::OutputPicture - ttd:363ms pts:4.755 Clock:4.391 Level:4
2022-12-30 13:14:33.434 T:3907 DEBUG : CAMLCodec::GetTimeSize: len:24 dl:91834 fs:91834 front:9308
2022-12-30 13:14:33.440 T:3907 DEBUG : CAMLCodec::GetTimeSize: len:24 dl:82526 fs:91834 front:9308
2022-12-30 13:14:33.440 T:3907 DEBUG : CAMLCodec::GetTimeSize: len:23 dl:82526 fs:82526 front:8493
2022-12-30 13:14:33.446 T:3907 DEBUG : CAMLCodec::AddData: dl:83119 sum:83119 sz:593 dts:5.797 pts:5.797
2022-12-30 13:14:33.446 T:3907 DEBUG : CAMLCodec::GetTimeSize: len:24 dl:83119 fs:83119 front:8493
2022-12-30 13:14:33.454 T:3908 INFO : Skipped 1 duplicate messages..
2022-12-30 13:14:33.454 T:3908 DEBUG : CVideoPlayerAudio::OutputPacket: pts:5.152 curr_pts:4.412 clock:4.412 level:99
2022-12-30 13:14:33.455 T:3908 DEBUG : CVideoPlayerAudio::OutputPacket: pts:5.184 curr_pts:4.412 clock:4.413 level:99
2022-12-30 13:14:33.455 T:3904 DEBUG : CVideoPlayer::ProcessAudioData size:2560 dts:13.120 pts:13.120 dur:32.000ms, clock:4.413 drop:0 level:99
2022-12-30 13:14:33.455 T:3904 DEBUG : CVideoPlayer::ProcessAudioData size:2560 dts:13.152 pts:13.152 dur:32.000ms, clock:4.413 drop:0 level:99
2022-12-30 13:14:33.458 T:3907 DEBUG : CAMLCodec::GetTimeSize: len:24 dl:83119 fs:83119 front:8493
2022-12-30 13:14:33.469 T:3665 INFO : Skipped 1 duplicate messages..
2022-12-30 13:14:33.469 T:3665 DEBUG : CAMLCodec::PollFrame elapsed:39.198ms
2022-12-30 13:14:33.470 T:3907 DEBUG : CAMLCodec::GetTimeSize: len:24 dl:83119 fs:83119 front:8493
2022-12-30 13:14:33.471 T:3907 DEBUG : CAMLCodec::DequeueBuffer: pts:4.796 idx:116
2022-12-30 13:14:33.471 T:3907 DEBUG : CAMLCodec::GetPicture: index: 116, pts: 4.796, dur:41ms ar:2.00
2022-12-30 13:14:33.471 T:3907 DEBUG : CVideoPlayerVideo::OutputPicture - ttd:367ms pts:4.796 Clock:4.429 Level:5
2022-12-30 13:14:33.471 T:3665 DEBUG : PrepareNextRender: frameOnScreen: 4.429 renderPts: 4.596 nextFramePts: 4.588 -> diff: 0.008 render: 1 forceNext: 0
2022-12-30 13:14:33.471 T:3665 DEBUG : CAMLCodec::ReleaseFrame idx:111, drop:0
2022-12-30 13:14:33.472 T:3907 DEBUG : CAMLCodec::GetTimeSize: len:24 dl:83119 fs:83119 front:8493
2022-12-30 13:14:33.484 T:3907 INFO : Skipped 1 duplicate messages..
2022-12-30 13:14:33.484 T:3907 DEBUG : CAMLCodec::GetTimeSize: len:24 dl:74626 fs:83119 front:8493
2022-12-30 13:14:33.484 T:3907 DEBUG : CAMLCodec::GetTimeSize: len:23 dl:74626 fs:74626 front:11982
2022-12-30 13:14:33.489 T:3907 DEBUG : CAMLCodec::AddData: dl:75204 sum:75204 sz:578 dts:5.839 pts:5.881
2022-12-30 13:14:33.490 T:3907 DEBUG : CAMLCodec::GetTimeSize: len:24 dl:75204 fs:75204 front:11982
2022-12-30 13:14:33.504 T:3908 INFO : Skipped 2 duplicate messages..
2022-12-30 13:14:33.504 T:3908 DEBUG : CVideoPlayerAudio::OutputPacket: pts:5.216 curr_pts:4.462 clock:4.462 level:99
2022-12-30 13:14:33.505 T:3908 DEBUG : CVideoPlayerAudio::OutputPacket: pts:5.248 curr_pts:4.463 clock:4.463 level:99
2022-12-30 13:14:33.507 T:3904 DEBUG : CVideoPlayer::ProcessVideoData size:208923 dts:12.804 pts:13.096 dur:41.000ms, clock:4.465 level:87
2022-12-30 13:14:33.507 T:3904 DEBUG : CVideoPlayer::ProcessVideoData size:126708 dts:12.846 pts:12.971 dur:41.000ms, clock:4.465 level:87
2022-12-30 13:14:33.508 T:3904 DEBUG : CVideoPlayer::ProcessVideoData size:61540 dts:12.888 pts:12.888 dur:41.000ms, clock:4.466 level:88
2022-12-30 13:14:33.508 T:3904 DEBUG : CVideoPlayer::ProcessVideoData size:63209 dts:12.930 pts:12.930 dur:41.000ms, clock:4.466 level:88
2022-12-30 13:14:33.509 T:3904 DEBUG : CVideoPlayer::ProcessVideoData size:81972 dts:12.971 pts:13.013 dur:41.000ms, clock:4.467 level:89
2022-12-30 13:14:33.509 T:3904 DEBUG : CVideoPlayer::ProcessVideoData size:50348 dts:13.013 pts:13.055 dur:41.000ms, clock:4.467 level:89
2022-12-30 13:14:33.510 T:3904 DEBUG : CVideoPlayer::ProcessAudioData size:2560 dts:13.184 pts:13.184 dur:32.000ms, clock:4.468 drop:0 level:99
2022-12-30 13:14:33.510 T:3904 DEBUG : CVideoPlayer::ProcessAudioData size:2560 dts:13.216 pts:13.216 dur:32.000ms, clock:4.468 drop:0 level:99
2022-12-30 13:14:33.511 T:3665 DEBUG : CAMLCodec::PollFrame elapsed:39.918ms
2022-12-30 13:14:33.511 T:3907 DEBUG : CAMLCodec::GetTimeSize: len:24 dl:75204 fs:75204 front:11982
2022-12-30 13:14:33.512 T:3665 DEBUG : PrepareNextRender: frameOnScreen: 4.470 renderPts: 4.637 nextFramePts: 4.630 -> diff: 0.007 render: 1 forceNext: 0
2022-12-30 13:14:33.513 T:3665 DEBUG : CAMLCodec::ReleaseFrame idx:112, drop:0
2022-12-30 13:14:33.517 T:3907 DEBUG : CAMLCodec::GetTimeSize: len:24 dl:75204 fs:75204 front:11982
2022-12-30 13:14:33.552 T:3665 INFO : Skipped 5 duplicate messages..
2022-12-30 13:14:33.552 T:3665 DEBUG : CAMLCodec::PollFrame elapsed:39.667ms
2022-12-30 13:14:33.554 T:3908 DEBUG : CVideoPlayerAudio::OutputPacket: pts:5.280 curr_pts:4.512 clock:4.512 level:99
2022-12-30 13:14:33.554 T:3907 DEBUG : CAMLCodec::GetTimeSize: len:24 dl:75204 fs:75204 front:11982
2022-12-30 13:14:33.555 T:3907 DEBUG : CAMLCodec::DequeueBuffer: pts:4.838 idx:117
2022-12-30 13:14:33.555 T:3907 DEBUG : CAMLCodec::GetPicture: index: 117, pts: 4.838, dur:42ms ar:2.00
2022-12-30 13:14:33.555 T:3907 DEBUG : CVideoPlayerVideo::OutputPicture - ttd:325ms pts:4.838 Clock:4.513 Level:4
2022-12-30 13:14:33.555 T:3665 DEBUG : PrepareNextRender: frameOnScreen: 4.513 renderPts: 4.680 nextFramePts: 4.671 -> diff: 0.009 render: 1 forceNext: 0
2022-12-30 13:14:33.555 T:3665 DEBUG : CAMLCodec::ReleaseFrame idx:113, drop:0
2022-12-30 13:14:33.556 T:3907 DEBUG : CAMLCodec::GetTimeSize: len:24 dl:75204 fs:75204 front:11982
2022-12-30 13:14:33.560 T:3904 DEBUG : CVideoPlayer::ProcessAudioData size:2560 dts:13.248 pts:13.248 dur:32.000ms, clock:4.518 drop:0 level:99
2022-12-30 13:14:33.562 T:3907 DEBUG : CAMLCodec::GetTimeSize: len:24 dl:63222 fs:75204 front:11982
2022-12-30 13:14:33.562 T:3907 DEBUG : CAMLCodec::GetTimeSize: len:23 dl:63222 fs:63222 front:12340
2022-12-30 13:14:33.567 T:3907 DEBUG : CAMLCodec::AddData: dl:63800 sum:63800 sz:578 dts:5.881 pts:5.923
2022-12-30 13:14:33.567 T:3907 DEBUG : CAMLCodec::GetTimeSize: len:24 dl:63800 fs:63800 front:12340
2022-12-30 13:14:33.567 T:3907 DEBUG : CAMLCodec::DequeueBuffer: pts:4.880 idx:118
2022-12-30 13:14:33.567 T:3907 DEBUG : CAMLCodec::GetPicture: index: 118, pts: 4.880, dur:42ms ar:2.00
2022-12-30 13:14:33.567 T:3907 DEBUG : CVideoPlayerVideo::OutputPicture - ttd:354ms pts:4.880 Clock:4.526 Level:4
2022-12-30 13:14:33.569 T:3907 DEBUG : CAMLCodec::GetTimeSize: len:24 dl:63800 fs:63800 front:12340
2022-12-30 13:14:33.575 T:3907 DEBUG : CAMLCodec::GetTimeSize: len:24 dl:51460 fs:63800 front:12340
2022-12-30 13:14:33.575 T:3907 DEBUG : CAMLCodec::GetTimeSize: len:23 dl:51460 fs:51460 front:8987
2022-12-30 13:14:33.575 T:3907 DEBUG : CAMLCodec::DequeueBuffer: pts:4.922 idx:119
2022-12-30 13:14:33.575 T:3907 DEBUG : CAMLCodec::GetPicture: index: 119, pts: 4.922, dur:42ms ar:2.00
2022-12-30 13:14:33.575 T:3907 DEBUG : CVideoPlayerVideo::OutputPicture - ttd:388ms pts:4.922 Clock:4.533 Level:5
2022-12-30 13:14:33.576 T:3907 DEBUG : CAMLCodec::GetTimeSize: len:23 dl:51460 fs:51460 front:8987
2022-12-30 13:14:33.581 T:3907 DEBUG : CAMLCodec::AddData: dl:44610 sum:53597 sz:2137 dts:5.923 pts:6.006
2022-12-30 13:14:33.581 T:3907 DEBUG : CAMLCodec::GetTimeSize: len:24 dl:44610 fs:53597 front:8987
2022-12-30 13:14:33.581 T:3907 DEBUG : CAMLCodec::GetTimeSize: len:23 dl:44610 fs:44610 front:3331
2022-12-30 13:14:33.587 T:3907 DEBUG : CAMLCodec::AddData: dl:44993 sum:44993 sz:383 dts:5.964 pts:6.089
2022-12-30 13:14:33.587 T:3907 DEBUG : CAMLCodec::GetTimeSize: len:24 dl:44993 fs:44993 front:3331
2022-12-30 13:14:33.594 T:3665 INFO : Skipped 1 duplicate messages..
2022-12-30 13:14:33.594 T:3665 DEBUG : CAMLCodec::PollFrame elapsed:38.485ms
2022-12-30 13:14:33.596 T:3665 DEBUG : PrepareNextRender: frameOnScreen: 4.554 renderPts: 4.721 nextFramePts: 4.713 -> diff: 0.008 render: 1 forceNext: 0
2022-12-30 13:14:33.596 T:3665 DEBUG : CAMLCodec::ReleaseFrame idx:114, drop:0
2022-12-30 13:14:33.599 T:3907 DEBUG : CAMLCodec::GetTimeSize: len:24 dl:44993 fs:44993 front:3331
2022-12-30 13:14:33.599 T:3907 DEBUG : CAMLCodec::DequeueBuffer: pts:4.963 idx:120
2022-12-30 13:14:33.599 T:3907 DEBUG : CAMLCodec::GetPicture: index: 120, pts: 4.963, dur:41ms ar:2.00
2022-12-30 13:14:33.599 T:3907 DEBUG : CVideoPlayerVideo::OutputPicture - ttd:405ms pts:4.963 Clock:4.557 Level:5
2022-12-30 13:14:33.600 T:3907 DEBUG : CAMLCodec::GetTimeSize: len:24 dl:44993 fs:44993 front:3331
2022-12-30 13:14:33.604 T:3908 DEBUG : CVideoPlayerAudio::OutputPacket: pts:5.312 curr_pts:4.562 clock:4.562 level:99
2022-12-30 13:14:33.605 T:3908 DEBUG : CVideoPlayerAudio::OutputPacket: pts:5.344 curr_pts:4.563 clock:4.563 level:99
2022-12-30 13:14:33.607 T:3907 DEBUG : CAMLCodec::GetTimeSize: len:24 dl:41662 fs:44993 front:3331
2022-12-30 13:14:33.607 T:3907 DEBUG : CAMLCodec::GetTimeSize: len:23 dl:41662 fs:41662 front:8143
2022-12-30 13:14:33.611 T:3904 DEBUG : CVideoPlayer::ProcessAudioData size:2560 dts:13.280 pts:13.280 dur:32.000ms, clock:4.569 drop:0 level:99
2022-12-30 13:14:33.611 T:3904 DEBUG : CVideoPlayer::ProcessAudioData size:2560 dts:13.312 pts:13.312 dur:32.000ms, clock:4.569 drop:0 level:99
2022-12-30 13:14:33.612 T:3907 DEBUG : CAMLCodec::AddData: dl:42178 sum:42178 sz:516 dts:6.006 pts:6.048
2022-12-30 13:14:33.612 T:3907 DEBUG : CAMLCodec::GetTimeSize: len:24 dl:42178 fs:42178 front:8143
2022-12-30 13:14:33.636 T:3665 INFO : Skipped 3 duplicate messages..
2022-12-30 13:14:33.636 T:3665 DEBUG : CAMLCodec::PollFrame elapsed:39.152ms
2022-12-30 13:14:33.637 T:3907 DEBUG : CAMLCodec::GetTimeSize: len:24 dl:42178 fs:42178 front:8143
2022-12-30 13:14:33.637 T:3907 DEBUG : CAMLCodec::DequeueBuffer: pts:5.005 idx:121
2022-12-30 13:14:33.637 T:3907 DEBUG : CAMLCodec::GetPicture: index: 121, pts: 5.005, dur:42ms ar:2.00
2022-12-30 13:14:33.637 T:3907 DEBUG : CVideoPlayerVideo::OutputPicture - ttd:410ms pts:5.005 Clock:4.595 Level:6
2022-12-30 13:14:33.638 T:3665 DEBUG : PrepareNextRender: frameOnScreen: 4.596 renderPts: 4.762 nextFramePts: 4.755 -> diff: 0.007 render: 1 forceNext: 0
2022-12-30 13:14:33.638 T:3907 DEBUG : CAMLCodec::GetTimeSize: len:24 dl:42178 fs:42178 front:8143
2022-12-30 13:14:33.638 T:3665 DEBUG : CAMLCodec::ReleaseFrame idx:115, drop:0
2022-12-30 13:14:33.644 T:3907 DEBUG : CAMLCodec::GetTimeSize: len:24 dl:42178 fs:42178 front:8143
2022-12-30 13:14:33.650 T:3907 DEBUG : CAMLCodec::GetTimeSize: len:24 dl:34035 fs:42178 front:8143
2022-12-30 13:14:33.650 T:3907 DEBUG : CAMLCodec::GetTimeSize: len:23 dl:34035 fs:34035 front:2782
2022-12-30 13:14:33.654 T:3908 DEBUG : CVideoPlayerAudio::OutputPacket: pts:5.376 curr_pts:4.612 clock:4.612 level:99
2022-12-30 13:14:33.656 T:3907 DEBUG : CAMLCodec::AddData: dl:55484 sum:55484 sz:21449 dts:6.048 pts:6.131
2022-12-30 13:14:33.656 T:3907 DEBUG : CAMLCodec::GetTimeSize: len:24 dl:55484 fs:55484 front:2782
2022-12-30 13:14:33.662 T:3904 INFO : Skipped 1 duplicate messages..
2022-12-30 13:14:33.662 T:3904 DEBUG : CVideoPlayer::ProcessVideoData size:152012 dts:13.055 pts:13.347 dur:41.000ms, clock:4.620 level:87
2022-12-30 13:14:33.663 T:3904 DEBUG : CVideoPlayer::ProcessVideoData size:104607 dts:13.096 pts:13.222 dur:41.000ms, clock:4.621 level:88
2022-12-30 13:14:33.663 T:3904 DEBUG : CVideoPlayer::ProcessVideoData size:58803 dts:13.138 pts:13.138 dur:41.000ms, clock:4.621 level:88
2022-12-30 13:14:33.663 T:3904 DEBUG : CVideoPlayer::ProcessVideoData size:57262 dts:13.180 pts:13.180 dur:41.000ms, clock:4.621 level:89
2022-12-30 13:14:33.664 T:3904 DEBUG : CVideoPlayer::ProcessVideoData size:59481 dts:13.222 pts:13.263 dur:41.000ms, clock:4.622 level:89
2022-12-30 13:14:33.664 T:3904 DEBUG : CVideoPlayer::ProcessVideoData size:57228 dts:13.263 pts:13.305 dur:41.000ms, clock:4.623 level:90
2022-12-30 13:14:33.665 T:3904 DEBUG : CVideoPlayer::ProcessAudioData size:2560 dts:13.344 pts:13.344 dur:32.000ms, clock:4.623 drop:0 level:99
2022-12-30 13:14:33.668 T:3907 DEBUG : CAMLCodec::GetTimeSize: len:24 dl:55484 fs:55484 front:2782
2022-12-30 13:14:33.678 T:3665 INFO : Skipped 1 duplicate messages..
2022-12-30 13:14:33.678 T:3665 DEBUG : CAMLCodec::PollFrame elapsed:39.265ms
2022-12-30 13:14:33.679 T:3665 DEBUG : PrepareNextRender: frameOnScreen: 4.637 renderPts: 4.804 nextFramePts: 4.796 -> diff: 0.008 render: 1 forceNext: 0
2022-12-30 13:14:33.680 T:3665 DEBUG : CAMLCodec::ReleaseFrame idx:116, drop:0
2022-12-30 13:14:33.681 T:3907 DEBUG : CAMLCodec::GetTimeSize: len:24 dl:55484 fs:55484 front:2782
2022-12-30 13:14:33.703 T:3932 INFO : Skipped 3 duplicate messages..
2022-12-30 13:14:33.703 T:3932 WARNING : CPythonInvoker(24, /storage/.kodi/addons/metadata.tvshows.themoviedb.org.python/main.py): the python script "/storage/.kodi/addons/metadata.tvshows.themoviedb.org.python/main.py" has left several classes in memory that we couldn't clean up. The classes include: N9XBMCAddon9xbmcaddon5AddonE
2022-12-30 13:14:33.704 T:3932 INFO : Python interpreter stopped
2022-12-30 13:14:33.704 T:3932 DEBUG : Thread LanguageInvoker 3673211520 terminating
2022-12-30 13:14:33.704 T:3908 DEBUG : CVideoPlayerAudio::OutputPacket: pts:5.408 curr_pts:4.662 clock:4.662 level:99
2022-12-30 13:14:33.705 T:3908 DEBUG : CVideoPlayerAudio::OutputPacket: pts:5.440 curr_pts:4.663 clock:4.663 level:99
2022-12-30 13:14:33.706 T:3904 DEBUG : CVideoPlayer::ProcessAudioData size:2560 dts:13.376 pts:13.376 dur:32.000ms, clock:4.664 drop:0 level:99
2022-12-30 13:14:33.706 T:3904 DEBUG : CVideoPlayer::ProcessAudioData size:2560 dts:13.408 pts:13.408 dur:32.000ms, clock:4.664 drop:0 level:99
2022-12-30 13:14:33.710 T:3907 DEBUG : CAMLCodec::GetTimeSize: len:24 dl:55484 fs:55484 front:2782
2022-12-30 13:14:33.719 T:3665 INFO : Skipped 1 duplicate messages..
2022-12-30 13:14:33.719 T:3665 DEBUG : CAMLCodec::PollFrame elapsed:39.309ms
2022-12-30 13:14:33.723 T:3907 DEBUG : CAMLCodec::GetTimeSize: len:24 dl:55484 fs:55484 front:2782
2022-12-30 13:14:33.723 T:3907 DEBUG : CAMLCodec::DequeueBuffer: pts:5.047 idx:122
2022-12-30 13:14:33.723 T:3907 DEBUG : CAMLCodec::GetPicture: index: 122, pts: 5.047, dur:42ms ar:2.00
2022-12-30 13:14:33.723 T:3907 DEBUG : CPtsTracker: detected pattern of length 1: 41708.33, frameduration: 41708.333333
2022-12-30 13:14:33.723 T:3907 DEBUG : CVideoPlayerVideo::OutputPicture - ttd:365ms pts:5.047 Clock:4.681 Level:5
2022-12-30 13:14:33.724 T:3907 DEBUG : CAMLCodec::GetTimeSize: len:24 dl:55484 fs:55484 front:2782
2022-12-30 13:14:33.726 T:3665 DEBUG : PrepareNextRender: frameOnScreen: 4.685 renderPts: 4.851 nextFramePts: 4.838 -> diff: 0.013 render: 1 forceNext: 0
2022-12-30 13:14:33.727 T:3665 DEBUG : CAMLCodec::ReleaseFrame idx:117, drop:0
2022-12-30 13:14:33.731 T:3907 DEBUG : CAMLCodec::GetTimeSize: len:24 dl:52702 fs:55484 front:2782
2022-12-30 13:14:33.731 T:3907 DEBUG : CAMLCodec::GetTimeSize: len:23 dl:52702 fs:52702 front:7555
2022-12-30 13:14:33.738 T:3907 DEBUG : CAMLCodec::AddData: dl:379826 sum:379826 sz:327124 dts:6.089 pts:6.298
2022-12-30 13:14:33.739 T:3907 DEBUG : CAMLCodec::GetTimeSize: len:24 dl:379826 fs:379826 front:7555
2022-12-30 13:14:33.740 T:3934 DEBUG : -->Python Interpreter Initialized<--
2022-12-30 13:14:33.740 T:3934 DEBUG :
2022-12-30 13:14:33.740 T:3934 DEBUG : CPythonInvoker(25, /storage/.kodi/addons/metadata.tvshows.themoviedb.org.python/main.py): the source file to load is "/storage/.kodi/addons/metadata.tvshows.themoviedb.org.python/main.py"
2022-12-30 13:14:33.740 T:3934 DEBUG : CPythonInvoker(25, /storage/.kodi/addons/metadata.tvshows.themoviedb.org.python/main.py): setting the Python path to /storage/.kodi/addons/metadata.tvshows.themoviedb.org.python:/usr/lib/python38.zip:/usr/lib/python3.8:/usr/lib/python3.8/lib-dynload:/usr/lib/python3.8/site-packages
2022-12-30 13:14:33.740 T:3934 DEBUG : CPythonInvoker(25, /storage/.kodi/addons/metadata.tvshows.themoviedb.org.python/main.py): entering source directory /storage/.kodi/addons/metadata.tvshows.themoviedb.org.python
2022-12-30 13:14:33.741 T:3934 DEBUG : CPythonInvoker(25, /storage/.kodi/addons/metadata.tvshows.themoviedb.org.python/main.py): instantiating addon using automatically obtained id of "metadata.tvshows.themoviedb.org.python" dependent on version 3.0.0 of the xbmc.python api
2022-12-30 13:14:33.745 T:3907 DEBUG : CAMLCodec::GetTimeSize: len:24 dl:379826 fs:379826 front:7555
2022-12-30 13:14:33.754 T:3908 INFO : Skipped 1 duplicate messages..
2022-12-30 13:14:33.754 T:3908 DEBUG : CVideoPlayerAudio::OutputPacket: pts:5.472 curr_pts:4.712 clock:4.712 level:99
2022-12-30 13:14:33.757 T:3904 DEBUG : CVideoPlayer::ProcessAudioData size:2560 dts:13.440 pts:13.440 dur:32.000ms, clock:4.715 drop:0 level:99
2022-12-30 13:14:33.757 T:3907 DEBUG : CAMLCodec::GetTimeSize: len:24 dl:379826 fs:379826 front:7555
2022-12-30 13:14:33.761 T:3665 DEBUG : CAMLCodec::PollFrame elapsed:33.325ms
2022-12-30 13:14:33.762 T:3665 DEBUG : PrepareNextRender: frameOnScreen: 4.720 renderPts: 4.887 nextFramePts: 4.880 -> diff: 0.007 render: 1 forceNext: 0
2022-12-30 13:14:33.763 T:3665 DEBUG : CAMLCodec::ReleaseFrame idx:118, drop:0
2022-12-30 13:14:33.763 T:3907 DEBUG : CAMLCodec::GetTimeSize: len:24 dl:379826 fs:379826 front:7555
2022-12-30 13:14:33.764 T:3907 DEBUG : CAMLCodec::DequeueBuffer: pts:5.088 idx:123
2022-12-30 13:14:33.764 T:3907 DEBUG : CAMLCodec::GetPicture: index: 123, pts: 5.088, dur:41ms ar:2.00
2022-12-30 13:14:33.764 T:3907 DEBUG : CVideoPlayerVideo::OutputPicture - ttd:366ms pts:5.088 Clock:4.722 Level:4
2022-12-30 13:14:33.765 T:3907 DEBUG : CAMLCodec::GetTimeSize: len:24 dl:379826 fs:379826 front:7555
2022-12-30 13:14:33.777 T:3907 INFO : Skipped 1 duplicate messages..
2022-12-30 13:14:33.777 T:3907 DEBUG : CAMLCodec::GetTimeSize: len:24 dl:372271 fs:379826 front:7555
2022-12-30 13:14:33.777 T:3907 DEBUG : CAMLCodec::GetTimeSize: len:23 dl:372271 fs:372271 front:5638
2022-12-30 13:14:33.777 T:3907 DEBUG : CAMLCodec::DequeueBuffer: pts:5.130 idx:124
2022-12-30 13:14:33.777 T:3907 DEBUG : CAMLCodec::GetPicture: index: 124, pts: 5.130, dur:42ms ar:2.00
2022-12-30 13:14:33.777 T:3907 DEBUG : CVideoPlayerVideo::OutputPicture - ttd:394ms pts:5.130 Clock:4.735 Level:5
2022-12-30 13:14:33.778 T:3907 DEBUG : CAMLCodec::GetTimeSize: len:23 dl:372271 fs:372271 front:5638
2022-12-30 13:14:33.786 T:3907 DEBUG : CAMLCodec::AddData: dl:635768 sum:641406 sz:269135 dts:6.131 pts:6.215
2022-12-30 13:14:33.786 T:3907 DEBUG : CAMLCodec::GetTimeSize: len:24 dl:635768 fs:641406 front:5638
2022-12-30 13:14:33.786 T:3907 DEBUG : CAMLCodec::GetTimeSize: len:23 dl:635768 fs:635768 front:949
2022-12-30 13:14:33.790 T:3934 DEBUG : [metadata.tvshows.themoviedb.org.python (1.4.17)]: the cache dir is /storage/.kodi/temp/scrapers/metadata.tvshows.themoviedb.org.python
2022-12-30 13:14:33.791 T:3907 DEBUG : CAMLCodec::AddData: dl:646564 sum:646564 sz:10796 dts:6.173 pts:6.173
2022-12-30 13:14:33.791 T:3907 DEBUG : CAMLCodec::GetTimeSize: len:24 dl:646564 fs:646564 front:949
2022-12-30 13:14:33.803 T:3665 INFO : Skipped 1 duplicate messages..
2022-12-30 13:14:33.803 T:3665 DEBUG : CAMLCodec::PollFrame elapsed:39.591ms
2022-12-30 13:14:33.804 T:3907 DEBUG : CAMLCodec::GetTimeSize: len:24 dl:646564 fs:646564 front:949
2022-12-30 13:14:33.804 T:3907 DEBUG : CAMLCodec::DequeueBuffer: pts:5.172 idx:125
2022-12-30 13:14:33.804 T:3907 DEBUG : CAMLCodec::GetPicture: index: 125, pts: 5.172, dur:42ms ar:2.00
2022-12-30 13:14:33.804 T:3907 DEBUG : CVideoPlayerVideo::OutputPicture - ttd:410ms pts:5.172 Clock:4.762 Level:6
2022-12-30 13:14:33.804 T:3665 DEBUG : PrepareNextRender: frameOnScreen: 4.762 renderPts: 4.929 nextFramePts: 4.922 -> diff: 0.007 render: 1 forceNext: 0
2022-12-30 13:14:33.805 T:3908 DEBUG : CVideoPlayerAudio::OutputPacket: pts:5.504 curr_pts:4.762 clock:4.763 level:99
2022-12-30 13:14:33.805 T:3908 DEBUG : CVideoPlayerAudio::OutputPacket: pts:5.536 curr_pts:4.763 clock:4.763 level:99
2022-12-30 13:14:33.805 T:3665 DEBUG : CAMLCodec::ReleaseFrame idx:119, drop:0
2022-12-30 13:14:33.805 T:3907 DEBUG : CAMLCodec::GetTimeSize: len:24 dl:646564 fs:646564 front:949
2022-12-30 13:14:33.807 T:3904 DEBUG : CVideoPlayer::ProcessAudioData size:2560 dts:13.472 pts:13.472 dur:32.000ms, clock:4.765 drop:0 level:99
2022-12-30 13:14:33.807 T:3904 DEBUG : CVideoPlayer::ProcessAudioData size:2560 dts:13.504 pts:13.504 dur:32.000ms, clock:4.765 drop:0 level:99
2022-12-30 13:14:33.811 T:3907 DEBUG : CAMLCodec::GetTimeSize: len:24 dl:645615 fs:646564 front:949
2022-12-30 13:14:33.811 T:3907 DEBUG : CAMLCodec::GetTimeSize: len:23 dl:645615 fs:645615 front:1368
2022-12-30 13:14:33.817 T:3907 DEBUG : CAMLCodec::AddData: dl:660887 sum:660887 sz:15272 dts:6.215 pts:6.256
2022-12-30 13:14:33.817 T:3907 DEBUG : CAMLCodec::GetTimeSize: len:24 dl:660887 fs:660887 front:1368
2022-12-30 13:14:33.844 T:3665 INFO : Skipped 4 duplicate messages..
2022-12-30 13:14:33.844 T:3665 DEBUG : CAMLCodec::PollFrame elapsed:39.189ms
2022-12-30 13:14:33.846 T:3665 DEBUG : PrepareNextRender: frameOnScreen: 4.804 renderPts: 4.971 nextFramePts: 4.963 -> diff: 0.008 render: 1 forceNext: 0
2022-12-30 13:14:33.846 T:3665 DEBUG : CAMLCodec::ReleaseFrame idx:120, drop:0
2022-12-30 13:14:33.848 T:3907 DEBUG : CAMLCodec::GetTimeSize: len:24 dl:660887 fs:660887 front:1368
2022-12-30 13:14:33.848 T:3907 DEBUG : CAMLCodec::DequeueBuffer: pts:5.214 idx:126
2022-12-30 13:14:33.848 T:3907 DEBUG : CAMLCodec::GetPicture: index: 126, pts: 5.214, dur:42ms ar:2.00
2022-12-30 13:14:33.848 T:3907 DEBUG : CVideoPlayerVideo::OutputPicture - ttd:408ms pts:5.214 Clock:4.806 Level:5
2022-12-30 13:14:33.849 T:3907 DEBUG : CAMLCodec::GetTimeSize: len:24 dl:660887 fs:660887 front:1368
2022-12-30 13:14:33.854 T:3908 DEBUG : CVideoPlayerAudio::OutputPacket: pts:5.568 curr_pts:4.812 clock:4.812 level:99
2022-12-30 13:14:33.855 T:3908 DEBUG : CVideoPlayerAudio::OutputPacket: pts:5.600 curr_pts:4.812 clock:4.813 level:99
2022-12-30 13:14:33.856 T:3907 DEBUG : CAMLCodec::GetTimeSize: len:24 dl:659519 fs:660887 front:1368
2022-12-30 13:14:33.856 T:3907 DEBUG : CAMLCodec::GetTimeSize: len:23 dl:659519 fs:659519 front:974
2022-12-30 13:14:33.858 T:3904 DEBUG : CVideoPlayer::ProcessAudioData size:2560 dts:13.536 pts:13.536 dur:32.000ms, clock:4.816 drop:0 level:99
2022-12-30 13:14:33.858 T:3904 DEBUG : CVideoPlayer::ProcessAudioData size:2560 dts:13.568 pts:13.568 dur:32.000ms, clock:4.816 drop:0 level:99
2022-12-30 13:14:33.861 T:3907 DEBUG : CAMLCodec::AddData: dl:689811 sum:689811 sz:30292 dts:6.256 pts:6.548
2022-12-30 13:14:33.861 T:3907 DEBUG : CAMLCodec::GetTimeSize: len:24 dl:689811 fs:689811 front:974
2022-12-30 13:14:33.886 T:3665 INFO : Skipped 4 duplicate messages..
2022-12-30 13:14:33.886 T:3665 DEBUG : CAMLCodec::PollFrame elapsed:39.900ms
2022-12-30 13:14:33.889 T:3665 DEBUG : PrepareNextRender: frameOnScreen: 4.847 renderPts: 5.014 nextFramePts: 5.005 -> diff: 0.009 render: 1 forceNext: 0
2022-12-30 13:14:33.889 T:3665 DEBUG : CAMLCodec::ReleaseFrame idx:121, drop:0
2022-12-30 13:14:33.892 T:3907 DEBUG : CAMLCodec::GetTimeSize: len:24 dl:689811 fs:689811 front:974
2022-12-30 13:14:33.892 T:3907 DEBUG : CAMLCodec::DequeueBuffer: pts:5.255 idx:127
2022-12-30 13:14:33.892 T:3907 DEBUG : CAMLCodec::GetPicture: index: 127, pts: 5.255, dur:41ms ar:2.00
2022-12-30 13:14:33.892 T:3907 DEBUG : CVideoPlayerVideo::OutputPicture - ttd:404ms pts:5.255 Clock:4.850 Level:5
2022-12-30 13:14:33.893 T:3907 DEBUG : CAMLCodec::GetTimeSize: len:24 dl:689811 fs:689811 front:974
2022-12-30 13:14:33.898 T:3934 DEBUG : [metadata.tvshows.themoviedb.org.python (1.4.17)]: Called addon with params: ['plugin://metadata.tvshows.themoviedb.org.python/', '12', '?action=find&pathSettings=%7b%22cat_landscape%22%3atrue%2c%22certprefix%22%3a%22Rated%20%22%2c%22enab_trailer%22%3atrue%2c%22enable_fanarttv%22%3atrue%2c%22fanarttv_clientkey%22%3a%22%22%2c%22imdbanyway%22%3afalse%2c%22keeporiginaltitle%22%3afalse%2c%22language%22%3a%22fr-FR%22%2c%22lastUpdated%22%3a%220%22%2c%22originalUrl%22%3a%22%22%2c%22players_opt%22%3a%22Tubed%22%2c%22previewUrl%22%3a%22%22%2c%22ratings%22%3a%22IMDb%22%2c%22studio_country%22%3atrue%2c%22tmdbanyway%22%3atrue%2c%22tmdbcertcountry%22%3a%22fr%22%2c%22traktanyway%22%3atrue%2c%22usecertprefix%22%3atrue%2c%22verboselog%22%3afalse%7d&title=Arcane.S01.MULTi', 'resume:false']
2022-12-30 13:14:33.898 T:3934 DEBUG : [metadata.tvshows.themoviedb.org.python (1.4.17)]: performing find action
2022-12-30 13:14:33.898 T:3934 DEBUG : [metadata.tvshows.themoviedb.org.python (1.4.17)]: Searching for TV show Arcane.S01.MULTi (None)
2022-12-30 13:14:33.898 T:3934 DEBUG : [metadata.tvshows.themoviedb.org.python (1.4.17)]: using title of Arcane.S01.MULTi to find show
2022-12-30 13:14:33.898 T:3934 DEBUG : [metadata.tvshows.themoviedb.org.python (1.4.17)]: Calling URL "https://api.themoviedb.org/3/search/tv?api_key=af3a53eb387d57fc935e9128468b1899&language=fr-FR&query=Arcane.S01.MULTi"
2022-12-30 13:14:33.899 T:3907 DEBUG : CAMLCodec::GetTimeSize: len:24 dl:688837 fs:689811 front:974
2022-12-30 13:14:33.899 T:3907 DEBUG : CAMLCodec::GetTimeSize: len:23 dl:688837 fs:688837 front:1182
2022-12-30 13:14:33.904 T:3908 DEBUG : CVideoPlayerAudio::OutputPacket: pts:5.632 curr_pts:4.862 clock:4.862 level:99
2022-12-30 13:14:33.905 T:3907 DEBUG : CAMLCodec::AddData: dl:704617 sum:704617 sz:15780 dts:6.298 pts:6.423
2022-12-30 13:14:33.905 T:3907 DEBUG : CAMLCodec::GetTimeSize: len:24 dl:704617 fs:704617 front:1182
2022-12-30 13:14:33.909 T:3904 DEBUG : CVideoPlayer::ProcessVideoData size:118298 dts:13.305 pts:13.597 dur:41.000ms, clock:4.867 level:87
2022-12-30 13:14:33.909 T:3904 DEBUG : CVideoPlayer::ProcessVideoData size:125057 dts:13.347 pts:13.472 dur:41.000ms, clock:4.868 level:88
2022-12-30 13:14:33.910 T:3904 DEBUG : CVideoPlayer::ProcessVideoData size:64846 dts:13.388 pts:13.388 dur:41.000ms, clock:4.868 level:88
2022-12-30 13:14:33.910 T:3904 DEBUG : CVideoPlayer::ProcessVideoData size:64232 dts:13.430 pts:13.430 dur:41.000ms, clock:4.868 level:89
2022-12-30 13:14:33.911 T:3904 DEBUG : CVideoPlayer::ProcessVideoData size:95211 dts:13.472 pts:13.513 dur:41.000ms, clock:4.869 level:89
2022-12-30 13:14:33.911 T:3904 DEBUG : CVideoPlayer::ProcessVideoData size:57335 dts:13.513 pts:13.555 dur:41.000ms, clock:4.869 level:90
2022-12-30 13:14:33.912 T:3904 DEBUG : CVideoPlayer::ProcessAudioData size:2560 dts:13.600 pts:13.600 dur:32.000ms, clock:4.870 drop:0 level:99
2022-12-30 13:14:33.913 T:3907 DEBUG : CAMLCodec::GetTimeSize: len:24 dl:704617 fs:704617 front:1182
2022-12-30 13:14:33.928 T:3665 INFO : Skipped 2 duplicate messages..
2022-12-30 13:14:33.928 T:3665 DEBUG : CAMLCodec::PollFrame elapsed:38.759ms
2022-12-30 13:14:33.929 T:3665 DEBUG : PrepareNextRender: frameOnScreen: 4.887 renderPts: 5.054 nextFramePts: 5.047 -> diff: 0.007 render: 1 forceNext: 0
2022-12-30 13:14:33.930 T:3665 DEBUG : CAMLCodec::ReleaseFrame idx:122, drop:0
2022-12-30 13:14:33.931 T:3907 DEBUG : CAMLCodec::GetTimeSize: len:24 dl:704617 fs:704617 front:1182
2022-12-30 13:14:33.931 T:3907 DEBUG : CAMLCodec::DequeueBuffer: pts:5.297 idx:128
2022-12-30 13:14:33.931 T:3907 DEBUG : CAMLCodec::GetPicture: index: 128, pts: 5.297, dur:42ms ar:2.00
2022-12-30 13:14:33.932 T:3907 DEBUG : CVideoPlayerVideo::OutputPicture - ttd:407ms pts:5.297 Clock:4.890 Level:5
2022-12-30 13:14:33.933 T:3907 DEBUG : CAMLCodec::GetTimeSize: len:24 dl:704617 fs:704617 front:1182
2022-12-30 13:14:33.939 T:3907 DEBUG : CAMLCodec::GetTimeSize: len:24 dl:703435 fs:704617 front:1182
2022-12-30 13:14:33.939 T:3907 DEBUG : CAMLCodec::GetTimeSize: len:23 dl:703435 fs:703435 front:948
2022-12-30 13:14:33.944 T:3907 DEBUG : CAMLCodec::AddData: dl:711494 sum:711494 sz:8059 dts:6.340 pts:6.340
2022-12-30 13:14:33.944 T:3907 DEBUG : CAMLCodec::GetTimeSize: len:24 dl:711494 fs:711494 front:948
2022-12-30 13:14:33.955 T:3908 INFO : Skipped 1 duplicate messages..
2022-12-30 13:14:33.955 T:3908 DEBUG : CVideoPlayerAudio::OutputPacket: pts:5.664 curr_pts:4.912 clock:4.913 level:99
2022-12-30 13:14:33.955 T:3908 DEBUG : CVideoPlayerAudio::OutputPacket: pts:5.696 curr_pts:4.913 clock:4.913 level:99
2022-12-30 13:14:33.957 T:3907 DEBUG : CAMLCodec::GetTimeSize: len:24 dl:711494 fs:711494 front:948
2022-12-30 13:14:33.962 T:3904 DEBUG : CVideoPlayer::ProcessAudioData size:2560 dts:13.632 pts:13.632 dur:32.000ms, clock:4.920 drop:0 level:99
2022-12-30 13:14:33.963 T:3904 DEBUG : CVideoPlayer::ProcessAudioData size:2560 dts:13.664 pts:13.664 dur:32.000ms, clock:4.921 drop:0 level:99
2022-12-30 13:14:33.963 T:3907 DEBUG : CAMLCodec::GetTimeSize: len:24 dl:711494 fs:711494 front:948
2022-12-30 13:14:33.970 T:3665 INFO : Skipped 1 duplicate messages..
2022-12-30 13:14:33.970 T:3665 DEBUG : CAMLCodec::PollFrame elapsed:38.979ms
2022-12-30 13:14:33.972 T:3665 DEBUG : PrepareNextRender: frameOnScreen: 4.930 renderPts: 5.097 nextFramePts: 5.088 -> diff: 0.009 render: 1 forceNext: 0
2022-12-30 13:14:33.974 T:3665 DEBUG : CAMLCodec::ReleaseFrame idx:123, drop:0
2022-12-30 13:14:33.975 T:3907 DEBUG : CAMLCodec::GetTimeSize: len:24 dl:711494 fs:711494 front:948
2022-12-30 13:14:33.975 T:3907 DEBUG : CAMLCodec::DequeueBuffer: pts:5.339 idx:129
2022-12-30 13:14:33.975 T:3907 DEBUG : CAMLCodec::GetPicture: index: 129, pts: 5.339, dur:42ms ar:2.00
2022-12-30 13:14:33.976 T:3907 DEBUG : CVideoPlayerVideo::OutputPicture - ttd:405ms pts:5.339 Clock:4.934 Level:5
2022-12-30 13:14:33.977 T:3907 DEBUG : CAMLCodec::GetTimeSize: len:24 dl:711494 fs:711494 front:948
2022-12-30 13:14:33.983 T:3907 DEBUG : CAMLCodec::GetTimeSize: len:24 dl:710546 fs:711494 front:948
2022-12-30 13:14:33.983 T:3907 DEBUG : CAMLCodec::GetTimeSize: len:23 dl:710546 fs:710546 front:966
2022-12-30 13:14:33.990 T:3907 DEBUG : CAMLCodec::AddData: dl:958843 sum:958843 sz:248297 dts:6.381 pts:6.381
2022-12-30 13:14:33.990 T:3907 DEBUG : CAMLCodec::GetTimeSize: len:24 dl:958843 fs:958843 front:966
2022-12-30 13:14:34.005 T:3908 INFO : Skipped 2 duplicate messages..
2022-12-30 13:14:34.005 T:3908 DEBUG : CVideoPlayerAudio::OutputPacket: pts:5.728 curr_pts:4.962 clock:4.963 level:99
2022-12-30 13:14:34.009 T:3907 DEBUG : CAMLCodec::GetTimeSize: len:24 dl:958843 fs:958843 front:966
2022-12-30 13:14:34.011 T:3665 DEBUG : CAMLCodec::PollFrame elapsed:37.437ms
2022-12-30 13:14:34.013 T:3904 DEBUG : CVideoPlayer::ProcessAudioData size:2560 dts:13.696 pts:13.696 dur:32.000ms, clock:4.971 drop:0 level:99
2022-12-30 13:14:34.015 T:3665 DEBUG : PrepareNextRender: frameOnScreen: 4.973 renderPts: 5.140 nextFramePts: 5.130 -> diff: 0.010 render: 1 forceNext: 0
2022-12-30 13:14:34.015 T:3907 DEBUG : CAMLCodec::GetTimeSize: len:24 dl:958843 fs:958843 front:966
2022-12-30 13:14:34.016 T:3907 DEBUG : CAMLCodec::DequeueBuffer: pts:5.380 idx:130
2022-12-30 13:14:34.016 T:3907 DEBUG : CAMLCodec::GetPicture: index: 130, pts: 5.380, dur:41ms ar:2.00
2022-12-30 13:14:34.016 T:3907 DEBUG : CVideoPlayerVideo::OutputPicture - ttd:406ms pts:5.380 Clock:4.974 Level:5
2022-12-30 13:14:34.017 T:3907 DEBUG : CAMLCodec::GetTimeSize: len:24 dl:958843 fs:958843 front:966
2022-12-30 13:14:34.017 T:3665 DEBUG : CAMLCodec::ReleaseFrame idx:124, drop:0
2022-12-30 13:14:34.023 T:3907 DEBUG : CAMLCodec::GetTimeSize: len:24 dl:957877 fs:958843 front:966
2022-12-30 13:14:34.023 T:3907 DEBUG : CAMLCodec::GetTimeSize: len:23 dl:957877 fs:957877 front:966
2022-12-30 13:14:34.028 T:3907 DEBUG : CAMLCodec::AddData: dl:963584 sum:963584 sz:5707 dts:6.423 pts:6.465
2022-12-30 13:14:34.029 T:3907 DEBUG : CAMLCodec::GetTimeSize: len:24 dl:963584 fs:963584 front:966
2022-12-30 13:14:34.055 T:3908 INFO : Skipped 4 duplicate messages..
2022-12-30 13:14:34.055 T:3908 DEBUG : CVideoPlayerAudio::OutputPacket: pts:5.760 curr_pts:5.012 clock:5.013 level:99
2022-12-30 13:14:34.055 T:3908 DEBUG : CVideoPlayerAudio::OutputPacket: pts:5.792 curr_pts:5.013 clock:5.014 level:99
2022-12-30 13:14:34.056 T:3665 DEBUG : CAMLCodec::PollFrame elapsed:35.930ms
2022-12-30 13:14:34.059 T:3665 DEBUG : PrepareNextRender: frameOnScreen: 5.017 renderPts: 5.184 nextFramePts: 5.172 -> diff: 0.012 render: 1 forceNext: 0
2022-12-30 13:14:34.060 T:3907 DEBUG : CAMLCodec::GetTimeSize: len:24 dl:963584 fs:963584 front:966
2022-12-30 13:14:34.060 T:3907 DEBUG : CAMLCodec::DequeueBuffer: pts:5.422 idx:131
2022-12-30 13:14:34.060 T:3907 DEBUG : CAMLCodec::GetPicture: index: 131, pts: 5.422, dur:42ms ar:2.00
2022-12-30 13:14:34.061 T:3907 DEBUG : CVideoPlayerVideo::OutputPicture - ttd:403ms pts:5.422 Clock:5.019 Level:5
2022-12-30 13:14:34.061 T:3665 DEBUG : CAMLCodec::ReleaseFrame idx:125, drop:0
2022-12-30 13:14:34.062 T:3907 DEBUG : CAMLCodec::GetTimeSize: len:24 dl:963584 fs:963584 front:966
2022-12-30 13:14:34.064 T:3904 DEBUG : CVideoPlayer::ProcessAudioData size:2560 dts:13.728 pts:13.728 dur:32.000ms, clock:5.022 drop:0 level:99
2022-12-30 13:14:34.064 T:3904 DEBUG : CVideoPlayer::ProcessAudioData size:2560 dts:13.760 pts:13.760 dur:32.000ms, clock:5.022 drop:0 level:99
2022-12-30 13:14:34.068 T:3907 DEBUG : CAMLCodec::GetTimeSize: len:24 dl:962618 fs:963584 front:966
2022-12-30 13:14:34.068 T:3907 DEBUG : CAMLCodec::GetTimeSize: len:23 dl:962618 fs:962618 front:949
2022-12-30 13:14:34.073 T:3907 DEBUG : CAMLCodec::AddData: dl:969835 sum:969835 sz:7217 dts:6.465 pts:6.506
2022-12-30 13:14:34.073 T:3907 DEBUG : CAMLCodec::GetTimeSize: len:24 dl:969835 fs:969835 front:949
2022-12-30 13:14:34.095 T:3665 INFO : Skipped 3 duplicate messages..
2022-12-30 13:14:34.095 T:3665 DEBUG : CAMLCodec::PollFrame elapsed:33.706ms
2022-12-30 13:14:34.097 T:3665 DEBUG : PrepareNextRender: frameOnScreen: 5.055 renderPts: 5.222 nextFramePts: 5.214 -> diff: 0.008 render: 1 forceNext: 0
2022-12-30 13:14:34.098 T:3934 INFO : CPythonInvoker(25, /storage/.kodi/addons/metadata.tvshows.themoviedb.org.python/main.py): script successfully run
2022-12-30 13:14:34.098 T:3934 DEBUG : onExecutionDone(25, /storage/.kodi/addons/metadata.tvshows.themoviedb.org.python/main.py)
2022-12-30 13:14:34.098 T:3907 DEBUG : CAMLCodec::GetTimeSize: len:24 dl:969835 fs:969835 front:949
2022-12-30 13:14:34.098 T:3907 DEBUG : CAMLCodec::DequeueBuffer: pts:5.464 idx:132
2022-12-30 13:14:34.098 T:3907 DEBUG : CAMLCodec::GetPicture: index: 132, pts: 5.464, dur:42ms ar:2.00
2022-12-30 13:14:34.099 T:3719 WARNING : No information found for item '/media/SSD1To/Series/Arcane.S01.MULTi.1080p.WEB.x264-RiPiT/', it won't be added to the library.
2022-12-30 13:14:34.105 T:3904 DEBUG : CVideoPlayer::ProcessAudioData size:2560 dts:13.792 pts:13.792 dur:32.000ms, clock:5.063 drop:0 level:99
2022-12-30 13:14:34.106 T:3908 DEBUG : CVideoPlayerAudio::OutputPacket: pts:5.824 curr_pts:5.062 clock:5.064 level:100
2022-12-30 13:14:34.111 T:3907 DEBUG : CVideoPlayerVideo::OutputPicture - ttd:407ms pts:5.464 Clock:5.056 Level:5
2022-12-30 13:14:34.112 T:3665 DEBUG : CAMLCodec::ReleaseFrame idx:126, drop:0
2022-12-30 13:14:34.112 T:3907 DEBUG : CAMLCodec::GetTimeSize: len:24 dl:968886 fs:969835 front:949
2022-12-30 13:14:34.112 T:3907 DEBUG : CAMLCodec::GetTimeSize: len:23 dl:968886 fs:968886 front:948
2022-12-30 13:14:34.113 T:3719 DEBUG : VideoInfoScanner: Skipping dir '/media/SSD1To/Series/Arrow/' due to no change
2022-12-30 13:14:34.119 T:3719 DEBUG : VideoInfoScanner: Skipping dir '/media/SSD1To/Series/Dark/' due to no change
2022-12-30 13:14:34.119 T:3907 DEBUG : CAMLCodec::AddData: dl:1028711 sum:1028711 sz:59825 dts:6.506 pts:6.632
2022-12-30 13:14:34.119 T:3907 DEBUG : CAMLCodec::GetTimeSize: len:24 dl:1028711 fs:1028711 front:948
2022-12-30 13:14:34.124 T:3719 DEBUG : FindMovie: Searching for 'Heroes S01 MULTI VFF' using TMDb TV Shows scraper (path: '/storage/.kodi/addons/metadata.tvshows.themoviedb.org.python/', content: 'tvshows', version: '1.4.17')
2022-12-30 13:14:34.126 T:3907 DEBUG : CAMLCodec::GetTimeSize: len:24 dl:1028711 fs:1028711 front:948
2022-12-30 13:14:34.126 T:3719 DEBUG : StartScript - calling plugin TMDb TV Shows('plugin://metadata.tvshows.themoviedb.org.python/','13','?action=find&pathSettings=%7b%22cat_landscape%22%3atrue%2c%22certprefix%22%3a%22Rated%20%22%2c%22enab_trailer%22%3atrue%2c%22enable_fanarttv%22%3atrue%2c%22fanarttv_clientkey%22%3a%22%22%2c%22imdbanyway%22%3afalse%2c%22keeporiginaltitle%22%3afalse%2c%22language%22%3a%22fr-FR%22%2c%22lastUpdated%22%3a%220%22%2c%22originalUrl%22%3a%22%22%2c%22players_opt%22%3a%22Tubed%22%2c%22previewUrl%22%3a%22%22%2c%22ratings%22%3a%22IMDb%22%2c%22studio_country%22%3atrue%2c%22tmdbanyway%22%3atrue%2c%22tmdbcertcountry%22%3a%22fr%22%2c%22traktanyway%22%3atrue%2c%22usecertprefix%22%3atrue%2c%22verboselog%22%3afalse%7d&title=Heroes%20S01%20MULTI%20VFF','resume:false')
2022-12-30 13:14:34.127 T:3935 DEBUG : Thread LanguageInvoker start, auto delete: false
2022-12-30 13:14:34.127 T:3935 INFO : initializing python engine.
2022-12-30 13:14:34.127 T:3935 DEBUG : CPythonInvoker(26, /storage/.kodi/addons/metadata.tvshows.themoviedb.org.python/main.py): start processing
2022-12-30 13:14:34.132 T:3907 DEBUG : CAMLCodec::GetTimeSize: len:24 dl:1028711 fs:1028711 front:948
2022-12-30 13:14:34.136 T:3665 DEBUG : CAMLCodec::PollFrame elapsed:24.532ms
2022-12-30 13:14:34.138 T:3907 DEBUG : CAMLCodec::GetTimeSize: len:24 dl:1028711 fs:1028711 front:948
2022-12-30 13:14:34.138 T:3907 DEBUG : CAMLCodec::DequeueBuffer: pts:5.505 idx:133
2022-12-30 13:14:34.138 T:3907 DEBUG : CAMLCodec::GetPicture: index: 133, pts: 5.505, dur:41ms ar:2.00
2022-12-30 13:14:34.138 T:3907 DEBUG : CVideoPlayerVideo::OutputPicture - ttd:408ms pts:5.505 Clock:5.096 Level:6
2022-12-30 13:14:34.139 T:3665 DEBUG : PrepareNextRender: frameOnScreen: 5.097 renderPts: 5.264 nextFramePts: 5.255 -> diff: 0.009 render: 1 forceNext: 0
2022-12-30 13:14:34.140 T:3907 DEBUG : CAMLCodec::GetTimeSize: len:24 dl:1028711 fs:1028711 front:948
2022-12-30 13:14:34.140 T:3665 DEBUG : CAMLCodec::ReleaseFrame idx:127, drop:0
2022-12-30 13:14:34.146 T:3907 DEBUG : CAMLCodec::GetTimeSize: len:24 dl:1027763 fs:1028711 front:948
2022-12-30 13:14:34.146 T:3907 DEBUG : CAMLCodec::GetTimeSize: len:23 dl:1027763 fs:1027763 front:950
2022-12-30 13:14:34.151 T:3907 DEBUG : CAMLCodec::AddData: dl:1040488 sum:1040488 sz:12725 dts:6.548 pts:6.590
2022-12-30 13:14:34.151 T:3907 DEBUG : CAMLCodec::GetTimeSize: len:24 dl:1040488 fs:1040488 front:950
2022-12-30 13:14:34.154 T:3908 DEBUG : CVideoPlayerAudio::OutputPacket: pts:5.856 curr_pts:5.112 clock:5.112 level:99
2022-12-30 13:14:34.155 T:3908 DEBUG : CVideoPlayerAudio::OutputPacket: pts:5.888 curr_pts:5.112 clock:5.113 level:99
2022-12-30 13:14:34.156 T:3904 DEBUG : CVideoPlayer::ProcessAudioData size:2560 dts:13.824 pts:13.824 dur:32.000ms, clock:5.114 drop:0 level:99
2022-12-30 13:14:34.156 T:3904 DEBUG : CVideoPlayer::ProcessVideoData size:61905 dts:13.555 pts:13.764 dur:41.000ms, clock:5.114 level:87
2022-12-30 13:14:34.156 T:3904 DEBUG : CVideoPlayer::ProcessVideoData size:37638 dts:13.597 pts:13.680 dur:41.000ms, clock:5.114 level:88
2022-12-30 13:14:34.156 T:3904 DEBUG : CVideoPlayer::ProcessVideoData size:17520 dts:13.639 pts:13.639 dur:41.000ms, clock:5.115 level:88
2022-12-30 13:14:34.157 T:3904 DEBUG : CVideoPlayer::ProcessVideoData size:15547 dts:13.680 pts:13.722 dur:41.000ms, clock:5.115 level:89
2022-12-30 13:14:34.157 T:3904 DEBUG : CVideoPlayer::ProcessAudioData size:2560 dts:13.856 pts:13.856 dur:32.000ms, clock:5.115 drop:0 level:99
2022-12-30 13:14:34.158 T:3907 DEBUG : CAMLCodec::GetTimeSize: len:24 dl:1040488 fs:1040488 front:950
2022-12-30 13:14:34.178 T:3665 INFO : Skipped 3 duplicate messages..
2022-12-30 13:14:34.178 T:3665 DEBUG : CAMLCodec::PollFrame elapsed:37.888ms
2022-12-30 13:14:34.180 T:3665 DEBUG : PrepareNextRender: frameOnScreen: 5.138 renderPts: 5.305 nextFramePts: 5.297 -> diff: 0.008 render: 1 forceNext: 0
2022-12-30 13:14:34.180 T:3665 DEBUG : CAMLCodec::ReleaseFrame idx:128, drop:0
2022-12-30 13:14:34.183 T:3907 DEBUG : CAMLCodec::GetTimeSize: len:24 dl:1040488 fs:1040488 front:950
2022-12-30 13:14:34.204 T:3908 INFO : Skipped 3 duplicate messages..
2022-12-30 13:14:34.204 T:3908 DEBUG : CVideoPlayerAudio::OutputPacket: pts:5.920 curr_pts:5.162 clock:5.162 level:99
2022-12-30 13:14:34.207 T:3904 DEBUG : CVideoPlayer::ProcessAudioData size:2560 dts:13.888 pts:13.888 dur:32.000ms, clock:5.166 drop:0 level:99
2022-12-30 13:14:34.208 T:3907 DEBUG : CAMLCodec::GetTimeSize: len:24 dl:1040488 fs:1040488 front:950
2022-12-30 13:14:34.220 T:3665 INFO : Skipped 1 duplicate messages..
2022-12-30 13:14:34.220 T:3665 DEBUG : CAMLCodec::PollFrame elapsed:39.144ms
2022-12-30 13:14:34.220 T:3907 DEBUG : CAMLCodec::GetTimeSize: len:24 dl:1040488 fs:1040488 front:950
2022-12-30 13:14:34.222 T:3665 DEBUG : PrepareNextRender: frameOnScreen: 5.180 renderPts: 5.346 nextFramePts: 5.339 -> diff: 0.007 render: 1 forceNext: 0
2022-12-30 13:14:34.222 T:3665 DEBUG : CAMLCodec::ReleaseFrame idx:129, drop:0
2022-12-30 13:14:34.226 T:3907 DEBUG : CAMLCodec::GetTimeSize: len:24 dl:1040488 fs:1040488 front:950
2022-12-30 13:14:34.226 T:3907 DEBUG : CAMLCodec::DequeueBuffer: pts:5.547 idx:134
2022-12-30 13:14:34.226 T:3907 DEBUG : CAMLCodec::GetPicture: index: 134, pts: 5.547, dur:42ms ar:2.00
2022-12-30 13:14:34.226 T:3907 DEBUG : CVideoPlayerVideo::OutputPicture - ttd:362ms pts:5.547 Clock:5.185 Level:4
2022-12-30 13:14:34.228 T:3907 DEBUG : CAMLCodec::GetTimeSize: len:24 dl:1040488 fs:1040488 front:950
2022-12-30 13:14:34.234 T:3907 DEBUG : CAMLCodec::GetTimeSize: len:24 dl:1039538 fs:1040488 front:950
2022-12-30 13:14:34.234 T:3907 DEBUG : CAMLCodec::GetTimeSize: len:23 dl:1039538 fs:1039538 front:902
2022-12-30 13:14:34.241 T:3907 DEBUG : CAMLCodec::AddData: dl:1256932 sum:1256932 sz:217394 dts:6.590 pts:6.715
2022-12-30 13:14:34.241 T:3907 DEBUG : CAMLCodec::GetTimeSize: len:24 dl:1256932 fs:1256932 front:902
2022-12-30 13:14:34.254 T:3908 INFO : Skipped 2 duplicate messages..
2022-12-30 13:14:34.254 T:3908 DEBUG : CVideoPlayerAudio::OutputPacket: pts:5.952 curr_pts:5.212 clock:5.212 level:99
2022-12-30 13:14:34.255 T:3908 DEBUG : CVideoPlayerAudio::OutputPacket: pts:5.984 curr_pts:5.213 clock:5.213 level:99
2022-12-30 13:14:34.258 T:3904 DEBUG : CVideoPlayer::ProcessAudioData size:2560 dts:13.920 pts:13.920 dur:32.000ms, clock:5.216 drop:0 level:99
2022-12-30 13:14:34.258 T:3904 DEBUG : CVideoPlayer::ProcessAudioData size:2560 dts:13.952 pts:13.952 dur:32.000ms, clock:5.216 drop:0 level:99
2022-12-30 13:14:34.260 T:3907 DEBUG : CAMLCodec::GetTimeSize: len:24 dl:1256932 fs:1256932 front:902
2022-12-30 13:14:34.261 T:3665 DEBUG : CAMLCodec::PollFrame elapsed:39.163ms
2022-12-30 13:14:34.263 T:3665 DEBUG : PrepareNextRender: frameOnScreen: 5.221 renderPts: 5.388 nextFramePts: 5.380 -> diff: 0.008 render: 1 forceNext: 0
2022-12-30 13:14:34.264 T:3665 DEBUG : CAMLCodec::ReleaseFrame idx:130, drop:0
2022-12-30 13:14:34.266 T:3907 DEBUG : CAMLCodec::GetTimeSize: len:24 dl:1256932 fs:1256932 front:902
2022-12-30 13:14:34.303 T:3665 INFO : Skipped 5 duplicate messages..
2022-12-30 13:14:34.303 T:3665 DEBUG : CAMLCodec::PollFrame elapsed:39.035ms
2022-12-30 13:14:34.303 T:3907 DEBUG : CAMLCodec::GetTimeSize: len:24 dl:1256932 fs:1256932 front:902
2022-12-30 13:14:34.305 T:3908 DEBUG : CVideoPlayerAudio::OutputPacket: pts:6.016 curr_pts:5.262 clock:5.263 level:99
2022-12-30 13:14:34.305 T:3665 DEBUG : PrepareNextRender: frameOnScreen: 5.263 renderPts: 5.430 nextFramePts: 5.422 -> diff: 0.008 render: 1 forceNext: 0
2022-12-30 13:14:34.305 T:3908 DEBUG : CVideoPlayerAudio::OutputPacket: pts:6.048 curr_pts:5.263 clock:5.263 level:99
2022-12-30 13:14:34.306 T:3665 DEBUG : CAMLCodec::ReleaseFrame idx:131, drop:0
2022-12-30 13:14:34.309 T:3904 DEBUG : CVideoPlayer::ProcessVideoData size:53902 dts:13.722 pts:13.889 dur:41.000ms, clock:5.267 level:89
2022-12-30 13:14:34.309 T:3904 DEBUG : CVideoPlayer::ProcessVideoData size:19466 dts:13.764 pts:13.847 dur:41.000ms, clock:5.267 level:89
2022-12-30 13:14:34.309 T:3904 DEBUG : CVideoPlayer::ProcessVideoData size:12131 dts:13.805 pts:13.805 dur:41.000ms, clock:5.267 level:90
2022-12-30 13:14:34.309 T:3904 DEBUG : CVideoPlayer::ProcessVideoData size:24536 dts:13.847 pts:13.931 dur:41.000ms, clock:5.267 level:90
2022-12-30 13:14:34.310 T:3904 DEBUG : CVideoPlayer::ProcessVideoData size:135671 dts:13.889 pts:13.972 dur:41.000ms, clock:5.268 level:91
2022-12-30 13:14:34.311 T:3904 DEBUG : CVideoPlayer::ProcessVideoData size:152034 dts:13.931 pts:14.014 dur:41.000ms, clock:5.269 level:91
2022-12-30 13:14:34.312 T:3904 DEBUG : CVideoPlayer::ProcessAudioData size:2560 dts:13.984 pts:13.984 dur:32.000ms, clock:5.270 drop:0 level:99
2022-12-30 13:14:34.312 T:3904 DEBUG : CVideoPlayer::ProcessAudioData size:2560 dts:14.016 pts:14.016 dur:32.000ms, clock:5.270 drop:0 level:99
2022-12-30 13:14:34.313 T:3907 DEBUG : CAMLCodec::GetTimeSize: len:24 dl:1256030 fs:1256932 front:902
2022-12-30 13:14:34.313 T:3907 DEBUG : CAMLCodec::GetTimeSize: len:23 dl:1256030 fs:1256030 front:992
2022-12-30 13:14:34.313 T:3907 DEBUG : CAMLCodec::DequeueBuffer: pts:5.589 idx:135
2022-12-30 13:14:34.313 T:3907 DEBUG : CAMLCodec::GetPicture: index: 135, pts: 5.589, dur:42ms ar:2.00
2022-12-30 13:14:34.313 T:3907 DEBUG : CVideoPlayerVideo::OutputPicture - ttd:317ms pts:5.589 Clock:5.271 Level:3
2022-12-30 13:14:34.314 T:3907 DEBUG : CAMLCodec::GetTimeSize: len:23 dl:1256030 fs:1256030 front:992
2022-12-30 13:14:34.320 T:3907 DEBUG : CAMLCodec::AddData: dl:1276559 sum:1276559 sz:20529 dts:6.632 pts:6.673
2022-12-30 13:14:34.320 T:3907 DEBUG : CAMLCodec::GetTimeSize: len:24 dl:1276559 fs:1276559 front:992
2022-12-30 13:14:34.345 T:3665 INFO : Skipped 4 duplicate messages..
2022-12-30 13:14:34.345 T:3665 DEBUG : CAMLCodec::PollFrame elapsed:39.044ms
2022-12-30 13:14:34.347 T:3665 DEBUG : PrepareNextRender: frameOnScreen: 5.305 renderPts: 5.472 nextFramePts: 5.464 -> diff: 0.008 render: 1 forceNext: 0
2022-12-30 13:14:34.347 T:3665 DEBUG : CAMLCodec::ReleaseFrame idx:132, drop:0
2022-12-30 13:14:34.351 T:3907 DEBUG : CAMLCodec::GetTimeSize: len:24 dl:1276559 fs:1276559 front:992
2022-12-30 13:14:34.351 T:3907 DEBUG : CAMLCodec::DequeueBuffer: pts:5.631 idx:136
2022-12-30 13:14:34.351 T:3907 DEBUG : CAMLCodec::GetPicture: index: 136, pts: 5.631, dur:42ms ar:2.00
2022-12-30 13:14:34.351 T:3907 DEBUG : CVideoPlayerVideo::OutputPicture - ttd:322ms pts:5.631 Clock:5.309 Level:3
2022-12-30 13:14:34.352 T:3907 DEBUG : CAMLCodec::GetTimeSize: len:24 dl:1276559 fs:1276559 front:992
2022-12-30 13:14:34.354 T:3908 DEBUG : CVideoPlayerAudio::OutputPacket: pts:6.080 curr_pts:5.312 clock:5.312 level:99
2022-12-30 13:14:34.358 T:3907 DEBUG : CAMLCodec::GetTimeSize: len:24 dl:1275567 fs:1276559 front:992
2022-12-30 13:14:34.358 T:3907 DEBUG : CAMLCodec::GetTimeSize: len:23 dl:1275567 fs:1275567 front:590
2022-12-30 13:14:34.358 T:3907 DEBUG : CAMLCodec::DequeueBuffer: pts:5.672 idx:137
2022-12-30 13:14:34.358 T:3907 DEBUG : CAMLCodec::GetPicture: index: 137, pts: 5.672, dur:41ms ar:2.00
2022-12-30 13:14:34.358 T:3907 DEBUG : CVideoPlayerVideo::OutputPicture - ttd:355ms pts:5.672 Clock:5.316 Level:4
2022-12-30 13:14:34.360 T:3907 DEBUG : CAMLCodec::GetTimeSize: len:23 dl:1275567 fs:1275567 front:590
2022-12-30 13:14:34.362 T:3904 DEBUG : CVideoPlayer::ProcessAudioData size:2560 dts:14.048 pts:14.048 dur:32.000ms, clock:5.321 drop:0 level:99
2022-12-30 13:14:34.367 T:3907 DEBUG : CAMLCodec::AddData: dl:1556191 sum:1556781 sz:281214 dts:6.673 pts:6.882
2022-12-30 13:14:34.367 T:3907 DEBUG : CAMLCodec::GetTimeSize: len:24 dl:1556191 fs:1556781 front:590
2022-12-30 13:14:34.367 T:3907 DEBUG : CAMLCodec::GetTimeSize: len:23 dl:1556191 fs:1556191 front:591
2022-12-30 13:14:34.367 T:3907 DEBUG : CAMLCodec::DequeueBuffer: pts:5.714 idx:138
2022-12-30 13:14:34.367 T:3907 DEBUG : CAMLCodec::GetPicture: index: 138, pts: 5.714, dur:42ms ar:2.00
