2022-12-30 13:14:50.859 T:3904 DEBUG : CVideoPlayer::ProcessVideoData size:38462 dts:30.364 pts:30.405 dur:41.000ms, clock:21.817 level:89
2022-12-30 13:14:50.860 T:3904 DEBUG : CVideoPlayer::ProcessAudioData size:2560 dts:30.528 pts:30.528 dur:32.000ms, clock:21.818 drop:0 level:99
2022-12-30 13:14:50.860 T:3904 DEBUG : CVideoPlayer::ProcessAudioData size:2560 dts:30.560 pts:30.560 dur:32.000ms, clock:21.818 drop:0 level:99
2022-12-30 13:14:50.862 T:3907 DEBUG : CAMLCodec::GetTimeSize: len:24 dl:2298462 fs:2298462 front:108300
2022-12-30 13:14:50.862 T:3665 DEBUG : CAMLCodec::PollFrame elapsed:35.733ms
2022-12-30 13:14:50.865 T:3665 DEBUG : PrepareNextRender: frameOnScreen: 21.823 renderPts: 21.990 nextFramePts: 21.980 -> diff: 0.010 render: 1 forceNext: 0
2022-12-30 13:14:50.867 T:3665 DEBUG : CAMLCodec::ReleaseFrame idx:528, drop:0
2022-12-30 13:14:50.868 T:3907 DEBUG : CAMLCodec::GetTimeSize: len:24 dl:2298462 fs:2298462 front:108300
2022-12-30 13:14:50.868 T:3907 DEBUG : CAMLCodec::DequeueBuffer: pts:22.231 idx:534
2022-12-30 13:14:50.868 T:3907 DEBUG : CAMLCodec::GetPicture: index: 534, pts: 22.231, dur:42ms ar:2.00
2022-12-30 13:14:50.868 T:3907 DEBUG : CVideoPlayerVideo::OutputPicture - ttd:404ms pts:22.231 Clock:21.826 Level:5
2022-12-30 13:14:50.869 T:3907 DEBUG : CAMLCodec::GetTimeSize: len:24 dl:2298462 fs:2298462 front:108300
2022-12-30 13:14:50.875 T:3907 DEBUG : CAMLCodec::GetTimeSize: len:24 dl:2190162 fs:2298462 front:108300
2022-12-30 13:14:50.875 T:3907 DEBUG : CAMLCodec::GetTimeSize: len:23 dl:2190162 fs:2190162 front:117394
2022-12-30 13:14:50.883 T:3907 DEBUG : CAMLCodec::AddData: dl:2300224 sum:2300224 sz:110062 dts:23.273 pts:23.273
2022-12-30 13:14:50.883 T:3907 DEBUG : CAMLCodec::GetTimeSize: len:24 dl:2300224 fs:2300224 front:117394
2022-12-30 13:14:50.903 T:3665 INFO : Skipped 3 duplicate messages..
2022-12-30 13:14:50.903 T:3665 DEBUG : CAMLCodec::PollFrame elapsed:36.284ms
2022-12-30 13:14:50.905 T:3908 DEBUG : CVideoPlayerAudio::OutputPacket: pts:22.624 curr_pts:21.862 clock:21.863 level:99
2022-12-30 13:14:50.908 T:3665 DEBUG : PrepareNextRender: frameOnScreen: 21.866 renderPts: 22.033 nextFramePts: 22.022 -> diff: 0.011 render: 1 forceNext: 0
2022-12-30 13:14:50.908 T:3907 DEBUG : CAMLCodec::GetTimeSize: len:24 dl:2300224 fs:2300224 front:117394
2022-12-30 13:14:50.908 T:3907 DEBUG : CAMLCodec::DequeueBuffer: pts:22.272 idx:535
2022-12-30 13:14:50.908 T:3907 DEBUG : CAMLCodec::GetPicture: index: 535, pts: 22.272, dur:41ms ar:2.00
2022-12-30 13:14:50.909 T:3907 DEBUG : CVideoPlayerVideo::OutputPicture - ttd:405ms pts:22.272 Clock:21.867 Level:5
2022-12-30 13:14:50.909 T:3665 DEBUG : CAMLCodec::ReleaseFrame idx:529, drop:0
2022-12-30 13:14:50.910 T:3907 DEBUG : CAMLCodec::GetTimeSize: len:24 dl:2300224 fs:2300224 front:117394
2022-12-30 13:14:50.911 T:3904 DEBUG : CVideoPlayer::ProcessAudioData size:2560 dts:30.592 pts:30.592 dur:32.000ms, clock:21.869 drop:0 level:99
2022-12-30 13:14:50.916 T:3907 DEBUG : CAMLCodec::GetTimeSize: len:24 dl:2182830 fs:2300224 front:117394
2022-12-30 13:14:50.916 T:3907 DEBUG : CAMLCodec::GetTimeSize: len:23 dl:2182830 fs:2182830 front:159820
2022-12-30 13:14:50.923 T:3907 DEBUG : CAMLCodec::AddData: dl:2298845 sum:2298845 sz:116015 dts:23.315 pts:23.357
2022-12-30 13:14:50.924 T:3907 DEBUG : CAMLCodec::GetTimeSize: len:24 dl:2298845 fs:2298845 front:159820
2022-12-30 13:14:50.945 T:3665 INFO : Skipped 3 duplicate messages..
2022-12-30 13:14:50.945 T:3665 DEBUG : CAMLCodec::PollFrame elapsed:35.417ms
2022-12-30 13:14:50.948 T:3665 DEBUG : PrepareNextRender: frameOnScreen: 21.906 renderPts: 22.073 nextFramePts: 22.064 -> diff: 0.009 render: 1 forceNext: 0
2022-12-30 13:14:50.948 T:3907 DEBUG : CAMLCodec::GetTimeSize: len:24 dl:2298845 fs:2298845 front:159820
2022-12-30 13:14:50.949 T:3907 DEBUG : CAMLCodec::DequeueBuffer: pts:22.314 idx:536
2022-12-30 13:14:50.949 T:3907 DEBUG : CAMLCodec::GetPicture: index: 536, pts: 22.314, dur:42ms ar:2.00
2022-12-30 13:14:50.949 T:3907 DEBUG : CVideoPlayerVideo::OutputPicture - ttd:407ms pts:22.314 Clock:21.907 Level:5
2022-12-30 13:14:50.950 T:3665 DEBUG : CAMLCodec::ReleaseFrame idx:530, drop:0
2022-12-30 13:14:50.950 T:3907 DEBUG : CAMLCodec::GetTimeSize: len:24 dl:2298845 fs:2298845 front:159820
2022-12-30 13:14:50.955 T:3908 DEBUG : CVideoPlayerAudio::OutputPacket: pts:22.656 curr_pts:21.912 clock:21.913 level:99
2022-12-30 13:14:50.956 T:3908 DEBUG : CVideoPlayerAudio::OutputPacket: pts:22.688 curr_pts:21.913 clock:21.914 level:99
2022-12-30 13:14:50.956 T:3907 DEBUG : CAMLCodec::GetTimeSize: len:24 dl:2139025 fs:2298845 front:159820
2022-12-30 13:14:50.956 T:3907 DEBUG : CAMLCodec::GetTimeSize: len:23 dl:2139025 fs:2139025 front:107797
2022-12-30 13:14:50.962 T:3904 DEBUG : CVideoPlayer::ProcessAudioData size:2560 dts:30.624 pts:30.624 dur:32.000ms, clock:21.920 drop:0 level:99
2022-12-30 13:14:50.962 T:3904 DEBUG : CVideoPlayer::ProcessAudioData size:2560 dts:30.656 pts:30.656 dur:32.000ms, clock:21.920 drop:0 level:99
2022-12-30 13:14:50.964 T:3907 DEBUG : CAMLCodec::AddData: dl:2275326 sum:2275326 sz:136301 dts:23.357 pts:23.398
2022-12-30 13:14:50.964 T:3907 DEBUG : CAMLCodec::GetTimeSize: len:24 dl:2275326 fs:2275326 front:107797
2022-12-30 13:14:50.987 T:3665 INFO : Skipped 3 duplicate messages..
2022-12-30 13:14:50.987 T:3665 DEBUG : CAMLCodec::PollFrame elapsed:36.291ms
2022-12-30 13:14:50.989 T:3907 DEBUG : CAMLCodec::GetTimeSize: len:24 dl:2275326 fs:2275326 front:107797
2022-12-30 13:14:50.990 T:3665 DEBUG : PrepareNextRender: frameOnScreen: 21.948 renderPts: 22.114 nextFramePts: 22.105 -> diff: 0.009 render: 1 forceNext: 0
2022-12-30 13:14:50.990 T:3665 DEBUG : CAMLCodec::ReleaseFrame idx:531, drop:0
2022-12-30 13:14:50.996 T:3907 DEBUG : CAMLCodec::GetTimeSize: len:24 dl:2275326 fs:2275326 front:107797
2022-12-30 13:14:51.005 T:3908 INFO : Skipped 1 duplicate messages..
2022-12-30 13:14:51.005 T:3908 DEBUG : CVideoPlayerAudio::OutputPacket: pts:22.720 curr_pts:21.962 clock:21.963 level:99
2022-12-30 13:14:51.008 T:3907 DEBUG : CAMLCodec::GetTimeSize: len:24 dl:2275326 fs:2275326 front:107797
2022-12-30 13:14:51.012 T:3904 DEBUG : CVideoPlayer::ProcessAudioData size:2560 dts:30.688 pts:30.688 dur:32.000ms, clock:21.970 drop:0 level:99
2022-12-30 13:14:51.014 T:3907 DEBUG : CAMLCodec::GetTimeSize: len:24 dl:2275326 fs:2275326 front:107797
2022-12-30 13:14:51.028 T:3665 INFO : Skipped 2 duplicate messages..
2022-12-30 13:14:51.028 T:3665 DEBUG : CAMLCodec::PollFrame elapsed:37.646ms
2022-12-30 13:14:51.031 T:3665 DEBUG : PrepareNextRender: frameOnScreen: 21.990 renderPts: 22.156 nextFramePts: 22.147 -> diff: 0.009 render: 1 forceNext: 0
2022-12-30 13:14:51.033 T:3665 DEBUG : CAMLCodec::ReleaseFrame idx:532, drop:0
2022-12-30 13:14:51.033 T:3907 DEBUG : CAMLCodec::GetTimeSize: len:24 dl:2275326 fs:2275326 front:107797
2022-12-30 13:14:51.033 T:3907 DEBUG : CAMLCodec::DequeueBuffer: pts:22.356 idx:537
2022-12-30 13:14:51.033 T:3907 DEBUG : CAMLCodec::GetPicture: index: 537, pts: 22.356, dur:42ms ar:2.00
2022-12-30 13:14:51.033 T:3907 DEBUG : CVideoPlayerVideo::OutputPicture - ttd:364ms pts:22.356 Clock:21.991 Level:4
2022-12-30 13:14:51.034 T:3907 DEBUG : CAMLCodec::GetTimeSize: len:24 dl:2275326 fs:2275326 front:107797
2022-12-30 13:14:51.041 T:3907 DEBUG : CAMLCodec::GetTimeSize: len:24 dl:2167529 fs:2275326 front:107797
2022-12-30 13:14:51.041 T:3907 DEBUG : CAMLCodec::GetTimeSize: len:23 dl:2167529 fs:2167529 front:63680
2022-12-30 13:14:51.048 T:3907 DEBUG : CAMLCodec::AddData: dl:2355019 sum:2355019 sz:187490 dts:23.398 pts:23.440
2022-12-30 13:14:51.048 T:3907 DEBUG : CAMLCodec::GetTimeSize: len:24 dl:2355019 fs:2355019 front:63680
2022-12-30 13:14:51.055 T:3908 DEBUG : CVideoPlayerAudio::OutputPacket: pts:22.752 curr_pts:22.012 clock:22.013 level:99
2022-12-30 13:14:51.055 T:3907 DEBUG : CAMLCodec::GetTimeSize: len:24 dl:2355019 fs:2355019 front:63680
2022-12-30 13:14:51.056 T:3908 DEBUG : CVideoPlayerAudio::OutputPacket: pts:22.784 curr_pts:22.013 clock:22.014 level:99
2022-12-30 13:14:51.063 T:3904 DEBUG : CVideoPlayer::ProcessAudioData size:2560 dts:30.720 pts:30.720 dur:32.000ms, clock:22.021 drop:0 level:99
2022-12-30 13:14:51.064 T:3904 DEBUG : CVideoPlayer::ProcessVideoData size:120072 dts:30.405 pts:30.781 dur:41.000ms, clock:22.022 level:87
2022-12-30 13:14:51.065 T:3904 DEBUG : CVideoPlayer::ProcessVideoData size:110588 dts:30.447 pts:30.614 dur:41.000ms, clock:22.023 level:88
2022-12-30 13:14:51.066 T:3904 DEBUG : CVideoPlayer::ProcessVideoData size:54058 dts:30.489 pts:30.489 dur:41.000ms, clock:22.024 level:88
2022-12-30 13:14:51.067 T:3904 DEBUG : CVideoPlayer::ProcessVideoData size:55094 dts:30.530 pts:30.530 dur:41.000ms, clock:22.025 level:89
2022-12-30 13:14:51.067 T:3904 DEBUG : CVideoPlayer::ProcessVideoData size:40847 dts:30.572 pts:30.572 dur:41.000ms, clock:22.025 level:89
2022-12-30 13:14:51.067 T:3904 DEBUG : CVideoPlayer::ProcessVideoData size:46749 dts:30.614 pts:30.656 dur:41.000ms, clock:22.025 level:90
2022-12-30 13:14:51.069 T:3904 DEBUG : CVideoPlayer::ProcessVideoData size:49938 dts:30.656 pts:30.697 dur:41.000ms, clock:22.027 level:90
2022-12-30 13:14:51.069 T:3904 DEBUG : CVideoPlayer::ProcessVideoData size:50186 dts:30.697 pts:30.739 dur:41.000ms, clock:22.027 level:91
2022-12-30 13:14:51.071 T:3907 DEBUG : CAMLCodec::GetTimeSize: len:24 dl:2355019 fs:2355019 front:63680
2022-12-30 13:14:51.071 T:3907 DEBUG : CAMLCodec::DequeueBuffer: pts:22.397 idx:538
2022-12-30 13:14:51.071 T:3907 DEBUG : CAMLCodec::GetPicture: index: 538, pts: 22.397, dur:41ms ar:2.00
2022-12-30 13:14:51.071 T:3907 DEBUG : CVideoPlayerVideo::OutputPicture - ttd:367ms pts:22.397 Clock:22.029 Level:5
2022-12-30 13:14:51.072 T:3904 DEBUG : CVideoPlayer::ProcessAudioData size:2560 dts:30.752 pts:30.752 dur:32.000ms, clock:22.030 drop:0 level:99
2022-12-30 13:14:51.072 T:3907 DEBUG : CAMLCodec::GetTimeSize: len:24 dl:2355019 fs:2355019 front:63680
2022-12-30 13:14:51.073 T:3665 DEBUG : CAMLCodec::PollFrame elapsed:39.351ms
2022-12-30 13:14:51.076 T:3665 DEBUG : PrepareNextRender: frameOnScreen: 22.034 renderPts: 22.201 nextFramePts: 22.189 -> diff: 0.012 render: 1 forceNext: 0
2022-12-30 13:14:51.077 T:3665 DEBUG : CAMLCodec::ReleaseFrame idx:533, drop:0
2022-12-30 13:14:51.079 T:3907 DEBUG : CAMLCodec::GetTimeSize: len:24 dl:2355019 fs:2355019 front:63680
2022-12-30 13:14:51.085 T:3907 DEBUG : CAMLCodec::GetTimeSize: len:24 dl:2291339 fs:2355019 front:63680
2022-12-30 13:14:51.085 T:3907 DEBUG : CAMLCodec::GetTimeSize: len:23 dl:2291339 fs:2291339 front:76257
2022-12-30 13:14:51.090 T:3907 DEBUG : CAMLCodec::AddData: dl:2334421 sum:2334421 sz:43082 dts:23.440 pts:23.649
2022-12-30 13:14:51.090 T:3907 DEBUG : CAMLCodec::GetTimeSize: len:24 dl:2334421 fs:2334421 front:76257
2022-12-30 13:14:51.105 T:3908 INFO : Skipped 2 duplicate messages..
2022-12-30 13:14:51.105 T:3908 DEBUG : CVideoPlayerAudio::OutputPacket: pts:22.816 curr_pts:22.062 clock:22.063 level:99
2022-12-30 13:14:51.106 T:3908 DEBUG : CVideoPlayerAudio::OutputPacket: pts:22.848 curr_pts:22.063 clock:22.064 level:99
2022-12-30 13:14:51.109 T:3907 DEBUG : CAMLCodec::GetTimeSize: len:24 dl:2334421 fs:2334421 front:76257
2022-12-30 13:14:51.112 T:3665 DEBUG : CAMLCodec::PollFrame elapsed:34.123ms
2022-12-30 13:14:51.112 T:3904 DEBUG : CVideoPlayer::ProcessAudioData size:2560 dts:30.784 pts:30.784 dur:32.000ms, clock:22.071 drop:0 level:99
2022-12-30 13:14:51.113 T:3904 DEBUG : CVideoPlayer::ProcessAudioData size:2560 dts:30.816 pts:30.816 dur:32.000ms, clock:22.071 drop:0 level:99
2022-12-30 13:14:51.115 T:3665 DEBUG : PrepareNextRender: frameOnScreen: 22.073 renderPts: 22.240 nextFramePts: 22.231 -> diff: 0.009 render: 1 forceNext: 0
2022-12-30 13:14:51.115 T:3907 DEBUG : CAMLCodec::GetTimeSize: len:24 dl:2334421 fs:2334421 front:76257
2022-12-30 13:14:51.115 T:3907 DEBUG : CAMLCodec::DequeueBuffer: pts:22.439 idx:539
2022-12-30 13:14:51.115 T:3907 DEBUG : CAMLCodec::GetPicture: index: 539, pts: 22.439, dur:42ms ar:2.00
2022-12-30 13:14:51.116 T:3907 DEBUG : CVideoPlayerVideo::OutputPicture - ttd:365ms pts:22.439 Clock:22.074 Level:4
2022-12-30 13:14:51.117 T:3907 DEBUG : CAMLCodec::GetTimeSize: len:24 dl:2334421 fs:2334421 front:76257
2022-12-30 13:14:51.117 T:3665 DEBUG : CAMLCodec::ReleaseFrame idx:534, drop:0
2022-12-30 13:14:51.123 T:3907 DEBUG : CAMLCodec::GetTimeSize: len:24 dl:2258164 fs:2334421 front:76257
2022-12-30 13:14:51.123 T:3907 DEBUG : CAMLCodec::GetTimeSize: len:23 dl:2258164 fs:2258164 front:148384
2022-12-30 13:14:51.124 T:3907 DEBUG : CAMLCodec::DequeueBuffer: pts:22.481 idx:540
2022-12-30 13:14:51.124 T:3907 DEBUG : CAMLCodec::GetPicture: index: 540, pts: 22.481, dur:42ms ar:2.00
2022-12-30 13:14:51.124 T:3907 DEBUG : CVideoPlayerVideo::OutputPicture - ttd:399ms pts:22.481 Clock:22.082 Level:5
2022-12-30 13:14:51.125 T:3907 DEBUG : CAMLCodec::GetTimeSize: len:23 dl:2258164 fs:2258164 front:148384
2022-12-30 13:14:51.132 T:3907 DEBUG : CAMLCodec::AddData: dl:2209683 sum:2358067 sz:99903 dts:23.482 pts:23.565
2022-12-30 13:14:51.132 T:3907 DEBUG : CAMLCodec::GetTimeSize: len:24 dl:2209683 fs:2358067 front:148384
2022-12-30 13:14:51.132 T:3907 DEBUG : CAMLCodec::GetTimeSize: len:23 dl:2209683 fs:2209683 front:63471
2022-12-30 13:14:51.140 T:3907 DEBUG : CAMLCodec::AddData: dl:2286402 sum:2286402 sz:76719 dts:23.523 pts:23.523
2022-12-30 13:14:51.140 T:3907 DEBUG : CAMLCodec::GetTimeSize: len:24 dl:2286402 fs:2286402 front:63471
2022-12-30 13:14:51.153 T:3665 INFO : Skipped 2 duplicate messages..
2022-12-30 13:14:51.153 T:3665 DEBUG : CAMLCodec::PollFrame elapsed:36.119ms
2022-12-30 13:14:51.155 T:3908 DEBUG : CVideoPlayerAudio::OutputPacket: pts:22.880 curr_pts:22.112 clock:22.113 level:99
2022-12-30 13:14:51.158 T:3665 DEBUG : PrepareNextRender: frameOnScreen: 22.116 renderPts: 22.283 nextFramePts: 22.272 -> diff: 0.011 render: 1 forceNext: 0
2022-12-30 13:14:51.158 T:3907 DEBUG : CAMLCodec::GetTimeSize: len:24 dl:2286402 fs:2286402 front:63471
2022-12-30 13:14:51.159 T:3907 DEBUG : CAMLCodec::DequeueBuffer: pts:22.522 idx:541
2022-12-30 13:14:51.159 T:3907 DEBUG : CAMLCodec::GetPicture: index: 541, pts: 22.522, dur:41ms ar:2.00
2022-12-30 13:14:51.159 T:3907 DEBUG : CVideoPlayerVideo::OutputPicture - ttd:405ms pts:22.522 Clock:22.117 Level:5
2022-12-30 13:14:51.160 T:3665 DEBUG : CAMLCodec::ReleaseFrame idx:535, drop:0
2022-12-30 13:14:51.160 T:3907 DEBUG : CAMLCodec::GetTimeSize: len:24 dl:2286402 fs:2286402 front:63471
2022-12-30 13:14:51.164 T:3904 DEBUG : CVideoPlayer::ProcessAudioData size:2560 dts:30.848 pts:30.848 dur:32.000ms, clock:22.122 drop:0 level:99
2022-12-30 13:14:51.166 T:3907 DEBUG : CAMLCodec::GetTimeSize: len:24 dl:2222931 fs:2286402 front:63471
2022-12-30 13:14:51.166 T:3907 DEBUG : CAMLCodec::GetTimeSize: len:23 dl:2222931 fs:2222931 front:65351
2022-12-30 13:14:51.174 T:3907 DEBUG : CAMLCodec::AddData: dl:2280475 sum:2280475 sz:57544 dts:23.565 pts:23.607
2022-12-30 13:14:51.174 T:3907 DEBUG : CAMLCodec::GetTimeSize: len:24 dl:2280475 fs:2280475 front:65351
2022-12-30 13:14:51.195 T:3665 INFO : Skipped 3 duplicate messages..
2022-12-30 13:14:51.195 T:3665 DEBUG : CAMLCodec::PollFrame elapsed:35.068ms
2022-12-30 13:14:51.198 T:3665 DEBUG : PrepareNextRender: frameOnScreen: 22.156 renderPts: 22.323 nextFramePts: 22.314 -> diff: 0.009 render: 1 forceNext: 0
2022-12-30 13:14:51.198 T:3907 DEBUG : CAMLCodec::GetTimeSize: len:24 dl:2280475 fs:2280475 front:65351
2022-12-30 13:14:51.199 T:3665 DEBUG : CAMLCodec::ReleaseFrame idx:536, drop:0
2022-12-30 13:14:51.205 T:3908 DEBUG : CVideoPlayerAudio::OutputPacket: pts:22.912 curr_pts:22.162 clock:22.163 level:99
2022-12-30 13:14:51.206 T:3908 DEBUG : CVideoPlayerAudio::OutputPacket: pts:22.944 curr_pts:22.163 clock:22.164 level:99
2022-12-30 13:14:51.206 T:3907 DEBUG : CAMLCodec::GetTimeSize: len:24 dl:2280475 fs:2280475 front:65351
2022-12-30 13:14:51.214 T:3904 INFO : Skipped 1 duplicate messages..
2022-12-30 13:14:51.214 T:3904 DEBUG : CVideoPlayer::ProcessAudioData size:2560 dts:30.880 pts:30.880 dur:32.000ms, clock:22.172 drop:0 level:99
2022-12-30 13:14:51.215 T:3904 DEBUG : CVideoPlayer::ProcessAudioData size:2560 dts:30.912 pts:30.912 dur:32.000ms, clock:22.173 drop:0 level:99
2022-12-30 13:14:51.218 T:3907 DEBUG : CAMLCodec::GetTimeSize: len:24 dl:2280475 fs:2280475 front:65351
2022-12-30 13:14:51.237 T:3665 INFO : Skipped 3 duplicate messages..
2022-12-30 13:14:51.237 T:3665 DEBUG : CAMLCodec::PollFrame elapsed:37.747ms
2022-12-30 13:14:51.240 T:3665 DEBUG : PrepareNextRender: frameOnScreen: 22.198 renderPts: 22.365 nextFramePts: 22.356 -> diff: 0.009 render: 1 forceNext: 0
2022-12-30 13:14:51.241 T:3665 DEBUG : CAMLCodec::ReleaseFrame idx:537, drop:0
2022-12-30 13:14:51.243 T:3907 DEBUG : CAMLCodec::GetTimeSize: len:24 dl:2280475 fs:2280475 front:65351
2022-12-30 13:14:51.243 T:3907 DEBUG : CAMLCodec::DequeueBuffer: pts:22.564 idx:542
2022-12-30 13:14:51.243 T:3907 DEBUG : CAMLCodec::GetPicture: index: 542, pts: 22.564, dur:42ms ar:2.00
2022-12-30 13:14:51.243 T:3907 DEBUG : CVideoPlayerVideo::OutputPicture - ttd:362ms pts:22.564 Clock:22.201 Level:4
2022-12-30 13:14:51.244 T:3907 DEBUG : CAMLCodec::GetTimeSize: len:24 dl:2280475 fs:2280475 front:65351
2022-12-30 13:14:51.251 T:3907 DEBUG : CAMLCodec::GetTimeSize: len:24 dl:2215124 fs:2280475 front:65351
2022-12-30 13:14:51.251 T:3907 DEBUG : CAMLCodec::GetTimeSize: len:23 dl:2215124 fs:2215124 front:67401
2022-12-30 13:14:51.255 T:3908 DEBUG : CVideoPlayerAudio::OutputPacket: pts:22.976 curr_pts:22.212 clock:22.213 level:99
2022-12-30 13:14:51.255 T:3904 DEBUG : CVideoPlayer::ProcessAudioData size:2560 dts:30.944 pts:30.944 dur:32.000ms, clock:22.213 drop:0 level:99
2022-12-30 13:14:51.258 T:3907 DEBUG : CAMLCodec::AddData: dl:2292222 sum:2292222 sz:77098 dts:23.607 pts:23.732
2022-12-30 13:14:51.258 T:3907 DEBUG : CAMLCodec::GetTimeSize: len:24 dl:2292222 fs:2292222 front:67401
2022-12-30 13:14:51.279 T:3665 INFO : Skipped 3 duplicate messages..
2022-12-30 13:14:51.278 T:3665 DEBUG : CAMLCodec::PollFrame elapsed:36.990ms
2022-12-30 13:14:51.282 T:3665 DEBUG : PrepareNextRender: frameOnScreen: 22.240 renderPts: 22.407 nextFramePts: 22.397 -> diff: 0.010 render: 1 forceNext: 0
2022-12-30 13:14:51.283 T:3907 DEBUG : CAMLCodec::GetTimeSize: len:24 dl:2292222 fs:2292222 front:67401
2022-12-30 13:14:51.283 T:3907 DEBUG : CAMLCodec::DequeueBuffer: pts:22.606 idx:543
2022-12-30 13:14:51.283 T:3907 DEBUG : CAMLCodec::GetPicture: index: 543, pts: 22.606, dur:42ms ar:2.00
2022-12-30 13:14:51.283 T:3907 DEBUG : CVideoPlayerVideo::OutputPicture - ttd:364ms pts:22.606 Clock:22.241 Level:4
2022-12-30 13:14:51.283 T:3665 DEBUG : CAMLCodec::ReleaseFrame idx:538, drop:0
2022-12-30 13:14:51.284 T:3907 DEBUG : CAMLCodec::GetTimeSize: len:24 dl:2292222 fs:2292222 front:67401
2022-12-30 13:14:51.291 T:3907 DEBUG : CAMLCodec::GetTimeSize: len:24 dl:2224821 fs:2292222 front:67401
2022-12-30 13:14:51.292 T:3907 DEBUG : CAMLCodec::GetTimeSize: len:23 dl:2224821 fs:2224821 front:46889
2022-12-30 13:14:51.297 T:3907 DEBUG : CAMLCodec::AddData: dl:2249445 sum:2249445 sz:24624 dts:23.649 pts:23.690
2022-12-30 13:14:51.297 T:3907 DEBUG : CAMLCodec::GetTimeSize: len:24 dl:2249445 fs:2249445 front:46889
2022-12-30 13:14:51.305 T:3908 INFO : Skipped 1 duplicate messages..
2022-12-30 13:14:51.305 T:3908 DEBUG : CVideoPlayerAudio::OutputPacket: pts:23.008 curr_pts:22.262 clock:22.263 level:99
2022-12-30 13:14:51.306 T:3908 DEBUG : CVideoPlayerAudio::OutputPacket: pts:23.040 curr_pts:22.263 clock:22.264 level:99
2022-12-30 13:14:51.306 T:3904 DEBUG : CVideoPlayer::ProcessAudioData size:2560 dts:30.976 pts:30.976 dur:32.000ms, clock:22.264 drop:0 level:99
2022-12-30 13:14:51.307 T:3904 DEBUG : CVideoPlayer::ProcessVideoData size:129501 dts:30.739 pts:31.031 dur:41.000ms, clock:22.265 level:88
2022-12-30 13:14:51.307 T:3904 DEBUG : CVideoPlayer::ProcessVideoData size:80988 dts:30.781 pts:30.906 dur:41.000ms, clock:22.265 level:89
2022-12-30 13:14:51.308 T:3904 DEBUG : CVideoPlayer::ProcessVideoData size:35910 dts:30.822 pts:30.822 dur:41.000ms, clock:22.266 level:89
2022-12-30 13:14:51.309 T:3904 DEBUG : CVideoPlayer::ProcessVideoData size:38530 dts:30.864 pts:30.864 dur:41.000ms, clock:22.267 level:90
2022-12-30 13:14:51.309 T:3904 DEBUG : CVideoPlayer::ProcessVideoData size:40066 dts:30.906 pts:30.948 dur:41.000ms, clock:22.267 level:90
2022-12-30 13:14:51.309 T:3904 DEBUG : CVideoPlayer::ProcessVideoData size:38828 dts:30.948 pts:30.989 dur:41.000ms, clock:22.267 level:91
2022-12-30 13:14:51.311 T:3904 DEBUG : CVideoPlayer::ProcessAudioData size:2560 dts:31.008 pts:31.008 dur:32.000ms, clock:22.269 drop:0 level:99
2022-12-30 13:14:51.311 T:3907 DEBUG : CAMLCodec::GetTimeSize: len:24 dl:2249445 fs:2249445 front:46889
2022-12-30 13:14:51.320 T:3665 INFO : Skipped 1 duplicate messages..
2022-12-30 13:14:51.320 T:3665 DEBUG : CAMLCodec::PollFrame elapsed:36.759ms
2022-12-30 13:14:51.323 T:3907 DEBUG : CAMLCodec::GetTimeSize: len:24 dl:2249445 fs:2249445 front:46889
2022-12-30 13:14:51.324 T:3907 DEBUG : CAMLCodec::DequeueBuffer: pts:22.648 idx:544
2022-12-30 13:14:51.324 T:3907 DEBUG : CAMLCodec::GetPicture: index: 544, pts: 22.648, dur:42ms ar:2.00
2022-12-30 13:14:51.324 T:3907 DEBUG : CVideoPlayerVideo::OutputPicture - ttd:366ms pts:22.648 Clock:22.282 Level:5
2022-12-30 13:14:51.324 T:3665 DEBUG : PrepareNextRender: frameOnScreen: 22.282 renderPts: 22.449 nextFramePts: 22.439 -> diff: 0.010 render: 1 forceNext: 0
2022-12-30 13:14:51.325 T:3907 DEBUG : CAMLCodec::GetTimeSize: len:24 dl:2249445 fs:2249445 front:46889
2022-12-30 13:14:51.326 T:3665 DEBUG : CAMLCodec::ReleaseFrame idx:539, drop:0
2022-12-30 13:14:51.331 T:3907 DEBUG : CAMLCodec::GetTimeSize: len:24 dl:2202556 fs:2249445 front:46889
2022-12-30 13:14:51.331 T:3907 DEBUG : CAMLCodec::GetTimeSize: len:23 dl:2202556 fs:2202556 front:25855
2022-12-30 13:14:51.339 T:3907 DEBUG : CAMLCodec::AddData: dl:2296147 sum:2296147 sz:93591 dts:23.690 pts:23.982
2022-12-30 13:14:51.339 T:3907 DEBUG : CAMLCodec::GetTimeSize: len:24 dl:2296147 fs:2296147 front:25855
2022-12-30 13:14:51.355 T:3908 INFO : Skipped 2 duplicate messages..
2022-12-30 13:14:51.355 T:3908 DEBUG : CVideoPlayerAudio::OutputPacket: pts:23.072 curr_pts:22.312 clock:22.313 level:99
2022-12-30 13:14:51.357 T:3907 DEBUG : CAMLCodec::GetTimeSize: len:24 dl:2296147 fs:2296147 front:25855
2022-12-30 13:14:51.361 T:3904 DEBUG : CVideoPlayer::ProcessAudioData size:2560 dts:31.040 pts:31.040 dur:32.000ms, clock:22.319 drop:0 level:99
2022-12-30 13:14:51.362 T:3665 DEBUG : CAMLCodec::PollFrame elapsed:35.860ms
2022-12-30 13:14:51.364 T:3907 DEBUG : CAMLCodec::GetTimeSize: len:24 dl:2296147 fs:2296147 front:25855
2022-12-30 13:14:51.364 T:3907 DEBUG : CAMLCodec::DequeueBuffer: pts:22.689 idx:545
2022-12-30 13:14:51.364 T:3907 DEBUG : CAMLCodec::GetPicture: index: 545, pts: 22.689, dur:41ms ar:2.00
2022-12-30 13:14:51.364 T:3907 DEBUG : CVideoPlayerVideo::OutputPicture - ttd:366ms pts:22.689 Clock:22.322 Level:5
2022-12-30 13:14:51.365 T:3907 DEBUG : CAMLCodec::GetTimeSize: len:24 dl:2296147 fs:2296147 front:25855
2022-12-30 13:14:51.366 T:3665 DEBUG : PrepareNextRender: frameOnScreen: 22.324 renderPts: 22.491 nextFramePts: 22.481 -> diff: 0.010 render: 1 forceNext: 0
2022-12-30 13:14:51.367 T:3665 DEBUG : CAMLCodec::ReleaseFrame idx:540, drop:0
2022-12-30 13:14:51.371 T:3907 DEBUG : CAMLCodec::GetTimeSize: len:24 dl:2296147 fs:2296147 front:25855
2022-12-30 13:14:51.378 T:3907 DEBUG : CAMLCodec::GetTimeSize: len:24 dl:2270292 fs:2296147 front:25855
2022-12-30 13:14:51.378 T:3907 DEBUG : CAMLCodec::GetTimeSize: len:23 dl:2270292 fs:2270292 front:10636
2022-12-30 13:14:51.378 T:3907 DEBUG : CAMLCodec::DequeueBuffer: pts:22.731 idx:546
2022-12-30 13:14:51.378 T:3907 DEBUG : CAMLCodec::GetPicture: index: 546, pts: 22.731, dur:42ms ar:2.00
2022-12-30 13:14:51.378 T:3907 DEBUG : CVideoPlayerVideo::OutputPicture - ttd:394ms pts:22.731 Clock:22.336 Level:5
2022-12-30 13:14:51.379 T:3907 DEBUG : CAMLCodec::GetTimeSize: len:23 dl:2270292 fs:2270292 front:10636
2022-12-30 13:14:51.384 T:3907 DEBUG : CAMLCodec::AddData: dl:2288985 sum:2299621 sz:29329 dts:23.732 pts:23.857
2022-12-30 13:14:51.384 T:3907 DEBUG : CAMLCodec::GetTimeSize: len:24 dl:2288985 fs:2299621 front:10636
2022-12-30 13:14:51.384 T:3907 DEBUG : CAMLCodec::GetTimeSize: len:23 dl:2288985 fs:2288985 front:144681
2022-12-30 13:14:51.390 T:3907 DEBUG : CAMLCodec::AddData: dl:2299184 sum:2299184 sz:10199 dts:23.774 pts:23.774
2022-12-30 13:14:51.390 T:3907 DEBUG : CAMLCodec::GetTimeSize: len:24 dl:2299184 fs:2299184 front:144681
2022-12-30 13:14:51.405 T:3665 INFO : Skipped 2 duplicate messages..
2022-12-30 13:14:51.404 T:3665 DEBUG : CAMLCodec::PollFrame elapsed:36.597ms
2022-12-30 13:14:51.405 T:3908 DEBUG : CVideoPlayerAudio::OutputPacket: pts:23.104 curr_pts:22.362 clock:22.363 level:99
2022-12-30 13:14:51.406 T:3908 DEBUG : CVideoPlayerAudio::OutputPacket: pts:23.136 curr_pts:22.363 clock:22.364 level:99
2022-12-30 13:14:51.408 T:3907 DEBUG : CAMLCodec::GetTimeSize: len:24 dl:2299184 fs:2299184 front:144681
2022-12-30 13:14:51.408 T:3907 DEBUG : CAMLCodec::DequeueBuffer: pts:22.773 idx:547
2022-12-30 13:14:51.409 T:3907 DEBUG : CAMLCodec::GetPicture: index: 547, pts: 22.773, dur:42ms ar:2.00
2022-12-30 13:14:51.409 T:3907 DEBUG : CVideoPlayerVideo::OutputPicture - ttd:406ms pts:22.773 Clock:22.367 Level:6
2022-12-30 13:14:51.410 T:3907 DEBUG : CAMLCodec::GetTimeSize: len:24 dl:2299184 fs:2299184 front:144681
2022-12-30 13:14:51.410 T:3665 DEBUG : PrepareNextRender: frameOnScreen: 22.368 renderPts: 22.535 nextFramePts: 22.522 -> diff: 0.013 render: 1 forceNext: 0
2022-12-30 13:14:51.411 T:3665 DEBUG : CAMLCodec::ReleaseFrame idx:541, drop:0
2022-12-30 13:14:51.412 T:3904 DEBUG : CVideoPlayer::ProcessAudioData size:2560 dts:31.072 pts:31.072 dur:32.000ms, clock:22.370 drop:0 level:99
2022-12-30 13:14:51.412 T:3904 DEBUG : CVideoPlayer::ProcessAudioData size:2560 dts:31.104 pts:31.104 dur:32.000ms, clock:22.370 drop:0 level:99
2022-12-30 13:14:51.416 T:3907 DEBUG : CAMLCodec::GetTimeSize: len:24 dl:2154503 fs:2299184 front:144681
2022-12-30 13:14:51.416 T:3907 DEBUG : CAMLCodec::GetTimeSize: len:23 dl:2154503 fs:2154503 front:96407
2022-12-30 13:14:51.421 T:3907 DEBUG : CAMLCodec::AddData: dl:2171364 sum:2171364 sz:16861 dts:23.815 pts:23.815
2022-12-30 13:14:51.422 T:3907 DEBUG : CAMLCodec::GetTimeSize: len:24 dl:2171364 fs:2171364 front:96407
2022-12-30 13:14:51.445 T:3665 INFO : Skipped 3 duplicate messages..
2022-12-30 13:14:51.445 T:3665 DEBUG : CAMLCodec::PollFrame elapsed:34.000ms
2022-12-30 13:14:51.446 T:3907 DEBUG : CAMLCodec::GetTimeSize: len:24 dl:2171364 fs:2171364 front:96407
2022-12-30 13:14:51.449 T:3665 DEBUG : PrepareNextRender: frameOnScreen: 22.407 renderPts: 22.574 nextFramePts: 22.564 -> diff: 0.010 render: 1 forceNext: 0
2022-12-30 13:14:51.450 T:3665 DEBUG : CAMLCodec::ReleaseFrame idx:542, drop:0
2022-12-30 13:14:51.453 T:3907 DEBUG : CAMLCodec::GetTimeSize: len:24 dl:2171364 fs:2171364 front:96407
2022-12-30 13:14:51.453 T:3907 DEBUG : CAMLCodec::DequeueBuffer: pts:22.814 idx:548
2022-12-30 13:14:51.454 T:3907 DEBUG : CAMLCodec::GetPicture: index: 548, pts: 22.814, dur:41ms ar:2.00
2022-12-30 13:14:51.454 T:3907 DEBUG : CVideoPlayerVideo::OutputPicture - ttd:402ms pts:22.814 Clock:22.412 Level:5
2022-12-30 13:14:51.455 T:3908 DEBUG : CVideoPlayerAudio::OutputPacket: pts:23.168 curr_pts:22.412 clock:22.413 level:99
2022-12-30 13:14:51.455 T:3907 DEBUG : CAMLCodec::GetTimeSize: len:24 dl:2074957 fs:2171364 front:96407
2022-12-30 13:14:51.456 T:3907 DEBUG : CAMLCodec::GetTimeSize: len:23 dl:2074957 fs:2074957 front:77567
2022-12-30 13:14:51.456 T:3908 DEBUG : CVideoPlayerAudio::OutputPacket: pts:23.200 curr_pts:22.413 clock:22.414 level:99
2022-12-30 13:14:51.461 T:3907 DEBUG : CAMLCodec::AddData: dl:2097488 sum:2097488 sz:22531 dts:23.857 pts:23.899
2022-12-30 13:14:51.461 T:3907 DEBUG : CAMLCodec::GetTimeSize: len:24 dl:2097488 fs:2097488 front:77567
2022-12-30 13:14:51.463 T:3904 DEBUG : CVideoPlayer::ProcessAudioData size:2560 dts:31.136 pts:31.136 dur:32.000ms, clock:22.421 drop:0 level:99
2022-12-30 13:14:51.463 T:3904 DEBUG : CVideoPlayer::ProcessAudioData size:2560 dts:31.168 pts:31.168 dur:32.000ms, clock:22.421 drop:0 level:99
2022-12-30 13:14:51.467 T:3907 DEBUG : CAMLCodec::GetTimeSize: len:24 dl:2097488 fs:2097488 front:77567
2022-12-30 13:14:51.487 T:3665 INFO : Skipped 3 duplicate messages..
2022-12-30 13:14:51.487 T:3665 DEBUG : CAMLCodec::PollFrame elapsed:36.922ms
2022-12-30 13:14:51.490 T:3665 DEBUG : PrepareNextRender: frameOnScreen: 22.448 renderPts: 22.615 nextFramePts: 22.606 -> diff: 0.009 render: 1 forceNext: 0
2022-12-30 13:14:51.490 T:3665 DEBUG : CAMLCodec::ReleaseFrame idx:543, drop:0
2022-12-30 13:14:51.492 T:3907 DEBUG : CAMLCodec::GetTimeSize: len:24 dl:2097488 fs:2097488 front:77567
2022-12-30 13:14:51.492 T:3907 DEBUG : CAMLCodec::DequeueBuffer: pts:22.856 idx:549
2022-12-30 13:14:51.492 T:3907 DEBUG : CAMLCodec::GetPicture: index: 549, pts: 22.856, dur:42ms ar:2.00
2022-12-30 13:14:51.492 T:3907 DEBUG : CVideoPlayerVideo::OutputPicture - ttd:405ms pts:22.856 Clock:22.450 Level:5
2022-12-30 13:14:51.493 T:3907 DEBUG : CAMLCodec::GetTimeSize: len:24 dl:2097488 fs:2097488 front:77567
2022-12-30 13:14:51.499 T:3907 DEBUG : CAMLCodec::GetTimeSize: len:24 dl:2019921 fs:2097488 front:77567
2022-12-30 13:14:51.499 T:3907 DEBUG : CAMLCodec::GetTimeSize: len:23 dl:2019921 fs:2019921 front:80008
2022-12-30 13:14:51.505 T:3908 DEBUG : CVideoPlayerAudio::OutputPacket: pts:23.232 curr_pts:22.462 clock:22.463 level:99
2022-12-30 13:14:51.507 T:3907 DEBUG : CAMLCodec::AddData: dl:2075693 sum:2075693 sz:55772 dts:23.899 pts:23.941
2022-12-30 13:14:51.507 T:3907 DEBUG : CAMLCodec::GetTimeSize: len:24 dl:2075693 fs:2075693 front:80008
2022-12-30 13:14:51.514 T:3904 DEBUG : CVideoPlayer::ProcessAudioData size:2560 dts:31.200 pts:31.200 dur:32.000ms, clock:22.472 drop:0 level:99
2022-12-30 13:14:51.514 T:3907 DEBUG : CAMLCodec::GetTimeSize: len:24 dl:2075693 fs:2075693 front:80008
2022-12-30 13:14:51.529 T:3665 INFO : Skipped 2 duplicate messages..
2022-12-30 13:14:51.529 T:3665 DEBUG : CAMLCodec::PollFrame elapsed:38.382ms
2022-12-30 13:14:51.530 T:3665 DEBUG : PrepareNextRender: frameOnScreen: 22.488 renderPts: 22.655 nextFramePts: 22.648 -> diff: 0.007 render: 1 forceNext: 0
2022-12-30 13:14:51.531 T:3665 DEBUG : CAMLCodec::ReleaseFrame idx:544, drop:0
2022-12-30 13:14:51.533 T:3907 DEBUG : CAMLCodec::GetTimeSize: len:24 dl:2075693 fs:2075693 front:80008
2022-12-30 13:14:51.533 T:3907 DEBUG : CAMLCodec::DequeueBuffer: pts:22.898 idx:550
2022-12-30 13:14:51.533 T:3907 DEBUG : CAMLCodec::GetPicture: index: 550, pts: 22.898, dur:42ms ar:2.00
2022-12-30 13:14:51.533 T:3907 DEBUG : CVideoPlayerVideo::OutputPicture - ttd:406ms pts:22.898 Clock:22.491 Level:5
2022-12-30 13:14:51.534 T:3907 DEBUG : CAMLCodec::GetTimeSize: len:24 dl:2075693 fs:2075693 front:80008
2022-12-30 13:14:51.540 T:3907 DEBUG : CAMLCodec::GetTimeSize: len:24 dl:1995685 fs:2075693 front:80008
2022-12-30 13:14:51.541 T:3907 DEBUG : CAMLCodec::GetTimeSize: len:23 dl:1995685 fs:1995685 front:76843
2022-12-30 13:14:51.548 T:3907 DEBUG : CAMLCodec::AddData: dl:2142493 sum:2142493 sz:146808 dts:23.941 pts:24.024
2022-12-30 13:14:51.548 T:3907 DEBUG : CAMLCodec::GetTimeSize: len:24 dl:2142493 fs:2142493 front:76843
2022-12-30 13:14:51.555 T:3908 DEBUG : CVideoPlayerAudio::OutputPacket: pts:23.264 curr_pts:22.512 clock:22.513 level:99
2022-12-30 13:14:51.556 T:3908 DEBUG : CVideoPlayerAudio::OutputPacket: pts:23.296 curr_pts:22.513 clock:22.514 level:99
2022-12-30 13:14:51.556 T:3907 DEBUG : CAMLCodec::GetTimeSize: len:24 dl:2142493 fs:2142493 front:76843
2022-12-30 13:14:51.564 T:3904 INFO : Skipped 1 duplicate messages..
2022-12-30 13:14:51.564 T:3904 DEBUG : CVideoPlayer::ProcessAudioData size:2560 dts:31.232 pts:31.232 dur:32.000ms, clock:22.522 drop:0 level:99
2022-12-30 13:14:51.565 T:3904 DEBUG : CVideoPlayer::ProcessVideoData size:132246 dts:30.989 pts:31.240 dur:41.000ms, clock:22.523 level:88
2022-12-30 13:14:51.567 T:3904 DEBUG : CVideoPlayer::ProcessVideoData size:102691 dts:31.031 pts:31.156 dur:41.000ms, clock:22.525 level:88
2022-12-30 13:14:51.567 T:3904 DEBUG : CVideoPlayer::ProcessVideoData size:43940 dts:31.073 pts:31.073 dur:41.000ms, clock:22.525 level:89
2022-12-30 13:14:51.567 T:3904 DEBUG : CVideoPlayer::ProcessVideoData size:43044 dts:31.114 pts:31.114 dur:41.000ms, clock:22.525 level:89
2022-12-30 13:14:51.569 T:3904 DEBUG : CVideoPlayer::ProcessVideoData size:63185 dts:31.156 pts:31.198 dur:41.000ms, clock:22.527 level:90
2022-12-30 13:14:51.569 T:3904 DEBUG : CVideoPlayer::ProcessAudioData size:2560 dts:31.264 pts:31.264 dur:32.000ms, clock:22.528 drop:0 level:99
2022-12-30 13:14:51.571 T:3665 DEBUG : CAMLCodec::PollFrame elapsed:39.740ms
2022-12-30 13:14:51.571 T:3907 DEBUG : CAMLCodec::GetTimeSize: len:24 dl:2142493 fs:2142493 front:76843
2022-12-30 13:14:51.575 T:3665 DEBUG : PrepareNextRender: frameOnScreen: 22.533 renderPts: 22.699 nextFramePts: 22.689 -> diff: 0.010 render: 1 forceNext: 0
2022-12-30 13:14:51.576 T:3665 DEBUG : CAMLCodec::ReleaseFrame idx:545, drop:0
2022-12-30 13:14:51.577 T:3907 DEBUG : CAMLCodec::GetTimeSize: len:24 dl:2142493 fs:2142493 front:76843
2022-12-30 13:14:51.577 T:3907 DEBUG : CAMLCodec::DequeueBuffer: pts:22.940 idx:551
2022-12-30 13:14:51.577 T:3907 DEBUG : CAMLCodec::GetPicture: index: 551, pts: 22.940, dur:42ms ar:2.00
2022-12-30 13:14:51.577 T:3907 DEBUG : CVideoPlayerVideo::OutputPicture - ttd:404ms pts:22.940 Clock:22.535 Level:5
2022-12-30 13:14:51.578 T:3907 DEBUG : CAMLCodec::GetTimeSize: len:24 dl:2142493 fs:2142493 front:76843
2022-12-30 13:14:51.585 T:3907 DEBUG : CAMLCodec::GetTimeSize: len:24 dl:2065650 fs:2142493 front:76843
2022-12-30 13:14:51.585 T:3907 DEBUG : CAMLCodec::GetTimeSize: len:23 dl:2065650 fs:2065650 front:103522
2022-12-30 13:14:51.592 T:3907 DEBUG : CAMLCodec::AddData: dl:2182822 sum:2182822 sz:117172 dts:23.982 pts:24.358
2022-12-30 13:14:51.592 T:3907 DEBUG : CAMLCodec::GetTimeSize: len:24 dl:2182822 fs:2182822 front:103522
2022-12-30 13:14:51.605 T:3908 INFO : Skipped 1 duplicate messages..
2022-12-30 13:14:51.605 T:3908 DEBUG : CVideoPlayerAudio::OutputPacket: pts:23.328 curr_pts:22.562 clock:22.563 level:99
2022-12-30 13:14:51.605 T:3907 DEBUG : CAMLCodec::GetTimeSize: len:24 dl:2182822 fs:2182822 front:103522
2022-12-30 13:14:51.610 T:3904 DEBUG : CVideoPlayer::ProcessAudioData size:2560 dts:31.296 pts:31.296 dur:32.000ms, clock:22.568 drop:0 level:99
2022-12-30 13:14:51.612 T:3907 DEBUG : CAMLCodec::GetTimeSize: len:24 dl:2182822 fs:2182822 front:103522
2022-12-30 13:14:51.612 T:3665 DEBUG : CAMLCodec::PollFrame elapsed:35.960ms
2022-12-30 13:14:51.615 T:3665 DEBUG : PrepareNextRender: frameOnScreen: 22.573 renderPts: 22.740 nextFramePts: 22.731 -> diff: 0.009 render: 1 forceNext: 0
2022-12-30 13:14:51.617 T:3665 DEBUG : CAMLCodec::ReleaseFrame idx:546, drop:0
2022-12-30 13:14:51.618 T:3907 DEBUG : CAMLCodec::GetTimeSize: len:24 dl:2182822 fs:2182822 front:103522
2022-12-30 13:14:51.618 T:3907 DEBUG : CAMLCodec::DequeueBuffer: pts:22.981 idx:552
2022-12-30 13:14:51.618 T:3907 DEBUG : CAMLCodec::GetPicture: index: 552, pts: 22.981, dur:41ms ar:2.00
2022-12-30 13:14:51.618 T:3907 DEBUG : CVideoPlayerVideo::OutputPicture - ttd:404ms pts:22.981 Clock:22.576 Level:5
2022-12-30 13:14:51.619 T:3907 DEBUG : CAMLCodec::GetTimeSize: len:24 dl:2182822 fs:2182822 front:103522
2022-12-30 13:14:51.625 T:3907 DEBUG : CAMLCodec::GetTimeSize: len:24 dl:2079300 fs:2182822 front:103522
2022-12-30 13:14:51.625 T:3907 DEBUG : CAMLCodec::GetTimeSize: len:23 dl:2079300 fs:2079300 front:136759
2022-12-30 13:14:51.633 T:3907 DEBUG : CAMLCodec::AddData: dl:2202904 sum:2202904 sz:123604 dts:24.024 pts:24.191
2022-12-30 13:14:51.633 T:3907 DEBUG : CAMLCodec::GetTimeSize: len:24 dl:2202904 fs:2202904 front:136759
2022-12-30 13:14:51.655 T:3908 INFO : Skipped 3 duplicate messages..
2022-12-30 13:14:51.655 T:3908 DEBUG : CVideoPlayerAudio::OutputPacket: pts:23.360 curr_pts:22.612 clock:22.613 level:99
2022-12-30 13:14:51.656 T:3908 DEBUG : CVideoPlayerAudio::OutputPacket: pts:23.392 curr_pts:22.613 clock:22.614 level:99
2022-12-30 13:14:51.656 T:3665 DEBUG : CAMLCodec::PollFrame elapsed:39.203ms
2022-12-30 13:14:51.658 T:3907 DEBUG : CAMLCodec::GetTimeSize: len:24 dl:2202904 fs:2202904 front:136759
2022-12-30 13:14:51.658 T:3907 DEBUG : CAMLCodec::DequeueBuffer: pts:23.023 idx:553
2022-12-30 13:14:51.658 T:3907 DEBUG : CAMLCodec::GetPicture: index: 553, pts: 23.023, dur:42ms ar:2.00
2022-12-30 13:14:51.658 T:3907 DEBUG : CVideoPlayerVideo::OutputPicture - ttd:407ms pts:23.023 Clock:22.616 Level:6
2022-12-30 13:14:51.659 T:3907 DEBUG : CAMLCodec::GetTimeSize: len:24 dl:2202904 fs:2202904 front:136759
2022-12-30 13:14:51.660 T:3665 DEBUG : PrepareNextRender: frameOnScreen: 22.618 renderPts: 22.785 nextFramePts: 22.773 -> diff: 0.012 render: 1 forceNext: 0
2022-12-30 13:14:51.661 T:3904 DEBUG : CVideoPlayer::ProcessAudioData size:2560 dts:31.328 pts:31.328 dur:32.000ms, clock:22.619 drop:0 level:99
2022-12-30 13:14:51.661 T:3904 DEBUG : CVideoPlayer::ProcessAudioData size:2560 dts:31.360 pts:31.360 dur:32.000ms, clock:22.619 drop:0 level:99
2022-12-30 13:14:51.662 T:3665 DEBUG : CAMLCodec::ReleaseFrame idx:547, drop:0
2022-12-30 13:14:51.666 T:3907 DEBUG : CAMLCodec::GetTimeSize: len:24 dl:2066145 fs:2202904 front:136759
2022-12-30 13:14:51.666 T:3907 DEBUG : CAMLCodec::GetTimeSize: len:23 dl:2066145 fs:2066145 front:160164
2022-12-30 13:14:51.674 T:3907 DEBUG : CAMLCodec::AddData: dl:2172711 sum:2172711 sz:106566 dts:24.066 pts:24.066
2022-12-30 13:14:51.674 T:3907 DEBUG : CAMLCodec::GetTimeSize: len:24 dl:2172711 fs:2172711 front:160164
2022-12-30 13:14:51.696 T:3665 INFO : Skipped 3 duplicate messages..
2022-12-30 13:14:51.696 T:3665 DEBUG : CAMLCodec::PollFrame elapsed:33.675ms
2022-12-30 13:14:51.699 T:3907 DEBUG : CAMLCodec::GetTimeSize: len:24 dl:2172711 fs:2172711 front:160164
2022-12-30 13:14:51.699 T:3907 DEBUG : CAMLCodec::DequeueBuffer: pts:23.065 idx:554
2022-12-30 13:14:51.699 T:3907 DEBUG : CAMLCodec::GetPicture: index: 554, pts: 23.065, dur:42ms ar:2.00
2022-12-30 13:14:51.699 T:3907 DEBUG : CVideoPlayerVideo::OutputPicture - ttd:407ms pts:23.065 Clock:22.657 Level:6
2022-12-30 13:14:51.699 T:3665 DEBUG : PrepareNextRender: frameOnScreen: 22.657 renderPts: 22.824 nextFramePts: 22.814 -> diff: 0.010 render: 1 forceNext: 0
2022-12-30 13:14:51.700 T:3907 DEBUG : CAMLCodec::GetTimeSize: len:24 dl:2172711 fs:2172711 front:160164
2022-12-30 13:14:51.701 T:3665 DEBUG : CAMLCodec::ReleaseFrame idx:548, drop:0
2022-12-30 13:14:51.705 T:3908 DEBUG : CVideoPlayerAudio::OutputPacket: pts:23.424 curr_pts:22.662 clock:22.663 level:99
2022-12-30 13:14:51.706 T:3907 DEBUG : CAMLCodec::GetTimeSize: len:24 dl:2012547 fs:2172711 front:160164
2022-12-30 13:14:51.707 T:3907 DEBUG : CAMLCodec::GetTimeSize: len:23 dl:2012547 fs:2012547 front:123457
2022-12-30 13:14:51.712 T:3904 DEBUG : CVideoPlayer::ProcessAudioData size:2560 dts:31.392 pts:31.392 dur:32.000ms, clock:22.670 drop:0 level:99
2022-12-30 13:14:51.714 T:3907 DEBUG : CAMLCodec::AddData: dl:2112954 sum:2112954 sz:100407 dts:24.107 pts:24.107
2022-12-30 13:14:51.714 T:3907 DEBUG : CAMLCodec::GetTimeSize: len:24 dl:2112954 fs:2112954 front:123457
2022-12-30 13:14:51.737 T:3665 INFO : Skipped 3 duplicate messages..
2022-12-30 13:14:51.737 T:3665 DEBUG : CAMLCodec::PollFrame elapsed:36.509ms
2022-12-30 13:14:51.739 T:3907 DEBUG : CAMLCodec::GetTimeSize: len:24 dl:2112954 fs:2112954 front:123457
2022-12-30 13:14:51.743 T:3665 DEBUG : PrepareNextRender: frameOnScreen: 22.701 renderPts: 22.868 nextFramePts: 22.856 -> diff: 0.012 render: 1 forceNext: 0
2022-12-30 13:14:51.743 T:3665 DEBUG : CAMLCodec::ReleaseFrame idx:549, drop:0
2022-12-30 13:14:51.745 T:3907 DEBUG : CAMLCodec::GetTimeSize: len:24 dl:2112954 fs:2112954 front:123457
2022-12-30 13:14:51.745 T:3907 DEBUG : CAMLCodec::DequeueBuffer: pts:23.106 idx:555
2022-12-30 13:14:51.746 T:3907 DEBUG : CAMLCodec::GetPicture: index: 555, pts: 23.106, dur:41ms ar:2.00
2022-12-30 13:14:51.746 T:3907 DEBUG : CVideoPlayerVideo::OutputPicture - ttd:402ms pts:23.106 Clock:22.704 Level:5
2022-12-30 13:14:51.747 T:3907 DEBUG : CAMLCodec::GetTimeSize: len:24 dl:2112954 fs:2112954 front:123457
2022-12-30 13:14:51.753 T:3907 DEBUG : CAMLCodec::GetTimeSize: len:24 dl:1989497 fs:2112954 front:123457
2022-12-30 13:14:51.753 T:3907 DEBUG : CAMLCodec::GetTimeSize: len:23 dl:1989497 fs:1989497 front:115729
2022-12-30 13:14:51.755 T:3908 DEBUG : CVideoPlayerAudio::OutputPacket: pts:23.456 curr_pts:22.712 clock:22.713 level:99
2022-12-30 13:14:51.755 T:3908 DEBUG : CVideoPlayerAudio::OutputPacket: pts:23.488 curr_pts:22.713 clock:22.713 level:99
2022-12-30 13:14:51.761 T:3907 DEBUG : CAMLCodec::AddData: dl:2092595 sum:2092595 sz:103098 dts:24.149 pts:24.149
2022-12-30 13:14:51.761 T:3907 DEBUG : CAMLCodec::GetTimeSize: len:24 dl:2092595 fs:2092595 front:115729
2022-12-30 13:14:51.762 T:3904 DEBUG : CVideoPlayer::ProcessAudioData size:2560 dts:31.424 pts:31.424 dur:32.000ms, clock:22.720 drop:0 level:99
2022-12-30 13:14:51.762 T:3904 DEBUG : CVideoPlayer::ProcessAudioData size:2560 dts:31.456 pts:31.456 dur:32.000ms, clock:22.720 drop:0 level:99
2022-12-30 13:14:51.767 T:3907 DEBUG : CAMLCodec::GetTimeSize: len:24 dl:2092595 fs:2092595 front:115729
2022-12-30 13:14:51.779 T:3665 INFO : Skipped 1 duplicate messages..
2022-12-30 13:14:51.779 T:3665 DEBUG : CAMLCodec::PollFrame elapsed:35.520ms
2022-12-30 13:14:51.779 T:3907 DEBUG : CAMLCodec::GetTimeSize: len:24 dl:2092595 fs:2092595 front:115729
2022-12-30 13:14:51.780 T:3665 DEBUG : PrepareNextRender: frameOnScreen: 22.738 renderPts: 22.905 nextFramePts: 22.898 -> diff: 0.007 render: 1 forceNext: 0
2022-12-30 13:14:51.780 T:3665 DEBUG : CAMLCodec::ReleaseFrame idx:550, drop:0
2022-12-30 13:14:51.786 T:3907 DEBUG : CAMLCodec::GetTimeSize: len:24 dl:2092595 fs:2092595 front:115729
2022-12-30 13:14:51.786 T:3907 DEBUG : CAMLCodec::DequeueBuffer: pts:23.148 idx:556
2022-12-30 13:14:51.786 T:3907 DEBUG : CAMLCodec::GetPicture: index: 556, pts: 23.148, dur:42ms ar:2.00
2022-12-30 13:14:51.786 T:3907 DEBUG : CVideoPlayerVideo::OutputPicture - ttd:403ms pts:23.148 Clock:22.744 Level:5
2022-12-30 13:14:51.787 T:3907 DEBUG : CAMLCodec::GetTimeSize: len:24 dl:2092595 fs:2092595 front:115729
2022-12-30 13:14:51.793 T:3907 DEBUG : CAMLCodec::GetTimeSize: len:24 dl:1976866 fs:2092595 front:115729
2022-12-30 13:14:51.793 T:3907 DEBUG : CAMLCodec::GetTimeSize: len:23 dl:1976866 fs:1976866 front:122090
2022-12-30 13:14:51.801 T:3907 DEBUG : CAMLCodec::AddData: dl:2059860 sum:2059860 sz:82994 dts:24.191 pts:24.233
2022-12-30 13:14:51.801 T:3907 DEBUG : CAMLCodec::GetTimeSize: len:24 dl:2059860 fs:2059860 front:122090
2022-12-30 13:14:51.805 T:3908 DEBUG : CVideoPlayerAudio::OutputPacket: pts:23.520 curr_pts:22.762 clock:22.763 level:99
2022-12-30 13:14:51.807 T:3907 DEBUG : CAMLCodec::GetTimeSize: len:24 dl:2059860 fs:2059860 front:122090
2022-12-30 13:14:51.813 T:3904 DEBUG : CVideoPlayer::ProcessAudioData size:2560 dts:31.488 pts:31.488 dur:32.000ms, clock:22.771 drop:0 level:99
2022-12-30 13:14:51.813 T:3907 DEBUG : CAMLCodec::GetTimeSize: len:24 dl:2059860 fs:2059860 front:122090
2022-12-30 13:14:51.821 T:3665 INFO : Skipped 1 duplicate messages..
2022-12-30 13:14:51.821 T:3665 DEBUG : CAMLCodec::PollFrame elapsed:40.379ms
2022-12-30 13:14:51.822 T:3665 DEBUG : PrepareNextRender: frameOnScreen: 22.780 renderPts: 22.947 nextFramePts: 22.940 -> diff: 0.007 render: 1 forceNext: 0
2022-12-30 13:14:51.822 T:3665 DEBUG : CAMLCodec::ReleaseFrame idx:551, drop:0
2022-12-30 13:14:51.826 T:3907 DEBUG : CAMLCodec::GetTimeSize: len:24 dl:2059860 fs:2059860 front:122090
2022-12-30 13:14:51.826 T:3907 DEBUG : CAMLCodec::DequeueBuffer: pts:23.190 idx:557
2022-12-30 13:14:51.826 T:3907 DEBUG : CAMLCodec::GetPicture: index: 557, pts: 23.190, dur:42ms ar:2.00
2022-12-30 13:14:51.826 T:3907 DEBUG : CVideoPlayerVideo::OutputPicture - ttd:405ms pts:23.190 Clock:22.784 Level:5
2022-12-30 13:14:51.827 T:3907 DEBUG : CAMLCodec::GetTimeSize: len:24 dl:2059860 fs:2059860 front:122090
2022-12-30 13:14:51.833 T:3907 DEBUG : CAMLCodec::GetTimeSize: len:24 dl:1937770 fs:2059860 front:122090
2022-12-30 13:14:51.833 T:3907 DEBUG : CAMLCodec::GetTimeSize: len:23 dl:1937770 fs:1937770 front:110062
2022-12-30 13:14:51.841 T:3907 DEBUG : CAMLCodec::AddData: dl:2028794 sum:2028794 sz:91024 dts:24.233 pts:24.274
2022-12-30 13:14:51.841 T:3907 DEBUG : CAMLCodec::GetTimeSize: len:24 dl:2028794 fs:2028794 front:110062
2022-12-30 13:14:51.855 T:3908 INFO : Skipped 1 duplicate messages..
2022-12-30 13:14:51.855 T:3908 DEBUG : CVideoPlayerAudio::OutputPacket: pts:23.552 curr_pts:22.812 clock:22.813 level:99
2022-12-30 13:14:51.855 T:3908 DEBUG : CVideoPlayerAudio::OutputPacket: pts:23.584 curr_pts:22.813 clock:22.813 level:99
2022-12-30 13:14:51.856 T:3907 DEBUG : CAMLCodec::GetTimeSize: len:24 dl:2028794 fs:2028794 front:110062
2022-12-30 13:14:51.862 T:3665 INFO : Skipped 1 duplicate messages..
2022-12-30 13:14:51.862 T:3665 DEBUG : CAMLCodec::PollFrame elapsed:40.482ms
2022-12-30 13:14:51.864 T:3665 DEBUG : PrepareNextRender: frameOnScreen: 22.822 renderPts: 22.989 nextFramePts: 22.981 -> diff: 0.008 render: 1 forceNext: 0
2022-12-30 13:14:51.865 T:3904 DEBUG : CVideoPlayer::ProcessVideoData size:131841 dts:31.198 pts:31.365 dur:41.000ms, clock:22.823 level:87
2022-12-30 13:14:51.866 T:3904 DEBUG : CVideoPlayer::ProcessVideoData size:87055 dts:31.240 pts:31.323 dur:41.000ms, clock:22.824 level:87
2022-12-30 13:14:51.868 T:3904 DEBUG : CVideoPlayer::ProcessVideoData size:68569 dts:31.281 pts:31.281 dur:41.000ms, clock:22.826 level:88
2022-12-30 13:14:51.868 T:3904 DEBUG : CVideoPlayer::ProcessAudioData size:2560 dts:31.520 pts:31.520 dur:32.000ms, clock:22.826 drop:0 level:99
2022-12-30 13:14:51.870 T:3907 DEBUG : CAMLCodec::GetTimeSize: len:24 dl:2028794 fs:2028794 front:110062
2022-12-30 13:14:51.870 T:3907 DEBUG : CAMLCodec::DequeueBuffer: pts:23.232 idx:558
2022-12-30 13:14:51.870 T:3907 DEBUG : CAMLCodec::GetPicture: index: 558, pts: 23.232, dur:42ms ar:2.00
2022-12-30 13:14:51.871 T:3907 DEBUG : CVideoPlayerVideo::OutputPicture - ttd:403ms pts:23.232 Clock:22.828 Level:5
2022-12-30 13:14:51.872 T:3907 DEBUG : CAMLCodec::GetTimeSize: len:24 dl:1918732 fs:2028794 front:110062
2022-12-30 13:14:51.872 T:3907 DEBUG : CAMLCodec::GetTimeSize: len:23 dl:1918732 fs:1918732 front:116015
2022-12-30 13:14:51.873 T:3904 DEBUG : CVideoPlayer::ProcessVideoData size:285745 dts:31.323 pts:31.573 dur:41.000ms, clock:22.831 level:88
2022-12-30 13:14:51.874 T:3904 DEBUG : CVideoPlayer::ProcessVideoData size:97023 dts:31.365 pts:31.490 dur:41.000ms, clock:22.832 level:89
2022-12-30 13:14:51.874 T:3904 DEBUG : CVideoPlayer::ProcessVideoData size:59464 dts:31.406 pts:31.406 dur:41.000ms, clock:22.832 level:89
2022-12-30 13:14:51.874 T:3904 DEBUG : CVideoPlayer::ProcessVideoData size:69635 dts:31.448 pts:31.448 dur:41.000ms, clock:22.832 level:90
2022-12-30 13:14:51.875 T:3904 DEBUG : CVideoPlayer::ProcessVideoData size:65478 dts:31.490 pts:31.531 dur:41.000ms, clock:22.833 level:90
2022-12-30 13:14:51.876 T:3665 DEBUG : CAMLCodec::ReleaseFrame idx:552, drop:0
2022-12-30 13:14:51.877 T:3904 DEBUG : CVideoPlayer::ProcessAudioData size:2560 dts:31.552 pts:31.552 dur:32.000ms, clock:22.835 drop:0 level:99
2022-12-30 13:14:51.879 T:3907 DEBUG : CAMLCodec::AddData: dl:1994859 sum:1994859 sz:76127 dts:24.274 pts:24.316
2022-12-30 13:14:51.880 T:3907 DEBUG : CAMLCodec::GetTimeSize: len:24 dl:1994859 fs:1994859 front:116015
2022-12-30 13:14:51.905 T:3908 INFO : Skipped 3 duplicate messages..
2022-12-30 13:14:51.905 T:3908 DEBUG : CVideoPlayerAudio::OutputPacket: pts:23.616 curr_pts:22.863 clock:22.863 level:99
2022-12-30 13:14:51.906 T:3908 DEBUG : CVideoPlayerAudio::OutputPacket: pts:23.648 curr_pts:22.863 clock:22.864 level:99
2022-12-30 13:14:51.906 T:3907 DEBUG : CAMLCodec::GetTimeSize: len:24 dl:1994859 fs:1994859 front:116015
2022-12-30 13:14:51.906 T:3907 DEBUG : CAMLCodec::DequeueBuffer: pts:23.273 idx:559
2022-12-30 13:14:51.906 T:3907 DEBUG : CAMLCodec::GetPicture: index: 559, pts: 23.273, dur:41ms ar:2.00
2022-12-30 13:14:51.907 T:3907 DEBUG : CVideoPlayerVideo::OutputPicture - ttd:408ms pts:23.273 Clock:22.865 Level:6
2022-12-30 13:14:51.907 T:3665 DEBUG : CAMLCodec::PollFrame elapsed:30.049ms
2022-12-30 13:14:51.908 T:3907 DEBUG : CAMLCodec::GetTimeSize: len:24 dl:1994859 fs:1994859 front:116015
2022-12-30 13:14:51.908 T:3904 DEBUG : CVideoPlayer::ProcessAudioData size:2560 dts:31.584 pts:31.584 dur:32.000ms, clock:22.866 drop:0 level:99
2022-12-30 13:14:51.908 T:3904 DEBUG : CVideoPlayer::ProcessAudioData size:2560 dts:31.616 pts:31.616 dur:32.000ms, clock:22.866 drop:0 level:99
2022-12-30 13:14:51.911 T:3665 DEBUG : PrepareNextRender: frameOnScreen: 22.869 renderPts: 23.036 nextFramePts: 23.023 -> diff: 0.013 render: 1 forceNext: 0
2022-12-30 13:14:51.912 T:3665 DEBUG : CAMLCodec::ReleaseFrame idx:553, drop:0
2022-12-30 13:14:51.914 T:3907 DEBUG : CAMLCodec::GetTimeSize: len:24 dl:1878844 fs:1994859 front:116015
2022-12-30 13:14:51.914 T:3907 DEBUG : CAMLCodec::GetTimeSize: len:23 dl:1878844 fs:1878844 front:136301
2022-12-30 13:14:51.921 T:3907 DEBUG : CAMLCodec::AddData: dl:1965919 sum:1965919 sz:87075 dts:24.316 pts:24.608
2022-12-30 13:14:51.922 T:3907 DEBUG : CAMLCodec::GetTimeSize: len:24 dl:1965919 fs:1965919 front:136301
2022-12-30 13:14:51.946 T:3665 INFO : Skipped 3 duplicate messages..
2022-12-30 13:14:51.946 T:3665 DEBUG : CAMLCodec::PollFrame elapsed:33.300ms
2022-12-30 13:14:51.946 T:3907 DEBUG : CAMLCodec::GetTimeSize: len:24 dl:1965919 fs:1965919 front:136301
