2022-12-30 13:14:28.124 T:3904 DEBUG : CVideoPlayer::ProcessVideoData size:44110 dts:7.424 pts:7.424 dur:41.000ms, clock:-0.333 level:90
2022-12-30 13:14:28.125 T:3904 DEBUG : CVideoPlayer::ProcessVideoData size:43401 dts:7.466 pts:7.466 dur:41.000ms, clock:-0.333 level:90
2022-12-30 13:14:28.125 T:3904 DEBUG : CVideoPlayer::ProcessVideoData size:49600 dts:7.507 pts:7.549 dur:41.000ms, clock:-0.333 level:91
2022-12-30 13:14:28.126 T:3904 DEBUG : CVideoPlayer::ProcessVideoData size:57068 dts:7.549 pts:7.591 dur:41.000ms, clock:-0.333 level:91
2022-12-30 13:14:28.127 T:3904 DEBUG : CVideoPlayer::ProcessAudioData size:2560 dts:7.616 pts:7.616 dur:32.000ms, clock:-0.333 drop:0 level:95
2022-12-30 13:14:28.127 T:3904 DEBUG : CVideoPlayer::ProcessAudioData size:2560 dts:7.648 pts:7.648 dur:32.000ms, clock:-0.333 drop:0 level:95
2022-12-30 13:14:28.127 T:3904 DEBUG : CVideoPlayer::ProcessAudioData size:2560 dts:7.680 pts:7.680 dur:32.000ms, clock:-0.333 drop:0 level:96
2022-12-30 13:14:28.127 T:3904 DEBUG : CVideoPlayer::ProcessAudioData size:2560 dts:7.712 pts:7.712 dur:32.000ms, clock:-0.333 drop:0 level:96
2022-12-30 13:14:28.127 T:3904 DEBUG : CVideoPlayer::ProcessAudioData size:2560 dts:7.744 pts:7.744 dur:32.000ms, clock:-0.333 drop:0 level:96
2022-12-30 13:14:28.127 T:3904 DEBUG : CVideoPlayer::ProcessAudioData size:2560 dts:7.776 pts:7.776 dur:32.000ms, clock:-0.333 drop:0 level:97
2022-12-30 13:14:28.128 T:3904 DEBUG : CVideoPlayer::ProcessAudioData size:2560 dts:7.808 pts:7.808 dur:32.000ms, clock:-0.333 drop:0 level:97
2022-12-30 13:14:28.128 T:3904 DEBUG : CVideoPlayer::ProcessAudioData size:2560 dts:7.840 pts:7.840 dur:32.000ms, clock:-0.333 drop:0 level:98
2022-12-30 13:14:28.130 T:3904 DEBUG : CVideoPlayer::ProcessVideoData size:236119 dts:7.591 pts:7.883 dur:41.000ms, clock:-0.333 level:92
2022-12-30 13:14:28.131 T:3904 DEBUG : CVideoPlayer::ProcessVideoData size:126364 dts:7.633 pts:7.758 dur:41.000ms, clock:-0.333 level:92
2022-12-30 13:14:28.132 T:3904 DEBUG : CVideoPlayer::ProcessVideoData size:45215 dts:7.674 pts:7.674 dur:41.000ms, clock:-0.333 level:93
2022-12-30 13:14:28.133 T:3904 DEBUG : CVideoPlayer::ProcessVideoData size:39687 dts:7.716 pts:7.716 dur:41.000ms, clock:-0.333 level:93
2022-12-30 13:14:28.134 T:3904 DEBUG : CVideoPlayer::ProcessVideoData size:70985 dts:7.758 pts:7.799 dur:41.000ms, clock:-0.333 level:94
2022-12-30 13:14:28.134 T:3665 DEBUG : CAMLCodec::PollFrame elapsed:0.013ms
2022-12-30 13:14:28.134 T:3904 DEBUG : CVideoPlayer::ProcessVideoData size:41344 dts:7.799 pts:7.841 dur:41.000ms, clock:-0.333 level:94
2022-12-30 13:14:28.135 T:3904 DEBUG : CVideoPlayer::ProcessAudioData size:2560 dts:7.872 pts:7.872 dur:32.000ms, clock:-0.333 drop:0 level:98
2022-12-30 13:14:28.135 T:3904 DEBUG : CVideoPlayer::ProcessAudioData size:2560 dts:7.904 pts:7.904 dur:32.000ms, clock:-0.333 drop:0 level:98
2022-12-30 13:14:28.135 T:3904 DEBUG : CVideoPlayer::ProcessAudioData size:2560 dts:7.936 pts:7.936 dur:32.000ms, clock:-0.333 drop:0 level:99
2022-12-30 13:14:28.136 T:3904 DEBUG : CVideoPlayer::ProcessAudioData size:2560 dts:7.968 pts:7.968 dur:32.000ms, clock:-0.333 drop:0 level:99
2022-12-30 13:14:28.136 T:3904 DEBUG : CVideoPlayer::SetCaching - caching state 2 clock:-0.333 start pts:0.000
2022-12-30 13:14:28.136 T:3904 DEBUG : CDVDClock::SetSpeedAdjust - adjusted:0.000000
2022-12-30 13:14:28.145 T:3665 DEBUG : CAMLCodec::PollFrame elapsed:0.042ms
2022-12-30 13:14:28.156 T:3665 DEBUG : CAMLCodec::PollFrame elapsed:3.709ms
2022-12-30 13:14:28.173 T:3665 DEBUG : CAMLCodec::PollFrame elapsed:9.483ms
2022-12-30 13:14:28.190 T:3665 DEBUG : CAMLCodec::PollFrame elapsed:8.758ms
2022-12-30 13:14:28.206 T:3665 DEBUG : CAMLCodec::PollFrame elapsed:9.126ms
2022-12-30 13:14:28.223 T:3665 DEBUG : CAMLCodec::PollFrame elapsed:9.493ms
2022-12-30 13:14:28.240 T:3665 DEBUG : CAMLCodec::PollFrame elapsed:8.964ms
2022-12-30 13:14:28.256 T:3665 DEBUG : CAMLCodec::PollFrame elapsed:9.574ms
2022-12-30 13:14:28.271 T:3672 DEBUG : CActiveAESink::OpenSink - trying to open device ALSA:surround71:CARD=AMLAUGESOUND,DEV=0
2022-12-30 13:14:28.271 T:3672 INFO : CAESinkALSA::Initialize - Configure simple control for "AUGESOUND"
2022-12-30 13:14:28.272 T:3672 INFO : CAESinkALSA - Use card "hw:0" and set codec format "8 CH PCM"
2022-12-30 13:14:28.272 T:3672 INFO : CAESinkALSA - Set Spdif to HDMITX to "Spdif"
2022-12-30 13:14:28.272 T:3672 INFO : CAESinkALSA - Set codec for "Audio spdif_b format"
2022-12-30 13:14:28.272 T:3672 INFO : CAESinkALSA - Set codec for "Audio spdif format"
2022-12-30 13:14:28.272 T:3672 INFO : CAESinkALSA::Initialize - Attempting to open device "surround71:CARD=AMLAUGESOUND,DEV=0"
2022-12-30 13:14:28.273 T:3665 DEBUG : CAMLCodec::PollFrame elapsed:9.619ms
2022-12-30 13:14:28.276 T:3672 INFO : CAESinkALSA::Initialize - Opened device "surround71:CARD=AMLAUGESOUND,DEV=0"
2022-12-30 13:14:28.277 T:3672 DEBUG : CAESinkALSA::SelectALSAChannelMap - Selected ALSA map "FL FR LFE FC RL RR"
2022-12-30 13:14:28.277 T:3672 INFO : CAESinkALSA::InitializeHW - Your hardware does not support AE_FMT_FLOAT, trying other formats
2022-12-30 13:14:28.277 T:3672 INFO : CAESinkALSA::InitializeHW - Using data format AE_FMT_S24NE4
2022-12-30 13:14:28.277 T:3672 DEBUG : CAESinkALSA::InitializeHW - Request: periodSize 2400, bufferSize 9600
2022-12-30 13:14:28.290 T:3665 DEBUG : CAMLCodec::PollFrame elapsed:9.588ms
2022-12-30 13:14:28.306 T:3665 DEBUG : CAMLCodec::PollFrame elapsed:9.422ms
2022-12-30 13:14:28.322 T:3808 INFO : Python interpreter stopped
2022-12-30 13:14:28.322 T:3808 DEBUG : Thread LanguageInvoker 3673211520 terminating
2022-12-30 13:14:28.323 T:3665 DEBUG : CAMLCodec::PollFrame elapsed:7.899ms
2022-12-30 13:14:28.338 T:3672 DEBUG : CAESinkALSA::InitializeHW - Got: periodSize 2400, bufferSize 9600
2022-12-30 13:14:28.338 T:3672 DEBUG : CAESinkALSA::InitializeHW - Setting timeout to 200 ms
2022-12-30 13:14:28.339 T:3672 DEBUG : CAESinkALSA::GetChannelLayout - Input Channel Count: 6 Output Channel Count: 6
2022-12-30 13:14:28.339 T:3672 DEBUG : CAESinkALSA::GetChannelLayout - Requested Layout: FL, FR, FC, LFE, SL, SR
2022-12-30 13:14:28.339 T:3672 DEBUG : CAESinkALSA::GetChannelLayout - Got Layout: FL, FR, LFE, FC, SL, SR (ALSA: FL FR LFE FC RL RR)
2022-12-30 13:14:28.339 T:3672 DEBUG : CActiveAESink::OpenSink - ALSA Initialized:
2022-12-30 13:14:28.339 T:3672 DEBUG : Output Device : AML-AUGESOUND
2022-12-30 13:14:28.339 T:3672 DEBUG : Sample Rate : 48000
2022-12-30 13:14:28.339 T:3672 DEBUG : Sample Format : AE_FMT_S24NE4
2022-12-30 13:14:28.339 T:3672 DEBUG : Channel Count : 6
2022-12-30 13:14:28.339 T:3672 DEBUG : Channel Layout: FL, FR, LFE, FC, SL, SR
2022-12-30 13:14:28.339 T:3672 DEBUG : Frames : 2400
2022-12-30 13:14:28.339 T:3672 DEBUG : Frame Size : 24
2022-12-30 13:14:28.339 T:3672 DEBUG : ffmpeg[0x28b30f0X]: [SWR] Using fltp internally between filters
2022-12-30 13:14:28.340 T:3665 DEBUG : CAMLCodec::PollFrame elapsed:9.939ms
2022-12-30 13:14:28.343 T:3671 DEBUG : ffmpeg[0x28b2ce8X]: [SWR] Using fltp internally between filters
2022-12-30 13:14:28.345 T:3671 INFO : Skipped 1 duplicate messages..
2022-12-30 13:14:28.345 T:3671 DEBUG : CActiveAE::ClearDiscardedBuffers - buffer pool deleted
2022-12-30 13:14:28.345 T:3671 DEBUG : ffmpeg[0x28b2ce8X]: [SWR] Using fltp internally between filters
2022-12-30 13:14:28.345 T:3908 DEBUG : CVideoPlayerAudio - CDVDMsg::PLAYER_SETSPEED: 0.000000 last: 0
2022-12-30 13:14:28.346 T:3908 DEBUG : CDVDAudio::Pause - pausing audio stream
2022-12-30 13:14:28.347 T:3908 DEBUG : CVideoPlayerAudio::OutputPacket: pts:0.032 curr_pts:0.000 clock:-0.333 level:99
2022-12-30 13:14:28.348 T:3908 DEBUG : CVideoPlayerAudio::OutputPacket: pts:0.064 curr_pts:0.000 clock:-0.333 level:99
2022-12-30 13:14:28.348 T:3908 DEBUG : CVideoPlayerAudio::OutputPacket: pts:0.096 curr_pts:0.000 clock:-0.333 level:98
2022-12-30 13:14:28.349 T:3908 DEBUG : CVideoPlayerAudio::OutputPacket: pts:0.128 curr_pts:0.000 clock:-0.333 level:98
2022-12-30 13:14:28.350 T:3908 DEBUG : CVideoPlayerAudio::OutputPacket: pts:0.160 curr_pts:0.000 clock:-0.333 level:98
2022-12-30 13:14:28.351 T:3908 DEBUG : CVideoPlayerAudio::OutputPacket: pts:0.192 curr_pts:0.000 clock:-0.333 level:97
2022-12-30 13:14:28.351 T:3908 DEBUG : CVideoPlayerAudio::OutputPacket: pts:0.224 curr_pts:0.000 clock:-0.333 level:97
2022-12-30 13:14:28.352 T:3908 DEBUG : CVideoPlayerAudio::OutputPacket: pts:0.256 curr_pts:0.000 clock:-0.333 level:96
2022-12-30 13:14:28.353 T:3671 DEBUG : ffmpeg[0x28b2ce8X]: [SWR] Using fltp internally between filters
2022-12-30 13:14:28.353 T:3908 DEBUG : CVideoPlayerAudio::OutputPacket: pts:0.288 curr_pts:0.000 clock:-0.333 level:96
2022-12-30 13:14:28.353 T:3904 DEBUG : CVideoPlayer::ProcessVideoData size:141569 dts:7.841 pts:7.966 dur:41.000ms, clock:-0.333 level:95
2022-12-30 13:14:28.354 T:3671 DEBUG : ffmpeg[0x28b2ce8X]: [SWR] Using fltp internally between filters
2022-12-30 13:14:28.354 T:3904 DEBUG : CVideoPlayer::HandleMessages - player started 1
2022-12-30 13:14:28.354 T:3904 DEBUG : CVideoPlayer::SetCaching - caching state 3 clock:-0.333 start pts:0.000
2022-12-30 13:14:28.354 T:3904 DEBUG : CDVDClock::SetSpeedAdjust - adjusted:0.000000
2022-12-30 13:14:28.354 T:3907 DEBUG : CAMLCodec::SetSpeed, speed(1000)
2022-12-30 13:14:28.354 T:3904 DEBUG : CVideoPlayer::SetCaching - caching state 0 clock:-0.333 start pts:0.000
2022-12-30 13:14:28.354 T:3904 DEBUG : CDVDClock::SetSpeedAdjust - adjusted:0.000000
2022-12-30 13:14:28.354 T:3904 DEBUG : VideoPlayer::Sync - Audio - pts: 0.288, cache: 0.369, totalcache: 0.800, packets:250 level:96
2022-12-30 13:14:28.354 T:3904 DEBUG : VideoPlayer::Sync - Video - pts: 0.000, cache: 0.050, totalcache: 0.100, packets:191 level:95
2022-12-30 13:14:28.354 T:3907 DEBUG : CVideoPlayerVideo - CDVDMsg::GENERAL_RESYNC(-100000.000000)
2022-12-30 13:14:28.354 T:3907 DEBUG : CVideoPlayerVideo - OUTPUT_AGAIN - vfmt, interlace should be checked.
2022-12-30 13:14:28.354 T:3907 DEBUG : CVideoPlayerVideo::CalcDropRequirement - hurry: 0
2022-12-30 13:14:28.354 T:3756 DEBUG : OnAVStarted: CApplication::OnAVStarted
2022-12-30 13:14:28.355 T:3671 DEBUG : CActiveAE::ClearDiscardedBuffers - buffer pool deleted
2022-12-30 13:14:28.355 T:3904 DEBUG : CVideoPlayer::ProcessVideoData size:54042 dts:7.883 pts:7.925 dur:41.000ms, clock:-0.099 level:95
2022-12-30 13:14:28.355 T:3906 DEBUG : OnAVChange: CApplication::OnAVChange
2022-12-30 13:14:28.356 T:3665 DEBUG : CAMLCodec::PollFrame elapsed:5.488ms
2022-12-30 13:14:28.357 T:3904 DEBUG : CVideoPlayer::ProcessVideoData size:254159 dts:7.925 pts:8.008 dur:41.000ms, clock:-0.097 level:95
2022-12-30 13:14:28.355 T:3908 DEBUG : CVideoPlayerAudio - CDVDMsg::PLAYER_SETSPEED: 1000.000000 last: 0
2022-12-30 13:14:28.359 T:3908 DEBUG : CVideoPlayerAudio - CDVDMsg::GENERAL_RESYNC(-0.100 level: 96 cache:0.513
2022-12-30 13:14:28.359 T:3908 DEBUG : CDVDAudio::Resume - resume audio stream
2022-12-30 13:14:28.359 T:3907 DEBUG : CAMLCodec::AddData: dl:96349 sum:172381 sz:96349 dts:0.250 pts:0.375
2022-12-30 13:14:28.359 T:3907 DEBUG : CAMLCodec::GetTimeSize: len:3 dl:96349 fs:172381 front:11600
2022-12-30 13:14:28.359 T:3907 DEBUG : CAMLCodec::GetTimeSize: len:2 dl:96349 fs:160781 front:64432
2022-12-30 13:14:28.360 T:3907 DEBUG : CAMLCodec::GetTimeSize: len:1 dl:96349 fs:96349 front:96349
2022-12-30 13:14:28.360 T:3907 DEBUG : CVideoPlayerVideo - CDVDMsg::DEMUXER_PACKET - checking interlace vfmt: null
2022-12-30 13:14:28.360 T:3907 DEBUG : CVideoPlayerVideo::CalcDropRequirement - hurry: 0
2022-12-30 13:14:28.360 T:3671 DEBUG : ffmpeg[0x28b2ce8X]: [SWR] Using fltp internally between filters
2022-12-30 13:14:28.361 T:3671 DEBUG : ActiveAE - start sync of audio stream
2022-12-30 13:14:28.361 T:3904 DEBUG : CVideoPlayer::ProcessAudioData size:2560 dts:8.000 pts:8.000 dur:32.000ms, clock:-0.093 drop:0 level:96
2022-12-30 13:14:28.361 T:3904 DEBUG : CVideoPlayer::ProcessAudioData size:2560 dts:8.032 pts:8.032 dur:32.000ms, clock:-0.093 drop:0 level:96
2022-12-30 13:14:28.361 T:3908 DEBUG : CVideoPlayerAudio::OutputPacket: pts:0.320 curr_pts:-0.049 clock:-0.093 level:96
2022-12-30 13:14:28.361 T:3904 DEBUG : CVideoPlayer::ProcessAudioData size:2560 dts:8.064 pts:8.064 dur:32.000ms, clock:-0.092 drop:0 level:96
2022-12-30 13:14:28.362 T:3904 DEBUG : CVideoPlayer::ProcessAudioData size:2560 dts:8.096 pts:8.096 dur:32.000ms, clock:-0.092 drop:0 level:96
2022-12-30 13:14:28.362 T:3904 DEBUG : CVideoPlayer::ProcessAudioData size:2560 dts:8.128 pts:8.128 dur:32.000ms, clock:-0.092 drop:0 level:97
2022-12-30 13:14:28.362 T:3904 DEBUG : CVideoPlayer::ProcessAudioData size:2560 dts:8.160 pts:8.160 dur:32.000ms, clock:-0.092 drop:0 level:97
2022-12-30 13:14:28.362 T:3904 DEBUG : CVideoPlayer::ProcessAudioData size:2560 dts:8.192 pts:8.192 dur:32.000ms, clock:-0.092 drop:0 level:98
2022-12-30 13:14:28.362 T:3904 DEBUG : CVideoPlayer::ProcessAudioData size:2560 dts:8.224 pts:8.224 dur:32.000ms, clock:-0.092 drop:0 level:98
2022-12-30 13:14:28.363 T:3908 DEBUG : CVideoPlayerAudio::OutputPacket: pts:0.352 curr_pts:-0.191 clock:-0.091 level:98
2022-12-30 13:14:28.363 T:3907 DEBUG : CAMLCodec::AddData: dl:170062 sum:170062 sz:73713 dts:0.292 pts:0.334
2022-12-30 13:14:28.363 T:3907 DEBUG : CAMLCodec::GetTimeSize: len:2 dl:170062 fs:170062 front:96349
2022-12-30 13:14:28.363 T:3665 DEBUG : Activating window ID: 12005
2022-12-30 13:14:28.363 T:3907 DEBUG : CVideoPlayerVideo::CalcDropRequirement - hurry: 0
2022-12-30 13:14:28.364 T:3908 DEBUG : CVideoPlayerAudio::OutputPacket: pts:0.384 curr_pts:-0.189 clock:-0.090 level:98
2022-12-30 13:14:28.366 T:3908 DEBUG : CVideoPlayerAudio::OutputPacket: pts:0.416 curr_pts:-0.188 clock:-0.088 level:98
2022-12-30 13:14:28.367 T:3665 DEBUG : ------ Window Deinit (MyVideoNav.xml) ------
2022-12-30 13:14:28.367 T:3908 DEBUG : CVideoPlayerAudio::OutputPacket: pts:0.448 curr_pts:-0.186 clock:-0.087 level:97
2022-12-30 13:14:28.367 T:3904 DEBUG : CVideoPlayer::ProcessVideoData size:194278 dts:7.966 pts:8.175 dur:41.000ms, clock:-0.087 level:95
2022-12-30 13:14:28.367 T:3907 DEBUG : CAMLCodec::AddData: dl:186084 sum:282433 sz:112371 dts:0.334 pts:0.459
2022-12-30 13:14:28.368 T:3907 DEBUG : CAMLCodec::GetTimeSize: len:3 dl:186084 fs:282433 front:96349
2022-12-30 13:14:28.368 T:3907 DEBUG : CAMLCodec::GetTimeSize: len:2 dl:186084 fs:186084 front:73713
2022-12-30 13:14:28.368 T:3907 DEBUG : CVideoPlayerVideo::CalcDropRequirement - hurry: 0
2022-12-30 13:14:28.368 T:3908 DEBUG : CVideoPlayerAudio::OutputPacket: pts:0.480 curr_pts:-0.185 clock:-0.086 level:97
2022-12-30 13:14:28.369 T:3904 DEBUG : CVideoPlayer::ProcessVideoData size:69602 dts:8.008 pts:8.091 dur:41.000ms, clock:-0.085 level:95
2022-12-30 13:14:28.369 T:3908 DEBUG : CVideoPlayerAudio::OutputPacket: pts:0.512 curr_pts:-0.184 clock:-0.085 level:96
2022-12-30 13:14:28.369 T:3904 DEBUG : CVideoPlayer::ProcessVideoData size:39190 dts:8.050 pts:8.050 dur:41.000ms, clock:-0.085 level:95
2022-12-30 13:14:28.369 T:3904 DEBUG : CVideoPlayer::ProcessVideoData size:38044 dts:8.091 pts:8.133 dur:41.000ms, clock:-0.085 level:96
2022-12-30 13:14:28.370 T:3907 DEBUG : CAMLCodec::AddData: dl:244353 sum:244353 sz:58269 dts:0.375 pts:0.417
2022-12-30 13:14:28.370 T:3907 DEBUG : CAMLCodec::GetTimeSize: len:3 dl:244353 fs:244353 front:73713
2022-12-30 13:14:28.370 T:3907 DEBUG : CVideoPlayerVideo::CalcDropRequirement - hurry: 0
2022-12-30 13:14:28.369 T:3908 DEBUG : CVideoPlayerAudio::OutputPacket: pts:0.544 curr_pts:-0.183 clock:-0.085 level:96
2022-12-30 13:14:28.371 T:3665 DEBUG : FreeVisualisation() done
2022-12-30 13:14:28.372 T:3904 DEBUG : CVideoPlayer::ProcessAudioData size:2560 dts:8.256 pts:8.256 dur:32.000ms, clock:-0.082 drop:0 level:96
2022-12-30 13:14:28.372 T:3904 DEBUG : CVideoPlayer::ProcessAudioData size:2560 dts:8.288 pts:8.288 dur:32.000ms, clock:-0.082 drop:0 level:96
2022-12-30 13:14:28.372 T:3904 DEBUG : CVideoPlayer::ProcessAudioData size:2560 dts:8.320 pts:8.320 dur:32.000ms, clock:-0.082 drop:0 level:96
2022-12-30 13:14:28.373 T:3904 DEBUG : CVideoPlayer::ProcessAudioData size:2560 dts:8.352 pts:8.352 dur:32.000ms, clock:-0.081 drop:0 level:97
2022-12-30 13:14:28.373 T:3904 DEBUG : CVideoPlayer::ProcessAudioData size:2560 dts:8.384 pts:8.384 dur:32.000ms, clock:-0.081 drop:0 level:97
2022-12-30 13:14:28.373 T:3904 DEBUG : CVideoPlayer::ProcessAudioData size:2560 dts:8.416 pts:8.416 dur:32.000ms, clock:-0.081 drop:0 level:98
2022-12-30 13:14:28.373 T:3907 DEBUG : CAMLCodec::AddData: dl:407877 sum:407877 sz:163524 dts:0.417 pts:0.584
2022-12-30 13:14:28.373 T:3904 DEBUG : CVideoPlayer::ProcessAudioData size:2560 dts:8.448 pts:8.448 dur:32.000ms, clock:-0.081 drop:0 level:98
2022-12-30 13:14:28.373 T:3907 DEBUG : CAMLCodec::GetTimeSize: len:4 dl:407877 fs:407877 front:73713
2022-12-30 13:14:28.373 T:3908 DEBUG : CVideoPlayerAudio::OutputPacket: pts:0.576 curr_pts:-0.181 clock:-0.081 level:98
2022-12-30 13:14:28.373 T:3904 DEBUG : CVideoPlayer::ProcessAudioData size:2560 dts:8.480 pts:8.480 dur:32.000ms, clock:-0.081 drop:0 level:98
2022-12-30 13:14:28.373 T:3907 DEBUG : CVideoPlayerVideo::CalcDropRequirement - hurry: 0
2022-12-30 13:14:28.373 T:3733 DEBUG : requested setting (youtube.folder.tags.show) was not found.
2022-12-30 13:14:28.374 T:3908 DEBUG : CVideoPlayerAudio::OutputPacket: pts:0.608 curr_pts:-0.179 clock:-0.080 level:98
2022-12-30 13:14:28.375 T:3908 DEBUG : CVideoPlayerAudio::OutputPacket: pts:0.640 curr_pts:-0.178 clock:-0.079 level:98
2022-12-30 13:14:28.375 T:3904 DEBUG : CVideoPlayer::ProcessVideoData size:245421 dts:8.133 pts:8.467 dur:41.000ms, clock:-0.079 level:95
2022-12-30 13:14:28.376 T:3907 DEBUG : CAMLCodec::AddData: dl:482043 sum:482043 sz:74166 dts:0.459 pts:0.542
2022-12-30 13:14:28.376 T:3907 DEBUG : CAMLCodec::GetTimeSize: len:5 dl:482043 fs:482043 front:73713
2022-12-30 13:14:28.376 T:3908 DEBUG : CVideoPlayerAudio::OutputPacket: pts:0.672 curr_pts:-0.177 clock:-0.078 level:98
2022-12-30 13:14:28.376 T:3904 DEBUG : CVideoPlayer::ProcessVideoData size:93579 dts:8.175 pts:8.342 dur:41.000ms, clock:-0.078 level:96
2022-12-30 13:14:28.376 T:3907 DEBUG : CAMLCodec::DequeueBuffer: pts:0.042 idx:2
2022-12-30 13:14:28.376 T:3665 DEBUG : ------ Window Init (VideoFullScreen.xml) ------
2022-12-30 13:14:28.376 T:3665 INFO : Loading skin file: VideoFullScreen.xml, load type: KEEP_IN_MEMORY
2022-12-30 13:14:28.376 T:3907 DEBUG : CAMLCodec::GetPicture: index: 2, pts: 0.042, dur:42ms ar:2.00
2022-12-30 13:14:28.376 T:3904 DEBUG : CVideoPlayer::ProcessVideoData size:55937 dts:8.217 pts:8.217 dur:41.000ms, clock:-0.078 level:96
2022-12-30 13:14:28.376 T:3907 DEBUG : CVideoPlayerVideo::OutputPicture - ttd:119ms pts:0.042 Clock:-0.078 Level:0
2022-12-30 13:14:28.376 T:3904 DEBUG : CVideoPlayer::ProcessVideoData size:60334 dts:8.258 pts:8.258 dur:41.000ms, clock:-0.078 level:97
2022-12-30 13:14:28.377 T:3904 DEBUG : CVideoPlayer::ProcessVideoData size:51794 dts:8.300 pts:8.300 dur:41.000ms, clock:-0.077 level:97
2022-12-30 13:14:28.377 T:3907 DEBUG : CVideoPlayerVideo - CDVDMsg::DEMUXER_PACKET - checking interlace vfmt: null
2022-12-30 13:14:28.377 T:3908 DEBUG : CVideoPlayerAudio::OutputPacket: pts:0.704 curr_pts:-0.176 clock:-0.077 level:97
2022-12-30 13:14:28.377 T:3904 DEBUG : CVideoPlayer::ProcessVideoData size:42588 dts:8.342 pts:8.383 dur:41.000ms, clock:-0.077 level:98
2022-12-30 13:14:28.378 T:3908 DEBUG : CVideoPlayerAudio::OutputPacket: pts:0.736 curr_pts:-0.175 clock:-0.077 level:97
2022-12-30 13:14:28.378 T:3907 DEBUG : CAMLCodec::GetTimeSize: len:5 dl:408330 fs:482043 front:73713
2022-12-30 13:14:28.378 T:3908 DEBUG : CVideoPlayerAudio::OutputPacket: pts:0.768 curr_pts:-0.174 clock:-0.076 level:96
2022-12-30 13:14:28.378 T:3907 DEBUG : CAMLCodec::GetTimeSize: len:4 dl:408330 fs:408330 front:112371
2022-12-30 13:14:28.378 T:3904 DEBUG : CVideoPlayer::ProcessVideoData size:61147 dts:8.383 pts:8.425 dur:41.000ms, clock:-0.076 level:99
2022-12-30 13:14:28.378 T:3907 DEBUG : CVideoPlayerVideo::CalcDropRequirement - hurry: 1
2022-12-30 13:14:28.378 T:3733 DEBUG : [plugin.video.youtube] send_notification: |check_settings| -> |{"use_httpd": false, "httpd_port": 50152, "whitelist": "", "httpd_address": "0.0.0.0"}|
2022-12-30 13:14:28.379 T:3904 DEBUG : CVideoPlayer::ProcessAudioData size:2560 dts:8.512 pts:8.512 dur:32.000ms, clock:-0.075 drop:0 level:96
2022-12-30 13:14:28.379 T:3908 DEBUG : CVideoPlayerAudio::OutputPacket: pts:0.800 curr_pts:-0.174 clock:-0.075 level:96
2022-12-30 13:14:28.379 T:3904 DEBUG : CVideoPlayer::ProcessAudioData size:2560 dts:8.544 pts:8.544 dur:32.000ms, clock:-0.075 drop:0 level:96
2022-12-30 13:14:28.379 T:3904 DEBUG : CVideoPlayer::ProcessAudioData size:2560 dts:8.576 pts:8.576 dur:32.000ms, clock:-0.075 drop:0 level:96
2022-12-30 13:14:28.379 T:3904 DEBUG : CVideoPlayer::ProcessAudioData size:2560 dts:8.608 pts:8.608 dur:32.000ms, clock:-0.075 drop:0 level:97
2022-12-30 13:14:28.379 T:3904 DEBUG : CVideoPlayer::ProcessAudioData size:2560 dts:8.640 pts:8.640 dur:32.000ms, clock:-0.075 drop:0 level:97
2022-12-30 13:14:28.379 T:3908 DEBUG : CVideoPlayerAudio::OutputPacket: pts:0.832 curr_pts:-0.173 clock:-0.075 level:98
2022-12-30 13:14:28.380 T:3904 DEBUG : CVideoPlayer::ProcessVideoData size:203351 dts:8.425 pts:8.675 dur:41.000ms, clock:-0.074 level:99
2022-12-30 13:14:28.380 T:3908 DEBUG : CVideoPlayerAudio::OutputPacket: pts:0.864 curr_pts:-0.173 clock:-0.074 level:97
2022-12-30 13:14:28.381 T:3908 DEBUG : CVideoPlayerAudio::OutputPacket: pts:0.896 curr_pts:-0.172 clock:-0.073 level:97
2022-12-30 13:14:28.381 T:3665 INFO : [WHITELIST] Searching the whitelist for: width: 3840, height: 1920, fps: 23.976, 3D: false
2022-12-30 13:14:28.381 T:3665 DEBUG : [WHITELIST] Using the default whitelist because the user whitelist is empty
2022-12-30 13:14:28.381 T:3904 DEBUG : CVideoPlayer::ProcessVideoData size:143233 dts:8.467 pts:8.592 dur:41.000ms, clock:-0.073 level:99
2022-12-30 13:14:28.381 T:3665 DEBUG : [WHITELIST] Searching for an exact resolution with an exact refresh rate
2022-12-30 13:14:28.382 T:3908 DEBUG : CVideoPlayerAudio::OutputPacket: pts:0.928 curr_pts:-0.171 clock:-0.072 level:96
2022-12-30 13:14:28.382 T:3665 DEBUG : [WHITELIST] Matched an exact resolution with an exact refresh rate 3840x2160 @ 23.98 - Full Screen (41)
2022-12-30 13:14:28.382 T:3665 DEBUG : [WHITELIST] Searching for an exact resolution with double the refresh rate
2022-12-30 13:14:28.382 T:3665 INFO : Display resolution ADJUST : 3840x2160 @ 23.98 - Full Screen (41) (weight: 0.000)
2022-12-30 13:14:28.383 T:3665 INFO : VideoPlayer: OnLostDisplay received
2022-12-30 13:14:28.383 T:3665 DEBUG : AMLUtils::aml_handle_display_stereo_mode old mode 3doff new mode 3doff
2022-12-30 13:14:28.383 T:3665 DEBUG : AMLUtils::aml_handle_display_stereo_mode - no change needed
2022-12-30 13:14:28.383 T:3907 DEBUG : CAMLCodec::AddData: dl:473780 sum:473780 sz:65450 dts:0.500 pts:0.500
2022-12-30 13:14:28.383 T:3907 DEBUG : CAMLCodec::GetTimeSize: len:5 dl:473780 fs:473780 front:112371
2022-12-30 13:14:28.383 T:3907 DEBUG : CAMLCodec::DequeueBuffer: pts:0.083 idx:3
2022-12-30 13:14:28.383 T:3907 DEBUG : CAMLCodec::GetPicture: index: 3, pts: 0.083, dur:41ms ar:2.00
2022-12-30 13:14:28.383 T:3907 DEBUG : CVideoPlayerVideo::OutputPicture - ttd:154ms pts:0.083 Clock:-0.071 Level:1
2022-12-30 13:14:28.383 T:3907 DEBUG : CVideoPlayerVideo - CDVDMsg::GENERAL_PAUSE: 1
2022-12-30 13:14:28.384 T:3733 DEBUG : [plugin.video.youtube] JSONStore Load |b'/storage/.kodi/userdata/addon_data/plugin.video.youtube/api_keys.json'|
2022-12-30 13:14:28.396 T:3733 DEBUG : [plugin.video.youtube] JSONStore Load |b'/storage/.kodi/userdata/addon_data/plugin.video.youtube/access_manager.json'|
2022-12-30 13:14:28.402 T:3720 DEBUG : POParser: loaded 131 weather tokens
2022-12-30 13:14:28.503 T:3671 DEBUG : ActiveAE::SyncStream - average error of -82.943208, start adjusting
2022-12-30 13:14:28.504 T:3671 DEBUG : ActiveAE::SyncStream - skip frames:2400 error -33ms
2022-12-30 13:14:28.504 T:3671 DEBUG : ActiveAE::SyncStream - skip frames:1581 error -0ms
2022-12-30 13:14:28.504 T:3671 DEBUG : ActiveAE::SyncStream - average error -0.005708 below threshold of 30.000000
2022-12-30 13:14:28.621 T:3855 DEBUG : [metadata.tvshows.themoviedb.org.python (1.4.17)]: Called addon with params: ['plugin://metadata.tvshows.themoviedb.org.python/', '6', '?action=find&pathSettings=%7b%22cat_landscape%22%3atrue%2c%22certprefix%22%3a%22Rated%20%22%2c%22enab_trailer%22%3atrue%2c%22enable_fanarttv%22%3atrue%2c%22fanarttv_clientkey%22%3a%22%22%2c%22imdbanyway%22%3afalse%2c%22keeporiginaltitle%22%3afalse%2c%22language%22%3a%22fr-FR%22%2c%22lastUpdated%22%3a%220%22%2c%22originalUrl%22%3a%22%22%2c%22players_opt%22%3a%22Tubed%22%2c%22previewUrl%22%3a%22%22%2c%22ratings%22%3a%22IMDb%22%2c%22studio_country%22%3atrue%2c%22tmdbanyway%22%3atrue%2c%22tmdbcertcountry%22%3a%22fr%22%2c%22traktanyway%22%3atrue%2c%22usecertprefix%22%3atrue%2c%22verboselog%22%3afalse%7d&title=A%20trier', 'resume:false']
2022-12-30 13:14:28.621 T:3855 DEBUG : [metadata.tvshows.themoviedb.org.python (1.4.17)]: performing find action
2022-12-30 13:14:28.621 T:3855 DEBUG : [metadata.tvshows.themoviedb.org.python (1.4.17)]: Searching for TV show A trier (None)
2022-12-30 13:14:28.621 T:3855 DEBUG : [metadata.tvshows.themoviedb.org.python (1.4.17)]: using title of A trier to find show
2022-12-30 13:14:28.621 T:3855 DEBUG : [metadata.tvshows.themoviedb.org.python (1.4.17)]: Calling URL "https://api.themoviedb.org/3/search/tv?api_key=af3a53eb387d57fc935e9128468b1899&language=fr-FR&query=A+trier"
2022-12-30 13:14:28.754 T:3908 DEBUG : CVideoPlayerAudio - CDVDMsg::GENERAL_PAUSE: 1
2022-12-30 13:14:28.839 T:3665 DEBUG : AMLUtils::aml_handle_display_stereo_mode old mode 3doff new mode 3doff
2022-12-30 13:14:28.839 T:3665 DEBUG : AMLUtils::aml_handle_display_stereo_mode - no change needed
2022-12-30 13:14:28.839 T:3665 INFO : VideoPlayer: OnResetDisplay received
2022-12-30 13:14:28.840 T:3665 INFO : GLES: Maximum texture width: 8192
2022-12-30 13:14:28.844 T:3665 DEBUG : PrepareNextRender: frameOnScreen: -0.066 renderPts: 0.100 nextFramePts: 0.042 -> diff: 0.058 render: 1 forceNext: 0
2022-12-30 13:14:28.845 T:3907 DEBUG : CVideoPlayerVideo - CDVDMsg::GENERAL_PAUSE: 0
2022-12-30 13:14:28.845 T:3907 DEBUG : CVideoPlayerVideo::CalcDropRequirement - hurry: 1
2022-12-30 13:14:28.845 T:3881 INFO : CPythonInvoker(20, /storage/.kodi/addons/script.embuary.helper/plugin.py): script successfully run
2022-12-30 13:14:28.845 T:3881 DEBUG : onExecutionDone(20, /storage/.kodi/addons/script.embuary.helper/plugin.py)
2022-12-30 13:14:28.845 T:3720 DEBUG : StartScript - calling plugin Embuary Helper('plugin://script.embuary.helper/','8','?info=jumptoletter&reload=17','resume:false')
2022-12-30 13:14:28.845 T:3908 DEBUG : CVideoPlayerAudio - CDVDMsg::GENERAL_PAUSE: 0
2022-12-30 13:14:28.846 T:3908 INFO : CVideoPlayerAudio: display reset occurred, checking for passthrough
2022-12-30 13:14:28.847 T:3908 INFO : CDVDAudioCodecFFmpeg::Open() Successful opened audio decoder eac3
2022-12-30 13:14:28.847 T:3908 DEBUG : CVideoPlayerAudio::OutputPacket: pts:0.960 curr_pts:0.234 clock:-0.064 level:96
2022-12-30 13:14:28.847 T:3907 DEBUG : CAMLCodec::AddData: dl:527004 sum:639375 sz:165595 dts:0.542 pts:0.751
2022-12-30 13:14:28.847 T:3907 DEBUG : CAMLCodec::GetTimeSize: len:6 dl:527004 fs:639375 front:112371
2022-12-30 13:14:28.848 T:3907 DEBUG : CAMLCodec::GetTimeSize: len:5 dl:527004 fs:527004 front:58269
2022-12-30 13:14:28.848 T:3907 DEBUG : CAMLCodec::DequeueBuffer: pts:0.125 idx:4
2022-12-30 13:14:28.848 T:3907 DEBUG : CAMLCodec::GetPicture: index: 4, pts: 0.125, dur:42ms ar:2.00
2022-12-30 13:14:28.848 T:3907 DEBUG : CVideoPlayerVideo::OutputPicture - ttd:188ms pts:0.125 Clock:-0.063 Level:1
2022-12-30 13:14:28.848 T:3908 DEBUG : CVideoPlayerAudio::OutputPacket: pts:0.992 curr_pts:0.328 clock:-0.063 level:96
2022-12-30 13:14:28.849 T:3907 DEBUG : CAMLCodec::GetTimeSize: len:5 dl:527004 fs:527004 front:58269
2022-12-30 13:14:28.849 T:3907 DEBUG : CAMLCodec::DequeueBuffer: pts:0.167 idx:5
2022-12-30 13:14:28.849 T:3907 DEBUG : CAMLCodec::GetPicture: index: 5, pts: 0.167, dur:42ms ar:2.00
2022-12-30 13:14:28.849 T:3907 DEBUG : CVideoPlayerVideo::OutputPicture - ttd:228ms pts:0.167 Clock:-0.062 Level:2
2022-12-30 13:14:28.849 T:3710 DEBUG : StartScript - calling plugin Embuary Helper('plugin://script.embuary.helper/','9','?info=getbydbid&dbid=&type=movie','resume:false')
2022-12-30 13:14:28.849 T:3908 DEBUG : CVideoPlayerAudio::OutputPacket: pts:1.024 curr_pts:0.329 clock:-0.062 level:95
2022-12-30 13:14:28.850 T:3907 DEBUG : CAMLCodec::GetTimeSize: len:5 dl:527004 fs:527004 front:58269
2022-12-30 13:14:28.850 T:3907 DEBUG : CAMLCodec::DequeueBuffer: pts:0.209 idx:6
2022-12-30 13:14:28.850 T:3907 DEBUG : CAMLCodec::GetPicture: index: 6, pts: 0.209, dur:42ms ar:2.00
2022-12-30 13:14:28.851 T:3907 DEBUG : CVideoPlayerVideo::OutputPicture - ttd:269ms pts:0.209 Clock:-0.060 Level:3
2022-12-30 13:14:28.851 T:3908 DEBUG : CVideoPlayerAudio::OutputPacket: pts:1.056 curr_pts:0.331 clock:-0.060 level:95
2022-12-30 13:14:28.851 T:3908 DEBUG : CVideoPlayerAudio::OutputPacket: pts:1.088 curr_pts:0.331 clock:-0.059 level:94
2022-12-30 13:14:28.852 T:3907 DEBUG : CAMLCodec::GetTimeSize: len:5 dl:527004 fs:527004 front:58269
2022-12-30 13:14:28.852 T:3907 DEBUG : CAMLCodec::DequeueBuffer: pts:0.250 idx:7
2022-12-30 13:14:28.852 T:3907 DEBUG : CAMLCodec::GetPicture: index: 7, pts: 0.250, dur:41ms ar:2.00
2022-12-30 13:14:28.852 T:3907 DEBUG : CVideoPlayerVideo::OutputPicture - ttd:308ms pts:0.250 Clock:-0.059 Level:4
2022-12-30 13:14:28.852 T:3908 DEBUG : CVideoPlayerAudio::OutputPacket: pts:1.120 curr_pts:0.332 clock:-0.059 level:94
2022-12-30 13:14:28.852 T:3756 DEBUG : OnAVChange: CApplication::OnAVChange
2022-12-30 13:14:28.852 T:3925 DEBUG : Thread LanguageInvoker start, auto delete: false
2022-12-30 13:14:28.853 T:3904 DEBUG : CVideoPlayer::ProcessVideoData size:58354 dts:8.508 pts:8.508 dur:41.000ms, clock:-0.058 level:99
2022-12-30 13:14:28.853 T:3925 INFO : initializing python engine.
2022-12-30 13:14:28.853 T:3925 DEBUG : CPythonInvoker(21, /storage/.kodi/addons/script.embuary.helper/plugin.py): start processing
2022-12-30 13:14:28.853 T:3926 DEBUG : Thread LanguageInvoker start, auto delete: false
2022-12-30 13:14:28.853 T:3926 INFO : initializing python engine.
2022-12-30 13:14:28.853 T:3908 DEBUG : CVideoPlayerAudio::OutputPacket: pts:1.152 curr_pts:0.333 clock:-0.057 level:94
2022-12-30 13:14:28.854 T:3908 DEBUG : CVideoPlayerAudio::OutputPacket: pts:1.184 curr_pts:0.334 clock:-0.057 level:93
2022-12-30 13:14:28.854 T:3907 DEBUG : CAMLCodec::GetTimeSize: len:5 dl:527004 fs:527004 front:58269
2022-12-30 13:14:28.854 T:3907 DEBUG : CAMLCodec::DequeueBuffer: pts:0.292 idx:8
2022-12-30 13:14:28.854 T:3907 DEBUG : CAMLCodec::GetPicture: index: 8, pts: 0.292, dur:42ms ar:2.00
2022-12-30 13:14:28.854 T:3907 DEBUG : CVideoPlayerVideo::OutputPicture - ttd:348ms pts:0.292 Clock:-0.057 Level:5
2022-12-30 13:14:28.854 T:3926 DEBUG : CPythonInvoker(22, /storage/.kodi/addons/script.embuary.helper/plugin.py): start processing
2022-12-30 13:14:28.855 T:3907 DEBUG : CAMLCodec::GetTimeSize: len:5 dl:527004 fs:527004 front:58269
2022-12-30 13:14:28.858 T:3665 DEBUG : CAMLCodec::ReleaseFrame idx:2, drop:0
2022-12-30 13:14:28.858 T:3665 DEBUG : CAMLCodec::SetVideoRect:display(0,0,3840,2160)
2022-12-30 13:14:28.858 T:3665 DEBUG : CAMLCodec::SetVideoRect:gui(0,0,1920,1080)
2022-12-30 13:14:28.858 T:3665 DEBUG : CAMLCodec::SetVideoRect:m_dst_rect(0,60,1920,960)
2022-12-30 13:14:28.859 T:3665 DEBUG : CAMLCodec::SetVideoRect:dst_rect(0,120,3840,1920)
2022-12-30 13:14:28.859 T:3665 DEBUG : CAMLCodec::SetVideoRect:m_guiStereoMode(0)
2022-12-30 13:14:28.859 T:3665 DEBUG : CAMLCodec::SetVideoRect:m_guiStereoView(0)
2022-12-30 13:14:28.859 T:3665 DEBUG : CAMLCodec::PollFrame elapsed:0.007ms
2022-12-30 13:14:28.860 T:3907 DEBUG : SetCodecControl 4000000->0
2022-12-30 13:14:28.861 T:3665 DEBUG : ------ Window Deinit (DialogBusy.xml) ------
2022-12-30 13:14:28.863 T:3907 DEBUG : CAMLCodec::AddData: dl:624943 sum:624943 sz:97939 dts:0.584 pts:0.667
2022-12-30 13:14:28.863 T:3907 DEBUG : CAMLCodec::GetTimeSize: len:6 dl:624943 fs:624943 front:58269
2022-12-30 13:14:28.863 T:3904 DEBUG : CVideoPlayer::ProcessVideoData size:43284 dts:8.550 pts:8.550 dur:41.000ms, clock:-0.047 level:99
2022-12-30 13:14:28.868 T:3907 DEBUG : CAMLCodec::AddData: dl:663632 sum:663632 sz:38689 dts:0.626 pts:0.626
2022-12-30 13:14:28.868 T:3907 DEBUG : CAMLCodec::GetTimeSize: len:7 dl:663632 fs:663632 front:58269
2022-12-30 13:14:28.869 T:3665 DEBUG : PrepareNextRender: frameOnScreen: -0.042 renderPts: 0.125 nextFramePts: 0.083 -> diff: 0.042 render: 1 forceNext: 0
2022-12-30 13:14:28.870 T:3665 DEBUG : CAMLCodec::ReleaseFrame idx:3, drop:0
2022-12-30 13:14:28.871 T:3733 DEBUG : requested setting (youtube.folder.tags.show) was not found.
2022-12-30 13:14:28.874 T:3907 DEBUG : CAMLCodec::AddData: dl:700658 sum:700658 sz:37026 dts:0.667 pts:0.709
2022-12-30 13:14:28.874 T:3907 DEBUG : CAMLCodec::GetTimeSize: len:8 dl:700658 fs:700658 front:58269
2022-12-30 13:14:28.874 T:3904 DEBUG : CVideoPlayer::ProcessVideoData size:47319 dts:8.592 pts:8.634 dur:41.000ms, clock:-0.037 level:99
2022-12-30 13:14:28.875 T:3904 DEBUG : CVideoPlayer::ProcessAudioData size:2560 dts:8.672 pts:8.672 dur:32.000ms, clock:-0.036 drop:0 level:93
2022-12-30 13:14:28.875 T:3904 DEBUG : CVideoPlayer::ProcessAudioData size:2560 dts:8.704 pts:8.704 dur:32.000ms, clock:-0.036 drop:0 level:94
2022-12-30 13:14:28.875 T:3904 DEBUG : CVideoPlayer::ProcessAudioData size:2560 dts:8.736 pts:8.736 dur:32.000ms, clock:-0.036 drop:0 level:94
2022-12-30 13:14:28.875 T:3904 DEBUG : CVideoPlayer::ProcessAudioData size:2560 dts:8.768 pts:8.768 dur:32.000ms, clock:-0.036 drop:0 level:94
2022-12-30 13:14:28.875 T:3904 DEBUG : CVideoPlayer::ProcessAudioData size:2560 dts:8.800 pts:8.800 dur:32.000ms, clock:-0.036 drop:0 level:95
2022-12-30 13:14:28.875 T:3904 DEBUG : CVideoPlayer::ProcessAudioData size:2560 dts:8.832 pts:8.832 dur:32.000ms, clock:-0.036 drop:0 level:95
2022-12-30 13:14:28.875 T:3904 DEBUG : CVideoPlayer::ProcessAudioData size:2560 dts:8.864 pts:8.864 dur:32.000ms, clock:-0.036 drop:0 level:96
2022-12-30 13:14:28.875 T:3904 DEBUG : CVideoPlayer::ProcessAudioData size:2560 dts:8.896 pts:8.896 dur:32.000ms, clock:-0.036 drop:0 level:96
2022-12-30 13:14:28.878 T:3904 DEBUG : CVideoPlayer::ProcessVideoData size:197141 dts:8.634 pts:8.926 dur:41.000ms, clock:-0.033 level:99
2022-12-30 13:14:28.879 T:3907 DEBUG : CVideoPlayerVideo - CDVDMsg::DEMUXER_PACKET - checking interlace vfmt: null
2022-12-30 13:14:28.881 T:3665 DEBUG : CAMLCodec::PollFrame elapsed:11.072ms
2022-12-30 13:14:28.881 T:3907 DEBUG : CAMLCodec::AddData: dl:920228 sum:920228 sz:219570 dts:0.709 pts:0.918
2022-12-30 13:14:28.882 T:3907 DEBUG : CAMLCodec::GetTimeSize: len:9 dl:920228 fs:920228 front:58269
2022-12-30 13:14:28.883 T:3665 DEBUG : PrepareNextRender: frameOnScreen: -0.028 renderPts: 0.139 nextFramePts: 0.125 -> diff: 0.014 render: 1 forceNext: 0
2022-12-30 13:14:28.884 T:3665 DEBUG : CAMLCodec::ReleaseFrame idx:4, drop:0
2022-12-30 13:14:28.889 T:3904 DEBUG : CVideoPlayer::ProcessVideoData size:135754 dts:8.675 pts:8.800 dur:41.000ms, clock:-0.022 level:99
2022-12-30 13:14:28.889 T:3907 DEBUG : CAMLCodec::AddData: dl:1030603 sum:1030603 sz:110375 dts:0.751 pts:0.834
2022-12-30 13:14:28.889 T:3907 DEBUG : CAMLCodec::GetTimeSize: len:10 dl:1030603 fs:1030603 front:58269
2022-12-30 13:14:28.889 T:3907 DEBUG : CAMLCodec::DequeueBuffer: pts:0.334 idx:9
2022-12-30 13:14:28.889 T:3907 DEBUG : CAMLCodec::GetPicture: index: 9, pts: 0.334, dur:42ms ar:2.00
2022-12-30 13:14:28.889 T:3904 DEBUG : CVideoPlayer::ProcessVideoData size:58810 dts:8.717 pts:8.717 dur:41.000ms, clock:-0.022 level:99
2022-12-30 13:14:28.889 T:3907 DEBUG : CVideoPlayerVideo::OutputPicture - ttd:355ms pts:0.334 Clock:-0.022 Level:4
2022-12-30 13:14:28.890 T:3907 DEBUG : CAMLCodec::GetTimeSize: len:10 dl:1030603 fs:1030603 front:58269
2022-12-30 13:14:28.896 T:3907 DEBUG : CAMLCodec::AddData: dl:1013591 sum:1071860 sz:41257 dts:0.792 pts:0.792
2022-12-30 13:14:28.896 T:3907 DEBUG : CAMLCodec::GetTimeSize: len:11 dl:1013591 fs:1071860 front:58269
2022-12-30 13:14:28.896 T:3907 DEBUG : CAMLCodec::GetTimeSize: len:10 dl:1013591 fs:1013591 front:163524
2022-12-30 13:14:28.896 T:3907 DEBUG : CAMLCodec::DequeueBuffer: pts:0.375 idx:10
2022-12-30 13:14:28.896 T:3907 DEBUG : CAMLCodec::GetPicture: index: 10, pts: 0.375, dur:41ms ar:2.00
2022-12-30 13:14:28.896 T:3907 DEBUG : CVideoPlayerVideo::OutputPicture - ttd:389ms pts:0.375 Clock:-0.015 Level:5
2022-12-30 13:14:28.897 T:3907 DEBUG : CAMLCodec::GetTimeSize: len:10 dl:1013591 fs:1013591 front:163524
2022-12-30 13:14:28.900 T:3904 DEBUG : CVideoPlayer::ProcessVideoData size:79616 dts:8.759 pts:8.759 dur:41.000ms, clock:-0.011 level:99
2022-12-30 13:14:28.902 T:3907 DEBUG : CAMLCodec::AddData: dl:1056592 sum:1056592 sz:43001 dts:0.834 pts:0.876
2022-12-30 13:14:28.902 T:3907 DEBUG : CAMLCodec::GetTimeSize: len:11 dl:1056592 fs:1056592 front:163524
2022-12-30 13:14:28.910 T:3907 DEBUG : CAMLCodec::AddData: dl:1127910 sum:1291434 sz:234842 dts:0.876 pts:1.084
2022-12-30 13:14:28.910 T:3904 DEBUG : CVideoPlayer::ProcessVideoData size:55898 dts:8.800 pts:8.842 dur:41.000ms, clock:-0.001 level:99
2022-12-30 13:14:28.910 T:3907 DEBUG : CAMLCodec::GetTimeSize: len:12 dl:1127910 fs:1291434 front:163524
2022-12-30 13:14:28.910 T:3907 DEBUG : CAMLCodec::GetTimeSize: len:11 dl:1127910 fs:1127910 front:74166
2022-12-30 13:14:28.910 T:3904 DEBUG : CVideoPlayer::ProcessVideoData size:65275 dts:8.842 pts:8.884 dur:41.000ms, clock:-0.001 level:99
2022-12-30 13:14:28.915 T:3907 DEBUG : CVideoPlayerVideo - CDVDMsg::DEMUXER_PACKET - checking interlace vfmt: null
2022-12-30 13:14:28.918 T:3907 DEBUG : CAMLCodec::AddData: dl:1215527 sum:1215527 sz:87617 dts:0.918 pts:1.001
2022-12-30 13:14:28.918 T:3907 DEBUG : CAMLCodec::GetTimeSize: len:12 dl:1215527 fs:1215527 front:74166
2022-12-30 13:14:28.921 T:3904 DEBUG : CVideoPlayer::ProcessAudioData size:2560 dts:8.928 pts:8.928 dur:32.000ms, clock:0.010 drop:0 level:96
2022-12-30 13:14:28.921 T:3904 DEBUG : CVideoPlayer::ProcessAudioData size:2560 dts:8.960 pts:8.960 dur:32.000ms, clock:0.010 drop:0 level:97
2022-12-30 13:14:28.921 T:3904 DEBUG : CVideoPlayer::ProcessAudioData size:2560 dts:8.992 pts:8.992 dur:32.000ms, clock:0.010 drop:0 level:97
2022-12-30 13:14:28.921 T:3904 DEBUG : CVideoPlayer::ProcessAudioData size:2560 dts:9.024 pts:9.024 dur:32.000ms, clock:0.010 drop:0 level:98
2022-12-30 13:14:28.921 T:3904 DEBUG : CVideoPlayer::ProcessAudioData size:2560 dts:9.056 pts:9.056 dur:32.000ms, clock:0.010 drop:0 level:98
2022-12-30 13:14:28.921 T:3904 DEBUG : CVideoPlayer::ProcessAudioData size:2560 dts:9.088 pts:9.088 dur:32.000ms, clock:0.010 drop:0 level:98
2022-12-30 13:14:28.921 T:3904 DEBUG : CVideoPlayer::ProcessAudioData size:2560 dts:9.120 pts:9.120 dur:32.000ms, clock:0.010 drop:0 level:99
2022-12-30 13:14:28.921 T:3904 DEBUG : CVideoPlayer::ProcessAudioData size:2560 dts:9.152 pts:9.152 dur:32.000ms, clock:0.010 drop:0 level:99
2022-12-30 13:14:28.923 T:3665 DEBUG : CAMLCodec::PollFrame elapsed:38.382ms
2022-12-30 13:14:28.923 T:3907 DEBUG : CAMLCodec::AddData: dl:1243053 sum:1243053 sz:27526 dts:0.959 pts:0.959
2022-12-30 13:14:28.923 T:3907 DEBUG : CAMLCodec::GetTimeSize: len:13 dl:1243053 fs:1243053 front:74166
2022-12-30 13:14:28.925 T:3665 DEBUG : PrepareNextRender: frameOnScreen: 0.014 renderPts: 0.181 nextFramePts: 0.167 -> diff: 0.014 render: 1 forceNext: 0
2022-12-30 13:14:28.926 T:3665 DEBUG : CAMLCodec::ReleaseFrame idx:5, drop:0
2022-12-30 13:14:28.928 T:3907 DEBUG : CAMLCodec::AddData: dl:1270176 sum:1270176 sz:27123 dts:1.001 pts:1.043
2022-12-30 13:14:28.928 T:3907 DEBUG : CAMLCodec::GetTimeSize: len:14 dl:1270176 fs:1270176 front:74166
2022-12-30 13:14:28.928 T:3907 DEBUG : CAMLCodec::DequeueBuffer: pts:0.417 idx:11
2022-12-30 13:14:28.928 T:3907 DEBUG : CAMLCodec::GetPicture: index: 11, pts: 0.417, dur:42ms ar:2.00
2022-12-30 13:14:28.929 T:3907 DEBUG : CVideoPlayerVideo::OutputPicture - ttd:399ms pts:0.417 Clock:0.018 Level:5
2022-12-30 13:14:28.930 T:3907 DEBUG : CAMLCodec::GetTimeSize: len:14 dl:1270176 fs:1270176 front:74166
2022-12-30 13:14:28.937 T:3907 DEBUG : CAMLCodec::AddData: dl:1364677 sum:1438843 sz:168667 dts:1.043 pts:1.251
2022-12-30 13:14:28.937 T:3907 DEBUG : CAMLCodec::GetTimeSize: len:15 dl:1364677 fs:1438843 front:74166
2022-12-30 13:14:28.937 T:3907 DEBUG : CAMLCodec::GetTimeSize: len:14 dl:1364677 fs:1364677 front:65450
2022-12-30 13:14:28.945 T:3907 DEBUG : CAMLCodec::AddData: dl:1447021 sum:1447021 sz:82344 dts:1.084 pts:1.168
2022-12-30 13:14:28.945 T:3907 DEBUG : CAMLCodec::GetTimeSize: len:15 dl:1447021 fs:1447021 front:65450
2022-12-30 13:14:28.950 T:3907 DEBUG : CAMLCodec::AddData: dl:1488493 sum:1488493 sz:41472 dts:1.126 pts:1.126
2022-12-30 13:14:28.950 T:3907 DEBUG : CAMLCodec::GetTimeSize: len:16 dl:1488493 fs:1488493 front:65450
2022-12-30 13:14:28.955 T:3907 DEBUG : CAMLCodec::AddData: dl:1521647 sum:1521647 sz:33154 dts:1.168 pts:1.210
2022-12-30 13:14:28.955 T:3907 DEBUG : CAMLCodec::GetTimeSize: len:17 dl:1521647 fs:1521647 front:65450
2022-12-30 13:14:28.963 T:3907 DEBUG : CAMLCodec::AddData: dl:1629218 sum:1629218 sz:107571 dts:1.210 pts:1.418
2022-12-30 13:14:28.963 T:3907 DEBUG : CAMLCodec::GetTimeSize: len:18 dl:1629218 fs:1629218 front:65450
2022-12-30 13:14:28.965 T:3665 DEBUG : CAMLCodec::PollFrame elapsed:38.203ms
2022-12-30 13:14:28.966 T:3665 DEBUG : PrepareNextRender: frameOnScreen: 0.056 renderPts: 0.222 nextFramePts: 0.209 -> diff: 0.013 render: 1 forceNext: 0
2022-12-30 13:14:28.967 T:3665 DEBUG : CAMLCodec::ReleaseFrame idx:6, drop:0
2022-12-30 13:14:28.970 T:3907 DEBUG : CAMLCodec::AddData: dl:1691040 sum:1691040 sz:61822 dts:1.251 pts:1.335
2022-12-30 13:14:28.970 T:3907 DEBUG : CAMLCodec::GetTimeSize: len:19 dl:1691040 fs:1691040 front:65450
2022-12-30 13:14:28.970 T:3907 DEBUG : CAMLCodec::DequeueBuffer: pts:0.459 idx:12
2022-12-30 13:14:28.970 T:3907 DEBUG : CAMLCodec::GetPicture: index: 12, pts: 0.459, dur:42ms ar:2.00
2022-12-30 13:14:28.970 T:3907 DEBUG : CVideoPlayerVideo::OutputPicture - ttd:399ms pts:0.459 Clock:0.060 Level:5
2022-12-30 13:14:28.972 T:3907 DEBUG : CAMLCodec::GetTimeSize: len:19 dl:1691040 fs:1691040 front:65450
2022-12-30 13:14:28.977 T:3907 DEBUG : CAMLCodec::AddData: dl:1652532 sum:1717982 sz:26942 dts:1.293 pts:1.293
2022-12-30 13:14:28.977 T:3907 DEBUG : CAMLCodec::GetTimeSize: len:20 dl:1652532 fs:1717982 front:65450
2022-12-30 13:14:28.977 T:3907 DEBUG : CAMLCodec::GetTimeSize: len:19 dl:1652532 fs:1652532 front:165595
2022-12-30 13:14:28.982 T:3907 DEBUG : CAMLCodec::AddData: dl:1679119 sum:1679119 sz:26587 dts:1.335 pts:1.376
2022-12-30 13:14:28.982 T:3907 DEBUG : CAMLCodec::GetTimeSize: len:20 dl:1679119 fs:1679119 front:165595
2022-12-30 13:14:28.990 T:3907 DEBUG : CAMLCodec::AddData: dl:1783286 sum:1783286 sz:104167 dts:1.376 pts:1.543
2022-12-30 13:14:28.990 T:3907 DEBUG : CAMLCodec::GetTimeSize: len:21 dl:1783286 fs:1783286 front:165595
2022-12-30 13:14:28.995 T:3907 DEBUG : CAMLCodec::AddData: dl:1827085 sum:1827085 sz:43799 dts:1.418 pts:1.501
2022-12-30 13:14:28.995 T:3907 DEBUG : CAMLCodec::GetTimeSize: len:22 dl:1827085 fs:1827085 front:165595
2022-12-30 13:14:29.000 T:3907 DEBUG : CAMLCodec::AddData: dl:1851943 sum:1851943 sz:24858 dts:1.460 pts:1.460
2022-12-30 13:14:29.000 T:3907 DEBUG : CAMLCodec::GetTimeSize: len:23 dl:1851943 fs:1851943 front:165595
2022-12-30 13:14:29.002 T:3881 DEBUG : .
2022-12-30 13:14:29.004 T:3908 DEBUG : CVideoPlayerAudio::OutputPacket: pts:1.216 curr_pts:0.485 clock:0.094 level:99
2022-12-30 13:14:29.005 T:3908 DEBUG : CVideoPlayerAudio::OutputPacket: pts:1.248 curr_pts:0.485 clock:0.094 level:99
2022-12-30 13:14:29.006 T:3665 DEBUG : CAMLCodec::PollFrame elapsed:39.076ms
2022-12-30 13:14:29.008 T:3907 DEBUG : CAMLCodec::AddData: dl:1950076 sum:1950076 sz:98133 dts:1.501 pts:1.710
2022-12-30 13:14:29.008 T:3907 DEBUG : CAMLCodec::GetTimeSize: len:24 dl:1950076 fs:1950076 front:165595
2022-12-30 13:14:29.008 T:3907 DEBUG : CAMLCodec::DequeueBuffer: pts:0.500 idx:13
2022-12-30 13:14:29.008 T:3907 DEBUG : CAMLCodec::GetPicture: index: 13, pts: 0.500, dur:41ms ar:2.00
2022-12-30 13:14:29.008 T:3907 DEBUG : CVideoPlayerVideo::OutputPicture - ttd:402ms pts:0.500 Clock:0.097 Level:6
2022-12-30 13:14:29.009 T:3907 DEBUG : CAMLCodec::GetTimeSize: len:24 dl:1950076 fs:1950076 front:165595
2022-12-30 13:14:29.012 T:3733 DEBUG : requested setting (youtube.folder.tags.show) was not found.
2022-12-30 13:14:29.012 T:3904 DEBUG : CVideoPlayer::ProcessAudioData size:2560 dts:9.184 pts:9.184 dur:32.000ms, clock:0.102 drop:0 level:99
2022-12-30 13:14:29.012 T:3904 DEBUG : CVideoPlayer::ProcessAudioData size:2560 dts:9.216 pts:9.216 dur:32.000ms, clock:0.102 drop:0 level:99
2022-12-30 13:14:29.014 T:3665 DEBUG : PrepareNextRender: frameOnScreen: 0.103 renderPts: 0.270 nextFramePts: 0.250 -> diff: 0.020 render: 1 forceNext: 0
2022-12-30 13:14:29.014 T:3665 DEBUG : CAMLCodec::ReleaseFrame idx:7, drop:0
2022-12-30 13:14:29.016 T:3907 DEBUG : CAMLCodec::GetTimeSize: len:24 dl:1950076 fs:1950076 front:165595
2022-12-30 13:14:29.022 T:3907 DEBUG : CAMLCodec::GetTimeSize: len:24 dl:1784481 fs:1950076 front:165595
2022-12-30 13:14:29.022 T:3907 DEBUG : CAMLCodec::GetTimeSize: len:23 dl:1784481 fs:1784481 front:97939
2022-12-30 13:14:29.029 T:3907 DEBUG : CAMLCodec::AddData: dl:1848769 sum:1848769 sz:64288 dts:1.543 pts:1.627
2022-12-30 13:14:29.029 T:3907 DEBUG : CAMLCodec::GetTimeSize: len:24 dl:1848769 fs:1848769 front:97939
2022-12-30 13:14:29.048 T:3665 INFO : Skipped 3 duplicate messages..
2022-12-30 13:14:29.048 T:3665 DEBUG : CAMLCodec::PollFrame elapsed:33.490ms
2022-12-30 13:14:29.050 T:3665 DEBUG : PrepareNextRender: frameOnScreen: 0.139 renderPts: 0.306 nextFramePts: 0.292 -> diff: 0.014 render: 1 forceNext: 0
2022-12-30 13:14:29.050 T:3665 DEBUG : CAMLCodec::ReleaseFrame idx:8, drop:0
2022-12-30 13:14:29.054 T:3907 DEBUG : CAMLCodec::GetTimeSize: len:24 dl:1848769 fs:1848769 front:97939
2022-12-30 13:14:29.054 T:3907 DEBUG : CAMLCodec::DequeueBuffer: pts:0.542 idx:14
2022-12-30 13:14:29.054 T:3907 DEBUG : CAMLCodec::GetPicture: index: 14, pts: 0.542, dur:42ms ar:2.00
2022-12-30 13:14:29.054 T:3907 DEBUG : CVideoPlayerVideo::OutputPicture - ttd:398ms pts:0.542 Clock:0.144 Level:5
2022-12-30 13:14:29.054 T:3908 DEBUG : CVideoPlayerAudio::OutputPacket: pts:1.280 curr_pts:0.534 clock:0.144 level:99
2022-12-30 13:14:29.055 T:3907 DEBUG : CAMLCodec::GetTimeSize: len:24 dl:1848769 fs:1848769 front:97939
2022-12-30 13:14:29.062 T:3907 DEBUG : CAMLCodec::GetTimeSize: len:24 dl:1750830 fs:1848769 front:97939
2022-12-30 13:14:29.062 T:3907 DEBUG : CAMLCodec::GetTimeSize: len:23 dl:1750830 fs:1750830 front:38689
2022-12-30 13:14:29.063 T:3904 DEBUG : CVideoPlayer::ProcessAudioData size:2560 dts:9.248 pts:9.248 dur:32.000ms, clock:0.152 drop:0 level:99
2022-12-30 13:14:29.067 T:3907 DEBUG : CAMLCodec::AddData: dl:1779524 sum:1779524 sz:28694 dts:1.585 pts:1.585
2022-12-30 13:14:29.067 T:3907 DEBUG : CAMLCodec::GetTimeSize: len:24 dl:1779524 fs:1779524 front:38689
2022-12-30 13:14:29.090 T:3665 INFO : Skipped 3 duplicate messages..
2022-12-30 13:14:29.090 T:3665 DEBUG : CAMLCodec::PollFrame elapsed:39.081ms
2022-12-30 13:14:29.091 T:3665 DEBUG : PrepareNextRender: frameOnScreen: 0.181 renderPts: 0.347 nextFramePts: 0.334 -> diff: 0.013 render: 1 forceNext: 0
2022-12-30 13:14:29.092 T:3907 DEBUG : CAMLCodec::GetTimeSize: len:24 dl:1779524 fs:1779524 front:38689
2022-12-30 13:14:29.092 T:3907 DEBUG : CAMLCodec::DequeueBuffer: pts:0.584 idx:15
2022-12-30 13:14:29.092 T:3907 DEBUG : CAMLCodec::GetPicture: index: 15, pts: 0.584, dur:42ms ar:2.00
2022-12-30 13:14:29.092 T:3907 DEBUG : CVideoPlayerVideo::OutputPicture - ttd:402ms pts:0.584 Clock:0.181 Level:5
2022-12-30 13:14:29.092 T:3665 DEBUG : CAMLCodec::ReleaseFrame idx:9, drop:0
2022-12-30 13:14:29.093 T:3907 DEBUG : CAMLCodec::GetTimeSize: len:24 dl:1779524 fs:1779524 front:38689
2022-12-30 13:14:29.104 T:3908 INFO : Skipped 1 duplicate messages..
2022-12-30 13:14:29.104 T:3908 DEBUG : CVideoPlayerAudio::OutputPacket: pts:1.312 curr_pts:0.585 clock:0.194 level:99
2022-12-30 13:14:29.105 T:3908 DEBUG : CVideoPlayerAudio::OutputPacket: pts:1.344 curr_pts:0.585 clock:0.194 level:99
2022-12-30 13:14:29.106 T:3907 DEBUG : CAMLCodec::GetTimeSize: len:24 dl:1740835 fs:1779524 front:38689
2022-12-30 13:14:29.106 T:3907 DEBUG : CAMLCodec::GetTimeSize: len:23 dl:1740835 fs:1740835 front:37026
2022-12-30 13:14:29.111 T:3907 DEBUG : CAMLCodec::AddData: dl:1770215 sum:1770215 sz:29380 dts:1.627 pts:1.668
2022-12-30 13:14:29.111 T:3907 DEBUG : CAMLCodec::GetTimeSize: len:24 dl:1770215 fs:1770215 front:37026
2022-12-30 13:14:29.114 T:3904 DEBUG : CVideoPlayer::ProcessVideoData size:200081 dts:8.884 pts:9.301 dur:41.000ms, clock:0.203 level:90
2022-12-30 13:14:29.115 T:3904 DEBUG : CVideoPlayer::ProcessVideoData size:111282 dts:8.926 pts:9.134 dur:41.000ms, clock:0.204 level:91
2022-12-30 13:14:29.115 T:3904 DEBUG : CVideoPlayer::ProcessVideoData size:48437 dts:8.967 pts:8.967 dur:41.000ms, clock:0.204 level:91
2022-12-30 13:14:29.115 T:3904 DEBUG : CVideoPlayer::ProcessVideoData size:71568 dts:9.009 pts:9.009 dur:41.000ms, clock:0.205 level:92
2022-12-30 13:14:29.116 T:3904 DEBUG : CVideoPlayer::ProcessVideoData size:59682 dts:9.051 pts:9.051 dur:41.000ms, clock:0.205 level:92
2022-12-30 13:14:29.116 T:3904 DEBUG : CVideoPlayer::ProcessVideoData size:57201 dts:9.092 pts:9.092 dur:41.000ms, clock:0.205 level:93
2022-12-30 13:14:29.116 T:3904 DEBUG : CVideoPlayer::ProcessVideoData size:54132 dts:9.134 pts:9.176 dur:41.000ms, clock:0.205 level:93
