2022-12-30 13:14:35.360 T:3935 DEBUG : Thread LanguageInvoker 3673211520 terminating
2022-12-30 13:14:35.361 T:3904 DEBUG : CVideoPlayer::ProcessAudioData size:2560 dts:15.040 pts:15.040 dur:32.000ms, clock:6.319 drop:0 level:99
2022-12-30 13:14:35.361 T:3907 DEBUG : CAMLCodec::GetTimeSize: len:24 dl:2004934 fs:2177264 front:172330
2022-12-30 13:14:35.361 T:3907 DEBUG : CAMLCodec::GetTimeSize: len:23 dl:2004934 fs:2004934 front:148266
2022-12-30 13:14:35.368 T:3907 DEBUG : CAMLCodec::AddData: dl:2075917 sum:2075917 sz:70983 dts:7.758 pts:7.799
2022-12-30 13:14:35.368 T:3907 DEBUG : CAMLCodec::GetTimeSize: len:24 dl:2075917 fs:2075917 front:148266
2022-12-30 13:14:35.381 T:3940 INFO : Skipped 2 duplicate messages..
2022-12-30 13:14:35.381 T:3940 DEBUG : -->Python Interpreter Initialized<--
2022-12-30 13:14:35.382 T:3940 DEBUG :
2022-12-30 13:14:35.382 T:3940 DEBUG : CPythonInvoker(27, /storage/.kodi/addons/metadata.tvshows.themoviedb.org.python/main.py): the source file to load is "/storage/.kodi/addons/metadata.tvshows.themoviedb.org.python/main.py"
2022-12-30 13:14:35.382 T:3940 DEBUG : CPythonInvoker(27, /storage/.kodi/addons/metadata.tvshows.themoviedb.org.python/main.py): setting the Python path to /storage/.kodi/addons/metadata.tvshows.themoviedb.org.python:/usr/lib/python38.zip:/usr/lib/python3.8:/usr/lib/python3.8/lib-dynload:/usr/lib/python3.8/site-packages
2022-12-30 13:14:35.382 T:3940 DEBUG : CPythonInvoker(27, /storage/.kodi/addons/metadata.tvshows.themoviedb.org.python/main.py): entering source directory /storage/.kodi/addons/metadata.tvshows.themoviedb.org.python
2022-12-30 13:14:35.382 T:3940 DEBUG : CPythonInvoker(27, /storage/.kodi/addons/metadata.tvshows.themoviedb.org.python/main.py): instantiating addon using automatically obtained id of "metadata.tvshows.themoviedb.org.python" dependent on version 3.0.0 of the xbmc.python api
2022-12-30 13:14:35.387 T:3907 DEBUG : CAMLCodec::GetTimeSize: len:24 dl:2075917 fs:2075917 front:148266
2022-12-30 13:14:35.388 T:3665 DEBUG : CAMLCodec::PollFrame elapsed:39.311ms
2022-12-30 13:14:35.391 T:3665 DEBUG : PrepareNextRender: frameOnScreen: 6.349 renderPts: 6.515 nextFramePts: 6.506 -> diff: 0.009 render: 1 forceNext: 0
2022-12-30 13:14:35.392 T:3665 DEBUG : CAMLCodec::ReleaseFrame idx:157, drop:0
2022-12-30 13:14:35.393 T:3907 DEBUG : CAMLCodec::GetTimeSize: len:24 dl:2075917 fs:2075917 front:148266
2022-12-30 13:14:35.393 T:3907 DEBUG : CAMLCodec::DequeueBuffer: pts:6.757 idx:163
2022-12-30 13:14:35.394 T:3907 DEBUG : CAMLCodec::GetPicture: index: 163, pts: 6.757, dur:42ms ar:2.00
2022-12-30 13:14:35.394 T:3907 DEBUG : CVideoPlayerVideo::OutputPicture - ttd:405ms pts:6.757 Clock:6.352 Level:5
2022-12-30 13:14:35.395 T:3907 DEBUG : CAMLCodec::GetTimeSize: len:24 dl:2075917 fs:2075917 front:148266
2022-12-30 13:14:35.401 T:3907 DEBUG : CAMLCodec::GetTimeSize: len:24 dl:1927651 fs:2075917 front:148266
2022-12-30 13:14:35.401 T:3907 DEBUG : CAMLCodec::GetTimeSize: len:23 dl:1927651 fs:1927651 front:195715
2022-12-30 13:14:35.404 T:3908 DEBUG : CVideoPlayerAudio::OutputPacket: pts:7.104 curr_pts:6.362 clock:6.362 level:99
2022-12-30 13:14:35.405 T:3908 DEBUG : CVideoPlayerAudio::OutputPacket: pts:7.136 curr_pts:6.363 clock:6.363 level:99
2022-12-30 13:14:35.406 T:3907 DEBUG : CAMLCodec::AddData: dl:1968993 sum:1968993 sz:41342 dts:7.799 pts:7.841
2022-12-30 13:14:35.406 T:3907 DEBUG : CAMLCodec::GetTimeSize: len:24 dl:1968993 fs:1968993 front:195715
2022-12-30 13:14:35.412 T:3904 DEBUG : CVideoPlayer::ProcessVideoData size:123936 dts:14.723 pts:15.015 dur:41.000ms, clock:6.370 level:86
2022-12-30 13:14:35.412 T:3904 DEBUG : CVideoPlayer::ProcessVideoData size:67118 dts:14.765 pts:14.890 dur:41.000ms, clock:6.370 level:87
2022-12-30 13:14:35.412 T:3904 DEBUG : CVideoPlayer::ProcessVideoData size:49859 dts:14.806 pts:14.806 dur:41.000ms, clock:6.370 level:87
2022-12-30 13:14:35.413 T:3904 DEBUG : CVideoPlayer::ProcessVideoData size:32923 dts:14.848 pts:14.848 dur:41.000ms, clock:6.371 level:88
2022-12-30 13:14:35.413 T:3904 DEBUG : CVideoPlayer::ProcessVideoData size:44053 dts:14.890 pts:14.932 dur:41.000ms, clock:6.371 level:88
2022-12-30 13:14:35.413 T:3904 DEBUG : CVideoPlayer::ProcessVideoData size:30474 dts:14.932 pts:14.973 dur:41.000ms, clock:6.371 level:89
2022-12-30 13:14:35.414 T:3907 DEBUG : CAMLCodec::GetTimeSize: len:24 dl:1968993 fs:1968993 front:195715
2022-12-30 13:14:35.415 T:3904 DEBUG : CVideoPlayer::ProcessAudioData size:2560 dts:15.072 pts:15.072 dur:32.000ms, clock:6.373 drop:0 level:99
2022-12-30 13:14:35.415 T:3904 DEBUG : CVideoPlayer::ProcessAudioData size:2560 dts:15.104 pts:15.104 dur:32.000ms, clock:6.373 drop:0 level:99
2022-12-30 13:14:35.421 T:3907 DEBUG : CAMLCodec::GetTimeSize: len:24 dl:1968993 fs:1968993 front:195715
2022-12-30 13:14:35.429 T:3665 INFO : Skipped 1 duplicate messages..
2022-12-30 13:14:35.429 T:3665 DEBUG : CAMLCodec::PollFrame elapsed:37.385ms
2022-12-30 13:14:35.432 T:3665 DEBUG : PrepareNextRender: frameOnScreen: 6.390 renderPts: 6.556 nextFramePts: 6.548 -> diff: 0.008 render: 1 forceNext: 0
2022-12-30 13:14:35.433 T:3665 DEBUG : CAMLCodec::ReleaseFrame idx:158, drop:0
2022-12-30 13:14:35.433 T:3907 DEBUG : CAMLCodec::GetTimeSize: len:24 dl:1968993 fs:1968993 front:195715
2022-12-30 13:14:35.433 T:3907 DEBUG : CAMLCodec::DequeueBuffer: pts:6.798 idx:164
2022-12-30 13:14:35.433 T:3907 DEBUG : CAMLCodec::GetPicture: index: 164, pts: 6.798, dur:41ms ar:2.00
2022-12-30 13:14:35.433 T:3907 DEBUG : CVideoPlayerVideo::OutputPicture - ttd:406ms pts:6.798 Clock:6.391 Level:5
2022-12-30 13:14:35.434 T:3940 DEBUG : [metadata.tvshows.themoviedb.org.python (1.4.17)]: the cache dir is /storage/.kodi/temp/scrapers/metadata.tvshows.themoviedb.org.python
2022-12-30 13:14:35.434 T:3907 DEBUG : CAMLCodec::GetTimeSize: len:24 dl:1968993 fs:1968993 front:195715
2022-12-30 13:14:35.441 T:3907 DEBUG : CAMLCodec::GetTimeSize: len:24 dl:1773278 fs:1968993 front:195715
2022-12-30 13:14:35.441 T:3907 DEBUG : CAMLCodec::GetTimeSize: len:23 dl:1773278 fs:1773278 front:63349
2022-12-30 13:14:35.448 T:3907 DEBUG : CAMLCodec::AddData: dl:1914845 sum:1914845 sz:141567 dts:7.841 pts:7.966
2022-12-30 13:14:35.448 T:3907 DEBUG : CAMLCodec::GetTimeSize: len:24 dl:1914845 fs:1914845 front:63349
2022-12-30 13:14:35.454 T:3908 DEBUG : CVideoPlayerAudio::OutputPacket: pts:7.168 curr_pts:6.412 clock:6.412 level:99
2022-12-30 13:14:35.454 T:3907 DEBUG : CAMLCodec::GetTimeSize: len:24 dl:1914845 fs:1914845 front:63349
2022-12-30 13:14:35.455 T:3908 DEBUG : CVideoPlayerAudio::OutputPacket: pts:7.200 curr_pts:6.412 clock:6.413 level:99
2022-12-30 13:14:35.456 T:3904 DEBUG : CVideoPlayer::ProcessAudioData size:2560 dts:15.136 pts:15.136 dur:32.000ms, clock:6.414 drop:0 level:99
2022-12-30 13:14:35.456 T:3904 DEBUG : CVideoPlayer::ProcessAudioData size:2560 dts:15.168 pts:15.168 dur:32.000ms, clock:6.414 drop:0 level:99
2022-12-30 13:14:35.460 T:3907 DEBUG : CAMLCodec::GetTimeSize: len:24 dl:1914845 fs:1914845 front:63349
2022-12-30 13:14:35.471 T:3665 INFO : Skipped 1 duplicate messages..
2022-12-30 13:14:35.471 T:3665 DEBUG : CAMLCodec::PollFrame elapsed:37.871ms
2022-12-30 13:14:35.473 T:3665 DEBUG : PrepareNextRender: frameOnScreen: 6.431 renderPts: 6.598 nextFramePts: 6.590 -> diff: 0.008 render: 1 forceNext: 0
2022-12-30 13:14:35.473 T:3907 DEBUG : CAMLCodec::GetTimeSize: len:24 dl:1914845 fs:1914845 front:63349
2022-12-30 13:14:35.473 T:3665 DEBUG : CAMLCodec::ReleaseFrame idx:159, drop:0
2022-12-30 13:14:35.479 T:3907 DEBUG : CAMLCodec::GetTimeSize: len:24 dl:1914845 fs:1914845 front:63349
2022-12-30 13:14:35.479 T:3907 DEBUG : CAMLCodec::DequeueBuffer: pts:6.840 idx:165
2022-12-30 13:14:35.479 T:3907 DEBUG : CAMLCodec::GetPicture: index: 165, pts: 6.840, dur:42ms ar:2.00
2022-12-30 13:14:35.479 T:3907 DEBUG : CVideoPlayerVideo::OutputPicture - ttd:402ms pts:6.840 Clock:6.437 Level:5
2022-12-30 13:14:35.480 T:3907 DEBUG : CAMLCodec::GetTimeSize: len:24 dl:1914845 fs:1914845 front:63349
2022-12-30 13:14:35.487 T:3907 DEBUG : CAMLCodec::GetTimeSize: len:24 dl:1851496 fs:1914845 front:63349
2022-12-30 13:14:35.487 T:3907 DEBUG : CAMLCodec::GetTimeSize: len:23 dl:1851496 fs:1851496 front:44903
2022-12-30 13:14:35.494 T:3907 DEBUG : CAMLCodec::AddData: dl:1905536 sum:1905536 sz:54040 dts:7.883 pts:7.925
2022-12-30 13:14:35.494 T:3907 DEBUG : CAMLCodec::GetTimeSize: len:24 dl:1905536 fs:1905536 front:44903
2022-12-30 13:14:35.504 T:3908 INFO : Skipped 1 duplicate messages..
2022-12-30 13:14:35.504 T:3908 DEBUG : CVideoPlayerAudio::OutputPacket: pts:7.232 curr_pts:6.462 clock:6.462 level:99
2022-12-30 13:14:35.506 T:3904 DEBUG : CVideoPlayer::ProcessAudioData size:2560 dts:15.200 pts:15.200 dur:32.000ms, clock:6.464 drop:0 level:99
2022-12-30 13:14:35.506 T:3907 DEBUG : CAMLCodec::GetTimeSize: len:24 dl:1905536 fs:1905536 front:44903
2022-12-30 13:14:35.513 T:3665 INFO : Skipped 1 duplicate messages..
2022-12-30 13:14:35.513 T:3665 DEBUG : CAMLCodec::PollFrame elapsed:39.166ms
2022-12-30 13:14:35.514 T:3665 DEBUG : PrepareNextRender: frameOnScreen: 6.473 renderPts: 6.639 nextFramePts: 6.632 -> diff: 0.007 render: 1 forceNext: 0
2022-12-30 13:14:35.515 T:3665 DEBUG : CAMLCodec::ReleaseFrame idx:160, drop:0
2022-12-30 13:14:35.519 T:3907 DEBUG : CAMLCodec::GetTimeSize: len:24 dl:1905536 fs:1905536 front:44903
2022-12-30 13:14:35.519 T:3907 DEBUG : CAMLCodec::DequeueBuffer: pts:6.882 idx:166
2022-12-30 13:14:35.519 T:3907 DEBUG : CAMLCodec::GetPicture: index: 166, pts: 6.882, dur:42ms ar:2.00
2022-12-30 13:14:35.519 T:3907 DEBUG : CVideoPlayerVideo::OutputPicture - ttd:404ms pts:6.882 Clock:6.477 Level:5
2022-12-30 13:14:35.520 T:3907 DEBUG : CAMLCodec::GetTimeSize: len:24 dl:1905536 fs:1905536 front:44903
2022-12-30 13:14:35.526 T:3907 DEBUG : CAMLCodec::GetTimeSize: len:24 dl:1860633 fs:1905536 front:44903
2022-12-30 13:14:35.526 T:3907 DEBUG : CAMLCodec::GetTimeSize: len:23 dl:1860633 fs:1860633 front:62024
2022-12-30 13:14:35.534 T:3907 DEBUG : CAMLCodec::AddData: dl:2114783 sum:2114783 sz:254150 dts:7.925 pts:8.008
2022-12-30 13:14:35.534 T:3907 DEBUG : CAMLCodec::GetTimeSize: len:24 dl:2114783 fs:2114783 front:62024
2022-12-30 13:14:35.546 T:3940 INFO : Skipped 1 duplicate messages..
2022-12-30 13:14:35.546 T:3940 DEBUG : [metadata.tvshows.themoviedb.org.python (1.4.17)]: Called addon with params: ['plugin://metadata.tvshows.themoviedb.org.python/', '14', '?action=find&pathSettings=%7b%22cat_landscape%22%3atrue%2c%22certprefix%22%3a%22Rated%20%22%2c%22enab_trailer%22%3atrue%2c%22enable_fanarttv%22%3atrue%2c%22fanarttv_clientkey%22%3a%22%22%2c%22imdbanyway%22%3afalse%2c%22keeporiginaltitle%22%3afalse%2c%22language%22%3a%22fr-FR%22%2c%22lastUpdated%22%3a%220%22%2c%22originalUrl%22%3a%22%22%2c%22players_opt%22%3a%22Tubed%22%2c%22previewUrl%22%3a%22%22%2c%22ratings%22%3a%22IMDb%22%2c%22studio_country%22%3atrue%2c%22tmdbanyway%22%3atrue%2c%22tmdbcertcountry%22%3a%22fr%22%2c%22traktanyway%22%3atrue%2c%22usecertprefix%22%3atrue%2c%22verboselog%22%3afalse%7d&title=Heroes.S01.MULTI.VFF', 'resume:false']
2022-12-30 13:14:35.546 T:3940 DEBUG : [metadata.tvshows.themoviedb.org.python (1.4.17)]: performing find action
2022-12-30 13:14:35.546 T:3940 DEBUG : [metadata.tvshows.themoviedb.org.python (1.4.17)]: Searching for TV show Heroes.S01.MULTI.VFF (None)
2022-12-30 13:14:35.546 T:3940 DEBUG : [metadata.tvshows.themoviedb.org.python (1.4.17)]: using title of Heroes.S01.MULTI.VFF to find show
2022-12-30 13:14:35.546 T:3940 DEBUG : [metadata.tvshows.themoviedb.org.python (1.4.17)]: Calling URL "https://api.themoviedb.org/3/search/tv?api_key=af3a53eb387d57fc935e9128468b1899&language=fr-FR&query=Heroes.S01.MULTI.VFF"
2022-12-30 13:14:35.546 T:3907 DEBUG : CAMLCodec::GetTimeSize: len:24 dl:2114783 fs:2114783 front:62024
2022-12-30 13:14:35.554 T:3908 INFO : Skipped 1 duplicate messages..
2022-12-30 13:14:35.554 T:3908 DEBUG : CVideoPlayerAudio::OutputPacket: pts:7.264 curr_pts:6.512 clock:6.512 level:99
2022-12-30 13:14:35.554 T:3665 DEBUG : CAMLCodec::PollFrame elapsed:38.956ms
2022-12-30 13:14:35.555 T:3908 DEBUG : CVideoPlayerAudio::OutputPacket: pts:7.296 curr_pts:6.512 clock:6.513 level:99
2022-12-30 13:14:35.556 T:3665 DEBUG : PrepareNextRender: frameOnScreen: 6.514 renderPts: 6.681 nextFramePts: 6.673 -> diff: 0.008 render: 1 forceNext: 0
2022-12-30 13:14:35.557 T:3904 DEBUG : CVideoPlayer::ProcessAudioData size:2560 dts:15.232 pts:15.232 dur:32.000ms, clock:6.515 drop:0 level:99
2022-12-30 13:14:35.557 T:3904 DEBUG : CVideoPlayer::ProcessAudioData size:2560 dts:15.264 pts:15.264 dur:32.000ms, clock:6.515 drop:0 level:99
2022-12-30 13:14:35.557 T:3665 DEBUG : CAMLCodec::ReleaseFrame idx:161, drop:0
2022-12-30 13:14:35.559 T:3907 DEBUG : CAMLCodec::GetTimeSize: len:24 dl:2114783 fs:2114783 front:62024
2022-12-30 13:14:35.559 T:3907 DEBUG : CAMLCodec::DequeueBuffer: pts:6.924 idx:167
2022-12-30 13:14:35.559 T:3907 DEBUG : CAMLCodec::GetPicture: index: 167, pts: 6.924, dur:42ms ar:2.00
2022-12-30 13:14:35.559 T:3907 DEBUG : CVideoPlayerVideo::OutputPicture - ttd:407ms pts:6.924 Clock:6.517 Level:5
2022-12-30 13:14:35.560 T:3907 DEBUG : CAMLCodec::GetTimeSize: len:24 dl:2114783 fs:2114783 front:62024
2022-12-30 13:14:35.566 T:3907 DEBUG : CAMLCodec::GetTimeSize: len:24 dl:2052759 fs:2114783 front:62024
2022-12-30 13:14:35.566 T:3907 DEBUG : CAMLCodec::GetTimeSize: len:23 dl:2052759 fs:2052759 front:39813
2022-12-30 13:14:35.573 T:3907 DEBUG : CAMLCodec::AddData: dl:2247035 sum:2247035 sz:194276 dts:7.966 pts:8.175
2022-12-30 13:14:35.573 T:3907 DEBUG : CAMLCodec::GetTimeSize: len:24 dl:2247035 fs:2247035 front:39813
2022-12-30 13:14:35.596 T:3665 INFO : Skipped 3 duplicate messages..
2022-12-30 13:14:35.596 T:3665 DEBUG : CAMLCodec::PollFrame elapsed:38.899ms
2022-12-30 13:14:35.599 T:3907 DEBUG : CAMLCodec::GetTimeSize: len:24 dl:2247035 fs:2247035 front:39813
2022-12-30 13:14:35.599 T:3907 DEBUG : CAMLCodec::DequeueBuffer: pts:6.965 idx:168
2022-12-30 13:14:35.599 T:3907 DEBUG : CAMLCodec::GetPicture: index: 168, pts: 6.965, dur:41ms ar:2.00
2022-12-30 13:14:35.599 T:3907 DEBUG : CVideoPlayerVideo::OutputPicture - ttd:407ms pts:6.965 Clock:6.557 Level:6
2022-12-30 13:14:35.601 T:3907 DEBUG : CAMLCodec::GetTimeSize: len:24 dl:2247035 fs:2247035 front:39813
2022-12-30 13:14:35.602 T:3665 DEBUG : PrepareNextRender: frameOnScreen: 6.560 renderPts: 6.727 nextFramePts: 6.715 -> diff: 0.012 render: 1 forceNext: 0
2022-12-30 13:14:35.603 T:3665 DEBUG : CAMLCodec::ReleaseFrame idx:162, drop:0
2022-12-30 13:14:35.605 T:3908 DEBUG : CVideoPlayerAudio::OutputPacket: pts:7.328 curr_pts:6.562 clock:6.563 level:99
2022-12-30 13:14:35.607 T:3907 DEBUG : CAMLCodec::GetTimeSize: len:24 dl:2207222 fs:2247035 front:39813
2022-12-30 13:14:35.608 T:3907 DEBUG : CAMLCodec::GetTimeSize: len:23 dl:2207222 fs:2207222 front:49674
2022-12-30 13:14:35.608 T:3904 DEBUG : CVideoPlayer::ProcessAudioData size:2560 dts:15.296 pts:15.296 dur:32.000ms, clock:6.566 drop:0 level:99
2022-12-30 13:14:35.615 T:3907 DEBUG : CAMLCodec::AddData: dl:2276822 sum:2276822 sz:69600 dts:8.008 pts:8.091
2022-12-30 13:14:35.615 T:3907 DEBUG : CAMLCodec::GetTimeSize: len:24 dl:2276822 fs:2276822 front:49674
2022-12-30 13:14:35.638 T:3665 INFO : Skipped 3 duplicate messages..
2022-12-30 13:14:35.638 T:3665 DEBUG : CAMLCodec::PollFrame elapsed:34.305ms
2022-12-30 13:14:35.641 T:3907 DEBUG : CAMLCodec::GetTimeSize: len:24 dl:2276822 fs:2276822 front:49674
2022-12-30 13:14:35.641 T:3907 DEBUG : CAMLCodec::DequeueBuffer: pts:7.007 idx:169
2022-12-30 13:14:35.641 T:3907 DEBUG : CAMLCodec::GetPicture: index: 169, pts: 7.007, dur:42ms ar:2.00
2022-12-30 13:14:35.641 T:3907 DEBUG : CVideoPlayerVideo::OutputPicture - ttd:407ms pts:7.007 Clock:6.599 Level:6
2022-12-30 13:14:35.642 T:3665 DEBUG : PrepareNextRender: frameOnScreen: 6.600 renderPts: 6.766 nextFramePts: 6.757 -> diff: 0.009 render: 1 forceNext: 0
2022-12-30 13:14:35.642 T:3907 DEBUG : CAMLCodec::GetTimeSize: len:24 dl:2276822 fs:2276822 front:49674
2022-12-30 13:14:35.643 T:3665 DEBUG : CAMLCodec::ReleaseFrame idx:163, drop:0
2022-12-30 13:14:35.649 T:3907 DEBUG : CAMLCodec::GetTimeSize: len:24 dl:2227148 fs:2276822 front:49674
2022-12-30 13:14:35.649 T:3907 DEBUG : CAMLCodec::GetTimeSize: len:23 dl:2227148 fs:2227148 front:205143
2022-12-30 13:14:35.654 T:3907 DEBUG : CAMLCodec::AddData: dl:2266336 sum:2266336 sz:39188 dts:8.050 pts:8.050
2022-12-30 13:14:35.654 T:3907 DEBUG : CAMLCodec::GetTimeSize: len:24 dl:2266336 fs:2266336 front:205143
2022-12-30 13:14:35.655 T:3908 DEBUG : CVideoPlayerAudio::OutputPacket: pts:7.360 curr_pts:6.612 clock:6.613 level:99
2022-12-30 13:14:35.656 T:3908 DEBUG : CVideoPlayerAudio::OutputPacket: pts:7.392 curr_pts:6.613 clock:6.614 level:99
2022-12-30 13:14:35.659 T:3904 DEBUG : CVideoPlayer::ProcessVideoData size:117582 dts:14.973 pts:15.265 dur:41.000ms, clock:6.617 level:86
2022-12-30 13:14:35.660 T:3904 DEBUG : CVideoPlayer::ProcessVideoData size:66242 dts:15.015 pts:15.140 dur:41.000ms, clock:6.618 level:87
2022-12-30 13:14:35.660 T:3904 DEBUG : CVideoPlayer::ProcessVideoData size:40621 dts:15.057 pts:15.057 dur:41.000ms, clock:6.618 level:87
2022-12-30 13:14:35.662 T:3907 DEBUG : CAMLCodec::GetTimeSize: len:24 dl:2266336 fs:2266336 front:205143
2022-12-30 13:14:35.663 T:3904 DEBUG : CVideoPlayer::ProcessVideoData size:27520 dts:15.098 pts:15.098 dur:41.000ms, clock:6.621 level:88
2022-12-30 13:14:35.663 T:3904 DEBUG : CVideoPlayer::ProcessVideoData size:44666 dts:15.140 pts:15.182 dur:41.000ms, clock:6.621 level:88
2022-12-30 13:14:35.663 T:3904 DEBUG : CVideoPlayer::ProcessVideoData size:27276 dts:15.182 pts:15.224 dur:41.000ms, clock:6.622 level:89
2022-12-30 13:14:35.667 T:3904 DEBUG : CVideoPlayer::ProcessAudioData size:2560 dts:15.328 pts:15.328 dur:32.000ms, clock:6.625 drop:0 level:99
2022-12-30 13:14:35.667 T:3904 DEBUG : CVideoPlayer::ProcessAudioData size:2560 dts:15.360 pts:15.360 dur:32.000ms, clock:6.625 drop:0 level:99
2022-12-30 13:14:35.669 T:3907 DEBUG : CAMLCodec::GetTimeSize: len:24 dl:2266336 fs:2266336 front:205143
2022-12-30 13:14:35.680 T:3665 INFO : Skipped 1 duplicate messages..
2022-12-30 13:14:35.680 T:3665 DEBUG : CAMLCodec::PollFrame elapsed:36.355ms
2022-12-30 13:14:35.682 T:3907 DEBUG : CAMLCodec::GetTimeSize: len:24 dl:2266336 fs:2266336 front:205143
2022-12-30 13:14:35.682 T:3907 DEBUG : CAMLCodec::DequeueBuffer: pts:7.049 idx:170
2022-12-30 13:14:35.682 T:3907 DEBUG : CAMLCodec::GetPicture: index: 170, pts: 7.049, dur:42ms ar:2.00
2022-12-30 13:14:35.682 T:3907 DEBUG : CVideoPlayerVideo::OutputPicture - ttd:408ms pts:7.049 Clock:6.640 Level:6
2022-12-30 13:14:35.683 T:3665 DEBUG : PrepareNextRender: frameOnScreen: 6.641 renderPts: 6.808 nextFramePts: 6.798 -> diff: 0.010 render: 1 forceNext: 0
2022-12-30 13:14:35.684 T:3907 DEBUG : CAMLCodec::GetTimeSize: len:24 dl:2266336 fs:2266336 front:205143
2022-12-30 13:14:35.685 T:3665 DEBUG : CAMLCodec::ReleaseFrame idx:164, drop:0
2022-12-30 13:14:35.690 T:3907 DEBUG : CAMLCodec::GetTimeSize: len:24 dl:2266336 fs:2266336 front:205143
2022-12-30 13:14:35.696 T:3907 DEBUG : CAMLCodec::GetTimeSize: len:24 dl:2061193 fs:2266336 front:205143
2022-12-30 13:14:35.696 T:3907 DEBUG : CAMLCodec::GetTimeSize: len:23 dl:2061193 fs:2061193 front:93609
2022-12-30 13:14:35.702 T:3907 DEBUG : CAMLCodec::AddData: dl:2099235 sum:2099235 sz:38042 dts:8.091 pts:8.133
2022-12-30 13:14:35.702 T:3907 DEBUG : CAMLCodec::GetTimeSize: len:24 dl:2099235 fs:2099235 front:93609
2022-12-30 13:14:35.705 T:3908 DEBUG : CVideoPlayerAudio::OutputPacket: pts:7.424 curr_pts:6.662 clock:6.663 level:99
2022-12-30 13:14:35.707 T:3904 DEBUG : CVideoPlayer::ProcessAudioData size:2560 dts:15.392 pts:15.392 dur:32.000ms, clock:6.665 drop:0 level:99
2022-12-30 13:14:35.708 T:3907 DEBUG : CAMLCodec::GetTimeSize: len:24 dl:2099235 fs:2099235 front:93609
2022-12-30 13:14:35.721 T:3665 INFO : Skipped 2 duplicate messages..
2022-12-30 13:14:35.721 T:3665 DEBUG : CAMLCodec::PollFrame elapsed:36.371ms
2022-12-30 13:14:35.725 T:3665 DEBUG : PrepareNextRender: frameOnScreen: 6.683 renderPts: 6.849 nextFramePts: 6.840 -> diff: 0.009 render: 1 forceNext: 0
2022-12-30 13:14:35.726 T:3665 DEBUG : CAMLCodec::ReleaseFrame idx:165, drop:0
2022-12-30 13:14:35.726 T:3907 DEBUG : CAMLCodec::GetTimeSize: len:24 dl:2099235 fs:2099235 front:93609
2022-12-30 13:14:35.727 T:3907 DEBUG : CAMLCodec::DequeueBuffer: pts:7.090 idx:171
2022-12-30 13:14:35.727 T:3907 DEBUG : CAMLCodec::GetPicture: index: 171, pts: 7.090, dur:41ms ar:2.00
2022-12-30 13:14:35.727 T:3907 DEBUG : CVideoPlayerVideo::OutputPicture - ttd:405ms pts:7.090 Clock:6.685 Level:5
2022-12-30 13:14:35.728 T:3907 DEBUG : CAMLCodec::GetTimeSize: len:24 dl:2099235 fs:2099235 front:93609
2022-12-30 13:14:35.734 T:3907 DEBUG : CAMLCodec::GetTimeSize: len:24 dl:2005626 fs:2099235 front:93609
2022-12-30 13:14:35.734 T:3907 DEBUG : CAMLCodec::GetTimeSize: len:23 dl:2005626 fs:2005626 front:43641
2022-12-30 13:14:35.742 T:3907 DEBUG : CAMLCodec::AddData: dl:2251045 sum:2251045 sz:245419 dts:8.133 pts:8.467
2022-12-30 13:14:35.742 T:3907 DEBUG : CAMLCodec::GetTimeSize: len:24 dl:2251045 fs:2251045 front:43641
2022-12-30 13:14:35.755 T:3908 INFO : Skipped 2 duplicate messages..
2022-12-30 13:14:35.755 T:3908 DEBUG : CVideoPlayerAudio::OutputPacket: pts:7.456 curr_pts:6.712 clock:6.713 level:99
2022-12-30 13:14:35.756 T:3908 DEBUG : CVideoPlayerAudio::OutputPacket: pts:7.488 curr_pts:6.713 clock:6.714 level:99
2022-12-30 13:14:35.758 T:3904 DEBUG : CVideoPlayer::ProcessAudioData size:2560 dts:15.424 pts:15.424 dur:32.000ms, clock:6.716 drop:0 level:99
2022-12-30 13:14:35.758 T:3904 DEBUG : CVideoPlayer::ProcessAudioData size:2560 dts:15.456 pts:15.456 dur:32.000ms, clock:6.717 drop:0 level:99
2022-12-30 13:14:35.760 T:3907 DEBUG : CAMLCodec::GetTimeSize: len:24 dl:2251045 fs:2251045 front:43641
2022-12-30 13:14:35.763 T:3665 DEBUG : CAMLCodec::PollFrame elapsed:37.090ms
2022-12-30 13:14:35.766 T:3665 DEBUG : PrepareNextRender: frameOnScreen: 6.724 renderPts: 6.891 nextFramePts: 6.882 -> diff: 0.009 render: 1 forceNext: 0
2022-12-30 13:14:35.767 T:3907 DEBUG : CAMLCodec::GetTimeSize: len:24 dl:2251045 fs:2251045 front:43641
2022-12-30 13:14:35.768 T:3665 DEBUG : CAMLCodec::ReleaseFrame idx:166, drop:0
2022-12-30 13:14:35.773 T:3907 DEBUG : CAMLCodec::GetTimeSize: len:24 dl:2251045 fs:2251045 front:43641
2022-12-30 13:14:35.780 T:3719 INFO : Skipped 1 duplicate messages..
2022-12-30 13:14:35.780 T:3719 WARNING : No information found for item '/media/SSD1To/Series/Heroes.S01.MULTI.VFF.1080p.10bit.BluRay.AC3-5.1.x265/', it won't be added to the library.
2022-12-30 13:14:35.784 T:3719 DEBUG : FindMovie: Searching for 'How I Met Your Mother - S01E01 - Pilot -' using TMDb TV Shows scraper (path: '/storage/.kodi/addons/metadata.tvshows.themoviedb.org.python/', content: 'tvshows', version: '1.4.17')
2022-12-30 13:14:35.786 T:3907 DEBUG : CAMLCodec::GetTimeSize: len:24 dl:2251045 fs:2251045 front:43641
2022-12-30 13:14:35.786 T:3719 DEBUG : StartScript - calling plugin TMDb TV Shows('plugin://metadata.tvshows.themoviedb.org.python/','15','?action=find&pathSettings=%7b%22cat_landscape%22%3atrue%2c%22certprefix%22%3a%22Rated%20%22%2c%22enab_trailer%22%3atrue%2c%22enable_fanarttv%22%3atrue%2c%22fanarttv_clientkey%22%3a%22%22%2c%22imdbanyway%22%3afalse%2c%22keeporiginaltitle%22%3afalse%2c%22language%22%3a%22fr-FR%22%2c%22lastUpdated%22%3a%220%22%2c%22originalUrl%22%3a%22%22%2c%22players_opt%22%3a%22Tubed%22%2c%22previewUrl%22%3a%22%22%2c%22ratings%22%3a%22IMDb%22%2c%22studio_country%22%3atrue%2c%22tmdbanyway%22%3atrue%2c%22tmdbcertcountry%22%3a%22fr%22%2c%22traktanyway%22%3atrue%2c%22usecertprefix%22%3atrue%2c%22verboselog%22%3afalse%7d&title=How%20I%20Met%20Your%20Mother%20-%20S01E01%20-%20Pilot%20-','resume:false')
2022-12-30 13:14:35.786 T:3940 INFO : CPythonInvoker(27, /storage/.kodi/addons/metadata.tvshows.themoviedb.org.python/main.py): script successfully run
2022-12-30 13:14:35.786 T:3940 DEBUG : onExecutionDone(27, /storage/.kodi/addons/metadata.tvshows.themoviedb.org.python/main.py)
2022-12-30 13:14:35.792 T:3907 DEBUG : CAMLCodec::GetTimeSize: len:24 dl:2251045 fs:2251045 front:43641
2022-12-30 13:14:35.793 T:3947 DEBUG : Thread LanguageInvoker start, auto delete: false
2022-12-30 13:14:35.793 T:3947 INFO : initializing python engine.
2022-12-30 13:14:35.793 T:3947 DEBUG : CPythonInvoker(28, /storage/.kodi/addons/metadata.tvshows.themoviedb.org.python/main.py): start processing
2022-12-30 13:14:35.798 T:3907 DEBUG : CAMLCodec::GetTimeSize: len:24 dl:2251045 fs:2251045 front:43641
2022-12-30 13:14:35.805 T:3908 INFO : Skipped 1 duplicate messages..
2022-12-30 13:14:35.805 T:3908 DEBUG : CVideoPlayerAudio::OutputPacket: pts:7.520 curr_pts:6.762 clock:6.763 level:99
2022-12-30 13:14:35.805 T:3665 DEBUG : CAMLCodec::PollFrame elapsed:37.037ms
2022-12-30 13:14:35.807 T:3665 DEBUG : PrepareNextRender: frameOnScreen: 6.765 renderPts: 6.932 nextFramePts: 6.924 -> diff: 0.008 render: 1 forceNext: 0
2022-12-30 13:14:35.808 T:3665 DEBUG : CAMLCodec::ReleaseFrame idx:167, drop:0
2022-12-30 13:14:35.809 T:3904 DEBUG : CVideoPlayer::ProcessAudioData size:2560 dts:15.488 pts:15.488 dur:32.000ms, clock:6.767 drop:0 level:99
2022-12-30 13:14:35.811 T:3907 DEBUG : CAMLCodec::GetTimeSize: len:24 dl:2251045 fs:2251045 front:43641
2022-12-30 13:14:35.811 T:3907 DEBUG : CAMLCodec::DequeueBuffer: pts:7.132 idx:172
2022-12-30 13:14:35.811 T:3907 DEBUG : CAMLCodec::GetPicture: index: 172, pts: 7.132, dur:42ms ar:2.00
2022-12-30 13:14:35.811 T:3907 DEBUG : CVideoPlayerVideo::OutputPicture - ttd:363ms pts:7.132 Clock:6.769 Level:4
2022-12-30 13:14:35.812 T:3907 DEBUG : CAMLCodec::GetTimeSize: len:24 dl:2251045 fs:2251045 front:43641
2022-12-30 13:14:35.818 T:3907 DEBUG : CAMLCodec::GetTimeSize: len:24 dl:2207404 fs:2251045 front:43641
2022-12-30 13:14:35.818 T:3907 DEBUG : CAMLCodec::GetTimeSize: len:23 dl:2207404 fs:2207404 front:40966
2022-12-30 13:14:35.818 T:3907 DEBUG : CAMLCodec::DequeueBuffer: pts:7.174 idx:173
2022-12-30 13:14:35.818 T:3907 DEBUG : CAMLCodec::GetPicture: index: 173, pts: 7.174, dur:42ms ar:2.00
2022-12-30 13:14:35.819 T:3907 DEBUG : CVideoPlayerVideo::OutputPicture - ttd:397ms pts:7.174 Clock:6.777 Level:5
2022-12-30 13:14:35.820 T:3907 DEBUG : CAMLCodec::GetTimeSize: len:23 dl:2207404 fs:2207404 front:40966
2022-12-30 13:14:35.827 T:3907 DEBUG : CAMLCodec::AddData: dl:2260015 sum:2300981 sz:93577 dts:8.175 pts:8.342
2022-12-30 13:14:35.827 T:3907 DEBUG : CAMLCodec::GetTimeSize: len:24 dl:2260015 fs:2300981 front:40966
2022-12-30 13:14:35.827 T:3907 DEBUG : CAMLCodec::GetTimeSize: len:23 dl:2260015 fs:2260015 front:42617
2022-12-30 13:14:35.834 T:3907 DEBUG : CAMLCodec::AddData: dl:2315950 sum:2315950 sz:55935 dts:8.217 pts:8.217
2022-12-30 13:14:35.834 T:3907 DEBUG : CAMLCodec::GetTimeSize: len:24 dl:2315950 fs:2315950 front:42617
2022-12-30 13:14:35.846 T:3665 INFO : Skipped 1 duplicate messages..
2022-12-30 13:14:35.846 T:3665 DEBUG : CAMLCodec::PollFrame elapsed:38.179ms
2022-12-30 13:14:35.847 T:3907 DEBUG : CAMLCodec::GetTimeSize: len:24 dl:2315950 fs:2315950 front:42617
2022-12-30 13:14:35.848 T:3665 DEBUG : PrepareNextRender: frameOnScreen: 6.806 renderPts: 6.973 nextFramePts: 6.965 -> diff: 0.008 render: 1 forceNext: 0
2022-12-30 13:14:35.849 T:3665 DEBUG : CAMLCodec::ReleaseFrame idx:168, drop:0
2022-12-30 13:14:35.853 T:3907 DEBUG : CAMLCodec::GetTimeSize: len:24 dl:2315950 fs:2315950 front:42617
2022-12-30 13:14:35.853 T:3907 DEBUG : CAMLCodec::DequeueBuffer: pts:7.216 idx:174
2022-12-30 13:14:35.853 T:3907 DEBUG : CAMLCodec::GetPicture: index: 174, pts: 7.216, dur:42ms ar:2.00
2022-12-30 13:14:35.853 T:3907 DEBUG : CVideoPlayerVideo::OutputPicture - ttd:404ms pts:7.216 Clock:6.812 Level:5
2022-12-30 13:14:35.854 T:3908 DEBUG : CVideoPlayerAudio::OutputPacket: pts:7.552 curr_pts:6.812 clock:6.812 level:99
2022-12-30 13:14:35.855 T:3907 DEBUG : CAMLCodec::GetTimeSize: len:24 dl:2315950 fs:2315950 front:42617
2022-12-30 13:14:35.855 T:3908 DEBUG : CVideoPlayerAudio::OutputPacket: pts:7.584 curr_pts:6.813 clock:6.813 level:99
2022-12-30 13:14:35.860 T:3904 DEBUG : CVideoPlayer::ProcessAudioData size:2560 dts:15.520 pts:15.520 dur:32.000ms, clock:6.818 drop:0 level:99
2022-12-30 13:14:35.860 T:3904 DEBUG : CVideoPlayer::ProcessAudioData size:2560 dts:15.552 pts:15.552 dur:32.000ms, clock:6.818 drop:0 level:99
2022-12-30 13:14:35.861 T:3907 DEBUG : CAMLCodec::GetTimeSize: len:24 dl:2273333 fs:2315950 front:42617
2022-12-30 13:14:35.861 T:3907 DEBUG : CAMLCodec::GetTimeSize: len:23 dl:2273333 fs:2273333 front:46749
2022-12-30 13:14:35.868 T:3907 DEBUG : CAMLCodec::AddData: dl:2333665 sum:2333665 sz:60332 dts:8.258 pts:8.258
2022-12-30 13:14:35.868 T:3907 DEBUG : CAMLCodec::GetTimeSize: len:24 dl:2333665 fs:2333665 front:46749
2022-12-30 13:14:35.888 T:3665 INFO : Skipped 3 duplicate messages..
2022-12-30 13:14:35.888 T:3665 DEBUG : CAMLCodec::PollFrame elapsed:38.853ms
2022-12-30 13:14:35.890 T:3665 DEBUG : PrepareNextRender: frameOnScreen: 6.848 renderPts: 7.015 nextFramePts: 7.007 -> diff: 0.008 render: 1 forceNext: 0
2022-12-30 13:14:35.890 T:3665 DEBUG : CAMLCodec::ReleaseFrame idx:169, drop:0
2022-12-30 13:14:35.893 T:3907 DEBUG : CAMLCodec::GetTimeSize: len:24 dl:2333665 fs:2333665 front:46749
2022-12-30 13:14:35.893 T:3907 DEBUG : CAMLCodec::DequeueBuffer: pts:7.257 idx:175
2022-12-30 13:14:35.893 T:3907 DEBUG : CAMLCodec::GetPicture: index: 175, pts: 7.257, dur:41ms ar:2.00
2022-12-30 13:14:35.893 T:3907 DEBUG : CVideoPlayerVideo::OutputPicture - ttd:405ms pts:7.257 Clock:6.851 Level:5
2022-12-30 13:14:35.895 T:3907 DEBUG : CAMLCodec::GetTimeSize: len:24 dl:2333665 fs:2333665 front:46749
2022-12-30 13:14:35.901 T:3907 DEBUG : CAMLCodec::GetTimeSize: len:24 dl:2286916 fs:2333665 front:46749
2022-12-30 13:14:35.901 T:3907 DEBUG : CAMLCodec::GetTimeSize: len:23 dl:2286916 fs:2286916 front:209388
2022-12-30 13:14:35.904 T:3908 DEBUG : CVideoPlayerAudio::OutputPacket: pts:7.616 curr_pts:6.862 clock:6.862 level:99
2022-12-30 13:14:35.905 T:3908 DEBUG : CVideoPlayerAudio::OutputPacket: pts:7.648 curr_pts:6.863 clock:6.863 level:99
2022-12-30 13:14:35.908 T:3907 DEBUG : CAMLCodec::AddData: dl:2338708 sum:2338708 sz:51792 dts:8.300 pts:8.300
2022-12-30 13:14:35.908 T:3907 DEBUG : CAMLCodec::GetTimeSize: len:24 dl:2338708 fs:2338708 front:209388
2022-12-30 13:14:35.911 T:3904 DEBUG : CVideoPlayer::ProcessVideoData size:156703 dts:15.224 pts:15.515 dur:41.000ms, clock:6.869 level:86
2022-12-30 13:14:35.912 T:3904 DEBUG : CVideoPlayer::ProcessVideoData size:102084 dts:15.265 pts:15.390 dur:41.000ms, clock:6.870 level:87
2022-12-30 13:14:35.912 T:3904 DEBUG : CVideoPlayer::ProcessVideoData size:80602 dts:15.307 pts:15.307 dur:41.000ms, clock:6.870 level:87
2022-12-30 13:14:35.912 T:3904 DEBUG : CVideoPlayer::ProcessVideoData size:70702 dts:15.349 pts:15.349 dur:41.000ms, clock:6.870 level:88
2022-12-30 13:14:35.913 T:3904 DEBUG : CVideoPlayer::ProcessVideoData size:73196 dts:15.390 pts:15.432 dur:41.000ms, clock:6.871 level:88
2022-12-30 13:14:35.913 T:3904 DEBUG : CVideoPlayer::ProcessVideoData size:61713 dts:15.432 pts:15.474 dur:41.000ms, clock:6.871 level:89
2022-12-30 13:14:35.913 T:3904 DEBUG : CVideoPlayer::ProcessAudioData size:2560 dts:15.584 pts:15.584 dur:32.000ms, clock:6.872 drop:0 level:99
2022-12-30 13:14:35.914 T:3904 DEBUG : CVideoPlayer::ProcessAudioData size:2560 dts:15.616 pts:15.616 dur:32.000ms, clock:6.872 drop:0 level:99
2022-12-30 13:14:35.914 T:3907 DEBUG : CAMLCodec::GetTimeSize: len:24 dl:2338708 fs:2338708 front:209388
2022-12-30 13:14:35.930 T:3665 INFO : Skipped 2 duplicate messages..
2022-12-30 13:14:35.930 T:3665 DEBUG : CAMLCodec::PollFrame elapsed:39.520ms
2022-12-30 13:14:35.933 T:3907 DEBUG : CAMLCodec::GetTimeSize: len:24 dl:2338708 fs:2338708 front:209388
2022-12-30 13:14:35.933 T:3907 DEBUG : CAMLCodec::DequeueBuffer: pts:7.299 idx:176
2022-12-30 13:14:35.933 T:3907 DEBUG : CAMLCodec::GetPicture: index: 176, pts: 7.299, dur:42ms ar:2.00
2022-12-30 13:14:35.933 T:3907 DEBUG : CVideoPlayerVideo::OutputPicture - ttd:407ms pts:7.299 Clock:6.891 Level:6
2022-12-30 13:14:35.934 T:3665 DEBUG : PrepareNextRender: frameOnScreen: 6.892 renderPts: 7.058 nextFramePts: 7.049 -> diff: 0.009 render: 1 forceNext: 0
2022-12-30 13:14:35.934 T:3907 DEBUG : CAMLCodec::GetTimeSize: len:24 dl:2338708 fs:2338708 front:209388
2022-12-30 13:14:35.935 T:3665 DEBUG : CAMLCodec::ReleaseFrame idx:170, drop:0
2022-12-30 13:14:35.941 T:3907 DEBUG : CAMLCodec::GetTimeSize: len:24 dl:2338708 fs:2338708 front:209388
2022-12-30 13:14:35.947 T:3907 DEBUG : CAMLCodec::GetTimeSize: len:24 dl:2129320 fs:2338708 front:209388
2022-12-30 13:14:35.947 T:3907 DEBUG : CAMLCodec::GetTimeSize: len:23 dl:2129320 fs:2129320 front:77529
2022-12-30 13:14:35.952 T:3907 DEBUG : CAMLCodec::AddData: dl:2171906 sum:2171906 sz:42586 dts:8.342 pts:8.383
2022-12-30 13:14:35.952 T:3907 DEBUG : CAMLCodec::GetTimeSize: len:24 dl:2171906 fs:2171906 front:77529
2022-12-30 13:14:35.954 T:3908 DEBUG : CVideoPlayerAudio::OutputPacket: pts:7.680 curr_pts:6.912 clock:6.912 level:99
2022-12-30 13:14:35.954 T:3904 DEBUG : CVideoPlayer::ProcessAudioData size:2560 dts:15.648 pts:15.648 dur:32.000ms, clock:6.913 drop:0 level:99
2022-12-30 13:14:35.959 T:3907 DEBUG : CAMLCodec::GetTimeSize: len:24 dl:2171906 fs:2171906 front:77529
2022-12-30 13:14:35.972 T:3665 INFO : Skipped 2 duplicate messages..
2022-12-30 13:14:35.972 T:3665 DEBUG : CAMLCodec::PollFrame elapsed:36.440ms
2022-12-30 13:14:35.973 T:3665 DEBUG : PrepareNextRender: frameOnScreen: 6.931 renderPts: 7.098 nextFramePts: 7.090 -> diff: 0.008 render: 1 forceNext: 0
2022-12-30 13:14:35.974 T:3665 DEBUG : CAMLCodec::ReleaseFrame idx:171, drop:0
2022-12-30 13:14:35.977 T:3907 DEBUG : CAMLCodec::GetTimeSize: len:24 dl:2171906 fs:2171906 front:77529
2022-12-30 13:14:36.004 T:3908 INFO : Skipped 4 duplicate messages..
2022-12-30 13:14:36.004 T:3908 DEBUG : CVideoPlayerAudio::OutputPacket: pts:7.712 curr_pts:6.962 clock:6.963 level:99
2022-12-30 13:14:36.005 T:3908 DEBUG : CVideoPlayerAudio::OutputPacket: pts:7.744 curr_pts:6.963 clock:6.963 level:99
2022-12-30 13:14:36.005 T:3904 DEBUG : CVideoPlayer::ProcessAudioData size:2560 dts:15.680 pts:15.680 dur:32.000ms, clock:6.963 drop:0 level:99
2022-12-30 13:14:36.005 T:3904 DEBUG : CVideoPlayer::ProcessAudioData size:2560 dts:15.712 pts:15.712 dur:32.000ms, clock:6.963 drop:0 level:99
2022-12-30 13:14:36.008 T:3907 DEBUG : CAMLCodec::GetTimeSize: len:24 dl:2171906 fs:2171906 front:77529
2022-12-30 13:14:36.013 T:3665 DEBUG : CAMLCodec::PollFrame elapsed:39.401ms
2022-12-30 13:14:36.014 T:3907 DEBUG : CAMLCodec::GetTimeSize: len:24 dl:2171906 fs:2171906 front:77529
2022-12-30 13:14:36.015 T:3907 DEBUG : CAMLCodec::DequeueBuffer: pts:7.341 idx:177
2022-12-30 13:14:36.015 T:3907 DEBUG : CAMLCodec::GetPicture: index: 177, pts: 7.341, dur:42ms ar:2.00
2022-12-30 13:14:36.015 T:3907 DEBUG : CVideoPlayerVideo::OutputPicture - ttd:368ms pts:7.341 Clock:6.973 Level:5
2022-12-30 13:14:36.015 T:3665 DEBUG : PrepareNextRender: frameOnScreen: 6.973 renderPts: 7.140 nextFramePts: 7.132 -> diff: 0.008 render: 1 forceNext: 0
2022-12-30 13:14:36.016 T:3907 DEBUG : CAMLCodec::GetTimeSize: len:24 dl:2171906 fs:2171906 front:77529
2022-12-30 13:14:36.016 T:3665 DEBUG : CAMLCodec::ReleaseFrame idx:172, drop:0
2022-12-30 13:14:36.022 T:3907 DEBUG : CAMLCodec::GetTimeSize: len:24 dl:2171906 fs:2171906 front:77529
2022-12-30 13:14:36.028 T:3907 DEBUG : CAMLCodec::GetTimeSize: len:24 dl:2094377 fs:2171906 front:77529
2022-12-30 13:14:36.028 T:3907 DEBUG : CAMLCodec::GetTimeSize: len:23 dl:2094377 fs:2094377 front:44108
2022-12-30 13:14:36.036 T:3907 DEBUG : CAMLCodec::AddData: dl:2155522 sum:2155522 sz:61145 dts:8.383 pts:8.425
2022-12-30 13:14:36.036 T:3907 DEBUG : CAMLCodec::GetTimeSize: len:24 dl:2155522 fs:2155522 front:44108
2022-12-30 13:14:36.054 T:3908 INFO : Skipped 2 duplicate messages..
2022-12-30 13:14:36.054 T:3908 DEBUG : CVideoPlayerAudio::OutputPacket: pts:7.776 curr_pts:7.012 clock:7.012 level:99
2022-12-30 13:14:36.055 T:3907 DEBUG : CAMLCodec::GetTimeSize: len:24 dl:2155522 fs:2155522 front:44108
2022-12-30 13:14:36.055 T:3665 DEBUG : CAMLCodec::PollFrame elapsed:38.956ms
2022-12-30 13:14:36.056 T:3904 DEBUG : CVideoPlayer::ProcessAudioData size:2560 dts:15.744 pts:15.744 dur:32.000ms, clock:7.014 drop:0 level:99
2022-12-30 13:14:36.057 T:3665 DEBUG : PrepareNextRender: frameOnScreen: 7.015 renderPts: 7.181 nextFramePts: 7.174 -> diff: 0.007 render: 1 forceNext: 0
2022-12-30 13:14:36.057 T:3665 DEBUG : CAMLCodec::ReleaseFrame idx:173, drop:0
2022-12-30 13:14:36.061 T:3907 DEBUG : CAMLCodec::GetTimeSize: len:24 dl:2155522 fs:2155522 front:44108
2022-12-30 13:14:36.061 T:3907 DEBUG : CAMLCodec::DequeueBuffer: pts:7.382 idx:178
2022-12-30 13:14:36.061 T:3907 DEBUG : CAMLCodec::GetPicture: index: 178, pts: 7.382, dur:41ms ar:2.00
2022-12-30 13:14:36.061 T:3907 DEBUG : CVideoPlayerVideo::OutputPicture - ttd:362ms pts:7.382 Clock:7.019 Level:4
2022-12-30 13:14:36.062 T:3907 DEBUG : CAMLCodec::GetTimeSize: len:24 dl:2155522 fs:2155522 front:44108
2022-12-30 13:14:36.069 T:3907 DEBUG : CAMLCodec::GetTimeSize: len:24 dl:2111414 fs:2155522 front:44108
2022-12-30 13:14:36.069 T:3907 DEBUG : CAMLCodec::GetTimeSize: len:23 dl:2111414 fs:2111414 front:43399
2022-12-30 13:14:36.069 T:3907 DEBUG : CAMLCodec::DequeueBuffer: pts:7.424 idx:179
2022-12-30 13:14:36.069 T:3907 DEBUG : CAMLCodec::GetPicture: index: 179, pts: 7.424, dur:42ms ar:2.00
2022-12-30 13:14:36.069 T:3907 DEBUG : CVideoPlayerVideo::OutputPicture - ttd:397ms pts:7.424 Clock:7.027 Level:5
2022-12-30 13:14:36.070 T:3907 DEBUG : CAMLCodec::GetTimeSize: len:23 dl:2111414 fs:2111414 front:43399
2022-12-30 13:14:36.077 T:3907 DEBUG : CAMLCodec::AddData: dl:2271364 sum:2314763 sz:203349 dts:8.425 pts:8.675
2022-12-30 13:14:36.077 T:3907 DEBUG : CAMLCodec::GetTimeSize: len:24 dl:2271364 fs:2314763 front:43399
2022-12-30 13:14:36.077 T:3907 DEBUG : CAMLCodec::GetTimeSize: len:23 dl:2271364 fs:2271364 front:49598
2022-12-30 13:14:36.085 T:3907 DEBUG : CAMLCodec::AddData: dl:2414595 sum:2414595 sz:143231 dts:8.467 pts:8.592
2022-12-30 13:14:36.085 T:3907 DEBUG : CAMLCodec::GetTimeSize: len:24 dl:2414595 fs:2414595 front:49598
2022-12-30 13:14:36.097 T:3665 INFO : Skipped 1 duplicate messages..
2022-12-30 13:14:36.097 T:3665 DEBUG : CAMLCodec::PollFrame elapsed:39.061ms
2022-12-30 13:14:36.097 T:3907 DEBUG : CAMLCodec::GetTimeSize: len:24 dl:2414595 fs:2414595 front:49598
2022-12-30 13:14:36.098 T:3665 DEBUG : PrepareNextRender: frameOnScreen: 7.057 renderPts: 7.223 nextFramePts: 7.216 -> diff: 0.007 render: 1 forceNext: 0
2022-12-30 13:14:36.099 T:3665 DEBUG : CAMLCodec::ReleaseFrame idx:174, drop:0
2022-12-30 13:14:36.104 T:3907 DEBUG : CAMLCodec::GetTimeSize: len:24 dl:2414595 fs:2414595 front:49598
2022-12-30 13:14:36.104 T:3907 DEBUG : CAMLCodec::DequeueBuffer: pts:7.466 idx:180
2022-12-30 13:14:36.104 T:3907 DEBUG : CAMLCodec::GetPicture: index: 180, pts: 7.466, dur:42ms ar:2.00
2022-12-30 13:14:36.104 T:3907 DEBUG : CVideoPlayerVideo::OutputPicture - ttd:403ms pts:7.466 Clock:7.062 Level:5
2022-12-30 13:14:36.105 T:3908 DEBUG : CVideoPlayerAudio::OutputPacket: pts:7.808 curr_pts:7.062 clock:7.063 level:99
2022-12-30 13:14:36.105 T:3907 DEBUG : CAMLCodec::GetTimeSize: len:24 dl:2414595 fs:2414595 front:49598
2022-12-30 13:14:36.105 T:3908 DEBUG : CVideoPlayerAudio::OutputPacket: pts:7.840 curr_pts:7.063 clock:7.064 level:99
2022-12-30 13:14:36.106 T:3904 DEBUG : CVideoPlayer::ProcessAudioData size:2560 dts:15.776 pts:15.776 dur:32.000ms, clock:7.064 drop:0 level:99
2022-12-30 13:14:36.106 T:3904 DEBUG : CVideoPlayer::ProcessAudioData size:2560 dts:15.808 pts:15.808 dur:32.000ms, clock:7.064 drop:0 level:99
2022-12-30 13:14:36.112 T:3907 DEBUG : CAMLCodec::GetTimeSize: len:24 dl:2364997 fs:2414595 front:49598
2022-12-30 13:14:36.112 T:3907 DEBUG : CAMLCodec::GetTimeSize: len:23 dl:2364997 fs:2364997 front:57066
2022-12-30 13:14:36.119 T:3907 DEBUG : CAMLCodec::AddData: dl:2423349 sum:2423349 sz:58352 dts:8.508 pts:8.508
2022-12-30 13:14:36.119 T:3907 DEBUG : CAMLCodec::GetTimeSize: len:24 dl:2423349 fs:2423349 front:57066
2022-12-30 13:14:36.138 T:3665 INFO : Skipped 3 duplicate messages..
2022-12-30 13:14:36.138 T:3665 DEBUG : CAMLCodec::PollFrame elapsed:38.834ms
2022-12-30 13:14:36.141 T:3665 DEBUG : PrepareNextRender: frameOnScreen: 7.099 renderPts: 7.265 nextFramePts: 7.257 -> diff: 0.008 render: 1 forceNext: 0
2022-12-30 13:14:36.142 T:3665 DEBUG : CAMLCodec::ReleaseFrame idx:175, drop:0
2022-12-30 13:14:36.144 T:3907 DEBUG : CAMLCodec::GetTimeSize: len:24 dl:2423349 fs:2423349 front:57066
2022-12-30 13:14:36.144 T:3907 DEBUG : CAMLCodec::DequeueBuffer: pts:7.507 idx:181
2022-12-30 13:14:36.144 T:3907 DEBUG : CAMLCodec::GetPicture: index: 181, pts: 7.507, dur:41ms ar:2.00
2022-12-30 13:14:36.144 T:3907 DEBUG : CVideoPlayerVideo::OutputPicture - ttd:404ms pts:7.507 Clock:7.102 Level:5
2022-12-30 13:14:36.145 T:3907 DEBUG : CAMLCodec::GetTimeSize: len:24 dl:2423349 fs:2423349 front:57066
2022-12-30 13:14:36.151 T:3907 DEBUG : CAMLCodec::GetTimeSize: len:24 dl:2366283 fs:2423349 front:57066
2022-12-30 13:14:36.151 T:3907 DEBUG : CAMLCodec::GetTimeSize: len:23 dl:2366283 fs:2366283 front:236117
2022-12-30 13:14:36.154 T:3908 DEBUG : CVideoPlayerAudio::OutputPacket: pts:7.872 curr_pts:7.112 clock:7.112 level:99
2022-12-30 13:14:36.157 T:3907 DEBUG : CAMLCodec::AddData: dl:2409565 sum:2409565 sz:43282 dts:8.550 pts:8.550
2022-12-30 13:14:36.157 T:3907 DEBUG : CAMLCodec::GetTimeSize: len:24 dl:2409565 fs:2409565 front:236117
2022-12-30 13:14:36.158 T:3904 DEBUG : CVideoPlayer::ProcessVideoData size:151906 dts:15.474 pts:15.849 dur:41.000ms, clock:7.116 level:86
2022-12-30 13:14:36.159 T:3904 DEBUG : CVideoPlayer::ProcessVideoData size:141706 dts:15.515 pts:15.682 dur:41.000ms, clock:7.117 level:87
2022-12-30 13:14:36.159 T:3904 DEBUG : CVideoPlayer::ProcessVideoData size:76008 dts:15.557 pts:15.557 dur:41.000ms, clock:7.117 level:87
2022-12-30 13:14:36.160 T:3904 DEBUG : CVideoPlayer::ProcessVideoData size:70510 dts:15.599 pts:15.599 dur:41.000ms, clock:7.118 level:88
2022-12-30 13:14:36.160 T:3904 DEBUG : CVideoPlayer::ProcessVideoData size:76255 dts:15.641 pts:15.641 dur:41.000ms, clock:7.118 level:88
2022-12-30 13:14:36.160 T:3904 DEBUG : CVideoPlayer::ProcessVideoData size:68453 dts:15.682 pts:15.724 dur:41.000ms, clock:7.118 level:89
2022-12-30 13:14:36.161 T:3904 DEBUG : CVideoPlayer::ProcessVideoData size:64224 dts:15.724 pts:15.766 dur:41.000ms, clock:7.119 level:89
2022-12-30 13:14:36.161 T:3904 DEBUG : CVideoPlayer::ProcessVideoData size:79711 dts:15.766 pts:15.807 dur:41.000ms, clock:7.119 level:90
2022-12-30 13:14:36.162 T:3904 DEBUG : CVideoPlayer::ProcessAudioData size:2560 dts:15.840 pts:15.840 dur:32.000ms, clock:7.120 drop:0 level:99
2022-12-30 13:14:36.163 T:3907 DEBUG : CAMLCodec::GetTimeSize: len:24 dl:2409565 fs:2409565 front:236117
2022-12-30 13:14:36.180 T:3665 INFO : Skipped 2 duplicate messages..
2022-12-30 13:14:36.180 T:3665 DEBUG : CAMLCodec::PollFrame elapsed:38.353ms
2022-12-30 13:14:36.182 T:3907 DEBUG : CAMLCodec::GetTimeSize: len:24 dl:2409565 fs:2409565 front:236117
2022-12-30 13:14:36.182 T:3907 DEBUG : CAMLCodec::DequeueBuffer: pts:7.549 idx:182
2022-12-30 13:14:36.182 T:3907 DEBUG : CAMLCodec::GetPicture: index: 182, pts: 7.549, dur:42ms ar:2.00
2022-12-30 13:14:36.182 T:3907 DEBUG : CVideoPlayerVideo::OutputPicture - ttd:409ms pts:7.549 Clock:7.140 Level:6
2022-12-30 13:14:36.182 T:3665 DEBUG : PrepareNextRender: frameOnScreen: 7.140 renderPts: 7.307 nextFramePts: 7.299 -> diff: 0.008 render: 1 forceNext: 0
2022-12-30 13:14:36.183 T:3665 DEBUG : CAMLCodec::ReleaseFrame idx:176, drop:0
2022-12-30 13:14:36.183 T:3907 DEBUG : CAMLCodec::GetTimeSize: len:24 dl:2409565 fs:2409565 front:236117
2022-12-30 13:14:36.195 T:3907 INFO : Skipped 1 duplicate messages..
2022-12-30 13:14:36.195 T:3907 DEBUG : CAMLCodec::GetTimeSize: len:24 dl:2173448 fs:2409565 front:236117
2022-12-30 13:14:36.195 T:3907 DEBUG : CAMLCodec::GetTimeSize: len:23 dl:2173448 fs:2173448 front:126362
2022-12-30 13:14:36.201 T:3907 DEBUG : CAMLCodec::AddData: dl:2220765 sum:2220765 sz:47317 dts:8.592 pts:8.634
2022-12-30 13:14:36.201 T:3907 DEBUG : CAMLCodec::GetTimeSize: len:24 dl:2220765 fs:2220765 front:126362
2022-12-30 13:14:36.204 T:3908 DEBUG : CVideoPlayerAudio::OutputPacket: pts:7.904 curr_pts:7.162 clock:7.163 level:99
2022-12-30 13:14:36.205 T:3908 DEBUG : CVideoPlayerAudio::OutputPacket: pts:7.936 curr_pts:7.163 clock:7.163 level:99
2022-12-30 13:14:36.207 T:3907 DEBUG : CAMLCodec::GetTimeSize: len:24 dl:2220765 fs:2220765 front:126362
2022-12-30 13:14:36.212 T:3904 DEBUG : CVideoPlayer::ProcessAudioData size:2560 dts:15.872 pts:15.872 dur:32.000ms, clock:7.170 drop:0 level:99
2022-12-30 13:14:36.212 T:3904 DEBUG : CVideoPlayer::ProcessAudioData size:2560 dts:15.904 pts:15.904 dur:32.000ms, clock:7.170 drop:0 level:99
2022-12-30 13:14:36.213 T:3907 DEBUG : CAMLCodec::GetTimeSize: len:24 dl:2220765 fs:2220765 front:126362
2022-12-30 13:14:36.219 T:3940 WARNING : CPythonInvoker(27, /storage/.kodi/addons/metadata.tvshows.themoviedb.org.python/main.py): the python script "/storage/.kodi/addons/metadata.tvshows.themoviedb.org.python/main.py" has left several classes in memory that we couldn't clean up. The classes include: N9XBMCAddon9xbmcaddon5AddonE
2022-12-30 13:14:36.219 T:3940 INFO : Python interpreter stopped
2022-12-30 13:14:36.219 T:3940 DEBUG : Thread LanguageInvoker 3681604224 terminating
2022-12-30 13:14:36.219 T:3907 DEBUG : CAMLCodec::GetTimeSize: len:24 dl:2220765 fs:2220765 front:126362
2022-12-30 13:14:36.222 T:3665 DEBUG : CAMLCodec::PollFrame elapsed:39.024ms
2022-12-30 13:14:36.226 T:3907 DEBUG : CAMLCodec::GetTimeSize: len:24 dl:2220765 fs:2220765 front:126362
2022-12-30 13:14:36.226 T:3665 DEBUG : PrepareNextRender: frameOnScreen: 7.184 renderPts: 7.351 nextFramePts: 7.341 -> diff: 0.010 render: 1 forceNext: 0
2022-12-30 13:14:36.227 T:3665 DEBUG : CAMLCodec::ReleaseFrame idx:177, drop:0
2022-12-30 13:14:36.232 T:3907 DEBUG : CAMLCodec::GetTimeSize: len:24 dl:2220765 fs:2220765 front:126362
2022-12-30 13:14:36.246 T:3947 INFO : Skipped 2 duplicate messages..
2022-12-30 13:14:36.246 T:3947 DEBUG : -->Python Interpreter Initialized<--
2022-12-30 13:14:36.246 T:3947 DEBUG :
2022-12-30 13:14:36.246 T:3947 DEBUG : CPythonInvoker(28, /storage/.kodi/addons/metadata.tvshows.themoviedb.org.python/main.py): the source file to load is "/storage/.kodi/addons/metadata.tvshows.themoviedb.org.python/main.py"
2022-12-30 13:14:36.246 T:3947 DEBUG : CPythonInvoker(28, /storage/.kodi/addons/metadata.tvshows.themoviedb.org.python/main.py): setting the Python path to /storage/.kodi/addons/metadata.tvshows.themoviedb.org.python:/usr/lib/python38.zip:/usr/lib/python3.8:/usr/lib/python3.8/lib-dynload:/usr/lib/python3.8/site-packages
2022-12-30 13:14:36.247 T:3947 DEBUG : CPythonInvoker(28, /storage/.kodi/addons/metadata.tvshows.themoviedb.org.python/main.py): entering source directory /storage/.kodi/addons/metadata.tvshows.themoviedb.org.python
2022-12-30 13:14:36.247 T:3947 DEBUG : CPythonInvoker(28, /storage/.kodi/addons/metadata.tvshows.themoviedb.org.python/main.py): instantiating addon using automatically obtained id of "metadata.tvshows.themoviedb.org.python" dependent on version 3.0.0 of the xbmc.python api
2022-12-30 13:14:36.251 T:3907 DEBUG : CAMLCodec::GetTimeSize: len:24 dl:2220765 fs:2220765 front:126362
2022-12-30 13:14:36.254 T:3908 DEBUG : CVideoPlayerAudio::OutputPacket: pts:7.968 curr_pts:7.212 clock:7.212 level:99
2022-12-30 13:14:36.255 T:3908 DEBUG : CVideoPlayerAudio::OutputPacket: pts:8.000 curr_pts:7.212 clock:7.213 level:99
2022-12-30 13:14:36.257 T:3907 DEBUG : CAMLCodec::GetTimeSize: len:24 dl:2220765 fs:2220765 front:126362
2022-12-30 13:14:36.263 T:3904 DEBUG : CVideoPlayer::ProcessAudioData size:2560 dts:15.936 pts:15.936 dur:32.000ms, clock:7.221 drop:0 level:99
2022-12-30 13:14:36.263 T:3904 DEBUG : CVideoPlayer::ProcessAudioData size:2560 dts:15.968 pts:15.968 dur:32.000ms, clock:7.221 drop:0 level:99
2022-12-30 13:14:36.263 T:3907 DEBUG : CAMLCodec::GetTimeSize: len:24 dl:2220765 fs:2220765 front:126362
2022-12-30 13:14:36.263 T:3665 DEBUG : CAMLCodec::PollFrame elapsed:36.194ms
2022-12-30 13:14:36.265 T:3665 DEBUG : PrepareNextRender: frameOnScreen: 7.223 renderPts: 7.390 nextFramePts: 7.382 -> diff: 0.008 render: 1 forceNext: 0
2022-12-30 13:14:36.266 T:3665 DEBUG : CAMLCodec::ReleaseFrame idx:178, drop:0
2022-12-30 13:14:36.270 T:3907 DEBUG : CAMLCodec::GetTimeSize: len:24 dl:2220765 fs:2220765 front:126362
2022-12-30 13:14:36.270 T:3907 DEBUG : CAMLCodec::DequeueBuffer: pts:7.591 idx:183
2022-12-30 13:14:36.270 T:3907 DEBUG : CAMLCodec::GetPicture: index: 183, pts: 7.591, dur:42ms ar:2.00
2022-12-30 13:14:36.270 T:3907 DEBUG : CVideoPlayerVideo::OutputPicture - ttd:363ms pts:7.591 Clock:7.228 Level:4
2022-12-30 13:14:36.271 T:3907 DEBUG : CAMLCodec::GetTimeSize: len:24 dl:2220765 fs:2220765 front:126362
2022-12-30 13:14:36.277 T:3907 DEBUG : CAMLCodec::GetTimeSize: len:24 dl:2094403 fs:2220765 front:126362
2022-12-30 13:14:36.277 T:3907 DEBUG : CAMLCodec::GetTimeSize: len:23 dl:2094403 fs:2094403 front:45213
2022-12-30 13:14:36.284 T:3907 DEBUG : CAMLCodec::AddData: dl:2291542 sum:2291542 sz:197139 dts:8.634 pts:8.926
2022-12-30 13:14:36.285 T:3907 DEBUG : CAMLCodec::GetTimeSize: len:24 dl:2291542 fs:2291542 front:45213
2022-12-30 13:14:36.296 T:3947 INFO : Skipped 1 duplicate messages..
2022-12-30 13:14:36.296 T:3947 DEBUG : [metadata.tvshows.themoviedb.org.python (1.4.17)]: the cache dir is /storage/.kodi/temp/scrapers/metadata.tvshows.themoviedb.org.python
2022-12-30 13:14:36.297 T:3907 DEBUG : CAMLCodec::GetTimeSize: len:24 dl:2291542 fs:2291542 front:45213
2022-12-30 13:14:36.304 T:3908 INFO : Skipped 1 duplicate messages..
