2022-12-30 13:14:53.055 T:3908 DEBUG : CVideoPlayerAudio::OutputPacket: pts:24.768 curr_pts:24.012 clock:24.013 level:99
2022-12-30 13:14:53.055 T:3908 DEBUG : CVideoPlayerAudio::OutputPacket: pts:24.800 curr_pts:24.013 clock:24.013 level:99
2022-12-30 13:14:53.057 T:3904 DEBUG : CVideoPlayer::ProcessAudioData size:2560 dts:32.736 pts:32.736 dur:32.000ms, clock:24.015 drop:0 level:99
2022-12-30 13:14:53.057 T:3907 DEBUG : CAMLCodec::AddData: dl:1133374 sum:1133374 sz:40160 dts:25.442 pts:25.484
2022-12-30 13:14:53.057 T:3907 DEBUG : CAMLCodec::GetTimeSize: len:24 dl:1133374 fs:1133374 front:34002
2022-12-30 13:14:53.059 T:3904 DEBUG : CVideoPlayer::ProcessVideoData size:155519 dts:32.366 pts:32.699 dur:41.000ms, clock:24.017 level:86
2022-12-30 13:14:53.060 T:3904 DEBUG : CVideoPlayer::ProcessVideoData size:90656 dts:32.407 pts:32.574 dur:41.000ms, clock:24.018 level:87
2022-12-30 13:14:53.061 T:3904 DEBUG : CVideoPlayer::ProcessVideoData size:40393 dts:32.449 pts:32.449 dur:41.000ms, clock:24.019 level:87
2022-12-30 13:14:53.061 T:3904 DEBUG : CVideoPlayer::ProcessVideoData size:46378 dts:32.491 pts:32.491 dur:41.000ms, clock:24.019 level:88
2022-12-30 13:14:53.061 T:3904 DEBUG : CVideoPlayer::ProcessVideoData size:34279 dts:32.532 pts:32.532 dur:41.000ms, clock:24.020 level:88
2022-12-30 13:14:53.063 T:3904 DEBUG : CVideoPlayer::ProcessVideoData size:36935 dts:32.574 pts:32.616 dur:41.000ms, clock:24.021 level:89
2022-12-30 13:14:53.063 T:3904 DEBUG : CVideoPlayer::ProcessVideoData size:40008 dts:32.616 pts:32.658 dur:41.000ms, clock:24.021 level:89
2022-12-30 13:14:53.064 T:3904 DEBUG : CVideoPlayer::ProcessAudioData size:2560 dts:32.768 pts:32.768 dur:32.000ms, clock:24.022 drop:0 level:99
2022-12-30 13:14:53.065 T:3907 DEBUG : CAMLCodec::GetTimeSize: len:24 dl:1133374 fs:1133374 front:34002
2022-12-30 13:14:53.072 T:3665 INFO : Skipped 1 duplicate messages..
2022-12-30 13:14:53.072 T:3665 DEBUG : CAMLCodec::PollFrame elapsed:37.207ms
2022-12-30 13:14:53.076 T:3665 DEBUG : PrepareNextRender: frameOnScreen: 24.033 renderPts: 24.200 nextFramePts: 24.191 -> diff: 0.009 render: 1 forceNext: 0
2022-12-30 13:14:53.077 T:3665 DEBUG : CAMLCodec::ReleaseFrame idx:581, drop:0
2022-12-30 13:14:53.077 T:3907 DEBUG : CAMLCodec::GetTimeSize: len:24 dl:1133374 fs:1133374 front:34002
2022-12-30 13:14:53.078 T:3907 DEBUG : CAMLCodec::DequeueBuffer: pts:24.441 idx:587
2022-12-30 13:14:53.078 T:3907 DEBUG : CAMLCodec::GetPicture: index: 587, pts: 24.441, dur:42ms ar:2.00
2022-12-30 13:14:53.078 T:3907 DEBUG : CVideoPlayerVideo::OutputPicture - ttd:405ms pts:24.441 Clock:24.036 Level:5
2022-12-30 13:14:53.079 T:3907 DEBUG : CAMLCodec::GetTimeSize: len:24 dl:1133374 fs:1133374 front:34002
2022-12-30 13:14:53.085 T:3907 DEBUG : CAMLCodec::GetTimeSize: len:24 dl:1099372 fs:1133374 front:34002
2022-12-30 13:14:53.085 T:3907 DEBUG : CAMLCodec::GetTimeSize: len:23 dl:1099372 fs:1099372 front:26595
2022-12-30 13:14:53.090 T:3907 DEBUG : CAMLCodec::AddData: dl:1131419 sum:1131419 sz:32047 dts:25.484 pts:25.525
2022-12-30 13:14:53.090 T:3907 DEBUG : CAMLCodec::GetTimeSize: len:24 dl:1131419 fs:1131419 front:26595
2022-12-30 13:14:53.105 T:3908 INFO : Skipped 2 duplicate messages..
2022-12-30 13:14:53.105 T:3908 DEBUG : CVideoPlayerAudio::OutputPacket: pts:24.832 curr_pts:24.062 clock:24.063 level:99
2022-12-30 13:14:53.105 T:3904 DEBUG : CVideoPlayer::ProcessAudioData size:2560 dts:32.800 pts:32.800 dur:32.000ms, clock:24.063 drop:0 level:99
2022-12-30 13:14:53.109 T:3907 DEBUG : CAMLCodec::GetTimeSize: len:24 dl:1131419 fs:1131419 front:26595
2022-12-30 13:14:53.114 T:3665 DEBUG : CAMLCodec::PollFrame elapsed:36.685ms
2022-12-30 13:14:53.115 T:3907 DEBUG : CAMLCodec::GetTimeSize: len:24 dl:1131419 fs:1131419 front:26595
2022-12-30 13:14:53.116 T:3907 DEBUG : CAMLCodec::DequeueBuffer: pts:24.483 idx:588
2022-12-30 13:14:53.116 T:3907 DEBUG : CAMLCodec::GetPicture: index: 588, pts: 24.483, dur:42ms ar:2.00
2022-12-30 13:14:53.116 T:3907 DEBUG : CVideoPlayerVideo::OutputPicture - ttd:409ms pts:24.483 Clock:24.074 Level:6
2022-12-30 13:14:53.117 T:3907 DEBUG : CAMLCodec::GetTimeSize: len:24 dl:1131419 fs:1131419 front:26595
2022-12-30 13:14:53.117 T:3665 DEBUG : PrepareNextRender: frameOnScreen: 24.075 renderPts: 24.242 nextFramePts: 24.233 -> diff: 0.009 render: 1 forceNext: 0
2022-12-30 13:14:53.118 T:3665 DEBUG : CAMLCodec::ReleaseFrame idx:582, drop:0
2022-12-30 13:14:53.123 T:3907 DEBUG : CAMLCodec::GetTimeSize: len:24 dl:1104824 fs:1131419 front:26595
2022-12-30 13:14:53.123 T:3907 DEBUG : CAMLCodec::GetTimeSize: len:23 dl:1104824 fs:1104824 front:70018
2022-12-30 13:14:53.131 T:3907 DEBUG : CAMLCodec::AddData: dl:1179290 sum:1179290 sz:74466 dts:25.525 pts:25.817
2022-12-30 13:14:53.131 T:3907 DEBUG : CAMLCodec::GetTimeSize: len:24 dl:1179290 fs:1179290 front:70018
2022-12-30 13:14:53.155 T:3908 INFO : Skipped 3 duplicate messages..
2022-12-30 13:14:53.155 T:3908 DEBUG : CVideoPlayerAudio::OutputPacket: pts:24.864 curr_pts:24.112 clock:24.113 level:99
2022-12-30 13:14:53.155 T:3908 DEBUG : CVideoPlayerAudio::OutputPacket: pts:24.896 curr_pts:24.113 clock:24.113 level:99
2022-12-30 13:14:53.155 T:3665 DEBUG : CAMLCodec::PollFrame elapsed:36.811ms
2022-12-30 13:14:53.156 T:3904 DEBUG : CVideoPlayer::ProcessAudioData size:2560 dts:32.832 pts:32.832 dur:32.000ms, clock:24.114 drop:0 level:99
2022-12-30 13:14:53.157 T:3904 DEBUG : CVideoPlayer::ProcessAudioData size:2560 dts:32.864 pts:32.864 dur:32.000ms, clock:24.115 drop:0 level:99
2022-12-30 13:14:53.157 T:3907 DEBUG : CAMLCodec::GetTimeSize: len:24 dl:1179290 fs:1179290 front:70018
2022-12-30 13:14:53.160 T:3665 DEBUG : PrepareNextRender: frameOnScreen: 24.118 renderPts: 24.285 nextFramePts: 24.274 -> diff: 0.011 render: 1 forceNext: 0
2022-12-30 13:14:53.161 T:3665 DEBUG : CAMLCodec::ReleaseFrame idx:583, drop:0
2022-12-30 13:14:53.163 T:3907 DEBUG : CAMLCodec::GetTimeSize: len:24 dl:1179290 fs:1179290 front:70018
2022-12-30 13:14:53.197 T:3665 INFO : Skipped 5 duplicate messages..
2022-12-30 13:14:53.197 T:3665 DEBUG : CAMLCodec::PollFrame elapsed:36.279ms
2022-12-30 13:14:53.200 T:3665 DEBUG : PrepareNextRender: frameOnScreen: 24.158 renderPts: 24.325 nextFramePts: 24.316 -> diff: 0.009 render: 1 forceNext: 0
2022-12-30 13:14:53.200 T:3907 DEBUG : CAMLCodec::GetTimeSize: len:24 dl:1179290 fs:1179290 front:70018
2022-12-30 13:14:53.200 T:3907 DEBUG : CAMLCodec::DequeueBuffer: pts:24.524 idx:589
2022-12-30 13:14:53.200 T:3907 DEBUG : CAMLCodec::GetPicture: index: 589, pts: 24.524, dur:41ms ar:2.00
2022-12-30 13:14:53.201 T:3907 DEBUG : CVideoPlayerVideo::OutputPicture - ttd:365ms pts:24.524 Clock:24.159 Level:4
2022-12-30 13:14:53.201 T:3665 DEBUG : CAMLCodec::ReleaseFrame idx:584, drop:0
2022-12-30 13:14:53.202 T:3907 DEBUG : CAMLCodec::GetTimeSize: len:24 dl:1179290 fs:1179290 front:70018
2022-12-30 13:14:53.205 T:3908 DEBUG : CVideoPlayerAudio::OutputPacket: pts:24.928 curr_pts:24.162 clock:24.163 level:99
2022-12-30 13:14:53.208 T:3904 DEBUG : CVideoPlayer::ProcessAudioData size:2560 dts:32.896 pts:32.896 dur:32.000ms, clock:24.166 drop:0 level:99
2022-12-30 13:14:53.208 T:3907 DEBUG : CAMLCodec::GetTimeSize: len:24 dl:1109272 fs:1179290 front:70018
2022-12-30 13:14:53.208 T:3907 DEBUG : CAMLCodec::GetTimeSize: len:23 dl:1109272 fs:1109272 front:55723
2022-12-30 13:14:53.216 T:3907 DEBUG : CAMLCodec::AddData: dl:1163789 sum:1163789 sz:54517 dts:25.567 pts:25.692
2022-12-30 13:14:53.216 T:3907 DEBUG : CAMLCodec::GetTimeSize: len:24 dl:1163789 fs:1163789 front:55723
2022-12-30 13:14:53.239 T:3665 INFO : Skipped 3 duplicate messages..
2022-12-30 13:14:53.239 T:3665 DEBUG : CAMLCodec::PollFrame elapsed:37.198ms
2022-12-30 13:14:53.241 T:3907 DEBUG : CAMLCodec::GetTimeSize: len:24 dl:1163789 fs:1163789 front:55723
2022-12-30 13:14:53.241 T:3907 DEBUG : CAMLCodec::DequeueBuffer: pts:24.566 idx:590
2022-12-30 13:14:53.241 T:3907 DEBUG : CAMLCodec::GetPicture: index: 590, pts: 24.566, dur:42ms ar:2.00
2022-12-30 13:14:53.241 T:3907 DEBUG : CVideoPlayerVideo::OutputPicture - ttd:366ms pts:24.566 Clock:24.199 Level:5
2022-12-30 13:14:53.242 T:3907 DEBUG : CAMLCodec::GetTimeSize: len:24 dl:1163789 fs:1163789 front:55723
2022-12-30 13:14:53.242 T:3665 DEBUG : PrepareNextRender: frameOnScreen: 24.200 renderPts: 24.367 nextFramePts: 24.358 -> diff: 0.009 render: 1 forceNext: 0
2022-12-30 13:14:53.244 T:3665 DEBUG : CAMLCodec::ReleaseFrame idx:585, drop:0
2022-12-30 13:14:53.249 T:3907 DEBUG : CAMLCodec::GetTimeSize: len:24 dl:1108066 fs:1163789 front:55723
2022-12-30 13:14:53.249 T:3907 DEBUG : CAMLCodec::GetTimeSize: len:23 dl:1108066 fs:1108066 front:52278
2022-12-30 13:14:53.254 T:3907 DEBUG : CAMLCodec::AddData: dl:1146933 sum:1146933 sz:38867 dts:25.609 pts:25.609
2022-12-30 13:14:53.254 T:3907 DEBUG : CAMLCodec::GetTimeSize: len:24 dl:1146933 fs:1146933 front:52278
2022-12-30 13:14:53.255 T:3908 DEBUG : CVideoPlayerAudio::OutputPacket: pts:24.960 curr_pts:24.212 clock:24.213 level:99
2022-12-30 13:14:53.256 T:3908 DEBUG : CVideoPlayerAudio::OutputPacket: pts:24.992 curr_pts:24.213 clock:24.214 level:99
2022-12-30 13:14:53.258 T:3904 DEBUG : CVideoPlayer::ProcessAudioData size:2560 dts:32.928 pts:32.928 dur:32.000ms, clock:24.217 drop:0 level:99
2022-12-30 13:14:53.260 T:3904 DEBUG : CVideoPlayer::ProcessAudioData size:2560 dts:32.960 pts:32.960 dur:32.000ms, clock:24.218 drop:0 level:99
2022-12-30 13:14:53.261 T:3907 DEBUG : CAMLCodec::GetTimeSize: len:24 dl:1146933 fs:1146933 front:52278
2022-12-30 13:14:53.281 T:3665 INFO : Skipped 3 duplicate messages..
2022-12-30 13:14:53.281 T:3665 DEBUG : CAMLCodec::PollFrame elapsed:36.794ms
2022-12-30 13:14:53.284 T:3665 DEBUG : PrepareNextRender: frameOnScreen: 24.242 renderPts: 24.409 nextFramePts: 24.399 -> diff: 0.010 render: 1 forceNext: 0
2022-12-30 13:14:53.286 T:3665 DEBUG : CAMLCodec::ReleaseFrame idx:586, drop:0
2022-12-30 13:14:53.286 T:3907 DEBUG : CAMLCodec::GetTimeSize: len:24 dl:1146933 fs:1146933 front:52278
2022-12-30 13:14:53.286 T:3907 DEBUG : CAMLCodec::DequeueBuffer: pts:24.608 idx:591
2022-12-30 13:14:53.286 T:3907 DEBUG : CAMLCodec::GetPicture: index: 591, pts: 24.608, dur:42ms ar:2.00
2022-12-30 13:14:53.286 T:3907 DEBUG : CVideoPlayerVideo::OutputPicture - ttd:363ms pts:24.608 Clock:24.244 Level:4
2022-12-30 13:14:53.288 T:3907 DEBUG : CAMLCodec::GetTimeSize: len:24 dl:1146933 fs:1146933 front:52278
2022-12-30 13:14:53.294 T:3907 DEBUG : CAMLCodec::GetTimeSize: len:24 dl:1094655 fs:1146933 front:52278
2022-12-30 13:14:53.294 T:3907 DEBUG : CAMLCodec::GetTimeSize: len:23 dl:1094655 fs:1094655 front:38457
2022-12-30 13:14:53.294 T:3907 DEBUG : CAMLCodec::DequeueBuffer: pts:24.650 idx:592
2022-12-30 13:14:53.294 T:3907 DEBUG : CAMLCodec::GetPicture: index: 592, pts: 24.650, dur:42ms ar:2.00
2022-12-30 13:14:53.294 T:3907 DEBUG : CVideoPlayerVideo::OutputPicture - ttd:397ms pts:24.650 Clock:24.252 Level:5
2022-12-30 13:14:53.295 T:3907 DEBUG : CAMLCodec::GetTimeSize: len:23 dl:1094655 fs:1094655 front:38457
2022-12-30 13:14:53.300 T:3907 DEBUG : CAMLCodec::AddData: dl:1086750 sum:1125207 sz:30552 dts:25.651 pts:25.651
2022-12-30 13:14:53.300 T:3907 DEBUG : CAMLCodec::GetTimeSize: len:24 dl:1086750 fs:1125207 front:38457
2022-12-30 13:14:53.301 T:3907 DEBUG : CAMLCodec::GetTimeSize: len:23 dl:1086750 fs:1086750 front:46436
2022-12-30 13:14:53.305 T:3908 DEBUG : CVideoPlayerAudio::OutputPacket: pts:25.024 curr_pts:24.262 clock:24.263 level:99
2022-12-30 13:14:53.306 T:3907 DEBUG : CAMLCodec::AddData: dl:1126347 sum:1126347 sz:39597 dts:25.692 pts:25.734
2022-12-30 13:14:53.306 T:3907 DEBUG : CAMLCodec::GetTimeSize: len:24 dl:1126347 fs:1126347 front:46436
2022-12-30 13:14:53.311 T:3904 DEBUG : CVideoPlayer::ProcessAudioData size:2560 dts:32.992 pts:32.992 dur:32.000ms, clock:24.269 drop:0 level:99
2022-12-30 13:14:53.312 T:3907 DEBUG : CAMLCodec::GetTimeSize: len:24 dl:1126347 fs:1126347 front:46436
2022-12-30 13:14:53.322 T:3665 INFO : Skipped 1 duplicate messages..
2022-12-30 13:14:53.322 T:3665 DEBUG : CAMLCodec::PollFrame elapsed:36.453ms
2022-12-30 13:14:53.325 T:3907 DEBUG : CAMLCodec::GetTimeSize: len:24 dl:1126347 fs:1126347 front:46436
2022-12-30 13:14:53.325 T:3907 DEBUG : CAMLCodec::DequeueBuffer: pts:24.691 idx:593
2022-12-30 13:14:53.325 T:3907 DEBUG : CAMLCodec::GetPicture: index: 593, pts: 24.691, dur:41ms ar:2.00
2022-12-30 13:14:53.325 T:3907 DEBUG : CVideoPlayerVideo::OutputPicture - ttd:407ms pts:24.691 Clock:24.284 Level:6
2022-12-30 13:14:53.326 T:3665 DEBUG : PrepareNextRender: frameOnScreen: 24.284 renderPts: 24.451 nextFramePts: 24.441 -> diff: 0.010 render: 1 forceNext: 0
2022-12-30 13:14:53.327 T:3665 DEBUG : CAMLCodec::ReleaseFrame idx:587, drop:0
2022-12-30 13:14:53.327 T:3907 DEBUG : CAMLCodec::GetTimeSize: len:24 dl:1126347 fs:1126347 front:46436
2022-12-30 13:14:53.334 T:3907 DEBUG : CAMLCodec::GetTimeSize: len:24 dl:1079911 fs:1126347 front:46436
2022-12-30 13:14:53.334 T:3907 DEBUG : CAMLCodec::GetTimeSize: len:23 dl:1079911 fs:1079911 front:42318
2022-12-30 13:14:53.339 T:3907 DEBUG : CAMLCodec::AddData: dl:1123954 sum:1123954 sz:44043 dts:25.734 pts:25.776
2022-12-30 13:14:53.339 T:3907 DEBUG : CAMLCodec::GetTimeSize: len:24 dl:1123954 fs:1123954 front:42318
2022-12-30 13:14:53.355 T:3908 INFO : Skipped 2 duplicate messages..
2022-12-30 13:14:53.355 T:3908 DEBUG : CVideoPlayerAudio::OutputPacket: pts:25.056 curr_pts:24.312 clock:24.313 level:99
2022-12-30 13:14:53.355 T:3908 DEBUG : CVideoPlayerAudio::OutputPacket: pts:25.088 curr_pts:24.313 clock:24.313 level:99
2022-12-30 13:14:53.358 T:3907 DEBUG : CAMLCodec::GetTimeSize: len:24 dl:1123954 fs:1123954 front:42318
2022-12-30 13:14:53.362 T:3904 DEBUG : CVideoPlayer::ProcessAudioData size:2560 dts:33.024 pts:33.024 dur:32.000ms, clock:24.320 drop:0 level:99
2022-12-30 13:14:53.362 T:3904 DEBUG : CVideoPlayer::ProcessAudioData size:2560 dts:33.056 pts:33.056 dur:32.000ms, clock:24.320 drop:0 level:99
2022-12-30 13:14:53.364 T:3665 DEBUG : CAMLCodec::PollFrame elapsed:36.472ms
2022-12-30 13:14:53.365 T:3907 DEBUG : CAMLCodec::GetTimeSize: len:24 dl:1123954 fs:1123954 front:42318
2022-12-30 13:14:53.366 T:3907 DEBUG : CAMLCodec::DequeueBuffer: pts:24.733 idx:594
2022-12-30 13:14:53.366 T:3907 DEBUG : CAMLCodec::GetPicture: index: 594, pts: 24.733, dur:42ms ar:2.00
2022-12-30 13:14:53.366 T:3907 DEBUG : CVideoPlayerVideo::OutputPicture - ttd:408ms pts:24.733 Clock:24.324 Level:6
2022-12-30 13:14:53.367 T:3907 DEBUG : CAMLCodec::GetTimeSize: len:24 dl:1123954 fs:1123954 front:42318
2022-12-30 13:14:53.369 T:3665 DEBUG : PrepareNextRender: frameOnScreen: 24.327 renderPts: 24.493 nextFramePts: 24.483 -> diff: 0.010 render: 1 forceNext: 0
2022-12-30 13:14:53.370 T:3665 DEBUG : CAMLCodec::ReleaseFrame idx:588, drop:0
2022-12-30 13:14:53.373 T:3907 DEBUG : CAMLCodec::GetTimeSize: len:24 dl:1123954 fs:1123954 front:42318
2022-12-30 13:14:53.380 T:3907 DEBUG : CAMLCodec::GetTimeSize: len:24 dl:1081636 fs:1123954 front:42318
2022-12-30 13:14:53.380 T:3907 DEBUG : CAMLCodec::GetTimeSize: len:23 dl:1081636 fs:1081636 front:71960
2022-12-30 13:14:53.387 T:3907 DEBUG : CAMLCodec::AddData: dl:1157619 sum:1157619 sz:75983 dts:25.776 pts:25.943
2022-12-30 13:14:53.387 T:3907 DEBUG : CAMLCodec::GetTimeSize: len:24 dl:1157619 fs:1157619 front:71960
2022-12-30 13:14:53.405 T:3908 INFO : Skipped 2 duplicate messages..
2022-12-30 13:14:53.405 T:3908 DEBUG : CVideoPlayerAudio::OutputPacket: pts:25.120 curr_pts:24.362 clock:24.363 level:99
2022-12-30 13:14:53.406 T:3665 DEBUG : CAMLCodec::PollFrame elapsed:35.624ms
2022-12-30 13:14:53.406 T:3907 DEBUG : CAMLCodec::GetTimeSize: len:24 dl:1157619 fs:1157619 front:71960
2022-12-30 13:14:53.409 T:3665 DEBUG : PrepareNextRender: frameOnScreen: 24.367 renderPts: 24.533 nextFramePts: 24.524 -> diff: 0.009 render: 1 forceNext: 0
2022-12-30 13:14:53.410 T:3665 DEBUG : CAMLCodec::ReleaseFrame idx:589, drop:0
2022-12-30 13:14:53.412 T:3907 DEBUG : CAMLCodec::GetTimeSize: len:24 dl:1157619 fs:1157619 front:71960
2022-12-30 13:14:53.412 T:3907 DEBUG : CAMLCodec::DequeueBuffer: pts:24.775 idx:595
2022-12-30 13:14:53.412 T:3907 DEBUG : CAMLCodec::GetPicture: index: 595, pts: 24.775, dur:42ms ar:2.00
2022-12-30 13:14:53.412 T:3907 DEBUG : CVideoPlayerVideo::OutputPicture - ttd:404ms pts:24.775 Clock:24.370 Level:5
2022-12-30 13:14:53.413 T:3904 DEBUG : CVideoPlayer::ProcessAudioData size:2560 dts:33.088 pts:33.088 dur:32.000ms, clock:24.371 drop:0 level:99
2022-12-30 13:14:53.413 T:3907 DEBUG : CAMLCodec::GetTimeSize: len:24 dl:1157619 fs:1157619 front:71960
2022-12-30 13:14:53.420 T:3907 DEBUG : CAMLCodec::GetTimeSize: len:24 dl:1085659 fs:1157619 front:71960
2022-12-30 13:14:53.420 T:3907 DEBUG : CAMLCodec::GetTimeSize: len:23 dl:1085659 fs:1085659 front:59011
2022-12-30 13:14:53.427 T:3907 DEBUG : CAMLCodec::AddData: dl:1146638 sum:1146638 sz:60979 dts:25.817 pts:25.901
2022-12-30 13:14:53.427 T:3907 DEBUG : CAMLCodec::GetTimeSize: len:24 dl:1146638 fs:1146638 front:59011
2022-12-30 13:14:53.447 T:3665 INFO : Skipped 3 duplicate messages..
2022-12-30 13:14:53.447 T:3665 DEBUG : CAMLCodec::PollFrame elapsed:37.411ms
2022-12-30 13:14:53.451 T:3665 DEBUG : PrepareNextRender: frameOnScreen: 24.409 renderPts: 24.575 nextFramePts: 24.566 -> diff: 0.009 render: 1 forceNext: 0
2022-12-30 13:14:53.452 T:3665 DEBUG : CAMLCodec::ReleaseFrame idx:590, drop:0
2022-12-30 13:14:53.452 T:3907 DEBUG : CAMLCodec::GetTimeSize: len:24 dl:1146638 fs:1146638 front:59011
2022-12-30 13:14:53.455 T:3908 DEBUG : CVideoPlayerAudio::OutputPacket: pts:25.152 curr_pts:24.412 clock:24.413 level:99
2022-12-30 13:14:53.456 T:3908 DEBUG : CVideoPlayerAudio::OutputPacket: pts:25.184 curr_pts:24.413 clock:24.414 level:99
2022-12-30 13:14:53.458 T:3907 DEBUG : CAMLCodec::GetTimeSize: len:24 dl:1146638 fs:1146638 front:59011
2022-12-30 13:14:53.463 T:3904 DEBUG : CVideoPlayer::ProcessAudioData size:2560 dts:33.120 pts:33.120 dur:32.000ms, clock:24.421 drop:0 level:99
2022-12-30 13:14:53.464 T:3904 DEBUG : CVideoPlayer::ProcessAudioData size:2560 dts:33.152 pts:33.152 dur:32.000ms, clock:24.422 drop:0 level:99
2022-12-30 13:14:53.465 T:3907 DEBUG : CAMLCodec::GetTimeSize: len:24 dl:1146638 fs:1146638 front:59011
2022-12-30 13:14:53.489 T:3665 INFO : Skipped 3 duplicate messages..
2022-12-30 13:14:53.489 T:3665 DEBUG : CAMLCodec::PollFrame elapsed:37.218ms
2022-12-30 13:14:53.490 T:3907 DEBUG : CAMLCodec::GetTimeSize: len:24 dl:1146638 fs:1146638 front:59011
2022-12-30 13:14:53.490 T:3907 DEBUG : CAMLCodec::DequeueBuffer: pts:24.816 idx:596
2022-12-30 13:14:53.490 T:3907 DEBUG : CAMLCodec::GetPicture: index: 596, pts: 24.816, dur:41ms ar:2.00
2022-12-30 13:14:53.490 T:3907 DEBUG : CVideoPlayerVideo::OutputPicture - ttd:367ms pts:24.816 Clock:24.448 Level:5
2022-12-30 13:14:53.491 T:3907 DEBUG : CAMLCodec::GetTimeSize: len:24 dl:1146638 fs:1146638 front:59011
2022-12-30 13:14:53.493 T:3665 DEBUG : PrepareNextRender: frameOnScreen: 24.451 renderPts: 24.617 nextFramePts: 24.608 -> diff: 0.009 render: 1 forceNext: 0
2022-12-30 13:14:53.494 T:3665 DEBUG : CAMLCodec::ReleaseFrame idx:591, drop:0
2022-12-30 13:14:53.498 T:3907 DEBUG : CAMLCodec::GetTimeSize: len:24 dl:1146638 fs:1146638 front:59011
2022-12-30 13:14:53.504 T:3907 DEBUG : CAMLCodec::GetTimeSize: len:24 dl:1087627 fs:1146638 front:59011
2022-12-30 13:14:53.504 T:3907 DEBUG : CAMLCodec::GetTimeSize: len:23 dl:1087627 fs:1087627 front:49269
2022-12-30 13:14:53.505 T:3908 DEBUG : CVideoPlayerAudio::OutputPacket: pts:25.216 curr_pts:24.463 clock:24.463 level:99
2022-12-30 13:14:53.506 T:3908 DEBUG : CVideoPlayerAudio::OutputPacket: pts:25.248 curr_pts:24.463 clock:24.464 level:99
2022-12-30 13:14:53.510 T:3907 DEBUG : CAMLCodec::AddData: dl:1133115 sum:1133115 sz:45488 dts:25.859 pts:25.859
2022-12-30 13:14:53.510 T:3907 DEBUG : CAMLCodec::GetTimeSize: len:24 dl:1133115 fs:1133115 front:49269
2022-12-30 13:14:53.514 T:3904 DEBUG : CVideoPlayer::ProcessAudioData size:2560 dts:33.184 pts:33.184 dur:32.000ms, clock:24.472 drop:0 level:99
2022-12-30 13:14:53.515 T:3904 DEBUG : CVideoPlayer::ProcessVideoData size:143239 dts:32.658 pts:33.033 dur:41.000ms, clock:24.473 level:84
2022-12-30 13:14:53.517 T:3904 DEBUG : CVideoPlayer::ProcessVideoData size:89739 dts:32.699 pts:32.866 dur:41.000ms, clock:24.475 level:85
2022-12-30 13:14:53.517 T:3904 DEBUG : CVideoPlayer::ProcessVideoData size:40946 dts:32.741 pts:32.741 dur:41.000ms, clock:24.475 level:85
2022-12-30 13:14:53.517 T:3904 DEBUG : CVideoPlayer::ProcessVideoData size:40029 dts:32.783 pts:32.783 dur:41.000ms, clock:24.475 level:86
2022-12-30 13:14:53.518 T:3904 DEBUG : CVideoPlayer::ProcessVideoData size:35245 dts:32.824 pts:32.824 dur:41.000ms, clock:24.476 level:87
2022-12-30 13:14:53.519 T:3904 DEBUG : CVideoPlayer::ProcessVideoData size:36080 dts:32.866 pts:32.908 dur:41.000ms, clock:24.477 level:87
2022-12-30 13:14:53.519 T:3904 DEBUG : CVideoPlayer::ProcessVideoData size:39392 dts:32.908 pts:32.950 dur:41.000ms, clock:24.477 level:88
2022-12-30 13:14:53.519 T:3904 DEBUG : CVideoPlayer::ProcessVideoData size:41028 dts:32.950 pts:32.991 dur:41.000ms, clock:24.477 level:88
2022-12-30 13:14:53.521 T:3904 DEBUG : CVideoPlayer::ProcessAudioData size:2560 dts:33.216 pts:33.216 dur:32.000ms, clock:24.479 drop:0 level:99
2022-12-30 13:14:53.521 T:3907 DEBUG : CAMLCodec::GetTimeSize: len:24 dl:1133115 fs:1133115 front:49269
2022-12-30 13:14:53.531 T:3665 INFO : Skipped 1 duplicate messages..
2022-12-30 13:14:53.531 T:3665 DEBUG : CAMLCodec::PollFrame elapsed:36.739ms
2022-12-30 13:14:53.534 T:3907 DEBUG : CAMLCodec::GetTimeSize: len:24 dl:1133115 fs:1133115 front:49269
2022-12-30 13:14:53.534 T:3907 DEBUG : CAMLCodec::DequeueBuffer: pts:24.858 idx:597
2022-12-30 13:14:53.534 T:3907 DEBUG : CAMLCodec::GetPicture: index: 597, pts: 24.858, dur:42ms ar:2.00
2022-12-30 13:14:53.534 T:3907 DEBUG : CVideoPlayerVideo::OutputPicture - ttd:365ms pts:24.858 Clock:24.492 Level:5
2022-12-30 13:14:53.535 T:3665 DEBUG : PrepareNextRender: frameOnScreen: 24.493 renderPts: 24.659 nextFramePts: 24.650 -> diff: 0.009 render: 1 forceNext: 0
2022-12-30 13:14:53.535 T:3907 DEBUG : CAMLCodec::GetTimeSize: len:24 dl:1133115 fs:1133115 front:49269
2022-12-30 13:14:53.536 T:3665 DEBUG : CAMLCodec::ReleaseFrame idx:592, drop:0
2022-12-30 13:14:53.542 T:3907 DEBUG : CAMLCodec::GetTimeSize: len:24 dl:1083846 fs:1133115 front:49269
2022-12-30 13:14:53.542 T:3907 DEBUG : CAMLCodec::GetTimeSize: len:23 dl:1083846 fs:1083846 front:35022
2022-12-30 13:14:53.542 T:3907 DEBUG : CAMLCodec::DequeueBuffer: pts:24.900 idx:598
2022-12-30 13:14:53.542 T:3907 DEBUG : CAMLCodec::GetPicture: index: 598, pts: 24.900, dur:42ms ar:2.00
2022-12-30 13:14:53.542 T:3907 DEBUG : CVideoPlayerVideo::OutputPicture - ttd:399ms pts:24.900 Clock:24.500 Level:5
2022-12-30 13:14:53.543 T:3907 DEBUG : CAMLCodec::GetTimeSize: len:23 dl:1083846 fs:1083846 front:35022
2022-12-30 13:14:53.550 T:3907 DEBUG : CAMLCodec::AddData: dl:1111957 sum:1146979 sz:63133 dts:25.901 pts:25.984
2022-12-30 13:14:53.551 T:3907 DEBUG : CAMLCodec::GetTimeSize: len:24 dl:1111957 fs:1146979 front:35022
2022-12-30 13:14:53.551 T:3907 DEBUG : CAMLCodec::GetTimeSize: len:23 dl:1111957 fs:1111957 front:35474
2022-12-30 13:14:53.555 T:3908 DEBUG : CVideoPlayerAudio::OutputPacket: pts:25.280 curr_pts:24.512 clock:24.513 level:99
2022-12-30 13:14:53.558 T:3907 DEBUG : CAMLCodec::AddData: dl:1211750 sum:1211750 sz:99793 dts:25.943 pts:26.026
2022-12-30 13:14:53.558 T:3907 DEBUG : CAMLCodec::GetTimeSize: len:24 dl:1211750 fs:1211750 front:35474
2022-12-30 13:14:53.562 T:3904 DEBUG : CVideoPlayer::ProcessAudioData size:2560 dts:33.248 pts:33.248 dur:32.000ms, clock:24.520 drop:0 level:99
2022-12-30 13:14:53.564 T:3907 DEBUG : CAMLCodec::GetTimeSize: len:24 dl:1211750 fs:1211750 front:35474
2022-12-30 13:14:53.572 T:3665 INFO : Skipped 1 duplicate messages..
2022-12-30 13:14:53.572 T:3665 DEBUG : CAMLCodec::PollFrame elapsed:36.071ms
2022-12-30 13:14:53.576 T:3665 DEBUG : PrepareNextRender: frameOnScreen: 24.534 renderPts: 24.700 nextFramePts: 24.691 -> diff: 0.009 render: 1 forceNext: 0
2022-12-30 13:14:53.577 T:3907 DEBUG : CAMLCodec::GetTimeSize: len:24 dl:1211750 fs:1211750 front:35474
2022-12-30 13:14:53.577 T:3907 DEBUG : CAMLCodec::DequeueBuffer: pts:24.942 idx:599
2022-12-30 13:14:53.577 T:3907 DEBUG : CAMLCodec::GetPicture: index: 599, pts: 24.942, dur:42ms ar:2.00
2022-12-30 13:14:53.577 T:3907 DEBUG : CVideoPlayerVideo::OutputPicture - ttd:406ms pts:24.942 Clock:24.535 Level:5
2022-12-30 13:14:53.577 T:3665 DEBUG : CAMLCodec::ReleaseFrame idx:593, drop:0
2022-12-30 13:14:53.578 T:3907 DEBUG : CAMLCodec::GetTimeSize: len:24 dl:1211750 fs:1211750 front:35474
2022-12-30 13:14:53.584 T:3907 DEBUG : CAMLCodec::GetTimeSize: len:24 dl:1176276 fs:1211750 front:35474
2022-12-30 13:14:53.584 T:3907 DEBUG : CAMLCodec::GetTimeSize: len:23 dl:1176276 fs:1176276 front:72728
2022-12-30 13:14:53.592 T:3907 DEBUG : CAMLCodec::AddData: dl:1244927 sum:1244927 sz:68651 dts:25.984 pts:26.109
2022-12-30 13:14:53.592 T:3907 DEBUG : CAMLCodec::GetTimeSize: len:24 dl:1244927 fs:1244927 front:72728
2022-12-30 13:14:53.605 T:3908 INFO : Skipped 2 duplicate messages..
2022-12-30 13:14:53.605 T:3908 DEBUG : CVideoPlayerAudio::OutputPacket: pts:25.312 curr_pts:24.562 clock:24.563 level:99
2022-12-30 13:14:53.606 T:3908 DEBUG : CVideoPlayerAudio::OutputPacket: pts:25.344 curr_pts:24.563 clock:24.564 level:99
2022-12-30 13:14:53.611 T:3907 DEBUG : CAMLCodec::GetTimeSize: len:24 dl:1244927 fs:1244927 front:72728
2022-12-30 13:14:53.613 T:3904 DEBUG : CVideoPlayer::ProcessAudioData size:2560 dts:33.280 pts:33.280 dur:32.000ms, clock:24.571 drop:0 level:99
2022-12-30 13:14:53.613 T:3904 DEBUG : CVideoPlayer::ProcessAudioData size:2560 dts:33.312 pts:33.312 dur:32.000ms, clock:24.571 drop:0 level:99
2022-12-30 13:14:53.614 T:3665 DEBUG : CAMLCodec::PollFrame elapsed:36.937ms
2022-12-30 13:14:53.617 T:3907 DEBUG : CAMLCodec::GetTimeSize: len:24 dl:1244927 fs:1244927 front:72728
2022-12-30 13:14:53.617 T:3907 DEBUG : CAMLCodec::DequeueBuffer: pts:24.983 idx:600
2022-12-30 13:14:53.617 T:3907 DEBUG : CAMLCodec::GetPicture: index: 600, pts: 24.983, dur:41ms ar:2.00
2022-12-30 13:14:53.617 T:3907 DEBUG : CVideoPlayerVideo::OutputPicture - ttd:407ms pts:24.983 Clock:24.575 Level:6
2022-12-30 13:14:53.618 T:3665 DEBUG : PrepareNextRender: frameOnScreen: 24.576 renderPts: 24.743 nextFramePts: 24.733 -> diff: 0.010 render: 1 forceNext: 0
2022-12-30 13:14:53.619 T:3907 DEBUG : CAMLCodec::GetTimeSize: len:24 dl:1244927 fs:1244927 front:72728
2022-12-30 13:14:53.619 T:3665 DEBUG : CAMLCodec::ReleaseFrame idx:594, drop:0
2022-12-30 13:14:53.625 T:3907 DEBUG : CAMLCodec::GetTimeSize: len:24 dl:1172199 fs:1244927 front:72728
2022-12-30 13:14:53.625 T:3907 DEBUG : CAMLCodec::GetTimeSize: len:23 dl:1172199 fs:1172199 front:56875
2022-12-30 13:14:53.632 T:3907 DEBUG : CAMLCodec::AddData: dl:1223330 sum:1223330 sz:51131 dts:26.026 pts:26.068
2022-12-30 13:14:53.632 T:3907 DEBUG : CAMLCodec::GetTimeSize: len:24 dl:1223330 fs:1223330 front:56875
2022-12-30 13:14:53.655 T:3908 INFO : Skipped 3 duplicate messages..
2022-12-30 13:14:53.655 T:3908 DEBUG : CVideoPlayerAudio::OutputPacket: pts:25.376 curr_pts:24.612 clock:24.613 level:99
2022-12-30 13:14:53.656 T:3665 DEBUG : CAMLCodec::PollFrame elapsed:36.786ms
2022-12-30 13:14:53.657 T:3907 DEBUG : CAMLCodec::GetTimeSize: len:24 dl:1223330 fs:1223330 front:56875
2022-12-30 13:14:53.659 T:3665 DEBUG : PrepareNextRender: frameOnScreen: 24.617 renderPts: 24.784 nextFramePts: 24.775 -> diff: 0.009 render: 1 forceNext: 0
2022-12-30 13:14:53.661 T:3665 DEBUG : CAMLCodec::ReleaseFrame idx:595, drop:0
2022-12-30 13:14:53.663 T:3907 DEBUG : CAMLCodec::GetTimeSize: len:24 dl:1223330 fs:1223330 front:56875
2022-12-30 13:14:53.663 T:3904 DEBUG : CVideoPlayer::ProcessAudioData size:2560 dts:33.344 pts:33.344 dur:32.000ms, clock:24.622 drop:0 level:99
2022-12-30 13:14:53.664 T:3907 DEBUG : CAMLCodec::DequeueBuffer: pts:25.025 idx:601
2022-12-30 13:14:53.664 T:3907 DEBUG : CAMLCodec::GetPicture: index: 601, pts: 25.025, dur:42ms ar:2.00
2022-12-30 13:14:53.664 T:3907 DEBUG : CVideoPlayerVideo::OutputPicture - ttd:403ms pts:25.025 Clock:24.622 Level:5
2022-12-30 13:14:53.665 T:3907 DEBUG : CAMLCodec::GetTimeSize: len:24 dl:1223330 fs:1223330 front:56875
2022-12-30 13:14:53.671 T:3907 DEBUG : CAMLCodec::GetTimeSize: len:24 dl:1166455 fs:1223330 front:56875
2022-12-30 13:14:53.671 T:3907 DEBUG : CAMLCodec::GetTimeSize: len:23 dl:1166455 fs:1166455 front:39685
2022-12-30 13:14:53.679 T:3907 DEBUG : CAMLCodec::AddData: dl:1232379 sum:1232379 sz:65924 dts:26.068 pts:26.193
2022-12-30 13:14:53.679 T:3907 DEBUG : CAMLCodec::GetTimeSize: len:24 dl:1232379 fs:1232379 front:39685
2022-12-30 13:14:53.698 T:3665 INFO : Skipped 3 duplicate messages..
2022-12-30 13:14:53.698 T:3665 DEBUG : CAMLCodec::PollFrame elapsed:36.829ms
2022-12-30 13:14:53.701 T:3665 DEBUG : PrepareNextRender: frameOnScreen: 24.659 renderPts: 24.825 nextFramePts: 24.816 -> diff: 0.009 render: 1 forceNext: 0
2022-12-30 13:14:53.701 T:3665 DEBUG : CAMLCodec::ReleaseFrame idx:596, drop:0
2022-12-30 13:14:53.704 T:3907 DEBUG : CAMLCodec::GetTimeSize: len:24 dl:1232379 fs:1232379 front:39685
2022-12-30 13:14:53.705 T:3908 DEBUG : CVideoPlayerAudio::OutputPacket: pts:25.408 curr_pts:24.662 clock:24.663 level:99
2022-12-30 13:14:53.706 T:3908 DEBUG : CVideoPlayerAudio::OutputPacket: pts:25.440 curr_pts:24.663 clock:24.664 level:99
2022-12-30 13:14:53.710 T:3907 DEBUG : CAMLCodec::GetTimeSize: len:24 dl:1232379 fs:1232379 front:39685
2022-12-30 13:14:53.714 T:3904 DEBUG : CVideoPlayer::ProcessAudioData size:2560 dts:33.376 pts:33.376 dur:32.000ms, clock:24.672 drop:0 level:99
2022-12-30 13:14:53.714 T:3904 DEBUG : CVideoPlayer::ProcessAudioData size:2560 dts:33.408 pts:33.408 dur:32.000ms, clock:24.672 drop:0 level:99
2022-12-30 13:14:53.717 T:3907 DEBUG : CAMLCodec::GetTimeSize: len:24 dl:1232379 fs:1232379 front:39685
2022-12-30 13:14:53.739 T:3665 INFO : Skipped 3 duplicate messages..
2022-12-30 13:14:53.739 T:3665 DEBUG : CAMLCodec::PollFrame elapsed:38.445ms
2022-12-30 13:14:53.740 T:3665 DEBUG : PrepareNextRender: frameOnScreen: 24.698 renderPts: 24.865 nextFramePts: 24.858 -> diff: 0.007 render: 1 forceNext: 0
2022-12-30 13:14:53.740 T:3665 DEBUG : CAMLCodec::ReleaseFrame idx:597, drop:0
2022-12-30 13:14:53.741 T:3907 DEBUG : CAMLCodec::GetTimeSize: len:24 dl:1232379 fs:1232379 front:39685
2022-12-30 13:14:53.742 T:3907 DEBUG : CAMLCodec::DequeueBuffer: pts:25.067 idx:602
2022-12-30 13:14:53.742 T:3907 DEBUG : CAMLCodec::GetPicture: index: 602, pts: 25.067, dur:42ms ar:2.00
2022-12-30 13:14:53.742 T:3907 DEBUG : CVideoPlayerVideo::OutputPicture - ttd:367ms pts:25.067 Clock:24.700 Level:4
2022-12-30 13:14:53.743 T:3907 DEBUG : CAMLCodec::GetTimeSize: len:24 dl:1232379 fs:1232379 front:39685
2022-12-30 13:14:53.755 T:3908 INFO : Skipped 1 duplicate messages..
2022-12-30 13:14:53.755 T:3908 DEBUG : CVideoPlayerAudio::OutputPacket: pts:25.472 curr_pts:24.712 clock:24.713 level:99
2022-12-30 13:14:53.755 T:3904 DEBUG : CVideoPlayer::ProcessAudioData size:2560 dts:33.440 pts:33.440 dur:32.000ms, clock:24.713 drop:0 level:99
2022-12-30 13:14:53.756 T:3907 DEBUG : CAMLCodec::GetTimeSize: len:24 dl:1192694 fs:1232379 front:39685
2022-12-30 13:14:53.756 T:3907 DEBUG : CAMLCodec::GetTimeSize: len:23 dl:1192694 fs:1192694 front:34998
2022-12-30 13:14:53.756 T:3907 DEBUG : CAMLCodec::DequeueBuffer: pts:25.108 idx:603
2022-12-30 13:14:53.756 T:3907 DEBUG : CAMLCodec::GetPicture: index: 603, pts: 25.108, dur:41ms ar:2.00
2022-12-30 13:14:53.756 T:3907 DEBUG : CVideoPlayerVideo::OutputPicture - ttd:393ms pts:25.108 Clock:24.715 Level:5
2022-12-30 13:14:53.758 T:3907 DEBUG : CAMLCodec::GetTimeSize: len:23 dl:1192694 fs:1192694 front:34998
2022-12-30 13:14:53.765 T:3907 DEBUG : CAMLCodec::AddData: dl:1208286 sum:1243284 sz:50590 dts:26.109 pts:26.151
2022-12-30 13:14:53.765 T:3907 DEBUG : CAMLCodec::GetTimeSize: len:24 dl:1208286 fs:1243284 front:34998
2022-12-30 13:14:53.765 T:3907 DEBUG : CAMLCodec::GetTimeSize: len:23 dl:1208286 fs:1208286 front:38667
2022-12-30 13:14:53.772 T:3907 DEBUG : CAMLCodec::AddData: dl:1276751 sum:1276751 sz:68465 dts:26.151 pts:26.235
2022-12-30 13:14:53.773 T:3907 DEBUG : CAMLCodec::GetTimeSize: len:24 dl:1276751 fs:1276751 front:38667
2022-12-30 13:14:53.781 T:3665 INFO : Skipped 1 duplicate messages..
2022-12-30 13:14:53.781 T:3665 DEBUG : CAMLCodec::PollFrame elapsed:40.424ms
2022-12-30 13:14:53.782 T:3665 DEBUG : PrepareNextRender: frameOnScreen: 24.740 renderPts: 24.907 nextFramePts: 24.900 -> diff: 0.007 render: 1 forceNext: 0
2022-12-30 13:14:53.782 T:3665 DEBUG : CAMLCodec::ReleaseFrame idx:598, drop:0
2022-12-30 13:14:53.785 T:3907 DEBUG : CAMLCodec::GetTimeSize: len:24 dl:1276751 fs:1276751 front:38667
2022-12-30 13:14:53.785 T:3907 DEBUG : CAMLCodec::DequeueBuffer: pts:25.150 idx:604
2022-12-30 13:14:53.785 T:3907 DEBUG : CAMLCodec::GetPicture: index: 604, pts: 25.150, dur:42ms ar:2.00
2022-12-30 13:14:53.785 T:3907 DEBUG : CVideoPlayerVideo::OutputPicture - ttd:406ms pts:25.150 Clock:24.743 Level:5
2022-12-30 13:14:53.787 T:3907 DEBUG : CAMLCodec::GetTimeSize: len:24 dl:1276751 fs:1276751 front:38667
2022-12-30 13:14:53.793 T:3907 DEBUG : CAMLCodec::GetTimeSize: len:24 dl:1238084 fs:1276751 front:38667
2022-12-30 13:14:53.793 T:3907 DEBUG : CAMLCodec::GetTimeSize: len:23 dl:1238084 fs:1238084 front:33397
2022-12-30 13:14:53.800 T:3907 DEBUG : CAMLCodec::AddData: dl:1301613 sum:1301613 sz:63529 dts:26.193 pts:26.276
2022-12-30 13:14:53.800 T:3907 DEBUG : CAMLCodec::GetTimeSize: len:24 dl:1301613 fs:1301613 front:33397
2022-12-30 13:14:53.805 T:3908 DEBUG : CVideoPlayerAudio::OutputPacket: pts:25.504 curr_pts:24.762 clock:24.763 level:99
2022-12-30 13:14:53.806 T:3908 DEBUG : CVideoPlayerAudio::OutputPacket: pts:25.536 curr_pts:24.763 clock:24.764 level:99
2022-12-30 13:14:53.807 T:3907 DEBUG : CAMLCodec::GetTimeSize: len:24 dl:1301613 fs:1301613 front:33397
2022-12-30 13:14:53.807 T:3904 DEBUG : CVideoPlayer::ProcessVideoData size:179920 dts:32.991 pts:33.283 dur:41.000ms, clock:24.765 level:84
2022-12-30 13:14:53.809 T:3904 DEBUG : CVideoPlayer::ProcessVideoData size:90170 dts:33.033 pts:33.158 dur:41.000ms, clock:24.767 level:85
2022-12-30 13:14:53.809 T:3904 DEBUG : CVideoPlayer::ProcessVideoData size:39336 dts:33.075 pts:33.075 dur:41.000ms, clock:24.767 level:85
2022-12-30 13:14:53.809 T:3904 DEBUG : CVideoPlayer::ProcessVideoData size:37580 dts:33.116 pts:33.116 dur:41.000ms, clock:24.767 level:86
2022-12-30 13:14:53.810 T:3904 DEBUG : CVideoPlayer::ProcessVideoData size:45143 dts:33.158 pts:33.200 dur:41.000ms, clock:24.768 level:87
2022-12-30 13:14:53.810 T:3904 DEBUG : CVideoPlayer::ProcessVideoData size:51293 dts:33.200 pts:33.242 dur:41.000ms, clock:24.768 level:87
2022-12-30 13:14:53.811 T:3904 DEBUG : CVideoPlayer::ProcessAudioData size:2560 dts:33.472 pts:33.472 dur:32.000ms, clock:24.769 drop:0 level:99
2022-12-30 13:14:53.813 T:3904 DEBUG : CVideoPlayer::ProcessVideoData size:191808 dts:33.242 pts:33.533 dur:41.000ms, clock:24.771 level:88
2022-12-30 13:14:53.814 T:3904 DEBUG : CVideoPlayer::ProcessVideoData size:96932 dts:33.283 pts:33.408 dur:41.000ms, clock:24.772 level:88
2022-12-30 13:14:53.815 T:3904 DEBUG : CVideoPlayer::ProcessVideoData size:49390 dts:33.325 pts:33.325 dur:41.000ms, clock:24.773 level:89
2022-12-30 13:14:53.815 T:3907 DEBUG : CAMLCodec::GetTimeSize: len:24 dl:1301613 fs:1301613 front:33397
2022-12-30 13:14:53.816 T:3904 DEBUG : CVideoPlayer::ProcessVideoData size:47353 dts:33.367 pts:33.367 dur:41.000ms, clock:24.774 level:89
2022-12-30 13:14:53.816 T:3904 DEBUG : CVideoPlayer::ProcessVideoData size:54378 dts:33.408 pts:33.450 dur:41.000ms, clock:24.775 level:90
2022-12-30 13:14:53.817 T:3904 DEBUG : CVideoPlayer::ProcessVideoData size:58848 dts:33.450 pts:33.492 dur:41.000ms, clock:24.775 level:90
2022-12-30 13:14:53.818 T:3904 DEBUG : CVideoPlayer::ProcessAudioData size:2560 dts:33.504 pts:33.504 dur:32.000ms, clock:24.776 drop:0 level:99
2022-12-30 13:14:53.821 T:3907 DEBUG : CAMLCodec::GetTimeSize: len:24 dl:1301613 fs:1301613 front:33397
2022-12-30 13:14:53.823 T:3665 DEBUG : CAMLCodec::PollFrame elapsed:40.465ms
2022-12-30 13:14:53.824 T:3665 DEBUG : PrepareNextRender: frameOnScreen: 24.782 renderPts: 24.949 nextFramePts: 24.942 -> diff: 0.007 render: 1 forceNext: 0
2022-12-30 13:14:53.825 T:3665 DEBUG : CAMLCodec::ReleaseFrame idx:599, drop:0
2022-12-30 13:14:53.828 T:3907 DEBUG : CAMLCodec::GetTimeSize: len:24 dl:1301613 fs:1301613 front:33397
2022-12-30 13:14:53.828 T:3907 DEBUG : CAMLCodec::DequeueBuffer: pts:25.192 idx:605
2022-12-30 13:14:53.828 T:3907 DEBUG : CAMLCodec::GetPicture: index: 605, pts: 25.192, dur:42ms ar:2.00
2022-12-30 13:14:53.828 T:3907 DEBUG : CVideoPlayerVideo::OutputPicture - ttd:405ms pts:25.192 Clock:24.786 Level:5
2022-12-30 13:14:53.829 T:3907 DEBUG : CAMLCodec::GetTimeSize: len:24 dl:1301613 fs:1301613 front:33397
2022-12-30 13:14:53.835 T:3907 DEBUG : CAMLCodec::GetTimeSize: len:24 dl:1268216 fs:1301613 front:33397
2022-12-30 13:14:53.835 T:3907 DEBUG : CAMLCodec::GetTimeSize: len:23 dl:1268216 fs:1268216 front:66752
2022-12-30 13:14:53.843 T:3907 DEBUG : CAMLCodec::AddData: dl:1331319 sum:1331319 sz:63103 dts:26.235 pts:26.318
2022-12-30 13:14:53.843 T:3907 DEBUG : CAMLCodec::GetTimeSize: len:24 dl:1331319 fs:1331319 front:66752
2022-12-30 13:14:53.855 T:3908 INFO : Skipped 1 duplicate messages..
2022-12-30 13:14:53.855 T:3908 DEBUG : CVideoPlayerAudio::OutputPacket: pts:25.568 curr_pts:24.812 clock:24.813 level:99
2022-12-30 13:14:53.855 T:3908 DEBUG : CVideoPlayerAudio::OutputPacket: pts:25.600 curr_pts:24.813 clock:24.813 level:99
2022-12-30 13:14:53.857 T:3907 DEBUG : CAMLCodec::GetTimeSize: len:24 dl:1331319 fs:1331319 front:66752
2022-12-30 13:14:53.858 T:3904 DEBUG : CVideoPlayer::ProcessAudioData size:2560 dts:33.536 pts:33.536 dur:32.000ms, clock:24.817 drop:0 level:99
2022-12-30 13:14:53.859 T:3904 DEBUG : CVideoPlayer::ProcessAudioData size:2560 dts:33.568 pts:33.568 dur:32.000ms, clock:24.817 drop:0 level:99
2022-12-30 13:14:53.863 T:3907 DEBUG : CAMLCodec::GetTimeSize: len:24 dl:1331319 fs:1331319 front:66752
2022-12-30 13:14:53.864 T:3665 DEBUG : CAMLCodec::PollFrame elapsed:39.132ms
2022-12-30 13:14:53.869 T:3907 DEBUG : CAMLCodec::GetTimeSize: len:24 dl:1331319 fs:1331319 front:66752
2022-12-30 13:14:53.869 T:3907 DEBUG : CAMLCodec::DequeueBuffer: pts:25.234 idx:606
2022-12-30 13:14:53.869 T:3907 DEBUG : CAMLCodec::GetPicture: index: 606, pts: 25.234, dur:42ms ar:2.00
2022-12-30 13:14:53.869 T:3665 DEBUG : PrepareNextRender: frameOnScreen: 24.828 renderPts: 24.994 nextFramePts: 24.983 -> diff: 0.011 render: 1 forceNext: 0
2022-12-30 13:14:53.870 T:3907 DEBUG : CVideoPlayerVideo::OutputPicture - ttd:406ms pts:25.234 Clock:24.828 Level:5
2022-12-30 13:14:53.870 T:3665 DEBUG : CAMLCodec::ReleaseFrame idx:600, drop:0
2022-12-30 13:14:53.871 T:3907 DEBUG : CAMLCodec::GetTimeSize: len:24 dl:1331319 fs:1331319 front:66752
2022-12-30 13:14:53.877 T:3907 DEBUG : CAMLCodec::GetTimeSize: len:24 dl:1264567 fs:1331319 front:66752
2022-12-30 13:14:53.877 T:3907 DEBUG : CAMLCodec::GetTimeSize: len:23 dl:1264567 fs:1264567 front:56411
2022-12-30 13:14:53.884 T:3907 DEBUG : CAMLCodec::AddData: dl:1324323 sum:1324323 sz:59756 dts:26.276 pts:26.360
2022-12-30 13:14:53.884 T:3907 DEBUG : CAMLCodec::GetTimeSize: len:24 dl:1324323 fs:1324323 front:56411
2022-12-30 13:14:53.905 T:3908 INFO : Skipped 3 duplicate messages..
2022-12-30 13:14:53.905 T:3908 DEBUG : CVideoPlayerAudio::OutputPacket: pts:25.632 curr_pts:24.862 clock:24.863 level:99
2022-12-30 13:14:53.906 T:3665 DEBUG : CAMLCodec::PollFrame elapsed:35.567ms
2022-12-30 13:14:53.909 T:3907 DEBUG : CAMLCodec::GetTimeSize: len:24 dl:1324323 fs:1324323 front:56411
2022-12-30 13:14:53.910 T:3907 DEBUG : CAMLCodec::DequeueBuffer: pts:25.275 idx:607
2022-12-30 13:14:53.910 T:3907 DEBUG : CAMLCodec::GetPicture: index: 607, pts: 25.275, dur:41ms ar:2.00
2022-12-30 13:14:53.910 T:3665 DEBUG : PrepareNextRender: frameOnScreen: 24.868 renderPts: 25.034 nextFramePts: 25.025 -> diff: 0.009 render: 1 forceNext: 0
2022-12-30 13:14:53.910 T:3907 DEBUG : CVideoPlayerVideo::OutputPicture - ttd:407ms pts:25.275 Clock:24.868 Level:5
2022-12-30 13:14:53.910 T:3904 DEBUG : CVideoPlayer::ProcessAudioData size:2560 dts:33.600 pts:33.600 dur:32.000ms, clock:24.868 drop:0 level:99
2022-12-30 13:14:53.911 T:3907 DEBUG : CAMLCodec::GetTimeSize: len:24 dl:1324323 fs:1324323 front:56411
2022-12-30 13:14:53.911 T:3665 DEBUG : CAMLCodec::ReleaseFrame idx:601, drop:0
2022-12-30 13:14:53.917 T:3907 DEBUG : CAMLCodec::GetTimeSize: len:24 dl:1267912 fs:1324323 front:56411
2022-12-30 13:14:53.917 T:3907 DEBUG : CAMLCodec::GetTimeSize: len:23 dl:1267912 fs:1267912 front:41193
2022-12-30 13:14:53.925 T:3907 DEBUG : CAMLCodec::AddData: dl:1318348 sum:1318348 sz:50436 dts:26.318 pts:26.401
2022-12-30 13:14:53.925 T:3907 DEBUG : CAMLCodec::GetTimeSize: len:24 dl:1318348 fs:1318348 front:41193
2022-12-30 13:14:53.948 T:3665 INFO : Skipped 3 duplicate messages..
2022-12-30 13:14:53.948 T:3665 DEBUG : CAMLCodec::PollFrame elapsed:36.408ms
2022-12-30 13:14:53.950 T:3907 DEBUG : CAMLCodec::GetTimeSize: len:24 dl:1318348 fs:1318348 front:41193
2022-12-30 13:14:53.951 T:3665 DEBUG : PrepareNextRender: frameOnScreen: 24.909 renderPts: 25.076 nextFramePts: 25.067 -> diff: 0.009 render: 1 forceNext: 0
2022-12-30 13:14:53.952 T:3665 DEBUG : CAMLCodec::ReleaseFrame idx:602, drop:0
2022-12-30 13:14:53.955 T:3908 DEBUG : CVideoPlayerAudio::OutputPacket: pts:25.664 curr_pts:24.912 clock:24.913 level:99
2022-12-30 13:14:53.956 T:3908 DEBUG : CVideoPlayerAudio::OutputPacket: pts:25.696 curr_pts:24.913 clock:24.914 level:99
2022-12-30 13:14:53.956 T:3907 DEBUG : CAMLCodec::GetTimeSize: len:24 dl:1318348 fs:1318348 front:41193
2022-12-30 13:14:53.960 T:3904 DEBUG : CVideoPlayer::ProcessAudioData size:2560 dts:33.632 pts:33.632 dur:32.000ms, clock:24.919 drop:0 level:99
2022-12-30 13:14:53.961 T:3904 DEBUG : CVideoPlayer::ProcessAudioData size:2560 dts:33.664 pts:33.664 dur:32.000ms, clock:24.919 drop:0 level:99
2022-12-30 13:14:53.962 T:3907 DEBUG : CAMLCodec::GetTimeSize: len:24 dl:1318348 fs:1318348 front:41193
2022-12-30 13:14:53.990 T:3665 INFO : Skipped 4 duplicate messages..
2022-12-30 13:14:53.990 T:3665 DEBUG : CAMLCodec::PollFrame elapsed:37.050ms
2022-12-30 13:14:53.993 T:3665 DEBUG : PrepareNextRender: frameOnScreen: 24.951 renderPts: 25.117 nextFramePts: 25.108 -> diff: 0.009 render: 1 forceNext: 0
2022-12-30 13:14:53.993 T:3907 DEBUG : CAMLCodec::GetTimeSize: len:24 dl:1318348 fs:1318348 front:41193
2022-12-30 13:14:53.994 T:3907 DEBUG : CAMLCodec::DequeueBuffer: pts:25.317 idx:608
2022-12-30 13:14:53.994 T:3907 DEBUG : CAMLCodec::GetPicture: index: 608, pts: 25.317, dur:42ms ar:2.00
2022-12-30 13:14:53.994 T:3907 DEBUG : CVideoPlayerVideo::OutputPicture - ttd:365ms pts:25.317 Clock:24.952 Level:4
2022-12-30 13:14:53.994 T:3665 DEBUG : CAMLCodec::ReleaseFrame idx:603, drop:0
2022-12-30 13:14:53.995 T:3907 DEBUG : CAMLCodec::GetTimeSize: len:24 dl:1318348 fs:1318348 front:41193
2022-12-30 13:14:54.001 T:3907 DEBUG : CAMLCodec::GetTimeSize: len:24 dl:1277155 fs:1318348 front:41193
2022-12-30 13:14:54.001 T:3907 DEBUG : CAMLCodec::GetTimeSize: len:23 dl:1277155 fs:1277155 front:35945
2022-12-30 13:14:54.001 T:3907 DEBUG : CAMLCodec::DequeueBuffer: pts:25.359 idx:609
2022-12-30 13:14:54.001 T:3907 DEBUG : CAMLCodec::GetPicture: index: 609, pts: 25.359, dur:42ms ar:2.00
2022-12-30 13:14:54.001 T:3907 DEBUG : CVideoPlayerVideo::OutputPicture - ttd:399ms pts:25.359 Clock:24.960 Level:5
2022-12-30 13:14:54.003 T:3907 DEBUG : CAMLCodec::GetTimeSize: len:23 dl:1277155 fs:1277155 front:35945
2022-12-30 13:14:54.005 T:3908 DEBUG : CVideoPlayerAudio::OutputPacket: pts:25.728 curr_pts:24.962 clock:24.963 level:99
2022-12-30 13:14:54.008 T:3907 DEBUG : CAMLCodec::AddData: dl:1313643 sum:1313643 sz:36488 dts:26.360 pts:26.443
2022-12-30 13:14:54.008 T:3907 DEBUG : CAMLCodec::GetTimeSize: len:24 dl:1313643 fs:1313643 front:35945
2022-12-30 13:14:54.012 T:3904 DEBUG : CVideoPlayer::ProcessAudioData size:2560 dts:33.696 pts:33.696 dur:32.000ms, clock:24.970 drop:0 level:99
2022-12-30 13:14:54.014 T:3907 DEBUG : CAMLCodec::GetTimeSize: len:24 dl:1277698 fs:1313643 front:35945
2022-12-30 13:14:54.014 T:3907 DEBUG : CAMLCodec::GetTimeSize: len:23 dl:1277698 fs:1277698 front:40160
2022-12-30 13:14:54.022 T:3907 DEBUG : CAMLCodec::AddData: dl:1427452 sum:1427452 sz:149754 dts:26.401 pts:26.485
2022-12-30 13:14:54.022 T:3907 DEBUG : CAMLCodec::GetTimeSize: len:24 dl:1427452 fs:1427452 front:40160
2022-12-30 13:14:54.031 T:3665 INFO : Skipped 1 duplicate messages..
2022-12-30 13:14:54.031 T:3665 DEBUG : CAMLCodec::PollFrame elapsed:37.153ms
2022-12-30 13:14:54.034 T:3907 DEBUG : CAMLCodec::GetTimeSize: len:24 dl:1427452 fs:1427452 front:40160
2022-12-30 13:14:54.035 T:3907 DEBUG : CAMLCodec::DequeueBuffer: pts:25.400 idx:610
2022-12-30 13:14:54.035 T:3907 DEBUG : CAMLCodec::GetPicture: index: 610, pts: 25.400, dur:41ms ar:2.00
2022-12-30 13:14:54.035 T:3665 DEBUG : PrepareNextRender: frameOnScreen: 24.993 renderPts: 25.159 nextFramePts: 25.150 -> diff: 0.009 render: 1 forceNext: 0
2022-12-30 13:14:54.035 T:3907 DEBUG : CVideoPlayerVideo::OutputPicture - ttd:407ms pts:25.400 Clock:24.993 Level:5
2022-12-30 13:14:54.036 T:3665 DEBUG : CAMLCodec::ReleaseFrame idx:604, drop:0
2022-12-30 13:14:54.036 T:3907 DEBUG : CAMLCodec::GetTimeSize: len:24 dl:1427452 fs:1427452 front:40160
2022-12-30 13:14:54.042 T:3907 DEBUG : CAMLCodec::GetTimeSize: len:24 dl:1387292 fs:1427452 front:40160
2022-12-30 13:14:54.042 T:3907 DEBUG : CAMLCodec::GetTimeSize: len:23 dl:1387292 fs:1387292 front:32047
2022-12-30 13:14:54.050 T:3907 DEBUG : CAMLCodec::AddData: dl:1563258 sum:1563258 sz:175966 dts:26.443 pts:26.652
2022-12-30 13:14:54.050 T:3907 DEBUG : CAMLCodec::GetTimeSize: len:24 dl:1563258 fs:1563258 front:32047
2022-12-30 13:14:54.055 T:3908 DEBUG : CVideoPlayerAudio::OutputPacket: pts:25.760 curr_pts:25.012 clock:25.013 level:99
2022-12-30 13:14:54.056 T:3908 DEBUG : CVideoPlayerAudio::OutputPacket: pts:25.792 curr_pts:25.013 clock:25.014 level:99
2022-12-30 13:14:54.056 T:3907 DEBUG : CAMLCodec::GetTimeSize: len:24 dl:1563258 fs:1563258 front:32047
2022-12-30 13:14:54.063 T:3904 INFO : Skipped 1 duplicate messages..
2022-12-30 13:14:54.063 T:3904 DEBUG : CVideoPlayer::ProcessAudioData size:2560 dts:33.728 pts:33.728 dur:32.000ms, clock:25.021 drop:0 level:99
2022-12-30 13:14:54.065 T:3904 DEBUG : CVideoPlayer::ProcessVideoData size:174472 dts:33.492 pts:33.784 dur:41.000ms, clock:25.023 level:88
2022-12-30 13:14:54.067 T:3904 DEBUG : CVideoPlayer::ProcessVideoData size:111600 dts:33.533 pts:33.659 dur:41.000ms, clock:25.025 level:88
2022-12-30 13:14:54.067 T:3904 DEBUG : CVideoPlayer::ProcessVideoData size:61688 dts:33.575 pts:33.575 dur:41.000ms, clock:25.025 level:89
2022-12-30 13:14:54.068 T:3904 DEBUG : CVideoPlayer::ProcessVideoData size:58979 dts:33.617 pts:33.617 dur:41.000ms, clock:25.026 level:89
2022-12-30 13:14:54.069 T:3904 DEBUG : CVideoPlayer::ProcessVideoData size:61574 dts:33.659 pts:33.700 dur:41.000ms, clock:25.027 level:90
2022-12-30 13:14:54.070 T:3904 DEBUG : CVideoPlayer::ProcessVideoData size:63790 dts:33.700 pts:33.742 dur:41.000ms, clock:25.028 level:90
2022-12-30 13:14:54.071 T:3904 DEBUG : CVideoPlayer::ProcessAudioData size:2560 dts:33.760 pts:33.760 dur:32.000ms, clock:25.029 drop:0 level:99
2022-12-30 13:14:54.071 T:3907 DEBUG : CAMLCodec::GetTimeSize: len:24 dl:1563258 fs:1563258 front:32047
2022-12-30 13:14:54.073 T:3665 DEBUG : CAMLCodec::PollFrame elapsed:36.901ms
2022-12-30 13:14:54.076 T:3665 DEBUG : PrepareNextRender: frameOnScreen: 25.034 renderPts: 25.200 nextFramePts: 25.192 -> diff: 0.008 render: 1 forceNext: 0
2022-12-30 13:14:54.077 T:3665 DEBUG : CAMLCodec::ReleaseFrame idx:605, drop:0
2022-12-30 13:14:54.077 T:3907 DEBUG : CAMLCodec::GetTimeSize: len:24 dl:1563258 fs:1563258 front:32047
2022-12-30 13:14:54.078 T:3907 DEBUG : CAMLCodec::DequeueBuffer: pts:25.442 idx:611
2022-12-30 13:14:54.078 T:3907 DEBUG : CAMLCodec::GetPicture: index: 611, pts: 25.442, dur:42ms ar:2.00
2022-12-30 13:14:54.078 T:3907 DEBUG : CVideoPlayerVideo::OutputPicture - ttd:406ms pts:25.442 Clock:25.036 Level:5
2022-12-30 13:14:54.079 T:3907 DEBUG : CAMLCodec::GetTimeSize: len:24 dl:1563258 fs:1563258 front:32047
2022-12-30 13:14:54.085 T:3907 DEBUG : CAMLCodec::GetTimeSize: len:24 dl:1531211 fs:1563258 front:32047
2022-12-30 13:14:54.085 T:3907 DEBUG : CAMLCodec::GetTimeSize: len:23 dl:1531211 fs:1531211 front:74466
2022-12-30 13:14:54.092 T:3907 DEBUG : CAMLCodec::AddData: dl:1629602 sum:1629602 sz:98391 dts:26.485 pts:26.568
2022-12-30 13:14:54.093 T:3907 DEBUG : CAMLCodec::GetTimeSize: len:24 dl:1629602 fs:1629602 front:74466
2022-12-30 13:14:54.105 T:3908 INFO : Skipped 1 duplicate messages..
2022-12-30 13:14:54.105 T:3908 DEBUG : CVideoPlayerAudio::OutputPacket: pts:25.824 curr_pts:25.062 clock:25.063 level:99
2022-12-30 13:14:54.105 T:3907 DEBUG : CAMLCodec::GetTimeSize: len:24 dl:1629602 fs:1629602 front:74466
2022-12-30 13:14:54.111 T:3904 DEBUG : CVideoPlayer::ProcessAudioData size:2560 dts:33.792 pts:33.792 dur:32.000ms, clock:25.069 drop:0 level:99
2022-12-30 13:14:54.111 T:3907 DEBUG : CAMLCodec::GetTimeSize: len:24 dl:1629602 fs:1629602 front:74466
2022-12-30 13:14:54.115 T:3665 DEBUG : CAMLCodec::PollFrame elapsed:37.247ms
2022-12-30 13:14:54.118 T:3665 DEBUG : PrepareNextRender: frameOnScreen: 25.076 renderPts: 25.243 nextFramePts: 25.234 -> diff: 0.009 render: 1 forceNext: 0
2022-12-30 13:14:54.118 T:3907 DEBUG : CAMLCodec::GetTimeSize: len:24 dl:1629602 fs:1629602 front:74466
2022-12-30 13:14:54.118 T:3907 DEBUG : CAMLCodec::DequeueBuffer: pts:25.484 idx:612
