2022-12-30 13:14:44.965 T:3907 DEBUG : CAMLCodec::GetTimeSize: len:24 dl:1922923 fs:1922923 front:74519
2022-12-30 13:14:44.980 T:3957 INFO : Skipped 2 duplicate messages..
2022-12-30 13:14:44.980 T:3957 INFO : CPythonInvoker(38, /storage/.kodi/addons/metadata.tvshows.themoviedb.org.python/main.py): script successfully run
2022-12-30 13:14:44.980 T:3957 DEBUG : onExecutionDone(38, /storage/.kodi/addons/metadata.tvshows.themoviedb.org.python/main.py)
2022-12-30 13:14:44.981 T:3719 DEBUG : FindMovie: Searching for 'Tom.Clancys.Jack.Ryan.S03.MULTi' using TMDb TV Shows scraper (path: '/storage/.kodi/addons/metadata.tvshows.themoviedb.org.python/', content: 'tvshows', version: '1.4.17')
2022-12-30 13:14:44.984 T:3907 DEBUG : CAMLCodec::GetTimeSize: len:24 dl:1922923 fs:1922923 front:74519
2022-12-30 13:14:44.986 T:3719 DEBUG : StartScript - calling plugin TMDb TV Shows('plugin://metadata.tvshows.themoviedb.org.python/','26','?action=find&pathSettings=%7b%22cat_landscape%22%3atrue%2c%22certprefix%22%3a%22Rated%20%22%2c%22enab_trailer%22%3atrue%2c%22enable_fanarttv%22%3atrue%2c%22fanarttv_clientkey%22%3a%22%22%2c%22imdbanyway%22%3afalse%2c%22keeporiginaltitle%22%3afalse%2c%22language%22%3a%22fr-FR%22%2c%22lastUpdated%22%3a%220%22%2c%22originalUrl%22%3a%22%22%2c%22players_opt%22%3a%22Tubed%22%2c%22previewUrl%22%3a%22%22%2c%22ratings%22%3a%22IMDb%22%2c%22studio_country%22%3atrue%2c%22tmdbanyway%22%3atrue%2c%22tmdbcertcountry%22%3a%22fr%22%2c%22traktanyway%22%3atrue%2c%22usecertprefix%22%3atrue%2c%22verboselog%22%3afalse%7d&title=Tom.Clancys.Jack.Ryan.S03.MULTi','resume:false')
2022-12-30 13:14:44.986 T:3665 DEBUG : CAMLCodec::PollFrame elapsed:42.117ms
2022-12-30 13:14:44.990 T:3907 DEBUG : CAMLCodec::GetTimeSize: len:24 dl:1922923 fs:1922923 front:74519
2022-12-30 13:14:44.991 T:3665 DEBUG : PrepareNextRender: frameOnScreen: 15.949 renderPts: 16.116 nextFramePts: 16.099 -> diff: 0.017 render: 1 forceNext: 0
2022-12-30 13:14:44.993 T:3665 DEBUG : CAMLCodec::ReleaseFrame idx:387, drop:0
2022-12-30 13:14:44.993 T:3958 DEBUG : Thread LanguageInvoker start, auto delete: false
2022-12-30 13:14:44.993 T:3958 INFO : initializing python engine.
2022-12-30 13:14:44.994 T:3958 DEBUG : CPythonInvoker(39, /storage/.kodi/addons/metadata.tvshows.themoviedb.org.python/main.py): start processing
2022-12-30 13:14:44.997 T:3907 DEBUG : CAMLCodec::GetTimeSize: len:24 dl:1922923 fs:1922923 front:74519
2022-12-30 13:14:45.005 T:3908 INFO : Skipped 1 duplicate messages..
2022-12-30 13:14:45.005 T:3908 DEBUG : CVideoPlayerAudio::OutputPacket: pts:16.704 curr_pts:15.962 clock:15.963 level:99
2022-12-30 13:14:45.006 T:3908 DEBUG : CVideoPlayerAudio::OutputPacket: pts:16.736 curr_pts:15.963 clock:15.964 level:99
2022-12-30 13:14:45.006 T:3904 DEBUG : CVideoPlayer::ProcessAudioData size:2560 dts:24.672 pts:24.672 dur:32.000ms, clock:15.964 drop:0 level:99
2022-12-30 13:14:45.006 T:3904 DEBUG : CVideoPlayer::ProcessAudioData size:2560 dts:24.704 pts:24.704 dur:32.000ms, clock:15.965 drop:0 level:99
2022-12-30 13:14:45.009 T:3907 DEBUG : CAMLCodec::GetTimeSize: len:24 dl:1922923 fs:1922923 front:74519
2022-12-30 13:14:45.022 T:3665 INFO : Skipped 2 duplicate messages..
2022-12-30 13:14:45.022 T:3665 DEBUG : CAMLCodec::PollFrame elapsed:29.412ms
2022-12-30 13:14:45.024 T:3665 DEBUG : PrepareNextRender: frameOnScreen: 15.982 renderPts: 16.149 nextFramePts: 16.141 -> diff: 0.008 render: 1 forceNext: 0
2022-12-30 13:14:45.025 T:3665 DEBUG : CAMLCodec::ReleaseFrame idx:388, drop:0
2022-12-30 13:14:45.028 T:3907 DEBUG : CAMLCodec::GetTimeSize: len:24 dl:1922923 fs:1922923 front:74519
2022-12-30 13:14:45.028 T:3907 DEBUG : CAMLCodec::DequeueBuffer: pts:16.350 idx:393
2022-12-30 13:14:45.028 T:3907 DEBUG : CAMLCodec::GetPicture: index: 393, pts: 16.350, dur:42ms ar:2.00
2022-12-30 13:14:45.028 T:3907 DEBUG : CVideoPlayerVideo::OutputPicture - ttd:363ms pts:16.350 Clock:15.986 Level:4
2022-12-30 13:14:45.029 T:3907 DEBUG : CAMLCodec::GetTimeSize: len:24 dl:1922923 fs:1922923 front:74519
2022-12-30 13:14:45.036 T:3907 DEBUG : CAMLCodec::GetTimeSize: len:24 dl:1848404 fs:1922923 front:74519
2022-12-30 13:14:45.036 T:3907 DEBUG : CAMLCodec::GetTimeSize: len:23 dl:1848404 fs:1848404 front:49610
2022-12-30 13:14:45.036 T:3907 DEBUG : CAMLCodec::DequeueBuffer: pts:16.391 idx:394
2022-12-30 13:14:45.036 T:3907 DEBUG : CAMLCodec::GetPicture: index: 394, pts: 16.391, dur:41ms ar:2.00
2022-12-30 13:14:45.036 T:3907 DEBUG : CVideoPlayerVideo::OutputPicture - ttd:397ms pts:16.391 Clock:15.994 Level:5
2022-12-30 13:14:45.037 T:3907 DEBUG : CAMLCodec::GetTimeSize: len:23 dl:1848404 fs:1848404 front:49610
2022-12-30 13:14:45.044 T:3907 DEBUG : CAMLCodec::AddData: dl:1890676 sum:1940286 sz:91882 dts:17.392 pts:17.434
2022-12-30 13:14:45.044 T:3907 DEBUG : CAMLCodec::GetTimeSize: len:24 dl:1890676 fs:1940286 front:49610
2022-12-30 13:14:45.044 T:3907 DEBUG : CAMLCodec::GetTimeSize: len:23 dl:1890676 fs:1890676 front:50649
2022-12-30 13:14:45.052 T:3907 DEBUG : CAMLCodec::AddData: dl:1954846 sum:1954846 sz:64170 dts:17.434 pts:17.476
2022-12-30 13:14:45.052 T:3907 DEBUG : CAMLCodec::GetTimeSize: len:24 dl:1954846 fs:1954846 front:50649
2022-12-30 13:14:45.054 T:3908 DEBUG : CVideoPlayerAudio::OutputPacket: pts:16.768 curr_pts:16.012 clock:16.012 level:99
2022-12-30 13:14:45.055 T:3908 DEBUG : CVideoPlayerAudio::OutputPacket: pts:16.800 curr_pts:16.012 clock:16.013 level:99
2022-12-30 13:14:45.057 T:3904 DEBUG : CVideoPlayer::ProcessAudioData size:2560 dts:24.736 pts:24.736 dur:32.000ms, clock:16.015 drop:0 level:99
2022-12-30 13:14:45.057 T:3904 DEBUG : CVideoPlayer::ProcessAudioData size:2560 dts:24.768 pts:24.768 dur:32.000ms, clock:16.015 drop:0 level:99
2022-12-30 13:14:45.058 T:3907 DEBUG : CAMLCodec::GetTimeSize: len:24 dl:1954846 fs:1954846 front:50649
2022-12-30 13:14:45.064 T:3665 DEBUG : CAMLCodec::PollFrame elapsed:38.579ms
2022-12-30 13:14:45.065 T:3907 DEBUG : CAMLCodec::GetTimeSize: len:24 dl:1954846 fs:1954846 front:50649
2022-12-30 13:14:45.066 T:3665 DEBUG : PrepareNextRender: frameOnScreen: 16.024 renderPts: 16.191 nextFramePts: 16.183 -> diff: 0.008 render: 1 forceNext: 0
2022-12-30 13:14:45.067 T:3665 DEBUG : CAMLCodec::ReleaseFrame idx:389, drop:0
2022-12-30 13:14:45.071 T:3907 DEBUG : CAMLCodec::GetTimeSize: len:24 dl:1954846 fs:1954846 front:50649
2022-12-30 13:14:45.071 T:3907 DEBUG : CAMLCodec::DequeueBuffer: pts:16.433 idx:395
2022-12-30 13:14:45.071 T:3907 DEBUG : CAMLCodec::GetPicture: index: 395, pts: 16.433, dur:42ms ar:2.00
2022-12-30 13:14:45.071 T:3907 DEBUG : CVideoPlayerVideo::OutputPicture - ttd:403ms pts:16.433 Clock:16.029 Level:5
2022-12-30 13:14:45.072 T:3907 DEBUG : CAMLCodec::GetTimeSize: len:24 dl:1954846 fs:1954846 front:50649
2022-12-30 13:14:45.078 T:3907 DEBUG : CAMLCodec::GetTimeSize: len:24 dl:1904197 fs:1954846 front:50649
2022-12-30 13:14:45.079 T:3907 DEBUG : CAMLCodec::GetTimeSize: len:23 dl:1904197 fs:1904197 front:40112
2022-12-30 13:14:45.086 T:3907 DEBUG : CAMLCodec::AddData: dl:1985271 sum:1985271 sz:81074 dts:17.476 pts:17.643
2022-12-30 13:14:45.086 T:3907 DEBUG : CAMLCodec::GetTimeSize: len:24 dl:1985271 fs:1985271 front:40112
2022-12-30 13:14:45.104 T:3908 INFO : Skipped 2 duplicate messages..
2022-12-30 13:14:45.104 T:3908 DEBUG : CVideoPlayerAudio::OutputPacket: pts:16.832 curr_pts:16.062 clock:16.063 level:99
2022-12-30 13:14:45.105 T:3907 DEBUG : CAMLCodec::GetTimeSize: len:24 dl:1985271 fs:1985271 front:40112
2022-12-30 13:14:45.106 T:3665 DEBUG : CAMLCodec::PollFrame elapsed:38.199ms
2022-12-30 13:14:45.107 T:3665 DEBUG : PrepareNextRender: frameOnScreen: 16.065 renderPts: 16.232 nextFramePts: 16.225 -> diff: 0.007 render: 1 forceNext: 0
2022-12-30 13:14:45.108 T:3904 DEBUG : CVideoPlayer::ProcessAudioData size:2560 dts:24.800 pts:24.800 dur:32.000ms, clock:16.066 drop:0 level:99
2022-12-30 13:14:45.108 T:3665 DEBUG : CAMLCodec::ReleaseFrame idx:390, drop:0
2022-12-30 13:14:45.111 T:3907 DEBUG : CAMLCodec::GetTimeSize: len:24 dl:1985271 fs:1985271 front:40112
2022-12-30 13:14:45.111 T:3907 DEBUG : CAMLCodec::DequeueBuffer: pts:16.475 idx:396
2022-12-30 13:14:45.111 T:3907 DEBUG : CAMLCodec::GetPicture: index: 396, pts: 16.475, dur:42ms ar:2.00
2022-12-30 13:14:45.111 T:3907 DEBUG : CVideoPlayerVideo::OutputPicture - ttd:405ms pts:16.475 Clock:16.070 Level:5
2022-12-30 13:14:45.113 T:3907 DEBUG : CAMLCodec::GetTimeSize: len:24 dl:1985271 fs:1985271 front:40112
2022-12-30 13:14:45.119 T:3907 DEBUG : CAMLCodec::GetTimeSize: len:24 dl:1945159 fs:1985271 front:40112
2022-12-30 13:14:45.119 T:3907 DEBUG : CAMLCodec::GetTimeSize: len:23 dl:1945159 fs:1945159 front:130677
2022-12-30 13:14:45.126 T:3907 DEBUG : CAMLCodec::AddData: dl:2018611 sum:2018611 sz:73452 dts:17.517 pts:17.601
2022-12-30 13:14:45.126 T:3907 DEBUG : CAMLCodec::GetTimeSize: len:24 dl:2018611 fs:2018611 front:130677
2022-12-30 13:14:45.147 T:3665 INFO : Skipped 3 duplicate messages..
2022-12-30 13:14:45.147 T:3665 DEBUG : CAMLCodec::PollFrame elapsed:38.783ms
2022-12-30 13:14:45.149 T:3665 DEBUG : PrepareNextRender: frameOnScreen: 16.107 renderPts: 16.274 nextFramePts: 16.266 -> diff: 0.008 render: 1 forceNext: 0
2022-12-30 13:14:45.150 T:3665 DEBUG : CAMLCodec::ReleaseFrame idx:391, drop:0
2022-12-30 13:14:45.151 T:3907 DEBUG : CAMLCodec::GetTimeSize: len:24 dl:2018611 fs:2018611 front:130677
2022-12-30 13:14:45.154 T:3908 DEBUG : CVideoPlayerAudio::OutputPacket: pts:16.864 curr_pts:16.112 clock:16.112 level:99
2022-12-30 13:14:45.155 T:3908 DEBUG : CVideoPlayerAudio::OutputPacket: pts:16.896 curr_pts:16.112 clock:16.113 level:99
2022-12-30 13:14:45.157 T:3907 DEBUG : CAMLCodec::GetTimeSize: len:24 dl:2018611 fs:2018611 front:130677
2022-12-30 13:14:45.159 T:3904 DEBUG : CVideoPlayer::ProcessVideoData size:70020 dts:24.566 pts:24.858 dur:41.000ms, clock:16.117 level:88
2022-12-30 13:14:45.160 T:3904 DEBUG : CVideoPlayer::ProcessVideoData size:55725 dts:24.608 pts:24.733 dur:41.000ms, clock:16.118 level:88
2022-12-30 13:14:45.160 T:3904 DEBUG : CVideoPlayer::ProcessVideoData size:52280 dts:24.650 pts:24.650 dur:41.000ms, clock:16.118 level:89
2022-12-30 13:14:45.160 T:3904 DEBUG : CVideoPlayer::ProcessVideoData size:38459 dts:24.691 pts:24.691 dur:41.000ms, clock:16.118 level:89
2022-12-30 13:14:45.160 T:3904 DEBUG : CVideoPlayer::ProcessVideoData size:46438 dts:24.733 pts:24.775 dur:41.000ms, clock:16.118 level:90
2022-12-30 13:14:45.161 T:3904 DEBUG : CVideoPlayer::ProcessVideoData size:42320 dts:24.775 pts:24.816 dur:41.000ms, clock:16.119 level:90
2022-12-30 13:14:45.161 T:3904 DEBUG : CVideoPlayer::ProcessAudioData size:2560 dts:24.832 pts:24.832 dur:32.000ms, clock:16.119 drop:0 level:99
2022-12-30 13:14:45.161 T:3904 DEBUG : CVideoPlayer::ProcessAudioData size:2560 dts:24.864 pts:24.864 dur:32.000ms, clock:16.119 drop:0 level:99
2022-12-30 13:14:45.164 T:3907 DEBUG : CAMLCodec::GetTimeSize: len:24 dl:2018611 fs:2018611 front:130677
2022-12-30 13:14:45.189 T:3665 INFO : Skipped 4 duplicate messages..
2022-12-30 13:14:45.189 T:3665 DEBUG : CAMLCodec::PollFrame elapsed:39.294ms
2022-12-30 13:14:45.191 T:3665 DEBUG : PrepareNextRender: frameOnScreen: 16.149 renderPts: 16.316 nextFramePts: 16.308 -> diff: 0.008 render: 1 forceNext: 0
2022-12-30 13:14:45.192 T:3665 DEBUG : CAMLCodec::ReleaseFrame idx:392, drop:0
2022-12-30 13:14:45.195 T:3907 DEBUG : CAMLCodec::GetTimeSize: len:24 dl:2018611 fs:2018611 front:130677
2022-12-30 13:14:45.195 T:3907 DEBUG : CAMLCodec::DequeueBuffer: pts:16.516 idx:397
2022-12-30 13:14:45.195 T:3907 DEBUG : CAMLCodec::GetPicture: index: 397, pts: 16.516, dur:41ms ar:2.00
2022-12-30 13:14:45.195 T:3907 DEBUG : CVideoPlayerVideo::OutputPicture - ttd:363ms pts:16.516 Clock:16.153 Level:4
2022-12-30 13:14:45.196 T:3907 DEBUG : CAMLCodec::GetTimeSize: len:24 dl:2018611 fs:2018611 front:130677
2022-12-30 13:14:45.202 T:3907 DEBUG : CAMLCodec::GetTimeSize: len:24 dl:1887934 fs:2018611 front:130677
2022-12-30 13:14:45.202 T:3907 DEBUG : CAMLCodec::GetTimeSize: len:23 dl:1887934 fs:1887934 front:88773
2022-12-30 13:14:45.205 T:3908 DEBUG : CVideoPlayerAudio::OutputPacket: pts:16.928 curr_pts:16.162 clock:16.163 level:99
2022-12-30 13:14:45.210 T:3907 DEBUG : CAMLCodec::AddData: dl:1945533 sum:1945533 sz:57599 dts:17.559 pts:17.559
2022-12-30 13:14:45.210 T:3907 DEBUG : CAMLCodec::GetTimeSize: len:24 dl:1945533 fs:1945533 front:88773
2022-12-30 13:14:45.211 T:3904 DEBUG : CVideoPlayer::ProcessAudioData size:2560 dts:24.896 pts:24.896 dur:32.000ms, clock:16.169 drop:0 level:99
2022-12-30 13:14:45.216 T:3907 DEBUG : CAMLCodec::GetTimeSize: len:24 dl:1945533 fs:1945533 front:88773
2022-12-30 13:14:45.231 T:3665 INFO : Skipped 2 duplicate messages..
2022-12-30 13:14:45.231 T:3665 DEBUG : CAMLCodec::PollFrame elapsed:39.000ms
2022-12-30 13:14:45.232 T:3665 DEBUG : PrepareNextRender: frameOnScreen: 16.190 renderPts: 16.357 nextFramePts: 16.350 -> diff: 0.007 render: 1 forceNext: 0
2022-12-30 13:14:45.233 T:3665 DEBUG : CAMLCodec::ReleaseFrame idx:393, drop:0
2022-12-30 13:14:45.234 T:3907 DEBUG : CAMLCodec::GetTimeSize: len:24 dl:1945533 fs:1945533 front:88773
2022-12-30 13:14:45.235 T:3907 DEBUG : CAMLCodec::DequeueBuffer: pts:16.558 idx:398
2022-12-30 13:14:45.235 T:3907 DEBUG : CAMLCodec::GetPicture: index: 398, pts: 16.558, dur:42ms ar:2.00
2022-12-30 13:14:45.235 T:3907 DEBUG : CVideoPlayerVideo::OutputPicture - ttd:365ms pts:16.558 Clock:16.193 Level:4
2022-12-30 13:14:45.236 T:3907 DEBUG : CAMLCodec::GetTimeSize: len:24 dl:1945533 fs:1945533 front:88773
2022-12-30 13:14:45.242 T:3907 DEBUG : CAMLCodec::GetTimeSize: len:24 dl:1856760 fs:1945533 front:88773
2022-12-30 13:14:45.242 T:3907 DEBUG : CAMLCodec::GetTimeSize: len:23 dl:1856760 fs:1856760 front:52659
2022-12-30 13:14:45.249 T:3907 DEBUG : CAMLCodec::AddData: dl:2005686 sum:2005686 sz:148926 dts:17.601 pts:17.893
2022-12-30 13:14:45.250 T:3907 DEBUG : CAMLCodec::GetTimeSize: len:24 dl:2005686 fs:2005686 front:52659
2022-12-30 13:14:45.254 T:3908 DEBUG : CVideoPlayerAudio::OutputPacket: pts:16.960 curr_pts:16.212 clock:16.212 level:99
2022-12-30 13:14:45.255 T:3908 DEBUG : CVideoPlayerAudio::OutputPacket: pts:16.992 curr_pts:16.212 clock:16.213 level:99
2022-12-30 13:14:45.256 T:3907 DEBUG : CAMLCodec::GetTimeSize: len:24 dl:2005686 fs:2005686 front:52659
2022-12-30 13:14:45.262 T:3904 DEBUG : CVideoPlayer::ProcessAudioData size:2560 dts:24.928 pts:24.928 dur:32.000ms, clock:16.220 drop:0 level:99
2022-12-30 13:14:45.262 T:3904 DEBUG : CVideoPlayer::ProcessAudioData size:2560 dts:24.960 pts:24.960 dur:32.000ms, clock:16.220 drop:0 level:99
2022-12-30 13:14:45.262 T:3907 DEBUG : CAMLCodec::GetTimeSize: len:24 dl:2005686 fs:2005686 front:52659
2022-12-30 13:14:45.272 T:3665 INFO : Skipped 1 duplicate messages..
2022-12-30 13:14:45.272 T:3665 DEBUG : CAMLCodec::PollFrame elapsed:39.001ms
2022-12-30 13:14:45.275 T:3907 DEBUG : CAMLCodec::GetTimeSize: len:24 dl:2005686 fs:2005686 front:52659
2022-12-30 13:14:45.275 T:3907 DEBUG : CAMLCodec::DequeueBuffer: pts:16.600 idx:399
2022-12-30 13:14:45.275 T:3907 DEBUG : CAMLCodec::GetPicture: index: 399, pts: 16.600, dur:42ms ar:2.00
2022-12-30 13:14:45.275 T:3907 DEBUG : CVideoPlayerVideo::OutputPicture - ttd:367ms pts:16.600 Clock:16.233 Level:5
2022-12-30 13:14:45.275 T:3665 DEBUG : PrepareNextRender: frameOnScreen: 16.233 renderPts: 16.400 nextFramePts: 16.391 -> diff: 0.009 render: 1 forceNext: 0
2022-12-30 13:14:45.276 T:3907 DEBUG : CAMLCodec::GetTimeSize: len:24 dl:2005686 fs:2005686 front:52659
2022-12-30 13:14:45.276 T:3665 DEBUG : CAMLCodec::ReleaseFrame idx:394, drop:0
2022-12-30 13:14:45.282 T:3907 DEBUG : CAMLCodec::GetTimeSize: len:24 dl:1953027 fs:2005686 front:52659
2022-12-30 13:14:45.282 T:3907 DEBUG : CAMLCodec::GetTimeSize: len:23 dl:1953027 fs:1953027 front:38361
2022-12-30 13:14:45.290 T:3907 DEBUG : CAMLCodec::AddData: dl:2088254 sum:2088254 sz:135227 dts:17.643 pts:17.768
2022-12-30 13:14:45.290 T:3907 DEBUG : CAMLCodec::GetTimeSize: len:24 dl:2088254 fs:2088254 front:38361
2022-12-30 13:14:45.290 T:3907 DEBUG : CAMLCodec::DequeueBuffer: pts:16.642 idx:400
2022-12-30 13:14:45.290 T:3907 DEBUG : CAMLCodec::GetPicture: index: 400, pts: 16.642, dur:42ms ar:2.00
2022-12-30 13:14:45.290 T:3907 DEBUG : CVideoPlayerVideo::OutputPicture - ttd:393ms pts:16.642 Clock:16.248 Level:5
2022-12-30 13:14:45.291 T:3907 DEBUG : CAMLCodec::GetTimeSize: len:24 dl:2088254 fs:2088254 front:38361
2022-12-30 13:14:45.297 T:3907 DEBUG : CAMLCodec::GetTimeSize: len:24 dl:2049893 fs:2088254 front:38361
2022-12-30 13:14:45.297 T:3907 DEBUG : CAMLCodec::GetTimeSize: len:23 dl:2049893 fs:2049893 front:58475
2022-12-30 13:14:45.304 T:3908 DEBUG : CVideoPlayerAudio::OutputPacket: pts:17.024 curr_pts:16.262 clock:16.263 level:99
2022-12-30 13:14:45.305 T:3907 DEBUG : CAMLCodec::AddData: dl:2120208 sum:2120208 sz:70315 dts:17.684 pts:17.684
2022-12-30 13:14:45.305 T:3907 DEBUG : CAMLCodec::GetTimeSize: len:24 dl:2120208 fs:2120208 front:58475
2022-12-30 13:14:45.313 T:3904 INFO : Skipped 1 duplicate messages..
2022-12-30 13:14:45.313 T:3904 DEBUG : CVideoPlayer::ProcessAudioData size:2560 dts:24.992 pts:24.992 dur:32.000ms, clock:16.271 drop:0 level:99
2022-12-30 13:14:45.314 T:3665 DEBUG : CAMLCodec::PollFrame elapsed:37.895ms
2022-12-30 13:14:45.316 T:3665 DEBUG : PrepareNextRender: frameOnScreen: 16.274 renderPts: 16.441 nextFramePts: 16.433 -> diff: 0.008 render: 1 forceNext: 0
2022-12-30 13:14:45.317 T:3907 DEBUG : CAMLCodec::GetTimeSize: len:24 dl:2120208 fs:2120208 front:58475
2022-12-30 13:14:45.317 T:3907 DEBUG : CAMLCodec::DequeueBuffer: pts:16.683 idx:401
2022-12-30 13:14:45.317 T:3665 DEBUG : CAMLCodec::ReleaseFrame idx:395, drop:0
2022-12-30 13:14:45.317 T:3907 DEBUG : CAMLCodec::GetPicture: index: 401, pts: 16.683, dur:41ms ar:2.00
2022-12-30 13:14:45.318 T:3907 DEBUG : CVideoPlayerVideo::OutputPicture - ttd:407ms pts:16.683 Clock:16.276 Level:5
2022-12-30 13:14:45.319 T:3907 DEBUG : CAMLCodec::GetTimeSize: len:24 dl:2120208 fs:2120208 front:58475
2022-12-30 13:14:45.325 T:3907 DEBUG : CAMLCodec::GetTimeSize: len:24 dl:2061733 fs:2120208 front:58475
2022-12-30 13:14:45.325 T:3907 DEBUG : CAMLCodec::GetTimeSize: len:23 dl:2061733 fs:2061733 front:45051
2022-12-30 13:14:45.332 T:3907 DEBUG : CAMLCodec::AddData: dl:2139008 sum:2139008 sz:77275 dts:17.726 pts:17.726
2022-12-30 13:14:45.332 T:3907 DEBUG : CAMLCodec::GetTimeSize: len:24 dl:2139008 fs:2139008 front:45051
2022-12-30 13:14:45.354 T:3908 INFO : Skipped 3 duplicate messages..
2022-12-30 13:14:45.354 T:3908 DEBUG : CVideoPlayerAudio::OutputPacket: pts:17.056 curr_pts:16.312 clock:16.312 level:99
2022-12-30 13:14:45.355 T:3908 DEBUG : CVideoPlayerAudio::OutputPacket: pts:17.088 curr_pts:16.312 clock:16.313 level:99
2022-12-30 13:14:45.356 T:3665 DEBUG : CAMLCodec::PollFrame elapsed:38.319ms
2022-12-30 13:14:45.357 T:3907 DEBUG : CAMLCodec::GetTimeSize: len:24 dl:2139008 fs:2139008 front:45051
2022-12-30 13:14:45.357 T:3907 DEBUG : CAMLCodec::DequeueBuffer: pts:16.725 idx:402
2022-12-30 13:14:45.357 T:3907 DEBUG : CAMLCodec::GetPicture: index: 402, pts: 16.725, dur:42ms ar:2.00
2022-12-30 13:14:45.358 T:3907 DEBUG : CVideoPlayerVideo::OutputPicture - ttd:409ms pts:16.725 Clock:16.316 Level:6
2022-12-30 13:14:45.358 T:3665 DEBUG : PrepareNextRender: frameOnScreen: 16.316 renderPts: 16.483 nextFramePts: 16.475 -> diff: 0.008 render: 1 forceNext: 0
2022-12-30 13:14:45.359 T:3907 DEBUG : CAMLCodec::GetTimeSize: len:24 dl:2139008 fs:2139008 front:45051
2022-12-30 13:14:45.359 T:3665 DEBUG : CAMLCodec::ReleaseFrame idx:396, drop:0
2022-12-30 13:14:45.363 T:3904 DEBUG : CVideoPlayer::ProcessAudioData size:2560 dts:25.024 pts:25.024 dur:32.000ms, clock:16.321 drop:0 level:99
2022-12-30 13:14:45.364 T:3904 DEBUG : CVideoPlayer::ProcessAudioData size:2560 dts:25.056 pts:25.056 dur:32.000ms, clock:16.322 drop:0 level:99
2022-12-30 13:14:45.365 T:3907 DEBUG : CAMLCodec::GetTimeSize: len:24 dl:2139008 fs:2139008 front:45051
2022-12-30 13:14:45.372 T:3907 DEBUG : CAMLCodec::GetTimeSize: len:24 dl:2093957 fs:2139008 front:45051
2022-12-30 13:14:45.372 T:3907 DEBUG : CAMLCodec::GetTimeSize: len:23 dl:2093957 fs:2093957 front:142575
2022-12-30 13:14:45.379 T:3907 DEBUG : CAMLCodec::AddData: dl:2290149 sum:2290149 sz:196192 dts:17.768 pts:17.809
2022-12-30 13:14:45.379 T:3907 DEBUG : CAMLCodec::GetTimeSize: len:24 dl:2290149 fs:2290149 front:142575
2022-12-30 13:14:45.398 T:3665 INFO : Skipped 2 duplicate messages..
2022-12-30 13:14:45.398 T:3665 DEBUG : CAMLCodec::PollFrame elapsed:38.632ms
2022-12-30 13:14:45.398 T:3907 DEBUG : CAMLCodec::GetTimeSize: len:24 dl:2290149 fs:2290149 front:142575
2022-12-30 13:14:45.399 T:3665 DEBUG : PrepareNextRender: frameOnScreen: 16.357 renderPts: 16.524 nextFramePts: 16.516 -> diff: 0.008 render: 1 forceNext: 0
2022-12-30 13:14:45.400 T:3665 DEBUG : CAMLCodec::ReleaseFrame idx:397, drop:0
2022-12-30 13:14:45.404 T:3907 DEBUG : CAMLCodec::GetTimeSize: len:24 dl:2290149 fs:2290149 front:142575
2022-12-30 13:14:45.404 T:3907 DEBUG : CAMLCodec::DequeueBuffer: pts:16.767 idx:403
2022-12-30 13:14:45.404 T:3907 DEBUG : CAMLCodec::GetPicture: index: 403, pts: 16.767, dur:42ms ar:2.00
2022-12-30 13:14:45.404 T:3907 DEBUG : CVideoPlayerVideo::OutputPicture - ttd:404ms pts:16.767 Clock:16.362 Level:5
2022-12-30 13:14:45.405 T:3908 DEBUG : CVideoPlayerAudio::OutputPacket: pts:17.120 curr_pts:16.362 clock:16.363 level:99
2022-12-30 13:14:45.405 T:3907 DEBUG : CAMLCodec::GetTimeSize: len:24 dl:2290149 fs:2290149 front:142575
2022-12-30 13:14:45.412 T:3907 DEBUG : CAMLCodec::GetTimeSize: len:24 dl:2147574 fs:2290149 front:142575
2022-12-30 13:14:45.412 T:3907 DEBUG : CAMLCodec::GetTimeSize: len:23 dl:2147574 fs:2147574 front:133336
2022-12-30 13:14:45.414 T:3957 WARNING : CPythonInvoker(38, /storage/.kodi/addons/metadata.tvshows.themoviedb.org.python/main.py): the python script "/storage/.kodi/addons/metadata.tvshows.themoviedb.org.python/main.py" has left several classes in memory that we couldn't clean up. The classes include: N9XBMCAddon9xbmcaddon5AddonE
2022-12-30 13:14:45.415 T:3904 DEBUG : CVideoPlayer::ProcessVideoData size:71962 dts:24.816 pts:25.067 dur:41.000ms, clock:16.373 level:88
2022-12-30 13:14:45.415 T:3957 INFO : Python interpreter stopped
2022-12-30 13:14:45.415 T:3957 DEBUG : Thread LanguageInvoker 3673211520 terminating
2022-12-30 13:14:45.415 T:3904 DEBUG : CVideoPlayer::ProcessVideoData size:59013 dts:24.858 pts:24.983 dur:41.000ms, clock:16.373 level:88
2022-12-30 13:14:45.416 T:3904 DEBUG : CVideoPlayer::ProcessVideoData size:49271 dts:24.900 pts:24.900 dur:41.000ms, clock:16.374 level:89
2022-12-30 13:14:45.416 T:3904 DEBUG : CVideoPlayer::ProcessVideoData size:35024 dts:24.942 pts:24.942 dur:41.000ms, clock:16.374 level:89
2022-12-30 13:14:45.420 T:3904 DEBUG : CVideoPlayer::ProcessVideoData size:35476 dts:24.983 pts:25.025 dur:41.000ms, clock:16.378 level:90
2022-12-30 13:14:45.420 T:3904 DEBUG : CVideoPlayer::ProcessAudioData size:2560 dts:25.088 pts:25.088 dur:32.000ms, clock:16.378 drop:0 level:99
2022-12-30 13:14:45.431 T:3907 DEBUG : CAMLCodec::AddData: dl:2241713 sum:2241713 sz:94139 dts:17.809 pts:17.851
2022-12-30 13:14:45.431 T:3907 DEBUG : CAMLCodec::GetTimeSize: len:24 dl:2241713 fs:2241713 front:133336
2022-12-30 13:14:45.439 T:3665 INFO : Skipped 1 duplicate messages..
2022-12-30 13:14:45.439 T:3665 DEBUG : CAMLCodec::PollFrame elapsed:39.083ms
2022-12-30 13:14:45.443 T:3665 DEBUG : PrepareNextRender: frameOnScreen: 16.401 renderPts: 16.568 nextFramePts: 16.558 -> diff: 0.010 render: 1 forceNext: 0
2022-12-30 13:14:45.444 T:3907 DEBUG : CAMLCodec::GetTimeSize: len:24 dl:2241713 fs:2241713 front:133336
2022-12-30 13:14:45.444 T:3665 DEBUG : CAMLCodec::ReleaseFrame idx:398, drop:0
2022-12-30 13:14:45.447 T:3958 DEBUG : -->Python Interpreter Initialized<--
2022-12-30 13:14:45.447 T:3958 DEBUG :
2022-12-30 13:14:45.447 T:3958 DEBUG : CPythonInvoker(39, /storage/.kodi/addons/metadata.tvshows.themoviedb.org.python/main.py): the source file to load is "/storage/.kodi/addons/metadata.tvshows.themoviedb.org.python/main.py"
2022-12-30 13:14:45.447 T:3958 DEBUG : CPythonInvoker(39, /storage/.kodi/addons/metadata.tvshows.themoviedb.org.python/main.py): setting the Python path to /storage/.kodi/addons/metadata.tvshows.themoviedb.org.python:/usr/lib/python38.zip:/usr/lib/python3.8:/usr/lib/python3.8/lib-dynload:/usr/lib/python3.8/site-packages
2022-12-30 13:14:45.447 T:3958 DEBUG : CPythonInvoker(39, /storage/.kodi/addons/metadata.tvshows.themoviedb.org.python/main.py): entering source directory /storage/.kodi/addons/metadata.tvshows.themoviedb.org.python
2022-12-30 13:14:45.448 T:3958 DEBUG : CPythonInvoker(39, /storage/.kodi/addons/metadata.tvshows.themoviedb.org.python/main.py): instantiating addon using automatically obtained id of "metadata.tvshows.themoviedb.org.python" dependent on version 3.0.0 of the xbmc.python api
2022-12-30 13:14:45.450 T:3907 DEBUG : CAMLCodec::GetTimeSize: len:24 dl:2241713 fs:2241713 front:133336
2022-12-30 13:14:45.454 T:3908 DEBUG : CVideoPlayerAudio::OutputPacket: pts:17.152 curr_pts:16.412 clock:16.412 level:99
2022-12-30 13:14:45.455 T:3908 DEBUG : CVideoPlayerAudio::OutputPacket: pts:17.184 curr_pts:16.412 clock:16.413 level:99
2022-12-30 13:14:45.456 T:3907 DEBUG : CAMLCodec::GetTimeSize: len:24 dl:2241713 fs:2241713 front:133336
2022-12-30 13:14:45.461 T:3904 DEBUG : CVideoPlayer::ProcessAudioData size:2560 dts:25.120 pts:25.120 dur:32.000ms, clock:16.419 drop:0 level:99
2022-12-30 13:14:45.461 T:3904 DEBUG : CVideoPlayer::ProcessAudioData size:2560 dts:25.152 pts:25.152 dur:32.000ms, clock:16.419 drop:0 level:99
2022-12-30 13:14:45.462 T:3907 DEBUG : CAMLCodec::GetTimeSize: len:24 dl:2241713 fs:2241713 front:133336
2022-12-30 13:14:45.481 T:3665 INFO : Skipped 3 duplicate messages..
2022-12-30 13:14:45.481 T:3665 DEBUG : CAMLCodec::PollFrame elapsed:36.787ms
2022-12-30 13:14:45.482 T:3665 DEBUG : PrepareNextRender: frameOnScreen: 16.441 renderPts: 16.607 nextFramePts: 16.600 -> diff: 0.007 render: 1 forceNext: 0
2022-12-30 13:14:45.483 T:3665 DEBUG : CAMLCodec::ReleaseFrame idx:399, drop:0
2022-12-30 13:14:45.487 T:3907 DEBUG : CAMLCodec::GetTimeSize: len:24 dl:2241713 fs:2241713 front:133336
2022-12-30 13:14:45.487 T:3907 DEBUG : CAMLCodec::DequeueBuffer: pts:16.808 idx:404
2022-12-30 13:14:45.487 T:3907 DEBUG : CAMLCodec::GetPicture: index: 404, pts: 16.808, dur:41ms ar:2.00
2022-12-30 13:14:45.487 T:3907 DEBUG : CVideoPlayerVideo::OutputPicture - ttd:362ms pts:16.808 Clock:16.445 Level:4
2022-12-30 13:14:45.488 T:3907 DEBUG : CAMLCodec::GetTimeSize: len:24 dl:2241713 fs:2241713 front:133336
2022-12-30 13:14:45.495 T:3907 DEBUG : CAMLCodec::GetTimeSize: len:24 dl:2108377 fs:2241713 front:133336
2022-12-30 13:14:45.495 T:3907 DEBUG : CAMLCodec::GetTimeSize: len:23 dl:2108377 fs:2108377 front:61632
2022-12-30 13:14:45.496 T:3958 DEBUG : [metadata.tvshows.themoviedb.org.python (1.4.17)]: the cache dir is /storage/.kodi/temp/scrapers/metadata.tvshows.themoviedb.org.python
2022-12-30 13:14:45.502 T:3907 DEBUG : CAMLCodec::AddData: dl:2243567 sum:2243567 sz:135190 dts:17.851 pts:17.976
2022-12-30 13:14:45.502 T:3907 DEBUG : CAMLCodec::GetTimeSize: len:24 dl:2243567 fs:2243567 front:61632
2022-12-30 13:14:45.504 T:3908 DEBUG : CVideoPlayerAudio::OutputPacket: pts:17.216 curr_pts:16.462 clock:16.462 level:99
2022-12-30 13:14:45.505 T:3908 DEBUG : CVideoPlayerAudio::OutputPacket: pts:17.248 curr_pts:16.463 clock:16.463 level:99
2022-12-30 13:14:45.508 T:3907 DEBUG : CAMLCodec::GetTimeSize: len:24 dl:2243567 fs:2243567 front:61632
2022-12-30 13:14:45.512 T:3904 DEBUG : CVideoPlayer::ProcessAudioData size:2560 dts:25.184 pts:25.184 dur:32.000ms, clock:16.470 drop:0 level:99
2022-12-30 13:14:45.512 T:3904 DEBUG : CVideoPlayer::ProcessAudioData size:2560 dts:25.216 pts:25.216 dur:32.000ms, clock:16.470 drop:0 level:99
2022-12-30 13:14:45.515 T:3907 DEBUG : CAMLCodec::GetTimeSize: len:24 dl:2243567 fs:2243567 front:61632
2022-12-30 13:14:45.523 T:3665 INFO : Skipped 1 duplicate messages..
2022-12-30 13:14:45.523 T:3665 DEBUG : CAMLCodec::PollFrame elapsed:39.456ms
2022-12-30 13:14:45.524 T:3665 DEBUG : PrepareNextRender: frameOnScreen: 16.482 renderPts: 16.649 nextFramePts: 16.642 -> diff: 0.007 render: 1 forceNext: 0
2022-12-30 13:14:45.525 T:3665 DEBUG : CAMLCodec::ReleaseFrame idx:400, drop:0
2022-12-30 13:14:45.527 T:3907 DEBUG : CAMLCodec::GetTimeSize: len:24 dl:2243567 fs:2243567 front:61632
2022-12-30 13:14:45.527 T:3907 DEBUG : CAMLCodec::DequeueBuffer: pts:16.850 idx:405
2022-12-30 13:14:45.527 T:3907 DEBUG : CAMLCodec::GetPicture: index: 405, pts: 16.850, dur:42ms ar:2.00
2022-12-30 13:14:45.527 T:3907 DEBUG : CVideoPlayerVideo::OutputPicture - ttd:364ms pts:16.850 Clock:16.485 Level:4
2022-12-30 13:14:45.528 T:3907 DEBUG : CAMLCodec::GetTimeSize: len:24 dl:2243567 fs:2243567 front:61632
2022-12-30 13:14:45.534 T:3907 DEBUG : CAMLCodec::GetTimeSize: len:24 dl:2181935 fs:2243567 front:61632
2022-12-30 13:14:45.534 T:3907 DEBUG : CAMLCodec::GetTimeSize: len:23 dl:2181935 fs:2181935 front:51548
2022-12-30 13:14:45.534 T:3907 DEBUG : CAMLCodec::DequeueBuffer: pts:16.892 idx:406
2022-12-30 13:14:45.535 T:3907 DEBUG : CAMLCodec::GetPicture: index: 406, pts: 16.892, dur:42ms ar:2.00
2022-12-30 13:14:45.535 T:3907 DEBUG : CVideoPlayerVideo::OutputPicture - ttd:399ms pts:16.892 Clock:16.493 Level:5
2022-12-30 13:14:45.536 T:3907 DEBUG : CAMLCodec::GetTimeSize: len:23 dl:2181935 fs:2181935 front:51548
2022-12-30 13:14:45.543 T:3907 DEBUG : CAMLCodec::AddData: dl:2206999 sum:2258547 sz:76612 dts:17.893 pts:17.935
2022-12-30 13:14:45.543 T:3907 DEBUG : CAMLCodec::GetTimeSize: len:24 dl:2206999 fs:2258547 front:51548
2022-12-30 13:14:45.543 T:3907 DEBUG : CAMLCodec::GetTimeSize: len:23 dl:2206999 fs:2206999 front:45580
2022-12-30 13:14:45.550 T:3907 DEBUG : CAMLCodec::AddData: dl:2326825 sum:2326825 sz:119826 dts:17.935 pts:18.018
2022-12-30 13:14:45.551 T:3907 DEBUG : CAMLCodec::GetTimeSize: len:24 dl:2326825 fs:2326825 front:45580
2022-12-30 13:14:45.554 T:3908 DEBUG : CVideoPlayerAudio::OutputPacket: pts:17.280 curr_pts:16.512 clock:16.512 level:99
2022-12-30 13:14:45.557 T:3907 DEBUG : CAMLCodec::GetTimeSize: len:24 dl:2326825 fs:2326825 front:45580
2022-12-30 13:14:45.562 T:3904 DEBUG : CVideoPlayer::ProcessAudioData size:2560 dts:25.248 pts:25.248 dur:32.000ms, clock:16.520 drop:0 level:99
2022-12-30 13:14:45.563 T:3907 DEBUG : CAMLCodec::GetTimeSize: len:24 dl:2326825 fs:2326825 front:45580
2022-12-30 13:14:45.564 T:3665 DEBUG : CAMLCodec::PollFrame elapsed:39.357ms
2022-12-30 13:14:45.567 T:3665 DEBUG : PrepareNextRender: frameOnScreen: 16.525 renderPts: 16.692 nextFramePts: 16.683 -> diff: 0.009 render: 1 forceNext: 0
2022-12-30 13:14:45.568 T:3665 DEBUG : CAMLCodec::ReleaseFrame idx:401, drop:0
2022-12-30 13:14:45.569 T:3907 DEBUG : CAMLCodec::GetTimeSize: len:24 dl:2326825 fs:2326825 front:45580
2022-12-30 13:14:45.569 T:3907 DEBUG : CAMLCodec::DequeueBuffer: pts:16.934 idx:407
2022-12-30 13:14:45.569 T:3907 DEBUG : CAMLCodec::GetPicture: index: 407, pts: 16.934, dur:42ms ar:2.00
2022-12-30 13:14:45.569 T:3907 DEBUG : CVideoPlayerVideo::OutputPicture - ttd:406ms pts:16.934 Clock:16.527 Level:5
2022-12-30 13:14:45.570 T:3907 DEBUG : CAMLCodec::GetTimeSize: len:24 dl:2326825 fs:2326825 front:45580
2022-12-30 13:14:45.577 T:3907 DEBUG : CAMLCodec::GetTimeSize: len:24 dl:2281245 fs:2326825 front:45580
2022-12-30 13:14:45.577 T:3907 DEBUG : CAMLCodec::GetTimeSize: len:23 dl:2281245 fs:2281245 front:58615
2022-12-30 13:14:45.584 T:3907 DEBUG : CAMLCodec::AddData: dl:2360574 sum:2360574 sz:79329 dts:17.976 pts:18.185
2022-12-30 13:14:45.584 T:3907 DEBUG : CAMLCodec::GetTimeSize: len:24 dl:2360574 fs:2360574 front:58615
2022-12-30 13:14:45.604 T:3908 INFO : Skipped 3 duplicate messages..
2022-12-30 13:14:45.604 T:3908 DEBUG : CVideoPlayerAudio::OutputPacket: pts:17.312 curr_pts:16.562 clock:16.562 level:99
2022-12-30 13:14:45.605 T:3908 DEBUG : CVideoPlayerAudio::OutputPacket: pts:17.344 curr_pts:16.563 clock:16.563 level:99
2022-12-30 13:14:45.606 T:3665 DEBUG : CAMLCodec::PollFrame elapsed:38.303ms
2022-12-30 13:14:45.606 T:3958 DEBUG : [metadata.tvshows.themoviedb.org.python (1.4.17)]: Called addon with params: ['plugin://metadata.tvshows.themoviedb.org.python/', '26', '?action=find&pathSettings=%7b%22cat_landscape%22%3atrue%2c%22certprefix%22%3a%22Rated%20%22%2c%22enab_trailer%22%3atrue%2c%22enable_fanarttv%22%3atrue%2c%22fanarttv_clientkey%22%3a%22%22%2c%22imdbanyway%22%3afalse%2c%22keeporiginaltitle%22%3afalse%2c%22language%22%3a%22fr-FR%22%2c%22lastUpdated%22%3a%220%22%2c%22originalUrl%22%3a%22%22%2c%22players_opt%22%3a%22Tubed%22%2c%22previewUrl%22%3a%22%22%2c%22ratings%22%3a%22IMDb%22%2c%22studio_country%22%3atrue%2c%22tmdbanyway%22%3atrue%2c%22tmdbcertcountry%22%3a%22fr%22%2c%22traktanyway%22%3atrue%2c%22usecertprefix%22%3atrue%2c%22verboselog%22%3afalse%7d&title=Tom.Clancys.Jack.Ryan.S03.MULTi', 'resume:false']
2022-12-30 13:14:45.607 T:3958 DEBUG : [metadata.tvshows.themoviedb.org.python (1.4.17)]: performing find action
2022-12-30 13:14:45.607 T:3958 DEBUG : [metadata.tvshows.themoviedb.org.python (1.4.17)]: Searching for TV show Tom.Clancys.Jack.Ryan.S03.MULTi (None)
2022-12-30 13:14:45.607 T:3958 DEBUG : [metadata.tvshows.themoviedb.org.python (1.4.17)]: using title of Tom.Clancys.Jack.Ryan.S03.MULTi to find show
2022-12-30 13:14:45.607 T:3958 DEBUG : [metadata.tvshows.themoviedb.org.python (1.4.17)]: Calling URL "https://api.themoviedb.org/3/search/tv?api_key=af3a53eb387d57fc935e9128468b1899&language=fr-FR&query=Tom.Clancys.Jack.Ryan.S03.MULTi"
2022-12-30 13:14:45.608 T:3665 DEBUG : PrepareNextRender: frameOnScreen: 16.566 renderPts: 16.733 nextFramePts: 16.725 -> diff: 0.008 render: 1 forceNext: 0
2022-12-30 13:14:45.609 T:3907 DEBUG : CAMLCodec::GetTimeSize: len:24 dl:2360574 fs:2360574 front:58615
2022-12-30 13:14:45.609 T:3907 DEBUG : CAMLCodec::DequeueBuffer: pts:16.975 idx:408
2022-12-30 13:14:45.609 T:3907 DEBUG : CAMLCodec::GetPicture: index: 408, pts: 16.975, dur:41ms ar:2.00
2022-12-30 13:14:45.609 T:3907 DEBUG : CVideoPlayerVideo::OutputPicture - ttd:407ms pts:16.975 Clock:16.567 Level:5
2022-12-30 13:14:45.609 T:3665 DEBUG : CAMLCodec::ReleaseFrame idx:402, drop:0
2022-12-30 13:14:45.610 T:3907 DEBUG : CAMLCodec::GetTimeSize: len:24 dl:2360574 fs:2360574 front:58615
2022-12-30 13:14:45.613 T:3904 DEBUG : CVideoPlayer::ProcessAudioData size:2560 dts:25.280 pts:25.280 dur:32.000ms, clock:16.571 drop:0 level:99
2022-12-30 13:14:45.613 T:3904 DEBUG : CVideoPlayer::ProcessAudioData size:2560 dts:25.312 pts:25.312 dur:32.000ms, clock:16.571 drop:0 level:99
2022-12-30 13:14:45.616 T:3907 DEBUG : CAMLCodec::GetTimeSize: len:24 dl:2301959 fs:2360574 front:58615
2022-12-30 13:14:45.616 T:3907 DEBUG : CAMLCodec::GetTimeSize: len:23 dl:2301959 fs:2301959 front:59644
2022-12-30 13:14:45.621 T:3907 DEBUG : CAMLCodec::AddData: dl:2343090 sum:2343090 sz:41131 dts:18.018 pts:18.101
2022-12-30 13:14:45.622 T:3907 DEBUG : CAMLCodec::GetTimeSize: len:24 dl:2343090 fs:2343090 front:59644
2022-12-30 13:14:45.648 T:3665 INFO : Skipped 4 duplicate messages..
2022-12-30 13:14:45.648 T:3665 DEBUG : CAMLCodec::PollFrame elapsed:38.756ms
2022-12-30 13:14:45.652 T:3665 DEBUG : PrepareNextRender: frameOnScreen: 16.610 renderPts: 16.777 nextFramePts: 16.767 -> diff: 0.010 render: 1 forceNext: 0
2022-12-30 13:14:45.652 T:3907 DEBUG : CAMLCodec::GetTimeSize: len:24 dl:2343090 fs:2343090 front:59644
2022-12-30 13:14:45.653 T:3907 DEBUG : CAMLCodec::DequeueBuffer: pts:17.017 idx:409
2022-12-30 13:14:45.653 T:3907 DEBUG : CAMLCodec::GetPicture: index: 409, pts: 17.017, dur:42ms ar:2.00
2022-12-30 13:14:45.653 T:3907 DEBUG : CVideoPlayerVideo::OutputPicture - ttd:406ms pts:17.017 Clock:16.611 Level:5
2022-12-30 13:14:45.654 T:3907 DEBUG : CAMLCodec::GetTimeSize: len:24 dl:2343090 fs:2343090 front:59644
2022-12-30 13:14:45.655 T:3908 DEBUG : CVideoPlayerAudio::OutputPacket: pts:17.376 curr_pts:16.612 clock:16.613 level:99
2022-12-30 13:14:45.656 T:3665 DEBUG : CAMLCodec::ReleaseFrame idx:403, drop:0
2022-12-30 13:14:45.660 T:3907 DEBUG : CAMLCodec::GetTimeSize: len:24 dl:2283446 fs:2343090 front:59644
2022-12-30 13:14:45.661 T:3907 DEBUG : CAMLCodec::GetTimeSize: len:23 dl:2283446 fs:2283446 front:76594
2022-12-30 13:14:45.664 T:3904 DEBUG : CVideoPlayer::ProcessVideoData size:72730 dts:25.025 pts:25.317 dur:41.000ms, clock:16.622 level:87
2022-12-30 13:14:45.664 T:3904 DEBUG : CVideoPlayer::ProcessVideoData size:56877 dts:25.067 pts:25.192 dur:41.000ms, clock:16.622 level:88
2022-12-30 13:14:45.664 T:3904 DEBUG : CVideoPlayer::ProcessVideoData size:39687 dts:25.108 pts:25.108 dur:41.000ms, clock:16.622 level:88
2022-12-30 13:14:45.664 T:3904 DEBUG : CVideoPlayer::ProcessVideoData size:35000 dts:25.150 pts:25.150 dur:41.000ms, clock:16.623 level:89
2022-12-30 13:14:45.665 T:3904 DEBUG : CVideoPlayer::ProcessVideoData size:38669 dts:25.192 pts:25.234 dur:41.000ms, clock:16.623 level:89
2022-12-30 13:14:45.665 T:3904 DEBUG : CVideoPlayer::ProcessVideoData size:33399 dts:25.234 pts:25.275 dur:41.000ms, clock:16.623 level:90
2022-12-30 13:14:45.665 T:3904 DEBUG : CVideoPlayer::ProcessAudioData size:2560 dts:25.344 pts:25.344 dur:32.000ms, clock:16.623 drop:0 level:99
2022-12-30 13:14:45.666 T:3907 DEBUG : CAMLCodec::AddData: dl:2300248 sum:2300248 sz:16802 dts:18.060 pts:18.060
2022-12-30 13:14:45.666 T:3907 DEBUG : CAMLCodec::GetTimeSize: len:24 dl:2300248 fs:2300248 front:76594
2022-12-30 13:14:45.690 T:3665 INFO : Skipped 3 duplicate messages..
2022-12-30 13:14:45.690 T:3665 DEBUG : CAMLCodec::PollFrame elapsed:33.201ms
2022-12-30 13:14:45.691 T:3907 DEBUG : CAMLCodec::GetTimeSize: len:24 dl:2300248 fs:2300248 front:76594
2022-12-30 13:14:45.693 T:3665 DEBUG : PrepareNextRender: frameOnScreen: 16.651 renderPts: 16.817 nextFramePts: 16.808 -> diff: 0.009 render: 1 forceNext: 0
2022-12-30 13:14:45.694 T:3665 DEBUG : CAMLCodec::ReleaseFrame idx:404, drop:0
2022-12-30 13:14:45.697 T:3907 DEBUG : CAMLCodec::GetTimeSize: len:24 dl:2300248 fs:2300248 front:76594
2022-12-30 13:14:45.705 T:3908 INFO : Skipped 1 duplicate messages..
2022-12-30 13:14:45.705 T:3908 DEBUG : CVideoPlayerAudio::OutputPacket: pts:17.408 curr_pts:16.662 clock:16.663 level:99
2022-12-30 13:14:45.706 T:3908 DEBUG : CVideoPlayerAudio::OutputPacket: pts:17.440 curr_pts:16.663 clock:16.664 level:99
2022-12-30 13:14:45.706 T:3904 DEBUG : CVideoPlayer::ProcessAudioData size:2560 dts:25.376 pts:25.376 dur:32.000ms, clock:16.664 drop:0 level:99
2022-12-30 13:14:45.706 T:3904 DEBUG : CVideoPlayer::ProcessAudioData size:2560 dts:25.408 pts:25.408 dur:32.000ms, clock:16.664 drop:0 level:99
2022-12-30 13:14:45.710 T:3907 DEBUG : CAMLCodec::GetTimeSize: len:24 dl:2300248 fs:2300248 front:76594
2022-12-30 13:14:45.731 T:3665 INFO : Skipped 3 duplicate messages..
2022-12-30 13:14:45.731 T:3665 DEBUG : CAMLCodec::PollFrame elapsed:37.329ms
2022-12-30 13:14:45.734 T:3907 DEBUG : CAMLCodec::GetTimeSize: len:24 dl:2300248 fs:2300248 front:76594
2022-12-30 13:14:45.735 T:3907 DEBUG : CAMLCodec::DequeueBuffer: pts:17.059 idx:410
2022-12-30 13:14:45.735 T:3907 DEBUG : CAMLCodec::GetPicture: index: 410, pts: 17.059, dur:42ms ar:2.00
2022-12-30 13:14:45.735 T:3907 DEBUG : CVideoPlayerVideo::OutputPicture - ttd:366ms pts:17.059 Clock:16.693 Level:5
2022-12-30 13:14:45.735 T:3665 DEBUG : PrepareNextRender: frameOnScreen: 16.693 renderPts: 16.860 nextFramePts: 16.850 -> diff: 0.010 render: 1 forceNext: 0
2022-12-30 13:14:45.736 T:3907 DEBUG : CAMLCodec::GetTimeSize: len:24 dl:2300248 fs:2300248 front:76594
2022-12-30 13:14:45.736 T:3665 DEBUG : CAMLCodec::ReleaseFrame idx:405, drop:0
2022-12-30 13:14:45.742 T:3907 DEBUG : CAMLCodec::GetTimeSize: len:24 dl:2223654 fs:2300248 front:76594
2022-12-30 13:14:45.742 T:3907 DEBUG : CAMLCodec::GetTimeSize: len:23 dl:2223654 fs:2223654 front:88287
2022-12-30 13:14:45.747 T:3907 DEBUG : CAMLCodec::AddData: dl:2233645 sum:2233645 sz:9991 dts:18.101 pts:18.143
2022-12-30 13:14:45.747 T:3907 DEBUG : CAMLCodec::GetTimeSize: len:24 dl:2233645 fs:2233645 front:88287
2022-12-30 13:14:45.755 T:3908 INFO : Skipped 1 duplicate messages..
2022-12-30 13:14:45.755 T:3908 DEBUG : CVideoPlayerAudio::OutputPacket: pts:17.472 curr_pts:16.712 clock:16.713 level:99
2022-12-30 13:14:45.756 T:3904 DEBUG : CVideoPlayer::ProcessAudioData size:2560 dts:25.440 pts:25.440 dur:32.000ms, clock:16.715 drop:0 level:99
2022-12-30 13:14:45.760 T:3907 DEBUG : CAMLCodec::GetTimeSize: len:24 dl:2233645 fs:2233645 front:88287
2022-12-30 13:14:45.773 T:3665 INFO : Skipped 2 duplicate messages..
2022-12-30 13:14:45.773 T:3665 DEBUG : CAMLCodec::PollFrame elapsed:36.628ms
2022-12-30 13:14:45.776 T:3665 DEBUG : PrepareNextRender: frameOnScreen: 16.734 renderPts: 16.901 nextFramePts: 16.892 -> diff: 0.009 render: 1 forceNext: 0
2022-12-30 13:14:45.778 T:3665 DEBUG : CAMLCodec::ReleaseFrame idx:406, drop:0
2022-12-30 13:14:45.779 T:3907 DEBUG : CAMLCodec::GetTimeSize: len:24 dl:2233645 fs:2233645 front:88287
2022-12-30 13:14:45.779 T:3907 DEBUG : CAMLCodec::DequeueBuffer: pts:17.100 idx:411
2022-12-30 13:14:45.779 T:3907 DEBUG : CAMLCodec::GetPicture: index: 411, pts: 17.100, dur:41ms ar:2.00
2022-12-30 13:14:45.779 T:3907 DEBUG : CVideoPlayerVideo::OutputPicture - ttd:363ms pts:17.100 Clock:16.737 Level:4
2022-12-30 13:14:45.780 T:3907 DEBUG : CAMLCodec::GetTimeSize: len:24 dl:2233645 fs:2233645 front:88287
2022-12-30 13:14:45.786 T:3907 DEBUG : CAMLCodec::GetTimeSize: len:24 dl:2145358 fs:2233645 front:88287
2022-12-30 13:14:45.786 T:3907 DEBUG : CAMLCodec::GetTimeSize: len:23 dl:2145358 fs:2145358 front:164969
2022-12-30 13:14:45.794 T:3907 DEBUG : CAMLCodec::AddData: dl:2286856 sum:2286856 sz:141498 dts:18.143 pts:18.352
2022-12-30 13:14:45.794 T:3907 DEBUG : CAMLCodec::GetTimeSize: len:24 dl:2286856 fs:2286856 front:164969
2022-12-30 13:14:45.805 T:3908 INFO : Skipped 1 duplicate messages..
2022-12-30 13:14:45.805 T:3908 DEBUG : CVideoPlayerAudio::OutputPacket: pts:17.504 curr_pts:16.762 clock:16.763 level:99
2022-12-30 13:14:45.806 T:3908 DEBUG : CVideoPlayerAudio::OutputPacket: pts:17.536 curr_pts:16.763 clock:16.764 level:99
2022-12-30 13:14:45.807 T:3907 DEBUG : CAMLCodec::GetTimeSize: len:24 dl:2286856 fs:2286856 front:164969
2022-12-30 13:14:45.807 T:3904 DEBUG : CVideoPlayer::ProcessAudioData size:2560 dts:25.472 pts:25.472 dur:32.000ms, clock:16.765 drop:0 level:99
2022-12-30 13:14:45.807 T:3904 DEBUG : CVideoPlayer::ProcessAudioData size:2560 dts:25.504 pts:25.504 dur:32.000ms, clock:16.766 drop:0 level:99
2022-12-30 13:14:45.811 T:3719 WARNING : No information found for item '/media/SSD1To/Series/Tom.Clancys.Jack.Ryan.S03.MULTi.1080p.WEBRip.DDP5.1.x265-R3MiX/', it won't be added to the library.
2022-12-30 13:14:45.813 T:3907 DEBUG : CAMLCodec::GetTimeSize: len:24 dl:2286856 fs:2286856 front:164969
2022-12-30 13:14:45.814 T:3958 INFO : CPythonInvoker(39, /storage/.kodi/addons/metadata.tvshows.themoviedb.org.python/main.py): script successfully run
2022-12-30 13:14:45.814 T:3958 DEBUG : onExecutionDone(39, /storage/.kodi/addons/metadata.tvshows.themoviedb.org.python/main.py)
2022-12-30 13:14:45.817 T:3719 DEBUG : FindMovie: Searching for 'Tom Clancys Jack Ryan S03 Vostfr 2160p WEB-DL DDP5 1 HDR x265-Notag' using TMDb TV Shows scraper (path: '/storage/.kodi/addons/metadata.tvshows.themoviedb.org.python/', content: 'tvshows', version: '1.4.17')
2022-12-30 13:14:45.818 T:3665 DEBUG : CAMLCodec::PollFrame elapsed:40.304ms
2022-12-30 13:14:45.820 T:3907 DEBUG : CAMLCodec::GetTimeSize: len:24 dl:2286856 fs:2286856 front:164969
2022-12-30 13:14:45.827 T:3719 INFO : Skipped 1 duplicate messages..
2022-12-30 13:14:45.827 T:3719 DEBUG : StartScript - calling plugin TMDb TV Shows('plugin://metadata.tvshows.themoviedb.org.python/','27','?action=find&pathSettings=%7b%22cat_landscape%22%3atrue%2c%22certprefix%22%3a%22Rated%20%22%2c%22enab_trailer%22%3atrue%2c%22enable_fanarttv%22%3atrue%2c%22fanarttv_clientkey%22%3a%22%22%2c%22imdbanyway%22%3afalse%2c%22keeporiginaltitle%22%3afalse%2c%22language%22%3a%22fr-FR%22%2c%22lastUpdated%22%3a%220%22%2c%22originalUrl%22%3a%22%22%2c%22players_opt%22%3a%22Tubed%22%2c%22previewUrl%22%3a%22%22%2c%22ratings%22%3a%22IMDb%22%2c%22studio_country%22%3atrue%2c%22tmdbanyway%22%3atrue%2c%22tmdbcertcountry%22%3a%22fr%22%2c%22traktanyway%22%3atrue%2c%22usecertprefix%22%3atrue%2c%22verboselog%22%3afalse%7d&title=Tom%20Clancys%20Jack%20Ryan%20S03%20Vostfr%202160p%20WEB-DL%20DDP5%201%20HDR%20x265-Notag','resume:false')
2022-12-30 13:14:45.828 T:3665 DEBUG : PrepareNextRender: frameOnScreen: 16.786 renderPts: 16.953 nextFramePts: 16.934 -> diff: 0.019 render: 1 forceNext: 0
2022-12-30 13:14:45.829 T:3665 DEBUG : CAMLCodec::ReleaseFrame idx:407, drop:0
2022-12-30 13:14:45.829 T:3959 DEBUG : Thread LanguageInvoker start, auto delete: false
2022-12-30 13:14:45.829 T:3959 INFO : initializing python engine.
2022-12-30 13:14:45.830 T:3959 DEBUG : CPythonInvoker(40, /storage/.kodi/addons/metadata.tvshows.themoviedb.org.python/main.py): start processing
2022-12-30 13:14:45.832 T:3907 DEBUG : CAMLCodec::GetTimeSize: len:24 dl:2286856 fs:2286856 front:164969
2022-12-30 13:14:45.854 T:3908 INFO : Skipped 3 duplicate messages..
2022-12-30 13:14:45.854 T:3908 DEBUG : CVideoPlayerAudio::OutputPacket: pts:17.568 curr_pts:16.812 clock:16.812 level:99
2022-12-30 13:14:45.855 T:3908 DEBUG : CVideoPlayerAudio::OutputPacket: pts:17.600 curr_pts:16.812 clock:16.813 level:99
2022-12-30 13:14:45.856 T:3665 DEBUG : CAMLCodec::PollFrame elapsed:27.507ms
2022-12-30 13:14:45.857 T:3907 DEBUG : CAMLCodec::GetTimeSize: len:24 dl:2286856 fs:2286856 front:164969
2022-12-30 13:14:45.858 T:3904 DEBUG : CVideoPlayer::ProcessAudioData size:2560 dts:25.536 pts:25.536 dur:32.000ms, clock:16.816 drop:0 level:99
2022-12-30 13:14:45.858 T:3904 DEBUG : CVideoPlayer::ProcessAudioData size:2560 dts:25.568 pts:25.568 dur:32.000ms, clock:16.816 drop:0 level:99
2022-12-30 13:14:45.858 T:3665 DEBUG : PrepareNextRender: frameOnScreen: 16.817 renderPts: 16.983 nextFramePts: 16.975 -> diff: 0.008 render: 1 forceNext: 0
2022-12-30 13:14:45.859 T:3665 DEBUG : CAMLCodec::ReleaseFrame idx:408, drop:0
2022-12-30 13:14:45.863 T:3907 DEBUG : CAMLCodec::GetTimeSize: len:24 dl:2286856 fs:2286856 front:164969
2022-12-30 13:14:45.863 T:3907 DEBUG : CAMLCodec::DequeueBuffer: pts:17.142 idx:412
2022-12-30 13:14:45.863 T:3907 DEBUG : CAMLCodec::GetPicture: index: 412, pts: 17.142, dur:42ms ar:2.00
2022-12-30 13:14:45.863 T:3907 DEBUG : CVideoPlayerVideo::OutputPicture - ttd:320ms pts:17.142 Clock:16.822 Level:3
2022-12-30 13:14:45.865 T:3907 DEBUG : CAMLCodec::GetTimeSize: len:24 dl:2286856 fs:2286856 front:164969
2022-12-30 13:14:45.871 T:3907 DEBUG : CAMLCodec::GetTimeSize: len:24 dl:2121887 fs:2286856 front:164969
2022-12-30 13:14:45.871 T:3907 DEBUG : CAMLCodec::GetTimeSize: len:23 dl:2121887 fs:2121887 front:62520
2022-12-30 13:14:45.871 T:3907 DEBUG : CAMLCodec::DequeueBuffer: pts:17.184 idx:413
2022-12-30 13:14:45.871 T:3907 DEBUG : CAMLCodec::GetPicture: index: 413, pts: 17.184, dur:42ms ar:2.00
2022-12-30 13:14:45.871 T:3907 DEBUG : CVideoPlayerVideo::OutputPicture - ttd:354ms pts:17.184 Clock:16.829 Level:4
2022-12-30 13:14:45.872 T:3907 DEBUG : CAMLCodec::GetTimeSize: len:23 dl:2121887 fs:2121887 front:62520
2022-12-30 13:14:45.878 T:3907 DEBUG : CAMLCodec::AddData: dl:2099029 sum:2161549 sz:39662 dts:18.185 pts:18.268
2022-12-30 13:14:45.878 T:3907 DEBUG : CAMLCodec::GetTimeSize: len:24 dl:2099029 fs:2161549 front:62520
2022-12-30 13:14:45.878 T:3907 DEBUG : CAMLCodec::GetTimeSize: len:23 dl:2099029 fs:2099029 front:125299
2022-12-30 13:14:45.878 T:3907 DEBUG : CAMLCodec::DequeueBuffer: pts:17.226 idx:414
2022-12-30 13:14:45.878 T:3907 DEBUG : CAMLCodec::GetPicture: index: 414, pts: 17.226, dur:42ms ar:2.00
2022-12-30 13:14:45.878 T:3907 DEBUG : CVideoPlayerVideo::OutputPicture - ttd:390ms pts:17.226 Clock:16.836 Level:5
2022-12-30 13:14:45.879 T:3907 DEBUG : CAMLCodec::GetTimeSize: len:23 dl:2099029 fs:2099029 front:125299
2022-12-30 13:14:45.884 T:3907 DEBUG : CAMLCodec::AddData: dl:2115998 sum:2115998 sz:16969 dts:18.227 pts:18.227
2022-12-30 13:14:45.884 T:3907 DEBUG : CAMLCodec::GetTimeSize: len:24 dl:2115998 fs:2115998 front:125299
2022-12-30 13:14:45.890 T:3907 DEBUG : CAMLCodec::GetTimeSize: len:24 dl:1990699 fs:2115998 front:125299
2022-12-30 13:14:45.891 T:3907 DEBUG : CAMLCodec::GetTimeSize: len:23 dl:1990699 fs:1990699 front:109665
2022-12-30 13:14:45.896 T:3907 DEBUG : CAMLCodec::AddData: dl:2026317 sum:2026317 sz:35618 dts:18.268 pts:18.310
2022-12-30 13:14:45.896 T:3907 DEBUG : CAMLCodec::GetTimeSize: len:24 dl:2026317 fs:2026317 front:109665
2022-12-30 13:14:45.898 T:3665 DEBUG : CAMLCodec::PollFrame elapsed:38.673ms
2022-12-30 13:14:45.900 T:3665 DEBUG : PrepareNextRender: frameOnScreen: 16.858 renderPts: 17.025 nextFramePts: 17.017 -> diff: 0.008 render: 1 forceNext: 0
2022-12-30 13:14:45.901 T:3665 DEBUG : CAMLCodec::ReleaseFrame idx:409, drop:0
2022-12-30 13:14:45.902 T:3907 DEBUG : CAMLCodec::GetTimeSize: len:24 dl:2026317 fs:2026317 front:109665
2022-12-30 13:14:45.902 T:3907 DEBUG : CAMLCodec::DequeueBuffer: pts:17.267 idx:415
2022-12-30 13:14:45.902 T:3907 DEBUG : CAMLCodec::GetPicture: index: 415, pts: 17.267, dur:41ms ar:2.00
2022-12-30 13:14:45.902 T:3907 DEBUG : CVideoPlayerVideo::OutputPicture - ttd:406ms pts:17.267 Clock:16.860 Level:5
2022-12-30 13:14:45.903 T:3907 DEBUG : CAMLCodec::GetTimeSize: len:24 dl:2026317 fs:2026317 front:109665
2022-12-30 13:14:45.905 T:3908 DEBUG : CVideoPlayerAudio::OutputPacket: pts:17.632 curr_pts:16.862 clock:16.863 level:99
2022-12-30 13:14:45.910 T:3904 DEBUG : CVideoPlayer::ProcessVideoData size:66754 dts:25.275 pts:25.567 dur:41.000ms, clock:16.868 level:87
2022-12-30 13:14:45.910 T:3904 DEBUG : CVideoPlayer::ProcessVideoData size:56413 dts:25.317 pts:25.442 dur:41.000ms, clock:16.868 level:88
