2022-12-30 13:14:32.316 T:3907 DEBUG : CAMLCodec::GetTimeSize: len:24 dl:453155 fs:479164 front:26009
2022-12-30 13:14:32.316 T:3907 DEBUG : CAMLCodec::GetTimeSize: len:23 dl:453155 fs:453155 front:29274
2022-12-30 13:14:32.321 T:3907 DEBUG : CAMLCodec::AddData: dl:461648 sum:461648 sz:8493 dts:4.838 pts:5.047
2022-12-30 13:14:32.321 T:3907 DEBUG : CAMLCodec::GetTimeSize: len:24 dl:461648 fs:461648 front:29274
2022-12-30 13:14:32.343 T:3665 INFO : Skipped 3 duplicate messages..
2022-12-30 13:14:32.343 T:3665 DEBUG : CAMLCodec::PollFrame elapsed:38.879ms
2022-12-30 13:14:32.344 T:3665 DEBUG : ------ Window Init (DialogSeekBar.xml) ------
2022-12-30 13:14:32.346 T:3907 DEBUG : CAMLCodec::GetTimeSize: len:24 dl:461648 fs:461648 front:29274
2022-12-30 13:14:32.346 T:3907 DEBUG : CAMLCodec::DequeueBuffer: pts:3.837 idx:93
2022-12-30 13:14:32.346 T:3907 DEBUG : CAMLCodec::GetPicture: index: 93, pts: 3.837, dur:42ms ar:2.00
2022-12-30 13:14:32.346 T:3907 DEBUG : CVideoPlayerVideo::OutputPicture - ttd:401ms pts:3.837 Clock:3.435 Level:6
2022-12-30 13:14:32.347 T:3907 DEBUG : CAMLCodec::SetSpeed, speed(0)
2022-12-30 13:14:32.347 T:3907 DEBUG : CAMLCodec::AddData: dl:473630 sum:473630 sz:11982 dts:4.880 pts:4.963
2022-12-30 13:14:32.347 T:3907 DEBUG : CAMLCodec::GetTimeSize: len:25 dl:473630 fs:473630 front:29274
2022-12-30 13:14:32.353 T:3665 DEBUG : PrepareNextRender: frameOnScreen: 3.436 renderPts: 3.603 nextFramePts: 3.587 -> diff: 0.016 render: 1 forceNext: 0
2022-12-30 13:14:32.354 T:3907 DEBUG : CAMLCodec::AddData: dl:456696 sum:485970 sz:12340 dts:4.922 pts:4.922
2022-12-30 13:14:32.354 T:3907 DEBUG : CAMLCodec::GetTimeSize: len:26 dl:456696 fs:485970 front:29274
2022-12-30 13:14:32.354 T:3907 DEBUG : CAMLCodec::GetTimeSize: len:25 dl:456696 fs:456696 front:35386
2022-12-30 13:14:32.354 T:3908 DEBUG : CVideoPlayerAudio - CDVDMsg::PLAYER_SETSPEED: 0.000000 last: 1000
2022-12-30 13:14:32.354 T:3908 DEBUG : CDVDAudio::Pause - pausing audio stream
2022-12-30 13:14:32.354 T:3671 DEBUG : ffmpeg[0x28b2ce8X]: [SWR] Using fltp internally between filters
2022-12-30 13:14:32.355 T:3665 DEBUG : CAMLCodec::ReleaseFrame idx:87, drop:0
2022-12-30 13:14:32.360 T:3907 DEBUG : CAMLCodec::AddData: dl:465683 sum:465683 sz:8987 dts:4.963 pts:5.005
2022-12-30 13:14:32.360 T:3907 DEBUG : CAMLCodec::GetTimeSize: len:26 dl:465683 fs:465683 front:35386
2022-12-30 13:14:32.366 T:3907 DEBUG : CAMLCodec::AddData: dl:469014 sum:469014 sz:3331 dts:5.005 pts:5.130
2022-12-30 13:14:32.366 T:3907 DEBUG : CAMLCodec::GetTimeSize: len:27 dl:469014 fs:469014 front:35386
2022-12-30 13:14:32.373 T:3907 DEBUG : CAMLCodec::AddData: dl:477157 sum:477157 sz:8143 dts:5.047 pts:5.088
2022-12-30 13:14:32.373 T:3907 DEBUG : CAMLCodec::GetTimeSize: len:28 dl:477157 fs:477157 front:35386
2022-12-30 13:14:32.380 T:3907 DEBUG : CAMLCodec::AddData: dl:479939 sum:479939 sz:2782 dts:5.088 pts:5.297
2022-12-30 13:14:32.380 T:3907 DEBUG : CAMLCodec::GetTimeSize: len:29 dl:479939 fs:479939 front:35386
2022-12-30 13:14:32.385 T:3665 DEBUG : CAMLCodec::PollFrame elapsed:29.485ms
2022-12-30 13:14:32.385 T:3926 INFO : Python interpreter stopped
2022-12-30 13:14:32.385 T:3926 DEBUG : Thread LanguageInvoker 3673211520 terminating
2022-12-30 13:14:32.387 T:3907 DEBUG : CAMLCodec::AddData: dl:487494 sum:487494 sz:7555 dts:5.130 pts:5.214
2022-12-30 13:14:32.387 T:3907 DEBUG : CAMLCodec::GetTimeSize: len:30 dl:487494 fs:487494 front:35386
2022-12-30 13:14:32.387 T:3907 DEBUG : CAMLCodec::DequeueBuffer: pts:3.879 idx:94
2022-12-30 13:14:32.387 T:3907 DEBUG : CAMLCodec::GetPicture: index: 94, pts: 3.879, dur:42ms ar:2.00
2022-12-30 13:14:32.387 T:3907 DEBUG : CVideoPlayerVideo::OutputPicture - ttd:442ms pts:3.879 Clock:3.436 Level:6
2022-12-30 13:14:32.388 T:3907 DEBUG : CAMLCodec::AddData: dl:493132 sum:493132 sz:5638 dts:5.172 pts:5.172
2022-12-30 13:14:32.388 T:3907 DEBUG : CAMLCodec::GetTimeSize: len:31 dl:493132 fs:493132 front:35386
2022-12-30 13:14:32.388 T:3907 DEBUG : CAMLCodec::DequeueBuffer: pts:3.921 idx:95
2022-12-30 13:14:32.388 T:3907 DEBUG : CAMLCodec::GetPicture: index: 95, pts: 3.921, dur:42ms ar:2.00
2022-12-30 13:14:32.389 T:3665 DEBUG : PrepareNextRender: frameOnScreen: 3.436 renderPts: 3.603 nextFramePts: 3.629 -> diff: -0.026 render: 0 forceNext: 0
2022-12-30 13:14:32.391 T:3665 DEBUG : CAMLCodec::ReleaseFrame idx:88, drop:0
2022-12-30 13:14:32.397 T:3719 WARNING : No information found for item '/media/SSD1To/Series/A trier/', it won't be added to the library.
2022-12-30 13:14:32.400 T:3927 INFO : CPythonInvoker(23, /storage/.kodi/addons/metadata.tvshows.themoviedb.org.python/main.py): script successfully run
2022-12-30 13:14:32.400 T:3927 DEBUG : onExecutionDone(23, /storage/.kodi/addons/metadata.tvshows.themoviedb.org.python/main.py)
2022-12-30 13:14:32.403 T:3719 DEBUG : FindMovie: Searching for 'Arcane S01 MULTi' using TMDb TV Shows scraper (path: '/storage/.kodi/addons/metadata.tvshows.themoviedb.org.python/', content: 'tvshows', version: '1.4.17')
2022-12-30 13:14:32.407 T:3719 DEBUG : StartScript - calling plugin TMDb TV Shows('plugin://metadata.tvshows.themoviedb.org.python/','11','?action=find&pathSettings=%7b%22cat_landscape%22%3atrue%2c%22certprefix%22%3a%22Rated%20%22%2c%22enab_trailer%22%3atrue%2c%22enable_fanarttv%22%3atrue%2c%22fanarttv_clientkey%22%3a%22%22%2c%22imdbanyway%22%3afalse%2c%22keeporiginaltitle%22%3afalse%2c%22language%22%3a%22fr-FR%22%2c%22lastUpdated%22%3a%220%22%2c%22originalUrl%22%3a%22%22%2c%22players_opt%22%3a%22Tubed%22%2c%22previewUrl%22%3a%22%22%2c%22ratings%22%3a%22IMDb%22%2c%22studio_country%22%3atrue%2c%22tmdbanyway%22%3atrue%2c%22tmdbcertcountry%22%3a%22fr%22%2c%22traktanyway%22%3atrue%2c%22usecertprefix%22%3atrue%2c%22verboselog%22%3afalse%7d&title=Arcane%20S01%20MULTi','resume:false')
2022-12-30 13:14:32.408 T:3932 DEBUG : Thread LanguageInvoker start, auto delete: false
2022-12-30 13:14:32.408 T:3932 INFO : initializing python engine.
2022-12-30 13:14:32.408 T:3932 DEBUG : CPythonInvoker(24, /storage/.kodi/addons/metadata.tvshows.themoviedb.org.python/main.py): start processing
2022-12-30 13:14:32.426 T:3665 DEBUG : CAMLCodec::PollFrame elapsed:35.618ms
2022-12-30 13:14:32.430 T:3665 DEBUG : PrepareNextRender: frameOnScreen: 3.436 renderPts: 3.603 nextFramePts: 3.670 -> diff: -0.067 render: 0 forceNext: 0
2022-12-30 13:14:32.430 T:3907 DEBUG : CVideoPlayerVideo::OutputPicture - ttd:484ms pts:3.921 Clock:3.436 Level:6
2022-12-30 13:14:32.431 T:3907 DEBUG : CAMLCodec::AddData: dl:458695 sum:494081 sz:949 dts:5.214 pts:5.255
2022-12-30 13:14:32.431 T:3907 DEBUG : CAMLCodec::GetTimeSize: len:32 dl:458695 fs:494081 front:35386
2022-12-30 13:14:32.431 T:3907 DEBUG : CAMLCodec::GetTimeSize: len:31 dl:458695 fs:458695 front:29001
2022-12-30 13:14:32.431 T:3907 DEBUG : CAMLCodec::DequeueBuffer: pts:3.962 idx:96
2022-12-30 13:14:32.431 T:3907 DEBUG : CAMLCodec::GetPicture: index: 96, pts: 3.962, dur:41ms ar:2.00
2022-12-30 13:14:32.468 T:3665 DEBUG : CAMLCodec::PollFrame elapsed:37.030ms
2022-12-30 13:14:32.471 T:3665 DEBUG : PrepareNextRender: frameOnScreen: 3.436 renderPts: 3.603 nextFramePts: 3.670 -> diff: -0.067 render: 0 forceNext: 0
2022-12-30 13:14:32.478 T:3908 DEBUG : CVideoPlayerAudio - CDVDMsg::PLAYER_SETSPEED: 1000.000000 last: 0
2022-12-30 13:14:32.478 T:3908 DEBUG : CDVDAudio::Resume - resume audio stream
2022-12-30 13:14:32.479 T:3908 DEBUG : CVideoPlayerAudio::OutputPacket: pts:4.160 curr_pts:0.000 clock:3.437 level:99
2022-12-30 13:14:32.479 T:3908 DEBUG : CVideoPlayerAudio::OutputPacket: pts:4.192 curr_pts:3.673 clock:3.437 level:99
2022-12-30 13:14:32.479 T:3908 DEBUG : CVideoPlayerAudio::OutputPacket: pts:4.224 curr_pts:3.674 clock:3.437 level:98
2022-12-30 13:14:32.480 T:3671 DEBUG : ActiveAE - start sync of audio stream
2022-12-30 13:14:32.482 T:3908 DEBUG : CVideoPlayerAudio::OutputPacket: pts:4.256 curr_pts:3.676 clock:3.440 level:98
2022-12-30 13:14:32.482 T:3908 DEBUG : CVideoPlayerAudio::OutputPacket: pts:4.288 curr_pts:3.677 clock:3.440 level:98
2022-12-30 13:14:32.483 T:3908 DEBUG : CVideoPlayerAudio::OutputPacket: pts:4.320 curr_pts:3.677 clock:3.441 level:97
2022-12-30 13:14:32.484 T:3908 DEBUG : CVideoPlayerAudio::OutputPacket: pts:4.352 curr_pts:3.678 clock:3.442 level:97
2022-12-30 13:14:32.484 T:3908 DEBUG : CVideoPlayerAudio::OutputPacket: pts:4.384 curr_pts:3.679 clock:3.442 level:96
2022-12-30 13:14:32.488 T:3904 DEBUG : CVideoPlayer::ProcessAudioData size:2560 dts:12.128 pts:12.128 dur:32.000ms, clock:3.446 drop:0 level:96
2022-12-30 13:14:32.488 T:3904 DEBUG : CVideoPlayer::ProcessAudioData size:2560 dts:12.160 pts:12.160 dur:32.000ms, clock:3.446 drop:0 level:97
2022-12-30 13:14:32.488 T:3904 DEBUG : CVideoPlayer::ProcessAudioData size:2560 dts:12.192 pts:12.192 dur:32.000ms, clock:3.446 drop:0 level:97
2022-12-30 13:14:32.488 T:3904 DEBUG : CVideoPlayer::ProcessAudioData size:2560 dts:12.224 pts:12.224 dur:32.000ms, clock:3.446 drop:0 level:98
2022-12-30 13:14:32.489 T:3904 DEBUG : CVideoPlayer::ProcessAudioData size:2560 dts:12.256 pts:12.256 dur:32.000ms, clock:3.447 drop:0 level:98
2022-12-30 13:14:32.489 T:3904 DEBUG : CVideoPlayer::ProcessAudioData size:2560 dts:12.288 pts:12.288 dur:32.000ms, clock:3.447 drop:0 level:98
2022-12-30 13:14:32.489 T:3904 DEBUG : CVideoPlayer::ProcessAudioData size:2560 dts:12.320 pts:12.320 dur:32.000ms, clock:3.447 drop:0 level:99
2022-12-30 13:14:32.489 T:3904 DEBUG : CVideoPlayer::ProcessAudioData size:2560 dts:12.352 pts:12.352 dur:32.000ms, clock:3.447 drop:0 level:99
2022-12-30 13:14:32.510 T:3665 DEBUG : CAMLCodec::PollFrame elapsed:37.684ms
2022-12-30 13:14:32.512 T:3665 DEBUG : PrepareNextRender: frameOnScreen: 3.470 renderPts: 3.636 nextFramePts: 3.670 -> diff: -0.034 render: 0 forceNext: 0
2022-12-30 13:14:32.513 T:3665 DEBUG : CAMLCodec::ReleaseFrame idx:89, drop:0
2022-12-30 13:14:32.551 T:3665 DEBUG : CAMLCodec::PollFrame elapsed:38.521ms
2022-12-30 13:14:32.553 T:3665 DEBUG : PrepareNextRender: frameOnScreen: 3.512 renderPts: 3.678 nextFramePts: 3.712 -> diff: -0.034 render: 0 forceNext: 0
2022-12-30 13:14:32.554 T:3907 DEBUG : CVideoPlayerVideo::OutputPicture - ttd:525ms pts:3.962 Clock:3.436 Level:6
2022-12-30 13:14:32.554 T:3907 DEBUG : CAMLCodec::SetSpeed, speed(1000)
2022-12-30 13:14:32.554 T:3907 DEBUG : CAMLCodec::AddData: dl:393924 sum:460063 sz:1368 dts:5.255 pts:5.672
2022-12-30 13:14:32.554 T:3907 DEBUG : CAMLCodec::GetTimeSize: len:32 dl:393924 fs:460063 front:29001
2022-12-30 13:14:32.554 T:3907 DEBUG : CAMLCodec::GetTimeSize: len:31 dl:393924 fs:431062 front:37138
2022-12-30 13:14:32.554 T:3907 DEBUG : CAMLCodec::GetTimeSize: len:30 dl:393924 fs:393924 front:38038
2022-12-30 13:14:32.554 T:3908 DEBUG : CVideoPlayerAudio::OutputPacket: pts:4.416 curr_pts:3.699 clock:3.512 level:99
2022-12-30 13:14:32.555 T:3908 DEBUG : CVideoPlayerAudio::OutputPacket: pts:4.448 curr_pts:3.699 clock:3.513 level:99
2022-12-30 13:14:32.560 T:3904 DEBUG : CVideoPlayer::ProcessAudioData size:2560 dts:12.384 pts:12.384 dur:32.000ms, clock:3.518 drop:0 level:99
2022-12-30 13:14:32.560 T:3904 DEBUG : CVideoPlayer::ProcessAudioData size:2560 dts:12.416 pts:12.416 dur:32.000ms, clock:3.518 drop:0 level:99
2022-12-30 13:14:32.560 T:3907 DEBUG : CAMLCodec::GetTimeSize: len:30 dl:393924 fs:393924 front:38038
2022-12-30 13:14:32.593 T:3665 INFO : Skipped 5 duplicate messages..
2022-12-30 13:14:32.593 T:3665 DEBUG : CAMLCodec::PollFrame elapsed:38.343ms
2022-12-30 13:14:32.595 T:3665 DEBUG : PrepareNextRender: frameOnScreen: 3.553 renderPts: 3.720 nextFramePts: 3.712 -> diff: 0.008 render: 1 forceNext: 0
2022-12-30 13:14:32.596 T:3665 DEBUG : CAMLCodec::ReleaseFrame idx:90, drop:0
2022-12-30 13:14:32.598 T:3907 DEBUG : CAMLCodec::GetTimeSize: len:30 dl:393924 fs:393924 front:38038
2022-12-30 13:14:32.598 T:3907 DEBUG : CAMLCodec::DequeueBuffer: pts:4.004 idx:97
2022-12-30 13:14:32.598 T:3907 DEBUG : CAMLCodec::GetPicture: index: 97, pts: 4.004, dur:42ms ar:2.00
2022-12-30 13:14:32.598 T:3907 DEBUG : CVideoPlayerVideo::OutputPicture - ttd:448ms pts:4.004 Clock:3.556 Level:6
2022-12-30 13:14:32.599 T:3907 DEBUG : CAMLCodec::GetTimeSize: len:30 dl:393924 fs:393924 front:38038
2022-12-30 13:14:32.603 T:3671 DEBUG : ActiveAE::SyncStream - average error of 216.720948, start adjusting
2022-12-30 13:14:32.604 T:3671 DEBUG : ActiveAE::SyncStream - delay frames:2400 error 167ms
2022-12-30 13:14:32.605 T:3907 DEBUG : CAMLCodec::GetTimeSize: len:30 dl:355886 fs:393924 front:38038
2022-12-30 13:14:32.605 T:3907 DEBUG : CAMLCodec::GetTimeSize: len:29 dl:355886 fs:355886 front:36705
2022-12-30 13:14:32.635 T:3665 INFO : Skipped 4 duplicate messages..
2022-12-30 13:14:32.635 T:3665 DEBUG : CAMLCodec::PollFrame elapsed:38.545ms
2022-12-30 13:14:32.636 T:3907 DEBUG : CAMLCodec::GetTimeSize: len:29 dl:355886 fs:355886 front:36705
2022-12-30 13:14:32.637 T:3665 DEBUG : PrepareNextRender: frameOnScreen: 3.595 renderPts: 3.762 nextFramePts: 3.754 -> diff: 0.008 render: 1 forceNext: 0
2022-12-30 13:14:32.638 T:3665 DEBUG : CAMLCodec::ReleaseFrame idx:91, drop:0
2022-12-30 13:14:32.642 T:3907 DEBUG : CAMLCodec::GetTimeSize: len:29 dl:355886 fs:355886 front:36705
2022-12-30 13:14:32.653 T:3671 INFO : Skipped 1 duplicate messages..
2022-12-30 13:14:32.653 T:3671 DEBUG : ActiveAE::SyncStream - delay frames:2400 error 117ms
2022-12-30 13:14:32.655 T:3907 DEBUG : CAMLCodec::GetTimeSize: len:29 dl:355886 fs:355886 front:36705
2022-12-30 13:14:32.677 T:3665 INFO : Skipped 3 duplicate messages..
2022-12-30 13:14:32.677 T:3665 DEBUG : CAMLCodec::PollFrame elapsed:38.591ms
2022-12-30 13:14:32.679 T:3665 DEBUG : PrepareNextRender: frameOnScreen: 3.637 renderPts: 3.804 nextFramePts: 3.795 -> diff: 0.009 render: 1 forceNext: 0
2022-12-30 13:14:32.680 T:3907 DEBUG : CAMLCodec::GetTimeSize: len:29 dl:355886 fs:355886 front:36705
2022-12-30 13:14:32.680 T:3907 DEBUG : CAMLCodec::DequeueBuffer: pts:4.046 idx:98
2022-12-30 13:14:32.680 T:3907 DEBUG : CAMLCodec::GetPicture: index: 98, pts: 4.046, dur:42ms ar:2.00
2022-12-30 13:14:32.680 T:3907 DEBUG : CVideoPlayerVideo::OutputPicture - ttd:408ms pts:4.046 Clock:3.638 Level:5
2022-12-30 13:14:32.680 T:3665 DEBUG : CAMLCodec::ReleaseFrame idx:92, drop:0
2022-12-30 13:14:32.681 T:3907 DEBUG : CAMLCodec::GetTimeSize: len:29 dl:355886 fs:355886 front:36705
2022-12-30 13:14:32.687 T:3907 DEBUG : CAMLCodec::GetTimeSize: len:29 dl:319181 fs:355886 front:36705
2022-12-30 13:14:32.687 T:3907 DEBUG : CAMLCodec::GetTimeSize: len:28 dl:319181 fs:319181 front:15615
2022-12-30 13:14:32.703 T:3671 INFO : Skipped 2 duplicate messages..
2022-12-30 13:14:32.703 T:3671 DEBUG : ActiveAE::SyncStream - delay frames:2400 error 62ms
2022-12-30 13:14:32.706 T:3907 DEBUG : CAMLCodec::GetTimeSize: len:28 dl:319181 fs:319181 front:15615
2022-12-30 13:14:32.718 T:3665 INFO : Skipped 2 duplicate messages..
2022-12-30 13:14:32.718 T:3665 DEBUG : CAMLCodec::PollFrame elapsed:38.056ms
2022-12-30 13:14:32.721 T:3665 DEBUG : PrepareNextRender: frameOnScreen: 3.679 renderPts: 3.845 nextFramePts: 3.837 -> diff: 0.008 render: 1 forceNext: 0
2022-12-30 13:14:32.722 T:3665 DEBUG : ------ Window Deinit (DialogSeekBar.xml) ------
2022-12-30 13:14:32.722 T:3665 DEBUG : CAMLCodec::ReleaseFrame idx:93, drop:0
2022-12-30 13:14:32.724 T:3907 DEBUG : CAMLCodec::GetTimeSize: len:28 dl:319181 fs:319181 front:15615
2022-12-30 13:14:32.724 T:3907 DEBUG : CAMLCodec::DequeueBuffer: pts:4.087 idx:99
2022-12-30 13:14:32.724 T:3907 DEBUG : CAMLCodec::GetPicture: index: 99, pts: 4.087, dur:41ms ar:2.00
2022-12-30 13:14:32.725 T:3907 DEBUG : CVideoPlayerVideo::OutputPicture - ttd:404ms pts:4.087 Clock:3.683 Level:5
2022-12-30 13:14:32.726 T:3907 DEBUG : CAMLCodec::GetTimeSize: len:28 dl:319181 fs:319181 front:15615
2022-12-30 13:14:32.732 T:3907 DEBUG : CAMLCodec::GetTimeSize: len:28 dl:303566 fs:319181 front:15615
2022-12-30 13:14:32.732 T:3907 DEBUG : CAMLCodec::GetTimeSize: len:27 dl:303566 fs:303566 front:13412
2022-12-30 13:14:32.753 T:3671 INFO : Skipped 3 duplicate messages..
2022-12-30 13:14:32.753 T:3671 DEBUG : ActiveAE::SyncStream - delay frames:2400 error 12ms
2022-12-30 13:14:32.753 T:3671 DEBUG : ActiveAE::SyncStream - average error 11.739623, last average error: 216.720948
2022-12-30 13:14:32.757 T:3907 DEBUG : CAMLCodec::GetTimeSize: len:27 dl:303566 fs:303566 front:13412
2022-12-30 13:14:32.760 T:3665 DEBUG : CAMLCodec::PollFrame elapsed:37.927ms
2022-12-30 13:14:32.762 T:3665 DEBUG : PrepareNextRender: frameOnScreen: 3.720 renderPts: 3.887 nextFramePts: 3.879 -> diff: 0.008 render: 1 forceNext: 0
2022-12-30 13:14:32.763 T:3665 DEBUG : CAMLCodec::ReleaseFrame idx:94, drop:0
2022-12-30 13:14:32.763 T:3907 DEBUG : CAMLCodec::GetTimeSize: len:27 dl:303566 fs:303566 front:13412
2022-12-30 13:14:32.763 T:3907 DEBUG : CAMLCodec::DequeueBuffer: pts:4.129 idx:100
2022-12-30 13:14:32.763 T:3907 DEBUG : CAMLCodec::GetPicture: index: 100, pts: 4.129, dur:42ms ar:2.00
2022-12-30 13:14:32.763 T:3907 DEBUG : CVideoPlayerVideo::OutputPicture - ttd:407ms pts:4.129 Clock:3.721 Level:5
2022-12-30 13:14:32.764 T:3907 DEBUG : CAMLCodec::GetTimeSize: len:27 dl:303566 fs:303566 front:13412
2022-12-30 13:14:32.770 T:3907 DEBUG : CAMLCodec::GetTimeSize: len:27 dl:290154 fs:303566 front:13412
2022-12-30 13:14:32.770 T:3907 DEBUG : CAMLCodec::GetTimeSize: len:26 dl:290154 fs:290154 front:26591
2022-12-30 13:14:32.802 T:3665 INFO : Skipped 5 duplicate messages..
2022-12-30 13:14:32.802 T:3665 DEBUG : CAMLCodec::PollFrame elapsed:38.702ms
2022-12-30 13:14:32.803 T:3665 DEBUG : PrepareNextRender: frameOnScreen: 3.761 renderPts: 3.928 nextFramePts: 3.921 -> diff: 0.007 render: 1 forceNext: 0
2022-12-30 13:14:32.804 T:3665 DEBUG : CAMLCodec::ReleaseFrame idx:95, drop:0
2022-12-30 13:14:32.805 T:3908 DEBUG : CVideoPlayerAudio::OutputPacket: pts:4.480 curr_pts:3.749 clock:3.763 level:99
2022-12-30 13:14:32.808 T:3907 DEBUG : CAMLCodec::GetTimeSize: len:26 dl:290154 fs:290154 front:26591
2022-12-30 13:14:32.808 T:3907 DEBUG : CAMLCodec::DequeueBuffer: pts:4.171 idx:101
2022-12-30 13:14:32.808 T:3907 DEBUG : CAMLCodec::GetPicture: index: 101, pts: 4.171, dur:42ms ar:2.00
2022-12-30 13:14:32.808 T:3907 DEBUG : CVideoPlayerVideo::OutputPicture - ttd:405ms pts:4.171 Clock:3.766 Level:5
2022-12-30 13:14:32.809 T:3907 DEBUG : CAMLCodec::GetTimeSize: len:26 dl:290154 fs:290154 front:26591
2022-12-30 13:14:32.812 T:3904 DEBUG : CVideoPlayer::ProcessAudioData size:2560 dts:12.448 pts:12.448 dur:32.000ms, clock:3.770 drop:0 level:99
2022-12-30 13:14:32.815 T:3907 DEBUG : CAMLCodec::GetTimeSize: len:26 dl:263563 fs:290154 front:26591
2022-12-30 13:14:32.815 T:3907 DEBUG : CAMLCodec::GetTimeSize: len:25 dl:263563 fs:263563 front:26780
2022-12-30 13:14:32.830 T:3927 INFO : Skipped 2 duplicate messages..
2022-12-30 13:14:32.830 T:3927 WARNING : CPythonInvoker(23, /storage/.kodi/addons/metadata.tvshows.themoviedb.org.python/main.py): the python script "/storage/.kodi/addons/metadata.tvshows.themoviedb.org.python/main.py" has left several classes in memory that we couldn't clean up. The classes include: N9XBMCAddon9xbmcaddon5AddonE
2022-12-30 13:14:32.830 T:3927 INFO : Python interpreter stopped
2022-12-30 13:14:32.830 T:3927 DEBUG : Thread LanguageInvoker 3681604224 terminating
2022-12-30 13:14:32.836 T:3907 DEBUG : CAMLCodec::GetTimeSize: len:25 dl:263563 fs:263563 front:26780
2022-12-30 13:14:32.843 T:3665 INFO : Skipped 1 duplicate messages..
2022-12-30 13:14:32.843 T:3665 DEBUG : CAMLCodec::PollFrame elapsed:39.321ms
2022-12-30 13:14:32.848 T:3665 DEBUG : PrepareNextRender: frameOnScreen: 3.806 renderPts: 3.973 nextFramePts: 3.962 -> diff: 0.011 render: 1 forceNext: 0
2022-12-30 13:14:32.848 T:3907 DEBUG : CAMLCodec::GetTimeSize: len:25 dl:263563 fs:263563 front:26780
2022-12-30 13:14:32.850 T:3907 DEBUG : CAMLCodec::DequeueBuffer: pts:4.213 idx:102
2022-12-30 13:14:32.850 T:3907 DEBUG : CAMLCodec::GetPicture: index: 102, pts: 4.213, dur:42ms ar:2.00
2022-12-30 13:14:32.850 T:3907 DEBUG : CVideoPlayerVideo::OutputPicture - ttd:405ms pts:4.213 Clock:3.808 Level:5
2022-12-30 13:14:32.851 T:3665 DEBUG : CAMLCodec::ReleaseFrame idx:96, drop:0
2022-12-30 13:14:32.851 T:3907 DEBUG : CAMLCodec::GetTimeSize: len:25 dl:263563 fs:263563 front:26780
2022-12-30 13:14:32.853 T:3671 DEBUG : ActiveAE::SyncStream - average error of -13.290689, start adjusting
2022-12-30 13:14:32.853 T:3671 DEBUG : ActiveAE::SyncStream - skip frames:637 error -0ms
2022-12-30 13:14:32.853 T:3671 DEBUG : ActiveAE::SyncStream - average error -0.019856 below threshold of 30.000000
2022-12-30 13:14:32.855 T:3904 DEBUG : CVideoPlayer::ProcessAudioData size:2560 dts:12.480 pts:12.480 dur:32.000ms, clock:3.813 drop:0 level:99
2022-12-30 13:14:32.855 T:3908 DEBUG : CVideoPlayerAudio::OutputPacket: pts:4.512 curr_pts:3.813 clock:3.813 level:100
2022-12-30 13:14:32.856 T:3908 DEBUG : CVideoPlayerAudio::OutputPacket: pts:4.544 curr_pts:3.813 clock:3.814 level:99
2022-12-30 13:14:32.857 T:3908 DEBUG : CVideoPlayerAudio::OutputPacket: pts:4.576 curr_pts:3.814 clock:3.815 level:99
2022-12-30 13:14:32.859 T:3907 DEBUG : CAMLCodec::GetTimeSize: len:25 dl:236783 fs:263563 front:26780
2022-12-30 13:14:32.859 T:3907 DEBUG : CAMLCodec::GetTimeSize: len:24 dl:236783 fs:236783 front:22157
2022-12-30 13:14:32.864 T:3932 DEBUG : -->Python Interpreter Initialized<--
2022-12-30 13:14:32.864 T:3932 DEBUG :
2022-12-30 13:14:32.864 T:3932 DEBUG : CPythonInvoker(24, /storage/.kodi/addons/metadata.tvshows.themoviedb.org.python/main.py): the source file to load is "/storage/.kodi/addons/metadata.tvshows.themoviedb.org.python/main.py"
2022-12-30 13:14:32.864 T:3932 DEBUG : CPythonInvoker(24, /storage/.kodi/addons/metadata.tvshows.themoviedb.org.python/main.py): setting the Python path to /storage/.kodi/addons/metadata.tvshows.themoviedb.org.python:/usr/lib/python38.zip:/usr/lib/python3.8:/usr/lib/python3.8/lib-dynload:/usr/lib/python3.8/site-packages
2022-12-30 13:14:32.864 T:3932 DEBUG : CPythonInvoker(24, /storage/.kodi/addons/metadata.tvshows.themoviedb.org.python/main.py): entering source directory /storage/.kodi/addons/metadata.tvshows.themoviedb.org.python
2022-12-30 13:14:32.864 T:3932 DEBUG : CPythonInvoker(24, /storage/.kodi/addons/metadata.tvshows.themoviedb.org.python/main.py): instantiating addon using automatically obtained id of "metadata.tvshows.themoviedb.org.python" dependent on version 3.0.0 of the xbmc.python api
2022-12-30 13:14:32.865 T:3907 DEBUG : CAMLCodec::GetTimeSize: len:24 dl:236783 fs:236783 front:22157
2022-12-30 13:14:32.867 T:3904 DEBUG : CVideoPlayer::ProcessVideoData size:187942 dts:11.970 pts:12.346 dur:41.000ms, clock:3.825 level:83
2022-12-30 13:14:32.870 T:3904 DEBUG : CVideoPlayer::ProcessVideoData size:128465 dts:12.012 pts:12.179 dur:41.000ms, clock:3.828 level:84
2022-12-30 13:14:32.871 T:3904 DEBUG : CVideoPlayer::ProcessVideoData size:77789 dts:12.054 pts:12.054 dur:41.000ms, clock:3.829 level:84
2022-12-30 13:14:32.872 T:3904 DEBUG : CVideoPlayer::ProcessVideoData size:37325 dts:12.095 pts:12.095 dur:41.000ms, clock:3.830 level:85
2022-12-30 13:14:32.872 T:3904 DEBUG : CVideoPlayer::ProcessVideoData size:43366 dts:12.137 pts:12.137 dur:41.000ms, clock:3.830 level:85
2022-12-30 13:14:32.872 T:3904 DEBUG : CVideoPlayer::ProcessVideoData size:48477 dts:12.179 pts:12.221 dur:41.000ms, clock:3.830 level:86
2022-12-30 13:14:32.873 T:3904 DEBUG : CVideoPlayer::ProcessVideoData size:53761 dts:12.221 pts:12.262 dur:41.000ms, clock:3.831 level:87
2022-12-30 13:14:32.874 T:3904 DEBUG : CVideoPlayer::ProcessVideoData size:48463 dts:12.262 pts:12.304 dur:41.000ms, clock:3.832 level:87
2022-12-30 13:14:32.874 T:3904 DEBUG : CVideoPlayer::ProcessAudioData size:2560 dts:12.512 pts:12.512 dur:32.000ms, clock:3.832 drop:0 level:99
2022-12-30 13:14:32.874 T:3904 DEBUG : CVideoPlayer::ProcessAudioData size:2560 dts:12.544 pts:12.544 dur:32.000ms, clock:3.832 drop:0 level:99
2022-12-30 13:14:32.875 T:3907 DEBUG : CAMLCodec::GetTimeSize: len:24 dl:236783 fs:236783 front:22157
2022-12-30 13:14:32.885 T:3665 INFO : Skipped 1 duplicate messages..
2022-12-30 13:14:32.885 T:3665 DEBUG : CAMLCodec::PollFrame elapsed:32.243ms
2022-12-30 13:14:32.887 T:3665 DEBUG : PrepareNextRender: frameOnScreen: 3.845 renderPts: 4.012 nextFramePts: 4.004 -> diff: 0.008 render: 1 forceNext: 0
2022-12-30 13:14:32.887 T:3907 DEBUG : CAMLCodec::GetTimeSize: len:24 dl:236783 fs:236783 front:22157
2022-12-30 13:14:32.887 T:3907 DEBUG : CAMLCodec::DequeueBuffer: pts:4.254 idx:103
2022-12-30 13:14:32.888 T:3907 DEBUG : CAMLCodec::GetPicture: index: 103, pts: 4.254, dur:41ms ar:2.00
2022-12-30 13:14:32.888 T:3907 DEBUG : CVideoPlayerVideo::OutputPicture - ttd:408ms pts:4.254 Clock:3.846 Level:5
2022-12-30 13:14:32.887 T:3665 DEBUG : CAMLCodec::ReleaseFrame idx:97, drop:0
2022-12-30 13:14:32.889 T:3907 DEBUG : CAMLCodec::GetTimeSize: len:24 dl:236783 fs:236783 front:22157
2022-12-30 13:14:32.901 T:3907 INFO : Skipped 1 duplicate messages..
2022-12-30 13:14:32.901 T:3907 DEBUG : CAMLCodec::GetTimeSize: len:24 dl:214626 fs:236783 front:22157
2022-12-30 13:14:32.901 T:3907 DEBUG : CAMLCodec::GetTimeSize: len:23 dl:214626 fs:214626 front:15694
2022-12-30 13:14:32.904 T:3908 DEBUG : CVideoPlayerAudio::OutputPacket: pts:4.608 curr_pts:3.862 clock:3.862 level:99
2022-12-30 13:14:32.904 T:3904 DEBUG : CVideoPlayer::ProcessAudioData size:2560 dts:12.576 pts:12.576 dur:32.000ms, clock:3.863 drop:0 level:99
2022-12-30 13:14:32.905 T:3904 DEBUG : CVideoPlayer::ProcessAudioData size:2560 dts:12.608 pts:12.608 dur:32.000ms, clock:3.863 drop:0 level:99
2022-12-30 13:14:32.905 T:3908 DEBUG : CVideoPlayerAudio::OutputPacket: pts:4.640 curr_pts:3.863 clock:3.863 level:100
2022-12-30 13:14:32.906 T:3907 DEBUG : CAMLCodec::AddData: dl:215600 sum:215600 sz:974 dts:5.297 pts:5.505
2022-12-30 13:14:32.906 T:3907 DEBUG : CAMLCodec::GetTimeSize: len:24 dl:215600 fs:215600 front:15694
2022-12-30 13:14:32.914 T:3932 INFO : Skipped 1 duplicate messages..
2022-12-30 13:14:32.914 T:3932 DEBUG : [metadata.tvshows.themoviedb.org.python (1.4.17)]: the cache dir is /storage/.kodi/temp/scrapers/metadata.tvshows.themoviedb.org.python
2022-12-30 13:14:32.919 T:3907 DEBUG : CAMLCodec::GetTimeSize: len:24 dl:215600 fs:215600 front:15694
2022-12-30 13:14:32.927 T:3665 INFO : Skipped 1 duplicate messages..
2022-12-30 13:14:32.927 T:3665 DEBUG : CAMLCodec::PollFrame elapsed:39.155ms
2022-12-30 13:14:32.931 T:3907 DEBUG : CAMLCodec::GetTimeSize: len:24 dl:215600 fs:215600 front:15694
2022-12-30 13:14:32.931 T:3907 DEBUG : CAMLCodec::DequeueBuffer: pts:4.296 idx:104
2022-12-30 13:14:32.931 T:3907 DEBUG : CAMLCodec::GetPicture: index: 104, pts: 4.296, dur:42ms ar:2.00
2022-12-30 13:14:32.931 T:3665 DEBUG : PrepareNextRender: frameOnScreen: 3.889 renderPts: 4.056 nextFramePts: 4.046 -> diff: 0.010 render: 1 forceNext: 0
2022-12-30 13:14:32.931 T:3907 DEBUG : CVideoPlayerVideo::OutputPicture - ttd:406ms pts:4.296 Clock:3.889 Level:5
2022-12-30 13:14:32.932 T:3665 DEBUG : CAMLCodec::ReleaseFrame idx:98, drop:0
2022-12-30 13:14:32.932 T:3907 DEBUG : CAMLCodec::GetTimeSize: len:24 dl:215600 fs:215600 front:15694
2022-12-30 13:14:32.939 T:3907 DEBUG : CAMLCodec::GetTimeSize: len:24 dl:199906 fs:215600 front:15694
2022-12-30 13:14:32.939 T:3907 DEBUG : CAMLCodec::GetTimeSize: len:23 dl:199906 fs:199906 front:14822
2022-12-30 13:14:32.944 T:3907 DEBUG : CAMLCodec::AddData: dl:201088 sum:201088 sz:1182 dts:5.339 pts:5.339
2022-12-30 13:14:32.944 T:3907 DEBUG : CAMLCodec::GetTimeSize: len:24 dl:201088 fs:201088 front:14822
2022-12-30 13:14:32.954 T:3908 INFO : Skipped 1 duplicate messages..
2022-12-30 13:14:32.954 T:3908 DEBUG : CVideoPlayerAudio::OutputPacket: pts:4.672 curr_pts:3.912 clock:3.912 level:99
2022-12-30 13:14:32.955 T:3904 DEBUG : CVideoPlayer::ProcessAudioData size:2560 dts:12.640 pts:12.640 dur:32.000ms, clock:3.913 drop:0 level:99
2022-12-30 13:14:32.956 T:3907 DEBUG : CAMLCodec::GetTimeSize: len:24 dl:201088 fs:201088 front:14822
2022-12-30 13:14:32.969 T:3665 INFO : Skipped 1 duplicate messages..
2022-12-30 13:14:32.969 T:3665 DEBUG : CAMLCodec::PollFrame elapsed:36.434ms
2022-12-30 13:14:32.969 T:3907 DEBUG : CAMLCodec::GetTimeSize: len:24 dl:201088 fs:201088 front:14822
2022-12-30 13:14:32.973 T:3665 DEBUG : PrepareNextRender: frameOnScreen: 3.931 renderPts: 4.098 nextFramePts: 4.087 -> diff: 0.011 render: 1 forceNext: 0
2022-12-30 13:14:32.974 T:3665 DEBUG : CAMLCodec::ReleaseFrame idx:99, drop:0
2022-12-30 13:14:32.975 T:3907 DEBUG : CAMLCodec::GetTimeSize: len:24 dl:201088 fs:201088 front:14822
2022-12-30 13:14:32.975 T:3907 DEBUG : CAMLCodec::DequeueBuffer: pts:4.338 idx:105
2022-12-30 13:14:32.975 T:3907 DEBUG : CAMLCodec::GetPicture: index: 105, pts: 4.338, dur:42ms ar:2.00
2022-12-30 13:14:32.975 T:3907 DEBUG : CVideoPlayerVideo::OutputPicture - ttd:404ms pts:4.338 Clock:3.933 Level:5
2022-12-30 13:14:32.976 T:3907 DEBUG : CAMLCodec::GetTimeSize: len:24 dl:201088 fs:201088 front:14822
2022-12-30 13:14:32.982 T:3907 DEBUG : CAMLCodec::GetTimeSize: len:24 dl:186266 fs:201088 front:14822
2022-12-30 13:14:32.982 T:3907 DEBUG : CAMLCodec::GetTimeSize: len:23 dl:186266 fs:186266 front:12363
2022-12-30 13:14:32.988 T:3907 DEBUG : CAMLCodec::AddData: dl:187214 sum:187214 sz:948 dts:5.380 pts:5.380
2022-12-30 13:14:32.988 T:3907 DEBUG : CAMLCodec::GetTimeSize: len:24 dl:187214 fs:187214 front:12363
2022-12-30 13:14:33.004 T:3908 INFO : Skipped 2 duplicate messages..
2022-12-30 13:14:33.004 T:3908 DEBUG : CVideoPlayerAudio::OutputPacket: pts:4.704 curr_pts:3.962 clock:3.962 level:99
2022-12-30 13:14:33.005 T:3908 DEBUG : CVideoPlayerAudio::OutputPacket: pts:4.736 curr_pts:3.962 clock:3.963 level:99
2022-12-30 13:14:33.006 T:3907 DEBUG : CAMLCodec::GetTimeSize: len:24 dl:187214 fs:187214 front:12363
2022-12-30 13:14:33.006 T:3904 DEBUG : CVideoPlayer::ProcessVideoData size:150023 dts:12.304 pts:12.596 dur:41.000ms, clock:3.964 level:86
2022-12-30 13:14:33.007 T:3904 DEBUG : CVideoPlayer::ProcessVideoData size:87281 dts:12.346 pts:12.471 dur:41.000ms, clock:3.965 level:87
2022-12-30 13:14:33.007 T:3904 DEBUG : CVideoPlayer::ProcessVideoData size:54452 dts:12.387 pts:12.387 dur:41.000ms, clock:3.965 level:87
2022-12-30 13:14:33.007 T:3904 DEBUG : CVideoPlayer::ProcessVideoData size:49825 dts:12.429 pts:12.429 dur:41.000ms, clock:3.965 level:88
2022-12-30 13:14:33.008 T:3904 DEBUG : CVideoPlayer::ProcessVideoData size:69358 dts:12.471 pts:12.512 dur:41.000ms, clock:3.966 level:88
2022-12-30 13:14:33.008 T:3904 DEBUG : CVideoPlayer::ProcessVideoData size:45983 dts:12.512 pts:12.554 dur:41.000ms, clock:3.966 level:89
2022-12-30 13:14:33.008 T:3904 DEBUG : CVideoPlayer::ProcessAudioData size:2560 dts:12.672 pts:12.672 dur:32.000ms, clock:3.967 drop:0 level:99
2022-12-30 13:14:33.009 T:3904 DEBUG : CVideoPlayer::ProcessAudioData size:2560 dts:12.704 pts:12.704 dur:32.000ms, clock:3.967 drop:0 level:99
2022-12-30 13:14:33.010 T:3665 DEBUG : CAMLCodec::PollFrame elapsed:36.537ms
2022-12-30 13:14:33.012 T:3907 DEBUG : CAMLCodec::GetTimeSize: len:24 dl:187214 fs:187214 front:12363
2022-12-30 13:14:33.012 T:3907 DEBUG : CAMLCodec::DequeueBuffer: pts:4.379 idx:106
2022-12-30 13:14:33.013 T:3907 DEBUG : CAMLCodec::GetPicture: index: 106, pts: 4.379, dur:41ms ar:2.00
2022-12-30 13:14:33.013 T:3665 DEBUG : PrepareNextRender: frameOnScreen: 3.971 renderPts: 4.137 nextFramePts: 4.129 -> diff: 0.008 render: 1 forceNext: 0
2022-12-30 13:14:33.013 T:3907 DEBUG : CVideoPlayerVideo::OutputPicture - ttd:408ms pts:4.379 Clock:3.971 Level:5
2022-12-30 13:14:33.014 T:3665 DEBUG : CAMLCodec::ReleaseFrame idx:100, drop:0
2022-12-30 13:14:33.014 T:3907 DEBUG : CAMLCodec::GetTimeSize: len:24 dl:187214 fs:187214 front:12363
2022-12-30 13:14:33.026 T:3907 INFO : Skipped 1 duplicate messages..
2022-12-30 13:14:33.026 T:3907 DEBUG : CAMLCodec::GetTimeSize: len:24 dl:174851 fs:187214 front:12363
2022-12-30 13:14:33.026 T:3907 DEBUG : CAMLCodec::GetTimeSize: len:23 dl:174851 fs:174851 front:10080
2022-12-30 13:14:33.032 T:3907 DEBUG : CAMLCodec::AddData: dl:175817 sum:175817 sz:966 dts:5.422 pts:5.422
2022-12-30 13:14:33.032 T:3907 DEBUG : CAMLCodec::GetTimeSize: len:24 dl:175817 fs:175817 front:10080
2022-12-30 13:14:33.038 T:3932 DEBUG : [metadata.tvshows.themoviedb.org.python (1.4.17)]: Called addon with params: ['plugin://metadata.tvshows.themoviedb.org.python/', '11', '?action=find&pathSettings=%7b%22cat_landscape%22%3atrue%2c%22certprefix%22%3a%22Rated%20%22%2c%22enab_trailer%22%3atrue%2c%22enable_fanarttv%22%3atrue%2c%22fanarttv_clientkey%22%3a%22%22%2c%22imdbanyway%22%3afalse%2c%22keeporiginaltitle%22%3afalse%2c%22language%22%3a%22fr-FR%22%2c%22lastUpdated%22%3a%220%22%2c%22originalUrl%22%3a%22%22%2c%22players_opt%22%3a%22Tubed%22%2c%22previewUrl%22%3a%22%22%2c%22ratings%22%3a%22IMDb%22%2c%22studio_country%22%3atrue%2c%22tmdbanyway%22%3atrue%2c%22tmdbcertcountry%22%3a%22fr%22%2c%22traktanyway%22%3atrue%2c%22usecertprefix%22%3atrue%2c%22verboselog%22%3afalse%7d&title=Arcane%20S01%20MULTi', 'resume:false']
2022-12-30 13:14:33.038 T:3907 DEBUG : CAMLCodec::GetTimeSize: len:24 dl:175817 fs:175817 front:10080
2022-12-30 13:14:33.038 T:3932 DEBUG : [metadata.tvshows.themoviedb.org.python (1.4.17)]: performing find action
2022-12-30 13:14:33.038 T:3932 DEBUG : [metadata.tvshows.themoviedb.org.python (1.4.17)]: Searching for TV show Arcane S01 MULTi (None)
2022-12-30 13:14:33.038 T:3932 DEBUG : [metadata.tvshows.themoviedb.org.python (1.4.17)]: using title of Arcane S01 MULTi to find show
2022-12-30 13:14:33.038 T:3932 DEBUG : [metadata.tvshows.themoviedb.org.python (1.4.17)]: Calling URL "https://api.themoviedb.org/3/search/tv?api_key=af3a53eb387d57fc935e9128468b1899&language=fr-FR&query=Arcane+S01+MULTi"
2022-12-30 13:14:33.044 T:3907 DEBUG : CAMLCodec::GetTimeSize: len:24 dl:175817 fs:175817 front:10080
2022-12-30 13:14:33.052 T:3665 INFO : Skipped 1 duplicate messages..
2022-12-30 13:14:33.052 T:3665 DEBUG : CAMLCodec::PollFrame elapsed:37.952ms
2022-12-30 13:14:33.054 T:3908 DEBUG : CVideoPlayerAudio::OutputPacket: pts:4.768 curr_pts:4.012 clock:4.012 level:99
2022-12-30 13:14:33.054 T:3665 DEBUG : PrepareNextRender: frameOnScreen: 4.012 renderPts: 4.179 nextFramePts: 4.171 -> diff: 0.008 render: 1 forceNext: 0
2022-12-30 13:14:33.055 T:3908 DEBUG : CVideoPlayerAudio::OutputPacket: pts:4.800 curr_pts:4.012 clock:4.013 level:99
2022-12-30 13:14:33.055 T:3665 DEBUG : CAMLCodec::ReleaseFrame idx:101, drop:0
2022-12-30 13:14:33.056 T:3907 DEBUG : CAMLCodec::GetTimeSize: len:24 dl:175817 fs:175817 front:10080
2022-12-30 13:14:33.059 T:3904 DEBUG : CVideoPlayer::ProcessAudioData size:2560 dts:12.736 pts:12.736 dur:32.000ms, clock:4.017 drop:0 level:99
2022-12-30 13:14:33.059 T:3904 DEBUG : CVideoPlayer::ProcessAudioData size:2560 dts:12.768 pts:12.768 dur:32.000ms, clock:4.017 drop:0 level:99
2022-12-30 13:14:33.063 T:3907 DEBUG : CAMLCodec::GetTimeSize: len:24 dl:175817 fs:175817 front:10080
2022-12-30 13:14:33.094 T:3665 INFO : Skipped 4 duplicate messages..
2022-12-30 13:14:33.094 T:3665 DEBUG : CAMLCodec::PollFrame elapsed:38.185ms
2022-12-30 13:14:33.097 T:3907 DEBUG : CAMLCodec::GetTimeSize: len:24 dl:175817 fs:175817 front:10080
2022-12-30 13:14:33.097 T:3907 DEBUG : CAMLCodec::DequeueBuffer: pts:4.421 idx:107
2022-12-30 13:14:33.097 T:3907 DEBUG : CAMLCodec::GetPicture: index: 107, pts: 4.421, dur:42ms ar:2.00
2022-12-30 13:14:33.097 T:3907 DEBUG : CVideoPlayerVideo::OutputPicture - ttd:365ms pts:4.421 Clock:4.055 Level:5
2022-12-30 13:14:33.097 T:3665 DEBUG : PrepareNextRender: frameOnScreen: 4.055 renderPts: 4.222 nextFramePts: 4.213 -> diff: 0.009 render: 1 forceNext: 0
2022-12-30 13:14:33.098 T:3907 DEBUG : CAMLCodec::GetTimeSize: len:24 dl:175817 fs:175817 front:10080
2022-12-30 13:14:33.099 T:3665 DEBUG : CAMLCodec::ReleaseFrame idx:102, drop:0
2022-12-30 13:14:33.105 T:3908 DEBUG : CVideoPlayerAudio::OutputPacket: pts:4.832 curr_pts:4.062 clock:4.063 level:99
2022-12-30 13:14:33.105 T:3907 DEBUG : CAMLCodec::GetTimeSize: len:24 dl:165737 fs:175817 front:10080
2022-12-30 13:14:33.105 T:3907 DEBUG : CAMLCodec::GetTimeSize: len:23 dl:165737 fs:165737 front:11490
2022-12-30 13:14:33.111 T:3907 DEBUG : CAMLCodec::AddData: dl:166703 sum:166703 sz:966 dts:5.464 pts:5.464
2022-12-30 13:14:33.111 T:3907 DEBUG : CAMLCodec::GetTimeSize: len:24 dl:166703 fs:166703 front:11490
2022-12-30 13:14:33.111 T:3904 DEBUG : CVideoPlayer::ProcessAudioData size:2560 dts:12.800 pts:12.800 dur:32.000ms, clock:4.069 drop:0 level:99
2022-12-30 13:14:33.117 T:3907 DEBUG : CAMLCodec::GetTimeSize: len:24 dl:166703 fs:166703 front:11490
2022-12-30 13:14:33.136 T:3665 INFO : Skipped 3 duplicate messages..
2022-12-30 13:14:33.136 T:3665 DEBUG : CAMLCodec::PollFrame elapsed:37.035ms
2022-12-30 13:14:33.139 T:3665 DEBUG : PrepareNextRender: frameOnScreen: 4.097 renderPts: 4.264 nextFramePts: 4.254 -> diff: 0.010 render: 1 forceNext: 0
2022-12-30 13:14:33.140 T:3665 DEBUG : CAMLCodec::ReleaseFrame idx:103, drop:0
2022-12-30 13:14:33.142 T:3907 DEBUG : CAMLCodec::GetTimeSize: len:24 dl:166703 fs:166703 front:11490
2022-12-30 13:14:33.155 T:3908 INFO : Skipped 1 duplicate messages..
2022-12-30 13:14:33.155 T:3908 DEBUG : CVideoPlayerAudio::OutputPacket: pts:4.864 curr_pts:4.112 clock:4.113 level:99
2022-12-30 13:14:33.155 T:3908 DEBUG : CVideoPlayerAudio::OutputPacket: pts:4.896 curr_pts:4.113 clock:4.113 level:99
2022-12-30 13:14:33.156 T:3907 DEBUG : CAMLCodec::GetTimeSize: len:24 dl:166703 fs:166703 front:11490
2022-12-30 13:14:33.162 T:3904 DEBUG : CVideoPlayer::ProcessAudioData size:2560 dts:12.832 pts:12.832 dur:32.000ms, clock:4.120 drop:0 level:99
2022-12-30 13:14:33.162 T:3904 DEBUG : CVideoPlayer::ProcessAudioData size:2560 dts:12.864 pts:12.864 dur:32.000ms, clock:4.120 drop:0 level:99
2022-12-30 13:14:33.162 T:3907 DEBUG : CAMLCodec::GetTimeSize: len:24 dl:166703 fs:166703 front:11490
2022-12-30 13:14:33.177 T:3665 INFO : Skipped 2 duplicate messages..
2022-12-30 13:14:33.177 T:3665 DEBUG : CAMLCodec::PollFrame elapsed:37.075ms
2022-12-30 13:14:33.180 T:3665 DEBUG : PrepareNextRender: frameOnScreen: 4.138 renderPts: 4.305 nextFramePts: 4.296 -> diff: 0.009 render: 1 forceNext: 0
2022-12-30 13:14:33.181 T:3907 DEBUG : CAMLCodec::GetTimeSize: len:24 dl:166703 fs:166703 front:11490
2022-12-30 13:14:33.181 T:3907 DEBUG : CAMLCodec::DequeueBuffer: pts:4.463 idx:108
2022-12-30 13:14:33.181 T:3907 DEBUG : CAMLCodec::GetPicture: index: 108, pts: 4.463, dur:42ms ar:2.00
2022-12-30 13:14:33.181 T:3907 DEBUG : CVideoPlayerVideo::OutputPicture - ttd:323ms pts:4.463 Clock:4.139 Level:3
2022-12-30 13:14:33.182 T:3665 DEBUG : CAMLCodec::ReleaseFrame idx:104, drop:0
2022-12-30 13:14:33.182 T:3907 DEBUG : CAMLCodec::GetTimeSize: len:24 dl:166703 fs:166703 front:11490
2022-12-30 13:14:33.189 T:3907 DEBUG : CAMLCodec::GetTimeSize: len:24 dl:155213 fs:166703 front:11490
2022-12-30 13:14:33.189 T:3907 DEBUG : CAMLCodec::GetTimeSize: len:23 dl:155213 fs:155213 front:14579
2022-12-30 13:14:33.194 T:3907 DEBUG : CAMLCodec::AddData: dl:156162 sum:156162 sz:949 dts:5.505 pts:5.547
2022-12-30 13:14:33.194 T:3907 DEBUG : CAMLCodec::GetTimeSize: len:24 dl:156162 fs:156162 front:14579
2022-12-30 13:14:33.205 T:3908 INFO : Skipped 1 duplicate messages..
2022-12-30 13:14:33.205 T:3908 DEBUG : CVideoPlayerAudio::OutputPacket: pts:4.928 curr_pts:4.162 clock:4.163 level:99
2022-12-30 13:14:33.206 T:3907 DEBUG : CAMLCodec::GetTimeSize: len:24 dl:156162 fs:156162 front:14579
2022-12-30 13:14:33.213 T:3904 DEBUG : CVideoPlayer::ProcessAudioData size:2560 dts:12.896 pts:12.896 dur:32.000ms, clock:4.171 drop:0 level:99
2022-12-30 13:14:33.213 T:3907 DEBUG : CAMLCodec::GetTimeSize: len:24 dl:156162 fs:156162 front:14579
2022-12-30 13:14:33.219 T:3665 DEBUG : CAMLCodec::PollFrame elapsed:37.038ms
2022-12-30 13:14:33.219 T:3907 DEBUG : CAMLCodec::GetTimeSize: len:24 dl:156162 fs:156162 front:14579
2022-12-30 13:14:33.222 T:3665 DEBUG : PrepareNextRender: frameOnScreen: 4.180 renderPts: 4.347 nextFramePts: 4.338 -> diff: 0.009 render: 1 forceNext: 0
2022-12-30 13:14:33.223 T:3665 DEBUG : CAMLCodec::ReleaseFrame idx:105, drop:0
2022-12-30 13:14:33.225 T:3907 DEBUG : CAMLCodec::GetTimeSize: len:24 dl:156162 fs:156162 front:14579
2022-12-30 13:14:33.225 T:3907 DEBUG : CAMLCodec::DequeueBuffer: pts:4.504 idx:109
2022-12-30 13:14:33.225 T:3907 DEBUG : CAMLCodec::GetPicture: index: 109, pts: 4.504, dur:41ms ar:2.00
2022-12-30 13:14:33.225 T:3907 DEBUG : CVideoPlayerVideo::OutputPicture - ttd:320ms pts:4.504 Clock:4.184 Level:3
2022-12-30 13:14:33.227 T:3907 DEBUG : CAMLCodec::GetTimeSize: len:24 dl:156162 fs:156162 front:14579
2022-12-30 13:14:33.233 T:3907 DEBUG : CAMLCodec::GetTimeSize: len:24 dl:141583 fs:156162 front:14579
2022-12-30 13:14:33.233 T:3907 DEBUG : CAMLCodec::GetTimeSize: len:23 dl:141583 fs:141583 front:9796
2022-12-30 13:14:33.233 T:3907 DEBUG : CAMLCodec::DequeueBuffer: pts:4.546 idx:110
2022-12-30 13:14:33.233 T:3907 DEBUG : CAMLCodec::GetPicture: index: 110, pts: 4.546, dur:42ms ar:2.00
2022-12-30 13:14:33.233 T:3907 DEBUG : CVideoPlayerVideo::OutputPicture - ttd:354ms pts:4.546 Clock:4.191 Level:4
2022-12-30 13:14:33.234 T:3907 DEBUG : CAMLCodec::GetTimeSize: len:23 dl:141583 fs:141583 front:9796
2022-12-30 13:14:33.239 T:3907 DEBUG : CAMLCodec::AddData: dl:132735 sum:142531 sz:948 dts:5.547 pts:5.589
2022-12-30 13:14:33.239 T:3907 DEBUG : CAMLCodec::GetTimeSize: len:24 dl:132735 fs:142531 front:9796
2022-12-30 13:14:33.240 T:3907 DEBUG : CAMLCodec::GetTimeSize: len:23 dl:132735 fs:132735 front:11179
2022-12-30 13:14:33.240 T:3907 DEBUG : CAMLCodec::DequeueBuffer: pts:4.588 idx:111
2022-12-30 13:14:33.240 T:3907 DEBUG : CAMLCodec::GetPicture: index: 111, pts: 4.588, dur:42ms ar:2.00
2022-12-30 13:14:33.240 T:3907 DEBUG : CVideoPlayerVideo::OutputPicture - ttd:390ms pts:4.588 Clock:4.198 Level:5
2022-12-30 13:14:33.241 T:3907 DEBUG : CAMLCodec::GetTimeSize: len:23 dl:132735 fs:132735 front:11179
2022-12-30 13:14:33.246 T:3907 DEBUG : CAMLCodec::AddData: dl:122506 sum:133685 sz:950 dts:5.589 pts:5.631
2022-12-30 13:14:33.246 T:3907 DEBUG : CAMLCodec::GetTimeSize: len:24 dl:122506 fs:133685 front:11179
2022-12-30 13:14:33.246 T:3907 DEBUG : CAMLCodec::GetTimeSize: len:23 dl:122506 fs:122506 front:12716
2022-12-30 13:14:33.251 T:3907 DEBUG : CAMLCodec::AddData: dl:123408 sum:123408 sz:902 dts:5.631 pts:5.964
2022-12-30 13:14:33.251 T:3907 DEBUG : CAMLCodec::GetTimeSize: len:24 dl:123408 fs:123408 front:12716
2022-12-30 13:14:33.255 T:3908 DEBUG : CVideoPlayerAudio::OutputPacket: pts:4.960 curr_pts:4.212 clock:4.213 level:99
2022-12-30 13:14:33.255 T:3908 DEBUG : CVideoPlayerAudio::OutputPacket: pts:4.992 curr_pts:4.213 clock:4.213 level:99
2022-12-30 13:14:33.258 T:3907 DEBUG : CAMLCodec::GetTimeSize: len:24 dl:123408 fs:123408 front:12716
2022-12-30 13:14:33.261 T:3665 DEBUG : CAMLCodec::PollFrame elapsed:36.879ms
2022-12-30 13:14:33.264 T:3665 DEBUG : PrepareNextRender: frameOnScreen: 4.222 renderPts: 4.389 nextFramePts: 4.379 -> diff: 0.010 render: 1 forceNext: 0
2022-12-30 13:14:33.264 T:3907 DEBUG : CAMLCodec::GetTimeSize: len:24 dl:123408 fs:123408 front:12716
2022-12-30 13:14:33.266 T:3907 DEBUG : CAMLCodec::DequeueBuffer: pts:4.630 idx:112
2022-12-30 13:14:33.266 T:3907 DEBUG : CAMLCodec::GetPicture: index: 112, pts: 4.630, dur:42ms ar:2.00
2022-12-30 13:14:33.266 T:3904 DEBUG : CVideoPlayer::ProcessVideoData size:152426 dts:12.554 pts:12.846 dur:41.000ms, clock:4.224 level:86
2022-12-30 13:14:33.267 T:3904 DEBUG : CVideoPlayer::ProcessVideoData size:96899 dts:12.596 pts:12.721 dur:41.000ms, clock:4.225 level:87
2022-12-30 13:14:33.268 T:3904 DEBUG : CVideoPlayer::ProcessVideoData size:52054 dts:12.638 pts:12.638 dur:41.000ms, clock:4.226 level:87
2022-12-30 13:14:33.269 T:3904 DEBUG : CVideoPlayer::ProcessVideoData size:44870 dts:12.679 pts:12.679 dur:41.000ms, clock:4.227 level:88
2022-12-30 13:14:33.269 T:3904 DEBUG : CVideoPlayer::ProcessVideoData size:49352 dts:12.721 pts:12.763 dur:41.000ms, clock:4.227 level:88
2022-12-30 13:14:33.270 T:3907 DEBUG : CVideoPlayerVideo::OutputPicture - ttd:405ms pts:4.630 Clock:4.224 Level:5
2022-12-30 13:14:33.271 T:3907 DEBUG : CAMLCodec::GetTimeSize: len:24 dl:110692 fs:123408 front:12716
2022-12-30 13:14:33.271 T:3907 DEBUG : CAMLCodec::GetTimeSize: len:23 dl:110692 fs:110692 front:10827
2022-12-30 13:14:33.272 T:3904 DEBUG : CVideoPlayer::ProcessVideoData size:50409 dts:12.763 pts:12.804 dur:41.000ms, clock:4.229 level:89
2022-12-30 13:14:33.273 T:3904 DEBUG : CVideoPlayer::ProcessAudioData size:2560 dts:12.928 pts:12.928 dur:32.000ms, clock:4.231 drop:0 level:99
2022-12-30 13:14:33.273 T:3904 DEBUG : CVideoPlayer::ProcessAudioData size:2560 dts:12.960 pts:12.960 dur:32.000ms, clock:4.231 drop:0 level:99
2022-12-30 13:14:33.274 T:3665 DEBUG : CAMLCodec::ReleaseFrame idx:106, drop:0
2022-12-30 13:14:33.276 T:3907 DEBUG : CAMLCodec::AddData: dl:111684 sum:111684 sz:992 dts:5.672 pts:5.839
2022-12-30 13:14:33.276 T:3907 DEBUG : CAMLCodec::GetTimeSize: len:24 dl:111684 fs:111684 front:10827
2022-12-30 13:14:33.277 T:3932 INFO : CPythonInvoker(24, /storage/.kodi/addons/metadata.tvshows.themoviedb.org.python/main.py): script successfully run
2022-12-30 13:14:33.277 T:3932 DEBUG : onExecutionDone(24, /storage/.kodi/addons/metadata.tvshows.themoviedb.org.python/main.py)
2022-12-30 13:14:33.278 T:3719 DEBUG : FindMovie: Searching for 'Arcane.S01.MULTi' using TMDb TV Shows scraper (path: '/storage/.kodi/addons/metadata.tvshows.themoviedb.org.python/', content: 'tvshows', version: '1.4.17')
2022-12-30 13:14:33.282 T:3719 DEBUG : StartScript - calling plugin TMDb TV Shows('plugin://metadata.tvshows.themoviedb.org.python/','12','?action=find&pathSettings=%7b%22cat_landscape%22%3atrue%2c%22certprefix%22%3a%22Rated%20%22%2c%22enab_trailer%22%3atrue%2c%22enable_fanarttv%22%3atrue%2c%22fanarttv_clientkey%22%3a%22%22%2c%22imdbanyway%22%3afalse%2c%22keeporiginaltitle%22%3afalse%2c%22language%22%3a%22fr-FR%22%2c%22lastUpdated%22%3a%220%22%2c%22originalUrl%22%3a%22%22%2c%22players_opt%22%3a%22Tubed%22%2c%22previewUrl%22%3a%22%22%2c%22ratings%22%3a%22IMDb%22%2c%22studio_country%22%3atrue%2c%22tmdbanyway%22%3atrue%2c%22tmdbcertcountry%22%3a%22fr%22%2c%22traktanyway%22%3atrue%2c%22usecertprefix%22%3atrue%2c%22verboselog%22%3afalse%7d&title=Arcane.S01.MULTi','resume:false')
2022-12-30 13:14:33.283 T:3907 DEBUG : CAMLCodec::GetTimeSize: len:24 dl:111684 fs:111684 front:10827
2022-12-30 13:14:33.284 T:3934 DEBUG : Thread LanguageInvoker start, auto delete: false
2022-12-30 13:14:33.284 T:3934 INFO : initializing python engine.
2022-12-30 13:14:33.285 T:3934 DEBUG : CPythonInvoker(25, /storage/.kodi/addons/metadata.tvshows.themoviedb.org.python/main.py): start processing
2022-12-30 13:14:33.289 T:3907 DEBUG : CAMLCodec::GetTimeSize: len:24 dl:111684 fs:111684 front:10827
2022-12-30 13:14:33.302 T:3665 INFO : Skipped 2 duplicate messages..
2022-12-30 13:14:33.302 T:3665 DEBUG : CAMLCodec::PollFrame elapsed:28.426ms
2022-12-30 13:14:33.304 T:3665 DEBUG : PrepareNextRender: frameOnScreen: 4.262 renderPts: 4.429 nextFramePts: 4.421 -> diff: 0.008 render: 1 forceNext: 0
2022-12-30 13:14:33.305 T:3908 DEBUG : CVideoPlayerAudio::OutputPacket: pts:5.024 curr_pts:4.262 clock:4.263 level:99
2022-12-30 13:14:33.305 T:3665 DEBUG : CAMLCodec::ReleaseFrame idx:107, drop:0
2022-12-30 13:14:33.308 T:3907 DEBUG : CAMLCodec::GetTimeSize: len:24 dl:111684 fs:111684 front:10827
2022-12-30 13:14:33.308 T:3907 DEBUG : CAMLCodec::DequeueBuffer: pts:4.671 idx:113
2022-12-30 13:14:33.308 T:3907 DEBUG : CAMLCodec::GetPicture: index: 113, pts: 4.671, dur:41ms ar:2.00
2022-12-30 13:14:33.308 T:3907 DEBUG : CVideoPlayerVideo::OutputPicture - ttd:405ms pts:4.671 Clock:4.266 Level:5
2022-12-30 13:14:33.309 T:3907 DEBUG : CAMLCodec::GetTimeSize: len:24 dl:111684 fs:111684 front:10827
2022-12-30 13:14:33.313 T:3904 DEBUG : CVideoPlayer::ProcessAudioData size:2560 dts:12.992 pts:12.992 dur:32.000ms, clock:4.271 drop:0 level:99
2022-12-30 13:14:33.315 T:3907 DEBUG : CAMLCodec::GetTimeSize: len:24 dl:100857 fs:111684 front:10827
2022-12-30 13:14:33.315 T:3907 DEBUG : CAMLCodec::GetTimeSize: len:23 dl:100857 fs:100857 front:10204
2022-12-30 13:14:33.320 T:3907 DEBUG : CAMLCodec::AddData: dl:101447 sum:101447 sz:590 dts:5.714 pts:5.714
2022-12-30 13:14:33.320 T:3907 DEBUG : CAMLCodec::GetTimeSize: len:24 dl:101447 fs:101447 front:10204
2022-12-30 13:14:33.344 T:3665 INFO : Skipped 3 duplicate messages..
2022-12-30 13:14:33.344 T:3665 DEBUG : CAMLCodec::PollFrame elapsed:38.638ms
2022-12-30 13:14:33.345 T:3907 DEBUG : CAMLCodec::GetTimeSize: len:24 dl:101447 fs:101447 front:10204
2022-12-30 13:14:33.345 T:3665 DEBUG : PrepareNextRender: frameOnScreen: 4.304 renderPts: 4.470 nextFramePts: 4.463 -> diff: 0.007 render: 1 forceNext: 0
2022-12-30 13:14:33.346 T:3665 DEBUG : CAMLCodec::ReleaseFrame idx:108, drop:0
2022-12-30 13:14:33.351 T:3907 DEBUG : CAMLCodec::GetTimeSize: len:24 dl:101447 fs:101447 front:10204
2022-12-30 13:14:33.354 T:3904 DEBUG : CVideoPlayer::ProcessAudioData size:2560 dts:13.024 pts:13.024 dur:32.000ms, clock:4.312 drop:0 level:99
2022-12-30 13:14:33.354 T:3908 DEBUG : CVideoPlayerAudio::OutputPacket: pts:5.056 curr_pts:4.312 clock:4.312 level:100
2022-12-30 13:14:33.354 T:3908 DEBUG : CVideoPlayerAudio::OutputPacket: pts:5.088 curr_pts:4.312 clock:4.313 level:99
2022-12-30 13:14:33.358 T:3907 DEBUG : CAMLCodec::GetTimeSize: len:24 dl:101447 fs:101447 front:10204
2022-12-30 13:14:33.364 T:3904 INFO : Skipped 1 duplicate messages..
2022-12-30 13:14:33.364 T:3904 DEBUG : CVideoPlayer::ProcessAudioData size:2560 dts:13.056 pts:13.056 dur:32.000ms, clock:4.322 drop:0 level:99
2022-12-30 13:14:33.370 T:3907 DEBUG : CAMLCodec::GetTimeSize: len:24 dl:101447 fs:101447 front:10204
2022-12-30 13:14:33.386 T:3665 INFO : Skipped 2 duplicate messages..
2022-12-30 13:14:33.386 T:3665 DEBUG : CAMLCodec::PollFrame elapsed:39.391ms
