2022-12-30 13:14:55.136 T:3907 DEBUG : CAMLCodec::AddData: dl:2655909 sum:2655909 sz:28471 dts:27.527 pts:27.569
2022-12-30 13:14:55.136 T:3907 DEBUG : CAMLCodec::GetTimeSize: len:24 dl:2655909 fs:2655909 front:79074
2022-12-30 13:14:55.154 T:3908 INFO : Skipped 2 duplicate messages..
2022-12-30 13:14:55.154 T:3908 DEBUG : CVideoPlayerAudio::OutputPacket: pts:26.880 curr_pts:26.112 clock:26.112 level:99
2022-12-30 13:14:55.154 T:3907 DEBUG : CAMLCodec::GetTimeSize: len:24 dl:2655909 fs:2655909 front:79074
2022-12-30 13:14:55.157 T:3665 DEBUG : CAMLCodec::PollFrame elapsed:38.670ms
2022-12-30 13:14:55.159 T:3665 DEBUG : PrepareNextRender: frameOnScreen: 26.117 renderPts: 26.284 nextFramePts: 26.276 -> diff: 0.008 render: 1 forceNext: 0
2022-12-30 13:14:55.160 T:3665 DEBUG : CAMLCodec::ReleaseFrame idx:631, drop:0
2022-12-30 13:14:55.161 T:3907 DEBUG : CAMLCodec::GetTimeSize: len:24 dl:2655909 fs:2655909 front:79074
2022-12-30 13:14:55.161 T:3907 DEBUG : CAMLCodec::DequeueBuffer: pts:26.526 idx:637
2022-12-30 13:14:55.161 T:3907 DEBUG : CAMLCodec::GetPicture: index: 637, pts: 26.526, dur:41ms ar:2.00
2022-12-30 13:14:55.161 T:3904 DEBUG : CVideoPlayer::ProcessAudioData size:2560 dts:34.848 pts:34.848 dur:32.000ms, clock:26.119 drop:0 level:99
2022-12-30 13:14:55.161 T:3907 DEBUG : CVideoPlayerVideo::OutputPicture - ttd:407ms pts:26.526 Clock:26.119 Level:5
2022-12-30 13:14:55.162 T:3907 DEBUG : CAMLCodec::GetTimeSize: len:24 dl:2655909 fs:2655909 front:79074
2022-12-30 13:14:55.168 T:3907 DEBUG : CAMLCodec::GetTimeSize: len:24 dl:2576835 fs:2655909 front:79074
2022-12-30 13:14:55.168 T:3907 DEBUG : CAMLCodec::GetTimeSize: len:23 dl:2576835 fs:2576835 front:172865
2022-12-30 13:14:55.175 T:3907 DEBUG : CAMLCodec::AddData: dl:2769495 sum:2769495 sz:192660 dts:27.569 pts:27.736
2022-12-30 13:14:55.176 T:3907 DEBUG : CAMLCodec::GetTimeSize: len:24 dl:2769495 fs:2769495 front:172865
2022-12-30 13:14:55.179 T:3965 DEBUG : .
2022-12-30 13:14:55.182 T:3907 DEBUG : CAMLCodec::GetTimeSize: len:24 dl:2769495 fs:2769495 front:172865
2022-12-30 13:14:55.199 T:3665 INFO : Skipped 2 duplicate messages..
2022-12-30 13:14:55.199 T:3665 DEBUG : CAMLCodec::PollFrame elapsed:39.020ms
2022-12-30 13:14:55.200 T:3907 DEBUG : CAMLCodec::GetTimeSize: len:24 dl:2769495 fs:2769495 front:172865
2022-12-30 13:14:55.201 T:3665 DEBUG : PrepareNextRender: frameOnScreen: 26.159 renderPts: 26.326 nextFramePts: 26.318 -> diff: 0.008 render: 1 forceNext: 0
2022-12-30 13:14:55.201 T:3665 DEBUG : CAMLCodec::ReleaseFrame idx:632, drop:0
2022-12-30 13:14:55.206 T:3908 DEBUG : CVideoPlayerAudio::OutputPacket: pts:26.912 curr_pts:26.162 clock:26.164 level:99
2022-12-30 13:14:55.207 T:3908 DEBUG : CVideoPlayerAudio::OutputPacket: pts:26.944 curr_pts:26.164 clock:26.165 level:99
2022-12-30 13:14:55.207 T:3907 DEBUG : CAMLCodec::GetTimeSize: len:24 dl:2769495 fs:2769495 front:172865
2022-12-30 13:14:55.207 T:3907 DEBUG : CAMLCodec::DequeueBuffer: pts:26.568 idx:638
2022-12-30 13:14:55.207 T:3907 DEBUG : CAMLCodec::GetPicture: index: 638, pts: 26.568, dur:42ms ar:2.00
2022-12-30 13:14:55.207 T:3907 DEBUG : CVideoPlayerVideo::OutputPicture - ttd:403ms pts:26.568 Clock:26.165 Level:5
2022-12-30 13:14:55.208 T:3907 DEBUG : CAMLCodec::GetTimeSize: len:24 dl:2769495 fs:2769495 front:172865
2022-12-30 13:14:55.211 T:3904 DEBUG : CVideoPlayer::ProcessAudioData size:2560 dts:34.880 pts:34.880 dur:32.000ms, clock:26.169 drop:0 level:99
2022-12-30 13:14:55.211 T:3904 DEBUG : CVideoPlayer::ProcessAudioData size:2560 dts:34.912 pts:34.912 dur:32.000ms, clock:26.169 drop:0 level:99
2022-12-30 13:14:55.214 T:3907 DEBUG : CAMLCodec::GetTimeSize: len:24 dl:2596630 fs:2769495 front:172865
2022-12-30 13:14:55.214 T:3907 DEBUG : CAMLCodec::GetTimeSize: len:23 dl:2596630 fs:2596630 front:98973
2022-12-30 13:14:55.222 T:3907 DEBUG : CAMLCodec::AddData: dl:2650418 sum:2650418 sz:53788 dts:27.611 pts:27.694
2022-12-30 13:14:55.222 T:3907 DEBUG : CAMLCodec::GetTimeSize: len:24 dl:2650418 fs:2650418 front:98973
2022-12-30 13:14:55.241 T:3665 INFO : Skipped 3 duplicate messages..
2022-12-30 13:14:55.241 T:3665 DEBUG : CAMLCodec::PollFrame elapsed:39.291ms
2022-12-30 13:14:55.243 T:3665 DEBUG : PrepareNextRender: frameOnScreen: 26.201 renderPts: 26.368 nextFramePts: 26.360 -> diff: 0.008 render: 1 forceNext: 0
2022-12-30 13:14:55.244 T:3665 DEBUG : CAMLCodec::ReleaseFrame idx:633, drop:0
2022-12-30 13:14:55.246 T:3907 DEBUG : CAMLCodec::GetTimeSize: len:24 dl:2650418 fs:2650418 front:98973
2022-12-30 13:14:55.247 T:3907 DEBUG : CAMLCodec::DequeueBuffer: pts:26.610 idx:639
2022-12-30 13:14:55.247 T:3907 DEBUG : CAMLCodec::GetPicture: index: 639, pts: 26.610, dur:42ms ar:2.00
2022-12-30 13:14:55.247 T:3907 DEBUG : CVideoPlayerVideo::OutputPicture - ttd:405ms pts:26.610 Clock:26.205 Level:5
2022-12-30 13:14:55.248 T:3907 DEBUG : CAMLCodec::GetTimeSize: len:24 dl:2650418 fs:2650418 front:98973
2022-12-30 13:14:55.254 T:3907 DEBUG : CAMLCodec::GetTimeSize: len:24 dl:2551445 fs:2650418 front:98973
2022-12-30 13:14:55.254 T:3907 DEBUG : CAMLCodec::GetTimeSize: len:23 dl:2551445 fs:2551445 front:70276
2022-12-30 13:14:55.254 T:3908 DEBUG : CVideoPlayerAudio::OutputPacket: pts:26.976 curr_pts:26.212 clock:26.212 level:99
2022-12-30 13:14:55.259 T:3907 DEBUG : CAMLCodec::AddData: dl:2577438 sum:2577438 sz:25993 dts:27.653 pts:27.653
2022-12-30 13:14:55.259 T:3907 DEBUG : CAMLCodec::GetTimeSize: len:24 dl:2577438 fs:2577438 front:70276
2022-12-30 13:14:55.262 T:3904 DEBUG : CVideoPlayer::ProcessAudioData size:2560 dts:34.944 pts:34.944 dur:32.000ms, clock:26.220 drop:0 level:99
2022-12-30 13:14:55.266 T:3907 DEBUG : CAMLCodec::GetTimeSize: len:24 dl:2577438 fs:2577438 front:70276
2022-12-30 13:14:55.282 T:3665 INFO : Skipped 2 duplicate messages..
2022-12-30 13:14:55.282 T:3665 DEBUG : CAMLCodec::PollFrame elapsed:38.217ms
2022-12-30 13:14:55.284 T:3907 DEBUG : CAMLCodec::GetTimeSize: len:24 dl:2577438 fs:2577438 front:70276
2022-12-30 13:14:55.284 T:3907 DEBUG : CAMLCodec::DequeueBuffer: pts:26.652 idx:640
2022-12-30 13:14:55.284 T:3907 DEBUG : CAMLCodec::GetPicture: index: 640, pts: 26.652, dur:42ms ar:2.00
2022-12-30 13:14:55.285 T:3907 DEBUG : CVideoPlayerVideo::OutputPicture - ttd:409ms pts:26.652 Clock:26.243 Level:6
2022-12-30 13:14:55.285 T:3665 DEBUG : PrepareNextRender: frameOnScreen: 26.243 renderPts: 26.409 nextFramePts: 26.401 -> diff: 0.008 render: 1 forceNext: 0
2022-12-30 13:14:55.285 T:3665 DEBUG : CAMLCodec::ReleaseFrame idx:634, drop:0
2022-12-30 13:14:55.286 T:3907 DEBUG : CAMLCodec::GetTimeSize: len:24 dl:2577438 fs:2577438 front:70276
2022-12-30 13:14:55.292 T:3907 DEBUG : CAMLCodec::GetTimeSize: len:24 dl:2507162 fs:2577438 front:70276
2022-12-30 13:14:55.292 T:3907 DEBUG : CAMLCodec::GetTimeSize: len:23 dl:2507162 fs:2507162 front:85184
2022-12-30 13:14:55.299 T:3907 DEBUG : CAMLCodec::AddData: dl:2742602 sum:2742602 sz:235440 dts:27.694 pts:27.903
2022-12-30 13:14:55.299 T:3907 DEBUG : CAMLCodec::GetTimeSize: len:24 dl:2742602 fs:2742602 front:85184
2022-12-30 13:14:55.304 T:3908 DEBUG : CVideoPlayerAudio::OutputPacket: pts:27.008 curr_pts:26.262 clock:26.262 level:99
2022-12-30 13:14:55.305 T:3908 DEBUG : CVideoPlayerAudio::OutputPacket: pts:27.040 curr_pts:26.263 clock:26.263 level:99
2022-12-30 13:14:55.306 T:3907 DEBUG : CAMLCodec::GetTimeSize: len:24 dl:2742602 fs:2742602 front:85184
2022-12-30 13:14:55.313 T:3904 INFO : Skipped 1 duplicate messages..
2022-12-30 13:14:55.313 T:3904 DEBUG : CVideoPlayer::ProcessAudioData size:2560 dts:34.976 pts:34.976 dur:32.000ms, clock:26.271 drop:0 level:99
2022-12-30 13:14:55.313 T:3904 DEBUG : CVideoPlayer::ProcessAudioData size:2560 dts:35.008 pts:35.008 dur:32.000ms, clock:26.271 drop:0 level:99
2022-12-30 13:14:55.318 T:3907 DEBUG : CAMLCodec::GetTimeSize: len:24 dl:2742602 fs:2742602 front:85184
2022-12-30 13:14:55.324 T:3665 DEBUG : CAMLCodec::PollFrame elapsed:38.601ms
2022-12-30 13:14:55.324 T:3907 DEBUG : CAMLCodec::GetTimeSize: len:24 dl:2742602 fs:2742602 front:85184
2022-12-30 13:14:55.326 T:3665 DEBUG : PrepareNextRender: frameOnScreen: 26.284 renderPts: 26.451 nextFramePts: 26.443 -> diff: 0.008 render: 1 forceNext: 0
2022-12-30 13:14:55.327 T:3665 DEBUG : CAMLCodec::ReleaseFrame idx:635, drop:0
2022-12-30 13:14:55.331 T:3907 DEBUG : CAMLCodec::GetTimeSize: len:24 dl:2742602 fs:2742602 front:85184
2022-12-30 13:14:55.331 T:3907 DEBUG : CAMLCodec::DequeueBuffer: pts:26.693 idx:641
2022-12-30 13:14:55.331 T:3907 DEBUG : CAMLCodec::GetPicture: index: 641, pts: 26.693, dur:41ms ar:2.00
2022-12-30 13:14:55.331 T:3907 DEBUG : CVideoPlayerVideo::OutputPicture - ttd:404ms pts:26.693 Clock:26.289 Level:5
2022-12-30 13:14:55.332 T:3907 DEBUG : CAMLCodec::GetTimeSize: len:24 dl:2742602 fs:2742602 front:85184
2022-12-30 13:14:55.338 T:3907 DEBUG : CAMLCodec::GetTimeSize: len:24 dl:2657418 fs:2742602 front:85184
2022-12-30 13:14:55.338 T:3907 DEBUG : CAMLCodec::GetTimeSize: len:23 dl:2657418 fs:2657418 front:176081
2022-12-30 13:14:55.346 T:3907 DEBUG : CAMLCodec::AddData: dl:2724158 sum:2724158 sz:66740 dts:27.736 pts:27.819
2022-12-30 13:14:55.346 T:3907 DEBUG : CAMLCodec::GetTimeSize: len:24 dl:2724158 fs:2724158 front:176081
2022-12-30 13:14:55.354 T:3908 INFO : Skipped 1 duplicate messages..
2022-12-30 13:14:55.354 T:3908 DEBUG : CVideoPlayerAudio::OutputPacket: pts:27.072 curr_pts:26.312 clock:26.312 level:99
2022-12-30 13:14:55.358 T:3907 DEBUG : CAMLCodec::GetTimeSize: len:24 dl:2724158 fs:2724158 front:176081
2022-12-30 13:14:55.363 T:3904 DEBUG : CVideoPlayer::ProcessAudioData size:2560 dts:35.040 pts:35.040 dur:32.000ms, clock:26.321 drop:0 level:99
2022-12-30 13:14:55.364 T:3907 DEBUG : CAMLCodec::GetTimeSize: len:24 dl:2724158 fs:2724158 front:176081
2022-12-30 13:14:55.366 T:3665 DEBUG : CAMLCodec::PollFrame elapsed:38.635ms
2022-12-30 13:14:55.368 T:3665 DEBUG : PrepareNextRender: frameOnScreen: 26.326 renderPts: 26.493 nextFramePts: 26.485 -> diff: 0.008 render: 1 forceNext: 0
2022-12-30 13:14:55.369 T:3665 DEBUG : CAMLCodec::ReleaseFrame idx:636, drop:0
2022-12-30 13:14:55.371 T:3907 DEBUG : CAMLCodec::GetTimeSize: len:24 dl:2724158 fs:2724158 front:176081
2022-12-30 13:14:55.371 T:3907 DEBUG : CAMLCodec::DequeueBuffer: pts:26.735 idx:642
2022-12-30 13:14:55.371 T:3907 DEBUG : CAMLCodec::GetPicture: index: 642, pts: 26.735, dur:42ms ar:2.00
2022-12-30 13:14:55.371 T:3907 DEBUG : CVideoPlayerVideo::OutputPicture - ttd:406ms pts:26.735 Clock:26.329 Level:5
2022-12-30 13:14:55.372 T:3907 DEBUG : CAMLCodec::GetTimeSize: len:24 dl:2724158 fs:2724158 front:176081
2022-12-30 13:14:55.378 T:3907 DEBUG : CAMLCodec::GetTimeSize: len:24 dl:2548077 fs:2724158 front:176081
2022-12-30 13:14:55.378 T:3907 DEBUG : CAMLCodec::GetTimeSize: len:23 dl:2548077 fs:2548077 front:186033
2022-12-30 13:14:55.383 T:3907 DEBUG : CAMLCodec::AddData: dl:2568246 sum:2568246 sz:20169 dts:27.778 pts:27.778
2022-12-30 13:14:55.383 T:3907 DEBUG : CAMLCodec::GetTimeSize: len:24 dl:2568246 fs:2568246 front:186033
2022-12-30 13:14:55.404 T:3908 INFO : Skipped 3 duplicate messages..
2022-12-30 13:14:55.404 T:3908 DEBUG : CVideoPlayerAudio::OutputPacket: pts:27.104 curr_pts:26.362 clock:26.362 level:99
2022-12-30 13:14:55.405 T:3908 DEBUG : CVideoPlayerAudio::OutputPacket: pts:27.136 curr_pts:26.363 clock:26.363 level:99
2022-12-30 13:14:55.408 T:3665 DEBUG : CAMLCodec::PollFrame elapsed:38.823ms
2022-12-30 13:14:55.408 T:3907 DEBUG : CAMLCodec::GetTimeSize: len:24 dl:2568246 fs:2568246 front:186033
2022-12-30 13:14:55.409 T:3665 DEBUG : PrepareNextRender: frameOnScreen: 26.367 renderPts: 26.534 nextFramePts: 26.526 -> diff: 0.008 render: 1 forceNext: 0
2022-12-30 13:14:55.410 T:3665 DEBUG : CAMLCodec::ReleaseFrame idx:637, drop:0
2022-12-30 13:14:55.414 T:3904 DEBUG : CVideoPlayer::ProcessVideoData size:159531 dts:34.785 pts:35.077 dur:41.000ms, clock:26.372 level:87
2022-12-30 13:14:55.414 T:3907 DEBUG : CAMLCodec::GetTimeSize: len:24 dl:2568246 fs:2568246 front:186033
2022-12-30 13:14:55.415 T:3907 DEBUG : CAMLCodec::DequeueBuffer: pts:26.777 idx:643
2022-12-30 13:14:55.415 T:3907 DEBUG : CAMLCodec::GetPicture: index: 643, pts: 26.777, dur:42ms ar:2.00
2022-12-30 13:14:55.415 T:3907 DEBUG : CVideoPlayerVideo::OutputPicture - ttd:404ms pts:26.777 Clock:26.373 Level:5
2022-12-30 13:14:55.416 T:3904 DEBUG : CVideoPlayer::ProcessVideoData size:96933 dts:34.826 pts:34.952 dur:41.000ms, clock:26.374 level:88
2022-12-30 13:14:55.416 T:3904 DEBUG : CVideoPlayer::ProcessVideoData size:71999 dts:34.868 pts:34.868 dur:41.000ms, clock:26.374 level:88
2022-12-30 13:14:55.417 T:3907 DEBUG : CAMLCodec::GetTimeSize: len:24 dl:2568246 fs:2568246 front:186033
2022-12-30 13:14:55.418 T:3904 DEBUG : CVideoPlayer::ProcessVideoData size:71667 dts:34.910 pts:34.910 dur:41.000ms, clock:26.376 level:89
2022-12-30 13:14:55.418 T:3904 DEBUG : CVideoPlayer::ProcessVideoData size:50657 dts:34.952 pts:34.993 dur:41.000ms, clock:26.376 level:89
2022-12-30 13:14:55.418 T:3904 DEBUG : CVideoPlayer::ProcessVideoData size:49595 dts:34.993 pts:35.035 dur:41.000ms, clock:26.376 level:90
2022-12-30 13:14:55.419 T:3904 DEBUG : CVideoPlayer::ProcessAudioData size:2560 dts:35.072 pts:35.072 dur:32.000ms, clock:26.377 drop:0 level:99
2022-12-30 13:14:55.419 T:3904 DEBUG : CVideoPlayer::ProcessAudioData size:2560 dts:35.104 pts:35.104 dur:32.000ms, clock:26.377 drop:0 level:99
2022-12-30 13:14:55.423 T:3907 DEBUG : CAMLCodec::GetTimeSize: len:24 dl:2382213 fs:2568246 front:186033
2022-12-30 13:14:55.423 T:3907 DEBUG : CAMLCodec::GetTimeSize: len:23 dl:2382213 fs:2382213 front:93835
2022-12-30 13:14:55.429 T:3907 DEBUG : CAMLCodec::AddData: dl:2401543 sum:2401543 sz:19330 dts:27.819 pts:27.861
2022-12-30 13:14:55.429 T:3907 DEBUG : CAMLCodec::GetTimeSize: len:24 dl:2401543 fs:2401543 front:93835
2022-12-30 13:14:55.449 T:3665 INFO : Skipped 3 duplicate messages..
2022-12-30 13:14:55.449 T:3665 DEBUG : CAMLCodec::PollFrame elapsed:39.150ms
2022-12-30 13:14:55.451 T:3665 DEBUG : PrepareNextRender: frameOnScreen: 26.409 renderPts: 26.576 nextFramePts: 26.568 -> diff: 0.008 render: 1 forceNext: 0
2022-12-30 13:14:55.452 T:3665 DEBUG : CAMLCodec::ReleaseFrame idx:638, drop:0
2022-12-30 13:14:55.453 T:3907 DEBUG : CAMLCodec::GetTimeSize: len:24 dl:2401543 fs:2401543 front:93835
2022-12-30 13:14:55.454 T:3907 DEBUG : CAMLCodec::DequeueBuffer: pts:26.818 idx:644
2022-12-30 13:14:55.454 T:3907 DEBUG : CAMLCodec::GetPicture: index: 644, pts: 26.818, dur:41ms ar:2.00
2022-12-30 13:14:55.454 T:3907 DEBUG : CVideoPlayerVideo::OutputPicture - ttd:406ms pts:26.818 Clock:26.412 Level:5
2022-12-30 13:14:55.454 T:3908 DEBUG : CVideoPlayerAudio::OutputPacket: pts:27.168 curr_pts:26.412 clock:26.412 level:99
2022-12-30 13:14:55.455 T:3908 DEBUG : CVideoPlayerAudio::OutputPacket: pts:27.200 curr_pts:26.412 clock:26.413 level:99
2022-12-30 13:14:55.455 T:3907 DEBUG : CAMLCodec::GetTimeSize: len:24 dl:2401543 fs:2401543 front:93835
2022-12-30 13:14:55.459 T:3904 DEBUG : CVideoPlayer::ProcessAudioData size:2560 dts:35.136 pts:35.136 dur:32.000ms, clock:26.418 drop:0 level:99
2022-12-30 13:14:55.460 T:3904 DEBUG : CVideoPlayer::ProcessAudioData size:2560 dts:35.168 pts:35.168 dur:32.000ms, clock:26.418 drop:0 level:99
2022-12-30 13:14:55.461 T:3907 DEBUG : CAMLCodec::GetTimeSize: len:24 dl:2307708 fs:2401543 front:93835
2022-12-30 13:14:55.461 T:3907 DEBUG : CAMLCodec::GetTimeSize: len:23 dl:2307708 fs:2307708 front:193570
2022-12-30 13:14:55.468 T:3907 DEBUG : CAMLCodec::AddData: dl:2411021 sum:2411021 sz:103313 dts:27.861 pts:27.986
2022-12-30 13:14:55.468 T:3907 DEBUG : CAMLCodec::GetTimeSize: len:24 dl:2411021 fs:2411021 front:193570
2022-12-30 13:14:55.491 T:3665 INFO : Skipped 3 duplicate messages..
2022-12-30 13:14:55.491 T:3665 DEBUG : CAMLCodec::PollFrame elapsed:38.566ms
2022-12-30 13:14:55.493 T:3665 DEBUG : PrepareNextRender: frameOnScreen: 26.451 renderPts: 26.618 nextFramePts: 26.610 -> diff: 0.008 render: 1 forceNext: 0
2022-12-30 13:14:55.493 T:3907 DEBUG : CAMLCodec::GetTimeSize: len:24 dl:2411021 fs:2411021 front:193570
2022-12-30 13:14:55.493 T:3665 DEBUG : CAMLCodec::ReleaseFrame idx:639, drop:0
2022-12-30 13:14:55.493 T:3907 DEBUG : CAMLCodec::DequeueBuffer: pts:26.860 idx:645
2022-12-30 13:14:55.494 T:3907 DEBUG : CAMLCodec::GetPicture: index: 645, pts: 26.860, dur:42ms ar:2.00
2022-12-30 13:14:55.494 T:3907 DEBUG : CVideoPlayerVideo::OutputPicture - ttd:408ms pts:26.860 Clock:26.452 Level:5
2022-12-30 13:14:55.495 T:3907 DEBUG : CAMLCodec::GetTimeSize: len:24 dl:2411021 fs:2411021 front:193570
2022-12-30 13:14:55.504 T:3908 INFO : Skipped 1 duplicate messages..
2022-12-30 13:14:55.504 T:3908 DEBUG : CVideoPlayerAudio::OutputPacket: pts:27.232 curr_pts:26.462 clock:26.463 level:99
2022-12-30 13:14:55.507 T:3907 DEBUG : CAMLCodec::GetTimeSize: len:24 dl:2217451 fs:2411021 front:193570
2022-12-30 13:14:55.507 T:3907 DEBUG : CAMLCodec::GetTimeSize: len:23 dl:2217451 fs:2217451 front:141075
2022-12-30 13:14:55.510 T:3904 DEBUG : CVideoPlayer::ProcessAudioData size:2560 dts:35.200 pts:35.200 dur:32.000ms, clock:26.468 drop:0 level:99
2022-12-30 13:14:55.511 T:3965 INFO : Python interpreter stopped
2022-12-30 13:14:55.511 T:3965 DEBUG : Thread LanguageInvoker 3681604224 terminating
2022-12-30 13:14:55.512 T:3907 DEBUG : CAMLCodec::AddData: dl:2236802 sum:2236802 sz:19351 dts:27.903 pts:27.945
2022-12-30 13:14:55.513 T:3907 DEBUG : CAMLCodec::GetTimeSize: len:24 dl:2236802 fs:2236802 front:141075
2022-12-30 13:14:55.533 T:3665 INFO : Skipped 3 duplicate messages..
2022-12-30 13:14:55.533 T:3665 DEBUG : CAMLCodec::PollFrame elapsed:39.316ms
2022-12-30 13:14:55.537 T:3665 DEBUG : PrepareNextRender: frameOnScreen: 26.495 renderPts: 26.661 nextFramePts: 26.652 -> diff: 0.009 render: 1 forceNext: 0
2022-12-30 13:14:55.537 T:3907 DEBUG : CAMLCodec::GetTimeSize: len:24 dl:2236802 fs:2236802 front:141075
2022-12-30 13:14:55.538 T:3907 DEBUG : CAMLCodec::DequeueBuffer: pts:26.902 idx:646
2022-12-30 13:14:55.538 T:3907 DEBUG : CAMLCodec::GetPicture: index: 646, pts: 26.902, dur:42ms ar:2.00
2022-12-30 13:14:55.538 T:3907 DEBUG : CVideoPlayerVideo::OutputPicture - ttd:406ms pts:26.902 Clock:26.496 Level:5
2022-12-30 13:14:55.538 T:3665 DEBUG : CAMLCodec::ReleaseFrame idx:640, drop:0
2022-12-30 13:14:55.539 T:3907 DEBUG : CAMLCodec::GetTimeSize: len:24 dl:2236802 fs:2236802 front:141075
2022-12-30 13:14:55.545 T:3907 DEBUG : CAMLCodec::GetTimeSize: len:24 dl:2095727 fs:2236802 front:141075
2022-12-30 13:14:55.545 T:3907 DEBUG : CAMLCodec::GetTimeSize: len:23 dl:2095727 fs:2095727 front:111781
2022-12-30 13:14:55.553 T:3907 DEBUG : CAMLCodec::AddData: dl:2415234 sum:2415234 sz:319507 dts:27.945 pts:28.028
2022-12-30 13:14:55.553 T:3907 DEBUG : CAMLCodec::GetTimeSize: len:24 dl:2415234 fs:2415234 front:111781
2022-12-30 13:14:55.555 T:3908 DEBUG : CVideoPlayerAudio::OutputPacket: pts:27.264 curr_pts:26.512 clock:26.513 level:99
2022-12-30 13:14:55.555 T:3908 DEBUG : CVideoPlayerAudio::OutputPacket: pts:27.296 curr_pts:26.513 clock:26.513 level:99
2022-12-30 13:14:55.559 T:3907 DEBUG : CAMLCodec::GetTimeSize: len:24 dl:2415234 fs:2415234 front:111781
2022-12-30 13:14:55.561 T:3904 DEBUG : CVideoPlayer::ProcessAudioData size:2560 dts:35.232 pts:35.232 dur:32.000ms, clock:26.519 drop:0 level:99
2022-12-30 13:14:55.561 T:3904 DEBUG : CVideoPlayer::ProcessAudioData size:2560 dts:35.264 pts:35.264 dur:32.000ms, clock:26.519 drop:0 level:99
2022-12-30 13:14:55.565 T:3907 DEBUG : CAMLCodec::GetTimeSize: len:24 dl:2415234 fs:2415234 front:111781
2022-12-30 13:14:55.574 T:3665 INFO : Skipped 1 duplicate messages..
2022-12-30 13:14:55.574 T:3665 DEBUG : CAMLCodec::PollFrame elapsed:35.961ms
2022-12-30 13:14:55.578 T:3907 DEBUG : CAMLCodec::GetTimeSize: len:24 dl:2415234 fs:2415234 front:111781
2022-12-30 13:14:55.578 T:3907 DEBUG : CAMLCodec::DequeueBuffer: pts:26.944 idx:647
2022-12-30 13:14:55.578 T:3907 DEBUG : CAMLCodec::GetPicture: index: 647, pts: 26.944, dur:42ms ar:2.00
2022-12-30 13:14:55.578 T:3907 DEBUG : CVideoPlayerVideo::OutputPicture - ttd:407ms pts:26.944 Clock:26.536 Level:6
2022-12-30 13:14:55.579 T:3665 DEBUG : PrepareNextRender: frameOnScreen: 26.537 renderPts: 26.703 nextFramePts: 26.693 -> diff: 0.010 render: 1 forceNext: 0
2022-12-30 13:14:55.579 T:3907 DEBUG : CAMLCodec::GetTimeSize: len:24 dl:2415234 fs:2415234 front:111781
2022-12-30 13:14:55.580 T:3665 DEBUG : CAMLCodec::ReleaseFrame idx:641, drop:0
2022-12-30 13:14:55.586 T:3907 DEBUG : CAMLCodec::GetTimeSize: len:24 dl:2303453 fs:2415234 front:111781
2022-12-30 13:14:55.586 T:3907 DEBUG : CAMLCodec::GetTimeSize: len:23 dl:2303453 fs:2303453 front:99960
2022-12-30 13:14:55.593 T:3907 DEBUG : CAMLCodec::AddData: dl:2531739 sum:2531739 sz:228286 dts:27.986 pts:28.195
2022-12-30 13:14:55.593 T:3907 DEBUG : CAMLCodec::GetTimeSize: len:24 dl:2531739 fs:2531739 front:99960
2022-12-30 13:14:55.605 T:3908 INFO : Skipped 1 duplicate messages..
2022-12-30 13:14:55.605 T:3908 DEBUG : CVideoPlayerAudio::OutputPacket: pts:27.328 curr_pts:26.562 clock:26.563 level:99
2022-12-30 13:14:55.606 T:3907 DEBUG : CAMLCodec::GetTimeSize: len:24 dl:2531739 fs:2531739 front:99960
2022-12-30 13:14:55.612 T:3904 DEBUG : CVideoPlayer::ProcessAudioData size:2560 dts:35.296 pts:35.296 dur:32.000ms, clock:26.570 drop:0 level:99
2022-12-30 13:14:55.612 T:3907 DEBUG : CAMLCodec::GetTimeSize: len:24 dl:2531739 fs:2531739 front:99960
2022-12-30 13:14:55.616 T:3665 DEBUG : CAMLCodec::PollFrame elapsed:35.972ms
2022-12-30 13:14:55.619 T:3907 DEBUG : CAMLCodec::GetTimeSize: len:24 dl:2531739 fs:2531739 front:99960
2022-12-30 13:14:55.619 T:3907 DEBUG : CAMLCodec::DequeueBuffer: pts:26.985 idx:648
2022-12-30 13:14:55.619 T:3907 DEBUG : CAMLCodec::GetPicture: index: 648, pts: 26.985, dur:41ms ar:2.00
2022-12-30 13:14:55.619 T:3907 DEBUG : CVideoPlayerVideo::OutputPicture - ttd:407ms pts:26.985 Clock:26.578 Level:6
2022-12-30 13:14:55.620 T:3665 DEBUG : PrepareNextRender: frameOnScreen: 26.578 renderPts: 26.745 nextFramePts: 26.735 -> diff: 0.010 render: 1 forceNext: 0
2022-12-30 13:14:55.621 T:3907 DEBUG : CAMLCodec::GetTimeSize: len:24 dl:2531739 fs:2531739 front:99960
2022-12-30 13:14:55.622 T:3665 DEBUG : CAMLCodec::ReleaseFrame idx:642, drop:0
2022-12-30 13:14:55.627 T:3907 DEBUG : CAMLCodec::GetTimeSize: len:24 dl:2431779 fs:2531739 front:99960
2022-12-30 13:14:55.627 T:3907 DEBUG : CAMLCodec::GetTimeSize: len:23 dl:2431779 fs:2431779 front:200592
2022-12-30 13:14:55.634 T:3907 DEBUG : CAMLCodec::AddData: dl:2504352 sum:2504352 sz:72573 dts:28.028 pts:28.111
2022-12-30 13:14:55.634 T:3907 DEBUG : CAMLCodec::GetTimeSize: len:24 dl:2504352 fs:2504352 front:200592
2022-12-30 13:14:55.655 T:3908 INFO : Skipped 3 duplicate messages..
2022-12-30 13:14:55.655 T:3908 DEBUG : CVideoPlayerAudio::OutputPacket: pts:27.360 curr_pts:26.612 clock:26.613 level:99
2022-12-30 13:14:55.655 T:3908 DEBUG : CVideoPlayerAudio::OutputPacket: pts:27.392 curr_pts:26.613 clock:26.613 level:99
2022-12-30 13:14:55.658 T:3665 DEBUG : CAMLCodec::PollFrame elapsed:36.012ms
2022-12-30 13:14:55.660 T:3907 DEBUG : CAMLCodec::GetTimeSize: len:24 dl:2504352 fs:2504352 front:200592
2022-12-30 13:14:55.660 T:3907 DEBUG : CAMLCodec::DequeueBuffer: pts:27.027 idx:649
2022-12-30 13:14:55.660 T:3907 DEBUG : CAMLCodec::GetPicture: index: 649, pts: 27.027, dur:42ms ar:2.00
2022-12-30 13:14:55.660 T:3907 DEBUG : CVideoPlayerVideo::OutputPicture - ttd:408ms pts:27.027 Clock:26.618 Level:6
2022-12-30 13:14:55.661 T:3907 DEBUG : CAMLCodec::GetTimeSize: len:24 dl:2504352 fs:2504352 front:200592
2022-12-30 13:14:55.662 T:3665 DEBUG : PrepareNextRender: frameOnScreen: 26.620 renderPts: 26.787 nextFramePts: 26.777 -> diff: 0.010 render: 1 forceNext: 0
2022-12-30 13:14:55.663 T:3904 DEBUG : CVideoPlayer::ProcessAudioData size:2560 dts:35.328 pts:35.328 dur:32.000ms, clock:26.621 drop:0 level:99
2022-12-30 13:14:55.663 T:3904 DEBUG : CVideoPlayer::ProcessAudioData size:2560 dts:35.360 pts:35.360 dur:32.000ms, clock:26.621 drop:0 level:99
2022-12-30 13:14:55.664 T:3665 DEBUG : CAMLCodec::ReleaseFrame idx:643, drop:0
2022-12-30 13:14:55.667 T:3907 DEBUG : CAMLCodec::GetTimeSize: len:24 dl:2504352 fs:2504352 front:200592
2022-12-30 13:14:55.674 T:3907 DEBUG : CAMLCodec::GetTimeSize: len:24 dl:2303760 fs:2504352 front:200592
2022-12-30 13:14:55.674 T:3907 DEBUG : CAMLCodec::GetTimeSize: len:23 dl:2303760 fs:2303760 front:96495
2022-12-30 13:14:55.679 T:3907 DEBUG : CAMLCodec::AddData: dl:2324530 sum:2324530 sz:20770 dts:28.070 pts:28.070
2022-12-30 13:14:55.679 T:3907 DEBUG : CAMLCodec::GetTimeSize: len:24 dl:2324530 fs:2324530 front:96495
2022-12-30 13:14:55.700 T:3665 INFO : Skipped 3 duplicate messages..
2022-12-30 13:14:55.700 T:3665 DEBUG : CAMLCodec::PollFrame elapsed:35.543ms
2022-12-30 13:14:55.703 T:3665 DEBUG : PrepareNextRender: frameOnScreen: 26.661 renderPts: 26.828 nextFramePts: 26.818 -> diff: 0.010 render: 1 forceNext: 0
2022-12-30 13:14:55.704 T:3907 DEBUG : CAMLCodec::GetTimeSize: len:24 dl:2324530 fs:2324530 front:96495
2022-12-30 13:14:55.704 T:3907 DEBUG : CAMLCodec::DequeueBuffer: pts:27.069 idx:650
2022-12-30 13:14:55.704 T:3907 DEBUG : CAMLCodec::GetPicture: index: 650, pts: 27.069, dur:42ms ar:2.00
2022-12-30 13:14:55.705 T:3907 DEBUG : CVideoPlayerVideo::OutputPicture - ttd:406ms pts:27.069 Clock:26.663 Level:5
2022-12-30 13:14:55.705 T:3908 DEBUG : CVideoPlayerAudio::OutputPacket: pts:27.424 curr_pts:26.663 clock:26.664 level:99
2022-12-30 13:14:55.706 T:3907 DEBUG : CAMLCodec::GetTimeSize: len:24 dl:2324530 fs:2324530 front:96495
2022-12-30 13:14:55.707 T:3665 DEBUG : CAMLCodec::ReleaseFrame idx:644, drop:0
2022-12-30 13:14:55.712 T:3907 DEBUG : CAMLCodec::GetTimeSize: len:24 dl:2228035 fs:2324530 front:96495
2022-12-30 13:14:55.712 T:3907 DEBUG : CAMLCodec::GetTimeSize: len:23 dl:2228035 fs:2228035 front:58146
2022-12-30 13:14:55.714 T:3904 DEBUG : CVideoPlayer::ProcessAudioData size:2560 dts:35.392 pts:35.392 dur:32.000ms, clock:26.672 drop:0 level:99
2022-12-30 13:14:55.718 T:3907 DEBUG : CAMLCodec::AddData: dl:2252002 sum:2252002 sz:23967 dts:28.111 pts:28.153
2022-12-30 13:14:55.718 T:3907 DEBUG : CAMLCodec::GetTimeSize: len:24 dl:2252002 fs:2252002 front:58146
2022-12-30 13:14:55.741 T:3665 INFO : Skipped 3 duplicate messages..
2022-12-30 13:14:55.741 T:3665 DEBUG : CAMLCodec::PollFrame elapsed:34.291ms
2022-12-30 13:14:55.742 T:3907 DEBUG : CAMLCodec::GetTimeSize: len:24 dl:2252002 fs:2252002 front:58146
2022-12-30 13:14:55.745 T:3665 DEBUG : PrepareNextRender: frameOnScreen: 26.703 renderPts: 26.870 nextFramePts: 26.860 -> diff: 0.010 render: 1 forceNext: 0
2022-12-30 13:14:55.746 T:3665 DEBUG : CAMLCodec::ReleaseFrame idx:645, drop:0
2022-12-30 13:14:55.749 T:3907 DEBUG : CAMLCodec::GetTimeSize: len:24 dl:2252002 fs:2252002 front:58146
2022-12-30 13:14:55.749 T:3907 DEBUG : CAMLCodec::DequeueBuffer: pts:27.110 idx:651
2022-12-30 13:14:55.749 T:3907 DEBUG : CAMLCodec::GetPicture: index: 651, pts: 27.110, dur:41ms ar:2.00
2022-12-30 13:14:55.749 T:3907 DEBUG : CVideoPlayerVideo::OutputPicture - ttd:403ms pts:27.110 Clock:26.707 Level:5
2022-12-30 13:14:55.750 T:3907 DEBUG : CAMLCodec::GetTimeSize: len:24 dl:2252002 fs:2252002 front:58146
2022-12-30 13:14:55.754 T:3908 DEBUG : CVideoPlayerAudio::OutputPacket: pts:27.456 curr_pts:26.712 clock:26.713 level:99
2022-12-30 13:14:55.755 T:3908 DEBUG : CVideoPlayerAudio::OutputPacket: pts:27.488 curr_pts:26.713 clock:26.713 level:99
2022-12-30 13:14:55.755 T:3904 DEBUG : CVideoPlayer::ProcessAudioData size:2560 dts:35.424 pts:35.424 dur:32.000ms, clock:26.714 drop:0 level:99
2022-12-30 13:14:55.756 T:3904 DEBUG : CVideoPlayer::ProcessAudioData size:2560 dts:35.456 pts:35.456 dur:32.000ms, clock:26.714 drop:0 level:99
2022-12-30 13:14:55.757 T:3907 DEBUG : CAMLCodec::GetTimeSize: len:24 dl:2193856 fs:2252002 front:58146
2022-12-30 13:14:55.757 T:3907 DEBUG : CAMLCodec::GetTimeSize: len:23 dl:2193856 fs:2193856 front:51665
2022-12-30 13:14:55.764 T:3907 DEBUG : CAMLCodec::AddData: dl:2404282 sum:2404282 sz:210426 dts:28.153 pts:28.403
2022-12-30 13:14:55.764 T:3907 DEBUG : CAMLCodec::GetTimeSize: len:24 dl:2404282 fs:2404282 front:51665
2022-12-30 13:14:55.783 T:3665 INFO : Skipped 2 duplicate messages..
2022-12-30 13:14:55.783 T:3665 DEBUG : CAMLCodec::PollFrame elapsed:36.662ms
2022-12-30 13:14:55.783 T:3907 DEBUG : CAMLCodec::GetTimeSize: len:24 dl:2404282 fs:2404282 front:51665
2022-12-30 13:14:55.787 T:3665 DEBUG : PrepareNextRender: frameOnScreen: 26.745 renderPts: 26.912 nextFramePts: 26.902 -> diff: 0.010 render: 1 forceNext: 0
2022-12-30 13:14:55.788 T:3665 DEBUG : CAMLCodec::ReleaseFrame idx:646, drop:0
2022-12-30 13:14:55.789 T:3907 DEBUG : CAMLCodec::GetTimeSize: len:24 dl:2404282 fs:2404282 front:51665
2022-12-30 13:14:55.790 T:3907 DEBUG : CAMLCodec::DequeueBuffer: pts:27.152 idx:652
2022-12-30 13:14:55.790 T:3907 DEBUG : CAMLCodec::GetPicture: index: 652, pts: 27.152, dur:42ms ar:2.00
2022-12-30 13:14:55.790 T:3907 DEBUG : CVideoPlayerVideo::OutputPicture - ttd:404ms pts:27.152 Clock:26.748 Level:5
2022-12-30 13:14:55.791 T:3907 DEBUG : CAMLCodec::GetTimeSize: len:24 dl:2404282 fs:2404282 front:51665
2022-12-30 13:14:55.797 T:3907 DEBUG : CAMLCodec::GetTimeSize: len:24 dl:2352617 fs:2404282 front:51665
2022-12-30 13:14:55.797 T:3907 DEBUG : CAMLCodec::GetTimeSize: len:23 dl:2352617 fs:2352617 front:224595
2022-12-30 13:14:55.805 T:3908 DEBUG : CVideoPlayerAudio::OutputPacket: pts:27.520 curr_pts:26.762 clock:26.763 level:99
2022-12-30 13:14:55.805 T:3907 DEBUG : CAMLCodec::AddData: dl:2449189 sum:2449189 sz:96572 dts:28.195 pts:28.320
2022-12-30 13:14:55.805 T:3907 DEBUG : CAMLCodec::GetTimeSize: len:24 dl:2449189 fs:2449189 front:224595
2022-12-30 13:14:55.806 T:3904 DEBUG : CVideoPlayer::ProcessAudioData size:2560 dts:35.488 pts:35.488 dur:32.000ms, clock:26.764 drop:0 level:99
2022-12-30 13:14:55.811 T:3907 DEBUG : CAMLCodec::GetTimeSize: len:24 dl:2449189 fs:2449189 front:224595
2022-12-30 13:14:55.825 T:3665 INFO : Skipped 2 duplicate messages..
2022-12-30 13:14:55.825 T:3665 DEBUG : CAMLCodec::PollFrame elapsed:36.249ms
2022-12-30 13:14:55.828 T:3665 DEBUG : PrepareNextRender: frameOnScreen: 26.786 renderPts: 26.953 nextFramePts: 26.944 -> diff: 0.009 render: 1 forceNext: 0
2022-12-30 13:14:55.829 T:3665 DEBUG : CAMLCodec::ReleaseFrame idx:647, drop:0
2022-12-30 13:14:55.830 T:3907 DEBUG : CAMLCodec::GetTimeSize: len:24 dl:2449189 fs:2449189 front:224595
2022-12-30 13:14:55.830 T:3907 DEBUG : CAMLCodec::DequeueBuffer: pts:27.194 idx:653
2022-12-30 13:14:55.830 T:3907 DEBUG : CAMLCodec::GetPicture: index: 653, pts: 27.194, dur:42ms ar:2.00
2022-12-30 13:14:55.830 T:3907 DEBUG : CVideoPlayerVideo::OutputPicture - ttd:405ms pts:27.194 Clock:26.788 Level:5
2022-12-30 13:14:55.831 T:3907 DEBUG : CAMLCodec::GetTimeSize: len:24 dl:2449189 fs:2449189 front:224595
2022-12-30 13:14:55.837 T:3907 DEBUG : CAMLCodec::GetTimeSize: len:24 dl:2224594 fs:2449189 front:224595
2022-12-30 13:14:55.838 T:3907 DEBUG : CAMLCodec::GetTimeSize: len:23 dl:2224594 fs:2224594 front:87500
2022-12-30 13:14:55.843 T:3907 DEBUG : CAMLCodec::AddData: dl:2260779 sum:2260779 sz:36185 dts:28.237 pts:28.237
2022-12-30 13:14:55.843 T:3907 DEBUG : CAMLCodec::GetTimeSize: len:24 dl:2260779 fs:2260779 front:87500
2022-12-30 13:14:55.855 T:3908 INFO : Skipped 1 duplicate messages..
2022-12-30 13:14:55.855 T:3908 DEBUG : CVideoPlayerAudio::OutputPacket: pts:27.552 curr_pts:26.812 clock:26.813 level:99
2022-12-30 13:14:55.855 T:3908 DEBUG : CVideoPlayerAudio::OutputPacket: pts:27.584 curr_pts:26.813 clock:26.813 level:99
2022-12-30 13:14:55.857 T:3907 DEBUG : CAMLCodec::GetTimeSize: len:24 dl:2260779 fs:2260779 front:87500
2022-12-30 13:14:55.857 T:3904 DEBUG : CVideoPlayer::ProcessAudioData size:2560 dts:35.520 pts:35.520 dur:32.000ms, clock:26.815 drop:0 level:99
2022-12-30 13:14:55.857 T:3904 DEBUG : CVideoPlayer::ProcessAudioData size:2560 dts:35.552 pts:35.552 dur:32.000ms, clock:26.815 drop:0 level:99
2022-12-30 13:14:55.863 T:3907 DEBUG : CAMLCodec::GetTimeSize: len:24 dl:2260779 fs:2260779 front:87500
2022-12-30 13:14:55.866 T:3665 DEBUG : CAMLCodec::PollFrame elapsed:37.319ms
2022-12-30 13:14:55.870 T:3907 DEBUG : CAMLCodec::GetTimeSize: len:24 dl:2260779 fs:2260779 front:87500
2022-12-30 13:14:55.870 T:3907 DEBUG : CAMLCodec::DequeueBuffer: pts:27.236 idx:654
2022-12-30 13:14:55.870 T:3907 DEBUG : CAMLCodec::GetPicture: index: 654, pts: 27.236, dur:42ms ar:2.00
2022-12-30 13:14:55.870 T:3907 DEBUG : CVideoPlayerVideo::OutputPicture - ttd:408ms pts:27.236 Clock:26.828 Level:6
2022-12-30 13:14:55.871 T:3665 DEBUG : PrepareNextRender: frameOnScreen: 26.829 renderPts: 26.995 nextFramePts: 26.985 -> diff: 0.010 render: 1 forceNext: 0
2022-12-30 13:14:55.871 T:3907 DEBUG : CAMLCodec::GetTimeSize: len:24 dl:2260779 fs:2260779 front:87500
2022-12-30 13:14:55.872 T:3665 DEBUG : CAMLCodec::ReleaseFrame idx:648, drop:0
2022-12-30 13:14:55.877 T:3907 DEBUG : CAMLCodec::GetTimeSize: len:24 dl:2260779 fs:2260779 front:87500
2022-12-30 13:14:55.884 T:3907 DEBUG : CAMLCodec::GetTimeSize: len:24 dl:2173279 fs:2260779 front:87500
2022-12-30 13:14:55.884 T:3907 DEBUG : CAMLCodec::GetTimeSize: len:23 dl:2173279 fs:2173279 front:42842
2022-12-30 13:14:55.889 T:3907 DEBUG : CAMLCodec::AddData: dl:2212348 sum:2212348 sz:39069 dts:28.278 pts:28.278
2022-12-30 13:14:55.889 T:3907 DEBUG : CAMLCodec::GetTimeSize: len:24 dl:2212348 fs:2212348 front:42842
2022-12-30 13:14:55.905 T:3908 INFO : Skipped 2 duplicate messages..
2022-12-30 13:14:55.905 T:3908 DEBUG : CVideoPlayerAudio::OutputPacket: pts:27.616 curr_pts:26.862 clock:26.863 level:99
2022-12-30 13:14:55.906 T:3908 DEBUG : CVideoPlayerAudio::OutputPacket: pts:27.648 curr_pts:26.863 clock:26.864 level:99
2022-12-30 13:14:55.908 T:3907 DEBUG : CAMLCodec::GetTimeSize: len:24 dl:2212348 fs:2212348 front:42842
2022-12-30 13:14:55.910 T:3904 DEBUG : CVideoPlayer::ProcessVideoData size:138377 dts:35.035 pts:35.410 dur:41.000ms, clock:26.868 level:84
2022-12-30 13:14:55.910 T:3904 DEBUG : CVideoPlayer::ProcessVideoData size:83832 dts:35.077 pts:35.244 dur:41.000ms, clock:26.868 level:84
2022-12-30 13:14:55.911 T:3665 DEBUG : CAMLCodec::PollFrame elapsed:38.854ms
2022-12-30 13:14:55.913 T:3904 DEBUG : CVideoPlayer::ProcessVideoData size:40775 dts:35.118 pts:35.118 dur:41.000ms, clock:26.871 level:85
2022-12-30 13:14:55.913 T:3904 DEBUG : CVideoPlayer::ProcessVideoData size:47361 dts:35.160 pts:35.160 dur:41.000ms, clock:26.871 level:85
2022-12-30 13:14:55.913 T:3904 DEBUG : CVideoPlayer::ProcessVideoData size:37728 dts:35.202 pts:35.202 dur:41.000ms, clock:26.871 level:86
2022-12-30 13:14:55.914 T:3904 DEBUG : CVideoPlayer::ProcessVideoData size:39433 dts:35.244 pts:35.285 dur:41.000ms, clock:26.872 level:87
2022-12-30 13:14:55.915 T:3907 DEBUG : CAMLCodec::GetTimeSize: len:24 dl:2212348 fs:2212348 front:42842
2022-12-30 13:14:55.915 T:3907 DEBUG : CAMLCodec::DequeueBuffer: pts:27.277 idx:655
2022-12-30 13:14:55.915 T:3907 DEBUG : CAMLCodec::GetPicture: index: 655, pts: 27.277, dur:41ms ar:2.00
2022-12-30 13:14:55.915 T:3907 DEBUG : CVideoPlayerVideo::OutputPicture - ttd:403ms pts:27.277 Clock:26.873 Level:6
2022-12-30 13:14:55.916 T:3904 DEBUG : CVideoPlayer::ProcessVideoData size:47996 dts:35.285 pts:35.327 dur:41.000ms, clock:26.873 level:87
2022-12-30 13:14:55.916 T:3904 DEBUG : CVideoPlayer::ProcessVideoData size:44594 dts:35.327 pts:35.369 dur:41.000ms, clock:26.874 level:88
2022-12-30 13:14:55.917 T:3904 DEBUG : CVideoPlayer::ProcessAudioData size:2560 dts:35.584 pts:35.584 dur:32.000ms, clock:26.875 drop:0 level:99
2022-12-30 13:14:55.917 T:3904 DEBUG : CVideoPlayer::ProcessAudioData size:2560 dts:35.616 pts:35.616 dur:32.000ms, clock:26.876 drop:0 level:99
2022-12-30 13:14:55.918 T:3907 DEBUG : CAMLCodec::GetTimeSize: len:24 dl:2169506 fs:2212348 front:42842
2022-12-30 13:14:55.918 T:3907 DEBUG : CAMLCodec::GetTimeSize: len:23 dl:2169506 fs:2169506 front:32814
2022-12-30 13:14:55.920 T:3665 DEBUG : PrepareNextRender: frameOnScreen: 26.878 renderPts: 27.045 nextFramePts: 27.027 -> diff: 0.018 render: 1 forceNext: 0
2022-12-30 13:14:55.921 T:3665 DEBUG : CAMLCodec::ReleaseFrame idx:649, drop:0
2022-12-30 13:14:55.923 T:3907 DEBUG : CAMLCodec::AddData: dl:2194364 sum:2194364 sz:24858 dts:28.320 pts:28.362
2022-12-30 13:14:55.923 T:3907 DEBUG : CAMLCodec::GetTimeSize: len:24 dl:2194364 fs:2194364 front:32814
2022-12-30 13:14:55.950 T:3665 INFO : Skipped 4 duplicate messages..
2022-12-30 13:14:55.950 T:3665 DEBUG : CAMLCodec::PollFrame elapsed:28.293ms
2022-12-30 13:14:55.955 T:3908 DEBUG : CVideoPlayerAudio::OutputPacket: pts:27.680 curr_pts:26.912 clock:26.913 level:99
2022-12-30 13:14:55.955 T:3907 DEBUG : CAMLCodec::GetTimeSize: len:24 dl:2194364 fs:2194364 front:32814
2022-12-30 13:14:55.955 T:3907 DEBUG : CAMLCodec::DequeueBuffer: pts:27.319 idx:656
2022-12-30 13:14:55.955 T:3907 DEBUG : CAMLCodec::GetPicture: index: 656, pts: 27.319, dur:42ms ar:2.00
2022-12-30 13:14:55.955 T:3907 DEBUG : CVideoPlayerVideo::OutputPicture - ttd:405ms pts:27.319 Clock:26.913 Level:6
2022-12-30 13:14:55.956 T:3665 DEBUG : PrepareNextRender: frameOnScreen: 26.914 renderPts: 27.081 nextFramePts: 27.069 -> diff: 0.012 render: 1 forceNext: 0
2022-12-30 13:14:55.957 T:3907 DEBUG : CAMLCodec::GetTimeSize: len:24 dl:2194364 fs:2194364 front:32814
2022-12-30 13:14:55.958 T:3665 DEBUG : CAMLCodec::ReleaseFrame idx:650, drop:0
2022-12-30 13:14:55.958 T:3904 DEBUG : CVideoPlayer::ProcessAudioData size:2560 dts:35.648 pts:35.648 dur:32.000ms, clock:26.916 drop:0 level:99
2022-12-30 13:14:55.963 T:3907 DEBUG : CAMLCodec::GetTimeSize: len:24 dl:2161550 fs:2194364 front:32814
2022-12-30 13:14:55.963 T:3907 DEBUG : CAMLCodec::GetTimeSize: len:23 dl:2161550 fs:2161550 front:212242
2022-12-30 13:14:55.970 T:3907 DEBUG : CAMLCodec::AddData: dl:2351417 sum:2351417 sz:189867 dts:28.362 pts:28.570
2022-12-30 13:14:55.971 T:3907 DEBUG : CAMLCodec::GetTimeSize: len:24 dl:2351417 fs:2351417 front:212242
2022-12-30 13:14:55.992 T:3665 INFO : Skipped 3 duplicate messages..
2022-12-30 13:14:55.992 T:3665 DEBUG : CAMLCodec::PollFrame elapsed:33.260ms
2022-12-30 13:14:55.995 T:3665 DEBUG : PrepareNextRender: frameOnScreen: 26.953 renderPts: 27.120 nextFramePts: 27.110 -> diff: 0.010 render: 1 forceNext: 0
2022-12-30 13:14:55.996 T:3907 DEBUG : CAMLCodec::GetTimeSize: len:24 dl:2351417 fs:2351417 front:212242
2022-12-30 13:14:55.996 T:3907 DEBUG : CAMLCodec::DequeueBuffer: pts:27.361 idx:657
2022-12-30 13:14:55.996 T:3907 DEBUG : CAMLCodec::GetPicture: index: 657, pts: 27.361, dur:42ms ar:2.00
2022-12-30 13:14:55.996 T:3907 DEBUG : CVideoPlayerVideo::OutputPicture - ttd:407ms pts:27.361 Clock:26.954 Level:5
2022-12-30 13:14:55.996 T:3665 DEBUG : CAMLCodec::ReleaseFrame idx:651, drop:0
2022-12-30 13:14:55.997 T:3907 DEBUG : CAMLCodec::GetTimeSize: len:24 dl:2351417 fs:2351417 front:212242
2022-12-30 13:14:56.003 T:3907 DEBUG : CAMLCodec::GetTimeSize: len:24 dl:2139175 fs:2351417 front:212242
2022-12-30 13:14:56.004 T:3907 DEBUG : CAMLCodec::GetTimeSize: len:23 dl:2139175 fs:2139175 front:82009
2022-12-30 13:14:56.005 T:3908 DEBUG : CVideoPlayerAudio::OutputPacket: pts:27.712 curr_pts:26.962 clock:26.963 level:99
2022-12-30 13:14:56.006 T:3908 DEBUG : CVideoPlayerAudio::OutputPacket: pts:27.744 curr_pts:26.963 clock:26.964 level:99
2022-12-30 13:14:56.010 T:3904 DEBUG : CVideoPlayer::ProcessVideoData size:125788 dts:35.369 pts:35.702 dur:41.000ms, clock:26.968 level:87
2022-12-30 13:14:56.011 T:3904 DEBUG : CVideoPlayer::ProcessVideoData size:97734 dts:35.410 pts:35.577 dur:41.000ms, clock:26.969 level:87
2022-12-30 13:14:56.011 T:3904 DEBUG : CVideoPlayer::ProcessVideoData size:41974 dts:35.452 pts:35.452 dur:41.000ms, clock:26.969 level:88
2022-12-30 13:14:56.012 T:3907 DEBUG : CAMLCodec::AddData: dl:2209284 sum:2209284 sz:70109 dts:28.403 pts:28.487
2022-12-30 13:14:56.012 T:3907 DEBUG : CAMLCodec::GetTimeSize: len:24 dl:2209284 fs:2209284 front:82009
2022-12-30 13:14:56.013 T:3904 DEBUG : CVideoPlayer::ProcessVideoData size:49815 dts:35.494 pts:35.494 dur:41.000ms, clock:26.971 level:88
2022-12-30 13:14:56.013 T:3904 DEBUG : CVideoPlayer::ProcessVideoData size:38461 dts:35.535 pts:35.535 dur:41.000ms, clock:26.971 level:89
2022-12-30 13:14:56.013 T:3904 DEBUG : CVideoPlayer::ProcessVideoData size:38977 dts:35.577 pts:35.619 dur:41.000ms, clock:26.971 level:89
2022-12-30 13:14:56.015 T:3904 DEBUG : CVideoPlayer::ProcessVideoData size:42475 dts:35.619 pts:35.661 dur:41.000ms, clock:26.973 level:90
2022-12-30 13:14:56.016 T:3904 DEBUG : CVideoPlayer::ProcessAudioData size:2560 dts:35.680 pts:35.680 dur:32.000ms, clock:26.974 drop:0 level:99
2022-12-30 13:14:56.016 T:3904 DEBUG : CVideoPlayer::ProcessAudioData size:2560 dts:35.712 pts:35.712 dur:32.000ms, clock:26.974 drop:0 level:99
2022-12-30 13:14:56.018 T:3907 DEBUG : CAMLCodec::GetTimeSize: len:24 dl:2209284 fs:2209284 front:82009
2022-12-30 13:14:56.033 T:3665 INFO : Skipped 2 duplicate messages..
2022-12-30 13:14:56.033 T:3665 DEBUG : CAMLCodec::PollFrame elapsed:36.833ms
2022-12-30 13:14:56.036 T:3907 DEBUG : CAMLCodec::GetTimeSize: len:24 dl:2209284 fs:2209284 front:82009
2022-12-30 13:14:56.037 T:3907 DEBUG : CAMLCodec::DequeueBuffer: pts:27.402 idx:658
2022-12-30 13:14:56.037 T:3907 DEBUG : CAMLCodec::GetPicture: index: 658, pts: 27.402, dur:41ms ar:2.00
2022-12-30 13:14:56.037 T:3907 DEBUG : CVideoPlayerVideo::OutputPicture - ttd:407ms pts:27.402 Clock:26.995 Level:6
2022-12-30 13:14:56.038 T:3665 DEBUG : PrepareNextRender: frameOnScreen: 26.996 renderPts: 27.162 nextFramePts: 27.152 -> diff: 0.010 render: 1 forceNext: 0
2022-12-30 13:14:56.038 T:3907 DEBUG : CAMLCodec::GetTimeSize: len:24 dl:2209284 fs:2209284 front:82009
2022-12-30 13:14:56.039 T:3665 DEBUG : CAMLCodec::ReleaseFrame idx:652, drop:0
2022-12-30 13:14:56.044 T:3907 DEBUG : CAMLCodec::GetTimeSize: len:24 dl:2127275 fs:2209284 front:82009
2022-12-30 13:14:56.044 T:3907 DEBUG : CAMLCodec::GetTimeSize: len:23 dl:2127275 fs:2127275 front:29831
2022-12-30 13:14:56.050 T:3907 DEBUG : CAMLCodec::AddData: dl:2152378 sum:2152378 sz:25103 dts:28.445 pts:28.445
2022-12-30 13:14:56.050 T:3907 DEBUG : CAMLCodec::GetTimeSize: len:24 dl:2152378 fs:2152378 front:29831
2022-12-30 13:14:56.055 T:3908 DEBUG : CVideoPlayerAudio::OutputPacket: pts:27.776 curr_pts:27.012 clock:27.013 level:99
2022-12-30 13:14:56.056 T:3907 DEBUG : CAMLCodec::GetTimeSize: len:24 dl:2152378 fs:2152378 front:29831
2022-12-30 13:14:56.057 T:3904 DEBUG : CVideoPlayer::ProcessAudioData size:2560 dts:35.744 pts:35.744 dur:32.000ms, clock:27.015 drop:0 level:99
2022-12-30 13:14:56.062 T:3907 DEBUG : CAMLCodec::GetTimeSize: len:24 dl:2152378 fs:2152378 front:29831
2022-12-30 13:14:56.075 T:3665 INFO : Skipped 2 duplicate messages..
2022-12-30 13:14:56.075 T:3665 DEBUG : CAMLCodec::PollFrame elapsed:35.766ms
2022-12-30 13:14:56.078 T:3665 DEBUG : PrepareNextRender: frameOnScreen: 27.036 renderPts: 27.203 nextFramePts: 27.194 -> diff: 0.009 render: 1 forceNext: 0
2022-12-30 13:14:56.079 T:3665 DEBUG : CAMLCodec::ReleaseFrame idx:653, drop:0
2022-12-30 13:14:56.081 T:3907 DEBUG : CAMLCodec::GetTimeSize: len:24 dl:2152378 fs:2152378 front:29831
2022-12-30 13:14:56.081 T:3907 DEBUG : CAMLCodec::DequeueBuffer: pts:27.444 idx:659
2022-12-30 13:14:56.081 T:3907 DEBUG : CAMLCodec::GetPicture: index: 659, pts: 27.444, dur:42ms ar:2.00
2022-12-30 13:14:56.081 T:3907 DEBUG : CVideoPlayerVideo::OutputPicture - ttd:404ms pts:27.444 Clock:27.039 Level:5
2022-12-30 13:14:56.082 T:3907 DEBUG : CAMLCodec::GetTimeSize: len:24 dl:2152378 fs:2152378 front:29831
2022-12-30 13:14:56.088 T:3907 DEBUG : CAMLCodec::GetTimeSize: len:24 dl:2122547 fs:2152378 front:29831
2022-12-30 13:14:56.088 T:3907 DEBUG : CAMLCodec::GetTimeSize: len:23 dl:2122547 fs:2122547 front:28471
2022-12-30 13:14:56.094 T:3907 DEBUG : CAMLCodec::AddData: dl:2145522 sum:2145522 sz:22975 dts:28.487 pts:28.528
2022-12-30 13:14:56.094 T:3907 DEBUG : CAMLCodec::GetTimeSize: len:24 dl:2145522 fs:2145522 front:28471
2022-12-30 13:14:56.105 T:3908 INFO : Skipped 1 duplicate messages..
2022-12-30 13:14:56.105 T:3908 DEBUG : CVideoPlayerAudio::OutputPacket: pts:27.808 curr_pts:27.062 clock:27.063 level:99
2022-12-30 13:14:56.106 T:3908 DEBUG : CVideoPlayerAudio::OutputPacket: pts:27.840 curr_pts:27.063 clock:27.064 level:99
2022-12-30 13:14:56.107 T:3907 DEBUG : CAMLCodec::GetTimeSize: len:24 dl:2145522 fs:2145522 front:28471
2022-12-30 13:14:56.107 T:3904 DEBUG : CVideoPlayer::ProcessAudioData size:2560 dts:35.776 pts:35.776 dur:32.000ms, clock:27.065 drop:0 level:99
2022-12-30 13:14:56.107 T:3904 DEBUG : CVideoPlayer::ProcessAudioData size:2560 dts:35.808 pts:35.808 dur:32.000ms, clock:27.066 drop:0 level:99
2022-12-30 13:14:56.114 T:3907 DEBUG : CAMLCodec::GetTimeSize: len:24 dl:2145522 fs:2145522 front:28471
2022-12-30 13:14:56.118 T:3665 DEBUG : CAMLCodec::PollFrame elapsed:38.121ms
2022-12-30 13:14:56.121 T:3907 DEBUG : CAMLCodec::GetTimeSize: len:24 dl:2145522 fs:2145522 front:28471
2022-12-30 13:14:56.121 T:3907 DEBUG : CAMLCodec::DequeueBuffer: pts:27.486 idx:660
2022-12-30 13:14:56.121 T:3907 DEBUG : CAMLCodec::GetPicture: index: 660, pts: 27.486, dur:42ms ar:2.00
2022-12-30 13:14:56.121 T:3907 DEBUG : CVideoPlayerVideo::OutputPicture - ttd:406ms pts:27.486 Clock:27.079 Level:6
2022-12-30 13:14:56.122 T:3665 DEBUG : PrepareNextRender: frameOnScreen: 27.080 renderPts: 27.247 nextFramePts: 27.236 -> diff: 0.011 render: 1 forceNext: 0
2022-12-30 13:14:56.122 T:3907 DEBUG : CAMLCodec::GetTimeSize: len:24 dl:2145522 fs:2145522 front:28471
2022-12-30 13:14:56.123 T:3665 DEBUG : CAMLCodec::ReleaseFrame idx:654, drop:0
2022-12-30 13:14:56.128 T:3907 DEBUG : CAMLCodec::GetTimeSize: len:24 dl:2117051 fs:2145522 front:28471
2022-12-30 13:14:56.129 T:3907 DEBUG : CAMLCodec::GetTimeSize: len:23 dl:2117051 fs:2117051 front:192660
2022-12-30 13:14:56.136 T:3907 DEBUG : CAMLCodec::AddData: dl:2311601 sum:2311601 sz:194550 dts:28.528 pts:28.737
2022-12-30 13:14:56.136 T:3907 DEBUG : CAMLCodec::GetTimeSize: len:24 dl:2311601 fs:2311601 front:192660
2022-12-30 13:14:56.155 T:3908 INFO : Skipped 2 duplicate messages..
2022-12-30 13:14:56.155 T:3908 DEBUG : CVideoPlayerAudio::OutputPacket: pts:27.872 curr_pts:27.112 clock:27.113 level:99
2022-12-30 13:14:56.155 T:3907 DEBUG : CAMLCodec::GetTimeSize: len:24 dl:2311601 fs:2311601 front:192660
2022-12-30 13:14:56.158 T:3904 DEBUG : CVideoPlayer::ProcessAudioData size:2560 dts:35.840 pts:35.840 dur:32.000ms, clock:27.116 drop:0 level:99
2022-12-30 13:14:56.159 T:3665 DEBUG : CAMLCodec::PollFrame elapsed:35.122ms
2022-12-30 13:14:56.161 T:3907 DEBUG : CAMLCodec::GetTimeSize: len:24 dl:2311601 fs:2311601 front:192660
2022-12-30 13:14:56.162 T:3907 DEBUG : CAMLCodec::DequeueBuffer: pts:27.527 idx:661
2022-12-30 13:14:56.162 T:3907 DEBUG : CAMLCodec::GetPicture: index: 661, pts: 27.527, dur:41ms ar:2.00
2022-12-30 13:14:56.162 T:3907 DEBUG : CVideoPlayerVideo::OutputPicture - ttd:407ms pts:27.527 Clock:27.120 Level:6
2022-12-30 13:14:56.162 T:3665 DEBUG : PrepareNextRender: frameOnScreen: 27.120 renderPts: 27.287 nextFramePts: 27.277 -> diff: 0.010 render: 1 forceNext: 0
2022-12-30 13:14:56.163 T:3907 DEBUG : CAMLCodec::GetTimeSize: len:24 dl:2311601 fs:2311601 front:192660
2022-12-30 13:14:56.163 T:3665 DEBUG : CAMLCodec::ReleaseFrame idx:655, drop:0
2022-12-30 13:14:56.169 T:3907 DEBUG : CAMLCodec::GetTimeSize: len:24 dl:2311601 fs:2311601 front:192660
2022-12-30 13:14:56.175 T:3907 DEBUG : CAMLCodec::GetTimeSize: len:24 dl:2118941 fs:2311601 front:192660
2022-12-30 13:14:56.176 T:3907 DEBUG : CAMLCodec::GetTimeSize: len:23 dl:2118941 fs:2118941 front:53788
2022-12-30 13:14:56.183 T:3907 DEBUG : CAMLCodec::AddData: dl:2187785 sum:2187785 sz:68844 dts:28.570 pts:28.654
2022-12-30 13:14:56.183 T:3907 DEBUG : CAMLCodec::GetTimeSize: len:24 dl:2187785 fs:2187785 front:53788
2022-12-30 13:14:56.200 T:3665 INFO : Skipped 2 duplicate messages..
2022-12-30 13:14:56.200 T:3665 DEBUG : CAMLCodec::PollFrame elapsed:36.636ms
2022-12-30 13:14:56.202 T:3907 DEBUG : CAMLCodec::GetTimeSize: len:24 dl:2187785 fs:2187785 front:53788
2022-12-30 13:14:56.202 T:3907 DEBUG : CAMLCodec::DequeueBuffer: pts:27.569 idx:662
2022-12-30 13:14:56.202 T:3907 DEBUG : CAMLCodec::GetPicture: index: 662, pts: 27.569, dur:42ms ar:2.00
2022-12-30 13:14:56.202 T:3907 DEBUG : CVideoPlayerVideo::OutputPicture - ttd:408ms pts:27.569 Clock:27.160 Level:6
2022-12-30 13:14:56.204 T:3907 DEBUG : CAMLCodec::GetTimeSize: len:24 dl:2187785 fs:2187785 front:53788
2022-12-30 13:14:56.206 T:3908 DEBUG : CVideoPlayerAudio::OutputPacket: pts:27.904 curr_pts:27.163 clock:27.164 level:99
2022-12-30 13:14:56.206 T:3908 DEBUG : CVideoPlayerAudio::OutputPacket: pts:27.936 curr_pts:27.164 clock:27.164 level:99
2022-12-30 13:14:56.208 T:3665 DEBUG : PrepareNextRender: frameOnScreen: 27.166 renderPts: 27.332 nextFramePts: 27.319 -> diff: 0.013 render: 1 forceNext: 0
2022-12-30 13:14:56.208 T:3665 DEBUG : CAMLCodec::ReleaseFrame idx:656, drop:0
2022-12-30 13:14:56.209 T:3904 DEBUG : CVideoPlayer::ProcessAudioData size:2560 dts:35.872 pts:35.872 dur:32.000ms, clock:27.167 drop:0 level:99
2022-12-30 13:14:56.209 T:3904 DEBUG : CVideoPlayer::ProcessAudioData size:2560 dts:35.904 pts:35.904 dur:32.000ms, clock:27.167 drop:0 level:99
2022-12-30 13:14:56.211 T:3907 DEBUG : CAMLCodec::GetTimeSize: len:24 dl:2133997 fs:2187785 front:53788
2022-12-30 13:14:56.211 T:3907 DEBUG : CAMLCodec::GetTimeSize: len:23 dl:2133997 fs:2133997 front:25993
2022-12-30 13:14:56.216 T:3907 DEBUG : CAMLCodec::AddData: dl:2159294 sum:2159294 sz:25297 dts:28.612 pts:28.612
2022-12-30 13:14:56.216 T:3907 DEBUG : CAMLCodec::GetTimeSize: len:24 dl:2159294 fs:2159294 front:25993
2022-12-30 13:14:56.242 T:3665 INFO : Skipped 4 duplicate messages..
2022-12-30 13:14:56.242 T:3665 DEBUG : CAMLCodec::PollFrame elapsed:33.921ms
