2022-12-30 13:14:31.303 T:3665 DEBUG : PrepareNextRender: frameOnScreen: 2.393 renderPts: 2.559 nextFramePts: 2.544 -> diff: 0.015 render: 1 forceNext: 0
2022-12-30 13:14:31.304 T:3907 DEBUG : CAMLCodec::GetTimeSize: len:24 dl:780841 fs:780841 front:33240
2022-12-30 13:14:31.304 T:3907 DEBUG : CAMLCodec::DequeueBuffer: pts:2.794 idx:68
2022-12-30 13:14:31.304 T:3907 DEBUG : CAMLCodec::GetPicture: index: 68, pts: 2.794, dur:41ms ar:2.00
2022-12-30 13:14:31.304 T:3907 DEBUG : CVideoPlayerVideo::OutputPicture - ttd:400ms pts:2.794 Clock:2.393 Level:5
2022-12-30 13:14:31.305 T:3665 DEBUG : CAMLCodec::ReleaseFrame idx:62, drop:0
2022-12-30 13:14:31.306 T:3908 DEBUG : CVideoPlayerAudio::OutputPacket: pts:3.104 curr_pts:2.400 clock:2.395 level:99
2022-12-30 13:14:31.307 T:3908 DEBUG : CVideoPlayerAudio::OutputPacket: pts:3.136 curr_pts:2.401 clock:2.396 level:99
2022-12-30 13:14:31.307 T:3907 DEBUG : CAMLCodec::GetTimeSize: len:24 dl:780841 fs:780841 front:33240
2022-12-30 13:14:31.313 T:3904 DEBUG : CVideoPlayer::ProcessAudioData size:2560 dts:11.072 pts:11.072 dur:32.000ms, clock:2.403 drop:0 level:99
2022-12-30 13:14:31.314 T:3904 DEBUG : CVideoPlayer::ProcessAudioData size:2560 dts:11.104 pts:11.104 dur:32.000ms, clock:2.403 drop:0 level:99
2022-12-30 13:14:31.314 T:3907 DEBUG : CAMLCodec::GetTimeSize: len:24 dl:747601 fs:780841 front:33240
2022-12-30 13:14:31.314 T:3907 DEBUG : CAMLCodec::GetTimeSize: len:23 dl:747601 fs:747601 front:37181
2022-12-30 13:14:31.319 T:3907 DEBUG : CAMLCodec::AddData: dl:773610 sum:773610 sz:26009 dts:3.837 pts:3.879
2022-12-30 13:14:31.319 T:3907 DEBUG : CAMLCodec::GetTimeSize: len:24 dl:773610 fs:773610 front:37181
2022-12-30 13:14:31.342 T:3665 INFO : Skipped 3 duplicate messages..
2022-12-30 13:14:31.342 T:3665 DEBUG : CAMLCodec::PollFrame elapsed:36.779ms
2022-12-30 13:14:31.345 T:3907 DEBUG : CAMLCodec::GetTimeSize: len:24 dl:773610 fs:773610 front:37181
2022-12-30 13:14:31.345 T:3907 DEBUG : CAMLCodec::DequeueBuffer: pts:2.836 idx:69
2022-12-30 13:14:31.345 T:3907 DEBUG : CAMLCodec::GetPicture: index: 69, pts: 2.836, dur:42ms ar:2.00
2022-12-30 13:14:31.345 T:3907 DEBUG : CVideoPlayerVideo::OutputPicture - ttd:401ms pts:2.836 Clock:2.435 Level:6
2022-12-30 13:14:31.346 T:3665 DEBUG : PrepareNextRender: frameOnScreen: 2.435 renderPts: 2.602 nextFramePts: 2.586 -> diff: 0.016 render: 1 forceNext: 0
2022-12-30 13:14:31.347 T:3907 DEBUG : CAMLCodec::GetTimeSize: len:24 dl:773610 fs:773610 front:37181
2022-12-30 13:14:31.347 T:3665 DEBUG : CAMLCodec::ReleaseFrame idx:63, drop:0
2022-12-30 13:14:31.353 T:3907 DEBUG : CAMLCodec::GetTimeSize: len:24 dl:736429 fs:773610 front:37181
2022-12-30 13:14:31.353 T:3907 DEBUG : CAMLCodec::GetTimeSize: len:23 dl:736429 fs:736429 front:79218
2022-12-30 13:14:31.355 T:3908 DEBUG : CVideoPlayerAudio::OutputPacket: pts:3.168 curr_pts:2.449 clock:2.444 level:99
2022-12-30 13:14:31.355 T:3908 DEBUG : CVideoPlayerAudio::OutputPacket: pts:3.200 curr_pts:2.450 clock:2.445 level:99
2022-12-30 13:14:31.356 T:3904 DEBUG : CVideoPlayer::ProcessVideoData size:147129 dts:10.719 pts:11.011 dur:41.000ms, clock:2.445 level:85
2022-12-30 13:14:31.358 T:3904 DEBUG : CVideoPlayer::ProcessVideoData size:103611 dts:10.761 pts:10.886 dur:41.000ms, clock:2.447 level:86
2022-12-30 13:14:31.358 T:3904 DEBUG : CVideoPlayer::ProcessVideoData size:61818 dts:10.802 pts:10.802 dur:41.000ms, clock:2.447 level:87
2022-12-30 13:14:31.358 T:3904 DEBUG : CVideoPlayer::ProcessVideoData size:57376 dts:10.844 pts:10.844 dur:41.000ms, clock:2.448 level:87
2022-12-30 13:14:31.359 T:3907 DEBUG : CAMLCodec::AddData: dl:765703 sum:765703 sz:29274 dts:3.879 pts:3.962
2022-12-30 13:14:31.359 T:3904 DEBUG : CVideoPlayer::ProcessVideoData size:46902 dts:10.886 pts:10.928 dur:41.000ms, clock:2.448 level:87
2022-12-30 13:14:31.359 T:3907 DEBUG : CAMLCodec::GetTimeSize: len:24 dl:765703 fs:765703 front:79218
2022-12-30 13:14:31.359 T:3904 DEBUG : CVideoPlayer::ProcessVideoData size:50886 dts:10.928 pts:10.969 dur:41.000ms, clock:2.449 level:88
2022-12-30 13:14:31.360 T:3904 DEBUG : CVideoPlayer::ProcessAudioData size:2560 dts:11.136 pts:11.136 dur:32.000ms, clock:2.450 drop:0 level:99
2022-12-30 13:14:31.360 T:3904 DEBUG : CVideoPlayer::ProcessAudioData size:2560 dts:11.168 pts:11.168 dur:32.000ms, clock:2.450 drop:0 level:99
2022-12-30 13:14:31.363 T:3927 DEBUG : [metadata.tvshows.themoviedb.org.python (1.4.17)]: Called addon with params: ['plugin://metadata.tvshows.themoviedb.org.python/', '10', '?action=find&pathSettings=%7b%22cat_landscape%22%3atrue%2c%22certprefix%22%3a%22Rated%20%22%2c%22enab_trailer%22%3atrue%2c%22enable_fanarttv%22%3atrue%2c%22fanarttv_clientkey%22%3a%22%22%2c%22imdbanyway%22%3afalse%2c%22keeporiginaltitle%22%3afalse%2c%22language%22%3a%22fr-FR%22%2c%22lastUpdated%22%3a%220%22%2c%22originalUrl%22%3a%22%22%2c%22players_opt%22%3a%22Tubed%22%2c%22previewUrl%22%3a%22%22%2c%22ratings%22%3a%22IMDb%22%2c%22studio_country%22%3atrue%2c%22tmdbanyway%22%3atrue%2c%22tmdbcertcountry%22%3a%22fr%22%2c%22traktanyway%22%3atrue%2c%22usecertprefix%22%3atrue%2c%22verboselog%22%3afalse%7d&title=A%20trier', 'resume:false']
2022-12-30 13:14:31.364 T:3927 DEBUG : [metadata.tvshows.themoviedb.org.python (1.4.17)]: performing find action
2022-12-30 13:14:31.364 T:3927 DEBUG : [metadata.tvshows.themoviedb.org.python (1.4.17)]: Searching for TV show A trier (None)
2022-12-30 13:14:31.364 T:3927 DEBUG : [metadata.tvshows.themoviedb.org.python (1.4.17)]: using title of A trier to find show
2022-12-30 13:14:31.364 T:3927 DEBUG : [metadata.tvshows.themoviedb.org.python (1.4.17)]: Calling URL "https://api.themoviedb.org/3/search/tv?api_key=af3a53eb387d57fc935e9128468b1899&language=fr-FR&query=A+trier"
2022-12-30 13:14:31.365 T:3907 DEBUG : CAMLCodec::GetTimeSize: len:24 dl:765703 fs:765703 front:79218
2022-12-30 13:14:31.384 T:3665 INFO : Skipped 2 duplicate messages..
2022-12-30 13:14:31.384 T:3665 DEBUG : CAMLCodec::PollFrame elapsed:35.955ms
2022-12-30 13:14:31.384 T:3907 DEBUG : CAMLCodec::GetTimeSize: len:24 dl:765703 fs:765703 front:79218
2022-12-30 13:14:31.387 T:3665 DEBUG : PrepareNextRender: frameOnScreen: 2.476 renderPts: 2.643 nextFramePts: 2.628 -> diff: 0.015 render: 1 forceNext: 0
2022-12-30 13:14:31.388 T:3665 DEBUG : CAMLCodec::ReleaseFrame idx:64, drop:0
2022-12-30 13:14:31.391 T:3907 DEBUG : CAMLCodec::GetTimeSize: len:24 dl:765703 fs:765703 front:79218
2022-12-30 13:14:31.391 T:3907 DEBUG : CAMLCodec::DequeueBuffer: pts:2.878 idx:70
2022-12-30 13:14:31.391 T:3907 DEBUG : CAMLCodec::GetPicture: index: 70, pts: 2.878, dur:42ms ar:2.00
2022-12-30 13:14:31.391 T:3907 DEBUG : CVideoPlayerVideo::OutputPicture - ttd:397ms pts:2.878 Clock:2.480 Level:5
2022-12-30 13:14:31.392 T:3907 DEBUG : CAMLCodec::GetTimeSize: len:24 dl:765703 fs:765703 front:79218
2022-12-30 13:14:31.399 T:3907 DEBUG : CAMLCodec::GetTimeSize: len:24 dl:686485 fs:765703 front:79218
2022-12-30 13:14:31.399 T:3907 DEBUG : CAMLCodec::GetTimeSize: len:23 dl:686485 fs:686485 front:65489
2022-12-30 13:14:31.404 T:3907 DEBUG : CAMLCodec::AddData: dl:721871 sum:721871 sz:35386 dts:3.921 pts:4.004
2022-12-30 13:14:31.404 T:3907 DEBUG : CAMLCodec::GetTimeSize: len:24 dl:721871 fs:721871 front:65489
2022-12-30 13:14:31.405 T:3908 DEBUG : CVideoPlayerAudio::OutputPacket: pts:3.232 curr_pts:2.499 clock:2.494 level:99
2022-12-30 13:14:31.410 T:3925 INFO : CPythonInvoker(21, /storage/.kodi/addons/script.embuary.helper/plugin.py): script successfully run
2022-12-30 13:14:31.410 T:3925 DEBUG : onExecutionDone(21, /storage/.kodi/addons/script.embuary.helper/plugin.py)
2022-12-30 13:14:31.411 T:3907 DEBUG : CAMLCodec::GetTimeSize: len:24 dl:721871 fs:721871 front:65489
2022-12-30 13:14:31.412 T:3904 DEBUG : CVideoPlayer::ProcessAudioData size:2560 dts:11.200 pts:11.200 dur:32.000ms, clock:2.501 drop:0 level:99
2022-12-30 13:14:31.417 T:3907 DEBUG : CAMLCodec::GetTimeSize: len:24 dl:721871 fs:721871 front:65489
2022-12-30 13:14:31.425 T:3665 INFO : Skipped 1 duplicate messages..
2022-12-30 13:14:31.425 T:3665 DEBUG : CAMLCodec::PollFrame elapsed:36.725ms
2022-12-30 13:14:31.429 T:3665 DEBUG : PrepareNextRender: frameOnScreen: 2.518 renderPts: 2.685 nextFramePts: 2.669 -> diff: 0.016 render: 1 forceNext: 0
2022-12-30 13:14:31.430 T:3907 DEBUG : CAMLCodec::GetTimeSize: len:24 dl:721871 fs:721871 front:65489
2022-12-30 13:14:31.430 T:3907 DEBUG : CAMLCodec::DequeueBuffer: pts:2.920 idx:71
2022-12-30 13:14:31.430 T:3907 DEBUG : CAMLCodec::GetPicture: index: 71, pts: 2.920, dur:42ms ar:2.00
2022-12-30 13:14:31.430 T:3907 DEBUG : CVideoPlayerVideo::OutputPicture - ttd:400ms pts:2.920 Clock:2.519 Level:5
2022-12-30 13:14:31.431 T:3665 DEBUG : CAMLCodec::ReleaseFrame idx:65, drop:0
2022-12-30 13:14:31.431 T:3907 DEBUG : CAMLCodec::GetTimeSize: len:24 dl:721871 fs:721871 front:65489
2022-12-30 13:14:31.438 T:3907 DEBUG : CAMLCodec::GetTimeSize: len:24 dl:656382 fs:721871 front:65489
2022-12-30 13:14:31.438 T:3907 DEBUG : CAMLCodec::GetTimeSize: len:23 dl:656382 fs:656382 front:37688
2022-12-30 13:14:31.443 T:3907 DEBUG : CAMLCodec::AddData: dl:685383 sum:685383 sz:29001 dts:3.962 pts:4.171
2022-12-30 13:14:31.443 T:3907 DEBUG : CAMLCodec::GetTimeSize: len:24 dl:685383 fs:685383 front:37688
2022-12-30 13:14:31.454 T:3908 INFO : Skipped 1 duplicate messages..
2022-12-30 13:14:31.454 T:3908 DEBUG : CVideoPlayerAudio::OutputPacket: pts:3.264 curr_pts:2.548 clock:2.543 level:99
2022-12-30 13:14:31.455 T:3908 DEBUG : CVideoPlayerAudio::OutputPacket: pts:3.296 curr_pts:2.549 clock:2.544 level:99
2022-12-30 13:14:31.456 T:3907 DEBUG : CAMLCodec::GetTimeSize: len:24 dl:685383 fs:685383 front:37688
2022-12-30 13:14:31.462 T:3904 INFO : Skipped 1 duplicate messages..
2022-12-30 13:14:31.462 T:3904 DEBUG : CVideoPlayer::ProcessAudioData size:2560 dts:11.232 pts:11.232 dur:32.000ms, clock:2.552 drop:0 level:99
2022-12-30 13:14:31.462 T:3904 DEBUG : CVideoPlayer::ProcessAudioData size:2560 dts:11.264 pts:11.264 dur:32.000ms, clock:2.552 drop:0 level:99
2022-12-30 13:14:31.467 T:3665 DEBUG : CAMLCodec::PollFrame elapsed:35.481ms
2022-12-30 13:14:31.468 T:3907 DEBUG : CAMLCodec::GetTimeSize: len:24 dl:685383 fs:685383 front:37688
2022-12-30 13:14:31.468 T:3907 DEBUG : CAMLCodec::DequeueBuffer: pts:2.961 idx:72
2022-12-30 13:14:31.468 T:3907 DEBUG : CAMLCodec::GetPicture: index: 72, pts: 2.961, dur:41ms ar:2.00
2022-12-30 13:14:31.468 T:3907 DEBUG : CVideoPlayerVideo::OutputPicture - ttd:403ms pts:2.961 Clock:2.558 Level:6
2022-12-30 13:14:31.469 T:3665 DEBUG : PrepareNextRender: frameOnScreen: 2.558 renderPts: 2.725 nextFramePts: 2.711 -> diff: 0.014 render: 1 forceNext: 0
2022-12-30 13:14:31.469 T:3907 DEBUG : CAMLCodec::GetTimeSize: len:24 dl:685383 fs:685383 front:37688
2022-12-30 13:14:31.470 T:3665 DEBUG : CAMLCodec::ReleaseFrame idx:66, drop:0
2022-12-30 13:14:31.476 T:3907 DEBUG : CAMLCodec::GetTimeSize: len:24 dl:685383 fs:685383 front:37688
2022-12-30 13:14:31.482 T:3907 DEBUG : CAMLCodec::GetTimeSize: len:24 dl:647695 fs:685383 front:37688
2022-12-30 13:14:31.482 T:3907 DEBUG : CAMLCodec::GetTimeSize: len:23 dl:647695 fs:647695 front:32485
2022-12-30 13:14:31.487 T:3907 DEBUG : CAMLCodec::AddData: dl:684833 sum:684833 sz:37138 dts:4.004 pts:4.087
2022-12-30 13:14:31.487 T:3907 DEBUG : CAMLCodec::GetTimeSize: len:24 dl:684833 fs:684833 front:32485
2022-12-30 13:14:31.504 T:3908 INFO : Skipped 2 duplicate messages..
2022-12-30 13:14:31.504 T:3908 DEBUG : CVideoPlayerAudio::OutputPacket: pts:3.328 curr_pts:2.599 clock:2.594 level:99
2022-12-30 13:14:31.506 T:3907 DEBUG : CAMLCodec::GetTimeSize: len:24 dl:684833 fs:684833 front:32485
2022-12-30 13:14:31.509 T:3665 DEBUG : CAMLCodec::PollFrame elapsed:39.061ms
2022-12-30 13:14:31.511 T:3665 DEBUG : PrepareNextRender: frameOnScreen: 2.600 renderPts: 2.767 nextFramePts: 2.753 -> diff: 0.014 render: 1 forceNext: 0
2022-12-30 13:14:31.511 T:3665 DEBUG : CAMLCodec::ReleaseFrame idx:67, drop:0
2022-12-30 13:14:31.512 T:3907 DEBUG : CAMLCodec::GetTimeSize: len:24 dl:684833 fs:684833 front:32485
2022-12-30 13:14:31.512 T:3907 DEBUG : CAMLCodec::DequeueBuffer: pts:3.003 idx:73
2022-12-30 13:14:31.512 T:3907 DEBUG : CAMLCodec::GetPicture: index: 73, pts: 3.003, dur:42ms ar:2.00
2022-12-30 13:14:31.512 T:3907 DEBUG : CVideoPlayerVideo::OutputPicture - ttd:401ms pts:3.003 Clock:2.602 Level:5
2022-12-30 13:14:31.513 T:3904 DEBUG : CVideoPlayer::ProcessAudioData size:2560 dts:11.296 pts:11.296 dur:32.000ms, clock:2.602 drop:0 level:99
2022-12-30 13:14:31.513 T:3907 DEBUG : CAMLCodec::GetTimeSize: len:24 dl:684833 fs:684833 front:32485
2022-12-30 13:14:31.520 T:3907 DEBUG : CAMLCodec::GetTimeSize: len:24 dl:652348 fs:684833 front:32485
2022-12-30 13:14:31.520 T:3907 DEBUG : CAMLCodec::GetTimeSize: len:23 dl:652348 fs:652348 front:16758
2022-12-30 13:14:31.525 T:3907 DEBUG : CAMLCodec::AddData: dl:690386 sum:690386 sz:38038 dts:4.046 pts:4.046
2022-12-30 13:14:31.525 T:3907 DEBUG : CAMLCodec::GetTimeSize: len:24 dl:690386 fs:690386 front:16758
2022-12-30 13:14:31.550 T:3665 INFO : Skipped 4 duplicate messages..
2022-12-30 13:14:31.550 T:3665 DEBUG : CAMLCodec::PollFrame elapsed:39.015ms
2022-12-30 13:14:31.552 T:3665 DEBUG : PrepareNextRender: frameOnScreen: 2.641 renderPts: 2.808 nextFramePts: 2.794 -> diff: 0.014 render: 1 forceNext: 0
2022-12-30 13:14:31.553 T:3665 DEBUG : CAMLCodec::ReleaseFrame idx:68, drop:0
2022-12-30 13:14:31.554 T:3908 DEBUG : CVideoPlayerAudio::OutputPacket: pts:3.360 curr_pts:2.648 clock:2.643 level:99
2022-12-30 13:14:31.555 T:3908 DEBUG : CVideoPlayerAudio::OutputPacket: pts:3.392 curr_pts:2.649 clock:2.644 level:99
2022-12-30 13:14:31.556 T:3907 DEBUG : CAMLCodec::GetTimeSize: len:24 dl:690386 fs:690386 front:16758
2022-12-30 13:14:31.556 T:3907 DEBUG : CAMLCodec::DequeueBuffer: pts:3.045 idx:74
2022-12-30 13:14:31.556 T:3907 DEBUG : CAMLCodec::GetPicture: index: 74, pts: 3.045, dur:42ms ar:2.00
2022-12-30 13:14:31.556 T:3907 DEBUG : CVideoPlayerVideo::OutputPicture - ttd:399ms pts:3.045 Clock:2.645 Level:5
2022-12-30 13:14:31.557 T:3907 DEBUG : CAMLCodec::GetTimeSize: len:24 dl:690386 fs:690386 front:16758
2022-12-30 13:14:31.563 T:3907 DEBUG : CAMLCodec::GetTimeSize: len:24 dl:673628 fs:690386 front:16758
2022-12-30 13:14:31.563 T:3907 DEBUG : CAMLCodec::GetTimeSize: len:23 dl:673628 fs:673628 front:7650
2022-12-30 13:14:31.564 T:3904 DEBUG : CVideoPlayer::ProcessAudioData size:2560 dts:11.328 pts:11.328 dur:32.000ms, clock:2.653 drop:0 level:99
2022-12-30 13:14:31.564 T:3904 DEBUG : CVideoPlayer::ProcessAudioData size:2560 dts:11.360 pts:11.360 dur:32.000ms, clock:2.653 drop:0 level:99
2022-12-30 13:14:31.569 T:3907 DEBUG : CAMLCodec::AddData: dl:710333 sum:710333 sz:36705 dts:4.087 pts:4.129
2022-12-30 13:14:31.569 T:3907 DEBUG : CAMLCodec::GetTimeSize: len:24 dl:710333 fs:710333 front:7650
2022-12-30 13:14:31.577 T:3925 INFO : Skipped 1 duplicate messages..
2022-12-30 13:14:31.577 T:3925 DEBUG : .
2022-12-30 13:14:31.581 T:3907 DEBUG : CAMLCodec::GetTimeSize: len:24 dl:710333 fs:710333 front:7650
2022-12-30 13:14:31.592 T:3665 INFO : Skipped 1 duplicate messages..
2022-12-30 13:14:31.592 T:3665 DEBUG : CAMLCodec::PollFrame elapsed:39.354ms
2022-12-30 13:14:31.594 T:3907 DEBUG : CAMLCodec::GetTimeSize: len:24 dl:710333 fs:710333 front:7650
2022-12-30 13:14:31.594 T:3907 DEBUG : CAMLCodec::DequeueBuffer: pts:3.086 idx:75
2022-12-30 13:14:31.594 T:3907 DEBUG : CAMLCodec::GetPicture: index: 75, pts: 3.086, dur:41ms ar:2.00
2022-12-30 13:14:31.594 T:3907 DEBUG : CVideoPlayerVideo::OutputPicture - ttd:402ms pts:3.086 Clock:2.683 Level:6
2022-12-30 13:14:31.594 T:3665 DEBUG : PrepareNextRender: frameOnScreen: 2.683 renderPts: 2.850 nextFramePts: 2.836 -> diff: 0.014 render: 1 forceNext: 0
2022-12-30 13:14:31.595 T:3665 DEBUG : CAMLCodec::ReleaseFrame idx:69, drop:0
2022-12-30 13:14:31.595 T:3907 DEBUG : CAMLCodec::GetTimeSize: len:24 dl:710333 fs:710333 front:7650
2022-12-30 13:14:31.604 T:3908 INFO : Skipped 1 duplicate messages..
2022-12-30 13:14:31.604 T:3908 DEBUG : CVideoPlayerAudio::OutputPacket: pts:3.424 curr_pts:2.699 clock:2.694 level:99
2022-12-30 13:14:31.604 T:3904 DEBUG : CVideoPlayer::ProcessVideoData size:140014 dts:10.969 pts:11.261 dur:41.000ms, clock:2.694 level:85
2022-12-30 13:14:31.605 T:3904 DEBUG : CVideoPlayer::ProcessVideoData size:72673 dts:11.011 pts:11.136 dur:41.000ms, clock:2.694 level:86
2022-12-30 13:14:31.605 T:3904 DEBUG : CVideoPlayer::ProcessVideoData size:58744 dts:11.053 pts:11.053 dur:41.000ms, clock:2.695 level:87
2022-12-30 13:14:31.606 T:3904 DEBUG : CVideoPlayer::ProcessVideoData size:35103 dts:11.094 pts:11.094 dur:41.000ms, clock:2.695 level:87
2022-12-30 13:14:31.606 T:3904 DEBUG : CVideoPlayer::ProcessVideoData size:37289 dts:11.136 pts:11.178 dur:41.000ms, clock:2.695 level:88
2022-12-30 13:14:31.606 T:3904 DEBUG : CVideoPlayer::ProcessVideoData size:39970 dts:11.178 pts:11.220 dur:41.000ms, clock:2.695 level:88
2022-12-30 13:14:31.606 T:3904 DEBUG : CVideoPlayer::ProcessAudioData size:2560 dts:11.392 pts:11.392 dur:32.000ms, clock:2.695 drop:0 level:99
2022-12-30 13:14:31.607 T:3907 DEBUG : CAMLCodec::GetTimeSize: len:24 dl:702683 fs:710333 front:7650
2022-12-30 13:14:31.607 T:3907 DEBUG : CAMLCodec::GetTimeSize: len:23 dl:702683 fs:702683 front:6976
2022-12-30 13:14:31.614 T:3907 DEBUG : CAMLCodec::AddData: dl:718298 sum:718298 sz:15615 dts:4.129 pts:4.546
2022-12-30 13:14:31.614 T:3907 DEBUG : CAMLCodec::GetTimeSize: len:24 dl:718298 fs:718298 front:6976
2022-12-30 13:14:31.634 T:3665 INFO : Skipped 3 duplicate messages..
2022-12-30 13:14:31.634 T:3665 DEBUG : CAMLCodec::PollFrame elapsed:39.196ms
2022-12-30 13:14:31.636 T:3665 DEBUG : PrepareNextRender: frameOnScreen: 2.725 renderPts: 2.892 nextFramePts: 2.878 -> diff: 0.014 render: 1 forceNext: 0
2022-12-30 13:14:31.637 T:3665 DEBUG : CAMLCodec::ReleaseFrame idx:70, drop:0
2022-12-30 13:14:31.639 T:3907 DEBUG : CAMLCodec::GetTimeSize: len:24 dl:718298 fs:718298 front:6976
2022-12-30 13:14:31.639 T:3907 DEBUG : CAMLCodec::DequeueBuffer: pts:3.128 idx:76
2022-12-30 13:14:31.639 T:3907 DEBUG : CAMLCodec::GetPicture: index: 76, pts: 3.128, dur:42ms ar:2.00
2022-12-30 13:14:31.639 T:3907 DEBUG : CVideoPlayerVideo::OutputPicture - ttd:400ms pts:3.128 Clock:2.728 Level:5
2022-12-30 13:14:31.640 T:3907 DEBUG : CAMLCodec::GetTimeSize: len:24 dl:718298 fs:718298 front:6976
2022-12-30 13:14:31.646 T:3907 DEBUG : CAMLCodec::GetTimeSize: len:24 dl:711322 fs:718298 front:6976
2022-12-30 13:14:31.646 T:3907 DEBUG : CAMLCodec::GetTimeSize: len:23 dl:711322 fs:711322 front:34316
2022-12-30 13:14:31.651 T:3907 DEBUG : CAMLCodec::AddData: dl:724734 sum:724734 sz:13412 dts:4.171 pts:4.379
2022-12-30 13:14:31.651 T:3907 DEBUG : CAMLCodec::GetTimeSize: len:24 dl:724734 fs:724734 front:34316
2022-12-30 13:14:31.654 T:3908 DEBUG : CVideoPlayerAudio::OutputPacket: pts:3.456 curr_pts:2.748 clock:2.743 level:99
2022-12-30 13:14:31.655 T:3908 DEBUG : CVideoPlayerAudio::OutputPacket: pts:3.488 curr_pts:2.749 clock:2.744 level:99
2022-12-30 13:14:31.657 T:3904 DEBUG : CVideoPlayer::ProcessAudioData size:2560 dts:11.424 pts:11.424 dur:32.000ms, clock:2.746 drop:0 level:99
2022-12-30 13:14:31.657 T:3904 DEBUG : CVideoPlayer::ProcessAudioData size:2560 dts:11.456 pts:11.456 dur:32.000ms, clock:2.746 drop:0 level:99
2022-12-30 13:14:31.658 T:3907 DEBUG : CAMLCodec::GetTimeSize: len:24 dl:724734 fs:724734 front:34316
2022-12-30 13:14:31.676 T:3665 INFO : Skipped 2 duplicate messages..
2022-12-30 13:14:31.676 T:3665 DEBUG : CAMLCodec::PollFrame elapsed:38.712ms
2022-12-30 13:14:31.676 T:3907 DEBUG : CAMLCodec::GetTimeSize: len:24 dl:724734 fs:724734 front:34316
2022-12-30 13:14:31.676 T:3907 DEBUG : CAMLCodec::DequeueBuffer: pts:3.170 idx:77
2022-12-30 13:14:31.676 T:3907 DEBUG : CAMLCodec::GetPicture: index: 77, pts: 3.170, dur:42ms ar:2.00
2022-12-30 13:14:31.676 T:3907 DEBUG : CVideoPlayerVideo::OutputPicture - ttd:404ms pts:3.170 Clock:2.766 Level:6
2022-12-30 13:14:31.677 T:3665 DEBUG : PrepareNextRender: frameOnScreen: 2.767 renderPts: 2.933 nextFramePts: 2.920 -> diff: 0.013 render: 1 forceNext: 0
2022-12-30 13:14:31.678 T:3907 DEBUG : CAMLCodec::GetTimeSize: len:24 dl:724734 fs:724734 front:34316
2022-12-30 13:14:31.678 T:3665 DEBUG : CAMLCodec::ReleaseFrame idx:71, drop:0
2022-12-30 13:14:31.684 T:3907 DEBUG : CAMLCodec::GetTimeSize: len:24 dl:724734 fs:724734 front:34316
2022-12-30 13:14:31.690 T:3907 DEBUG : CAMLCodec::GetTimeSize: len:24 dl:690418 fs:724734 front:34316
2022-12-30 13:14:31.690 T:3907 DEBUG : CAMLCodec::GetTimeSize: len:23 dl:690418 fs:690418 front:35838
2022-12-30 13:14:31.695 T:3907 DEBUG : CAMLCodec::AddData: dl:717009 sum:717009 sz:26591 dts:4.213 pts:4.213
2022-12-30 13:14:31.695 T:3907 DEBUG : CAMLCodec::GetTimeSize: len:24 dl:717009 fs:717009 front:35838
2022-12-30 13:14:31.704 T:3908 INFO : Skipped 1 duplicate messages..
2022-12-30 13:14:31.704 T:3908 DEBUG : CVideoPlayerAudio::OutputPacket: pts:3.520 curr_pts:2.799 clock:2.794 level:99
2022-12-30 13:14:31.707 T:3904 DEBUG : CVideoPlayer::ProcessAudioData size:2560 dts:11.488 pts:11.488 dur:32.000ms, clock:2.797 drop:0 level:99
2022-12-30 13:14:31.708 T:3907 DEBUG : CAMLCodec::GetTimeSize: len:24 dl:717009 fs:717009 front:35838
2022-12-30 13:14:31.717 T:3665 INFO : Skipped 1 duplicate messages..
2022-12-30 13:14:31.717 T:3665 DEBUG : CAMLCodec::PollFrame elapsed:38.883ms
2022-12-30 13:14:31.719 T:3665 DEBUG : PrepareNextRender: frameOnScreen: 2.808 renderPts: 2.975 nextFramePts: 2.961 -> diff: 0.014 render: 1 forceNext: 0
2022-12-30 13:14:31.719 T:3665 DEBUG : CAMLCodec::ReleaseFrame idx:72, drop:0
2022-12-30 13:14:31.720 T:3907 DEBUG : CAMLCodec::GetTimeSize: len:24 dl:717009 fs:717009 front:35838
2022-12-30 13:14:31.720 T:3907 DEBUG : CAMLCodec::DequeueBuffer: pts:3.212 idx:78
2022-12-30 13:14:31.720 T:3907 DEBUG : CAMLCodec::GetPicture: index: 78, pts: 3.212, dur:42ms ar:2.00
2022-12-30 13:14:31.720 T:3907 DEBUG : CVideoPlayerVideo::OutputPicture - ttd:402ms pts:3.212 Clock:2.810 Level:5
2022-12-30 13:14:31.721 T:3907 DEBUG : CAMLCodec::GetTimeSize: len:24 dl:717009 fs:717009 front:35838
2022-12-30 13:14:31.734 T:3907 INFO : Skipped 1 duplicate messages..
2022-12-30 13:14:31.734 T:3907 DEBUG : CAMLCodec::GetTimeSize: len:24 dl:681171 fs:717009 front:35838
2022-12-30 13:14:31.734 T:3907 DEBUG : CAMLCodec::GetTimeSize: len:23 dl:681171 fs:681171 front:31167
2022-12-30 13:14:31.739 T:3907 DEBUG : CAMLCodec::AddData: dl:707951 sum:707951 sz:26780 dts:4.254 pts:4.254
2022-12-30 13:14:31.739 T:3907 DEBUG : CAMLCodec::GetTimeSize: len:24 dl:707951 fs:707951 front:31167
2022-12-30 13:14:31.754 T:3908 INFO : Skipped 2 duplicate messages..
2022-12-30 13:14:31.754 T:3908 DEBUG : CVideoPlayerAudio::OutputPacket: pts:3.552 curr_pts:2.848 clock:2.843 level:99
2022-12-30 13:14:31.755 T:3908 DEBUG : CVideoPlayerAudio::OutputPacket: pts:3.584 curr_pts:2.849 clock:2.844 level:99
2022-12-30 13:14:31.758 T:3907 DEBUG : CAMLCodec::GetTimeSize: len:24 dl:707951 fs:707951 front:31167
2022-12-30 13:14:31.758 T:3904 DEBUG : CVideoPlayer::ProcessAudioData size:2560 dts:11.520 pts:11.520 dur:32.000ms, clock:2.847 drop:0 level:99
2022-12-30 13:14:31.758 T:3904 DEBUG : CVideoPlayer::ProcessAudioData size:2560 dts:11.552 pts:11.552 dur:32.000ms, clock:2.847 drop:0 level:99
2022-12-30 13:14:31.759 T:3665 DEBUG : CAMLCodec::PollFrame elapsed:39.281ms
2022-12-30 13:14:31.761 T:3665 DEBUG : PrepareNextRender: frameOnScreen: 2.850 renderPts: 3.017 nextFramePts: 3.003 -> diff: 0.014 render: 1 forceNext: 0
2022-12-30 13:14:31.761 T:3665 DEBUG : CAMLCodec::ReleaseFrame idx:73, drop:0
2022-12-30 13:14:31.764 T:3907 DEBUG : CAMLCodec::GetTimeSize: len:24 dl:707951 fs:707951 front:31167
2022-12-30 13:14:31.764 T:3907 DEBUG : CAMLCodec::DequeueBuffer: pts:3.253 idx:79
2022-12-30 13:14:31.764 T:3907 DEBUG : CAMLCodec::GetPicture: index: 79, pts: 3.253, dur:41ms ar:2.00
2022-12-30 13:14:31.764 T:3907 DEBUG : CVideoPlayerVideo::OutputPicture - ttd:399ms pts:3.253 Clock:2.854 Level:5
2022-12-30 13:14:31.765 T:3907 DEBUG : CAMLCodec::GetTimeSize: len:24 dl:707951 fs:707951 front:31167
2022-12-30 13:14:31.772 T:3907 DEBUG : CAMLCodec::GetTimeSize: len:24 dl:676784 fs:707951 front:31167
2022-12-30 13:14:31.772 T:3907 DEBUG : CAMLCodec::GetTimeSize: len:23 dl:676784 fs:676784 front:31930
2022-12-30 13:14:31.777 T:3907 DEBUG : CAMLCodec::AddData: dl:698941 sum:698941 sz:22157 dts:4.296 pts:4.296
2022-12-30 13:14:31.777 T:3907 DEBUG : CAMLCodec::GetTimeSize: len:24 dl:698941 fs:698941 front:31930
2022-12-30 13:14:31.801 T:3665 INFO : Skipped 3 duplicate messages..
2022-12-30 13:14:31.801 T:3665 DEBUG : CAMLCodec::PollFrame elapsed:39.259ms
2022-12-30 13:14:31.802 T:3665 DEBUG : PrepareNextRender: frameOnScreen: 2.892 renderPts: 3.058 nextFramePts: 3.045 -> diff: 0.013 render: 1 forceNext: 0
2022-12-30 13:14:31.803 T:3907 DEBUG : CAMLCodec::GetTimeSize: len:24 dl:698941 fs:698941 front:31930
2022-12-30 13:14:31.803 T:3907 DEBUG : CAMLCodec::DequeueBuffer: pts:3.295 idx:80
2022-12-30 13:14:31.803 T:3907 DEBUG : CAMLCodec::GetPicture: index: 80, pts: 3.295, dur:42ms ar:2.00
2022-12-30 13:14:31.803 T:3907 DEBUG : CVideoPlayerVideo::OutputPicture - ttd:402ms pts:3.295 Clock:2.892 Level:5
2022-12-30 13:14:31.803 T:3665 DEBUG : CAMLCodec::ReleaseFrame idx:74, drop:0
2022-12-30 13:14:31.804 T:3907 DEBUG : CAMLCodec::GetTimeSize: len:24 dl:698941 fs:698941 front:31930
2022-12-30 13:14:31.804 T:3908 DEBUG : CVideoPlayerAudio::OutputPacket: pts:3.616 curr_pts:2.899 clock:2.894 level:99
2022-12-30 13:14:31.805 T:3908 DEBUG : CVideoPlayerAudio::OutputPacket: pts:3.648 curr_pts:2.899 clock:2.894 level:99
2022-12-30 13:14:31.810 T:3904 DEBUG : CVideoPlayer::ProcessVideoData size:169429 dts:11.220 pts:11.595 dur:41.000ms, clock:2.899 level:86
2022-12-30 13:14:31.810 T:3904 DEBUG : CVideoPlayer::ProcessVideoData size:120288 dts:11.261 pts:11.428 dur:41.000ms, clock:2.899 level:87
2022-12-30 13:14:31.811 T:3904 DEBUG : CVideoPlayer::ProcessVideoData size:44126 dts:11.303 pts:11.303 dur:41.000ms, clock:2.900 level:87
2022-12-30 13:14:31.811 T:3904 DEBUG : CVideoPlayer::ProcessVideoData size:45853 dts:11.345 pts:11.345 dur:41.000ms, clock:2.900 level:88
2022-12-30 13:14:31.811 T:3904 DEBUG : CVideoPlayer::ProcessVideoData size:44390 dts:11.386 pts:11.386 dur:41.000ms, clock:2.901 level:88
2022-12-30 13:14:31.812 T:3904 DEBUG : CVideoPlayer::ProcessVideoData size:49470 dts:11.428 pts:11.470 dur:41.000ms, clock:2.901 level:89
2022-12-30 13:14:31.812 T:3904 DEBUG : CVideoPlayer::ProcessVideoData size:45364 dts:11.470 pts:11.511 dur:41.000ms, clock:2.901 level:89
2022-12-30 13:14:31.812 T:3904 DEBUG : CVideoPlayer::ProcessVideoData size:70971 dts:11.511 pts:11.553 dur:41.000ms, clock:2.902 level:90
2022-12-30 13:14:31.813 T:3904 DEBUG : CVideoPlayer::ProcessAudioData size:2560 dts:11.584 pts:11.584 dur:32.000ms, clock:2.902 drop:0 level:99
2022-12-30 13:14:31.813 T:3904 DEBUG : CVideoPlayer::ProcessAudioData size:2560 dts:11.616 pts:11.616 dur:32.000ms, clock:2.902 drop:0 level:99
2022-12-30 13:14:31.814 T:3907 DEBUG : CAMLCodec::GetTimeSize: len:24 dl:667011 fs:698941 front:31930
2022-12-30 13:14:31.814 T:3907 DEBUG : CAMLCodec::GetTimeSize: len:23 dl:667011 fs:667011 front:32900
2022-12-30 13:14:31.819 T:3907 DEBUG : CAMLCodec::AddData: dl:682705 sum:682705 sz:15694 dts:4.338 pts:4.338
2022-12-30 13:14:31.819 T:3907 DEBUG : CAMLCodec::GetTimeSize: len:24 dl:682705 fs:682705 front:32900
2022-12-30 13:14:31.842 T:3665 INFO : Skipped 3 duplicate messages..
2022-12-30 13:14:31.842 T:3665 DEBUG : CAMLCodec::PollFrame elapsed:39.110ms
2022-12-30 13:14:31.844 T:3907 DEBUG : CAMLCodec::GetTimeSize: len:24 dl:682705 fs:682705 front:32900
2022-12-30 13:14:31.844 T:3665 DEBUG : PrepareNextRender: frameOnScreen: 2.934 renderPts: 3.100 nextFramePts: 3.086 -> diff: 0.014 render: 1 forceNext: 0
2022-12-30 13:14:31.844 T:3907 DEBUG : CAMLCodec::DequeueBuffer: pts:3.337 idx:81
2022-12-30 13:14:31.844 T:3907 DEBUG : CAMLCodec::GetPicture: index: 81, pts: 3.337, dur:42ms ar:2.00
2022-12-30 13:14:31.844 T:3907 DEBUG : CVideoPlayerVideo::OutputPicture - ttd:403ms pts:3.337 Clock:2.934 Level:5
2022-12-30 13:14:31.845 T:3665 DEBUG : CAMLCodec::ReleaseFrame idx:75, drop:0
2022-12-30 13:14:31.846 T:3907 DEBUG : CAMLCodec::GetTimeSize: len:24 dl:682705 fs:682705 front:32900
2022-12-30 13:14:31.852 T:3907 DEBUG : CAMLCodec::GetTimeSize: len:24 dl:649805 fs:682705 front:32900
2022-12-30 13:14:31.852 T:3907 DEBUG : CAMLCodec::GetTimeSize: len:23 dl:649805 fs:649805 front:33443
2022-12-30 13:14:31.854 T:3908 DEBUG : CVideoPlayerAudio::OutputPacket: pts:3.680 curr_pts:2.948 clock:2.943 level:99
2022-12-30 13:14:31.857 T:3907 DEBUG : CAMLCodec::AddData: dl:664627 sum:664627 sz:14822 dts:4.379 pts:4.421
2022-12-30 13:14:31.857 T:3907 DEBUG : CAMLCodec::GetTimeSize: len:24 dl:664627 fs:664627 front:33443
2022-12-30 13:14:31.864 T:3904 INFO : Skipped 1 duplicate messages..
2022-12-30 13:14:31.864 T:3904 DEBUG : CVideoPlayer::ProcessAudioData size:2560 dts:11.648 pts:11.648 dur:32.000ms, clock:2.953 drop:0 level:99
2022-12-30 13:14:31.869 T:3907 DEBUG : CAMLCodec::GetTimeSize: len:24 dl:664627 fs:664627 front:33443
2022-12-30 13:14:31.884 T:3665 INFO : Skipped 2 duplicate messages..
2022-12-30 13:14:31.884 T:3665 DEBUG : CAMLCodec::PollFrame elapsed:38.876ms
2022-12-30 13:14:31.886 T:3665 DEBUG : PrepareNextRender: frameOnScreen: 2.975 renderPts: 3.142 nextFramePts: 3.128 -> diff: 0.014 render: 1 forceNext: 0
2022-12-30 13:14:31.886 T:3665 DEBUG : CAMLCodec::ReleaseFrame idx:76, drop:0
2022-12-30 13:14:31.888 T:3907 DEBUG : CAMLCodec::GetTimeSize: len:24 dl:664627 fs:664627 front:33443
2022-12-30 13:14:31.888 T:3907 DEBUG : CAMLCodec::DequeueBuffer: pts:3.378 idx:82
2022-12-30 13:14:31.888 T:3907 DEBUG : CAMLCodec::GetPicture: index: 82, pts: 3.378, dur:41ms ar:2.00
2022-12-30 13:14:31.888 T:3907 DEBUG : CVideoPlayerVideo::OutputPicture - ttd:400ms pts:3.378 Clock:2.977 Level:5
2022-12-30 13:14:31.889 T:3907 DEBUG : CAMLCodec::GetTimeSize: len:24 dl:664627 fs:664627 front:33443
2022-12-30 13:14:31.896 T:3907 DEBUG : CAMLCodec::GetTimeSize: len:24 dl:631184 fs:664627 front:33443
2022-12-30 13:14:31.896 T:3907 DEBUG : CAMLCodec::GetTimeSize: len:23 dl:631184 fs:631184 front:28733
2022-12-30 13:14:31.899 T:3925 INFO : Python interpreter stopped
2022-12-30 13:14:31.900 T:3925 DEBUG : Thread LanguageInvoker 3257918080 terminating
2022-12-30 13:14:31.908 T:3908 DEBUG : CVideoPlayerAudio::OutputPacket: pts:3.712 curr_pts:3.002 clock:2.997 level:99
2022-12-30 13:14:31.908 T:3908 DEBUG : CVideoPlayerAudio::OutputPacket: pts:3.744 curr_pts:3.002 clock:2.998 level:99
2022-12-30 13:14:31.914 T:3907 DEBUG : CAMLCodec::AddData: dl:643547 sum:643547 sz:12363 dts:4.421 pts:4.463
2022-12-30 13:14:31.914 T:3907 DEBUG : CAMLCodec::GetTimeSize: len:24 dl:643547 fs:643547 front:28733
2022-12-30 13:14:31.915 T:3904 DEBUG : CVideoPlayer::ProcessAudioData size:2560 dts:11.680 pts:11.680 dur:32.000ms, clock:3.004 drop:0 level:99
2022-12-30 13:14:31.915 T:3904 DEBUG : CVideoPlayer::ProcessAudioData size:2560 dts:11.712 pts:11.712 dur:32.000ms, clock:3.004 drop:0 level:99
2022-12-30 13:14:31.920 T:3907 DEBUG : CAMLCodec::GetTimeSize: len:24 dl:643547 fs:643547 front:28733
2022-12-30 13:14:31.927 T:3907 INFO : Skipped 1 duplicate messages..
2022-12-30 13:14:31.927 T:3907 DEBUG : CAMLCodec::DequeueBuffer: pts:3.420 idx:83
2022-12-30 13:14:31.927 T:3907 DEBUG : CAMLCodec::GetPicture: index: 83, pts: 3.420, dur:42ms ar:2.00
2022-12-30 13:14:31.927 T:3907 DEBUG : CVideoPlayerVideo::OutputPicture - ttd:403ms pts:3.420 Clock:3.016 Level:6
2022-12-30 13:14:31.928 T:3926 DEBUG : trying to load setting definitions from old format...
2022-12-30 13:14:31.928 T:3907 DEBUG : CAMLCodec::GetTimeSize: len:24 dl:643547 fs:643547 front:28733
2022-12-30 13:14:31.929 T:3926 DEBUG : [ script.embuary.helper ] Get by DBID: No result found: invalid literal for int() with base 10: ''
2022-12-30 13:14:31.929 T:3665 DEBUG : CAMLCodec::PollFrame elapsed:42.546ms
2022-12-30 13:14:31.930 T:3926 INFO : CPythonInvoker(22, /storage/.kodi/addons/script.embuary.helper/plugin.py): script successfully run
2022-12-30 13:14:31.930 T:3926 DEBUG : onExecutionDone(22, /storage/.kodi/addons/script.embuary.helper/plugin.py)
2022-12-30 13:14:31.934 T:3907 DEBUG : CAMLCodec::GetTimeSize: len:24 dl:643547 fs:643547 front:28733
2022-12-30 13:14:31.935 T:3665 DEBUG : PrepareNextRender: frameOnScreen: 3.024 renderPts: 3.190 nextFramePts: 3.170 -> diff: 0.020 render: 1 forceNext: 0
2022-12-30 13:14:31.936 T:3665 DEBUG : CAMLCodec::ReleaseFrame idx:77, drop:0
2022-12-30 13:14:31.941 T:3907 DEBUG : CAMLCodec::GetTimeSize: len:24 dl:614814 fs:643547 front:28733
2022-12-30 13:14:31.941 T:3907 DEBUG : CAMLCodec::GetTimeSize: len:23 dl:614814 fs:614814 front:27792
2022-12-30 13:14:31.946 T:3907 DEBUG : CAMLCodec::AddData: dl:624894 sum:624894 sz:10080 dts:4.463 pts:4.504
2022-12-30 13:14:31.946 T:3907 DEBUG : CAMLCodec::GetTimeSize: len:24 dl:624894 fs:624894 front:27792
2022-12-30 13:14:31.954 T:3908 INFO : Skipped 1 duplicate messages..
2022-12-30 13:14:31.954 T:3908 DEBUG : CVideoPlayerAudio::OutputPacket: pts:3.776 curr_pts:3.048 clock:3.043 level:99
2022-12-30 13:14:31.956 T:3904 DEBUG : CVideoPlayer::ProcessAudioData size:2560 dts:11.744 pts:11.744 dur:32.000ms, clock:3.045 drop:0 level:99
2022-12-30 13:14:31.959 T:3907 DEBUG : CAMLCodec::GetTimeSize: len:24 dl:624894 fs:624894 front:27792
2022-12-30 13:14:31.968 T:3665 INFO : Skipped 1 duplicate messages..
2022-12-30 13:14:31.968 T:3665 DEBUG : CAMLCodec::PollFrame elapsed:31.313ms
2022-12-30 13:14:31.969 T:3665 DEBUG : PrepareNextRender: frameOnScreen: 3.059 renderPts: 3.225 nextFramePts: 3.212 -> diff: 0.013 render: 1 forceNext: 0
2022-12-30 13:14:31.970 T:3665 DEBUG : CAMLCodec::ReleaseFrame idx:78, drop:0
2022-12-30 13:14:31.971 T:3907 DEBUG : CAMLCodec::GetTimeSize: len:24 dl:624894 fs:624894 front:27792
2022-12-30 13:14:31.971 T:3907 DEBUG : CAMLCodec::DequeueBuffer: pts:3.462 idx:84
2022-12-30 13:14:31.971 T:3907 DEBUG : CAMLCodec::GetPicture: index: 84, pts: 3.462, dur:42ms ar:2.00
2022-12-30 13:14:31.971 T:3907 DEBUG : CVideoPlayerVideo::OutputPicture - ttd:401ms pts:3.462 Clock:3.060 Level:5
2022-12-30 13:14:31.972 T:3907 DEBUG : CAMLCodec::GetTimeSize: len:24 dl:624894 fs:624894 front:27792
2022-12-30 13:14:31.979 T:3907 DEBUG : CAMLCodec::GetTimeSize: len:24 dl:597102 fs:624894 front:27792
2022-12-30 13:14:31.979 T:3907 DEBUG : CAMLCodec::GetTimeSize: len:23 dl:597102 fs:597102 front:29550
2022-12-30 13:14:31.984 T:3907 DEBUG : CAMLCodec::AddData: dl:608592 sum:608592 sz:11490 dts:4.504 pts:4.880
2022-12-30 13:14:31.984 T:3907 DEBUG : CAMLCodec::GetTimeSize: len:24 dl:608592 fs:608592 front:29550
2022-12-30 13:14:32.004 T:3908 INFO : Skipped 3 duplicate messages..
2022-12-30 13:14:32.004 T:3908 DEBUG : CVideoPlayerAudio::OutputPacket: pts:3.808 curr_pts:3.099 clock:3.094 level:99
2022-12-30 13:14:32.005 T:3908 DEBUG : CVideoPlayerAudio::OutputPacket: pts:3.840 curr_pts:3.099 clock:3.094 level:99
2022-12-30 13:14:32.006 T:3904 DEBUG : CVideoPlayer::ProcessAudioData size:2560 dts:11.776 pts:11.776 dur:32.000ms, clock:3.096 drop:0 level:99
2022-12-30 13:14:32.007 T:3904 DEBUG : CVideoPlayer::ProcessAudioData size:2560 dts:11.808 pts:11.808 dur:32.000ms, clock:3.096 drop:0 level:99
2022-12-30 13:14:32.009 T:3907 DEBUG : CAMLCodec::GetTimeSize: len:24 dl:608592 fs:608592 front:29550
2022-12-30 13:14:32.009 T:3665 DEBUG : CAMLCodec::PollFrame elapsed:38.939ms
2022-12-30 13:14:32.011 T:3665 DEBUG : PrepareNextRender: frameOnScreen: 3.100 renderPts: 3.267 nextFramePts: 3.253 -> diff: 0.014 render: 1 forceNext: 0
2022-12-30 13:14:32.012 T:3665 DEBUG : CAMLCodec::ReleaseFrame idx:79, drop:0
2022-12-30 13:14:32.015 T:3907 DEBUG : CAMLCodec::GetTimeSize: len:24 dl:608592 fs:608592 front:29550
2022-12-30 13:14:32.015 T:3907 DEBUG : CAMLCodec::DequeueBuffer: pts:3.503 idx:85
2022-12-30 13:14:32.015 T:3907 DEBUG : CAMLCodec::GetPicture: index: 85, pts: 3.503, dur:41ms ar:2.00
2022-12-30 13:14:32.015 T:3907 DEBUG : CVideoPlayerVideo::OutputPicture - ttd:398ms pts:3.503 Clock:3.104 Level:5
2022-12-30 13:14:32.016 T:3907 DEBUG : CAMLCodec::GetTimeSize: len:24 dl:608592 fs:608592 front:29550
2022-12-30 13:14:32.022 T:3907 DEBUG : CAMLCodec::GetTimeSize: len:24 dl:579042 fs:608592 front:29550
2022-12-30 13:14:32.022 T:3907 DEBUG : CAMLCodec::GetTimeSize: len:23 dl:579042 fs:579042 front:31998
2022-12-30 13:14:32.028 T:3907 DEBUG : CAMLCodec::AddData: dl:593621 sum:593621 sz:14579 dts:4.546 pts:4.713
2022-12-30 13:14:32.028 T:3907 DEBUG : CAMLCodec::GetTimeSize: len:24 dl:593621 fs:593621 front:31998
2022-12-30 13:14:32.051 T:3665 INFO : Skipped 3 duplicate messages..
2022-12-30 13:14:32.051 T:3665 DEBUG : CAMLCodec::PollFrame elapsed:39.147ms
2022-12-30 13:14:32.052 T:3907 DEBUG : CAMLCodec::GetTimeSize: len:24 dl:593621 fs:593621 front:31998
2022-12-30 13:14:32.052 T:3665 DEBUG : PrepareNextRender: frameOnScreen: 3.142 renderPts: 3.309 nextFramePts: 3.295 -> diff: 0.014 render: 1 forceNext: 0
2022-12-30 13:14:32.053 T:3665 DEBUG : CAMLCodec::ReleaseFrame idx:80, drop:0
2022-12-30 13:14:32.054 T:3908 DEBUG : CVideoPlayerAudio::OutputPacket: pts:3.872 curr_pts:3.148 clock:3.144 level:99
2022-12-30 13:14:32.058 T:3904 DEBUG : CVideoPlayer::ProcessAudioData size:2560 dts:11.840 pts:11.840 dur:32.000ms, clock:3.147 drop:0 level:99
2022-12-30 13:14:32.059 T:3907 DEBUG : CAMLCodec::GetTimeSize: len:24 dl:593621 fs:593621 front:31998
2022-12-30 13:14:32.059 T:3907 DEBUG : CAMLCodec::DequeueBuffer: pts:3.545 idx:86
2022-12-30 13:14:32.059 T:3907 DEBUG : CAMLCodec::GetPicture: index: 86, pts: 3.545, dur:42ms ar:2.00
2022-12-30 13:14:32.059 T:3907 DEBUG : CVideoPlayerVideo::OutputPicture - ttd:396ms pts:3.545 Clock:3.149 Level:5
2022-12-30 13:14:32.060 T:3907 DEBUG : CAMLCodec::GetTimeSize: len:24 dl:593621 fs:593621 front:31998
2022-12-30 13:14:32.067 T:3907 DEBUG : CAMLCodec::GetTimeSize: len:24 dl:561623 fs:593621 front:31998
2022-12-30 13:14:32.067 T:3907 DEBUG : CAMLCodec::GetTimeSize: len:23 dl:561623 fs:561623 front:30150
2022-12-30 13:14:32.072 T:3907 DEBUG : CAMLCodec::AddData: dl:571419 sum:571419 sz:9796 dts:4.588 pts:4.588
2022-12-30 13:14:32.072 T:3907 DEBUG : CAMLCodec::GetTimeSize: len:24 dl:571419 fs:571419 front:30150
2022-12-30 13:14:32.080 T:3926 INFO : Skipped 1 duplicate messages..
2022-12-30 13:14:32.080 T:3926 DEBUG : .
2022-12-30 13:14:32.084 T:3907 DEBUG : CAMLCodec::GetTimeSize: len:24 dl:571419 fs:571419 front:30150
2022-12-30 13:14:32.093 T:3665 INFO : Skipped 1 duplicate messages..
2022-12-30 13:14:32.093 T:3665 DEBUG : CAMLCodec::PollFrame elapsed:39.329ms
2022-12-30 13:14:32.095 T:3665 DEBUG : PrepareNextRender: frameOnScreen: 3.184 renderPts: 3.351 nextFramePts: 3.337 -> diff: 0.014 render: 1 forceNext: 0
2022-12-30 13:14:32.095 T:3665 DEBUG : CAMLCodec::ReleaseFrame idx:81, drop:0
2022-12-30 13:14:32.097 T:3907 DEBUG : CAMLCodec::GetTimeSize: len:24 dl:571419 fs:571419 front:30150
2022-12-30 13:14:32.097 T:3907 DEBUG : CAMLCodec::DequeueBuffer: pts:3.587 idx:87
2022-12-30 13:14:32.097 T:3907 DEBUG : CAMLCodec::GetPicture: index: 87, pts: 3.587, dur:42ms ar:2.00
2022-12-30 13:14:32.097 T:3907 DEBUG : CVideoPlayerVideo::OutputPicture - ttd:400ms pts:3.587 Clock:3.186 Level:5
2022-12-30 13:14:32.098 T:3907 DEBUG : CAMLCodec::GetTimeSize: len:24 dl:571419 fs:571419 front:30150
2022-12-30 13:14:32.104 T:3908 DEBUG : CVideoPlayerAudio::OutputPacket: pts:3.904 curr_pts:3.199 clock:3.194 level:99
2022-12-30 13:14:32.105 T:3908 DEBUG : CVideoPlayerAudio::OutputPacket: pts:3.936 curr_pts:3.199 clock:3.194 level:99
2022-12-30 13:14:32.105 T:3907 DEBUG : CAMLCodec::GetTimeSize: len:24 dl:541269 fs:571419 front:30150
2022-12-30 13:14:32.105 T:3907 DEBUG : CAMLCodec::GetTimeSize: len:23 dl:541269 fs:541269 front:30532
2022-12-30 13:14:32.108 T:3904 DEBUG : CVideoPlayer::ProcessAudioData size:2560 dts:11.872 pts:11.872 dur:32.000ms, clock:3.197 drop:0 level:99
2022-12-30 13:14:32.108 T:3904 DEBUG : CVideoPlayer::ProcessAudioData size:2560 dts:11.904 pts:11.904 dur:32.000ms, clock:3.198 drop:0 level:99
2022-12-30 13:14:32.110 T:3907 DEBUG : CAMLCodec::AddData: dl:552448 sum:552448 sz:11179 dts:4.630 pts:4.630
2022-12-30 13:14:32.110 T:3907 DEBUG : CAMLCodec::GetTimeSize: len:24 dl:552448 fs:552448 front:30532
2022-12-30 13:14:32.134 T:3665 INFO : Skipped 3 duplicate messages..
2022-12-30 13:14:32.134 T:3665 DEBUG : CAMLCodec::PollFrame elapsed:38.791ms
2022-12-30 13:14:32.136 T:3907 DEBUG : CAMLCodec::GetTimeSize: len:24 dl:552448 fs:552448 front:30532
2022-12-30 13:14:32.136 T:3907 DEBUG : CAMLCodec::DequeueBuffer: pts:3.629 idx:88
2022-12-30 13:14:32.136 T:3907 DEBUG : CAMLCodec::GetPicture: index: 88, pts: 3.629, dur:42ms ar:2.00
2022-12-30 13:14:32.136 T:3907 DEBUG : CVideoPlayerVideo::OutputPicture - ttd:403ms pts:3.629 Clock:3.225 Level:6
2022-12-30 13:14:32.136 T:3665 DEBUG : PrepareNextRender: frameOnScreen: 3.226 renderPts: 3.392 nextFramePts: 3.378 -> diff: 0.014 render: 1 forceNext: 0
2022-12-30 13:14:32.137 T:3665 DEBUG : CAMLCodec::ReleaseFrame idx:82, drop:0
2022-12-30 13:14:32.137 T:3907 DEBUG : CAMLCodec::GetTimeSize: len:24 dl:552448 fs:552448 front:30532
2022-12-30 13:14:32.150 T:3907 INFO : Skipped 1 duplicate messages..
2022-12-30 13:14:32.150 T:3907 DEBUG : CAMLCodec::GetTimeSize: len:24 dl:521916 fs:552448 front:30532
2022-12-30 13:14:32.150 T:3907 DEBUG : CAMLCodec::GetTimeSize: len:23 dl:521916 fs:521916 front:28259
2022-12-30 13:14:32.154 T:3908 DEBUG : CVideoPlayerAudio::OutputPacket: pts:3.968 curr_pts:3.248 clock:3.243 level:99
2022-12-30 13:14:32.155 T:3908 DEBUG : CVideoPlayerAudio::OutputPacket: pts:4.000 curr_pts:3.249 clock:3.244 level:99
2022-12-30 13:14:32.155 T:3907 DEBUG : CAMLCodec::AddData: dl:534632 sum:534632 sz:12716 dts:4.671 pts:4.671
2022-12-30 13:14:32.155 T:3907 DEBUG : CAMLCodec::GetTimeSize: len:24 dl:534632 fs:534632 front:28259
2022-12-30 13:14:32.159 T:3904 DEBUG : CVideoPlayer::ProcessAudioData size:2560 dts:11.936 pts:11.936 dur:32.000ms, clock:3.248 drop:0 level:99
2022-12-30 13:14:32.159 T:3904 DEBUG : CVideoPlayer::ProcessAudioData size:2560 dts:11.968 pts:11.968 dur:32.000ms, clock:3.248 drop:0 level:99
2022-12-30 13:14:32.161 T:3907 DEBUG : CAMLCodec::GetTimeSize: len:24 dl:534632 fs:534632 front:28259
2022-12-30 13:14:32.176 T:3665 INFO : Skipped 2 duplicate messages..
2022-12-30 13:14:32.176 T:3665 DEBUG : CAMLCodec::PollFrame elapsed:38.855ms
2022-12-30 13:14:32.178 T:3665 DEBUG : PrepareNextRender: frameOnScreen: 3.267 renderPts: 3.434 nextFramePts: 3.420 -> diff: 0.014 render: 1 forceNext: 0
2022-12-30 13:14:32.179 T:3665 DEBUG : CAMLCodec::ReleaseFrame idx:83, drop:0
2022-12-30 13:14:32.180 T:3907 DEBUG : CAMLCodec::GetTimeSize: len:24 dl:534632 fs:534632 front:28259
2022-12-30 13:14:32.180 T:3907 DEBUG : CAMLCodec::DequeueBuffer: pts:3.670 idx:89
2022-12-30 13:14:32.180 T:3907 DEBUG : CAMLCodec::GetPicture: index: 89, pts: 3.670, dur:41ms ar:2.00
2022-12-30 13:14:32.180 T:3907 DEBUG : CVideoPlayerVideo::OutputPicture - ttd:400ms pts:3.670 Clock:3.269 Level:5
2022-12-30 13:14:32.181 T:3907 DEBUG : CAMLCodec::GetTimeSize: len:24 dl:534632 fs:534632 front:28259
2022-12-30 13:14:32.187 T:3907 DEBUG : CAMLCodec::GetTimeSize: len:24 dl:506373 fs:534632 front:28259
2022-12-30 13:14:32.187 T:3907 DEBUG : CAMLCodec::GetTimeSize: len:23 dl:506373 fs:506373 front:29223
2022-12-30 13:14:32.192 T:3907 DEBUG : CAMLCodec::AddData: dl:517200 sum:517200 sz:10827 dts:4.713 pts:4.755
2022-12-30 13:14:32.192 T:3907 DEBUG : CAMLCodec::GetTimeSize: len:24 dl:517200 fs:517200 front:29223
2022-12-30 13:14:32.204 T:3908 INFO : Skipped 1 duplicate messages..
2022-12-30 13:14:32.204 T:3908 DEBUG : CVideoPlayerAudio::OutputPacket: pts:4.032 curr_pts:3.299 clock:3.294 level:99
2022-12-30 13:14:32.205 T:3907 DEBUG : CAMLCodec::GetTimeSize: len:24 dl:517200 fs:517200 front:29223
2022-12-30 13:14:32.210 T:3904 DEBUG : CVideoPlayer::ProcessVideoData size:126337 dts:11.553 pts:11.887 dur:41.000ms, clock:3.299 level:85
2022-12-30 13:14:32.210 T:3904 DEBUG : CVideoPlayer::ProcessVideoData size:96725 dts:11.595 pts:11.762 dur:41.000ms, clock:3.299 level:85
2022-12-30 13:14:32.211 T:3904 DEBUG : CVideoPlayer::ProcessVideoData size:38799 dts:11.637 pts:11.637 dur:41.000ms, clock:3.300 level:86
2022-12-30 13:14:32.211 T:3904 DEBUG : CVideoPlayer::ProcessVideoData size:46116 dts:11.678 pts:11.678 dur:41.000ms, clock:3.300 level:87
2022-12-30 13:14:32.211 T:3904 DEBUG : CVideoPlayer::ProcessVideoData size:37695 dts:11.720 pts:11.720 dur:41.000ms, clock:3.300 level:87
2022-12-30 13:14:32.211 T:3904 DEBUG : CVideoPlayer::ProcessVideoData size:33692 dts:11.762 pts:11.803 dur:41.000ms, clock:3.300 level:88
2022-12-30 13:14:32.211 T:3904 DEBUG : CVideoPlayer::ProcessVideoData size:36747 dts:11.803 pts:11.845 dur:41.000ms, clock:3.301 level:88
2022-12-30 13:14:32.212 T:3904 DEBUG : CVideoPlayer::ProcessVideoData size:164237 dts:11.845 pts:11.970 dur:41.000ms, clock:3.302 level:89
2022-12-30 13:14:32.213 T:3904 DEBUG : CVideoPlayer::ProcessVideoData size:48537 dts:11.887 pts:11.929 dur:41.000ms, clock:3.302 level:89
2022-12-30 13:14:32.214 T:3907 DEBUG : CAMLCodec::GetTimeSize: len:24 dl:517200 fs:517200 front:29223
2022-12-30 13:14:32.214 T:3904 DEBUG : CVideoPlayer::ProcessVideoData size:257442 dts:11.929 pts:12.012 dur:41.000ms, clock:3.304 level:90
2022-12-30 13:14:32.215 T:3904 DEBUG : CVideoPlayer::ProcessAudioData size:2560 dts:12.000 pts:12.000 dur:32.000ms, clock:3.304 drop:0 level:99
2022-12-30 13:14:32.218 T:3665 DEBUG : CAMLCodec::PollFrame elapsed:38.907ms
2022-12-30 13:14:32.220 T:3665 DEBUG : PrepareNextRender: frameOnScreen: 3.309 renderPts: 3.476 nextFramePts: 3.462 -> diff: 0.014 render: 1 forceNext: 0
2022-12-30 13:14:32.220 T:3907 DEBUG : CAMLCodec::GetTimeSize: len:24 dl:517200 fs:517200 front:29223
2022-12-30 13:14:32.220 T:3665 DEBUG : CAMLCodec::ReleaseFrame idx:84, drop:0
2022-12-30 13:14:32.220 T:3907 DEBUG : CAMLCodec::DequeueBuffer: pts:3.712 idx:90
2022-12-30 13:14:32.220 T:3907 DEBUG : CAMLCodec::GetPicture: index: 90, pts: 3.712, dur:42ms ar:2.00
2022-12-30 13:14:32.220 T:3907 DEBUG : CVideoPlayerVideo::OutputPicture - ttd:402ms pts:3.712 Clock:3.310 Level:5
2022-12-30 13:14:32.222 T:3907 DEBUG : CAMLCodec::GetTimeSize: len:24 dl:517200 fs:517200 front:29223
2022-12-30 13:14:32.228 T:3907 DEBUG : CAMLCodec::GetTimeSize: len:24 dl:487977 fs:517200 front:29223
2022-12-30 13:14:32.228 T:3907 DEBUG : CAMLCodec::GetTimeSize: len:23 dl:487977 fs:487977 front:28325
2022-12-30 13:14:32.233 T:3907 DEBUG : CAMLCodec::AddData: dl:498181 sum:498181 sz:10204 dts:4.755 pts:4.796
2022-12-30 13:14:32.233 T:3907 DEBUG : CAMLCodec::GetTimeSize: len:24 dl:498181 fs:498181 front:28325
2022-12-30 13:14:32.254 T:3908 INFO : Skipped 3 duplicate messages..
2022-12-30 13:14:32.254 T:3908 DEBUG : CVideoPlayerAudio::OutputPacket: pts:4.064 curr_pts:3.348 clock:3.343 level:99
2022-12-30 13:14:32.255 T:3908 DEBUG : CVideoPlayerAudio::OutputPacket: pts:4.096 curr_pts:3.349 clock:3.344 level:99
2022-12-30 13:14:32.256 T:3904 DEBUG : CVideoPlayer::ProcessAudioData size:2560 dts:12.032 pts:12.032 dur:32.000ms, clock:3.345 drop:0 level:99
2022-12-30 13:14:32.256 T:3904 DEBUG : CVideoPlayer::ProcessAudioData size:2560 dts:12.064 pts:12.064 dur:32.000ms, clock:3.345 drop:0 level:99
2022-12-30 13:14:32.258 T:3907 DEBUG : CAMLCodec::GetTimeSize: len:24 dl:498181 fs:498181 front:28325
2022-12-30 13:14:32.259 T:3665 DEBUG : CAMLCodec::PollFrame elapsed:39.022ms
2022-12-30 13:14:32.261 T:3665 DEBUG : PrepareNextRender: frameOnScreen: 3.350 renderPts: 3.517 nextFramePts: 3.503 -> diff: 0.014 render: 1 forceNext: 0
2022-12-30 13:14:32.262 T:3665 DEBUG : CAMLCodec::ReleaseFrame idx:85, drop:0
2022-12-30 13:14:32.264 T:3907 DEBUG : CAMLCodec::GetTimeSize: len:24 dl:498181 fs:498181 front:28325
2022-12-30 13:14:32.264 T:3907 DEBUG : CAMLCodec::DequeueBuffer: pts:3.754 idx:91
2022-12-30 13:14:32.264 T:3907 DEBUG : CAMLCodec::GetPicture: index: 91, pts: 3.754, dur:42ms ar:2.00
2022-12-30 13:14:32.264 T:3907 DEBUG : CVideoPlayerVideo::OutputPicture - ttd:400ms pts:3.754 Clock:3.354 Level:5
2022-12-30 13:14:32.265 T:3907 DEBUG : CAMLCodec::GetTimeSize: len:24 dl:498181 fs:498181 front:28325
2022-12-30 13:14:32.272 T:3907 DEBUG : CAMLCodec::GetTimeSize: len:24 dl:469856 fs:498181 front:28325
2022-12-30 13:14:32.272 T:3907 DEBUG : CAMLCodec::GetTimeSize: len:23 dl:469856 fs:469856 front:26009
2022-12-30 13:14:32.277 T:3907 DEBUG : CAMLCodec::AddData: dl:479164 sum:479164 sz:9308 dts:4.796 pts:4.838
2022-12-30 13:14:32.277 T:3907 DEBUG : CAMLCodec::GetTimeSize: len:24 dl:479164 fs:479164 front:26009
2022-12-30 13:14:32.301 T:3665 INFO : Skipped 3 duplicate messages..
2022-12-30 13:14:32.301 T:3665 DEBUG : CAMLCodec::PollFrame elapsed:39.273ms
2022-12-30 13:14:32.302 T:3907 DEBUG : CAMLCodec::GetTimeSize: len:24 dl:479164 fs:479164 front:26009
2022-12-30 13:14:32.303 T:3665 DEBUG : PrepareNextRender: frameOnScreen: 3.392 renderPts: 3.559 nextFramePts: 3.545 -> diff: 0.014 render: 1 forceNext: 0
2022-12-30 13:14:32.304 T:3665 DEBUG : CAMLCodec::ReleaseFrame idx:86, drop:0
2022-12-30 13:14:32.305 T:3908 DEBUG : CVideoPlayerAudio::OutputPacket: pts:4.128 curr_pts:3.399 clock:3.394 level:99
2022-12-30 13:14:32.306 T:3904 DEBUG : CVideoPlayer::ProcessAudioData size:2560 dts:12.096 pts:12.096 dur:32.000ms, clock:3.396 drop:0 level:99
2022-12-30 13:14:32.308 T:3907 DEBUG : CAMLCodec::GetTimeSize: len:24 dl:479164 fs:479164 front:26009
2022-12-30 13:14:32.308 T:3907 DEBUG : CAMLCodec::DequeueBuffer: pts:3.795 idx:92
2022-12-30 13:14:32.308 T:3907 DEBUG : CAMLCodec::GetPicture: index: 92, pts: 3.795, dur:41ms ar:2.00
2022-12-30 13:14:32.308 T:3907 DEBUG : CVideoPlayerVideo::OutputPicture - ttd:397ms pts:3.795 Clock:3.397 Level:5
2022-12-30 13:14:32.309 T:3907 DEBUG : CAMLCodec::GetTimeSize: len:24 dl:479164 fs:479164 front:26009
