2022-12-30 13:14:29.116 T:3904 DEBUG : CVideoPlayer::ProcessVideoData size:52007 dts:9.176 pts:9.218 dur:41.000ms, clock:0.205 level:94
2022-12-30 13:14:29.117 T:3904 DEBUG : CVideoPlayer::ProcessVideoData size:70957 dts:9.218 pts:9.259 dur:41.000ms, clock:0.206 level:94
2022-12-30 13:14:29.117 T:3904 DEBUG : CVideoPlayer::ProcessAudioData size:2560 dts:9.280 pts:9.280 dur:32.000ms, clock:0.206 drop:0 level:99
2022-12-30 13:14:29.117 T:3904 DEBUG : CVideoPlayer::ProcessAudioData size:2560 dts:9.312 pts:9.312 dur:32.000ms, clock:0.206 drop:0 level:99
2022-12-30 13:14:29.118 T:3907 DEBUG : CAMLCodec::GetTimeSize: len:24 dl:1770215 fs:1770215 front:37026
2022-12-30 13:14:29.131 T:3665 INFO : Skipped 2 duplicate messages..
2022-12-30 13:14:29.131 T:3665 DEBUG : CAMLCodec::PollFrame elapsed:39.088ms
2022-12-30 13:14:29.133 T:3665 DEBUG : PrepareNextRender: frameOnScreen: 0.222 renderPts: 0.389 nextFramePts: 0.375 -> diff: 0.014 render: 1 forceNext: 0
2022-12-30 13:14:29.134 T:3665 DEBUG : CAMLCodec::ReleaseFrame idx:10, drop:0
2022-12-30 13:14:29.137 T:3907 DEBUG : CAMLCodec::GetTimeSize: len:24 dl:1770215 fs:1770215 front:37026
2022-12-30 13:14:29.137 T:3907 DEBUG : CAMLCodec::DequeueBuffer: pts:0.626 idx:16
2022-12-30 13:14:29.137 T:3907 DEBUG : CAMLCodec::GetPicture: index: 16, pts: 0.626, dur:42ms ar:2.00
2022-12-30 13:14:29.137 T:3907 DEBUG : CVideoPlayerVideo::OutputPicture - ttd:399ms pts:0.626 Clock:0.226 Level:5
2022-12-30 13:14:29.138 T:3907 DEBUG : CAMLCodec::GetTimeSize: len:24 dl:1770215 fs:1770215 front:37026
2022-12-30 13:14:29.144 T:3907 DEBUG : CAMLCodec::GetTimeSize: len:24 dl:1733189 fs:1770215 front:37026
2022-12-30 13:14:29.145 T:3907 DEBUG : CAMLCodec::GetTimeSize: len:23 dl:1733189 fs:1733189 front:219570
2022-12-30 13:14:29.152 T:3907 DEBUG : CAMLCodec::AddData: dl:1801440 sum:1801440 sz:68251 dts:1.668 pts:1.793
2022-12-30 13:14:29.152 T:3907 DEBUG : CAMLCodec::GetTimeSize: len:24 dl:1801440 fs:1801440 front:219570
2022-12-30 13:14:29.154 T:3908 DEBUG : CVideoPlayerAudio::OutputPacket: pts:1.376 curr_pts:0.634 clock:0.243 level:99
2022-12-30 13:14:29.158 T:3904 DEBUG : CVideoPlayer::ProcessAudioData size:2560 dts:9.344 pts:9.344 dur:32.000ms, clock:0.247 drop:0 level:99
2022-12-30 13:14:29.158 T:3907 DEBUG : CAMLCodec::GetTimeSize: len:24 dl:1801440 fs:1801440 front:219570
2022-12-30 13:14:29.173 T:3665 INFO : Skipped 2 duplicate messages..
2022-12-30 13:14:29.173 T:3665 DEBUG : CAMLCodec::PollFrame elapsed:38.989ms
2022-12-30 13:14:29.175 T:3665 DEBUG : PrepareNextRender: frameOnScreen: 0.264 renderPts: 0.431 nextFramePts: 0.417 -> diff: 0.014 render: 1 forceNext: 0
2022-12-30 13:14:29.175 T:3665 DEBUG : CAMLCodec::ReleaseFrame idx:11, drop:0
2022-12-30 13:14:29.177 T:3907 DEBUG : CAMLCodec::GetTimeSize: len:24 dl:1801440 fs:1801440 front:219570
2022-12-30 13:14:29.177 T:3907 DEBUG : CAMLCodec::DequeueBuffer: pts:0.667 idx:17
2022-12-30 13:14:29.177 T:3907 DEBUG : CAMLCodec::GetPicture: index: 17, pts: 0.667, dur:41ms ar:2.00
2022-12-30 13:14:29.177 T:3907 DEBUG : CVideoPlayerVideo::OutputPicture - ttd:400ms pts:0.667 Clock:0.266 Level:5
2022-12-30 13:14:29.178 T:3907 DEBUG : CAMLCodec::GetTimeSize: len:24 dl:1801440 fs:1801440 front:219570
2022-12-30 13:14:29.191 T:3907 INFO : Skipped 1 duplicate messages..
2022-12-30 13:14:29.191 T:3907 DEBUG : CAMLCodec::GetTimeSize: len:24 dl:1581870 fs:1801440 front:219570
2022-12-30 13:14:29.191 T:3907 DEBUG : CAMLCodec::GetTimeSize: len:23 dl:1581870 fs:1581870 front:110375
2022-12-30 13:14:29.196 T:3907 DEBUG : CAMLCodec::AddData: dl:1616110 sum:1616110 sz:34240 dts:1.710 pts:1.752
2022-12-30 13:14:29.196 T:3907 DEBUG : CAMLCodec::GetTimeSize: len:24 dl:1616110 fs:1616110 front:110375
2022-12-30 13:14:29.204 T:3908 INFO : Skipped 1 duplicate messages..
2022-12-30 13:14:29.204 T:3908 DEBUG : CVideoPlayerAudio::OutputPacket: pts:1.408 curr_pts:0.685 clock:0.294 level:99
2022-12-30 13:14:29.205 T:3908 DEBUG : CVideoPlayerAudio::OutputPacket: pts:1.440 curr_pts:0.685 clock:0.294 level:99
2022-12-30 13:14:29.208 T:3904 DEBUG : CVideoPlayer::ProcessAudioData size:2560 dts:9.376 pts:9.376 dur:32.000ms, clock:0.298 drop:0 level:99
2022-12-30 13:14:29.208 T:3904 DEBUG : CVideoPlayer::ProcessAudioData size:2560 dts:9.408 pts:9.408 dur:32.000ms, clock:0.298 drop:0 level:99
2022-12-30 13:14:29.209 T:3907 DEBUG : CAMLCodec::GetTimeSize: len:24 dl:1616110 fs:1616110 front:110375
2022-12-30 13:14:29.215 T:3665 DEBUG : CAMLCodec::PollFrame elapsed:39.374ms
2022-12-30 13:14:29.215 T:3907 DEBUG : CAMLCodec::GetTimeSize: len:24 dl:1616110 fs:1616110 front:110375
2022-12-30 13:14:29.217 T:3665 DEBUG : PrepareNextRender: frameOnScreen: 0.306 renderPts: 0.473 nextFramePts: 0.459 -> diff: 0.014 render: 1 forceNext: 0
2022-12-30 13:14:29.217 T:3665 DEBUG : CAMLCodec::ReleaseFrame idx:12, drop:0
2022-12-30 13:14:29.221 T:3907 DEBUG : CAMLCodec::GetTimeSize: len:24 dl:1616110 fs:1616110 front:110375
2022-12-30 13:14:29.221 T:3907 DEBUG : CAMLCodec::DequeueBuffer: pts:0.709 idx:18
2022-12-30 13:14:29.221 T:3907 DEBUG : CAMLCodec::GetPicture: index: 18, pts: 0.709, dur:42ms ar:2.00
2022-12-30 13:14:29.221 T:3907 DEBUG : CVideoPlayerVideo::OutputPicture - ttd:398ms pts:0.709 Clock:0.310 Level:5
2022-12-30 13:14:29.222 T:3907 DEBUG : CAMLCodec::GetTimeSize: len:24 dl:1616110 fs:1616110 front:110375
2022-12-30 13:14:29.229 T:3907 DEBUG : CAMLCodec::GetTimeSize: len:24 dl:1505735 fs:1616110 front:110375
2022-12-30 13:14:29.229 T:3907 DEBUG : CAMLCodec::GetTimeSize: len:23 dl:1505735 fs:1505735 front:41257
2022-12-30 13:14:29.236 T:3907 DEBUG : CAMLCodec::AddData: dl:1571204 sum:1571204 sz:65469 dts:1.752 pts:1.835
2022-12-30 13:14:29.236 T:3907 DEBUG : CAMLCodec::GetTimeSize: len:24 dl:1571204 fs:1571204 front:41257
2022-12-30 13:14:29.254 T:3908 INFO : Skipped 2 duplicate messages..
2022-12-30 13:14:29.254 T:3908 DEBUG : CVideoPlayerAudio::OutputPacket: pts:1.472 curr_pts:0.734 clock:0.343 level:99
2022-12-30 13:14:29.255 T:3907 DEBUG : CAMLCodec::GetTimeSize: len:24 dl:1571204 fs:1571204 front:41257
2022-12-30 13:14:29.256 T:3665 DEBUG : CAMLCodec::PollFrame elapsed:38.912ms
2022-12-30 13:14:29.258 T:3665 DEBUG : PrepareNextRender: frameOnScreen: 0.347 renderPts: 0.514 nextFramePts: 0.500 -> diff: 0.014 render: 1 forceNext: 0
2022-12-30 13:14:29.259 T:3665 DEBUG : CAMLCodec::ReleaseFrame idx:13, drop:0
2022-12-30 13:14:29.259 T:3904 DEBUG : CVideoPlayer::ProcessAudioData size:2560 dts:9.440 pts:9.440 dur:32.000ms, clock:0.348 drop:0 level:99
2022-12-30 13:14:29.261 T:3907 DEBUG : CAMLCodec::GetTimeSize: len:24 dl:1571204 fs:1571204 front:41257
2022-12-30 13:14:29.261 T:3907 DEBUG : CAMLCodec::DequeueBuffer: pts:0.751 idx:19
2022-12-30 13:14:29.261 T:3907 DEBUG : CAMLCodec::GetPicture: index: 19, pts: 0.751, dur:42ms ar:2.00
2022-12-30 13:14:29.261 T:3907 DEBUG : CVideoPlayerVideo::OutputPicture - ttd:400ms pts:0.751 Clock:0.350 Level:5
2022-12-30 13:14:29.262 T:3907 DEBUG : CAMLCodec::GetTimeSize: len:24 dl:1571204 fs:1571204 front:41257
2022-12-30 13:14:29.268 T:3907 DEBUG : CAMLCodec::GetTimeSize: len:24 dl:1529947 fs:1571204 front:41257
2022-12-30 13:14:29.269 T:3907 DEBUG : CAMLCodec::GetTimeSize: len:23 dl:1529947 fs:1529947 front:43001
2022-12-30 13:14:29.274 T:3907 DEBUG : CAMLCodec::AddData: dl:1579679 sum:1579679 sz:49732 dts:1.793 pts:1.877
2022-12-30 13:14:29.274 T:3907 DEBUG : CAMLCodec::GetTimeSize: len:24 dl:1579679 fs:1579679 front:43001
2022-12-30 13:14:29.298 T:3665 INFO : Skipped 3 duplicate messages..
2022-12-30 13:14:29.298 T:3665 DEBUG : CAMLCodec::PollFrame elapsed:39.430ms
2022-12-30 13:14:29.299 T:3907 DEBUG : CAMLCodec::GetTimeSize: len:24 dl:1579679 fs:1579679 front:43001
2022-12-30 13:14:29.299 T:3881 INFO : Python interpreter stopped
2022-12-30 13:14:29.299 T:3881 DEBUG : Thread LanguageInvoker 3681604224 terminating
2022-12-30 13:14:29.300 T:3665 DEBUG : PrepareNextRender: frameOnScreen: 0.389 renderPts: 0.556 nextFramePts: 0.542 -> diff: 0.014 render: 1 forceNext: 0
2022-12-30 13:14:29.301 T:3665 DEBUG : CAMLCodec::ReleaseFrame idx:14, drop:0
2022-12-30 13:14:29.308 T:3908 DEBUG : CVideoPlayerAudio::OutputPacket: pts:1.504 curr_pts:0.788 clock:0.397 level:99
2022-12-30 13:14:29.309 T:3908 DEBUG : CVideoPlayerAudio::OutputPacket: pts:1.536 curr_pts:0.789 clock:0.398 level:99
2022-12-30 13:14:29.310 T:3904 DEBUG : CVideoPlayer::ProcessAudioData size:2560 dts:9.472 pts:9.472 dur:32.000ms, clock:0.399 drop:0 level:99
2022-12-30 13:14:29.310 T:3904 DEBUG : CVideoPlayer::ProcessAudioData size:2560 dts:9.504 pts:9.504 dur:32.000ms, clock:0.399 drop:0 level:99
2022-12-30 13:14:29.310 T:3719 DEBUG : FindMovie: Searching for 'A trier' using TMDb TV Shows scraper (path: '/storage/.kodi/addons/metadata.tvshows.themoviedb.org.python/', content: 'tvshows', version: '1.4.17')
2022-12-30 13:14:29.317 T:3907 DEBUG : CAMLCodec::GetTimeSize: len:24 dl:1536678 fs:1579679 front:43001
2022-12-30 13:14:29.317 T:3907 DEBUG : CAMLCodec::GetTimeSize: len:23 dl:1536678 fs:1536678 front:234842
2022-12-30 13:14:29.317 T:3907 DEBUG : CAMLCodec::DequeueBuffer: pts:0.792 idx:20
2022-12-30 13:14:29.317 T:3907 DEBUG : CAMLCodec::GetPicture: index: 20, pts: 0.792, dur:41ms ar:2.00
2022-12-30 13:14:29.317 T:3907 DEBUG : CVideoPlayerVideo::OutputPicture - ttd:385ms pts:0.792 Clock:0.406 Level:5
2022-12-30 13:14:29.319 T:3907 DEBUG : CAMLCodec::GetTimeSize: len:23 dl:1536678 fs:1536678 front:234842
2022-12-30 13:14:29.320 T:3719 DEBUG : StartScript - calling plugin TMDb TV Shows('plugin://metadata.tvshows.themoviedb.org.python/','10','?action=find&pathSettings=%7b%22cat_landscape%22%3atrue%2c%22certprefix%22%3a%22Rated%20%22%2c%22enab_trailer%22%3atrue%2c%22enable_fanarttv%22%3atrue%2c%22fanarttv_clientkey%22%3a%22%22%2c%22imdbanyway%22%3afalse%2c%22keeporiginaltitle%22%3afalse%2c%22language%22%3a%22fr-FR%22%2c%22lastUpdated%22%3a%220%22%2c%22originalUrl%22%3a%22%22%2c%22players_opt%22%3a%22Tubed%22%2c%22previewUrl%22%3a%22%22%2c%22ratings%22%3a%22IMDb%22%2c%22studio_country%22%3atrue%2c%22tmdbanyway%22%3atrue%2c%22tmdbcertcountry%22%3a%22fr%22%2c%22traktanyway%22%3atrue%2c%22usecertprefix%22%3atrue%2c%22verboselog%22%3afalse%7d&title=A%20trier','resume:false')
2022-12-30 13:14:29.320 T:3927 DEBUG : Thread LanguageInvoker start, auto delete: false
2022-12-30 13:14:29.320 T:3927 INFO : initializing python engine.
2022-12-30 13:14:29.321 T:3927 DEBUG : CPythonInvoker(23, /storage/.kodi/addons/metadata.tvshows.themoviedb.org.python/main.py): start processing
2022-12-30 13:14:29.324 T:3855 INFO : CPythonInvoker(19, /storage/.kodi/addons/metadata.tvshows.themoviedb.org.python/main.py): script successfully run
2022-12-30 13:14:29.324 T:3855 DEBUG : onExecutionDone(19, /storage/.kodi/addons/metadata.tvshows.themoviedb.org.python/main.py)
2022-12-30 13:14:29.328 T:3907 DEBUG : CAMLCodec::AddData: dl:1616059 sum:1616059 sz:79381 dts:1.835 pts:1.960
2022-12-30 13:14:29.328 T:3907 DEBUG : CAMLCodec::GetTimeSize: len:24 dl:1616059 fs:1616059 front:234842
2022-12-30 13:14:29.329 T:3733 DEBUG : requested setting (youtube.folder.tags.show) was not found.
2022-12-30 13:14:29.334 T:3907 DEBUG : CAMLCodec::GetTimeSize: len:24 dl:1616059 fs:1616059 front:234842
2022-12-30 13:14:29.340 T:3665 DEBUG : CAMLCodec::PollFrame elapsed:39.024ms
2022-12-30 13:14:29.342 T:3907 DEBUG : CAMLCodec::GetTimeSize: len:24 dl:1616059 fs:1616059 front:234842
2022-12-30 13:14:29.343 T:3907 DEBUG : CAMLCodec::DequeueBuffer: pts:0.834 idx:21
2022-12-30 13:14:29.343 T:3907 DEBUG : CAMLCodec::GetPicture: index: 21, pts: 0.834, dur:42ms ar:2.00
2022-12-30 13:14:29.343 T:3907 DEBUG : CVideoPlayerVideo::OutputPicture - ttd:401ms pts:0.834 Clock:0.433 Level:6
2022-12-30 13:14:29.345 T:3665 DEBUG : PrepareNextRender: frameOnScreen: 0.434 renderPts: 0.601 nextFramePts: 0.584 -> diff: 0.017 render: 1 forceNext: 0
2022-12-30 13:14:29.346 T:3665 DEBUG : CAMLCodec::ReleaseFrame idx:15, drop:0
2022-12-30 13:14:29.346 T:3907 DEBUG : CAMLCodec::GetTimeSize: len:24 dl:1616059 fs:1616059 front:234842
2022-12-30 13:14:29.354 T:3908 INFO : Skipped 1 duplicate messages..
2022-12-30 13:14:29.354 T:3908 DEBUG : CVideoPlayerAudio::OutputPacket: pts:1.568 curr_pts:0.834 clock:0.443 level:99
2022-12-30 13:14:29.355 T:3908 DEBUG : CVideoPlayerAudio::OutputPacket: pts:1.600 curr_pts:0.835 clock:0.444 level:99
2022-12-30 13:14:29.359 T:3907 DEBUG : CAMLCodec::GetTimeSize: len:24 dl:1381217 fs:1616059 front:234842
2022-12-30 13:14:29.359 T:3907 DEBUG : CAMLCodec::GetTimeSize: len:23 dl:1381217 fs:1381217 front:87617
2022-12-30 13:14:29.361 T:3904 DEBUG : CVideoPlayer::ProcessVideoData size:241263 dts:9.259 pts:9.551 dur:41.000ms, clock:0.451 level:92
2022-12-30 13:14:29.362 T:3904 DEBUG : CVideoPlayer::ProcessVideoData size:144440 dts:9.301 pts:9.426 dur:41.000ms, clock:0.451 level:93
2022-12-30 13:14:29.363 T:3904 DEBUG : CVideoPlayer::ProcessVideoData size:66683 dts:9.343 pts:9.343 dur:41.000ms, clock:0.452 level:93
2022-12-30 13:14:29.363 T:3904 DEBUG : CVideoPlayer::ProcessVideoData size:58202 dts:9.384 pts:9.384 dur:41.000ms, clock:0.452 level:94
2022-12-30 13:14:29.363 T:3904 DEBUG : CVideoPlayer::ProcessVideoData size:57660 dts:9.426 pts:9.468 dur:41.000ms, clock:0.452 level:94
2022-12-30 13:14:29.363 T:3904 DEBUG : CVideoPlayer::ProcessVideoData size:56515 dts:9.468 pts:9.509 dur:41.000ms, clock:0.453 level:95
2022-12-30 13:14:29.364 T:3904 DEBUG : CVideoPlayer::ProcessAudioData size:2560 dts:9.536 pts:9.536 dur:32.000ms, clock:0.453 drop:0 level:99
2022-12-30 13:14:29.364 T:3904 DEBUG : CVideoPlayer::ProcessAudioData size:2560 dts:9.568 pts:9.568 dur:32.000ms, clock:0.453 drop:0 level:99
2022-12-30 13:14:29.364 T:3907 DEBUG : CAMLCodec::AddData: dl:1415997 sum:1415997 sz:34780 dts:1.877 pts:1.919
2022-12-30 13:14:29.364 T:3907 DEBUG : CAMLCodec::GetTimeSize: len:24 dl:1415997 fs:1415997 front:87617
2022-12-30 13:14:29.382 T:3665 INFO : Skipped 2 duplicate messages..
2022-12-30 13:14:29.382 T:3665 DEBUG : CAMLCodec::PollFrame elapsed:35.362ms
2022-12-30 13:14:29.383 T:3907 DEBUG : CAMLCodec::GetTimeSize: len:24 dl:1415997 fs:1415997 front:87617
2022-12-30 13:14:29.384 T:3665 DEBUG : PrepareNextRender: frameOnScreen: 0.473 renderPts: 0.640 nextFramePts: 0.626 -> diff: 0.014 render: 1 forceNext: 0
2022-12-30 13:14:29.384 T:3665 DEBUG : CAMLCodec::ReleaseFrame idx:16, drop:0
2022-12-30 13:14:29.389 T:3907 DEBUG : CAMLCodec::GetTimeSize: len:24 dl:1415997 fs:1415997 front:87617
2022-12-30 13:14:29.389 T:3907 DEBUG : CAMLCodec::DequeueBuffer: pts:0.876 idx:22
2022-12-30 13:14:29.389 T:3907 DEBUG : CAMLCodec::GetPicture: index: 22, pts: 0.876, dur:42ms ar:2.00
2022-12-30 13:14:29.389 T:3907 DEBUG : CVideoPlayerVideo::OutputPicture - ttd:397ms pts:0.876 Clock:0.478 Level:5
2022-12-30 13:14:29.390 T:3907 DEBUG : CAMLCodec::GetTimeSize: len:24 dl:1415997 fs:1415997 front:87617
2022-12-30 13:14:29.396 T:3907 DEBUG : CAMLCodec::GetTimeSize: len:24 dl:1328380 fs:1415997 front:87617
2022-12-30 13:14:29.397 T:3907 DEBUG : CAMLCodec::GetTimeSize: len:23 dl:1328380 fs:1328380 front:27526
2022-12-30 13:14:29.404 T:3907 DEBUG : CAMLCodec::AddData: dl:1446883 sum:1446883 sz:118503 dts:1.919 pts:2.002
2022-12-30 13:14:29.404 T:3907 DEBUG : CAMLCodec::GetTimeSize: len:24 dl:1446883 fs:1446883 front:27526
2022-12-30 13:14:29.404 T:3904 DEBUG : CVideoPlayer::ProcessAudioData size:2560 dts:9.600 pts:9.600 dur:32.000ms, clock:0.494 drop:0 level:99
2022-12-30 13:14:29.404 T:3908 DEBUG : CVideoPlayerAudio::OutputPacket: pts:1.632 curr_pts:0.885 clock:0.494 level:100
2022-12-30 13:14:29.410 T:3907 DEBUG : CAMLCodec::GetTimeSize: len:24 dl:1446883 fs:1446883 front:27526
2022-12-30 13:14:29.423 T:3665 INFO : Skipped 2 duplicate messages..
2022-12-30 13:14:29.423 T:3665 DEBUG : CAMLCodec::PollFrame elapsed:38.728ms
2022-12-30 13:14:29.425 T:3665 DEBUG : PrepareNextRender: frameOnScreen: 0.515 renderPts: 0.681 nextFramePts: 0.667 -> diff: 0.014 render: 1 forceNext: 0
2022-12-30 13:14:29.426 T:3665 DEBUG : CAMLCodec::ReleaseFrame idx:17, drop:0
2022-12-30 13:14:29.429 T:3907 DEBUG : CAMLCodec::GetTimeSize: len:24 dl:1446883 fs:1446883 front:27526
2022-12-30 13:14:29.429 T:3907 DEBUG : CAMLCodec::DequeueBuffer: pts:0.918 idx:23
2022-12-30 13:14:29.429 T:3907 DEBUG : CAMLCodec::GetPicture: index: 23, pts: 0.918, dur:42ms ar:2.00
2022-12-30 13:14:29.429 T:3907 DEBUG : CVideoPlayerVideo::OutputPicture - ttd:399ms pts:0.918 Clock:0.518 Level:5
2022-12-30 13:14:29.430 T:3907 DEBUG : CAMLCodec::GetTimeSize: len:24 dl:1446883 fs:1446883 front:27526
2022-12-30 13:14:29.436 T:3907 DEBUG : CAMLCodec::GetTimeSize: len:24 dl:1419357 fs:1446883 front:27526
2022-12-30 13:14:29.436 T:3907 DEBUG : CAMLCodec::GetTimeSize: len:23 dl:1419357 fs:1419357 front:27123
2022-12-30 13:14:29.444 T:3907 DEBUG : CAMLCodec::AddData: dl:1543672 sum:1543672 sz:124315 dts:1.960 pts:2.085
2022-12-30 13:14:29.444 T:3907 DEBUG : CAMLCodec::GetTimeSize: len:24 dl:1543672 fs:1543672 front:27123
2022-12-30 13:14:29.454 T:3908 INFO : Skipped 1 duplicate messages..
2022-12-30 13:14:29.454 T:3908 DEBUG : CVideoPlayerAudio::OutputPacket: pts:1.664 curr_pts:0.934 clock:0.543 level:99
2022-12-30 13:14:29.455 T:3908 DEBUG : CVideoPlayerAudio::OutputPacket: pts:1.696 curr_pts:0.935 clock:0.544 level:99
2022-12-30 13:14:29.455 T:3904 DEBUG : CVideoPlayer::ProcessAudioData size:2560 dts:9.632 pts:9.632 dur:32.000ms, clock:0.544 drop:0 level:99
2022-12-30 13:14:29.455 T:3904 DEBUG : CVideoPlayer::ProcessAudioData size:2560 dts:9.664 pts:9.664 dur:32.000ms, clock:0.544 drop:0 level:99
2022-12-30 13:14:29.456 T:3907 DEBUG : CAMLCodec::GetTimeSize: len:24 dl:1543672 fs:1543672 front:27123
2022-12-30 13:14:29.465 T:3665 INFO : Skipped 1 duplicate messages..
2022-12-30 13:14:29.465 T:3665 DEBUG : CAMLCodec::PollFrame elapsed:38.800ms
2022-12-30 13:14:29.467 T:3665 DEBUG : PrepareNextRender: frameOnScreen: 0.556 renderPts: 0.723 nextFramePts: 0.709 -> diff: 0.014 render: 1 forceNext: 0
2022-12-30 13:14:29.467 T:3665 DEBUG : CAMLCodec::ReleaseFrame idx:18, drop:0
2022-12-30 13:14:29.469 T:3907 DEBUG : CAMLCodec::GetTimeSize: len:24 dl:1543672 fs:1543672 front:27123
2022-12-30 13:14:29.469 T:3907 DEBUG : CAMLCodec::DequeueBuffer: pts:0.959 idx:24
2022-12-30 13:14:29.469 T:3907 DEBUG : CAMLCodec::GetPicture: index: 24, pts: 0.959, dur:41ms ar:2.00
2022-12-30 13:14:29.469 T:3907 DEBUG : CVideoPlayerVideo::OutputPicture - ttd:400ms pts:0.959 Clock:0.558 Level:5
2022-12-30 13:14:29.470 T:3907 DEBUG : CAMLCodec::GetTimeSize: len:24 dl:1543672 fs:1543672 front:27123
2022-12-30 13:14:29.476 T:3907 DEBUG : CAMLCodec::GetTimeSize: len:24 dl:1516549 fs:1543672 front:27123
2022-12-30 13:14:29.476 T:3907 DEBUG : CAMLCodec::GetTimeSize: len:23 dl:1516549 fs:1516549 front:168667
2022-12-30 13:14:29.482 T:3907 DEBUG : CAMLCodec::AddData: dl:1549624 sum:1549624 sz:33075 dts:2.002 pts:2.044
2022-12-30 13:14:29.482 T:3907 DEBUG : CAMLCodec::GetTimeSize: len:24 dl:1549624 fs:1549624 front:168667
2022-12-30 13:14:29.504 T:3908 INFO : Skipped 3 duplicate messages..
2022-12-30 13:14:29.504 T:3908 DEBUG : CVideoPlayerAudio::OutputPacket: pts:1.728 curr_pts:0.985 clock:0.594 level:99
2022-12-30 13:14:29.506 T:3904 DEBUG : CVideoPlayer::ProcessAudioData size:2560 dts:9.696 pts:9.696 dur:32.000ms, clock:0.595 drop:0 level:99
2022-12-30 13:14:29.506 T:3907 DEBUG : CAMLCodec::GetTimeSize: len:24 dl:1549624 fs:1549624 front:168667
2022-12-30 13:14:29.507 T:3665 DEBUG : CAMLCodec::PollFrame elapsed:39.282ms
2022-12-30 13:14:29.511 T:3665 DEBUG : PrepareNextRender: frameOnScreen: 0.600 renderPts: 0.767 nextFramePts: 0.751 -> diff: 0.016 render: 1 forceNext: 0
2022-12-30 13:14:29.511 T:3665 DEBUG : CAMLCodec::ReleaseFrame idx:19, drop:0
2022-12-30 13:14:29.513 T:3907 DEBUG : CAMLCodec::GetTimeSize: len:24 dl:1549624 fs:1549624 front:168667
2022-12-30 13:14:29.513 T:3907 DEBUG : CAMLCodec::DequeueBuffer: pts:1.001 idx:25
2022-12-30 13:14:29.513 T:3907 DEBUG : CAMLCodec::GetPicture: index: 25, pts: 1.001, dur:42ms ar:2.00
2022-12-30 13:14:29.513 T:3907 DEBUG : CVideoPlayerVideo::OutputPicture - ttd:398ms pts:1.001 Clock:0.602 Level:5
2022-12-30 13:14:29.514 T:3907 DEBUG : CAMLCodec::GetTimeSize: len:24 dl:1549624 fs:1549624 front:168667
2022-12-30 13:14:29.520 T:3907 DEBUG : CAMLCodec::GetTimeSize: len:24 dl:1380957 fs:1549624 front:168667
2022-12-30 13:14:29.520 T:3907 DEBUG : CAMLCodec::GetTimeSize: len:23 dl:1380957 fs:1380957 front:82344
2022-12-30 13:14:29.528 T:3907 DEBUG : CAMLCodec::AddData: dl:1466645 sum:1466645 sz:85688 dts:2.044 pts:2.169
2022-12-30 13:14:29.528 T:3907 DEBUG : CAMLCodec::GetTimeSize: len:24 dl:1466645 fs:1466645 front:82344
2022-12-30 13:14:29.548 T:3665 INFO : Skipped 3 duplicate messages..
2022-12-30 13:14:29.548 T:3665 DEBUG : CAMLCodec::PollFrame elapsed:37.029ms
2022-12-30 13:14:29.550 T:3665 DEBUG : PrepareNextRender: frameOnScreen: 0.639 renderPts: 0.806 nextFramePts: 0.792 -> diff: 0.014 render: 1 forceNext: 0
2022-12-30 13:14:29.551 T:3665 DEBUG : CAMLCodec::ReleaseFrame idx:20, drop:0
2022-12-30 13:14:29.552 T:3907 DEBUG : CAMLCodec::GetTimeSize: len:24 dl:1466645 fs:1466645 front:82344
2022-12-30 13:14:29.553 T:3907 DEBUG : CAMLCodec::DequeueBuffer: pts:1.043 idx:26
2022-12-30 13:14:29.553 T:3907 DEBUG : CAMLCodec::GetPicture: index: 26, pts: 1.043, dur:42ms ar:2.00
2022-12-30 13:14:29.553 T:3907 DEBUG : CVideoPlayerVideo::OutputPicture - ttd:401ms pts:1.043 Clock:0.642 Level:5
2022-12-30 13:14:29.553 T:3671 DEBUG : ActiveAE::SyncStream - average error 335.959962 above threshold of 100.000000
2022-12-30 13:14:29.553 T:3671 DEBUG : ActiveAE::SyncStream - delay frames:2400 error 286ms
2022-12-30 13:14:29.554 T:3907 DEBUG : CAMLCodec::GetTimeSize: len:24 dl:1466645 fs:1466645 front:82344
2022-12-30 13:14:29.560 T:3907 DEBUG : CAMLCodec::GetTimeSize: len:24 dl:1384301 fs:1466645 front:82344
2022-12-30 13:14:29.560 T:3907 DEBUG : CAMLCodec::GetTimeSize: len:23 dl:1384301 fs:1384301 front:41472
2022-12-30 13:14:29.567 T:3907 DEBUG : CAMLCodec::AddData: dl:1441440 sum:1441440 sz:57139 dts:2.085 pts:2.127
2022-12-30 13:14:29.568 T:3907 DEBUG : CAMLCodec::GetTimeSize: len:24 dl:1441440 fs:1441440 front:41472
2022-12-30 13:14:29.590 T:3665 INFO : Skipped 3 duplicate messages..
2022-12-30 13:14:29.590 T:3665 DEBUG : CAMLCodec::PollFrame elapsed:39.060ms
2022-12-30 13:14:29.592 T:3665 DEBUG : PrepareNextRender: frameOnScreen: 0.681 renderPts: 0.848 nextFramePts: 0.834 -> diff: 0.014 render: 1 forceNext: 0
2022-12-30 13:14:29.592 T:3665 DEBUG : CAMLCodec::ReleaseFrame idx:21, drop:0
2022-12-30 13:14:29.592 T:3907 DEBUG : CAMLCodec::GetTimeSize: len:24 dl:1441440 fs:1441440 front:41472
2022-12-30 13:14:29.593 T:3907 DEBUG : CAMLCodec::DequeueBuffer: pts:1.084 idx:27
2022-12-30 13:14:29.593 T:3907 DEBUG : CAMLCodec::GetPicture: index: 27, pts: 1.084, dur:41ms ar:2.00
2022-12-30 13:14:29.593 T:3907 DEBUG : CVideoPlayerVideo::OutputPicture - ttd:402ms pts:1.084 Clock:0.682 Level:5
2022-12-30 13:14:29.594 T:3907 DEBUG : CAMLCodec::GetTimeSize: len:24 dl:1441440 fs:1441440 front:41472
2022-12-30 13:14:29.600 T:3907 DEBUG : CAMLCodec::GetTimeSize: len:24 dl:1399968 fs:1441440 front:41472
2022-12-30 13:14:29.600 T:3907 DEBUG : CAMLCodec::GetTimeSize: len:23 dl:1399968 fs:1399968 front:33154
2022-12-30 13:14:29.603 T:3671 DEBUG : ActiveAE::SyncStream - delay frames:2400 error 236ms
2022-12-30 13:14:29.608 T:3907 DEBUG : CAMLCodec::AddData: dl:1542104 sum:1542104 sz:142136 dts:2.127 pts:2.211
2022-12-30 13:14:29.608 T:3907 DEBUG : CAMLCodec::GetTimeSize: len:24 dl:1542104 fs:1542104 front:33154
2022-12-30 13:14:29.632 T:3665 INFO : Skipped 3 duplicate messages..
2022-12-30 13:14:29.632 T:3665 DEBUG : CAMLCodec::PollFrame elapsed:39.194ms
2022-12-30 13:14:29.632 T:3907 DEBUG : CAMLCodec::GetTimeSize: len:24 dl:1542104 fs:1542104 front:33154
2022-12-30 13:14:29.634 T:3665 DEBUG : PrepareNextRender: frameOnScreen: 0.723 renderPts: 0.890 nextFramePts: 0.876 -> diff: 0.014 render: 1 forceNext: 0
2022-12-30 13:14:29.635 T:3665 DEBUG : CAMLCodec::ReleaseFrame idx:22, drop:0
2022-12-30 13:14:29.639 T:3907 DEBUG : CAMLCodec::GetTimeSize: len:24 dl:1542104 fs:1542104 front:33154
2022-12-30 13:14:29.639 T:3907 DEBUG : CAMLCodec::DequeueBuffer: pts:1.126 idx:28
2022-12-30 13:14:29.639 T:3907 DEBUG : CAMLCodec::GetPicture: index: 28, pts: 1.126, dur:42ms ar:2.00
2022-12-30 13:14:29.639 T:3907 DEBUG : CVideoPlayerVideo::OutputPicture - ttd:397ms pts:1.126 Clock:0.728 Level:5
2022-12-30 13:14:29.640 T:3907 DEBUG : CAMLCodec::GetTimeSize: len:24 dl:1542104 fs:1542104 front:33154
2022-12-30 13:14:29.646 T:3907 DEBUG : CAMLCodec::GetTimeSize: len:24 dl:1508950 fs:1542104 front:33154
2022-12-30 13:14:29.646 T:3907 DEBUG : CAMLCodec::GetTimeSize: len:23 dl:1508950 fs:1508950 front:107571
2022-12-30 13:14:29.653 T:3671 DEBUG : ActiveAE::SyncStream - delay frames:2400 error 186ms
2022-12-30 13:14:29.655 T:3907 DEBUG : CAMLCodec::AddData: dl:1702891 sum:1702891 sz:193941 dts:2.169 pts:2.294
2022-12-30 13:14:29.656 T:3907 DEBUG : CAMLCodec::GetTimeSize: len:24 dl:1702891 fs:1702891 front:107571
2022-12-30 13:14:29.674 T:3665 INFO : Skipped 2 duplicate messages..
2022-12-30 13:14:29.674 T:3665 DEBUG : CAMLCodec::PollFrame elapsed:38.791ms
2022-12-30 13:14:29.674 T:3907 DEBUG : CAMLCodec::GetTimeSize: len:24 dl:1702891 fs:1702891 front:107571
2022-12-30 13:14:29.675 T:3665 DEBUG : PrepareNextRender: frameOnScreen: 0.764 renderPts: 0.931 nextFramePts: 0.918 -> diff: 0.013 render: 1 forceNext: 0
2022-12-30 13:14:29.676 T:3665 DEBUG : CAMLCodec::ReleaseFrame idx:23, drop:0
2022-12-30 13:14:29.680 T:3907 DEBUG : CAMLCodec::GetTimeSize: len:24 dl:1702891 fs:1702891 front:107571
2022-12-30 13:14:29.680 T:3907 DEBUG : CAMLCodec::DequeueBuffer: pts:1.168 idx:29
2022-12-30 13:14:29.681 T:3907 DEBUG : CAMLCodec::GetPicture: index: 29, pts: 1.168, dur:42ms ar:2.00
2022-12-30 13:14:29.681 T:3907 DEBUG : CVideoPlayerVideo::OutputPicture - ttd:398ms pts:1.168 Clock:0.770 Level:5
2022-12-30 13:14:29.682 T:3907 DEBUG : CAMLCodec::GetTimeSize: len:24 dl:1702891 fs:1702891 front:107571
2022-12-30 13:14:29.688 T:3907 DEBUG : CAMLCodec::GetTimeSize: len:24 dl:1595320 fs:1702891 front:107571
2022-12-30 13:14:29.688 T:3907 DEBUG : CAMLCodec::GetTimeSize: len:23 dl:1595320 fs:1595320 front:61822
2022-12-30 13:14:29.695 T:3907 DEBUG : CAMLCodec::AddData: dl:1686407 sum:1686407 sz:91087 dts:2.211 pts:2.252
2022-12-30 13:14:29.695 T:3907 DEBUG : CAMLCodec::GetTimeSize: len:24 dl:1686407 fs:1686407 front:61822
2022-12-30 13:14:29.703 T:3671 INFO : Skipped 1 duplicate messages..
2022-12-30 13:14:29.703 T:3671 DEBUG : ActiveAE::SyncStream - delay frames:2400 error 136ms
2022-12-30 13:14:29.708 T:3907 DEBUG : CAMLCodec::GetTimeSize: len:24 dl:1686407 fs:1686407 front:61822
2022-12-30 13:14:29.715 T:3665 INFO : Skipped 1 duplicate messages..
2022-12-30 13:14:29.715 T:3665 DEBUG : CAMLCodec::PollFrame elapsed:39.145ms
2022-12-30 13:14:29.717 T:3665 DEBUG : PrepareNextRender: frameOnScreen: 0.806 renderPts: 0.973 nextFramePts: 0.959 -> diff: 0.014 render: 1 forceNext: 0
2022-12-30 13:14:29.718 T:3665 DEBUG : CAMLCodec::ReleaseFrame idx:24, drop:0
2022-12-30 13:14:29.720 T:3907 DEBUG : CAMLCodec::GetTimeSize: len:24 dl:1686407 fs:1686407 front:61822
2022-12-30 13:14:29.720 T:3907 DEBUG : CAMLCodec::DequeueBuffer: pts:1.210 idx:30
2022-12-30 13:14:29.720 T:3907 DEBUG : CAMLCodec::GetPicture: index: 30, pts: 1.210, dur:42ms ar:2.00
2022-12-30 13:14:29.721 T:3907 DEBUG : CVideoPlayerVideo::OutputPicture - ttd:400ms pts:1.210 Clock:0.810 Level:5
2022-12-30 13:14:29.722 T:3907 DEBUG : CAMLCodec::GetTimeSize: len:24 dl:1686407 fs:1686407 front:61822
2022-12-30 13:14:29.728 T:3907 DEBUG : CAMLCodec::GetTimeSize: len:24 dl:1624585 fs:1686407 front:61822
2022-12-30 13:14:29.728 T:3907 DEBUG : CAMLCodec::GetTimeSize: len:23 dl:1624585 fs:1624585 front:26942
2022-12-30 13:14:29.736 T:3907 DEBUG : CAMLCodec::AddData: dl:1936941 sum:1936941 sz:312356 dts:2.252 pts:2.461
2022-12-30 13:14:29.736 T:3907 DEBUG : CAMLCodec::GetTimeSize: len:24 dl:1936941 fs:1936941 front:26942
2022-12-30 13:14:29.751 T:3855 INFO : Skipped 2 duplicate messages..
2022-12-30 13:14:29.751 T:3855 WARNING : CPythonInvoker(19, /storage/.kodi/addons/metadata.tvshows.themoviedb.org.python/main.py): the python script "/storage/.kodi/addons/metadata.tvshows.themoviedb.org.python/main.py" has left several classes in memory that we couldn't clean up. The classes include: N9XBMCAddon9xbmcaddon5AddonE
2022-12-30 13:14:29.751 T:3855 INFO : Python interpreter stopped
2022-12-30 13:14:29.751 T:3855 DEBUG : Thread LanguageInvoker 3321975424 terminating
2022-12-30 13:14:29.752 T:3733 DEBUG : [plugin.video.youtube] User: |0| Using API key set: |own|
2022-12-30 13:14:29.754 T:3671 DEBUG : ActiveAE::SyncStream - delay frames:2400 error 86ms
2022-12-30 13:14:29.758 T:3665 DEBUG : CAMLCodec::PollFrame elapsed:40.058ms
2022-12-30 13:14:29.760 T:3907 DEBUG : CAMLCodec::GetTimeSize: len:24 dl:1936941 fs:1936941 front:26942
2022-12-30 13:14:29.761 T:3907 DEBUG : CAMLCodec::DequeueBuffer: pts:1.251 idx:31
2022-12-30 13:14:29.766 T:3907 DEBUG : CAMLCodec::GetPicture: index: 31, pts: 1.251, dur:41ms ar:2.00
2022-12-30 13:14:29.766 T:3907 DEBUG : CVideoPlayerVideo::OutputPicture - ttd:395ms pts:1.251 Clock:0.855 Level:6
2022-12-30 13:14:29.768 T:3907 DEBUG : CAMLCodec::GetTimeSize: len:24 dl:1909999 fs:1936941 front:26942
2022-12-30 13:14:29.768 T:3907 DEBUG : CAMLCodec::GetTimeSize: len:23 dl:1909999 fs:1909999 front:26587
2022-12-30 13:14:29.769 T:3665 DEBUG : PrepareNextRender: frameOnScreen: 0.858 renderPts: 1.025 nextFramePts: 1.001 -> diff: 0.024 render: 1 forceNext: 0
2022-12-30 13:14:29.773 T:3665 DEBUG : CAMLCodec::ReleaseFrame idx:25, drop:0
2022-12-30 13:14:29.778 T:3907 DEBUG : CAMLCodec::AddData: dl:2062895 sum:2062895 sz:152896 dts:2.294 pts:2.377
2022-12-30 13:14:29.778 T:3907 DEBUG : CAMLCodec::GetTimeSize: len:24 dl:2062895 fs:2062895 front:26587
2022-12-30 13:14:29.799 T:3665 INFO : Skipped 3 duplicate messages..
2022-12-30 13:14:29.799 T:3665 DEBUG : CAMLCodec::PollFrame elapsed:25.605ms
2022-12-30 13:14:29.802 T:3665 DEBUG : PrepareNextRender: frameOnScreen: 0.891 renderPts: 1.058 nextFramePts: 1.043 -> diff: 0.015 render: 1 forceNext: 0
2022-12-30 13:14:29.803 T:3665 DEBUG : CAMLCodec::ReleaseFrame idx:26, drop:0
2022-12-30 13:14:29.804 T:3671 DEBUG : ActiveAE::SyncStream - delay frames:2400 error 36ms
2022-12-30 13:14:29.804 T:3907 DEBUG : CAMLCodec::GetTimeSize: len:24 dl:2062895 fs:2062895 front:26587
2022-12-30 13:14:29.805 T:3907 DEBUG : CAMLCodec::DequeueBuffer: pts:1.293 idx:32
2022-12-30 13:14:29.805 T:3907 DEBUG : CAMLCodec::GetPicture: index: 32, pts: 1.293, dur:42ms ar:2.00
2022-12-30 13:14:29.805 T:3907 DEBUG : CVideoPlayerVideo::OutputPicture - ttd:398ms pts:1.293 Clock:0.894 Level:5
2022-12-30 13:14:29.806 T:3907 DEBUG : CAMLCodec::GetTimeSize: len:24 dl:2062895 fs:2062895 front:26587
2022-12-30 13:14:29.814 T:3907 DEBUG : CAMLCodec::GetTimeSize: len:24 dl:2036308 fs:2062895 front:26587
2022-12-30 13:14:29.814 T:3907 DEBUG : CAMLCodec::GetTimeSize: len:23 dl:2036308 fs:2036308 front:104167
2022-12-30 13:14:29.822 T:3907 DEBUG : CAMLCodec::AddData: dl:2097540 sum:2097540 sz:61232 dts:2.336 pts:2.336
2022-12-30 13:14:29.822 T:3907 DEBUG : CAMLCodec::GetTimeSize: len:24 dl:2097540 fs:2097540 front:104167
2022-12-30 13:14:29.840 T:3665 INFO : Skipped 2 duplicate messages..
2022-12-30 13:14:29.840 T:3665 DEBUG : CAMLCodec::PollFrame elapsed:36.918ms
2022-12-30 13:14:29.842 T:3907 DEBUG : CAMLCodec::GetTimeSize: len:24 dl:2097540 fs:2097540 front:104167
2022-12-30 13:14:29.842 T:3907 DEBUG : CAMLCodec::DequeueBuffer: pts:1.335 idx:33
2022-12-30 13:14:29.842 T:3907 DEBUG : CAMLCodec::GetPicture: index: 33, pts: 1.335, dur:42ms ar:2.00
2022-12-30 13:14:29.842 T:3907 DEBUG : CVideoPlayerVideo::OutputPicture - ttd:403ms pts:1.335 Clock:0.931 Level:6
2022-12-30 13:14:29.843 T:3665 DEBUG : PrepareNextRender: frameOnScreen: 0.932 renderPts: 1.099 nextFramePts: 1.084 -> diff: 0.015 render: 1 forceNext: 0
2022-12-30 13:14:29.843 T:3907 DEBUG : CAMLCodec::GetTimeSize: len:24 dl:2097540 fs:2097540 front:104167
2022-12-30 13:14:29.844 T:3665 DEBUG : CAMLCodec::ReleaseFrame idx:27, drop:0
2022-12-30 13:14:29.850 T:3907 DEBUG : CAMLCodec::GetTimeSize: len:24 dl:2097540 fs:2097540 front:104167
2022-12-30 13:14:29.853 T:3671 DEBUG : ActiveAE::SyncStream - delay frames:1726 error 1ms
2022-12-30 13:14:29.853 T:3671 DEBUG : ActiveAE::SyncStream - average error 0.959962, last average error: 335.959962
2022-12-30 13:14:29.855 T:3908 DEBUG : CVideoPlayerAudio::OutputPacket: pts:1.760 curr_pts:1.000 clock:0.945 level:99
2022-12-30 13:14:29.856 T:3908 DEBUG : CVideoPlayerAudio::OutputPacket: pts:1.792 curr_pts:1.000 clock:0.945 level:99
2022-12-30 13:14:29.858 T:3907 DEBUG : CAMLCodec::GetTimeSize: len:24 dl:1993373 fs:2097540 front:104167
2022-12-30 13:14:29.858 T:3907 DEBUG : CAMLCodec::GetTimeSize: len:23 dl:1993373 fs:1993373 front:43799
2022-12-30 13:14:29.860 T:3904 DEBUG : CVideoPlayer::ProcessAudioData size:2560 dts:9.728 pts:9.728 dur:32.000ms, clock:0.949 drop:0 level:99
2022-12-30 13:14:29.860 T:3904 DEBUG : CVideoPlayer::ProcessAudioData size:2560 dts:9.760 pts:9.760 dur:32.000ms, clock:0.949 drop:0 level:99
2022-12-30 13:14:29.865 T:3907 DEBUG : CAMLCodec::AddData: dl:2072655 sum:2072655 sz:79282 dts:2.377 pts:2.419
2022-12-30 13:14:29.865 T:3907 DEBUG : CAMLCodec::GetTimeSize: len:24 dl:2072655 fs:2072655 front:43799
2022-12-30 13:14:29.882 T:3665 INFO : Skipped 2 duplicate messages..
2022-12-30 13:14:29.882 T:3665 DEBUG : CAMLCodec::PollFrame elapsed:37.775ms
2022-12-30 13:14:29.885 T:3907 DEBUG : CAMLCodec::GetTimeSize: len:24 dl:2072655 fs:2072655 front:43799
2022-12-30 13:14:29.885 T:3665 DEBUG : PrepareNextRender: frameOnScreen: 0.974 renderPts: 1.141 nextFramePts: 1.126 -> diff: 0.015 render: 1 forceNext: 0
2022-12-30 13:14:29.885 T:3907 DEBUG : CAMLCodec::DequeueBuffer: pts:1.376 idx:34
2022-12-30 13:14:29.885 T:3907 DEBUG : CAMLCodec::GetPicture: index: 34, pts: 1.376, dur:41ms ar:2.00
2022-12-30 13:14:29.885 T:3907 DEBUG : CVideoPlayerVideo::OutputPicture - ttd:401ms pts:1.376 Clock:0.975 Level:5
2022-12-30 13:14:29.886 T:3665 DEBUG : CAMLCodec::ReleaseFrame idx:28, drop:0
2022-12-30 13:14:29.887 T:3907 DEBUG : CAMLCodec::GetTimeSize: len:24 dl:2072655 fs:2072655 front:43799
2022-12-30 13:14:29.893 T:3907 DEBUG : CAMLCodec::GetTimeSize: len:24 dl:2028856 fs:2072655 front:43799
2022-12-30 13:14:29.893 T:3907 DEBUG : CAMLCodec::GetTimeSize: len:23 dl:2028856 fs:2028856 front:24858
2022-12-30 13:14:29.901 T:3907 DEBUG : CAMLCodec::AddData: dl:2482452 sum:2482452 sz:453596 dts:2.419 pts:2.628
2022-12-30 13:14:29.901 T:3907 DEBUG : CAMLCodec::GetTimeSize: len:24 dl:2482452 fs:2482452 front:24858
2022-12-30 13:14:29.906 T:3908 DEBUG : CVideoPlayerAudio::OutputPacket: pts:1.824 curr_pts:1.050 clock:0.995 level:99
2022-12-30 13:14:29.908 T:3907 DEBUG : CAMLCodec::GetTimeSize: len:24 dl:2482452 fs:2482452 front:24858
2022-12-30 13:14:29.911 T:3904 DEBUG : CVideoPlayer::ProcessAudioData size:2560 dts:9.792 pts:9.792 dur:32.000ms, clock:1.000 drop:0 level:99
2022-12-30 13:14:29.914 T:3907 DEBUG : CAMLCodec::GetTimeSize: len:24 dl:2482452 fs:2482452 front:24858
2022-12-30 13:14:29.924 T:3665 INFO : Skipped 1 duplicate messages..
2022-12-30 13:14:29.924 T:3665 DEBUG : CAMLCodec::PollFrame elapsed:37.575ms
2022-12-30 13:14:29.926 T:3733 DEBUG : [plugin.video.youtube] YouTube service initialization...
2022-12-30 13:14:29.927 T:3665 DEBUG : PrepareNextRender: frameOnScreen: 1.016 renderPts: 1.183 nextFramePts: 1.168 -> diff: 0.015 render: 1 forceNext: 0
2022-12-30 13:14:29.927 T:3907 DEBUG : CAMLCodec::GetTimeSize: len:24 dl:2482452 fs:2482452 front:24858
2022-12-30 13:14:29.928 T:3907 DEBUG : CAMLCodec::DequeueBuffer: pts:1.418 idx:35
2022-12-30 13:14:29.928 T:3907 DEBUG : CAMLCodec::GetPicture: index: 35, pts: 1.418, dur:42ms ar:2.00
2022-12-30 13:14:29.928 T:3907 DEBUG : CVideoPlayerVideo::OutputPicture - ttd:401ms pts:1.418 Clock:1.017 Level:5
2022-12-30 13:14:29.928 T:3665 DEBUG : CAMLCodec::ReleaseFrame idx:29, drop:0
2022-12-30 13:14:29.929 T:3907 DEBUG : CAMLCodec::GetTimeSize: len:24 dl:2482452 fs:2482452 front:24858
2022-12-30 13:14:29.935 T:3907 DEBUG : CAMLCodec::GetTimeSize: len:24 dl:2457594 fs:2482452 front:24858
2022-12-30 13:14:29.935 T:3907 DEBUG : CAMLCodec::GetTimeSize: len:23 dl:2457594 fs:2457594 front:98133
2022-12-30 13:14:29.941 T:3733 DEBUG : requested setting (youtube.folder.tags.show) was not found.
2022-12-30 13:14:29.943 T:3907 DEBUG : CAMLCodec::AddData: dl:2621880 sum:2621880 sz:164286 dts:2.461 pts:2.544
2022-12-30 13:14:29.943 T:3907 DEBUG : CAMLCodec::GetTimeSize: len:24 dl:2621880 fs:2621880 front:98133
2022-12-30 13:14:29.953 T:3671 INFO : Skipped 1 duplicate messages..
2022-12-30 13:14:29.953 T:3671 DEBUG : ActiveAE::SyncStream - average error of 55.511653, start adjusting
2022-12-30 13:14:29.953 T:3671 DEBUG : ActiveAE::SyncStream - delay frames:2400 error 6ms
2022-12-30 13:14:29.953 T:3671 DEBUG : ActiveAE::SyncStream - average error 5.511653 below threshold of 30.000000
2022-12-30 13:14:29.956 T:3907 DEBUG : CAMLCodec::GetTimeSize: len:24 dl:2621880 fs:2621880 front:98133
2022-12-30 13:14:29.956 T:3733 DEBUG : requested setting (youtube.folder.tags.show) was not found.
2022-12-30 13:14:29.962 T:3907 DEBUG : CAMLCodec::GetTimeSize: len:24 dl:2621880 fs:2621880 front:98133
2022-12-30 13:14:29.967 T:3665 DEBUG : CAMLCodec::PollFrame elapsed:38.747ms
2022-12-30 13:14:29.970 T:3665 DEBUG : PrepareNextRender: frameOnScreen: 1.059 renderPts: 1.226 nextFramePts: 1.210 -> diff: 0.016 render: 1 forceNext: 0
2022-12-30 13:14:29.970 T:3907 DEBUG : CAMLCodec::GetTimeSize: len:24 dl:2621880 fs:2621880 front:98133
2022-12-30 13:14:29.972 T:3907 DEBUG : CAMLCodec::DequeueBuffer: pts:1.460 idx:36
2022-12-30 13:14:29.972 T:3907 DEBUG : CAMLCodec::GetPicture: index: 36, pts: 1.460, dur:42ms ar:2.00
2022-12-30 13:14:29.972 T:3907 DEBUG : CVideoPlayerVideo::OutputPicture - ttd:398ms pts:1.460 Clock:1.061 Level:5
2022-12-30 13:14:29.973 T:3907 DEBUG : CAMLCodec::GetTimeSize: len:24 dl:2621880 fs:2621880 front:98133
2022-12-30 13:14:29.973 T:3665 DEBUG : CAMLCodec::ReleaseFrame idx:30, drop:0
2022-12-30 13:14:29.979 T:3907 DEBUG : CAMLCodec::GetTimeSize: len:24 dl:2523747 fs:2621880 front:98133
2022-12-30 13:14:29.979 T:3907 DEBUG : CAMLCodec::GetTimeSize: len:23 dl:2523747 fs:2523747 front:64288
2022-12-30 13:14:29.987 T:3907 DEBUG : CAMLCodec::AddData: dl:2588538 sum:2588538 sz:64791 dts:2.502 pts:2.502
2022-12-30 13:14:29.987 T:3907 DEBUG : CAMLCodec::GetTimeSize: len:24 dl:2588538 fs:2588538 front:64288
2022-12-30 13:14:30.005 T:3908 INFO : Skipped 2 duplicate messages..
2022-12-30 13:14:30.005 T:3908 DEBUG : CVideoPlayerAudio::OutputPacket: pts:1.856 curr_pts:1.099 clock:1.094 level:99
2022-12-30 13:14:30.006 T:3908 DEBUG : CVideoPlayerAudio::OutputPacket: pts:1.888 curr_pts:1.100 clock:1.095 level:99
2022-12-30 13:14:30.008 T:3665 DEBUG : CAMLCodec::PollFrame elapsed:34.174ms
2022-12-30 13:14:30.008 T:3907 DEBUG : CAMLCodec::GetTimeSize: len:24 dl:2588538 fs:2588538 front:64288
2022-12-30 13:14:30.008 T:3907 DEBUG : CAMLCodec::DequeueBuffer: pts:1.501 idx:37
2022-12-30 13:14:30.008 T:3907 DEBUG : CAMLCodec::GetPicture: index: 37, pts: 1.501, dur:41ms ar:2.00
2022-12-30 13:14:30.008 T:3907 DEBUG : CVideoPlayerVideo::OutputPicture - ttd:403ms pts:1.501 Clock:1.097 Level:6
2022-12-30 13:14:30.009 T:3907 DEBUG : CAMLCodec::GetTimeSize: len:24 dl:2588538 fs:2588538 front:64288
2022-12-30 13:14:30.011 T:3665 DEBUG : PrepareNextRender: frameOnScreen: 1.100 renderPts: 1.267 nextFramePts: 1.251 -> diff: 0.016 render: 1 forceNext: 0
2022-12-30 13:14:30.012 T:3665 DEBUG : CAMLCodec::ReleaseFrame idx:31, drop:0
2022-12-30 13:14:30.013 T:3904 DEBUG : CVideoPlayer::ProcessVideoData size:171559 dts:9.509 pts:9.843 dur:41.000ms, clock:1.102 level:87
2022-12-30 13:14:30.015 T:3904 DEBUG : CVideoPlayer::ProcessVideoData size:90242 dts:9.551 pts:9.718 dur:41.000ms, clock:1.104 level:88
2022-12-30 13:14:30.015 T:3904 DEBUG : CVideoPlayer::ProcessVideoData size:75191 dts:9.593 pts:9.593 dur:41.000ms, clock:1.104 level:88
2022-12-30 13:14:30.017 T:3907 DEBUG : CAMLCodec::GetTimeSize: len:24 dl:2588538 fs:2588538 front:64288
2022-12-30 13:14:30.017 T:3904 DEBUG : CVideoPlayer::ProcessVideoData size:73765 dts:9.635 pts:9.635 dur:41.000ms, clock:1.107 level:89
2022-12-30 13:14:30.018 T:3904 DEBUG : CVideoPlayer::ProcessVideoData size:57674 dts:9.676 pts:9.676 dur:41.000ms, clock:1.107 level:89
2022-12-30 13:14:30.019 T:3904 DEBUG : CVideoPlayer::ProcessVideoData size:71656 dts:9.718 pts:9.760 dur:41.000ms, clock:1.108 level:90
2022-12-30 13:14:30.019 T:3904 DEBUG : CVideoPlayer::ProcessVideoData size:54679 dts:9.760 pts:9.801 dur:41.000ms, clock:1.109 level:90
2022-12-30 13:14:30.020 T:3904 DEBUG : CVideoPlayer::ProcessAudioData size:2560 dts:9.824 pts:9.824 dur:32.000ms, clock:1.109 drop:0 level:99
2022-12-30 13:14:30.020 T:3904 DEBUG : CVideoPlayer::ProcessAudioData size:2560 dts:9.856 pts:9.856 dur:32.000ms, clock:1.109 drop:0 level:99
2022-12-30 13:14:30.023 T:3907 DEBUG : CAMLCodec::GetTimeSize: len:24 dl:2524250 fs:2588538 front:64288
2022-12-30 13:14:30.023 T:3907 DEBUG : CAMLCodec::GetTimeSize: len:23 dl:2524250 fs:2524250 front:28694
2022-12-30 13:14:30.024 T:3925 DEBUG : -->Python Interpreter Initialized<--
2022-12-30 13:14:30.024 T:3925 DEBUG :
2022-12-30 13:14:30.024 T:3925 DEBUG : CPythonInvoker(21, /storage/.kodi/addons/script.embuary.helper/plugin.py): the source file to load is "/storage/.kodi/addons/script.embuary.helper/plugin.py"
2022-12-30 13:14:30.024 T:3925 DEBUG : CPythonInvoker(21, /storage/.kodi/addons/script.embuary.helper/plugin.py): setting the Python path to /storage/.kodi/addons/script.embuary.helper:/usr/share/kodi/addons/script.module.pil/lib:/usr/lib/python38.zip:/usr/lib/python3.8:/usr/lib/python3.8/lib-dynload:/usr/lib/python3.8/site-packages
2022-12-30 13:14:30.024 T:3925 DEBUG : CPythonInvoker(21, /storage/.kodi/addons/script.embuary.helper/plugin.py): entering source directory /storage/.kodi/addons/script.embuary.helper
2022-12-30 13:14:30.025 T:3925 DEBUG : CPythonInvoker(21, /storage/.kodi/addons/script.embuary.helper/plugin.py): instantiating addon using automatically obtained id of "script.embuary.helper" dependent on version 3.0.0 of the xbmc.python api
2022-12-30 13:14:30.030 T:3907 DEBUG : CAMLCodec::AddData: dl:2576591 sum:2576591 sz:52341 dts:2.544 pts:2.586
2022-12-30 13:14:30.031 T:3907 DEBUG : CAMLCodec::GetTimeSize: len:24 dl:2576591 fs:2576591 front:28694
2022-12-30 13:14:30.049 T:3665 INFO : Skipped 2 duplicate messages..
2022-12-30 13:14:30.049 T:3665 DEBUG : CAMLCodec::PollFrame elapsed:37.078ms
2022-12-30 13:14:30.052 T:3907 DEBUG : CAMLCodec::GetTimeSize: len:24 dl:2576591 fs:2576591 front:28694
2022-12-30 13:14:30.052 T:3907 DEBUG : CAMLCodec::DequeueBuffer: pts:1.543 idx:38
2022-12-30 13:14:30.052 T:3907 DEBUG : CAMLCodec::GetPicture: index: 38, pts: 1.543, dur:42ms ar:2.00
2022-12-30 13:14:30.052 T:3907 DEBUG : CVideoPlayerVideo::OutputPicture - ttd:401ms pts:1.543 Clock:1.142 Level:6
2022-12-30 13:14:30.053 T:3665 DEBUG : PrepareNextRender: frameOnScreen: 1.142 renderPts: 1.309 nextFramePts: 1.293 -> diff: 0.016 render: 1 forceNext: 0
2022-12-30 13:14:30.053 T:3907 DEBUG : CAMLCodec::GetTimeSize: len:24 dl:2576591 fs:2576591 front:28694
2022-12-30 13:14:30.054 T:3665 DEBUG : CAMLCodec::ReleaseFrame idx:32, drop:0
2022-12-30 13:14:30.060 T:3907 DEBUG : CAMLCodec::GetTimeSize: len:24 dl:2547897 fs:2576591 front:28694
2022-12-30 13:14:30.060 T:3907 DEBUG : CAMLCodec::GetTimeSize: len:23 dl:2547897 fs:2547897 front:29380
2022-12-30 13:14:30.068 T:3907 DEBUG : CAMLCodec::AddData: dl:3073073 sum:3073073 sz:525176 dts:2.586 pts:2.794
2022-12-30 13:14:30.068 T:3907 DEBUG : CAMLCodec::GetTimeSize: len:24 dl:3073073 fs:3073073 front:29380
2022-12-30 13:14:30.076 T:3926 INFO : Skipped 1 duplicate messages..
2022-12-30 13:14:30.076 T:3926 DEBUG : -->Python Interpreter Initialized<--
2022-12-30 13:14:30.076 T:3926 DEBUG :
2022-12-30 13:14:30.076 T:3926 DEBUG : CPythonInvoker(22, /storage/.kodi/addons/script.embuary.helper/plugin.py): the source file to load is "/storage/.kodi/addons/script.embuary.helper/plugin.py"
2022-12-30 13:14:30.076 T:3926 DEBUG : CPythonInvoker(22, /storage/.kodi/addons/script.embuary.helper/plugin.py): setting the Python path to /storage/.kodi/addons/script.embuary.helper:/usr/share/kodi/addons/script.module.pil/lib:/usr/lib/python38.zip:/usr/lib/python3.8:/usr/lib/python3.8/lib-dynload:/usr/lib/python3.8/site-packages
2022-12-30 13:14:30.077 T:3926 DEBUG : CPythonInvoker(22, /storage/.kodi/addons/script.embuary.helper/plugin.py): entering source directory /storage/.kodi/addons/script.embuary.helper
2022-12-30 13:14:30.077 T:3926 DEBUG : CPythonInvoker(22, /storage/.kodi/addons/script.embuary.helper/plugin.py): instantiating addon using automatically obtained id of "script.embuary.helper" dependent on version 3.0.0 of the xbmc.python api
2022-12-30 13:14:30.081 T:3907 DEBUG : CAMLCodec::GetTimeSize: len:24 dl:3073073 fs:3073073 front:29380
2022-12-30 13:14:30.091 T:3665 INFO : Skipped 1 duplicate messages..
2022-12-30 13:14:30.091 T:3665 DEBUG : CAMLCodec::PollFrame elapsed:36.004ms
2022-12-30 13:14:30.094 T:3665 DEBUG : PrepareNextRender: frameOnScreen: 1.183 renderPts: 1.350 nextFramePts: 1.335 -> diff: 0.015 render: 1 forceNext: 0
2022-12-30 13:14:30.094 T:3907 DEBUG : CAMLCodec::GetTimeSize: len:24 dl:3073073 fs:3073073 front:29380
2022-12-30 13:14:30.094 T:3907 DEBUG : CAMLCodec::DequeueBuffer: pts:1.585 idx:39
2022-12-30 13:14:30.094 T:3907 DEBUG : CAMLCodec::GetPicture: index: 39, pts: 1.585, dur:42ms ar:2.00
2022-12-30 13:14:30.094 T:3907 DEBUG : CVideoPlayerVideo::OutputPicture - ttd:401ms pts:1.585 Clock:1.184 Level:5
2022-12-30 13:14:30.095 T:3665 DEBUG : CAMLCodec::ReleaseFrame idx:33, drop:0
2022-12-30 13:14:30.096 T:3907 DEBUG : CAMLCodec::GetTimeSize: len:24 dl:3073073 fs:3073073 front:29380
2022-12-30 13:14:30.098 T:3927 DEBUG : -->Python Interpreter Initialized<--
2022-12-30 13:14:30.098 T:3927 DEBUG :
2022-12-30 13:14:30.099 T:3927 DEBUG : CPythonInvoker(23, /storage/.kodi/addons/metadata.tvshows.themoviedb.org.python/main.py): the source file to load is "/storage/.kodi/addons/metadata.tvshows.themoviedb.org.python/main.py"
2022-12-30 13:14:30.099 T:3927 DEBUG : CPythonInvoker(23, /storage/.kodi/addons/metadata.tvshows.themoviedb.org.python/main.py): setting the Python path to /storage/.kodi/addons/metadata.tvshows.themoviedb.org.python:/usr/lib/python38.zip:/usr/lib/python3.8:/usr/lib/python3.8/lib-dynload:/usr/lib/python3.8/site-packages
2022-12-30 13:14:30.099 T:3927 DEBUG : CPythonInvoker(23, /storage/.kodi/addons/metadata.tvshows.themoviedb.org.python/main.py): entering source directory /storage/.kodi/addons/metadata.tvshows.themoviedb.org.python
2022-12-30 13:14:30.099 T:3927 DEBUG : CPythonInvoker(23, /storage/.kodi/addons/metadata.tvshows.themoviedb.org.python/main.py): instantiating addon using automatically obtained id of "metadata.tvshows.themoviedb.org.python" dependent on version 3.0.0 of the xbmc.python api
2022-12-30 13:14:30.102 T:3907 DEBUG : CAMLCodec::GetTimeSize: len:24 dl:3043693 fs:3073073 front:29380
2022-12-30 13:14:30.102 T:3907 DEBUG : CAMLCodec::GetTimeSize: len:23 dl:3043693 fs:3043693 front:68251
2022-12-30 13:14:30.105 T:3908 DEBUG : CVideoPlayerAudio::OutputPacket: pts:1.920 curr_pts:1.199 clock:1.194 level:99
2022-12-30 13:14:30.110 T:3907 DEBUG : CAMLCodec::AddData: dl:3164070 sum:3164070 sz:120377 dts:2.628 pts:2.711
2022-12-30 13:14:30.110 T:3907 DEBUG : CAMLCodec::GetTimeSize: len:24 dl:3164070 fs:3164070 front:68251
2022-12-30 13:14:30.112 T:3904 DEBUG : CVideoPlayer::ProcessAudioData size:2560 dts:9.888 pts:9.888 dur:32.000ms, clock:1.201 drop:0 level:99
2022-12-30 13:14:30.116 T:3907 DEBUG : CAMLCodec::GetTimeSize: len:24 dl:3164070 fs:3164070 front:68251
2022-12-30 13:14:30.132 T:3665 INFO : Skipped 2 duplicate messages..
2022-12-30 13:14:30.132 T:3665 DEBUG : CAMLCodec::PollFrame elapsed:37.007ms
2022-12-30 13:14:30.136 T:3907 DEBUG : CAMLCodec::GetTimeSize: len:24 dl:3164070 fs:3164070 front:68251
2022-12-30 13:14:30.136 T:3907 DEBUG : CAMLCodec::DequeueBuffer: pts:1.627 idx:40
2022-12-30 13:14:30.136 T:3907 DEBUG : CAMLCodec::GetPicture: index: 40, pts: 1.627, dur:42ms ar:2.00
2022-12-30 13:14:30.136 T:3907 DEBUG : CVideoPlayerVideo::OutputPicture - ttd:401ms pts:1.627 Clock:1.225 Level:6
2022-12-30 13:14:30.137 T:3665 DEBUG : PrepareNextRender: frameOnScreen: 1.226 renderPts: 1.393 nextFramePts: 1.376 -> diff: 0.017 render: 1 forceNext: 0
2022-12-30 13:14:30.138 T:3665 DEBUG : CAMLCodec::ReleaseFrame idx:34, drop:0
2022-12-30 13:14:30.138 T:3907 DEBUG : CAMLCodec::GetTimeSize: len:24 dl:3164070 fs:3164070 front:68251
2022-12-30 13:14:30.144 T:3907 DEBUG : CAMLCodec::GetTimeSize: len:24 dl:3095819 fs:3164070 front:68251
2022-12-30 13:14:30.144 T:3907 DEBUG : CAMLCodec::GetTimeSize: len:23 dl:3095819 fs:3095819 front:34240
2022-12-30 13:14:30.152 T:3907 DEBUG : CAMLCodec::AddData: dl:3155394 sum:3155394 sz:59575 dts:2.669 pts:2.669
2022-12-30 13:14:30.152 T:3907 DEBUG : CAMLCodec::GetTimeSize: len:24 dl:3155394 fs:3155394 front:34240
2022-12-30 13:14:30.155 T:3908 DEBUG : CVideoPlayerAudio::OutputPacket: pts:1.952 curr_pts:1.249 clock:1.244 level:99
2022-12-30 13:14:30.155 T:3908 DEBUG : CVideoPlayerAudio::OutputPacket: pts:1.984 curr_pts:1.249 clock:1.245 level:99
2022-12-30 13:14:30.156 T:3904 DEBUG : CVideoPlayer::ProcessAudioData size:2560 dts:9.920 pts:9.920 dur:32.000ms, clock:1.245 drop:0 level:99
2022-12-30 13:14:30.156 T:3904 DEBUG : CVideoPlayer::ProcessAudioData size:2560 dts:9.952 pts:9.952 dur:32.000ms, clock:1.245 drop:0 level:99
2022-12-30 13:14:30.158 T:3907 DEBUG : CAMLCodec::GetTimeSize: len:24 dl:3155394 fs:3155394 front:34240
2022-12-30 13:14:30.174 T:3665 INFO : Skipped 2 duplicate messages..
