2022-12-30 13:14:37.245 T:3948 DEBUG : [metadata.tvshows.themoviedb.org.python (1.4.17)]: Calling URL "https://api.themoviedb.org/3/search/tv?api_key=af3a53eb387d57fc935e9128468b1899&language=fr-FR&query=How+I+Met+Your+Mother+++S01E01+++Pilot++"
2022-12-30 13:14:37.248 T:3907 DEBUG : CAMLCodec::GetTimeSize: len:24 dl:2156172 fs:2156172 front:135752
2022-12-30 13:14:37.254 T:3908 DEBUG : CVideoPlayerAudio::OutputPacket: pts:8.960 curr_pts:8.212 clock:8.212 level:99
2022-12-30 13:14:37.254 T:3907 DEBUG : CAMLCodec::GetTimeSize: len:24 dl:2156172 fs:2156172 front:135752
2022-12-30 13:14:37.255 T:3908 DEBUG : CVideoPlayerAudio::OutputPacket: pts:8.992 curr_pts:8.212 clock:8.213 level:99
2022-12-30 13:14:37.261 T:3907 DEBUG : CAMLCodec::GetTimeSize: len:24 dl:2156172 fs:2156172 front:135752
2022-12-30 13:14:37.262 T:3904 DEBUG : CVideoPlayer::ProcessAudioData size:2560 dts:16.928 pts:16.928 dur:32.000ms, clock:8.220 drop:0 level:99
2022-12-30 13:14:37.262 T:3904 DEBUG : CVideoPlayer::ProcessAudioData size:2560 dts:16.960 pts:16.960 dur:32.000ms, clock:8.221 drop:0 level:99
2022-12-30 13:14:37.264 T:3665 DEBUG : CAMLCodec::PollFrame elapsed:39.257ms
2022-12-30 13:14:37.266 T:3665 DEBUG : PrepareNextRender: frameOnScreen: 8.224 renderPts: 8.391 nextFramePts: 8.383 -> diff: 0.008 render: 1 forceNext: 0
2022-12-30 13:14:37.266 T:3665 DEBUG : CAMLCodec::ReleaseFrame idx:202, drop:0
2022-12-30 13:14:37.267 T:3907 DEBUG : CAMLCodec::GetTimeSize: len:24 dl:2156172 fs:2156172 front:135752
2022-12-30 13:14:37.267 T:3907 DEBUG : CAMLCodec::DequeueBuffer: pts:8.634 idx:208
2022-12-30 13:14:37.267 T:3907 DEBUG : CAMLCodec::GetPicture: index: 208, pts: 8.634, dur:42ms ar:2.00
2022-12-30 13:14:37.267 T:3907 DEBUG : CVideoPlayerVideo::OutputPicture - ttd:408ms pts:8.634 Clock:8.225 Level:5
2022-12-30 13:14:37.268 T:3907 DEBUG : CAMLCodec::GetTimeSize: len:24 dl:2156172 fs:2156172 front:135752
2022-12-30 13:14:37.280 T:3907 INFO : Skipped 1 duplicate messages..
2022-12-30 13:14:37.280 T:3907 DEBUG : CAMLCodec::GetTimeSize: len:24 dl:2020420 fs:2156172 front:135752
2022-12-30 13:14:37.281 T:3907 DEBUG : CAMLCodec::GetTimeSize: len:23 dl:2020420 fs:2020420 front:58808
2022-12-30 13:14:37.288 T:3907 DEBUG : CAMLCodec::AddData: dl:2078092 sum:2078092 sz:57672 dts:9.676 pts:9.676
2022-12-30 13:14:37.288 T:3907 DEBUG : CAMLCodec::GetTimeSize: len:24 dl:2078092 fs:2078092 front:58808
2022-12-30 13:14:37.305 T:3908 INFO : Skipped 2 duplicate messages..
2022-12-30 13:14:37.305 T:3908 DEBUG : CVideoPlayerAudio::OutputPacket: pts:9.024 curr_pts:8.262 clock:8.263 level:99
2022-12-30 13:14:37.306 T:3665 DEBUG : CAMLCodec::PollFrame elapsed:39.731ms
2022-12-30 13:14:37.307 T:3907 DEBUG : CAMLCodec::GetTimeSize: len:24 dl:2078092 fs:2078092 front:58808
2022-12-30 13:14:37.310 T:3665 DEBUG : PrepareNextRender: frameOnScreen: 8.268 renderPts: 8.435 nextFramePts: 8.425 -> diff: 0.010 render: 1 forceNext: 0
2022-12-30 13:14:37.311 T:3665 DEBUG : CAMLCodec::ReleaseFrame idx:203, drop:0
2022-12-30 13:14:37.313 T:3907 DEBUG : CAMLCodec::GetTimeSize: len:24 dl:2078092 fs:2078092 front:58808
2022-12-30 13:14:37.315 T:3904 DEBUG : CVideoPlayer::ProcessVideoData size:130679 dts:16.558 pts:16.850 dur:41.000ms, clock:8.273 level:85
2022-12-30 13:14:37.315 T:3904 DEBUG : CVideoPlayer::ProcessVideoData size:88775 dts:16.600 pts:16.725 dur:41.000ms, clock:8.273 level:86
2022-12-30 13:14:37.316 T:3904 DEBUG : CVideoPlayer::ProcessVideoData size:52661 dts:16.642 pts:16.642 dur:41.000ms, clock:8.274 level:87
2022-12-30 13:14:37.317 T:3904 DEBUG : CVideoPlayer::ProcessVideoData size:38363 dts:16.683 pts:16.683 dur:41.000ms, clock:8.275 level:87
2022-12-30 13:14:37.317 T:3904 DEBUG : CVideoPlayer::ProcessVideoData size:58477 dts:16.725 pts:16.767 dur:41.000ms, clock:8.275 level:88
2022-12-30 13:14:37.318 T:3904 DEBUG : CVideoPlayer::ProcessVideoData size:45053 dts:16.767 pts:16.808 dur:41.000ms, clock:8.276 level:88
2022-12-30 13:14:37.319 T:3904 DEBUG : CVideoPlayer::ProcessAudioData size:2560 dts:16.992 pts:16.992 dur:32.000ms, clock:8.277 drop:0 level:99
2022-12-30 13:14:37.320 T:3907 DEBUG : CAMLCodec::GetTimeSize: len:24 dl:2078092 fs:2078092 front:58808
2022-12-30 13:14:37.348 T:3665 INFO : Skipped 4 duplicate messages..
2022-12-30 13:14:37.348 T:3665 DEBUG : CAMLCodec::PollFrame elapsed:36.974ms
2022-12-30 13:14:37.351 T:3907 DEBUG : CAMLCodec::GetTimeSize: len:24 dl:2078092 fs:2078092 front:58808
2022-12-30 13:14:37.351 T:3907 DEBUG : CAMLCodec::DequeueBuffer: pts:8.675 idx:209
2022-12-30 13:14:37.352 T:3907 DEBUG : CAMLCodec::GetPicture: index: 209, pts: 8.675, dur:41ms ar:2.00
2022-12-30 13:14:37.352 T:3907 DEBUG : CVideoPlayerVideo::OutputPicture - ttd:365ms pts:8.675 Clock:8.310 Level:5
2022-12-30 13:14:37.352 T:3665 DEBUG : PrepareNextRender: frameOnScreen: 8.310 renderPts: 8.477 nextFramePts: 8.467 -> diff: 0.010 render: 1 forceNext: 0
2022-12-30 13:14:37.353 T:3907 DEBUG : CAMLCodec::GetTimeSize: len:24 dl:2078092 fs:2078092 front:58808
2022-12-30 13:14:37.355 T:3908 DEBUG : CVideoPlayerAudio::OutputPacket: pts:9.056 curr_pts:8.312 clock:8.313 level:99
2022-12-30 13:14:37.356 T:3908 DEBUG : CVideoPlayerAudio::OutputPacket: pts:9.088 curr_pts:8.313 clock:8.314 level:99
2022-12-30 13:14:37.357 T:3665 DEBUG : CAMLCodec::ReleaseFrame idx:204, drop:0
2022-12-30 13:14:37.359 T:3907 DEBUG : CAMLCodec::GetTimeSize: len:24 dl:2019284 fs:2078092 front:58808
2022-12-30 13:14:37.359 T:3907 DEBUG : CAMLCodec::GetTimeSize: len:23 dl:2019284 fs:2019284 front:79614
2022-12-30 13:14:37.359 T:3907 DEBUG : CAMLCodec::DequeueBuffer: pts:8.717 idx:210
2022-12-30 13:14:37.359 T:3907 DEBUG : CAMLCodec::GetPicture: index: 210, pts: 8.717, dur:42ms ar:2.00
2022-12-30 13:14:37.359 T:3907 DEBUG : CVideoPlayerVideo::OutputPicture - ttd:399ms pts:8.717 Clock:8.317 Level:5
2022-12-30 13:14:37.360 T:3904 DEBUG : CVideoPlayer::ProcessAudioData size:2560 dts:17.024 pts:17.024 dur:32.000ms, clock:8.318 drop:0 level:99
2022-12-30 13:14:37.360 T:3904 DEBUG : CVideoPlayer::ProcessAudioData size:2560 dts:17.056 pts:17.056 dur:32.000ms, clock:8.318 drop:0 level:99
2022-12-30 13:14:37.361 T:3907 DEBUG : CAMLCodec::GetTimeSize: len:23 dl:2019284 fs:2019284 front:79614
2022-12-30 13:14:37.368 T:3907 DEBUG : CAMLCodec::AddData: dl:2011324 sum:2090938 sz:71654 dts:9.718 pts:9.760
2022-12-30 13:14:37.368 T:3907 DEBUG : CAMLCodec::GetTimeSize: len:24 dl:2011324 fs:2090938 front:79614
2022-12-30 13:14:37.368 T:3907 DEBUG : CAMLCodec::GetTimeSize: len:23 dl:2011324 fs:2011324 front:55896
2022-12-30 13:14:37.375 T:3907 DEBUG : CAMLCodec::AddData: dl:2066001 sum:2066001 sz:54677 dts:9.760 pts:9.801
2022-12-30 13:14:37.376 T:3907 DEBUG : CAMLCodec::GetTimeSize: len:24 dl:2066001 fs:2066001 front:55896
2022-12-30 13:14:37.390 T:3665 INFO : Skipped 2 duplicate messages..
2022-12-30 13:14:37.390 T:3665 DEBUG : CAMLCodec::PollFrame elapsed:32.246ms
2022-12-30 13:14:37.393 T:3665 DEBUG : PrepareNextRender: frameOnScreen: 8.351 renderPts: 8.518 nextFramePts: 8.508 -> diff: 0.010 render: 1 forceNext: 0
2022-12-30 13:14:37.394 T:3665 DEBUG : CAMLCodec::ReleaseFrame idx:205, drop:0
2022-12-30 13:14:37.394 T:3907 DEBUG : CAMLCodec::GetTimeSize: len:24 dl:2066001 fs:2066001 front:55896
2022-12-30 13:14:37.394 T:3907 DEBUG : CAMLCodec::DequeueBuffer: pts:8.759 idx:211
2022-12-30 13:14:37.394 T:3907 DEBUG : CAMLCodec::GetPicture: index: 211, pts: 8.759, dur:42ms ar:2.00
2022-12-30 13:14:37.394 T:3907 DEBUG : CVideoPlayerVideo::OutputPicture - ttd:406ms pts:8.759 Clock:8.352 Level:5
2022-12-30 13:14:37.396 T:3907 DEBUG : CAMLCodec::GetTimeSize: len:24 dl:2066001 fs:2066001 front:55896
2022-12-30 13:14:37.402 T:3907 DEBUG : CAMLCodec::GetTimeSize: len:24 dl:2010105 fs:2066001 front:55896
2022-12-30 13:14:37.402 T:3907 DEBUG : CAMLCodec::GetTimeSize: len:23 dl:2010105 fs:2010105 front:65273
2022-12-30 13:14:37.405 T:3908 DEBUG : CVideoPlayerAudio::OutputPacket: pts:9.120 curr_pts:8.362 clock:8.363 level:99
2022-12-30 13:14:37.409 T:3907 DEBUG : CAMLCodec::AddData: dl:2182458 sum:2182458 sz:172353 dts:9.801 pts:9.968
2022-12-30 13:14:37.409 T:3907 DEBUG : CAMLCodec::GetTimeSize: len:24 dl:2182458 fs:2182458 front:65273
2022-12-30 13:14:37.410 T:3904 DEBUG : CVideoPlayer::ProcessAudioData size:2560 dts:17.088 pts:17.088 dur:32.000ms, clock:8.368 drop:0 level:99
2022-12-30 13:14:37.416 T:3907 DEBUG : CAMLCodec::GetTimeSize: len:24 dl:2182458 fs:2182458 front:65273
2022-12-30 13:14:37.431 T:3665 INFO : Skipped 2 duplicate messages..
2022-12-30 13:14:37.431 T:3665 DEBUG : CAMLCodec::PollFrame elapsed:36.823ms
2022-12-30 13:14:37.434 T:3907 DEBUG : CAMLCodec::GetTimeSize: len:24 dl:2182458 fs:2182458 front:65273
2022-12-30 13:14:37.434 T:3907 DEBUG : CAMLCodec::DequeueBuffer: pts:8.800 idx:212
2022-12-30 13:14:37.435 T:3907 DEBUG : CAMLCodec::GetPicture: index: 212, pts: 8.800, dur:41ms ar:2.00
2022-12-30 13:14:37.435 T:3907 DEBUG : CVideoPlayerVideo::OutputPicture - ttd:407ms pts:8.800 Clock:8.393 Level:6
2022-12-30 13:14:37.435 T:3665 DEBUG : PrepareNextRender: frameOnScreen: 8.393 renderPts: 8.560 nextFramePts: 8.550 -> diff: 0.010 render: 1 forceNext: 0
2022-12-30 13:14:37.436 T:3907 DEBUG : CAMLCodec::GetTimeSize: len:24 dl:2182458 fs:2182458 front:65273
2022-12-30 13:14:37.437 T:3665 DEBUG : CAMLCodec::ReleaseFrame idx:206, drop:0
2022-12-30 13:14:37.442 T:3907 DEBUG : CAMLCodec::GetTimeSize: len:24 dl:2117185 fs:2182458 front:65273
2022-12-30 13:14:37.442 T:3907 DEBUG : CAMLCodec::GetTimeSize: len:23 dl:2117185 fs:2117185 front:200079
2022-12-30 13:14:37.449 T:3907 DEBUG : CAMLCodec::AddData: dl:2192753 sum:2192753 sz:75568 dts:9.843 pts:9.927
2022-12-30 13:14:37.450 T:3907 DEBUG : CAMLCodec::GetTimeSize: len:24 dl:2192753 fs:2192753 front:200079
2022-12-30 13:14:37.455 T:3908 DEBUG : CVideoPlayerAudio::OutputPacket: pts:9.152 curr_pts:8.412 clock:8.413 level:99
2022-12-30 13:14:37.456 T:3908 DEBUG : CVideoPlayerAudio::OutputPacket: pts:9.184 curr_pts:8.413 clock:8.414 level:99
2022-12-30 13:14:37.456 T:3719 WARNING : No information found for item '/media/SSD1To/Series/How I Met Your Mother - S01E01 - Pilot - 1080p AMZN Multi WEB-DL x265 - Papaya.mkv', it won't be added to the library.
2022-12-30 13:14:37.457 T:3907 DEBUG : CAMLCodec::GetTimeSize: len:24 dl:2192753 fs:2192753 front:200079
2022-12-30 13:14:37.460 T:3948 INFO : CPythonInvoker(29, /storage/.kodi/addons/metadata.tvshows.themoviedb.org.python/main.py): script successfully run
2022-12-30 13:14:37.460 T:3948 DEBUG : onExecutionDone(29, /storage/.kodi/addons/metadata.tvshows.themoviedb.org.python/main.py)
2022-12-30 13:14:37.461 T:3904 DEBUG : CVideoPlayer::ProcessAudioData size:2560 dts:17.120 pts:17.120 dur:32.000ms, clock:8.419 drop:0 level:99
2022-12-30 13:14:37.461 T:3904 DEBUG : CVideoPlayer::ProcessAudioData size:2560 dts:17.152 pts:17.152 dur:32.000ms, clock:8.419 drop:0 level:99
2022-12-30 13:14:37.463 T:3907 DEBUG : CAMLCodec::GetTimeSize: len:24 dl:2192753 fs:2192753 front:200079
2022-12-30 13:14:37.464 T:3719 DEBUG : FindMovie: Searching for 'How I Met Your Mother - S01E02 - Purple Giraffe' using TMDb TV Shows scraper (path: '/storage/.kodi/addons/metadata.tvshows.themoviedb.org.python/', content: 'tvshows', version: '1.4.17')
2022-12-30 13:14:37.466 T:3719 DEBUG : StartScript - calling plugin TMDb TV Shows('plugin://metadata.tvshows.themoviedb.org.python/','17','?action=find&pathSettings=%7b%22cat_landscape%22%3atrue%2c%22certprefix%22%3a%22Rated%20%22%2c%22enab_trailer%22%3atrue%2c%22enable_fanarttv%22%3atrue%2c%22fanarttv_clientkey%22%3a%22%22%2c%22imdbanyway%22%3afalse%2c%22keeporiginaltitle%22%3afalse%2c%22language%22%3a%22fr-FR%22%2c%22lastUpdated%22%3a%220%22%2c%22originalUrl%22%3a%22%22%2c%22players_opt%22%3a%22Tubed%22%2c%22previewUrl%22%3a%22%22%2c%22ratings%22%3a%22IMDb%22%2c%22studio_country%22%3atrue%2c%22tmdbanyway%22%3atrue%2c%22tmdbcertcountry%22%3a%22fr%22%2c%22traktanyway%22%3atrue%2c%22usecertprefix%22%3atrue%2c%22verboselog%22%3afalse%7d&title=How%20I%20Met%20Your%20Mother%20-%20S01E02%20-%20Purple%20Giraffe','resume:false')
2022-12-30 13:14:37.470 T:3907 DEBUG : CAMLCodec::GetTimeSize: len:24 dl:2192753 fs:2192753 front:200079
2022-12-30 13:14:37.473 T:3949 DEBUG : Thread LanguageInvoker start, auto delete: false
2022-12-30 13:14:37.473 T:3665 DEBUG : CAMLCodec::PollFrame elapsed:36.156ms
2022-12-30 13:14:37.473 T:3949 INFO : initializing python engine.
2022-12-30 13:14:37.473 T:3949 DEBUG : CPythonInvoker(30, /storage/.kodi/addons/metadata.tvshows.themoviedb.org.python/main.py): start processing
2022-12-30 13:14:37.476 T:3665 DEBUG : PrepareNextRender: frameOnScreen: 8.434 renderPts: 8.601 nextFramePts: 8.592 -> diff: 0.009 render: 1 forceNext: 0
2022-12-30 13:14:37.476 T:3907 DEBUG : CAMLCodec::GetTimeSize: len:24 dl:2192753 fs:2192753 front:200079
2022-12-30 13:14:37.476 T:3907 DEBUG : CAMLCodec::DequeueBuffer: pts:8.842 idx:213
2022-12-30 13:14:37.476 T:3907 DEBUG : CAMLCodec::GetPicture: index: 213, pts: 8.842, dur:42ms ar:2.00
2022-12-30 13:14:37.476 T:3907 DEBUG : CVideoPlayerVideo::OutputPicture - ttd:407ms pts:8.842 Clock:8.434 Level:5
2022-12-30 13:14:37.477 T:3665 DEBUG : CAMLCodec::ReleaseFrame idx:207, drop:0
2022-12-30 13:14:37.477 T:3907 DEBUG : CAMLCodec::GetTimeSize: len:24 dl:2192753 fs:2192753 front:200079
2022-12-30 13:14:37.490 T:3907 INFO : Skipped 1 duplicate messages..
2022-12-30 13:14:37.490 T:3907 DEBUG : CAMLCodec::GetTimeSize: len:24 dl:1992674 fs:2192753 front:200079
2022-12-30 13:14:37.490 T:3907 DEBUG : CAMLCodec::GetTimeSize: len:23 dl:1992674 fs:1992674 front:111280
2022-12-30 13:14:37.497 T:3907 DEBUG : CAMLCodec::AddData: dl:2210599 sum:2210599 sz:217925 dts:9.885 pts:9.885
2022-12-30 13:14:37.497 T:3907 DEBUG : CAMLCodec::GetTimeSize: len:24 dl:2210599 fs:2210599 front:111280
2022-12-30 13:14:37.504 T:3908 INFO : Skipped 1 duplicate messages..
2022-12-30 13:14:37.504 T:3908 DEBUG : CVideoPlayerAudio::OutputPacket: pts:9.216 curr_pts:8.462 clock:8.463 level:99
2022-12-30 13:14:37.505 T:3908 DEBUG : CVideoPlayerAudio::OutputPacket: pts:9.248 curr_pts:8.463 clock:8.463 level:99
2022-12-30 13:14:37.510 T:3907 DEBUG : CAMLCodec::GetTimeSize: len:24 dl:2210599 fs:2210599 front:111280
2022-12-30 13:14:37.512 T:3904 DEBUG : CVideoPlayer::ProcessAudioData size:2560 dts:17.184 pts:17.184 dur:32.000ms, clock:8.470 drop:0 level:99
2022-12-30 13:14:37.512 T:3904 DEBUG : CVideoPlayer::ProcessAudioData size:2560 dts:17.216 pts:17.216 dur:32.000ms, clock:8.470 drop:0 level:99
2022-12-30 13:14:37.515 T:3665 DEBUG : CAMLCodec::PollFrame elapsed:37.828ms
2022-12-30 13:14:37.516 T:3907 DEBUG : CAMLCodec::GetTimeSize: len:24 dl:2210599 fs:2210599 front:111280
2022-12-30 13:14:37.516 T:3907 DEBUG : CAMLCodec::DequeueBuffer: pts:8.884 idx:214
2022-12-30 13:14:37.516 T:3907 DEBUG : CAMLCodec::GetPicture: index: 214, pts: 8.884, dur:42ms ar:2.00
2022-12-30 13:14:37.516 T:3907 DEBUG : CVideoPlayerVideo::OutputPicture - ttd:409ms pts:8.884 Clock:8.474 Level:6
2022-12-30 13:14:37.517 T:3665 DEBUG : PrepareNextRender: frameOnScreen: 8.475 renderPts: 8.642 nextFramePts: 8.634 -> diff: 0.008 render: 1 forceNext: 0
2022-12-30 13:14:37.517 T:3907 DEBUG : CAMLCodec::GetTimeSize: len:24 dl:2210599 fs:2210599 front:111280
2022-12-30 13:14:37.518 T:3665 DEBUG : CAMLCodec::ReleaseFrame idx:208, drop:0
2022-12-30 13:14:37.523 T:3907 DEBUG : CAMLCodec::GetTimeSize: len:24 dl:2210599 fs:2210599 front:111280
2022-12-30 13:14:37.530 T:3907 DEBUG : CAMLCodec::GetTimeSize: len:24 dl:2099319 fs:2210599 front:111280
2022-12-30 13:14:37.530 T:3907 DEBUG : CAMLCodec::GetTimeSize: len:23 dl:2099319 fs:2099319 front:48435
2022-12-30 13:14:37.535 T:3907 DEBUG : CAMLCodec::AddData: dl:2128010 sum:2128010 sz:28691 dts:9.927 pts:10.010
2022-12-30 13:14:37.535 T:3907 DEBUG : CAMLCodec::GetTimeSize: len:24 dl:2128010 fs:2128010 front:48435
2022-12-30 13:14:37.554 T:3908 INFO : Skipped 3 duplicate messages..
2022-12-30 13:14:37.554 T:3908 DEBUG : CVideoPlayerAudio::OutputPacket: pts:9.280 curr_pts:8.512 clock:8.512 level:99
2022-12-30 13:14:37.556 T:3665 DEBUG : CAMLCodec::PollFrame elapsed:38.377ms
2022-12-30 13:14:37.558 T:3665 DEBUG : PrepareNextRender: frameOnScreen: 8.516 renderPts: 8.683 nextFramePts: 8.675 -> diff: 0.008 render: 1 forceNext: 0
2022-12-30 13:14:37.559 T:3665 DEBUG : CAMLCodec::ReleaseFrame idx:209, drop:0
2022-12-30 13:14:37.560 T:3907 DEBUG : CAMLCodec::GetTimeSize: len:24 dl:2128010 fs:2128010 front:48435
2022-12-30 13:14:37.563 T:3904 DEBUG : CVideoPlayer::ProcessVideoData size:142577 dts:16.808 pts:17.184 dur:41.000ms, clock:8.521 level:85
2022-12-30 13:14:37.564 T:3904 DEBUG : CVideoPlayer::ProcessVideoData size:133338 dts:16.850 pts:17.017 dur:41.000ms, clock:8.522 level:86
2022-12-30 13:14:37.564 T:3904 DEBUG : CVideoPlayer::ProcessVideoData size:61634 dts:16.892 pts:16.892 dur:41.000ms, clock:8.522 level:87
2022-12-30 13:14:37.564 T:3904 DEBUG : CVideoPlayer::ProcessVideoData size:51550 dts:16.934 pts:16.934 dur:41.000ms, clock:8.523 level:87
2022-12-30 13:14:37.565 T:3904 DEBUG : CVideoPlayer::ProcessVideoData size:45582 dts:16.975 pts:16.975 dur:41.000ms, clock:8.523 level:88
2022-12-30 13:14:37.565 T:3904 DEBUG : CVideoPlayer::ProcessVideoData size:58617 dts:17.017 pts:17.059 dur:41.000ms, clock:8.523 level:88
2022-12-30 13:14:37.565 T:3904 DEBUG : CVideoPlayer::ProcessVideoData size:59646 dts:17.059 pts:17.100 dur:41.000ms, clock:8.523 level:89
2022-12-30 13:14:37.566 T:3904 DEBUG : CVideoPlayer::ProcessVideoData size:76596 dts:17.100 pts:17.142 dur:41.000ms, clock:8.524 level:89
2022-12-30 13:14:37.566 T:3904 DEBUG : CVideoPlayer::ProcessAudioData size:2560 dts:17.248 pts:17.248 dur:32.000ms, clock:8.524 drop:0 level:99
2022-12-30 13:14:37.567 T:3907 DEBUG : CAMLCodec::GetTimeSize: len:24 dl:2128010 fs:2128010 front:48435
2022-12-30 13:14:37.598 T:3665 INFO : Skipped 4 duplicate messages..
2022-12-30 13:14:37.598 T:3665 DEBUG : CAMLCodec::PollFrame elapsed:39.414ms
2022-12-30 13:14:37.598 T:3907 DEBUG : CAMLCodec::GetTimeSize: len:24 dl:2128010 fs:2128010 front:48435
2022-12-30 13:14:37.600 T:3665 DEBUG : PrepareNextRender: frameOnScreen: 8.558 renderPts: 8.725 nextFramePts: 8.717 -> diff: 0.008 render: 1 forceNext: 0
2022-12-30 13:14:37.601 T:3665 DEBUG : CAMLCodec::ReleaseFrame idx:210, drop:0
2022-12-30 13:14:37.604 T:3907 DEBUG : CAMLCodec::GetTimeSize: len:24 dl:2128010 fs:2128010 front:48435
2022-12-30 13:14:37.605 T:3907 DEBUG : CAMLCodec::DequeueBuffer: pts:8.926 idx:215
2022-12-30 13:14:37.605 T:3907 DEBUG : CAMLCodec::GetPicture: index: 215, pts: 8.926, dur:42ms ar:2.00
2022-12-30 13:14:37.605 T:3908 DEBUG : CVideoPlayerAudio::OutputPacket: pts:9.312 curr_pts:8.562 clock:8.563 level:99
2022-12-30 13:14:37.605 T:3907 DEBUG : CVideoPlayerVideo::OutputPicture - ttd:363ms pts:8.926 Clock:8.563 Level:4
2022-12-30 13:14:37.605 T:3908 DEBUG : CVideoPlayerAudio::OutputPacket: pts:9.344 curr_pts:8.563 clock:8.563 level:99
2022-12-30 13:14:37.606 T:3907 DEBUG : CAMLCodec::GetTimeSize: len:24 dl:2128010 fs:2128010 front:48435
2022-12-30 13:14:37.607 T:3904 DEBUG : CVideoPlayer::ProcessAudioData size:2560 dts:17.280 pts:17.280 dur:32.000ms, clock:8.565 drop:0 level:99
2022-12-30 13:14:37.607 T:3904 DEBUG : CVideoPlayer::ProcessAudioData size:2560 dts:17.312 pts:17.312 dur:32.000ms, clock:8.565 drop:0 level:99
2022-12-30 13:14:37.612 T:3907 DEBUG : CAMLCodec::GetTimeSize: len:24 dl:2079575 fs:2128010 front:48435
2022-12-30 13:14:37.612 T:3907 DEBUG : CAMLCodec::GetTimeSize: len:23 dl:2079575 fs:2079575 front:71566
2022-12-30 13:14:37.612 T:3907 DEBUG : CAMLCodec::DequeueBuffer: pts:8.967 idx:216
2022-12-30 13:14:37.612 T:3907 DEBUG : CAMLCodec::GetPicture: index: 216, pts: 8.967, dur:41ms ar:2.00
2022-12-30 13:14:37.613 T:3907 DEBUG : CVideoPlayerVideo::OutputPicture - ttd:396ms pts:8.967 Clock:8.571 Level:5
2022-12-30 13:14:37.614 T:3907 DEBUG : CAMLCodec::GetTimeSize: len:23 dl:2079575 fs:2079575 front:71566
2022-12-30 13:14:37.619 T:3907 DEBUG : CAMLCodec::AddData: dl:2037815 sum:2109381 sz:29806 dts:9.968 pts:10.177
2022-12-30 13:14:37.619 T:3907 DEBUG : CAMLCodec::GetTimeSize: len:24 dl:2037815 fs:2109381 front:71566
2022-12-30 13:14:37.619 T:3907 DEBUG : CAMLCodec::GetTimeSize: len:23 dl:2037815 fs:2037815 front:59680
2022-12-30 13:14:37.624 T:3907 DEBUG : CAMLCodec::AddData: dl:2047577 sum:2047577 sz:9762 dts:10.010 pts:10.093
2022-12-30 13:14:37.624 T:3907 DEBUG : CAMLCodec::GetTimeSize: len:24 dl:2047577 fs:2047577 front:59680
2022-12-30 13:14:37.640 T:3665 INFO : Skipped 2 duplicate messages..
2022-12-30 13:14:37.640 T:3665 DEBUG : CAMLCodec::PollFrame elapsed:38.658ms
2022-12-30 13:14:37.642 T:3665 DEBUG : PrepareNextRender: frameOnScreen: 8.600 renderPts: 8.767 nextFramePts: 8.759 -> diff: 0.008 render: 1 forceNext: 0
2022-12-30 13:14:37.643 T:3907 DEBUG : CAMLCodec::GetTimeSize: len:24 dl:2047577 fs:2047577 front:59680
2022-12-30 13:14:37.643 T:3907 DEBUG : CAMLCodec::DequeueBuffer: pts:9.009 idx:217
2022-12-30 13:14:37.643 T:3907 DEBUG : CAMLCodec::GetPicture: index: 217, pts: 9.009, dur:42ms ar:2.00
2022-12-30 13:14:37.643 T:3907 DEBUG : CVideoPlayerVideo::OutputPicture - ttd:407ms pts:9.009 Clock:8.601 Level:5
2022-12-30 13:14:37.643 T:3665 DEBUG : CAMLCodec::ReleaseFrame idx:211, drop:0
2022-12-30 13:14:37.644 T:3907 DEBUG : CAMLCodec::GetTimeSize: len:24 dl:2047577 fs:2047577 front:59680
2022-12-30 13:14:37.654 T:3908 INFO : Skipped 1 duplicate messages..
2022-12-30 13:14:37.654 T:3908 DEBUG : CVideoPlayerAudio::OutputPacket: pts:9.376 curr_pts:8.612 clock:8.612 level:99
2022-12-30 13:14:37.657 T:3907 DEBUG : CAMLCodec::GetTimeSize: len:24 dl:1987897 fs:2047577 front:59680
2022-12-30 13:14:37.657 T:3907 DEBUG : CAMLCodec::GetTimeSize: len:23 dl:1987897 fs:1987897 front:57199
2022-12-30 13:14:37.658 T:3904 DEBUG : CVideoPlayer::ProcessAudioData size:2560 dts:17.344 pts:17.344 dur:32.000ms, clock:8.616 drop:0 level:99
2022-12-30 13:14:37.662 T:3907 DEBUG : CAMLCodec::AddData: dl:1990809 sum:1990809 sz:2912 dts:10.052 pts:10.052
2022-12-30 13:14:37.662 T:3907 DEBUG : CAMLCodec::GetTimeSize: len:24 dl:1990809 fs:1990809 front:57199
2022-12-30 13:14:37.682 T:3665 INFO : Skipped 3 duplicate messages..
2022-12-30 13:14:37.682 T:3665 DEBUG : CAMLCodec::PollFrame elapsed:38.378ms
2022-12-30 13:14:37.683 T:3665 DEBUG : PrepareNextRender: frameOnScreen: 8.641 renderPts: 8.808 nextFramePts: 8.800 -> diff: 0.008 render: 1 forceNext: 0
2022-12-30 13:14:37.684 T:3665 DEBUG : CAMLCodec::ReleaseFrame idx:212, drop:0
2022-12-30 13:14:37.687 T:3907 DEBUG : CAMLCodec::GetTimeSize: len:24 dl:1990809 fs:1990809 front:57199
2022-12-30 13:14:37.687 T:3907 DEBUG : CAMLCodec::DequeueBuffer: pts:9.051 idx:218
2022-12-30 13:14:37.687 T:3907 DEBUG : CAMLCodec::GetPicture: index: 218, pts: 9.051, dur:42ms ar:2.00
2022-12-30 13:14:37.687 T:3907 DEBUG : CVideoPlayerVideo::OutputPicture - ttd:405ms pts:9.051 Clock:8.645 Level:5
2022-12-30 13:14:37.688 T:3907 DEBUG : CAMLCodec::GetTimeSize: len:24 dl:1990809 fs:1990809 front:57199
2022-12-30 13:14:37.694 T:3907 DEBUG : CAMLCodec::GetTimeSize: len:24 dl:1933610 fs:1990809 front:57199
2022-12-30 13:14:37.694 T:3907 DEBUG : CAMLCodec::GetTimeSize: len:23 dl:1933610 fs:1933610 front:54130
2022-12-30 13:14:37.700 T:3907 DEBUG : CAMLCodec::AddData: dl:1937022 sum:1937022 sz:3412 dts:10.093 pts:10.135
2022-12-30 13:14:37.700 T:3907 DEBUG : CAMLCodec::GetTimeSize: len:24 dl:1937022 fs:1937022 front:54130
2022-12-30 13:14:37.704 T:3908 DEBUG : CVideoPlayerAudio::OutputPacket: pts:9.408 curr_pts:8.662 clock:8.663 level:99
2022-12-30 13:14:37.705 T:3908 DEBUG : CVideoPlayerAudio::OutputPacket: pts:9.440 curr_pts:8.663 clock:8.663 level:99
2022-12-30 13:14:37.706 T:3907 DEBUG : CAMLCodec::GetTimeSize: len:24 dl:1937022 fs:1937022 front:54130
2022-12-30 13:14:37.708 T:3904 DEBUG : CVideoPlayer::ProcessAudioData size:2560 dts:17.376 pts:17.376 dur:32.000ms, clock:8.666 drop:0 level:99
2022-12-30 13:14:37.708 T:3904 DEBUG : CVideoPlayer::ProcessAudioData size:2560 dts:17.408 pts:17.408 dur:32.000ms, clock:8.666 drop:0 level:99
2022-12-30 13:14:37.712 T:3907 DEBUG : CAMLCodec::GetTimeSize: len:24 dl:1937022 fs:1937022 front:54130
2022-12-30 13:14:37.723 T:3665 INFO : Skipped 1 duplicate messages..
2022-12-30 13:14:37.723 T:3665 DEBUG : CAMLCodec::PollFrame elapsed:38.908ms
2022-12-30 13:14:37.725 T:3907 DEBUG : CAMLCodec::GetTimeSize: len:24 dl:1937022 fs:1937022 front:54130
2022-12-30 13:14:37.725 T:3665 DEBUG : PrepareNextRender: frameOnScreen: 8.683 renderPts: 8.850 nextFramePts: 8.842 -> diff: 0.008 render: 1 forceNext: 0
2022-12-30 13:14:37.726 T:3665 DEBUG : CAMLCodec::ReleaseFrame idx:213, drop:0
2022-12-30 13:14:37.731 T:3907 DEBUG : CAMLCodec::GetTimeSize: len:24 dl:1937022 fs:1937022 front:54130
2022-12-30 13:14:37.731 T:3907 DEBUG : CAMLCodec::DequeueBuffer: pts:9.092 idx:219
2022-12-30 13:14:37.731 T:3907 DEBUG : CAMLCodec::GetPicture: index: 219, pts: 9.092, dur:41ms ar:2.00
2022-12-30 13:14:37.731 T:3907 DEBUG : CVideoPlayerVideo::OutputPicture - ttd:402ms pts:9.092 Clock:8.689 Level:5
2022-12-30 13:14:37.732 T:3907 DEBUG : CAMLCodec::GetTimeSize: len:24 dl:1937022 fs:1937022 front:54130
2022-12-30 13:14:37.738 T:3907 DEBUG : CAMLCodec::GetTimeSize: len:24 dl:1882892 fs:1937022 front:54130
2022-12-30 13:14:37.738 T:3907 DEBUG : CAMLCodec::GetTimeSize: len:23 dl:1882892 fs:1882892 front:52005
2022-12-30 13:14:37.746 T:3907 DEBUG : CAMLCodec::AddData: dl:1971935 sum:1971935 sz:89043 dts:10.135 pts:10.344
2022-12-30 13:14:37.746 T:3907 DEBUG : CAMLCodec::GetTimeSize: len:24 dl:1971935 fs:1971935 front:52005
2022-12-30 13:14:37.754 T:3908 INFO : Skipped 1 duplicate messages..
2022-12-30 13:14:37.754 T:3908 DEBUG : CVideoPlayerAudio::OutputPacket: pts:9.472 curr_pts:8.712 clock:8.712 level:99
2022-12-30 13:14:37.758 T:3907 DEBUG : CAMLCodec::GetTimeSize: len:24 dl:1971935 fs:1971935 front:52005
2022-12-30 13:14:37.759 T:3904 DEBUG : CVideoPlayer::ProcessAudioData size:2560 dts:17.440 pts:17.440 dur:32.000ms, clock:8.717 drop:0 level:99
2022-12-30 13:14:37.765 T:3907 DEBUG : CAMLCodec::GetTimeSize: len:24 dl:1971935 fs:1971935 front:52005
2022-12-30 13:14:37.765 T:3665 DEBUG : CAMLCodec::PollFrame elapsed:38.787ms
2022-12-30 13:14:37.767 T:3665 DEBUG : PrepareNextRender: frameOnScreen: 8.725 renderPts: 8.891 nextFramePts: 8.884 -> diff: 0.007 render: 1 forceNext: 0
2022-12-30 13:14:37.767 T:3665 DEBUG : CAMLCodec::ReleaseFrame idx:214, drop:0
2022-12-30 13:14:37.771 T:3907 DEBUG : CAMLCodec::GetTimeSize: len:24 dl:1971935 fs:1971935 front:52005
2022-12-30 13:14:37.804 T:3908 INFO : Skipped 5 duplicate messages..
2022-12-30 13:14:37.804 T:3908 DEBUG : CVideoPlayerAudio::OutputPacket: pts:9.504 curr_pts:8.762 clock:8.763 level:99
2022-12-30 13:14:37.805 T:3908 DEBUG : CVideoPlayerAudio::OutputPacket: pts:9.536 curr_pts:8.763 clock:8.763 level:99
2022-12-30 13:14:37.807 T:3665 DEBUG : CAMLCodec::PollFrame elapsed:39.428ms
2022-12-30 13:14:37.808 T:3907 DEBUG : CAMLCodec::GetTimeSize: len:24 dl:1971935 fs:1971935 front:52005
2022-12-30 13:14:37.808 T:3907 DEBUG : CAMLCodec::DequeueBuffer: pts:9.134 idx:220
2022-12-30 13:14:37.808 T:3907 DEBUG : CAMLCodec::GetPicture: index: 220, pts: 9.134, dur:42ms ar:2.00
2022-12-30 13:14:37.808 T:3907 DEBUG : CVideoPlayerVideo::OutputPicture - ttd:367ms pts:9.134 Clock:8.766 Level:5
2022-12-30 13:14:37.809 T:3665 DEBUG : PrepareNextRender: frameOnScreen: 8.767 renderPts: 8.934 nextFramePts: 8.926 -> diff: 0.008 render: 1 forceNext: 0
2022-12-30 13:14:37.810 T:3904 DEBUG : CVideoPlayer::ProcessAudioData size:2560 dts:17.472 pts:17.472 dur:32.000ms, clock:8.768 drop:0 level:99
2022-12-30 13:14:37.810 T:3665 DEBUG : CAMLCodec::ReleaseFrame idx:215, drop:0
2022-12-30 13:14:37.811 T:3904 DEBUG : CVideoPlayer::ProcessVideoData size:88289 dts:17.142 pts:17.517 dur:41.000ms, clock:8.769 level:87
2022-12-30 13:14:37.812 T:3904 DEBUG : CVideoPlayer::ProcessVideoData size:164971 dts:17.184 pts:17.351 dur:41.000ms, clock:8.770 level:88
2022-12-30 13:14:37.813 T:3904 DEBUG : CVideoPlayer::ProcessVideoData size:62522 dts:17.226 pts:17.226 dur:41.000ms, clock:8.771 level:88
2022-12-30 13:14:37.814 T:3904 DEBUG : CVideoPlayer::ProcessVideoData size:125301 dts:17.267 pts:17.267 dur:41.000ms, clock:8.772 level:89
2022-12-30 13:14:37.815 T:3904 DEBUG : CVideoPlayer::ProcessVideoData size:109667 dts:17.309 pts:17.309 dur:41.000ms, clock:8.773 level:89
2022-12-30 13:14:37.816 T:3904 DEBUG : CVideoPlayer::ProcessVideoData size:113775 dts:17.351 pts:17.392 dur:41.000ms, clock:8.774 level:90
2022-12-30 13:14:37.816 T:3904 DEBUG : CVideoPlayer::ProcessVideoData size:91884 dts:17.392 pts:17.434 dur:41.000ms, clock:8.774 level:90
2022-12-30 13:14:37.817 T:3904 DEBUG : CVideoPlayer::ProcessVideoData size:64172 dts:17.434 pts:17.476 dur:41.000ms, clock:8.775 level:91
2022-12-30 13:14:37.817 T:3904 DEBUG : CVideoPlayer::ProcessAudioData size:2560 dts:17.504 pts:17.504 dur:32.000ms, clock:8.775 drop:0 level:99
2022-12-30 13:14:37.818 T:3907 DEBUG : CAMLCodec::GetTimeSize: len:24 dl:1919930 fs:1971935 front:52005
2022-12-30 13:14:37.818 T:3907 DEBUG : CAMLCodec::GetTimeSize: len:23 dl:1919930 fs:1919930 front:70955
2022-12-30 13:14:37.823 T:3907 DEBUG : CAMLCodec::AddData: dl:1943948 sum:1943948 sz:24018 dts:10.177 pts:10.260
2022-12-30 13:14:37.823 T:3907 DEBUG : CAMLCodec::GetTimeSize: len:24 dl:1943948 fs:1943948 front:70955
2022-12-30 13:14:37.848 T:3665 INFO : Skipped 4 duplicate messages..
2022-12-30 13:14:37.848 T:3665 DEBUG : CAMLCodec::PollFrame elapsed:38.601ms
2022-12-30 13:14:37.851 T:3665 DEBUG : PrepareNextRender: frameOnScreen: 8.809 renderPts: 8.975 nextFramePts: 8.967 -> diff: 0.008 render: 1 forceNext: 0
2022-12-30 13:14:37.852 T:3665 DEBUG : CAMLCodec::ReleaseFrame idx:216, drop:0
2022-12-30 13:14:37.854 T:3907 DEBUG : CAMLCodec::GetTimeSize: len:24 dl:1943948 fs:1943948 front:70955
2022-12-30 13:14:37.854 T:3907 DEBUG : CAMLCodec::DequeueBuffer: pts:9.176 idx:221
2022-12-30 13:14:37.854 T:3907 DEBUG : CAMLCodec::GetPicture: index: 221, pts: 9.176, dur:42ms ar:2.00
2022-12-30 13:14:37.854 T:3907 DEBUG : CVideoPlayerVideo::OutputPicture - ttd:363ms pts:9.176 Clock:8.812 Level:4
2022-12-30 13:14:37.854 T:3908 DEBUG : CVideoPlayerAudio::OutputPacket: pts:9.568 curr_pts:8.812 clock:8.813 level:99
2022-12-30 13:14:37.855 T:3908 DEBUG : CVideoPlayerAudio::OutputPacket: pts:9.600 curr_pts:8.813 clock:8.813 level:99
2022-12-30 13:14:37.856 T:3907 DEBUG : CAMLCodec::GetTimeSize: len:24 dl:1943948 fs:1943948 front:70955
2022-12-30 13:14:37.858 T:3904 DEBUG : CVideoPlayer::ProcessAudioData size:2560 dts:17.536 pts:17.536 dur:32.000ms, clock:8.816 drop:0 level:99
2022-12-30 13:14:37.858 T:3904 DEBUG : CVideoPlayer::ProcessAudioData size:2560 dts:17.568 pts:17.568 dur:32.000ms, clock:8.816 drop:0 level:99
2022-12-30 13:14:37.862 T:3907 DEBUG : CAMLCodec::GetTimeSize: len:24 dl:1872993 fs:1943948 front:70955
2022-12-30 13:14:37.862 T:3907 DEBUG : CAMLCodec::GetTimeSize: len:23 dl:1872993 fs:1872993 front:241261
2022-12-30 13:14:37.867 T:3907 DEBUG : CAMLCodec::AddData: dl:1881319 sum:1881319 sz:8326 dts:10.219 pts:10.219
2022-12-30 13:14:37.867 T:3907 DEBUG : CAMLCodec::GetTimeSize: len:24 dl:1881319 fs:1881319 front:241261
2022-12-30 13:14:37.890 T:3665 INFO : Skipped 3 duplicate messages..
2022-12-30 13:14:37.890 T:3665 DEBUG : CAMLCodec::PollFrame elapsed:38.273ms
2022-12-30 13:14:37.892 T:3665 DEBUG : PrepareNextRender: frameOnScreen: 8.850 renderPts: 9.017 nextFramePts: 9.009 -> diff: 0.008 render: 1 forceNext: 0
2022-12-30 13:14:37.892 T:3907 DEBUG : CAMLCodec::GetTimeSize: len:24 dl:1881319 fs:1881319 front:241261
2022-12-30 13:14:37.892 T:3665 DEBUG : CAMLCodec::ReleaseFrame idx:217, drop:0
2022-12-30 13:14:37.897 T:3948 WARNING : CPythonInvoker(29, /storage/.kodi/addons/metadata.tvshows.themoviedb.org.python/main.py): the python script "/storage/.kodi/addons/metadata.tvshows.themoviedb.org.python/main.py" has left several classes in memory that we couldn't clean up. The classes include: N9XBMCAddon9xbmcaddon5AddonE
2022-12-30 13:14:37.897 T:3948 INFO : Python interpreter stopped
2022-12-30 13:14:37.897 T:3948 DEBUG : Thread LanguageInvoker 3681604224 terminating
2022-12-30 13:14:37.898 T:3907 DEBUG : CAMLCodec::GetTimeSize: len:24 dl:1881319 fs:1881319 front:241261
2022-12-30 13:14:37.905 T:3908 INFO : Skipped 1 duplicate messages..
2022-12-30 13:14:37.905 T:3908 DEBUG : CVideoPlayerAudio::OutputPacket: pts:9.632 curr_pts:8.862 clock:8.863 level:99
2022-12-30 13:14:37.908 T:3904 DEBUG : CVideoPlayer::ProcessAudioData size:2560 dts:17.600 pts:17.600 dur:32.000ms, clock:8.866 drop:0 level:99
2022-12-30 13:14:37.911 T:3907 DEBUG : CAMLCodec::GetTimeSize: len:24 dl:1881319 fs:1881319 front:241261
2022-12-30 13:14:37.921 T:3949 INFO : Skipped 1 duplicate messages..
2022-12-30 13:14:37.921 T:3949 DEBUG : -->Python Interpreter Initialized<--
2022-12-30 13:14:37.921 T:3949 DEBUG :
2022-12-30 13:14:37.921 T:3949 DEBUG : CPythonInvoker(30, /storage/.kodi/addons/metadata.tvshows.themoviedb.org.python/main.py): the source file to load is "/storage/.kodi/addons/metadata.tvshows.themoviedb.org.python/main.py"
2022-12-30 13:14:37.921 T:3949 DEBUG : CPythonInvoker(30, /storage/.kodi/addons/metadata.tvshows.themoviedb.org.python/main.py): setting the Python path to /storage/.kodi/addons/metadata.tvshows.themoviedb.org.python:/usr/lib/python38.zip:/usr/lib/python3.8:/usr/lib/python3.8/lib-dynload:/usr/lib/python3.8/site-packages
2022-12-30 13:14:37.921 T:3949 DEBUG : CPythonInvoker(30, /storage/.kodi/addons/metadata.tvshows.themoviedb.org.python/main.py): entering source directory /storage/.kodi/addons/metadata.tvshows.themoviedb.org.python
2022-12-30 13:14:37.921 T:3949 DEBUG : CPythonInvoker(30, /storage/.kodi/addons/metadata.tvshows.themoviedb.org.python/main.py): instantiating addon using automatically obtained id of "metadata.tvshows.themoviedb.org.python" dependent on version 3.0.0 of the xbmc.python api
2022-12-30 13:14:37.923 T:3907 DEBUG : CAMLCodec::GetTimeSize: len:24 dl:1881319 fs:1881319 front:241261
2022-12-30 13:14:37.932 T:3665 INFO : Skipped 1 duplicate messages..
2022-12-30 13:14:37.932 T:3665 DEBUG : CAMLCodec::PollFrame elapsed:39.460ms
2022-12-30 13:14:37.935 T:3907 DEBUG : CAMLCodec::GetTimeSize: len:24 dl:1881319 fs:1881319 front:241261
2022-12-30 13:14:37.935 T:3907 DEBUG : CAMLCodec::DequeueBuffer: pts:9.218 idx:222
2022-12-30 13:14:37.936 T:3907 DEBUG : CAMLCodec::GetPicture: index: 222, pts: 9.218, dur:42ms ar:2.00
2022-12-30 13:14:37.936 T:3907 DEBUG : CVideoPlayerVideo::OutputPicture - ttd:324ms pts:9.218 Clock:8.894 Level:4
2022-12-30 13:14:37.937 T:3907 DEBUG : CAMLCodec::GetTimeSize: len:24 dl:1881319 fs:1881319 front:241261
2022-12-30 13:14:37.939 T:3665 DEBUG : PrepareNextRender: frameOnScreen: 8.897 renderPts: 9.064 nextFramePts: 9.051 -> diff: 0.013 render: 1 forceNext: 0
2022-12-30 13:14:37.940 T:3665 DEBUG : CAMLCodec::ReleaseFrame idx:218, drop:0
2022-12-30 13:14:37.943 T:3907 DEBUG : CAMLCodec::GetTimeSize: len:24 dl:1881319 fs:1881319 front:241261
2022-12-30 13:14:37.949 T:3907 DEBUG : CAMLCodec::GetTimeSize: len:24 dl:1640058 fs:1881319 front:241261
2022-12-30 13:14:37.949 T:3907 DEBUG : CAMLCodec::GetTimeSize: len:23 dl:1640058 fs:1640058 front:144438
2022-12-30 13:14:37.954 T:3908 DEBUG : CVideoPlayerAudio::OutputPacket: pts:9.664 curr_pts:8.912 clock:8.912 level:99
2022-12-30 13:14:37.954 T:3907 DEBUG : CAMLCodec::AddData: dl:1649803 sum:1649803 sz:9745 dts:10.260 pts:10.302
2022-12-30 13:14:37.954 T:3907 DEBUG : CAMLCodec::GetTimeSize: len:24 dl:1649803 fs:1649803 front:144438
2022-12-30 13:14:37.955 T:3908 DEBUG : CVideoPlayerAudio::OutputPacket: pts:9.696 curr_pts:8.912 clock:8.913 level:99
2022-12-30 13:14:37.959 T:3904 DEBUG : CVideoPlayer::ProcessAudioData size:2560 dts:17.632 pts:17.632 dur:32.000ms, clock:8.917 drop:0 level:99
2022-12-30 13:14:37.959 T:3904 DEBUG : CVideoPlayer::ProcessAudioData size:2560 dts:17.664 pts:17.664 dur:32.000ms, clock:8.917 drop:0 level:99
2022-12-30 13:14:37.961 T:3907 DEBUG : CAMLCodec::GetTimeSize: len:24 dl:1649803 fs:1649803 front:144438
2022-12-30 13:14:37.972 T:3949 INFO : Skipped 1 duplicate messages..
2022-12-30 13:14:37.972 T:3949 DEBUG : [metadata.tvshows.themoviedb.org.python (1.4.17)]: the cache dir is /storage/.kodi/temp/scrapers/metadata.tvshows.themoviedb.org.python
2022-12-30 13:14:37.973 T:3907 DEBUG : CAMLCodec::GetTimeSize: len:24 dl:1649803 fs:1649803 front:144438
2022-12-30 13:14:37.973 T:3665 DEBUG : CAMLCodec::PollFrame elapsed:33.648ms
2022-12-30 13:14:37.975 T:3665 DEBUG : PrepareNextRender: frameOnScreen: 8.933 renderPts: 9.100 nextFramePts: 9.092 -> diff: 0.008 render: 1 forceNext: 0
2022-12-30 13:14:37.976 T:3665 DEBUG : CAMLCodec::ReleaseFrame idx:219, drop:0
2022-12-30 13:14:37.979 T:3907 DEBUG : CAMLCodec::GetTimeSize: len:24 dl:1649803 fs:1649803 front:144438
2022-12-30 13:14:37.979 T:3907 DEBUG : CAMLCodec::DequeueBuffer: pts:9.259 idx:223
2022-12-30 13:14:37.979 T:3907 DEBUG : CAMLCodec::GetPicture: index: 223, pts: 9.259, dur:41ms ar:2.00
2022-12-30 13:14:37.979 T:3907 DEBUG : CVideoPlayerVideo::OutputPicture - ttd:321ms pts:9.259 Clock:8.937 Level:3
2022-12-30 13:14:37.981 T:3907 DEBUG : CAMLCodec::GetTimeSize: len:24 dl:1649803 fs:1649803 front:144438
2022-12-30 13:14:37.987 T:3907 DEBUG : CAMLCodec::GetTimeSize: len:24 dl:1505365 fs:1649803 front:144438
2022-12-30 13:14:37.987 T:3907 DEBUG : CAMLCodec::GetTimeSize: len:23 dl:1505365 fs:1505365 front:66681
2022-12-30 13:14:37.987 T:3907 DEBUG : CAMLCodec::DequeueBuffer: pts:9.301 idx:224
2022-12-30 13:14:37.987 T:3907 DEBUG : CAMLCodec::GetPicture: index: 224, pts: 9.301, dur:42ms ar:2.00
2022-12-30 13:14:37.987 T:3907 DEBUG : CVideoPlayerVideo::OutputPicture - ttd:355ms pts:9.301 Clock:8.945 Level:4
2022-12-30 13:14:37.988 T:3907 DEBUG : CAMLCodec::GetTimeSize: len:23 dl:1505365 fs:1505365 front:66681
2022-12-30 13:14:37.996 T:3907 DEBUG : CAMLCodec::AddData: dl:1662888 sum:1729569 sz:224204 dts:10.302 pts:10.385
2022-12-30 13:14:37.996 T:3907 DEBUG : CAMLCodec::GetTimeSize: len:24 dl:1662888 fs:1729569 front:66681
2022-12-30 13:14:37.996 T:3907 DEBUG : CAMLCodec::GetTimeSize: len:23 dl:1662888 fs:1662888 front:58200
2022-12-30 13:14:37.996 T:3907 DEBUG : CAMLCodec::DequeueBuffer: pts:9.343 idx:225
2022-12-30 13:14:37.996 T:3907 DEBUG : CAMLCodec::GetPicture: index: 225, pts: 9.343, dur:42ms ar:2.00
2022-12-30 13:14:37.996 T:3907 DEBUG : CVideoPlayerVideo::OutputPicture - ttd:389ms pts:9.343 Clock:8.954 Level:5
2022-12-30 13:14:37.997 T:3907 DEBUG : CAMLCodec::GetTimeSize: len:23 dl:1662888 fs:1662888 front:58200
2022-12-30 13:14:38.004 T:3908 DEBUG : CVideoPlayerAudio::OutputPacket: pts:9.728 curr_pts:8.962 clock:8.962 level:99
2022-12-30 13:14:38.004 T:3907 DEBUG : CAMLCodec::AddData: dl:1929813 sum:1988013 sz:325125 dts:10.344 pts:10.761
2022-12-30 13:14:38.005 T:3907 DEBUG : CAMLCodec::GetTimeSize: len:24 dl:1929813 fs:1988013 front:58200
2022-12-30 13:14:38.005 T:3907 DEBUG : CAMLCodec::GetTimeSize: len:23 dl:1929813 fs:1929813 front:57658
2022-12-30 13:14:38.010 T:3904 DEBUG : CVideoPlayer::ProcessAudioData size:2560 dts:17.696 pts:17.696 dur:32.000ms, clock:8.968 drop:0 level:99
2022-12-30 13:14:38.012 T:3907 DEBUG : CAMLCodec::AddData: dl:2133092 sum:2133092 sz:203279 dts:10.385 pts:10.594
2022-12-30 13:14:38.012 T:3907 DEBUG : CAMLCodec::GetTimeSize: len:24 dl:2133092 fs:2133092 front:57658
2022-12-30 13:14:38.015 T:3665 DEBUG : CAMLCodec::PollFrame elapsed:39.074ms
2022-12-30 13:14:38.017 T:3665 DEBUG : PrepareNextRender: frameOnScreen: 8.975 renderPts: 9.142 nextFramePts: 9.134 -> diff: 0.008 render: 1 forceNext: 0
2022-12-30 13:14:38.018 T:3665 DEBUG : CAMLCodec::ReleaseFrame idx:220, drop:0
2022-12-30 13:14:38.018 T:3907 DEBUG : CAMLCodec::GetTimeSize: len:24 dl:2133092 fs:2133092 front:57658
2022-12-30 13:14:38.019 T:3907 DEBUG : CAMLCodec::DequeueBuffer: pts:9.384 idx:226
2022-12-30 13:14:38.019 T:3907 DEBUG : CAMLCodec::GetPicture: index: 226, pts: 9.384, dur:41ms ar:2.00
2022-12-30 13:14:38.019 T:3907 DEBUG : CVideoPlayerVideo::OutputPicture - ttd:407ms pts:9.384 Clock:8.977 Level:5
2022-12-30 13:14:38.020 T:3907 DEBUG : CAMLCodec::GetTimeSize: len:24 dl:2133092 fs:2133092 front:57658
2022-12-30 13:14:38.026 T:3907 DEBUG : CAMLCodec::GetTimeSize: len:24 dl:2075434 fs:2133092 front:57658
2022-12-30 13:14:38.026 T:3907 DEBUG : CAMLCodec::GetTimeSize: len:23 dl:2075434 fs:2075434 front:56513
2022-12-30 13:14:38.033 T:3907 DEBUG : CAMLCodec::AddData: dl:2163885 sum:2163885 sz:88451 dts:10.427 pts:10.427
2022-12-30 13:14:38.033 T:3907 DEBUG : CAMLCodec::GetTimeSize: len:24 dl:2163885 fs:2163885 front:56513
2022-12-30 13:14:38.054 T:3908 INFO : Skipped 3 duplicate messages..
2022-12-30 13:14:38.054 T:3908 DEBUG : CVideoPlayerAudio::OutputPacket: pts:9.760 curr_pts:9.012 clock:9.012 level:99
2022-12-30 13:14:38.055 T:3908 DEBUG : CVideoPlayerAudio::OutputPacket: pts:9.792 curr_pts:9.012 clock:9.013 level:99
2022-12-30 13:14:38.057 T:3665 DEBUG : CAMLCodec::PollFrame elapsed:38.746ms
2022-12-30 13:14:38.058 T:3907 DEBUG : CAMLCodec::GetTimeSize: len:24 dl:2163885 fs:2163885 front:56513
2022-12-30 13:14:38.058 T:3665 DEBUG : PrepareNextRender: frameOnScreen: 9.017 renderPts: 9.183 nextFramePts: 9.176 -> diff: 0.007 render: 1 forceNext: 0
2022-12-30 13:14:38.059 T:3665 DEBUG : CAMLCodec::ReleaseFrame idx:221, drop:0
2022-12-30 13:14:38.060 T:3904 DEBUG : CVideoPlayer::ProcessAudioData size:2560 dts:17.728 pts:17.728 dur:32.000ms, clock:9.018 drop:0 level:99
2022-12-30 13:14:38.061 T:3904 DEBUG : CVideoPlayer::ProcessVideoData size:81076 dts:17.476 pts:17.643 dur:41.000ms, clock:9.019 level:88
2022-12-30 13:14:38.061 T:3904 DEBUG : CVideoPlayer::ProcessVideoData size:73454 dts:17.517 pts:17.601 dur:41.000ms, clock:9.020 level:88
2022-12-30 13:14:38.062 T:3904 DEBUG : CVideoPlayer::ProcessVideoData size:57601 dts:17.559 pts:17.559 dur:41.000ms, clock:9.020 level:89
2022-12-30 13:14:38.063 T:3904 DEBUG : CVideoPlayer::ProcessAudioData size:2560 dts:17.760 pts:17.760 dur:32.000ms, clock:9.021 drop:0 level:99
2022-12-30 13:14:38.064 T:3907 DEBUG : CAMLCodec::GetTimeSize: len:24 dl:2163885 fs:2163885 front:56513
2022-12-30 13:14:38.064 T:3907 DEBUG : CAMLCodec::DequeueBuffer: pts:9.426 idx:227
2022-12-30 13:14:38.064 T:3907 DEBUG : CAMLCodec::GetPicture: index: 227, pts: 9.426, dur:42ms ar:2.00
2022-12-30 13:14:38.064 T:3907 DEBUG : CVideoPlayerVideo::OutputPicture - ttd:403ms pts:9.426 Clock:9.022 Level:5
2022-12-30 13:14:38.066 T:3907 DEBUG : CAMLCodec::GetTimeSize: len:24 dl:2163885 fs:2163885 front:56513
2022-12-30 13:14:38.072 T:3907 DEBUG : CAMLCodec::GetTimeSize: len:24 dl:2107372 fs:2163885 front:56513
2022-12-30 13:14:38.072 T:3907 DEBUG : CAMLCodec::GetTimeSize: len:23 dl:2107372 fs:2107372 front:171557
2022-12-30 13:14:38.079 T:3907 DEBUG : CAMLCodec::AddData: dl:2158403 sum:2158403 sz:51031 dts:10.469 pts:10.469
2022-12-30 13:14:38.079 T:3907 DEBUG : CAMLCodec::GetTimeSize: len:24 dl:2158403 fs:2158403 front:171557
2022-12-30 13:14:38.085 T:3949 DEBUG : [metadata.tvshows.themoviedb.org.python (1.4.17)]: Called addon with params: ['plugin://metadata.tvshows.themoviedb.org.python/', '17', '?action=find&pathSettings=%7b%22cat_landscape%22%3atrue%2c%22certprefix%22%3a%22Rated%20%22%2c%22enab_trailer%22%3atrue%2c%22enable_fanarttv%22%3atrue%2c%22fanarttv_clientkey%22%3a%22%22%2c%22imdbanyway%22%3afalse%2c%22keeporiginaltitle%22%3afalse%2c%22language%22%3a%22fr-FR%22%2c%22lastUpdated%22%3a%220%22%2c%22originalUrl%22%3a%22%22%2c%22players_opt%22%3a%22Tubed%22%2c%22previewUrl%22%3a%22%22%2c%22ratings%22%3a%22IMDb%22%2c%22studio_country%22%3atrue%2c%22tmdbanyway%22%3atrue%2c%22tmdbcertcountry%22%3a%22fr%22%2c%22traktanyway%22%3atrue%2c%22usecertprefix%22%3atrue%2c%22verboselog%22%3afalse%7d&title=How%20I%20Met%20Your%20Mother%20-%20S01E02%20-%20Purple%20Giraffe', 'resume:false']
2022-12-30 13:14:38.085 T:3949 DEBUG : [metadata.tvshows.themoviedb.org.python (1.4.17)]: performing find action
2022-12-30 13:14:38.085 T:3949 DEBUG : [metadata.tvshows.themoviedb.org.python (1.4.17)]: Searching for TV show How I Met Your Mother - S01E02 - Purple Giraffe (None)
2022-12-30 13:14:38.085 T:3949 DEBUG : [metadata.tvshows.themoviedb.org.python (1.4.17)]: using title of How I Met Your Mother - S01E02 - Purple Giraffe to find show
2022-12-30 13:14:38.085 T:3949 DEBUG : [metadata.tvshows.themoviedb.org.python (1.4.17)]: Calling URL "https://api.themoviedb.org/3/search/tv?api_key=af3a53eb387d57fc935e9128468b1899&language=fr-FR&query=How+I+Met+Your+Mother+-+S01E02+-+Purple+Giraffe"
2022-12-30 13:14:38.085 T:3907 DEBUG : CAMLCodec::GetTimeSize: len:24 dl:2158403 fs:2158403 front:171557
2022-12-30 13:14:38.099 T:3665 INFO : Skipped 2 duplicate messages..
2022-12-30 13:14:38.099 T:3665 DEBUG : CAMLCodec::PollFrame elapsed:39.243ms
2022-12-30 13:14:38.104 T:3907 DEBUG : CAMLCodec::GetTimeSize: len:24 dl:2158403 fs:2158403 front:171557
2022-12-30 13:14:38.104 T:3908 DEBUG : CVideoPlayerAudio::OutputPacket: pts:9.824 curr_pts:9.062 clock:9.062 level:99
2022-12-30 13:14:38.106 T:3665 DEBUG : PrepareNextRender: frameOnScreen: 9.064 renderPts: 9.231 nextFramePts: 9.218 -> diff: 0.013 render: 1 forceNext: 0
2022-12-30 13:14:38.107 T:3665 DEBUG : CAMLCodec::ReleaseFrame idx:222, drop:0
2022-12-30 13:14:38.110 T:3907 DEBUG : CAMLCodec::GetTimeSize: len:24 dl:2158403 fs:2158403 front:171557
2022-12-30 13:14:38.113 T:3904 DEBUG : CVideoPlayer::ProcessAudioData size:2560 dts:17.792 pts:17.792 dur:32.000ms, clock:9.071 drop:0 level:99
2022-12-30 13:14:38.116 T:3907 DEBUG : CAMLCodec::GetTimeSize: len:24 dl:2158403 fs:2158403 front:171557
2022-12-30 13:14:38.140 T:3665 INFO : Skipped 3 duplicate messages..
2022-12-30 13:14:38.140 T:3665 DEBUG : CAMLCodec::PollFrame elapsed:33.283ms
2022-12-30 13:14:38.142 T:3907 DEBUG : CAMLCodec::GetTimeSize: len:24 dl:2158403 fs:2158403 front:171557
2022-12-30 13:14:38.143 T:3907 DEBUG : CAMLCodec::DequeueBuffer: pts:9.468 idx:228
2022-12-30 13:14:38.143 T:3907 DEBUG : CAMLCodec::GetPicture: index: 228, pts: 9.468, dur:42ms ar:2.00
2022-12-30 13:14:38.143 T:3907 DEBUG : CVideoPlayerVideo::OutputPicture - ttd:367ms pts:9.468 Clock:9.101 Level:5
2022-12-30 13:14:38.144 T:3907 DEBUG : CAMLCodec::GetTimeSize: len:24 dl:2158403 fs:2158403 front:171557
2022-12-30 13:14:38.145 T:3665 DEBUG : PrepareNextRender: frameOnScreen: 9.103 renderPts: 9.270 nextFramePts: 9.259 -> diff: 0.011 render: 1 forceNext: 0
2022-12-30 13:14:38.147 T:3665 DEBUG : CAMLCodec::ReleaseFrame idx:223, drop:0
2022-12-30 13:14:38.150 T:3907 DEBUG : CAMLCodec::GetTimeSize: len:24 dl:1986846 fs:2158403 front:171557
2022-12-30 13:14:38.150 T:3907 DEBUG : CAMLCodec::GetTimeSize: len:23 dl:1986846 fs:1986846 front:90240
2022-12-30 13:14:38.155 T:3908 DEBUG : CVideoPlayerAudio::OutputPacket: pts:9.856 curr_pts:9.112 clock:9.113 level:99
2022-12-30 13:14:38.155 T:3908 DEBUG : CVideoPlayerAudio::OutputPacket: pts:9.888 curr_pts:9.113 clock:9.113 level:99
2022-12-30 13:14:38.156 T:3907 DEBUG : CAMLCodec::AddData: dl:2022752 sum:2022752 sz:35906 dts:10.510 pts:10.510
2022-12-30 13:14:38.156 T:3907 DEBUG : CAMLCodec::GetTimeSize: len:24 dl:2022752 fs:2022752 front:90240
2022-12-30 13:14:38.164 T:3904 INFO : Skipped 1 duplicate messages..
2022-12-30 13:14:38.164 T:3904 DEBUG : CVideoPlayer::ProcessAudioData size:2560 dts:17.824 pts:17.824 dur:32.000ms, clock:9.122 drop:0 level:99
2022-12-30 13:14:38.164 T:3904 DEBUG : CVideoPlayer::ProcessAudioData size:2560 dts:17.856 pts:17.856 dur:32.000ms, clock:9.122 drop:0 level:99
2022-12-30 13:14:38.169 T:3907 DEBUG : CAMLCodec::GetTimeSize: len:24 dl:2022752 fs:2022752 front:90240
2022-12-30 13:14:38.182 T:3665 INFO : Skipped 2 duplicate messages..
2022-12-30 13:14:38.182 T:3665 DEBUG : CAMLCodec::PollFrame elapsed:35.239ms
2022-12-30 13:14:38.186 T:3665 DEBUG : PrepareNextRender: frameOnScreen: 9.144 renderPts: 9.310 nextFramePts: 9.301 -> diff: 0.009 render: 1 forceNext: 0
2022-12-30 13:14:38.187 T:3665 DEBUG : CAMLCodec::ReleaseFrame idx:224, drop:0
2022-12-30 13:14:38.187 T:3907 DEBUG : CAMLCodec::GetTimeSize: len:24 dl:2022752 fs:2022752 front:90240
2022-12-30 13:14:38.187 T:3907 DEBUG : CAMLCodec::DequeueBuffer: pts:9.509 idx:229
2022-12-30 13:14:38.187 T:3907 DEBUG : CAMLCodec::GetPicture: index: 229, pts: 9.509, dur:41ms ar:2.00
2022-12-30 13:14:38.187 T:3907 DEBUG : CVideoPlayerVideo::OutputPicture - ttd:363ms pts:9.509 Clock:9.145 Level:4
2022-12-30 13:14:38.189 T:3907 DEBUG : CAMLCodec::GetTimeSize: len:24 dl:2022752 fs:2022752 front:90240
2022-12-30 13:14:38.195 T:3907 DEBUG : CAMLCodec::GetTimeSize: len:24 dl:1932512 fs:2022752 front:90240
2022-12-30 13:14:38.195 T:3907 DEBUG : CAMLCodec::GetTimeSize: len:23 dl:1932512 fs:1932512 front:75189
2022-12-30 13:14:38.200 T:3907 DEBUG : CAMLCodec::AddData: dl:1964656 sum:1964656 sz:32144 dts:10.552 pts:10.552
2022-12-30 13:14:38.200 T:3907 DEBUG : CAMLCodec::GetTimeSize: len:24 dl:1964656 fs:1964656 front:75189
2022-12-30 13:14:38.205 T:3908 DEBUG : CVideoPlayerAudio::OutputPacket: pts:9.920 curr_pts:9.162 clock:9.163 level:99
2022-12-30 13:14:38.206 T:3904 DEBUG : CVideoPlayer::ProcessVideoData size:148928 dts:17.601 pts:17.893 dur:41.000ms, clock:9.164 level:88
2022-12-30 13:14:38.208 T:3904 DEBUG : CVideoPlayer::ProcessVideoData size:135229 dts:17.643 pts:17.768 dur:41.000ms, clock:9.166 level:88
2022-12-30 13:14:38.209 T:3904 DEBUG : CVideoPlayer::ProcessVideoData size:70317 dts:17.684 pts:17.684 dur:41.000ms, clock:9.167 level:89
2022-12-30 13:14:38.210 T:3904 DEBUG : CVideoPlayer::ProcessVideoData size:77277 dts:17.726 pts:17.726 dur:41.000ms, clock:9.168 level:89
2022-12-30 13:14:38.212 T:3907 DEBUG : CAMLCodec::GetTimeSize: len:24 dl:1964656 fs:1964656 front:75189
2022-12-30 13:14:38.213 T:3904 DEBUG : CVideoPlayer::ProcessVideoData size:196194 dts:17.768 pts:17.809 dur:41.000ms, clock:9.171 level:90
2022-12-30 13:14:38.214 T:3904 DEBUG : CVideoPlayer::ProcessVideoData size:94141 dts:17.809 pts:17.851 dur:41.000ms, clock:9.172 level:90
