2022-12-30 13:14:54.118 T:3907 DEBUG : CAMLCodec::GetPicture: index: 612, pts: 25.484, dur:42ms ar:2.00
2022-12-30 13:14:54.118 T:3907 DEBUG : CVideoPlayerVideo::OutputPicture - ttd:407ms pts:25.484 Clock:25.076 Level:5
2022-12-30 13:14:54.119 T:3665 DEBUG : CAMLCodec::ReleaseFrame idx:606, drop:0
2022-12-30 13:14:54.119 T:3907 DEBUG : CAMLCodec::GetTimeSize: len:24 dl:1629602 fs:1629602 front:74466
2022-12-30 13:14:54.125 T:3907 DEBUG : CAMLCodec::GetTimeSize: len:24 dl:1555136 fs:1629602 front:74466
2022-12-30 13:14:54.126 T:3907 DEBUG : CAMLCodec::GetTimeSize: len:23 dl:1555136 fs:1555136 front:54517
2022-12-30 13:14:54.133 T:3907 DEBUG : CAMLCodec::AddData: dl:1621117 sum:1621117 sz:65981 dts:26.526 pts:26.526
2022-12-30 13:14:54.133 T:3907 DEBUG : CAMLCodec::GetTimeSize: len:24 dl:1621117 fs:1621117 front:54517
2022-12-30 13:14:54.155 T:3908 INFO : Skipped 3 duplicate messages..
2022-12-30 13:14:54.155 T:3908 DEBUG : CVideoPlayerAudio::OutputPacket: pts:25.856 curr_pts:25.112 clock:25.113 level:99
2022-12-30 13:14:54.155 T:3908 DEBUG : CVideoPlayerAudio::OutputPacket: pts:25.888 curr_pts:25.113 clock:25.113 level:99
2022-12-30 13:14:54.156 T:3665 DEBUG : CAMLCodec::PollFrame elapsed:37.362ms
2022-12-30 13:14:54.158 T:3907 DEBUG : CAMLCodec::GetTimeSize: len:24 dl:1621117 fs:1621117 front:54517
2022-12-30 13:14:54.160 T:3665 DEBUG : PrepareNextRender: frameOnScreen: 25.118 renderPts: 25.284 nextFramePts: 25.275 -> diff: 0.009 render: 1 forceNext: 0
2022-12-30 13:14:54.161 T:3665 DEBUG : CAMLCodec::ReleaseFrame idx:607, drop:0
2022-12-30 13:14:54.162 T:3904 DEBUG : CVideoPlayer::ProcessAudioData size:2560 dts:33.824 pts:33.824 dur:32.000ms, clock:25.120 drop:0 level:99
2022-12-30 13:14:54.162 T:3904 DEBUG : CVideoPlayer::ProcessAudioData size:2560 dts:33.856 pts:33.856 dur:32.000ms, clock:25.120 drop:0 level:99
2022-12-30 13:14:54.164 T:3907 DEBUG : CAMLCodec::GetTimeSize: len:24 dl:1621117 fs:1621117 front:54517
2022-12-30 13:14:54.198 T:3665 INFO : Skipped 5 duplicate messages..
2022-12-30 13:14:54.198 T:3665 DEBUG : CAMLCodec::PollFrame elapsed:37.107ms
2022-12-30 13:14:54.201 T:3665 DEBUG : PrepareNextRender: frameOnScreen: 25.159 renderPts: 25.326 nextFramePts: 25.317 -> diff: 0.009 render: 1 forceNext: 0
2022-12-30 13:14:54.201 T:3907 DEBUG : CAMLCodec::GetTimeSize: len:24 dl:1621117 fs:1621117 front:54517
2022-12-30 13:14:54.202 T:3907 DEBUG : CAMLCodec::DequeueBuffer: pts:25.525 idx:613
2022-12-30 13:14:54.202 T:3907 DEBUG : CAMLCodec::GetPicture: index: 613, pts: 25.525, dur:41ms ar:2.00
2022-12-30 13:14:54.202 T:3907 DEBUG : CVideoPlayerVideo::OutputPicture - ttd:365ms pts:25.525 Clock:25.160 Level:4
2022-12-30 13:14:54.202 T:3665 DEBUG : CAMLCodec::ReleaseFrame idx:608, drop:0
2022-12-30 13:14:54.203 T:3907 DEBUG : CAMLCodec::GetTimeSize: len:24 dl:1621117 fs:1621117 front:54517
2022-12-30 13:14:54.205 T:3908 DEBUG : CVideoPlayerAudio::OutputPacket: pts:25.920 curr_pts:25.162 clock:25.163 level:99
2022-12-30 13:14:54.209 T:3907 DEBUG : CAMLCodec::GetTimeSize: len:24 dl:1566600 fs:1621117 front:54517
2022-12-30 13:14:54.209 T:3907 DEBUG : CAMLCodec::GetTimeSize: len:23 dl:1566600 fs:1566600 front:38867
2022-12-30 13:14:54.213 T:3904 DEBUG : CVideoPlayer::ProcessAudioData size:2560 dts:33.888 pts:33.888 dur:32.000ms, clock:25.171 drop:0 level:99
2022-12-30 13:14:54.217 T:3907 DEBUG : CAMLCodec::AddData: dl:1645674 sum:1645674 sz:79074 dts:26.568 pts:26.610
2022-12-30 13:14:54.217 T:3907 DEBUG : CAMLCodec::GetTimeSize: len:24 dl:1645674 fs:1645674 front:38867
2022-12-30 13:14:54.240 T:3665 INFO : Skipped 3 duplicate messages..
2022-12-30 13:14:54.240 T:3665 DEBUG : CAMLCodec::PollFrame elapsed:37.162ms
2022-12-30 13:14:54.242 T:3907 DEBUG : CAMLCodec::GetTimeSize: len:24 dl:1645674 fs:1645674 front:38867
2022-12-30 13:14:54.242 T:3907 DEBUG : CAMLCodec::DequeueBuffer: pts:25.567 idx:614
2022-12-30 13:14:54.242 T:3907 DEBUG : CAMLCodec::GetPicture: index: 614, pts: 25.567, dur:42ms ar:2.00
2022-12-30 13:14:54.242 T:3907 DEBUG : CVideoPlayerVideo::OutputPicture - ttd:366ms pts:25.567 Clock:25.200 Level:5
2022-12-30 13:14:54.243 T:3665 DEBUG : PrepareNextRender: frameOnScreen: 25.201 renderPts: 25.368 nextFramePts: 25.359 -> diff: 0.009 render: 1 forceNext: 0
2022-12-30 13:14:54.243 T:3907 DEBUG : CAMLCodec::GetTimeSize: len:24 dl:1645674 fs:1645674 front:38867
2022-12-30 13:14:54.244 T:3665 DEBUG : CAMLCodec::ReleaseFrame idx:609, drop:0
2022-12-30 13:14:54.250 T:3907 DEBUG : CAMLCodec::GetTimeSize: len:24 dl:1606807 fs:1645674 front:38867
2022-12-30 13:14:54.250 T:3907 DEBUG : CAMLCodec::GetTimeSize: len:23 dl:1606807 fs:1606807 front:30552
2022-12-30 13:14:54.250 T:3907 DEBUG : CAMLCodec::DequeueBuffer: pts:25.609 idx:615
2022-12-30 13:14:54.250 T:3907 DEBUG : CAMLCodec::GetPicture: index: 615, pts: 25.609, dur:42ms ar:2.00
2022-12-30 13:14:54.250 T:3907 DEBUG : CVideoPlayerVideo::OutputPicture - ttd:400ms pts:25.609 Clock:25.208 Level:5
2022-12-30 13:14:54.251 T:3907 DEBUG : CAMLCodec::GetTimeSize: len:23 dl:1606807 fs:1606807 front:30552
2022-12-30 13:14:54.255 T:3908 DEBUG : CVideoPlayerAudio::OutputPacket: pts:25.952 curr_pts:25.212 clock:25.213 level:99
2022-12-30 13:14:54.256 T:3908 DEBUG : CVideoPlayerAudio::OutputPacket: pts:25.984 curr_pts:25.213 clock:25.214 level:99
2022-12-30 13:14:54.259 T:3907 DEBUG : CAMLCodec::AddData: dl:1749120 sum:1779672 sz:172865 dts:26.610 pts:26.818
2022-12-30 13:14:54.259 T:3907 DEBUG : CAMLCodec::GetTimeSize: len:24 dl:1749120 fs:1779672 front:30552
2022-12-30 13:14:54.259 T:3907 DEBUG : CAMLCodec::GetTimeSize: len:23 dl:1749120 fs:1749120 front:39597
2022-12-30 13:14:54.266 T:3904 DEBUG : CVideoPlayer::ProcessAudioData size:2560 dts:33.920 pts:33.920 dur:32.000ms, clock:25.224 drop:0 level:99
2022-12-30 13:14:54.266 T:3904 DEBUG : CVideoPlayer::ProcessAudioData size:2560 dts:33.952 pts:33.952 dur:32.000ms, clock:25.224 drop:0 level:99
2022-12-30 13:14:54.267 T:3907 DEBUG : CAMLCodec::AddData: dl:1848093 sum:1848093 sz:98973 dts:26.652 pts:26.735
2022-12-30 13:14:54.267 T:3907 DEBUG : CAMLCodec::GetTimeSize: len:24 dl:1848093 fs:1848093 front:39597
2022-12-30 13:14:54.282 T:3665 INFO : Skipped 2 duplicate messages..
2022-12-30 13:14:54.282 T:3665 DEBUG : CAMLCodec::PollFrame elapsed:37.037ms
2022-12-30 13:14:54.285 T:3665 DEBUG : PrepareNextRender: frameOnScreen: 25.243 renderPts: 25.410 nextFramePts: 25.400 -> diff: 0.010 render: 1 forceNext: 0
2022-12-30 13:14:54.285 T:3907 DEBUG : CAMLCodec::GetTimeSize: len:24 dl:1848093 fs:1848093 front:39597
2022-12-30 13:14:54.285 T:3907 DEBUG : CAMLCodec::DequeueBuffer: pts:25.651 idx:616
2022-12-30 13:14:54.286 T:3907 DEBUG : CAMLCodec::GetPicture: index: 616, pts: 25.651, dur:42ms ar:2.00
2022-12-30 13:14:54.286 T:3907 DEBUG : CVideoPlayerVideo::OutputPicture - ttd:407ms pts:25.651 Clock:25.244 Level:5
2022-12-30 13:14:54.286 T:3665 DEBUG : CAMLCodec::ReleaseFrame idx:610, drop:0
2022-12-30 13:14:54.287 T:3907 DEBUG : CAMLCodec::GetTimeSize: len:24 dl:1848093 fs:1848093 front:39597
2022-12-30 13:14:54.293 T:3907 DEBUG : CAMLCodec::GetTimeSize: len:24 dl:1808496 fs:1848093 front:39597
2022-12-30 13:14:54.293 T:3907 DEBUG : CAMLCodec::GetTimeSize: len:23 dl:1808496 fs:1808496 front:44043
2022-12-30 13:14:54.300 T:3907 DEBUG : CAMLCodec::AddData: dl:1878772 sum:1878772 sz:70276 dts:26.693 pts:26.693
2022-12-30 13:14:54.300 T:3907 DEBUG : CAMLCodec::GetTimeSize: len:24 dl:1878772 fs:1878772 front:44043
2022-12-30 13:14:54.305 T:3908 DEBUG : CVideoPlayerAudio::OutputPacket: pts:26.016 curr_pts:25.262 clock:25.263 level:99
2022-12-30 13:14:54.306 T:3908 DEBUG : CVideoPlayerAudio::OutputPacket: pts:26.048 curr_pts:25.263 clock:25.264 level:99
2022-12-30 13:14:54.307 T:3907 DEBUG : CAMLCodec::GetTimeSize: len:24 dl:1878772 fs:1878772 front:44043
2022-12-30 13:14:54.307 T:3904 DEBUG : CVideoPlayer::ProcessAudioData size:2560 dts:33.984 pts:33.984 dur:32.000ms, clock:25.265 drop:0 level:99
2022-12-30 13:14:54.308 T:3904 DEBUG : CVideoPlayer::ProcessVideoData size:154933 dts:33.742 pts:33.992 dur:41.000ms, clock:25.266 level:88
2022-12-30 13:14:54.310 T:3904 DEBUG : CVideoPlayer::ProcessVideoData size:108212 dts:33.784 pts:33.909 dur:41.000ms, clock:25.268 level:88
2022-12-30 13:14:54.311 T:3904 DEBUG : CVideoPlayer::ProcessVideoData size:65787 dts:33.825 pts:33.825 dur:41.000ms, clock:25.269 level:89
2022-12-30 13:14:54.311 T:3904 DEBUG : CVideoPlayer::ProcessVideoData size:65641 dts:33.867 pts:33.867 dur:41.000ms, clock:25.269 level:89
2022-12-30 13:14:54.311 T:3904 DEBUG : CVideoPlayer::ProcessVideoData size:53215 dts:33.909 pts:33.951 dur:41.000ms, clock:25.269 level:90
2022-12-30 13:14:54.313 T:3907 DEBUG : CAMLCodec::GetTimeSize: len:24 dl:1878772 fs:1878772 front:44043
2022-12-30 13:14:54.313 T:3904 DEBUG : CVideoPlayer::ProcessVideoData size:223915 dts:33.951 pts:34.034 dur:41.000ms, clock:25.271 level:90
2022-12-30 13:14:54.315 T:3904 DEBUG : CVideoPlayer::ProcessAudioData size:2560 dts:34.016 pts:34.016 dur:32.000ms, clock:25.273 drop:0 level:99
2022-12-30 13:14:54.320 T:3907 DEBUG : CAMLCodec::GetTimeSize: len:24 dl:1878772 fs:1878772 front:44043
2022-12-30 13:14:54.323 T:3665 DEBUG : CAMLCodec::PollFrame elapsed:36.625ms
2022-12-30 13:14:54.327 T:3665 DEBUG : PrepareNextRender: frameOnScreen: 25.285 renderPts: 25.451 nextFramePts: 25.442 -> diff: 0.009 render: 1 forceNext: 0
2022-12-30 13:14:54.328 T:3665 DEBUG : CAMLCodec::ReleaseFrame idx:611, drop:0
2022-12-30 13:14:54.328 T:3907 DEBUG : CAMLCodec::GetTimeSize: len:24 dl:1878772 fs:1878772 front:44043
2022-12-30 13:14:54.328 T:3907 DEBUG : CAMLCodec::DequeueBuffer: pts:25.692 idx:617
2022-12-30 13:14:54.328 T:3907 DEBUG : CAMLCodec::GetPicture: index: 617, pts: 25.692, dur:41ms ar:2.00
2022-12-30 13:14:54.328 T:3907 DEBUG : CVideoPlayerVideo::OutputPicture - ttd:405ms pts:25.692 Clock:25.287 Level:5
2022-12-30 13:14:54.330 T:3907 DEBUG : CAMLCodec::GetTimeSize: len:24 dl:1878772 fs:1878772 front:44043
2022-12-30 13:14:54.336 T:3907 DEBUG : CAMLCodec::GetTimeSize: len:24 dl:1834729 fs:1878772 front:44043
2022-12-30 13:14:54.336 T:3907 DEBUG : CAMLCodec::GetTimeSize: len:23 dl:1834729 fs:1834729 front:75983
2022-12-30 13:14:54.343 T:3907 DEBUG : CAMLCodec::AddData: dl:1919913 sum:1919913 sz:85184 dts:26.735 pts:26.777
2022-12-30 13:14:54.343 T:3907 DEBUG : CAMLCodec::GetTimeSize: len:24 dl:1919913 fs:1919913 front:75983
2022-12-30 13:14:54.355 T:3908 INFO : Skipped 1 duplicate messages..
2022-12-30 13:14:54.355 T:3908 DEBUG : CVideoPlayerAudio::OutputPacket: pts:26.080 curr_pts:25.312 clock:25.313 level:99
2022-12-30 13:14:54.356 T:3907 DEBUG : CAMLCodec::GetTimeSize: len:24 dl:1919913 fs:1919913 front:75983
2022-12-30 13:14:54.358 T:3904 DEBUG : CVideoPlayer::ProcessAudioData size:2560 dts:34.048 pts:34.048 dur:32.000ms, clock:25.316 drop:0 level:99
2022-12-30 13:14:54.362 T:3907 DEBUG : CAMLCodec::GetTimeSize: len:24 dl:1919913 fs:1919913 front:75983
2022-12-30 13:14:54.365 T:3665 DEBUG : CAMLCodec::PollFrame elapsed:36.923ms
2022-12-30 13:14:54.368 T:3665 DEBUG : PrepareNextRender: frameOnScreen: 25.326 renderPts: 25.493 nextFramePts: 25.484 -> diff: 0.009 render: 1 forceNext: 0
2022-12-30 13:14:54.369 T:3665 DEBUG : CAMLCodec::ReleaseFrame idx:612, drop:0
2022-12-30 13:14:54.370 T:3907 DEBUG : CAMLCodec::GetTimeSize: len:24 dl:1919913 fs:1919913 front:75983
2022-12-30 13:14:54.370 T:3907 DEBUG : CAMLCodec::DequeueBuffer: pts:25.734 idx:618
2022-12-30 13:14:54.370 T:3907 DEBUG : CAMLCodec::GetPicture: index: 618, pts: 25.734, dur:42ms ar:2.00
2022-12-30 13:14:54.370 T:3907 DEBUG : CVideoPlayerVideo::OutputPicture - ttd:406ms pts:25.734 Clock:25.328 Level:5
2022-12-30 13:14:54.371 T:3907 DEBUG : CAMLCodec::GetTimeSize: len:24 dl:1919913 fs:1919913 front:75983
2022-12-30 13:14:54.377 T:3907 DEBUG : CAMLCodec::GetTimeSize: len:24 dl:1843930 fs:1919913 front:75983
2022-12-30 13:14:54.377 T:3907 DEBUG : CAMLCodec::GetTimeSize: len:23 dl:1843930 fs:1843930 front:60979
2022-12-30 13:14:54.385 T:3907 DEBUG : CAMLCodec::AddData: dl:2020011 sum:2020011 sz:176081 dts:26.777 pts:26.860
2022-12-30 13:14:54.385 T:3907 DEBUG : CAMLCodec::GetTimeSize: len:24 dl:2020011 fs:2020011 front:60979
2022-12-30 13:14:54.405 T:3908 INFO : Skipped 3 duplicate messages..
2022-12-30 13:14:54.405 T:3908 DEBUG : CVideoPlayerAudio::OutputPacket: pts:26.112 curr_pts:25.362 clock:25.363 level:99
2022-12-30 13:14:54.406 T:3908 DEBUG : CVideoPlayerAudio::OutputPacket: pts:26.144 curr_pts:25.363 clock:25.364 level:99
2022-12-30 13:14:54.407 T:3665 DEBUG : CAMLCodec::PollFrame elapsed:37.006ms
2022-12-30 13:14:54.409 T:3965 DEBUG : Thread LanguageInvoker start, auto delete: false
2022-12-30 13:14:54.409 T:3904 DEBUG : CVideoPlayer::ProcessAudioData size:2560 dts:34.080 pts:34.080 dur:32.000ms, clock:25.367 drop:0 level:99
2022-12-30 13:14:54.410 T:3904 DEBUG : CVideoPlayer::ProcessAudioData size:2560 dts:34.112 pts:34.112 dur:32.000ms, clock:25.368 drop:0 level:99
2022-12-30 13:14:54.410 T:3907 DEBUG : CAMLCodec::GetTimeSize: len:24 dl:2020011 fs:2020011 front:60979
2022-12-30 13:14:54.411 T:3665 DEBUG : PrepareNextRender: frameOnScreen: 25.369 renderPts: 25.536 nextFramePts: 25.525 -> diff: 0.011 render: 1 forceNext: 0
2022-12-30 13:14:54.412 T:3665 DEBUG : CAMLCodec::ReleaseFrame idx:613, drop:0
2022-12-30 13:14:54.412 T:3965 INFO : initializing python engine.
2022-12-30 13:14:54.412 T:3965 DEBUG : CPythonInvoker(44, /storage/.kodi/addons/script.embuary.info/default.py): start processing
2022-12-30 13:14:54.417 T:3907 DEBUG : CAMLCodec::GetTimeSize: len:24 dl:2020011 fs:2020011 front:60979
2022-12-30 13:14:54.446 T:3965 INFO : Skipped 3 duplicate messages..
2022-12-30 13:14:54.446 T:3965 DEBUG : -->Python Interpreter Initialized<--
2022-12-30 13:14:54.446 T:3965 DEBUG :
2022-12-30 13:14:54.446 T:3965 DEBUG : CPythonInvoker(44, /storage/.kodi/addons/script.embuary.info/default.py): the source file to load is "/storage/.kodi/addons/script.embuary.info/default.py"
2022-12-30 13:14:54.446 T:3965 DEBUG : CPythonInvoker(44, /storage/.kodi/addons/script.embuary.info/default.py): setting the Python path to /storage/.kodi/addons/script.embuary.info:/storage/.kodi/addons/script.module.arrow/lib:/storage/.kodi/addons/script.module.certifi/lib:/storage/.kodi/addons/script.module.chardet/lib:/storage/.kodi/addons/script.module.dateutil/lib:/storage/.kodi/addons/script.module.idna/lib:/storage/.kodi/addons/script.module.requests/lib:/storage/.kodi/addons/script.module.routing/lib:/storage/.kodi/addons/script.module.simplecache/lib:/storage/.kodi/addons/script.module.six/lib:/storage/.kodi/addons/script.module.typing_extensions/lib:/storage/.kodi/addons/script.module.urllib3/lib:/usr/lib/python38.zip:/usr/lib/python3.8:/usr/lib/python3.8/lib-dynload:/usr/lib/python3.8/site-packages
2022-12-30 13:14:54.446 T:3907 DEBUG : CAMLCodec::GetTimeSize: len:24 dl:2020011 fs:2020011 front:60979
2022-12-30 13:14:54.446 T:3965 DEBUG : CPythonInvoker(44, /storage/.kodi/addons/script.embuary.info/default.py): entering source directory /storage/.kodi/addons/script.embuary.info
2022-12-30 13:14:54.446 T:3965 DEBUG : CPythonInvoker(44, /storage/.kodi/addons/script.embuary.info/default.py): instantiating addon using automatically obtained id of "script.embuary.info" dependent on version 3.0.0 of the xbmc.python api
2022-12-30 13:14:54.448 T:3665 DEBUG : CAMLCodec::PollFrame elapsed:36.211ms
2022-12-30 13:14:54.452 T:3665 DEBUG : PrepareNextRender: frameOnScreen: 25.410 renderPts: 25.577 nextFramePts: 25.567 -> diff: 0.010 render: 1 forceNext: 0
2022-12-30 13:14:54.453 T:3907 DEBUG : CAMLCodec::GetTimeSize: len:24 dl:2020011 fs:2020011 front:60979
2022-12-30 13:14:54.453 T:3907 DEBUG : CAMLCodec::DequeueBuffer: pts:25.776 idx:619
2022-12-30 13:14:54.453 T:3907 DEBUG : CAMLCodec::GetPicture: index: 619, pts: 25.776, dur:42ms ar:2.00
2022-12-30 13:14:54.453 T:3907 DEBUG : CVideoPlayerVideo::OutputPicture - ttd:364ms pts:25.776 Clock:25.411 Level:4
2022-12-30 13:14:54.454 T:3665 DEBUG : CAMLCodec::ReleaseFrame idx:614, drop:0
2022-12-30 13:14:54.454 T:3907 DEBUG : CAMLCodec::GetTimeSize: len:24 dl:2020011 fs:2020011 front:60979
2022-12-30 13:14:54.455 T:3908 DEBUG : CVideoPlayerAudio::OutputPacket: pts:26.176 curr_pts:25.412 clock:25.413 level:99
2022-12-30 13:14:54.460 T:3904 DEBUG : CVideoPlayer::ProcessAudioData size:2560 dts:34.144 pts:34.144 dur:32.000ms, clock:25.418 drop:0 level:99
2022-12-30 13:14:54.460 T:3907 DEBUG : CAMLCodec::GetTimeSize: len:24 dl:1959032 fs:2020011 front:60979
2022-12-30 13:14:54.461 T:3907 DEBUG : CAMLCodec::GetTimeSize: len:23 dl:1959032 fs:1959032 front:45488
2022-12-30 13:14:54.468 T:3907 DEBUG : CAMLCodec::AddData: dl:2145065 sum:2145065 sz:186033 dts:26.818 pts:26.944
2022-12-30 13:14:54.468 T:3907 DEBUG : CAMLCodec::GetTimeSize: len:24 dl:2145065 fs:2145065 front:45488
2022-12-30 13:14:54.490 T:3665 INFO : Skipped 3 duplicate messages..
2022-12-30 13:14:54.490 T:3665 DEBUG : CAMLCodec::PollFrame elapsed:35.686ms
2022-12-30 13:14:54.492 T:3665 DEBUG : PrepareNextRender: frameOnScreen: 25.450 renderPts: 25.617 nextFramePts: 25.609 -> diff: 0.008 render: 1 forceNext: 0
2022-12-30 13:14:54.493 T:3665 DEBUG : CAMLCodec::ReleaseFrame idx:615, drop:0
2022-12-30 13:14:54.493 T:3907 DEBUG : CAMLCodec::GetTimeSize: len:24 dl:2145065 fs:2145065 front:45488
2022-12-30 13:14:54.493 T:3907 DEBUG : CAMLCodec::DequeueBuffer: pts:25.817 idx:620
2022-12-30 13:14:54.493 T:3907 DEBUG : CAMLCodec::GetPicture: index: 620, pts: 25.817, dur:41ms ar:2.00
2022-12-30 13:14:54.493 T:3907 DEBUG : CVideoPlayerVideo::OutputPicture - ttd:366ms pts:25.817 Clock:25.451 Level:4
2022-12-30 13:14:54.494 T:3907 DEBUG : CAMLCodec::GetTimeSize: len:24 dl:2145065 fs:2145065 front:45488
2022-12-30 13:14:54.500 T:3907 DEBUG : CAMLCodec::GetTimeSize: len:24 dl:2099577 fs:2145065 front:45488
2022-12-30 13:14:54.500 T:3907 DEBUG : CAMLCodec::GetTimeSize: len:23 dl:2099577 fs:2099577 front:63133
2022-12-30 13:14:54.500 T:3907 DEBUG : CAMLCodec::DequeueBuffer: pts:25.859 idx:621
2022-12-30 13:14:54.500 T:3907 DEBUG : CAMLCodec::GetPicture: index: 621, pts: 25.859, dur:42ms ar:2.00
2022-12-30 13:14:54.500 T:3907 DEBUG : CVideoPlayerVideo::OutputPicture - ttd:400ms pts:25.859 Clock:25.458 Level:5
2022-12-30 13:14:54.501 T:3907 DEBUG : CAMLCodec::GetTimeSize: len:23 dl:2099577 fs:2099577 front:63133
2022-12-30 13:14:54.505 T:3908 DEBUG : CVideoPlayerAudio::OutputPacket: pts:26.208 curr_pts:25.462 clock:25.463 level:99
2022-12-30 13:14:54.505 T:3908 DEBUG : CVideoPlayerAudio::OutputPacket: pts:26.240 curr_pts:25.463 clock:25.463 level:99
2022-12-30 13:14:54.509 T:3907 DEBUG : CAMLCodec::AddData: dl:2193412 sum:2193412 sz:93835 dts:26.860 pts:26.902
2022-12-30 13:14:54.509 T:3907 DEBUG : CAMLCodec::GetTimeSize: len:24 dl:2193412 fs:2193412 front:63133
2022-12-30 13:14:54.511 T:3904 DEBUG : CVideoPlayer::ProcessAudioData size:2560 dts:34.176 pts:34.176 dur:32.000ms, clock:25.469 drop:0 level:99
2022-12-30 13:14:54.511 T:3904 DEBUG : CVideoPlayer::ProcessAudioData size:2560 dts:34.208 pts:34.208 dur:32.000ms, clock:25.469 drop:0 level:99
2022-12-30 13:14:54.515 T:3907 DEBUG : CAMLCodec::GetTimeSize: len:24 dl:2130279 fs:2193412 front:63133
2022-12-30 13:14:54.515 T:3907 DEBUG : CAMLCodec::GetTimeSize: len:23 dl:2130279 fs:2130279 front:99793
2022-12-30 13:14:54.523 T:3907 DEBUG : CAMLCodec::AddData: dl:2323849 sum:2323849 sz:193570 dts:26.902 pts:27.110
2022-12-30 13:14:54.523 T:3907 DEBUG : CAMLCodec::GetTimeSize: len:24 dl:2323849 fs:2323849 front:99793
2022-12-30 13:14:54.532 T:3665 INFO : Skipped 1 duplicate messages..
2022-12-30 13:14:54.532 T:3665 DEBUG : CAMLCodec::PollFrame elapsed:38.899ms
2022-12-30 13:14:54.534 T:3665 DEBUG : PrepareNextRender: frameOnScreen: 25.492 renderPts: 25.658 nextFramePts: 25.651 -> diff: 0.007 render: 1 forceNext: 0
2022-12-30 13:14:54.534 T:3665 DEBUG : CAMLCodec::ReleaseFrame idx:616, drop:0
2022-12-30 13:14:54.535 T:3907 DEBUG : CAMLCodec::GetTimeSize: len:24 dl:2323849 fs:2323849 front:99793
2022-12-30 13:14:54.535 T:3907 DEBUG : CAMLCodec::DequeueBuffer: pts:25.901 idx:622
2022-12-30 13:14:54.535 T:3907 DEBUG : CAMLCodec::GetPicture: index: 622, pts: 25.901, dur:42ms ar:2.00
2022-12-30 13:14:54.535 T:3907 DEBUG : CVideoPlayerVideo::OutputPicture - ttd:407ms pts:25.901 Clock:25.493 Level:5
2022-12-30 13:14:54.536 T:3907 DEBUG : CAMLCodec::GetTimeSize: len:24 dl:2323849 fs:2323849 front:99793
2022-12-30 13:14:54.536 T:3907 DEBUG : CAMLCodec::DequeueBuffer: pts:25.943 idx:623
2022-12-30 13:14:54.536 T:3907 DEBUG : CAMLCodec::GetPicture: index: 623, pts: 25.943, dur:42ms ar:2.00
2022-12-30 13:14:54.536 T:3907 DEBUG : CVideoPlayerVideo::OutputPicture - ttd:448ms pts:25.943 Clock:25.494 Level:6
2022-12-30 13:14:54.538 T:3907 DEBUG : CAMLCodec::GetTimeSize: len:24 dl:2323849 fs:2323849 front:99793
2022-12-30 13:14:54.538 T:3907 DEBUG : CAMLCodec::DequeueBuffer: pts:25.984 idx:624
2022-12-30 13:14:54.538 T:3907 DEBUG : CAMLCodec::GetPicture: index: 624, pts: 25.984, dur:41ms ar:2.00
2022-12-30 13:14:54.554 T:3908 DEBUG : CVideoPlayerAudio::OutputPacket: pts:26.272 curr_pts:25.512 clock:25.512 level:99
2022-12-30 13:14:54.562 T:3904 DEBUG : CVideoPlayer::ProcessAudioData size:2560 dts:34.240 pts:34.240 dur:32.000ms, clock:25.520 drop:0 level:99
2022-12-30 13:14:54.573 T:3665 DEBUG : CAMLCodec::PollFrame elapsed:38.978ms
2022-12-30 13:14:54.575 T:3665 DEBUG : PrepareNextRender: frameOnScreen: 25.533 renderPts: 25.700 nextFramePts: 25.692 -> diff: 0.008 render: 1 forceNext: 0
2022-12-30 13:14:54.575 T:3907 DEBUG : CVideoPlayerVideo::OutputPicture - ttd:488ms pts:25.984 Clock:25.496 Level:6
2022-12-30 13:14:54.576 T:3665 DEBUG : CAMLCodec::ReleaseFrame idx:617, drop:0
2022-12-30 13:14:54.576 T:3907 DEBUG : CAMLCodec::GetTimeSize: len:24 dl:2224056 fs:2323849 front:99793
2022-12-30 13:14:54.576 T:3907 DEBUG : CAMLCodec::GetTimeSize: len:23 dl:2224056 fs:2224056 front:68651
2022-12-30 13:14:54.583 T:3965 DEBUG : trying to load setting definitions from old format...
2022-12-30 13:14:54.584 T:3907 DEBUG : CAMLCodec::AddData: dl:2296480 sum:2365131 sz:141075 dts:26.944 pts:27.027
2022-12-30 13:14:54.584 T:3907 DEBUG : CAMLCodec::GetTimeSize: len:24 dl:2296480 fs:2365131 front:68651
2022-12-30 13:14:54.584 T:3907 DEBUG : CAMLCodec::GetTimeSize: len:23 dl:2296480 fs:2296480 front:51131
2022-12-30 13:14:54.584 T:3965 DEBUG : Skin Helper Simplecache --> Initialized
2022-12-30 13:14:54.591 T:3907 DEBUG : CAMLCodec::AddData: dl:2408261 sum:2408261 sz:111781 dts:26.985 pts:26.985
2022-12-30 13:14:54.591 T:3907 DEBUG : CAMLCodec::GetTimeSize: len:24 dl:2408261 fs:2408261 front:51131
2022-12-30 13:14:54.604 T:3908 INFO : Skipped 2 duplicate messages..
2022-12-30 13:14:54.604 T:3908 DEBUG : CVideoPlayerAudio::OutputPacket: pts:26.304 curr_pts:25.562 clock:25.562 level:99
2022-12-30 13:14:54.605 T:3908 DEBUG : CVideoPlayerAudio::OutputPacket: pts:26.336 curr_pts:25.563 clock:25.563 level:99
2022-12-30 13:14:54.610 T:3907 DEBUG : CAMLCodec::GetTimeSize: len:24 dl:2408261 fs:2408261 front:51131
2022-12-30 13:14:54.613 T:3904 DEBUG : CVideoPlayer::ProcessAudioData size:2560 dts:34.272 pts:34.272 dur:32.000ms, clock:25.571 drop:0 level:99
2022-12-30 13:14:54.613 T:3904 DEBUG : CVideoPlayer::ProcessAudioData size:2560 dts:34.304 pts:34.304 dur:32.000ms, clock:25.571 drop:0 level:99
2022-12-30 13:14:54.615 T:3665 DEBUG : CAMLCodec::PollFrame elapsed:39.167ms
2022-12-30 13:14:54.616 T:3907 DEBUG : CAMLCodec::GetTimeSize: len:24 dl:2408261 fs:2408261 front:51131
2022-12-30 13:14:54.617 T:3665 DEBUG : PrepareNextRender: frameOnScreen: 25.575 renderPts: 25.742 nextFramePts: 25.734 -> diff: 0.008 render: 1 forceNext: 0
2022-12-30 13:14:54.617 T:3665 DEBUG : CAMLCodec::ReleaseFrame idx:618, drop:0
2022-12-30 13:14:54.623 T:3907 DEBUG : CAMLCodec::GetTimeSize: len:24 dl:2408261 fs:2408261 front:51131
2022-12-30 13:14:54.629 T:3907 DEBUG : CAMLCodec::GetTimeSize: len:24 dl:2357130 fs:2408261 front:51131
2022-12-30 13:14:54.629 T:3907 DEBUG : CAMLCodec::GetTimeSize: len:23 dl:2357130 fs:2357130 front:65924
2022-12-30 13:14:54.636 T:3907 DEBUG : CAMLCodec::AddData: dl:2457090 sum:2457090 sz:99960 dts:27.027 pts:27.069
2022-12-30 13:14:54.636 T:3907 DEBUG : CAMLCodec::GetTimeSize: len:24 dl:2457090 fs:2457090 front:65924
2022-12-30 13:14:54.654 T:3908 INFO : Skipped 2 duplicate messages..
2022-12-30 13:14:54.654 T:3908 DEBUG : CVideoPlayerAudio::OutputPacket: pts:26.368 curr_pts:25.612 clock:25.612 level:99
2022-12-30 13:14:54.655 T:3908 DEBUG : CVideoPlayerAudio::OutputPacket: pts:26.400 curr_pts:25.612 clock:25.613 level:99
2022-12-30 13:14:54.656 T:3907 DEBUG : CAMLCodec::GetTimeSize: len:24 dl:2457090 fs:2457090 front:65924
2022-12-30 13:14:54.657 T:3665 DEBUG : CAMLCodec::PollFrame elapsed:39.343ms
2022-12-30 13:14:54.659 T:3665 DEBUG : PrepareNextRender: frameOnScreen: 25.617 renderPts: 25.783 nextFramePts: 25.776 -> diff: 0.007 render: 1 forceNext: 0
2022-12-30 13:14:54.659 T:3665 DEBUG : CAMLCodec::ReleaseFrame idx:619, drop:0
2022-12-30 13:14:54.662 T:3907 DEBUG : CAMLCodec::GetTimeSize: len:24 dl:2457090 fs:2457090 front:65924
2022-12-30 13:14:54.662 T:3907 DEBUG : CAMLCodec::DequeueBuffer: pts:26.026 idx:625
2022-12-30 13:14:54.662 T:3907 DEBUG : CAMLCodec::GetPicture: index: 625, pts: 26.026, dur:42ms ar:2.00
2022-12-30 13:14:54.662 T:3907 DEBUG : CVideoPlayerVideo::OutputPicture - ttd:405ms pts:26.026 Clock:25.620 Level:5
2022-12-30 13:14:54.663 T:3904 DEBUG : CVideoPlayer::ProcessAudioData size:2560 dts:34.336 pts:34.336 dur:32.000ms, clock:25.621 drop:0 level:99
2022-12-30 13:14:54.663 T:3904 DEBUG : CVideoPlayer::ProcessAudioData size:2560 dts:34.368 pts:34.368 dur:32.000ms, clock:25.621 drop:0 level:99
2022-12-30 13:14:54.663 T:3907 DEBUG : CAMLCodec::GetTimeSize: len:24 dl:2457090 fs:2457090 front:65924
2022-12-30 13:14:54.669 T:3907 DEBUG : CAMLCodec::GetTimeSize: len:24 dl:2391166 fs:2457090 front:65924
2022-12-30 13:14:54.669 T:3907 DEBUG : CAMLCodec::GetTimeSize: len:23 dl:2391166 fs:2391166 front:50590
2022-12-30 13:14:54.677 T:3907 DEBUG : CAMLCodec::AddData: dl:2591758 sum:2591758 sz:200592 dts:27.069 pts:27.277
2022-12-30 13:14:54.677 T:3907 DEBUG : CAMLCodec::GetTimeSize: len:24 dl:2591758 fs:2591758 front:50590
2022-12-30 13:14:54.699 T:3665 INFO : Skipped 3 duplicate messages..
2022-12-30 13:14:54.699 T:3665 DEBUG : CAMLCodec::PollFrame elapsed:38.997ms
2022-12-30 13:14:54.700 T:3665 DEBUG : PrepareNextRender: frameOnScreen: 25.658 renderPts: 25.825 nextFramePts: 25.817 -> diff: 0.008 render: 1 forceNext: 0
2022-12-30 13:14:54.701 T:3665 DEBUG : CAMLCodec::ReleaseFrame idx:620, drop:0
2022-12-30 13:14:54.702 T:3907 DEBUG : CAMLCodec::GetTimeSize: len:24 dl:2591758 fs:2591758 front:50590
2022-12-30 13:14:54.702 T:3907 DEBUG : CAMLCodec::DequeueBuffer: pts:26.068 idx:626
2022-12-30 13:14:54.702 T:3907 DEBUG : CAMLCodec::GetPicture: index: 626, pts: 26.068, dur:42ms ar:2.00
2022-12-30 13:14:54.702 T:3907 DEBUG : CVideoPlayerVideo::OutputPicture - ttd:408ms pts:26.068 Clock:25.660 Level:5
2022-12-30 13:14:54.703 T:3907 DEBUG : CAMLCodec::GetTimeSize: len:24 dl:2591758 fs:2591758 front:50590
2022-12-30 13:14:54.704 T:3908 DEBUG : CVideoPlayerAudio::OutputPacket: pts:26.432 curr_pts:25.662 clock:25.663 level:99
2022-12-30 13:14:54.709 T:3907 DEBUG : CAMLCodec::GetTimeSize: len:24 dl:2541168 fs:2591758 front:50590
2022-12-30 13:14:54.709 T:3907 DEBUG : CAMLCodec::GetTimeSize: len:23 dl:2541168 fs:2541168 front:68465
2022-12-30 13:14:54.714 T:3904 DEBUG : CVideoPlayer::ProcessAudioData size:2560 dts:34.400 pts:34.400 dur:32.000ms, clock:25.672 drop:0 level:99
2022-12-30 13:14:54.716 T:3907 DEBUG : CAMLCodec::AddData: dl:2637663 sum:2637663 sz:96495 dts:27.110 pts:27.194
2022-12-30 13:14:54.716 T:3907 DEBUG : CAMLCodec::GetTimeSize: len:24 dl:2637663 fs:2637663 front:68465
2022-12-30 13:14:54.740 T:3665 INFO : Skipped 3 duplicate messages..
2022-12-30 13:14:54.740 T:3665 DEBUG : CAMLCodec::PollFrame elapsed:39.138ms
2022-12-30 13:14:54.741 T:3907 DEBUG : CAMLCodec::GetTimeSize: len:24 dl:2637663 fs:2637663 front:68465
2022-12-30 13:14:54.741 T:3907 DEBUG : CAMLCodec::DequeueBuffer: pts:26.109 idx:627
2022-12-30 13:14:54.741 T:3907 DEBUG : CAMLCodec::GetPicture: index: 627, pts: 26.109, dur:41ms ar:2.00
2022-12-30 13:14:54.741 T:3907 DEBUG : CVideoPlayerVideo::OutputPicture - ttd:409ms pts:26.109 Clock:25.699 Level:6
2022-12-30 13:14:54.742 T:3907 DEBUG : CAMLCodec::GetTimeSize: len:24 dl:2637663 fs:2637663 front:68465
2022-12-30 13:14:54.742 T:3665 DEBUG : PrepareNextRender: frameOnScreen: 25.700 renderPts: 25.867 nextFramePts: 25.859 -> diff: 0.008 render: 1 forceNext: 0
2022-12-30 13:14:54.743 T:3665 DEBUG : CAMLCodec::ReleaseFrame idx:621, drop:0
2022-12-30 13:14:54.749 T:3907 DEBUG : CAMLCodec::GetTimeSize: len:24 dl:2637663 fs:2637663 front:68465
2022-12-30 13:14:54.754 T:3904 DEBUG : CVideoPlayer::ProcessAudioData size:2560 dts:34.432 pts:34.432 dur:32.000ms, clock:25.712 drop:0 level:99
2022-12-30 13:14:54.754 T:3908 DEBUG : CVideoPlayerAudio::OutputPacket: pts:26.464 curr_pts:25.712 clock:25.712 level:99
2022-12-30 13:14:54.755 T:3908 DEBUG : CVideoPlayerAudio::OutputPacket: pts:26.496 curr_pts:25.712 clock:25.713 level:99
2022-12-30 13:14:54.755 T:3907 DEBUG : CAMLCodec::GetTimeSize: len:24 dl:2569198 fs:2637663 front:68465
2022-12-30 13:14:54.755 T:3907 DEBUG : CAMLCodec::GetTimeSize: len:23 dl:2569198 fs:2569198 front:63529
2022-12-30 13:14:54.763 T:3907 DEBUG : CAMLCodec::AddData: dl:2627344 sum:2627344 sz:58146 dts:27.152 pts:27.152
2022-12-30 13:14:54.763 T:3907 DEBUG : CAMLCodec::GetTimeSize: len:24 dl:2627344 fs:2627344 front:63529
2022-12-30 13:14:54.764 T:3904 DEBUG : CVideoPlayer::ProcessAudioData size:2560 dts:34.464 pts:34.464 dur:32.000ms, clock:25.723 drop:0 level:99
2022-12-30 13:14:54.769 T:3907 DEBUG : CAMLCodec::GetTimeSize: len:24 dl:2627344 fs:2627344 front:63529
2022-12-30 13:14:54.782 T:3665 INFO : Skipped 2 duplicate messages..
2022-12-30 13:14:54.782 T:3665 DEBUG : CAMLCodec::PollFrame elapsed:38.778ms
2022-12-30 13:14:54.784 T:3665 DEBUG : PrepareNextRender: frameOnScreen: 25.742 renderPts: 25.909 nextFramePts: 25.901 -> diff: 0.008 render: 1 forceNext: 0
2022-12-30 13:14:54.784 T:3665 DEBUG : CAMLCodec::ReleaseFrame idx:622, drop:0
2022-12-30 13:14:54.787 T:3907 DEBUG : CAMLCodec::GetTimeSize: len:24 dl:2627344 fs:2627344 front:63529
2022-12-30 13:14:54.788 T:3907 DEBUG : CAMLCodec::DequeueBuffer: pts:26.151 idx:628
2022-12-30 13:14:54.788 T:3907 DEBUG : CAMLCodec::GetPicture: index: 628, pts: 26.151, dur:42ms ar:2.00
2022-12-30 13:14:54.788 T:3907 DEBUG : CVideoPlayerVideo::OutputPicture - ttd:405ms pts:26.151 Clock:25.746 Level:5
2022-12-30 13:14:54.789 T:3907 DEBUG : CAMLCodec::GetTimeSize: len:24 dl:2627344 fs:2627344 front:63529
2022-12-30 13:14:54.795 T:3907 DEBUG : CAMLCodec::GetTimeSize: len:24 dl:2563815 fs:2627344 front:63529
2022-12-30 13:14:54.795 T:3907 DEBUG : CAMLCodec::GetTimeSize: len:23 dl:2563815 fs:2563815 front:63103
2022-12-30 13:14:54.802 T:3907 DEBUG : CAMLCodec::AddData: dl:2615480 sum:2615480 sz:51665 dts:27.194 pts:27.236
2022-12-30 13:14:54.802 T:3907 DEBUG : CAMLCodec::GetTimeSize: len:24 dl:2615480 fs:2615480 front:63103
2022-12-30 13:14:54.804 T:3908 DEBUG : CVideoPlayerAudio::OutputPacket: pts:26.528 curr_pts:25.762 clock:25.762 level:99
2022-12-30 13:14:54.805 T:3904 DEBUG : CVideoPlayer::ProcessAudioData size:2560 dts:34.496 pts:34.496 dur:32.000ms, clock:25.763 drop:0 level:99
2022-12-30 13:14:54.808 T:3907 DEBUG : CAMLCodec::GetTimeSize: len:24 dl:2615480 fs:2615480 front:63103
2022-12-30 13:14:54.824 T:3665 INFO : Skipped 2 duplicate messages..
2022-12-30 13:14:54.824 T:3665 DEBUG : CAMLCodec::PollFrame elapsed:38.943ms
2022-12-30 13:14:54.826 T:3665 DEBUG : PrepareNextRender: frameOnScreen: 25.784 renderPts: 25.950 nextFramePts: 25.943 -> diff: 0.007 render: 1 forceNext: 0
2022-12-30 13:14:54.826 T:3665 DEBUG : CAMLCodec::ReleaseFrame idx:623, drop:0
2022-12-30 13:14:54.827 T:3907 DEBUG : CAMLCodec::GetTimeSize: len:24 dl:2615480 fs:2615480 front:63103
2022-12-30 13:14:54.827 T:3907 DEBUG : CAMLCodec::DequeueBuffer: pts:26.193 idx:629
2022-12-30 13:14:54.827 T:3907 DEBUG : CAMLCodec::GetPicture: index: 629, pts: 26.193, dur:42ms ar:2.00
2022-12-30 13:14:54.827 T:3907 DEBUG : CVideoPlayerVideo::OutputPicture - ttd:407ms pts:26.193 Clock:25.785 Level:5
2022-12-30 13:14:54.828 T:3907 DEBUG : CAMLCodec::GetTimeSize: len:24 dl:2615480 fs:2615480 front:63103
2022-12-30 13:14:54.834 T:3907 DEBUG : CAMLCodec::GetTimeSize: len:24 dl:2552377 fs:2615480 front:63103
2022-12-30 13:14:54.834 T:3907 DEBUG : CAMLCodec::GetTimeSize: len:23 dl:2552377 fs:2552377 front:59756
2022-12-30 13:14:54.842 T:3907 DEBUG : CAMLCodec::AddData: dl:2776972 sum:2776972 sz:224595 dts:27.236 pts:27.444
2022-12-30 13:14:54.842 T:3907 DEBUG : CAMLCodec::GetTimeSize: len:24 dl:2776972 fs:2776972 front:59756
2022-12-30 13:14:54.854 T:3908 INFO : Skipped 1 duplicate messages..
2022-12-30 13:14:54.854 T:3908 DEBUG : CVideoPlayerAudio::OutputPacket: pts:26.560 curr_pts:25.812 clock:25.812 level:99
2022-12-30 13:14:54.854 T:3907 DEBUG : CAMLCodec::GetTimeSize: len:24 dl:2776972 fs:2776972 front:59756
2022-12-30 13:14:54.855 T:3908 DEBUG : CVideoPlayerAudio::OutputPacket: pts:26.592 curr_pts:25.812 clock:25.813 level:99
2022-12-30 13:14:54.856 T:3904 DEBUG : CVideoPlayer::ProcessVideoData size:111660 dts:33.992 pts:34.326 dur:41.000ms, clock:25.814 level:84
2022-12-30 13:14:54.856 T:3904 DEBUG : CVideoPlayer::ProcessVideoData size:98459 dts:34.034 pts:34.201 dur:41.000ms, clock:25.814 level:84
2022-12-30 13:14:54.856 T:3904 DEBUG : CVideoPlayer::ProcessVideoData size:66055 dts:34.076 pts:34.076 dur:41.000ms, clock:25.814 level:85
2022-12-30 13:14:54.859 T:3904 DEBUG : CVideoPlayer::ProcessVideoData size:69832 dts:34.117 pts:34.117 dur:41.000ms, clock:25.817 level:85
2022-12-30 13:14:54.859 T:3904 DEBUG : CVideoPlayer::ProcessVideoData size:64274 dts:34.159 pts:34.159 dur:41.000ms, clock:25.817 level:86
2022-12-30 13:14:54.860 T:3904 DEBUG : CVideoPlayer::ProcessVideoData size:73338 dts:34.201 pts:34.243 dur:41.000ms, clock:25.818 level:87
2022-12-30 13:14:54.860 T:3904 DEBUG : CVideoPlayer::ProcessVideoData size:60560 dts:34.243 pts:34.284 dur:41.000ms, clock:25.818 level:87
2022-12-30 13:14:54.860 T:3904 DEBUG : CVideoPlayer::ProcessVideoData size:53491 dts:34.284 pts:34.493 dur:41.000ms, clock:25.818 level:88
2022-12-30 13:14:54.861 T:3904 DEBUG : CVideoPlayer::ProcessVideoData size:43128 dts:34.326 pts:34.409 dur:41.000ms, clock:25.819 level:88
2022-12-30 13:14:54.861 T:3904 DEBUG : CVideoPlayer::ProcessVideoData size:27015 dts:34.368 pts:34.368 dur:41.000ms, clock:25.819 level:89
2022-12-30 13:14:54.861 T:3904 DEBUG : CVideoPlayer::ProcessVideoData size:20081 dts:34.409 pts:34.451 dur:41.000ms, clock:25.819 level:89
2022-12-30 13:14:54.861 T:3904 DEBUG : CVideoPlayer::ProcessVideoData size:34038 dts:34.451 pts:34.534 dur:41.000ms, clock:25.819 level:90
2022-12-30 13:14:54.862 T:3904 DEBUG : CVideoPlayer::ProcessAudioData size:2560 dts:34.528 pts:34.528 dur:32.000ms, clock:25.820 drop:0 level:99
2022-12-30 13:14:54.862 T:3904 DEBUG : CVideoPlayer::ProcessAudioData size:2560 dts:34.560 pts:34.560 dur:32.000ms, clock:25.820 drop:0 level:99
2022-12-30 13:14:54.863 T:3907 DEBUG : CAMLCodec::GetTimeSize: len:24 dl:2776972 fs:2776972 front:59756
2022-12-30 13:14:54.865 T:3665 DEBUG : CAMLCodec::PollFrame elapsed:38.887ms
2022-12-30 13:14:54.869 T:3907 DEBUG : CAMLCodec::GetTimeSize: len:24 dl:2776972 fs:2776972 front:59756
2022-12-30 13:14:54.869 T:3907 DEBUG : CAMLCodec::DequeueBuffer: pts:26.235 idx:630
2022-12-30 13:14:54.869 T:3665 DEBUG : PrepareNextRender: frameOnScreen: 25.827 renderPts: 25.994 nextFramePts: 25.984 -> diff: 0.010 render: 1 forceNext: 0
2022-12-30 13:14:54.869 T:3907 DEBUG : CAMLCodec::GetPicture: index: 630, pts: 26.235, dur:42ms ar:2.00
2022-12-30 13:14:54.869 T:3907 DEBUG : CVideoPlayerVideo::OutputPicture - ttd:407ms pts:26.235 Clock:25.827 Level:5
2022-12-30 13:14:54.870 T:3665 DEBUG : CAMLCodec::ReleaseFrame idx:624, drop:0
2022-12-30 13:14:54.870 T:3907 DEBUG : CAMLCodec::GetTimeSize: len:24 dl:2776972 fs:2776972 front:59756
2022-12-30 13:14:54.877 T:3907 DEBUG : CAMLCodec::GetTimeSize: len:24 dl:2717216 fs:2776972 front:59756
2022-12-30 13:14:54.877 T:3907 DEBUG : CAMLCodec::GetTimeSize: len:23 dl:2717216 fs:2717216 front:50436
2022-12-30 13:14:54.884 T:3907 DEBUG : CAMLCodec::AddData: dl:2804716 sum:2804716 sz:87500 dts:27.277 pts:27.361
2022-12-30 13:14:54.884 T:3907 DEBUG : CAMLCodec::GetTimeSize: len:24 dl:2804716 fs:2804716 front:50436
2022-12-30 13:14:54.905 T:3908 INFO : Skipped 3 duplicate messages..
2022-12-30 13:14:54.905 T:3908 DEBUG : CVideoPlayerAudio::OutputPacket: pts:26.624 curr_pts:25.862 clock:25.863 level:99
2022-12-30 13:14:54.907 T:3665 DEBUG : CAMLCodec::PollFrame elapsed:37.058ms
2022-12-30 13:14:54.909 T:3907 DEBUG : CAMLCodec::GetTimeSize: len:24 dl:2804716 fs:2804716 front:50436
2022-12-30 13:14:54.910 T:3665 DEBUG : PrepareNextRender: frameOnScreen: 25.868 renderPts: 26.034 nextFramePts: 26.026 -> diff: 0.008 render: 1 forceNext: 0
2022-12-30 13:14:54.911 T:3665 DEBUG : CAMLCodec::ReleaseFrame idx:625, drop:0
2022-12-30 13:14:54.912 T:3904 DEBUG : CVideoPlayer::ProcessAudioData size:2560 dts:34.592 pts:34.592 dur:32.000ms, clock:25.870 drop:0 level:99
2022-12-30 13:14:54.915 T:3907 DEBUG : CAMLCodec::GetTimeSize: len:24 dl:2804716 fs:2804716 front:50436
2022-12-30 13:14:54.915 T:3907 DEBUG : CAMLCodec::DequeueBuffer: pts:26.276 idx:631
2022-12-30 13:14:54.915 T:3907 DEBUG : CAMLCodec::GetPicture: index: 631, pts: 26.276, dur:41ms ar:2.00
2022-12-30 13:14:54.915 T:3907 DEBUG : CVideoPlayerVideo::OutputPicture - ttd:402ms pts:26.276 Clock:25.873 Level:5
2022-12-30 13:14:54.916 T:3965 DEBUG : JSONRPC: Incoming request: {"jsonrpc": "2.0", "id": 1, "method": "VideoLibrary.GetTVShows", "params": {"properties": ["title", "originaltitle", "year", "playcount", "episode", "watchedepisodes", "uniqueid", "art"], "sort": {"order": "descending", "method": "year"}}}
2022-12-30 13:14:54.916 T:3907 DEBUG : CAMLCodec::GetTimeSize: len:24 dl:2804716 fs:2804716 front:50436
2022-12-30 13:14:54.922 T:3965 DEBUG : DatabaseUtils::GetSortFieldList: unknown field 26
2022-12-30 13:14:54.922 T:3965 DEBUG : DatabaseUtils::GetSortFieldList: unknown field 31
2022-12-30 13:14:54.922 T:3965 DEBUG : DatabaseUtils::GetSortFieldList: unknown field 40
2022-12-30 13:14:54.922 T:3965 DEBUG : DatabaseUtils::GetSortFieldList: unknown field 68
2022-12-30 13:14:54.923 T:3907 DEBUG : CAMLCodec::GetTimeSize: len:24 dl:2754280 fs:2804716 front:50436
2022-12-30 13:14:54.923 T:3907 DEBUG : CAMLCodec::GetTimeSize: len:23 dl:2754280 fs:2754280 front:36488
2022-12-30 13:14:54.928 T:3907 DEBUG : CAMLCodec::AddData: dl:2797122 sum:2797122 sz:42842 dts:27.319 pts:27.319
2022-12-30 13:14:54.928 T:3907 DEBUG : CAMLCodec::GetTimeSize: len:24 dl:2797122 fs:2797122 front:36488
2022-12-30 13:14:54.936 T:3965 INFO : Skipped 1 duplicate messages..
2022-12-30 13:14:54.936 T:3965 DEBUG : JSONRPC: Incoming request: {"jsonrpc": "2.0", "id": 1, "method": "VideoLibrary.GetMovies", "params": {"properties": ["title", "originaltitle", "year", "uniqueid", "playcount", "file", "art"], "sort": {"order": "descending", "method": "year"}}}
2022-12-30 13:14:54.940 T:3907 DEBUG : CAMLCodec::GetTimeSize: len:24 dl:2797122 fs:2797122 front:36488
2022-12-30 13:14:54.941 T:3965 DEBUG : DatabaseUtils::GetSortFieldList: unknown field 26
2022-12-30 13:14:54.942 T:3965 DEBUG : DatabaseUtils::GetSortFieldList: unknown field 31
2022-12-30 13:14:54.942 T:3965 DEBUG : DatabaseUtils::GetSortFieldList: unknown field 40
2022-12-30 13:14:54.942 T:3965 DEBUG : DatabaseUtils::GetSortFieldList: unknown field 68
2022-12-30 13:14:54.946 T:3907 DEBUG : CAMLCodec::GetTimeSize: len:24 dl:2797122 fs:2797122 front:36488
2022-12-30 13:14:54.949 T:3665 DEBUG : CAMLCodec::PollFrame elapsed:37.733ms
2022-12-30 13:14:54.950 T:3665 DEBUG : PrepareNextRender: frameOnScreen: 25.908 renderPts: 26.075 nextFramePts: 26.068 -> diff: 0.007 render: 1 forceNext: 0
2022-12-30 13:14:54.951 T:3665 DEBUG : CAMLCodec::ReleaseFrame idx:626, drop:0
2022-12-30 13:14:54.953 T:3907 DEBUG : CAMLCodec::GetTimeSize: len:24 dl:2797122 fs:2797122 front:36488
2022-12-30 13:14:54.953 T:3907 DEBUG : CAMLCodec::DequeueBuffer: pts:26.318 idx:632
2022-12-30 13:14:54.953 T:3907 DEBUG : CAMLCodec::GetPicture: index: 632, pts: 26.318, dur:42ms ar:2.00
2022-12-30 13:14:54.953 T:3907 DEBUG : CVideoPlayerVideo::OutputPicture - ttd:407ms pts:26.318 Clock:25.911 Level:5
2022-12-30 13:14:54.954 T:3908 DEBUG : CVideoPlayerAudio::OutputPacket: pts:26.656 curr_pts:25.912 clock:25.912 level:99
2022-12-30 13:14:54.955 T:3908 DEBUG : CVideoPlayerAudio::OutputPacket: pts:26.688 curr_pts:25.912 clock:25.913 level:99
2022-12-30 13:14:54.955 T:3907 DEBUG : CAMLCodec::GetTimeSize: len:24 dl:2797122 fs:2797122 front:36488
2022-12-30 13:14:54.961 T:3907 DEBUG : CAMLCodec::GetTimeSize: len:24 dl:2760634 fs:2797122 front:36488
2022-12-30 13:14:54.961 T:3907 DEBUG : CAMLCodec::GetTimeSize: len:23 dl:2760634 fs:2760634 front:149754
2022-12-30 13:14:54.963 T:3904 DEBUG : CVideoPlayer::ProcessAudioData size:2560 dts:34.624 pts:34.624 dur:32.000ms, clock:25.921 drop:0 level:99
2022-12-30 13:14:54.963 T:3904 DEBUG : CVideoPlayer::ProcessAudioData size:2560 dts:34.656 pts:34.656 dur:32.000ms, clock:25.921 drop:0 level:99
2022-12-30 13:14:54.966 T:3907 DEBUG : CAMLCodec::AddData: dl:2793448 sum:2793448 sz:32814 dts:27.361 pts:27.402
2022-12-30 13:14:54.966 T:3907 DEBUG : CAMLCodec::GetTimeSize: len:24 dl:2793448 fs:2793448 front:149754
2022-12-30 13:14:54.991 T:3665 INFO : Skipped 3 duplicate messages..
2022-12-30 13:14:54.991 T:3665 DEBUG : CAMLCodec::PollFrame elapsed:39.183ms
2022-12-30 13:14:54.991 T:3907 DEBUG : CAMLCodec::GetTimeSize: len:24 dl:2793448 fs:2793448 front:149754
2022-12-30 13:14:54.992 T:3665 DEBUG : PrepareNextRender: frameOnScreen: 25.950 renderPts: 26.117 nextFramePts: 26.109 -> diff: 0.008 render: 1 forceNext: 0
2022-12-30 13:14:54.993 T:3665 DEBUG : CAMLCodec::ReleaseFrame idx:627, drop:0
2022-12-30 13:14:54.997 T:3907 DEBUG : CAMLCodec::GetTimeSize: len:24 dl:2793448 fs:2793448 front:149754
2022-12-30 13:14:54.997 T:3907 DEBUG : CAMLCodec::DequeueBuffer: pts:26.360 idx:633
2022-12-30 13:14:54.997 T:3907 DEBUG : CAMLCodec::GetPicture: index: 633, pts: 26.360, dur:42ms ar:2.00
2022-12-30 13:14:54.997 T:3907 DEBUG : CVideoPlayerVideo::OutputPicture - ttd:404ms pts:26.360 Clock:25.955 Level:5
2022-12-30 13:14:54.998 T:3907 DEBUG : CAMLCodec::GetTimeSize: len:24 dl:2793448 fs:2793448 front:149754
2022-12-30 13:14:55.005 T:3908 DEBUG : CVideoPlayerAudio::OutputPacket: pts:26.720 curr_pts:25.962 clock:25.963 level:99
2022-12-30 13:14:55.006 T:3907 DEBUG : CAMLCodec::GetTimeSize: len:24 dl:2643694 fs:2793448 front:149754
2022-12-30 13:14:55.006 T:3907 DEBUG : CAMLCodec::GetTimeSize: len:23 dl:2643694 fs:2643694 front:175966
2022-12-30 13:14:55.013 T:3907 DEBUG : CAMLCodec::AddData: dl:2855936 sum:2855936 sz:212242 dts:27.402 pts:27.611
2022-12-30 13:14:55.013 T:3907 DEBUG : CAMLCodec::GetTimeSize: len:24 dl:2855936 fs:2855936 front:175966
2022-12-30 13:14:55.013 T:3904 DEBUG : CVideoPlayer::ProcessAudioData size:2560 dts:34.688 pts:34.688 dur:32.000ms, clock:25.972 drop:0 level:99
2022-12-30 13:14:55.020 T:3907 DEBUG : CAMLCodec::GetTimeSize: len:24 dl:2855936 fs:2855936 front:175966
2022-12-30 13:14:55.024 T:3965 INFO : CPythonInvoker(44, /storage/.kodi/addons/script.embuary.info/default.py): script successfully run
2022-12-30 13:14:55.024 T:3965 DEBUG : onExecutionDone(44, /storage/.kodi/addons/script.embuary.info/default.py)
2022-12-30 13:14:55.026 T:3907 DEBUG : CAMLCodec::GetTimeSize: len:24 dl:2855936 fs:2855936 front:175966
2022-12-30 13:14:55.032 T:3665 INFO : Skipped 1 duplicate messages..
2022-12-30 13:14:55.032 T:3665 DEBUG : CAMLCodec::PollFrame elapsed:39.073ms
2022-12-30 13:14:55.035 T:3665 DEBUG : PrepareNextRender: frameOnScreen: 25.993 renderPts: 26.160 nextFramePts: 26.151 -> diff: 0.009 render: 1 forceNext: 0
2022-12-30 13:14:55.037 T:3665 DEBUG : CAMLCodec::ReleaseFrame idx:628, drop:0
2022-12-30 13:14:55.038 T:3907 DEBUG : CAMLCodec::GetTimeSize: len:24 dl:2855936 fs:2855936 front:175966
2022-12-30 13:14:55.038 T:3907 DEBUG : CAMLCodec::DequeueBuffer: pts:26.401 idx:634
2022-12-30 13:14:55.038 T:3907 DEBUG : CAMLCodec::GetPicture: index: 634, pts: 26.401, dur:41ms ar:2.00
2022-12-30 13:14:55.039 T:3907 DEBUG : CVideoPlayerVideo::OutputPicture - ttd:404ms pts:26.401 Clock:25.997 Level:5
2022-12-30 13:14:55.040 T:3907 DEBUG : CAMLCodec::GetTimeSize: len:24 dl:2855936 fs:2855936 front:175966
2022-12-30 13:14:55.046 T:3907 DEBUG : CAMLCodec::GetTimeSize: len:24 dl:2679970 fs:2855936 front:175966
2022-12-30 13:14:55.046 T:3907 DEBUG : CAMLCodec::GetTimeSize: len:23 dl:2679970 fs:2679970 front:98391
2022-12-30 13:14:55.053 T:3907 DEBUG : CAMLCodec::AddData: dl:2761979 sum:2761979 sz:82009 dts:27.444 pts:27.527
2022-12-30 13:14:55.053 T:3907 DEBUG : CAMLCodec::GetTimeSize: len:24 dl:2761979 fs:2761979 front:98391
2022-12-30 13:14:55.054 T:3904 DEBUG : CVideoPlayer::ProcessAudioData size:2560 dts:34.720 pts:34.720 dur:32.000ms, clock:26.012 drop:0 level:99
2022-12-30 13:14:55.054 T:3908 DEBUG : CVideoPlayerAudio::OutputPacket: pts:26.752 curr_pts:26.012 clock:26.012 level:100
2022-12-30 13:14:55.055 T:3908 DEBUG : CVideoPlayerAudio::OutputPacket: pts:26.784 curr_pts:26.012 clock:26.013 level:99
2022-12-30 13:14:55.060 T:3907 DEBUG : CAMLCodec::GetTimeSize: len:24 dl:2761979 fs:2761979 front:98391
2022-12-30 13:14:55.064 T:3904 DEBUG : CVideoPlayer::ProcessAudioData size:2560 dts:34.752 pts:34.752 dur:32.000ms, clock:26.022 drop:0 level:99
2022-12-30 13:14:55.066 T:3907 DEBUG : CAMLCodec::GetTimeSize: len:24 dl:2761979 fs:2761979 front:98391
2022-12-30 13:14:55.074 T:3665 INFO : Skipped 1 duplicate messages..
2022-12-30 13:14:55.074 T:3665 DEBUG : CAMLCodec::PollFrame elapsed:37.152ms
2022-12-30 13:14:55.076 T:3665 DEBUG : PrepareNextRender: frameOnScreen: 26.034 renderPts: 26.201 nextFramePts: 26.193 -> diff: 0.008 render: 1 forceNext: 0
2022-12-30 13:14:55.077 T:3665 DEBUG : CAMLCodec::ReleaseFrame idx:629, drop:0
2022-12-30 13:14:55.078 T:3907 DEBUG : CAMLCodec::GetTimeSize: len:24 dl:2761979 fs:2761979 front:98391
2022-12-30 13:14:55.078 T:3907 DEBUG : CAMLCodec::DequeueBuffer: pts:26.443 idx:635
2022-12-30 13:14:55.079 T:3907 DEBUG : CAMLCodec::GetPicture: index: 635, pts: 26.443, dur:42ms ar:2.00
2022-12-30 13:14:55.079 T:3907 DEBUG : CVideoPlayerVideo::OutputPicture - ttd:406ms pts:26.443 Clock:26.037 Level:5
2022-12-30 13:14:55.080 T:3907 DEBUG : CAMLCodec::GetTimeSize: len:24 dl:2761979 fs:2761979 front:98391
2022-12-30 13:14:55.086 T:3907 DEBUG : CAMLCodec::GetTimeSize: len:24 dl:2663588 fs:2761979 front:98391
2022-12-30 13:14:55.086 T:3907 DEBUG : CAMLCodec::GetTimeSize: len:23 dl:2663588 fs:2663588 front:65981
2022-12-30 13:14:55.091 T:3907 DEBUG : CAMLCodec::AddData: dl:2693419 sum:2693419 sz:29831 dts:27.486 pts:27.486
2022-12-30 13:14:55.091 T:3907 DEBUG : CAMLCodec::GetTimeSize: len:24 dl:2693419 fs:2693419 front:65981
2022-12-30 13:14:55.105 T:3908 INFO : Skipped 2 duplicate messages..
2022-12-30 13:14:55.105 T:3908 DEBUG : CVideoPlayerAudio::OutputPacket: pts:26.816 curr_pts:26.062 clock:26.063 level:99
2022-12-30 13:14:55.105 T:3904 DEBUG : CVideoPlayer::ProcessVideoData size:42828 dts:34.493 pts:34.618 dur:41.000ms, clock:26.063 level:87
2022-12-30 13:14:55.105 T:3908 DEBUG : CVideoPlayerAudio::OutputPacket: pts:26.848 curr_pts:26.063 clock:26.063 level:99
2022-12-30 13:14:55.105 T:3904 DEBUG : CVideoPlayer::ProcessVideoData size:11747 dts:34.534 pts:34.576 dur:41.000ms, clock:26.063 level:88
2022-12-30 13:14:55.105 T:3904 DEBUG : CVideoPlayer::ProcessVideoData size:39322 dts:34.576 pts:34.660 dur:41.000ms, clock:26.063 level:88
2022-12-30 13:14:55.106 T:3904 DEBUG : CVideoPlayer::ProcessAudioData size:2560 dts:34.784 pts:34.784 dur:32.000ms, clock:26.064 drop:0 level:99
2022-12-30 13:14:55.106 T:3904 DEBUG : CVideoPlayer::ProcessVideoData size:194408 dts:34.618 pts:34.826 dur:41.000ms, clock:26.065 level:89
2022-12-30 13:14:55.108 T:3904 DEBUG : CVideoPlayer::ProcessVideoData size:159638 dts:34.660 pts:34.743 dur:41.000ms, clock:26.066 level:89
2022-12-30 13:14:55.109 T:3904 DEBUG : CVideoPlayer::ProcessVideoData size:127506 dts:34.701 pts:34.701 dur:41.000ms, clock:26.067 level:90
2022-12-30 13:14:55.109 T:3904 DEBUG : CVideoPlayer::ProcessVideoData size:101129 dts:34.743 pts:34.785 dur:41.000ms, clock:26.067 level:90
2022-12-30 13:14:55.110 T:3904 DEBUG : CVideoPlayer::ProcessAudioData size:2560 dts:34.816 pts:34.816 dur:32.000ms, clock:26.068 drop:0 level:99
2022-12-30 13:14:55.110 T:3907 DEBUG : CAMLCodec::GetTimeSize: len:24 dl:2693419 fs:2693419 front:65981
2022-12-30 13:14:55.116 T:3665 DEBUG : CAMLCodec::PollFrame elapsed:38.653ms
2022-12-30 13:14:55.117 T:3907 DEBUG : CAMLCodec::GetTimeSize: len:24 dl:2693419 fs:2693419 front:65981
2022-12-30 13:14:55.117 T:3907 DEBUG : CAMLCodec::DequeueBuffer: pts:26.485 idx:636
2022-12-30 13:14:55.117 T:3907 DEBUG : CAMLCodec::GetPicture: index: 636, pts: 26.485, dur:42ms ar:2.00
2022-12-30 13:14:55.117 T:3907 DEBUG : CVideoPlayerVideo::OutputPicture - ttd:410ms pts:26.485 Clock:26.075 Level:6
2022-12-30 13:14:55.118 T:3665 DEBUG : PrepareNextRender: frameOnScreen: 26.076 renderPts: 26.242 nextFramePts: 26.235 -> diff: 0.007 render: 1 forceNext: 0
2022-12-30 13:14:55.118 T:3907 DEBUG : CAMLCodec::GetTimeSize: len:24 dl:2693419 fs:2693419 front:65981
2022-12-30 13:14:55.119 T:3665 DEBUG : CAMLCodec::ReleaseFrame idx:630, drop:0
2022-12-30 13:14:55.124 T:3907 DEBUG : CAMLCodec::GetTimeSize: len:24 dl:2693419 fs:2693419 front:65981
2022-12-30 13:14:55.130 T:3907 DEBUG : CAMLCodec::GetTimeSize: len:24 dl:2627438 fs:2693419 front:65981
2022-12-30 13:14:55.131 T:3907 DEBUG : CAMLCodec::GetTimeSize: len:23 dl:2627438 fs:2627438 front:79074
