2022-12-30 13:14:59.538 T:3907 DEBUG : CAMLCodec::GetTimeSize: len:24 dl:2073317 fs:2073317 front:38826
2022-12-30 13:14:59.538 T:3907 DEBUG : CAMLCodec::DequeueBuffer: pts:30.906 idx:742
2022-12-30 13:14:59.538 T:3907 DEBUG : CAMLCodec::GetPicture: index: 742, pts: 30.906, dur:42ms ar:2.00
2022-12-30 13:14:59.539 T:3907 DEBUG : CVideoPlayerVideo::OutputPicture - ttd:409ms pts:30.906 Clock:30.497 Level:6
2022-12-30 13:14:59.540 T:3907 DEBUG : CAMLCodec::GetTimeSize: len:24 dl:2073317 fs:2073317 front:38826
2022-12-30 13:14:59.541 T:3665 DEBUG : PrepareNextRender: frameOnScreen: 30.499 renderPts: 30.666 nextFramePts: 30.656 -> diff: 0.010 render: 1 forceNext: 0
2022-12-30 13:14:59.543 T:3665 DEBUG : CAMLCodec::ReleaseFrame idx:736, drop:0
2022-12-30 13:14:59.546 T:3907 DEBUG : CAMLCodec::GetTimeSize: len:24 dl:2034491 fs:2073317 front:38826
2022-12-30 13:14:59.546 T:3907 DEBUG : CAMLCodec::GetTimeSize: len:23 dl:2034491 fs:2034491 front:132244
2022-12-30 13:14:59.554 T:3907 DEBUG : CAMLCodec::AddData: dl:2230072 sum:2230072 sz:195581 dts:31.949 pts:32.032
2022-12-30 13:14:59.554 T:3907 DEBUG : CAMLCodec::GetTimeSize: len:24 dl:2230072 fs:2230072 front:132244
2022-12-30 13:14:59.555 T:3908 DEBUG : CVideoPlayerAudio::OutputPacket: pts:31.264 curr_pts:30.512 clock:30.513 level:99
2022-12-30 13:14:59.555 T:3908 DEBUG : CVideoPlayerAudio::OutputPacket: pts:31.296 curr_pts:30.513 clock:30.514 level:99
2022-12-30 13:14:59.556 T:3904 DEBUG : CVideoPlayer::ProcessAudioData size:2560 dts:39.232 pts:39.232 dur:32.000ms, clock:30.514 drop:0 level:99
2022-12-30 13:14:59.557 T:3904 DEBUG : CVideoPlayer::ProcessVideoData size:124306 dts:39.122 pts:39.289 dur:41.000ms, clock:30.515 level:89
2022-12-30 13:14:59.557 T:3904 DEBUG : CVideoPlayer::ProcessVideoData size:86586 dts:39.164 pts:39.248 dur:41.000ms, clock:30.515 level:90
2022-12-30 13:14:59.558 T:3904 DEBUG : CVideoPlayer::ProcessVideoData size:74055 dts:39.206 pts:39.206 dur:41.000ms, clock:30.516 level:90
2022-12-30 13:14:59.558 T:3904 DEBUG : CVideoPlayer::ProcessAudioData size:2560 dts:39.264 pts:39.264 dur:32.000ms, clock:30.517 drop:0 level:99
2022-12-30 13:14:59.560 T:3907 DEBUG : CAMLCodec::GetTimeSize: len:24 dl:2230072 fs:2230072 front:132244
2022-12-30 13:14:59.578 T:3665 INFO : Skipped 2 duplicate messages..
2022-12-30 13:14:59.578 T:3665 DEBUG : CAMLCodec::PollFrame elapsed:35.392ms
2022-12-30 13:14:59.579 T:3907 DEBUG : CAMLCodec::GetTimeSize: len:24 dl:2230072 fs:2230072 front:132244
2022-12-30 13:14:59.582 T:3665 DEBUG : PrepareNextRender: frameOnScreen: 30.540 renderPts: 30.707 nextFramePts: 30.697 -> diff: 0.010 render: 1 forceNext: 0
2022-12-30 13:14:59.583 T:3665 DEBUG : CAMLCodec::ReleaseFrame idx:737, drop:0
2022-12-30 13:14:59.585 T:3907 DEBUG : CAMLCodec::GetTimeSize: len:24 dl:2230072 fs:2230072 front:132244
2022-12-30 13:14:59.605 T:3908 INFO : Skipped 3 duplicate messages..
2022-12-30 13:14:59.605 T:3908 DEBUG : CVideoPlayerAudio::OutputPacket: pts:31.328 curr_pts:30.562 clock:30.563 level:99
2022-12-30 13:14:59.609 T:3904 DEBUG : CVideoPlayer::ProcessAudioData size:2560 dts:39.296 pts:39.296 dur:32.000ms, clock:30.567 drop:0 level:99
2022-12-30 13:14:59.610 T:3907 DEBUG : CAMLCodec::GetTimeSize: len:24 dl:2230072 fs:2230072 front:132244
2022-12-30 13:14:59.620 T:3665 INFO : Skipped 1 duplicate messages..
2022-12-30 13:14:59.620 T:3665 DEBUG : CAMLCodec::PollFrame elapsed:36.810ms
2022-12-30 13:14:59.623 T:3907 DEBUG : CAMLCodec::GetTimeSize: len:24 dl:2230072 fs:2230072 front:132244
2022-12-30 13:14:59.623 T:3907 DEBUG : CAMLCodec::DequeueBuffer: pts:30.948 idx:743
2022-12-30 13:14:59.623 T:3907 DEBUG : CAMLCodec::GetPicture: index: 743, pts: 30.948, dur:42ms ar:2.00
2022-12-30 13:14:59.623 T:3907 DEBUG : CVideoPlayerVideo::OutputPicture - ttd:367ms pts:30.948 Clock:30.581 Level:5
2022-12-30 13:14:59.624 T:3907 DEBUG : CAMLCodec::GetTimeSize: len:24 dl:2230072 fs:2230072 front:132244
2022-12-30 13:14:59.624 T:3665 DEBUG : PrepareNextRender: frameOnScreen: 30.582 renderPts: 30.749 nextFramePts: 30.739 -> diff: 0.010 render: 1 forceNext: 0
2022-12-30 13:14:59.625 T:3665 DEBUG : CAMLCodec::ReleaseFrame idx:738, drop:0
2022-12-30 13:14:59.630 T:3907 DEBUG : CAMLCodec::GetTimeSize: len:24 dl:2097828 fs:2230072 front:132244
2022-12-30 13:14:59.630 T:3907 DEBUG : CAMLCodec::GetTimeSize: len:23 dl:2097828 fs:2097828 front:102689
2022-12-30 13:14:59.638 T:3907 DEBUG : CAMLCodec::AddData: dl:2276643 sum:2276643 sz:178815 dts:31.990 pts:32.407
2022-12-30 13:14:59.638 T:3907 DEBUG : CAMLCodec::GetTimeSize: len:24 dl:2276643 fs:2276643 front:102689
2022-12-30 13:14:59.655 T:3908 INFO : Skipped 2 duplicate messages..
2022-12-30 13:14:59.655 T:3908 DEBUG : CVideoPlayerAudio::OutputPacket: pts:31.360 curr_pts:30.612 clock:30.613 level:99
2022-12-30 13:14:59.655 T:3908 DEBUG : CVideoPlayerAudio::OutputPacket: pts:31.392 curr_pts:30.613 clock:30.613 level:99
2022-12-30 13:14:59.657 T:3907 DEBUG : CAMLCodec::GetTimeSize: len:24 dl:2276643 fs:2276643 front:102689
2022-12-30 13:14:59.660 T:3904 DEBUG : CVideoPlayer::ProcessAudioData size:2560 dts:39.328 pts:39.328 dur:32.000ms, clock:30.618 drop:0 level:99
2022-12-30 13:14:59.660 T:3904 DEBUG : CVideoPlayer::ProcessAudioData size:2560 dts:39.360 pts:39.360 dur:32.000ms, clock:30.618 drop:0 level:99
2022-12-30 13:14:59.662 T:3665 DEBUG : CAMLCodec::PollFrame elapsed:36.606ms
2022-12-30 13:14:59.663 T:3907 DEBUG : CAMLCodec::GetTimeSize: len:24 dl:2276643 fs:2276643 front:102689
2022-12-30 13:14:59.664 T:3907 DEBUG : CAMLCodec::DequeueBuffer: pts:30.989 idx:744
2022-12-30 13:14:59.664 T:3907 DEBUG : CAMLCodec::GetPicture: index: 744, pts: 30.989, dur:41ms ar:2.00
2022-12-30 13:14:59.664 T:3907 DEBUG : CVideoPlayerVideo::OutputPicture - ttd:367ms pts:30.989 Clock:30.622 Level:5
2022-12-30 13:14:59.665 T:3907 DEBUG : CAMLCodec::GetTimeSize: len:24 dl:2276643 fs:2276643 front:102689
2022-12-30 13:14:59.666 T:3665 DEBUG : PrepareNextRender: frameOnScreen: 30.624 renderPts: 30.791 nextFramePts: 30.781 -> diff: 0.010 render: 1 forceNext: 0
2022-12-30 13:14:59.667 T:3665 DEBUG : CAMLCodec::ReleaseFrame idx:739, drop:0
2022-12-30 13:14:59.671 T:3907 DEBUG : CAMLCodec::GetTimeSize: len:24 dl:2173954 fs:2276643 front:102689
2022-12-30 13:14:59.671 T:3907 DEBUG : CAMLCodec::GetTimeSize: len:23 dl:2173954 fs:2173954 front:43938
2022-12-30 13:14:59.679 T:3907 DEBUG : CAMLCodec::AddData: dl:2250710 sum:2250710 sz:76756 dts:32.032 pts:32.241
2022-12-30 13:14:59.679 T:3907 DEBUG : CAMLCodec::GetTimeSize: len:24 dl:2250710 fs:2250710 front:43938
2022-12-30 13:14:59.705 T:3665 INFO : Skipped 4 duplicate messages..
2022-12-30 13:14:59.704 T:3665 DEBUG : CAMLCodec::PollFrame elapsed:36.680ms
2022-12-30 13:14:59.705 T:3908 DEBUG : CVideoPlayerAudio::OutputPacket: pts:31.424 curr_pts:30.663 clock:30.663 level:99
2022-12-30 13:14:59.708 T:3665 DEBUG : PrepareNextRender: frameOnScreen: 30.666 renderPts: 30.833 nextFramePts: 30.822 -> diff: 0.011 render: 1 forceNext: 0
2022-12-30 13:14:59.710 T:3665 DEBUG : CAMLCodec::ReleaseFrame idx:740, drop:0
2022-12-30 13:14:59.710 T:3907 DEBUG : CAMLCodec::GetTimeSize: len:24 dl:2250710 fs:2250710 front:43938
2022-12-30 13:14:59.710 T:3907 DEBUG : CAMLCodec::DequeueBuffer: pts:31.031 idx:745
2022-12-30 13:14:59.710 T:3907 DEBUG : CAMLCodec::GetPicture: index: 745, pts: 31.031, dur:42ms ar:2.00
2022-12-30 13:14:59.710 T:3907 DEBUG : CVideoPlayerVideo::OutputPicture - ttd:362ms pts:31.031 Clock:30.668 Level:4
2022-12-30 13:14:59.711 T:3904 DEBUG : CVideoPlayer::ProcessAudioData size:2560 dts:39.392 pts:39.392 dur:32.000ms, clock:30.669 drop:0 level:99
2022-12-30 13:14:59.711 T:3907 DEBUG : CAMLCodec::GetTimeSize: len:24 dl:2250710 fs:2250710 front:43938
2022-12-30 13:14:59.718 T:3907 DEBUG : CAMLCodec::GetTimeSize: len:24 dl:2206772 fs:2250710 front:43938
2022-12-30 13:14:59.718 T:3907 DEBUG : CAMLCodec::GetTimeSize: len:23 dl:2206772 fs:2206772 front:43042
2022-12-30 13:14:59.718 T:3907 DEBUG : CAMLCodec::DequeueBuffer: pts:31.073 idx:746
2022-12-30 13:14:59.718 T:3907 DEBUG : CAMLCodec::GetPicture: index: 746, pts: 31.073, dur:42ms ar:2.00
2022-12-30 13:14:59.718 T:3907 DEBUG : CVideoPlayerVideo::OutputPicture - ttd:396ms pts:31.073 Clock:30.676 Level:5
2022-12-30 13:14:59.719 T:3907 DEBUG : CAMLCodec::GetTimeSize: len:23 dl:2206772 fs:2206772 front:43042
2022-12-30 13:14:59.726 T:3907 DEBUG : CAMLCodec::AddData: dl:2219213 sum:2262255 sz:55483 dts:32.074 pts:32.074
2022-12-30 13:14:59.726 T:3907 DEBUG : CAMLCodec::GetTimeSize: len:24 dl:2219213 fs:2262255 front:43042
2022-12-30 13:14:59.727 T:3907 DEBUG : CAMLCodec::GetTimeSize: len:23 dl:2219213 fs:2219213 front:63183
2022-12-30 13:14:59.734 T:3907 DEBUG : CAMLCodec::AddData: dl:2280623 sum:2280623 sz:61410 dts:32.115 pts:32.115
2022-12-30 13:14:59.734 T:3907 DEBUG : CAMLCodec::GetTimeSize: len:24 dl:2280623 fs:2280623 front:63183
2022-12-30 13:14:59.745 T:3665 INFO : Skipped 1 duplicate messages..
2022-12-30 13:14:59.745 T:3665 DEBUG : CAMLCodec::PollFrame elapsed:34.902ms
2022-12-30 13:14:59.746 T:3907 DEBUG : CAMLCodec::GetTimeSize: len:24 dl:2280623 fs:2280623 front:63183
2022-12-30 13:14:59.749 T:3665 DEBUG : PrepareNextRender: frameOnScreen: 30.707 renderPts: 30.873 nextFramePts: 30.864 -> diff: 0.009 render: 1 forceNext: 0
2022-12-30 13:14:59.750 T:3665 DEBUG : CAMLCodec::ReleaseFrame idx:741, drop:0
2022-12-30 13:14:59.753 T:3907 DEBUG : CAMLCodec::GetTimeSize: len:24 dl:2280623 fs:2280623 front:63183
2022-12-30 13:14:59.753 T:3907 DEBUG : CAMLCodec::DequeueBuffer: pts:31.114 idx:747
2022-12-30 13:14:59.753 T:3907 DEBUG : CAMLCodec::GetPicture: index: 747, pts: 31.114, dur:41ms ar:2.00
2022-12-30 13:14:59.753 T:3907 DEBUG : CVideoPlayerVideo::OutputPicture - ttd:402ms pts:31.114 Clock:30.711 Level:5
2022-12-30 13:14:59.754 T:3907 DEBUG : CAMLCodec::GetTimeSize: len:24 dl:2280623 fs:2280623 front:63183
2022-12-30 13:14:59.755 T:3908 DEBUG : CVideoPlayerAudio::OutputPacket: pts:31.456 curr_pts:30.712 clock:30.713 level:99
2022-12-30 13:14:59.756 T:3908 DEBUG : CVideoPlayerAudio::OutputPacket: pts:31.488 curr_pts:30.713 clock:30.714 level:99
2022-12-30 13:14:59.761 T:3907 DEBUG : CAMLCodec::GetTimeSize: len:24 dl:2217440 fs:2280623 front:63183
2022-12-30 13:14:59.761 T:3907 DEBUG : CAMLCodec::GetTimeSize: len:23 dl:2217440 fs:2217440 front:131839
2022-12-30 13:14:59.761 T:3904 DEBUG : CVideoPlayer::ProcessAudioData size:2560 dts:39.424 pts:39.424 dur:32.000ms, clock:30.719 drop:0 level:99
2022-12-30 13:14:59.762 T:3904 DEBUG : CVideoPlayer::ProcessAudioData size:2560 dts:39.456 pts:39.456 dur:32.000ms, clock:30.720 drop:0 level:99
2022-12-30 13:14:59.768 T:3907 DEBUG : CAMLCodec::AddData: dl:2276119 sum:2276119 sz:58679 dts:32.157 pts:32.157
2022-12-30 13:14:59.768 T:3907 DEBUG : CAMLCodec::GetTimeSize: len:24 dl:2276119 fs:2276119 front:131839
2022-12-30 13:14:59.787 T:3665 INFO : Skipped 3 duplicate messages..
2022-12-30 13:14:59.787 T:3665 DEBUG : CAMLCodec::PollFrame elapsed:36.964ms
2022-12-30 13:14:59.791 T:3665 DEBUG : PrepareNextRender: frameOnScreen: 30.748 renderPts: 30.915 nextFramePts: 30.906 -> diff: 0.009 render: 1 forceNext: 0
2022-12-30 13:14:59.792 T:3665 DEBUG : CAMLCodec::ReleaseFrame idx:742, drop:0
2022-12-30 13:14:59.793 T:3907 DEBUG : CAMLCodec::GetTimeSize: len:24 dl:2276119 fs:2276119 front:131839
2022-12-30 13:14:59.793 T:3907 DEBUG : CAMLCodec::DequeueBuffer: pts:31.156 idx:748
2022-12-30 13:14:59.793 T:3907 DEBUG : CAMLCodec::GetPicture: index: 748, pts: 31.156, dur:42ms ar:2.00
2022-12-30 13:14:59.793 T:3907 DEBUG : CVideoPlayerVideo::OutputPicture - ttd:404ms pts:31.156 Clock:30.751 Level:5
2022-12-30 13:14:59.794 T:3907 DEBUG : CAMLCodec::GetTimeSize: len:24 dl:2276119 fs:2276119 front:131839
2022-12-30 13:14:59.800 T:3907 DEBUG : CAMLCodec::GetTimeSize: len:24 dl:2144280 fs:2276119 front:131839
2022-12-30 13:14:59.800 T:3907 DEBUG : CAMLCodec::GetTimeSize: len:23 dl:2144280 fs:2144280 front:87053
2022-12-30 13:14:59.805 T:3908 DEBUG : CVideoPlayerAudio::OutputPacket: pts:31.520 curr_pts:30.762 clock:30.763 level:99
2022-12-30 13:14:59.806 T:3907 DEBUG : CAMLCodec::AddData: dl:2194182 sum:2194182 sz:49902 dts:32.199 pts:32.199
2022-12-30 13:14:59.806 T:3907 DEBUG : CAMLCodec::GetTimeSize: len:24 dl:2194182 fs:2194182 front:87053
2022-12-30 13:14:59.812 T:3904 INFO : Skipped 1 duplicate messages..
2022-12-30 13:14:59.812 T:3904 DEBUG : CVideoPlayer::ProcessAudioData size:2560 dts:39.488 pts:39.488 dur:32.000ms, clock:30.770 drop:0 level:99
2022-12-30 13:14:59.818 T:3907 DEBUG : CAMLCodec::GetTimeSize: len:24 dl:2194182 fs:2194182 front:87053
2022-12-30 13:14:59.829 T:3665 INFO : Skipped 1 duplicate messages..
2022-12-30 13:14:59.829 T:3665 DEBUG : CAMLCodec::PollFrame elapsed:36.694ms
2022-12-30 13:14:59.831 T:3907 DEBUG : CAMLCodec::GetTimeSize: len:24 dl:2194182 fs:2194182 front:87053
2022-12-30 13:14:59.831 T:3907 DEBUG : CAMLCodec::DequeueBuffer: pts:31.198 idx:749
2022-12-30 13:14:59.831 T:3907 DEBUG : CAMLCodec::GetPicture: index: 749, pts: 31.198, dur:42ms ar:2.00
2022-12-30 13:14:59.831 T:3907 DEBUG : CVideoPlayerVideo::OutputPicture - ttd:408ms pts:31.198 Clock:30.789 Level:6
2022-12-30 13:14:59.832 T:3907 DEBUG : CAMLCodec::GetTimeSize: len:24 dl:2194182 fs:2194182 front:87053
2022-12-30 13:14:59.833 T:3665 DEBUG : PrepareNextRender: frameOnScreen: 30.791 renderPts: 30.958 nextFramePts: 30.948 -> diff: 0.010 render: 1 forceNext: 0
2022-12-30 13:14:59.834 T:3665 DEBUG : CAMLCodec::ReleaseFrame idx:743, drop:0
2022-12-30 13:14:59.838 T:3907 DEBUG : CAMLCodec::GetTimeSize: len:24 dl:2107129 fs:2194182 front:87053
2022-12-30 13:14:59.839 T:3907 DEBUG : CAMLCodec::GetTimeSize: len:23 dl:2107129 fs:2107129 front:68567
2022-12-30 13:14:59.844 T:3907 DEBUG : CAMLCodec::AddData: dl:2156804 sum:2156804 sz:49675 dts:32.241 pts:32.282
2022-12-30 13:14:59.844 T:3907 DEBUG : CAMLCodec::GetTimeSize: len:24 dl:2156804 fs:2156804 front:68567
2022-12-30 13:14:59.855 T:3908 INFO : Skipped 1 duplicate messages..
2022-12-30 13:14:59.854 T:3908 DEBUG : CVideoPlayerAudio::OutputPacket: pts:31.552 curr_pts:30.812 clock:30.813 level:99
2022-12-30 13:14:59.855 T:3908 DEBUG : CVideoPlayerAudio::OutputPacket: pts:31.584 curr_pts:30.813 clock:30.813 level:99
2022-12-30 13:14:59.857 T:3907 DEBUG : CAMLCodec::GetTimeSize: len:24 dl:2156804 fs:2156804 front:68567
2022-12-30 13:14:59.865 T:3904 INFO : Skipped 1 duplicate messages..
2022-12-30 13:14:59.865 T:3904 DEBUG : CVideoPlayer::ProcessVideoData size:210611 dts:39.248 pts:39.456 dur:41.000ms, clock:30.823 level:87
2022-12-30 13:14:59.867 T:3904 DEBUG : CVideoPlayer::ProcessVideoData size:110151 dts:39.289 pts:39.373 dur:41.000ms, clock:30.825 level:88
2022-12-30 13:14:59.867 T:3904 DEBUG : CVideoPlayer::ProcessVideoData size:56612 dts:39.331 pts:39.331 dur:41.000ms, clock:30.825 level:88
2022-12-30 13:14:59.868 T:3904 DEBUG : CVideoPlayer::ProcessVideoData size:102879 dts:39.373 pts:39.414 dur:41.000ms, clock:30.826 level:89
2022-12-30 13:14:59.869 T:3904 DEBUG : CVideoPlayer::ProcessAudioData size:2560 dts:39.520 pts:39.520 dur:32.000ms, clock:30.827 drop:0 level:99
2022-12-30 13:14:59.869 T:3907 DEBUG : CAMLCodec::GetTimeSize: len:24 dl:2156804 fs:2156804 front:68567
2022-12-30 13:14:59.870 T:3904 DEBUG : CVideoPlayer::ProcessAudioData size:2560 dts:39.552 pts:39.552 dur:32.000ms, clock:30.828 drop:0 level:99
2022-12-30 13:14:59.870 T:3665 DEBUG : CAMLCodec::PollFrame elapsed:35.957ms
2022-12-30 13:14:59.873 T:3665 DEBUG : PrepareNextRender: frameOnScreen: 30.831 renderPts: 30.998 nextFramePts: 30.989 -> diff: 0.009 render: 1 forceNext: 0
2022-12-30 13:14:59.875 T:3665 DEBUG : CAMLCodec::ReleaseFrame idx:744, drop:0
2022-12-30 13:14:59.876 T:3907 DEBUG : CAMLCodec::GetTimeSize: len:24 dl:2156804 fs:2156804 front:68567
2022-12-30 13:14:59.905 T:3908 INFO : Skipped 4 duplicate messages..
2022-12-30 13:14:59.905 T:3908 DEBUG : CVideoPlayerAudio::OutputPacket: pts:31.616 curr_pts:30.862 clock:30.863 level:99
2022-12-30 13:14:59.905 T:3908 DEBUG : CVideoPlayerAudio::OutputPacket: pts:31.648 curr_pts:30.863 clock:30.864 level:99
2022-12-30 13:14:59.907 T:3907 DEBUG : CAMLCodec::GetTimeSize: len:24 dl:2156804 fs:2156804 front:68567
2022-12-30 13:14:59.910 T:3904 DEBUG : CVideoPlayer::ProcessAudioData size:2560 dts:39.584 pts:39.584 dur:32.000ms, clock:30.868 drop:0 level:99
2022-12-30 13:14:59.910 T:3904 DEBUG : CVideoPlayer::ProcessAudioData size:2560 dts:39.616 pts:39.616 dur:32.000ms, clock:30.868 drop:0 level:99
2022-12-30 13:14:59.912 T:3665 DEBUG : CAMLCodec::PollFrame elapsed:37.357ms
2022-12-30 13:14:59.913 T:3907 DEBUG : CAMLCodec::GetTimeSize: len:24 dl:2156804 fs:2156804 front:68567
2022-12-30 13:14:59.913 T:3907 DEBUG : CAMLCodec::DequeueBuffer: pts:31.240 idx:750
2022-12-30 13:14:59.913 T:3907 DEBUG : CAMLCodec::GetPicture: index: 750, pts: 31.240, dur:42ms ar:2.00
2022-12-30 13:14:59.914 T:3907 DEBUG : CVideoPlayerVideo::OutputPicture - ttd:368ms pts:31.240 Clock:30.872 Level:5
2022-12-30 13:14:59.915 T:3907 DEBUG : CAMLCodec::GetTimeSize: len:24 dl:2156804 fs:2156804 front:68567
2022-12-30 13:14:59.917 T:3665 DEBUG : PrepareNextRender: frameOnScreen: 30.875 renderPts: 31.042 nextFramePts: 31.031 -> diff: 0.011 render: 1 forceNext: 0
2022-12-30 13:14:59.918 T:3665 DEBUG : CAMLCodec::ReleaseFrame idx:745, drop:0
2022-12-30 13:14:59.921 T:3907 DEBUG : CAMLCodec::GetTimeSize: len:24 dl:2156804 fs:2156804 front:68567
2022-12-30 13:14:59.927 T:3907 DEBUG : CAMLCodec::GetTimeSize: len:24 dl:2088237 fs:2156804 front:68567
2022-12-30 13:14:59.927 T:3907 DEBUG : CAMLCodec::GetTimeSize: len:23 dl:2088237 fs:2088237 front:285743
2022-12-30 13:14:59.927 T:3907 DEBUG : CAMLCodec::DequeueBuffer: pts:31.281 idx:751
2022-12-30 13:14:59.928 T:3907 DEBUG : CAMLCodec::GetPicture: index: 751, pts: 31.281, dur:41ms ar:2.00
2022-12-30 13:14:59.928 T:3907 DEBUG : CVideoPlayerVideo::OutputPicture - ttd:395ms pts:31.281 Clock:30.886 Level:5
2022-12-30 13:14:59.929 T:3907 DEBUG : CAMLCodec::GetTimeSize: len:23 dl:2088237 fs:2088237 front:285743
2022-12-30 13:14:59.936 T:3907 DEBUG : CAMLCodec::AddData: dl:1855672 sum:2141415 sz:53178 dts:32.282 pts:32.324
2022-12-30 13:14:59.936 T:3907 DEBUG : CAMLCodec::GetTimeSize: len:24 dl:1855672 fs:2141415 front:285743
2022-12-30 13:14:59.936 T:3907 DEBUG : CAMLCodec::GetTimeSize: len:23 dl:1855672 fs:1855672 front:97021
2022-12-30 13:14:59.943 T:3907 DEBUG : CAMLCodec::AddData: dl:1907411 sum:1907411 sz:51739 dts:32.324 pts:32.366
2022-12-30 13:14:59.944 T:3907 DEBUG : CAMLCodec::GetTimeSize: len:24 dl:1907411 fs:1907411 front:97021
2022-12-30 13:14:59.955 T:3908 INFO : Skipped 1 duplicate messages..
2022-12-30 13:14:59.955 T:3908 DEBUG : CVideoPlayerAudio::OutputPacket: pts:31.680 curr_pts:30.912 clock:30.913 level:99
2022-12-30 13:14:59.955 T:3665 DEBUG : CAMLCodec::PollFrame elapsed:35.353ms
2022-12-30 13:14:59.956 T:3907 DEBUG : CAMLCodec::GetTimeSize: len:24 dl:1907411 fs:1907411 front:97021
2022-12-30 13:14:59.956 T:3907 DEBUG : CAMLCodec::DequeueBuffer: pts:31.323 idx:752
2022-12-30 13:14:59.956 T:3907 DEBUG : CAMLCodec::GetPicture: index: 752, pts: 31.323, dur:42ms ar:2.00
2022-12-30 13:14:59.956 T:3907 DEBUG : CVideoPlayerVideo::OutputPicture - ttd:408ms pts:31.323 Clock:30.915 Level:6
2022-12-30 13:14:59.958 T:3907 DEBUG : CAMLCodec::GetTimeSize: len:24 dl:1907411 fs:1907411 front:97021
2022-12-30 13:14:59.959 T:3665 DEBUG : PrepareNextRender: frameOnScreen: 30.917 renderPts: 31.084 nextFramePts: 31.073 -> diff: 0.011 render: 1 forceNext: 0
2022-12-30 13:14:59.960 T:3665 DEBUG : CAMLCodec::ReleaseFrame idx:746, drop:0
2022-12-30 13:14:59.961 T:3904 DEBUG : CVideoPlayer::ProcessAudioData size:2560 dts:39.648 pts:39.648 dur:32.000ms, clock:30.919 drop:0 level:99
2022-12-30 13:14:59.964 T:3907 DEBUG : CAMLCodec::GetTimeSize: len:24 dl:1907411 fs:1907411 front:97021
2022-12-30 13:14:59.970 T:3907 DEBUG : CAMLCodec::GetTimeSize: len:24 dl:1810390 fs:1907411 front:97021
2022-12-30 13:14:59.970 T:3907 DEBUG : CAMLCodec::GetTimeSize: len:23 dl:1810390 fs:1810390 front:59462
2022-12-30 13:14:59.978 T:3907 DEBUG : CAMLCodec::AddData: dl:1965907 sum:1965907 sz:155517 dts:32.366 pts:32.699
2022-12-30 13:14:59.978 T:3907 DEBUG : CAMLCodec::GetTimeSize: len:24 dl:1965907 fs:1965907 front:59462
2022-12-30 13:14:59.996 T:3665 INFO : Skipped 2 duplicate messages..
2022-12-30 13:14:59.996 T:3665 DEBUG : CAMLCodec::PollFrame elapsed:35.121ms
2022-12-30 13:14:59.997 T:3907 DEBUG : CAMLCodec::GetTimeSize: len:24 dl:1965907 fs:1965907 front:59462
2022-12-30 13:14:59.997 T:3907 DEBUG : CAMLCodec::DequeueBuffer: pts:31.365 idx:753
2022-12-30 13:14:59.997 T:3907 DEBUG : CAMLCodec::GetPicture: index: 753, pts: 31.365, dur:42ms ar:2.00
2022-12-30 13:14:59.997 T:3907 DEBUG : CVideoPlayerVideo::OutputPicture - ttd:409ms pts:31.365 Clock:30.955 Level:6
2022-12-30 13:14:59.998 T:3907 DEBUG : CAMLCodec::GetTimeSize: len:24 dl:1965907 fs:1965907 front:59462
2022-12-30 13:15:00.000 T:3665 DEBUG : PrepareNextRender: frameOnScreen: 30.958 renderPts: 31.125 nextFramePts: 31.114 -> diff: 0.011 render: 1 forceNext: 0
2022-12-30 13:15:00.001 T:3665 DEBUG : CAMLCodec::ReleaseFrame idx:747, drop:0
2022-12-30 13:15:00.005 T:3908 DEBUG : CVideoPlayerAudio::OutputPacket: pts:31.712 curr_pts:30.962 clock:30.963 level:99
2022-12-30 13:15:00.005 T:3907 DEBUG : CAMLCodec::GetTimeSize: len:24 dl:1906445 fs:1965907 front:59462
2022-12-30 13:15:00.006 T:3907 DEBUG : CAMLCodec::GetTimeSize: len:23 dl:1906445 fs:1906445 front:69633
2022-12-30 13:15:00.006 T:3908 DEBUG : CVideoPlayerAudio::OutputPacket: pts:31.744 curr_pts:30.963 clock:30.964 level:99
2022-12-30 13:15:00.012 T:3904 DEBUG : CVideoPlayer::ProcessAudioData size:2560 dts:39.680 pts:39.680 dur:32.000ms, clock:30.970 drop:0 level:99
2022-12-30 13:15:00.012 T:3904 DEBUG : CVideoPlayer::ProcessAudioData size:2560 dts:39.712 pts:39.712 dur:32.000ms, clock:30.970 drop:0 level:99
2022-12-30 13:15:00.013 T:3907 DEBUG : CAMLCodec::AddData: dl:1997099 sum:1997099 sz:90654 dts:32.407 pts:32.574
2022-12-30 13:15:00.016 T:3907 DEBUG : CAMLCodec::GetTimeSize: len:24 dl:1997099 fs:1997099 front:69633
2022-12-30 13:15:00.037 T:3665 INFO : Skipped 3 duplicate messages..
2022-12-30 13:15:00.037 T:3665 DEBUG : CAMLCodec::PollFrame elapsed:35.552ms
2022-12-30 13:15:00.041 T:3665 DEBUG : PrepareNextRender: frameOnScreen: 30.999 renderPts: 31.165 nextFramePts: 31.156 -> diff: 0.009 render: 1 forceNext: 0
2022-12-30 13:15:00.041 T:3907 DEBUG : CAMLCodec::GetTimeSize: len:24 dl:1997099 fs:1997099 front:69633
2022-12-30 13:15:00.042 T:3907 DEBUG : CAMLCodec::DequeueBuffer: pts:31.406 idx:754
2022-12-30 13:15:00.042 T:3907 DEBUG : CAMLCodec::GetPicture: index: 754, pts: 31.406, dur:41ms ar:2.00
2022-12-30 13:15:00.042 T:3907 DEBUG : CVideoPlayerVideo::OutputPicture - ttd:406ms pts:31.406 Clock:31.000 Level:5
2022-12-30 13:15:00.043 T:3665 DEBUG : CAMLCodec::ReleaseFrame idx:748, drop:0
2022-12-30 13:15:00.043 T:3907 DEBUG : CAMLCodec::GetTimeSize: len:24 dl:1997099 fs:1997099 front:69633
2022-12-30 13:15:00.049 T:3907 DEBUG : CAMLCodec::GetTimeSize: len:24 dl:1927466 fs:1997099 front:69633
2022-12-30 13:15:00.049 T:3907 DEBUG : CAMLCodec::GetTimeSize: len:23 dl:1927466 fs:1927466 front:65476
2022-12-30 13:15:00.055 T:3908 DEBUG : CVideoPlayerAudio::OutputPacket: pts:31.776 curr_pts:31.012 clock:31.013 level:99
2022-12-30 13:15:00.055 T:3907 DEBUG : CAMLCodec::AddData: dl:1967857 sum:1967857 sz:40391 dts:32.449 pts:32.449
2022-12-30 13:15:00.055 T:3907 DEBUG : CAMLCodec::GetTimeSize: len:24 dl:1967857 fs:1967857 front:65476
2022-12-30 13:15:00.063 T:3904 INFO : Skipped 1 duplicate messages..
2022-12-30 13:15:00.063 T:3904 DEBUG : CVideoPlayer::ProcessAudioData size:2560 dts:39.744 pts:39.744 dur:32.000ms, clock:31.021 drop:0 level:99
2022-12-30 13:15:00.067 T:3907 DEBUG : CAMLCodec::GetTimeSize: len:24 dl:1967857 fs:1967857 front:65476
2022-12-30 13:15:00.079 T:3665 INFO : Skipped 1 duplicate messages..
2022-12-30 13:15:00.079 T:3665 DEBUG : CAMLCodec::PollFrame elapsed:35.827ms
2022-12-30 13:15:00.080 T:3907 DEBUG : CAMLCodec::GetTimeSize: len:24 dl:1967857 fs:1967857 front:65476
2022-12-30 13:15:00.083 T:3665 DEBUG : PrepareNextRender: frameOnScreen: 31.041 renderPts: 31.208 nextFramePts: 31.198 -> diff: 0.010 render: 1 forceNext: 0
2022-12-30 13:15:00.084 T:3665 DEBUG : CAMLCodec::ReleaseFrame idx:749, drop:0
2022-12-30 13:15:00.086 T:3907 DEBUG : CAMLCodec::GetTimeSize: len:24 dl:1967857 fs:1967857 front:65476
2022-12-30 13:15:00.087 T:3907 DEBUG : CAMLCodec::DequeueBuffer: pts:31.448 idx:755
2022-12-30 13:15:00.087 T:3907 DEBUG : CAMLCodec::GetPicture: index: 755, pts: 31.448, dur:42ms ar:2.00
2022-12-30 13:15:00.087 T:3907 DEBUG : CVideoPlayerVideo::OutputPicture - ttd:403ms pts:31.448 Clock:31.045 Level:5
2022-12-30 13:15:00.088 T:3907 DEBUG : CAMLCodec::GetTimeSize: len:24 dl:1967857 fs:1967857 front:65476
2022-12-30 13:15:00.094 T:3907 DEBUG : CAMLCodec::GetTimeSize: len:24 dl:1902381 fs:1967857 front:65476
2022-12-30 13:15:00.094 T:3907 DEBUG : CAMLCodec::GetTimeSize: len:23 dl:1902381 fs:1902381 front:156517
2022-12-30 13:15:00.099 T:3907 DEBUG : CAMLCodec::AddData: dl:1948757 sum:1948757 sz:46376 dts:32.491 pts:32.491
2022-12-30 13:15:00.099 T:3907 DEBUG : CAMLCodec::GetTimeSize: len:24 dl:1948757 fs:1948757 front:156517
2022-12-30 13:15:00.105 T:3908 DEBUG : CVideoPlayerAudio::OutputPacket: pts:31.808 curr_pts:31.062 clock:31.063 level:99
2022-12-30 13:15:00.105 T:3908 DEBUG : CVideoPlayerAudio::OutputPacket: pts:31.840 curr_pts:31.063 clock:31.064 level:99
2022-12-30 13:15:00.107 T:3907 DEBUG : CAMLCodec::GetTimeSize: len:24 dl:1948757 fs:1948757 front:156517
2022-12-30 13:15:00.115 T:3904 INFO : Skipped 1 duplicate messages..
2022-12-30 13:15:00.115 T:3904 DEBUG : CVideoPlayer::ProcessVideoData size:156636 dts:39.414 pts:39.706 dur:41.000ms, clock:31.073 level:86
2022-12-30 13:15:00.115 T:3904 DEBUG : CVideoPlayer::ProcessVideoData size:87078 dts:39.456 pts:39.581 dur:41.000ms, clock:31.073 level:87
2022-12-30 13:15:00.117 T:3904 DEBUG : CVideoPlayer::ProcessVideoData size:70814 dts:39.498 pts:39.498 dur:41.000ms, clock:31.075 level:87
2022-12-30 13:15:00.117 T:3904 DEBUG : CVideoPlayer::ProcessVideoData size:69765 dts:39.539 pts:39.539 dur:41.000ms, clock:31.075 level:88
2022-12-30 13:15:00.119 T:3904 DEBUG : CVideoPlayer::ProcessVideoData size:60214 dts:39.581 pts:39.623 dur:41.000ms, clock:31.077 level:88
2022-12-30 13:15:00.119 T:3904 DEBUG : CVideoPlayer::ProcessVideoData size:57358 dts:39.623 pts:39.665 dur:41.000ms, clock:31.077 level:89
2022-12-30 13:15:00.121 T:3907 DEBUG : CAMLCodec::GetTimeSize: len:24 dl:1948757 fs:1948757 front:156517
2022-12-30 13:15:00.122 T:3904 DEBUG : CVideoPlayer::ProcessAudioData size:2560 dts:39.776 pts:39.776 dur:32.000ms, clock:31.080 drop:0 level:99
2022-12-30 13:15:00.122 T:3904 DEBUG : CVideoPlayer::ProcessAudioData size:2560 dts:39.808 pts:39.808 dur:32.000ms, clock:31.080 drop:0 level:99
2022-12-30 13:15:00.122 T:3665 DEBUG : CAMLCodec::PollFrame elapsed:37.366ms
2022-12-30 13:15:00.126 T:3665 DEBUG : PrepareNextRender: frameOnScreen: 31.084 renderPts: 31.250 nextFramePts: 31.240 -> diff: 0.010 render: 1 forceNext: 0
2022-12-30 13:15:00.127 T:3665 DEBUG : CAMLCodec::ReleaseFrame idx:750, drop:0
2022-12-30 13:15:00.127 T:3907 DEBUG : CAMLCodec::GetTimeSize: len:24 dl:1948757 fs:1948757 front:156517
2022-12-30 13:15:00.127 T:3907 DEBUG : CAMLCodec::DequeueBuffer: pts:31.490 idx:756
2022-12-30 13:15:00.128 T:3907 DEBUG : CAMLCodec::GetPicture: index: 756, pts: 31.490, dur:42ms ar:2.00
2022-12-30 13:15:00.128 T:3907 DEBUG : CVideoPlayerVideo::OutputPicture - ttd:404ms pts:31.490 Clock:31.086 Level:5
2022-12-30 13:15:00.129 T:3907 DEBUG : CAMLCodec::GetTimeSize: len:24 dl:1948757 fs:1948757 front:156517
2022-12-30 13:15:00.135 T:3907 DEBUG : CAMLCodec::GetTimeSize: len:24 dl:1792240 fs:1948757 front:156517
2022-12-30 13:15:00.135 T:3907 DEBUG : CAMLCodec::GetTimeSize: len:23 dl:1792240 fs:1792240 front:109878
2022-12-30 13:15:00.140 T:3907 DEBUG : CAMLCodec::AddData: dl:1826517 sum:1826517 sz:34277 dts:32.532 pts:32.532
2022-12-30 13:15:00.140 T:3907 DEBUG : CAMLCodec::GetTimeSize: len:24 dl:1826517 fs:1826517 front:109878
2022-12-30 13:15:00.155 T:3908 INFO : Skipped 2 duplicate messages..
2022-12-30 13:15:00.155 T:3908 DEBUG : CVideoPlayerAudio::OutputPacket: pts:31.872 curr_pts:31.112 clock:31.113 level:99
2022-12-30 13:15:00.159 T:3907 DEBUG : CAMLCodec::GetTimeSize: len:24 dl:1826517 fs:1826517 front:109878
2022-12-30 13:15:00.163 T:3904 DEBUG : CVideoPlayer::ProcessAudioData size:2560 dts:39.840 pts:39.840 dur:32.000ms, clock:31.121 drop:0 level:99
2022-12-30 13:15:00.163 T:3665 DEBUG : CAMLCodec::PollFrame elapsed:35.408ms
2022-12-30 13:15:00.166 T:3907 DEBUG : CAMLCodec::GetTimeSize: len:24 dl:1826517 fs:1826517 front:109878
2022-12-30 13:15:00.166 T:3907 DEBUG : CAMLCodec::DequeueBuffer: pts:31.531 idx:757
2022-12-30 13:15:00.166 T:3907 DEBUG : CAMLCodec::GetPicture: index: 757, pts: 31.531, dur:41ms ar:2.00
2022-12-30 13:15:00.166 T:3907 DEBUG : CVideoPlayerVideo::OutputPicture - ttd:406ms pts:31.531 Clock:31.124 Level:6
2022-12-30 13:15:00.166 T:3665 DEBUG : PrepareNextRender: frameOnScreen: 31.124 renderPts: 31.291 nextFramePts: 31.281 -> diff: 0.010 render: 1 forceNext: 0
2022-12-30 13:15:00.167 T:3907 DEBUG : CAMLCodec::GetTimeSize: len:24 dl:1826517 fs:1826517 front:109878
2022-12-30 13:15:00.168 T:3665 DEBUG : CAMLCodec::ReleaseFrame idx:751, drop:0
2022-12-30 13:15:00.174 T:3907 DEBUG : CAMLCodec::GetTimeSize: len:24 dl:1716639 fs:1826517 front:109878
2022-12-30 13:15:00.174 T:3907 DEBUG : CAMLCodec::GetTimeSize: len:23 dl:1716639 fs:1716639 front:66221
2022-12-30 13:15:00.179 T:3907 DEBUG : CAMLCodec::AddData: dl:1753572 sum:1753572 sz:36933 dts:32.574 pts:32.616
2022-12-30 13:15:00.179 T:3907 DEBUG : CAMLCodec::GetTimeSize: len:24 dl:1753572 fs:1753572 front:66221
2022-12-30 13:15:00.204 T:3665 INFO : Skipped 4 duplicate messages..
2022-12-30 13:15:00.204 T:3665 DEBUG : CAMLCodec::PollFrame elapsed:35.771ms
2022-12-30 13:15:00.205 T:3908 DEBUG : CVideoPlayerAudio::OutputPacket: pts:31.904 curr_pts:31.162 clock:31.163 level:99
2022-12-30 13:15:00.205 T:3907 DEBUG : CAMLCodec::DequeueBuffer: pts:31.573 idx:758
2022-12-30 13:15:00.205 T:3907 DEBUG : CAMLCodec::GetPicture: index: 758, pts: 31.573, dur:42ms ar:2.00
2022-12-30 13:15:00.206 T:3907 DEBUG : CVideoPlayerVideo::OutputPicture - ttd:409ms pts:31.573 Clock:31.164 Level:6
2022-12-30 13:15:00.206 T:3908 DEBUG : CVideoPlayerAudio::OutputPacket: pts:31.936 curr_pts:31.163 clock:31.164 level:99
2022-12-30 13:15:00.207 T:3907 DEBUG : CAMLCodec::GetTimeSize: len:24 dl:1753572 fs:1753572 front:66221
2022-12-30 13:15:00.211 T:3665 DEBUG : PrepareNextRender: frameOnScreen: 31.169 renderPts: 31.336 nextFramePts: 31.323 -> diff: 0.013 render: 1 forceNext: 0
2022-12-30 13:15:00.212 T:3665 DEBUG : CAMLCodec::ReleaseFrame idx:752, drop:0
2022-12-30 13:15:00.213 T:3904 DEBUG : CVideoPlayer::ProcessAudioData size:2560 dts:39.872 pts:39.872 dur:32.000ms, clock:31.171 drop:0 level:99
2022-12-30 13:15:00.214 T:3904 DEBUG : CVideoPlayer::ProcessAudioData size:2560 dts:39.904 pts:39.904 dur:32.000ms, clock:31.172 drop:0 level:99
2022-12-30 13:15:00.214 T:3907 DEBUG : CAMLCodec::GetTimeSize: len:24 dl:1753572 fs:1753572 front:66221
2022-12-30 13:15:00.220 T:3907 DEBUG : CAMLCodec::GetTimeSize: len:24 dl:1687351 fs:1753572 front:66221
2022-12-30 13:15:00.220 T:3907 DEBUG : CAMLCodec::GetTimeSize: len:23 dl:1687351 fs:1687351 front:64501
2022-12-30 13:15:00.225 T:3907 DEBUG : CAMLCodec::AddData: dl:1727357 sum:1727357 sz:40006 dts:32.616 pts:32.658
2022-12-30 13:15:00.225 T:3907 DEBUG : CAMLCodec::GetTimeSize: len:24 dl:1727357 fs:1727357 front:64501
2022-12-30 13:15:00.246 T:3665 INFO : Skipped 3 duplicate messages..
2022-12-30 13:15:00.246 T:3665 DEBUG : CAMLCodec::PollFrame elapsed:33.629ms
2022-12-30 13:15:00.249 T:3665 DEBUG : PrepareNextRender: frameOnScreen: 31.207 renderPts: 31.374 nextFramePts: 31.365 -> diff: 0.009 render: 1 forceNext: 0
2022-12-30 13:15:00.250 T:3907 DEBUG : CAMLCodec::GetTimeSize: len:24 dl:1727357 fs:1727357 front:64501
2022-12-30 13:15:00.250 T:3907 DEBUG : CAMLCodec::DequeueBuffer: pts:31.615 idx:759
2022-12-30 13:15:00.250 T:3907 DEBUG : CAMLCodec::GetPicture: index: 759, pts: 31.615, dur:42ms ar:2.00
2022-12-30 13:15:00.250 T:3907 DEBUG : CVideoPlayerVideo::OutputPicture - ttd:406ms pts:31.615 Clock:31.208 Level:5
2022-12-30 13:15:00.251 T:3665 DEBUG : CAMLCodec::ReleaseFrame idx:753, drop:0
2022-12-30 13:15:00.252 T:3907 DEBUG : CAMLCodec::GetTimeSize: len:24 dl:1727357 fs:1727357 front:64501
2022-12-30 13:15:00.255 T:3908 DEBUG : CVideoPlayerAudio::OutputPacket: pts:31.968 curr_pts:31.212 clock:31.213 level:99
2022-12-30 13:15:00.256 T:3908 DEBUG : CVideoPlayerAudio::OutputPacket: pts:32.000 curr_pts:31.213 clock:31.214 level:99
2022-12-30 13:15:00.258 T:3907 DEBUG : CAMLCodec::GetTimeSize: len:24 dl:1662856 fs:1727357 front:64501
2022-12-30 13:15:00.258 T:3907 DEBUG : CAMLCodec::GetTimeSize: len:23 dl:1662856 fs:1662856 front:57340
2022-12-30 13:15:00.265 T:3904 DEBUG : CVideoPlayer::ProcessVideoData size:134467 dts:39.665 pts:39.957 dur:41.000ms, clock:31.223 level:87
2022-12-30 13:15:00.265 T:3904 DEBUG : CVideoPlayer::ProcessVideoData size:75509 dts:39.706 pts:39.831 dur:41.000ms, clock:31.223 level:88
2022-12-30 13:15:00.266 T:3904 DEBUG : CVideoPlayer::ProcessVideoData size:38917 dts:39.748 pts:39.748 dur:41.000ms, clock:31.224 level:88
2022-12-30 13:15:00.267 T:3907 DEBUG : CAMLCodec::AddData: dl:1806093 sum:1806093 sz:143237 dts:32.658 pts:33.033
2022-12-30 13:15:00.267 T:3907 DEBUG : CAMLCodec::GetTimeSize: len:24 dl:1806093 fs:1806093 front:57340
2022-12-30 13:15:00.267 T:3904 DEBUG : CVideoPlayer::ProcessVideoData size:34506 dts:39.790 pts:39.790 dur:41.000ms, clock:31.225 level:89
2022-12-30 13:15:00.267 T:3904 DEBUG : CVideoPlayer::ProcessVideoData size:34654 dts:39.831 pts:39.873 dur:41.000ms, clock:31.225 level:89
2022-12-30 13:15:00.268 T:3904 DEBUG : CVideoPlayer::ProcessVideoData size:33506 dts:39.873 pts:39.915 dur:41.000ms, clock:31.226 level:90
2022-12-30 13:15:00.268 T:3904 DEBUG : CVideoPlayer::ProcessAudioData size:2560 dts:39.936 pts:39.936 dur:32.000ms, clock:31.226 drop:0 level:99
2022-12-30 13:15:00.268 T:3904 DEBUG : CVideoPlayer::ProcessAudioData size:2560 dts:39.968 pts:39.968 dur:32.000ms, clock:31.226 drop:0 level:99
2022-12-30 13:15:00.273 T:3907 DEBUG : CAMLCodec::GetTimeSize: len:24 dl:1806093 fs:1806093 front:57340
2022-12-30 13:15:00.288 T:3665 INFO : Skipped 2 duplicate messages..
2022-12-30 13:15:00.288 T:3665 DEBUG : CAMLCodec::PollFrame elapsed:36.094ms
2022-12-30 13:15:00.291 T:3665 DEBUG : PrepareNextRender: frameOnScreen: 31.249 renderPts: 31.416 nextFramePts: 31.406 -> diff: 0.010 render: 1 forceNext: 0
2022-12-30 13:15:00.292 T:3907 DEBUG : CAMLCodec::GetTimeSize: len:24 dl:1806093 fs:1806093 front:57340
2022-12-30 13:15:00.292 T:3907 DEBUG : CAMLCodec::DequeueBuffer: pts:31.657 idx:760
2022-12-30 13:15:00.292 T:3907 DEBUG : CAMLCodec::GetPicture: index: 760, pts: 31.657, dur:42ms ar:2.00
2022-12-30 13:15:00.292 T:3907 DEBUG : CVideoPlayerVideo::OutputPicture - ttd:406ms pts:31.657 Clock:31.250 Level:5
2022-12-30 13:15:00.293 T:3907 DEBUG : CAMLCodec::GetTimeSize: len:24 dl:1806093 fs:1806093 front:57340
2022-12-30 13:15:00.294 T:3665 DEBUG : CAMLCodec::ReleaseFrame idx:754, drop:0
2022-12-30 13:15:00.300 T:3907 DEBUG : CAMLCodec::GetTimeSize: len:24 dl:1748753 fs:1806093 front:57340
2022-12-30 13:15:00.300 T:3907 DEBUG : CAMLCodec::GetTimeSize: len:23 dl:1748753 fs:1748753 front:53662
2022-12-30 13:15:00.305 T:3908 DEBUG : CVideoPlayerAudio::OutputPacket: pts:32.032 curr_pts:31.262 clock:31.263 level:99
2022-12-30 13:15:00.307 T:3907 DEBUG : CAMLCodec::AddData: dl:1838490 sum:1838490 sz:89737 dts:32.699 pts:32.866
2022-12-30 13:15:00.307 T:3907 DEBUG : CAMLCodec::GetTimeSize: len:24 dl:1838490 fs:1838490 front:53662
2022-12-30 13:15:00.308 T:3904 DEBUG : CVideoPlayer::ProcessAudioData size:2560 dts:40.000 pts:40.000 dur:32.000ms, clock:31.266 drop:0 level:99
2022-12-30 13:15:00.314 T:3907 DEBUG : CAMLCodec::GetTimeSize: len:24 dl:1838490 fs:1838490 front:53662
2022-12-30 13:15:00.329 T:3665 INFO : Skipped 2 duplicate messages..
2022-12-30 13:15:00.329 T:3665 DEBUG : CAMLCodec::PollFrame elapsed:35.028ms
2022-12-30 13:15:00.332 T:3907 DEBUG : CAMLCodec::GetTimeSize: len:24 dl:1838490 fs:1838490 front:53662
2022-12-30 13:15:00.332 T:3907 DEBUG : CAMLCodec::DequeueBuffer: pts:31.698 idx:761
2022-12-30 13:15:00.332 T:3907 DEBUG : CAMLCodec::GetPicture: index: 761, pts: 31.698, dur:41ms ar:2.00
2022-12-30 13:15:00.333 T:3907 DEBUG : CVideoPlayerVideo::OutputPicture - ttd:407ms pts:31.698 Clock:31.291 Level:6
2022-12-30 13:15:00.333 T:3665 DEBUG : PrepareNextRender: frameOnScreen: 31.291 renderPts: 31.458 nextFramePts: 31.448 -> diff: 0.010 render: 1 forceNext: 0
2022-12-30 13:15:00.334 T:3907 DEBUG : CAMLCodec::GetTimeSize: len:24 dl:1838490 fs:1838490 front:53662
2022-12-30 13:15:00.335 T:3665 DEBUG : CAMLCodec::ReleaseFrame idx:755, drop:0
2022-12-30 13:15:00.340 T:3907 DEBUG : CAMLCodec::GetTimeSize: len:24 dl:1784828 fs:1838490 front:53662
2022-12-30 13:15:00.340 T:3907 DEBUG : CAMLCodec::GetTimeSize: len:23 dl:1784828 fs:1784828 front:54695
2022-12-30 13:15:00.346 T:3907 DEBUG : CAMLCodec::AddData: dl:1825772 sum:1825772 sz:40944 dts:32.741 pts:32.741
2022-12-30 13:15:00.346 T:3907 DEBUG : CAMLCodec::GetTimeSize: len:24 dl:1825772 fs:1825772 front:54695
2022-12-30 13:15:00.355 T:3908 INFO : Skipped 1 duplicate messages..
2022-12-30 13:15:00.355 T:3908 DEBUG : CVideoPlayerAudio::OutputPacket: pts:32.064 curr_pts:31.312 clock:31.313 level:99
2022-12-30 13:15:00.355 T:3908 DEBUG : CVideoPlayerAudio::OutputPacket: pts:32.096 curr_pts:31.313 clock:31.313 level:99
2022-12-30 13:15:00.358 T:3907 DEBUG : CAMLCodec::GetTimeSize: len:24 dl:1825772 fs:1825772 front:54695
2022-12-30 13:15:00.360 T:3904 DEBUG : CVideoPlayer::ProcessVideoData size:136526 dts:39.915 pts:39.998 dur:41.000ms, clock:31.318 level:89
2022-12-30 13:15:00.363 T:3904 DEBUG : CVideoPlayer::ProcessVideoData size:239888 dts:39.957 pts:40.040 dur:41.000ms, clock:31.321 level:90
2022-12-30 13:15:00.365 T:3907 DEBUG : CAMLCodec::GetTimeSize: len:24 dl:1825772 fs:1825772 front:54695
2022-12-30 13:15:00.366 T:3904 DEBUG : CVideoPlayer::ProcessAudioData size:2560 dts:40.032 pts:40.032 dur:32.000ms, clock:31.324 drop:0 level:99
2022-12-30 13:15:00.366 T:3904 DEBUG : CVideoPlayer::ProcessAudioData size:2560 dts:40.064 pts:40.064 dur:32.000ms, clock:31.324 drop:0 level:99
2022-12-30 13:15:00.371 T:3665 DEBUG : CAMLCodec::PollFrame elapsed:36.151ms
2022-12-30 13:15:00.371 T:3907 DEBUG : CAMLCodec::GetTimeSize: len:24 dl:1825772 fs:1825772 front:54695
2022-12-30 13:15:00.372 T:3907 DEBUG : CAMLCodec::DequeueBuffer: pts:31.740 idx:762
2022-12-30 13:15:00.372 T:3907 DEBUG : CAMLCodec::GetPicture: index: 762, pts: 31.740, dur:42ms ar:2.00
2022-12-30 13:15:00.372 T:3907 DEBUG : CVideoPlayerVideo::OutputPicture - ttd:410ms pts:31.740 Clock:31.330 Level:6
2022-12-30 13:15:00.373 T:3907 DEBUG : CAMLCodec::GetTimeSize: len:24 dl:1825772 fs:1825772 front:54695
2022-12-30 13:15:00.375 T:3665 DEBUG : PrepareNextRender: frameOnScreen: 31.333 renderPts: 31.500 nextFramePts: 31.490 -> diff: 0.010 render: 1 forceNext: 0
2022-12-30 13:15:00.377 T:3665 DEBUG : CAMLCodec::ReleaseFrame idx:756, drop:0
2022-12-30 13:15:00.379 T:3907 DEBUG : CAMLCodec::GetTimeSize: len:24 dl:1825772 fs:1825772 front:54695
2022-12-30 13:15:00.386 T:3907 DEBUG : CAMLCodec::GetTimeSize: len:24 dl:1771077 fs:1825772 front:54695
2022-12-30 13:15:00.386 T:3907 DEBUG : CAMLCodec::GetTimeSize: len:23 dl:1771077 fs:1771077 front:51901
2022-12-30 13:15:00.391 T:3907 DEBUG : CAMLCodec::AddData: dl:1811104 sum:1811104 sz:40027 dts:32.783 pts:32.783
2022-12-30 13:15:00.391 T:3907 DEBUG : CAMLCodec::GetTimeSize: len:24 dl:1811104 fs:1811104 front:51901
2022-12-30 13:15:00.405 T:3908 INFO : Skipped 2 duplicate messages..
2022-12-30 13:15:00.405 T:3908 DEBUG : CVideoPlayerAudio::OutputPacket: pts:32.128 curr_pts:31.362 clock:31.363 level:99
2022-12-30 13:15:00.407 T:3904 DEBUG : CVideoPlayer::ProcessAudioData size:2560 dts:40.096 pts:40.096 dur:32.000ms, clock:31.365 drop:0 level:99
2022-12-30 13:15:00.410 T:3907 DEBUG : CAMLCodec::GetTimeSize: len:24 dl:1811104 fs:1811104 front:51901
2022-12-30 13:15:00.413 T:3665 DEBUG : CAMLCodec::PollFrame elapsed:35.602ms
2022-12-30 13:15:00.415 T:3665 DEBUG : PrepareNextRender: frameOnScreen: 31.373 renderPts: 31.540 nextFramePts: 31.531 -> diff: 0.009 render: 1 forceNext: 0
2022-12-30 13:15:00.417 T:3907 DEBUG : CAMLCodec::GetTimeSize: len:24 dl:1811104 fs:1811104 front:51901
2022-12-30 13:15:00.417 T:3907 DEBUG : CAMLCodec::DequeueBuffer: pts:31.782 idx:763
2022-12-30 13:15:00.417 T:3907 DEBUG : CAMLCodec::GetPicture: index: 763, pts: 31.782, dur:42ms ar:2.00
2022-12-30 13:15:00.417 T:3907 DEBUG : CVideoPlayerVideo::OutputPicture - ttd:406ms pts:31.782 Clock:31.375 Level:5
2022-12-30 13:15:00.417 T:3665 DEBUG : CAMLCodec::ReleaseFrame idx:757, drop:0
2022-12-30 13:15:00.418 T:3907 DEBUG : CAMLCodec::GetTimeSize: len:24 dl:1811104 fs:1811104 front:51901
2022-12-30 13:15:00.425 T:3907 DEBUG : CAMLCodec::GetTimeSize: len:24 dl:1759203 fs:1811104 front:51901
2022-12-30 13:15:00.425 T:3907 DEBUG : CAMLCodec::GetTimeSize: len:23 dl:1759203 fs:1759203 front:138759
2022-12-30 13:15:00.430 T:3907 DEBUG : CAMLCodec::AddData: dl:1794446 sum:1794446 sz:35243 dts:32.824 pts:32.824
2022-12-30 13:15:00.430 T:3907 DEBUG : CAMLCodec::GetTimeSize: len:24 dl:1794446 fs:1794446 front:138759
2022-12-30 13:15:00.455 T:3908 INFO : Skipped 3 duplicate messages..
2022-12-30 13:15:00.455 T:3908 DEBUG : CVideoPlayerAudio::OutputPacket: pts:32.160 curr_pts:31.412 clock:31.413 level:99
2022-12-30 13:15:00.456 T:3908 DEBUG : CVideoPlayerAudio::OutputPacket: pts:32.192 curr_pts:31.413 clock:31.414 level:99
2022-12-30 13:15:00.456 T:3907 DEBUG : CAMLCodec::GetTimeSize: len:24 dl:1794446 fs:1794446 front:138759
2022-12-30 13:15:00.456 T:3665 DEBUG : CAMLCodec::PollFrame elapsed:38.397ms
2022-12-30 13:15:00.458 T:3904 DEBUG : CVideoPlayer::ProcessAudioData size:2560 dts:40.128 pts:40.128 dur:32.000ms, clock:31.416 drop:0 level:99
2022-12-30 13:15:00.458 T:3904 DEBUG : CVideoPlayer::ProcessAudioData size:2560 dts:40.160 pts:40.160 dur:32.000ms, clock:31.416 drop:0 level:99
2022-12-30 13:15:00.459 T:3665 DEBUG : PrepareNextRender: frameOnScreen: 31.418 renderPts: 31.584 nextFramePts: 31.573 -> diff: 0.011 render: 1 forceNext: 0
2022-12-30 13:15:00.460 T:3665 DEBUG : CAMLCodec::ReleaseFrame idx:758, drop:0
2022-12-30 13:15:00.462 T:3907 DEBUG : CAMLCodec::GetTimeSize: len:24 dl:1794446 fs:1794446 front:138759
2022-12-30 13:15:00.496 T:3665 INFO : Skipped 5 duplicate messages..
2022-12-30 13:15:00.496 T:3665 DEBUG : CAMLCodec::PollFrame elapsed:35.493ms
2022-12-30 13:15:00.499 T:3907 DEBUG : CAMLCodec::GetTimeSize: len:24 dl:1794446 fs:1794446 front:138759
2022-12-30 13:15:00.499 T:3907 DEBUG : CAMLCodec::DequeueBuffer: pts:31.823 idx:764
2022-12-30 13:15:00.499 T:3907 DEBUG : CAMLCodec::GetPicture: index: 764, pts: 31.823, dur:41ms ar:2.00
2022-12-30 13:15:00.500 T:3907 DEBUG : CVideoPlayerVideo::OutputPicture - ttd:365ms pts:31.823 Clock:31.458 Level:5
2022-12-30 13:15:00.500 T:3665 DEBUG : PrepareNextRender: frameOnScreen: 31.458 renderPts: 31.625 nextFramePts: 31.615 -> diff: 0.010 render: 1 forceNext: 0
2022-12-30 13:15:00.501 T:3907 DEBUG : CAMLCodec::GetTimeSize: len:24 dl:1794446 fs:1794446 front:138759
2022-12-30 13:15:00.501 T:3665 DEBUG : CAMLCodec::ReleaseFrame idx:759, drop:0
2022-12-30 13:15:00.505 T:3908 DEBUG : CVideoPlayerAudio::OutputPacket: pts:32.224 curr_pts:31.462 clock:31.463 level:99
2022-12-30 13:15:00.507 T:3907 DEBUG : CAMLCodec::GetTimeSize: len:24 dl:1655687 fs:1794446 front:138759
2022-12-30 13:15:00.507 T:3907 DEBUG : CAMLCodec::GetTimeSize: len:23 dl:1655687 fs:1655687 front:31127
2022-12-30 13:15:00.509 T:3904 DEBUG : CVideoPlayer::ProcessAudioData size:2560 dts:40.192 pts:40.192 dur:32.000ms, clock:31.467 drop:0 level:99
2022-12-30 13:15:00.512 T:3907 DEBUG : CAMLCodec::AddData: dl:1691765 sum:1691765 sz:36078 dts:32.866 pts:32.908
2022-12-30 13:15:00.512 T:3907 DEBUG : CAMLCodec::GetTimeSize: len:24 dl:1691765 fs:1691765 front:31127
2022-12-30 13:15:00.538 T:3665 INFO : Skipped 4 duplicate messages..
2022-12-30 13:15:00.538 T:3665 DEBUG : CAMLCodec::PollFrame elapsed:36.564ms
2022-12-30 13:15:00.541 T:3665 DEBUG : PrepareNextRender: frameOnScreen: 31.499 renderPts: 31.666 nextFramePts: 31.657 -> diff: 0.009 render: 1 forceNext: 0
2022-12-30 13:15:00.542 T:3665 DEBUG : CAMLCodec::ReleaseFrame idx:760, drop:0
2022-12-30 13:15:00.544 T:3907 DEBUG : CAMLCodec::GetTimeSize: len:24 dl:1691765 fs:1691765 front:31127
2022-12-30 13:15:00.555 T:3908 INFO : Skipped 1 duplicate messages..
2022-12-30 13:15:00.555 T:3908 DEBUG : CVideoPlayerAudio::OutputPacket: pts:32.256 curr_pts:31.512 clock:31.513 level:99
2022-12-30 13:15:00.555 T:3908 DEBUG : CVideoPlayerAudio::OutputPacket: pts:32.288 curr_pts:31.513 clock:31.513 level:99
2022-12-30 13:15:00.557 T:3907 DEBUG : CAMLCodec::GetTimeSize: len:24 dl:1691765 fs:1691765 front:31127
2022-12-30 13:15:00.559 T:3904 DEBUG : CVideoPlayer::ProcessAudioData size:2560 dts:40.224 pts:40.224 dur:32.000ms, clock:31.517 drop:0 level:99
2022-12-30 13:15:00.560 T:3904 DEBUG : CVideoPlayer::ProcessAudioData size:2560 dts:40.256 pts:40.256 dur:32.000ms, clock:31.518 drop:0 level:99
2022-12-30 13:15:00.563 T:3907 DEBUG : CAMLCodec::GetTimeSize: len:24 dl:1691765 fs:1691765 front:31127
2022-12-30 13:15:00.579 T:3665 INFO : Skipped 2 duplicate messages..
2022-12-30 13:15:00.579 T:3665 DEBUG : CAMLCodec::PollFrame elapsed:36.922ms
2022-12-30 13:15:00.582 T:3907 DEBUG : CAMLCodec::GetTimeSize: len:24 dl:1691765 fs:1691765 front:31127
2022-12-30 13:15:00.582 T:3907 DEBUG : CAMLCodec::DequeueBuffer: pts:31.865 idx:765
2022-12-30 13:15:00.582 T:3907 DEBUG : CAMLCodec::GetPicture: index: 765, pts: 31.865, dur:42ms ar:2.00
2022-12-30 13:15:00.582 T:3907 DEBUG : CVideoPlayerVideo::OutputPicture - ttd:325ms pts:31.865 Clock:31.540 Level:4
2022-12-30 13:15:00.583 T:3907 DEBUG : CAMLCodec::GetTimeSize: len:24 dl:1691765 fs:1691765 front:31127
2022-12-30 13:15:00.584 T:3665 DEBUG : PrepareNextRender: frameOnScreen: 31.542 renderPts: 31.709 nextFramePts: 31.698 -> diff: 0.011 render: 1 forceNext: 0
2022-12-30 13:15:00.585 T:3665 DEBUG : CAMLCodec::ReleaseFrame idx:761, drop:0
2022-12-30 13:15:00.589 T:3907 DEBUG : CAMLCodec::GetTimeSize: len:24 dl:1660638 fs:1691765 front:31127
2022-12-30 13:15:00.589 T:3907 DEBUG : CAMLCodec::GetTimeSize: len:23 dl:1660638 fs:1660638 front:195581
2022-12-30 13:15:00.595 T:3907 DEBUG : CAMLCodec::AddData: dl:1700028 sum:1700028 sz:39390 dts:32.908 pts:32.950
2022-12-30 13:15:00.595 T:3907 DEBUG : CAMLCodec::GetTimeSize: len:24 dl:1700028 fs:1700028 front:195581
2022-12-30 13:15:00.595 T:3907 DEBUG : CAMLCodec::DequeueBuffer: pts:31.907 idx:766
2022-12-30 13:15:00.595 T:3907 DEBUG : CAMLCodec::GetPicture: index: 766, pts: 31.907, dur:42ms ar:2.00
2022-12-30 13:15:00.595 T:3907 DEBUG : CVideoPlayerVideo::OutputPicture - ttd:353ms pts:31.907 Clock:31.553 Level:4
2022-12-30 13:15:00.596 T:3907 DEBUG : CAMLCodec::GetTimeSize: len:24 dl:1700028 fs:1700028 front:195581
2022-12-30 13:15:00.596 T:3907 DEBUG : CAMLCodec::DequeueBuffer: pts:31.949 idx:767
2022-12-30 13:15:00.596 T:3907 DEBUG : CAMLCodec::GetPicture: index: 767, pts: 31.949, dur:42ms ar:2.00
2022-12-30 13:15:00.596 T:3907 DEBUG : CVideoPlayerVideo::OutputPicture - ttd:394ms pts:31.949 Clock:31.554 Level:5
2022-12-30 13:15:00.597 T:3907 DEBUG : CAMLCodec::GetTimeSize: len:24 dl:1700028 fs:1700028 front:195581
2022-12-30 13:15:00.597 T:3907 DEBUG : CAMLCodec::DequeueBuffer: pts:31.990 idx:768
2022-12-30 13:15:00.597 T:3907 DEBUG : CAMLCodec::GetPicture: index: 768, pts: 31.990, dur:41ms ar:2.00
2022-12-30 13:15:00.598 T:3907 DEBUG : CVideoPlayerVideo::OutputPicture - ttd:434ms pts:31.990 Clock:31.556 Level:6
2022-12-30 13:15:00.599 T:3907 DEBUG : CAMLCodec::GetTimeSize: len:24 dl:1700028 fs:1700028 front:195581
2022-12-30 13:15:00.605 T:3908 DEBUG : CVideoPlayerAudio::OutputPacket: pts:32.320 curr_pts:31.562 clock:31.563 level:99
2022-12-30 13:15:00.605 T:3907 DEBUG : CAMLCodec::GetTimeSize: len:24 dl:1504447 fs:1700028 front:195581
2022-12-30 13:15:00.605 T:3907 DEBUG : CAMLCodec::GetTimeSize: len:23 dl:1504447 fs:1504447 front:178815
2022-12-30 13:15:00.611 T:3904 DEBUG : CVideoPlayer::ProcessVideoData size:87602 dts:39.998 pts:40.123 dur:41.000ms, clock:31.569 level:88
2022-12-30 13:15:00.611 T:3904 DEBUG : CVideoPlayer::ProcessVideoData size:49518 dts:40.040 pts:40.082 dur:41.000ms, clock:31.569 level:89
2022-12-30 13:15:00.612 T:3904 DEBUG : CVideoPlayer::ProcessAudioData size:2560 dts:40.288 pts:40.288 dur:32.000ms, clock:31.570 drop:0 level:99
2022-12-30 13:15:00.613 T:3907 DEBUG : CAMLCodec::AddData: dl:1366658 sum:1545473 sz:41026 dts:32.950 pts:32.991
2022-12-30 13:15:00.613 T:3907 DEBUG : CAMLCodec::GetTimeSize: len:24 dl:1366658 fs:1545473 front:178815
2022-12-30 13:15:00.613 T:3907 DEBUG : CAMLCodec::GetTimeSize: len:23 dl:1366658 fs:1366658 front:76756
2022-12-30 13:15:00.620 T:3907 DEBUG : CAMLCodec::AddData: dl:1546576 sum:1546576 sz:179918 dts:32.991 pts:33.283
2022-12-30 13:15:00.620 T:3907 DEBUG : CAMLCodec::GetTimeSize: len:24 dl:1546576 fs:1546576 front:76756
2022-12-30 13:15:00.621 T:3665 DEBUG : CAMLCodec::PollFrame elapsed:35.542ms
2022-12-30 13:15:00.624 T:3665 DEBUG : PrepareNextRender: frameOnScreen: 31.582 renderPts: 31.749 nextFramePts: 31.740 -> diff: 0.009 render: 1 forceNext: 0
2022-12-30 13:15:00.626 T:3665 DEBUG : CAMLCodec::ReleaseFrame idx:762, drop:0
2022-12-30 13:15:00.627 T:3907 DEBUG : CAMLCodec::GetTimeSize: len:24 dl:1546576 fs:1546576 front:76756
