2022-12-30 13:14:41.104 T:3665 DEBUG : PrepareNextRender: frameOnScreen: 12.062 renderPts: 12.229 nextFramePts: 12.221 -> diff: 0.008 render: 1 forceNext: 0
2022-12-30 13:14:41.104 T:3907 DEBUG : CAMLCodec::GetTimeSize: len:24 dl:2041682 fs:2041682 front:45981
2022-12-30 13:14:41.104 T:3907 DEBUG : CAMLCodec::DequeueBuffer: pts:12.471 idx:300
2022-12-30 13:14:41.104 T:3907 DEBUG : CAMLCodec::GetPicture: index: 300, pts: 12.471, dur:42ms ar:2.00
2022-12-30 13:14:41.104 T:3907 DEBUG : CVideoPlayerVideo::OutputPicture - ttd:408ms pts:12.471 Clock:12.062 Level:5
2022-12-30 13:14:41.105 T:3665 DEBUG : CAMLCodec::ReleaseFrame idx:294, drop:0
2022-12-30 13:14:41.105 T:3907 DEBUG : CAMLCodec::GetTimeSize: len:24 dl:2041682 fs:2041682 front:45981
2022-12-30 13:14:41.105 T:3908 DEBUG : CVideoPlayerAudio::OutputPacket: pts:12.832 curr_pts:12.062 clock:12.063 level:99
2022-12-30 13:14:41.109 T:3904 DEBUG : CVideoPlayer::ProcessAudioData size:2560 dts:20.800 pts:20.800 dur:32.000ms, clock:12.067 drop:0 level:99
2022-12-30 13:14:41.112 T:3907 DEBUG : CAMLCodec::GetTimeSize: len:24 dl:1995701 fs:2041682 front:45981
2022-12-30 13:14:41.112 T:3907 DEBUG : CAMLCodec::GetTimeSize: len:23 dl:1995701 fs:1995701 front:152424
2022-12-30 13:14:41.119 T:3907 DEBUG : CAMLCodec::AddData: dl:2053034 sum:2053034 sz:57333 dts:13.513 pts:13.555
2022-12-30 13:14:41.119 T:3907 DEBUG : CAMLCodec::GetTimeSize: len:24 dl:2053034 fs:2053034 front:152424
2022-12-30 13:14:41.143 T:3665 INFO : Skipped 3 duplicate messages..
2022-12-30 13:14:41.143 T:3665 DEBUG : CAMLCodec::PollFrame elapsed:37.753ms
2022-12-30 13:14:41.144 T:3907 DEBUG : CAMLCodec::GetTimeSize: len:24 dl:2053034 fs:2053034 front:152424
2022-12-30 13:14:41.145 T:3665 DEBUG : PrepareNextRender: frameOnScreen: 12.103 renderPts: 12.270 nextFramePts: 12.262 -> diff: 0.008 render: 1 forceNext: 0
2022-12-30 13:14:41.146 T:3665 DEBUG : CAMLCodec::ReleaseFrame idx:295, drop:0
2022-12-30 13:14:41.150 T:3907 DEBUG : CAMLCodec::GetTimeSize: len:24 dl:2053034 fs:2053034 front:152424
2022-12-30 13:14:41.154 T:3908 DEBUG : CVideoPlayerAudio::OutputPacket: pts:12.864 curr_pts:12.112 clock:12.112 level:99
2022-12-30 13:14:41.155 T:3908 DEBUG : CVideoPlayerAudio::OutputPacket: pts:12.896 curr_pts:12.112 clock:12.113 level:99
2022-12-30 13:14:41.156 T:3907 DEBUG : CAMLCodec::GetTimeSize: len:24 dl:2053034 fs:2053034 front:152424
2022-12-30 13:14:41.160 T:3904 DEBUG : CVideoPlayer::ProcessAudioData size:2560 dts:20.832 pts:20.832 dur:32.000ms, clock:12.118 drop:0 level:99
2022-12-30 13:14:41.160 T:3904 DEBUG : CVideoPlayer::ProcessAudioData size:2560 dts:20.864 pts:20.864 dur:32.000ms, clock:12.118 drop:0 level:99
2022-12-30 13:14:41.163 T:3907 DEBUG : CAMLCodec::GetTimeSize: len:24 dl:2053034 fs:2053034 front:152424
2022-12-30 13:14:41.185 T:3665 INFO : Skipped 3 duplicate messages..
2022-12-30 13:14:41.185 T:3665 DEBUG : CAMLCodec::PollFrame elapsed:39.158ms
2022-12-30 13:14:41.187 T:3665 DEBUG : PrepareNextRender: frameOnScreen: 12.145 renderPts: 12.311 nextFramePts: 12.304 -> diff: 0.007 render: 1 forceNext: 0
2022-12-30 13:14:41.187 T:3665 DEBUG : CAMLCodec::ReleaseFrame idx:296, drop:0
2022-12-30 13:14:41.187 T:3907 DEBUG : CAMLCodec::GetTimeSize: len:24 dl:2053034 fs:2053034 front:152424
2022-12-30 13:14:41.187 T:3907 DEBUG : CAMLCodec::DequeueBuffer: pts:12.512 idx:301
2022-12-30 13:14:41.188 T:3907 DEBUG : CAMLCodec::GetPicture: index: 301, pts: 12.512, dur:41ms ar:2.00
2022-12-30 13:14:41.188 T:3907 DEBUG : CVideoPlayerVideo::OutputPicture - ttd:366ms pts:12.512 Clock:12.146 Level:4
2022-12-30 13:14:41.189 T:3907 DEBUG : CAMLCodec::GetTimeSize: len:24 dl:2053034 fs:2053034 front:152424
2022-12-30 13:14:41.200 T:3952 INFO : Skipped 1 duplicate messages..
2022-12-30 13:14:41.200 T:3952 WARNING : CPythonInvoker(33, /storage/.kodi/addons/metadata.tvshows.themoviedb.org.python/main.py): the python script "/storage/.kodi/addons/metadata.tvshows.themoviedb.org.python/main.py" has left several classes in memory that we couldn't clean up. The classes include: N9XBMCAddon9xbmcaddon5AddonE
2022-12-30 13:14:41.200 T:3952 INFO : Python interpreter stopped
2022-12-30 13:14:41.200 T:3952 DEBUG : Thread LanguageInvoker 3681604224 terminating
2022-12-30 13:14:41.203 T:3907 DEBUG : CAMLCodec::GetTimeSize: len:24 dl:1900610 fs:2053034 front:152424
2022-12-30 13:14:41.203 T:3907 DEBUG : CAMLCodec::GetTimeSize: len:23 dl:1900610 fs:1900610 front:96897
2022-12-30 13:14:41.207 T:3908 DEBUG : CVideoPlayerAudio::OutputPacket: pts:12.928 curr_pts:12.164 clock:12.165 level:99
2022-12-30 13:14:41.210 T:3907 DEBUG : CAMLCodec::AddData: dl:1962513 sum:1962513 sz:61903 dts:13.555 pts:13.764
2022-12-30 13:14:41.211 T:3907 DEBUG : CAMLCodec::GetTimeSize: len:24 dl:1962513 fs:1962513 front:96897
2022-12-30 13:14:41.211 T:3904 DEBUG : CVideoPlayer::ProcessAudioData size:2560 dts:20.896 pts:20.896 dur:32.000ms, clock:12.169 drop:0 level:99
2022-12-30 13:14:41.217 T:3907 DEBUG : CAMLCodec::GetTimeSize: len:24 dl:1962513 fs:1962513 front:96897
2022-12-30 13:14:41.227 T:3665 INFO : Skipped 1 duplicate messages..
2022-12-30 13:14:41.227 T:3665 DEBUG : CAMLCodec::PollFrame elapsed:39.602ms
2022-12-30 13:14:41.230 T:3907 DEBUG : CAMLCodec::GetTimeSize: len:24 dl:1962513 fs:1962513 front:96897
2022-12-30 13:14:41.230 T:3907 DEBUG : CAMLCodec::DequeueBuffer: pts:12.554 idx:302
2022-12-30 13:14:41.230 T:3907 DEBUG : CAMLCodec::GetPicture: index: 302, pts: 12.554, dur:42ms ar:2.00
2022-12-30 13:14:41.230 T:3907 DEBUG : CVideoPlayerVideo::OutputPicture - ttd:365ms pts:12.554 Clock:12.188 Level:5
2022-12-30 13:14:41.231 T:3907 DEBUG : CAMLCodec::GetTimeSize: len:24 dl:1962513 fs:1962513 front:96897
2022-12-30 13:14:41.232 T:3665 DEBUG : PrepareNextRender: frameOnScreen: 12.190 renderPts: 12.357 nextFramePts: 12.346 -> diff: 0.011 render: 1 forceNext: 0
2022-12-30 13:14:41.234 T:3665 DEBUG : CAMLCodec::ReleaseFrame idx:297, drop:0
2022-12-30 13:14:41.238 T:3907 DEBUG : CAMLCodec::GetTimeSize: len:24 dl:1962513 fs:1962513 front:96897
2022-12-30 13:14:41.238 T:3953 DEBUG : -->Python Interpreter Initialized<--
2022-12-30 13:14:41.238 T:3953 DEBUG :
2022-12-30 13:14:41.238 T:3953 DEBUG : CPythonInvoker(34, /storage/.kodi/addons/metadata.tvshows.themoviedb.org.python/main.py): the source file to load is "/storage/.kodi/addons/metadata.tvshows.themoviedb.org.python/main.py"
2022-12-30 13:14:41.238 T:3953 DEBUG : CPythonInvoker(34, /storage/.kodi/addons/metadata.tvshows.themoviedb.org.python/main.py): setting the Python path to /storage/.kodi/addons/metadata.tvshows.themoviedb.org.python:/usr/lib/python38.zip:/usr/lib/python3.8:/usr/lib/python3.8/lib-dynload:/usr/lib/python3.8/site-packages
2022-12-30 13:14:41.238 T:3953 DEBUG : CPythonInvoker(34, /storage/.kodi/addons/metadata.tvshows.themoviedb.org.python/main.py): entering source directory /storage/.kodi/addons/metadata.tvshows.themoviedb.org.python
2022-12-30 13:14:41.238 T:3953 DEBUG : CPythonInvoker(34, /storage/.kodi/addons/metadata.tvshows.themoviedb.org.python/main.py): instantiating addon using automatically obtained id of "metadata.tvshows.themoviedb.org.python" dependent on version 3.0.0 of the xbmc.python api
2022-12-30 13:14:41.244 T:3907 DEBUG : CAMLCodec::GetTimeSize: len:24 dl:1865616 fs:1962513 front:96897
2022-12-30 13:14:41.244 T:3907 DEBUG : CAMLCodec::GetTimeSize: len:23 dl:1865616 fs:1865616 front:52052
2022-12-30 13:14:41.249 T:3907 DEBUG : CAMLCodec::AddData: dl:1903252 sum:1903252 sz:37636 dts:13.597 pts:13.680
2022-12-30 13:14:41.249 T:3907 DEBUG : CAMLCodec::GetTimeSize: len:24 dl:1903252 fs:1903252 front:52052
2022-12-30 13:14:41.254 T:3908 DEBUG : CVideoPlayerAudio::OutputPacket: pts:12.960 curr_pts:12.212 clock:12.212 level:99
2022-12-30 13:14:41.255 T:3908 DEBUG : CVideoPlayerAudio::OutputPacket: pts:12.992 curr_pts:12.212 clock:12.213 level:99
2022-12-30 13:14:41.255 T:3907 DEBUG : CAMLCodec::GetTimeSize: len:24 dl:1903252 fs:1903252 front:52052
2022-12-30 13:14:41.261 T:3904 DEBUG : CVideoPlayer::ProcessAudioData size:2560 dts:20.928 pts:20.928 dur:32.000ms, clock:12.219 drop:0 level:99
2022-12-30 13:14:41.262 T:3907 DEBUG : CAMLCodec::GetTimeSize: len:24 dl:1903252 fs:1903252 front:52052
2022-12-30 13:14:41.262 T:3904 DEBUG : CVideoPlayer::ProcessVideoData size:168458 dts:20.687 pts:20.938 dur:41.000ms, clock:12.220 level:88
2022-12-30 13:14:41.263 T:3904 DEBUG : CVideoPlayer::ProcessVideoData size:90746 dts:20.729 pts:20.854 dur:41.000ms, clock:12.221 level:89
2022-12-30 13:14:41.263 T:3904 DEBUG : CVideoPlayer::ProcessVideoData size:50098 dts:20.771 pts:20.771 dur:41.000ms, clock:12.221 level:89
2022-12-30 13:14:41.263 T:3904 DEBUG : CVideoPlayer::ProcessVideoData size:50430 dts:20.812 pts:20.812 dur:41.000ms, clock:12.221 level:90
2022-12-30 13:14:41.263 T:3904 DEBUG : CVideoPlayer::ProcessVideoData size:45093 dts:20.854 pts:20.896 dur:41.000ms, clock:12.222 level:90
2022-12-30 13:14:41.264 T:3904 DEBUG : CVideoPlayer::ProcessAudioData size:2560 dts:20.960 pts:20.960 dur:32.000ms, clock:12.222 drop:0 level:99
2022-12-30 13:14:41.268 T:3907 DEBUG : CAMLCodec::GetTimeSize: len:24 dl:1903252 fs:1903252 front:52052
2022-12-30 13:14:41.268 T:3665 DEBUG : CAMLCodec::PollFrame elapsed:34.351ms
2022-12-30 13:14:41.270 T:3665 DEBUG : PrepareNextRender: frameOnScreen: 12.228 renderPts: 12.395 nextFramePts: 12.387 -> diff: 0.008 render: 1 forceNext: 0
2022-12-30 13:14:41.271 T:3665 DEBUG : CAMLCodec::ReleaseFrame idx:298, drop:0
2022-12-30 13:14:41.274 T:3907 DEBUG : CAMLCodec::GetTimeSize: len:24 dl:1903252 fs:1903252 front:52052
2022-12-30 13:14:41.274 T:3907 DEBUG : CAMLCodec::DequeueBuffer: pts:12.596 idx:303
2022-12-30 13:14:41.274 T:3907 DEBUG : CAMLCodec::GetPicture: index: 303, pts: 12.596, dur:42ms ar:2.00
2022-12-30 13:14:41.274 T:3907 DEBUG : CVideoPlayerVideo::OutputPicture - ttd:363ms pts:12.596 Clock:12.232 Level:4
2022-12-30 13:14:41.275 T:3907 DEBUG : CAMLCodec::GetTimeSize: len:24 dl:1903252 fs:1903252 front:52052
2022-12-30 13:14:41.282 T:3907 DEBUG : CAMLCodec::GetTimeSize: len:24 dl:1851200 fs:1903252 front:52052
2022-12-30 13:14:41.282 T:3907 DEBUG : CAMLCodec::GetTimeSize: len:23 dl:1851200 fs:1851200 front:44868
2022-12-30 13:14:41.282 T:3907 DEBUG : CAMLCodec::DequeueBuffer: pts:12.638 idx:304
2022-12-30 13:14:41.282 T:3907 DEBUG : CAMLCodec::GetPicture: index: 304, pts: 12.638, dur:42ms ar:2.00
2022-12-30 13:14:41.282 T:3907 DEBUG : CVideoPlayerVideo::OutputPicture - ttd:398ms pts:12.638 Clock:12.240 Level:5
2022-12-30 13:14:41.283 T:3907 DEBUG : CAMLCodec::GetTimeSize: len:23 dl:1851200 fs:1851200 front:44868
2022-12-30 13:14:41.288 T:3907 DEBUG : CAMLCodec::AddData: dl:1823850 sum:1868718 sz:17518 dts:13.639 pts:13.639
2022-12-30 13:14:41.288 T:3907 DEBUG : CAMLCodec::GetTimeSize: len:24 dl:1823850 fs:1868718 front:44868
2022-12-30 13:14:41.288 T:3907 DEBUG : CAMLCodec::GetTimeSize: len:23 dl:1823850 fs:1823850 front:49350
2022-12-30 13:14:41.289 T:3953 DEBUG : [metadata.tvshows.themoviedb.org.python (1.4.17)]: the cache dir is /storage/.kodi/temp/scrapers/metadata.tvshows.themoviedb.org.python
2022-12-30 13:14:41.293 T:3907 DEBUG : CAMLCodec::AddData: dl:1839395 sum:1839395 sz:15545 dts:13.680 pts:13.722
2022-12-30 13:14:41.293 T:3907 DEBUG : CAMLCodec::GetTimeSize: len:24 dl:1839395 fs:1839395 front:49350
2022-12-30 13:14:41.304 T:3908 INFO : Skipped 1 duplicate messages..
2022-12-30 13:14:41.304 T:3908 DEBUG : CVideoPlayerAudio::OutputPacket: pts:13.024 curr_pts:12.262 clock:12.262 level:99
2022-12-30 13:14:41.304 T:3904 DEBUG : CVideoPlayer::ProcessAudioData size:2560 dts:20.992 pts:20.992 dur:32.000ms, clock:12.263 drop:0 level:99
2022-12-30 13:14:41.306 T:3907 DEBUG : CAMLCodec::GetTimeSize: len:24 dl:1839395 fs:1839395 front:49350
2022-12-30 13:14:41.310 T:3665 DEBUG : CAMLCodec::PollFrame elapsed:38.879ms
2022-12-30 13:14:41.312 T:3665 DEBUG : PrepareNextRender: frameOnScreen: 12.270 renderPts: 12.437 nextFramePts: 12.429 -> diff: 0.008 render: 1 forceNext: 0
2022-12-30 13:14:41.312 T:3907 DEBUG : CAMLCodec::GetTimeSize: len:24 dl:1839395 fs:1839395 front:49350
2022-12-30 13:14:41.312 T:3665 DEBUG : CAMLCodec::ReleaseFrame idx:299, drop:0
2022-12-30 13:14:41.318 T:3907 DEBUG : CAMLCodec::GetTimeSize: len:24 dl:1839395 fs:1839395 front:49350
2022-12-30 13:14:41.318 T:3907 DEBUG : CAMLCodec::DequeueBuffer: pts:12.679 idx:305
2022-12-30 13:14:41.318 T:3907 DEBUG : CAMLCodec::GetPicture: index: 305, pts: 12.679, dur:41ms ar:2.00
2022-12-30 13:14:41.318 T:3907 DEBUG : CVideoPlayerVideo::OutputPicture - ttd:402ms pts:12.679 Clock:12.276 Level:5
2022-12-30 13:14:41.319 T:3907 DEBUG : CAMLCodec::GetTimeSize: len:24 dl:1839395 fs:1839395 front:49350
2022-12-30 13:14:41.326 T:3907 DEBUG : CAMLCodec::GetTimeSize: len:24 dl:1790045 fs:1839395 front:49350
2022-12-30 13:14:41.326 T:3907 DEBUG : CAMLCodec::GetTimeSize: len:23 dl:1790045 fs:1790045 front:50407
2022-12-30 13:14:41.333 T:3907 DEBUG : CAMLCodec::AddData: dl:1843945 sum:1843945 sz:53900 dts:13.722 pts:13.889
2022-12-30 13:14:41.333 T:3907 DEBUG : CAMLCodec::GetTimeSize: len:24 dl:1843945 fs:1843945 front:50407
2022-12-30 13:14:41.352 T:3665 INFO : Skipped 3 duplicate messages..
2022-12-30 13:14:41.352 T:3665 DEBUG : CAMLCodec::PollFrame elapsed:39.176ms
2022-12-30 13:14:41.354 T:3665 DEBUG : PrepareNextRender: frameOnScreen: 12.312 renderPts: 12.478 nextFramePts: 12.471 -> diff: 0.007 render: 1 forceNext: 0
2022-12-30 13:14:41.355 T:3908 DEBUG : CVideoPlayerAudio::OutputPacket: pts:13.056 curr_pts:12.312 clock:12.313 level:99
2022-12-30 13:14:41.355 T:3665 DEBUG : CAMLCodec::ReleaseFrame idx:300, drop:0
2022-12-30 13:14:41.355 T:3904 DEBUG : CVideoPlayer::ProcessAudioData size:2560 dts:21.024 pts:21.024 dur:32.000ms, clock:12.313 drop:0 level:99
2022-12-30 13:14:41.355 T:3904 DEBUG : CVideoPlayer::ProcessAudioData size:2560 dts:21.056 pts:21.056 dur:32.000ms, clock:12.313 drop:0 level:99
2022-12-30 13:14:41.355 T:3908 DEBUG : CVideoPlayerAudio::OutputPacket: pts:13.088 curr_pts:12.313 clock:12.313 level:100
2022-12-30 13:14:41.358 T:3907 DEBUG : CAMLCodec::GetTimeSize: len:24 dl:1843945 fs:1843945 front:50407
2022-12-30 13:14:41.358 T:3907 DEBUG : CAMLCodec::DequeueBuffer: pts:12.721 idx:306
2022-12-30 13:14:41.358 T:3907 DEBUG : CAMLCodec::GetPicture: index: 306, pts: 12.721, dur:42ms ar:2.00
2022-12-30 13:14:41.358 T:3907 DEBUG : CVideoPlayerVideo::OutputPicture - ttd:404ms pts:12.721 Clock:12.316 Level:5
2022-12-30 13:14:41.359 T:3907 DEBUG : CAMLCodec::GetTimeSize: len:24 dl:1843945 fs:1843945 front:50407
2022-12-30 13:14:41.365 T:3907 DEBUG : CAMLCodec::GetTimeSize: len:24 dl:1793538 fs:1843945 front:50407
2022-12-30 13:14:41.365 T:3907 DEBUG : CAMLCodec::GetTimeSize: len:23 dl:1793538 fs:1793538 front:208921
2022-12-30 13:14:41.371 T:3907 DEBUG : CAMLCodec::AddData: dl:1813002 sum:1813002 sz:19464 dts:13.764 pts:13.847
2022-12-30 13:14:41.371 T:3907 DEBUG : CAMLCodec::GetTimeSize: len:24 dl:1813002 fs:1813002 front:208921
2022-12-30 13:14:41.394 T:3665 INFO : Skipped 3 duplicate messages..
2022-12-30 13:14:41.394 T:3665 DEBUG : CAMLCodec::PollFrame elapsed:38.728ms
2022-12-30 13:14:41.395 T:3665 DEBUG : PrepareNextRender: frameOnScreen: 12.353 renderPts: 12.520 nextFramePts: 12.512 -> diff: 0.008 render: 1 forceNext: 0
2022-12-30 13:14:41.395 T:3907 DEBUG : CAMLCodec::GetTimeSize: len:24 dl:1813002 fs:1813002 front:208921
2022-12-30 13:14:41.395 T:3907 DEBUG : CAMLCodec::DequeueBuffer: pts:12.763 idx:307
2022-12-30 13:14:41.395 T:3907 DEBUG : CAMLCodec::GetPicture: index: 307, pts: 12.763, dur:42ms ar:2.00
2022-12-30 13:14:41.396 T:3907 DEBUG : CVideoPlayerVideo::OutputPicture - ttd:409ms pts:12.763 Clock:12.354 Level:5
2022-12-30 13:14:41.396 T:3665 DEBUG : CAMLCodec::ReleaseFrame idx:301, drop:0
2022-12-30 13:14:41.397 T:3907 DEBUG : CAMLCodec::GetTimeSize: len:24 dl:1813002 fs:1813002 front:208921
2022-12-30 13:14:41.398 T:3953 DEBUG : [metadata.tvshows.themoviedb.org.python (1.4.17)]: Called addon with params: ['plugin://metadata.tvshows.themoviedb.org.python/', '21', '?action=find&pathSettings=%7b%22cat_landscape%22%3atrue%2c%22certprefix%22%3a%22Rated%20%22%2c%22enab_trailer%22%3atrue%2c%22enable_fanarttv%22%3atrue%2c%22fanarttv_clientkey%22%3a%22%22%2c%22imdbanyway%22%3afalse%2c%22keeporiginaltitle%22%3afalse%2c%22language%22%3a%22fr-FR%22%2c%22lastUpdated%22%3a%220%22%2c%22originalUrl%22%3a%22%22%2c%22players_opt%22%3a%22Tubed%22%2c%22previewUrl%22%3a%22%22%2c%22ratings%22%3a%22IMDb%22%2c%22studio_country%22%3atrue%2c%22tmdbanyway%22%3atrue%2c%22tmdbcertcountry%22%3a%22fr%22%2c%22traktanyway%22%3atrue%2c%22usecertprefix%22%3atrue%2c%22verboselog%22%3afalse%7d&title=The%20Blacklist%20S09%20MULTi', 'resume:false']
2022-12-30 13:14:41.398 T:3953 DEBUG : [metadata.tvshows.themoviedb.org.python (1.4.17)]: performing find action
2022-12-30 13:14:41.398 T:3953 DEBUG : [metadata.tvshows.themoviedb.org.python (1.4.17)]: Searching for TV show The Blacklist S09 MULTi (None)
2022-12-30 13:14:41.398 T:3953 DEBUG : [metadata.tvshows.themoviedb.org.python (1.4.17)]: using title of The Blacklist S09 MULTi to find show
2022-12-30 13:14:41.398 T:3953 DEBUG : [metadata.tvshows.themoviedb.org.python (1.4.17)]: Calling URL "https://api.themoviedb.org/3/search/tv?api_key=af3a53eb387d57fc935e9128468b1899&language=fr-FR&query=The+Blacklist+S09+MULTi"
2022-12-30 13:14:41.403 T:3907 DEBUG : CAMLCodec::GetTimeSize: len:24 dl:1813002 fs:1813002 front:208921
2022-12-30 13:14:41.405 T:3908 DEBUG : CVideoPlayerAudio::OutputPacket: pts:13.120 curr_pts:12.362 clock:12.363 level:99
2022-12-30 13:14:41.406 T:3904 DEBUG : CVideoPlayer::ProcessAudioData size:2560 dts:21.088 pts:21.088 dur:32.000ms, clock:12.364 drop:0 level:99
2022-12-30 13:14:41.409 T:3907 DEBUG : CAMLCodec::GetTimeSize: len:24 dl:1604081 fs:1813002 front:208921
2022-12-30 13:14:41.409 T:3907 DEBUG : CAMLCodec::GetTimeSize: len:23 dl:1604081 fs:1604081 front:126706
2022-12-30 13:14:41.414 T:3907 DEBUG : CAMLCodec::AddData: dl:1616210 sum:1616210 sz:12129 dts:13.805 pts:13.805
2022-12-30 13:14:41.414 T:3907 DEBUG : CAMLCodec::GetTimeSize: len:24 dl:1616210 fs:1616210 front:126706
2022-12-30 13:14:41.435 T:3665 INFO : Skipped 3 duplicate messages..
2022-12-30 13:14:41.435 T:3665 DEBUG : CAMLCodec::PollFrame elapsed:39.251ms
2022-12-30 13:14:41.439 T:3665 DEBUG : PrepareNextRender: frameOnScreen: 12.397 renderPts: 12.564 nextFramePts: 12.554 -> diff: 0.010 render: 1 forceNext: 0
2022-12-30 13:14:41.439 T:3907 DEBUG : CAMLCodec::GetTimeSize: len:24 dl:1616210 fs:1616210 front:126706
2022-12-30 13:14:41.440 T:3665 DEBUG : CAMLCodec::ReleaseFrame idx:302, drop:0
2022-12-30 13:14:41.446 T:3907 DEBUG : CAMLCodec::GetTimeSize: len:24 dl:1616210 fs:1616210 front:126706
2022-12-30 13:14:41.455 T:3908 INFO : Skipped 1 duplicate messages..
2022-12-30 13:14:41.455 T:3908 DEBUG : CVideoPlayerAudio::OutputPacket: pts:13.152 curr_pts:12.412 clock:12.413 level:99
2022-12-30 13:14:41.455 T:3908 DEBUG : CVideoPlayerAudio::OutputPacket: pts:13.184 curr_pts:12.413 clock:12.413 level:99
2022-12-30 13:14:41.456 T:3904 DEBUG : CVideoPlayer::ProcessAudioData size:2560 dts:21.120 pts:21.120 dur:32.000ms, clock:12.414 drop:0 level:99
2022-12-30 13:14:41.457 T:3904 DEBUG : CVideoPlayer::ProcessAudioData size:2560 dts:21.152 pts:21.152 dur:32.000ms, clock:12.415 drop:0 level:99
2022-12-30 13:14:41.458 T:3907 DEBUG : CAMLCodec::GetTimeSize: len:24 dl:1616210 fs:1616210 front:126706
2022-12-30 13:14:41.477 T:3665 INFO : Skipped 3 duplicate messages..
2022-12-30 13:14:41.477 T:3665 DEBUG : CAMLCodec::PollFrame elapsed:37.198ms
2022-12-30 13:14:41.480 T:3665 DEBUG : PrepareNextRender: frameOnScreen: 12.438 renderPts: 12.605 nextFramePts: 12.596 -> diff: 0.009 render: 1 forceNext: 0
2022-12-30 13:14:41.481 T:3665 DEBUG : CAMLCodec::ReleaseFrame idx:303, drop:0
2022-12-30 13:14:41.483 T:3907 DEBUG : CAMLCodec::GetTimeSize: len:24 dl:1616210 fs:1616210 front:126706
2022-12-30 13:14:41.483 T:3907 DEBUG : CAMLCodec::DequeueBuffer: pts:12.804 idx:308
2022-12-30 13:14:41.483 T:3907 DEBUG : CAMLCodec::GetPicture: index: 308, pts: 12.804, dur:41ms ar:2.00
2022-12-30 13:14:41.483 T:3907 DEBUG : CVideoPlayerVideo::OutputPicture - ttd:362ms pts:12.804 Clock:12.441 Level:4
2022-12-30 13:14:41.484 T:3907 DEBUG : CAMLCodec::GetTimeSize: len:24 dl:1616210 fs:1616210 front:126706
2022-12-30 13:14:41.490 T:3907 DEBUG : CAMLCodec::GetTimeSize: len:24 dl:1489504 fs:1616210 front:126706
2022-12-30 13:14:41.490 T:3907 DEBUG : CAMLCodec::GetTimeSize: len:23 dl:1489504 fs:1489504 front:61538
2022-12-30 13:14:41.496 T:3907 DEBUG : CAMLCodec::AddData: dl:1514038 sum:1514038 sz:24534 dts:13.847 pts:13.931
2022-12-30 13:14:41.496 T:3907 DEBUG : CAMLCodec::GetTimeSize: len:24 dl:1514038 fs:1514038 front:61538
2022-12-30 13:14:41.505 T:3908 INFO : Skipped 1 duplicate messages..
2022-12-30 13:14:41.505 T:3908 DEBUG : CVideoPlayerAudio::OutputPacket: pts:13.216 curr_pts:12.462 clock:12.463 level:99
2022-12-30 13:14:41.506 T:3908 DEBUG : CVideoPlayerAudio::OutputPacket: pts:13.248 curr_pts:12.463 clock:12.464 level:99
2022-12-30 13:14:41.508 T:3904 DEBUG : CVideoPlayer::ProcessAudioData size:2560 dts:21.184 pts:21.184 dur:32.000ms, clock:12.466 drop:0 level:99
2022-12-30 13:14:41.508 T:3904 DEBUG : CVideoPlayer::ProcessVideoData size:167578 dts:20.896 pts:21.188 dur:41.000ms, clock:12.466 level:88
2022-12-30 13:14:41.510 T:3904 DEBUG : CVideoPlayer::ProcessVideoData size:128673 dts:20.938 pts:21.063 dur:41.000ms, clock:12.468 level:88
2022-12-30 13:14:41.510 T:3904 DEBUG : CVideoPlayer::ProcessVideoData size:55769 dts:20.979 pts:20.979 dur:41.000ms, clock:12.469 level:89
2022-12-30 13:14:41.512 T:3904 DEBUG : CVideoPlayer::ProcessVideoData size:55110 dts:21.021 pts:21.021 dur:41.000ms, clock:12.470 level:89
2022-12-30 13:14:41.512 T:3904 DEBUG : CVideoPlayer::ProcessVideoData size:57684 dts:21.063 pts:21.104 dur:41.000ms, clock:12.470 level:90
2022-12-30 13:14:41.514 T:3904 DEBUG : CVideoPlayer::ProcessVideoData size:59860 dts:21.104 pts:21.146 dur:41.000ms, clock:12.472 level:90
2022-12-30 13:14:41.515 T:3904 DEBUG : CVideoPlayer::ProcessAudioData size:2560 dts:21.216 pts:21.216 dur:32.000ms, clock:12.473 drop:0 level:99
2022-12-30 13:14:41.515 T:3907 DEBUG : CAMLCodec::GetTimeSize: len:24 dl:1514038 fs:1514038 front:61538
2022-12-30 13:14:41.519 T:3665 DEBUG : CAMLCodec::PollFrame elapsed:37.141ms
2022-12-30 13:14:41.522 T:3907 DEBUG : CAMLCodec::GetTimeSize: len:24 dl:1514038 fs:1514038 front:61538
2022-12-30 13:14:41.522 T:3907 DEBUG : CAMLCodec::DequeueBuffer: pts:12.846 idx:309
2022-12-30 13:14:41.522 T:3907 DEBUG : CAMLCodec::GetPicture: index: 309, pts: 12.846, dur:42ms ar:2.00
2022-12-30 13:14:41.522 T:3907 DEBUG : CVideoPlayerVideo::OutputPicture - ttd:365ms pts:12.846 Clock:12.480 Level:5
2022-12-30 13:14:41.523 T:3665 DEBUG : PrepareNextRender: frameOnScreen: 12.481 renderPts: 12.648 nextFramePts: 12.638 -> diff: 0.010 render: 1 forceNext: 0
2022-12-30 13:14:41.523 T:3907 DEBUG : CAMLCodec::GetTimeSize: len:24 dl:1514038 fs:1514038 front:61538
2022-12-30 13:14:41.524 T:3665 DEBUG : CAMLCodec::ReleaseFrame idx:304, drop:0
2022-12-30 13:14:41.530 T:3907 DEBUG : CAMLCodec::GetTimeSize: len:24 dl:1452500 fs:1514038 front:61538
2022-12-30 13:14:41.530 T:3907 DEBUG : CAMLCodec::GetTimeSize: len:23 dl:1452500 fs:1452500 front:63207
2022-12-30 13:14:41.530 T:3907 DEBUG : CAMLCodec::DequeueBuffer: pts:12.888 idx:310
2022-12-30 13:14:41.530 T:3907 DEBUG : CAMLCodec::GetPicture: index: 310, pts: 12.888, dur:42ms ar:2.00
2022-12-30 13:14:41.530 T:3907 DEBUG : CVideoPlayerVideo::OutputPicture - ttd:399ms pts:12.888 Clock:12.488 Level:5
2022-12-30 13:14:41.531 T:3907 DEBUG : CAMLCodec::GetTimeSize: len:23 dl:1452500 fs:1452500 front:63207
2022-12-30 13:14:41.539 T:3907 DEBUG : CAMLCodec::AddData: dl:1524962 sum:1588169 sz:135669 dts:13.889 pts:13.972
2022-12-30 13:14:41.539 T:3907 DEBUG : CAMLCodec::GetTimeSize: len:24 dl:1524962 fs:1588169 front:63207
2022-12-30 13:14:41.539 T:3907 DEBUG : CAMLCodec::GetTimeSize: len:23 dl:1524962 fs:1524962 front:81970
2022-12-30 13:14:41.546 T:3907 DEBUG : CAMLCodec::AddData: dl:1676987 sum:1676987 sz:152025 dts:13.931 pts:14.014
2022-12-30 13:14:41.546 T:3907 DEBUG : CAMLCodec::GetTimeSize: len:24 dl:1676987 fs:1676987 front:81970
2022-12-30 13:14:41.555 T:3908 INFO : Skipped 1 duplicate messages..
2022-12-30 13:14:41.555 T:3908 DEBUG : CVideoPlayerAudio::OutputPacket: pts:13.280 curr_pts:12.512 clock:12.513 level:99
2022-12-30 13:14:41.556 T:3904 DEBUG : CVideoPlayer::ProcessAudioData size:2560 dts:21.248 pts:21.248 dur:32.000ms, clock:12.514 drop:0 level:99
2022-12-30 13:14:41.559 T:3907 DEBUG : CAMLCodec::GetTimeSize: len:24 dl:1676987 fs:1676987 front:81970
2022-12-30 13:14:41.560 T:3665 DEBUG : CAMLCodec::PollFrame elapsed:35.977ms
2022-12-30 13:14:41.563 T:3665 DEBUG : PrepareNextRender: frameOnScreen: 12.521 renderPts: 12.688 nextFramePts: 12.679 -> diff: 0.009 render: 1 forceNext: 0
2022-12-30 13:14:41.565 T:3665 DEBUG : CAMLCodec::ReleaseFrame idx:305, drop:0
2022-12-30 13:14:41.565 T:3907 DEBUG : CAMLCodec::GetTimeSize: len:24 dl:1676987 fs:1676987 front:81970
2022-12-30 13:14:41.565 T:3907 DEBUG : CAMLCodec::DequeueBuffer: pts:12.930 idx:311
2022-12-30 13:14:41.565 T:3907 DEBUG : CAMLCodec::GetPicture: index: 311, pts: 12.930, dur:42ms ar:2.00
2022-12-30 13:14:41.565 T:3907 DEBUG : CVideoPlayerVideo::OutputPicture - ttd:406ms pts:12.930 Clock:12.523 Level:5
2022-12-30 13:14:41.566 T:3907 DEBUG : CAMLCodec::GetTimeSize: len:24 dl:1676987 fs:1676987 front:81970
2022-12-30 13:14:41.572 T:3907 DEBUG : CAMLCodec::GetTimeSize: len:24 dl:1595017 fs:1676987 front:81970
2022-12-30 13:14:41.573 T:3907 DEBUG : CAMLCodec::GetTimeSize: len:23 dl:1595017 fs:1595017 front:50346
2022-12-30 13:14:41.580 T:3907 DEBUG : CAMLCodec::AddData: dl:1703966 sum:1703966 sz:108949 dts:13.972 pts:14.139
2022-12-30 13:14:41.580 T:3907 DEBUG : CAMLCodec::GetTimeSize: len:24 dl:1703966 fs:1703966 front:50346
2022-12-30 13:14:41.602 T:3665 INFO : Skipped 3 duplicate messages..
2022-12-30 13:14:41.602 T:3665 DEBUG : CAMLCodec::PollFrame elapsed:37.311ms
2022-12-30 13:14:41.605 T:3908 DEBUG : CVideoPlayerAudio::OutputPacket: pts:13.312 curr_pts:12.562 clock:12.563 level:99
2022-12-30 13:14:41.606 T:3908 DEBUG : CVideoPlayerAudio::OutputPacket: pts:13.344 curr_pts:12.563 clock:12.564 level:99
2022-12-30 13:14:41.607 T:3904 DEBUG : CVideoPlayer::ProcessAudioData size:2560 dts:21.280 pts:21.280 dur:32.000ms, clock:12.565 drop:0 level:99
2022-12-30 13:14:41.607 T:3904 DEBUG : CVideoPlayer::ProcessAudioData size:2560 dts:21.312 pts:21.312 dur:32.000ms, clock:12.565 drop:0 level:99
2022-12-30 13:14:41.607 T:3907 DEBUG : CAMLCodec::GetTimeSize: len:24 dl:1703966 fs:1703966 front:50346
2022-12-30 13:14:41.607 T:3907 DEBUG : CAMLCodec::DequeueBuffer: pts:12.971 idx:312
2022-12-30 13:14:41.607 T:3907 DEBUG : CAMLCodec::GetPicture: index: 312, pts: 12.971, dur:41ms ar:2.00
2022-12-30 13:14:41.607 T:3907 DEBUG : CVideoPlayerVideo::OutputPicture - ttd:405ms pts:12.971 Clock:12.565 Level:6
2022-12-30 13:14:41.609 T:3907 DEBUG : CAMLCodec::GetTimeSize: len:24 dl:1703966 fs:1703966 front:50346
2022-12-30 13:14:41.609 T:3953 INFO : CPythonInvoker(34, /storage/.kodi/addons/metadata.tvshows.themoviedb.org.python/main.py): script successfully run
2022-12-30 13:14:41.609 T:3953 DEBUG : onExecutionDone(34, /storage/.kodi/addons/metadata.tvshows.themoviedb.org.python/main.py)
2022-12-30 13:14:41.611 T:3719 DEBUG : FindMovie: Searching for 'The.Blacklist.S09.MULTi' using TMDb TV Shows scraper (path: '/storage/.kodi/addons/metadata.tvshows.themoviedb.org.python/', content: 'tvshows', version: '1.4.17')
2022-12-30 13:14:41.615 T:3907 DEBUG : CAMLCodec::GetTimeSize: len:24 dl:1653620 fs:1703966 front:50346
2022-12-30 13:14:41.615 T:3907 DEBUG : CAMLCodec::GetTimeSize: len:23 dl:1653620 fs:1653620 front:152010
2022-12-30 13:14:41.615 T:3719 DEBUG : StartScript - calling plugin TMDb TV Shows('plugin://metadata.tvshows.themoviedb.org.python/','22','?action=find&pathSettings=%7b%22cat_landscape%22%3atrue%2c%22certprefix%22%3a%22Rated%20%22%2c%22enab_trailer%22%3atrue%2c%22enable_fanarttv%22%3atrue%2c%22fanarttv_clientkey%22%3a%22%22%2c%22imdbanyway%22%3afalse%2c%22keeporiginaltitle%22%3afalse%2c%22language%22%3a%22fr-FR%22%2c%22lastUpdated%22%3a%220%22%2c%22originalUrl%22%3a%22%22%2c%22players_opt%22%3a%22Tubed%22%2c%22previewUrl%22%3a%22%22%2c%22ratings%22%3a%22IMDb%22%2c%22studio_country%22%3atrue%2c%22tmdbanyway%22%3atrue%2c%22tmdbcertcountry%22%3a%22fr%22%2c%22traktanyway%22%3atrue%2c%22usecertprefix%22%3atrue%2c%22verboselog%22%3afalse%7d&title=The.Blacklist.S09.MULTi','resume:false')
2022-12-30 13:14:41.616 T:3665 DEBUG : PrepareNextRender: frameOnScreen: 12.574 renderPts: 12.741 nextFramePts: 12.721 -> diff: 0.020 render: 1 forceNext: 0
2022-12-30 13:14:41.617 T:3665 DEBUG : CAMLCodec::ReleaseFrame idx:306, drop:0
2022-12-30 13:14:41.618 T:3954 DEBUG : Thread LanguageInvoker start, auto delete: false
2022-12-30 13:14:41.618 T:3954 INFO : initializing python engine.
2022-12-30 13:14:41.618 T:3954 DEBUG : CPythonInvoker(35, /storage/.kodi/addons/metadata.tvshows.themoviedb.org.python/main.py): start processing
2022-12-30 13:14:41.620 T:3907 DEBUG : CAMLCodec::AddData: dl:1692918 sum:1692918 sz:39298 dts:14.014 pts:14.097
2022-12-30 13:14:41.620 T:3907 DEBUG : CAMLCodec::GetTimeSize: len:24 dl:1692918 fs:1692918 front:152010
2022-12-30 13:14:41.644 T:3665 INFO : Skipped 3 duplicate messages..
2022-12-30 13:14:41.644 T:3665 DEBUG : CAMLCodec::PollFrame elapsed:26.345ms
2022-12-30 13:14:41.645 T:3907 DEBUG : CAMLCodec::GetTimeSize: len:24 dl:1692918 fs:1692918 front:152010
2022-12-30 13:14:41.645 T:3907 DEBUG : CAMLCodec::DequeueBuffer: pts:13.013 idx:313
2022-12-30 13:14:41.645 T:3907 DEBUG : CAMLCodec::GetPicture: index: 313, pts: 13.013, dur:42ms ar:2.00
2022-12-30 13:14:41.646 T:3907 DEBUG : CVideoPlayerVideo::OutputPicture - ttd:409ms pts:13.013 Clock:12.604 Level:6
2022-12-30 13:14:41.646 T:3665 DEBUG : PrepareNextRender: frameOnScreen: 12.604 renderPts: 12.771 nextFramePts: 12.763 -> diff: 0.008 render: 1 forceNext: 0
2022-12-30 13:14:41.647 T:3665 DEBUG : CAMLCodec::ReleaseFrame idx:307, drop:0
2022-12-30 13:14:41.647 T:3907 DEBUG : CAMLCodec::GetTimeSize: len:24 dl:1692918 fs:1692918 front:152010
2022-12-30 13:14:41.654 T:3908 INFO : Skipped 1 duplicate messages..
2022-12-30 13:14:41.654 T:3908 DEBUG : CVideoPlayerAudio::OutputPacket: pts:13.376 curr_pts:12.612 clock:12.612 level:99
2022-12-30 13:14:41.657 T:3904 DEBUG : CVideoPlayer::ProcessAudioData size:2560 dts:21.344 pts:21.344 dur:32.000ms, clock:12.615 drop:0 level:99
2022-12-30 13:14:41.659 T:3907 DEBUG : CAMLCodec::GetTimeSize: len:24 dl:1540908 fs:1692918 front:152010
2022-12-30 13:14:41.659 T:3907 DEBUG : CAMLCodec::GetTimeSize: len:23 dl:1540908 fs:1540908 front:104605
2022-12-30 13:14:41.664 T:3907 DEBUG : CAMLCodec::AddData: dl:1584008 sum:1584008 sz:43100 dts:14.056 pts:14.056
2022-12-30 13:14:41.664 T:3907 DEBUG : CAMLCodec::GetTimeSize: len:24 dl:1584008 fs:1584008 front:104605
2022-12-30 13:14:41.686 T:3665 INFO : Skipped 3 duplicate messages..
2022-12-30 13:14:41.686 T:3665 DEBUG : CAMLCodec::PollFrame elapsed:38.747ms
2022-12-30 13:14:41.687 T:3665 DEBUG : PrepareNextRender: frameOnScreen: 12.645 renderPts: 12.812 nextFramePts: 12.804 -> diff: 0.008 render: 1 forceNext: 0
2022-12-30 13:14:41.687 T:3665 DEBUG : CAMLCodec::ReleaseFrame idx:308, drop:0
2022-12-30 13:14:41.689 T:3907 DEBUG : CAMLCodec::GetTimeSize: len:24 dl:1584008 fs:1584008 front:104605
2022-12-30 13:14:41.704 T:3908 INFO : Skipped 2 duplicate messages..
2022-12-30 13:14:41.704 T:3908 DEBUG : CVideoPlayerAudio::OutputPacket: pts:13.408 curr_pts:12.662 clock:12.663 level:99
2022-12-30 13:14:41.705 T:3908 DEBUG : CVideoPlayerAudio::OutputPacket: pts:13.440 curr_pts:12.663 clock:12.663 level:99
2022-12-30 13:14:41.708 T:3904 DEBUG : CVideoPlayer::ProcessVideoData size:145209 dts:21.146 pts:21.396 dur:41.000ms, clock:12.666 level:88
2022-12-30 13:14:41.709 T:3904 DEBUG : CVideoPlayer::ProcessVideoData size:132887 dts:21.188 pts:21.313 dur:41.000ms, clock:12.667 level:89
2022-12-30 13:14:41.710 T:3904 DEBUG : CVideoPlayer::ProcessVideoData size:53547 dts:21.230 pts:21.230 dur:41.000ms, clock:12.668 level:89
2022-12-30 13:14:41.710 T:3904 DEBUG : CVideoPlayer::ProcessVideoData size:49142 dts:21.271 pts:21.271 dur:41.000ms, clock:12.668 level:90
2022-12-30 13:14:41.710 T:3904 DEBUG : CVideoPlayer::ProcessVideoData size:43197 dts:21.313 pts:21.355 dur:41.000ms, clock:12.668 level:90
2022-12-30 13:14:41.711 T:3904 DEBUG : CVideoPlayer::ProcessAudioData size:2560 dts:21.376 pts:21.376 dur:32.000ms, clock:12.669 drop:0 level:99
2022-12-30 13:14:41.711 T:3904 DEBUG : CVideoPlayer::ProcessAudioData size:2560 dts:21.408 pts:21.408 dur:32.000ms, clock:12.669 drop:0 level:99
2022-12-30 13:14:41.712 T:3907 DEBUG : CAMLCodec::GetTimeSize: len:24 dl:1584008 fs:1584008 front:104605
2022-12-30 13:14:41.727 T:3665 INFO : Skipped 2 duplicate messages..
2022-12-30 13:14:41.727 T:3665 DEBUG : CAMLCodec::PollFrame elapsed:39.889ms
2022-12-30 13:14:41.728 T:3665 DEBUG : PrepareNextRender: frameOnScreen: 12.686 renderPts: 12.853 nextFramePts: 12.846 -> diff: 0.007 render: 1 forceNext: 0
2022-12-30 13:14:41.729 T:3665 DEBUG : CAMLCodec::ReleaseFrame idx:309, drop:0
2022-12-30 13:14:41.731 T:3907 DEBUG : CAMLCodec::GetTimeSize: len:24 dl:1584008 fs:1584008 front:104605
2022-12-30 13:14:41.731 T:3907 DEBUG : CAMLCodec::DequeueBuffer: pts:13.055 idx:314
2022-12-30 13:14:41.731 T:3907 DEBUG : CAMLCodec::GetPicture: index: 314, pts: 13.055, dur:42ms ar:2.00
2022-12-30 13:14:41.731 T:3907 DEBUG : CVideoPlayerVideo::OutputPicture - ttd:366ms pts:13.055 Clock:12.689 Level:4
2022-12-30 13:14:41.732 T:3907 DEBUG : CAMLCodec::GetTimeSize: len:24 dl:1584008 fs:1584008 front:104605
2022-12-30 13:14:41.738 T:3907 DEBUG : CAMLCodec::GetTimeSize: len:24 dl:1479403 fs:1584008 front:104605
2022-12-30 13:14:41.738 T:3907 DEBUG : CAMLCodec::GetTimeSize: len:23 dl:1479403 fs:1479403 front:58801
2022-12-30 13:14:41.746 T:3907 DEBUG : CAMLCodec::AddData: dl:1609679 sum:1609679 sz:130276 dts:14.097 pts:14.181
2022-12-30 13:14:41.746 T:3907 DEBUG : CAMLCodec::GetTimeSize: len:24 dl:1609679 fs:1609679 front:58801
2022-12-30 13:14:41.754 T:3908 INFO : Skipped 1 duplicate messages..
2022-12-30 13:14:41.754 T:3908 DEBUG : CVideoPlayerAudio::OutputPacket: pts:13.472 curr_pts:12.712 clock:12.712 level:99
2022-12-30 13:14:41.758 T:3907 DEBUG : CAMLCodec::GetTimeSize: len:24 dl:1609679 fs:1609679 front:58801
2022-12-30 13:14:41.761 T:3904 DEBUG : CVideoPlayer::ProcessAudioData size:2560 dts:21.440 pts:21.440 dur:32.000ms, clock:12.719 drop:0 level:99
2022-12-30 13:14:41.764 T:3907 DEBUG : CAMLCodec::GetTimeSize: len:24 dl:1609679 fs:1609679 front:58801
2022-12-30 13:14:41.769 T:3665 DEBUG : CAMLCodec::PollFrame elapsed:40.079ms
2022-12-30 13:14:41.771 T:3907 DEBUG : CAMLCodec::GetTimeSize: len:24 dl:1609679 fs:1609679 front:58801
2022-12-30 13:14:41.771 T:3907 DEBUG : CAMLCodec::DequeueBuffer: pts:13.096 idx:315
2022-12-30 13:14:41.771 T:3907 DEBUG : CAMLCodec::GetPicture: index: 315, pts: 13.096, dur:41ms ar:2.00
2022-12-30 13:14:41.771 T:3907 DEBUG : CVideoPlayerVideo::OutputPicture - ttd:367ms pts:13.096 Clock:12.729 Level:5
2022-12-30 13:14:41.771 T:3665 DEBUG : PrepareNextRender: frameOnScreen: 12.729 renderPts: 12.896 nextFramePts: 12.888 -> diff: 0.008 render: 1 forceNext: 0
2022-12-30 13:14:41.772 T:3907 DEBUG : CAMLCodec::GetTimeSize: len:24 dl:1609679 fs:1609679 front:58801
2022-12-30 13:14:41.772 T:3665 DEBUG : CAMLCodec::ReleaseFrame idx:310, drop:0
2022-12-30 13:14:41.778 T:3907 DEBUG : CAMLCodec::GetTimeSize: len:24 dl:1609679 fs:1609679 front:58801
2022-12-30 13:14:41.785 T:3907 DEBUG : CAMLCodec::GetTimeSize: len:24 dl:1550878 fs:1609679 front:58801
2022-12-30 13:14:41.785 T:3907 DEBUG : CAMLCodec::GetTimeSize: len:23 dl:1550878 fs:1550878 front:57260
2022-12-30 13:14:41.785 T:3907 DEBUG : CAMLCodec::DequeueBuffer: pts:13.138 idx:316
2022-12-30 13:14:41.785 T:3907 DEBUG : CAMLCodec::GetPicture: index: 316, pts: 13.138, dur:42ms ar:2.00
2022-12-30 13:14:41.785 T:3907 DEBUG : CVideoPlayerVideo::OutputPicture - ttd:395ms pts:13.138 Clock:12.743 Level:5
2022-12-30 13:14:41.786 T:3907 DEBUG : CAMLCodec::GetTimeSize: len:23 dl:1550878 fs:1550878 front:57260
2022-12-30 13:14:41.793 T:3907 DEBUG : CAMLCodec::AddData: dl:1629962 sum:1687222 sz:136344 dts:14.139 pts:14.431
2022-12-30 13:14:41.794 T:3907 DEBUG : CAMLCodec::GetTimeSize: len:24 dl:1629962 fs:1687222 front:57260
2022-12-30 13:14:41.794 T:3907 DEBUG : CAMLCodec::GetTimeSize: len:23 dl:1629962 fs:1629962 front:59479
2022-12-30 13:14:41.801 T:3907 DEBUG : CAMLCodec::AddData: dl:1722678 sum:1722678 sz:92716 dts:14.181 pts:14.306
2022-12-30 13:14:41.801 T:3907 DEBUG : CAMLCodec::GetTimeSize: len:24 dl:1722678 fs:1722678 front:59479
2022-12-30 13:14:41.804 T:3908 DEBUG : CVideoPlayerAudio::OutputPacket: pts:13.504 curr_pts:12.762 clock:12.763 level:99
2022-12-30 13:14:41.805 T:3908 DEBUG : CVideoPlayerAudio::OutputPacket: pts:13.536 curr_pts:12.763 clock:12.763 level:99
2022-12-30 13:14:41.807 T:3907 DEBUG : CAMLCodec::GetTimeSize: len:24 dl:1722678 fs:1722678 front:59479
2022-12-30 13:14:41.811 T:3665 DEBUG : CAMLCodec::PollFrame elapsed:38.235ms
2022-12-30 13:14:41.812 T:3904 DEBUG : CVideoPlayer::ProcessAudioData size:2560 dts:21.472 pts:21.472 dur:32.000ms, clock:12.770 drop:0 level:99
2022-12-30 13:14:41.812 T:3904 DEBUG : CVideoPlayer::ProcessAudioData size:2560 dts:21.504 pts:21.504 dur:32.000ms, clock:12.770 drop:0 level:99
2022-12-30 13:14:41.813 T:3665 DEBUG : PrepareNextRender: frameOnScreen: 12.771 renderPts: 12.938 nextFramePts: 12.930 -> diff: 0.008 render: 1 forceNext: 0
2022-12-30 13:14:41.814 T:3907 DEBUG : CAMLCodec::GetTimeSize: len:24 dl:1722678 fs:1722678 front:59479
2022-12-30 13:14:41.814 T:3907 DEBUG : CAMLCodec::DequeueBuffer: pts:13.180 idx:317
2022-12-30 13:14:41.814 T:3907 DEBUG : CAMLCodec::GetPicture: index: 317, pts: 13.180, dur:42ms ar:2.00
2022-12-30 13:14:41.814 T:3907 DEBUG : CVideoPlayerVideo::OutputPicture - ttd:408ms pts:13.180 Clock:12.772 Level:5
2022-12-30 13:14:41.814 T:3665 DEBUG : CAMLCodec::ReleaseFrame idx:311, drop:0
2022-12-30 13:14:41.815 T:3907 DEBUG : CAMLCodec::GetTimeSize: len:24 dl:1722678 fs:1722678 front:59479
2022-12-30 13:14:41.821 T:3907 DEBUG : CAMLCodec::GetTimeSize: len:24 dl:1663199 fs:1722678 front:59479
2022-12-30 13:14:41.821 T:3907 DEBUG : CAMLCodec::GetTimeSize: len:23 dl:1663199 fs:1663199 front:57226
2022-12-30 13:14:41.826 T:3907 DEBUG : CAMLCodec::AddData: dl:1708019 sum:1708019 sz:44820 dts:14.223 pts:14.223
2022-12-30 13:14:41.827 T:3907 DEBUG : CAMLCodec::GetTimeSize: len:24 dl:1708019 fs:1708019 front:57226
2022-12-30 13:14:41.852 T:3665 INFO : Skipped 4 duplicate messages..
2022-12-30 13:14:41.852 T:3665 DEBUG : CAMLCodec::PollFrame elapsed:38.065ms
2022-12-30 13:14:41.854 T:3665 DEBUG : PrepareNextRender: frameOnScreen: 12.812 renderPts: 12.979 nextFramePts: 12.971 -> diff: 0.008 render: 1 forceNext: 0
2022-12-30 13:14:41.854 T:3908 DEBUG : CVideoPlayerAudio::OutputPacket: pts:13.568 curr_pts:12.812 clock:12.812 level:99
2022-12-30 13:14:41.855 T:3908 DEBUG : CVideoPlayerAudio::OutputPacket: pts:13.600 curr_pts:12.812 clock:12.813 level:99
2022-12-30 13:14:41.855 T:3665 DEBUG : CAMLCodec::ReleaseFrame idx:312, drop:0
2022-12-30 13:14:41.857 T:3907 DEBUG : CAMLCodec::GetTimeSize: len:24 dl:1708019 fs:1708019 front:57226
2022-12-30 13:14:41.858 T:3907 DEBUG : CAMLCodec::DequeueBuffer: pts:13.222 idx:318
2022-12-30 13:14:41.858 T:3907 DEBUG : CAMLCodec::GetPicture: index: 318, pts: 13.222, dur:42ms ar:2.00
2022-12-30 13:14:41.858 T:3907 DEBUG : CVideoPlayerVideo::OutputPicture - ttd:406ms pts:13.222 Clock:12.816 Level:5
2022-12-30 13:14:41.859 T:3907 DEBUG : CAMLCodec::GetTimeSize: len:24 dl:1708019 fs:1708019 front:57226
2022-12-30 13:14:41.863 T:3904 DEBUG : CVideoPlayer::ProcessAudioData size:2560 dts:21.536 pts:21.536 dur:32.000ms, clock:12.821 drop:0 level:99
2022-12-30 13:14:41.863 T:3904 DEBUG : CVideoPlayer::ProcessAudioData size:2560 dts:21.568 pts:21.568 dur:32.000ms, clock:12.821 drop:0 level:99
2022-12-30 13:14:41.865 T:3907 DEBUG : CAMLCodec::GetTimeSize: len:24 dl:1650793 fs:1708019 front:57226
2022-12-30 13:14:41.865 T:3907 DEBUG : CAMLCodec::GetTimeSize: len:23 dl:1650793 fs:1650793 front:118296
2022-12-30 13:14:41.870 T:3907 DEBUG : CAMLCodec::AddData: dl:1690492 sum:1690492 sz:39699 dts:14.264 pts:14.264
2022-12-30 13:14:41.870 T:3907 DEBUG : CAMLCodec::GetTimeSize: len:24 dl:1690492 fs:1690492 front:118296
2022-12-30 13:14:41.894 T:3665 INFO : Skipped 3 duplicate messages..
2022-12-30 13:14:41.894 T:3665 DEBUG : CAMLCodec::PollFrame elapsed:38.778ms
2022-12-30 13:14:41.895 T:3907 DEBUG : CAMLCodec::GetTimeSize: len:24 dl:1690492 fs:1690492 front:118296
2022-12-30 13:14:41.895 T:3907 DEBUG : CAMLCodec::DequeueBuffer: pts:13.263 idx:319
2022-12-30 13:14:41.895 T:3907 DEBUG : CAMLCodec::GetPicture: index: 319, pts: 13.263, dur:41ms ar:2.00
2022-12-30 13:14:41.895 T:3907 DEBUG : CVideoPlayerVideo::OutputPicture - ttd:409ms pts:13.263 Clock:12.853 Level:6
2022-12-30 13:14:41.896 T:3665 DEBUG : PrepareNextRender: frameOnScreen: 12.854 renderPts: 13.021 nextFramePts: 13.013 -> diff: 0.008 render: 1 forceNext: 0
2022-12-30 13:14:41.897 T:3907 DEBUG : CAMLCodec::GetTimeSize: len:24 dl:1690492 fs:1690492 front:118296
2022-12-30 13:14:41.897 T:3665 DEBUG : CAMLCodec::ReleaseFrame idx:313, drop:0
2022-12-30 13:14:41.903 T:3907 DEBUG : CAMLCodec::GetTimeSize: len:24 dl:1690492 fs:1690492 front:118296
2022-12-30 13:14:41.905 T:3908 DEBUG : CVideoPlayerAudio::OutputPacket: pts:13.632 curr_pts:12.862 clock:12.863 level:99
2022-12-30 13:14:41.909 T:3907 DEBUG : CAMLCodec::GetTimeSize: len:24 dl:1572196 fs:1690492 front:118296
2022-12-30 13:14:41.909 T:3907 DEBUG : CAMLCodec::GetTimeSize: len:23 dl:1572196 fs:1572196 front:125055
2022-12-30 13:14:41.913 T:3904 DEBUG : CVideoPlayer::ProcessAudioData size:2560 dts:21.600 pts:21.600 dur:32.000ms, clock:12.871 drop:0 level:99
2022-12-30 13:14:41.914 T:3907 DEBUG : CAMLCodec::AddData: dl:1608801 sum:1608801 sz:36605 dts:14.306 pts:14.348
2022-12-30 13:14:41.915 T:3907 DEBUG : CAMLCodec::GetTimeSize: len:24 dl:1608801 fs:1608801 front:125055
2022-12-30 13:14:41.936 T:3665 INFO : Skipped 3 duplicate messages..
2022-12-30 13:14:41.936 T:3665 DEBUG : CAMLCodec::PollFrame elapsed:39.035ms
2022-12-30 13:14:41.937 T:3665 DEBUG : PrepareNextRender: frameOnScreen: 12.895 renderPts: 13.062 nextFramePts: 13.055 -> diff: 0.007 render: 1 forceNext: 0
2022-12-30 13:14:41.938 T:3665 DEBUG : CAMLCodec::ReleaseFrame idx:314, drop:0
2022-12-30 13:14:41.939 T:3907 DEBUG : CAMLCodec::GetTimeSize: len:24 dl:1608801 fs:1608801 front:125055
2022-12-30 13:14:41.954 T:3908 INFO : Skipped 2 duplicate messages..
2022-12-30 13:14:41.954 T:3908 DEBUG : CVideoPlayerAudio::OutputPacket: pts:13.664 curr_pts:12.912 clock:12.912 level:99
2022-12-30 13:14:41.954 T:3904 DEBUG : CVideoPlayer::ProcessVideoData size:148146 dts:21.355 pts:21.563 dur:41.000ms, clock:12.912 level:88
2022-12-30 13:14:41.955 T:3904 DEBUG : CVideoPlayer::ProcessVideoData size:100964 dts:21.396 pts:21.480 dur:41.000ms, clock:12.913 level:88
2022-12-30 13:14:41.955 T:3908 DEBUG : CVideoPlayerAudio::OutputPacket: pts:13.696 curr_pts:12.913 clock:12.913 level:99
2022-12-30 13:14:41.955 T:3904 DEBUG : CVideoPlayer::ProcessVideoData size:47155 dts:21.438 pts:21.438 dur:41.000ms, clock:12.913 level:89
2022-12-30 13:14:41.955 T:3904 DEBUG : CVideoPlayer::ProcessVideoData size:39655 dts:21.480 pts:21.521 dur:41.000ms, clock:12.913 level:89
2022-12-30 13:14:41.957 T:3904 DEBUG : CVideoPlayer::ProcessAudioData size:2560 dts:21.632 pts:21.632 dur:32.000ms, clock:12.915 drop:0 level:99
2022-12-30 13:14:41.957 T:3904 DEBUG : CVideoPlayer::ProcessAudioData size:2560 dts:21.664 pts:21.664 dur:32.000ms, clock:12.915 drop:0 level:99
2022-12-30 13:14:41.958 T:3907 DEBUG : CAMLCodec::GetTimeSize: len:24 dl:1608801 fs:1608801 front:125055
2022-12-30 13:14:41.977 T:3665 INFO : Skipped 3 duplicate messages..
2022-12-30 13:14:41.977 T:3665 DEBUG : CAMLCodec::PollFrame elapsed:39.409ms
2022-12-30 13:14:41.979 T:3665 DEBUG : PrepareNextRender: frameOnScreen: 12.937 renderPts: 13.104 nextFramePts: 13.096 -> diff: 0.008 render: 1 forceNext: 0
2022-12-30 13:14:41.981 T:3665 DEBUG : CAMLCodec::ReleaseFrame idx:315, drop:0
2022-12-30 13:14:41.983 T:3907 DEBUG : CAMLCodec::GetTimeSize: len:24 dl:1608801 fs:1608801 front:125055
2022-12-30 13:14:41.983 T:3907 DEBUG : CAMLCodec::DequeueBuffer: pts:13.305 idx:320
2022-12-30 13:14:41.983 T:3907 DEBUG : CAMLCodec::GetPicture: index: 320, pts: 13.305, dur:42ms ar:2.00
2022-12-30 13:14:41.983 T:3907 DEBUG : CVideoPlayerVideo::OutputPicture - ttd:363ms pts:13.305 Clock:12.941 Level:4
2022-12-30 13:14:41.984 T:3907 DEBUG : CAMLCodec::GetTimeSize: len:24 dl:1608801 fs:1608801 front:125055
2022-12-30 13:14:41.990 T:3907 DEBUG : CAMLCodec::GetTimeSize: len:24 dl:1483746 fs:1608801 front:125055
2022-12-30 13:14:41.990 T:3907 DEBUG : CAMLCodec::GetTimeSize: len:23 dl:1483746 fs:1483746 front:64844
2022-12-30 13:14:41.996 T:3907 DEBUG : CAMLCodec::AddData: dl:1520325 sum:1520325 sz:36579 dts:14.348 pts:14.389
2022-12-30 13:14:41.996 T:3907 DEBUG : CAMLCodec::GetTimeSize: len:24 dl:1520325 fs:1520325 front:64844
2022-12-30 13:14:42.005 T:3908 INFO : Skipped 1 duplicate messages..
2022-12-30 13:14:42.005 T:3908 DEBUG : CVideoPlayerAudio::OutputPacket: pts:13.728 curr_pts:12.962 clock:12.963 level:99
2022-12-30 13:14:42.007 T:3904 DEBUG : CVideoPlayer::ProcessAudioData size:2560 dts:21.696 pts:21.696 dur:32.000ms, clock:12.966 drop:0 level:99
2022-12-30 13:14:42.008 T:3907 DEBUG : CAMLCodec::GetTimeSize: len:24 dl:1520325 fs:1520325 front:64844
2022-12-30 13:14:42.019 T:3665 INFO : Skipped 1 duplicate messages..
2022-12-30 13:14:42.019 T:3665 DEBUG : CAMLCodec::PollFrame elapsed:38.258ms
2022-12-30 13:14:42.021 T:3907 DEBUG : CAMLCodec::GetTimeSize: len:24 dl:1520325 fs:1520325 front:64844
2022-12-30 13:14:42.021 T:3907 DEBUG : CAMLCodec::DequeueBuffer: pts:13.347 idx:321
2022-12-30 13:14:42.021 T:3907 DEBUG : CAMLCodec::GetPicture: index: 321, pts: 13.347, dur:42ms ar:2.00
2022-12-30 13:14:42.021 T:3907 DEBUG : CVideoPlayerVideo::OutputPicture - ttd:367ms pts:13.347 Clock:12.979 Level:5
2022-12-30 13:14:42.021 T:3665 DEBUG : PrepareNextRender: frameOnScreen: 12.979 renderPts: 13.146 nextFramePts: 13.138 -> diff: 0.008 render: 1 forceNext: 0
2022-12-30 13:14:42.022 T:3665 DEBUG : CAMLCodec::ReleaseFrame idx:316, drop:0
2022-12-30 13:14:42.022 T:3907 DEBUG : CAMLCodec::GetTimeSize: len:24 dl:1520325 fs:1520325 front:64844
2022-12-30 13:14:42.035 T:3907 INFO : Skipped 1 duplicate messages..
2022-12-30 13:14:42.035 T:3907 DEBUG : CAMLCodec::GetTimeSize: len:24 dl:1455481 fs:1520325 front:64844
2022-12-30 13:14:42.035 T:3907 DEBUG : CAMLCodec::GetTimeSize: len:23 dl:1455481 fs:1455481 front:64230
2022-12-30 13:14:42.035 T:3907 DEBUG : CAMLCodec::DequeueBuffer: pts:13.388 idx:322
2022-12-30 13:14:42.035 T:3907 DEBUG : CAMLCodec::GetPicture: index: 322, pts: 13.388, dur:41ms ar:2.00
2022-12-30 13:14:42.035 T:3907 DEBUG : CVideoPlayerVideo::OutputPicture - ttd:395ms pts:13.388 Clock:12.993 Level:5
2022-12-30 13:14:42.036 T:3907 DEBUG : CAMLCodec::GetTimeSize: len:23 dl:1455481 fs:1455481 front:64230
2022-12-30 13:14:42.043 T:3907 DEBUG : CAMLCodec::AddData: dl:1515109 sum:1579339 sz:123858 dts:14.389 pts:14.765
2022-12-30 13:14:42.043 T:3907 DEBUG : CAMLCodec::GetTimeSize: len:24 dl:1515109 fs:1579339 front:64230
2022-12-30 13:14:42.043 T:3907 DEBUG : CAMLCodec::GetTimeSize: len:23 dl:1515109 fs:1515109 front:95209
2022-12-30 13:14:42.051 T:3907 DEBUG : CAMLCodec::AddData: dl:1605076 sum:1605076 sz:89967 dts:14.431 pts:14.598
2022-12-30 13:14:42.051 T:3907 DEBUG : CAMLCodec::GetTimeSize: len:24 dl:1605076 fs:1605076 front:95209
2022-12-30 13:14:42.051 T:3953 WARNING : CPythonInvoker(34, /storage/.kodi/addons/metadata.tvshows.themoviedb.org.python/main.py): the python script "/storage/.kodi/addons/metadata.tvshows.themoviedb.org.python/main.py" has left several classes in memory that we couldn't clean up. The classes include: N9XBMCAddon9xbmcaddon5AddonE
2022-12-30 13:14:42.051 T:3953 INFO : Python interpreter stopped
2022-12-30 13:14:42.051 T:3953 DEBUG : Thread LanguageInvoker 3673211520 terminating
2022-12-30 13:14:42.055 T:3908 DEBUG : CVideoPlayerAudio::OutputPacket: pts:13.760 curr_pts:13.012 clock:13.013 level:99
2022-12-30 13:14:42.055 T:3908 DEBUG : CVideoPlayerAudio::OutputPacket: pts:13.792 curr_pts:13.013 clock:13.014 level:99
2022-12-30 13:14:42.057 T:3907 DEBUG : CAMLCodec::GetTimeSize: len:24 dl:1605076 fs:1605076 front:95209
2022-12-30 13:14:42.058 T:3904 DEBUG : CVideoPlayer::ProcessAudioData size:2560 dts:21.728 pts:21.728 dur:32.000ms, clock:13.016 drop:0 level:99
2022-12-30 13:14:42.058 T:3904 DEBUG : CVideoPlayer::ProcessAudioData size:2560 dts:21.760 pts:21.760 dur:32.000ms, clock:13.016 drop:0 level:99
2022-12-30 13:14:42.061 T:3665 DEBUG : CAMLCodec::PollFrame elapsed:39.022ms
2022-12-30 13:14:42.064 T:3907 DEBUG : CAMLCodec::GetTimeSize: len:24 dl:1605076 fs:1605076 front:95209
2022-12-30 13:14:42.064 T:3907 DEBUG : CAMLCodec::DequeueBuffer: pts:13.430 idx:323
2022-12-30 13:14:42.064 T:3907 DEBUG : CAMLCodec::GetPicture: index: 323, pts: 13.430, dur:42ms ar:2.00
2022-12-30 13:14:42.064 T:3907 DEBUG : CVideoPlayerVideo::OutputPicture - ttd:407ms pts:13.430 Clock:13.022 Level:6
2022-12-30 13:14:42.065 T:3907 DEBUG : CAMLCodec::GetTimeSize: len:24 dl:1605076 fs:1605076 front:95209
2022-12-30 13:14:42.068 T:3665 DEBUG : PrepareNextRender: frameOnScreen: 13.026 renderPts: 13.193 nextFramePts: 13.180 -> diff: 0.013 render: 1 forceNext: 0
2022-12-30 13:14:42.069 T:3665 DEBUG : CAMLCodec::ReleaseFrame idx:317, drop:0
2022-12-30 13:14:42.072 T:3907 DEBUG : CAMLCodec::GetTimeSize: len:24 dl:1509867 fs:1605076 front:95209
