2022-12-30 13:14:42.072 T:3907 DEBUG : CAMLCodec::GetTimeSize: len:23 dl:1509867 fs:1509867 front:57333
2022-12-30 13:14:42.077 T:3907 DEBUG : CAMLCodec::AddData: dl:1557345 sum:1557345 sz:47478 dts:14.473 pts:14.473
2022-12-30 13:14:42.077 T:3907 DEBUG : CAMLCodec::GetTimeSize: len:24 dl:1557345 fs:1557345 front:57333
2022-12-30 13:14:42.085 T:3954 INFO : Skipped 1 duplicate messages..
2022-12-30 13:14:42.085 T:3954 DEBUG : -->Python Interpreter Initialized<--
2022-12-30 13:14:42.086 T:3954 DEBUG :
2022-12-30 13:14:42.086 T:3954 DEBUG : CPythonInvoker(35, /storage/.kodi/addons/metadata.tvshows.themoviedb.org.python/main.py): the source file to load is "/storage/.kodi/addons/metadata.tvshows.themoviedb.org.python/main.py"
2022-12-30 13:14:42.086 T:3954 DEBUG : CPythonInvoker(35, /storage/.kodi/addons/metadata.tvshows.themoviedb.org.python/main.py): setting the Python path to /storage/.kodi/addons/metadata.tvshows.themoviedb.org.python:/usr/lib/python38.zip:/usr/lib/python3.8:/usr/lib/python3.8/lib-dynload:/usr/lib/python3.8/site-packages
2022-12-30 13:14:42.086 T:3954 DEBUG : CPythonInvoker(35, /storage/.kodi/addons/metadata.tvshows.themoviedb.org.python/main.py): entering source directory /storage/.kodi/addons/metadata.tvshows.themoviedb.org.python
2022-12-30 13:14:42.086 T:3954 DEBUG : CPythonInvoker(35, /storage/.kodi/addons/metadata.tvshows.themoviedb.org.python/main.py): instantiating addon using automatically obtained id of "metadata.tvshows.themoviedb.org.python" dependent on version 3.0.0 of the xbmc.python api
2022-12-30 13:14:42.090 T:3907 DEBUG : CAMLCodec::GetTimeSize: len:24 dl:1557345 fs:1557345 front:57333
2022-12-30 13:14:42.103 T:3665 INFO : Skipped 2 duplicate messages..
2022-12-30 13:14:42.103 T:3665 DEBUG : CAMLCodec::PollFrame elapsed:33.052ms
2022-12-30 13:14:42.104 T:3665 DEBUG : PrepareNextRender: frameOnScreen: 13.062 renderPts: 13.229 nextFramePts: 13.222 -> diff: 0.007 render: 1 forceNext: 0
2022-12-30 13:14:42.105 T:3908 DEBUG : CVideoPlayerAudio::OutputPacket: pts:13.824 curr_pts:13.062 clock:13.063 level:99
2022-12-30 13:14:42.105 T:3665 DEBUG : CAMLCodec::ReleaseFrame idx:318, drop:0
2022-12-30 13:14:42.108 T:3907 DEBUG : CAMLCodec::GetTimeSize: len:24 dl:1557345 fs:1557345 front:57333
2022-12-30 13:14:42.109 T:3907 DEBUG : CAMLCodec::DequeueBuffer: pts:13.472 idx:324
2022-12-30 13:14:42.109 T:3907 DEBUG : CAMLCodec::GetPicture: index: 324, pts: 13.472, dur:42ms ar:2.00
2022-12-30 13:14:42.109 T:3907 DEBUG : CVideoPlayerVideo::OutputPicture - ttd:405ms pts:13.472 Clock:13.067 Level:5
2022-12-30 13:14:42.109 T:3904 DEBUG : CVideoPlayer::ProcessAudioData size:2560 dts:21.792 pts:21.792 dur:32.000ms, clock:13.067 drop:0 level:99
2022-12-30 13:14:42.110 T:3907 DEBUG : CAMLCodec::GetTimeSize: len:24 dl:1557345 fs:1557345 front:57333
2022-12-30 13:14:42.116 T:3907 DEBUG : CAMLCodec::GetTimeSize: len:24 dl:1500012 fs:1557345 front:57333
2022-12-30 13:14:42.116 T:3907 DEBUG : CAMLCodec::GetTimeSize: len:23 dl:1500012 fs:1500012 front:61903
2022-12-30 13:14:42.121 T:3907 DEBUG : CAMLCodec::AddData: dl:1529050 sum:1529050 sz:29038 dts:14.514 pts:14.514
2022-12-30 13:14:42.121 T:3907 DEBUG : CAMLCodec::GetTimeSize: len:24 dl:1529050 fs:1529050 front:61903
2022-12-30 13:14:42.137 T:3954 INFO : Skipped 2 duplicate messages..
2022-12-30 13:14:42.137 T:3954 DEBUG : [metadata.tvshows.themoviedb.org.python (1.4.17)]: the cache dir is /storage/.kodi/temp/scrapers/metadata.tvshows.themoviedb.org.python
2022-12-30 13:14:42.140 T:3907 DEBUG : CAMLCodec::GetTimeSize: len:24 dl:1529050 fs:1529050 front:61903
2022-12-30 13:14:42.144 T:3665 DEBUG : CAMLCodec::PollFrame elapsed:38.706ms
2022-12-30 13:14:42.146 T:3665 DEBUG : PrepareNextRender: frameOnScreen: 13.104 renderPts: 13.271 nextFramePts: 13.263 -> diff: 0.008 render: 1 forceNext: 0
2022-12-30 13:14:42.146 T:3907 DEBUG : CAMLCodec::GetTimeSize: len:24 dl:1529050 fs:1529050 front:61903
2022-12-30 13:14:42.146 T:3907 DEBUG : CAMLCodec::DequeueBuffer: pts:13.513 idx:325
2022-12-30 13:14:42.146 T:3907 DEBUG : CAMLCodec::GetPicture: index: 325, pts: 13.513, dur:41ms ar:2.00
2022-12-30 13:14:42.146 T:3907 DEBUG : CVideoPlayerVideo::OutputPicture - ttd:408ms pts:13.513 Clock:13.104 Level:5
2022-12-30 13:14:42.147 T:3665 DEBUG : CAMLCodec::ReleaseFrame idx:319, drop:0
2022-12-30 13:14:42.147 T:3907 DEBUG : CAMLCodec::GetTimeSize: len:24 dl:1529050 fs:1529050 front:61903
2022-12-30 13:14:42.154 T:3908 INFO : Skipped 1 duplicate messages..
2022-12-30 13:14:42.154 T:3908 DEBUG : CVideoPlayerAudio::OutputPacket: pts:13.856 curr_pts:13.112 clock:13.112 level:99
2022-12-30 13:14:42.155 T:3908 DEBUG : CVideoPlayerAudio::OutputPacket: pts:13.888 curr_pts:13.112 clock:13.113 level:99
2022-12-30 13:14:42.160 T:3904 DEBUG : CVideoPlayer::ProcessAudioData size:2560 dts:21.824 pts:21.824 dur:32.000ms, clock:13.118 drop:0 level:99
2022-12-30 13:14:42.160 T:3904 DEBUG : CVideoPlayer::ProcessAudioData size:2560 dts:21.856 pts:21.856 dur:32.000ms, clock:13.118 drop:0 level:99
2022-12-30 13:14:42.160 T:3907 DEBUG : CAMLCodec::GetTimeSize: len:24 dl:1467147 fs:1529050 front:61903
2022-12-30 13:14:42.160 T:3907 DEBUG : CAMLCodec::GetTimeSize: len:23 dl:1467147 fs:1467147 front:37636
2022-12-30 13:14:42.165 T:3907 DEBUG : CAMLCodec::AddData: dl:1506987 sum:1506987 sz:39840 dts:14.556 pts:14.556
2022-12-30 13:14:42.165 T:3907 DEBUG : CAMLCodec::GetTimeSize: len:24 dl:1506987 fs:1506987 front:37636
2022-12-30 13:14:42.186 T:3665 INFO : Skipped 3 duplicate messages..
2022-12-30 13:14:42.186 T:3665 DEBUG : CAMLCodec::PollFrame elapsed:39.260ms
2022-12-30 13:14:42.188 T:3665 DEBUG : PrepareNextRender: frameOnScreen: 13.146 renderPts: 13.313 nextFramePts: 13.305 -> diff: 0.008 render: 1 forceNext: 0
2022-12-30 13:14:42.188 T:3665 DEBUG : CAMLCodec::ReleaseFrame idx:320, drop:0
2022-12-30 13:14:42.190 T:3907 DEBUG : CAMLCodec::GetTimeSize: len:24 dl:1506987 fs:1506987 front:37636
2022-12-30 13:14:42.204 T:3908 INFO : Skipped 2 duplicate messages..
2022-12-30 13:14:42.204 T:3908 DEBUG : CVideoPlayerAudio::OutputPacket: pts:13.920 curr_pts:13.162 clock:13.162 level:99
2022-12-30 13:14:42.208 T:3907 DEBUG : CAMLCodec::GetTimeSize: len:24 dl:1506987 fs:1506987 front:37636
2022-12-30 13:14:42.210 T:3904 DEBUG : CVideoPlayer::ProcessVideoData size:129539 dts:21.521 pts:21.730 dur:41.000ms, clock:13.169 level:87
2022-12-30 13:14:42.211 T:3904 DEBUG : CVideoPlayer::ProcessVideoData size:88972 dts:21.563 pts:21.647 dur:41.000ms, clock:13.169 level:87
2022-12-30 13:14:42.211 T:3904 DEBUG : CVideoPlayer::ProcessVideoData size:47380 dts:21.605 pts:21.605 dur:41.000ms, clock:13.169 level:88
2022-12-30 13:14:42.211 T:3904 DEBUG : CVideoPlayer::ProcessVideoData size:35941 dts:21.647 pts:21.688 dur:41.000ms, clock:13.169 level:88
2022-12-30 13:14:42.212 T:3904 DEBUG : CVideoPlayer::ProcessVideoData size:70442 dts:21.688 pts:21.772 dur:41.000ms, clock:13.170 level:89
2022-12-30 13:14:42.212 T:3904 DEBUG : CVideoPlayer::ProcessAudioData size:2560 dts:21.888 pts:21.888 dur:32.000ms, clock:13.170 drop:0 level:99
2022-12-30 13:14:42.215 T:3907 DEBUG : CAMLCodec::GetTimeSize: len:24 dl:1506987 fs:1506987 front:37636
2022-12-30 13:14:42.228 T:3665 INFO : Skipped 2 duplicate messages..
2022-12-30 13:14:42.228 T:3665 DEBUG : CAMLCodec::PollFrame elapsed:39.174ms
2022-12-30 13:14:42.230 T:3665 DEBUG : PrepareNextRender: frameOnScreen: 13.188 renderPts: 13.355 nextFramePts: 13.347 -> diff: 0.008 render: 1 forceNext: 0
2022-12-30 13:14:42.231 T:3665 DEBUG : CAMLCodec::ReleaseFrame idx:321, drop:0
2022-12-30 13:14:42.233 T:3907 DEBUG : CAMLCodec::GetTimeSize: len:24 dl:1506987 fs:1506987 front:37636
2022-12-30 13:14:42.233 T:3907 DEBUG : CAMLCodec::DequeueBuffer: pts:13.555 idx:326
2022-12-30 13:14:42.233 T:3907 DEBUG : CAMLCodec::GetPicture: index: 326, pts: 13.555, dur:42ms ar:2.00
2022-12-30 13:14:42.233 T:3907 DEBUG : CVideoPlayerVideo::OutputPicture - ttd:363ms pts:13.555 Clock:13.192 Level:4
2022-12-30 13:14:42.235 T:3907 DEBUG : CAMLCodec::GetTimeSize: len:24 dl:1506987 fs:1506987 front:37636
2022-12-30 13:14:42.241 T:3907 DEBUG : CAMLCodec::GetTimeSize: len:24 dl:1469351 fs:1506987 front:37636
2022-12-30 13:14:42.241 T:3907 DEBUG : CAMLCodec::GetTimeSize: len:23 dl:1469351 fs:1469351 front:17518
2022-12-30 13:14:42.246 T:3907 DEBUG : CAMLCodec::AddData: dl:1496155 sum:1496155 sz:26804 dts:14.598 pts:14.640
2022-12-30 13:14:42.246 T:3907 DEBUG : CAMLCodec::GetTimeSize: len:24 dl:1496155 fs:1496155 front:17518
2022-12-30 13:14:42.254 T:3908 INFO : Skipped 1 duplicate messages..
2022-12-30 13:14:42.254 T:3908 DEBUG : CVideoPlayerAudio::OutputPacket: pts:13.952 curr_pts:13.212 clock:13.212 level:99
2022-12-30 13:14:42.255 T:3908 DEBUG : CVideoPlayerAudio::OutputPacket: pts:13.984 curr_pts:13.212 clock:13.213 level:99
2022-12-30 13:14:42.258 T:3954 DEBUG : [metadata.tvshows.themoviedb.org.python (1.4.17)]: Called addon with params: ['plugin://metadata.tvshows.themoviedb.org.python/', '22', '?action=find&pathSettings=%7b%22cat_landscape%22%3atrue%2c%22certprefix%22%3a%22Rated%20%22%2c%22enab_trailer%22%3atrue%2c%22enable_fanarttv%22%3atrue%2c%22fanarttv_clientkey%22%3a%22%22%2c%22imdbanyway%22%3afalse%2c%22keeporiginaltitle%22%3afalse%2c%22language%22%3a%22fr-FR%22%2c%22lastUpdated%22%3a%220%22%2c%22originalUrl%22%3a%22%22%2c%22players_opt%22%3a%22Tubed%22%2c%22previewUrl%22%3a%22%22%2c%22ratings%22%3a%22IMDb%22%2c%22studio_country%22%3atrue%2c%22tmdbanyway%22%3atrue%2c%22tmdbcertcountry%22%3a%22fr%22%2c%22traktanyway%22%3atrue%2c%22usecertprefix%22%3atrue%2c%22verboselog%22%3afalse%7d&title=The.Blacklist.S09.MULTi', 'resume:false']
2022-12-30 13:14:42.258 T:3954 DEBUG : [metadata.tvshows.themoviedb.org.python (1.4.17)]: performing find action
2022-12-30 13:14:42.258 T:3954 DEBUG : [metadata.tvshows.themoviedb.org.python (1.4.17)]: Searching for TV show The.Blacklist.S09.MULTi (None)
2022-12-30 13:14:42.258 T:3954 DEBUG : [metadata.tvshows.themoviedb.org.python (1.4.17)]: using title of The.Blacklist.S09.MULTi to find show
2022-12-30 13:14:42.258 T:3954 DEBUG : [metadata.tvshows.themoviedb.org.python (1.4.17)]: Calling URL "https://api.themoviedb.org/3/search/tv?api_key=af3a53eb387d57fc935e9128468b1899&language=fr-FR&query=The.Blacklist.S09.MULTi"
2022-12-30 13:14:42.258 T:3907 DEBUG : CAMLCodec::GetTimeSize: len:24 dl:1496155 fs:1496155 front:17518
2022-12-30 13:14:42.263 T:3904 DEBUG : CVideoPlayer::ProcessAudioData size:2560 dts:21.920 pts:21.920 dur:32.000ms, clock:13.221 drop:0 level:99
2022-12-30 13:14:42.263 T:3904 DEBUG : CVideoPlayer::ProcessAudioData size:2560 dts:21.952 pts:21.952 dur:32.000ms, clock:13.221 drop:0 level:99
2022-12-30 13:14:42.265 T:3907 DEBUG : CAMLCodec::GetTimeSize: len:24 dl:1496155 fs:1496155 front:17518
2022-12-30 13:14:42.269 T:3665 DEBUG : CAMLCodec::PollFrame elapsed:38.548ms
2022-12-30 13:14:42.271 T:3907 DEBUG : CAMLCodec::GetTimeSize: len:24 dl:1496155 fs:1496155 front:17518
2022-12-30 13:14:42.271 T:3665 DEBUG : PrepareNextRender: frameOnScreen: 13.229 renderPts: 13.396 nextFramePts: 13.388 -> diff: 0.008 render: 1 forceNext: 0
2022-12-30 13:14:42.272 T:3665 DEBUG : CAMLCodec::ReleaseFrame idx:322, drop:0
2022-12-30 13:14:42.277 T:3907 DEBUG : CAMLCodec::GetTimeSize: len:24 dl:1496155 fs:1496155 front:17518
2022-12-30 13:14:42.277 T:3907 DEBUG : CAMLCodec::DequeueBuffer: pts:13.597 idx:327
2022-12-30 13:14:42.277 T:3907 DEBUG : CAMLCodec::GetPicture: index: 327, pts: 13.597, dur:42ms ar:2.00
2022-12-30 13:14:42.277 T:3907 DEBUG : CVideoPlayerVideo::OutputPicture - ttd:361ms pts:13.597 Clock:13.235 Level:4
2022-12-30 13:14:42.278 T:3907 DEBUG : CAMLCodec::GetTimeSize: len:24 dl:1496155 fs:1496155 front:17518
2022-12-30 13:14:42.284 T:3907 DEBUG : CAMLCodec::GetTimeSize: len:24 dl:1478637 fs:1496155 front:17518
2022-12-30 13:14:42.285 T:3907 DEBUG : CAMLCodec::GetTimeSize: len:23 dl:1478637 fs:1478637 front:15545
2022-12-30 13:14:42.285 T:3907 DEBUG : CAMLCodec::DequeueBuffer: pts:13.639 idx:328
2022-12-30 13:14:42.285 T:3907 DEBUG : CAMLCodec::GetPicture: index: 328, pts: 13.639, dur:42ms ar:2.00
2022-12-30 13:14:42.285 T:3907 DEBUG : CVideoPlayerVideo::OutputPicture - ttd:396ms pts:13.639 Clock:13.243 Level:5
2022-12-30 13:14:42.286 T:3907 DEBUG : CAMLCodec::GetTimeSize: len:23 dl:1478637 fs:1478637 front:15545
2022-12-30 13:14:42.291 T:3907 DEBUG : CAMLCodec::AddData: dl:1512191 sum:1527736 sz:49099 dts:14.640 pts:14.681
2022-12-30 13:14:42.291 T:3907 DEBUG : CAMLCodec::GetTimeSize: len:24 dl:1512191 fs:1527736 front:15545
2022-12-30 13:14:42.291 T:3907 DEBUG : CAMLCodec::GetTimeSize: len:23 dl:1512191 fs:1512191 front:53900
2022-12-30 13:14:42.296 T:3907 DEBUG : CAMLCodec::AddData: dl:1548295 sum:1548295 sz:36104 dts:14.681 pts:14.723
2022-12-30 13:14:42.297 T:3907 DEBUG : CAMLCodec::GetTimeSize: len:24 dl:1548295 fs:1548295 front:53900
2022-12-30 13:14:42.305 T:3908 INFO : Skipped 1 duplicate messages..
2022-12-30 13:14:42.305 T:3908 DEBUG : CVideoPlayerAudio::OutputPacket: pts:14.016 curr_pts:13.262 clock:13.263 level:99
2022-12-30 13:14:42.306 T:3908 DEBUG : CVideoPlayerAudio::OutputPacket: pts:14.048 curr_pts:13.263 clock:13.264 level:99
2022-12-30 13:14:42.309 T:3907 DEBUG : CAMLCodec::GetTimeSize: len:24 dl:1548295 fs:1548295 front:53900
2022-12-30 13:14:42.311 T:3665 DEBUG : CAMLCodec::PollFrame elapsed:38.817ms
2022-12-30 13:14:42.314 T:3904 DEBUG : CVideoPlayer::ProcessAudioData size:2560 dts:21.984 pts:21.984 dur:32.000ms, clock:13.272 drop:0 level:99
2022-12-30 13:14:42.314 T:3904 DEBUG : CVideoPlayer::ProcessVideoData size:51003 dts:21.730 pts:21.980 dur:41.000ms, clock:13.272 level:88
2022-12-30 13:14:42.315 T:3904 DEBUG : CVideoPlayer::ProcessVideoData size:26211 dts:21.772 pts:21.897 dur:41.000ms, clock:13.273 level:88
2022-12-30 13:14:42.315 T:3904 DEBUG : CVideoPlayer::ProcessVideoData size:15558 dts:21.813 pts:21.813 dur:41.000ms, clock:13.273 level:89
2022-12-30 13:14:42.315 T:3904 DEBUG : CVideoPlayer::ProcessVideoData size:16214 dts:21.855 pts:21.855 dur:41.000ms, clock:13.273 level:89
2022-12-30 13:14:42.316 T:3904 DEBUG : CVideoPlayer::ProcessVideoData size:11680 dts:21.897 pts:21.939 dur:41.000ms, clock:13.274 level:90
2022-12-30 13:14:42.317 T:3907 DEBUG : CAMLCodec::GetTimeSize: len:24 dl:1548295 fs:1548295 front:53900
2022-12-30 13:14:42.318 T:3907 DEBUG : CAMLCodec::DequeueBuffer: pts:13.680 idx:329
2022-12-30 13:14:42.318 T:3907 DEBUG : CAMLCodec::GetPicture: index: 329, pts: 13.680, dur:41ms ar:2.00
2022-12-30 13:14:42.318 T:3907 DEBUG : CVideoPlayerVideo::OutputPicture - ttd:404ms pts:13.680 Clock:13.276 Level:6
2022-12-30 13:14:42.319 T:3904 DEBUG : CVideoPlayer::ProcessVideoData size:308957 dts:21.939 pts:22.022 dur:41.000ms, clock:13.277 level:90
2022-12-30 13:14:42.320 T:3904 DEBUG : CVideoPlayer::ProcessAudioData size:2560 dts:22.016 pts:22.016 dur:32.000ms, clock:13.278 drop:0 level:99
2022-12-30 13:14:42.321 T:3907 DEBUG : CAMLCodec::GetTimeSize: len:24 dl:1548295 fs:1548295 front:53900
2022-12-30 13:14:42.322 T:3665 DEBUG : PrepareNextRender: frameOnScreen: 13.280 renderPts: 13.447 nextFramePts: 13.430 -> diff: 0.017 render: 1 forceNext: 0
2022-12-30 13:14:42.323 T:3665 DEBUG : CAMLCodec::ReleaseFrame idx:323, drop:0
2022-12-30 13:14:42.328 T:3907 DEBUG : CAMLCodec::GetTimeSize: len:24 dl:1494395 fs:1548295 front:53900
2022-12-30 13:14:42.328 T:3907 DEBUG : CAMLCodec::GetTimeSize: len:23 dl:1494395 fs:1494395 front:19464
2022-12-30 13:14:42.335 T:3907 DEBUG : CAMLCodec::AddData: dl:1618329 sum:1618329 sz:123934 dts:14.723 pts:15.015
2022-12-30 13:14:42.335 T:3907 DEBUG : CAMLCodec::GetTimeSize: len:24 dl:1618329 fs:1618329 front:19464
2022-12-30 13:14:42.354 T:3665 INFO : Skipped 2 duplicate messages..
2022-12-30 13:14:42.353 T:3665 DEBUG : CAMLCodec::PollFrame elapsed:30.297ms
2022-12-30 13:14:42.355 T:3908 DEBUG : CVideoPlayerAudio::OutputPacket: pts:14.080 curr_pts:13.312 clock:13.313 level:99
2022-12-30 13:14:42.355 T:3907 DEBUG : CAMLCodec::GetTimeSize: len:24 dl:1618329 fs:1618329 front:19464
2022-12-30 13:14:42.355 T:3907 DEBUG : CAMLCodec::DequeueBuffer: pts:13.722 idx:330
2022-12-30 13:14:42.355 T:3907 DEBUG : CAMLCodec::GetPicture: index: 330, pts: 13.722, dur:42ms ar:2.00
2022-12-30 13:14:42.355 T:3907 DEBUG : CVideoPlayerVideo::OutputPicture - ttd:408ms pts:13.722 Clock:13.313 Level:6
2022-12-30 13:14:42.356 T:3907 DEBUG : CAMLCodec::GetTimeSize: len:24 dl:1618329 fs:1618329 front:19464
2022-12-30 13:14:42.359 T:3665 DEBUG : PrepareNextRender: frameOnScreen: 13.317 renderPts: 13.484 nextFramePts: 13.472 -> diff: 0.012 render: 1 forceNext: 0
2022-12-30 13:14:42.360 T:3665 DEBUG : CAMLCodec::ReleaseFrame idx:324, drop:0
2022-12-30 13:14:42.361 T:3904 DEBUG : CVideoPlayer::ProcessAudioData size:2560 dts:22.048 pts:22.048 dur:32.000ms, clock:13.319 drop:0 level:99
2022-12-30 13:14:42.363 T:3907 DEBUG : CAMLCodec::GetTimeSize: len:24 dl:1618329 fs:1618329 front:19464
2022-12-30 13:14:42.369 T:3907 DEBUG : CAMLCodec::GetTimeSize: len:24 dl:1598865 fs:1618329 front:19464
2022-12-30 13:14:42.369 T:3907 DEBUG : CAMLCodec::GetTimeSize: len:23 dl:1598865 fs:1598865 front:12129
2022-12-30 13:14:42.376 T:3907 DEBUG : CAMLCodec::AddData: dl:1665981 sum:1665981 sz:67116 dts:14.765 pts:14.890
2022-12-30 13:14:42.376 T:3907 DEBUG : CAMLCodec::GetTimeSize: len:24 dl:1665981 fs:1665981 front:12129
2022-12-30 13:14:42.395 T:3665 INFO : Skipped 2 duplicate messages..
2022-12-30 13:14:42.395 T:3665 DEBUG : CAMLCodec::PollFrame elapsed:34.565ms
2022-12-30 13:14:42.395 T:3907 DEBUG : CAMLCodec::GetTimeSize: len:24 dl:1665981 fs:1665981 front:12129
2022-12-30 13:14:42.395 T:3907 DEBUG : CAMLCodec::DequeueBuffer: pts:13.764 idx:331
2022-12-30 13:14:42.395 T:3907 DEBUG : CAMLCodec::GetPicture: index: 331, pts: 13.764, dur:42ms ar:2.00
2022-12-30 13:14:42.395 T:3907 DEBUG : CVideoPlayerVideo::OutputPicture - ttd:410ms pts:13.764 Clock:13.353 Level:6
2022-12-30 13:14:42.397 T:3907 DEBUG : CAMLCodec::GetTimeSize: len:24 dl:1665981 fs:1665981 front:12129
2022-12-30 13:14:42.398 T:3665 DEBUG : PrepareNextRender: frameOnScreen: 13.356 renderPts: 13.523 nextFramePts: 13.513 -> diff: 0.010 render: 1 forceNext: 0
2022-12-30 13:14:42.400 T:3665 DEBUG : CAMLCodec::ReleaseFrame idx:325, drop:0
2022-12-30 13:14:42.403 T:3907 DEBUG : CAMLCodec::GetTimeSize: len:24 dl:1665981 fs:1665981 front:12129
2022-12-30 13:14:42.405 T:3908 DEBUG : CVideoPlayerAudio::OutputPacket: pts:14.112 curr_pts:13.362 clock:13.363 level:99
2022-12-30 13:14:42.406 T:3908 DEBUG : CVideoPlayerAudio::OutputPacket: pts:14.144 curr_pts:13.363 clock:13.364 level:99
2022-12-30 13:14:42.409 T:3907 DEBUG : CAMLCodec::GetTimeSize: len:24 dl:1653852 fs:1665981 front:12129
2022-12-30 13:14:42.409 T:3907 DEBUG : CAMLCodec::GetTimeSize: len:23 dl:1653852 fs:1653852 front:24534
2022-12-30 13:14:42.411 T:3904 DEBUG : CVideoPlayer::ProcessAudioData size:2560 dts:22.080 pts:22.080 dur:32.000ms, clock:13.369 drop:0 level:99
2022-12-30 13:14:42.411 T:3904 DEBUG : CVideoPlayer::ProcessAudioData size:2560 dts:22.112 pts:22.112 dur:32.000ms, clock:13.370 drop:0 level:99
2022-12-30 13:14:42.415 T:3907 DEBUG : CAMLCodec::AddData: dl:1703709 sum:1703709 sz:49857 dts:14.806 pts:14.806
2022-12-30 13:14:42.415 T:3907 DEBUG : CAMLCodec::GetTimeSize: len:24 dl:1703709 fs:1703709 front:24534
2022-12-30 13:14:42.436 T:3665 INFO : Skipped 3 duplicate messages..
2022-12-30 13:14:42.436 T:3665 DEBUG : CAMLCodec::PollFrame elapsed:36.500ms
2022-12-30 13:14:42.439 T:3665 DEBUG : PrepareNextRender: frameOnScreen: 13.397 renderPts: 13.564 nextFramePts: 13.555 -> diff: 0.009 render: 1 forceNext: 0
2022-12-30 13:14:42.440 T:3907 DEBUG : CAMLCodec::GetTimeSize: len:24 dl:1703709 fs:1703709 front:24534
2022-12-30 13:14:42.440 T:3907 DEBUG : CAMLCodec::DequeueBuffer: pts:13.805 idx:332
2022-12-30 13:14:42.440 T:3907 DEBUG : CAMLCodec::GetPicture: index: 332, pts: 13.805, dur:41ms ar:2.00
2022-12-30 13:14:42.440 T:3907 DEBUG : CVideoPlayerVideo::OutputPicture - ttd:407ms pts:13.805 Clock:13.398 Level:5
2022-12-30 13:14:42.440 T:3665 DEBUG : CAMLCodec::ReleaseFrame idx:326, drop:0
2022-12-30 13:14:42.441 T:3907 DEBUG : CAMLCodec::GetTimeSize: len:24 dl:1703709 fs:1703709 front:24534
2022-12-30 13:14:42.454 T:3907 INFO : Skipped 1 duplicate messages..
2022-12-30 13:14:42.454 T:3907 DEBUG : CAMLCodec::GetTimeSize: len:24 dl:1679175 fs:1703709 front:24534
2022-12-30 13:14:42.454 T:3907 DEBUG : CAMLCodec::GetTimeSize: len:23 dl:1679175 fs:1679175 front:135669
2022-12-30 13:14:42.455 T:3908 DEBUG : CVideoPlayerAudio::OutputPacket: pts:14.176 curr_pts:13.412 clock:13.413 level:99
2022-12-30 13:14:42.459 T:3907 DEBUG : CAMLCodec::AddData: dl:1712096 sum:1712096 sz:32921 dts:14.848 pts:14.848
2022-12-30 13:14:42.459 T:3907 DEBUG : CAMLCodec::GetTimeSize: len:24 dl:1712096 fs:1712096 front:135669
2022-12-30 13:14:42.462 T:3904 DEBUG : CVideoPlayer::ProcessAudioData size:2560 dts:22.144 pts:22.144 dur:32.000ms, clock:13.420 drop:0 level:99
2022-12-30 13:14:42.464 T:3954 INFO : CPythonInvoker(35, /storage/.kodi/addons/metadata.tvshows.themoviedb.org.python/main.py): script successfully run
2022-12-30 13:14:42.464 T:3954 DEBUG : onExecutionDone(35, /storage/.kodi/addons/metadata.tvshows.themoviedb.org.python/main.py)
2022-12-30 13:14:42.465 T:3719 WARNING : No information found for item '/media/SSD1To/Series/The.Blacklist.S09.MULTi.1080p.WEBRIP.DD5.1.x264-RemyJ/', it won't be added to the library.
2022-12-30 13:14:42.466 T:3907 DEBUG : CAMLCodec::GetTimeSize: len:24 dl:1712096 fs:1712096 front:135669
2022-12-30 13:14:42.476 T:3719 INFO : Skipped 1 duplicate messages..
2022-12-30 13:14:42.476 T:3719 DEBUG : FindMovie: Searching for 'The Recruit S01 MULTi' using TMDb TV Shows scraper (path: '/storage/.kodi/addons/metadata.tvshows.themoviedb.org.python/', content: 'tvshows', version: '1.4.17')
2022-12-30 13:14:42.478 T:3665 DEBUG : CAMLCodec::PollFrame elapsed:37.459ms
2022-12-30 13:14:42.478 T:3907 DEBUG : CAMLCodec::GetTimeSize: len:24 dl:1712096 fs:1712096 front:135669
2022-12-30 13:14:42.483 T:3665 DEBUG : PrepareNextRender: frameOnScreen: 13.441 renderPts: 13.608 nextFramePts: 13.597 -> diff: 0.011 render: 1 forceNext: 0
2022-12-30 13:14:42.485 T:3907 DEBUG : CAMLCodec::GetTimeSize: len:24 dl:1712096 fs:1712096 front:135669
2022-12-30 13:14:42.485 T:3719 DEBUG : StartScript - calling plugin TMDb TV Shows('plugin://metadata.tvshows.themoviedb.org.python/','23','?action=find&pathSettings=%7b%22cat_landscape%22%3atrue%2c%22certprefix%22%3a%22Rated%20%22%2c%22enab_trailer%22%3atrue%2c%22enable_fanarttv%22%3atrue%2c%22fanarttv_clientkey%22%3a%22%22%2c%22imdbanyway%22%3afalse%2c%22keeporiginaltitle%22%3afalse%2c%22language%22%3a%22fr-FR%22%2c%22lastUpdated%22%3a%220%22%2c%22originalUrl%22%3a%22%22%2c%22players_opt%22%3a%22Tubed%22%2c%22previewUrl%22%3a%22%22%2c%22ratings%22%3a%22IMDb%22%2c%22studio_country%22%3atrue%2c%22tmdbanyway%22%3atrue%2c%22tmdbcertcountry%22%3a%22fr%22%2c%22traktanyway%22%3atrue%2c%22usecertprefix%22%3atrue%2c%22verboselog%22%3afalse%7d&title=The%20Recruit%20S01%20MULTi','resume:false')
2022-12-30 13:14:42.485 T:3907 DEBUG : CAMLCodec::DequeueBuffer: pts:13.847 idx:333
2022-12-30 13:14:42.485 T:3907 DEBUG : CAMLCodec::GetPicture: index: 333, pts: 13.847, dur:42ms ar:2.00
2022-12-30 13:14:42.485 T:3907 DEBUG : CVideoPlayerVideo::OutputPicture - ttd:403ms pts:13.847 Clock:13.443 Level:5
2022-12-30 13:14:42.485 T:3665 DEBUG : CAMLCodec::ReleaseFrame idx:327, drop:0
2022-12-30 13:14:42.485 T:3955 DEBUG : Thread LanguageInvoker start, auto delete: false
2022-12-30 13:14:42.486 T:3955 INFO : initializing python engine.
2022-12-30 13:14:42.486 T:3955 DEBUG : CPythonInvoker(36, /storage/.kodi/addons/metadata.tvshows.themoviedb.org.python/main.py): start processing
2022-12-30 13:14:42.486 T:3907 DEBUG : CAMLCodec::GetTimeSize: len:24 dl:1712096 fs:1712096 front:135669
2022-12-30 13:14:42.492 T:3907 DEBUG : CAMLCodec::GetTimeSize: len:24 dl:1576427 fs:1712096 front:135669
2022-12-30 13:14:42.493 T:3907 DEBUG : CAMLCodec::GetTimeSize: len:23 dl:1576427 fs:1576427 front:152025
2022-12-30 13:14:42.498 T:3907 DEBUG : CAMLCodec::AddData: dl:1620478 sum:1620478 sz:44051 dts:14.890 pts:14.932
2022-12-30 13:14:42.498 T:3907 DEBUG : CAMLCodec::GetTimeSize: len:24 dl:1620478 fs:1620478 front:152025
2022-12-30 13:14:42.504 T:3908 DEBUG : CVideoPlayerAudio::OutputPacket: pts:14.208 curr_pts:13.462 clock:13.463 level:99
2022-12-30 13:14:42.505 T:3908 DEBUG : CVideoPlayerAudio::OutputPacket: pts:14.240 curr_pts:13.463 clock:13.463 level:99
2022-12-30 13:14:42.505 T:3907 DEBUG : CAMLCodec::GetTimeSize: len:24 dl:1620478 fs:1620478 front:152025
2022-12-30 13:14:42.513 T:3904 INFO : Skipped 1 duplicate messages..
2022-12-30 13:14:42.513 T:3904 DEBUG : CVideoPlayer::ProcessAudioData size:2560 dts:22.176 pts:22.176 dur:32.000ms, clock:13.471 drop:0 level:99
2022-12-30 13:14:42.513 T:3904 DEBUG : CVideoPlayer::ProcessAudioData size:2560 dts:22.208 pts:22.208 dur:32.000ms, clock:13.471 drop:0 level:99
2022-12-30 13:14:42.517 T:3907 DEBUG : CAMLCodec::GetTimeSize: len:24 dl:1620478 fs:1620478 front:152025
2022-12-30 13:14:42.520 T:3665 DEBUG : CAMLCodec::PollFrame elapsed:34.525ms
2022-12-30 13:14:42.522 T:3665 DEBUG : PrepareNextRender: frameOnScreen: 13.480 renderPts: 13.647 nextFramePts: 13.639 -> diff: 0.008 render: 1 forceNext: 0
2022-12-30 13:14:42.523 T:3665 DEBUG : CAMLCodec::ReleaseFrame idx:328, drop:0
2022-12-30 13:14:42.524 T:3907 DEBUG : CAMLCodec::GetTimeSize: len:24 dl:1620478 fs:1620478 front:152025
2022-12-30 13:14:42.524 T:3907 DEBUG : CAMLCodec::DequeueBuffer: pts:13.889 idx:334
2022-12-30 13:14:42.524 T:3907 DEBUG : CAMLCodec::GetPicture: index: 334, pts: 13.889, dur:42ms ar:2.00
2022-12-30 13:14:42.524 T:3907 DEBUG : CVideoPlayerVideo::OutputPicture - ttd:407ms pts:13.889 Clock:13.482 Level:5
2022-12-30 13:14:42.525 T:3907 DEBUG : CAMLCodec::GetTimeSize: len:24 dl:1620478 fs:1620478 front:152025
2022-12-30 13:14:42.525 T:3907 DEBUG : CAMLCodec::DequeueBuffer: pts:13.931 idx:335
2022-12-30 13:14:42.525 T:3907 DEBUG : CAMLCodec::GetPicture: index: 335, pts: 13.931, dur:42ms ar:2.00
2022-12-30 13:14:42.525 T:3907 DEBUG : CVideoPlayerVideo::OutputPicture - ttd:447ms pts:13.931 Clock:13.483 Level:6
2022-12-30 13:14:42.526 T:3907 DEBUG : CAMLCodec::GetTimeSize: len:24 dl:1620478 fs:1620478 front:152025
2022-12-30 13:14:42.526 T:3907 DEBUG : CAMLCodec::DequeueBuffer: pts:13.972 idx:336
2022-12-30 13:14:42.526 T:3907 DEBUG : CAMLCodec::GetPicture: index: 336, pts: 13.972, dur:41ms ar:2.00
2022-12-30 13:14:42.554 T:3908 DEBUG : CVideoPlayerAudio::OutputPacket: pts:14.272 curr_pts:13.512 clock:13.512 level:99
2022-12-30 13:14:42.561 T:3665 DEBUG : CAMLCodec::PollFrame elapsed:38.680ms
2022-12-30 13:14:42.563 T:3665 DEBUG : PrepareNextRender: frameOnScreen: 13.521 renderPts: 13.688 nextFramePts: 13.680 -> diff: 0.008 render: 1 forceNext: 0
2022-12-30 13:14:42.563 T:3907 DEBUG : CVideoPlayerVideo::OutputPicture - ttd:487ms pts:13.972 Clock:13.484 Level:6
2022-12-30 13:14:42.564 T:3904 DEBUG : CVideoPlayer::ProcessAudioData size:2560 dts:22.240 pts:22.240 dur:32.000ms, clock:13.522 drop:0 level:99
2022-12-30 13:14:42.564 T:3665 DEBUG : CAMLCodec::ReleaseFrame idx:329, drop:0
2022-12-30 13:14:42.564 T:3907 DEBUG : CAMLCodec::GetTimeSize: len:24 dl:1468453 fs:1620478 front:152025
2022-12-30 13:14:42.564 T:3907 DEBUG : CAMLCodec::GetTimeSize: len:23 dl:1468453 fs:1468453 front:108949
2022-12-30 13:14:42.570 T:3907 DEBUG : CAMLCodec::AddData: dl:1498925 sum:1498925 sz:30472 dts:14.932 pts:14.973
2022-12-30 13:14:42.570 T:3907 DEBUG : CAMLCodec::GetTimeSize: len:24 dl:1498925 fs:1498925 front:108949
2022-12-30 13:14:42.576 T:3907 DEBUG : CAMLCodec::GetTimeSize: len:24 dl:1389976 fs:1498925 front:108949
2022-12-30 13:14:42.576 T:3907 DEBUG : CAMLCodec::GetTimeSize: len:23 dl:1389976 fs:1389976 front:39298
2022-12-30 13:14:42.583 T:3907 DEBUG : CAMLCodec::AddData: dl:1507556 sum:1507556 sz:117580 dts:14.973 pts:15.265
2022-12-30 13:14:42.583 T:3907 DEBUG : CAMLCodec::GetTimeSize: len:24 dl:1507556 fs:1507556 front:39298
2022-12-30 13:14:42.603 T:3665 INFO : Skipped 3 duplicate messages..
2022-12-30 13:14:42.603 T:3665 DEBUG : CAMLCodec::PollFrame elapsed:38.851ms
2022-12-30 13:14:42.605 T:3908 DEBUG : CVideoPlayerAudio::OutputPacket: pts:14.304 curr_pts:13.562 clock:13.563 level:99
2022-12-30 13:14:42.605 T:3665 DEBUG : PrepareNextRender: frameOnScreen: 13.563 renderPts: 13.730 nextFramePts: 13.722 -> diff: 0.008 render: 1 forceNext: 0
2022-12-30 13:14:42.606 T:3908 DEBUG : CVideoPlayerAudio::OutputPacket: pts:14.336 curr_pts:13.563 clock:13.564 level:99
2022-12-30 13:14:42.606 T:3665 DEBUG : CAMLCodec::ReleaseFrame idx:330, drop:0
2022-12-30 13:14:42.608 T:3907 DEBUG : CAMLCodec::GetTimeSize: len:24 dl:1507556 fs:1507556 front:39298
2022-12-30 13:14:42.614 T:3904 DEBUG : CVideoPlayer::ProcessAudioData size:2560 dts:22.272 pts:22.272 dur:32.000ms, clock:13.572 drop:0 level:99
2022-12-30 13:14:42.614 T:3904 DEBUG : CVideoPlayer::ProcessAudioData size:2560 dts:22.304 pts:22.304 dur:32.000ms, clock:13.573 drop:0 level:99
2022-12-30 13:14:42.615 T:3907 DEBUG : CAMLCodec::GetTimeSize: len:24 dl:1468258 fs:1507556 front:39298
2022-12-30 13:14:42.615 T:3907 DEBUG : CAMLCodec::GetTimeSize: len:23 dl:1468258 fs:1468258 front:43100
2022-12-30 13:14:42.622 T:3907 DEBUG : CAMLCodec::AddData: dl:1534498 sum:1534498 sz:66240 dts:15.015 pts:15.140
2022-12-30 13:14:42.622 T:3907 DEBUG : CAMLCodec::GetTimeSize: len:24 dl:1534498 fs:1534498 front:43100
2022-12-30 13:14:42.645 T:3665 INFO : Skipped 3 duplicate messages..
2022-12-30 13:14:42.645 T:3665 DEBUG : CAMLCodec::PollFrame elapsed:38.856ms
2022-12-30 13:14:42.647 T:3907 DEBUG : CAMLCodec::GetTimeSize: len:24 dl:1534498 fs:1534498 front:43100
2022-12-30 13:14:42.647 T:3907 DEBUG : CAMLCodec::DequeueBuffer: pts:14.014 idx:337
2022-12-30 13:14:42.647 T:3907 DEBUG : CAMLCodec::GetPicture: index: 337, pts: 14.014, dur:42ms ar:2.00
2022-12-30 13:14:42.647 T:3907 DEBUG : CVideoPlayerVideo::OutputPicture - ttd:408ms pts:14.014 Clock:13.605 Level:6
2022-12-30 13:14:42.647 T:3665 DEBUG : PrepareNextRender: frameOnScreen: 13.605 renderPts: 13.772 nextFramePts: 13.764 -> diff: 0.008 render: 1 forceNext: 0
2022-12-30 13:14:42.648 T:3665 DEBUG : CAMLCodec::ReleaseFrame idx:331, drop:0
2022-12-30 13:14:42.648 T:3907 DEBUG : CAMLCodec::GetTimeSize: len:24 dl:1534498 fs:1534498 front:43100
2022-12-30 13:14:42.654 T:3908 DEBUG : CVideoPlayerAudio::OutputPacket: pts:14.368 curr_pts:13.612 clock:13.612 level:99
2022-12-30 13:14:42.654 T:3907 DEBUG : CAMLCodec::GetTimeSize: len:24 dl:1491398 fs:1534498 front:43100
2022-12-30 13:14:42.654 T:3907 DEBUG : CAMLCodec::GetTimeSize: len:23 dl:1491398 fs:1491398 front:130276
2022-12-30 13:14:42.655 T:3908 DEBUG : CVideoPlayerAudio::OutputPacket: pts:14.400 curr_pts:13.612 clock:13.613 level:99
2022-12-30 13:14:42.655 T:3904 DEBUG : CVideoPlayer::ProcessAudioData size:2560 dts:22.336 pts:22.336 dur:32.000ms, clock:13.613 drop:0 level:99
2022-12-30 13:14:42.655 T:3904 DEBUG : CVideoPlayer::ProcessVideoData size:168356 dts:21.980 pts:22.397 dur:41.000ms, clock:13.613 level:87
2022-12-30 13:14:42.656 T:3904 DEBUG : CVideoPlayer::ProcessVideoData size:149867 dts:22.022 pts:22.231 dur:41.000ms, clock:13.614 level:87
2022-12-30 13:14:42.657 T:3904 DEBUG : CVideoPlayer::ProcessVideoData size:128902 dts:22.064 pts:22.064 dur:41.000ms, clock:13.615 level:88
2022-12-30 13:14:42.658 T:3904 DEBUG : CVideoPlayer::ProcessVideoData size:122996 dts:22.105 pts:22.105 dur:41.000ms, clock:13.616 level:88
2022-12-30 13:14:42.659 T:3904 DEBUG : CVideoPlayer::ProcessVideoData size:113421 dts:22.147 pts:22.147 dur:41.000ms, clock:13.617 level:89
2022-12-30 13:14:42.660 T:3907 DEBUG : CAMLCodec::AddData: dl:1532017 sum:1532017 sz:40619 dts:15.057 pts:15.057
2022-12-30 13:14:42.660 T:3907 DEBUG : CAMLCodec::GetTimeSize: len:24 dl:1532017 fs:1532017 front:130276
2022-12-30 13:14:42.660 T:3904 DEBUG : CVideoPlayer::ProcessVideoData size:106141 dts:22.189 pts:22.189 dur:41.000ms, clock:13.618 level:89
2022-12-30 13:14:42.660 T:3904 DEBUG : CVideoPlayer::ProcessVideoData size:104402 dts:22.231 pts:22.272 dur:41.000ms, clock:13.618 level:89
2022-12-30 13:14:42.661 T:3904 DEBUG : CVideoPlayer::ProcessVideoData size:108302 dts:22.272 pts:22.314 dur:41.000ms, clock:13.619 level:90
2022-12-30 13:14:42.662 T:3904 DEBUG : CVideoPlayer::ProcessVideoData size:117396 dts:22.314 pts:22.356 dur:41.000ms, clock:13.620 level:90
2022-12-30 13:14:42.662 T:3904 DEBUG : CVideoPlayer::ProcessAudioData size:2560 dts:22.368 pts:22.368 dur:32.000ms, clock:13.621 drop:0 level:99
2022-12-30 13:14:42.666 T:3907 DEBUG : CAMLCodec::GetTimeSize: len:24 dl:1532017 fs:1532017 front:130276
2022-12-30 13:14:42.687 T:3665 INFO : Skipped 3 duplicate messages..
2022-12-30 13:14:42.687 T:3665 DEBUG : CAMLCodec::PollFrame elapsed:38.287ms
2022-12-30 13:14:42.688 T:3665 DEBUG : PrepareNextRender: frameOnScreen: 13.646 renderPts: 13.813 nextFramePts: 13.805 -> diff: 0.008 render: 1 forceNext: 0
2022-12-30 13:14:42.689 T:3665 DEBUG : CAMLCodec::ReleaseFrame idx:332, drop:0
2022-12-30 13:14:42.691 T:3907 DEBUG : CAMLCodec::GetTimeSize: len:24 dl:1532017 fs:1532017 front:130276
2022-12-30 13:14:42.691 T:3907 DEBUG : CAMLCodec::DequeueBuffer: pts:14.056 idx:338
2022-12-30 13:14:42.691 T:3907 DEBUG : CAMLCodec::GetPicture: index: 338, pts: 14.056, dur:42ms ar:2.00
2022-12-30 13:14:42.691 T:3907 DEBUG : CVideoPlayerVideo::OutputPicture - ttd:406ms pts:14.056 Clock:13.649 Level:5
2022-12-30 13:14:42.692 T:3907 DEBUG : CAMLCodec::GetTimeSize: len:24 dl:1532017 fs:1532017 front:130276
2022-12-30 13:14:42.698 T:3907 DEBUG : CAMLCodec::GetTimeSize: len:24 dl:1401741 fs:1532017 front:130276
2022-12-30 13:14:42.698 T:3907 DEBUG : CAMLCodec::GetTimeSize: len:23 dl:1401741 fs:1401741 front:136344
2022-12-30 13:14:42.704 T:3907 DEBUG : CAMLCodec::AddData: dl:1429259 sum:1429259 sz:27518 dts:15.098 pts:15.098
2022-12-30 13:14:42.704 T:3907 DEBUG : CAMLCodec::GetTimeSize: len:24 dl:1429259 fs:1429259 front:136344
2022-12-30 13:14:42.704 T:3908 DEBUG : CVideoPlayerAudio::OutputPacket: pts:14.432 curr_pts:13.662 clock:13.663 level:99
2022-12-30 13:14:42.710 T:3907 DEBUG : CAMLCodec::GetTimeSize: len:24 dl:1429259 fs:1429259 front:136344
2022-12-30 13:14:42.713 T:3904 DEBUG : CVideoPlayer::ProcessAudioData size:2560 dts:22.400 pts:22.400 dur:32.000ms, clock:13.671 drop:0 level:99
2022-12-30 13:14:42.716 T:3907 DEBUG : CAMLCodec::GetTimeSize: len:24 dl:1429259 fs:1429259 front:136344
2022-12-30 13:14:42.728 T:3665 INFO : Skipped 1 duplicate messages..
2022-12-30 13:14:42.728 T:3665 DEBUG : CAMLCodec::PollFrame elapsed:38.898ms
2022-12-30 13:14:42.729 T:3907 DEBUG : CAMLCodec::GetTimeSize: len:24 dl:1429259 fs:1429259 front:136344
2022-12-30 13:14:42.729 T:3907 DEBUG : CAMLCodec::DequeueBuffer: pts:14.097 idx:339
2022-12-30 13:14:42.729 T:3907 DEBUG : CAMLCodec::GetPicture: index: 339, pts: 14.097, dur:41ms ar:2.00
2022-12-30 13:14:42.729 T:3907 DEBUG : CVideoPlayerVideo::OutputPicture - ttd:409ms pts:14.097 Clock:13.687 Level:6
2022-12-30 13:14:42.730 T:3907 DEBUG : CAMLCodec::GetTimeSize: len:24 dl:1429259 fs:1429259 front:136344
2022-12-30 13:14:42.730 T:3665 DEBUG : PrepareNextRender: frameOnScreen: 13.688 renderPts: 13.855 nextFramePts: 13.847 -> diff: 0.008 render: 1 forceNext: 0
2022-12-30 13:14:42.731 T:3665 DEBUG : CAMLCodec::ReleaseFrame idx:333, drop:0
2022-12-30 13:14:42.736 T:3907 DEBUG : CAMLCodec::GetTimeSize: len:24 dl:1429259 fs:1429259 front:136344
2022-12-30 13:14:42.743 T:3907 DEBUG : CAMLCodec::GetTimeSize: len:24 dl:1292915 fs:1429259 front:136344
2022-12-30 13:14:42.743 T:3907 DEBUG : CAMLCodec::GetTimeSize: len:23 dl:1292915 fs:1292915 front:92716
2022-12-30 13:14:42.748 T:3907 DEBUG : CAMLCodec::AddData: dl:1337579 sum:1337579 sz:44664 dts:15.140 pts:15.182
2022-12-30 13:14:42.748 T:3907 DEBUG : CAMLCodec::GetTimeSize: len:24 dl:1337579 fs:1337579 front:92716
2022-12-30 13:14:42.754 T:3908 INFO : Skipped 1 duplicate messages..
2022-12-30 13:14:42.754 T:3908 DEBUG : CVideoPlayerAudio::OutputPacket: pts:14.464 curr_pts:13.712 clock:13.712 level:99
2022-12-30 13:14:42.755 T:3908 DEBUG : CVideoPlayerAudio::OutputPacket: pts:14.496 curr_pts:13.712 clock:13.713 level:99
2022-12-30 13:14:42.760 T:3907 DEBUG : CAMLCodec::GetTimeSize: len:24 dl:1337579 fs:1337579 front:92716
2022-12-30 13:14:42.764 T:3904 DEBUG : CVideoPlayer::ProcessAudioData size:2560 dts:22.432 pts:22.432 dur:32.000ms, clock:13.722 drop:0 level:99
2022-12-30 13:14:42.764 T:3904 DEBUG : CVideoPlayer::ProcessAudioData size:2560 dts:22.464 pts:22.464 dur:32.000ms, clock:13.722 drop:0 level:99
2022-12-30 13:14:42.767 T:3907 DEBUG : CAMLCodec::GetTimeSize: len:24 dl:1337579 fs:1337579 front:92716
2022-12-30 13:14:42.770 T:3665 DEBUG : CAMLCodec::PollFrame elapsed:38.909ms
2022-12-30 13:14:42.772 T:3665 DEBUG : PrepareNextRender: frameOnScreen: 13.730 renderPts: 13.897 nextFramePts: 13.889 -> diff: 0.008 render: 1 forceNext: 0
2022-12-30 13:14:42.773 T:3907 DEBUG : CAMLCodec::GetTimeSize: len:24 dl:1337579 fs:1337579 front:92716
2022-12-30 13:14:42.773 T:3907 DEBUG : CAMLCodec::DequeueBuffer: pts:14.139 idx:340
2022-12-30 13:14:42.773 T:3907 DEBUG : CAMLCodec::GetPicture: index: 340, pts: 14.139, dur:42ms ar:2.00
2022-12-30 13:14:42.773 T:3907 DEBUG : CVideoPlayerVideo::OutputPicture - ttd:407ms pts:14.139 Clock:13.731 Level:5
2022-12-30 13:14:42.773 T:3665 DEBUG : CAMLCodec::ReleaseFrame idx:334, drop:0
2022-12-30 13:14:42.774 T:3907 DEBUG : CAMLCodec::GetTimeSize: len:24 dl:1337579 fs:1337579 front:92716
2022-12-30 13:14:42.781 T:3907 DEBUG : CAMLCodec::GetTimeSize: len:24 dl:1244863 fs:1337579 front:92716
2022-12-30 13:14:42.781 T:3907 DEBUG : CAMLCodec::GetTimeSize: len:23 dl:1244863 fs:1244863 front:44820
2022-12-30 13:14:42.786 T:3907 DEBUG : CAMLCodec::AddData: dl:1272137 sum:1272137 sz:27274 dts:15.182 pts:15.224
2022-12-30 13:14:42.786 T:3907 DEBUG : CAMLCodec::GetTimeSize: len:24 dl:1272137 fs:1272137 front:44820
2022-12-30 13:14:42.804 T:3904 INFO : Skipped 2 duplicate messages..
2022-12-30 13:14:42.804 T:3904 DEBUG : CVideoPlayer::ProcessAudioData size:2560 dts:22.496 pts:22.496 dur:32.000ms, clock:13.762 drop:0 level:99
2022-12-30 13:14:42.805 T:3908 DEBUG : CVideoPlayerAudio::OutputPacket: pts:14.528 curr_pts:13.762 clock:13.763 level:100
2022-12-30 13:14:42.805 T:3907 DEBUG : CAMLCodec::GetTimeSize: len:24 dl:1272137 fs:1272137 front:44820
2022-12-30 13:14:42.812 T:3665 INFO : Skipped 1 duplicate messages..
2022-12-30 13:14:42.812 T:3665 DEBUG : CAMLCodec::PollFrame elapsed:38.116ms
2022-12-30 13:14:42.814 T:3665 DEBUG : PrepareNextRender: frameOnScreen: 13.772 renderPts: 13.939 nextFramePts: 13.931 -> diff: 0.008 render: 1 forceNext: 0
2022-12-30 13:14:42.815 T:3665 DEBUG : CAMLCodec::ReleaseFrame idx:335, drop:0
2022-12-30 13:14:42.817 T:3907 DEBUG : CAMLCodec::GetTimeSize: len:24 dl:1272137 fs:1272137 front:44820
2022-12-30 13:14:42.817 T:3907 DEBUG : CAMLCodec::DequeueBuffer: pts:14.181 idx:341
2022-12-30 13:14:42.817 T:3907 DEBUG : CAMLCodec::GetPicture: index: 341, pts: 14.181, dur:42ms ar:2.00
2022-12-30 13:14:42.817 T:3907 DEBUG : CVideoPlayerVideo::OutputPicture - ttd:405ms pts:14.181 Clock:13.775 Level:5
2022-12-30 13:14:42.818 T:3907 DEBUG : CAMLCodec::GetTimeSize: len:24 dl:1272137 fs:1272137 front:44820
2022-12-30 13:14:42.825 T:3907 DEBUG : CAMLCodec::GetTimeSize: len:24 dl:1227317 fs:1272137 front:44820
2022-12-30 13:14:42.825 T:3907 DEBUG : CAMLCodec::GetTimeSize: len:23 dl:1227317 fs:1227317 front:39699
2022-12-30 13:14:42.832 T:3907 DEBUG : CAMLCodec::AddData: dl:1384018 sum:1384018 sz:156701 dts:15.224 pts:15.515
2022-12-30 13:14:42.832 T:3907 DEBUG : CAMLCodec::GetTimeSize: len:24 dl:1384018 fs:1384018 front:39699
2022-12-30 13:14:42.853 T:3665 INFO : Skipped 3 duplicate messages..
2022-12-30 13:14:42.853 T:3665 DEBUG : CAMLCodec::PollFrame elapsed:38.450ms
2022-12-30 13:14:42.854 T:3908 DEBUG : CVideoPlayerAudio::OutputPacket: pts:14.560 curr_pts:13.812 clock:13.812 level:99
2022-12-30 13:14:42.855 T:3908 DEBUG : CVideoPlayerAudio::OutputPacket: pts:14.592 curr_pts:13.812 clock:13.813 level:99
2022-12-30 13:14:42.855 T:3904 DEBUG : CVideoPlayer::ProcessAudioData size:2560 dts:22.528 pts:22.528 dur:32.000ms, clock:13.813 drop:0 level:99
2022-12-30 13:14:42.855 T:3904 DEBUG : CVideoPlayer::ProcessAudioData size:2560 dts:22.560 pts:22.560 dur:32.000ms, clock:13.813 drop:0 level:99
2022-12-30 13:14:42.855 T:3665 DEBUG : PrepareNextRender: frameOnScreen: 13.813 renderPts: 13.980 nextFramePts: 13.972 -> diff: 0.008 render: 1 forceNext: 0
2022-12-30 13:14:42.856 T:3665 DEBUG : CAMLCodec::ReleaseFrame idx:336, drop:0
2022-12-30 13:14:42.857 T:3907 DEBUG : CAMLCodec::GetTimeSize: len:24 dl:1384018 fs:1384018 front:39699
2022-12-30 13:14:42.857 T:3907 DEBUG : CAMLCodec::DequeueBuffer: pts:14.223 idx:342
2022-12-30 13:14:42.857 T:3907 DEBUG : CAMLCodec::GetPicture: index: 342, pts: 14.223, dur:42ms ar:2.00
2022-12-30 13:14:42.857 T:3907 DEBUG : CVideoPlayerVideo::OutputPicture - ttd:407ms pts:14.223 Clock:13.815 Level:5
2022-12-30 13:14:42.858 T:3907 DEBUG : CAMLCodec::GetTimeSize: len:24 dl:1384018 fs:1384018 front:39699
2022-12-30 13:14:42.864 T:3907 DEBUG : CAMLCodec::GetTimeSize: len:24 dl:1344319 fs:1384018 front:39699
2022-12-30 13:14:42.865 T:3907 DEBUG : CAMLCodec::GetTimeSize: len:23 dl:1344319 fs:1344319 front:36605
2022-12-30 13:14:42.872 T:3907 DEBUG : CAMLCodec::AddData: dl:1446401 sum:1446401 sz:102082 dts:15.265 pts:15.390
2022-12-30 13:14:42.872 T:3907 DEBUG : CAMLCodec::GetTimeSize: len:24 dl:1446401 fs:1446401 front:36605
2022-12-30 13:14:42.895 T:3665 INFO : Skipped 3 duplicate messages..
2022-12-30 13:14:42.895 T:3665 DEBUG : CAMLCodec::PollFrame elapsed:38.835ms
2022-12-30 13:14:42.897 T:3907 DEBUG : CAMLCodec::GetTimeSize: len:24 dl:1446401 fs:1446401 front:36605
2022-12-30 13:14:42.897 T:3907 DEBUG : CAMLCodec::DequeueBuffer: pts:14.264 idx:343
2022-12-30 13:14:42.897 T:3907 DEBUG : CAMLCodec::GetPicture: index: 343, pts: 14.264, dur:41ms ar:2.00
2022-12-30 13:14:42.897 T:3665 DEBUG : PrepareNextRender: frameOnScreen: 13.855 renderPts: 14.022 nextFramePts: 14.014 -> diff: 0.008 render: 1 forceNext: 0
2022-12-30 13:14:42.897 T:3907 DEBUG : CVideoPlayerVideo::OutputPicture - ttd:409ms pts:14.264 Clock:13.855 Level:5
2022-12-30 13:14:42.898 T:3665 DEBUG : CAMLCodec::ReleaseFrame idx:337, drop:0
2022-12-30 13:14:42.898 T:3907 DEBUG : CAMLCodec::GetTimeSize: len:24 dl:1446401 fs:1446401 front:36605
2022-12-30 13:14:42.905 T:3908 INFO : Skipped 1 duplicate messages..
2022-12-30 13:14:42.905 T:3908 DEBUG : CVideoPlayerAudio::OutputPacket: pts:14.624 curr_pts:13.862 clock:13.863 level:99
2022-12-30 13:14:42.905 T:3904 DEBUG : CVideoPlayer::ProcessAudioData size:2560 dts:22.592 pts:22.592 dur:32.000ms, clock:13.864 drop:0 level:99
2022-12-30 13:14:42.906 T:3954 WARNING : CPythonInvoker(35, /storage/.kodi/addons/metadata.tvshows.themoviedb.org.python/main.py): the python script "/storage/.kodi/addons/metadata.tvshows.themoviedb.org.python/main.py" has left several classes in memory that we couldn't clean up. The classes include: N9XBMCAddon9xbmcaddon5AddonE
2022-12-30 13:14:42.906 T:3954 INFO : Python interpreter stopped
2022-12-30 13:14:42.906 T:3954 DEBUG : Thread LanguageInvoker 3681604224 terminating
2022-12-30 13:14:42.914 T:3907 DEBUG : CAMLCodec::GetTimeSize: len:24 dl:1409796 fs:1446401 front:36605
2022-12-30 13:14:42.914 T:3907 DEBUG : CAMLCodec::GetTimeSize: len:23 dl:1409796 fs:1409796 front:36579
2022-12-30 13:14:42.921 T:3907 DEBUG : CAMLCodec::AddData: dl:1490396 sum:1490396 sz:80600 dts:15.307 pts:15.307
2022-12-30 13:14:42.921 T:3907 DEBUG : CAMLCodec::GetTimeSize: len:24 dl:1490396 fs:1490396 front:36579
2022-12-30 13:14:42.937 T:3665 INFO : Skipped 2 duplicate messages..
2022-12-30 13:14:42.937 T:3665 DEBUG : CAMLCodec::PollFrame elapsed:39.061ms
2022-12-30 13:14:42.940 T:3907 DEBUG : CAMLCodec::GetTimeSize: len:24 dl:1490396 fs:1490396 front:36579
2022-12-30 13:14:42.941 T:3907 DEBUG : CAMLCodec::DequeueBuffer: pts:14.306 idx:344
2022-12-30 13:14:42.941 T:3907 DEBUG : CAMLCodec::GetPicture: index: 344, pts: 14.306, dur:42ms ar:2.00
2022-12-30 13:14:42.941 T:3907 DEBUG : CVideoPlayerVideo::OutputPicture - ttd:407ms pts:14.306 Clock:13.899 Level:6
2022-12-30 13:14:42.942 T:3907 DEBUG : CAMLCodec::GetTimeSize: len:24 dl:1490396 fs:1490396 front:36579
2022-12-30 13:14:42.944 T:3955 DEBUG : -->Python Interpreter Initialized<--
2022-12-30 13:14:42.944 T:3955 DEBUG :
2022-12-30 13:14:42.944 T:3955 DEBUG : CPythonInvoker(36, /storage/.kodi/addons/metadata.tvshows.themoviedb.org.python/main.py): the source file to load is "/storage/.kodi/addons/metadata.tvshows.themoviedb.org.python/main.py"
2022-12-30 13:14:42.944 T:3955 DEBUG : CPythonInvoker(36, /storage/.kodi/addons/metadata.tvshows.themoviedb.org.python/main.py): setting the Python path to /storage/.kodi/addons/metadata.tvshows.themoviedb.org.python:/usr/lib/python38.zip:/usr/lib/python3.8:/usr/lib/python3.8/lib-dynload:/usr/lib/python3.8/site-packages
2022-12-30 13:14:42.945 T:3955 DEBUG : CPythonInvoker(36, /storage/.kodi/addons/metadata.tvshows.themoviedb.org.python/main.py): entering source directory /storage/.kodi/addons/metadata.tvshows.themoviedb.org.python
2022-12-30 13:14:42.945 T:3955 DEBUG : CPythonInvoker(36, /storage/.kodi/addons/metadata.tvshows.themoviedb.org.python/main.py): instantiating addon using automatically obtained id of "metadata.tvshows.themoviedb.org.python" dependent on version 3.0.0 of the xbmc.python api
2022-12-30 13:14:42.948 T:3907 DEBUG : CAMLCodec::GetTimeSize: len:24 dl:1453817 fs:1490396 front:36579
2022-12-30 13:14:42.948 T:3907 DEBUG : CAMLCodec::GetTimeSize: len:23 dl:1453817 fs:1453817 front:123858
2022-12-30 13:14:42.950 T:3665 DEBUG : PrepareNextRender: frameOnScreen: 13.908 renderPts: 14.074 nextFramePts: 14.056 -> diff: 0.018 render: 1 forceNext: 0
2022-12-30 13:14:42.951 T:3665 DEBUG : CAMLCodec::ReleaseFrame idx:338, drop:0
2022-12-30 13:14:42.954 T:3908 DEBUG : CVideoPlayerAudio::OutputPacket: pts:14.656 curr_pts:13.912 clock:13.912 level:99
2022-12-30 13:14:42.955 T:3908 DEBUG : CVideoPlayerAudio::OutputPacket: pts:14.688 curr_pts:13.912 clock:13.913 level:99
2022-12-30 13:14:42.955 T:3907 DEBUG : CAMLCodec::AddData: dl:1524517 sum:1524517 sz:70700 dts:15.349 pts:15.349
2022-12-30 13:14:42.955 T:3907 DEBUG : CAMLCodec::GetTimeSize: len:24 dl:1524517 fs:1524517 front:123858
2022-12-30 13:14:42.957 T:3904 DEBUG : CVideoPlayer::ProcessVideoData size:159822 dts:22.356 pts:22.481 dur:41.000ms, clock:13.915 level:87
2022-12-30 13:14:42.957 T:3904 DEBUG : CVideoPlayer::ProcessVideoData size:107799 dts:22.397 pts:22.439 dur:41.000ms, clock:13.915 level:88
2022-12-30 13:14:42.958 T:3904 DEBUG : CVideoPlayer::ProcessAudioData size:2560 dts:22.624 pts:22.624 dur:32.000ms, clock:13.916 drop:0 level:99
2022-12-30 13:14:42.958 T:3904 DEBUG : CVideoPlayer::ProcessAudioData size:2560 dts:22.656 pts:22.656 dur:32.000ms, clock:13.916 drop:0 level:99
2022-12-30 13:14:42.962 T:3907 DEBUG : CAMLCodec::GetTimeSize: len:24 dl:1524517 fs:1524517 front:123858
2022-12-30 13:14:42.979 T:3665 INFO : Skipped 2 duplicate messages..
2022-12-30 13:14:42.979 T:3665 DEBUG : CAMLCodec::PollFrame elapsed:27.721ms
2022-12-30 13:14:42.980 T:3665 DEBUG : PrepareNextRender: frameOnScreen: 13.938 renderPts: 14.105 nextFramePts: 14.097 -> diff: 0.008 render: 1 forceNext: 0
2022-12-30 13:14:42.980 T:3907 DEBUG : CAMLCodec::GetTimeSize: len:24 dl:1524517 fs:1524517 front:123858
2022-12-30 13:14:42.981 T:3665 DEBUG : CAMLCodec::ReleaseFrame idx:339, drop:0
2022-12-30 13:14:42.987 T:3907 DEBUG : CAMLCodec::GetTimeSize: len:24 dl:1524517 fs:1524517 front:123858
2022-12-30 13:14:42.987 T:3907 DEBUG : CAMLCodec::DequeueBuffer: pts:14.348 idx:345
2022-12-30 13:14:42.987 T:3907 DEBUG : CAMLCodec::GetPicture: index: 345, pts: 14.348, dur:42ms ar:2.00
2022-12-30 13:14:42.987 T:3907 DEBUG : CVideoPlayerVideo::OutputPicture - ttd:403ms pts:14.348 Clock:13.945 Level:5
2022-12-30 13:14:42.988 T:3907 DEBUG : CAMLCodec::GetTimeSize: len:24 dl:1524517 fs:1524517 front:123858
2022-12-30 13:14:42.994 T:3907 DEBUG : CAMLCodec::GetTimeSize: len:24 dl:1400659 fs:1524517 front:123858
2022-12-30 13:14:42.994 T:3907 DEBUG : CAMLCodec::GetTimeSize: len:23 dl:1400659 fs:1400659 front:89967
2022-12-30 13:14:42.996 T:3955 DEBUG : [metadata.tvshows.themoviedb.org.python (1.4.17)]: the cache dir is /storage/.kodi/temp/scrapers/metadata.tvshows.themoviedb.org.python
2022-12-30 13:14:43.001 T:3907 DEBUG : CAMLCodec::AddData: dl:1473853 sum:1473853 sz:73194 dts:15.390 pts:15.432
2022-12-30 13:14:43.002 T:3907 DEBUG : CAMLCodec::GetTimeSize: len:24 dl:1473853 fs:1473853 front:89967
2022-12-30 13:14:43.004 T:3908 DEBUG : CVideoPlayerAudio::OutputPacket: pts:14.720 curr_pts:13.962 clock:13.963 level:99
2022-12-30 13:14:43.008 T:3907 DEBUG : CAMLCodec::GetTimeSize: len:24 dl:1473853 fs:1473853 front:89967
2022-12-30 13:14:43.008 T:3904 DEBUG : CVideoPlayer::ProcessAudioData size:2560 dts:22.688 pts:22.688 dur:32.000ms, clock:13.966 drop:0 level:99
2022-12-30 13:14:43.014 T:3907 DEBUG : CAMLCodec::GetTimeSize: len:24 dl:1473853 fs:1473853 front:89967
2022-12-30 13:14:43.020 T:3665 INFO : Skipped 1 duplicate messages..
2022-12-30 13:14:43.020 T:3665 DEBUG : CAMLCodec::PollFrame elapsed:39.133ms
2022-12-30 13:14:43.022 T:3665 DEBUG : PrepareNextRender: frameOnScreen: 13.980 renderPts: 14.147 nextFramePts: 14.139 -> diff: 0.008 render: 1 forceNext: 0
2022-12-30 13:14:43.023 T:3665 DEBUG : CAMLCodec::ReleaseFrame idx:340, drop:0
2022-12-30 13:14:43.026 T:3907 DEBUG : CAMLCodec::GetTimeSize: len:24 dl:1473853 fs:1473853 front:89967
2022-12-30 13:14:43.027 T:3907 DEBUG : CAMLCodec::DequeueBuffer: pts:14.389 idx:346
2022-12-30 13:14:43.027 T:3907 DEBUG : CAMLCodec::GetPicture: index: 346, pts: 14.389, dur:41ms ar:2.00
2022-12-30 13:14:43.027 T:3907 DEBUG : CVideoPlayerVideo::OutputPicture - ttd:404ms pts:14.389 Clock:13.985 Level:5
