2022-12-30 13:14:34.367 T:3907 DEBUG : CVideoPlayerVideo::OutputPicture - ttd:388ms pts:5.714 Clock:5.325 Level:5
2022-12-30 13:14:34.368 T:3907 DEBUG : CAMLCodec::GetTimeSize: len:23 dl:1556191 fs:1556191 front:591
2022-12-30 13:14:34.376 T:3907 DEBUG : CAMLCodec::AddData: dl:1768811 sum:1769402 sz:213211 dts:6.715 pts:6.798
2022-12-30 13:14:34.376 T:3907 DEBUG : CAMLCodec::GetTimeSize: len:24 dl:1768811 fs:1769402 front:591
2022-12-30 13:14:34.376 T:3907 DEBUG : CAMLCodec::GetTimeSize: len:23 dl:1768811 fs:1768811 front:593
2022-12-30 13:14:34.383 T:3907 DEBUG : CAMLCodec::AddData: dl:1941141 sum:1941141 sz:172330 dts:6.757 pts:6.757
2022-12-30 13:14:34.383 T:3907 DEBUG : CAMLCodec::GetTimeSize: len:24 dl:1941141 fs:1941141 front:593
2022-12-30 13:14:34.387 T:3665 DEBUG : CAMLCodec::PollFrame elapsed:38.961ms
2022-12-30 13:14:34.389 T:3665 DEBUG : PrepareNextRender: frameOnScreen: 5.347 renderPts: 5.514 nextFramePts: 5.505 -> diff: 0.009 render: 1 forceNext: 0
2022-12-30 13:14:34.389 T:3665 DEBUG : CAMLCodec::ReleaseFrame idx:133, drop:0
2022-12-30 13:14:34.390 T:3907 DEBUG : CAMLCodec::GetTimeSize: len:24 dl:1941141 fs:1941141 front:593
2022-12-30 13:14:34.390 T:3907 DEBUG : CAMLCodec::DequeueBuffer: pts:5.756 idx:139
2022-12-30 13:14:34.390 T:3907 DEBUG : CAMLCodec::GetPicture: index: 139, pts: 5.756, dur:42ms ar:2.00
2022-12-30 13:14:34.390 T:3907 DEBUG : CVideoPlayerVideo::OutputPicture - ttd:408ms pts:5.756 Clock:5.348 Level:5
2022-12-30 13:14:34.391 T:3907 DEBUG : CAMLCodec::GetTimeSize: len:24 dl:1941141 fs:1941141 front:593
2022-12-30 13:14:34.397 T:3907 DEBUG : CAMLCodec::GetTimeSize: len:24 dl:1940548 fs:1941141 front:593
2022-12-30 13:14:34.397 T:3907 DEBUG : CAMLCodec::GetTimeSize: len:23 dl:1940548 fs:1940548 front:578
2022-12-30 13:14:34.405 T:3908 DEBUG : CVideoPlayerAudio::OutputPacket: pts:6.112 curr_pts:5.362 clock:5.363 level:99
2022-12-30 13:14:34.405 T:3908 DEBUG : CVideoPlayerAudio::OutputPacket: pts:6.144 curr_pts:5.363 clock:5.363 level:99
2022-12-30 13:14:34.405 T:3907 DEBUG : CAMLCodec::AddData: dl:2088814 sum:2088814 sz:148266 dts:6.798 pts:6.840
2022-12-30 13:14:34.405 T:3907 DEBUG : CAMLCodec::GetTimeSize: len:24 dl:2088814 fs:2088814 front:578
2022-12-30 13:14:34.413 T:3904 INFO : Skipped 1 duplicate messages..
2022-12-30 13:14:34.413 T:3904 DEBUG : CVideoPlayer::ProcessAudioData size:2560 dts:14.080 pts:14.080 dur:32.000ms, clock:5.371 drop:0 level:99
2022-12-30 13:14:34.413 T:3904 DEBUG : CVideoPlayer::ProcessAudioData size:2560 dts:14.112 pts:14.112 dur:32.000ms, clock:5.371 drop:0 level:99
2022-12-30 13:14:34.418 T:3907 DEBUG : CAMLCodec::GetTimeSize: len:24 dl:2088814 fs:2088814 front:578
2022-12-30 13:14:34.428 T:3665 INFO : Skipped 1 duplicate messages..
2022-12-30 13:14:34.428 T:3665 DEBUG : CAMLCodec::PollFrame elapsed:38.709ms
2022-12-30 13:14:34.430 T:3907 DEBUG : CAMLCodec::GetTimeSize: len:24 dl:2088814 fs:2088814 front:578
2022-12-30 13:14:34.430 T:3907 DEBUG : CAMLCodec::DequeueBuffer: pts:5.797 idx:140
2022-12-30 13:14:34.430 T:3907 DEBUG : CAMLCodec::GetPicture: index: 140, pts: 5.797, dur:41ms ar:2.00
2022-12-30 13:14:34.430 T:3665 DEBUG : PrepareNextRender: frameOnScreen: 5.388 renderPts: 5.555 nextFramePts: 5.547 -> diff: 0.008 render: 1 forceNext: 0
2022-12-30 13:14:34.430 T:3907 DEBUG : CVideoPlayerVideo::OutputPicture - ttd:408ms pts:5.797 Clock:5.388 Level:5
2022-12-30 13:14:34.431 T:3665 DEBUG : CAMLCodec::ReleaseFrame idx:134, drop:0
2022-12-30 13:14:34.431 T:3907 DEBUG : CAMLCodec::GetTimeSize: len:24 dl:2088814 fs:2088814 front:578
2022-12-30 13:14:34.438 T:3907 DEBUG : CAMLCodec::GetTimeSize: len:24 dl:2088236 fs:2088814 front:578
2022-12-30 13:14:34.438 T:3907 DEBUG : CAMLCodec::GetTimeSize: len:23 dl:2088236 fs:2088236 front:578
2022-12-30 13:14:34.445 T:3907 DEBUG : CAMLCodec::AddData: dl:2283951 sum:2283951 sz:195715 dts:6.840 pts:7.132
2022-12-30 13:14:34.445 T:3907 DEBUG : CAMLCodec::GetTimeSize: len:24 dl:2283951 fs:2283951 front:578
2022-12-30 13:14:34.454 T:3908 INFO : Skipped 1 duplicate messages..
2022-12-30 13:14:34.454 T:3908 DEBUG : CVideoPlayerAudio::OutputPacket: pts:6.176 curr_pts:5.412 clock:5.412 level:99
2022-12-30 13:14:34.458 T:3907 DEBUG : CAMLCodec::GetTimeSize: len:24 dl:2283951 fs:2283951 front:578
2022-12-30 13:14:34.464 T:3904 DEBUG : CVideoPlayer::ProcessAudioData size:2560 dts:14.144 pts:14.144 dur:32.000ms, clock:5.422 drop:0 level:99
2022-12-30 13:14:34.464 T:3907 DEBUG : CAMLCodec::GetTimeSize: len:24 dl:2283951 fs:2283951 front:578
2022-12-30 13:14:34.470 T:3665 DEBUG : CAMLCodec::PollFrame elapsed:38.867ms
2022-12-30 13:14:34.470 T:3907 DEBUG : CAMLCodec::GetTimeSize: len:24 dl:2283951 fs:2283951 front:578
2022-12-30 13:14:34.472 T:3665 DEBUG : PrepareNextRender: frameOnScreen: 5.430 renderPts: 5.597 nextFramePts: 5.589 -> diff: 0.008 render: 1 forceNext: 0
2022-12-30 13:14:34.472 T:3665 DEBUG : CAMLCodec::ReleaseFrame idx:135, drop:0
2022-12-30 13:14:34.476 T:3907 DEBUG : CAMLCodec::GetTimeSize: len:24 dl:2283951 fs:2283951 front:578
2022-12-30 13:14:34.504 T:3904 INFO : Skipped 4 duplicate messages..
2022-12-30 13:14:34.504 T:3904 DEBUG : CVideoPlayer::ProcessAudioData size:2560 dts:14.176 pts:14.176 dur:32.000ms, clock:5.462 drop:0 level:99
2022-12-30 13:14:34.504 T:3908 DEBUG : CVideoPlayerAudio::OutputPacket: pts:6.208 curr_pts:5.462 clock:5.462 level:99
2022-12-30 13:14:34.505 T:3908 DEBUG : CVideoPlayerAudio::OutputPacket: pts:6.240 curr_pts:5.463 clock:5.463 level:99
2022-12-30 13:14:34.507 T:3907 DEBUG : CAMLCodec::GetTimeSize: len:24 dl:2283951 fs:2283951 front:578
2022-12-30 13:14:34.512 T:3665 DEBUG : CAMLCodec::PollFrame elapsed:39.121ms
2022-12-30 13:14:34.513 T:3665 DEBUG : PrepareNextRender: frameOnScreen: 5.471 renderPts: 5.638 nextFramePts: 5.631 -> diff: 0.007 render: 1 forceNext: 0
2022-12-30 13:14:34.514 T:3907 DEBUG : CAMLCodec::GetTimeSize: len:24 dl:2283951 fs:2283951 front:578
2022-12-30 13:14:34.514 T:3907 DEBUG : CAMLCodec::DequeueBuffer: pts:5.839 idx:141
2022-12-30 13:14:34.514 T:3907 DEBUG : CAMLCodec::GetPicture: index: 141, pts: 5.839, dur:42ms ar:2.00
2022-12-30 13:14:34.514 T:3907 DEBUG : CVideoPlayerVideo::OutputPicture - ttd:367ms pts:5.839 Clock:5.472 Level:4
2022-12-30 13:14:34.514 T:3665 DEBUG : CAMLCodec::ReleaseFrame idx:136, drop:0
2022-12-30 13:14:34.515 T:3904 DEBUG : CVideoPlayer::ProcessAudioData size:2560 dts:14.208 pts:14.208 dur:32.000ms, clock:5.473 drop:0 level:99
2022-12-30 13:14:34.515 T:3907 DEBUG : CAMLCodec::GetTimeSize: len:24 dl:2283951 fs:2283951 front:578
2022-12-30 13:14:34.527 T:3907 INFO : Skipped 1 duplicate messages..
2022-12-30 13:14:34.527 T:3907 DEBUG : CAMLCodec::GetTimeSize: len:24 dl:2283373 fs:2283951 front:578
2022-12-30 13:14:34.527 T:3907 DEBUG : CAMLCodec::GetTimeSize: len:23 dl:2283373 fs:2283373 front:2137
2022-12-30 13:14:34.532 T:3934 WARNING : CPythonInvoker(25, /storage/.kodi/addons/metadata.tvshows.themoviedb.org.python/main.py): the python script "/storage/.kodi/addons/metadata.tvshows.themoviedb.org.python/main.py" has left several classes in memory that we couldn't clean up. The classes include: N9XBMCAddon9xbmcaddon5AddonE
2022-12-30 13:14:34.532 T:3934 INFO : Python interpreter stopped
2022-12-30 13:14:34.532 T:3934 DEBUG : Thread LanguageInvoker 3681604224 terminating
2022-12-30 13:14:34.543 T:3907 DEBUG : CAMLCodec::AddData: dl:2346722 sum:2346722 sz:63349 dts:6.882 pts:7.007
2022-12-30 13:14:34.543 T:3907 DEBUG : CAMLCodec::GetTimeSize: len:24 dl:2346722 fs:2346722 front:2137
2022-12-30 13:14:34.555 T:3908 INFO : Skipped 1 duplicate messages..
2022-12-30 13:14:34.555 T:3908 DEBUG : CVideoPlayerAudio::OutputPacket: pts:6.272 curr_pts:5.512 clock:5.513 level:99
2022-12-30 13:14:34.556 T:3907 DEBUG : CAMLCodec::GetTimeSize: len:24 dl:2346722 fs:2346722 front:2137
2022-12-30 13:14:34.556 T:3907 DEBUG : CAMLCodec::DequeueBuffer: pts:5.881 idx:142
2022-12-30 13:14:34.557 T:3907 DEBUG : CAMLCodec::GetPicture: index: 142, pts: 5.881, dur:42ms ar:2.00
2022-12-30 13:14:34.557 T:3907 DEBUG : CVideoPlayerVideo::OutputPicture - ttd:366ms pts:5.881 Clock:5.515 Level:5
2022-12-30 13:14:34.557 T:3904 DEBUG : CVideoPlayer::ProcessVideoData size:108951 dts:13.972 pts:14.139 dur:41.000ms, clock:5.515 level:88
2022-12-30 13:14:34.558 T:3904 DEBUG : CVideoPlayer::ProcessVideoData size:39300 dts:14.014 pts:14.097 dur:41.000ms, clock:5.516 level:89
2022-12-30 13:14:34.558 T:3904 DEBUG : CVideoPlayer::ProcessVideoData size:43102 dts:14.056 pts:14.056 dur:41.000ms, clock:5.516 level:89
2022-12-30 13:14:34.559 T:3904 DEBUG : CVideoPlayer::ProcessVideoData size:130278 dts:14.097 pts:14.181 dur:41.000ms, clock:5.517 level:90
2022-12-30 13:14:34.560 T:3904 DEBUG : CVideoPlayer::ProcessAudioData size:2560 dts:14.240 pts:14.240 dur:32.000ms, clock:5.518 drop:0 level:99
2022-12-30 13:14:34.561 T:3665 DEBUG : CAMLCodec::PollFrame elapsed:39.865ms
2022-12-30 13:14:34.561 T:3907 DEBUG : CAMLCodec::GetTimeSize: len:24 dl:2346722 fs:2346722 front:2137
2022-12-30 13:14:34.562 T:3907 DEBUG : CAMLCodec::DequeueBuffer: pts:5.923 idx:143
2022-12-30 13:14:34.562 T:3907 DEBUG : CAMLCodec::GetPicture: index: 143, pts: 5.923, dur:42ms ar:2.00
2022-12-30 13:14:34.562 T:3907 DEBUG : CVideoPlayerVideo::OutputPicture - ttd:403ms pts:5.923 Clock:5.520 Level:6
2022-12-30 13:14:34.563 T:3907 DEBUG : CAMLCodec::GetTimeSize: len:24 dl:2346722 fs:2346722 front:2137
2022-12-30 13:14:34.563 T:3907 DEBUG : CAMLCodec::DequeueBuffer: pts:5.964 idx:144
2022-12-30 13:14:34.563 T:3907 DEBUG : CAMLCodec::GetPicture: index: 144, pts: 5.964, dur:41ms ar:2.00
2022-12-30 13:14:34.564 T:3935 DEBUG : -->Python Interpreter Initialized<--
2022-12-30 13:14:34.564 T:3935 DEBUG :
2022-12-30 13:14:34.564 T:3935 DEBUG : CPythonInvoker(26, /storage/.kodi/addons/metadata.tvshows.themoviedb.org.python/main.py): the source file to load is "/storage/.kodi/addons/metadata.tvshows.themoviedb.org.python/main.py"
2022-12-30 13:14:34.564 T:3935 DEBUG : CPythonInvoker(26, /storage/.kodi/addons/metadata.tvshows.themoviedb.org.python/main.py): setting the Python path to /storage/.kodi/addons/metadata.tvshows.themoviedb.org.python:/usr/lib/python38.zip:/usr/lib/python3.8:/usr/lib/python3.8/lib-dynload:/usr/lib/python3.8/site-packages
2022-12-30 13:14:34.564 T:3935 DEBUG : CPythonInvoker(26, /storage/.kodi/addons/metadata.tvshows.themoviedb.org.python/main.py): entering source directory /storage/.kodi/addons/metadata.tvshows.themoviedb.org.python
2022-12-30 13:14:34.564 T:3935 DEBUG : CPythonInvoker(26, /storage/.kodi/addons/metadata.tvshows.themoviedb.org.python/main.py): instantiating addon using automatically obtained id of "metadata.tvshows.themoviedb.org.python" dependent on version 3.0.0 of the xbmc.python api
2022-12-30 13:14:34.566 T:3665 DEBUG : PrepareNextRender: frameOnScreen: 5.524 renderPts: 5.691 nextFramePts: 5.672 -> diff: 0.019 render: 1 forceNext: 0
2022-12-30 13:14:34.566 T:3907 DEBUG : CVideoPlayerVideo::OutputPicture - ttd:442ms pts:5.964 Clock:5.521 Level:6
2022-12-30 13:14:34.567 T:3907 DEBUG : CAMLCodec::GetTimeSize: len:24 dl:2344585 fs:2346722 front:2137
2022-12-30 13:14:34.567 T:3907 DEBUG : CAMLCodec::GetTimeSize: len:23 dl:2344585 fs:2344585 front:383
2022-12-30 13:14:34.567 T:3665 DEBUG : CAMLCodec::ReleaseFrame idx:137, drop:0
2022-12-30 13:14:34.572 T:3907 DEBUG : CAMLCodec::AddData: dl:2389488 sum:2389488 sz:44903 dts:6.924 pts:6.924
2022-12-30 13:14:34.573 T:3907 DEBUG : CAMLCodec::GetTimeSize: len:24 dl:2389488 fs:2389488 front:383
2022-12-30 13:14:34.579 T:3907 DEBUG : CAMLCodec::GetTimeSize: len:24 dl:2389105 fs:2389488 front:383
2022-12-30 13:14:34.579 T:3907 DEBUG : CAMLCodec::GetTimeSize: len:23 dl:2389105 fs:2389105 front:516
2022-12-30 13:14:34.586 T:3907 DEBUG : CAMLCodec::AddData: dl:2451129 sum:2451129 sz:62024 dts:6.965 pts:6.965
2022-12-30 13:14:34.586 T:3907 DEBUG : CAMLCodec::GetTimeSize: len:24 dl:2451129 fs:2451129 front:516
2022-12-30 13:14:34.595 T:3665 INFO : Skipped 1 duplicate messages..
2022-12-30 13:14:34.595 T:3665 DEBUG : CAMLCodec::PollFrame elapsed:27.700ms
2022-12-30 13:14:34.598 T:3665 DEBUG : PrepareNextRender: frameOnScreen: 5.556 renderPts: 5.723 nextFramePts: 5.714 -> diff: 0.009 render: 1 forceNext: 0
2022-12-30 13:14:34.599 T:3907 DEBUG : CAMLCodec::GetTimeSize: len:24 dl:2451129 fs:2451129 front:516
2022-12-30 13:14:34.599 T:3665 DEBUG : CAMLCodec::ReleaseFrame idx:138, drop:0
2022-12-30 13:14:34.605 T:3908 DEBUG : CVideoPlayerAudio::OutputPacket: pts:6.304 curr_pts:5.562 clock:5.563 level:99
2022-12-30 13:14:34.605 T:3907 DEBUG : CAMLCodec::GetTimeSize: len:24 dl:2451129 fs:2451129 front:516
2022-12-30 13:14:34.605 T:3908 DEBUG : CVideoPlayerAudio::OutputPacket: pts:6.336 curr_pts:5.563 clock:5.563 level:99
2022-12-30 13:14:34.611 T:3935 DEBUG : [metadata.tvshows.themoviedb.org.python (1.4.17)]: the cache dir is /storage/.kodi/temp/scrapers/metadata.tvshows.themoviedb.org.python
2022-12-30 13:14:34.611 T:3904 DEBUG : CVideoPlayer::ProcessAudioData size:2560 dts:14.272 pts:14.272 dur:32.000ms, clock:5.569 drop:0 level:99
2022-12-30 13:14:34.611 T:3904 DEBUG : CVideoPlayer::ProcessAudioData size:2560 dts:14.304 pts:14.304 dur:32.000ms, clock:5.569 drop:0 level:99
2022-12-30 13:14:34.611 T:3907 DEBUG : CAMLCodec::GetTimeSize: len:24 dl:2450613 fs:2451129 front:516
2022-12-30 13:14:34.611 T:3907 DEBUG : CAMLCodec::GetTimeSize: len:23 dl:2450613 fs:2450613 front:21449
2022-12-30 13:14:34.616 T:3907 DEBUG : CAMLCodec::AddData: dl:2490426 sum:2490426 sz:39813 dts:7.007 pts:7.049
2022-12-30 13:14:34.616 T:3907 DEBUG : CAMLCodec::GetTimeSize: len:24 dl:2490426 fs:2490426 front:21449
2022-12-30 13:14:34.637 T:3665 INFO : Skipped 3 duplicate messages..
2022-12-30 13:14:34.637 T:3665 DEBUG : CAMLCodec::PollFrame elapsed:37.966ms
2022-12-30 13:14:34.639 T:3665 DEBUG : PrepareNextRender: frameOnScreen: 5.597 renderPts: 5.764 nextFramePts: 5.756 -> diff: 0.008 render: 1 forceNext: 0
2022-12-30 13:14:34.640 T:3665 DEBUG : CAMLCodec::ReleaseFrame idx:139, drop:0
2022-12-30 13:14:34.641 T:3907 DEBUG : CAMLCodec::GetTimeSize: len:24 dl:2490426 fs:2490426 front:21449
2022-12-30 13:14:34.641 T:3907 DEBUG : CAMLCodec::DequeueBuffer: pts:6.006 idx:145
2022-12-30 13:14:34.641 T:3907 DEBUG : CAMLCodec::GetPicture: index: 145, pts: 6.006, dur:42ms ar:2.00
2022-12-30 13:14:34.641 T:3907 DEBUG : CVideoPlayerVideo::OutputPicture - ttd:406ms pts:6.006 Clock:5.599 Level:5
2022-12-30 13:14:34.642 T:3907 DEBUG : CAMLCodec::GetTimeSize: len:24 dl:2490426 fs:2490426 front:21449
2022-12-30 13:14:34.649 T:3907 DEBUG : CAMLCodec::GetTimeSize: len:24 dl:2468977 fs:2490426 front:21449
2022-12-30 13:14:34.649 T:3907 DEBUG : CAMLCodec::GetTimeSize: len:23 dl:2468977 fs:2468977 front:327124
2022-12-30 13:14:34.654 T:3907 DEBUG : CAMLCodec::AddData: dl:2518651 sum:2518651 sz:49674 dts:7.049 pts:7.090
2022-12-30 13:14:34.654 T:3907 DEBUG : CAMLCodec::GetTimeSize: len:24 dl:2518651 fs:2518651 front:327124
2022-12-30 13:14:34.654 T:3908 DEBUG : CVideoPlayerAudio::OutputPacket: pts:6.368 curr_pts:5.612 clock:5.612 level:99
2022-12-30 13:14:34.655 T:3908 DEBUG : CVideoPlayerAudio::OutputPacket: pts:6.400 curr_pts:5.612 clock:5.613 level:99
2022-12-30 13:14:34.660 T:3907 DEBUG : CAMLCodec::GetTimeSize: len:24 dl:2518651 fs:2518651 front:327124
2022-12-30 13:14:34.661 T:3904 DEBUG : CVideoPlayer::ProcessAudioData size:2560 dts:14.336 pts:14.336 dur:32.000ms, clock:5.619 drop:0 level:99
2022-12-30 13:14:34.661 T:3904 DEBUG : CVideoPlayer::ProcessAudioData size:2560 dts:14.368 pts:14.368 dur:32.000ms, clock:5.619 drop:0 level:99
2022-12-30 13:14:34.666 T:3907 DEBUG : CAMLCodec::GetTimeSize: len:24 dl:2518651 fs:2518651 front:327124
2022-12-30 13:14:34.679 T:3665 INFO : Skipped 1 duplicate messages..
2022-12-30 13:14:34.679 T:3665 DEBUG : CAMLCodec::PollFrame elapsed:37.974ms
2022-12-30 13:14:34.679 T:3907 DEBUG : CAMLCodec::GetTimeSize: len:24 dl:2518651 fs:2518651 front:327124
2022-12-30 13:14:34.680 T:3665 DEBUG : PrepareNextRender: frameOnScreen: 5.638 renderPts: 5.805 nextFramePts: 5.797 -> diff: 0.008 render: 1 forceNext: 0
2022-12-30 13:14:34.681 T:3665 DEBUG : CAMLCodec::ReleaseFrame idx:140, drop:0
2022-12-30 13:14:34.685 T:3907 DEBUG : CAMLCodec::GetTimeSize: len:24 dl:2518651 fs:2518651 front:327124
2022-12-30 13:14:34.685 T:3907 DEBUG : CAMLCodec::DequeueBuffer: pts:6.048 idx:146
2022-12-30 13:14:34.685 T:3907 DEBUG : CAMLCodec::GetPicture: index: 146, pts: 6.048, dur:42ms ar:2.00
2022-12-30 13:14:34.685 T:3907 DEBUG : CVideoPlayerVideo::OutputPicture - ttd:404ms pts:6.048 Clock:5.643 Level:5
2022-12-30 13:14:34.686 T:3907 DEBUG : CAMLCodec::GetTimeSize: len:24 dl:2518651 fs:2518651 front:327124
2022-12-30 13:14:34.699 T:3907 INFO : Skipped 1 duplicate messages..
2022-12-30 13:14:34.699 T:3907 DEBUG : CAMLCodec::GetTimeSize: len:24 dl:2191527 fs:2518651 front:327124
2022-12-30 13:14:34.699 T:3907 DEBUG : CAMLCodec::GetTimeSize: len:23 dl:2191527 fs:2191527 front:269135
2022-12-30 13:14:34.704 T:3908 DEBUG : CVideoPlayerAudio::OutputPacket: pts:6.432 curr_pts:5.662 clock:5.662 level:99
2022-12-30 13:14:34.706 T:3907 DEBUG : CAMLCodec::AddData: dl:2396670 sum:2396670 sz:205143 dts:7.090 pts:7.382
2022-12-30 13:14:34.706 T:3907 DEBUG : CAMLCodec::GetTimeSize: len:24 dl:2396670 fs:2396670 front:269135
2022-12-30 13:14:34.712 T:3904 DEBUG : CVideoPlayer::ProcessAudioData size:2560 dts:14.400 pts:14.400 dur:32.000ms, clock:5.670 drop:0 level:99
2022-12-30 13:14:34.712 T:3907 DEBUG : CAMLCodec::GetTimeSize: len:24 dl:2396670 fs:2396670 front:269135
2022-12-30 13:14:34.720 T:3665 INFO : Skipped 1 duplicate messages..
2022-12-30 13:14:34.720 T:3665 DEBUG : CAMLCodec::PollFrame elapsed:39.082ms
2022-12-30 13:14:34.724 T:3665 DEBUG : PrepareNextRender: frameOnScreen: 5.682 renderPts: 5.849 nextFramePts: 5.839 -> diff: 0.010 render: 1 forceNext: 0
2022-12-30 13:14:34.725 T:3907 DEBUG : CAMLCodec::GetTimeSize: len:24 dl:2396670 fs:2396670 front:269135
2022-12-30 13:14:34.725 T:3907 DEBUG : CAMLCodec::DequeueBuffer: pts:6.089 idx:147
2022-12-30 13:14:34.725 T:3907 DEBUG : CAMLCodec::GetPicture: index: 147, pts: 6.089, dur:41ms ar:2.00
2022-12-30 13:14:34.725 T:3907 DEBUG : CVideoPlayerVideo::OutputPicture - ttd:406ms pts:6.089 Clock:5.683 Level:5
2022-12-30 13:14:34.725 T:3665 DEBUG : CAMLCodec::ReleaseFrame idx:141, drop:0
2022-12-30 13:14:34.726 T:3907 DEBUG : CAMLCodec::GetTimeSize: len:24 dl:2396670 fs:2396670 front:269135
2022-12-30 13:14:34.727 T:3935 DEBUG : [metadata.tvshows.themoviedb.org.python (1.4.17)]: Called addon with params: ['plugin://metadata.tvshows.themoviedb.org.python/', '13', '?action=find&pathSettings=%7b%22cat_landscape%22%3atrue%2c%22certprefix%22%3a%22Rated%20%22%2c%22enab_trailer%22%3atrue%2c%22enable_fanarttv%22%3atrue%2c%22fanarttv_clientkey%22%3a%22%22%2c%22imdbanyway%22%3afalse%2c%22keeporiginaltitle%22%3afalse%2c%22language%22%3a%22fr-FR%22%2c%22lastUpdated%22%3a%220%22%2c%22originalUrl%22%3a%22%22%2c%22players_opt%22%3a%22Tubed%22%2c%22previewUrl%22%3a%22%22%2c%22ratings%22%3a%22IMDb%22%2c%22studio_country%22%3atrue%2c%22tmdbanyway%22%3atrue%2c%22tmdbcertcountry%22%3a%22fr%22%2c%22traktanyway%22%3atrue%2c%22usecertprefix%22%3atrue%2c%22verboselog%22%3afalse%7d&title=Heroes%20S01%20MULTI%20VFF', 'resume:false']
2022-12-30 13:14:34.727 T:3935 DEBUG : [metadata.tvshows.themoviedb.org.python (1.4.17)]: performing find action
2022-12-30 13:14:34.727 T:3935 DEBUG : [metadata.tvshows.themoviedb.org.python (1.4.17)]: Searching for TV show Heroes S01 MULTI VFF (None)
2022-12-30 13:14:34.727 T:3935 DEBUG : [metadata.tvshows.themoviedb.org.python (1.4.17)]: using title of Heroes S01 MULTI VFF to find show
2022-12-30 13:14:34.727 T:3935 DEBUG : [metadata.tvshows.themoviedb.org.python (1.4.17)]: Calling URL "https://api.themoviedb.org/3/search/tv?api_key=af3a53eb387d57fc935e9128468b1899&language=fr-FR&query=Heroes+S01+MULTI+VFF"
2022-12-30 13:14:34.732 T:3907 DEBUG : CAMLCodec::GetTimeSize: len:24 dl:2127535 fs:2396670 front:269135
2022-12-30 13:14:34.732 T:3907 DEBUG : CAMLCodec::GetTimeSize: len:23 dl:2127535 fs:2127535 front:10796
2022-12-30 13:14:34.739 T:3907 DEBUG : CAMLCodec::AddData: dl:2221144 sum:2221144 sz:93609 dts:7.132 pts:7.257
2022-12-30 13:14:34.739 T:3907 DEBUG : CAMLCodec::GetTimeSize: len:24 dl:2221144 fs:2221144 front:10796
2022-12-30 13:14:34.755 T:3908 INFO : Skipped 2 duplicate messages..
2022-12-30 13:14:34.755 T:3908 DEBUG : CVideoPlayerAudio::OutputPacket: pts:6.464 curr_pts:5.712 clock:5.713 level:99
2022-12-30 13:14:34.755 T:3908 DEBUG : CVideoPlayerAudio::OutputPacket: pts:6.496 curr_pts:5.713 clock:5.713 level:99
2022-12-30 13:14:34.758 T:3907 DEBUG : CAMLCodec::GetTimeSize: len:24 dl:2221144 fs:2221144 front:10796
2022-12-30 13:14:34.762 T:3665 DEBUG : CAMLCodec::PollFrame elapsed:37.029ms
2022-12-30 13:14:34.763 T:3904 DEBUG : CVideoPlayer::ProcessAudioData size:2560 dts:14.432 pts:14.432 dur:32.000ms, clock:5.721 drop:0 level:99
2022-12-30 13:14:34.763 T:3904 DEBUG : CVideoPlayer::ProcessAudioData size:2560 dts:14.464 pts:14.464 dur:32.000ms, clock:5.721 drop:0 level:99
2022-12-30 13:14:34.764 T:3907 DEBUG : CAMLCodec::GetTimeSize: len:24 dl:2221144 fs:2221144 front:10796
2022-12-30 13:14:34.765 T:3907 DEBUG : CAMLCodec::DequeueBuffer: pts:6.131 idx:148
2022-12-30 13:14:34.765 T:3907 DEBUG : CAMLCodec::GetPicture: index: 148, pts: 6.131, dur:42ms ar:2.00
2022-12-30 13:14:34.765 T:3907 DEBUG : CVideoPlayerVideo::OutputPicture - ttd:408ms pts:6.131 Clock:5.723 Level:6
2022-12-30 13:14:34.766 T:3907 DEBUG : CAMLCodec::GetTimeSize: len:24 dl:2221144 fs:2221144 front:10796
2022-12-30 13:14:34.767 T:3665 DEBUG : PrepareNextRender: frameOnScreen: 5.725 renderPts: 5.892 nextFramePts: 5.881 -> diff: 0.011 render: 1 forceNext: 0
2022-12-30 13:14:34.768 T:3665 DEBUG : CAMLCodec::ReleaseFrame idx:142, drop:0
2022-12-30 13:14:34.772 T:3907 DEBUG : CAMLCodec::GetTimeSize: len:24 dl:2210348 fs:2221144 front:10796
2022-12-30 13:14:34.772 T:3907 DEBUG : CAMLCodec::GetTimeSize: len:23 dl:2210348 fs:2210348 front:15272
2022-12-30 13:14:34.777 T:3907 DEBUG : CAMLCodec::AddData: dl:2253989 sum:2253989 sz:43641 dts:7.174 pts:7.174
2022-12-30 13:14:34.777 T:3907 DEBUG : CAMLCodec::GetTimeSize: len:24 dl:2253989 fs:2253989 front:15272
2022-12-30 13:14:34.805 T:3908 INFO : Skipped 4 duplicate messages..
2022-12-30 13:14:34.805 T:3908 DEBUG : CVideoPlayerAudio::OutputPacket: pts:6.528 curr_pts:5.763 clock:5.763 level:99
2022-12-30 13:14:34.806 T:3665 DEBUG : CAMLCodec::PollFrame elapsed:36.224ms
2022-12-30 13:14:34.809 T:3907 DEBUG : CAMLCodec::GetTimeSize: len:24 dl:2253989 fs:2253989 front:15272
2022-12-30 13:14:34.809 T:3907 DEBUG : CAMLCodec::DequeueBuffer: pts:6.173 idx:149
2022-12-30 13:14:34.809 T:3907 DEBUG : CAMLCodec::GetPicture: index: 149, pts: 6.173, dur:42ms ar:2.00
2022-12-30 13:14:34.809 T:3907 DEBUG : CVideoPlayerVideo::OutputPicture - ttd:406ms pts:6.173 Clock:5.767 Level:6
2022-12-30 13:14:34.810 T:3665 DEBUG : PrepareNextRender: frameOnScreen: 5.768 renderPts: 5.934 nextFramePts: 5.923 -> diff: 0.011 render: 1 forceNext: 0
2022-12-30 13:14:34.810 T:3907 DEBUG : CAMLCodec::GetTimeSize: len:24 dl:2253989 fs:2253989 front:15272
2022-12-30 13:14:34.811 T:3665 DEBUG : CAMLCodec::ReleaseFrame idx:143, drop:0
2022-12-30 13:14:34.815 T:3904 DEBUG : CVideoPlayer::ProcessVideoData size:136346 dts:14.139 pts:14.431 dur:41.000ms, clock:5.773 level:87
2022-12-30 13:14:34.815 T:3904 DEBUG : CVideoPlayer::ProcessVideoData size:92718 dts:14.181 pts:14.306 dur:41.000ms, clock:5.773 level:87
2022-12-30 13:14:34.815 T:3904 DEBUG : CVideoPlayer::ProcessVideoData size:44822 dts:14.223 pts:14.223 dur:41.000ms, clock:5.774 level:88
2022-12-30 13:14:34.817 T:3904 DEBUG : CVideoPlayer::ProcessVideoData size:39701 dts:14.264 pts:14.264 dur:41.000ms, clock:5.775 level:88
2022-12-30 13:14:34.817 T:3904 DEBUG : CVideoPlayer::ProcessVideoData size:36607 dts:14.306 pts:14.348 dur:41.000ms, clock:5.775 level:89
2022-12-30 13:14:34.817 T:3904 DEBUG : CVideoPlayer::ProcessVideoData size:36581 dts:14.348 pts:14.389 dur:41.000ms, clock:5.776 level:89
2022-12-30 13:14:34.819 T:3907 DEBUG : CAMLCodec::GetTimeSize: len:24 dl:2238717 fs:2253989 front:15272
2022-12-30 13:14:34.819 T:3907 DEBUG : CAMLCodec::GetTimeSize: len:23 dl:2238717 fs:2238717 front:30292
2022-12-30 13:14:34.820 T:3904 DEBUG : CVideoPlayer::ProcessAudioData size:2560 dts:14.496 pts:14.496 dur:32.000ms, clock:5.778 drop:0 level:99
2022-12-30 13:14:34.824 T:3907 DEBUG : CAMLCodec::AddData: dl:2279683 sum:2279683 sz:40966 dts:7.216 pts:7.216
2022-12-30 13:14:34.825 T:3907 DEBUG : CAMLCodec::GetTimeSize: len:24 dl:2279683 fs:2279683 front:30292
2022-12-30 13:14:34.846 T:3665 INFO : Skipped 3 duplicate messages..
2022-12-30 13:14:34.846 T:3665 DEBUG : CAMLCodec::PollFrame elapsed:34.983ms
2022-12-30 13:14:34.850 T:3907 DEBUG : CAMLCodec::GetTimeSize: len:24 dl:2279683 fs:2279683 front:30292
2022-12-30 13:14:34.850 T:3907 DEBUG : CAMLCodec::DequeueBuffer: pts:6.215 idx:150
2022-12-30 13:14:34.851 T:3907 DEBUG : CAMLCodec::GetPicture: index: 150, pts: 6.215, dur:42ms ar:2.00
2022-12-30 13:14:34.851 T:3907 DEBUG : CVideoPlayerVideo::OutputPicture - ttd:406ms pts:6.215 Clock:5.809 Level:6
2022-12-30 13:14:34.852 T:3665 DEBUG : PrepareNextRender: frameOnScreen: 5.810 renderPts: 5.977 nextFramePts: 5.964 -> diff: 0.013 render: 1 forceNext: 0
2022-12-30 13:14:34.853 T:3907 DEBUG : CAMLCodec::GetTimeSize: len:24 dl:2279683 fs:2279683 front:30292
2022-12-30 13:14:34.855 T:3908 DEBUG : CVideoPlayerAudio::OutputPacket: pts:6.560 curr_pts:5.812 clock:5.813 level:99
2022-12-30 13:14:34.856 T:3908 DEBUG : CVideoPlayerAudio::OutputPacket: pts:6.592 curr_pts:5.813 clock:5.814 level:99
2022-12-30 13:14:34.856 T:3665 DEBUG : CAMLCodec::ReleaseFrame idx:144, drop:0
2022-12-30 13:14:34.860 T:3907 DEBUG : CAMLCodec::GetTimeSize: len:24 dl:2249391 fs:2279683 front:30292
2022-12-30 13:14:34.860 T:3907 DEBUG : CAMLCodec::GetTimeSize: len:23 dl:2249391 fs:2249391 front:15780
2022-12-30 13:14:34.861 T:3904 DEBUG : CVideoPlayer::ProcessAudioData size:2560 dts:14.528 pts:14.528 dur:32.000ms, clock:5.819 drop:0 level:99
2022-12-30 13:14:34.861 T:3904 DEBUG : CVideoPlayer::ProcessAudioData size:2560 dts:14.560 pts:14.560 dur:32.000ms, clock:5.819 drop:0 level:99
2022-12-30 13:14:34.865 T:3907 DEBUG : CAMLCodec::AddData: dl:2292008 sum:2292008 sz:42617 dts:7.257 pts:7.299
2022-12-30 13:14:34.865 T:3907 DEBUG : CAMLCodec::GetTimeSize: len:24 dl:2292008 fs:2292008 front:15780
2022-12-30 13:14:34.887 T:3665 INFO : Skipped 3 duplicate messages..
2022-12-30 13:14:34.887 T:3665 DEBUG : CAMLCodec::PollFrame elapsed:31.133ms
2022-12-30 13:14:34.890 T:3665 DEBUG : PrepareNextRender: frameOnScreen: 5.848 renderPts: 6.014 nextFramePts: 6.006 -> diff: 0.008 render: 1 forceNext: 0
2022-12-30 13:14:34.890 T:3907 DEBUG : CAMLCodec::GetTimeSize: len:24 dl:2292008 fs:2292008 front:15780
2022-12-30 13:14:34.890 T:3907 DEBUG : CAMLCodec::DequeueBuffer: pts:6.256 idx:151
2022-12-30 13:14:34.890 T:3907 DEBUG : CAMLCodec::GetPicture: index: 151, pts: 6.256, dur:41ms ar:2.00
2022-12-30 13:14:34.890 T:3907 DEBUG : CVideoPlayerVideo::OutputPicture - ttd:407ms pts:6.256 Clock:5.848 Level:5
2022-12-30 13:14:34.891 T:3665 DEBUG : CAMLCodec::ReleaseFrame idx:145, drop:0
2022-12-30 13:14:34.892 T:3907 DEBUG : CAMLCodec::GetTimeSize: len:24 dl:2292008 fs:2292008 front:15780
2022-12-30 13:14:34.898 T:3907 DEBUG : CAMLCodec::GetTimeSize: len:24 dl:2276228 fs:2292008 front:15780
2022-12-30 13:14:34.898 T:3907 DEBUG : CAMLCodec::GetTimeSize: len:23 dl:2276228 fs:2276228 front:8059
2022-12-30 13:14:34.903 T:3907 DEBUG : CAMLCodec::AddData: dl:2322977 sum:2322977 sz:46749 dts:7.299 pts:7.341
2022-12-30 13:14:34.903 T:3907 DEBUG : CAMLCodec::GetTimeSize: len:24 dl:2322977 fs:2322977 front:8059
2022-12-30 13:14:34.905 T:3908 DEBUG : CVideoPlayerAudio::OutputPacket: pts:6.624 curr_pts:5.862 clock:5.863 level:99
2022-12-30 13:14:34.910 T:3907 DEBUG : CAMLCodec::GetTimeSize: len:24 dl:2322977 fs:2322977 front:8059
2022-12-30 13:14:34.912 T:3904 DEBUG : CVideoPlayer::ProcessAudioData size:2560 dts:14.592 pts:14.592 dur:32.000ms, clock:5.870 drop:0 level:99
2022-12-30 13:14:34.916 T:3907 DEBUG : CAMLCodec::GetTimeSize: len:24 dl:2322977 fs:2322977 front:8059
2022-12-30 13:14:34.929 T:3665 INFO : Skipped 1 duplicate messages..
2022-12-30 13:14:34.929 T:3665 DEBUG : CAMLCodec::PollFrame elapsed:37.495ms
2022-12-30 13:14:34.932 T:3935 INFO : CPythonInvoker(26, /storage/.kodi/addons/metadata.tvshows.themoviedb.org.python/main.py): script successfully run
2022-12-30 13:14:34.932 T:3935 DEBUG : onExecutionDone(26, /storage/.kodi/addons/metadata.tvshows.themoviedb.org.python/main.py)
2022-12-30 13:14:34.932 T:3907 DEBUG : CAMLCodec::GetTimeSize: len:24 dl:2322977 fs:2322977 front:8059
2022-12-30 13:14:34.932 T:3907 DEBUG : CAMLCodec::DequeueBuffer: pts:6.298 idx:152
2022-12-30 13:14:34.932 T:3907 DEBUG : CAMLCodec::GetPicture: index: 152, pts: 6.298, dur:42ms ar:2.00
2022-12-30 13:14:34.933 T:3907 DEBUG : CVideoPlayerVideo::OutputPicture - ttd:407ms pts:6.298 Clock:5.891 Level:6
2022-12-30 13:14:34.933 T:3719 DEBUG : FindMovie: Searching for 'Heroes.S01.MULTI.VFF' using TMDb TV Shows scraper (path: '/storage/.kodi/addons/metadata.tvshows.themoviedb.org.python/', content: 'tvshows', version: '1.4.17')
2022-12-30 13:14:34.934 T:3907 DEBUG : CAMLCodec::GetTimeSize: len:24 dl:2322977 fs:2322977 front:8059
2022-12-30 13:14:34.938 T:3719 DEBUG : StartScript - calling plugin TMDb TV Shows('plugin://metadata.tvshows.themoviedb.org.python/','14','?action=find&pathSettings=%7b%22cat_landscape%22%3atrue%2c%22certprefix%22%3a%22Rated%20%22%2c%22enab_trailer%22%3atrue%2c%22enable_fanarttv%22%3atrue%2c%22fanarttv_clientkey%22%3a%22%22%2c%22imdbanyway%22%3afalse%2c%22keeporiginaltitle%22%3afalse%2c%22language%22%3a%22fr-FR%22%2c%22lastUpdated%22%3a%220%22%2c%22originalUrl%22%3a%22%22%2c%22players_opt%22%3a%22Tubed%22%2c%22previewUrl%22%3a%22%22%2c%22ratings%22%3a%22IMDb%22%2c%22studio_country%22%3atrue%2c%22tmdbanyway%22%3atrue%2c%22tmdbcertcountry%22%3a%22fr%22%2c%22traktanyway%22%3atrue%2c%22usecertprefix%22%3atrue%2c%22verboselog%22%3afalse%7d&title=Heroes.S01.MULTI.VFF','resume:false')
2022-12-30 13:14:34.939 T:3940 DEBUG : Thread LanguageInvoker start, auto delete: false
2022-12-30 13:14:34.939 T:3940 INFO : initializing python engine.
2022-12-30 13:14:34.939 T:3665 DEBUG : PrepareNextRender: frameOnScreen: 5.897 renderPts: 6.064 nextFramePts: 6.048 -> diff: 0.016 render: 1 forceNext: 0
2022-12-30 13:14:34.940 T:3940 DEBUG : CPythonInvoker(27, /storage/.kodi/addons/metadata.tvshows.themoviedb.org.python/main.py): start processing
2022-12-30 13:14:34.940 T:3907 DEBUG : CAMLCodec::GetTimeSize: len:24 dl:2314918 fs:2322977 front:8059
2022-12-30 13:14:34.940 T:3907 DEBUG : CAMLCodec::GetTimeSize: len:23 dl:2314918 fs:2314918 front:248297
2022-12-30 13:14:34.941 T:3665 DEBUG : CAMLCodec::ReleaseFrame idx:146, drop:0
2022-12-30 13:14:34.948 T:3907 DEBUG : CAMLCodec::AddData: dl:2524306 sum:2524306 sz:209388 dts:7.341 pts:7.633
2022-12-30 13:14:34.948 T:3907 DEBUG : CAMLCodec::GetTimeSize: len:24 dl:2524306 fs:2524306 front:248297
2022-12-30 13:14:34.954 T:3908 DEBUG : CVideoPlayerAudio::OutputPacket: pts:6.656 curr_pts:5.912 clock:5.912 level:99
2022-12-30 13:14:34.954 T:3907 DEBUG : CAMLCodec::GetTimeSize: len:24 dl:2524306 fs:2524306 front:248297
2022-12-30 13:14:34.955 T:3908 DEBUG : CVideoPlayerAudio::OutputPacket: pts:6.688 curr_pts:5.912 clock:5.913 level:99
2022-12-30 13:14:34.960 T:3907 DEBUG : CAMLCodec::GetTimeSize: len:24 dl:2524306 fs:2524306 front:248297
2022-12-30 13:14:34.963 T:3904 DEBUG : CVideoPlayer::ProcessAudioData size:2560 dts:14.624 pts:14.624 dur:32.000ms, clock:5.921 drop:0 level:99
2022-12-30 13:14:34.963 T:3904 DEBUG : CVideoPlayer::ProcessAudioData size:2560 dts:14.656 pts:14.656 dur:32.000ms, clock:5.921 drop:0 level:99
2022-12-30 13:14:34.967 T:3907 DEBUG : CAMLCodec::GetTimeSize: len:24 dl:2524306 fs:2524306 front:248297
2022-12-30 13:14:34.971 T:3665 DEBUG : CAMLCodec::PollFrame elapsed:29.250ms
2022-12-30 13:14:34.972 T:3665 DEBUG : PrepareNextRender: frameOnScreen: 5.930 renderPts: 6.097 nextFramePts: 6.089 -> diff: 0.008 render: 1 forceNext: 0
2022-12-30 13:14:34.973 T:3907 DEBUG : CAMLCodec::GetTimeSize: len:24 dl:2524306 fs:2524306 front:248297
2022-12-30 13:14:34.973 T:3907 DEBUG : CAMLCodec::DequeueBuffer: pts:6.340 idx:153
2022-12-30 13:14:34.973 T:3907 DEBUG : CAMLCodec::GetPicture: index: 153, pts: 6.340, dur:42ms ar:2.00
2022-12-30 13:14:34.973 T:3907 DEBUG : CVideoPlayerVideo::OutputPicture - ttd:408ms pts:6.340 Clock:5.931 Level:5
2022-12-30 13:14:34.973 T:3665 DEBUG : CAMLCodec::ReleaseFrame idx:147, drop:0
2022-12-30 13:14:34.974 T:3907 DEBUG : CAMLCodec::GetTimeSize: len:24 dl:2524306 fs:2524306 front:248297
2022-12-30 13:14:34.987 T:3907 INFO : Skipped 1 duplicate messages..
2022-12-30 13:14:34.987 T:3907 DEBUG : CAMLCodec::GetTimeSize: len:24 dl:2276009 fs:2524306 front:248297
2022-12-30 13:14:34.987 T:3907 DEBUG : CAMLCodec::GetTimeSize: len:23 dl:2276009 fs:2276009 front:5707
2022-12-30 13:14:34.994 T:3907 DEBUG : CAMLCodec::AddData: dl:2353538 sum:2353538 sz:77529 dts:7.382 pts:7.507
2022-12-30 13:14:34.994 T:3907 DEBUG : CAMLCodec::GetTimeSize: len:24 dl:2353538 fs:2353538 front:5707
2022-12-30 13:14:35.004 T:3908 INFO : Skipped 1 duplicate messages..
2022-12-30 13:14:35.004 T:3908 DEBUG : CVideoPlayerAudio::OutputPacket: pts:6.720 curr_pts:5.962 clock:5.963 level:99
2022-12-30 13:14:35.007 T:3907 DEBUG : CAMLCodec::GetTimeSize: len:24 dl:2353538 fs:2353538 front:5707
2022-12-30 13:14:35.012 T:3665 DEBUG : CAMLCodec::PollFrame elapsed:38.773ms
2022-12-30 13:14:35.013 T:3907 DEBUG : CAMLCodec::GetTimeSize: len:24 dl:2353538 fs:2353538 front:5707
2022-12-30 13:14:35.013 T:3904 DEBUG : CVideoPlayer::ProcessAudioData size:2560 dts:14.688 pts:14.688 dur:32.000ms, clock:5.971 drop:0 level:99
2022-12-30 13:14:35.014 T:3665 DEBUG : PrepareNextRender: frameOnScreen: 5.972 renderPts: 6.139 nextFramePts: 6.131 -> diff: 0.008 render: 1 forceNext: 0
2022-12-30 13:14:35.015 T:3665 DEBUG : CAMLCodec::ReleaseFrame idx:148, drop:0
2022-12-30 13:14:35.019 T:3907 DEBUG : CAMLCodec::GetTimeSize: len:24 dl:2353538 fs:2353538 front:5707
2022-12-30 13:14:35.019 T:3907 DEBUG : CAMLCodec::DequeueBuffer: pts:6.381 idx:154
2022-12-30 13:14:35.019 T:3907 DEBUG : CAMLCodec::GetPicture: index: 154, pts: 6.381, dur:41ms ar:2.00
2022-12-30 13:14:35.019 T:3907 DEBUG : CVideoPlayerVideo::OutputPicture - ttd:403ms pts:6.381 Clock:5.977 Level:5
2022-12-30 13:14:35.021 T:3907 DEBUG : CAMLCodec::GetTimeSize: len:24 dl:2353538 fs:2353538 front:5707
2022-12-30 13:14:35.027 T:3907 DEBUG : CAMLCodec::GetTimeSize: len:24 dl:2347831 fs:2353538 front:5707
2022-12-30 13:14:35.027 T:3907 DEBUG : CAMLCodec::GetTimeSize: len:23 dl:2347831 fs:2347831 front:7217
2022-12-30 13:14:35.032 T:3907 DEBUG : CAMLCodec::AddData: dl:2391939 sum:2391939 sz:44108 dts:7.424 pts:7.424
2022-12-30 13:14:35.032 T:3907 DEBUG : CAMLCodec::GetTimeSize: len:24 dl:2391939 fs:2391939 front:7217
2022-12-30 13:14:35.054 T:3665 INFO : Skipped 3 duplicate messages..
2022-12-30 13:14:35.054 T:3665 DEBUG : CAMLCodec::PollFrame elapsed:39.171ms
2022-12-30 13:14:35.054 T:3908 DEBUG : CVideoPlayerAudio::OutputPacket: pts:6.752 curr_pts:6.012 clock:6.012 level:99
2022-12-30 13:14:35.055 T:3908 DEBUG : CVideoPlayerAudio::OutputPacket: pts:6.784 curr_pts:6.012 clock:6.013 level:99
2022-12-30 13:14:35.056 T:3665 DEBUG : PrepareNextRender: frameOnScreen: 6.014 renderPts: 6.181 nextFramePts: 6.173 -> diff: 0.008 render: 1 forceNext: 0
2022-12-30 13:14:35.057 T:3665 DEBUG : CAMLCodec::ReleaseFrame idx:149, drop:0
2022-12-30 13:14:35.057 T:3907 DEBUG : CAMLCodec::GetTimeSize: len:24 dl:2391939 fs:2391939 front:7217
2022-12-30 13:14:35.057 T:3907 DEBUG : CAMLCodec::DequeueBuffer: pts:6.423 idx:155
2022-12-30 13:14:35.057 T:3907 DEBUG : CAMLCodec::GetPicture: index: 155, pts: 6.423, dur:42ms ar:2.00
2022-12-30 13:14:35.057 T:3907 DEBUG : CVideoPlayerVideo::OutputPicture - ttd:407ms pts:6.423 Clock:6.015 Level:5
2022-12-30 13:14:35.058 T:3907 DEBUG : CAMLCodec::GetTimeSize: len:24 dl:2391939 fs:2391939 front:7217
2022-12-30 13:14:35.064 T:3904 DEBUG : CVideoPlayer::ProcessAudioData size:2560 dts:14.720 pts:14.720 dur:32.000ms, clock:6.022 drop:0 level:99
2022-12-30 13:14:35.064 T:3904 DEBUG : CVideoPlayer::ProcessVideoData size:123860 dts:14.389 pts:14.765 dur:41.000ms, clock:6.022 level:87
2022-12-30 13:14:35.064 T:3907 DEBUG : CAMLCodec::GetTimeSize: len:24 dl:2391939 fs:2391939 front:7217
2022-12-30 13:14:35.065 T:3904 DEBUG : CVideoPlayer::ProcessVideoData size:89969 dts:14.431 pts:14.598 dur:41.000ms, clock:6.023 level:87
2022-12-30 13:14:35.065 T:3904 DEBUG : CVideoPlayer::ProcessVideoData size:47480 dts:14.473 pts:14.473 dur:41.000ms, clock:6.023 level:88
2022-12-30 13:14:35.065 T:3904 DEBUG : CVideoPlayer::ProcessVideoData size:29040 dts:14.514 pts:14.514 dur:41.000ms, clock:6.024 level:88
2022-12-30 13:14:35.066 T:3904 DEBUG : CVideoPlayer::ProcessVideoData size:39842 dts:14.556 pts:14.556 dur:41.000ms, clock:6.024 level:89
2022-12-30 13:14:35.066 T:3904 DEBUG : CVideoPlayer::ProcessVideoData size:26806 dts:14.598 pts:14.640 dur:41.000ms, clock:6.024 level:89
2022-12-30 13:14:35.066 T:3904 DEBUG : CVideoPlayer::ProcessVideoData size:49101 dts:14.640 pts:14.681 dur:41.000ms, clock:6.024 level:90
2022-12-30 13:14:35.066 T:3904 DEBUG : CVideoPlayer::ProcessVideoData size:36106 dts:14.681 pts:14.723 dur:41.000ms, clock:6.024 level:90
2022-12-30 13:14:35.067 T:3904 DEBUG : CVideoPlayer::ProcessAudioData size:2560 dts:14.752 pts:14.752 dur:32.000ms, clock:6.025 drop:0 level:99
2022-12-30 13:14:35.071 T:3907 DEBUG : CAMLCodec::GetTimeSize: len:24 dl:2384722 fs:2391939 front:7217
2022-12-30 13:14:35.071 T:3907 DEBUG : CAMLCodec::GetTimeSize: len:23 dl:2384722 fs:2384722 front:59825
2022-12-30 13:14:35.076 T:3907 DEBUG : CAMLCodec::AddData: dl:2428121 sum:2428121 sz:43399 dts:7.466 pts:7.466
2022-12-30 13:14:35.076 T:3907 DEBUG : CAMLCodec::GetTimeSize: len:24 dl:2428121 fs:2428121 front:59825
2022-12-30 13:14:35.096 T:3665 INFO : Skipped 3 duplicate messages..
2022-12-30 13:14:35.096 T:3665 DEBUG : CAMLCodec::PollFrame elapsed:38.896ms
2022-12-30 13:14:35.098 T:3665 DEBUG : PrepareNextRender: frameOnScreen: 6.056 renderPts: 6.223 nextFramePts: 6.215 -> diff: 0.008 render: 1 forceNext: 0
2022-12-30 13:14:35.099 T:3665 DEBUG : CAMLCodec::ReleaseFrame idx:150, drop:0
2022-12-30 13:14:35.101 T:3907 DEBUG : CAMLCodec::GetTimeSize: len:24 dl:2428121 fs:2428121 front:59825
2022-12-30 13:14:35.101 T:3907 DEBUG : CAMLCodec::DequeueBuffer: pts:6.465 idx:156
2022-12-30 13:14:35.101 T:3907 DEBUG : CAMLCodec::GetPicture: index: 156, pts: 6.465, dur:42ms ar:2.00
2022-12-30 13:14:35.101 T:3907 DEBUG : CVideoPlayerVideo::OutputPicture - ttd:405ms pts:6.465 Clock:6.059 Level:5
2022-12-30 13:14:35.102 T:3907 DEBUG : CAMLCodec::GetTimeSize: len:24 dl:2428121 fs:2428121 front:59825
2022-12-30 13:14:35.105 T:3908 DEBUG : CVideoPlayerAudio::OutputPacket: pts:6.816 curr_pts:6.062 clock:6.063 level:99
2022-12-30 13:14:35.105 T:3908 DEBUG : CVideoPlayerAudio::OutputPacket: pts:6.848 curr_pts:6.063 clock:6.063 level:99
2022-12-30 13:14:35.107 T:3904 DEBUG : CVideoPlayer::ProcessAudioData size:2560 dts:14.784 pts:14.784 dur:32.000ms, clock:6.065 drop:0 level:99
2022-12-30 13:14:35.108 T:3904 DEBUG : CVideoPlayer::ProcessAudioData size:2560 dts:14.816 pts:14.816 dur:32.000ms, clock:6.066 drop:0 level:99
2022-12-30 13:14:35.109 T:3907 DEBUG : CAMLCodec::GetTimeSize: len:24 dl:2368296 fs:2428121 front:59825
2022-12-30 13:14:35.109 T:3907 DEBUG : CAMLCodec::GetTimeSize: len:23 dl:2368296 fs:2368296 front:12725
2022-12-30 13:14:35.114 T:3907 DEBUG : CAMLCodec::AddData: dl:2417894 sum:2417894 sz:49598 dts:7.507 pts:7.549
2022-12-30 13:14:35.114 T:3907 DEBUG : CAMLCodec::GetTimeSize: len:24 dl:2417894 fs:2417894 front:12725
2022-12-30 13:14:35.137 T:3665 INFO : Skipped 3 duplicate messages..
2022-12-30 13:14:35.137 T:3665 DEBUG : CAMLCodec::PollFrame elapsed:38.587ms
2022-12-30 13:14:35.139 T:3907 DEBUG : CAMLCodec::GetTimeSize: len:24 dl:2417894 fs:2417894 front:12725
2022-12-30 13:14:35.139 T:3907 DEBUG : CAMLCodec::DequeueBuffer: pts:6.506 idx:157
2022-12-30 13:14:35.139 T:3907 DEBUG : CAMLCodec::GetPicture: index: 157, pts: 6.506, dur:41ms ar:2.00
2022-12-30 13:14:35.139 T:3907 DEBUG : CVideoPlayerVideo::OutputPicture - ttd:408ms pts:6.506 Clock:6.097 Level:6
2022-12-30 13:14:35.139 T:3665 DEBUG : PrepareNextRender: frameOnScreen: 6.097 renderPts: 6.264 nextFramePts: 6.256 -> diff: 0.008 render: 1 forceNext: 0
2022-12-30 13:14:35.140 T:3665 DEBUG : CAMLCodec::ReleaseFrame idx:151, drop:0
2022-12-30 13:14:35.140 T:3907 DEBUG : CAMLCodec::GetTimeSize: len:24 dl:2417894 fs:2417894 front:12725
2022-12-30 13:14:35.153 T:3907 INFO : Skipped 1 duplicate messages..
2022-12-30 13:14:35.153 T:3907 DEBUG : CAMLCodec::GetTimeSize: len:24 dl:2405169 fs:2417894 front:12725
2022-12-30 13:14:35.153 T:3907 DEBUG : CAMLCodec::GetTimeSize: len:23 dl:2405169 fs:2405169 front:217394
2022-12-30 13:14:35.154 T:3908 DEBUG : CVideoPlayerAudio::OutputPacket: pts:6.880 curr_pts:6.112 clock:6.112 level:99
2022-12-30 13:14:35.158 T:3904 DEBUG : CVideoPlayer::ProcessAudioData size:2560 dts:14.848 pts:14.848 dur:32.000ms, clock:6.116 drop:0 level:99
2022-12-30 13:14:35.160 T:3907 DEBUG : CAMLCodec::AddData: dl:2462235 sum:2462235 sz:57066 dts:7.549 pts:7.591
2022-12-30 13:14:35.160 T:3907 DEBUG : CAMLCodec::GetTimeSize: len:24 dl:2462235 fs:2462235 front:217394
2022-12-30 13:14:35.179 T:3665 INFO : Skipped 3 duplicate messages..
2022-12-30 13:14:35.179 T:3665 DEBUG : CAMLCodec::PollFrame elapsed:38.793ms
2022-12-30 13:14:35.181 T:3665 DEBUG : PrepareNextRender: frameOnScreen: 6.139 renderPts: 6.306 nextFramePts: 6.298 -> diff: 0.008 render: 1 forceNext: 0
2022-12-30 13:14:35.181 T:3665 DEBUG : CAMLCodec::ReleaseFrame idx:152, drop:0
2022-12-30 13:14:35.185 T:3907 DEBUG : CAMLCodec::GetTimeSize: len:24 dl:2462235 fs:2462235 front:217394
2022-12-30 13:14:35.204 T:3908 INFO : Skipped 3 duplicate messages..
2022-12-30 13:14:35.204 T:3908 DEBUG : CVideoPlayerAudio::OutputPacket: pts:6.912 curr_pts:6.162 clock:6.163 level:99
2022-12-30 13:14:35.205 T:3908 DEBUG : CVideoPlayerAudio::OutputPacket: pts:6.944 curr_pts:6.163 clock:6.163 level:99
2022-12-30 13:14:35.209 T:3904 DEBUG : CVideoPlayer::ProcessAudioData size:2560 dts:14.880 pts:14.880 dur:32.000ms, clock:6.167 drop:0 level:99
2022-12-30 13:14:35.209 T:3904 DEBUG : CVideoPlayer::ProcessAudioData size:2560 dts:14.912 pts:14.912 dur:32.000ms, clock:6.167 drop:0 level:99
2022-12-30 13:14:35.210 T:3907 DEBUG : CAMLCodec::GetTimeSize: len:24 dl:2462235 fs:2462235 front:217394
2022-12-30 13:14:35.221 T:3665 INFO : Skipped 1 duplicate messages..
2022-12-30 13:14:35.221 T:3665 DEBUG : CAMLCodec::PollFrame elapsed:39.238ms
2022-12-30 13:14:35.222 T:3665 DEBUG : PrepareNextRender: frameOnScreen: 6.181 renderPts: 6.347 nextFramePts: 6.340 -> diff: 0.007 render: 1 forceNext: 0
2022-12-30 13:14:35.222 T:3907 DEBUG : CAMLCodec::GetTimeSize: len:24 dl:2462235 fs:2462235 front:217394
2022-12-30 13:14:35.223 T:3907 DEBUG : CAMLCodec::DequeueBuffer: pts:6.548 idx:158
2022-12-30 13:14:35.223 T:3907 DEBUG : CAMLCodec::GetPicture: index: 158, pts: 6.548, dur:42ms ar:2.00
2022-12-30 13:14:35.223 T:3907 DEBUG : CVideoPlayerVideo::OutputPicture - ttd:367ms pts:6.548 Clock:6.181 Level:4
2022-12-30 13:14:35.223 T:3665 DEBUG : CAMLCodec::ReleaseFrame idx:153, drop:0
2022-12-30 13:14:35.224 T:3907 DEBUG : CAMLCodec::GetTimeSize: len:24 dl:2462235 fs:2462235 front:217394
2022-12-30 13:14:35.236 T:3907 INFO : Skipped 1 duplicate messages..
2022-12-30 13:14:35.236 T:3907 DEBUG : CAMLCodec::GetTimeSize: len:24 dl:2244841 fs:2462235 front:217394
2022-12-30 13:14:35.236 T:3907 DEBUG : CAMLCodec::GetTimeSize: len:23 dl:2244841 fs:2244841 front:20529
2022-12-30 13:14:35.244 T:3907 DEBUG : CAMLCodec::AddData: dl:2480958 sum:2480958 sz:236117 dts:7.591 pts:7.883
2022-12-30 13:14:35.244 T:3907 DEBUG : CAMLCodec::GetTimeSize: len:24 dl:2480958 fs:2480958 front:20529
2022-12-30 13:14:35.254 T:3908 INFO : Skipped 1 duplicate messages..
2022-12-30 13:14:35.254 T:3908 DEBUG : CVideoPlayerAudio::OutputPacket: pts:6.976 curr_pts:6.212 clock:6.212 level:99
2022-12-30 13:14:35.256 T:3907 DEBUG : CAMLCodec::GetTimeSize: len:24 dl:2480958 fs:2480958 front:20529
2022-12-30 13:14:35.259 T:3904 DEBUG : CVideoPlayer::ProcessAudioData size:2560 dts:14.944 pts:14.944 dur:32.000ms, clock:6.218 drop:0 level:99
2022-12-30 13:14:35.262 T:3665 DEBUG : CAMLCodec::PollFrame elapsed:39.226ms
2022-12-30 13:14:35.263 T:3907 DEBUG : CAMLCodec::GetTimeSize: len:24 dl:2480958 fs:2480958 front:20529
2022-12-30 13:14:35.264 T:3665 DEBUG : PrepareNextRender: frameOnScreen: 6.223 renderPts: 6.389 nextFramePts: 6.381 -> diff: 0.008 render: 1 forceNext: 0
2022-12-30 13:14:35.265 T:3665 DEBUG : CAMLCodec::ReleaseFrame idx:154, drop:0
2022-12-30 13:14:35.269 T:3907 DEBUG : CAMLCodec::GetTimeSize: len:24 dl:2480958 fs:2480958 front:20529
2022-12-30 13:14:35.269 T:3907 DEBUG : CAMLCodec::DequeueBuffer: pts:6.590 idx:159
2022-12-30 13:14:35.269 T:3907 DEBUG : CAMLCodec::GetPicture: index: 159, pts: 6.590, dur:42ms ar:2.00
2022-12-30 13:14:35.269 T:3907 DEBUG : CVideoPlayerVideo::OutputPicture - ttd:362ms pts:6.590 Clock:6.227 Level:4
2022-12-30 13:14:35.270 T:3907 DEBUG : CAMLCodec::GetTimeSize: len:24 dl:2480958 fs:2480958 front:20529
2022-12-30 13:14:35.276 T:3907 DEBUG : CAMLCodec::GetTimeSize: len:24 dl:2460429 fs:2480958 front:20529
2022-12-30 13:14:35.276 T:3907 DEBUG : CAMLCodec::GetTimeSize: len:23 dl:2460429 fs:2460429 front:281214
2022-12-30 13:14:35.276 T:3907 DEBUG : CAMLCodec::DequeueBuffer: pts:6.632 idx:160
2022-12-30 13:14:35.276 T:3907 DEBUG : CAMLCodec::GetPicture: index: 160, pts: 6.632, dur:42ms ar:2.00
2022-12-30 13:14:35.277 T:3907 DEBUG : CVideoPlayerVideo::OutputPicture - ttd:397ms pts:6.632 Clock:6.235 Level:5
2022-12-30 13:14:35.278 T:3907 DEBUG : CAMLCodec::GetTimeSize: len:23 dl:2460429 fs:2460429 front:281214
2022-12-30 13:14:35.285 T:3907 DEBUG : CAMLCodec::AddData: dl:2305577 sum:2586791 sz:126362 dts:7.633 pts:7.758
2022-12-30 13:14:35.285 T:3907 DEBUG : CAMLCodec::GetTimeSize: len:24 dl:2305577 fs:2586791 front:281214
2022-12-30 13:14:35.285 T:3907 DEBUG : CAMLCodec::GetTimeSize: len:23 dl:2305577 fs:2305577 front:213211
2022-12-30 13:14:35.290 T:3907 DEBUG : CAMLCodec::AddData: dl:2350790 sum:2350790 sz:45213 dts:7.674 pts:7.674
2022-12-30 13:14:35.291 T:3907 DEBUG : CAMLCodec::GetTimeSize: len:24 dl:2350790 fs:2350790 front:213211
2022-12-30 13:14:35.304 T:3665 INFO : Skipped 2 duplicate messages..
2022-12-30 13:14:35.304 T:3665 DEBUG : CAMLCodec::PollFrame elapsed:38.705ms
2022-12-30 13:14:35.304 T:3908 DEBUG : CVideoPlayerAudio::OutputPacket: pts:7.008 curr_pts:6.262 clock:6.262 level:99
2022-12-30 13:14:35.305 T:3908 DEBUG : CVideoPlayerAudio::OutputPacket: pts:7.040 curr_pts:6.263 clock:6.263 level:99
2022-12-30 13:14:35.306 T:3665 DEBUG : PrepareNextRender: frameOnScreen: 6.264 renderPts: 6.431 nextFramePts: 6.423 -> diff: 0.008 render: 1 forceNext: 0
2022-12-30 13:14:35.307 T:3665 DEBUG : CAMLCodec::ReleaseFrame idx:155, drop:0
2022-12-30 13:14:35.309 T:3907 DEBUG : CAMLCodec::GetTimeSize: len:24 dl:2350790 fs:2350790 front:213211
2022-12-30 13:14:35.309 T:3907 DEBUG : CAMLCodec::DequeueBuffer: pts:6.673 idx:161
2022-12-30 13:14:35.309 T:3907 DEBUG : CAMLCodec::GetPicture: index: 161, pts: 6.673, dur:41ms ar:2.00
2022-12-30 13:14:35.309 T:3907 DEBUG : CVideoPlayerVideo::OutputPicture - ttd:405ms pts:6.673 Clock:6.267 Level:5
2022-12-30 13:14:35.310 T:3904 DEBUG : CVideoPlayer::ProcessAudioData size:2560 dts:14.976 pts:14.976 dur:32.000ms, clock:6.268 drop:0 level:99
2022-12-30 13:14:35.310 T:3904 DEBUG : CVideoPlayer::ProcessAudioData size:2560 dts:15.008 pts:15.008 dur:32.000ms, clock:6.268 drop:0 level:99
2022-12-30 13:14:35.310 T:3907 DEBUG : CAMLCodec::GetTimeSize: len:24 dl:2350790 fs:2350790 front:213211
2022-12-30 13:14:35.317 T:3907 DEBUG : CAMLCodec::GetTimeSize: len:24 dl:2137579 fs:2350790 front:213211
2022-12-30 13:14:35.317 T:3907 DEBUG : CAMLCodec::GetTimeSize: len:23 dl:2137579 fs:2137579 front:172330
2022-12-30 13:14:35.322 T:3907 DEBUG : CAMLCodec::AddData: dl:2177264 sum:2177264 sz:39685 dts:7.716 pts:7.716
2022-12-30 13:14:35.322 T:3907 DEBUG : CAMLCodec::GetTimeSize: len:24 dl:2177264 fs:2177264 front:172330
2022-12-30 13:14:35.346 T:3665 INFO : Skipped 3 duplicate messages..
2022-12-30 13:14:35.346 T:3665 DEBUG : CAMLCodec::PollFrame elapsed:38.778ms
2022-12-30 13:14:35.347 T:3907 DEBUG : CAMLCodec::GetTimeSize: len:24 dl:2177264 fs:2177264 front:172330
2022-12-30 13:14:35.348 T:3665 DEBUG : PrepareNextRender: frameOnScreen: 6.306 renderPts: 6.472 nextFramePts: 6.465 -> diff: 0.007 render: 1 forceNext: 0
2022-12-30 13:14:35.348 T:3665 DEBUG : CAMLCodec::ReleaseFrame idx:156, drop:0
2022-12-30 13:14:35.353 T:3907 DEBUG : CAMLCodec::GetTimeSize: len:24 dl:2177264 fs:2177264 front:172330
2022-12-30 13:14:35.353 T:3907 DEBUG : CAMLCodec::DequeueBuffer: pts:6.715 idx:162
2022-12-30 13:14:35.353 T:3907 DEBUG : CAMLCodec::GetPicture: index: 162, pts: 6.715, dur:42ms ar:2.00
2022-12-30 13:14:35.353 T:3907 DEBUG : CVideoPlayerVideo::OutputPicture - ttd:403ms pts:6.715 Clock:6.311 Level:5
2022-12-30 13:14:35.354 T:3907 DEBUG : CAMLCodec::GetTimeSize: len:24 dl:2177264 fs:2177264 front:172330
2022-12-30 13:14:35.354 T:3908 DEBUG : CVideoPlayerAudio::OutputPacket: pts:7.072 curr_pts:6.312 clock:6.312 level:99
2022-12-30 13:14:35.360 T:3935 WARNING : CPythonInvoker(26, /storage/.kodi/addons/metadata.tvshows.themoviedb.org.python/main.py): the python script "/storage/.kodi/addons/metadata.tvshows.themoviedb.org.python/main.py" has left several classes in memory that we couldn't clean up. The classes include: N9XBMCAddon9xbmcaddon5AddonE
2022-12-30 13:14:35.360 T:3935 INFO : Python interpreter stopped
