2022-12-30 13:14:56.243 T:3665 DEBUG : PrepareNextRender: frameOnScreen: 27.201 renderPts: 27.368 nextFramePts: 27.361 -> diff: 0.007 render: 1 forceNext: 0
2022-12-30 13:14:56.244 T:3665 DEBUG : CAMLCodec::ReleaseFrame idx:657, drop:0
2022-12-30 13:14:56.247 T:3907 DEBUG : CAMLCodec::GetTimeSize: len:24 dl:2159294 fs:2159294 front:25993
2022-12-30 13:14:56.247 T:3907 DEBUG : CAMLCodec::DequeueBuffer: pts:27.611 idx:663
2022-12-30 13:14:56.247 T:3907 DEBUG : CAMLCodec::GetPicture: index: 663, pts: 27.611, dur:42ms ar:2.00
2022-12-30 13:14:56.247 T:3907 DEBUG : CVideoPlayerVideo::OutputPicture - ttd:405ms pts:27.611 Clock:27.205 Level:5
2022-12-30 13:14:56.248 T:3907 DEBUG : CAMLCodec::GetTimeSize: len:24 dl:2159294 fs:2159294 front:25993
2022-12-30 13:14:56.255 T:3908 DEBUG : CVideoPlayerAudio::OutputPacket: pts:27.968 curr_pts:27.212 clock:27.213 level:99
2022-12-30 13:14:56.255 T:3908 DEBUG : CVideoPlayerAudio::OutputPacket: pts:28.000 curr_pts:27.213 clock:27.213 level:99
2022-12-30 13:14:56.255 T:3907 DEBUG : CAMLCodec::GetTimeSize: len:24 dl:2133301 fs:2159294 front:25993
2022-12-30 13:14:56.255 T:3907 DEBUG : CAMLCodec::GetTimeSize: len:23 dl:2133301 fs:2133301 front:235440
2022-12-30 13:14:56.260 T:3904 DEBUG : CVideoPlayer::ProcessVideoData size:112964 dts:35.661 pts:35.953 dur:41.000ms, clock:27.218 level:88
2022-12-30 13:14:56.261 T:3907 DEBUG : CAMLCodec::AddData: dl:2158634 sum:2158634 sz:25333 dts:28.654 pts:28.695
2022-12-30 13:14:56.262 T:3907 DEBUG : CAMLCodec::GetTimeSize: len:24 dl:2158634 fs:2158634 front:235440
2022-12-30 13:14:56.262 T:3904 DEBUG : CVideoPlayer::ProcessVideoData size:79478 dts:35.702 pts:35.827 dur:41.000ms, clock:27.220 level:88
2022-12-30 13:14:56.262 T:3904 DEBUG : CVideoPlayer::ProcessVideoData size:41201 dts:35.744 pts:35.744 dur:41.000ms, clock:27.220 level:88
2022-12-30 13:14:56.262 T:3904 DEBUG : CVideoPlayer::ProcessVideoData size:37156 dts:35.786 pts:35.786 dur:41.000ms, clock:27.220 level:89
2022-12-30 13:14:56.262 T:3904 DEBUG : CVideoPlayer::ProcessVideoData size:38679 dts:35.827 pts:35.869 dur:41.000ms, clock:27.221 level:89
2022-12-30 13:14:56.263 T:3904 DEBUG : CVideoPlayer::ProcessVideoData size:36601 dts:35.869 pts:35.911 dur:41.000ms, clock:27.222 level:90
2022-12-30 13:14:56.264 T:3904 DEBUG : CVideoPlayer::ProcessAudioData size:2560 dts:35.936 pts:35.936 dur:32.000ms, clock:27.222 drop:0 level:99
2022-12-30 13:14:56.264 T:3904 DEBUG : CVideoPlayer::ProcessAudioData size:2560 dts:35.968 pts:35.968 dur:32.000ms, clock:27.222 drop:0 level:99
2022-12-30 13:14:56.268 T:3907 DEBUG : CAMLCodec::GetTimeSize: len:24 dl:2158634 fs:2158634 front:235440
2022-12-30 13:14:56.284 T:3665 INFO : Skipped 2 duplicate messages..
2022-12-30 13:14:56.283 T:3665 DEBUG : CAMLCodec::PollFrame elapsed:39.288ms
2022-12-30 13:14:56.287 T:3907 DEBUG : CAMLCodec::GetTimeSize: len:24 dl:2158634 fs:2158634 front:235440
2022-12-30 13:14:56.287 T:3907 DEBUG : CAMLCodec::DequeueBuffer: pts:27.653 idx:664
2022-12-30 13:14:56.287 T:3907 DEBUG : CAMLCodec::GetPicture: index: 664, pts: 27.653, dur:42ms ar:2.00
2022-12-30 13:14:56.287 T:3907 DEBUG : CVideoPlayerVideo::OutputPicture - ttd:408ms pts:27.653 Clock:27.245 Level:6
2022-12-30 13:14:56.288 T:3665 DEBUG : PrepareNextRender: frameOnScreen: 27.246 renderPts: 27.413 nextFramePts: 27.402 -> diff: 0.011 render: 1 forceNext: 0
2022-12-30 13:14:56.288 T:3907 DEBUG : CAMLCodec::GetTimeSize: len:24 dl:2158634 fs:2158634 front:235440
2022-12-30 13:14:56.289 T:3665 DEBUG : CAMLCodec::ReleaseFrame idx:658, drop:0
2022-12-30 13:14:56.294 T:3907 DEBUG : CAMLCodec::GetTimeSize: len:24 dl:2158634 fs:2158634 front:235440
2022-12-30 13:14:56.300 T:3907 DEBUG : CAMLCodec::GetTimeSize: len:24 dl:1923194 fs:2158634 front:235440
2022-12-30 13:14:56.301 T:3907 DEBUG : CAMLCodec::GetTimeSize: len:23 dl:1923194 fs:1923194 front:66740
2022-12-30 13:14:56.305 T:3908 DEBUG : CVideoPlayerAudio::OutputPacket: pts:28.032 curr_pts:27.262 clock:27.263 level:99
2022-12-30 13:14:56.305 T:3904 DEBUG : CVideoPlayer::ProcessAudioData size:2560 dts:36.000 pts:36.000 dur:32.000ms, clock:27.263 drop:0 level:99
2022-12-30 13:14:56.308 T:3907 DEBUG : CAMLCodec::AddData: dl:2111605 sum:2111605 sz:188411 dts:28.695 pts:28.904
2022-12-30 13:14:56.308 T:3907 DEBUG : CAMLCodec::GetTimeSize: len:24 dl:2111605 fs:2111605 front:66740
2022-12-30 13:14:56.325 T:3665 INFO : Skipped 2 duplicate messages..
2022-12-30 13:14:56.325 T:3665 DEBUG : CAMLCodec::PollFrame elapsed:35.804ms
2022-12-30 13:14:56.327 T:3907 DEBUG : CAMLCodec::GetTimeSize: len:24 dl:2111605 fs:2111605 front:66740
2022-12-30 13:14:56.327 T:3907 DEBUG : CAMLCodec::DequeueBuffer: pts:27.694 idx:665
2022-12-30 13:14:56.327 T:3907 DEBUG : CAMLCodec::GetPicture: index: 665, pts: 27.694, dur:41ms ar:2.00
2022-12-30 13:14:56.327 T:3907 DEBUG : CVideoPlayerVideo::OutputPicture - ttd:408ms pts:27.694 Clock:27.285 Level:6
2022-12-30 13:14:56.328 T:3907 DEBUG : CAMLCodec::GetTimeSize: len:24 dl:2111605 fs:2111605 front:66740
2022-12-30 13:14:56.330 T:3665 DEBUG : PrepareNextRender: frameOnScreen: 27.288 renderPts: 27.455 nextFramePts: 27.444 -> diff: 0.011 render: 1 forceNext: 0
2022-12-30 13:14:56.331 T:3665 DEBUG : CAMLCodec::ReleaseFrame idx:659, drop:0
2022-12-30 13:14:56.335 T:3907 DEBUG : CAMLCodec::GetTimeSize: len:24 dl:2111605 fs:2111605 front:66740
2022-12-30 13:14:56.341 T:3907 DEBUG : CAMLCodec::GetTimeSize: len:24 dl:2044865 fs:2111605 front:66740
2022-12-30 13:14:56.341 T:3907 DEBUG : CAMLCodec::GetTimeSize: len:23 dl:2044865 fs:2044865 front:20169
2022-12-30 13:14:56.348 T:3907 DEBUG : CAMLCodec::AddData: dl:2121782 sum:2121782 sz:76917 dts:28.737 pts:28.820
2022-12-30 13:14:56.349 T:3907 DEBUG : CAMLCodec::GetTimeSize: len:24 dl:2121782 fs:2121782 front:20169
2022-12-30 13:14:56.355 T:3908 DEBUG : CVideoPlayerAudio::OutputPacket: pts:28.064 curr_pts:27.312 clock:27.313 level:99
2022-12-30 13:14:56.355 T:3908 DEBUG : CVideoPlayerAudio::OutputPacket: pts:28.096 curr_pts:27.313 clock:27.313 level:99
2022-12-30 13:14:56.356 T:3907 DEBUG : CAMLCodec::GetTimeSize: len:24 dl:2121782 fs:2121782 front:20169
2022-12-30 13:14:56.356 T:3904 DEBUG : CVideoPlayer::ProcessVideoData size:81685 dts:35.911 pts:35.994 dur:41.000ms, clock:27.314 level:89
2022-12-30 13:14:56.358 T:3904 DEBUG : CVideoPlayer::ProcessVideoData size:156067 dts:35.953 pts:36.036 dur:41.000ms, clock:27.316 level:90
2022-12-30 13:14:56.359 T:3904 DEBUG : CVideoPlayer::ProcessAudioData size:2560 dts:36.032 pts:36.032 dur:32.000ms, clock:27.317 drop:0 level:99
2022-12-30 13:14:56.359 T:3904 DEBUG : CVideoPlayer::ProcessAudioData size:2560 dts:36.064 pts:36.064 dur:32.000ms, clock:27.317 drop:0 level:99
2022-12-30 13:14:56.362 T:3907 DEBUG : CAMLCodec::GetTimeSize: len:24 dl:2121782 fs:2121782 front:20169
2022-12-30 13:14:56.367 T:3665 DEBUG : CAMLCodec::PollFrame elapsed:35.767ms
2022-12-30 13:14:56.368 T:3907 DEBUG : CAMLCodec::GetTimeSize: len:24 dl:2121782 fs:2121782 front:20169
2022-12-30 13:14:56.371 T:3665 DEBUG : PrepareNextRender: frameOnScreen: 27.329 renderPts: 27.495 nextFramePts: 27.486 -> diff: 0.009 render: 1 forceNext: 0
2022-12-30 13:14:56.372 T:3665 DEBUG : CAMLCodec::ReleaseFrame idx:660, drop:0
2022-12-30 13:14:56.374 T:3907 DEBUG : CAMLCodec::GetTimeSize: len:24 dl:2121782 fs:2121782 front:20169
2022-12-30 13:14:56.375 T:3907 DEBUG : CAMLCodec::DequeueBuffer: pts:27.736 idx:666
2022-12-30 13:14:56.375 T:3907 DEBUG : CAMLCodec::GetPicture: index: 666, pts: 27.736, dur:42ms ar:2.00
2022-12-30 13:14:56.375 T:3907 DEBUG : CVideoPlayerVideo::OutputPicture - ttd:403ms pts:27.736 Clock:27.333 Level:5
2022-12-30 13:14:56.376 T:3907 DEBUG : CAMLCodec::GetTimeSize: len:24 dl:2121782 fs:2121782 front:20169
2022-12-30 13:14:56.382 T:3907 DEBUG : CAMLCodec::GetTimeSize: len:24 dl:2101613 fs:2121782 front:20169
2022-12-30 13:14:56.382 T:3907 DEBUG : CAMLCodec::GetTimeSize: len:23 dl:2101613 fs:2101613 front:19330
2022-12-30 13:14:56.387 T:3907 DEBUG : CAMLCodec::AddData: dl:2126458 sum:2126458 sz:24845 dts:28.779 pts:28.779
2022-12-30 13:14:56.387 T:3907 DEBUG : CAMLCodec::GetTimeSize: len:24 dl:2126458 fs:2126458 front:19330
2022-12-30 13:14:56.405 T:3908 INFO : Skipped 2 duplicate messages..
2022-12-30 13:14:56.405 T:3908 DEBUG : CVideoPlayerAudio::OutputPacket: pts:28.128 curr_pts:27.362 clock:27.363 level:99
2022-12-30 13:14:56.406 T:3907 DEBUG : CAMLCodec::GetTimeSize: len:24 dl:2126458 fs:2126458 front:19330
2022-12-30 13:14:56.409 T:3665 DEBUG : CAMLCodec::PollFrame elapsed:36.451ms
2022-12-30 13:14:56.410 T:3904 DEBUG : CVideoPlayer::ProcessAudioData size:2560 dts:36.096 pts:36.096 dur:32.000ms, clock:27.368 drop:0 level:99
2022-12-30 13:14:56.412 T:3907 DEBUG : CAMLCodec::GetTimeSize: len:24 dl:2126458 fs:2126458 front:19330
2022-12-30 13:14:56.413 T:3907 DEBUG : CAMLCodec::DequeueBuffer: pts:27.778 idx:667
2022-12-30 13:14:56.413 T:3907 DEBUG : CAMLCodec::GetPicture: index: 667, pts: 27.778, dur:42ms ar:2.00
2022-12-30 13:14:56.413 T:3907 DEBUG : CVideoPlayerVideo::OutputPicture - ttd:406ms pts:27.778 Clock:27.371 Level:6
2022-12-30 13:14:56.413 T:3665 DEBUG : PrepareNextRender: frameOnScreen: 27.371 renderPts: 27.538 nextFramePts: 27.527 -> diff: 0.011 render: 1 forceNext: 0
2022-12-30 13:14:56.414 T:3907 DEBUG : CAMLCodec::GetTimeSize: len:24 dl:2126458 fs:2126458 front:19330
2022-12-30 13:14:56.415 T:3665 DEBUG : CAMLCodec::ReleaseFrame idx:661, drop:0
2022-12-30 13:14:56.421 T:3907 DEBUG : CAMLCodec::GetTimeSize: len:24 dl:2107128 fs:2126458 front:19330
2022-12-30 13:14:56.421 T:3907 DEBUG : CAMLCodec::GetTimeSize: len:23 dl:2107128 fs:2107128 front:103313
2022-12-30 13:14:56.426 T:3907 DEBUG : CAMLCodec::AddData: dl:2129235 sum:2129235 sz:22107 dts:28.820 pts:28.862
2022-12-30 13:14:56.426 T:3907 DEBUG : CAMLCodec::GetTimeSize: len:24 dl:2129235 fs:2129235 front:103313
2022-12-30 13:14:56.450 T:3665 INFO : Skipped 3 duplicate messages..
2022-12-30 13:14:56.450 T:3665 DEBUG : CAMLCodec::PollFrame elapsed:35.238ms
2022-12-30 13:14:56.451 T:3907 DEBUG : CAMLCodec::GetTimeSize: len:24 dl:2129235 fs:2129235 front:103313
2022-12-30 13:14:56.455 T:3908 DEBUG : CVideoPlayerAudio::OutputPacket: pts:28.160 curr_pts:27.413 clock:27.413 level:99
2022-12-30 13:14:56.456 T:3908 DEBUG : CVideoPlayerAudio::OutputPacket: pts:28.192 curr_pts:27.414 clock:27.414 level:99
2022-12-30 13:14:56.457 T:3907 DEBUG : CAMLCodec::GetTimeSize: len:24 dl:2129235 fs:2129235 front:103313
2022-12-30 13:14:56.458 T:3907 DEBUG : CAMLCodec::DequeueBuffer: pts:27.819 idx:668
2022-12-30 13:14:56.458 T:3907 DEBUG : CAMLCodec::GetPicture: index: 668, pts: 27.819, dur:41ms ar:2.00
2022-12-30 13:14:56.458 T:3665 DEBUG : PrepareNextRender: frameOnScreen: 27.415 renderPts: 27.582 nextFramePts: 27.569 -> diff: 0.013 render: 1 forceNext: 0
2022-12-30 13:14:56.458 T:3907 DEBUG : CVideoPlayerVideo::OutputPicture - ttd:403ms pts:27.819 Clock:27.416 Level:5
2022-12-30 13:14:56.459 T:3665 DEBUG : CAMLCodec::ReleaseFrame idx:662, drop:0
2022-12-30 13:14:56.459 T:3907 DEBUG : CAMLCodec::GetTimeSize: len:24 dl:2129235 fs:2129235 front:103313
2022-12-30 13:14:56.461 T:3904 DEBUG : CVideoPlayer::ProcessAudioData size:2560 dts:36.128 pts:36.128 dur:32.000ms, clock:27.419 drop:0 level:99
2022-12-30 13:14:56.461 T:3904 DEBUG : CVideoPlayer::ProcessAudioData size:2560 dts:36.160 pts:36.160 dur:32.000ms, clock:27.419 drop:0 level:99
2022-12-30 13:14:56.465 T:3907 DEBUG : CAMLCodec::GetTimeSize: len:24 dl:2025922 fs:2129235 front:103313
2022-12-30 13:14:56.465 T:3907 DEBUG : CAMLCodec::GetTimeSize: len:23 dl:2025922 fs:2025922 front:19351
2022-12-30 13:14:56.473 T:3907 DEBUG : CAMLCodec::AddData: dl:2201256 sum:2201256 sz:175334 dts:28.862 pts:29.071
2022-12-30 13:14:56.473 T:3907 DEBUG : CAMLCodec::GetTimeSize: len:24 dl:2201256 fs:2201256 front:19351
2022-12-30 13:14:56.492 T:3665 INFO : Skipped 3 duplicate messages..
2022-12-30 13:14:56.492 T:3665 DEBUG : CAMLCodec::PollFrame elapsed:32.874ms
2022-12-30 13:14:56.496 T:3665 DEBUG : PrepareNextRender: frameOnScreen: 27.454 renderPts: 27.621 nextFramePts: 27.611 -> diff: 0.010 render: 1 forceNext: 0
2022-12-30 13:14:56.497 T:3665 DEBUG : CAMLCodec::ReleaseFrame idx:663, drop:0
2022-12-30 13:14:56.498 T:3907 DEBUG : CAMLCodec::GetTimeSize: len:24 dl:2201256 fs:2201256 front:19351
2022-12-30 13:14:56.498 T:3907 DEBUG : CAMLCodec::DequeueBuffer: pts:27.861 idx:669
2022-12-30 13:14:56.498 T:3907 DEBUG : CAMLCodec::GetPicture: index: 669, pts: 27.861, dur:42ms ar:2.00
2022-12-30 13:14:56.498 T:3907 DEBUG : CVideoPlayerVideo::OutputPicture - ttd:404ms pts:27.861 Clock:27.456 Level:5
2022-12-30 13:14:56.499 T:3907 DEBUG : CAMLCodec::GetTimeSize: len:24 dl:2201256 fs:2201256 front:19351
2022-12-30 13:14:56.505 T:3908 DEBUG : CVideoPlayerAudio::OutputPacket: pts:28.224 curr_pts:27.462 clock:27.463 level:99
2022-12-30 13:14:56.506 T:3907 DEBUG : CAMLCodec::GetTimeSize: len:24 dl:2181905 fs:2201256 front:19351
2022-12-30 13:14:56.506 T:3907 DEBUG : CAMLCodec::GetTimeSize: len:23 dl:2181905 fs:2181905 front:319507
2022-12-30 13:14:56.511 T:3904 DEBUG : CVideoPlayer::ProcessAudioData size:2560 dts:36.192 pts:36.192 dur:32.000ms, clock:27.469 drop:0 level:99
2022-12-30 13:14:56.514 T:3907 DEBUG : CAMLCodec::AddData: dl:2256479 sum:2256479 sz:74574 dts:28.904 pts:28.987
2022-12-30 13:14:56.514 T:3907 DEBUG : CAMLCodec::GetTimeSize: len:24 dl:2256479 fs:2256479 front:319507
2022-12-30 13:14:56.534 T:3665 INFO : Skipped 3 duplicate messages..
2022-12-30 13:14:56.534 T:3665 DEBUG : CAMLCodec::PollFrame elapsed:36.214ms
2022-12-30 13:14:56.537 T:3665 DEBUG : PrepareNextRender: frameOnScreen: 27.495 renderPts: 27.662 nextFramePts: 27.653 -> diff: 0.009 render: 1 forceNext: 0
2022-12-30 13:14:56.538 T:3665 DEBUG : CAMLCodec::ReleaseFrame idx:664, drop:0
2022-12-30 13:14:56.539 T:3907 DEBUG : CAMLCodec::GetTimeSize: len:24 dl:2256479 fs:2256479 front:319507
2022-12-30 13:14:56.539 T:3907 DEBUG : CAMLCodec::DequeueBuffer: pts:27.903 idx:670
2022-12-30 13:14:56.539 T:3907 DEBUG : CAMLCodec::GetPicture: index: 670, pts: 27.903, dur:42ms ar:2.00
2022-12-30 13:14:56.539 T:3907 DEBUG : CVideoPlayerVideo::OutputPicture - ttd:406ms pts:27.903 Clock:27.497 Level:5
2022-12-30 13:14:56.540 T:3907 DEBUG : CAMLCodec::GetTimeSize: len:24 dl:2256479 fs:2256479 front:319507
2022-12-30 13:14:56.540 T:3907 DEBUG : CAMLCodec::DequeueBuffer: pts:27.945 idx:671
2022-12-30 13:14:56.540 T:3907 DEBUG : CAMLCodec::GetPicture: index: 671, pts: 27.945, dur:42ms ar:2.00
2022-12-30 13:14:56.540 T:3907 DEBUG : CVideoPlayerVideo::OutputPicture - ttd:446ms pts:27.945 Clock:27.498 Level:6
2022-12-30 13:14:56.541 T:3907 DEBUG : CAMLCodec::GetTimeSize: len:24 dl:2256479 fs:2256479 front:319507
2022-12-30 13:14:56.541 T:3907 DEBUG : CAMLCodec::DequeueBuffer: pts:27.986 idx:672
2022-12-30 13:14:56.541 T:3907 DEBUG : CAMLCodec::GetPicture: index: 672, pts: 27.986, dur:41ms ar:2.00
2022-12-30 13:14:56.555 T:3908 DEBUG : CVideoPlayerAudio::OutputPacket: pts:28.256 curr_pts:27.512 clock:27.513 level:99
2022-12-30 13:14:56.555 T:3908 DEBUG : CVideoPlayerAudio::OutputPacket: pts:28.288 curr_pts:27.513 clock:27.513 level:99
2022-12-30 13:14:56.562 T:3904 DEBUG : CVideoPlayer::ProcessAudioData size:2560 dts:36.224 pts:36.224 dur:32.000ms, clock:27.520 drop:0 level:99
2022-12-30 13:14:56.562 T:3904 DEBUG : CVideoPlayer::ProcessAudioData size:2560 dts:36.256 pts:36.256 dur:32.000ms, clock:27.520 drop:0 level:99
2022-12-30 13:14:56.575 T:3665 DEBUG : CAMLCodec::PollFrame elapsed:37.368ms
2022-12-30 13:14:56.579 T:3665 DEBUG : PrepareNextRender: frameOnScreen: 27.537 renderPts: 27.704 nextFramePts: 27.694 -> diff: 0.010 render: 1 forceNext: 0
2022-12-30 13:14:56.579 T:3907 DEBUG : CVideoPlayerVideo::OutputPicture - ttd:486ms pts:27.986 Clock:27.499 Level:6
2022-12-30 13:14:56.580 T:3665 DEBUG : CAMLCodec::ReleaseFrame idx:665, drop:0
2022-12-30 13:14:56.580 T:3907 DEBUG : CAMLCodec::GetTimeSize: len:24 dl:1936972 fs:2256479 front:319507
2022-12-30 13:14:56.581 T:3907 DEBUG : CAMLCodec::GetTimeSize: len:23 dl:1936972 fs:1936972 front:228286
2022-12-30 13:14:56.586 T:3907 DEBUG : CAMLCodec::AddData: dl:1958799 sum:1958799 sz:21827 dts:28.946 pts:28.946
2022-12-30 13:14:56.586 T:3907 DEBUG : CAMLCodec::GetTimeSize: len:24 dl:1958799 fs:1958799 front:228286
2022-12-30 13:14:56.592 T:3907 DEBUG : CAMLCodec::GetTimeSize: len:24 dl:1730513 fs:1958799 front:228286
2022-12-30 13:14:56.592 T:3907 DEBUG : CAMLCodec::GetTimeSize: len:23 dl:1730513 fs:1730513 front:72573
2022-12-30 13:14:56.597 T:3907 DEBUG : CAMLCodec::AddData: dl:1752862 sum:1752862 sz:22349 dts:28.987 pts:29.029
2022-12-30 13:14:56.597 T:3907 DEBUG : CAMLCodec::GetTimeSize: len:24 dl:1752862 fs:1752862 front:72573
2022-12-30 13:14:56.605 T:3908 INFO : Skipped 1 duplicate messages..
2022-12-30 13:14:56.605 T:3908 DEBUG : CVideoPlayerAudio::OutputPacket: pts:28.320 curr_pts:27.562 clock:27.563 level:99
2022-12-30 13:14:56.610 T:3907 DEBUG : CAMLCodec::GetTimeSize: len:24 dl:1752862 fs:1752862 front:72573
2022-12-30 13:14:56.614 T:3904 DEBUG : CVideoPlayer::ProcessAudioData size:2560 dts:36.288 pts:36.288 dur:32.000ms, clock:27.572 drop:0 level:99
2022-12-30 13:14:56.617 T:3907 DEBUG : CAMLCodec::GetTimeSize: len:24 dl:1752862 fs:1752862 front:72573
2022-12-30 13:14:56.617 T:3665 DEBUG : CAMLCodec::PollFrame elapsed:36.443ms
2022-12-30 13:14:56.620 T:3665 DEBUG : PrepareNextRender: frameOnScreen: 27.578 renderPts: 27.745 nextFramePts: 27.736 -> diff: 0.009 render: 1 forceNext: 0
2022-12-30 13:14:56.622 T:3665 DEBUG : CAMLCodec::ReleaseFrame idx:666, drop:0
2022-12-30 13:14:56.623 T:3907 DEBUG : CAMLCodec::GetTimeSize: len:24 dl:1752862 fs:1752862 front:72573
2022-12-30 13:14:56.629 T:3907 DEBUG : CAMLCodec::GetTimeSize: len:24 dl:1680289 fs:1752862 front:72573
2022-12-30 13:14:56.629 T:3907 DEBUG : CAMLCodec::GetTimeSize: len:23 dl:1680289 fs:1680289 front:20770
2022-12-30 13:14:56.637 T:3907 DEBUG : CAMLCodec::AddData: dl:1816226 sum:1816226 sz:135937 dts:29.029 pts:29.238
2022-12-30 13:14:56.637 T:3907 DEBUG : CAMLCodec::GetTimeSize: len:24 dl:1816226 fs:1816226 front:20770
2022-12-30 13:14:56.655 T:3908 INFO : Skipped 2 duplicate messages..
2022-12-30 13:14:56.655 T:3908 DEBUG : CVideoPlayerAudio::OutputPacket: pts:28.352 curr_pts:27.612 clock:27.613 level:99
2022-12-30 13:14:56.655 T:3908 DEBUG : CVideoPlayerAudio::OutputPacket: pts:28.384 curr_pts:27.613 clock:27.613 level:99
2022-12-30 13:14:56.656 T:3904 DEBUG : CVideoPlayer::ProcessAudioData size:2560 dts:36.320 pts:36.320 dur:32.000ms, clock:27.614 drop:0 level:99
2022-12-30 13:14:56.656 T:3904 DEBUG : CVideoPlayer::ProcessAudioData size:2560 dts:36.352 pts:36.352 dur:32.000ms, clock:27.614 drop:0 level:99
2022-12-30 13:14:56.657 T:3907 DEBUG : CAMLCodec::GetTimeSize: len:24 dl:1816226 fs:1816226 front:20770
2022-12-30 13:14:56.659 T:3665 DEBUG : CAMLCodec::PollFrame elapsed:36.432ms
2022-12-30 13:14:56.662 T:3665 DEBUG : PrepareNextRender: frameOnScreen: 27.620 renderPts: 27.787 nextFramePts: 27.778 -> diff: 0.009 render: 1 forceNext: 0
2022-12-30 13:14:56.663 T:3907 DEBUG : CAMLCodec::GetTimeSize: len:24 dl:1816226 fs:1816226 front:20770
2022-12-30 13:14:56.664 T:3907 DEBUG : CAMLCodec::DequeueBuffer: pts:28.028 idx:673
2022-12-30 13:14:56.664 T:3907 DEBUG : CAMLCodec::GetPicture: index: 673, pts: 28.028, dur:42ms ar:2.00
2022-12-30 13:14:56.664 T:3907 DEBUG : CVideoPlayerVideo::OutputPicture - ttd:406ms pts:28.028 Clock:27.622 Level:5
2022-12-30 13:14:56.664 T:3665 DEBUG : CAMLCodec::ReleaseFrame idx:667, drop:0
2022-12-30 13:14:56.665 T:3907 DEBUG : CAMLCodec::GetTimeSize: len:24 dl:1816226 fs:1816226 front:20770
2022-12-30 13:14:56.671 T:3907 DEBUG : CAMLCodec::GetTimeSize: len:24 dl:1795456 fs:1816226 front:20770
2022-12-30 13:14:56.671 T:3907 DEBUG : CAMLCodec::GetTimeSize: len:23 dl:1795456 fs:1795456 front:23967
2022-12-30 13:14:56.678 T:3907 DEBUG : CAMLCodec::AddData: dl:1864162 sum:1864162 sz:68706 dts:29.071 pts:29.154
2022-12-30 13:14:56.679 T:3907 DEBUG : CAMLCodec::GetTimeSize: len:24 dl:1864162 fs:1864162 front:23967
2022-12-30 13:14:56.701 T:3665 INFO : Skipped 3 duplicate messages..
2022-12-30 13:14:56.701 T:3665 DEBUG : CAMLCodec::PollFrame elapsed:36.178ms
2022-12-30 13:14:56.704 T:3907 DEBUG : CAMLCodec::GetTimeSize: len:24 dl:1864162 fs:1864162 front:23967
2022-12-30 13:14:56.704 T:3907 DEBUG : CAMLCodec::DequeueBuffer: pts:28.070 idx:674
2022-12-30 13:14:56.704 T:3907 DEBUG : CAMLCodec::GetPicture: index: 674, pts: 28.070, dur:42ms ar:2.00
2022-12-30 13:14:56.704 T:3907 DEBUG : CVideoPlayerVideo::OutputPicture - ttd:407ms pts:28.070 Clock:27.662 Level:6
2022-12-30 13:14:56.705 T:3907 DEBUG : CAMLCodec::GetTimeSize: len:24 dl:1864162 fs:1864162 front:23967
2022-12-30 13:14:56.706 T:3908 DEBUG : CVideoPlayerAudio::OutputPacket: pts:28.416 curr_pts:27.663 clock:27.664 level:99
2022-12-30 13:14:56.707 T:3908 DEBUG : CVideoPlayerAudio::OutputPacket: pts:28.448 curr_pts:27.664 clock:27.665 level:99
2022-12-30 13:14:56.708 T:3904 DEBUG : CVideoPlayer::ProcessAudioData size:2560 dts:36.384 pts:36.384 dur:32.000ms, clock:27.666 drop:0 level:99
2022-12-30 13:14:56.708 T:3904 DEBUG : CVideoPlayer::ProcessAudioData size:2560 dts:36.416 pts:36.416 dur:32.000ms, clock:27.666 drop:0 level:99
2022-12-30 13:14:56.708 T:3665 DEBUG : PrepareNextRender: frameOnScreen: 27.666 renderPts: 27.833 nextFramePts: 27.819 -> diff: 0.014 render: 1 forceNext: 0
2022-12-30 13:14:56.709 T:3665 DEBUG : CAMLCodec::ReleaseFrame idx:668, drop:0
2022-12-30 13:14:56.712 T:3907 DEBUG : CAMLCodec::GetTimeSize: len:24 dl:1840195 fs:1864162 front:23967
2022-12-30 13:14:56.712 T:3907 DEBUG : CAMLCodec::GetTimeSize: len:23 dl:1840195 fs:1840195 front:210426
2022-12-30 13:14:56.717 T:3907 DEBUG : CAMLCodec::AddData: dl:1861581 sum:1861581 sz:21386 dts:29.112 pts:29.112
2022-12-30 13:14:56.717 T:3907 DEBUG : CAMLCodec::GetTimeSize: len:24 dl:1861581 fs:1861581 front:210426
2022-12-30 13:14:56.742 T:3665 INFO : Skipped 4 duplicate messages..
2022-12-30 13:14:56.742 T:3665 DEBUG : CAMLCodec::PollFrame elapsed:32.611ms
2022-12-30 13:14:56.745 T:3665 DEBUG : PrepareNextRender: frameOnScreen: 27.703 renderPts: 27.870 nextFramePts: 27.861 -> diff: 0.009 render: 1 forceNext: 0
2022-12-30 13:14:56.746 T:3665 DEBUG : CAMLCodec::ReleaseFrame idx:669, drop:0
2022-12-30 13:14:56.748 T:3907 DEBUG : CAMLCodec::GetTimeSize: len:24 dl:1861581 fs:1861581 front:210426
2022-12-30 13:14:56.748 T:3907 DEBUG : CAMLCodec::DequeueBuffer: pts:28.111 idx:675
2022-12-30 13:14:56.748 T:3907 DEBUG : CAMLCodec::GetPicture: index: 675, pts: 28.111, dur:41ms ar:2.00
2022-12-30 13:14:56.748 T:3907 DEBUG : CVideoPlayerVideo::OutputPicture - ttd:404ms pts:28.111 Clock:27.706 Level:5
2022-12-30 13:14:56.749 T:3907 DEBUG : CAMLCodec::GetTimeSize: len:24 dl:1861581 fs:1861581 front:210426
2022-12-30 13:14:56.755 T:3908 DEBUG : CVideoPlayerAudio::OutputPacket: pts:28.480 curr_pts:27.712 clock:27.713 level:99
2022-12-30 13:14:56.756 T:3907 DEBUG : CAMLCodec::GetTimeSize: len:24 dl:1651155 fs:1861581 front:210426
2022-12-30 13:14:56.756 T:3907 DEBUG : CAMLCodec::GetTimeSize: len:23 dl:1651155 fs:1651155 front:96572
2022-12-30 13:14:56.758 T:3904 DEBUG : CVideoPlayer::ProcessAudioData size:2560 dts:36.448 pts:36.448 dur:32.000ms, clock:27.717 drop:0 level:99
2022-12-30 13:14:56.761 T:3907 DEBUG : CAMLCodec::AddData: dl:1671879 sum:1671879 sz:20724 dts:29.154 pts:29.196
2022-12-30 13:14:56.761 T:3907 DEBUG : CAMLCodec::GetTimeSize: len:24 dl:1671879 fs:1671879 front:96572
2022-12-30 13:14:56.784 T:3665 INFO : Skipped 3 duplicate messages..
2022-12-30 13:14:56.784 T:3665 DEBUG : CAMLCodec::PollFrame elapsed:37.433ms
2022-12-30 13:14:56.786 T:3907 DEBUG : CAMLCodec::GetTimeSize: len:24 dl:1671879 fs:1671879 front:96572
2022-12-30 13:14:56.786 T:3907 DEBUG : CAMLCodec::DequeueBuffer: pts:28.153 idx:676
2022-12-30 13:14:56.786 T:3907 DEBUG : CAMLCodec::GetPicture: index: 676, pts: 28.153, dur:42ms ar:2.00
2022-12-30 13:14:56.786 T:3907 DEBUG : CVideoPlayerVideo::OutputPicture - ttd:408ms pts:28.153 Clock:27.744 Level:6
2022-12-30 13:14:56.788 T:3907 DEBUG : CAMLCodec::GetTimeSize: len:24 dl:1671879 fs:1671879 front:96572
2022-12-30 13:14:56.789 T:3665 DEBUG : PrepareNextRender: frameOnScreen: 27.747 renderPts: 27.913 nextFramePts: 27.903 -> diff: 0.010 render: 1 forceNext: 0
2022-12-30 13:14:56.790 T:3665 DEBUG : CAMLCodec::ReleaseFrame idx:670, drop:0
2022-12-30 13:14:56.794 T:3907 DEBUG : CAMLCodec::GetTimeSize: len:24 dl:1575307 fs:1671879 front:96572
2022-12-30 13:14:56.794 T:3907 DEBUG : CAMLCodec::GetTimeSize: len:23 dl:1575307 fs:1575307 front:36185
2022-12-30 13:14:56.801 T:3907 DEBUG : CAMLCodec::AddData: dl:1735625 sum:1735625 sz:160318 dts:29.196 pts:29.404
2022-12-30 13:14:56.801 T:3907 DEBUG : CAMLCodec::GetTimeSize: len:24 dl:1735625 fs:1735625 front:36185
2022-12-30 13:14:56.805 T:3908 DEBUG : CVideoPlayerAudio::OutputPacket: pts:28.512 curr_pts:27.762 clock:27.763 level:99
2022-12-30 13:14:56.806 T:3908 DEBUG : CVideoPlayerAudio::OutputPacket: pts:28.544 curr_pts:27.763 clock:27.764 level:99
2022-12-30 13:14:56.808 T:3907 DEBUG : CAMLCodec::GetTimeSize: len:24 dl:1735625 fs:1735625 front:36185
2022-12-30 13:14:56.809 T:3904 DEBUG : CVideoPlayer::ProcessAudioData size:2560 dts:36.480 pts:36.480 dur:32.000ms, clock:27.767 drop:0 level:99
2022-12-30 13:14:56.809 T:3904 DEBUG : CVideoPlayer::ProcessAudioData size:2560 dts:36.512 pts:36.512 dur:32.000ms, clock:27.767 drop:0 level:99
2022-12-30 13:14:56.814 T:3907 DEBUG : CAMLCodec::GetTimeSize: len:24 dl:1735625 fs:1735625 front:36185
2022-12-30 13:14:56.826 T:3665 INFO : Skipped 1 duplicate messages..
2022-12-30 13:14:56.826 T:3665 DEBUG : CAMLCodec::PollFrame elapsed:35.412ms
2022-12-30 13:14:56.826 T:3907 DEBUG : CAMLCodec::GetTimeSize: len:24 dl:1735625 fs:1735625 front:36185
2022-12-30 13:14:56.829 T:3665 DEBUG : PrepareNextRender: frameOnScreen: 27.787 renderPts: 27.954 nextFramePts: 27.945 -> diff: 0.009 render: 1 forceNext: 0
2022-12-30 13:14:56.831 T:3665 DEBUG : CAMLCodec::ReleaseFrame idx:671, drop:0
2022-12-30 13:14:56.833 T:3907 DEBUG : CAMLCodec::GetTimeSize: len:24 dl:1735625 fs:1735625 front:36185
2022-12-30 13:14:56.833 T:3907 DEBUG : CAMLCodec::DequeueBuffer: pts:28.195 idx:677
2022-12-30 13:14:56.833 T:3907 DEBUG : CAMLCodec::GetPicture: index: 677, pts: 28.195, dur:42ms ar:2.00
2022-12-30 13:14:56.833 T:3907 DEBUG : CVideoPlayerVideo::OutputPicture - ttd:403ms pts:28.195 Clock:27.791 Level:5
2022-12-30 13:14:56.834 T:3907 DEBUG : CAMLCodec::GetTimeSize: len:24 dl:1735625 fs:1735625 front:36185
2022-12-30 13:14:56.840 T:3907 DEBUG : CAMLCodec::GetTimeSize: len:24 dl:1699440 fs:1735625 front:36185
2022-12-30 13:14:56.840 T:3907 DEBUG : CAMLCodec::GetTimeSize: len:23 dl:1699440 fs:1699440 front:39069
2022-12-30 13:14:56.848 T:3907 DEBUG : CAMLCodec::AddData: dl:1785558 sum:1785558 sz:86118 dts:29.238 pts:29.321
2022-12-30 13:14:56.848 T:3907 DEBUG : CAMLCodec::GetTimeSize: len:24 dl:1785558 fs:1785558 front:39069
2022-12-30 13:14:56.855 T:3908 DEBUG : CVideoPlayerAudio::OutputPacket: pts:28.576 curr_pts:27.812 clock:27.813 level:99
2022-12-30 13:14:56.855 T:3907 DEBUG : CAMLCodec::GetTimeSize: len:24 dl:1785558 fs:1785558 front:39069
2022-12-30 13:14:56.861 T:3904 DEBUG : CVideoPlayer::ProcessVideoData size:114835 dts:35.994 pts:36.370 dur:41.000ms, clock:27.819 level:84
2022-12-30 13:14:56.861 T:3904 DEBUG : CVideoPlayer::ProcessVideoData size:97878 dts:36.036 pts:36.203 dur:41.000ms, clock:27.819 level:84
2022-12-30 13:14:56.862 T:3904 DEBUG : CVideoPlayer::ProcessVideoData size:44784 dts:36.078 pts:36.078 dur:41.000ms, clock:27.820 level:85
2022-12-30 13:14:56.863 T:3904 DEBUG : CVideoPlayer::ProcessVideoData size:53436 dts:36.119 pts:36.119 dur:41.000ms, clock:27.821 level:85
2022-12-30 13:14:56.863 T:3904 DEBUG : CVideoPlayer::ProcessVideoData size:49028 dts:36.161 pts:36.161 dur:41.000ms, clock:27.821 level:86
2022-12-30 13:14:56.864 T:3904 DEBUG : CVideoPlayer::ProcessVideoData size:48407 dts:36.203 pts:36.245 dur:41.000ms, clock:27.822 level:87
2022-12-30 13:14:56.865 T:3904 DEBUG : CVideoPlayer::ProcessVideoData size:47354 dts:36.245 pts:36.286 dur:41.000ms, clock:27.823 level:87
2022-12-30 13:14:56.866 T:3904 DEBUG : CVideoPlayer::ProcessVideoData size:43166 dts:36.286 pts:36.328 dur:41.000ms, clock:27.824 level:88
2022-12-30 13:14:56.868 T:3907 DEBUG : CAMLCodec::GetTimeSize: len:24 dl:1785558 fs:1785558 front:39069
2022-12-30 13:14:56.868 T:3904 DEBUG : CVideoPlayer::ProcessAudioData size:2560 dts:36.544 pts:36.544 dur:32.000ms, clock:27.826 drop:0 level:99
2022-12-30 13:14:56.868 T:3665 DEBUG : CAMLCodec::PollFrame elapsed:37.223ms
2022-12-30 13:14:56.872 T:3665 DEBUG : PrepareNextRender: frameOnScreen: 27.830 renderPts: 27.997 nextFramePts: 27.986 -> diff: 0.011 render: 1 forceNext: 0
2022-12-30 13:14:56.873 T:3665 DEBUG : CAMLCodec::ReleaseFrame idx:672, drop:0
2022-12-30 13:14:56.874 T:3907 DEBUG : CAMLCodec::GetTimeSize: len:24 dl:1785558 fs:1785558 front:39069
2022-12-30 13:14:56.874 T:3907 DEBUG : CAMLCodec::DequeueBuffer: pts:28.237 idx:678
2022-12-30 13:14:56.874 T:3907 DEBUG : CAMLCodec::GetPicture: index: 678, pts: 28.237, dur:42ms ar:2.00
2022-12-30 13:14:56.874 T:3907 DEBUG : CVideoPlayerVideo::OutputPicture - ttd:404ms pts:28.237 Clock:27.832 Level:5
2022-12-30 13:14:56.875 T:3907 DEBUG : CAMLCodec::GetTimeSize: len:24 dl:1785558 fs:1785558 front:39069
2022-12-30 13:14:56.881 T:3907 DEBUG : CAMLCodec::GetTimeSize: len:24 dl:1746489 fs:1785558 front:39069
2022-12-30 13:14:56.881 T:3907 DEBUG : CAMLCodec::GetTimeSize: len:23 dl:1746489 fs:1746489 front:24858
2022-12-30 13:14:56.887 T:3907 DEBUG : CAMLCodec::AddData: dl:1766014 sum:1766014 sz:19525 dts:29.279 pts:29.279
2022-12-30 13:14:56.887 T:3907 DEBUG : CAMLCodec::GetTimeSize: len:24 dl:1766014 fs:1766014 front:24858
2022-12-30 13:14:56.905 T:3908 INFO : Skipped 2 duplicate messages..
2022-12-30 13:14:56.905 T:3908 DEBUG : CVideoPlayerAudio::OutputPacket: pts:28.608 curr_pts:27.862 clock:27.863 level:99
2022-12-30 13:14:56.906 T:3908 DEBUG : CVideoPlayerAudio::OutputPacket: pts:28.640 curr_pts:27.863 clock:27.864 level:99
2022-12-30 13:14:56.907 T:3907 DEBUG : CAMLCodec::GetTimeSize: len:24 dl:1766014 fs:1766014 front:24858
2022-12-30 13:14:56.909 T:3904 DEBUG : CVideoPlayer::ProcessAudioData size:2560 dts:36.576 pts:36.576 dur:32.000ms, clock:27.867 drop:0 level:99
2022-12-30 13:14:56.909 T:3904 DEBUG : CVideoPlayer::ProcessAudioData size:2560 dts:36.608 pts:36.608 dur:32.000ms, clock:27.867 drop:0 level:99
2022-12-30 13:14:56.909 T:3665 DEBUG : CAMLCodec::PollFrame elapsed:35.639ms
2022-12-30 13:14:56.912 T:3665 DEBUG : PrepareNextRender: frameOnScreen: 27.870 renderPts: 28.037 nextFramePts: 28.028 -> diff: 0.009 render: 1 forceNext: 0
2022-12-30 13:14:56.913 T:3907 DEBUG : CAMLCodec::GetTimeSize: len:24 dl:1766014 fs:1766014 front:24858
2022-12-30 13:14:56.913 T:3907 DEBUG : CAMLCodec::DequeueBuffer: pts:28.278 idx:679
2022-12-30 13:14:56.913 T:3907 DEBUG : CAMLCodec::GetPicture: index: 679, pts: 28.278, dur:41ms ar:2.00
2022-12-30 13:14:56.914 T:3907 DEBUG : CVideoPlayerVideo::OutputPicture - ttd:406ms pts:28.278 Clock:27.872 Level:5
2022-12-30 13:14:56.915 T:3907 DEBUG : CAMLCodec::GetTimeSize: len:24 dl:1766014 fs:1766014 front:24858
2022-12-30 13:14:56.915 T:3665 DEBUG : CAMLCodec::ReleaseFrame idx:673, drop:0
2022-12-30 13:14:56.921 T:3907 DEBUG : CAMLCodec::GetTimeSize: len:24 dl:1741156 fs:1766014 front:24858
2022-12-30 13:14:56.921 T:3907 DEBUG : CAMLCodec::GetTimeSize: len:23 dl:1741156 fs:1741156 front:189867
2022-12-30 13:14:56.928 T:3907 DEBUG : CAMLCodec::AddData: dl:1812562 sum:1812562 sz:71406 dts:29.321 pts:29.363
2022-12-30 13:14:56.929 T:3907 DEBUG : CAMLCodec::GetTimeSize: len:24 dl:1812562 fs:1812562 front:189867
2022-12-30 13:14:56.951 T:3665 INFO : Skipped 3 duplicate messages..
2022-12-30 13:14:56.951 T:3665 DEBUG : CAMLCodec::PollFrame elapsed:35.799ms
2022-12-30 13:14:56.954 T:3907 DEBUG : CAMLCodec::GetTimeSize: len:24 dl:1812562 fs:1812562 front:189867
2022-12-30 13:14:56.954 T:3907 DEBUG : CAMLCodec::DequeueBuffer: pts:28.320 idx:680
2022-12-30 13:14:56.954 T:3907 DEBUG : CAMLCodec::GetPicture: index: 680, pts: 28.320, dur:42ms ar:2.00
2022-12-30 13:14:56.954 T:3907 DEBUG : CVideoPlayerVideo::OutputPicture - ttd:408ms pts:28.320 Clock:27.912 Level:6
2022-12-30 13:14:56.956 T:3908 DEBUG : CVideoPlayerAudio::OutputPacket: pts:28.672 curr_pts:27.913 clock:27.914 level:99
2022-12-30 13:14:56.956 T:3907 DEBUG : CAMLCodec::GetTimeSize: len:24 dl:1812562 fs:1812562 front:189867
2022-12-30 13:14:56.957 T:3665 DEBUG : PrepareNextRender: frameOnScreen: 27.915 renderPts: 28.082 nextFramePts: 28.070 -> diff: 0.012 render: 1 forceNext: 0
2022-12-30 13:14:56.958 T:3665 DEBUG : CAMLCodec::ReleaseFrame idx:674, drop:0
2022-12-30 13:14:56.960 T:3904 DEBUG : CVideoPlayer::ProcessAudioData size:2560 dts:36.640 pts:36.640 dur:32.000ms, clock:27.918 drop:0 level:99
2022-12-30 13:14:56.962 T:3907 DEBUG : CAMLCodec::GetTimeSize: len:24 dl:1622695 fs:1812562 front:189867
2022-12-30 13:14:56.962 T:3907 DEBUG : CAMLCodec::GetTimeSize: len:23 dl:1622695 fs:1622695 front:70109
2022-12-30 13:14:56.970 T:3907 DEBUG : CAMLCodec::AddData: dl:1791741 sum:1791741 sz:169046 dts:29.363 pts:29.571
2022-12-30 13:14:56.970 T:3907 DEBUG : CAMLCodec::GetTimeSize: len:24 dl:1791741 fs:1791741 front:70109
2022-12-30 13:14:56.993 T:3665 INFO : Skipped 3 duplicate messages..
2022-12-30 13:14:56.993 T:3665 DEBUG : CAMLCodec::PollFrame elapsed:33.976ms
2022-12-30 13:14:56.995 T:3907 DEBUG : CAMLCodec::GetTimeSize: len:24 dl:1791741 fs:1791741 front:70109
2022-12-30 13:14:56.995 T:3907 DEBUG : CAMLCodec::DequeueBuffer: pts:28.362 idx:681
2022-12-30 13:14:56.995 T:3907 DEBUG : CAMLCodec::GetPicture: index: 681, pts: 28.362, dur:42ms ar:2.00
2022-12-30 13:14:56.995 T:3907 DEBUG : CVideoPlayerVideo::OutputPicture - ttd:408ms pts:28.362 Clock:27.953 Level:6
2022-12-30 13:14:56.996 T:3907 DEBUG : CAMLCodec::GetTimeSize: len:24 dl:1791741 fs:1791741 front:70109
2022-12-30 13:14:56.996 T:3665 DEBUG : PrepareNextRender: frameOnScreen: 27.954 renderPts: 28.121 nextFramePts: 28.111 -> diff: 0.010 render: 1 forceNext: 0
2022-12-30 13:14:56.997 T:3665 DEBUG : CAMLCodec::ReleaseFrame idx:675, drop:0
2022-12-30 13:14:57.003 T:3907 DEBUG : CAMLCodec::GetTimeSize: len:24 dl:1791741 fs:1791741 front:70109
2022-12-30 13:14:57.005 T:3908 DEBUG : CVideoPlayerAudio::OutputPacket: pts:28.704 curr_pts:27.962 clock:27.963 level:99
2022-12-30 13:14:57.006 T:3908 DEBUG : CVideoPlayerAudio::OutputPacket: pts:28.736 curr_pts:27.963 clock:27.964 level:99
2022-12-30 13:14:57.009 T:3907 DEBUG : CAMLCodec::GetTimeSize: len:24 dl:1721632 fs:1791741 front:70109
2022-12-30 13:14:57.009 T:3907 DEBUG : CAMLCodec::GetTimeSize: len:23 dl:1721632 fs:1721632 front:25103
2022-12-30 13:14:57.011 T:3904 DEBUG : CVideoPlayer::ProcessAudioData size:2560 dts:36.672 pts:36.672 dur:32.000ms, clock:27.969 drop:0 level:99
2022-12-30 13:14:57.011 T:3904 DEBUG : CVideoPlayer::ProcessAudioData size:2560 dts:36.704 pts:36.704 dur:32.000ms, clock:27.969 drop:0 level:99
2022-12-30 13:14:57.016 T:3907 DEBUG : CAMLCodec::AddData: dl:1816794 sum:1816794 sz:95162 dts:29.404 pts:29.488
2022-12-30 13:14:57.017 T:3907 DEBUG : CAMLCodec::GetTimeSize: len:24 dl:1816794 fs:1816794 front:25103
2022-12-30 13:14:57.035 T:3665 INFO : Skipped 2 duplicate messages..
2022-12-30 13:14:57.035 T:3665 DEBUG : CAMLCodec::PollFrame elapsed:37.080ms
2022-12-30 13:14:57.036 T:3907 DEBUG : CAMLCodec::GetTimeSize: len:24 dl:1816794 fs:1816794 front:25103
2022-12-30 13:14:57.036 T:3907 DEBUG : CAMLCodec::DequeueBuffer: pts:28.403 idx:682
2022-12-30 13:14:57.036 T:3907 DEBUG : CAMLCodec::GetPicture: index: 682, pts: 28.403, dur:41ms ar:2.00
2022-12-30 13:14:57.036 T:3907 DEBUG : CVideoPlayerVideo::OutputPicture - ttd:408ms pts:28.403 Clock:27.994 Level:6
2022-12-30 13:14:57.037 T:3907 DEBUG : CAMLCodec::GetTimeSize: len:24 dl:1816794 fs:1816794 front:25103
2022-12-30 13:14:57.039 T:3665 DEBUG : PrepareNextRender: frameOnScreen: 27.997 renderPts: 28.164 nextFramePts: 28.153 -> diff: 0.011 render: 1 forceNext: 0
2022-12-30 13:14:57.040 T:3665 DEBUG : CAMLCodec::ReleaseFrame idx:676, drop:0
2022-12-30 13:14:57.043 T:3907 DEBUG : CAMLCodec::GetTimeSize: len:24 dl:1791691 fs:1816794 front:25103
2022-12-30 13:14:57.044 T:3907 DEBUG : CAMLCodec::GetTimeSize: len:23 dl:1791691 fs:1791691 front:22975
2022-12-30 13:14:57.051 T:3907 DEBUG : CAMLCodec::AddData: dl:1867890 sum:1867890 sz:76199 dts:29.446 pts:29.446
2022-12-30 13:14:57.051 T:3907 DEBUG : CAMLCodec::GetTimeSize: len:24 dl:1867890 fs:1867890 front:22975
2022-12-30 13:14:57.055 T:3908 DEBUG : CVideoPlayerAudio::OutputPacket: pts:28.768 curr_pts:28.012 clock:28.013 level:99
2022-12-30 13:14:57.055 T:3908 DEBUG : CVideoPlayerAudio::OutputPacket: pts:28.800 curr_pts:28.013 clock:28.013 level:99
2022-12-30 13:14:57.057 T:3907 DEBUG : CAMLCodec::GetTimeSize: len:24 dl:1867890 fs:1867890 front:22975
2022-12-30 13:14:57.061 T:3904 DEBUG : CVideoPlayer::ProcessAudioData size:2560 dts:36.736 pts:36.736 dur:32.000ms, clock:28.019 drop:0 level:99
2022-12-30 13:14:57.062 T:3904 DEBUG : CVideoPlayer::ProcessAudioData size:2560 dts:36.768 pts:36.768 dur:32.000ms, clock:28.020 drop:0 level:99
2022-12-30 13:14:57.064 T:3907 DEBUG : CAMLCodec::GetTimeSize: len:24 dl:1867890 fs:1867890 front:22975
2022-12-30 13:14:57.076 T:3665 INFO : Skipped 2 duplicate messages..
2022-12-30 13:14:57.076 T:3665 DEBUG : CAMLCodec::PollFrame elapsed:35.257ms
2022-12-30 13:14:57.080 T:3665 DEBUG : PrepareNextRender: frameOnScreen: 28.038 renderPts: 28.205 nextFramePts: 28.195 -> diff: 0.010 render: 1 forceNext: 0
2022-12-30 13:14:57.082 T:3665 DEBUG : CAMLCodec::ReleaseFrame idx:677, drop:0
2022-12-30 13:14:57.082 T:3907 DEBUG : CAMLCodec::GetTimeSize: len:24 dl:1867890 fs:1867890 front:22975
2022-12-30 13:14:57.082 T:3907 DEBUG : CAMLCodec::DequeueBuffer: pts:28.445 idx:683
2022-12-30 13:14:57.082 T:3907 DEBUG : CAMLCodec::GetPicture: index: 683, pts: 28.445, dur:42ms ar:2.00
2022-12-30 13:14:57.082 T:3907 DEBUG : CVideoPlayerVideo::OutputPicture - ttd:404ms pts:28.445 Clock:28.041 Level:5
2022-12-30 13:14:57.084 T:3907 DEBUG : CAMLCodec::GetTimeSize: len:24 dl:1867890 fs:1867890 front:22975
2022-12-30 13:14:57.090 T:3907 DEBUG : CAMLCodec::GetTimeSize: len:24 dl:1844915 fs:1867890 front:22975
2022-12-30 13:14:57.090 T:3907 DEBUG : CAMLCodec::GetTimeSize: len:23 dl:1844915 fs:1844915 front:194550
2022-12-30 13:14:57.095 T:3907 DEBUG : CAMLCodec::AddData: dl:1883315 sum:1883315 sz:38400 dts:29.488 pts:29.529
2022-12-30 13:14:57.095 T:3907 DEBUG : CAMLCodec::GetTimeSize: len:24 dl:1883315 fs:1883315 front:194550
2022-12-30 13:14:57.105 T:3908 INFO : Skipped 1 duplicate messages..
2022-12-30 13:14:57.105 T:3908 DEBUG : CVideoPlayerAudio::OutputPacket: pts:28.832 curr_pts:28.062 clock:28.063 level:99
2022-12-30 13:14:57.108 T:3907 DEBUG : CAMLCodec::GetTimeSize: len:24 dl:1883315 fs:1883315 front:194550
2022-12-30 13:14:57.113 T:3904 DEBUG : CVideoPlayer::ProcessVideoData size:96912 dts:36.328 pts:36.578 dur:41.000ms, clock:28.071 level:85
2022-12-30 13:14:57.114 T:3904 DEBUG : CVideoPlayer::ProcessVideoData size:77955 dts:36.370 pts:36.495 dur:41.000ms, clock:28.072 level:85
2022-12-30 13:14:57.114 T:3904 DEBUG : CVideoPlayer::ProcessVideoData size:41191 dts:36.411 pts:36.411 dur:41.000ms, clock:28.072 level:86
2022-12-30 13:14:57.115 T:3904 DEBUG : CVideoPlayer::ProcessVideoData size:39752 dts:36.453 pts:36.453 dur:41.000ms, clock:28.073 level:87
2022-12-30 13:14:57.115 T:3904 DEBUG : CVideoPlayer::ProcessVideoData size:31183 dts:36.495 pts:36.536 dur:41.000ms, clock:28.073 level:87
2022-12-30 13:14:57.117 T:3904 DEBUG : CVideoPlayer::ProcessVideoData size:97301 dts:36.536 pts:36.787 dur:41.000ms, clock:28.075 level:88
2022-12-30 13:14:57.117 T:3907 DEBUG : CAMLCodec::GetTimeSize: len:24 dl:1883315 fs:1883315 front:194550
2022-12-30 13:14:57.118 T:3904 DEBUG : CVideoPlayer::ProcessVideoData size:81463 dts:36.578 pts:36.703 dur:41.000ms, clock:28.076 level:88
2022-12-30 13:14:57.119 T:3904 DEBUG : CVideoPlayer::ProcessVideoData size:42058 dts:36.620 pts:36.620 dur:41.000ms, clock:28.077 level:89
2022-12-30 13:14:57.123 T:3904 DEBUG : CVideoPlayer::ProcessVideoData size:44496 dts:36.662 pts:36.662 dur:41.000ms, clock:28.082 level:89
2022-12-30 13:14:57.129 T:3904 DEBUG : CVideoPlayer::ProcessVideoData size:40512 dts:36.703 pts:36.745 dur:41.000ms, clock:28.087 level:90
2022-12-30 13:14:57.130 T:3904 DEBUG : CVideoPlayer::ProcessVideoData size:60097 dts:36.745 pts:36.828 dur:41.000ms, clock:28.088 level:90
2022-12-30 13:14:57.130 T:3904 DEBUG : CVideoPlayer::ProcessAudioData size:2560 dts:36.800 pts:36.800 dur:32.000ms, clock:28.088 drop:0 level:99
2022-12-30 13:14:57.130 T:3665 DEBUG : CAMLCodec::PollFrame elapsed:48.252ms
2022-12-30 13:14:57.131 T:3907 DEBUG : CAMLCodec::GetTimeSize: len:24 dl:1688765 fs:1883315 front:194550
2022-12-30 13:14:57.131 T:3907 DEBUG : CAMLCodec::GetTimeSize: len:23 dl:1688765 fs:1688765 front:68844
2022-12-30 13:14:57.131 T:3907 DEBUG : CAMLCodec::DequeueBuffer: pts:28.487 idx:684
2022-12-30 13:14:57.131 T:3907 DEBUG : CAMLCodec::GetPicture: index: 684, pts: 28.487, dur:42ms ar:2.00
2022-12-30 13:14:57.131 T:3907 DEBUG : CVideoPlayerVideo::OutputPicture - ttd:397ms pts:28.487 Clock:28.089 Level:6
2022-12-30 13:14:57.132 T:3907 DEBUG : CAMLCodec::GetTimeSize: len:23 dl:1688765 fs:1688765 front:68844
2022-12-30 13:14:57.134 T:3665 DEBUG : PrepareNextRender: frameOnScreen: 28.092 renderPts: 28.259 nextFramePts: 28.237 -> diff: 0.022 render: 1 forceNext: 0
2022-12-30 13:14:57.135 T:3665 DEBUG : CAMLCodec::ReleaseFrame idx:678, drop:0
2022-12-30 13:14:57.140 T:3907 DEBUG : CAMLCodec::AddData: dl:1805818 sum:1805818 sz:117053 dts:29.529 pts:29.780
2022-12-30 13:14:57.140 T:3907 DEBUG : CAMLCodec::GetTimeSize: len:24 dl:1805818 fs:1805818 front:68844
2022-12-30 13:14:57.155 T:3908 INFO : Skipped 2 duplicate messages..
2022-12-30 13:14:57.155 T:3908 DEBUG : CVideoPlayerAudio::OutputPacket: pts:28.864 curr_pts:28.112 clock:28.113 level:99
2022-12-30 13:14:57.155 T:3908 DEBUG : CVideoPlayerAudio::OutputPacket: pts:28.896 curr_pts:28.113 clock:28.113 level:99
2022-12-30 13:14:57.159 T:3907 DEBUG : CAMLCodec::GetTimeSize: len:24 dl:1805818 fs:1805818 front:68844
2022-12-30 13:14:57.159 T:3665 DEBUG : CAMLCodec::PollFrame elapsed:24.357ms
2022-12-30 13:14:57.162 T:3904 DEBUG : CVideoPlayer::ProcessAudioData size:2560 dts:36.832 pts:36.832 dur:32.000ms, clock:28.120 drop:0 level:99
2022-12-30 13:14:57.162 T:3904 DEBUG : CVideoPlayer::ProcessAudioData size:2560 dts:36.864 pts:36.864 dur:32.000ms, clock:28.120 drop:0 level:99
2022-12-30 13:14:57.164 T:3665 DEBUG : PrepareNextRender: frameOnScreen: 28.122 renderPts: 28.288 nextFramePts: 28.278 -> diff: 0.010 render: 1 forceNext: 0
2022-12-30 13:14:57.165 T:3665 DEBUG : CAMLCodec::ReleaseFrame idx:679, drop:0
2022-12-30 13:14:57.165 T:3907 DEBUG : CAMLCodec::GetTimeSize: len:24 dl:1805818 fs:1805818 front:68844
2022-12-30 13:14:57.165 T:3907 DEBUG : CAMLCodec::DequeueBuffer: pts:28.528 idx:685
2022-12-30 13:14:57.165 T:3907 DEBUG : CAMLCodec::GetPicture: index: 685, pts: 28.528, dur:41ms ar:2.00
2022-12-30 13:14:57.165 T:3907 DEBUG : CVideoPlayerVideo::OutputPicture - ttd:404ms pts:28.528 Clock:28.123 Level:5
2022-12-30 13:14:57.166 T:3907 DEBUG : CAMLCodec::GetTimeSize: len:24 dl:1805818 fs:1805818 front:68844
2022-12-30 13:14:57.173 T:3907 DEBUG : CAMLCodec::GetTimeSize: len:24 dl:1736974 fs:1805818 front:68844
2022-12-30 13:14:57.173 T:3907 DEBUG : CAMLCodec::GetTimeSize: len:23 dl:1736974 fs:1736974 front:25297
2022-12-30 13:14:57.180 T:3907 DEBUG : CAMLCodec::AddData: dl:1823280 sum:1823280 sz:86306 dts:29.571 pts:29.696
2022-12-30 13:14:57.180 T:3907 DEBUG : CAMLCodec::GetTimeSize: len:24 dl:1823280 fs:1823280 front:25297
2022-12-30 13:14:57.201 T:3665 INFO : Skipped 3 duplicate messages..
2022-12-30 13:14:57.201 T:3665 DEBUG : CAMLCodec::PollFrame elapsed:35.611ms
2022-12-30 13:14:57.206 T:3908 DEBUG : CVideoPlayerAudio::OutputPacket: pts:28.928 curr_pts:28.163 clock:28.164 level:99
2022-12-30 13:14:57.206 T:3907 DEBUG : CAMLCodec::GetTimeSize: len:24 dl:1823280 fs:1823280 front:25297
2022-12-30 13:14:57.206 T:3907 DEBUG : CAMLCodec::DequeueBuffer: pts:28.570 idx:686
2022-12-30 13:14:57.206 T:3907 DEBUG : CAMLCodec::GetPicture: index: 686, pts: 28.570, dur:42ms ar:2.00
2022-12-30 13:14:57.206 T:3907 DEBUG : CVideoPlayerVideo::OutputPicture - ttd:405ms pts:28.570 Clock:28.164 Level:6
2022-12-30 13:14:57.207 T:3665 DEBUG : PrepareNextRender: frameOnScreen: 28.165 renderPts: 28.332 nextFramePts: 28.320 -> diff: 0.012 render: 1 forceNext: 0
2022-12-30 13:14:57.207 T:3907 DEBUG : CAMLCodec::GetTimeSize: len:24 dl:1823280 fs:1823280 front:25297
2022-12-30 13:14:57.208 T:3665 DEBUG : CAMLCodec::ReleaseFrame idx:680, drop:0
2022-12-30 13:14:57.213 T:3904 DEBUG : CVideoPlayer::ProcessAudioData size:2560 dts:36.896 pts:36.896 dur:32.000ms, clock:28.171 drop:0 level:99
2022-12-30 13:14:57.214 T:3907 DEBUG : CAMLCodec::GetTimeSize: len:24 dl:1797983 fs:1823280 front:25297
2022-12-30 13:14:57.214 T:3907 DEBUG : CAMLCodec::GetTimeSize: len:23 dl:1797983 fs:1797983 front:25333
2022-12-30 13:14:57.219 T:3907 DEBUG : CAMLCodec::AddData: dl:1842281 sum:1842281 sz:44298 dts:29.613 pts:29.613
2022-12-30 13:14:57.219 T:3907 DEBUG : CAMLCodec::GetTimeSize: len:24 dl:1842281 fs:1842281 front:25333
2022-12-30 13:14:57.243 T:3665 INFO : Skipped 3 duplicate messages..
2022-12-30 13:14:57.243 T:3665 DEBUG : CAMLCodec::PollFrame elapsed:34.280ms
2022-12-30 13:14:57.244 T:3907 DEBUG : CAMLCodec::GetTimeSize: len:24 dl:1842281 fs:1842281 front:25333
2022-12-30 13:14:57.244 T:3907 DEBUG : CAMLCodec::DequeueBuffer: pts:28.612 idx:687
2022-12-30 13:14:57.244 T:3907 DEBUG : CAMLCodec::GetPicture: index: 687, pts: 28.612, dur:42ms ar:2.00
2022-12-30 13:14:57.244 T:3907 DEBUG : CVideoPlayerVideo::OutputPicture - ttd:409ms pts:28.612 Clock:28.202 Level:6
2022-12-30 13:14:57.245 T:3907 DEBUG : CAMLCodec::GetTimeSize: len:24 dl:1842281 fs:1842281 front:25333
2022-12-30 13:14:57.247 T:3665 DEBUG : PrepareNextRender: frameOnScreen: 28.205 renderPts: 28.372 nextFramePts: 28.362 -> diff: 0.010 render: 1 forceNext: 0
2022-12-30 13:14:57.249 T:3665 DEBUG : CAMLCodec::ReleaseFrame idx:681, drop:0
2022-12-30 13:14:57.252 T:3907 DEBUG : CAMLCodec::GetTimeSize: len:24 dl:1842281 fs:1842281 front:25333
2022-12-30 13:14:57.255 T:3908 DEBUG : CVideoPlayerAudio::OutputPacket: pts:28.960 curr_pts:28.212 clock:28.213 level:99
2022-12-30 13:14:57.255 T:3908 DEBUG : CVideoPlayerAudio::OutputPacket: pts:28.992 curr_pts:28.213 clock:28.214 level:99
2022-12-30 13:14:57.258 T:3907 DEBUG : CAMLCodec::GetTimeSize: len:24 dl:1816948 fs:1842281 front:25333
2022-12-30 13:14:57.258 T:3907 DEBUG : CAMLCodec::GetTimeSize: len:23 dl:1816948 fs:1816948 front:188411
2022-12-30 13:14:57.264 T:3907 DEBUG : CAMLCodec::AddData: dl:1854896 sum:1854896 sz:37948 dts:29.655 pts:29.655
2022-12-30 13:14:57.264 T:3907 DEBUG : CAMLCodec::GetTimeSize: len:24 dl:1854896 fs:1854896 front:188411
2022-12-30 13:14:57.264 T:3904 DEBUG : CVideoPlayer::ProcessAudioData size:2560 dts:36.928 pts:36.928 dur:32.000ms, clock:28.222 drop:0 level:99
2022-12-30 13:14:57.264 T:3904 DEBUG : CVideoPlayer::ProcessAudioData size:2560 dts:36.960 pts:36.960 dur:32.000ms, clock:28.222 drop:0 level:99
2022-12-30 13:14:57.270 T:3907 DEBUG : CAMLCodec::GetTimeSize: len:24 dl:1854896 fs:1854896 front:188411
2022-12-30 13:14:57.285 T:3665 INFO : Skipped 2 duplicate messages..
2022-12-30 13:14:57.285 T:3665 DEBUG : CAMLCodec::PollFrame elapsed:36.114ms
2022-12-30 13:14:57.288 T:3665 DEBUG : PrepareNextRender: frameOnScreen: 28.246 renderPts: 28.413 nextFramePts: 28.403 -> diff: 0.010 render: 1 forceNext: 0
2022-12-30 13:14:57.288 T:3907 DEBUG : CAMLCodec::GetTimeSize: len:24 dl:1854896 fs:1854896 front:188411
2022-12-30 13:14:57.289 T:3907 DEBUG : CAMLCodec::DequeueBuffer: pts:28.654 idx:688
2022-12-30 13:14:57.289 T:3907 DEBUG : CAMLCodec::GetPicture: index: 688, pts: 28.654, dur:42ms ar:2.00
2022-12-30 13:14:57.289 T:3907 DEBUG : CVideoPlayerVideo::OutputPicture - ttd:407ms pts:28.654 Clock:28.247 Level:5
2022-12-30 13:14:57.290 T:3665 DEBUG : CAMLCodec::ReleaseFrame idx:682, drop:0
2022-12-30 13:14:57.290 T:3907 DEBUG : CAMLCodec::GetTimeSize: len:24 dl:1854896 fs:1854896 front:188411
2022-12-30 13:14:57.296 T:3907 DEBUG : CAMLCodec::GetTimeSize: len:24 dl:1666485 fs:1854896 front:188411
2022-12-30 13:14:57.296 T:3907 DEBUG : CAMLCodec::GetTimeSize: len:23 dl:1666485 fs:1666485 front:76917
2022-12-30 13:14:57.302 T:3907 DEBUG : CAMLCodec::AddData: dl:1699530 sum:1699530 sz:33045 dts:29.696 pts:29.738
2022-12-30 13:14:57.302 T:3907 DEBUG : CAMLCodec::GetTimeSize: len:24 dl:1699530 fs:1699530 front:76917
2022-12-30 13:14:57.305 T:3908 DEBUG : CVideoPlayerAudio::OutputPacket: pts:29.024 curr_pts:28.262 clock:28.263 level:99
2022-12-30 13:14:57.305 T:3904 DEBUG : CVideoPlayer::ProcessAudioData size:2560 dts:36.992 pts:36.992 dur:32.000ms, clock:28.263 drop:0 level:99
2022-12-30 13:14:57.308 T:3907 DEBUG : CAMLCodec::GetTimeSize: len:24 dl:1699530 fs:1699530 front:76917
2022-12-30 13:14:57.327 T:3907 INFO : Skipped 3 duplicate messages..
2022-12-30 13:14:57.327 T:3907 DEBUG : CAMLCodec::DequeueBuffer: pts:28.695 idx:689
2022-12-30 13:14:57.327 T:3907 DEBUG : CAMLCodec::GetPicture: index: 689, pts: 28.695, dur:41ms ar:2.00
2022-12-30 13:14:57.327 T:3907 DEBUG : CVideoPlayerVideo::OutputPicture - ttd:410ms pts:28.695 Clock:28.285 Level:6
2022-12-30 13:14:57.327 T:3665 DEBUG : CAMLCodec::PollFrame elapsed:36.368ms
2022-12-30 13:14:57.328 T:3907 DEBUG : CAMLCodec::GetTimeSize: len:24 dl:1699530 fs:1699530 front:76917
2022-12-30 13:14:57.331 T:3665 DEBUG : PrepareNextRender: frameOnScreen: 28.289 renderPts: 28.456 nextFramePts: 28.445 -> diff: 0.011 render: 1 forceNext: 0
2022-12-30 13:14:57.332 T:3665 DEBUG : CAMLCodec::ReleaseFrame idx:683, drop:0
