2022-12-30 13:14:46.905 T:3908 DEBUG : CVideoPlayerAudio::OutputPacket: pts:18.624 curr_pts:17.862 clock:17.863 level:99
2022-12-30 13:14:46.905 T:3907 DEBUG : CAMLCodec::GetTimeSize: len:24 dl:1252938 fs:1252938 front:80093
2022-12-30 13:14:46.905 T:3907 DEBUG : CAMLCodec::DequeueBuffer: pts:18.268 idx:439
2022-12-30 13:14:46.905 T:3907 DEBUG : CAMLCodec::GetPicture: index: 439, pts: 18.268, dur:41ms ar:2.00
2022-12-30 13:14:46.905 T:3907 DEBUG : CVideoPlayerVideo::OutputPicture - ttd:404ms pts:18.268 Clock:17.863 Level:5
2022-12-30 13:14:46.906 T:3907 DEBUG : CAMLCodec::GetTimeSize: len:24 dl:1252938 fs:1252938 front:80093
2022-12-30 13:14:46.909 T:3904 DEBUG : CVideoPlayer::ProcessAudioData size:2560 dts:26.592 pts:26.592 dur:32.000ms, clock:17.867 drop:0 level:99
2022-12-30 13:14:46.913 T:3907 DEBUG : CAMLCodec::GetTimeSize: len:24 dl:1172845 fs:1252938 front:80093
2022-12-30 13:14:46.913 T:3907 DEBUG : CAMLCodec::GetTimeSize: len:23 dl:1172845 fs:1172845 front:36394
2022-12-30 13:14:46.918 T:3907 DEBUG : CAMLCodec::AddData: dl:1196096 sum:1196096 sz:23251 dts:19.311 pts:19.311
2022-12-30 13:14:46.918 T:3907 DEBUG : CAMLCodec::GetTimeSize: len:24 dl:1196096 fs:1196096 front:36394
2022-12-30 13:14:46.941 T:3665 INFO : Skipped 3 duplicate messages..
2022-12-30 13:14:46.941 T:3665 DEBUG : CAMLCodec::PollFrame elapsed:39.300ms
2022-12-30 13:14:46.942 T:3665 DEBUG : PrepareNextRender: frameOnScreen: 17.900 renderPts: 18.067 nextFramePts: 18.060 -> diff: 0.007 render: 1 forceNext: 0
2022-12-30 13:14:46.943 T:3907 DEBUG : CAMLCodec::GetTimeSize: len:24 dl:1196096 fs:1196096 front:36394
2022-12-30 13:14:46.943 T:3907 DEBUG : CAMLCodec::DequeueBuffer: pts:18.310 idx:440
2022-12-30 13:14:46.943 T:3907 DEBUG : CAMLCodec::GetPicture: index: 440, pts: 18.310, dur:42ms ar:2.00
2022-12-30 13:14:46.943 T:3907 DEBUG : CVideoPlayerVideo::OutputPicture - ttd:408ms pts:18.310 Clock:17.901 Level:5
2022-12-30 13:14:46.943 T:3665 DEBUG : CAMLCodec::ReleaseFrame idx:434, drop:0
2022-12-30 13:14:46.944 T:3907 DEBUG : CAMLCodec::GetTimeSize: len:24 dl:1196096 fs:1196096 front:36394
2022-12-30 13:14:46.954 T:3908 INFO : Skipped 1 duplicate messages..
2022-12-30 13:14:46.954 T:3908 DEBUG : CVideoPlayerAudio::OutputPacket: pts:18.656 curr_pts:17.912 clock:17.912 level:99
2022-12-30 13:14:46.955 T:3908 DEBUG : CVideoPlayerAudio::OutputPacket: pts:18.688 curr_pts:17.912 clock:17.913 level:99
2022-12-30 13:14:46.957 T:3907 DEBUG : CAMLCodec::GetTimeSize: len:24 dl:1159702 fs:1196096 front:36394
2022-12-30 13:14:46.957 T:3907 DEBUG : CAMLCodec::GetTimeSize: len:23 dl:1159702 fs:1159702 front:101529
2022-12-30 13:14:46.960 T:3904 DEBUG : CVideoPlayer::ProcessAudioData size:2560 dts:26.624 pts:26.624 dur:32.000ms, clock:17.918 drop:0 level:99
2022-12-30 13:14:46.960 T:3904 DEBUG : CVideoPlayer::ProcessAudioData size:2560 dts:26.656 pts:26.656 dur:32.000ms, clock:17.918 drop:0 level:99
2022-12-30 13:14:46.962 T:3907 DEBUG : CAMLCodec::AddData: dl:1178824 sum:1178824 sz:19122 dts:19.353 pts:19.353
2022-12-30 13:14:46.962 T:3907 DEBUG : CAMLCodec::GetTimeSize: len:24 dl:1178824 fs:1178824 front:101529
2022-12-30 13:14:46.983 T:3665 INFO : Skipped 3 duplicate messages..
2022-12-30 13:14:46.983 T:3665 DEBUG : CAMLCodec::PollFrame elapsed:39.356ms
2022-12-30 13:14:46.984 T:3665 DEBUG : PrepareNextRender: frameOnScreen: 17.942 renderPts: 18.109 nextFramePts: 18.101 -> diff: 0.008 render: 1 forceNext: 0
2022-12-30 13:14:46.985 T:3665 DEBUG : CAMLCodec::ReleaseFrame idx:435, drop:0
2022-12-30 13:14:46.987 T:3907 DEBUG : CAMLCodec::GetTimeSize: len:24 dl:1178824 fs:1178824 front:101529
2022-12-30 13:14:46.987 T:3907 DEBUG : CAMLCodec::DequeueBuffer: pts:18.352 idx:441
2022-12-30 13:14:46.987 T:3907 DEBUG : CAMLCodec::GetPicture: index: 441, pts: 18.352, dur:42ms ar:2.00
2022-12-30 13:14:46.987 T:3907 DEBUG : CVideoPlayerVideo::OutputPicture - ttd:406ms pts:18.352 Clock:17.945 Level:5
2022-12-30 13:14:46.988 T:3907 DEBUG : CAMLCodec::GetTimeSize: len:24 dl:1178824 fs:1178824 front:101529
2022-12-30 13:14:46.994 T:3907 DEBUG : CAMLCodec::GetTimeSize: len:24 dl:1077295 fs:1178824 front:101529
2022-12-30 13:14:46.994 T:3907 DEBUG : CAMLCodec::GetTimeSize: len:23 dl:1077295 fs:1077295 front:27989
2022-12-30 13:14:47.000 T:3907 DEBUG : CAMLCodec::AddData: dl:1093237 sum:1093237 sz:15942 dts:19.394 pts:19.436
2022-12-30 13:14:47.000 T:3907 DEBUG : CAMLCodec::GetTimeSize: len:24 dl:1093237 fs:1093237 front:27989
2022-12-30 13:14:47.004 T:3908 DEBUG : CVideoPlayerAudio::OutputPacket: pts:18.720 curr_pts:17.962 clock:17.963 level:99
2022-12-30 13:14:47.006 T:3907 DEBUG : CAMLCodec::GetTimeSize: len:24 dl:1093237 fs:1093237 front:27989
2022-12-30 13:14:47.011 T:3904 DEBUG : CVideoPlayer::ProcessAudioData size:2560 dts:26.688 pts:26.688 dur:32.000ms, clock:17.969 drop:0 level:99
2022-12-30 13:14:47.012 T:3907 DEBUG : CAMLCodec::GetTimeSize: len:24 dl:1093237 fs:1093237 front:27989
2022-12-30 13:14:47.024 T:3665 INFO : Skipped 1 duplicate messages..
2022-12-30 13:14:47.024 T:3665 DEBUG : CAMLCodec::PollFrame elapsed:38.711ms
2022-12-30 13:14:47.025 T:3907 DEBUG : CAMLCodec::GetTimeSize: len:24 dl:1093237 fs:1093237 front:27989
2022-12-30 13:14:47.026 T:3665 DEBUG : PrepareNextRender: frameOnScreen: 17.984 renderPts: 18.151 nextFramePts: 18.143 -> diff: 0.008 render: 1 forceNext: 0
2022-12-30 13:14:47.027 T:3665 DEBUG : CAMLCodec::ReleaseFrame idx:436, drop:0
2022-12-30 13:14:47.031 T:3907 DEBUG : CAMLCodec::GetTimeSize: len:24 dl:1093237 fs:1093237 front:27989
2022-12-30 13:14:47.031 T:3907 DEBUG : CAMLCodec::DequeueBuffer: pts:18.393 idx:442
2022-12-30 13:14:47.031 T:3907 DEBUG : CAMLCodec::GetPicture: index: 442, pts: 18.393, dur:41ms ar:2.00
2022-12-30 13:14:47.031 T:3907 DEBUG : CVideoPlayerVideo::OutputPicture - ttd:403ms pts:18.393 Clock:17.989 Level:5
2022-12-30 13:14:47.032 T:3907 DEBUG : CAMLCodec::GetTimeSize: len:24 dl:1093237 fs:1093237 front:27989
2022-12-30 13:14:47.039 T:3907 DEBUG : CAMLCodec::GetTimeSize: len:24 dl:1065248 fs:1093237 front:27989
2022-12-30 13:14:47.039 T:3907 DEBUG : CAMLCodec::GetTimeSize: len:23 dl:1065248 fs:1065248 front:31743
2022-12-30 13:14:47.044 T:3907 DEBUG : CAMLCodec::AddData: dl:1106787 sum:1106787 sz:41539 dts:19.436 pts:19.645
2022-12-30 13:14:47.044 T:3907 DEBUG : CAMLCodec::GetTimeSize: len:24 dl:1106787 fs:1106787 front:31743
2022-12-30 13:14:47.054 T:3908 INFO : Skipped 1 duplicate messages..
2022-12-30 13:14:47.054 T:3908 DEBUG : CVideoPlayerAudio::OutputPacket: pts:18.752 curr_pts:18.012 clock:18.012 level:99
2022-12-30 13:14:47.055 T:3908 DEBUG : CVideoPlayerAudio::OutputPacket: pts:18.784 curr_pts:18.012 clock:18.013 level:99
2022-12-30 13:14:47.056 T:3907 DEBUG : CAMLCodec::GetTimeSize: len:24 dl:1106787 fs:1106787 front:31743
2022-12-30 13:14:47.061 T:3904 DEBUG : CVideoPlayer::ProcessAudioData size:2560 dts:26.720 pts:26.720 dur:32.000ms, clock:18.019 drop:0 level:99
2022-12-30 13:14:47.061 T:3904 DEBUG : CVideoPlayer::ProcessAudioData size:2560 dts:26.752 pts:26.752 dur:32.000ms, clock:18.019 drop:0 level:99
2022-12-30 13:14:47.062 T:3907 DEBUG : CAMLCodec::GetTimeSize: len:24 dl:1106787 fs:1106787 front:31743
2022-12-30 13:14:47.066 T:3665 DEBUG : CAMLCodec::PollFrame elapsed:38.452ms
2022-12-30 13:14:47.067 T:3665 DEBUG : PrepareNextRender: frameOnScreen: 18.026 renderPts: 18.192 nextFramePts: 18.185 -> diff: 0.007 render: 1 forceNext: 0
2022-12-30 13:14:47.068 T:3665 DEBUG : CAMLCodec::ReleaseFrame idx:437, drop:0
2022-12-30 13:14:47.069 T:3907 DEBUG : CAMLCodec::GetTimeSize: len:24 dl:1106787 fs:1106787 front:31743
2022-12-30 13:14:47.069 T:3907 DEBUG : CAMLCodec::DequeueBuffer: pts:18.435 idx:443
2022-12-30 13:14:47.069 T:3907 DEBUG : CAMLCodec::GetPicture: index: 443, pts: 18.435, dur:42ms ar:2.00
2022-12-30 13:14:47.069 T:3907 DEBUG : CVideoPlayerVideo::OutputPicture - ttd:408ms pts:18.435 Clock:18.027 Level:5
2022-12-30 13:14:47.070 T:3907 DEBUG : CAMLCodec::GetTimeSize: len:24 dl:1106787 fs:1106787 front:31743
2022-12-30 13:14:47.082 T:3907 INFO : Skipped 1 duplicate messages..
2022-12-30 13:14:47.082 T:3907 DEBUG : CAMLCodec::GetTimeSize: len:24 dl:1075044 fs:1106787 front:31743
2022-12-30 13:14:47.082 T:3907 DEBUG : CAMLCodec::GetTimeSize: len:23 dl:1075044 fs:1075044 front:86686
2022-12-30 13:14:47.088 T:3907 DEBUG : CAMLCodec::AddData: dl:1111219 sum:1111219 sz:36175 dts:19.478 pts:19.561
2022-12-30 13:14:47.088 T:3907 DEBUG : CAMLCodec::GetTimeSize: len:24 dl:1111219 fs:1111219 front:86686
2022-12-30 13:14:47.102 T:3959 INFO : Skipped 2 duplicate messages..
2022-12-30 13:14:47.102 T:3959 WARNING : CPythonInvoker(40, /storage/.kodi/addons/metadata.tvshows.themoviedb.org.python/main.py): the python script "/storage/.kodi/addons/metadata.tvshows.themoviedb.org.python/main.py" has left several classes in memory that we couldn't clean up. The classes include: N9XBMCAddon9xbmcaddon5AddonE
2022-12-30 13:14:47.102 T:3959 INFO : Python interpreter stopped
2022-12-30 13:14:47.102 T:3959 DEBUG : Thread LanguageInvoker 3673211520 terminating
2022-12-30 13:14:47.105 T:3908 DEBUG : CVideoPlayerAudio::OutputPacket: pts:18.816 curr_pts:18.062 clock:18.063 level:99
2022-12-30 13:14:47.106 T:3908 DEBUG : CVideoPlayerAudio::OutputPacket: pts:18.848 curr_pts:18.063 clock:18.064 level:99
2022-12-30 13:14:47.108 T:3907 DEBUG : CAMLCodec::GetTimeSize: len:24 dl:1111219 fs:1111219 front:86686
2022-12-30 13:14:47.108 T:3665 DEBUG : CAMLCodec::PollFrame elapsed:39.676ms
2022-12-30 13:14:47.113 T:3904 DEBUG : CVideoPlayer::ProcessVideoData size:175968 dts:26.443 pts:26.652 dur:41.000ms, clock:18.071 level:87
2022-12-30 13:14:47.114 T:3904 DEBUG : CVideoPlayer::ProcessVideoData size:98393 dts:26.485 pts:26.568 dur:41.000ms, clock:18.072 level:87
2022-12-30 13:14:47.116 T:3904 DEBUG : CVideoPlayer::ProcessVideoData size:65983 dts:26.526 pts:26.526 dur:41.000ms, clock:18.074 level:88
2022-12-30 13:14:47.116 T:3904 DEBUG : CVideoPlayer::ProcessVideoData size:79076 dts:26.568 pts:26.610 dur:41.000ms, clock:18.074 level:88
2022-12-30 13:14:47.117 T:3904 DEBUG : CVideoPlayer::ProcessAudioData size:2560 dts:26.784 pts:26.784 dur:32.000ms, clock:18.075 drop:0 level:99
2022-12-30 13:14:47.119 T:3907 DEBUG : CAMLCodec::GetTimeSize: len:24 dl:1024533 fs:1111219 front:86686
2022-12-30 13:14:47.120 T:3907 DEBUG : CAMLCodec::GetTimeSize: len:23 dl:1024533 fs:1024533 front:66584
2022-12-30 13:14:47.121 T:3907 DEBUG : CAMLCodec::DequeueBuffer: pts:18.477 idx:444
2022-12-30 13:14:47.121 T:3907 DEBUG : CAMLCodec::GetPicture: index: 444, pts: 18.477, dur:42ms ar:2.00
2022-12-30 13:14:47.121 T:3907 DEBUG : CVideoPlayerVideo::OutputPicture - ttd:398ms pts:18.477 Clock:18.079 Level:6
2022-12-30 13:14:47.121 T:3904 DEBUG : CVideoPlayer::ProcessVideoData size:172867 dts:26.610 pts:26.818 dur:41.000ms, clock:18.078 level:89
2022-12-30 13:14:47.121 T:3904 DEBUG : CVideoPlayer::ProcessVideoData size:98975 dts:26.652 pts:26.735 dur:41.000ms, clock:18.079 level:89
2022-12-30 13:14:47.122 T:3904 DEBUG : CVideoPlayer::ProcessVideoData size:70278 dts:26.693 pts:26.693 dur:41.000ms, clock:18.081 level:90
2022-12-30 13:14:47.124 T:3904 DEBUG : CVideoPlayer::ProcessVideoData size:85186 dts:26.735 pts:26.777 dur:41.000ms, clock:18.082 level:90
2022-12-30 13:14:47.125 T:3904 DEBUG : CVideoPlayer::ProcessAudioData size:2560 dts:26.816 pts:26.816 dur:32.000ms, clock:18.083 drop:0 level:99
2022-12-30 13:14:47.125 T:3665 DEBUG : PrepareNextRender: frameOnScreen: 18.083 renderPts: 18.250 nextFramePts: 18.227 -> diff: 0.023 render: 1 forceNext: 0
2022-12-30 13:14:47.126 T:3665 DEBUG : CAMLCodec::ReleaseFrame idx:438, drop:0
2022-12-30 13:14:47.125 T:3907 DEBUG : CAMLCodec::GetTimeSize: len:23 dl:1024533 fs:1024533 front:66584
2022-12-30 13:14:47.132 T:3907 DEBUG : CAMLCodec::AddData: dl:1036071 sum:1036071 sz:11538 dts:19.519 pts:19.519
2022-12-30 13:14:47.132 T:3907 DEBUG : CAMLCodec::GetTimeSize: len:24 dl:1036071 fs:1036071 front:66584
2022-12-30 13:14:47.142 T:3960 INFO : Skipped 1 duplicate messages..
2022-12-30 13:14:47.142 T:3960 DEBUG : -->Python Interpreter Initialized<--
2022-12-30 13:14:47.142 T:3960 DEBUG :
2022-12-30 13:14:47.142 T:3960 DEBUG : CPythonInvoker(41, /storage/.kodi/addons/metadata.tvshows.themoviedb.org.python/main.py): the source file to load is "/storage/.kodi/addons/metadata.tvshows.themoviedb.org.python/main.py"
2022-12-30 13:14:47.142 T:3960 DEBUG : CPythonInvoker(41, /storage/.kodi/addons/metadata.tvshows.themoviedb.org.python/main.py): setting the Python path to /storage/.kodi/addons/metadata.tvshows.themoviedb.org.python:/usr/lib/python38.zip:/usr/lib/python3.8:/usr/lib/python3.8/lib-dynload:/usr/lib/python3.8/site-packages
2022-12-30 13:14:47.142 T:3960 DEBUG : CPythonInvoker(41, /storage/.kodi/addons/metadata.tvshows.themoviedb.org.python/main.py): entering source directory /storage/.kodi/addons/metadata.tvshows.themoviedb.org.python
2022-12-30 13:14:47.142 T:3960 DEBUG : CPythonInvoker(41, /storage/.kodi/addons/metadata.tvshows.themoviedb.org.python/main.py): instantiating addon using automatically obtained id of "metadata.tvshows.themoviedb.org.python" dependent on version 3.0.0 of the xbmc.python api
2022-12-30 13:14:47.144 T:3907 DEBUG : CAMLCodec::GetTimeSize: len:24 dl:1036071 fs:1036071 front:66584
2022-12-30 13:14:47.149 T:3665 DEBUG : CAMLCodec::PollFrame elapsed:23.062ms
2022-12-30 13:14:47.151 T:3907 DEBUG : CAMLCodec::GetTimeSize: len:24 dl:1036071 fs:1036071 front:66584
2022-12-30 13:14:47.151 T:3907 DEBUG : CAMLCodec::DequeueBuffer: pts:18.518 idx:445
2022-12-30 13:14:47.151 T:3907 DEBUG : CAMLCodec::GetPicture: index: 445, pts: 18.518, dur:41ms ar:2.00
2022-12-30 13:14:47.151 T:3907 DEBUG : CVideoPlayerVideo::OutputPicture - ttd:408ms pts:18.518 Clock:18.109 Level:6
2022-12-30 13:14:47.152 T:3907 DEBUG : CAMLCodec::GetTimeSize: len:24 dl:1036071 fs:1036071 front:66584
2022-12-30 13:14:47.153 T:3665 DEBUG : PrepareNextRender: frameOnScreen: 18.111 renderPts: 18.278 nextFramePts: 18.268 -> diff: 0.010 render: 1 forceNext: 0
2022-12-30 13:14:47.154 T:3665 DEBUG : CAMLCodec::ReleaseFrame idx:439, drop:0
2022-12-30 13:14:47.154 T:3908 DEBUG : CVideoPlayerAudio::OutputPacket: pts:18.880 curr_pts:18.112 clock:18.112 level:99
2022-12-30 13:14:47.157 T:3904 DEBUG : CVideoPlayer::ProcessAudioData size:2560 dts:26.848 pts:26.848 dur:32.000ms, clock:18.115 drop:0 level:99
2022-12-30 13:14:47.159 T:3907 DEBUG : CAMLCodec::GetTimeSize: len:24 dl:969487 fs:1036071 front:66584
2022-12-30 13:14:47.159 T:3907 DEBUG : CAMLCodec::GetTimeSize: len:23 dl:969487 fs:969487 front:48807
2022-12-30 13:14:47.164 T:3907 DEBUG : CAMLCodec::AddData: dl:983844 sum:983844 sz:14357 dts:19.561 pts:19.603
2022-12-30 13:14:47.164 T:3907 DEBUG : CAMLCodec::GetTimeSize: len:24 dl:983844 fs:983844 front:48807
2022-12-30 13:14:47.188 T:3960 INFO : Skipped 3 duplicate messages..
2022-12-30 13:14:47.188 T:3960 DEBUG : [metadata.tvshows.themoviedb.org.python (1.4.17)]: the cache dir is /storage/.kodi/temp/scrapers/metadata.tvshows.themoviedb.org.python
2022-12-30 13:14:47.189 T:3907 DEBUG : CAMLCodec::GetTimeSize: len:24 dl:983844 fs:983844 front:48807
2022-12-30 13:14:47.191 T:3665 DEBUG : CAMLCodec::PollFrame elapsed:36.633ms
2022-12-30 13:14:47.193 T:3665 DEBUG : PrepareNextRender: frameOnScreen: 18.151 renderPts: 18.318 nextFramePts: 18.310 -> diff: 0.008 render: 1 forceNext: 0
2022-12-30 13:14:47.193 T:3665 DEBUG : CAMLCodec::ReleaseFrame idx:440, drop:0
2022-12-30 13:14:47.195 T:3907 DEBUG : CAMLCodec::GetTimeSize: len:24 dl:983844 fs:983844 front:48807
2022-12-30 13:14:47.195 T:3907 DEBUG : CAMLCodec::DequeueBuffer: pts:18.560 idx:446
2022-12-30 13:14:47.195 T:3907 DEBUG : CAMLCodec::GetPicture: index: 446, pts: 18.560, dur:42ms ar:2.00
2022-12-30 13:14:47.195 T:3907 DEBUG : CVideoPlayerVideo::OutputPicture - ttd:406ms pts:18.560 Clock:18.153 Level:5
2022-12-30 13:14:47.196 T:3907 DEBUG : CAMLCodec::GetTimeSize: len:24 dl:983844 fs:983844 front:48807
2022-12-30 13:14:47.202 T:3907 DEBUG : CAMLCodec::GetTimeSize: len:24 dl:935037 fs:983844 front:48807
2022-12-30 13:14:47.203 T:3907 DEBUG : CAMLCodec::GetTimeSize: len:23 dl:935037 fs:935037 front:48195
2022-12-30 13:14:47.204 T:3908 DEBUG : CVideoPlayerAudio::OutputPacket: pts:18.912 curr_pts:18.162 clock:18.163 level:99
2022-12-30 13:14:47.205 T:3908 DEBUG : CVideoPlayerAudio::OutputPacket: pts:18.944 curr_pts:18.163 clock:18.163 level:99
2022-12-30 13:14:47.207 T:3904 DEBUG : CVideoPlayer::ProcessAudioData size:2560 dts:26.880 pts:26.880 dur:32.000ms, clock:18.165 drop:0 level:99
2022-12-30 13:14:47.208 T:3904 DEBUG : CVideoPlayer::ProcessAudioData size:2560 dts:26.912 pts:26.912 dur:32.000ms, clock:18.166 drop:0 level:99
2022-12-30 13:14:47.208 T:3907 DEBUG : CAMLCodec::AddData: dl:974748 sum:974748 sz:39711 dts:19.603 pts:19.770
2022-12-30 13:14:47.208 T:3907 DEBUG : CAMLCodec::GetTimeSize: len:24 dl:974748 fs:974748 front:48195
2022-12-30 13:14:47.233 T:3665 INFO : Skipped 4 duplicate messages..
2022-12-30 13:14:47.233 T:3665 DEBUG : CAMLCodec::PollFrame elapsed:39.097ms
2022-12-30 13:14:47.234 T:3665 DEBUG : PrepareNextRender: frameOnScreen: 18.192 renderPts: 18.359 nextFramePts: 18.352 -> diff: 0.007 render: 1 forceNext: 0
2022-12-30 13:14:47.235 T:3665 DEBUG : CAMLCodec::ReleaseFrame idx:441, drop:0
2022-12-30 13:14:47.239 T:3907 DEBUG : CAMLCodec::GetTimeSize: len:24 dl:974748 fs:974748 front:48195
2022-12-30 13:14:47.239 T:3907 DEBUG : CAMLCodec::DequeueBuffer: pts:18.602 idx:447
2022-12-30 13:14:47.239 T:3907 DEBUG : CAMLCodec::GetPicture: index: 447, pts: 18.602, dur:42ms ar:2.00
2022-12-30 13:14:47.239 T:3907 DEBUG : CVideoPlayerVideo::OutputPicture - ttd:405ms pts:18.602 Clock:18.197 Level:5
2022-12-30 13:14:47.240 T:3907 DEBUG : CAMLCodec::GetTimeSize: len:24 dl:974748 fs:974748 front:48195
2022-12-30 13:14:47.246 T:3907 DEBUG : CAMLCodec::GetTimeSize: len:24 dl:926553 fs:974748 front:48195
2022-12-30 13:14:47.246 T:3907 DEBUG : CAMLCodec::GetTimeSize: len:23 dl:926553 fs:926553 front:35759
2022-12-30 13:14:47.251 T:3907 DEBUG : CAMLCodec::AddData: dl:957919 sum:957919 sz:31366 dts:19.645 pts:19.728
2022-12-30 13:14:47.251 T:3907 DEBUG : CAMLCodec::GetTimeSize: len:24 dl:957919 fs:957919 front:35759
2022-12-30 13:14:47.254 T:3908 DEBUG : CVideoPlayerAudio::OutputPacket: pts:18.976 curr_pts:18.212 clock:18.212 level:99
2022-12-30 13:14:47.258 T:3907 DEBUG : CAMLCodec::GetTimeSize: len:24 dl:957919 fs:957919 front:35759
2022-12-30 13:14:47.258 T:3904 DEBUG : CVideoPlayer::ProcessAudioData size:2560 dts:26.944 pts:26.944 dur:32.000ms, clock:18.216 drop:0 level:99
2022-12-30 13:14:47.264 T:3907 DEBUG : CAMLCodec::GetTimeSize: len:24 dl:957919 fs:957919 front:35759
2022-12-30 13:14:47.274 T:3665 INFO : Skipped 1 duplicate messages..
2022-12-30 13:14:47.274 T:3665 DEBUG : CAMLCodec::PollFrame elapsed:39.439ms
2022-12-30 13:14:47.276 T:3907 DEBUG : CAMLCodec::GetTimeSize: len:24 dl:957919 fs:957919 front:35759
2022-12-30 13:14:47.276 T:3907 DEBUG : CAMLCodec::DequeueBuffer: pts:18.644 idx:448
2022-12-30 13:14:47.276 T:3907 DEBUG : CAMLCodec::GetPicture: index: 448, pts: 18.644, dur:42ms ar:2.00
2022-12-30 13:14:47.276 T:3665 DEBUG : PrepareNextRender: frameOnScreen: 18.234 renderPts: 18.401 nextFramePts: 18.393 -> diff: 0.008 render: 1 forceNext: 0
2022-12-30 13:14:47.276 T:3907 DEBUG : CVideoPlayerVideo::OutputPicture - ttd:409ms pts:18.644 Clock:18.234 Level:5
2022-12-30 13:14:47.277 T:3665 DEBUG : CAMLCodec::ReleaseFrame idx:442, drop:0
2022-12-30 13:14:47.278 T:3907 DEBUG : CAMLCodec::GetTimeSize: len:24 dl:957919 fs:957919 front:35759
2022-12-30 13:14:47.290 T:3907 INFO : Skipped 1 duplicate messages..
2022-12-30 13:14:47.290 T:3907 DEBUG : CAMLCodec::GetTimeSize: len:24 dl:922160 fs:957919 front:35759
2022-12-30 13:14:47.290 T:3907 DEBUG : CAMLCodec::GetTimeSize: len:23 dl:922160 fs:922160 front:110608
2022-12-30 13:14:47.295 T:3907 DEBUG : CAMLCodec::AddData: dl:951166 sum:951166 sz:29006 dts:19.686 pts:19.686
2022-12-30 13:14:47.295 T:3907 DEBUG : CAMLCodec::GetTimeSize: len:24 dl:951166 fs:951166 front:110608
2022-12-30 13:14:47.302 T:3960 INFO : Skipped 1 duplicate messages..
2022-12-30 13:14:47.302 T:3960 DEBUG : [metadata.tvshows.themoviedb.org.python (1.4.17)]: Called addon with params: ['plugin://metadata.tvshows.themoviedb.org.python/', '28', '?action=find&pathSettings=%7b%22cat_landscape%22%3atrue%2c%22certprefix%22%3a%22Rated%20%22%2c%22enab_trailer%22%3atrue%2c%22enable_fanarttv%22%3atrue%2c%22fanarttv_clientkey%22%3a%22%22%2c%22imdbanyway%22%3afalse%2c%22keeporiginaltitle%22%3afalse%2c%22language%22%3a%22fr-FR%22%2c%22lastUpdated%22%3a%220%22%2c%22originalUrl%22%3a%22%22%2c%22players_opt%22%3a%22Tubed%22%2c%22previewUrl%22%3a%22%22%2c%22ratings%22%3a%22IMDb%22%2c%22studio_country%22%3atrue%2c%22tmdbanyway%22%3atrue%2c%22tmdbcertcountry%22%3a%22fr%22%2c%22traktanyway%22%3atrue%2c%22usecertprefix%22%3atrue%2c%22verboselog%22%3afalse%7d&title=Tom.Clancys.Jack.Ryan.S03.Vostfr.2160p.WEB%20DL.DDP5.1.HDR.x265%20Notag', 'resume:false']
2022-12-30 13:14:47.302 T:3960 DEBUG : [metadata.tvshows.themoviedb.org.python (1.4.17)]: performing find action
2022-12-30 13:14:47.302 T:3960 DEBUG : [metadata.tvshows.themoviedb.org.python (1.4.17)]: Searching for TV show Tom.Clancys.Jack.Ryan.S03.Vostfr.2160p.WEB DL.DDP5.1.HDR.x265 Notag (None)
2022-12-30 13:14:47.302 T:3960 DEBUG : [metadata.tvshows.themoviedb.org.python (1.4.17)]: using title of Tom.Clancys.Jack.Ryan.S03.Vostfr.2160p.WEB DL.DDP5.1.HDR.x265 Notag to find show
2022-12-30 13:14:47.302 T:3960 DEBUG : [metadata.tvshows.themoviedb.org.python (1.4.17)]: Calling URL "https://api.themoviedb.org/3/search/tv?api_key=af3a53eb387d57fc935e9128468b1899&language=fr-FR&query=Tom.Clancys.Jack.Ryan.S03.Vostfr.2160p.WEB+DL.DDP5.1.HDR.x265+Notag"
2022-12-30 13:14:47.304 T:3908 DEBUG : CVideoPlayerAudio::OutputPacket: pts:19.008 curr_pts:18.262 clock:18.262 level:99
2022-12-30 13:14:47.305 T:3908 DEBUG : CVideoPlayerAudio::OutputPacket: pts:19.040 curr_pts:18.263 clock:18.263 level:99
2022-12-30 13:14:47.308 T:3907 DEBUG : CAMLCodec::GetTimeSize: len:24 dl:951166 fs:951166 front:110608
2022-12-30 13:14:47.309 T:3904 DEBUG : CVideoPlayer::ProcessAudioData size:2560 dts:26.976 pts:26.976 dur:32.000ms, clock:18.267 drop:0 level:99
2022-12-30 13:14:47.309 T:3904 DEBUG : CVideoPlayer::ProcessAudioData size:2560 dts:27.008 pts:27.008 dur:32.000ms, clock:18.267 drop:0 level:99
2022-12-30 13:14:47.314 T:3907 DEBUG : CAMLCodec::GetTimeSize: len:24 dl:951166 fs:951166 front:110608
2022-12-30 13:14:47.316 T:3665 DEBUG : CAMLCodec::PollFrame elapsed:39.002ms
2022-12-30 13:14:47.318 T:3665 DEBUG : PrepareNextRender: frameOnScreen: 18.276 renderPts: 18.443 nextFramePts: 18.435 -> diff: 0.008 render: 1 forceNext: 0
2022-12-30 13:14:47.319 T:3665 DEBUG : CAMLCodec::ReleaseFrame idx:443, drop:0
2022-12-30 13:14:47.320 T:3907 DEBUG : CAMLCodec::GetTimeSize: len:24 dl:951166 fs:951166 front:110608
2022-12-30 13:14:47.320 T:3907 DEBUG : CAMLCodec::DequeueBuffer: pts:18.685 idx:449
2022-12-30 13:14:47.320 T:3907 DEBUG : CAMLCodec::GetPicture: index: 449, pts: 18.685, dur:41ms ar:2.00
2022-12-30 13:14:47.320 T:3907 DEBUG : CVideoPlayerVideo::OutputPicture - ttd:406ms pts:18.685 Clock:18.278 Level:5
2022-12-30 13:14:47.321 T:3907 DEBUG : CAMLCodec::GetTimeSize: len:24 dl:951166 fs:951166 front:110608
2022-12-30 13:14:47.327 T:3907 DEBUG : CAMLCodec::GetTimeSize: len:24 dl:840558 fs:951166 front:110608
2022-12-30 13:14:47.327 T:3907 DEBUG : CAMLCodec::GetTimeSize: len:23 dl:840558 fs:840558 front:85499
2022-12-30 13:14:47.333 T:3907 DEBUG : CAMLCodec::AddData: dl:880617 sum:880617 sz:40059 dts:19.728 pts:19.811
2022-12-30 13:14:47.333 T:3907 DEBUG : CAMLCodec::GetTimeSize: len:24 dl:880617 fs:880617 front:85499
2022-12-30 13:14:47.355 T:3908 INFO : Skipped 3 duplicate messages..
2022-12-30 13:14:47.355 T:3908 DEBUG : CVideoPlayerAudio::OutputPacket: pts:19.072 curr_pts:18.312 clock:18.313 level:99
2022-12-30 13:14:47.358 T:3907 DEBUG : CAMLCodec::GetTimeSize: len:24 dl:880617 fs:880617 front:85499
2022-12-30 13:14:47.358 T:3665 DEBUG : CAMLCodec::PollFrame elapsed:39.135ms
2022-12-30 13:14:47.360 T:3904 DEBUG : CVideoPlayer::ProcessAudioData size:2560 dts:27.040 pts:27.040 dur:32.000ms, clock:18.318 drop:0 level:99
2022-12-30 13:14:47.363 T:3665 DEBUG : PrepareNextRender: frameOnScreen: 18.321 renderPts: 18.488 nextFramePts: 18.477 -> diff: 0.011 render: 1 forceNext: 0
2022-12-30 13:14:47.364 T:3665 DEBUG : CAMLCodec::ReleaseFrame idx:444, drop:0
2022-12-30 13:14:47.366 T:3907 DEBUG : CAMLCodec::GetTimeSize: len:24 dl:880617 fs:880617 front:85499
2022-12-30 13:14:47.366 T:3907 DEBUG : CAMLCodec::DequeueBuffer: pts:18.727 idx:450
2022-12-30 13:14:47.366 T:3907 DEBUG : CAMLCodec::GetPicture: index: 450, pts: 18.727, dur:42ms ar:2.00
2022-12-30 13:14:47.366 T:3907 DEBUG : CVideoPlayerVideo::OutputPicture - ttd:402ms pts:18.727 Clock:18.324 Level:5
2022-12-30 13:14:47.367 T:3907 DEBUG : CAMLCodec::GetTimeSize: len:24 dl:880617 fs:880617 front:85499
2022-12-30 13:14:47.374 T:3907 DEBUG : CAMLCodec::GetTimeSize: len:24 dl:795118 fs:880617 front:85499
2022-12-30 13:14:47.374 T:3907 DEBUG : CAMLCodec::GetTimeSize: len:23 dl:795118 fs:795118 front:45950
2022-12-30 13:14:47.381 T:3907 DEBUG : CAMLCodec::AddData: dl:910170 sum:910170 sz:115052 dts:19.770 pts:19.978
2022-12-30 13:14:47.381 T:3907 DEBUG : CAMLCodec::GetTimeSize: len:24 dl:910170 fs:910170 front:45950
2022-12-30 13:14:47.400 T:3665 INFO : Skipped 2 duplicate messages..
2022-12-30 13:14:47.400 T:3665 DEBUG : CAMLCodec::PollFrame elapsed:35.040ms
2022-12-30 13:14:47.400 T:3907 DEBUG : CAMLCodec::GetTimeSize: len:24 dl:910170 fs:910170 front:45950
2022-12-30 13:14:47.403 T:3665 DEBUG : PrepareNextRender: frameOnScreen: 18.361 renderPts: 18.528 nextFramePts: 18.518 -> diff: 0.010 render: 1 forceNext: 0
2022-12-30 13:14:47.405 T:3908 DEBUG : CVideoPlayerAudio::OutputPacket: pts:19.104 curr_pts:18.362 clock:18.363 level:99
2022-12-30 13:14:47.406 T:3908 DEBUG : CVideoPlayerAudio::OutputPacket: pts:19.136 curr_pts:18.363 clock:18.364 level:99
2022-12-30 13:14:47.408 T:3907 DEBUG : CAMLCodec::GetTimeSize: len:24 dl:910170 fs:910170 front:45950
2022-12-30 13:14:47.408 T:3907 DEBUG : CAMLCodec::DequeueBuffer: pts:18.769 idx:451
2022-12-30 13:14:47.408 T:3907 DEBUG : CAMLCodec::GetPicture: index: 451, pts: 18.769, dur:42ms ar:2.00
2022-12-30 13:14:47.408 T:3907 DEBUG : CVideoPlayerVideo::OutputPicture - ttd:403ms pts:18.769 Clock:18.366 Level:5
2022-12-30 13:14:47.408 T:3665 DEBUG : CAMLCodec::ReleaseFrame idx:445, drop:0
2022-12-30 13:14:47.409 T:3907 DEBUG : CAMLCodec::GetTimeSize: len:24 dl:910170 fs:910170 front:45950
2022-12-30 13:14:47.411 T:3904 DEBUG : CVideoPlayer::ProcessVideoData size:176083 dts:26.777 pts:26.860 dur:41.000ms, clock:18.369 level:87
2022-12-30 13:14:47.413 T:3904 DEBUG : CVideoPlayer::ProcessVideoData size:186035 dts:26.818 pts:26.944 dur:41.000ms, clock:18.371 level:88
2022-12-30 13:14:47.414 T:3904 DEBUG : CVideoPlayer::ProcessVideoData size:93837 dts:26.860 pts:26.902 dur:41.000ms, clock:18.372 level:88
2022-12-30 13:14:47.415 T:3904 DEBUG : CVideoPlayer::ProcessAudioData size:2560 dts:27.072 pts:27.072 dur:32.000ms, clock:18.373 drop:0 level:99
2022-12-30 13:14:47.415 T:3904 DEBUG : CVideoPlayer::ProcessAudioData size:2560 dts:27.104 pts:27.104 dur:32.000ms, clock:18.373 drop:0 level:99
2022-12-30 13:14:47.416 T:3907 DEBUG : CAMLCodec::GetTimeSize: len:24 dl:864220 fs:910170 front:45950
2022-12-30 13:14:47.416 T:3907 DEBUG : CAMLCodec::GetTimeSize: len:23 dl:864220 fs:864220 front:28345
2022-12-30 13:14:47.424 T:3907 DEBUG : CAMLCodec::AddData: dl:990777 sum:990777 sz:126557 dts:19.811 pts:19.895
2022-12-30 13:14:47.424 T:3907 DEBUG : CAMLCodec::GetTimeSize: len:24 dl:990777 fs:990777 front:28345
2022-12-30 13:14:47.441 T:3665 INFO : Skipped 2 duplicate messages..
2022-12-30 13:14:47.441 T:3665 DEBUG : CAMLCodec::PollFrame elapsed:33.354ms
2022-12-30 13:14:47.443 T:3907 DEBUG : CAMLCodec::GetTimeSize: len:24 dl:990777 fs:990777 front:28345
2022-12-30 13:14:47.443 T:3907 DEBUG : CAMLCodec::DequeueBuffer: pts:18.810 idx:452
2022-12-30 13:14:47.443 T:3907 DEBUG : CAMLCodec::GetPicture: index: 452, pts: 18.810, dur:41ms ar:2.00
2022-12-30 13:14:47.443 T:3907 DEBUG : CVideoPlayerVideo::OutputPicture - ttd:408ms pts:18.810 Clock:18.401 Level:6
2022-12-30 13:14:47.444 T:3907 DEBUG : CAMLCodec::GetTimeSize: len:24 dl:990777 fs:990777 front:28345
2022-12-30 13:14:47.446 T:3665 DEBUG : PrepareNextRender: frameOnScreen: 18.404 renderPts: 18.571 nextFramePts: 18.560 -> diff: 0.011 render: 1 forceNext: 0
2022-12-30 13:14:47.447 T:3665 DEBUG : CAMLCodec::ReleaseFrame idx:446, drop:0
2022-12-30 13:14:47.451 T:3907 DEBUG : CAMLCodec::GetTimeSize: len:24 dl:990777 fs:990777 front:28345
2022-12-30 13:14:47.455 T:3908 DEBUG : CVideoPlayerAudio::OutputPacket: pts:19.168 curr_pts:18.412 clock:18.413 level:99
2022-12-30 13:14:47.455 T:3908 DEBUG : CVideoPlayerAudio::OutputPacket: pts:19.200 curr_pts:18.413 clock:18.413 level:99
2022-12-30 13:14:47.456 T:3904 DEBUG : CVideoPlayer::ProcessAudioData size:2560 dts:27.136 pts:27.136 dur:32.000ms, clock:18.414 drop:0 level:99
2022-12-30 13:14:47.456 T:3904 DEBUG : CVideoPlayer::ProcessAudioData size:2560 dts:27.168 pts:27.168 dur:32.000ms, clock:18.414 drop:0 level:99
2022-12-30 13:14:47.457 T:3907 DEBUG : CAMLCodec::GetTimeSize: len:24 dl:962432 fs:990777 front:28345
2022-12-30 13:14:47.457 T:3907 DEBUG : CAMLCodec::GetTimeSize: len:23 dl:962432 fs:962432 front:80574
2022-12-30 13:14:47.465 T:3907 DEBUG : CAMLCodec::AddData: dl:1067484 sum:1067484 sz:105052 dts:19.853 pts:19.853
2022-12-30 13:14:47.465 T:3907 DEBUG : CAMLCodec::GetTimeSize: len:24 dl:1067484 fs:1067484 front:80574
2022-12-30 13:14:47.483 T:3665 INFO : Skipped 2 duplicate messages..
2022-12-30 13:14:47.483 T:3665 DEBUG : CAMLCodec::PollFrame elapsed:35.931ms
2022-12-30 13:14:47.484 T:3907 DEBUG : CAMLCodec::GetTimeSize: len:24 dl:1067484 fs:1067484 front:80574
2022-12-30 13:14:47.484 T:3907 DEBUG : CAMLCodec::DequeueBuffer: pts:18.852 idx:453
2022-12-30 13:14:47.484 T:3907 DEBUG : CAMLCodec::GetPicture: index: 453, pts: 18.852, dur:42ms ar:2.00
2022-12-30 13:14:47.484 T:3907 DEBUG : CVideoPlayerVideo::OutputPicture - ttd:409ms pts:18.852 Clock:18.442 Level:6
2022-12-30 13:14:47.485 T:3907 DEBUG : CAMLCodec::GetTimeSize: len:24 dl:1067484 fs:1067484 front:80574
2022-12-30 13:14:47.488 T:3665 DEBUG : PrepareNextRender: frameOnScreen: 18.446 renderPts: 18.612 nextFramePts: 18.602 -> diff: 0.010 render: 1 forceNext: 0
2022-12-30 13:14:47.489 T:3665 DEBUG : CAMLCodec::ReleaseFrame idx:447, drop:0
2022-12-30 13:14:47.491 T:3907 DEBUG : CAMLCodec::GetTimeSize: len:24 dl:1067484 fs:1067484 front:80574
2022-12-30 13:14:47.498 T:3907 DEBUG : CAMLCodec::GetTimeSize: len:24 dl:986910 fs:1067484 front:80574
2022-12-30 13:14:47.498 T:3907 DEBUG : CAMLCodec::GetTimeSize: len:23 dl:986910 fs:986910 front:47547
2022-12-30 13:14:47.505 T:3908 DEBUG : CVideoPlayerAudio::OutputPacket: pts:19.232 curr_pts:18.462 clock:18.463 level:99
2022-12-30 13:14:47.505 T:3907 DEBUG : CAMLCodec::AddData: dl:1064592 sum:1064592 sz:77682 dts:19.895 pts:19.937
2022-12-30 13:14:47.505 T:3907 DEBUG : CAMLCodec::GetTimeSize: len:24 dl:1064592 fs:1064592 front:47547
2022-12-30 13:14:47.506 T:3960 INFO : CPythonInvoker(41, /storage/.kodi/addons/metadata.tvshows.themoviedb.org.python/main.py): script successfully run
2022-12-30 13:14:47.507 T:3960 DEBUG : onExecutionDone(41, /storage/.kodi/addons/metadata.tvshows.themoviedb.org.python/main.py)
2022-12-30 13:14:47.507 T:3904 DEBUG : CVideoPlayer::ProcessAudioData size:2560 dts:27.200 pts:27.200 dur:32.000ms, clock:18.465 drop:0 level:99
2022-12-30 13:14:47.512 T:3907 DEBUG : CAMLCodec::GetTimeSize: len:24 dl:1064592 fs:1064592 front:47547
2022-12-30 13:14:47.520 T:3719 INFO : Skipped 1 duplicate messages..
2022-12-30 13:14:47.520 T:3719 WARNING : No information found for item '/media/SSD1To/Series/Tom.Clancys.Jack.Ryan.S03.Vostfr.2160p.WEB-DL.DDP5.1.HDR.x265-Notag/', it won't be added to the library.
2022-12-30 13:14:47.525 T:3907 DEBUG : CAMLCodec::GetTimeSize: len:24 dl:1064592 fs:1064592 front:47547
2022-12-30 13:14:47.525 T:3665 DEBUG : CAMLCodec::PollFrame elapsed:36.122ms
2022-12-30 13:14:47.531 T:3665 DEBUG : PrepareNextRender: frameOnScreen: 18.489 renderPts: 18.655 nextFramePts: 18.644 -> diff: 0.011 render: 1 forceNext: 0
2022-12-30 13:14:47.531 T:3907 DEBUG : CAMLCodec::GetTimeSize: len:24 dl:1064592 fs:1064592 front:47547
2022-12-30 13:14:47.531 T:3907 DEBUG : CAMLCodec::DequeueBuffer: pts:18.894 idx:454
2022-12-30 13:14:47.531 T:3907 DEBUG : CAMLCodec::GetPicture: index: 454, pts: 18.894, dur:42ms ar:2.00
2022-12-30 13:14:47.532 T:3907 DEBUG : CVideoPlayerVideo::OutputPicture - ttd:404ms pts:18.894 Clock:18.490 Level:5
2022-12-30 13:14:47.532 T:3665 DEBUG : CAMLCodec::ReleaseFrame idx:448, drop:0
2022-12-30 13:14:47.533 T:3907 DEBUG : CAMLCodec::GetTimeSize: len:24 dl:1064592 fs:1064592 front:47547
2022-12-30 13:14:47.536 T:3719 DEBUG : FindMovie: Searching for 'Westworld S04' using TMDb TV Shows scraper (path: '/storage/.kodi/addons/metadata.tvshows.themoviedb.org.python/', content: 'tvshows', version: '1.4.17')
2022-12-30 13:14:47.539 T:3719 DEBUG : StartScript - calling plugin TMDb TV Shows('plugin://metadata.tvshows.themoviedb.org.python/','29','?action=find&pathSettings=%7b%22cat_landscape%22%3atrue%2c%22certprefix%22%3a%22Rated%20%22%2c%22enab_trailer%22%3atrue%2c%22enable_fanarttv%22%3atrue%2c%22fanarttv_clientkey%22%3a%22%22%2c%22imdbanyway%22%3afalse%2c%22keeporiginaltitle%22%3afalse%2c%22language%22%3a%22fr-FR%22%2c%22lastUpdated%22%3a%220%22%2c%22originalUrl%22%3a%22%22%2c%22players_opt%22%3a%22Tubed%22%2c%22previewUrl%22%3a%22%22%2c%22ratings%22%3a%22IMDb%22%2c%22studio_country%22%3atrue%2c%22tmdbanyway%22%3atrue%2c%22tmdbcertcountry%22%3a%22fr%22%2c%22traktanyway%22%3atrue%2c%22usecertprefix%22%3atrue%2c%22verboselog%22%3afalse%7d&title=Westworld%20S04','resume:false')
2022-12-30 13:14:47.539 T:3961 DEBUG : Thread LanguageInvoker start, auto delete: false
2022-12-30 13:14:47.539 T:3907 DEBUG : CAMLCodec::GetTimeSize: len:24 dl:1017045 fs:1064592 front:47547
2022-12-30 13:14:47.539 T:3907 DEBUG : CAMLCodec::GetTimeSize: len:23 dl:1017045 fs:1017045 front:16271
2022-12-30 13:14:47.539 T:3961 INFO : initializing python engine.
2022-12-30 13:14:47.539 T:3961 DEBUG : CPythonInvoker(42, /storage/.kodi/addons/metadata.tvshows.themoviedb.org.python/main.py): start processing
2022-12-30 13:14:47.546 T:3907 DEBUG : CAMLCodec::AddData: dl:1189729 sum:1189729 sz:172684 dts:19.937 pts:20.020
2022-12-30 13:14:47.547 T:3907 DEBUG : CAMLCodec::GetTimeSize: len:24 dl:1189729 fs:1189729 front:16271
2022-12-30 13:14:47.554 T:3908 INFO : Skipped 1 duplicate messages..
2022-12-30 13:14:47.554 T:3908 DEBUG : CVideoPlayerAudio::OutputPacket: pts:19.264 curr_pts:18.512 clock:18.512 level:99
2022-12-30 13:14:47.555 T:3908 DEBUG : CVideoPlayerAudio::OutputPacket: pts:19.296 curr_pts:18.512 clock:18.513 level:99
2022-12-30 13:14:47.558 T:3904 DEBUG : CVideoPlayer::ProcessAudioData size:2560 dts:27.232 pts:27.232 dur:32.000ms, clock:18.516 drop:0 level:99
2022-12-30 13:14:47.559 T:3904 DEBUG : CVideoPlayer::ProcessVideoData size:193572 dts:26.902 pts:27.110 dur:41.000ms, clock:18.517 level:87
2022-12-30 13:14:47.560 T:3904 DEBUG : CVideoPlayer::ProcessVideoData size:141077 dts:26.944 pts:27.027 dur:41.000ms, clock:18.518 level:87
2022-12-30 13:14:47.560 T:3904 DEBUG : CVideoPlayer::ProcessVideoData size:111783 dts:26.985 pts:26.985 dur:41.000ms, clock:18.518 level:88
2022-12-30 13:14:47.561 T:3904 DEBUG : CVideoPlayer::ProcessVideoData size:99962 dts:27.027 pts:27.069 dur:41.000ms, clock:18.519 level:88
2022-12-30 13:14:47.563 T:3907 DEBUG : CAMLCodec::GetTimeSize: len:24 dl:1189729 fs:1189729 front:16271
2022-12-30 13:14:47.563 T:3904 DEBUG : CVideoPlayer::ProcessVideoData size:200594 dts:27.069 pts:27.277 dur:41.000ms, clock:18.521 level:89
2022-12-30 13:14:47.564 T:3904 DEBUG : CVideoPlayer::ProcessVideoData size:96497 dts:27.110 pts:27.194 dur:41.000ms, clock:18.522 level:89
2022-12-30 13:14:47.564 T:3904 DEBUG : CVideoPlayer::ProcessVideoData size:58148 dts:27.152 pts:27.152 dur:41.000ms, clock:18.522 level:90
2022-12-30 13:14:47.564 T:3904 DEBUG : CVideoPlayer::ProcessVideoData size:51667 dts:27.194 pts:27.236 dur:41.000ms, clock:18.522 level:90
2022-12-30 13:14:47.565 T:3904 DEBUG : CVideoPlayer::ProcessAudioData size:2560 dts:27.264 pts:27.264 dur:32.000ms, clock:18.523 drop:0 level:99
2022-12-30 13:14:47.566 T:3665 DEBUG : CAMLCodec::PollFrame elapsed:33.718ms
2022-12-30 13:14:47.568 T:3665 DEBUG : PrepareNextRender: frameOnScreen: 18.526 renderPts: 18.693 nextFramePts: 18.685 -> diff: 0.008 render: 1 forceNext: 0
2022-12-30 13:14:47.569 T:3907 DEBUG : CAMLCodec::GetTimeSize: len:24 dl:1189729 fs:1189729 front:16271
2022-12-30 13:14:47.569 T:3907 DEBUG : CAMLCodec::DequeueBuffer: pts:18.936 idx:455
2022-12-30 13:14:47.569 T:3907 DEBUG : CAMLCodec::GetPicture: index: 455, pts: 18.936, dur:42ms ar:2.00
2022-12-30 13:14:47.569 T:3907 DEBUG : CVideoPlayerVideo::OutputPicture - ttd:408ms pts:18.936 Clock:18.527 Level:5
2022-12-30 13:14:47.569 T:3665 DEBUG : CAMLCodec::ReleaseFrame idx:449, drop:0
2022-12-30 13:14:47.570 T:3907 DEBUG : CAMLCodec::GetTimeSize: len:24 dl:1189729 fs:1189729 front:16271
2022-12-30 13:14:47.576 T:3907 DEBUG : CAMLCodec::GetTimeSize: len:24 dl:1173458 fs:1189729 front:16271
2022-12-30 13:14:47.577 T:3907 DEBUG : CAMLCodec::GetTimeSize: len:23 dl:1173458 fs:1173458 front:13449
2022-12-30 13:14:47.584 T:3907 DEBUG : CAMLCodec::AddData: dl:1287796 sum:1287796 sz:114338 dts:19.978 pts:20.229
2022-12-30 13:14:47.584 T:3907 DEBUG : CAMLCodec::GetTimeSize: len:24 dl:1287796 fs:1287796 front:13449
2022-12-30 13:14:47.604 T:3908 INFO : Skipped 3 duplicate messages..
2022-12-30 13:14:47.604 T:3908 DEBUG : CVideoPlayerAudio::OutputPacket: pts:19.328 curr_pts:18.562 clock:18.563 level:99
2022-12-30 13:14:47.605 T:3904 DEBUG : CVideoPlayer::ProcessAudioData size:2560 dts:27.296 pts:27.296 dur:32.000ms, clock:18.564 drop:0 level:99
2022-12-30 13:14:47.608 T:3665 DEBUG : CAMLCodec::PollFrame elapsed:38.619ms
2022-12-30 13:14:47.609 T:3907 DEBUG : CAMLCodec::GetTimeSize: len:24 dl:1287796 fs:1287796 front:13449
2022-12-30 13:14:47.610 T:3665 DEBUG : PrepareNextRender: frameOnScreen: 18.568 renderPts: 18.735 nextFramePts: 18.727 -> diff: 0.008 render: 1 forceNext: 0
2022-12-30 13:14:47.611 T:3665 DEBUG : CAMLCodec::ReleaseFrame idx:450, drop:0
2022-12-30 13:14:47.615 T:3907 DEBUG : CAMLCodec::GetTimeSize: len:24 dl:1287796 fs:1287796 front:13449
2022-12-30 13:14:47.615 T:3907 DEBUG : CAMLCodec::DequeueBuffer: pts:18.977 idx:456
2022-12-30 13:14:47.615 T:3907 DEBUG : CAMLCodec::GetPicture: index: 456, pts: 18.977, dur:41ms ar:2.00
2022-12-30 13:14:47.615 T:3907 DEBUG : CVideoPlayerVideo::OutputPicture - ttd:403ms pts:18.977 Clock:18.573 Level:5
2022-12-30 13:14:47.616 T:3907 DEBUG : CAMLCodec::GetTimeSize: len:24 dl:1287796 fs:1287796 front:13449
2022-12-30 13:14:47.623 T:3907 DEBUG : CAMLCodec::GetTimeSize: len:24 dl:1274347 fs:1287796 front:13449
2022-12-30 13:14:47.623 T:3907 DEBUG : CAMLCodec::GetTimeSize: len:23 dl:1274347 fs:1274347 front:79372
2022-12-30 13:14:47.628 T:3907 DEBUG : CAMLCodec::AddData: dl:1313559 sum:1313559 sz:39212 dts:20.020 pts:20.145
2022-12-30 13:14:47.628 T:3907 DEBUG : CAMLCodec::GetTimeSize: len:24 dl:1313559 fs:1313559 front:79372
2022-12-30 13:14:47.650 T:3665 INFO : Skipped 3 duplicate messages..
2022-12-30 13:14:47.650 T:3665 DEBUG : CAMLCodec::PollFrame elapsed:39.075ms
2022-12-30 13:14:47.652 T:3665 DEBUG : PrepareNextRender: frameOnScreen: 18.610 renderPts: 18.776 nextFramePts: 18.769 -> diff: 0.007 render: 1 forceNext: 0
2022-12-30 13:14:47.652 T:3665 DEBUG : CAMLCodec::ReleaseFrame idx:451, drop:0
2022-12-30 13:14:47.653 T:3907 DEBUG : CAMLCodec::GetTimeSize: len:24 dl:1313559 fs:1313559 front:79372
2022-12-30 13:14:47.653 T:3907 DEBUG : CAMLCodec::DequeueBuffer: pts:19.019 idx:457
2022-12-30 13:14:47.653 T:3907 DEBUG : CAMLCodec::GetPicture: index: 457, pts: 19.019, dur:42ms ar:2.00
2022-12-30 13:14:47.653 T:3907 DEBUG : CVideoPlayerVideo::OutputPicture - ttd:408ms pts:19.019 Clock:18.611 Level:5
2022-12-30 13:14:47.654 T:3908 DEBUG : CVideoPlayerAudio::OutputPacket: pts:19.360 curr_pts:18.612 clock:18.612 level:99
2022-12-30 13:14:47.655 T:3908 DEBUG : CVideoPlayerAudio::OutputPacket: pts:19.392 curr_pts:18.613 clock:18.613 level:99
2022-12-30 13:14:47.655 T:3907 DEBUG : CAMLCodec::GetTimeSize: len:24 dl:1313559 fs:1313559 front:79372
2022-12-30 13:14:47.656 T:3904 DEBUG : CVideoPlayer::ProcessAudioData size:2560 dts:27.328 pts:27.328 dur:32.000ms, clock:18.614 drop:0 level:99
2022-12-30 13:14:47.656 T:3904 DEBUG : CVideoPlayer::ProcessAudioData size:2560 dts:27.360 pts:27.360 dur:32.000ms, clock:18.614 drop:0 level:99
2022-12-30 13:14:47.661 T:3907 DEBUG : CAMLCodec::GetTimeSize: len:24 dl:1234187 fs:1313559 front:79372
2022-12-30 13:14:47.661 T:3907 DEBUG : CAMLCodec::GetTimeSize: len:23 dl:1234187 fs:1234187 front:39897
2022-12-30 13:14:47.667 T:3907 DEBUG : CAMLCodec::AddData: dl:1261618 sum:1261618 sz:27431 dts:20.062 pts:20.062
2022-12-30 13:14:47.667 T:3907 DEBUG : CAMLCodec::GetTimeSize: len:24 dl:1261618 fs:1261618 front:39897
2022-12-30 13:14:47.692 T:3665 INFO : Skipped 4 duplicate messages..
2022-12-30 13:14:47.692 T:3665 DEBUG : CAMLCodec::PollFrame elapsed:39.145ms
2022-12-30 13:14:47.693 T:3665 DEBUG : CheckIdle - Closing session to https://www.imdb.com (easy=0xcbbc88c8, multi=0xcbbb9c00)
2022-12-30 13:14:47.697 T:3665 DEBUG : PrepareNextRender: frameOnScreen: 18.655 renderPts: 18.822 nextFramePts: 18.810 -> diff: 0.012 render: 1 forceNext: 0
2022-12-30 13:14:47.698 T:3907 DEBUG : CAMLCodec::GetTimeSize: len:24 dl:1261618 fs:1261618 front:39897
2022-12-30 13:14:47.698 T:3907 DEBUG : CAMLCodec::DequeueBuffer: pts:19.061 idx:458
2022-12-30 13:14:47.698 T:3907 DEBUG : CAMLCodec::GetPicture: index: 458, pts: 19.061, dur:42ms ar:2.00
2022-12-30 13:14:47.698 T:3907 DEBUG : CVideoPlayerVideo::OutputPicture - ttd:405ms pts:19.061 Clock:18.656 Level:5
2022-12-30 13:14:47.698 T:3665 DEBUG : CAMLCodec::ReleaseFrame idx:452, drop:0
2022-12-30 13:14:47.699 T:3907 DEBUG : CAMLCodec::GetTimeSize: len:24 dl:1261618 fs:1261618 front:39897
2022-12-30 13:14:47.704 T:3908 DEBUG : CVideoPlayerAudio::OutputPacket: pts:19.424 curr_pts:18.662 clock:18.663 level:99
2022-12-30 13:14:47.706 T:3907 DEBUG : CAMLCodec::GetTimeSize: len:24 dl:1221721 fs:1261618 front:39897
2022-12-30 13:14:47.706 T:3907 DEBUG : CAMLCodec::GetTimeSize: len:23 dl:1221721 fs:1221721 front:16349
2022-12-30 13:14:47.707 T:3904 DEBUG : CVideoPlayer::ProcessAudioData size:2560 dts:27.392 pts:27.392 dur:32.000ms, clock:18.665 drop:0 level:99
2022-12-30 13:14:47.711 T:3907 DEBUG : CAMLCodec::AddData: dl:1265441 sum:1265441 sz:43720 dts:20.103 pts:20.103
2022-12-30 13:14:47.711 T:3907 DEBUG : CAMLCodec::GetTimeSize: len:24 dl:1265441 fs:1265441 front:16349
2022-12-30 13:14:47.733 T:3665 INFO : Skipped 3 duplicate messages..
2022-12-30 13:14:47.733 T:3665 DEBUG : CAMLCodec::PollFrame elapsed:35.311ms
2022-12-30 13:14:47.735 T:3665 DEBUG : PrepareNextRender: frameOnScreen: 18.693 renderPts: 18.860 nextFramePts: 18.852 -> diff: 0.008 render: 1 forceNext: 0
2022-12-30 13:14:47.736 T:3665 DEBUG : CAMLCodec::ReleaseFrame idx:453, drop:0
2022-12-30 13:14:47.736 T:3907 DEBUG : CAMLCodec::GetTimeSize: len:24 dl:1265441 fs:1265441 front:16349
2022-12-30 13:14:47.736 T:3907 DEBUG : CAMLCodec::DequeueBuffer: pts:19.102 idx:459
2022-12-30 13:14:47.736 T:3907 DEBUG : CAMLCodec::GetPicture: index: 459, pts: 19.102, dur:41ms ar:2.00
2022-12-30 13:14:47.736 T:3907 DEBUG : CVideoPlayerVideo::OutputPicture - ttd:408ms pts:19.102 Clock:18.694 Level:5
2022-12-30 13:14:47.737 T:3907 DEBUG : CAMLCodec::GetTimeSize: len:24 dl:1265441 fs:1265441 front:16349
2022-12-30 13:14:47.749 T:3907 INFO : Skipped 1 duplicate messages..
2022-12-30 13:14:47.749 T:3907 DEBUG : CAMLCodec::GetTimeSize: len:24 dl:1249092 fs:1265441 front:16349
2022-12-30 13:14:47.750 T:3907 DEBUG : CAMLCodec::GetTimeSize: len:23 dl:1249092 fs:1249092 front:14152
2022-12-30 13:14:47.754 T:3908 DEBUG : CVideoPlayerAudio::OutputPacket: pts:19.456 curr_pts:18.712 clock:18.712 level:99
2022-12-30 13:14:47.755 T:3908 DEBUG : CVideoPlayerAudio::OutputPacket: pts:19.488 curr_pts:18.712 clock:18.713 level:99
2022-12-30 13:14:47.755 T:3907 DEBUG : CAMLCodec::AddData: dl:1288725 sum:1288725 sz:39633 dts:20.145 pts:20.187
2022-12-30 13:14:47.755 T:3907 DEBUG : CAMLCodec::GetTimeSize: len:24 dl:1288725 fs:1288725 front:14152
2022-12-30 13:14:47.757 T:3904 DEBUG : CVideoPlayer::ProcessAudioData size:2560 dts:27.424 pts:27.424 dur:32.000ms, clock:18.715 drop:0 level:99
2022-12-30 13:14:47.757 T:3904 DEBUG : CVideoPlayer::ProcessAudioData size:2560 dts:27.456 pts:27.456 dur:32.000ms, clock:18.715 drop:0 level:99
2022-12-30 13:14:47.761 T:3907 DEBUG : CAMLCodec::GetTimeSize: len:24 dl:1288725 fs:1288725 front:14152
2022-12-30 13:14:47.775 T:3665 INFO : Skipped 2 duplicate messages..
2022-12-30 13:14:47.775 T:3665 DEBUG : CAMLCodec::PollFrame elapsed:39.254ms
2022-12-30 13:14:47.777 T:3665 DEBUG : PrepareNextRender: frameOnScreen: 18.735 renderPts: 18.902 nextFramePts: 18.894 -> diff: 0.008 render: 1 forceNext: 0
2022-12-30 13:14:47.778 T:3665 DEBUG : CAMLCodec::ReleaseFrame idx:454, drop:0
2022-12-30 13:14:47.780 T:3907 DEBUG : CAMLCodec::GetTimeSize: len:24 dl:1288725 fs:1288725 front:14152
2022-12-30 13:14:47.780 T:3907 DEBUG : CAMLCodec::DequeueBuffer: pts:19.144 idx:460
2022-12-30 13:14:47.780 T:3907 DEBUG : CAMLCodec::GetPicture: index: 460, pts: 19.144, dur:42ms ar:2.00
2022-12-30 13:14:47.780 T:3907 DEBUG : CVideoPlayerVideo::OutputPicture - ttd:406ms pts:19.144 Clock:18.738 Level:5
2022-12-30 13:14:47.781 T:3907 DEBUG : CAMLCodec::GetTimeSize: len:24 dl:1288725 fs:1288725 front:14152
2022-12-30 13:14:47.787 T:3907 DEBUG : CAMLCodec::GetTimeSize: len:24 dl:1274573 fs:1288725 front:14152
2022-12-30 13:14:47.787 T:3907 DEBUG : CAMLCodec::GetTimeSize: len:23 dl:1274573 fs:1274573 front:58850
2022-12-30 13:14:47.795 T:3907 DEBUG : CAMLCodec::AddData: dl:1433061 sum:1433061 sz:158488 dts:20.187 pts:20.479
2022-12-30 13:14:47.795 T:3907 DEBUG : CAMLCodec::GetTimeSize: len:24 dl:1433061 fs:1433061 front:58850
2022-12-30 13:14:47.804 T:3908 INFO : Skipped 1 duplicate messages..
2022-12-30 13:14:47.804 T:3908 DEBUG : CVideoPlayerAudio::OutputPacket: pts:19.520 curr_pts:18.762 clock:18.763 level:99
2022-12-30 13:14:47.807 T:3907 DEBUG : CAMLCodec::GetTimeSize: len:24 dl:1433061 fs:1433061 front:58850
2022-12-30 13:14:47.808 T:3904 DEBUG : CVideoPlayer::ProcessAudioData size:2560 dts:27.488 pts:27.488 dur:32.000ms, clock:18.766 drop:0 level:99
2022-12-30 13:14:47.813 T:3907 DEBUG : CAMLCodec::GetTimeSize: len:24 dl:1433061 fs:1433061 front:58850
2022-12-30 13:14:47.817 T:3665 DEBUG : CAMLCodec::PollFrame elapsed:38.881ms
2022-12-30 13:14:47.819 T:3665 DEBUG : PrepareNextRender: frameOnScreen: 18.777 renderPts: 18.944 nextFramePts: 18.936 -> diff: 0.008 render: 1 forceNext: 0
2022-12-30 13:14:47.820 T:3907 DEBUG : CAMLCodec::GetTimeSize: len:24 dl:1433061 fs:1433061 front:58850
2022-12-30 13:14:47.820 T:3907 DEBUG : CAMLCodec::DequeueBuffer: pts:19.186 idx:461
2022-12-30 13:14:47.820 T:3907 DEBUG : CAMLCodec::GetPicture: index: 461, pts: 19.186, dur:42ms ar:2.00
2022-12-30 13:14:47.820 T:3907 DEBUG : CVideoPlayerVideo::OutputPicture - ttd:408ms pts:19.186 Clock:18.778 Level:5
2022-12-30 13:14:47.820 T:3665 DEBUG : CAMLCodec::ReleaseFrame idx:455, drop:0
2022-12-30 13:14:47.821 T:3907 DEBUG : CAMLCodec::GetTimeSize: len:24 dl:1433061 fs:1433061 front:58850
2022-12-30 13:14:47.827 T:3907 DEBUG : CAMLCodec::GetTimeSize: len:24 dl:1374211 fs:1433061 front:58850
2022-12-30 13:14:47.827 T:3907 DEBUG : CAMLCodec::GetTimeSize: len:23 dl:1374211 fs:1374211 front:52296
2022-12-30 13:14:47.835 T:3907 DEBUG : CAMLCodec::AddData: dl:1475355 sum:1475355 sz:101144 dts:20.229 pts:20.354
2022-12-30 13:14:47.835 T:3907 DEBUG : CAMLCodec::GetTimeSize: len:24 dl:1475355 fs:1475355 front:52296
2022-12-30 13:14:47.854 T:3908 INFO : Skipped 3 duplicate messages..
2022-12-30 13:14:47.854 T:3908 DEBUG : CVideoPlayerAudio::OutputPacket: pts:19.552 curr_pts:18.812 clock:18.812 level:99
2022-12-30 13:14:47.855 T:3908 DEBUG : CVideoPlayerAudio::OutputPacket: pts:19.584 curr_pts:18.812 clock:18.813 level:99
2022-12-30 13:14:47.858 T:3665 DEBUG : CAMLCodec::PollFrame elapsed:38.541ms
2022-12-30 13:14:47.859 T:3907 DEBUG : CAMLCodec::GetTimeSize: len:24 dl:1475355 fs:1475355 front:52296
2022-12-30 13:14:47.860 T:3904 DEBUG : CVideoPlayer::ProcessVideoData size:224597 dts:27.236 pts:27.444 dur:41.000ms, clock:18.818 level:87
2022-12-30 13:14:47.860 T:3665 DEBUG : PrepareNextRender: frameOnScreen: 18.818 renderPts: 18.985 nextFramePts: 18.977 -> diff: 0.008 render: 1 forceNext: 0
2022-12-30 13:14:47.861 T:3904 DEBUG : CVideoPlayer::ProcessVideoData size:87502 dts:27.277 pts:27.361 dur:41.000ms, clock:18.819 level:88
2022-12-30 13:14:47.861 T:3904 DEBUG : CVideoPlayer::ProcessVideoData size:42844 dts:27.319 pts:27.319 dur:41.000ms, clock:18.819 level:88
2022-12-30 13:14:47.861 T:3665 DEBUG : CAMLCodec::ReleaseFrame idx:456, drop:0
2022-12-30 13:14:47.862 T:3904 DEBUG : CVideoPlayer::ProcessVideoData size:32816 dts:27.361 pts:27.402 dur:41.000ms, clock:18.820 level:89
2022-12-30 13:14:47.863 T:3904 DEBUG : CVideoPlayer::ProcessAudioData size:2560 dts:27.520 pts:27.520 dur:32.000ms, clock:18.821 drop:0 level:99
2022-12-30 13:14:47.863 T:3904 DEBUG : CVideoPlayer::ProcessAudioData size:2560 dts:27.552 pts:27.552 dur:32.000ms, clock:18.821 drop:0 level:99
2022-12-30 13:14:47.866 T:3907 DEBUG : CAMLCodec::GetTimeSize: len:24 dl:1475355 fs:1475355 front:52296
2022-12-30 13:14:47.866 T:3907 DEBUG : CAMLCodec::DequeueBuffer: pts:19.228 idx:462
