2020-04-25 16:12:43.572 T:3034792832 DEBUG: CVideoPlayerVideo::OutputPicture - ttd:304ms pts:2990.529 Clock:2990.224 Level:4
2020-04-25 16:12:43.580 T:4055888768 DEBUG: CLibInputKeyboard::ProcessKey - using delay: 500ms repeat: 33ms
2020-04-25 16:12:43.580 T:3076756352 DEBUG: Thread Timer start, auto delete: false
2020-04-25 16:12:43.606 T:4065800208 DEBUG: Keyboard: scancode: 0x6a, sym: 0x0113, unicode: 0x0000, modifier: 0x0
2020-04-25 16:12:43.606 T:4065800208 DEBUG: HandleKey: right (0xf083) pressed, action is Right
2020-04-25 16:12:43.696 T:3034792832 DEBUG: CVideoPlayerVideo::OutputPicture - ttd:222ms pts:2990.571 Clock:2990.348 Level:2
2020-04-25 16:12:43.697 T:3034792832 DEBUG: CVideoPlayerVideo::OutputPicture - ttd:263ms pts:2990.613 Clock:2990.350 Level:3
2020-04-25 16:12:43.724 T:3076756352 DEBUG: Thread Timer 3076756352 terminating
2020-04-25 16:12:43.730 T:4065800208 DEBUG: Keyboard: scancode: 0x6a, sym: 0x0113, unicode: 0x0000, modifier: 0x0
2020-04-25 16:12:43.736 T:3034792832 DEBUG: CVideoPlayerVideo::OutputPicture - ttd:265ms pts:2990.654 Clock:2990.389 Level:3
2020-04-25 16:12:43.737 T:3034792832 DEBUG: CVideoPlayerVideo::OutputPicture - ttd:306ms pts:2990.696 Clock:2990.390 Level:4
2020-04-25 16:12:43.862 T:3034792832 DEBUG: CVideoPlayerVideo::OutputPicture - ttd:223ms pts:2990.738 Clock:2990.514 Level:2
2020-04-25 16:12:43.863 T:3034792832 DEBUG: CVideoPlayerVideo::OutputPicture - ttd:263ms pts:2990.779 Clock:2990.516 Level:3
2020-04-25 16:12:43.865 T:2992829312 DEBUG: CVideoPlayer::ProcessVideoData size:94 dts:2998.954 pts:2999.163 dur:41.000ms, clock:2990.517 level:90
2020-04-25 16:12:43.865 T:2992829312 DEBUG: CVideoPlayer::ProcessVideoData size:102 dts:2998.996 pts:2999.079 dur:41.000ms, clock:2990.517 level:90
2020-04-25 16:12:43.865 T:2992829312 DEBUG: CVideoPlayer::ProcessVideoData size:102 dts:2999.038 pts:2999.038 dur:41.000ms, clock:2990.518 level:91
2020-04-25 16:12:43.865 T:2992829312 DEBUG: CVideoPlayer::ProcessVideoData size:97 dts:2999.079 pts:2999.121 dur:41.000ms, clock:2990.518 level:91
2020-04-25 16:12:43.904 T:3034792832 DEBUG: CVideoPlayerVideo::OutputPicture - ttd:264ms pts:2990.821 Clock:2990.556 Level:3
2020-04-25 16:12:43.905 T:3034792832 DEBUG: CVideoPlayerVideo::OutputPicture - ttd:305ms pts:2990.863 Clock:2990.557 Level:4
2020-04-25 16:12:43.993 T:3034792832 DEBUG: CVideoPlayerVideo::OutputPicture - ttd:260ms pts:2990.905 Clock:2990.645 Level:3
2020-04-25 16:12:43.994 T:3034792832 DEBUG: CVideoPlayerVideo::OutputPicture - ttd:299ms pts:2990.946 Clock:2990.646 Level:4
2020-04-25 16:12:44.120 T:2992829312 DEBUG: CVideoPlayer::ProcessVideoData size:93 dts:2999.121 pts:2999.288 dur:41.000ms, clock:2990.772 level:88
2020-04-25 16:12:44.120 T:2992829312 DEBUG: CVideoPlayer::ProcessVideoData size:108 dts:2999.163 pts:2999.205 dur:41.000ms, clock:2990.773 level:89
2020-04-25 16:12:44.120 T:2992829312 DEBUG: CVideoPlayer::ProcessVideoData size:87 dts:2999.205 pts:2999.246 dur:41.000ms, clock:2990.773 level:89
2020-04-25 16:12:44.121 T:2992829312 DEBUG: CVideoPlayer::ProcessVideoData size:84 dts:2999.246 pts:2999.455 dur:41.000ms, clock:2990.773 level:90
2020-04-25 16:12:44.121 T:2992829312 DEBUG: CVideoPlayer::ProcessVideoData size:107 dts:2999.288 pts:2999.371 dur:41.000ms, clock:2990.773 level:90
2020-04-25 16:12:44.121 T:2992829312 DEBUG: CVideoPlayer::ProcessVideoData size:88 dts:2999.330 pts:2999.330 dur:41.000ms, clock:2990.774 level:91
2020-04-25 16:12:44.121 T:2992829312 DEBUG: CVideoPlayer::ProcessVideoData size:89 dts:2999.371 pts:2999.413 dur:41.000ms, clock:2990.774 level:91
2020-04-25 16:12:44.132 T:4055888768 DEBUG: CLibInputKeyboard::ProcessKey - using delay: 500ms repeat: 33ms
2020-04-25 16:12:44.132 T:3076756352 DEBUG: Thread Timer start, auto delete: false
2020-04-25 16:12:44.147 T:4065800208 DEBUG: Keyboard: scancode: 0x1c, sym: 0x000d, unicode: 0x000d, modifier: 0x0
2020-04-25 16:12:44.155 T:3034792832 DEBUG: CVideoPlayerVideo::OutputPicture - ttd:180ms pts:2990.988 Clock:2990.808 Level:1
2020-04-25 16:12:44.156 T:3034792832 DEBUG: CVideoPlayerVideo::OutputPicture - ttd:221ms pts:2991.030 Clock:2990.809 Level:2
2020-04-25 16:12:44.158 T:3034792832 DEBUG: CVideoPlayerVideo::OutputPicture - ttd:260ms pts:2991.071 Clock:2990.810 Level:3
2020-04-25 16:12:44.196 T:3034792832 DEBUG: CVideoPlayerVideo::OutputPicture - ttd:264ms pts:2991.113 Clock:2990.848 Level:3
2020-04-25 16:12:44.197 T:3034792832 DEBUG: CVideoPlayerVideo::OutputPicture - ttd:305ms pts:2991.155 Clock:2990.850 Level:4
2020-04-25 16:12:44.252 T:3076756352 DEBUG: Thread Timer 3076756352 terminating
2020-04-25 16:12:44.274 T:4065800208 DEBUG: Keyboard: scancode: 0x1c, sym: 0x000d, unicode: 0x000d, modifier: 0x0
2020-04-25 16:12:44.274 T:4065800208 DEBUG: HandleKey: return (0xf00d) pressed, action is Select
2020-04-25 16:12:44.274 T:4065800208 NOTICE: CVideoPlayer::CloseFile()
2020-04-25 16:12:44.275 T:4065800208 DEBUG: DeleteRenderer - deleting renderer
2020-04-25 16:12:44.275 T:4065800208 NOTICE: VideoPlayer: waiting for threads to exit
2020-04-25 16:12:44.284 T:2992829312 NOTICE: CVideoPlayer::OnExit()
2020-04-25 16:12:44.284 T:2992829312 NOTICE: Closing stream player 1
2020-04-25 16:12:44.285 T:2992829312 NOTICE: Waiting for audio thread to exit
2020-04-25 16:12:44.299 T:3034792832 DEBUG: CVideoPlayerVideo::OutputPicture - ttd:265ms pts:2991.197 Clock:2990.931 Level:0
2020-04-25 16:12:44.310 T:3001222016 NOTICE: thread end: CVideoPlayerAudio::OnExit()
2020-04-25 16:12:44.310 T:3001222016 DEBUG: Thread VideoPlayerAudio 3001222016 terminating
2020-04-25 16:12:44.310 T:2992829312 NOTICE: Closing audio device
2020-04-25 16:12:44.344 T:3034792832 DEBUG: CVideoPlayerVideo::OutputPicture - ttd:261ms pts:2991.238 Clock:2990.977 Level:0
2020-04-25 16:12:44.359 T:2992829312 DEBUG: CDVDAudio::Flush - flush audio stream
2020-04-25 16:12:44.360 T:4044227456 DEBUG: CActiveAE::DiscardStream - audio stream deleted
2020-04-25 16:12:44.360 T:4044227456 DEBUG: CActiveAE::ClearDiscardedBuffers - buffer pool deleted
2020-04-25 16:12:44.361 T:2992829312 DEBUG: Previous line repeats 2 times.
2020-04-25 16:12:44.361 T:2992829312 NOTICE: Deleting audio codec
2020-04-25 16:12:44.361 T:4035834752 INFO: CActiveAESink::OpenSink - initialize sink
2020-04-25 16:12:44.361 T:2992829312 NOTICE: Closing stream player 2
2020-04-25 16:12:44.361 T:2992829312 NOTICE: waiting for video thread to exit
2020-04-25 16:12:44.364 T:3034792832 DEBUG: CVideoPlayerVideo::OutputPicture - ttd:282ms pts:2991.280 Clock:2990.997 Level:0
2020-04-25 16:12:44.364 T:3034792832 NOTICE: thread end: video_thread
2020-04-25 16:12:44.364 T:3034792832 DEBUG: Thread VideoPlayerVideo 3034792832 terminating
2020-04-25 16:12:44.365 T:2992829312 NOTICE: deleting video codec
2020-04-25 16:12:44.365 T:2992829312 DEBUG: CAMLCodec::CloseDecoder
2020-04-25 16:12:44.366 T:2992829312 DEBUG: CAMLVideoBufferPool::~CAMLVideoBufferPool: Deleting 8 buffers
2020-04-25 16:12:44.366 T:2992829312 NOTICE: Closing stream player 3
2020-04-25 16:12:44.368 T:2992829312 DEBUG: Thread VideoPlayer 2992829312 terminating
2020-04-25 16:12:44.368 T:4065800208 NOTICE: VideoPlayer: finished waiting
2020-04-25 16:12:44.368 T:4065800208 NOTICE: CVideoPlayer::CloseFile()
2020-04-25 16:12:44.368 T:4065800208 NOTICE: VideoPlayer: waiting for threads to exit
2020-04-25 16:12:44.368 T:4065800208 NOTICE: VideoPlayer: finished waiting
2020-04-25 16:12:44.369 T:3034792832 DEBUG: Thread JobWorker start, auto delete: true
2020-04-25 16:12:44.371 T:4065800208 DEBUG: Radio UECP (RDS) Processor - delete ~CDVDRadioRDSData
2020-04-25 16:12:44.371 T:3755942784 DEBUG: CAddonSettings[service.upnext]: loading setting definitions
2020-04-25 16:12:44.371 T:3755942784 DEBUG: CAddonSettings[service.upnext]: trying to load setting definitions from old format...
2020-04-25 16:12:44.373 T:3755942784 ERROR: EXCEPTION: XBMC is not playing any file
2020-04-25 16:12:44.374 T:3755942784 DEBUG: CAddonSettings[service.upnext]: loading setting definitions
2020-04-25 16:12:44.374 T:3755942784 DEBUG: CAddonSettings[service.upnext]: trying to load setting definitions from old format...
2020-04-25 16:12:44.377 T:3755942784 DEBUG: [service.upnext] UpNextMonitor -> Failed getPlayingFile: No file is playing - stop up next tracking
2020-04-25 16:12:44.400 T:3034792832 DEBUG: DoWork - Saving file state for video item /var/media/Elements/Dizi/Vikings/Vikings.S06.1080p.AMZN.WEBRip.DDP5.1.x264-NTb[rartv]/Vikings.S06E10.1080p.AMZN.WEB-DL.DDP5.1.H.264-NTb.mkv
2020-04-25 16:12:44.403 T:3034792832 DEBUG: DoWork - Marking video item /var/media/Elements/Dizi/Vikings/Vikings.S06.1080p.AMZN.WEBRip.DDP5.1.x264-NTb[rartv]/Vikings.S06E10.1080p.AMZN.WEB-DL.DDP5.1.H.264-NTb.mkv as watched
2020-04-25 16:12:44.404 T:2992829312 DEBUG: Thread JobWorker start, auto delete: true
2020-04-25 16:12:44.431 T:3034792832 DEBUG: OnPlayBackStopped: CApplication::OnPlayBackStopped
2020-04-25 16:12:44.432 T:4065800208 DEBUG: CGUIWindowManager::PreviousWindow: Deactivate
2020-04-25 16:12:44.432 T:4065800208 DEBUG: ------ Window Deinit (VideoOSD.xml) ------
2020-04-25 16:12:44.432 T:4065800208 DEBUG: ------ Window Deinit (VideoFullScreen.xml) ------
2020-04-25 16:12:44.440 T:3764335488 DEBUG: Skin Helper Widgets --> Kodi_Monitor: sender xbmc - method: VideoLibrary.OnUpdate - data: {"item":{"id":34,"type":"episode"},"playcount":1}
2020-04-25 16:12:44.441 T:3764335488 DEBUG: Skin Helper Widgets --> Video database changed - type: episode - refreshing widgets....
2020-04-25 16:12:44.476 T:3797906304 DEBUG: Skin Helper Service --> Kodi_Monitor: sender xbmc - method: VideoLibrary.OnUpdate - data: {"item":{"id":34,"type":"episode"},"playcount":1}
2020-04-25 16:12:44.559 T:4035834752 DEBUG: CActiveAESink::OpenSink - trying to open device ALSA:surround71:CARD=AMLAUGESOUND,DEV=0
2020-04-25 16:12:44.560 T:4035834752 INFO: CAESinkALSA::Initialize - Attempting to open device "surround71:CARD=AMLAUGESOUND,DEV=0"
2020-04-25 16:12:44.570 T:4035834752 INFO: CAESinkALSA::Initialize - Opened device "surround71:CARD=AMLAUGESOUND,DEV=0"
2020-04-25 16:12:44.573 T:4035834752 INFO: CAESinkALSA::InitializeHW - Your hardware does not support AE_FMT_FLOAT, trying other formats
2020-04-25 16:12:44.573 T:4035834752 INFO: CAESinkALSA::InitializeHW - Using data format AE_FMT_S24NE4
2020-04-25 16:12:44.573 T:4035834752 DEBUG: CAESinkALSA::InitializeHW - Request: periodSize 2205, bufferSize 8820
2020-04-25 16:12:44.630 T:4035834752 DEBUG: CAESinkALSA::InitializeHW - Got: periodSize 2205, bufferSize 8820
2020-04-25 16:12:44.630 T:4035834752 DEBUG: CAESinkALSA::InitializeHW - Setting timeout to 200 ms
2020-04-25 16:12:44.630 T:4035834752 DEBUG: CAESinkALSA::GetChannelLayout - Input Channel Count: 2 Output Channel Count: 2
2020-04-25 16:12:44.630 T:4035834752 DEBUG: CAESinkALSA::GetChannelLayout - Requested Layout: FL, FR
2020-04-25 16:12:44.630 T:4035834752 DEBUG: CAESinkALSA::GetChannelLayout - Got Layout: FL, FR (ALSA: FL FR)
2020-04-25 16:12:44.630 T:4035834752 DEBUG: CActiveAESink::OpenSink - ALSA Initialized:
2020-04-25 16:12:44.630 T:4035834752 DEBUG: Output Device : AML-AUGESOUND
2020-04-25 16:12:44.630 T:4035834752 DEBUG: Sample Rate : 44100
2020-04-25 16:12:44.630 T:4035834752 DEBUG: Sample Format : AE_FMT_S24NE4
2020-04-25 16:12:44.630 T:4035834752 DEBUG: Channel Count : 2
2020-04-25 16:12:44.630 T:4035834752 DEBUG: Channel Layout: FL, FR
2020-04-25 16:12:44.630 T:4035834752 DEBUG: Frames : 2205
2020-04-25 16:12:44.630 T:4035834752 DEBUG: Frame Size : 8
2020-04-25 16:12:44.632 T:4044227456 DEBUG: CActiveAE::ClearDiscardedBuffers - buffer pool deleted
2020-04-25 16:12:44.632 T:4065800208 DEBUG: Previous line repeats 1 times.
2020-04-25 16:12:44.632 T:4065800208 DEBUG: AMLUtils::aml_handle_display_stereo_mode old mode 3doff new mode 3doff
2020-04-25 16:12:44.632 T:4065800208 DEBUG: AMLUtils::aml_handle_display_stereo_mode - no change needed
2020-04-25 16:12:44.633 T:4065800208 ERROR: GetString: error reading /sys/class/amhdmitx/amhdmitx0/custom_mode
2020-04-25 16:12:44.866 T:4065800208 DEBUG: AMLUtils::aml_handle_display_stereo_mode old mode 3doff new mode 3doff
2020-04-25 16:12:44.866 T:4065800208 DEBUG: AMLUtils::aml_handle_display_stereo_mode - no change needed
2020-04-25 16:12:44.867 T:4065800208 INFO: GLES: Maximum texture width: 8192
2020-04-25 16:12:44.868 T:4065800208 DEBUG: CGUIWindowManager::PreviousWindow: Activate new
2020-04-25 16:12:44.868 T:4065800208 DEBUG: ------ Window Init (MyVideoNav.xml) ------
2020-04-25 16:12:44.872 T:4065800208 DEBUG: CGUIMediaWindow::GetDirectory (videodb://tvshows/titles/5/-2/?tvshowid=5)
2020-04-25 16:12:44.872 T:4065800208 DEBUG: ParentPath = [videodb://tvshows/titles/5/-2/?tvshowid=5]
2020-04-25 16:12:44.895 T:4065800208 DEBUG: WindowVideoNav::GetDirectory
2020-04-25 16:12:44.903 T:3001222016 DEBUG: Thread BackgroundLoader start, auto delete: false
2020-04-25 16:12:44.914 T:2992829312 INFO: WEATHER: Downloading weather
2020-04-25 16:12:44.914 T:3018007424 DEBUG: onExecutionDone(16, /storage/.kodi/addons/plugin.video.netflix/addon.py)
2020-04-25 16:12:44.915 T:3076756352 DEBUG: Thread LanguageInvoker start, auto delete: false
2020-04-25 16:12:44.915 T:3076756352 INFO: initializing python engine.
2020-04-25 16:12:44.915 T:3076756352 DEBUG: CPythonInvoker(17, /storage/.kodi/addons/weather.yahoo/default.py): start processing
2020-04-25 16:12:44.974 T:3001222016 DEBUG: Thread BackgroundLoader 3001222016 terminating
2020-04-25 16:12:45.064 T:3001222016 DEBUG: Thread JobWorker start, auto delete: true
2020-04-25 16:12:45.086 T:4065800208 DEBUG: Previous line repeats 1 times.
2020-04-25 16:12:45.086 T:4065800208 DEBUG: ------ Window Deinit (DialogSeekBar.xml) ------
2020-04-25 16:12:45.111 T:3034792832 DEBUG: ffmpeg[B4E34380]: [swscaler] No accelerated colorspace conversion found from yuv420p to bgra.
2020-04-25 16:12:45.112 T:3001222016 DEBUG: ffmpeg[B2E30380]: [swscaler] No accelerated colorspace conversion found from yuv420p to bgra.
2020-04-25 16:12:45.118 T:3043185536 DEBUG: ffmpeg[B5635380]: [swscaler] No accelerated colorspace conversion found from yuv420p to bgra.
2020-04-25 16:12:45.127 T:3764335488 DEBUG: Skin Helper Widgets --> Kodi_Monitor: sender xbmc - method: VideoLibrary.OnUpdate - data: {"id":34,"type":"episode"}
2020-04-25 16:12:45.127 T:3764335488 DEBUG: Skin Helper Widgets --> Video database changed - type: episode - refreshing widgets....
2020-04-25 16:12:45.131 T:4065800208 DEBUG: ------ Window Deinit (Custom_1109_TopBarOverlay.xml) ------
2020-04-25 16:12:45.165 T:3001222016 DEBUG: ffmpeg[B2E30380]: [swscaler] No accelerated colorspace conversion found from yuv420p to bgra.
2020-04-25 16:12:45.169 T:3034792832 DEBUG: ffmpeg[B4E34380]: [swscaler] No accelerated colorspace conversion found from yuv420p to bgra.
2020-04-25 16:12:45.174 T:3043185536 DEBUG: ffmpeg[B5635380]: [swscaler] No accelerated colorspace conversion found from yuv420p to bgra.
2020-04-25 16:12:45.190 T:3018007424 INFO: Python interpreter stopped
2020-04-25 16:12:45.190 T:3018007424 INFO: Previous line repeats 5 times.
2020-04-25 16:12:45.190 T:3018007424 DEBUG: Thread LanguageInvoker 3018007424 terminating
2020-04-25 16:12:45.229 T:3034792832 DEBUG: ffmpeg[B4E34380]: [swscaler] No accelerated colorspace conversion found from yuv420p to bgra.
2020-04-25 16:12:45.232 T:3755942784 DEBUG: CAddonSettings[service.upnext]: loading setting definitions
2020-04-25 16:12:45.232 T:3755942784 DEBUG: CAddonSettings[service.upnext]: trying to load setting definitions from old format...
2020-04-25 16:12:45.232 T:3001222016 DEBUG: ffmpeg[B2E30380]: [swscaler] No accelerated colorspace conversion found from yuv420p to bgra.
2020-04-25 16:12:45.235 T:3755942784 DEBUG: CAddonSettings[service.upnext]: loading setting definitions
2020-04-25 16:12:45.235 T:3755942784 DEBUG: CAddonSettings[service.upnext]: trying to load setting definitions from old format...
2020-04-25 16:12:45.237 T:3764335488 DEBUG: Skin Helper Widgets --> Kodi_Monitor: sender xbmc - method: Player.OnStop - data: {"end":false,"item":{"id":34,"type":"episode"}}
2020-04-25 16:12:45.244 T:3043185536 DEBUG: ffmpeg[B5635380]: [swscaler] No accelerated colorspace conversion found from yuv420p to bgra.
2020-04-25 16:12:45.286 T:3034792832 DEBUG: ffmpeg[B4E34380]: [swscaler] No accelerated colorspace conversion found from yuv420p to bgra.
2020-04-25 16:12:45.543 T:3806299008 DEBUG: [plugin.video.youtube] PlaybackMonitor active threads: ||
2020-04-25 16:12:45.581 T:3076756352 DEBUG: -->Python Interpreter Initialized<--
2020-04-25 16:12:45.582 T:3076756352 DEBUG: CPythonInvoker(17, /storage/.kodi/addons/weather.yahoo/default.py): the source file to load is "/storage/.kodi/addons/weather.yahoo/default.py"
2020-04-25 16:12:45.588 T:3076756352 DEBUG: CPythonInvoker(17, /storage/.kodi/addons/weather.yahoo/default.py): setting the Python path to /storage/.kodi/addons/weather.yahoo:/storage/.kodi/addons/script.module.certifi/lib:/storage/.kodi/addons/script.module.chardet/lib:/storage/.kodi/addons/script.module.idna/lib:/storage/.kodi/addons/script.module.requests/lib:/storage/.kodi/addons/script.module.urllib3/lib:/usr/lib/python27.zip:/usr/lib/python2.7:/usr/lib/python2.7/plat-linux2:/usr/lib/python2.7/lib-tk:/usr/lib/python2.7/lib-old:/usr/lib/python2.7/lib-dynload:/usr/lib/python2.7/site-packages:/usr/lib/python2.7/site-packages/gtk-2.0
2020-04-25 16:12:45.590 T:3076756352 DEBUG: CPythonInvoker(17, /storage/.kodi/addons/weather.yahoo/default.py): entering source directory /storage/.kodi/addons/weather.yahoo
2020-04-25 16:12:45.602 T:3076756352 DEBUG: CPythonInvoker(17, /storage/.kodi/addons/weather.yahoo/default.py): instantiating addon using automatically obtained id of "weather.yahoo" dependent on version 2.25.0 of the xbmc.python api
2020-04-25 16:12:45.674 T:3797906304 DEBUG: Skin Helper Service --> Kodi_Monitor: sender xbmc - method: VideoLibrary.OnUpdate - data: {"id":34,"type":"episode"}
2020-04-25 16:12:46.011 T:3797906304 DEBUG: Skin Helper Service --> Kodi_Monitor: sender xbmc - method: Player.OnStop - data: {"end":false,"item":{"id":34,"type":"episode"}}
2020-04-25 16:12:46.447 T:3772728192 DEBUG: DatabaseUtils::GetSortFieldList: unknown field 31
2020-04-25 16:12:46.645 T:3076756352 DEBUG: CAddonSettings[weather.yahoo]: loading setting definitions
2020-04-25 16:12:46.645 T:3076756352 DEBUG: CAddonSettings[weather.yahoo]: trying to load setting definitions from old format...
2020-04-25 16:12:46.647 T:3076756352 DEBUG: CAddonSettings[weather.yahoo]: loading setting values
2020-04-25 16:12:47.380 T:4055888768 DEBUG: CLibInputKeyboard::ProcessKey - using delay: 500ms repeat: 33ms
2020-04-25 16:12:47.380 T:2897527680 DEBUG: Thread Timer start, auto delete: false
2020-04-25 16:12:47.385 T:4065800208 DEBUG: Keyboard: scancode: 0x69, sym: 0x0114, unicode: 0x0000, modifier: 0x0
2020-04-25 16:12:47.385 T:4065800208 DEBUG: HandleKey: left (0xf082) pressed, action is Left
2020-04-25 16:12:47.387 T:4035834752 INFO: CActiveAESink::OpenSink - initialize sink
2020-04-25 16:12:47.387 T:4035834752 DEBUG: CActiveAESink::OpenSink - trying to open device ALSA:surround71:CARD=AMLAUGESOUND,DEV=0
2020-04-25 16:12:47.388 T:4035834752 INFO: CAESinkALSA::Initialize - Attempting to open device "surround71:CARD=AMLAUGESOUND,DEV=0"
2020-04-25 16:12:47.406 T:4035834752 INFO: CAESinkALSA::Initialize - Opened device "surround71:CARD=AMLAUGESOUND,DEV=0"
2020-04-25 16:12:47.408 T:4035834752 INFO: CAESinkALSA::InitializeHW - Your hardware does not support AE_FMT_FLOAT, trying other formats
2020-04-25 16:12:47.408 T:4035834752 INFO: CAESinkALSA::InitializeHW - Using data format AE_FMT_S24NE4
2020-04-25 16:12:47.408 T:4035834752 DEBUG: CAESinkALSA::InitializeHW - Request: periodSize 2205, bufferSize 8820
2020-04-25 16:12:47.410 T:4035834752 DEBUG: CAESinkALSA::InitializeHW - Got: periodSize 2205, bufferSize 8820
2020-04-25 16:12:47.410 T:4035834752 DEBUG: CAESinkALSA::InitializeHW - Setting timeout to 200 ms
2020-04-25 16:12:47.410 T:4035834752 DEBUG: CAESinkALSA::GetChannelLayout - Input Channel Count: 2 Output Channel Count: 2
2020-04-25 16:12:47.410 T:4035834752 DEBUG: CAESinkALSA::GetChannelLayout - Requested Layout: FL, FR
2020-04-25 16:12:47.410 T:4035834752 DEBUG: CAESinkALSA::GetChannelLayout - Got Layout: FL, FR (ALSA: FL FR)
2020-04-25 16:12:47.410 T:4035834752 DEBUG: CActiveAESink::OpenSink - ALSA Initialized:
2020-04-25 16:12:47.410 T:4035834752 DEBUG: Output Device : AML-AUGESOUND
2020-04-25 16:12:47.410 T:4035834752 DEBUG: Sample Rate : 44100
2020-04-25 16:12:47.410 T:4035834752 DEBUG: Sample Format : AE_FMT_S24NE4
2020-04-25 16:12:47.410 T:4035834752 DEBUG: Channel Count : 2
2020-04-25 16:12:47.410 T:4035834752 DEBUG: Channel Layout: FL, FR
2020-04-25 16:12:47.410 T:4035834752 DEBUG: Frames : 2205
2020-04-25 16:12:47.410 T:4035834752 DEBUG: Frame Size : 8
2020-04-25 16:12:47.532 T:2897527680 DEBUG: Thread Timer 2897527680 terminating
2020-04-25 16:12:47.534 T:4065800208 DEBUG: Keyboard: scancode: 0x69, sym: 0x0114, unicode: 0x0000, modifier: 0x0
2020-04-25 16:12:47.566 T:3076756352 INFO: CPythonInvoker(17, /storage/.kodi/addons/weather.yahoo/default.py): script successfully run
2020-04-25 16:12:47.566 T:3076756352 DEBUG: onExecutionDone(17, /storage/.kodi/addons/weather.yahoo/default.py)
2020-04-25 16:12:47.776 T:3076756352 INFO: Python interpreter stopped
2020-04-25 16:12:47.777 T:3076756352 DEBUG: Thread LanguageInvoker 3076756352 terminating
2020-04-25 16:12:47.833 T:2992829312 DEBUG: POParser: loaded 130 weather tokens
2020-04-25 16:12:48.892 T:4055888768 DEBUG: CLibInputKeyboard::ProcessKey - using delay: 500ms repeat: 33ms
2020-04-25 16:12:48.892 T:3076756352 DEBUG: Thread Timer start, auto delete: false
2020-04-25 16:12:48.910 T:4065800208 DEBUG: Keyboard: scancode: 0x1c, sym: 0x000d, unicode: 0x000d, modifier: 0x0
2020-04-25 16:12:49.012 T:3076756352 DEBUG: Thread Timer 3076756352 terminating
2020-04-25 16:12:49.038 T:4065800208 DEBUG: Keyboard: scancode: 0x1c, sym: 0x000d, unicode: 0x000d, modifier: 0x0
2020-04-25 16:12:49.038 T:4065800208 DEBUG: HandleKey: return (0xf00d) pressed, action is Select
2020-04-25 16:12:49.046 T:4065800208 DEBUG: CAddonSettings[metadata.tvshows.themoviedb.org]: loading setting definitions
2020-04-25 16:12:49.046 T:4065800208 DEBUG: CAddonSettings[metadata.tvshows.themoviedb.org]: trying to load setting definitions from old format...
2020-04-25 16:12:49.047 T:4065800208 DEBUG: CAddonSettings[metadata.tvshows.themoviedb.org]: loading setting values
2020-04-25 16:12:49.071 T:4065800208 DEBUG: ------ Window Init (DialogVideoInfo.xml) ------
2020-04-25 16:12:49.081 T:3043185536 DEBUG: ffmpeg[B5635380]: [swscaler] No accelerated colorspace conversion found from yuv420p to bgra.
2020-04-25 16:12:49.083 T:2992829312 DEBUG: ffmpeg[B262F380]: [swscaler] No accelerated colorspace conversion found from yuv420p to bgra.
2020-04-25 16:12:49.083 T:3001222016 DEBUG: ffmpeg[B2E30380]: [swscaler] No accelerated colorspace conversion found from yuv420p to bgra.
2020-04-25 16:12:50.060 T:4055888768 DEBUG: CLibInputKeyboard::ProcessKey - using delay: 500ms repeat: 33ms
2020-04-25 16:12:50.060 T:3076756352 DEBUG: Thread Timer start, auto delete: false
2020-04-25 16:12:50.091 T:4065800208 DEBUG: Keyboard: scancode: 0x1c, sym: 0x000d, unicode: 0x000d, modifier: 0x0
2020-04-25 16:12:50.172 T:3076756352 DEBUG: Thread Timer 3076756352 terminating
2020-04-25 16:12:50.184 T:4065800208 DEBUG: Keyboard: scancode: 0x1c, sym: 0x000d, unicode: 0x000d, modifier: 0x0
2020-04-25 16:12:50.184 T:4065800208 DEBUG: HandleKey: return (0xf00d) pressed, action is Select
2020-04-25 16:12:50.184 T:4065800208 DEBUG: ------ Window Deinit (DialogVideoInfo.xml) ------
2020-04-25 16:12:50.207 T:4065800208 DEBUG: CPlayerCoreFactory::GetPlayers(/var/media/Elements/Dizi/Vikings/Vikings.S06.1080p.AMZN.WEBRip.DDP5.1.x264-NTb[rartv]/Vikings.S06E09.1080p.AMZN.WEB-DL.DDP5.1.H.264-NTb.mkv)
2020-04-25 16:12:50.207 T:4065800208 DEBUG: CPlayerSelectionRule::GetPlayers: considering rule: system rules
2020-04-25 16:12:50.207 T:4065800208 DEBUG: CPlayerSelectionRule::GetPlayers: matches rule: system rules
2020-04-25 16:12:50.207 T:4065800208 DEBUG: CPlayerSelectionRule::GetPlayers: considering rule: mms/udp
2020-04-25 16:12:50.207 T:4065800208 DEBUG: CPlayerSelectionRule::GetPlayers: considering rule: lastfm/shout
2020-04-25 16:12:50.207 T:4065800208 DEBUG: CPlayerSelectionRule::GetPlayers: considering rule: rtmp
2020-04-25 16:12:50.207 T:4065800208 DEBUG: CPlayerSelectionRule::GetPlayers: considering rule: rtsp
2020-04-25 16:12:50.207 T:4065800208 DEBUG: CPlayerSelectionRule::GetPlayers: considering rule: streams
2020-04-25 16:12:50.207 T:4065800208 DEBUG: CPlayerSelectionRule::GetPlayers: considering rule: dvd
2020-04-25 16:12:50.207 T:4065800208 DEBUG: CPlayerSelectionRule::GetPlayers: considering rule: dvdimage
2020-04-25 16:12:50.208 T:4065800208 DEBUG: CPlayerSelectionRule::GetPlayers: considering rule: sdp/asf
2020-04-25 16:12:50.208 T:4065800208 DEBUG: CPlayerSelectionRule::GetPlayers: considering rule: nsv
2020-04-25 16:12:50.208 T:4065800208 DEBUG: CPlayerSelectionRule::GetPlayers: considering rule: radio
2020-04-25 16:12:50.208 T:4065800208 DEBUG: CPlayerCoreFactory::GetPlayers: matched 0 rules with players
2020-04-25 16:12:50.208 T:4065800208 DEBUG: CPlayerCoreFactory::GetPlayers: adding videodefaultplayer (VideoPlayer)
2020-04-25 16:12:50.208 T:4065800208 DEBUG: CPlayerCoreFactory::GetPlayers: for video=1, audio=0
2020-04-25 16:12:50.208 T:4065800208 DEBUG: CPlayerCoreFactory::GetPlayers: for video=1, audio=1
2020-04-25 16:12:50.208 T:4065800208 DEBUG: CPlayerCoreFactory::GetPlayers: added 1 players
2020-04-25 16:12:50.209 T:4065800208 DEBUG: Radio UECP (RDS) Processor - new CDVDRadioRDSData
2020-04-25 16:12:50.209 T:4065800208 NOTICE: VideoPlayer::OpenFile: /var/media/Elements/Dizi/Vikings/Vikings.S06.1080p.AMZN.WEBRip.DDP5.1.x264-NTb[rartv]/Vikings.S06E09.1080p.AMZN.WEB-DL.DDP5.1.H.264-NTb.mkv
2020-04-25 16:12:50.210 T:4065800208 DEBUG: OnPlayBackStarted: CApplication::OnPlayBackStarted
2020-04-25 16:12:50.210 T:3076756352 DEBUG: Thread VideoPlayer start, auto delete: false
2020-04-25 16:12:50.210 T:2897527680 DEBUG: Thread BackgroundLoader start, auto delete: false
2020-04-25 16:12:50.210 T:3076756352 NOTICE: Creating InputStream
2020-04-25 16:12:50.213 T:3076756352 DEBUG: CreateInputStream: All else failed, creating CDVDInputStreamFile
2020-04-25 16:12:50.217 T:3034792832 DEBUG: Loading settings for /var/media/Elements/Dizi/Vikings/Vikings.S06.1080p.AMZN.WEBRip.DDP5.1.x264-NTb[rartv]/Vikings.S06E09.1080p.AMZN.WEB-DL.DDP5.1.H.264-NTb.mkv
2020-04-25 16:12:50.236 T:2897527680 DEBUG: Thread BackgroundLoader 2897527680 terminating
2020-04-25 16:12:50.241 T:3076756352 DEBUG: ScanForExternalSubtitles: Searching for subtitles...
2020-04-25 16:12:50.243 T:3076756352 INFO: ScanPathsForAssociatedItems: found associated file /var/media/Elements/Dizi/Vikings/Vikings.S06.1080p.AMZN.WEBRip.DDP5.1.x264-NTb[rartv]/Vikings.S06E09.1080p.AMZN.WEB-DL.DDP5.1.H.264-NTb.tr.srt
2020-04-25 16:12:50.243 T:3076756352 DEBUG: ScanForExternalSubtitles: END (total time: 3 ms)
2020-04-25 16:12:50.244 T:3076756352 DEBUG: GetExternalStreamDetailsFromFilename - Language = 'tur' / Name = '(Harici)' / Flag = '0' from /var/media/Elements/Dizi/Vikings/Vikings.S06.1080p.AMZN.WEBRip.DDP5.1.x264-NTb[rartv]/Vikings.S06E09.1080p.AMZN.WEB-DL.DDP5.1.H.264-NTb.tr.srt
2020-04-25 16:12:50.244 T:3076756352 NOTICE: Creating Demuxer
2020-04-25 16:12:50.244 T:3076756352 DEBUG: DVDFactoryDemuxer: Create CDVDDemuxFFmpeg.
2020-04-25 16:12:50.251 T:4065800208 DEBUG: CVideoGUIInfo::InitCurrentItem(/var/media/Elements/Dizi/Vikings/Vikings.S06.1080p.AMZN.WEBRip.DDP5.1.x264-NTb[rartv]/Vikings.S06E09.1080p.AMZN.WEB-DL.DDP5.1.H.264-NTb.mkv)
2020-04-25 16:12:50.266 T:3076756352 DEBUG: Open - probing detected format [matroska,webm]
2020-04-25 16:12:50.270 T:3797906304 DEBUG: Skin Helper Service --> Kodi_Monitor: sender xbmc - method: Playlist.OnClear - data: {"playlistid":1}
2020-04-25 16:12:50.271 T:3797906304 DEBUG: Skin Helper Service --> Kodi_Monitor: sender xbmc - method: Playlist.OnAdd - data: {"item":{"id":33,"type":"episode"},"playlistid":1,"position":0}
2020-04-25 16:12:50.272 T:4065800208 DEBUG: CPlayerGUIInfo::InitCurrentItem(/var/media/Elements/Dizi/Vikings/Vikings.S06.1080p.AMZN.WEBRip.DDP5.1.x264-NTb[rartv]/Vikings.S06E09.1080p.AMZN.WEB-DL.DDP5.1.H.264-NTb.mkv)
2020-04-25 16:12:50.280 T:3764335488 DEBUG: Skin Helper Widgets --> Kodi_Monitor: sender xbmc - method: Playlist.OnClear - data: {"playlistid":1}
2020-04-25 16:12:50.281 T:3764335488 DEBUG: Skin Helper Widgets --> Kodi_Monitor: sender xbmc - method: Playlist.OnAdd - data: {"item":{"id":33,"type":"episode"},"playlistid":1,"position":0}
2020-04-25 16:12:50.281 T:3764335488 DEBUG: Skin Helper Widgets --> Kodi_Monitor: sender xbmc - method: Info.OnChanged - data: null
2020-04-25 16:12:50.281 T:3764335488 DEBUG: Skin Helper Widgets --> Kodi_Monitor: sender xbmc - method: Player.OnPlay - data: {"item":{"id":33,"type":"episode"},"player":{"playerid":1,"speed":1}}
2020-04-25 16:12:50.282 T:3076756352 DEBUG: Open - avformat_find_stream_info starting
2020-04-25 16:12:50.304 T:3076756352 DEBUG: Open - av_find_stream_info finished
2020-04-25 16:12:50.304 T:3076756352 INFO: ffmpeg[B7639380]: Input #0, matroska,webm, from '/var/media/Elements/Dizi/Vikings/Vikings.S06.1080p.AMZN.WEBRip.DDP5.1.x264-NTb[rartv]/Vikings.S06E09.1080p.AMZN.WEB-DL.DDP5.1.H.264-NTb.mkv':
2020-04-25 16:12:50.304 T:3076756352 INFO: ffmpeg[B7639380]: Metadata:
2020-04-25 16:12:50.304 T:3076756352 INFO: ffmpeg[B7639380]: encoder : libebml v1.3.10 + libmatroska v1.5.2
2020-04-25 16:12:50.304 T:3076756352 INFO: ffmpeg[B7639380]: creation_time :
2020-01-30T12:18:36.000000Z
2020-04-25 16:12:50.304 T:3076756352 INFO: ffmpeg[B7639380]: Duration: 00:45:38.56, start: 0.000000, bitrate: 7413 kb/s
2020-04-25 16:12:50.305 T:3076756352 INFO: ffmpeg[B7639380]: Stream #0:0: Video: h264 (High), yuv420p(tv, bt709, progressive), 1920x1080 [SAR 1:1 DAR 16:9], 23.98 fps, 23.98 tbr, 1k tbn, 47.95 tbc (default)
2020-04-25 16:12:50.305 T:3076756352 INFO: ffmpeg[B7639380]: Metadata:
2020-04-25 16:12:50.305 T:3076756352 INFO: ffmpeg[B7639380]: BPS-eng : 6771747
2020-04-25 16:12:50.305 T:3076756352 INFO: ffmpeg[B7639380]: DURATION-eng : 00:45:38.528000000
2020-04-25 16:12:50.305 T:3076756352 INFO: ffmpeg[B7639380]: NUMBER_OF_FRAMES-eng: 65659
2020-04-25 16:12:50.305 T:3076756352 INFO: ffmpeg[B7639380]: NUMBER_OF_BYTES-eng: 2318077431
2020-04-25 16:12:50.305 T:3076756352 INFO: ffmpeg[B7639380]: _STATISTICS_WRITING_APP-eng: mkvmerge v42.0.0 ('Overtime') 64-bit
2020-04-25 16:12:50.305 T:3076756352 INFO: ffmpeg[B7639380]: _STATISTICS_WRITING_DATE_UTC-eng:
2020-01-30 12:18:36
2020-04-25 16:12:50.305 T:3076756352 INFO: ffmpeg[B7639380]: _STATISTICS_TAGS-eng: BPS DURATION NUMBER_OF_FRAMES NUMBER_OF_BYTES
2020-04-25 16:12:50.305 T:3076756352 INFO: ffmpeg[B7639380]: Stream #0:1(eng): Audio: eac3, 48000 Hz, 6 channels, fltp (default)
2020-04-25 16:12:50.305 T:3076756352 INFO: ffmpeg[B7639380]: Metadata:
2020-04-25 16:12:50.305 T:3076756352 INFO: ffmpeg[B7639380]: BPS-eng : 640000
2020-04-25 16:12:50.305 T:3076756352 INFO: ffmpeg[B7639380]: DURATION-eng : 00:45:38.560000000
2020-04-25 16:12:50.305 T:3076756352 INFO: ffmpeg[B7639380]: NUMBER_OF_FRAMES-eng: 85580
2020-04-25 16:12:50.305 T:3076756352 INFO: ffmpeg[B7639380]: NUMBER_OF_BYTES-eng: 219084800
2020-04-25 16:12:50.305 T:3076756352 INFO: ffmpeg[B7639380]: _STATISTICS_WRITING_APP-eng: mkvmerge v42.0.0 ('Overtime') 64-bit
2020-04-25 16:12:50.305 T:3076756352 INFO: ffmpeg[B7639380]: _STATISTICS_WRITING_DATE_UTC-eng:
2020-01-30 12:18:36
2020-04-25 16:12:50.305 T:3076756352 INFO: ffmpeg[B7639380]: _STATISTICS_TAGS-eng: BPS DURATION NUMBER_OF_FRAMES NUMBER_OF_BYTES
2020-04-25 16:12:50.306 T:3076756352 INFO: ffmpeg[B7639380]: Stream #0:2(eng): Subtitle: subrip
2020-04-25 16:12:50.306 T:3076756352 INFO: ffmpeg[B7639380]: Metadata:
2020-04-25 16:12:50.306 T:3076756352 INFO: ffmpeg[B7639380]: title : SDH
2020-04-25 16:12:50.306 T:3076756352 INFO: ffmpeg[B7639380]: BPS-eng : 44
2020-04-25 16:12:50.306 T:3076756352 INFO: ffmpeg[B7639380]: DURATION-eng : 00:44:37.327000000
2020-04-25 16:12:50.306 T:3076756352 INFO: ffmpeg[B7639380]: NUMBER_OF_FRAMES-eng: 503
2020-04-25 16:12:50.306 T:3076756352 INFO: ffmpeg[B7639380]: NUMBER_OF_BYTES-eng: 14876
2020-04-25 16:12:50.306 T:3076756352 INFO: ffmpeg[B7639380]: _STATISTICS_WRITING_APP-eng: mkvmerge v42.0.0 ('Overtime') 64-bit
2020-04-25 16:12:50.306 T:3076756352 INFO: ffmpeg[B7639380]: _STATISTICS_WRITING_DATE_UTC-eng:
2020-01-30 12:18:36
2020-04-25 16:12:50.306 T:3076756352 INFO: ffmpeg[B7639380]: _STATISTICS_TAGS-eng: BPS DURATION NUMBER_OF_FRAMES NUMBER_OF_BYTES
2020-04-25 16:12:50.306 T:3076756352 DEBUG: DVDDemuxFFmpeg::AddStream - fps:24000/1001 tbr:24000/1001 tbn:48000/1001
2020-04-25 16:12:50.306 T:3076756352 DEBUG: DVDDemuxFFmpeg::AddStream - fps:24000/1001p
2020-04-25 16:12:50.306 T:3076756352 DEBUG: CDVDDemuxFFmpeg::AddStream ID: 0
2020-04-25 16:12:50.306 T:3076756352 DEBUG: CDVDDemuxFFmpeg::AddStream ID: 1
2020-04-25 16:12:50.306 T:3076756352 DEBUG: CDVDDemuxFFmpeg::AddStream ID: 2
2020-04-25 16:12:50.306 T:3076756352 NOTICE: Opening stream: 0 source: 256
2020-04-25 16:12:50.306 T:3076756352 NOTICE: CVideoPlayerVideo::OpenStream - Creating codec: 27
2020-04-25 16:12:50.306 T:3076756352 DEBUG: DVDVideoCodecAmlogic::Open - codec 27 profile:100 extra_size:58 fps:24000/1001
2020-04-25 16:12:50.306 T:3076756352 INFO: CBitstreamConverter::Open bitstream to annexb init
2020-04-25 16:12:50.306 T:3076756352 INFO: DVDVideoCodecAmlogic: Opened Amlogic Codec
2020-04-25 16:12:50.306 T:3076756352 DEBUG: CVideoPlayerVideo::OpenStream - open stream with codec id: 27 fps:24000/1001 options:02
2020-04-25 16:12:50.307 T:3076756352 NOTICE: Creating video thread
2020-04-25 16:12:50.307 T:3076756352 DEBUG: ReadEditDecisionLists - Checking for edit decision lists (EDL) on local drive or remote share for: /var/media/Elements/Dizi/Vikings/Vikings.S06.1080p.AMZN.WEBRip.DDP5.1.x264-NTb[rartv]/Vikings.S06E09.1080p.AMZN.WEB-DL.DDP5.1.H.264-NTb.mkv
2020-04-25 16:12:50.307 T:3076756352 NOTICE: Opening stream: 1 source: 256
2020-04-25 16:12:50.307 T:3076756352 NOTICE: Finding audio codec for: 86056
2020-04-25 16:12:50.307 T:3076756352 NOTICE: CDVDAudioCodecFFmpeg::Open() Successful opened audio decoder eac3
2020-04-25 16:12:50.307 T:3076756352 NOTICE: Creating audio thread
2020-04-25 16:12:50.307 T:3076756352 NOTICE: Opening stream: 2 source: 256
2020-04-25 16:12:50.307 T:2889134976 DEBUG: Thread VideoPlayerAudio start, auto delete: false
2020-04-25 16:12:50.307 T:2897527680 DEBUG: Thread VideoPlayerVideo start, auto delete: false
2020-04-25 16:12:50.308 T:2889134976 NOTICE: running thread: CVideoPlayerAudio::Process()
2020-04-25 16:12:50.308 T:3076756352 DEBUG: CDVDClock::SetSpeedAdjust - adjusted:0.000000
2020-04-25 16:12:50.308 T:2897527680 NOTICE: running thread: video_thread
2020-04-25 16:12:50.308 T:2889134976 DEBUG: CVideoPlayerAudio - CDVDMsg::GENERAL_PAUSE: 0
2020-04-25 16:12:50.308 T:2897527680 DEBUG: CVideoPlayerVideo - CDVDMsg::GENERAL_PAUSE: 0
2020-04-25 16:12:50.308 T:3076756352 DEBUG: CVideoPlayer::ProcessVideoData size:420 dts:18442240474082.180 pts:0.000 dur:41.000ms, clock:-0.500 level:0
2020-04-25 16:12:50.308 T:2889134976 DEBUG: CDVDAudio::Pause - pausing audio stream
2020-04-25 16:12:50.308 T:2897527680 DEBUG: CAMLCodec::SetSpeed, speed(0)
2020-04-25 16:12:50.308 T:3076756352 DEBUG: CVideoPlayer::HandleMessages - player 1 reported state: 0
2020-04-25 16:12:50.308 T:2897527680 DEBUG: CAMLCodec::SetSpeed, speed(1000)
2020-04-25 16:12:50.308 T:3076756352 DEBUG: CVideoPlayer::HandleMessages - player 2 reported state: 0
2020-04-25 16:12:50.308 T:2897527680 INFO: CVideoPlayerVideo - Stillframe left, switching to normal playback
2020-04-25 16:12:50.308 T:3076756352 DEBUG: CDVDClock::SetSpeedAdjust - adjusted:0.000000
2020-04-25 16:12:50.308 T:2992829312 DEBUG: OnAVChange: CApplication::OnAVChange
2020-04-25 16:12:50.308 T:3076756352 DEBUG: CVideoPlayer::ProcessVideoData size:71 dts:18442240474082.180 pts:0.167 dur:41.000ms, clock:-0.333 level:0
2020-04-25 16:12:50.309 T:3076756352 DEBUG: CVideoPlayer::CheckContinuity - wrapback :2, prev:167000.000000, curr:0.000000, diff:-167000.000000
2020-04-25 16:12:50.309 T:3076756352 DEBUG: CVideoPlayer::ProcessVideoData size:69 dts:0.000 pts:0.083 dur:41.000ms, clock:-0.333 level:0
2020-04-25 16:12:50.309 T:3076756352 DEBUG: CVideoPlayer::ProcessVideoData size:69 dts:0.042 pts:0.042 dur:41.000ms, clock:-0.333 level:0
2020-04-25 16:12:50.309 T:3076756352 DEBUG: CVideoPlayer::ProcessVideoData size:69 dts:0.083 pts:0.125 dur:41.000ms, clock:-0.333 level:0
2020-04-25 16:12:50.309 T:2897527680 INFO: DVDVideoCodecAmlogic::AddData Open decoder: fps:24000/1001
2020-04-25 16:12:50.309 T:2897527680 ERROR: CAMLCodec::OpenAmlVideo - cannot open V4L amlvideo device /dev/video10: Device or resource busy
2020-04-25 16:12:50.309 T:2897527680 ERROR: CAMLCodec::OpenDecoder - cannot open amlvideo device
2020-04-25 16:12:50.309 T:2897527680 ERROR: DVDVideoCodecAmlogic: Failed to open Amlogic Codec
2020-04-25 16:12:50.310 T:2897527680 DEBUG: CAMLCodec::SetSpeed, speed(0)
2020-04-25 16:12:50.310 T:3076756352 DEBUG: CVideoPlayer::ProcessVideoData size:75 dts:0.125 pts:0.334 dur:41.000ms, clock:-0.333 level:2
2020-04-25 16:12:50.310 T:3076756352 DEBUG: CVideoPlayer::ProcessVideoData size:71 dts:0.167 pts:0.250 dur:41.000ms, clock:-0.333 level:2
2020-04-25 16:12:50.310 T:3076756352 DEBUG: CVideoPlayer::ProcessVideoData size:69 dts:0.209 pts:0.209 dur:41.000ms, clock:-0.333 level:3
2020-04-25 16:12:50.310 T:3076756352 DEBUG: CVideoPlayer::ProcessVideoData size:69 dts:0.250 pts:0.292 dur:41.000ms, clock:-0.333 level:3
2020-04-25 16:12:50.310 T:3076756352 DEBUG: CVideoPlayer::ProcessVideoData size:75 dts:0.292 pts:0.501 dur:41.000ms, clock:-0.333 level:4
2020-04-25 16:12:50.310 T:3076756352 DEBUG: CVideoPlayer::ProcessVideoData size:71 dts:0.334 pts:0.417 dur:41.000ms, clock:-0.333 level:4
2020-04-25 16:12:50.310 T:3076756352 DEBUG: CVideoPlayer::ProcessVideoData size:69 dts:0.375 pts:0.375 dur:41.000ms, clock:-0.333 level:5
2020-04-25 16:12:50.310 T:3076756352 DEBUG: CVideoPlayer::ProcessVideoData size:69 dts:0.417 pts:0.459 dur:41.000ms, clock:-0.333 level:5
2020-04-25 16:12:50.311 T:3076756352 DEBUG: CVideoPlayer::ProcessVideoData size:75 dts:0.459 pts:0.667 dur:41.000ms, clock:-0.333 level:6
2020-04-25 16:12:50.311 T:3076756352 DEBUG: CVideoPlayer::ProcessVideoData size:71 dts:0.501 pts:0.584 dur:41.000ms, clock:-0.333 level:6
2020-04-25 16:12:50.311 T:3076756352 DEBUG: CVideoPlayer::ProcessVideoData size:69 dts:0.542 pts:0.542 dur:41.000ms, clock:-0.333 level:7
2020-04-25 16:12:50.311 T:3076756352 DEBUG: CVideoPlayer::ProcessVideoData size:69 dts:0.584 pts:0.626 dur:41.000ms, clock:-0.333 level:7
2020-04-25 16:12:50.311 T:3076756352 DEBUG: CVideoPlayer::ProcessVideoData size:75 dts:0.626 pts:0.834 dur:41.000ms, clock:-0.333 level:8
2020-04-25 16:12:50.311 T:3076756352 DEBUG: CVideoPlayer::ProcessVideoData size:71 dts:0.667 pts:0.751 dur:41.000ms, clock:-0.333 level:8
2020-04-25 16:12:50.311 T:3076756352 DEBUG: CVideoPlayer::ProcessVideoData size:69 dts:0.709 pts:0.709 dur:41.000ms, clock:-0.333 level:9
2020-04-25 16:12:50.311 T:3076756352 DEBUG: CVideoPlayer::ProcessVideoData size:69 dts:0.751 pts:0.792 dur:41.000ms, clock:-0.333 level:9
2020-04-25 16:12:50.312 T:3076756352 DEBUG: CVideoPlayer::ProcessVideoData size:83189 dts:0.792 pts:1.001 dur:41.000ms, clock:-0.333 level:10
2020-04-25 16:12:50.312 T:3076756352 DEBUG: CVideoPlayer::ProcessVideoData size:576 dts:0.834 pts:0.918 dur:41.000ms, clock:-0.333 level:10
2020-04-25 16:12:50.312 T:3076756352 DEBUG: CVideoPlayer::ProcessVideoData size:69 dts:0.876 pts:0.876 dur:41.000ms, clock:-0.333 level:11
2020-04-25 16:12:50.312 T:3076756352 DEBUG: CVideoPlayer::ProcessVideoData size:70 dts:0.918 pts:0.959 dur:41.000ms, clock:-0.333 level:11
2020-04-25 16:12:50.313 T:3076756352 DEBUG: CVideoPlayer::ProcessVideoData size:61025 dts:0.959 pts:1.126 dur:41.000ms, clock:-0.333 level:12
2020-04-25 16:12:50.313 T:3076756352 DEBUG: CVideoPlayer::ProcessVideoData size:56065 dts:1.001 pts:1.043 dur:41.000ms, clock:-0.333 level:12
2020-04-25 16:12:50.314 T:3076756352 DEBUG: CVideoPlayer::ProcessVideoData size:66225 dts:1.043 pts:1.084 dur:41.000ms, clock:-0.333 level:13
2020-04-25 16:12:50.315 T:3076756352 DEBUG: CVideoPlayer::ProcessVideoData size:62824 dts:1.084 pts:1.293 dur:41.000ms, clock:-0.333 level:14
2020-04-25 16:12:50.316 T:2897527680 DEBUG: CVideoPlayerVideo - video decoder returned error
2020-04-25 16:12:50.318 T:2889134976 DEBUG: Previous line repeats 2 times.
2020-04-25 16:12:50.318 T:2889134976 DEBUG: CDVDAudio::Pause - pausing audio stream
2020-04-25 16:12:50.319 T:2889134976 NOTICE: Creating audio stream (codec id: 86056, channels: 6, sample rate: 48000, no pass-through)
2020-04-25 16:12:50.319 T:2889134976 DEBUG: CVideoPlayerAudio:: synctype set to 0: clock feedback
2020-04-25 16:12:50.319 T:2897527680 DEBUG: CVideoPlayerVideo - video decoder returned error
2020-04-25 16:12:50.319 T:4035834752 INFO: CActiveAESink::OpenSink - initialize sink
2020-04-25 16:12:50.320 T:2897527680 DEBUG: CVideoPlayerVideo - video decoder returned error
2020-04-25 16:12:50.330 T:3076756352 DEBUG: Previous line repeats 8 times.
2020-04-25 16:12:50.330 T:3076756352 DEBUG: CVideoPlayer::ProcessVideoData size:62459 dts:1.126 pts:1.210 dur:41.000ms, clock:-0.333 level:14
2020-04-25 16:12:50.331 T:3076756352 DEBUG: CVideoPlayer::ProcessVideoData size:65357 dts:1.168 pts:1.168 dur:41.000ms, clock:-0.333 level:15
2020-04-25 16:12:50.331 T:3076756352 DEBUG: CVideoPlayer::ProcessVideoData size:53852 dts:1.210 pts:1.251 dur:41.000ms, clock:-0.333 level:15
2020-04-25 16:12:50.333 T:2897527680 DEBUG: CVideoPlayerVideo - video decoder returned error
2020-04-25 16:12:50.333 T:3076756352 DEBUG: CVideoPlayer::ProcessVideoData size:67266 dts:1.251 pts:1.460 dur:41.000ms, clock:-0.333 level:16
2020-04-25 16:12:50.334 T:2897527680 DEBUG: CVideoPlayerVideo - video decoder returned error
2020-04-25 16:12:50.369 T:3076756352 DEBUG: Previous line repeats 32 times.
2020-04-25 16:12:50.369 T:3076756352 DEBUG: CVideoPlayer::ProcessVideoData size:61927 dts:1.293 pts:1.376 dur:41.000ms, clock:-0.333 level:14
2020-04-25 16:12:50.370 T:3076756352 DEBUG: CVideoPlayer::ProcessVideoData size:57946 dts:1.335 pts:1.335 dur:41.000ms, clock:-0.333 level:17
2020-04-25 16:12:50.371 T:3076756352 DEBUG: CVideoPlayer::ProcessVideoData size:61309 dts:1.376 pts:1.418 dur:41.000ms, clock:-0.333 level:17
2020-04-25 16:12:50.372 T:4065800208 DEBUG: ------ Window Init (DialogBusy.xml) ------
2020-04-25 16:12:50.372 T:2897527680 DEBUG: CVideoPlayerVideo - video decoder returned error
2020-04-25 16:12:50.401 T:3076756352 DEBUG: Previous line repeats 23 times.
2020-04-25 16:12:50.402 T:3076756352 DEBUG: CVideoPlayer::ProcessVideoData size:80493 dts:1.418 pts:1.627 dur:41.000ms, clock:-0.333 level:18
2020-04-25 16:12:50.403 T:2897527680 DEBUG: CVideoPlayerVideo - video decoder returned error
2020-04-25 16:12:50.418 T:3076756352 DEBUG: Previous line repeats 13 times.
2020-04-25 16:12:50.418 T:3076756352 DEBUG: CVideoPlayer::ProcessVideoData size:67802 dts:1.460 pts:1.543 dur:41.000ms, clock:-0.333 level:18
2020-04-25 16:12:50.420 T:2897527680 DEBUG: CVideoPlayerVideo - video decoder returned error
2020-04-25 16:12:50.422 T:3076756352 DEBUG: Previous line repeats 1 times.
2020-04-25 16:12:50.422 T:3076756352 DEBUG: CVideoPlayer::ProcessVideoData size:63519 dts:1.502 pts:1.502 dur:41.000ms, clock:-0.333 level:19
2020-04-25 16:12:50.422 T:2897527680 DEBUG: CVideoPlayerVideo - video decoder returned error
2020-04-25 16:12:50.425 T:3076756352 DEBUG: CVideoPlayer::ProcessVideoData size:65032 dts:1.543 pts:1.585 dur:41.000ms, clock:-0.333 level:19
2020-04-25 16:12:50.428 T:3076756352 DEBUG: CVideoPlayer::ProcessVideoData size:83176 dts:1.585 pts:1.752 dur:41.000ms, clock:-0.333 level:20
2020-04-25 16:12:50.429 T:2897527680 DEBUG: CVideoPlayerVideo - video decoder returned error
2020-04-25 16:12:50.433 T:3076756352 DEBUG: CVideoPlayer::ProcessVideoData size:71427 dts:1.627 pts:1.668 dur:41.000ms, clock:-0.333 level:20
2020-04-25 16:12:50.434 T:2897527680 DEBUG: CVideoPlayerVideo - video decoder returned error
2020-04-25 16:12:50.434 T:3076756352 DEBUG: CVideoPlayer::ProcessVideoData size:74210 dts:1.668 pts:1.710 dur:41.000ms, clock:-0.333 level:21
2020-04-25 16:12:50.435 T:2897527680 DEBUG: CVideoPlayerVideo - video decoder returned error
2020-04-25 16:12:50.437 T:3076756352 DEBUG: Previous line repeats 1 times.
2020-04-25 16:12:50.437 T:3076756352 DEBUG: CVideoPlayer::ProcessVideoData size:87483 dts:1.710 pts:1.919 dur:41.000ms, clock:-0.333 level:21
2020-04-25 16:12:50.441 T:3076756352 DEBUG: CVideoPlayer::ProcessVideoData size:79081 dts:1.752 pts:1.835 dur:41.000ms, clock:-0.333 level:22
2020-04-25 16:12:50.446 T:2897527680 DEBUG: CVideoPlayerVideo - video decoder returned error
2020-04-25 16:12:50.449 T:3076756352 DEBUG: Previous line repeats 1 times.
2020-04-25 16:12:50.450 T:3076756352 DEBUG: CVideoPlayer::ProcessVideoData size:78530 dts:1.793 pts:1.793 dur:41.000ms, clock:-0.333 level:22
2020-04-25 16:12:50.450 T:2897527680 DEBUG: CVideoPlayerVideo - video decoder returned error
2020-04-25 16:12:50.478 T:3076756352 DEBUG: Previous line repeats 19 times.
2020-04-25 16:12:50.479 T:3076756352 DEBUG: CVideoPlayer::ProcessVideoData size:77581 dts:1.835 pts:1.877 dur:41.000ms, clock:-0.333 level:23
2020-04-25 16:12:50.481 T:2897527680 DEBUG: CVideoPlayerVideo - video decoder returned error
2020-04-25 16:12:50.483 T:3076756352 DEBUG: Previous line repeats 2 times.
2020-04-25 16:12:50.483 T:3076756352 DEBUG: CVideoPlayer::ProcessVideoData size:86293 dts:1.877 pts:1.960 dur:41.000ms, clock:-0.333 level:21
2020-04-25 16:12:50.485 T:2897527680 DEBUG: CVideoPlayerVideo - video decoder returned error
2020-04-25 16:12:50.485 T:4035834752 DEBUG: CActiveAESink::OpenSink - trying to open device ALSA:surround71:CARD=AMLAUGESOUND,DEV=0
2020-04-25 16:12:50.485 T:4035834752 INFO: CAESinkALSA::Initialize - Attempting to open device "surround71:CARD=AMLAUGESOUND,DEV=0"
2020-04-25 16:12:50.486 T:2897527680 DEBUG: CVideoPlayerVideo - video decoder returned error
2020-04-25 16:12:50.486 T:3076756352 DEBUG: CVideoPlayer::ProcessVideoData size:109448 dts:1.919 pts:2.002 dur:41.000ms, clock:-0.333 level:24
2020-04-25 16:12:50.487 T:3076756352 DEBUG: CVideoPlayer::ProcessVideoData size:98563 dts:1.960 pts:2.169 dur:41.000ms, clock:-0.333 level:24
2020-04-25 16:12:50.489 T:2897527680 DEBUG: CVideoPlayerVideo - video decoder returned error
2020-04-25 16:12:50.504 T:4035834752 DEBUG: Previous line repeats 12 times.
2020-04-25 16:12:50.504 T:4035834752 INFO: CAESinkALSA::Initialize - Opened device "surround71:CARD=AMLAUGESOUND,DEV=0"
2020-04-25 16:12:50.506 T:2897527680 DEBUG: CVideoPlayerVideo - video decoder returned error
2020-04-25 16:12:50.506 T:4035834752 INFO: CAESinkALSA::InitializeHW - Your hardware does not support AE_FMT_FLOAT, trying other formats
2020-04-25 16:12:50.507 T:4035834752 INFO: CAESinkALSA::InitializeHW - Using data format AE_FMT_S24NE4
2020-04-25 16:12:50.507 T:4035834752 DEBUG: CAESinkALSA::InitializeHW - Request: periodSize 2400, bufferSize 9600
2020-04-25 16:12:50.507 T:2897527680 DEBUG: CVideoPlayerVideo - video decoder returned error
2020-04-25 16:12:50.526 T:3076756352 DEBUG: Previous line repeats 15 times.
2020-04-25 16:12:50.526 T:3076756352 DEBUG: CVideoPlayer::ProcessVideoData size:73994 dts:2.002 pts:2.085 dur:41.000ms, clock:-0.333 level:25
2020-04-25 16:12:50.527 T:2897527680 DEBUG: CVideoPlayerVideo - video decoder returned error
2020-04-25 16:12:50.548 T:3797906304 DEBUG: Previous line repeats 9 times.
2020-04-25 16:12:50.549 T:3797906304 DEBUG: Skin Helper Service --> Kodi_Monitor: sender xbmc - method: Info.OnChanged - data: null
2020-04-25 16:12:50.549 T:2897527680 DEBUG: CVideoPlayerVideo - video decoder returned error
2020-04-25 16:12:50.549 T:3797906304 DEBUG: Skin Helper Service --> Kodi_Monitor: sender xbmc - method: Player.OnPlay - data: {"item":{"id":33,"type":"episode"},"player":{"playerid":1,"speed":1}}
2020-04-25 16:12:50.551 T:2897527680 DEBUG: CVideoPlayerVideo - video decoder returned error
2020-04-25 16:12:50.551 T:3764335488 DEBUG: Skin Helper Widgets --> Kodi_Monitor: sender xbmc - method: Player.OnAVChange - data: {"item":{"id":33,"type":"episode"},"player":{"playerid":1,"speed":1}}
2020-04-25 16:12:50.551 T:3076756352 DEBUG: CVideoPlayer::ProcessVideoData size:70850 dts:2.044 pts:2.044 dur:41.000ms, clock:-0.333 level:26
2020-04-25 16:12:50.552 T:3076756352 DEBUG: CVideoPlayer::ProcessVideoData size:69321 dts:2.085 pts:2.127 dur:41.000ms, clock:-0.333 level:26
2020-04-25 16:12:50.554 T:2897527680 DEBUG: CVideoPlayerVideo - video decoder returned error
2020-04-25 16:12:50.555 T:3076756352 DEBUG: CVideoPlayer::ProcessVideoData size:103265 dts:2.127 pts:2.336 dur:41.000ms, clock:-0.333 level:27
2020-04-25 16:12:50.556 T:2897527680 DEBUG: CVideoPlayerVideo - video decoder returned error
2020-04-25 16:12:50.557 T:3076756352 DEBUG: CVideoPlayer::ProcessVideoData size:69820 dts:2.169 pts:2.252 dur:41.000ms, clock:-0.333 level:27
2020-04-25 16:12:50.558 T:3076756352 DEBUG: CVideoPlayer::ProcessVideoData size:52988 dts:2.211 pts:2.211 dur:41.000ms, clock:-0.333 level:28
2020-04-25 16:12:50.559 T:3076756352 DEBUG: CVideoPlayer::ProcessVideoData size:50464 dts:2.252 pts:2.294 dur:41.000ms, clock:-0.333 level:28
2020-04-25 16:12:50.560 T:2897527680 DEBUG: CVideoPlayerVideo - video decoder returned error
2020-04-25 16:12:50.561 T:3076756352 DEBUG: CVideoPlayer::ProcessVideoData size:97496 dts:2.294 pts:2.503 dur:41.000ms, clock:-0.333 level:29
2020-04-25 16:12:50.562 T:4035834752 DEBUG: CAESinkALSA::InitializeHW - Got: periodSize 2400, bufferSize 9600
