2020-04-25 16:12:37.151 T:3034792832 DEBUG: CVideoPlayerVideo::OutputPicture - ttd:260ms pts:2984.064 Clock:2983.803 Level:3
2020-04-25 16:12:37.152 T:3034792832 DEBUG: CVideoPlayerVideo::OutputPicture - ttd:301ms pts:2984.106 Clock:2983.805 Level:4
2020-04-25 16:12:37.270 T:3034792832 DEBUG: CVideoPlayerVideo::OutputPicture - ttd:225ms pts:2984.148 Clock:2983.923 Level:2
2020-04-25 16:12:37.271 T:3034792832 DEBUG: CVideoPlayerVideo::OutputPicture - ttd:265ms pts:2984.190 Clock:2983.924 Level:3
2020-04-25 16:12:37.298 T:3755942784 DEBUG: CAddonSettings[service.upnext]: loading setting definitions
2020-04-25 16:12:37.298 T:3755942784 DEBUG: CAddonSettings[service.upnext]: trying to load setting definitions from old format...
2020-04-25 16:12:37.301 T:3755942784 DEBUG: CAddonSettings[service.upnext]: loading setting definitions
2020-04-25 16:12:37.301 T:3755942784 DEBUG: CAddonSettings[service.upnext]: trying to load setting definitions from old format...
2020-04-25 16:12:37.304 T:3755942784 DEBUG: CAddonSettings[service.upnext]: loading setting definitions
2020-04-25 16:12:37.304 T:3755942784 DEBUG: CAddonSettings[service.upnext]: trying to load setting definitions from old format...
2020-04-25 16:12:37.316 T:3034792832 DEBUG: CVideoPlayerVideo::OutputPicture - ttd:262ms pts:2984.231 Clock:2983.969 Level:3
2020-04-25 16:12:37.317 T:3034792832 DEBUG: CVideoPlayerVideo::OutputPicture - ttd:302ms pts:2984.273 Clock:2983.970 Level:4
2020-04-25 16:12:37.368 T:2992829312 DEBUG: CVideoPlayer::ProcessVideoData size:77 dts:2992.364 pts:2992.573 dur:41.000ms, clock:2984.021 level:88
2020-04-25 16:12:37.368 T:2992829312 DEBUG: CVideoPlayer::ProcessVideoData size:80 dts:2992.406 pts:2992.490 dur:41.000ms, clock:2984.021 level:89
2020-04-25 16:12:37.369 T:2992829312 DEBUG: CVideoPlayer::ProcessVideoData size:75 dts:2992.448 pts:2992.448 dur:41.000ms, clock:2984.021 level:89
2020-04-25 16:12:37.369 T:2992829312 DEBUG: CVideoPlayer::ProcessVideoData size:76 dts:2992.490 pts:2992.531 dur:41.000ms, clock:2984.022 level:90
2020-04-25 16:12:37.369 T:2992829312 DEBUG: CVideoPlayer::ProcessVideoData size:79 dts:2992.531 pts:2992.698 dur:41.000ms, clock:2984.022 level:90
2020-04-25 16:12:37.369 T:2992829312 DEBUG: CVideoPlayer::ProcessVideoData size:85 dts:2992.573 pts:2992.615 dur:41.000ms, clock:2984.022 level:91
2020-04-25 16:12:37.370 T:2992829312 DEBUG: CVideoPlayer::ProcessVideoData size:73 dts:2992.615 pts:2992.656 dur:41.000ms, clock:2984.022 level:91
2020-04-25 16:12:37.399 T:3034792832 DEBUG: CVideoPlayerVideo::OutputPicture - ttd:263ms pts:2984.315 Clock:2984.051 Level:3
2020-04-25 16:12:37.443 T:3034792832 DEBUG: CVideoPlayerVideo::OutputPicture - ttd:260ms pts:2984.356 Clock:2984.096 Level:3
2020-04-25 16:12:37.444 T:3034792832 DEBUG: CVideoPlayerVideo::OutputPicture - ttd:300ms pts:2984.398 Clock:2984.097 Level:4
2020-04-25 16:12:37.563 T:2992829312 DEBUG: CVideoPlayer::ProcessVideoData size:80 dts:2992.656 pts:2992.865 dur:41.000ms, clock:2984.216 level:90
2020-04-25 16:12:37.564 T:2992829312 DEBUG: CVideoPlayer::ProcessVideoData size:87 dts:2992.698 pts:2992.781 dur:41.000ms, clock:2984.216 level:90
2020-04-25 16:12:37.564 T:2992829312 DEBUG: CVideoPlayer::ProcessVideoData size:79 dts:2992.740 pts:2992.740 dur:41.000ms, clock:2984.217 level:91
2020-04-25 16:12:37.564 T:2992829312 DEBUG: CVideoPlayer::ProcessVideoData size:83 dts:2992.781 pts:2992.823 dur:41.000ms, clock:2984.217 level:91
2020-04-25 16:12:37.564 T:2992829312 DEBUG: CVideoPlayer::ProcessVideoData size:77 dts:2992.823 pts:2992.948 dur:41.000ms, clock:2984.217 level:92
2020-04-25 16:12:37.564 T:2992829312 DEBUG: CVideoPlayer::ProcessVideoData size:81 dts:2992.865 pts:2992.907 dur:41.000ms, clock:2984.217 level:92
2020-04-25 16:12:37.566 T:2992829312 DEBUG: CVideoPlayer::ProcessVideoData size:61443 dts:2992.907 pts:2992.990 dur:41.000ms, clock:2984.218 level:93
2020-04-25 16:12:37.568 T:3034792832 DEBUG: CVideoPlayerVideo::OutputPicture - ttd:219ms pts:2984.440 Clock:2984.221 Level:2
2020-04-25 16:12:37.569 T:3034792832 DEBUG: CVideoPlayerVideo::OutputPicture - ttd:259ms pts:2984.482 Clock:2984.222 Level:3
2020-04-25 16:12:37.607 T:3034792832 DEBUG: CVideoPlayerVideo::OutputPicture - ttd:262ms pts:2984.523 Clock:2984.260 Level:3
2020-04-25 16:12:37.609 T:3034792832 DEBUG: CVideoPlayerVideo::OutputPicture - ttd:303ms pts:2984.565 Clock:2984.261 Level:4
2020-04-25 16:12:37.730 T:3034792832 DEBUG: CVideoPlayerVideo::OutputPicture - ttd:224ms pts:2984.607 Clock:2984.383 Level:2
2020-04-25 16:12:37.732 T:3034792832 DEBUG: CVideoPlayerVideo::OutputPicture - ttd:263ms pts:2984.648 Clock:2984.384 Level:3
2020-04-25 16:12:37.776 T:3034792832 DEBUG: CVideoPlayerVideo::OutputPicture - ttd:261ms pts:2984.690 Clock:2984.429 Level:3
2020-04-25 16:12:37.777 T:3034792832 DEBUG: CVideoPlayerVideo::OutputPicture - ttd:302ms pts:2984.732 Clock:2984.430 Level:4
2020-04-25 16:12:37.811 T:2992829312 DEBUG: CVideoPlayer::ProcessVideoData size:463 dts:2992.948 pts:2993.115 dur:41.000ms, clock:2984.464 level:90
2020-04-25 16:12:37.812 T:2992829312 DEBUG: CVideoPlayer::ProcessVideoData size:214 dts:2992.990 pts:2993.032 dur:41.000ms, clock:2984.464 level:91
2020-04-25 16:12:37.812 T:2992829312 DEBUG: CVideoPlayer::ProcessVideoData size:101 dts:2993.032 pts:2993.073 dur:41.000ms, clock:2984.465 level:91
2020-04-25 16:12:37.901 T:3034792832 DEBUG: CVideoPlayerVideo::OutputPicture - ttd:218ms pts:2984.773 Clock:2984.554 Level:2
2020-04-25 16:12:37.903 T:3034792832 DEBUG: CVideoPlayerVideo::OutputPicture - ttd:259ms pts:2984.815 Clock:2984.555 Level:3
2020-04-25 16:12:37.943 T:3034792832 DEBUG: CVideoPlayerVideo::OutputPicture - ttd:261ms pts:2984.857 Clock:2984.595 Level:3
2020-04-25 16:12:37.944 T:3034792832 DEBUG: CVideoPlayerVideo::OutputPicture - ttd:302ms pts:2984.899 Clock:2984.597 Level:4
2020-04-25 16:12:37.982 T:3034792832 DEBUG: CVideoPlayerVideo::OutputPicture - ttd:304ms pts:2984.940 Clock:2984.635 Level:4
2020-04-25 16:12:38.066 T:2992829312 DEBUG: CVideoPlayer::ProcessVideoData size:275 dts:2993.073 pts:2993.282 dur:41.000ms, clock:2984.719 level:89
2020-04-25 16:12:38.067 T:2992829312 DEBUG: CVideoPlayer::ProcessVideoData size:202 dts:2993.115 pts:2993.199 dur:41.000ms, clock:2984.719 level:89
2020-04-25 16:12:38.067 T:2992829312 DEBUG: CVideoPlayer::ProcessVideoData size:133 dts:2993.157 pts:2993.157 dur:41.000ms, clock:2984.719 level:90
2020-04-25 16:12:38.067 T:2992829312 DEBUG: CVideoPlayer::ProcessVideoData size:107 dts:2993.199 pts:2993.240 dur:41.000ms, clock:2984.720 level:90
2020-04-25 16:12:38.067 T:2992829312 DEBUG: CVideoPlayer::ProcessVideoData size:150 dts:2993.240 pts:2993.449 dur:41.000ms, clock:2984.720 level:91
2020-04-25 16:12:38.067 T:2992829312 DEBUG: CVideoPlayer::ProcessVideoData size:160 dts:2993.282 pts:2993.365 dur:41.000ms, clock:2984.720 level:91
2020-04-25 16:12:38.068 T:2992829312 DEBUG: CVideoPlayer::ProcessVideoData size:107 dts:2993.324 pts:2993.324 dur:41.000ms, clock:2984.720 level:92
2020-04-25 16:12:38.068 T:2992829312 DEBUG: CVideoPlayer::ProcessVideoData size:102 dts:2993.365 pts:2993.407 dur:41.000ms, clock:2984.721 level:92
2020-04-25 16:12:38.149 T:3034792832 DEBUG: CVideoPlayerVideo::OutputPicture - ttd:179ms pts:2984.982 Clock:2984.802 Level:1
2020-04-25 16:12:38.151 T:3034792832 DEBUG: CVideoPlayerVideo::OutputPicture - ttd:220ms pts:2985.024 Clock:2984.803 Level:2
2020-04-25 16:12:38.152 T:3034792832 DEBUG: CVideoPlayerVideo::OutputPicture - ttd:260ms pts:2985.065 Clock:2984.805 Level:3
2020-04-25 16:12:38.190 T:3034792832 DEBUG: CVideoPlayerVideo::OutputPicture - ttd:264ms pts:2985.107 Clock:2984.842 Level:3
2020-04-25 16:12:38.191 T:3034792832 DEBUG: CVideoPlayerVideo::OutputPicture - ttd:305ms pts:2985.149 Clock:2984.844 Level:4
2020-04-25 16:12:38.308 T:3755942784 DEBUG: CAddonSettings[service.upnext]: loading setting definitions
2020-04-25 16:12:38.308 T:3755942784 DEBUG: CAddonSettings[service.upnext]: trying to load setting definitions from old format...
2020-04-25 16:12:38.314 T:2992829312 DEBUG: CVideoPlayer::ProcessVideoData size:113 dts:2993.407 pts:2993.616 dur:41.000ms, clock:2984.967 level:90
2020-04-25 16:12:38.314 T:2992829312 DEBUG: CVideoPlayer::ProcessVideoData size:132 dts:2993.449 pts:2993.532 dur:41.000ms, clock:2984.967 level:90
2020-04-25 16:12:38.314 T:2992829312 DEBUG: CVideoPlayer::ProcessVideoData size:94 dts:2993.491 pts:2993.491 dur:41.000ms, clock:2984.967 level:91
2020-04-25 16:12:38.315 T:2992829312 DEBUG: CVideoPlayer::ProcessVideoData size:99 dts:2993.532 pts:2993.574 dur:41.000ms, clock:2984.967 level:91
2020-04-25 16:12:38.315 T:3755942784 DEBUG: CAddonSettings[service.upnext]: loading setting definitions
2020-04-25 16:12:38.315 T:3755942784 DEBUG: CAddonSettings[service.upnext]: trying to load setting definitions from old format...
2020-04-25 16:12:38.318 T:3755942784 DEBUG: CAddonSettings[service.upnext]: loading setting definitions
2020-04-25 16:12:38.319 T:3034792832 DEBUG: CVideoPlayerVideo::OutputPicture - ttd:219ms pts:2985.191 Clock:2984.971 Level:3
2020-04-25 16:12:38.319 T:3755942784 DEBUG: CAddonSettings[service.upnext]: trying to load setting definitions from old format...
2020-04-25 16:12:38.320 T:3034792832 DEBUG: CVideoPlayerVideo::OutputPicture - ttd:259ms pts:2985.232 Clock:2984.973 Level:4
2020-04-25 16:12:38.358 T:3034792832 DEBUG: CVideoPlayerVideo::OutputPicture - ttd:263ms pts:2985.274 Clock:2985.011 Level:3
2020-04-25 16:12:38.360 T:3034792832 DEBUG: CVideoPlayerVideo::OutputPicture - ttd:303ms pts:2985.316 Clock:2985.012 Level:4
2020-04-25 16:12:38.485 T:3034792832 DEBUG: CVideoPlayerVideo::OutputPicture - ttd:219ms pts:2985.357 Clock:2985.138 Level:2
2020-04-25 16:12:38.486 T:3034792832 DEBUG: CVideoPlayerVideo::OutputPicture - ttd:259ms pts:2985.399 Clock:2985.139 Level:3
2020-04-25 16:12:38.525 T:3034792832 DEBUG: CVideoPlayerVideo::OutputPicture - ttd:263ms pts:2985.441 Clock:2985.178 Level:3
2020-04-25 16:12:38.526 T:3034792832 DEBUG: CVideoPlayerVideo::OutputPicture - ttd:303ms pts:2985.483 Clock:2985.179 Level:4
2020-04-25 16:12:38.620 T:2992829312 DEBUG: CVideoPlayer::ProcessVideoData size:164 dts:2993.574 pts:2993.782 dur:41.000ms, clock:2985.273 level:88
2020-04-25 16:12:38.620 T:2992829312 DEBUG: CVideoPlayer::ProcessVideoData size:151 dts:2993.616 pts:2993.699 dur:41.000ms, clock:2985.273 level:88
2020-04-25 16:12:38.620 T:2992829312 DEBUG: CVideoPlayer::ProcessVideoData size:102 dts:2993.657 pts:2993.657 dur:41.000ms, clock:2985.273 level:89
2020-04-25 16:12:38.621 T:2992829312 DEBUG: CVideoPlayer::ProcessVideoData size:94 dts:2993.699 pts:2993.741 dur:41.000ms, clock:2985.273 level:89
2020-04-25 16:12:38.621 T:2992829312 DEBUG: CVideoPlayer::ProcessVideoData size:100 dts:2993.741 pts:2993.949 dur:41.000ms, clock:2985.274 level:90
2020-04-25 16:12:38.621 T:2992829312 DEBUG: CVideoPlayer::ProcessVideoData size:127 dts:2993.782 pts:2993.866 dur:41.000ms, clock:2985.274 level:90
2020-04-25 16:12:38.621 T:2992829312 DEBUG: CVideoPlayer::ProcessVideoData size:96 dts:2993.824 pts:2993.824 dur:41.000ms, clock:2985.274 level:91
2020-04-25 16:12:38.622 T:2992829312 DEBUG: CVideoPlayer::ProcessVideoData size:97 dts:2993.866 pts:2993.908 dur:41.000ms, clock:2985.274 level:91
2020-04-25 16:12:38.651 T:3034792832 DEBUG: CVideoPlayerVideo::OutputPicture - ttd:220ms pts:2985.524 Clock:2985.303 Level:2
2020-04-25 16:12:38.652 T:3034792832 DEBUG: CVideoPlayerVideo::OutputPicture - ttd:261ms pts:2985.566 Clock:2985.305 Level:3
2020-04-25 16:12:38.690 T:3034792832 DEBUG: CVideoPlayerVideo::OutputPicture - ttd:265ms pts:2985.608 Clock:2985.342 Level:3
2020-04-25 16:12:38.691 T:3034792832 DEBUG: CVideoPlayerVideo::OutputPicture - ttd:305ms pts:2985.649 Clock:2985.344 Level:4
2020-04-25 16:12:38.818 T:3034792832 DEBUG: CVideoPlayerVideo::OutputPicture - ttd:220ms pts:2985.691 Clock:2985.471 Level:2
2020-04-25 16:12:38.820 T:3034792832 DEBUG: CVideoPlayerVideo::OutputPicture - ttd:260ms pts:2985.733 Clock:2985.472 Level:3
2020-04-25 16:12:38.857 T:3034792832 DEBUG: CVideoPlayerVideo::OutputPicture - ttd:263ms pts:2985.774 Clock:2985.510 Level:3
2020-04-25 16:12:38.859 T:3034792832 DEBUG: CVideoPlayerVideo::OutputPicture - ttd:304ms pts:2985.816 Clock:2985.511 Level:4
2020-04-25 16:12:38.866 T:2992829312 DEBUG: CVideoPlayer::ProcessVideoData size:113 dts:2993.908 pts:2994.116 dur:41.000ms, clock:2985.518 level:89
2020-04-25 16:12:38.866 T:2992829312 DEBUG: CVideoPlayer::ProcessVideoData size:126 dts:2993.949 pts:2994.033 dur:41.000ms, clock:2985.519 level:90
2020-04-25 16:12:38.866 T:2992829312 DEBUG: CVideoPlayer::ProcessVideoData size:98 dts:2993.991 pts:2993.991 dur:41.000ms, clock:2985.519 level:90
2020-04-25 16:12:38.867 T:2992829312 DEBUG: CVideoPlayer::ProcessVideoData size:101 dts:2994.033 pts:2994.074 dur:41.000ms, clock:2985.519 level:90
2020-04-25 16:12:38.985 T:3034792832 DEBUG: CVideoPlayerVideo::OutputPicture - ttd:220ms pts:2985.858 Clock:2985.638 Level:2
2020-04-25 16:12:38.986 T:3034792832 DEBUG: CVideoPlayerVideo::OutputPicture - ttd:261ms pts:2985.900 Clock:2985.639 Level:3
2020-04-25 16:12:39.024 T:3034792832 DEBUG: CVideoPlayerVideo::OutputPicture - ttd:263ms pts:2985.941 Clock:2985.677 Level:3
2020-04-25 16:12:39.026 T:3034792832 DEBUG: CVideoPlayerVideo::OutputPicture - ttd:304ms pts:2985.983 Clock:2985.678 Level:4
2020-04-25 16:12:39.112 T:2992829312 DEBUG: CVideoPlayer::ProcessVideoData size:125 dts:2994.074 pts:2994.283 dur:41.000ms, clock:2985.765 level:88
2020-04-25 16:12:39.112 T:2992829312 DEBUG: CVideoPlayer::ProcessVideoData size:132 dts:2994.116 pts:2994.200 dur:41.000ms, clock:2985.765 level:88
2020-04-25 16:12:39.113 T:2992829312 DEBUG: CVideoPlayer::ProcessVideoData size:98 dts:2994.158 pts:2994.158 dur:41.000ms, clock:2985.765 level:89
2020-04-25 16:12:39.113 T:2992829312 DEBUG: CVideoPlayer::ProcessVideoData size:96 dts:2994.200 pts:2994.241 dur:41.000ms, clock:2985.765 level:89
2020-04-25 16:12:39.113 T:2992829312 DEBUG: CVideoPlayer::ProcessVideoData size:112 dts:2994.241 pts:2994.450 dur:41.000ms, clock:2985.766 level:90
2020-04-25 16:12:39.113 T:2992829312 DEBUG: CVideoPlayer::ProcessVideoData size:122 dts:2994.283 pts:2994.366 dur:41.000ms, clock:2985.766 level:90
2020-04-25 16:12:39.113 T:2992829312 DEBUG: CVideoPlayer::ProcessVideoData size:101 dts:2994.325 pts:2994.325 dur:41.000ms, clock:2985.766 level:91
2020-04-25 16:12:39.114 T:2992829312 DEBUG: CVideoPlayer::ProcessVideoData size:97 dts:2994.366 pts:2994.408 dur:41.000ms, clock:2985.766 level:91
2020-04-25 16:12:39.150 T:3034792832 DEBUG: CVideoPlayerVideo::OutputPicture - ttd:222ms pts:2986.025 Clock:2985.803 Level:2
2020-04-25 16:12:39.151 T:3034792832 DEBUG: CVideoPlayerVideo::OutputPicture - ttd:261ms pts:2986.066 Clock:2985.804 Level:3
2020-04-25 16:12:39.196 T:3034792832 DEBUG: CVideoPlayerVideo::OutputPicture - ttd:259ms pts:2986.108 Clock:2985.848 Level:3
2020-04-25 16:12:39.197 T:3034792832 DEBUG: CVideoPlayerVideo::OutputPicture - ttd:300ms pts:2986.150 Clock:2985.850 Level:4
2020-04-25 16:12:39.319 T:3034792832 DEBUG: CVideoPlayerVideo::OutputPicture - ttd:220ms pts:2986.192 Clock:2985.972 Level:2
2020-04-25 16:12:39.320 T:3034792832 DEBUG: CVideoPlayerVideo::OutputPicture - ttd:259ms pts:2986.233 Clock:2985.973 Level:3
2020-04-25 16:12:39.322 T:3755942784 DEBUG: CAddonSettings[service.upnext]: loading setting definitions
2020-04-25 16:12:39.322 T:3755942784 DEBUG: CAddonSettings[service.upnext]: trying to load setting definitions from old format...
2020-04-25 16:12:39.325 T:3755942784 DEBUG: CAddonSettings[service.upnext]: loading setting definitions
2020-04-25 16:12:39.325 T:3755942784 DEBUG: CAddonSettings[service.upnext]: trying to load setting definitions from old format...
2020-04-25 16:12:39.327 T:3755942784 DEBUG: CAddonSettings[service.upnext]: loading setting definitions
2020-04-25 16:12:39.328 T:3755942784 DEBUG: CAddonSettings[service.upnext]: trying to load setting definitions from old format...
2020-04-25 16:12:39.361 T:3034792832 DEBUG: CVideoPlayerVideo::OutputPicture - ttd:261ms pts:2986.275 Clock:2986.013 Level:3
2020-04-25 16:12:39.362 T:3034792832 DEBUG: CVideoPlayerVideo::OutputPicture - ttd:302ms pts:2986.317 Clock:2986.015 Level:4
2020-04-25 16:12:39.369 T:2992829312 DEBUG: CVideoPlayer::ProcessVideoData size:133 dts:2994.408 pts:2994.617 dur:41.000ms, clock:2986.022 level:89
2020-04-25 16:12:39.370 T:2992829312 DEBUG: CVideoPlayer::ProcessVideoData size:127 dts:2994.450 pts:2994.533 dur:41.000ms, clock:2986.022 level:89
2020-04-25 16:12:39.370 T:2992829312 DEBUG: CVideoPlayer::ProcessVideoData size:98 dts:2994.492 pts:2994.492 dur:41.000ms, clock:2986.023 level:90
2020-04-25 16:12:39.370 T:2992829312 DEBUG: CVideoPlayer::ProcessVideoData size:104 dts:2994.533 pts:2994.575 dur:41.000ms, clock:2986.023 level:90
2020-04-25 16:12:39.370 T:2992829312 DEBUG: CVideoPlayer::ProcessVideoData size:176 dts:2994.575 pts:2994.783 dur:41.000ms, clock:2986.023 level:91
2020-04-25 16:12:39.371 T:2992829312 DEBUG: CVideoPlayer::ProcessVideoData size:139 dts:2994.617 pts:2994.700 dur:41.000ms, clock:2986.023 level:91
2020-04-25 16:12:39.371 T:2992829312 DEBUG: CVideoPlayer::ProcessVideoData size:99 dts:2994.658 pts:2994.658 dur:41.000ms, clock:2986.023 level:92
2020-04-25 16:12:39.371 T:2992829312 DEBUG: CVideoPlayer::ProcessVideoData size:90 dts:2994.700 pts:2994.742 dur:41.000ms, clock:2986.024 level:92
2020-04-25 16:12:39.445 T:3034792832 DEBUG: CVideoPlayerVideo::OutputPicture - ttd:260ms pts:2986.358 Clock:2986.097 Level:3
2020-04-25 16:12:39.483 T:3034792832 DEBUG: CVideoPlayerVideo::OutputPicture - ttd:264ms pts:2986.400 Clock:2986.136 Level:3
2020-04-25 16:12:39.485 T:3034792832 DEBUG: CVideoPlayerVideo::OutputPicture - ttd:304ms pts:2986.442 Clock:2986.137 Level:4
2020-04-25 16:12:39.565 T:2992829312 DEBUG: CVideoPlayer::ProcessVideoData size:100 dts:2994.742 pts:2994.950 dur:41.000ms, clock:2986.217 level:91
2020-04-25 16:12:39.565 T:2992829312 DEBUG: CVideoPlayer::ProcessVideoData size:112 dts:2994.783 pts:2994.867 dur:41.000ms, clock:2986.218 level:91
2020-04-25 16:12:39.565 T:2992829312 DEBUG: CVideoPlayer::ProcessVideoData size:88 dts:2994.825 pts:2994.825 dur:41.000ms, clock:2986.218 level:92
2020-04-25 16:12:39.566 T:2992829312 DEBUG: CVideoPlayer::ProcessVideoData size:88 dts:2994.867 pts:2994.909 dur:41.000ms, clock:2986.218 level:92
2020-04-25 16:12:39.567 T:2992829312 DEBUG: CVideoPlayer::ProcessVideoData size:61097 dts:2994.909 pts:2994.992 dur:41.000ms, clock:2986.219 level:93
2020-04-25 16:12:39.568 T:3034792832 DEBUG: CVideoPlayerVideo::OutputPicture - ttd:263ms pts:2986.484 Clock:2986.221 Level:3
2020-04-25 16:12:39.606 T:3034792832 DEBUG: CVideoPlayerVideo::OutputPicture - ttd:265ms pts:2986.525 Clock:2986.259 Level:3
2020-04-25 16:12:39.608 T:3034792832 DEBUG: CVideoPlayerVideo::OutputPicture - ttd:306ms pts:2986.567 Clock:2986.260 Level:4
2020-04-25 16:12:39.732 T:3034792832 DEBUG: CVideoPlayerVideo::OutputPicture - ttd:224ms pts:2986.609 Clock:2986.385 Level:2
2020-04-25 16:12:39.733 T:3034792832 DEBUG: CVideoPlayerVideo::OutputPicture - ttd:264ms pts:2986.650 Clock:2986.386 Level:3
2020-04-25 16:12:39.777 T:3034792832 DEBUG: CVideoPlayerVideo::OutputPicture - ttd:262ms pts:2986.692 Clock:2986.430 Level:3
2020-04-25 16:12:39.779 T:3034792832 DEBUG: CVideoPlayerVideo::OutputPicture - ttd:302ms pts:2986.734 Clock:2986.431 Level:4
2020-04-25 16:12:39.847 T:3806299008 DEBUG: CAddonSettings[plugin.video.youtube]: loading setting definitions
2020-04-25 16:12:39.847 T:3806299008 DEBUG: CAddonSettings[plugin.video.youtube]: trying to load setting definitions from old format...
2020-04-25 16:12:39.852 T:3806299008 DEBUG: CAddonSettings[plugin.video.youtube]: loading setting values
2020-04-25 16:12:39.863 T:2992829312 DEBUG: CVideoPlayer::ProcessVideoData size:83 dts:2994.950 pts:2995.117 dur:41.000ms, clock:2986.515 level:90
2020-04-25 16:12:39.863 T:2992829312 DEBUG: CVideoPlayer::ProcessVideoData size:106 dts:2994.992 pts:2995.034 dur:41.000ms, clock:2986.516 level:90
2020-04-25 16:12:39.863 T:2992829312 DEBUG: CVideoPlayer::ProcessVideoData size:89 dts:2995.034 pts:2995.075 dur:41.000ms, clock:2986.516 level:91
2020-04-25 16:12:39.864 T:2992829312 DEBUG: CVideoPlayer::ProcessVideoData size:41950 dts:2995.075 pts:2995.242 dur:41.000ms, clock:2986.517 level:91
2020-04-25 16:12:39.865 T:2992829312 DEBUG: CVideoPlayer::ProcessVideoData size:1392 dts:2995.117 pts:2995.159 dur:41.000ms, clock:2986.518 level:92
2020-04-25 16:12:39.865 T:2992829312 DEBUG: CVideoPlayer::ProcessVideoData size:567 dts:2995.159 pts:2995.201 dur:41.000ms, clock:2986.518 level:92
2020-04-25 16:12:39.871 T:3497431936 DEBUG: CAddonSettings[plugin.video.youtube]: loading setting definitions
2020-04-25 16:12:39.871 T:3497431936 DEBUG: CAddonSettings[plugin.video.youtube]: trying to load setting definitions from old format...
2020-04-25 16:12:39.873 T:3497431936 DEBUG: CAddonSettings[plugin.video.youtube]: loading setting values
2020-04-25 16:12:39.877 T:3497431936 DEBUG: CAddonSettings[plugin.video.youtube]: loading setting definitions
2020-04-25 16:12:39.877 T:3497431936 DEBUG: CAddonSettings[plugin.video.youtube]: trying to load setting definitions from old format...
2020-04-25 16:12:39.879 T:3497431936 DEBUG: CAddonSettings[plugin.video.youtube]: loading setting values
2020-04-25 16:12:39.880 T:3497431936 DEBUG: [plugin.video.youtube] HTTPServer: Request uri path |/ping|
2020-04-25 16:12:39.880 T:3497431936 DEBUG: [plugin.video.youtube] HTTPServer: Connection from |127.0.0.1| Local range: |True|
2020-04-25 16:12:39.882 T:3806299008 DEBUG: [plugin.video.youtube] HTTPServer: Ping |127.0.0.1:50152| |204|
2020-04-25 16:12:39.899 T:3034792832 DEBUG: CVideoPlayerVideo::OutputPicture - ttd:223ms pts:2986.775 Clock:2986.552 Level:2
2020-04-25 16:12:39.900 T:3034792832 DEBUG: CVideoPlayerVideo::OutputPicture - ttd:264ms pts:2986.817 Clock:2986.553 Level:3
2020-04-25 16:12:39.945 T:3034792832 DEBUG: CVideoPlayerVideo::OutputPicture - ttd:261ms pts:2986.859 Clock:2986.597 Level:3
2020-04-25 16:12:39.946 T:3034792832 DEBUG: CVideoPlayerVideo::OutputPicture - ttd:302ms pts:2986.901 Clock:2986.599 Level:4
2020-04-25 16:12:39.985 T:3034792832 DEBUG: CVideoPlayerVideo::OutputPicture - ttd:304ms pts:2986.942 Clock:2986.637 Level:4
2020-04-25 16:12:40.120 T:2992829312 DEBUG: CVideoPlayer::ProcessVideoData size:847 dts:2995.201 pts:2995.409 dur:41.000ms, clock:2986.772 level:89
2020-04-25 16:12:40.120 T:2992829312 DEBUG: CVideoPlayer::ProcessVideoData size:538 dts:2995.242 pts:2995.326 dur:41.000ms, clock:2986.773 level:90
2020-04-25 16:12:40.120 T:2992829312 DEBUG: CVideoPlayer::ProcessVideoData size:382 dts:2995.284 pts:2995.284 dur:41.000ms, clock:2986.773 level:90
2020-04-25 16:12:40.121 T:2992829312 DEBUG: CVideoPlayer::ProcessVideoData size:385 dts:2995.326 pts:2995.367 dur:41.000ms, clock:2986.773 level:91
2020-04-25 16:12:40.153 T:3034792832 DEBUG: CVideoPlayerVideo::OutputPicture - ttd:178ms pts:2986.984 Clock:2986.806 Level:1
2020-04-25 16:12:40.155 T:3034792832 DEBUG: CVideoPlayerVideo::OutputPicture - ttd:218ms pts:2987.026 Clock:2986.807 Level:2
2020-04-25 16:12:40.156 T:3034792832 DEBUG: CVideoPlayerVideo::OutputPicture - ttd:258ms pts:2987.067 Clock:2986.808 Level:3
2020-04-25 16:12:40.194 T:3034792832 DEBUG: CVideoPlayerVideo::OutputPicture - ttd:262ms pts:2987.109 Clock:2986.846 Level:3
2020-04-25 16:12:40.195 T:3034792832 DEBUG: CVideoPlayerVideo::OutputPicture - ttd:303ms pts:2987.151 Clock:2986.848 Level:4
2020-04-25 16:12:40.316 T:3034792832 DEBUG: CVideoPlayerVideo::OutputPicture - ttd:223ms pts:2987.193 Clock:2986.969 Level:2
2020-04-25 16:12:40.318 T:3034792832 DEBUG: CVideoPlayerVideo::OutputPicture - ttd:263ms pts:2987.234 Clock:2986.970 Level:3
2020-04-25 16:12:40.331 T:3755942784 DEBUG: CAddonSettings[service.upnext]: loading setting definitions
2020-04-25 16:12:40.331 T:3755942784 DEBUG: CAddonSettings[service.upnext]: trying to load setting definitions from old format...
2020-04-25 16:12:40.334 T:3755942784 DEBUG: CAddonSettings[service.upnext]: loading setting definitions
2020-04-25 16:12:40.334 T:3755942784 DEBUG: CAddonSettings[service.upnext]: trying to load setting definitions from old format...
2020-04-25 16:12:40.337 T:3755942784 DEBUG: CAddonSettings[service.upnext]: loading setting definitions
2020-04-25 16:12:40.337 T:3755942784 DEBUG: CAddonSettings[service.upnext]: trying to load setting definitions from old format...
2020-04-25 16:12:40.357 T:3034792832 DEBUG: CVideoPlayerVideo::OutputPicture - ttd:266ms pts:2987.276 Clock:2987.010 Level:3
2020-04-25 16:12:40.359 T:3034792832 DEBUG: CVideoPlayerVideo::OutputPicture - ttd:306ms pts:2987.318 Clock:2987.011 Level:4
2020-04-25 16:12:40.365 T:2992829312 DEBUG: CVideoPlayer::ProcessVideoData size:508 dts:2995.367 pts:2995.576 dur:41.000ms, clock:2987.017 level:89
2020-04-25 16:12:40.365 T:2992829312 DEBUG: CVideoPlayer::ProcessVideoData size:414 dts:2995.409 pts:2995.493 dur:41.000ms, clock:2987.017 level:89
2020-04-25 16:12:40.365 T:2992829312 DEBUG: CVideoPlayer::ProcessVideoData size:377 dts:2995.451 pts:2995.451 dur:41.000ms, clock:2987.018 level:90
2020-04-25 16:12:40.365 T:2992829312 DEBUG: CVideoPlayer::ProcessVideoData size:342 dts:2995.493 pts:2995.534 dur:41.000ms, clock:2987.018 level:90
2020-04-25 16:12:40.366 T:2992829312 DEBUG: CVideoPlayer::ProcessVideoData size:342 dts:2995.534 pts:2995.743 dur:41.000ms, clock:2987.018 level:91
2020-04-25 16:12:40.366 T:2992829312 DEBUG: CVideoPlayer::ProcessVideoData size:690 dts:2995.576 pts:2995.659 dur:41.000ms, clock:2987.018 level:91
2020-04-25 16:12:40.366 T:2992829312 DEBUG: CVideoPlayer::ProcessVideoData size:332 dts:2995.618 pts:2995.618 dur:41.000ms, clock:2987.019 level:92
2020-04-25 16:12:40.366 T:2992829312 DEBUG: CVideoPlayer::ProcessVideoData size:276 dts:2995.659 pts:2995.701 dur:41.000ms, clock:2987.019 level:92
2020-04-25 16:12:40.404 T:3034792832 DEBUG: CVideoPlayerVideo::OutputPicture - ttd:302ms pts:2987.359 Clock:2987.057 Level:4
2020-04-25 16:12:40.530 T:3034792832 DEBUG: CVideoPlayerVideo::OutputPicture - ttd:218ms pts:2987.401 Clock:2987.183 Level:2
2020-04-25 16:12:40.531 T:3034792832 DEBUG: CVideoPlayerVideo::OutputPicture - ttd:258ms pts:2987.443 Clock:2987.184 Level:3
2020-04-25 16:12:40.569 T:3034792832 DEBUG: CVideoPlayerVideo::OutputPicture - ttd:263ms pts:2987.485 Clock:2987.222 Level:3
2020-04-25 16:12:40.571 T:3034792832 DEBUG: CVideoPlayerVideo::OutputPicture - ttd:302ms pts:2987.526 Clock:2987.223 Level:4
2020-04-25 16:12:40.610 T:2992829312 DEBUG: CVideoPlayer::ProcessVideoData size:279 dts:2995.701 pts:2995.910 dur:41.000ms, clock:2987.263 level:90
2020-04-25 16:12:40.611 T:2992829312 DEBUG: CVideoPlayer::ProcessVideoData size:309 dts:2995.743 pts:2995.826 dur:41.000ms, clock:2987.263 level:90
2020-04-25 16:12:40.611 T:2992829312 DEBUG: CVideoPlayer::ProcessVideoData size:295 dts:2995.784 pts:2995.784 dur:41.000ms, clock:2987.264 level:91
2020-04-25 16:12:40.611 T:2992829312 DEBUG: CVideoPlayer::ProcessVideoData size:307 dts:2995.826 pts:2995.868 dur:41.000ms, clock:2987.264 level:91
2020-04-25 16:12:40.695 T:3034792832 DEBUG: CVideoPlayerVideo::OutputPicture - ttd:220ms pts:2987.568 Clock:2987.348 Level:2
2020-04-25 16:12:40.696 T:3034792832 DEBUG: CVideoPlayerVideo::OutputPicture - ttd:261ms pts:2987.610 Clock:2987.349 Level:3
2020-04-25 16:12:40.734 T:3034792832 DEBUG: CVideoPlayerVideo::OutputPicture - ttd:264ms pts:2987.651 Clock:2987.387 Level:3
2020-04-25 16:12:40.736 T:3034792832 DEBUG: CVideoPlayerVideo::OutputPicture - ttd:304ms pts:2987.693 Clock:2987.388 Level:4
2020-04-25 16:12:40.862 T:3034792832 DEBUG: CVideoPlayerVideo::OutputPicture - ttd:220ms pts:2987.735 Clock:2987.514 Level:2
2020-04-25 16:12:40.863 T:3034792832 DEBUG: CVideoPlayerVideo::OutputPicture - ttd:260ms pts:2987.776 Clock:2987.516 Level:3
2020-04-25 16:12:40.867 T:2992829312 DEBUG: CVideoPlayer::ProcessVideoData size:241 dts:2995.868 pts:2996.076 dur:41.000ms, clock:2987.519 level:89
2020-04-25 16:12:40.867 T:2992829312 DEBUG: CVideoPlayer::ProcessVideoData size:313 dts:2995.910 pts:2995.993 dur:41.000ms, clock:2987.520 level:89
2020-04-25 16:12:40.867 T:2992829312 DEBUG: CVideoPlayer::ProcessVideoData size:275 dts:2995.951 pts:2995.951 dur:41.000ms, clock:2987.520 level:90
2020-04-25 16:12:40.868 T:2992829312 DEBUG: CVideoPlayer::ProcessVideoData size:231 dts:2995.993 pts:2996.035 dur:41.000ms, clock:2987.520 level:90
2020-04-25 16:12:40.868 T:2992829312 DEBUG: CVideoPlayer::ProcessVideoData size:147 dts:2996.035 pts:2996.243 dur:41.000ms, clock:2987.520 level:91
2020-04-25 16:12:40.868 T:2992829312 DEBUG: CVideoPlayer::ProcessVideoData size:301 dts:2996.076 pts:2996.160 dur:41.000ms, clock:2987.521 level:91
2020-04-25 16:12:40.868 T:2992829312 DEBUG: CVideoPlayer::ProcessVideoData size:235 dts:2996.118 pts:2996.118 dur:41.000ms, clock:2987.521 level:92
2020-04-25 16:12:40.868 T:2992829312 DEBUG: CVideoPlayer::ProcessVideoData size:246 dts:2996.160 pts:2996.202 dur:41.000ms, clock:2987.521 level:92
2020-04-25 16:12:40.901 T:3034792832 DEBUG: CVideoPlayerVideo::OutputPicture - ttd:263ms pts:2987.818 Clock:2987.554 Level:3
2020-04-25 16:12:40.903 T:3034792832 DEBUG: CVideoPlayerVideo::OutputPicture - ttd:304ms pts:2987.860 Clock:2987.555 Level:4
2020-04-25 16:12:41.025 T:3034792832 DEBUG: CVideoPlayerVideo::OutputPicture - ttd:224ms pts:2987.902 Clock:2987.678 Level:2
2020-04-25 16:12:41.026 T:3034792832 DEBUG: CVideoPlayerVideo::OutputPicture - ttd:264ms pts:2987.943 Clock:2987.679 Level:3
2020-04-25 16:12:41.071 T:3034792832 DEBUG: CVideoPlayerVideo::OutputPicture - ttd:261ms pts:2987.985 Clock:2987.723 Level:3
2020-04-25 16:12:41.072 T:3034792832 DEBUG: CVideoPlayerVideo::OutputPicture - ttd:302ms pts:2988.027 Clock:2987.725 Level:4
2020-04-25 16:12:41.113 T:2992829312 DEBUG: CVideoPlayer::ProcessVideoData size:157 dts:2996.202 pts:2996.410 dur:41.000ms, clock:2987.766 level:90
2020-04-25 16:12:41.114 T:2992829312 DEBUG: CVideoPlayer::ProcessVideoData size:245 dts:2996.243 pts:2996.327 dur:41.000ms, clock:2987.766 level:90
2020-04-25 16:12:41.114 T:2992829312 DEBUG: CVideoPlayer::ProcessVideoData size:259 dts:2996.285 pts:2996.285 dur:41.000ms, clock:2987.767 level:91
2020-04-25 16:12:41.114 T:2992829312 DEBUG: CVideoPlayer::ProcessVideoData size:227 dts:2996.327 pts:2996.368 dur:41.000ms, clock:2987.767 level:91
2020-04-25 16:12:41.198 T:3034792832 DEBUG: CVideoPlayerVideo::OutputPicture - ttd:217ms pts:2988.068 Clock:2987.850 Level:2
2020-04-25 16:12:41.199 T:3034792832 DEBUG: CVideoPlayerVideo::OutputPicture - ttd:258ms pts:2988.110 Clock:2987.852 Level:3
2020-04-25 16:12:41.237 T:3034792832 DEBUG: CVideoPlayerVideo::OutputPicture - ttd:262ms pts:2988.152 Clock:2987.890 Level:3
2020-04-25 16:12:41.239 T:3034792832 DEBUG: CVideoPlayerVideo::OutputPicture - ttd:302ms pts:2988.194 Clock:2987.891 Level:4
2020-04-25 16:12:41.339 T:3755942784 DEBUG: CAddonSettings[service.upnext]: loading setting definitions
2020-04-25 16:12:41.339 T:3755942784 DEBUG: CAddonSettings[service.upnext]: trying to load setting definitions from old format...
2020-04-25 16:12:41.342 T:3755942784 DEBUG: CAddonSettings[service.upnext]: loading setting definitions
2020-04-25 16:12:41.342 T:3755942784 DEBUG: CAddonSettings[service.upnext]: trying to load setting definitions from old format...
2020-04-25 16:12:41.345 T:3755942784 DEBUG: CAddonSettings[service.upnext]: loading setting definitions
2020-04-25 16:12:41.345 T:3755942784 DEBUG: CAddonSettings[service.upnext]: trying to load setting definitions from old format...
2020-04-25 16:12:41.358 T:3034792832 DEBUG: CVideoPlayerVideo::OutputPicture - ttd:224ms pts:2988.235 Clock:2988.011 Level:2
2020-04-25 16:12:41.360 T:3034792832 DEBUG: CVideoPlayerVideo::OutputPicture - ttd:264ms pts:2988.277 Clock:2988.012 Level:3
2020-04-25 16:12:41.371 T:2992829312 DEBUG: CVideoPlayer::ProcessVideoData size:119 dts:2996.368 pts:2996.577 dur:41.000ms, clock:2988.023 level:88
2020-04-25 16:12:41.371 T:2992829312 DEBUG: CVideoPlayer::ProcessVideoData size:249 dts:2996.410 pts:2996.494 dur:41.000ms, clock:2988.024 level:89
2020-04-25 16:12:41.371 T:2992829312 DEBUG: CVideoPlayer::ProcessVideoData size:213 dts:2996.452 pts:2996.452 dur:41.000ms, clock:2988.024 level:89
2020-04-25 16:12:41.371 T:2992829312 DEBUG: CVideoPlayer::ProcessVideoData size:261 dts:2996.494 pts:2996.535 dur:41.000ms, clock:2988.024 level:90
2020-04-25 16:12:41.372 T:2992829312 DEBUG: CVideoPlayer::ProcessVideoData size:132 dts:2996.535 pts:2996.744 dur:41.000ms, clock:2988.024 level:90
2020-04-25 16:12:41.372 T:2992829312 DEBUG: CVideoPlayer::ProcessVideoData size:241 dts:2996.577 pts:2996.660 dur:41.000ms, clock:2988.025 level:91
2020-04-25 16:12:41.372 T:2992829312 DEBUG: CVideoPlayer::ProcessVideoData size:198 dts:2996.619 pts:2996.619 dur:41.000ms, clock:2988.025 level:91
2020-04-25 16:12:41.373 T:2992829312 DEBUG: CVideoPlayer::ProcessVideoData size:244 dts:2996.660 pts:2996.702 dur:41.000ms, clock:2988.025 level:92
2020-04-25 16:12:41.406 T:3034792832 DEBUG: CVideoPlayerVideo::OutputPicture - ttd:260ms pts:2988.319 Clock:2988.058 Level:3
2020-04-25 16:12:41.407 T:3034792832 DEBUG: CVideoPlayerVideo::OutputPicture - ttd:300ms pts:2988.360 Clock:2988.059 Level:4
2020-04-25 16:12:41.531 T:3034792832 DEBUG: CVideoPlayerVideo::OutputPicture - ttd:218ms pts:2988.402 Clock:2988.184 Level:2
2020-04-25 16:12:41.533 T:3034792832 DEBUG: CVideoPlayerVideo::OutputPicture - ttd:258ms pts:2988.444 Clock:2988.185 Level:3
2020-04-25 16:12:41.571 T:3034792832 DEBUG: CVideoPlayerVideo::OutputPicture - ttd:262ms pts:2988.486 Clock:2988.223 Level:3
2020-04-25 16:12:41.572 T:3034792832 DEBUG: CVideoPlayerVideo::OutputPicture - ttd:302ms pts:2988.527 Clock:2988.225 Level:4
2020-04-25 16:12:41.617 T:2992829312 DEBUG: CVideoPlayer::ProcessVideoData size:131 dts:2996.702 pts:2996.911 dur:41.000ms, clock:2988.269 level:89
2020-04-25 16:12:41.617 T:2992829312 DEBUG: CVideoPlayer::ProcessVideoData size:239 dts:2996.744 pts:2996.827 dur:41.000ms, clock:2988.270 level:90
2020-04-25 16:12:41.617 T:2992829312 DEBUG: CVideoPlayer::ProcessVideoData size:256 dts:2996.785 pts:2996.785 dur:41.000ms, clock:2988.270 level:90
2020-04-25 16:12:41.618 T:2992829312 DEBUG: CVideoPlayer::ProcessVideoData size:230 dts:2996.827 pts:2996.869 dur:41.000ms, clock:2988.270 level:91
2020-04-25 16:12:41.618 T:2992829312 DEBUG: CVideoPlayer::ProcessVideoData size:109 dts:2996.869 pts:2996.952 dur:41.000ms, clock:2988.271 level:91
2020-04-25 16:12:41.619 T:2992829312 DEBUG: CVideoPlayer::ProcessVideoData size:58487 dts:2996.911 pts:2996.994 dur:41.000ms, clock:2988.272 level:92
2020-04-25 16:12:41.696 T:3034792832 DEBUG: CVideoPlayerVideo::OutputPicture - ttd:220ms pts:2988.569 Clock:2988.348 Level:2
2020-04-25 16:12:41.697 T:3034792832 DEBUG: CVideoPlayerVideo::OutputPicture - ttd:261ms pts:2988.611 Clock:2988.350 Level:3
2020-04-25 16:12:41.735 T:3034792832 DEBUG: CVideoPlayerVideo::OutputPicture - ttd:264ms pts:2988.652 Clock:2988.388 Level:3
2020-04-25 16:12:41.736 T:3034792832 DEBUG: CVideoPlayerVideo::OutputPicture - ttd:304ms pts:2988.694 Clock:2988.389 Level:4
2020-04-25 16:12:41.861 T:3034792832 DEBUG: CVideoPlayerVideo::OutputPicture - ttd:222ms pts:2988.736 Clock:2988.514 Level:2
2020-04-25 16:12:41.862 T:3034792832 DEBUG: CVideoPlayerVideo::OutputPicture - ttd:262ms pts:2988.777 Clock:2988.515 Level:3
2020-04-25 16:12:41.865 T:2992829312 DEBUG: CVideoPlayer::ProcessVideoData size:105 dts:2996.952 pts:2997.119 dur:41.000ms, clock:2988.517 level:90
2020-04-25 16:12:41.865 T:2992829312 DEBUG: CVideoPlayer::ProcessVideoData size:133 dts:2996.994 pts:2997.036 dur:41.000ms, clock:2988.517 level:90
2020-04-25 16:12:41.865 T:2992829312 DEBUG: CVideoPlayer::ProcessVideoData size:106 dts:2997.036 pts:2997.077 dur:41.000ms, clock:2988.518 level:91
2020-04-25 16:12:41.901 T:3034792832 DEBUG: CVideoPlayerVideo::OutputPicture - ttd:265ms pts:2988.819 Clock:2988.553 Level:3
2020-04-25 16:12:41.902 T:3034792832 DEBUG: CVideoPlayerVideo::OutputPicture - ttd:306ms pts:2988.861 Clock:2988.555 Level:4
2020-04-25 16:12:41.989 T:3034792832 DEBUG: CVideoPlayerVideo::OutputPicture - ttd:261ms pts:2988.903 Clock:2988.642 Level:3
2020-04-25 16:12:41.991 T:3034792832 DEBUG: CVideoPlayerVideo::OutputPicture - ttd:300ms pts:2988.944 Clock:2988.643 Level:4
2020-04-25 16:12:42.120 T:2992829312 DEBUG: CVideoPlayer::ProcessVideoData size:93 dts:2997.077 pts:2997.286 dur:41.000ms, clock:2988.772 level:88
2020-04-25 16:12:42.120 T:2992829312 DEBUG: CVideoPlayer::ProcessVideoData size:124 dts:2997.119 pts:2997.203 dur:41.000ms, clock:2988.773 level:89
2020-04-25 16:12:42.120 T:2992829312 DEBUG: CVideoPlayer::ProcessVideoData size:103 dts:2997.161 pts:2997.161 dur:41.000ms, clock:2988.773 level:89
2020-04-25 16:12:42.120 T:2992829312 DEBUG: CVideoPlayer::ProcessVideoData size:92 dts:2997.203 pts:2997.244 dur:41.000ms, clock:2988.773 level:90
2020-04-25 16:12:42.121 T:2992829312 DEBUG: CVideoPlayer::ProcessVideoData size:46199 dts:2997.244 pts:2997.453 dur:41.000ms, clock:2988.774 level:90
2020-04-25 16:12:42.122 T:2992829312 DEBUG: CVideoPlayer::ProcessVideoData size:1165 dts:2997.286 pts:2997.369 dur:41.000ms, clock:2988.774 level:90
2020-04-25 16:12:42.122 T:2992829312 DEBUG: CVideoPlayer::ProcessVideoData size:850 dts:2997.328 pts:2997.328 dur:41.000ms, clock:2988.775 level:91
2020-04-25 16:12:42.122 T:2992829312 DEBUG: CVideoPlayer::ProcessVideoData size:749 dts:2997.369 pts:2997.411 dur:41.000ms, clock:2988.775 level:91
2020-04-25 16:12:42.153 T:3034792832 DEBUG: CVideoPlayerVideo::OutputPicture - ttd:180ms pts:2988.986 Clock:2988.805 Level:1
2020-04-25 16:12:42.154 T:3034792832 DEBUG: CVideoPlayerVideo::OutputPicture - ttd:221ms pts:2989.028 Clock:2988.807 Level:2
2020-04-25 16:12:42.155 T:3034792832 DEBUG: CVideoPlayerVideo::OutputPicture - ttd:261ms pts:2989.069 Clock:2988.808 Level:3
2020-04-25 16:12:42.193 T:3034792832 DEBUG: CVideoPlayerVideo::OutputPicture - ttd:265ms pts:2989.111 Clock:2988.846 Level:3
2020-04-25 16:12:42.195 T:3034792832 DEBUG: CVideoPlayerVideo::OutputPicture - ttd:305ms pts:2989.153 Clock:2988.847 Level:4
2020-04-25 16:12:42.320 T:3034792832 DEBUG: CVideoPlayerVideo::OutputPicture - ttd:222ms pts:2989.195 Clock:2988.972 Level:3
2020-04-25 16:12:42.321 T:3034792832 DEBUG: CVideoPlayerVideo::OutputPicture - ttd:262ms pts:2989.236 Clock:2988.974 Level:3
2020-04-25 16:12:42.348 T:3755942784 DEBUG: CAddonSettings[service.upnext]: loading setting definitions
2020-04-25 16:12:42.348 T:3755942784 DEBUG: CAddonSettings[service.upnext]: trying to load setting definitions from old format...
2020-04-25 16:12:42.350 T:4055888768 DEBUG: CLibInputKeyboard::ProcessKey - using delay: 500ms repeat: 33ms
2020-04-25 16:12:42.351 T:3755942784 DEBUG: CAddonSettings[service.upnext]: loading setting definitions
2020-04-25 16:12:42.351 T:3755942784 DEBUG: CAddonSettings[service.upnext]: trying to load setting definitions from old format...
2020-04-25 16:12:42.352 T:4065800208 DEBUG: Keyboard: scancode: 0x1c, sym: 0x000d, unicode: 0x000d, modifier: 0x0
2020-04-25 16:12:42.355 T:3755942784 DEBUG: CAddonSettings[service.upnext]: loading setting definitions
2020-04-25 16:12:42.355 T:3755942784 DEBUG: CAddonSettings[service.upnext]: trying to load setting definitions from old format...
2020-04-25 16:12:42.356 T:3122656128 DEBUG: Thread Timer start, auto delete: false
2020-04-25 16:12:42.359 T:3034792832 DEBUG: CVideoPlayerVideo::OutputPicture - ttd:266ms pts:2989.278 Clock:2989.012 Level:3
2020-04-25 16:12:42.360 T:3034792832 DEBUG: CVideoPlayerVideo::OutputPicture - ttd:306ms pts:2989.320 Clock:2989.013 Level:4
2020-04-25 16:12:42.367 T:2992829312 DEBUG: CVideoPlayer::ProcessVideoData size:803 dts:2997.411 pts:2997.620 dur:41.000ms, clock:2989.019 level:89
2020-04-25 16:12:42.367 T:2992829312 DEBUG: CVideoPlayer::ProcessVideoData size:576 dts:2997.453 pts:2997.536 dur:41.000ms, clock:2989.019 level:89
2020-04-25 16:12:42.367 T:2992829312 DEBUG: CVideoPlayer::ProcessVideoData size:565 dts:2997.495 pts:2997.495 dur:41.000ms, clock:2989.020 level:90
2020-04-25 16:12:42.367 T:2992829312 DEBUG: CVideoPlayer::ProcessVideoData size:535 dts:2997.536 pts:2997.578 dur:41.000ms, clock:2989.020 level:90
2020-04-25 16:12:42.368 T:2992829312 DEBUG: CVideoPlayer::ProcessVideoData size:389 dts:2997.578 pts:2997.786 dur:41.000ms, clock:2989.020 level:91
2020-04-25 16:12:42.368 T:2992829312 DEBUG: CVideoPlayer::ProcessVideoData size:444 dts:2997.620 pts:2997.703 dur:41.000ms, clock:2989.020 level:91
2020-04-25 16:12:42.368 T:2992829312 DEBUG: CVideoPlayer::ProcessVideoData size:459 dts:2997.661 pts:2997.661 dur:41.000ms, clock:2989.020 level:92
2020-04-25 16:12:42.368 T:2992829312 DEBUG: CVideoPlayer::ProcessVideoData size:429 dts:2997.703 pts:2997.745 dur:41.000ms, clock:2989.021 level:92
2020-04-25 16:12:42.405 T:3034792832 DEBUG: CVideoPlayerVideo::OutputPicture - ttd:303ms pts:2989.361 Clock:2989.057 Level:4
2020-04-25 16:12:42.524 T:3122656128 DEBUG: Thread Timer 3122656128 terminating
2020-04-25 16:12:42.529 T:3034792832 DEBUG: CVideoPlayerVideo::OutputPicture - ttd:221ms pts:2989.403 Clock:2989.182 Level:2
2020-04-25 16:12:42.531 T:3034792832 DEBUG: CVideoPlayerVideo::OutputPicture - ttd:261ms pts:2989.445 Clock:2989.183 Level:3
2020-04-25 16:12:42.563 T:4065800208 DEBUG: Keyboard: scancode: 0x1c, sym: 0x000d, unicode: 0x000d, modifier: 0x0
2020-04-25 16:12:42.563 T:4065800208 DEBUG: HandleKey: return (0xf00d) pressed, action is OSD
2020-04-25 16:12:42.563 T:4065800208 DEBUG: ------ Window Init (VideoOSD.xml) ------
2020-04-25 16:12:42.569 T:3034792832 DEBUG: CVideoPlayerVideo::OutputPicture - ttd:265ms pts:2989.487 Clock:2989.221 Level:4
2020-04-25 16:12:42.570 T:3034792832 DEBUG: CVideoPlayerVideo::OutputPicture - ttd:305ms pts:2989.528 Clock:2989.223 Level:5
2020-04-25 16:12:42.571 T:4065800208 DEBUG: ------ Window Init (DialogSeekBar.xml) ------
2020-04-25 16:12:42.604 T:4065800208 DEBUG: ------ Window Init (Custom_1109_TopBarOverlay.xml) ------
2020-04-25 16:12:42.613 T:2992829312 DEBUG: CVideoPlayer::ProcessVideoData size:302 dts:2997.745 pts:2997.953 dur:41.000ms, clock:2989.266 level:90
2020-04-25 16:12:42.613 T:2992829312 DEBUG: CVideoPlayer::ProcessVideoData size:323 dts:2997.786 pts:2997.870 dur:41.000ms, clock:2989.266 level:91
2020-04-25 16:12:42.614 T:2992829312 DEBUG: CVideoPlayer::ProcessVideoData size:367 dts:2997.828 pts:2997.828 dur:41.000ms, clock:2989.266 level:91
2020-04-25 16:12:42.614 T:2992829312 DEBUG: CVideoPlayer::ProcessVideoData size:375 dts:2997.870 pts:2997.912 dur:41.000ms, clock:2989.266 level:92
2020-04-25 16:12:42.695 T:3034792832 DEBUG: CVideoPlayerVideo::OutputPicture - ttd:222ms pts:2989.570 Clock:2989.348 Level:2
2020-04-25 16:12:42.696 T:3034792832 DEBUG: CVideoPlayerVideo::OutputPicture - ttd:263ms pts:2989.612 Clock:2989.349 Level:3
2020-04-25 16:12:42.735 T:3034792832 DEBUG: CVideoPlayerVideo::OutputPicture - ttd:265ms pts:2989.653 Clock:2989.387 Level:3
2020-04-25 16:12:42.736 T:3034792832 DEBUG: CVideoPlayerVideo::OutputPicture - ttd:306ms pts:2989.695 Clock:2989.388 Level:4
2020-04-25 16:12:42.863 T:3034792832 DEBUG: CVideoPlayerVideo::OutputPicture - ttd:221ms pts:2989.737 Clock:2989.515 Level:2
2020-04-25 16:12:42.864 T:3034792832 DEBUG: CVideoPlayerVideo::OutputPicture - ttd:261ms pts:2989.778 Clock:2989.516 Level:3
2020-04-25 16:12:42.870 T:2992829312 DEBUG: CVideoPlayer::ProcessVideoData size:293 dts:2997.912 pts:2998.120 dur:41.000ms, clock:2989.522 level:89
2020-04-25 16:12:42.870 T:2992829312 DEBUG: CVideoPlayer::ProcessVideoData size:352 dts:2997.953 pts:2998.037 dur:41.000ms, clock:2989.522 level:90
2020-04-25 16:12:42.870 T:2992829312 DEBUG: CVideoPlayer::ProcessVideoData size:393 dts:2997.995 pts:2997.995 dur:41.000ms, clock:2989.523 level:90
2020-04-25 16:12:42.871 T:2992829312 DEBUG: CVideoPlayer::ProcessVideoData size:414 dts:2998.037 pts:2998.078 dur:41.000ms, clock:2989.523 level:90
2020-04-25 16:12:42.871 T:2992829312 DEBUG: CVideoPlayer::ProcessVideoData size:249 dts:2998.078 pts:2998.287 dur:41.000ms, clock:2989.523 level:91
2020-04-25 16:12:42.871 T:2992829312 DEBUG: CVideoPlayer::ProcessVideoData size:292 dts:2998.120 pts:2998.204 dur:41.000ms, clock:2989.523 level:91
2020-04-25 16:12:42.871 T:2992829312 DEBUG: CVideoPlayer::ProcessVideoData size:368 dts:2998.162 pts:2998.162 dur:41.000ms, clock:2989.524 level:92
2020-04-25 16:12:42.871 T:2992829312 DEBUG: CVideoPlayer::ProcessVideoData size:435 dts:2998.204 pts:2998.245 dur:41.000ms, clock:2989.524 level:92
2020-04-25 16:12:42.902 T:3034792832 DEBUG: CVideoPlayerVideo::OutputPicture - ttd:265ms pts:2989.820 Clock:2989.554 Level:3
2020-04-25 16:12:42.903 T:3034792832 DEBUG: CVideoPlayerVideo::OutputPicture - ttd:306ms pts:2989.862 Clock:2989.556 Level:4
2020-04-25 16:12:43.029 T:3034792832 DEBUG: CVideoPlayerVideo::OutputPicture - ttd:222ms pts:2989.904 Clock:2989.681 Level:2
2020-04-25 16:12:43.030 T:3034792832 DEBUG: CVideoPlayerVideo::OutputPicture - ttd:262ms pts:2989.945 Clock:2989.683 Level:3
2020-04-25 16:12:43.069 T:3034792832 DEBUG: CVideoPlayerVideo::OutputPicture - ttd:265ms pts:2989.987 Clock:2989.722 Level:3
2020-04-25 16:12:43.071 T:3034792832 DEBUG: CVideoPlayerVideo::OutputPicture - ttd:305ms pts:2990.029 Clock:2989.723 Level:4
2020-04-25 16:12:43.115 T:2992829312 DEBUG: CVideoPlayer::ProcessVideoData size:218 dts:2998.245 pts:2998.454 dur:41.000ms, clock:2989.768 level:90
2020-04-25 16:12:43.116 T:2992829312 DEBUG: CVideoPlayer::ProcessVideoData size:345 dts:2998.287 pts:2998.370 dur:41.000ms, clock:2989.768 level:91
2020-04-25 16:12:43.116 T:2992829312 DEBUG: CVideoPlayer::ProcessVideoData size:379 dts:2998.329 pts:2998.329 dur:41.000ms, clock:2989.768 level:91
2020-04-25 16:12:43.116 T:2992829312 DEBUG: CVideoPlayer::ProcessVideoData size:383 dts:2998.370 pts:2998.412 dur:41.000ms, clock:2989.769 level:92
2020-04-25 16:12:43.194 T:3034792832 DEBUG: CVideoPlayerVideo::OutputPicture - ttd:223ms pts:2990.070 Clock:2989.847 Level:2
2020-04-25 16:12:43.196 T:3034792832 DEBUG: CVideoPlayerVideo::OutputPicture - ttd:263ms pts:2990.112 Clock:2989.848 Level:3
2020-04-25 16:12:43.234 T:3034792832 DEBUG: CVideoPlayerVideo::OutputPicture - ttd:267ms pts:2990.154 Clock:2989.887 Level:3
2020-04-25 16:12:43.235 T:3034792832 DEBUG: CVideoPlayerVideo::OutputPicture - ttd:308ms pts:2990.196 Clock:2989.888 Level:4
2020-04-25 16:12:43.357 T:3755942784 DEBUG: CAddonSettings[service.upnext]: loading setting definitions
2020-04-25 16:12:43.358 T:3755942784 DEBUG: CAddonSettings[service.upnext]: trying to load setting definitions from old format...
2020-04-25 16:12:43.363 T:3034792832 DEBUG: CVideoPlayerVideo::OutputPicture - ttd:221ms pts:2990.237 Clock:2990.015 Level:2
2020-04-25 16:12:43.364 T:3034792832 DEBUG: CVideoPlayerVideo::OutputPicture - ttd:262ms pts:2990.279 Clock:2990.016 Level:3
2020-04-25 16:12:43.366 T:3755942784 DEBUG: CAddonSettings[service.upnext]: loading setting definitions
2020-04-25 16:12:43.366 T:3755942784 DEBUG: CAddonSettings[service.upnext]: trying to load setting definitions from old format...
2020-04-25 16:12:43.368 T:3755942784 DEBUG: CAddonSettings[service.upnext]: loading setting definitions
2020-04-25 16:12:43.368 T:3755942784 DEBUG: CAddonSettings[service.upnext]: trying to load setting definitions from old format...
2020-04-25 16:12:43.402 T:3034792832 DEBUG: CVideoPlayerVideo::OutputPicture - ttd:266ms pts:2990.321 Clock:2990.055 Level:3
2020-04-25 16:12:43.403 T:3034792832 DEBUG: CVideoPlayerVideo::OutputPicture - ttd:306ms pts:2990.362 Clock:2990.056 Level:4
2020-04-25 16:12:43.411 T:2992829312 DEBUG: CVideoPlayer::ProcessVideoData size:354 dts:2998.412 pts:2998.621 dur:41.000ms, clock:2990.064 level:88
2020-04-25 16:12:43.412 T:2992829312 DEBUG: CVideoPlayer::ProcessVideoData size:343 dts:2998.454 pts:2998.537 dur:41.000ms, clock:2990.064 level:89
2020-04-25 16:12:43.412 T:2992829312 DEBUG: CVideoPlayer::ProcessVideoData size:333 dts:2998.496 pts:2998.496 dur:41.000ms, clock:2990.064 level:89
2020-04-25 16:12:43.412 T:2992829312 DEBUG: CVideoPlayer::ProcessVideoData size:254 dts:2998.537 pts:2998.579 dur:41.000ms, clock:2990.065 level:90
2020-04-25 16:12:43.412 T:2992829312 DEBUG: CVideoPlayer::ProcessVideoData size:174 dts:2998.579 pts:2998.787 dur:41.000ms, clock:2990.065 level:90
2020-04-25 16:12:43.413 T:2992829312 DEBUG: CVideoPlayer::ProcessVideoData size:294 dts:2998.621 pts:2998.704 dur:41.000ms, clock:2990.065 level:91
2020-04-25 16:12:43.413 T:2992829312 DEBUG: CVideoPlayer::ProcessVideoData size:271 dts:2998.662 pts:2998.662 dur:41.000ms, clock:2990.065 level:91
2020-04-25 16:12:43.413 T:2992829312 DEBUG: CVideoPlayer::ProcessVideoData size:280 dts:2998.704 pts:2998.746 dur:41.000ms, clock:2990.065 level:92
2020-04-25 16:12:43.529 T:3034792832 DEBUG: CVideoPlayerVideo::OutputPicture - ttd:222ms pts:2990.404 Clock:2990.182 Level:2
2020-04-25 16:12:43.530 T:3034792832 DEBUG: CVideoPlayerVideo::OutputPicture - ttd:263ms pts:2990.446 Clock:2990.183 Level:3
2020-04-25 16:12:43.566 T:2992829312 DEBUG: CVideoPlayer::ProcessVideoData size:167 dts:2998.746 pts:2998.954 dur:41.000ms, clock:2990.218 level:91
2020-04-25 16:12:43.566 T:2992829312 DEBUG: CVideoPlayer::ProcessVideoData size:269 dts:2998.787 pts:2998.871 dur:41.000ms, clock:2990.219 level:91
2020-04-25 16:12:43.566 T:2992829312 DEBUG: CVideoPlayer::ProcessVideoData size:267 dts:2998.829 pts:2998.829 dur:41.000ms, clock:2990.219 level:92
2020-04-25 16:12:43.567 T:2992829312 DEBUG: CVideoPlayer::ProcessVideoData size:304 dts:2998.871 pts:2998.913 dur:41.000ms, clock:2990.219 level:92
2020-04-25 16:12:43.569 T:2992829312 DEBUG: CVideoPlayer::ProcessVideoData size:64953 dts:2998.913 pts:2998.996 dur:41.000ms, clock:2990.221 level:93
2020-04-25 16:12:43.570 T:3034792832 DEBUG: CVideoPlayerVideo::OutputPicture - ttd:265ms pts:2990.488 Clock:2990.223 Level:3
