2019-08-01 13:44:40.815 T:3649987376 DEBUG: GetAlbumsByWhereJSON query: SELECT a1.*, album_artist.idArtist AS idArtist, artist.strArtist AS strArtist FROM (SELECT albumview.idAlbum, strAlbum, strReview, strGenres, strThemes, strMoods, strStyles, strType, strLabel, fRating, iYear, iTimesPlayed, dateAdded, art.url AS thumbnail FROM albumview LEFT JOIN art ON art.media_id = idAlbum AND art.media_type = 'album' AND art.type = 'thumb' WHERE albumview.strReleaseType = 'album' ORDER BY dateAdded DESC, albumview.idAlbum DESC LIMIT 25) AS a1 JOIN album_artist ON album_artist.idAlbum = a1.idAlbum JOIN artist ON artist.idArtist = album_artist.idArtist GROUP BY a1.idAlbum, album_artist.idArtist ORDER BY dateAdded DESC, a1.idAlbum DESC, album_artist.iOrder
2019-08-01 13:44:40.817 T:3649987376 DEBUG: GetAlbumsByWhereJSON - query took 2 ms
2019-08-01 13:44:40.863 T:3827295024 DEBUG: DatabaseUtils::GetSortFieldList: unknown field 31
2019-08-01 13:44:42.471 T:3827295024 DEBUG: Previous line repeats 37 times.
2019-08-01 13:44:42.471 T:3827295024 INFO: CPythonInvoker(0, /storage/.kodi/addons/script.embuary.helper/plugin.py): script successfully run
2019-08-01 13:44:42.471 T:3827295024 DEBUG: onExecutionDone(0, /storage/.kodi/addons/script.embuary.helper/plugin.py)
2019-08-01 13:44:42.586 T:3845915440 DEBUG: ffmpeg[E53C0330]: [swscaler] No accelerated colorspace conversion found from yuv420p to bgra.
2019-08-01 13:44:42.609 T:3835687728 DEBUG: ffmpeg[E49FF330]: [swscaler] No accelerated colorspace conversion found from yuv420p to bgra.
2019-08-01 13:44:42.617 T:3845915440 DEBUG: ffmpeg[E53C0330]: [swscaler] No accelerated colorspace conversion found from yuv420p to bgra.
2019-08-01 13:44:42.628 T:3909141296 DEBUG: ffmpeg[E900C330]: [swscaler] No accelerated colorspace conversion found from yuv420p to bgra.
2019-08-01 13:44:42.645 T:3835687728 DEBUG: ffmpeg[E49FF330]: [swscaler] No accelerated colorspace conversion found from yuv420p to bgra.
2019-08-01 13:44:42.678 T:3827295024 INFO: Python interpreter stopped
2019-08-01 13:44:42.678 T:3827295024 DEBUG: Thread LanguageInvoker 3827295024 terminating
2019-08-01 13:44:42.689 T:3649987376 DEBUG: GetAlbumsByWhereJSON query: SELECT a1.*, album_artist.idArtist AS idArtist, artist.strArtist AS strArtist FROM (SELECT albumview.idAlbum, strAlbum, strReview, strGenres, strThemes, strMoods, strStyles, strType, strLabel, fRating, iYear, strArtists, iTimesPlayed, art.url AS thumbnail FROM albumview LEFT JOIN art ON art.media_id = idAlbum AND art.media_type = 'album' AND art.type = 'thumb' WHERE albumview.strReleaseType = 'album' ORDER BY iTimesPlayed DESC, CASE WHEN CAST(strAlbum AS INTEGER) = 0 THEN 100000000 ELSE CAST(strAlbum AS INTEGER) END DESC, strAlbum COLLATE NOCASE DESC, CASE WHEN CAST(strArtists AS INTEGER) = 0 THEN 100000000 ELSE CAST(strArtists AS INTEGER) END DESC, strArtists COLLATE NOCASE DESC, albumview.idAlbum DESC LIMIT 25) AS a1 JOIN album_artist ON album_artist.idAlbum = a1.idAlbum JOIN artist ON artist.idArtist = album_artist.idArtist GROUP BY a1.idAlbum, album_artist.idArtist ORDER BY iTimesPlayed DESC, CASE WHEN CAST(strAlbum AS INTEGER) = 0 THEN 100000000 ELSE CAST(strAlbum AS INTEGER) END DESC, strAlbum COLLATE NOCASE DESC, CASE WHEN CAST(strArtists AS INTEGER) = 0 THEN 100000000 ELSE CAST(strArtists AS INTEGER) END DESC, strArtists COLLATE NOCASE DESC, a1.idAlbum DESC, album_artist.iOrder
2019-08-01 13:44:42.692 T:3649987376 DEBUG: GetAlbumsByWhereJSON - query took 2 ms
2019-08-01 13:44:43.024 T:3649987376 DEBUG: Library Data Provider: Total time needed for all queries: 0:00:04.981979
2019-08-01 13:44:44.250 T:3488527152 ERROR: OpenConnection - could not opening a connection to the CEC adapter
2019-08-01 13:44:44.262 T:4092968976 DEBUG: ------ Window Init (DialogNotification.xml) ------
2019-08-01 13:44:50.236 T:3835687728 DEBUG: ffmpeg[E49FF330]: [swscaler] No accelerated colorspace conversion found from yuv420p to bgra.
2019-08-01 13:44:50.259 T:3835687728 DEBUG: DoWork - took 146 ms to load special://masterprofile/Thumbnails/f/fca89737.jpg
2019-08-01 13:44:50.303 T:4092968976 DEBUG: ------ Window Deinit (DialogNotification.xml) ------
2019-08-01 13:45:00.402 T:3488527152 DEBUG: OpenConnection - connection to the CEC adapter opened
2019-08-01 13:45:00.402 T:3488527152 DEBUG: SetConfigurationFromLibCEC - settings updated by libCEC
2019-08-01 13:45:00.402 T:3471741744 DEBUG: Thread CECAdapterUpdate start, auto delete: false
2019-08-01 13:45:01.873 T:3845915440 DEBUG: ffmpeg[E53C0330]: [swscaler] No accelerated colorspace conversion found from yuv420p to bgra.
2019-08-01 13:45:01.939 T:3845915440 DEBUG: DoWork - took 273 ms to load special://masterprofile/Thumbnails/a/a51b2334.jpg
2019-08-01 13:45:13.145 T:3845915440 DEBUG: ffmpeg[E53C0330]: [swscaler] No accelerated colorspace conversion found from yuv420p to bgra.
2019-08-01 13:45:35.646 T:3845915440 DEBUG: Previous line repeats 2 times.
2019-08-01 13:45:35.646 T:3845915440 DEBUG: DoWork - took 132 ms to load special://masterprofile/Thumbnails/f/fc7c967c.jpg
2019-08-01 13:45:41.993 T:3463349040 DEBUG: Thread PVRGUIProgressHandler start, auto delete: true
2019-08-01 13:45:41.994 T:3708060464 INFO: easy_acquire - Created session to http://127.0.0.1
2019-08-01 13:45:42.130 T:3463349040 DEBUG: Thread PVRGUIProgressHandler 3463349040 terminating (autodelete)
2019-08-01 13:45:42.157 T:4092968976 DEBUG: [Warning] CGUITextureManager::GetTexturePath: could not find texture 'dialogs/progress/.png'
2019-08-01 13:45:46.743 T:3845915440 DEBUG: ffmpeg[E53C0330]: [swscaler] No accelerated colorspace conversion found from yuv420p to bgra.
2019-08-01 13:45:58.117 T:3909141296 DEBUG: ffmpeg[E900C330]: [swscaler] No accelerated colorspace conversion found from yuv420p to bgra.
2019-08-01 13:45:58.183 T:3909141296 DEBUG: DoWork - took 266 ms to load special://masterprofile/Thumbnails/5/57fc9387.jpg
2019-08-01 13:46:01.747 T:4092968976 NOTICE: Quitting due to POSIX signal
2019-08-01 13:46:01.797 T:4092968976 INFO: Saving exitCode 65
2019-08-01 13:46:01.797 T:4092968976 NOTICE: Stopping player
2019-08-01 13:46:01.797 T:4089066288 DEBUG: CAnnouncementManager - Announcement: OnQuit from xbmc
2019-08-01 13:46:01.797 T:4092968976 NOTICE: Storing total System Uptime
2019-08-01 13:46:01.797 T:3854308144 DEBUG: Thread AlarmClock 3854308144 terminating
2019-08-01 13:46:01.797 T:4089066288 DEBUG: GOT ANNOUNCEMENT, type: 8, from xbmc, message OnQuit
2019-08-01 13:46:01.797 T:4092968976 NOTICE: Saving settings
2019-08-01 13:46:01.813 T:4092968976 NOTICE: Saving skin settings
2019-08-01 13:46:01.840 T:4092968976 NOTICE: Stopping all
2019-08-01 13:46:01.840 T:3909141296 DEBUG: Thread JobWorker 3909141296 terminating (autodelete)
2019-08-01 13:46:01.840 T:3835687728 DEBUG: Thread JobWorker 3835687728 terminating (autodelete)
2019-08-01 13:46:01.840 T:3845915440 DEBUG: Thread JobWorker 3845915440 terminating (autodelete)
2019-08-01 13:46:01.874 T:3633201968 DEBUG: Skin Helper Widgets --> Kodi_Monitor: sender xbmc - method: System.OnQuit - data: {"exitcode":65}