2024-09-20 21:41:58.290 T:22521 debug : ffmpeg[0x3b77dd0]: [mjpeg] class=1 index=1 nb_codes=28
2024-09-20 21:41:58.290 T:22556 debug : ffmpeg[0x3e09900]: [mjpeg] marker parser used 186 bytes (1488 bits)
2024-09-20 21:41:58.290 T:22556 debug : ffmpeg[0x3e09900]: [mjpeg] marker=c0 avail_size_in_buf=67311
2024-09-20 21:41:58.290 T:22521 debug : ffmpeg[0x3b77dd0]: [mjpeg] marker parser used 181 bytes (1448 bits)
2024-09-20 21:41:58.290 T:22556 debug : ffmpeg[0x3e09900]: [mjpeg] Changing bps from 0 to 8
2024-09-20 21:41:58.291 T:22521 debug : ffmpeg[0x3b77dd0]: [mjpeg] marker=c0 avail_size_in_buf=36239
2024-09-20 21:41:58.291 T:22556 debug : ffmpeg[0x3e09900]: [mjpeg] sof0: picture: 464x696
2024-09-20 21:41:58.291 T:22521 debug : ffmpeg[0x3b77dd0]: [mjpeg] Changing bps from 0 to 8
2024-09-20 21:41:58.291 T:22556 debug : ffmpeg[0x3e09900]: [mjpeg] component 0 2:2 id: 1 quant:0
2024-09-20 21:41:58.291 T:22521 debug : ffmpeg[0x3b77dd0]: [mjpeg] sof0: picture: 464x696
2024-09-20 21:41:58.291 T:22556 debug : ffmpeg[0x3e09900]: [mjpeg] component 1 1:1 id: 2 quant:0
2024-09-20 21:41:58.291 T:22521 debug : ffmpeg[0x3b77dd0]: [mjpeg] component 0 2:2 id: 1 quant:0
2024-09-20 21:41:58.291 T:22556 debug : ffmpeg[0x3e09900]: [mjpeg] component 2 1:1 id: 3 quant:0
2024-09-20 21:41:58.291 T:22521 debug : ffmpeg[0x3b77dd0]: [mjpeg] component 1 1:1 id: 2 quant:0
2024-09-20 21:41:58.291 T:22556 debug : ffmpeg[0x3e09900]: [mjpeg] pix fmt id 22111100
2024-09-20 21:41:58.291 T:22521 debug : ffmpeg[0x3b77dd0]: [mjpeg] component 2 1:1 id: 3 quant:0
2024-09-20 21:41:58.291 T:22556 debug : ffmpeg[0x3e09900]: [mjpeg] Format yuvj420p chosen by get_format().
2024-09-20 21:41:58.292 T:22521 debug : ffmpeg[0x3b77dd0]: [mjpeg] pix fmt id 22111100
2024-09-20 21:41:58.292 T:22556 debug : ffmpeg[0x3e09900]: [mjpeg] marker parser used 17 bytes (136 bits)
2024-09-20 21:41:58.292 T:22521 debug : ffmpeg[0x3b77dd0]: [mjpeg] Format yuvj420p chosen by get_format().
2024-09-20 21:41:58.292 T:22556 debug : ffmpeg[0x3e09900]: [mjpeg] escaping removed 290 bytes
2024-09-20 21:41:58.292 T:22556 debug : ffmpeg[0x3e09900]: [mjpeg] marker=da avail_size_in_buf=67292
2024-09-20 21:41:58.292 T:22556 debug : ffmpeg[0x3e09900]: [mjpeg] component: 1
2024-09-20 21:41:58.292 T:22556 debug : ffmpeg[0x3e09900]: [mjpeg] component: 2
2024-09-20 21:41:58.292 T:22556 debug : ffmpeg[0x3e09900]: [mjpeg] component: 3
2024-09-20 21:41:58.292 T:22521 debug : ffmpeg[0x3b77dd0]: [mjpeg] marker parser used 17 bytes (136 bits)
2024-09-20 21:41:58.293 T:22521 debug : ffmpeg[0x3b77dd0]: [mjpeg] escaping removed 120 bytes
2024-09-20 21:41:58.293 T:22521 debug : ffmpeg[0x3b77dd0]: [mjpeg] marker=da avail_size_in_buf=36220
2024-09-20 21:41:58.293 T:22521 debug : ffmpeg[0x3b77dd0]: [mjpeg] component: 1
2024-09-20 21:41:58.293 T:22521 debug : ffmpeg[0x3b77dd0]: [mjpeg] component: 2
2024-09-20 21:41:58.293 T:22521 debug : ffmpeg[0x3b77dd0]: [mjpeg] component: 3
2024-09-20 21:41:58.294 T:22557 debug : ffmpeg[0x3178c68]: [mjpeg] marker parser used 52167 bytes (417332 bits)
2024-09-20 21:41:58.294 T:22557 debug : ffmpeg[0x3178c68]: [mjpeg] marker=d9 avail_size_in_buf=0
2024-09-20 21:41:58.294 T:22557 debug : ffmpeg[0x3178c68]: [mjpeg] decode frame unused 0 bytes
2024-09-20 21:41:58.295 T:22556 debug : ffmpeg[0x3e09900]: [mjpeg] marker parser used 67001 bytes (536002 bits)
2024-09-20 21:41:58.295 T:22556 debug : ffmpeg[0x3e09900]: [mjpeg] marker=d9 avail_size_in_buf=0
2024-09-20 21:41:58.295 T:22556 debug : ffmpeg[0x3e09900]: [mjpeg] decode frame unused 0 bytes
2024-09-20 21:41:58.298 T:22521 debug : ffmpeg[0x3b77dd0]: [mjpeg] marker parser used 36099 bytes (288789 bits)
2024-09-20 21:41:58.298 T:22521 debug : ffmpeg[0x3b77dd0]: [mjpeg] marker=d9 avail_size_in_buf=0
2024-09-20 21:41:58.300 T:22521 debug : ffmpeg[0x3b77dd0]: [mjpeg] decode frame unused 0 bytes
2024-09-20 21:41:58.300 T:22556 debug : ffmpeg[0x3e09900]: [mjpeg] marker=d8 avail_size_in_buf=60303
2024-09-20 21:41:58.300 T:22557 debug : ffmpeg[0x3178c68]: [mjpeg] marker=d8 avail_size_in_buf=23014
2024-09-20 21:41:58.300 T:22556 debug : ffmpeg[0x3e09900]: [mjpeg] marker parser used 0 bytes (0 bits)
2024-09-20 21:41:58.300 T:22557 debug : ffmpeg[0x3178c68]: [mjpeg] marker parser used 0 bytes (0 bits)
2024-09-20 21:41:58.300 T:22556 debug : ffmpeg[0x3e09900]: [mjpeg] marker=fe avail_size_in_buf=60301
2024-09-20 21:41:58.300 T:22557 debug : ffmpeg[0x3178c68]: [mjpeg] marker=fe avail_size_in_buf=23012
2024-09-20 21:41:58.300 T:22556 debug : ffmpeg[0x3e09900]: [mjpeg] marker parser used 15 bytes (120 bits)
2024-09-20 21:41:58.300 T:22557 debug : ffmpeg[0x3178c68]: [mjpeg] marker parser used 15 bytes (120 bits)
2024-09-20 21:41:58.300 T:22556 debug : ffmpeg[0x3e09900]: [mjpeg] marker=db avail_size_in_buf=60284
2024-09-20 21:41:58.300 T:22557 debug : ffmpeg[0x3178c68]: [mjpeg] marker=db avail_size_in_buf=22995
2024-09-20 21:41:58.300 T:22556 debug : ffmpeg[0x3e09900]: [mjpeg] index=0
2024-09-20 21:41:58.300 T:22557 debug : ffmpeg[0x3178c68]: [mjpeg] index=0
2024-09-20 21:41:58.300 T:22556 debug : ffmpeg[0x3e09900]: [mjpeg] qscale[0]: 5
2024-09-20 21:41:58.301 T:22557 debug : ffmpeg[0x3178c68]: [mjpeg] qscale[0]: 5
2024-09-20 21:41:58.301 T:22556 debug : ffmpeg[0x3e09900]: [mjpeg] marker parser used 67 bytes (536 bits)
2024-09-20 21:41:58.301 T:22557 debug : ffmpeg[0x3178c68]: [mjpeg] marker parser used 67 bytes (536 bits)
2024-09-20 21:41:58.301 T:22556 debug : ffmpeg[0x3e09900]: [mjpeg] marker=c4 avail_size_in_buf=60215
2024-09-20 21:41:58.301 T:22557 debug : ffmpeg[0x3178c68]: [mjpeg] marker=c4 avail_size_in_buf=22926
2024-09-20 21:41:58.301 T:22556 debug : ffmpeg[0x3e09900]: [mjpeg] class=0 index=0 nb_codes=9
2024-09-20 21:41:58.301 T:22557 debug : ffmpeg[0x3178c68]: [mjpeg] class=0 index=0 nb_codes=9
2024-09-20 21:41:58.301 T:22557 debug : ffmpeg[0x3178c68]: [mjpeg] class=0 index=1 nb_codes=6
2024-09-20 21:41:58.301 T:22557 debug : ffmpeg[0x3178c68]: [mjpeg] class=1 index=0 nb_codes=62
2024-09-20 21:41:58.301 T:22556 debug : ffmpeg[0x3e09900]: [mjpeg] class=0 index=1 nb_codes=7
2024-09-20 21:41:58.301 T:22557 debug : ffmpeg[0x3178c68]: [mjpeg] class=1 index=1 nb_codes=29
2024-09-20 21:41:58.301 T:22556 debug : ffmpeg[0x3e09900]: [mjpeg] class=1 index=0 nb_codes=65
2024-09-20 21:41:58.301 T:22557 debug : ffmpeg[0x3178c68]: [mjpeg] marker parser used 176 bytes (1408 bits)
2024-09-20 21:41:58.301 T:22557 debug : ffmpeg[0x3178c68]: [mjpeg] marker=c0 avail_size_in_buf=22748
2024-09-20 21:41:58.301 T:22556 debug : ffmpeg[0x3e09900]: [mjpeg] class=1 index=1 nb_codes=39
2024-09-20 21:41:58.301 T:22557 debug : ffmpeg[0x3178c68]: [mjpeg] Changing bps from 0 to 8
2024-09-20 21:41:58.301 T:22556 debug : ffmpeg[0x3e09900]: [mjpeg] marker parser used 190 bytes (1520 bits)
2024-09-20 21:41:58.301 T:22557 debug : ffmpeg[0x3178c68]: [mjpeg] sof0: picture: 464x696
2024-09-20 21:41:58.301 T:22556 debug : ffmpeg[0x3e09900]: [mjpeg] marker=c0 avail_size_in_buf=60023
2024-09-20 21:41:58.301 T:22557 debug : ffmpeg[0x3178c68]: [mjpeg] component 0 2:2 id: 1 quant:0
2024-09-20 21:41:58.301 T:22556 debug : ffmpeg[0x3e09900]: [mjpeg] Changing bps from 0 to 8
2024-09-20 21:41:58.301 T:22557 debug : ffmpeg[0x3178c68]: [mjpeg] component 1 1:1 id: 2 quant:0
2024-09-20 21:41:58.301 T:22556 debug : ffmpeg[0x3e09900]: [mjpeg] sof0: picture: 464x696
2024-09-20 21:41:58.301 T:22557 debug : ffmpeg[0x3178c68]: [mjpeg] component 2 1:1 id: 3 quant:0
2024-09-20 21:41:58.301 T:22556 debug : ffmpeg[0x3e09900]: [mjpeg] component 0 2:2 id: 1 quant:0
2024-09-20 21:41:58.301 T:22557 debug : ffmpeg[0x3178c68]: [mjpeg] pix fmt id 22111100
2024-09-20 21:41:58.301 T:22556 debug : ffmpeg[0x3e09900]: [mjpeg] component 1 1:1 id: 2 quant:0
2024-09-20 21:41:58.301 T:22557 debug : ffmpeg[0x3178c68]: [mjpeg] Format yuvj420p chosen by get_format().
2024-09-20 21:41:58.301 T:22556 debug : ffmpeg[0x3e09900]: [mjpeg] component 2 1:1 id: 3 quant:0
2024-09-20 21:41:58.301 T:22556 debug : ffmpeg[0x3e09900]: [mjpeg] pix fmt id 22111100
2024-09-20 21:41:58.301 T:22556 debug : ffmpeg[0x3e09900]: [mjpeg] Format yuvj420p chosen by get_format().
2024-09-20 21:41:58.301 T:22557 debug : ffmpeg[0x3178c68]: [mjpeg] marker parser used 17 bytes (136 bits)
2024-09-20 21:41:58.301 T:22556 debug : ffmpeg[0x3e09900]: [mjpeg] marker parser used 17 bytes (136 bits)
2024-09-20 21:41:58.301 T:22557 debug : ffmpeg[0x3178c68]: [mjpeg] escaping removed 75 bytes
2024-09-20 21:41:58.301 T:22557 debug : ffmpeg[0x3178c68]: [mjpeg] marker=da avail_size_in_buf=22729
2024-09-20 21:41:58.301 T:22557 debug : ffmpeg[0x3178c68]: [mjpeg] component: 1
2024-09-20 21:41:58.301 T:22557 debug : ffmpeg[0x3178c68]: [mjpeg] component: 2
2024-09-20 21:41:58.301 T:22557 debug : ffmpeg[0x3178c68]: [mjpeg] component: 3
2024-09-20 21:41:58.301 T:22556 debug : ffmpeg[0x3e09900]: [mjpeg] escaping removed 232 bytes
2024-09-20 21:41:58.301 T:22556 debug : ffmpeg[0x3e09900]: [mjpeg] marker=da avail_size_in_buf=60004
2024-09-20 21:41:58.301 T:22556 debug : ffmpeg[0x3e09900]: [mjpeg] component: 1
2024-09-20 21:41:58.302 T:22556 debug : ffmpeg[0x3e09900]: [mjpeg] component: 2
2024-09-20 21:41:58.302 T:22556 debug : ffmpeg[0x3e09900]: [mjpeg] component: 3
2024-09-20 21:41:58.303 T:22521 debug : ffmpeg[0x3b77dd0]: [mjpeg] marker=d8 avail_size_in_buf=38074
2024-09-20 21:41:58.303 T:22521 debug : ffmpeg[0x3b77dd0]: [mjpeg] marker parser used 0 bytes (0 bits)
2024-09-20 21:41:58.303 T:22521 debug : ffmpeg[0x3b77dd0]: [mjpeg] marker=fe avail_size_in_buf=38072
2024-09-20 21:41:58.303 T:22521 debug : ffmpeg[0x3b77dd0]: [mjpeg] marker parser used 15 bytes (120 bits)
2024-09-20 21:41:58.303 T:22521 debug : ffmpeg[0x3b77dd0]: [mjpeg] marker=db avail_size_in_buf=38055
2024-09-20 21:41:58.303 T:22521 debug : ffmpeg[0x3b77dd0]: [mjpeg] index=0
2024-09-20 21:41:58.303 T:22521 debug : ffmpeg[0x3b77dd0]: [mjpeg] qscale[0]: 5
2024-09-20 21:41:58.303 T:22521 debug : ffmpeg[0x3b77dd0]: [mjpeg] marker parser used 67 bytes (536 bits)
2024-09-20 21:41:58.303 T:22521 debug : ffmpeg[0x3b77dd0]: [mjpeg] marker=c4 avail_size_in_buf=37986
2024-09-20 21:41:58.303 T:22521 debug : ffmpeg[0x3b77dd0]: [mjpeg] class=0 index=0 nb_codes=8
2024-09-20 21:41:58.303 T:22521 debug : ffmpeg[0x3b77dd0]: [mjpeg] class=0 index=1 nb_codes=7
2024-09-20 21:41:58.303 T:22521 debug : ffmpeg[0x3b77dd0]: [mjpeg] class=1 index=0 nb_codes=52
2024-09-20 21:41:58.303 T:22521 debug : ffmpeg[0x3b77dd0]: [mjpeg] class=1 index=1 nb_codes=43
2024-09-20 21:41:58.303 T:22521 debug : ffmpeg[0x3b77dd0]: [mjpeg] marker parser used 180 bytes (1440 bits)
2024-09-20 21:41:58.303 T:22521 debug : ffmpeg[0x3b77dd0]: [mjpeg] marker=c0 avail_size_in_buf=37804
2024-09-20 21:41:58.303 T:22521 debug : ffmpeg[0x3b77dd0]: [mjpeg] Changing bps from 0 to 8
2024-09-20 21:41:58.303 T:22521 debug : ffmpeg[0x3b77dd0]: [mjpeg] sof0: picture: 464x696
2024-09-20 21:41:58.303 T:22521 debug : ffmpeg[0x3b77dd0]: [mjpeg] component 0 2:2 id: 1 quant:0
2024-09-20 21:41:58.303 T:22521 debug : ffmpeg[0x3b77dd0]: [mjpeg] component 1 1:1 id: 2 quant:0
2024-09-20 21:41:58.303 T:22521 debug : ffmpeg[0x3b77dd0]: [mjpeg] component 2 1:1 id: 3 quant:0
2024-09-20 21:41:58.303 T:22521 debug : ffmpeg[0x3b77dd0]: [mjpeg] pix fmt id 22111100
2024-09-20 21:41:58.303 T:22521 debug : ffmpeg[0x3b77dd0]: [mjpeg] Format yuvj420p chosen by get_format().
2024-09-20 21:41:58.303 T:22557 debug : ffmpeg[0x3178c68]: [mjpeg] marker parser used 22653 bytes (181223 bits)
2024-09-20 21:41:58.303 T:22557 debug : ffmpeg[0x3178c68]: [mjpeg] marker=d9 avail_size_in_buf=0
2024-09-20 21:41:58.303 T:22557 debug : ffmpeg[0x3178c68]: [mjpeg] decode frame unused 0 bytes
2024-09-20 21:41:58.303 T:22521 debug : ffmpeg[0x3b77dd0]: [mjpeg] marker parser used 17 bytes (136 bits)
2024-09-20 21:41:58.303 T:22521 debug : ffmpeg[0x3b77dd0]: [mjpeg] escaping removed 126 bytes
2024-09-20 21:41:58.303 T:22521 debug : ffmpeg[0x3b77dd0]: [mjpeg] marker=da avail_size_in_buf=37785
2024-09-20 21:41:58.303 T:22521 debug : ffmpeg[0x3b77dd0]: [mjpeg] component: 1
2024-09-20 21:41:58.303 T:22521 debug : ffmpeg[0x3b77dd0]: [mjpeg] component: 2
2024-09-20 21:41:58.303 T:22521 debug : ffmpeg[0x3b77dd0]: [mjpeg] component: 3
2024-09-20 21:41:58.304 T:22556 debug : ffmpeg[0x3e09900]: [mjpeg] marker parser used 59771 bytes (478163 bits)
2024-09-20 21:41:58.304 T:22556 debug : ffmpeg[0x3e09900]: [mjpeg] marker=d9 avail_size_in_buf=0
2024-09-20 21:41:58.304 T:22556 debug : ffmpeg[0x3e09900]: [mjpeg] decode frame unused 0 bytes
2024-09-20 21:41:58.306 T:22521 debug : ffmpeg[0x3b77dd0]: [mjpeg] marker parser used 37658 bytes (301263 bits)
2024-09-20 21:41:58.306 T:22521 debug : ffmpeg[0x3b77dd0]: [mjpeg] marker=d9 avail_size_in_buf=0
2024-09-20 21:41:58.306 T:22521 debug : ffmpeg[0x3b77dd0]: [mjpeg] decode frame unused 0 bytes
2024-09-20 21:41:58.306 T:22557 debug : ffmpeg[0x3178c68]: [mjpeg] marker=d8 avail_size_in_buf=39019
2024-09-20 21:41:58.306 T:22557 debug : ffmpeg[0x3178c68]: [mjpeg] marker parser used 0 bytes (0 bits)
2024-09-20 21:41:58.306 T:22557 debug : ffmpeg[0x3178c68]: [mjpeg] marker=fe avail_size_in_buf=39017
2024-09-20 21:41:58.306 T:22557 debug : ffmpeg[0x3178c68]: [mjpeg] marker parser used 15 bytes (120 bits)
2024-09-20 21:41:58.306 T:22557 debug : ffmpeg[0x3178c68]: [mjpeg] marker=db avail_size_in_buf=39000
2024-09-20 21:41:58.306 T:22557 debug : ffmpeg[0x3178c68]: [mjpeg] index=0
2024-09-20 21:41:58.306 T:22557 debug : ffmpeg[0x3178c68]: [mjpeg] qscale[0]: 5
2024-09-20 21:41:58.306 T:22557 debug : ffmpeg[0x3178c68]: [mjpeg] marker parser used 67 bytes (536 bits)
2024-09-20 21:41:58.306 T:22557 debug : ffmpeg[0x3178c68]: [mjpeg] marker=c4 avail_size_in_buf=38931
2024-09-20 21:41:58.306 T:22557 debug : ffmpeg[0x3178c68]: [mjpeg] class=0 index=0 nb_codes=9
2024-09-20 21:41:58.306 T:22557 debug : ffmpeg[0x3178c68]: [mjpeg] class=0 index=1 nb_codes=5
2024-09-20 21:41:58.306 T:22557 debug : ffmpeg[0x3178c68]: [mjpeg] class=1 index=0 nb_codes=62
2024-09-20 21:41:58.306 T:22557 debug : ffmpeg[0x3178c68]: [mjpeg] class=1 index=1 nb_codes=19
2024-09-20 21:41:58.306 T:22557 debug : ffmpeg[0x3178c68]: [mjpeg] marker parser used 165 bytes (1320 bits)
2024-09-20 21:41:58.306 T:22557 debug : ffmpeg[0x3178c68]: [mjpeg] marker=c0 avail_size_in_buf=38764
2024-09-20 21:41:58.306 T:22557 debug : ffmpeg[0x3178c68]: [mjpeg] Changing bps from 0 to 8
2024-09-20 21:41:58.306 T:22557 debug : ffmpeg[0x3178c68]: [mjpeg] sof0: picture: 464x696
2024-09-20 21:41:58.306 T:22557 debug : ffmpeg[0x3178c68]: [mjpeg] component 0 2:2 id: 1 quant:0
2024-09-20 21:41:58.307 T:22557 debug : ffmpeg[0x3178c68]: [mjpeg] component 1 1:1 id: 2 quant:0
2024-09-20 21:41:58.307 T:22557 debug : ffmpeg[0x3178c68]: [mjpeg] component 2 1:1 id: 3 quant:0
2024-09-20 21:41:58.307 T:22557 debug : ffmpeg[0x3178c68]: [mjpeg] pix fmt id 22111100
2024-09-20 21:41:58.307 T:22557 debug : ffmpeg[0x3178c68]: [mjpeg] Format yuvj420p chosen by get_format().
2024-09-20 21:41:58.307 T:22556 debug : ffmpeg[0x3e09900]: [mjpeg] marker=d8 avail_size_in_buf=38602
2024-09-20 21:41:58.307 T:22556 debug : ffmpeg[0x3e09900]: [mjpeg] marker parser used 0 bytes (0 bits)
2024-09-20 21:41:58.307 T:22556 debug : ffmpeg[0x3e09900]: [mjpeg] marker=fe avail_size_in_buf=38600
2024-09-20 21:41:58.307 T:22556 debug : ffmpeg[0x3e09900]: [mjpeg] marker parser used 15 bytes (120 bits)
2024-09-20 21:41:58.307 T:22556 debug : ffmpeg[0x3e09900]: [mjpeg] marker=db avail_size_in_buf=38583
2024-09-20 21:41:58.307 T:22556 debug : ffmpeg[0x3e09900]: [mjpeg] index=0
2024-09-20 21:41:58.307 T:22556 debug : ffmpeg[0x3e09900]: [mjpeg] qscale[0]: 5
2024-09-20 21:41:58.307 T:22556 debug : ffmpeg[0x3e09900]: [mjpeg] marker parser used 67 bytes (536 bits)
2024-09-20 21:41:58.307 T:22557 debug : ffmpeg[0x3178c68]: [mjpeg] marker parser used 17 bytes (136 bits)
2024-09-20 21:41:58.307 T:22556 debug : ffmpeg[0x3e09900]: [mjpeg] marker=c4 avail_size_in_buf=38514
2024-09-20 21:41:58.307 T:22556 debug : ffmpeg[0x3e09900]: [mjpeg] class=0 index=0 nb_codes=9
2024-09-20 21:41:58.307 T:22556 debug : ffmpeg[0x3e09900]: [mjpeg] class=0 index=1 nb_codes=8
2024-09-20 21:41:58.307 T:22556 debug : ffmpeg[0x3e09900]: [mjpeg] class=1 index=0 nb_codes=52
2024-09-20 21:41:58.307 T:22557 debug : ffmpeg[0x3178c68]: [mjpeg] escaping removed 115 bytes
2024-09-20 21:41:58.307 T:22557 debug : ffmpeg[0x3178c68]: [mjpeg] marker=da avail_size_in_buf=38745
2024-09-20 21:41:58.307 T:22556 debug : ffmpeg[0x3e09900]: [mjpeg] class=1 index=1 nb_codes=47
2024-09-20 21:41:58.307 T:22557 debug : ffmpeg[0x3178c68]: [mjpeg] component: 1
2024-09-20 21:41:58.307 T:22556 debug : ffmpeg[0x3e09900]: [mjpeg] marker parser used 186 bytes (1488 bits)
2024-09-20 21:41:58.307 T:22557 debug : ffmpeg[0x3178c68]: [mjpeg] component: 2
2024-09-20 21:41:58.307 T:22556 debug : ffmpeg[0x3e09900]: [mjpeg] marker=c0 avail_size_in_buf=38326
2024-09-20 21:41:58.307 T:22557 debug : ffmpeg[0x3178c68]: [mjpeg] component: 3
2024-09-20 21:41:58.307 T:22556 debug : ffmpeg[0x3e09900]: [mjpeg] Changing bps from 0 to 8
2024-09-20 21:41:58.307 T:22556 debug : ffmpeg[0x3e09900]: [mjpeg] sof0: picture: 464x696
2024-09-20 21:41:58.307 T:22556 debug : ffmpeg[0x3e09900]: [mjpeg] component 0 2:2 id: 1 quant:0
2024-09-20 21:41:58.307 T:22556 debug : ffmpeg[0x3e09900]: [mjpeg] component 1 1:1 id: 2 quant:0
2024-09-20 21:41:58.307 T:22556 debug : ffmpeg[0x3e09900]: [mjpeg] component 2 1:1 id: 3 quant:0
2024-09-20 21:41:58.307 T:22556 debug : ffmpeg[0x3e09900]: [mjpeg] pix fmt id 22111100
2024-09-20 21:41:58.307 T:22556 debug : ffmpeg[0x3e09900]: [mjpeg] Format yuvj420p chosen by get_format().
2024-09-20 21:41:58.307 T:22556 debug : ffmpeg[0x3e09900]: [mjpeg] marker parser used 17 bytes (136 bits)
2024-09-20 21:41:58.307 T:22556 debug : ffmpeg[0x3e09900]: [mjpeg] escaping removed 118 bytes
2024-09-20 21:41:58.307 T:22556 debug : ffmpeg[0x3e09900]: [mjpeg] marker=da avail_size_in_buf=38307
2024-09-20 21:41:58.307 T:22556 debug : ffmpeg[0x3e09900]: [mjpeg] component: 1
2024-09-20 21:41:58.307 T:22556 debug : ffmpeg[0x3e09900]: [mjpeg] component: 2
2024-09-20 21:41:58.307 T:22556 debug : ffmpeg[0x3e09900]: [mjpeg] component: 3
2024-09-20 21:41:58.309 T:22521 debug : ffmpeg[0x3b77dd0]: [mjpeg] marker=d8 avail_size_in_buf=38831
2024-09-20 21:41:58.309 T:22521 debug : ffmpeg[0x3b77dd0]: [mjpeg] marker parser used 0 bytes (0 bits)
2024-09-20 21:41:58.309 T:22521 debug : ffmpeg[0x3b77dd0]: [mjpeg] marker=fe avail_size_in_buf=38829
2024-09-20 21:41:58.309 T:22521 debug : ffmpeg[0x3b77dd0]: [mjpeg] marker parser used 15 bytes (120 bits)
2024-09-20 21:41:58.309 T:22521 debug : ffmpeg[0x3b77dd0]: [mjpeg] marker=db avail_size_in_buf=38812
2024-09-20 21:41:58.309 T:22521 debug : ffmpeg[0x3b77dd0]: [mjpeg] index=0
2024-09-20 21:41:58.309 T:22521 debug : ffmpeg[0x3b77dd0]: [mjpeg] qscale[0]: 5
2024-09-20 21:41:58.309 T:22521 debug : ffmpeg[0x3b77dd0]: [mjpeg] marker parser used 67 bytes (536 bits)
2024-09-20 21:41:58.309 T:22521 debug : ffmpeg[0x3b77dd0]: [mjpeg] marker=c4 avail_size_in_buf=38743
2024-09-20 21:41:58.309 T:22521 debug : ffmpeg[0x3b77dd0]: [mjpeg] class=0 index=0 nb_codes=9
2024-09-20 21:41:58.309 T:22521 debug : ffmpeg[0x3b77dd0]: [mjpeg] class=0 index=1 nb_codes=8
2024-09-20 21:41:58.309 T:22521 debug : ffmpeg[0x3b77dd0]: [mjpeg] class=1 index=0 nb_codes=61
2024-09-20 21:41:58.309 T:22521 debug : ffmpeg[0x3b77dd0]: [mjpeg] class=1 index=1 nb_codes=41
2024-09-20 21:41:58.309 T:22521 debug : ffmpeg[0x3b77dd0]: [mjpeg] marker parser used 189 bytes (1512 bits)
2024-09-20 21:41:58.309 T:22521 debug : ffmpeg[0x3b77dd0]: [mjpeg] marker=c0 avail_size_in_buf=38552
2024-09-20 21:41:58.309 T:22521 debug : ffmpeg[0x3b77dd0]: [mjpeg] Changing bps from 0 to 8
2024-09-20 21:41:58.309 T:22521 debug : ffmpeg[0x3b77dd0]: [mjpeg] sof0: picture: 464x696
2024-09-20 21:41:58.309 T:22521 debug : ffmpeg[0x3b77dd0]: [mjpeg] component 0 2:2 id: 1 quant:0
2024-09-20 21:41:58.309 T:22521 debug : ffmpeg[0x3b77dd0]: [mjpeg] component 1 1:1 id: 2 quant:0
2024-09-20 21:41:58.309 T:22521 debug : ffmpeg[0x3b77dd0]: [mjpeg] component 2 1:1 id: 3 quant:0
2024-09-20 21:41:58.309 T:22521 debug : ffmpeg[0x3b77dd0]: [mjpeg] pix fmt id 22111100
2024-09-20 21:41:58.309 T:22521 debug : ffmpeg[0x3b77dd0]: [mjpeg] Format yuvj420p chosen by get_format().
2024-09-20 21:41:58.309 T:22557 debug : ffmpeg[0x3178c68]: [mjpeg] marker parser used 38629 bytes (309026 bits)
2024-09-20 21:41:58.309 T:22557 debug : ffmpeg[0x3178c68]: [mjpeg] marker=d9 avail_size_in_buf=0
2024-09-20 21:41:58.309 T:22521 debug : ffmpeg[0x3b77dd0]: [mjpeg] marker parser used 17 bytes (136 bits)
2024-09-20 21:41:58.309 T:22557 debug : ffmpeg[0x3178c68]: [mjpeg] decode frame unused 0 bytes
2024-09-20 21:41:58.309 T:22521 debug : ffmpeg[0x3b77dd0]: [mjpeg] escaping removed 136 bytes
2024-09-20 21:41:58.309 T:22521 debug : ffmpeg[0x3b77dd0]: [mjpeg] marker=da avail_size_in_buf=38533
2024-09-20 21:41:58.309 T:22521 debug : ffmpeg[0x3b77dd0]: [mjpeg] component: 1
2024-09-20 21:41:58.309 T:22521 debug : ffmpeg[0x3b77dd0]: [mjpeg] component: 2
2024-09-20 21:41:58.309 T:22521 debug : ffmpeg[0x3b77dd0]: [mjpeg] component: 3
2024-09-20 21:41:58.309 T:22556 debug : ffmpeg[0x3e09900]: [mjpeg] marker parser used 38188 bytes (305499 bits)
2024-09-20 21:41:58.309 T:22556 debug : ffmpeg[0x3e09900]: [mjpeg] marker=d9 avail_size_in_buf=0
2024-09-20 21:41:58.309 T:22556 debug : ffmpeg[0x3e09900]: [mjpeg] decode frame unused 0 bytes
2024-09-20 21:41:58.311 T:22521 debug : ffmpeg[0x3b77dd0]: [mjpeg] marker parser used 38396 bytes (307168 bits)
2024-09-20 21:41:58.311 T:22521 debug : ffmpeg[0x3b77dd0]: [mjpeg] marker=d9 avail_size_in_buf=0
2024-09-20 21:41:58.311 T:22521 debug : ffmpeg[0x3b77dd0]: [mjpeg] decode frame unused 0 bytes
2024-09-20 21:41:58.312 T:22557 debug : ffmpeg[0x3178c68]: [mjpeg] marker=d8 avail_size_in_buf=38113
2024-09-20 21:41:58.312 T:22556 debug : ffmpeg[0x3e09900]: [mjpeg] marker=d8 avail_size_in_buf=55913
2024-09-20 21:41:58.312 T:22557 debug : ffmpeg[0x3178c68]: [mjpeg] marker parser used 0 bytes (0 bits)
2024-09-20 21:41:58.312 T:22556 debug : ffmpeg[0x3e09900]: [mjpeg] marker parser used 0 bytes (0 bits)
2024-09-20 21:41:58.312 T:22557 debug : ffmpeg[0x3178c68]: [mjpeg] marker=fe avail_size_in_buf=38111
2024-09-20 21:41:58.312 T:22556 debug : ffmpeg[0x3e09900]: [mjpeg] marker=fe avail_size_in_buf=55911
2024-09-20 21:41:58.312 T:22557 debug : ffmpeg[0x3178c68]: [mjpeg] marker parser used 15 bytes (120 bits)
2024-09-20 21:41:58.312 T:22556 debug : ffmpeg[0x3e09900]: [mjpeg] marker parser used 15 bytes (120 bits)
2024-09-20 21:41:58.312 T:22557 debug : ffmpeg[0x3178c68]: [mjpeg] marker=db avail_size_in_buf=38094
2024-09-20 21:41:58.312 T:22556 debug : ffmpeg[0x3e09900]: [mjpeg] marker=db avail_size_in_buf=55894
2024-09-20 21:41:58.312 T:22557 debug : ffmpeg[0x3178c68]: [mjpeg] index=0
2024-09-20 21:41:58.312 T:22556 debug : ffmpeg[0x3e09900]: [mjpeg] index=0
2024-09-20 21:41:58.312 T:22557 debug : ffmpeg[0x3178c68]: [mjpeg] qscale[0]: 5
2024-09-20 21:41:58.312 T:22556 debug : ffmpeg[0x3e09900]: [mjpeg] qscale[0]: 5
2024-09-20 21:41:58.312 T:22557 debug : ffmpeg[0x3178c68]: [mjpeg] marker parser used 67 bytes (536 bits)
2024-09-20 21:41:58.312 T:22556 debug : ffmpeg[0x3e09900]: [mjpeg] marker parser used 67 bytes (536 bits)
2024-09-20 21:41:58.312 T:22557 debug : ffmpeg[0x3178c68]: [mjpeg] marker=c4 avail_size_in_buf=38025
2024-09-20 21:41:58.312 T:22556 debug : ffmpeg[0x3e09900]: [mjpeg] marker=c4 avail_size_in_buf=55825
2024-09-20 21:41:58.312 T:22557 debug : ffmpeg[0x3178c68]: [mjpeg] class=0 index=0 nb_codes=9
2024-09-20 21:41:58.312 T:22556 debug : ffmpeg[0x3e09900]: [mjpeg] class=0 index=0 nb_codes=9
2024-09-20 21:41:58.312 T:22557 debug : ffmpeg[0x3178c68]: [mjpeg] class=0 index=1 nb_codes=6
2024-09-20 21:41:58.312 T:22556 debug : ffmpeg[0x3e09900]: [mjpeg] class=0 index=1 nb_codes=6
2024-09-20 21:41:58.312 T:22557 debug : ffmpeg[0x3178c68]: [mjpeg] class=1 index=0 nb_codes=58
2024-09-20 21:41:58.312 T:22556 debug : ffmpeg[0x3e09900]: [mjpeg] class=1 index=0 nb_codes=62
2024-09-20 21:41:58.312 T:22557 debug : ffmpeg[0x3178c68]: [mjpeg] class=1 index=1 nb_codes=45
2024-09-20 21:41:58.312 T:22556 debug : ffmpeg[0x3e09900]: [mjpeg] class=1 index=1 nb_codes=31
2024-09-20 21:41:58.312 T:22557 debug : ffmpeg[0x3178c68]: [mjpeg] marker parser used 188 bytes (1504 bits)
2024-09-20 21:41:58.312 T:22557 debug : ffmpeg[0x3178c68]: [mjpeg] marker=c0 avail_size_in_buf=37835
2024-09-20 21:41:58.312 T:22556 debug : ffmpeg[0x3e09900]: [mjpeg] marker parser used 178 bytes (1424 bits)
2024-09-20 21:41:58.312 T:22557 debug : ffmpeg[0x3178c68]: [mjpeg] Changing bps from 0 to 8
2024-09-20 21:41:58.312 T:22556 debug : ffmpeg[0x3e09900]: [mjpeg] marker=c0 avail_size_in_buf=55645
2024-09-20 21:41:58.312 T:22557 debug : ffmpeg[0x3178c68]: [mjpeg] sof0: picture: 464x696
2024-09-20 21:41:58.312 T:22556 debug : ffmpeg[0x3e09900]: [mjpeg] Changing bps from 0 to 8
2024-09-20 21:41:58.312 T:22557 debug : ffmpeg[0x3178c68]: [mjpeg] component 0 2:2 id: 1 quant:0
2024-09-20 21:41:58.312 T:22556 debug : ffmpeg[0x3e09900]: [mjpeg] sof0: picture: 464x696
2024-09-20 21:41:58.312 T:22557 debug : ffmpeg[0x3178c68]: [mjpeg] component 1 1:1 id: 2 quant:0
2024-09-20 21:41:58.312 T:22556 debug : ffmpeg[0x3e09900]: [mjpeg] component 0 2:2 id: 1 quant:0
2024-09-20 21:41:58.312 T:22557 debug : ffmpeg[0x3178c68]: [mjpeg] component 2 1:1 id: 3 quant:0
2024-09-20 21:41:58.313 T:22556 debug : ffmpeg[0x3e09900]: [mjpeg] component 1 1:1 id: 2 quant:0
2024-09-20 21:41:58.313 T:22557 debug : ffmpeg[0x3178c68]: [mjpeg] pix fmt id 22111100
2024-09-20 21:41:58.313 T:22556 debug : ffmpeg[0x3e09900]: [mjpeg] component 2 1:1 id: 3 quant:0
2024-09-20 21:41:58.313 T:22557 debug : ffmpeg[0x3178c68]: [mjpeg] Format yuvj420p chosen by get_format().
2024-09-20 21:41:58.313 T:22556 debug : ffmpeg[0x3e09900]: [mjpeg] pix fmt id 22111100
2024-09-20 21:41:58.313 T:22556 debug : ffmpeg[0x3e09900]: [mjpeg] Format yuvj420p chosen by get_format().
2024-09-20 21:41:58.313 T:22557 debug : ffmpeg[0x3178c68]: [mjpeg] marker parser used 17 bytes (136 bits)
2024-09-20 21:41:58.313 T:22556 debug : ffmpeg[0x3e09900]: [mjpeg] marker parser used 17 bytes (136 bits)
2024-09-20 21:41:58.313 T:22557 debug : ffmpeg[0x3178c68]: [mjpeg] escaping removed 119 bytes
2024-09-20 21:41:58.313 T:22557 debug : ffmpeg[0x3178c68]: [mjpeg] marker=da avail_size_in_buf=37816
2024-09-20 21:41:58.313 T:22557 debug : ffmpeg[0x3178c68]: [mjpeg] component: 1
2024-09-20 21:41:58.313 T:22557 debug : ffmpeg[0x3178c68]: [mjpeg] component: 2
2024-09-20 21:41:58.313 T:22557 debug : ffmpeg[0x3178c68]: [mjpeg] component: 3
2024-09-20 21:41:58.313 T:22556 debug : ffmpeg[0x3e09900]: [mjpeg] escaping removed 210 bytes
2024-09-20 21:41:58.313 T:22556 debug : ffmpeg[0x3e09900]: [mjpeg] marker=da avail_size_in_buf=55626
2024-09-20 21:41:58.313 T:22556 debug : ffmpeg[0x3e09900]: [mjpeg] component: 1
2024-09-20 21:41:58.313 T:22556 debug : ffmpeg[0x3e09900]: [mjpeg] component: 2
2024-09-20 21:41:58.313 T:22556 debug : ffmpeg[0x3e09900]: [mjpeg] component: 3
2024-09-20 21:41:58.314 T:22521 debug : ffmpeg[0x3b77dd0]: [mjpeg] marker=d8 avail_size_in_buf=77253
2024-09-20 21:41:58.314 T:22521 debug : ffmpeg[0x3b77dd0]: [mjpeg] marker parser used 0 bytes (0 bits)
2024-09-20 21:41:58.314 T:22521 debug : ffmpeg[0x3b77dd0]: [mjpeg] marker=fe avail_size_in_buf=77251
2024-09-20 21:41:58.314 T:22521 debug : ffmpeg[0x3b77dd0]: [mjpeg] marker parser used 15 bytes (120 bits)
2024-09-20 21:41:58.314 T:22521 debug : ffmpeg[0x3b77dd0]: [mjpeg] marker=db avail_size_in_buf=77234
2024-09-20 21:41:58.314 T:22521 debug : ffmpeg[0x3b77dd0]: [mjpeg] index=0
2024-09-20 21:41:58.314 T:22521 debug : ffmpeg[0x3b77dd0]: [mjpeg] qscale[0]: 5
2024-09-20 21:41:58.314 T:22521 debug : ffmpeg[0x3b77dd0]: [mjpeg] marker parser used 67 bytes (536 bits)
2024-09-20 21:41:58.314 T:22521 debug : ffmpeg[0x3b77dd0]: [mjpeg] marker=c4 avail_size_in_buf=77165
2024-09-20 21:41:58.314 T:22521 debug : ffmpeg[0x3b77dd0]: [mjpeg] class=0 index=0 nb_codes=9
2024-09-20 21:41:58.314 T:22521 debug : ffmpeg[0x3b77dd0]: [mjpeg] class=0 index=1 nb_codes=8
2024-09-20 21:41:58.314 T:22521 debug : ffmpeg[0x3b77dd0]: [mjpeg] class=1 index=0 nb_codes=64
2024-09-20 21:41:58.314 T:22521 debug : ffmpeg[0x3b77dd0]: [mjpeg] class=1 index=1 nb_codes=43
2024-09-20 21:41:58.314 T:22521 debug : ffmpeg[0x3b77dd0]: [mjpeg] marker parser used 194 bytes (1552 bits)
2024-09-20 21:41:58.314 T:22521 debug : ffmpeg[0x3b77dd0]: [mjpeg] marker=c0 avail_size_in_buf=76969
2024-09-20 21:41:58.314 T:22521 debug : ffmpeg[0x3b77dd0]: [mjpeg] Changing bps from 0 to 8
2024-09-20 21:41:58.314 T:22521 debug : ffmpeg[0x3b77dd0]: [mjpeg] sof0: picture: 464x695
2024-09-20 21:41:58.314 T:22521 debug : ffmpeg[0x3b77dd0]: [mjpeg] component 0 2:2 id: 1 quant:0
2024-09-20 21:41:58.314 T:22521 debug : ffmpeg[0x3b77dd0]: [mjpeg] component 1 1:1 id: 2 quant:0
2024-09-20 21:41:58.314 T:22521 debug : ffmpeg[0x3b77dd0]: [mjpeg] component 2 1:1 id: 3 quant:0
2024-09-20 21:41:58.314 T:22521 debug : ffmpeg[0x3b77dd0]: [mjpeg] pix fmt id 22111100
2024-09-20 21:41:58.314 T:22521 debug : ffmpeg[0x3b77dd0]: [mjpeg] Format yuvj420p chosen by get_format().
2024-09-20 21:41:58.314 T:22521 debug : ffmpeg[0x3b77dd0]: [mjpeg] marker parser used 17 bytes (136 bits)
2024-09-20 21:41:58.315 T:22521 debug : ffmpeg[0x3b77dd0]: [mjpeg] escaping removed 238 bytes
2024-09-20 21:41:58.315 T:22521 debug : ffmpeg[0x3b77dd0]: [mjpeg] marker=da avail_size_in_buf=76950
2024-09-20 21:41:58.315 T:22521 debug : ffmpeg[0x3b77dd0]: [mjpeg] component: 1
2024-09-20 21:41:58.315 T:22521 debug : ffmpeg[0x3b77dd0]: [mjpeg] component: 2
2024-09-20 21:41:58.315 T:22521 debug : ffmpeg[0x3b77dd0]: [mjpeg] component: 3
2024-09-20 21:41:58.315 T:22557 debug : ffmpeg[0x3178c68]: [mjpeg] marker parser used 37696 bytes (301561 bits)
2024-09-20 21:41:58.315 T:22557 debug : ffmpeg[0x3178c68]: [mjpeg] marker=d9 avail_size_in_buf=0
2024-09-20 21:41:58.315 T:22557 debug : ffmpeg[0x3178c68]: [mjpeg] decode frame unused 0 bytes
2024-09-20 21:41:58.315 T:22556 debug : ffmpeg[0x3e09900]: [mjpeg] marker parser used 55415 bytes (443319 bits)
2024-09-20 21:41:58.315 T:22556 debug : ffmpeg[0x3e09900]: [mjpeg] marker=d9 avail_size_in_buf=0
2024-09-20 21:41:58.315 T:22556 debug : ffmpeg[0x3e09900]: [mjpeg] decode frame unused 0 bytes
2024-09-20 21:41:58.318 T:22521 debug : ffmpeg[0x3b77dd0]: [mjpeg] marker parser used 76711 bytes (613686 bits)
2024-09-20 21:41:58.318 T:22556 debug : ffmpeg[0x3e09900]: [mjpeg] marker=d8 avail_size_in_buf=48145
2024-09-20 21:41:58.318 T:22521 debug : ffmpeg[0x3b77dd0]: [mjpeg] marker=d9 avail_size_in_buf=0
2024-09-20 21:41:58.318 T:22556 debug : ffmpeg[0x3e09900]: [mjpeg] marker parser used 0 bytes (0 bits)
2024-09-20 21:41:58.318 T:22557 debug : ffmpeg[0x3178c68]: [mjpeg] marker=d8 avail_size_in_buf=34413
2024-09-20 21:41:58.318 T:22556 debug : ffmpeg[0x3e09900]: [mjpeg] marker=fe avail_size_in_buf=48143
2024-09-20 21:41:58.319 T:22521 debug : ffmpeg[0x3b77dd0]: [mjpeg] decode frame unused 0 bytes
2024-09-20 21:41:58.319 T:22557 debug : ffmpeg[0x3178c68]: [mjpeg] marker parser used 0 bytes (0 bits)
2024-09-20 21:41:58.319 T:22556 debug : ffmpeg[0x3e09900]: [mjpeg] marker parser used 15 bytes (120 bits)
2024-09-20 21:41:58.319 T:22557 debug : ffmpeg[0x3178c68]: [mjpeg] marker=fe avail_size_in_buf=34411
2024-09-20 21:41:58.319 T:22556 debug : ffmpeg[0x3e09900]: [mjpeg] marker=db avail_size_in_buf=48126
2024-09-20 21:41:58.319 T:22557 debug : ffmpeg[0x3178c68]: [mjpeg] marker parser used 15 bytes (120 bits)
2024-09-20 21:41:58.319 T:22556 debug : ffmpeg[0x3e09900]: [mjpeg] index=0
2024-09-20 21:41:58.319 T:22557 debug : ffmpeg[0x3178c68]: [mjpeg] marker=db avail_size_in_buf=34394
2024-09-20 21:41:58.319 T:22556 debug : ffmpeg[0x3e09900]: [mjpeg] qscale[0]: 5
2024-09-20 21:41:58.319 T:22557 debug : ffmpeg[0x3178c68]: [mjpeg] index=0
2024-09-20 21:41:58.319 T:22556 debug : ffmpeg[0x3e09900]: [mjpeg] marker parser used 67 bytes (536 bits)
2024-09-20 21:41:58.319 T:22557 debug : ffmpeg[0x3178c68]: [mjpeg] qscale[0]: 5
2024-09-20 21:41:58.319 T:22556 debug : ffmpeg[0x3e09900]: [mjpeg] marker=c4 avail_size_in_buf=48057
2024-09-20 21:41:58.319 T:22557 debug : ffmpeg[0x3178c68]: [mjpeg] marker parser used 67 bytes (536 bits)
2024-09-20 21:41:58.319 T:22556 debug : ffmpeg[0x3e09900]: [mjpeg] class=0 index=0 nb_codes=9
2024-09-20 21:41:58.319 T:22557 debug : ffmpeg[0x3178c68]: [mjpeg] marker=c4 avail_size_in_buf=34325
2024-09-20 21:41:58.319 T:22556 debug : ffmpeg[0x3e09900]: [mjpeg] class=0 index=1 nb_codes=7
2024-09-20 21:41:58.319 T:22557 debug : ffmpeg[0x3178c68]: [mjpeg] class=0 index=0 nb_codes=9
2024-09-20 21:41:58.319 T:22557 debug : ffmpeg[0x3178c68]: [mjpeg] class=0 index=1 nb_codes=7
2024-09-20 21:41:58.319 T:22556 debug : ffmpeg[0x3e09900]: [mjpeg] class=1 index=0 nb_codes=58
2024-09-20 21:41:58.319 T:22557 debug : ffmpeg[0x3178c68]: [mjpeg] class=1 index=0 nb_codes=58
2024-09-20 21:41:58.319 T:22556 debug : ffmpeg[0x3e09900]: [mjpeg] class=1 index=1 nb_codes=38
2024-09-20 21:41:58.319 T:22556 debug : ffmpeg[0x3e09900]: [mjpeg] marker parser used 182 bytes (1456 bits)
2024-09-20 21:41:58.319 T:22556 debug : ffmpeg[0x3e09900]: [mjpeg] marker=c0 avail_size_in_buf=47873
2024-09-20 21:41:58.319 T:22557 debug : ffmpeg[0x3178c68]: [mjpeg] class=1 index=1 nb_codes=36
2024-09-20 21:41:58.320 T:22556 debug : ffmpeg[0x3e09900]: [mjpeg] Changing bps from 0 to 8
2024-09-20 21:41:58.320 T:22557 debug : ffmpeg[0x3178c68]: [mjpeg] marker parser used 180 bytes (1440 bits)
2024-09-20 21:41:58.320 T:22556 debug : ffmpeg[0x3e09900]: [mjpeg] sof0: picture: 464x696
2024-09-20 21:41:58.320 T:22557 debug : ffmpeg[0x3178c68]: [mjpeg] marker=c0 avail_size_in_buf=34143
2024-09-20 21:41:58.320 T:22556 debug : ffmpeg[0x3e09900]: [mjpeg] component 0 2:2 id: 1 quant:0
2024-09-20 21:41:58.320 T:22557 debug : ffmpeg[0x3178c68]: [mjpeg] Changing bps from 0 to 8
2024-09-20 21:41:58.320 T:22556 debug : ffmpeg[0x3e09900]: [mjpeg] component 1 1:1 id: 2 quant:0
2024-09-20 21:41:58.320 T:22557 debug : ffmpeg[0x3178c68]: [mjpeg] sof0: picture: 464x696
2024-09-20 21:41:58.320 T:22556 debug : ffmpeg[0x3e09900]: [mjpeg] component 2 1:1 id: 3 quant:0
2024-09-20 21:41:58.320 T:22557 debug : ffmpeg[0x3178c68]: [mjpeg] component 0 2:2 id: 1 quant:0
2024-09-20 21:41:58.320 T:22556 debug : ffmpeg[0x3e09900]: [mjpeg] pix fmt id 22111100
2024-09-20 21:41:58.320 T:22557 debug : ffmpeg[0x3178c68]: [mjpeg] component 1 1:1 id: 2 quant:0
2024-09-20 21:41:58.320 T:22556 debug : ffmpeg[0x3e09900]: [mjpeg] Format yuvj420p chosen by get_format().
2024-09-20 21:41:58.320 T:22557 debug : ffmpeg[0x3178c68]: [mjpeg] component 2 1:1 id: 3 quant:0
2024-09-20 21:41:58.320 T:22557 debug : ffmpeg[0x3178c68]: [mjpeg] pix fmt id 22111100
2024-09-20 21:41:58.320 T:22557 debug : ffmpeg[0x3178c68]: [mjpeg] Format yuvj420p chosen by get_format().
2024-09-20 21:41:58.320 T:22556 debug : ffmpeg[0x3e09900]: [mjpeg] marker parser used 17 bytes (136 bits)
2024-09-20 21:41:58.320 T:22557 debug : ffmpeg[0x3178c68]: [mjpeg] marker parser used 17 bytes (136 bits)
2024-09-20 21:41:58.321 T:22557 debug : ffmpeg[0x3178c68]: [mjpeg] escaping removed 94 bytes
2024-09-20 21:41:58.321 T:22556 debug : ffmpeg[0x3e09900]: [mjpeg] escaping removed 153 bytes
2024-09-20 21:41:58.321 T:22557 debug : ffmpeg[0x3178c68]: [mjpeg] marker=da avail_size_in_buf=34124
2024-09-20 21:41:58.321 T:22556 debug : ffmpeg[0x3e09900]: [mjpeg] marker=da avail_size_in_buf=47854
2024-09-20 21:41:58.321 T:22557 debug : ffmpeg[0x3178c68]: [mjpeg] component: 1
2024-09-20 21:41:58.321 T:22556 debug : ffmpeg[0x3e09900]: [mjpeg] component: 1
2024-09-20 21:41:58.321 T:22557 debug : ffmpeg[0x3178c68]: [mjpeg] component: 2
2024-09-20 21:41:58.321 T:22556 debug : ffmpeg[0x3e09900]: [mjpeg] component: 2
2024-09-20 21:41:58.321 T:22557 debug : ffmpeg[0x3178c68]: [mjpeg] component: 3
2024-09-20 21:41:58.321 T:22556 debug : ffmpeg[0x3e09900]: [mjpeg] component: 3
2024-09-20 21:41:58.322 T:22557 debug : ffmpeg[0x3178c68]: [mjpeg] marker parser used 34029 bytes (272226 bits)
2024-09-20 21:41:58.322 T:22557 debug : ffmpeg[0x3178c68]: [mjpeg] marker=d9 avail_size_in_buf=0
2024-09-20 21:41:58.323 T:22557 debug : ffmpeg[0x3178c68]: [mjpeg] decode frame unused 0 bytes
2024-09-20 21:41:58.323 T:22556 debug : ffmpeg[0x3e09900]: [mjpeg] marker parser used 47700 bytes (381598 bits)
2024-09-20 21:41:58.323 T:22556 debug : ffmpeg[0x3e09900]: [mjpeg] marker=d9 avail_size_in_buf=0
2024-09-20 21:41:58.323 T:22556 debug : ffmpeg[0x3e09900]: [mjpeg] decode frame unused 0 bytes
2024-09-20 21:41:58.326 T:22557 debug : ffmpeg[0x3178c68]: [mjpeg] marker=d8 avail_size_in_buf=69495
2024-09-20 21:41:58.326 T:22557 debug : ffmpeg[0x3178c68]: [mjpeg] marker parser used 0 bytes (0 bits)
2024-09-20 21:41:58.326 T:22557 debug : ffmpeg[0x3178c68]: [mjpeg] marker=fe avail_size_in_buf=69493
2024-09-20 21:41:58.326 T:22557 debug : ffmpeg[0x3178c68]: [mjpeg] marker parser used 15 bytes (120 bits)
2024-09-20 21:41:58.326 T:22557 debug : ffmpeg[0x3178c68]: [mjpeg] marker=db avail_size_in_buf=69476
2024-09-20 21:41:58.326 T:22557 debug : ffmpeg[0x3178c68]: [mjpeg] index=0
2024-09-20 21:41:58.326 T:22557 debug : ffmpeg[0x3178c68]: [mjpeg] qscale[0]: 5
2024-09-20 21:41:58.326 T:22557 debug : ffmpeg[0x3178c68]: [mjpeg] marker parser used 67 bytes (536 bits)
2024-09-20 21:41:58.326 T:22557 debug : ffmpeg[0x3178c68]: [mjpeg] marker=c4 avail_size_in_buf=69407
2024-09-20 21:41:58.326 T:22557 debug : ffmpeg[0x3178c68]: [mjpeg] class=0 index=0 nb_codes=9
2024-09-20 21:41:58.326 T:22557 debug : ffmpeg[0x3178c68]: [mjpeg] class=0 index=1 nb_codes=7
2024-09-20 21:41:58.326 T:22557 debug : ffmpeg[0x3178c68]: [mjpeg] class=1 index=0 nb_codes=59
2024-09-20 21:41:58.326 T:22557 debug : ffmpeg[0x3178c68]: [mjpeg] class=1 index=1 nb_codes=30
2024-09-20 21:41:58.326 T:22557 debug : ffmpeg[0x3178c68]: [mjpeg] marker parser used 175 bytes (1400 bits)
2024-09-20 21:41:58.326 T:22556 debug : ffmpeg[0x3e09900]: [mjpeg] marker=d8 avail_size_in_buf=25414
2024-09-20 21:41:58.326 T:22557 debug : ffmpeg[0x3178c68]: [mjpeg] marker=c0 avail_size_in_buf=69230
2024-09-20 21:41:58.326 T:22556 debug : ffmpeg[0x3e09900]: [mjpeg] marker parser used 0 bytes (0 bits)
2024-09-20 21:41:58.326 T:22557 debug : ffmpeg[0x3178c68]: [mjpeg] Changing bps from 0 to 8
2024-09-20 21:41:58.326 T:22556 debug : ffmpeg[0x3e09900]: [mjpeg] marker=fe avail_size_in_buf=25412
2024-09-20 21:41:58.326 T:22557 debug : ffmpeg[0x3178c68]: [mjpeg] sof0: picture: 464x696
2024-09-20 21:41:58.326 T:22556 debug : ffmpeg[0x3e09900]: [mjpeg] marker parser used 15 bytes (120 bits)
2024-09-20 21:41:58.326 T:22557 debug : ffmpeg[0x3178c68]: [mjpeg] component 0 2:2 id: 1 quant:0
2024-09-20 21:41:58.326 T:22556 debug : ffmpeg[0x3e09900]: [mjpeg] marker=db avail_size_in_buf=25395
2024-09-20 21:41:58.326 T:22557 debug : ffmpeg[0x3178c68]: [mjpeg] component 1 1:1 id: 2 quant:0
2024-09-20 21:41:58.326 T:22556 debug : ffmpeg[0x3e09900]: [mjpeg] index=0
2024-09-20 21:41:58.326 T:22557 debug : ffmpeg[0x3178c68]: [mjpeg] component 2 1:1 id: 3 quant:0
2024-09-20 21:41:58.326 T:22556 debug : ffmpeg[0x3e09900]: [mjpeg] qscale[0]: 5
2024-09-20 21:41:58.326 T:22557 debug : ffmpeg[0x3178c68]: [mjpeg] pix fmt id 22111100
2024-09-20 21:41:58.326 T:22556 debug : ffmpeg[0x3e09900]: [mjpeg] marker parser used 67 bytes (536 bits)
2024-09-20 21:41:58.326 T:22557 debug : ffmpeg[0x3178c68]: [mjpeg] Format yuvj420p chosen by get_format().
2024-09-20 21:41:58.326 T:22556 debug : ffmpeg[0x3e09900]: [mjpeg] marker=c4 avail_size_in_buf=25326
2024-09-20 21:41:58.326 T:22556 debug : ffmpeg[0x3e09900]: [mjpeg] class=0 index=0 nb_codes=9
2024-09-20 21:41:58.326 T:22556 debug : ffmpeg[0x3e09900]: [mjpeg] class=0 index=1 nb_codes=8
2024-09-20 21:41:58.326 T:22556 debug : ffmpeg[0x3e09900]: [mjpeg] class=1 index=0 nb_codes=70
2024-09-20 21:41:58.326 T:22556 debug : ffmpeg[0x3e09900]: [mjpeg] class=1 index=1 nb_codes=49
2024-09-20 21:41:58.326 T:22556 debug : ffmpeg[0x3e09900]: [mjpeg] marker parser used 206 bytes (1648 bits)
2024-09-20 21:41:58.326 T:22556 debug : ffmpeg[0x3e09900]: [mjpeg] marker=c0 avail_size_in_buf=25118
2024-09-20 21:41:58.326 T:22557 debug : ffmpeg[0x3178c68]: [mjpeg] marker parser used 17 bytes (136 bits)
2024-09-20 21:41:58.326 T:22556 debug : ffmpeg[0x3e09900]: [mjpeg] Changing bps from 0 to 8
2024-09-20 21:41:58.326 T:22556 debug : ffmpeg[0x3e09900]: [mjpeg] sof0: picture: 464x696
2024-09-20 21:41:58.326 T:22556 debug : ffmpeg[0x3e09900]: [mjpeg] component 0 2:2 id: 1 quant:0
2024-09-20 21:41:58.326 T:22556 debug : ffmpeg[0x3e09900]: [mjpeg] component 1 1:1 id: 2 quant:0
2024-09-20 21:41:58.326 T:22556 debug : ffmpeg[0x3e09900]: [mjpeg] component 2 1:1 id: 3 quant:0
2024-09-20 21:41:58.326 T:22556 debug : ffmpeg[0x3e09900]: [mjpeg] pix fmt id 22111100
2024-09-20 21:41:58.326 T:22556 debug : ffmpeg[0x3e09900]: [mjpeg] Format yuvj420p chosen by get_format().
2024-09-20 21:41:58.327 T:22557 debug : ffmpeg[0x3178c68]: [mjpeg] escaping removed 225 bytes
2024-09-20 21:41:58.327 T:22557 debug : ffmpeg[0x3178c68]: [mjpeg] marker=da avail_size_in_buf=69211
2024-09-20 21:41:58.327 T:22557 debug : ffmpeg[0x3178c68]: [mjpeg] component: 1
2024-09-20 21:41:58.327 T:22557 debug : ffmpeg[0x3178c68]: [mjpeg] component: 2
2024-09-20 21:41:58.327 T:22557 debug : ffmpeg[0x3178c68]: [mjpeg] component: 3
2024-09-20 21:41:58.327 T:22556 debug : ffmpeg[0x3e09900]: [mjpeg] marker parser used 17 bytes (136 bits)
2024-09-20 21:41:58.327 T:22556 debug : ffmpeg[0x3e09900]: [mjpeg] escaping removed 73 bytes
2024-09-20 21:41:58.327 T:22556 debug : ffmpeg[0x3e09900]: [mjpeg] marker=da avail_size_in_buf=25099
2024-09-20 21:41:58.327 T:22556 debug : ffmpeg[0x3e09900]: [mjpeg] component: 1
2024-09-20 21:41:58.327 T:22556 debug : ffmpeg[0x3e09900]: [mjpeg] component: 2
2024-09-20 21:41:58.327 T:22556 debug : ffmpeg[0x3e09900]: [mjpeg] component: 3
2024-09-20 21:41:58.328 T:22556 debug : ffmpeg[0x3e09900]: [mjpeg] marker parser used 25025 bytes (200200 bits)
2024-09-20 21:41:58.328 T:22556 debug : ffmpeg[0x3e09900]: [mjpeg] marker=d9 avail_size_in_buf=0
2024-09-20 21:41:58.328 T:22556 debug : ffmpeg[0x3e09900]: [mjpeg] decode frame unused 0 bytes
2024-09-20 21:41:58.329 T:22557 debug : ffmpeg[0x3178c68]: [mjpeg] marker parser used 68985 bytes (551873 bits)
2024-09-20 21:41:58.329 T:22557 debug : ffmpeg[0x3178c68]: [mjpeg] marker=d9 avail_size_in_buf=0
2024-09-20 21:41:58.330 T:22557 debug : ffmpeg[0x3178c68]: [mjpeg] decode frame unused 0 bytes
2024-09-20 21:41:58.332 T:22556 debug : ffmpeg[0x3e09900]: [mjpeg] marker=d8 avail_size_in_buf=88369
2024-09-20 21:41:58.332 T:22556 debug : ffmpeg[0x3e09900]: [mjpeg] marker parser used 0 bytes (0 bits)
2024-09-20 21:41:58.332 T:22556 debug : ffmpeg[0x3e09900]: [mjpeg] marker=fe avail_size_in_buf=88367
2024-09-20 21:41:58.332 T:22556 debug : ffmpeg[0x3e09900]: [mjpeg] marker parser used 15 bytes (120 bits)
2024-09-20 21:41:58.332 T:22556 debug : ffmpeg[0x3e09900]: [mjpeg] marker=db avail_size_in_buf=88350
2024-09-20 21:41:58.332 T:22556 debug : ffmpeg[0x3e09900]: [mjpeg] index=0
2024-09-20 21:41:58.332 T:22556 debug : ffmpeg[0x3e09900]: [mjpeg] qscale[0]: 5
2024-09-20 21:41:58.332 T:22556 debug : ffmpeg[0x3e09900]: [mjpeg] marker parser used 67 bytes (536 bits)
2024-09-20 21:41:58.332 T:22556 debug : ffmpeg[0x3e09900]: [mjpeg] marker=c4 avail_size_in_buf=88281
2024-09-20 21:41:58.332 T:22556 debug : ffmpeg[0x3e09900]: [mjpeg] class=0 index=0 nb_codes=9
2024-09-20 21:41:58.332 T:22556 debug : ffmpeg[0x3e09900]: [mjpeg] class=0 index=1 nb_codes=8
2024-09-20 21:41:58.332 T:22556 debug : ffmpeg[0x3e09900]: [mjpeg] class=1 index=0 nb_codes=63
2024-09-20 21:41:58.332 T:22556 debug : ffmpeg[0x3e09900]: [mjpeg] class=1 index=1 nb_codes=41
2024-09-20 21:41:58.332 T:22556 debug : ffmpeg[0x3e09900]: [mjpeg] marker parser used 191 bytes (1528 bits)
2024-09-20 21:41:58.332 T:22556 debug : ffmpeg[0x3e09900]: [mjpeg] marker=c0 avail_size_in_buf=88088
2024-09-20 21:41:58.332 T:22556 debug : ffmpeg[0x3e09900]: [mjpeg] Changing bps from 0 to 8
2024-09-20 21:41:58.332 T:22556 debug : ffmpeg[0x3e09900]: [mjpeg] sof0: picture: 464x696
2024-09-20 21:41:58.332 T:22556 debug : ffmpeg[0x3e09900]: [mjpeg] component 0 2:2 id: 1 quant:0
2024-09-20 21:41:58.332 T:22556 debug : ffmpeg[0x3e09900]: [mjpeg] component 1 1:1 id: 2 quant:0
2024-09-20 21:41:58.332 T:22556 debug : ffmpeg[0x3e09900]: [mjpeg] component 2 1:1 id: 3 quant:0
2024-09-20 21:41:58.332 T:22556 debug : ffmpeg[0x3e09900]: [mjpeg] pix fmt id 22111100
2024-09-20 21:41:58.332 T:22556 debug : ffmpeg[0x3e09900]: [mjpeg] Format yuvj420p chosen by get_format().
2024-09-20 21:41:58.332 T:22556 debug : ffmpeg[0x3e09900]: [mjpeg] marker parser used 17 bytes (136 bits)
2024-09-20 21:41:58.333 T:22556 debug : ffmpeg[0x3e09900]: [mjpeg] escaping removed 285 bytes
2024-09-20 21:41:58.333 T:22556 debug : ffmpeg[0x3e09900]: [mjpeg] marker=da avail_size_in_buf=88069
2024-09-20 21:41:58.333 T:22556 debug : ffmpeg[0x3e09900]: [mjpeg] component: 1
2024-09-20 21:41:58.333 T:22556 debug : ffmpeg[0x3e09900]: [mjpeg] component: 2
2024-09-20 21:41:58.333 T:22556 debug : ffmpeg[0x3e09900]: [mjpeg] component: 3
2024-09-20 21:41:58.336 T:22556 debug : ffmpeg[0x3e09900]: [mjpeg] marker parser used 87783 bytes (702259 bits)
2024-09-20 21:41:58.336 T:22556 debug : ffmpeg[0x3e09900]: [mjpeg] marker=d9 avail_size_in_buf=0
2024-09-20 21:41:58.336 T:22556 debug : ffmpeg[0x3e09900]: [mjpeg] decode frame unused 0 bytes
2024-09-20 21:41:58.598 T:3986 debug : PushCecKeypress - received key a8 duration 0
2024-09-20 21:41:58.657 T:22551 info : script.plex: BGThreader (queue.0:worker.0): Idle
2024-09-20 21:41:58.669 T:3986 debug : PushCecKeypress - received key a8 duration 70
2024-09-20 21:41:58.685 T:3922 debug : HandleKey: 168 (0xa8, obc87) pressed, window 13005, action is Right
2024-09-20 21:41:58.764 T:22553 info : script.plex: BGThreader (queue.0:worker.2): Idle
2024-09-20 21:41:58.860 T:3986 debug : PushCecKeypress - received key a8 duration 0
2024-09-20 21:41:58.898 T:3922 debug : HandleKey: 168 (0xa8, obc87) pressed, window 13005, action is Right
2024-09-20 21:41:58.930 T:3986 debug : PushCecKeypress - received key a8 duration 69
2024-09-20 21:41:59.160 T:3986 debug : PushCecKeypress - received key a8 duration 0
2024-09-20 21:41:59.176 T:3922 debug : HandleKey: 168 (0xa8, obc87) pressed, window 13005, action is Right
2024-09-20 21:41:59.230 T:3986 debug : PushCecKeypress - received key a8 duration 72
2024-09-20 21:41:59.420 T:3986 debug : PushCecKeypress - received key a8 duration 0
2024-09-20 21:41:59.427 T:3922 debug : HandleKey: 168 (0xa8, obc87) pressed, window 13005, action is Right
2024-09-20 21:41:59.489 T:3986 debug : PushCecKeypress - received key a8 duration 70
2024-09-20 21:41:59.738 T:3986 debug : PushCecKeypress - received key a8 duration 0
2024-09-20 21:41:59.744 T:3922 debug : HandleKey: 168 (0xa8, obc87) pressed, window 13005, action is Right
2024-09-20 21:41:59.808 T:3986 debug : PushCecKeypress - received key a8 duration 71
2024-09-20 21:42:00.193 T:3986 debug : PushCecKeypress - received key a8 duration 0
2024-09-20 21:42:00.194 T:3922 debug : HandleKey: 168 (0xa8, obc87) pressed, window 13005, action is Right
2024-09-20 21:42:00.264 T:3986 debug : PushCecKeypress - received key a8 duration 71
2024-09-20 21:42:00.580 T:3986 debug : PushCecKeypress - received key a7 duration 0
2024-09-20 21:42:00.594 T:3922 debug : HandleKey: 167 (0xa7, obc88) pressed, window 13005, action is Down
2024-09-20 21:42:00.650 T:3986 debug : PushCecKeypress - received key a7 duration 70
2024-09-20 21:42:00.919 T:3986 debug : PushCecKeypress - received key a7 duration 0
2024-09-20 21:42:00.928 T:3922 debug : HandleKey: 167 (0xa7, obc88) pressed, window 13005, action is Down
2024-09-20 21:42:00.989 T:3986 debug : PushCecKeypress - received key a7 duration 71
2024-09-20 21:42:01.303 T:3986 debug : PushCecKeypress - received key b duration 0
2024-09-20 21:42:01.312 T:3922 debug : HandleKey: 11 (0xb, obc244) pressed, window 13005, action is Select
2024-09-20 21:42:01.369 T:3986 debug : PushCecKeypress - received key b duration 70
2024-09-20 21:42:01.422 T:22556 debug : ffmpeg[0x3e09900]: [mjpeg] marker=d8 avail_size_in_buf=32027
2024-09-20 21:42:01.422 T:22556 debug : ffmpeg[0x3e09900]: [mjpeg] marker parser used 0 bytes (0 bits)
2024-09-20 21:42:01.422 T:22556 debug : ffmpeg[0x3e09900]: [mjpeg] marker=fe avail_size_in_buf=32025
2024-09-20 21:42:01.422 T:22556 debug : ffmpeg[0x3e09900]: [mjpeg] marker parser used 15 bytes (120 bits)
2024-09-20 21:42:01.422 T:22556 debug : ffmpeg[0x3e09900]: [mjpeg] marker=db avail_size_in_buf=32008
2024-09-20 21:42:01.422 T:22556 debug : ffmpeg[0x3e09900]: [mjpeg] index=0
2024-09-20 21:42:01.422 T:22556 debug : ffmpeg[0x3e09900]: [mjpeg] qscale[0]: 5
2024-09-20 21:42:01.422 T:22556 debug : ffmpeg[0x3e09900]: [mjpeg] marker parser used 67 bytes (536 bits)
2024-09-20 21:42:01.422 T:22556 debug : ffmpeg[0x3e09900]: [mjpeg] marker=c4 avail_size_in_buf=31939
2024-09-20 21:42:01.422 T:22556 debug : ffmpeg[0x3e09900]: [mjpeg] class=0 index=0 nb_codes=9
2024-09-20 21:42:01.422 T:22556 debug : ffmpeg[0x3e09900]: [mjpeg] class=0 index=1 nb_codes=7
2024-09-20 21:42:01.422 T:22556 debug : ffmpeg[0x3e09900]: [mjpeg] class=1 index=0 nb_codes=71
2024-09-20 21:42:01.422 T:22556 debug : ffmpeg[0x3e09900]: [mjpeg] class=1 index=1 nb_codes=35
2024-09-20 21:42:01.422 T:22556 debug : ffmpeg[0x3e09900]: [mjpeg] marker parser used 192 bytes (1536 bits)
2024-09-20 21:42:01.422 T:22556 debug : ffmpeg[0x3e09900]: [mjpeg] marker=c0 avail_size_in_buf=31745
2024-09-20 21:42:01.422 T:22556 debug : ffmpeg[0x3e09900]: [mjpeg] Changing bps from 0 to 8
2024-09-20 21:42:01.422 T:22556 debug : ffmpeg[0x3e09900]: [mjpeg] sof0: picture: 464x696
2024-09-20 21:42:01.422 T:22556 debug : ffmpeg[0x3e09900]: [mjpeg] component 0 2:2 id: 1 quant:0
2024-09-20 21:42:01.422 T:22556 debug : ffmpeg[0x3e09900]: [mjpeg] component 1 1:1 id: 2 quant:0
