2024-09-20 21:42:01.422 T:22556 debug : ffmpeg[0x3e09900]: [mjpeg] component 2 1:1 id: 3 quant:0
2024-09-20 21:42:01.422 T:22556 debug : ffmpeg[0x3e09900]: [mjpeg] pix fmt id 22111100
2024-09-20 21:42:01.422 T:22556 debug : ffmpeg[0x3e09900]: [mjpeg] Format yuvj420p chosen by get_format().
2024-09-20 21:42:01.423 T:22556 debug : ffmpeg[0x3e09900]: [mjpeg] marker parser used 17 bytes (136 bits)
2024-09-20 21:42:01.423 T:22557 debug : ffmpeg[0x3178c68]: [mjpeg] marker=d8 avail_size_in_buf=32296
2024-09-20 21:42:01.423 T:22556 debug : ffmpeg[0x3e09900]: [mjpeg] escaping removed 90 bytes
2024-09-20 21:42:01.423 T:22557 debug : ffmpeg[0x3178c68]: [mjpeg] marker parser used 0 bytes (0 bits)
2024-09-20 21:42:01.423 T:22556 debug : ffmpeg[0x3e09900]: [mjpeg] marker=da avail_size_in_buf=31726
2024-09-20 21:42:01.423 T:22557 debug : ffmpeg[0x3178c68]: [mjpeg] marker=fe avail_size_in_buf=32294
2024-09-20 21:42:01.423 T:22556 debug : ffmpeg[0x3e09900]: [mjpeg] component: 1
2024-09-20 21:42:01.423 T:22557 debug : ffmpeg[0x3178c68]: [mjpeg] marker parser used 15 bytes (120 bits)
2024-09-20 21:42:01.423 T:22556 debug : ffmpeg[0x3e09900]: [mjpeg] component: 2
2024-09-20 21:42:01.423 T:22599 debug : Thread JobWorker start, auto delete: true
2024-09-20 21:42:01.423 T:22599 debug : [threads] name: 'JobWorker' priority: '1'
2024-09-20 21:42:01.423 T:22557 debug : ffmpeg[0x3178c68]: [mjpeg] marker=db avail_size_in_buf=32277
2024-09-20 21:42:01.423 T:22556 debug : ffmpeg[0x3e09900]: [mjpeg] component: 3
2024-09-20 21:42:01.423 T:22521 debug : ffmpeg[0x3b77dd0]: [mjpeg] marker=d8 avail_size_in_buf=55678
2024-09-20 21:42:01.424 T:22557 debug : ffmpeg[0x3178c68]: [mjpeg] index=0
2024-09-20 21:42:01.424 T:22521 debug : ffmpeg[0x3b77dd0]: [mjpeg] marker parser used 0 bytes (0 bits)
2024-09-20 21:42:01.424 T:22557 debug : ffmpeg[0x3178c68]: [mjpeg] qscale[0]: 5
2024-09-20 21:42:01.424 T:22521 debug : ffmpeg[0x3b77dd0]: [mjpeg] marker=fe avail_size_in_buf=55676
2024-09-20 21:42:01.424 T:22557 debug : ffmpeg[0x3178c68]: [mjpeg] marker parser used 67 bytes (536 bits)
2024-09-20 21:42:01.424 T:22521 debug : ffmpeg[0x3b77dd0]: [mjpeg] marker parser used 15 bytes (120 bits)
2024-09-20 21:42:01.424 T:22557 debug : ffmpeg[0x3178c68]: [mjpeg] marker=c4 avail_size_in_buf=32208
2024-09-20 21:42:01.424 T:22521 debug : ffmpeg[0x3b77dd0]: [mjpeg] marker=db avail_size_in_buf=55659
2024-09-20 21:42:01.424 T:22557 debug : ffmpeg[0x3178c68]: [mjpeg] class=0 index=0 nb_codes=9
2024-09-20 21:42:01.424 T:22521 debug : ffmpeg[0x3b77dd0]: [mjpeg] index=0
2024-09-20 21:42:01.424 T:22557 debug : ffmpeg[0x3178c68]: [mjpeg] class=0 index=1 nb_codes=6
2024-09-20 21:42:01.424 T:22521 debug : ffmpeg[0x3b77dd0]: [mjpeg] qscale[0]: 5
2024-09-20 21:42:01.424 T:22557 debug : ffmpeg[0x3178c68]: [mjpeg] class=1 index=0 nb_codes=59
2024-09-20 21:42:01.424 T:22521 debug : ffmpeg[0x3b77dd0]: [mjpeg] marker parser used 67 bytes (536 bits)
2024-09-20 21:42:01.424 T:22521 debug : ffmpeg[0x3b77dd0]: [mjpeg] marker=c4 avail_size_in_buf=55590
2024-09-20 21:42:01.424 T:22521 debug : ffmpeg[0x3b77dd0]: [mjpeg] class=0 index=0 nb_codes=9
2024-09-20 21:42:01.424 T:22557 debug : ffmpeg[0x3178c68]: [mjpeg] class=1 index=1 nb_codes=28
2024-09-20 21:42:01.424 T:22521 debug : ffmpeg[0x3b77dd0]: [mjpeg] class=0 index=1 nb_codes=8
2024-09-20 21:42:01.424 T:22557 debug : ffmpeg[0x3178c68]: [mjpeg] marker parser used 172 bytes (1376 bits)
2024-09-20 21:42:01.424 T:22521 debug : ffmpeg[0x3b77dd0]: [mjpeg] class=1 index=0 nb_codes=73
2024-09-20 21:42:01.424 T:22557 debug : ffmpeg[0x3178c68]: [mjpeg] marker=c0 avail_size_in_buf=32034
2024-09-20 21:42:01.424 T:22557 debug : ffmpeg[0x3178c68]: [mjpeg] Changing bps from 0 to 8
2024-09-20 21:42:01.424 T:22521 debug : ffmpeg[0x3b77dd0]: [mjpeg] class=1 index=1 nb_codes=56
2024-09-20 21:42:01.424 T:22557 debug : ffmpeg[0x3178c68]: [mjpeg] sof0: picture: 464x696
2024-09-20 21:42:01.424 T:22521 debug : ffmpeg[0x3b77dd0]: [mjpeg] marker parser used 216 bytes (1728 bits)
2024-09-20 21:42:01.424 T:22557 debug : ffmpeg[0x3178c68]: [mjpeg] component 0 2:2 id: 1 quant:0
2024-09-20 21:42:01.424 T:22521 debug : ffmpeg[0x3b77dd0]: [mjpeg] marker=c0 avail_size_in_buf=55372
2024-09-20 21:42:01.424 T:22557 debug : ffmpeg[0x3178c68]: [mjpeg] component 1 1:1 id: 2 quant:0
2024-09-20 21:42:01.424 T:22521 debug : ffmpeg[0x3b77dd0]: [mjpeg] Changing bps from 0 to 8
2024-09-20 21:42:01.424 T:22557 debug : ffmpeg[0x3178c68]: [mjpeg] component 2 1:1 id: 3 quant:0
2024-09-20 21:42:01.424 T:22521 debug : ffmpeg[0x3b77dd0]: [mjpeg] sof0: picture: 464x696
2024-09-20 21:42:01.424 T:22557 debug : ffmpeg[0x3178c68]: [mjpeg] pix fmt id 22111100
2024-09-20 21:42:01.424 T:22521 debug : ffmpeg[0x3b77dd0]: [mjpeg] component 0 2:2 id: 1 quant:0
2024-09-20 21:42:01.424 T:22557 debug : ffmpeg[0x3178c68]: [mjpeg] Format yuvj420p chosen by get_format().
2024-09-20 21:42:01.424 T:22521 debug : ffmpeg[0x3b77dd0]: [mjpeg] component 1 1:1 id: 2 quant:0
2024-09-20 21:42:01.424 T:22521 debug : ffmpeg[0x3b77dd0]: [mjpeg] component 2 1:1 id: 3 quant:0
2024-09-20 21:42:01.424 T:22521 debug : ffmpeg[0x3b77dd0]: [mjpeg] pix fmt id 22111100
2024-09-20 21:42:01.424 T:22521 debug : ffmpeg[0x3b77dd0]: [mjpeg] Format yuvj420p chosen by get_format().
2024-09-20 21:42:01.424 T:22557 debug : ffmpeg[0x3178c68]: [mjpeg] marker parser used 17 bytes (136 bits)
2024-09-20 21:42:01.424 T:22557 debug : ffmpeg[0x3178c68]: [mjpeg] escaping removed 125 bytes
2024-09-20 21:42:01.424 T:22557 debug : ffmpeg[0x3178c68]: [mjpeg] marker=da avail_size_in_buf=32015
2024-09-20 21:42:01.424 T:22557 debug : ffmpeg[0x3178c68]: [mjpeg] component: 1
2024-09-20 21:42:01.424 T:22521 debug : ffmpeg[0x3b77dd0]: [mjpeg] marker parser used 17 bytes (136 bits)
2024-09-20 21:42:01.424 T:22557 debug : ffmpeg[0x3178c68]: [mjpeg] component: 2
2024-09-20 21:42:01.424 T:22557 debug : ffmpeg[0x3178c68]: [mjpeg] component: 3
2024-09-20 21:42:01.424 T:22521 debug : ffmpeg[0x3b77dd0]: [mjpeg] escaping removed 179 bytes
2024-09-20 21:42:01.424 T:22521 debug : ffmpeg[0x3b77dd0]: [mjpeg] marker=da avail_size_in_buf=55353
2024-09-20 21:42:01.424 T:22521 debug : ffmpeg[0x3b77dd0]: [mjpeg] component: 1
2024-09-20 21:42:01.424 T:22521 debug : ffmpeg[0x3b77dd0]: [mjpeg] component: 2
2024-09-20 21:42:01.424 T:22521 debug : ffmpeg[0x3b77dd0]: [mjpeg] component: 3
2024-09-20 21:42:01.425 T:22556 debug : ffmpeg[0x3e09900]: [mjpeg] marker parser used 31635 bytes (253078 bits)
2024-09-20 21:42:01.425 T:22556 debug : ffmpeg[0x3e09900]: [mjpeg] marker=d9 avail_size_in_buf=0
2024-09-20 21:42:01.425 T:22556 debug : ffmpeg[0x3e09900]: [mjpeg] decode frame unused 0 bytes
2024-09-20 21:42:01.426 T:22557 debug : ffmpeg[0x3178c68]: [mjpeg] marker parser used 31889 bytes (255105 bits)
2024-09-20 21:42:01.426 T:22557 debug : ffmpeg[0x3178c68]: [mjpeg] marker=d9 avail_size_in_buf=0
2024-09-20 21:42:01.426 T:22557 debug : ffmpeg[0x3178c68]: [mjpeg] decode frame unused 0 bytes
2024-09-20 21:42:01.427 T:22521 debug : ffmpeg[0x3b77dd0]: [mjpeg] marker parser used 55173 bytes (441379 bits)
2024-09-20 21:42:01.427 T:22521 debug : ffmpeg[0x3b77dd0]: [mjpeg] marker=d9 avail_size_in_buf=0
2024-09-20 21:42:01.427 T:22599 debug : ffmpeg[0x345cbc0]: [mjpeg] marker=d8 avail_size_in_buf=56609
2024-09-20 21:42:01.427 T:22521 debug : ffmpeg[0x3b77dd0]: [mjpeg] decode frame unused 0 bytes
2024-09-20 21:42:01.428 T:22599 debug : ffmpeg[0x345cbc0]: [mjpeg] marker parser used 0 bytes (0 bits)
2024-09-20 21:42:01.428 T:22599 debug : ffmpeg[0x345cbc0]: [mjpeg] marker=fe avail_size_in_buf=56607
2024-09-20 21:42:01.428 T:22599 debug : ffmpeg[0x345cbc0]: [mjpeg] marker parser used 15 bytes (120 bits)
2024-09-20 21:42:01.428 T:22599 debug : ffmpeg[0x345cbc0]: [mjpeg] marker=db avail_size_in_buf=56590
2024-09-20 21:42:01.428 T:22599 debug : ffmpeg[0x345cbc0]: [mjpeg] index=0
2024-09-20 21:42:01.428 T:22599 debug : ffmpeg[0x345cbc0]: [mjpeg] qscale[0]: 5
2024-09-20 21:42:01.428 T:22599 debug : ffmpeg[0x345cbc0]: [mjpeg] marker parser used 67 bytes (536 bits)
2024-09-20 21:42:01.428 T:22599 debug : ffmpeg[0x345cbc0]: [mjpeg] marker=c4 avail_size_in_buf=56521
2024-09-20 21:42:01.428 T:22599 debug : ffmpeg[0x345cbc0]: [mjpeg] class=0 index=0 nb_codes=9
2024-09-20 21:42:01.428 T:22599 debug : ffmpeg[0x345cbc0]: [mjpeg] class=0 index=1 nb_codes=7
2024-09-20 21:42:01.428 T:22599 debug : ffmpeg[0x345cbc0]: [mjpeg] class=1 index=0 nb_codes=59
2024-09-20 21:42:01.428 T:22599 debug : ffmpeg[0x345cbc0]: [mjpeg] class=1 index=1 nb_codes=37
2024-09-20 21:42:01.428 T:22599 debug : ffmpeg[0x345cbc0]: [mjpeg] marker parser used 182 bytes (1456 bits)
2024-09-20 21:42:01.428 T:22599 debug : ffmpeg[0x345cbc0]: [mjpeg] marker=c0 avail_size_in_buf=56337
2024-09-20 21:42:01.428 T:22599 debug : ffmpeg[0x345cbc0]: [mjpeg] Changing bps from 0 to 8
2024-09-20 21:42:01.428 T:22599 debug : ffmpeg[0x345cbc0]: [mjpeg] sof0: picture: 464x696
2024-09-20 21:42:01.428 T:22599 debug : ffmpeg[0x345cbc0]: [mjpeg] component 0 2:2 id: 1 quant:0
2024-09-20 21:42:01.428 T:22599 debug : ffmpeg[0x345cbc0]: [mjpeg] component 1 1:1 id: 2 quant:0
2024-09-20 21:42:01.428 T:22599 debug : ffmpeg[0x345cbc0]: [mjpeg] component 2 1:1 id: 3 quant:0
2024-09-20 21:42:01.428 T:22599 debug : ffmpeg[0x345cbc0]: [mjpeg] pix fmt id 22111100
2024-09-20 21:42:01.428 T:22599 debug : ffmpeg[0x345cbc0]: [mjpeg] Format yuvj420p chosen by get_format().
2024-09-20 21:42:01.429 T:22599 debug : ffmpeg[0x345cbc0]: [mjpeg] marker parser used 17 bytes (136 bits)
2024-09-20 21:42:01.429 T:22599 debug : ffmpeg[0x345cbc0]: [mjpeg] escaping removed 167 bytes
2024-09-20 21:42:01.429 T:22599 debug : ffmpeg[0x345cbc0]: [mjpeg] marker=da avail_size_in_buf=56318
2024-09-20 21:42:01.429 T:22599 debug : ffmpeg[0x345cbc0]: [mjpeg] component: 1
2024-09-20 21:42:01.429 T:22599 debug : ffmpeg[0x345cbc0]: [mjpeg] component: 2
2024-09-20 21:42:01.429 T:22599 debug : ffmpeg[0x345cbc0]: [mjpeg] component: 3
2024-09-20 21:42:01.429 T:22557 debug : ffmpeg[0x3178c68]: [mjpeg] marker=d8 avail_size_in_buf=52149
2024-09-20 21:42:01.429 T:22557 debug : ffmpeg[0x3178c68]: [mjpeg] marker parser used 0 bytes (0 bits)
2024-09-20 21:42:01.429 T:22557 debug : ffmpeg[0x3178c68]: [mjpeg] marker=fe avail_size_in_buf=52147
2024-09-20 21:42:01.429 T:22557 debug : ffmpeg[0x3178c68]: [mjpeg] marker parser used 15 bytes (120 bits)
2024-09-20 21:42:01.429 T:22557 debug : ffmpeg[0x3178c68]: [mjpeg] marker=db avail_size_in_buf=52130
2024-09-20 21:42:01.429 T:22557 debug : ffmpeg[0x3178c68]: [mjpeg] index=0
2024-09-20 21:42:01.429 T:22557 debug : ffmpeg[0x3178c68]: [mjpeg] qscale[0]: 5
2024-09-20 21:42:01.429 T:22557 debug : ffmpeg[0x3178c68]: [mjpeg] marker parser used 67 bytes (536 bits)
2024-09-20 21:42:01.429 T:22557 debug : ffmpeg[0x3178c68]: [mjpeg] marker=c4 avail_size_in_buf=52061
2024-09-20 21:42:01.429 T:22557 debug : ffmpeg[0x3178c68]: [mjpeg] class=0 index=0 nb_codes=9
2024-09-20 21:42:01.429 T:22557 debug : ffmpeg[0x3178c68]: [mjpeg] class=0 index=1 nb_codes=8
2024-09-20 21:42:01.429 T:22557 debug : ffmpeg[0x3178c68]: [mjpeg] class=1 index=0 nb_codes=64
2024-09-20 21:42:01.429 T:22557 debug : ffmpeg[0x3178c68]: [mjpeg] class=1 index=1 nb_codes=51
2024-09-20 21:42:01.429 T:22557 debug : ffmpeg[0x3178c68]: [mjpeg] marker parser used 202 bytes (1616 bits)
2024-09-20 21:42:01.429 T:22557 debug : ffmpeg[0x3178c68]: [mjpeg] marker=c0 avail_size_in_buf=51857
2024-09-20 21:42:01.429 T:22557 debug : ffmpeg[0x3178c68]: [mjpeg] Changing bps from 0 to 8
2024-09-20 21:42:01.429 T:22557 debug : ffmpeg[0x3178c68]: [mjpeg] sof0: picture: 464x696
2024-09-20 21:42:01.429 T:22557 debug : ffmpeg[0x3178c68]: [mjpeg] component 0 2:2 id: 1 quant:0
2024-09-20 21:42:01.429 T:22557 debug : ffmpeg[0x3178c68]: [mjpeg] component 1 1:1 id: 2 quant:0
2024-09-20 21:42:01.429 T:22557 debug : ffmpeg[0x3178c68]: [mjpeg] component 2 1:1 id: 3 quant:0
2024-09-20 21:42:01.429 T:22557 debug : ffmpeg[0x3178c68]: [mjpeg] pix fmt id 22111100
2024-09-20 21:42:01.429 T:22557 debug : ffmpeg[0x3178c68]: [mjpeg] Format yuvj420p chosen by get_format().
2024-09-20 21:42:01.429 T:22557 debug : ffmpeg[0x3178c68]: [mjpeg] marker parser used 17 bytes (136 bits)
2024-09-20 21:42:01.429 T:22557 debug : ffmpeg[0x3178c68]: [mjpeg] escaping removed 148 bytes
2024-09-20 21:42:01.429 T:22557 debug : ffmpeg[0x3178c68]: [mjpeg] marker=da avail_size_in_buf=51838
2024-09-20 21:42:01.429 T:22521 debug : ffmpeg[0x3b77dd0]: [mjpeg] marker=d8 avail_size_in_buf=31484
2024-09-20 21:42:01.429 T:22557 debug : ffmpeg[0x3178c68]: [mjpeg] component: 1
2024-09-20 21:42:01.430 T:22521 debug : ffmpeg[0x3b77dd0]: [mjpeg] marker parser used 0 bytes (0 bits)
2024-09-20 21:42:01.430 T:22557 debug : ffmpeg[0x3178c68]: [mjpeg] component: 2
2024-09-20 21:42:01.430 T:22521 debug : ffmpeg[0x3b77dd0]: [mjpeg] marker=fe avail_size_in_buf=31482
2024-09-20 21:42:01.430 T:22556 debug : ffmpeg[0x3e09900]: [mjpeg] marker=d8 avail_size_in_buf=56426
2024-09-20 21:42:01.430 T:22557 debug : ffmpeg[0x3178c68]: [mjpeg] component: 3
2024-09-20 21:42:01.430 T:22521 debug : ffmpeg[0x3b77dd0]: [mjpeg] marker parser used 15 bytes (120 bits)
2024-09-20 21:42:01.430 T:22556 debug : ffmpeg[0x3e09900]: [mjpeg] marker parser used 0 bytes (0 bits)
2024-09-20 21:42:01.430 T:22521 debug : ffmpeg[0x3b77dd0]: [mjpeg] marker=db avail_size_in_buf=31465
2024-09-20 21:42:01.430 T:22556 debug : ffmpeg[0x3e09900]: [mjpeg] marker=fe avail_size_in_buf=56424
2024-09-20 21:42:01.430 T:22521 debug : ffmpeg[0x3b77dd0]: [mjpeg] index=0
2024-09-20 21:42:01.430 T:22556 debug : ffmpeg[0x3e09900]: [mjpeg] marker parser used 15 bytes (120 bits)
2024-09-20 21:42:01.430 T:22521 debug : ffmpeg[0x3b77dd0]: [mjpeg] qscale[0]: 5
2024-09-20 21:42:01.430 T:22556 debug : ffmpeg[0x3e09900]: [mjpeg] marker=db avail_size_in_buf=56407
2024-09-20 21:42:01.430 T:22521 debug : ffmpeg[0x3b77dd0]: [mjpeg] marker parser used 67 bytes (536 bits)
2024-09-20 21:42:01.430 T:22556 debug : ffmpeg[0x3e09900]: [mjpeg] index=0
2024-09-20 21:42:01.430 T:22521 debug : ffmpeg[0x3b77dd0]: [mjpeg] marker=c4 avail_size_in_buf=31396
2024-09-20 21:42:01.430 T:22556 debug : ffmpeg[0x3e09900]: [mjpeg] qscale[0]: 5
2024-09-20 21:42:01.430 T:22521 debug : ffmpeg[0x3b77dd0]: [mjpeg] class=0 index=0 nb_codes=9
2024-09-20 21:42:01.430 T:22556 debug : ffmpeg[0x3e09900]: [mjpeg] marker parser used 67 bytes (536 bits)
2024-09-20 21:42:01.430 T:22521 debug : ffmpeg[0x3b77dd0]: [mjpeg] class=0 index=1 nb_codes=7
2024-09-20 21:42:01.430 T:22556 debug : ffmpeg[0x3e09900]: [mjpeg] marker=c4 avail_size_in_buf=56338
2024-09-20 21:42:01.430 T:22521 debug : ffmpeg[0x3b77dd0]: [mjpeg] class=1 index=0 nb_codes=58
2024-09-20 21:42:01.430 T:22556 debug : ffmpeg[0x3e09900]: [mjpeg] class=0 index=0 nb_codes=9
2024-09-20 21:42:01.430 T:22521 debug : ffmpeg[0x3b77dd0]: [mjpeg] class=1 index=1 nb_codes=32
2024-09-20 21:42:01.430 T:22521 debug : ffmpeg[0x3b77dd0]: [mjpeg] marker parser used 176 bytes (1408 bits)
2024-09-20 21:42:01.430 T:22521 debug : ffmpeg[0x3b77dd0]: [mjpeg] marker=c0 avail_size_in_buf=31218
2024-09-20 21:42:01.430 T:22521 debug : ffmpeg[0x3b77dd0]: [mjpeg] Changing bps from 0 to 8
2024-09-20 21:42:01.430 T:22521 debug : ffmpeg[0x3b77dd0]: [mjpeg] sof0: picture: 464x696
2024-09-20 21:42:01.430 T:22521 debug : ffmpeg[0x3b77dd0]: [mjpeg] component 0 2:2 id: 1 quant:0
2024-09-20 21:42:01.430 T:22521 debug : ffmpeg[0x3b77dd0]: [mjpeg] component 1 1:1 id: 2 quant:0
2024-09-20 21:42:01.430 T:22521 debug : ffmpeg[0x3b77dd0]: [mjpeg] component 2 1:1 id: 3 quant:0
2024-09-20 21:42:01.430 T:22521 debug : ffmpeg[0x3b77dd0]: [mjpeg] pix fmt id 22111100
2024-09-20 21:42:01.430 T:22521 debug : ffmpeg[0x3b77dd0]: [mjpeg] Format yuvj420p chosen by get_format().
2024-09-20 21:42:01.430 T:22521 debug : ffmpeg[0x3b77dd0]: [mjpeg] marker parser used 17 bytes (136 bits)
2024-09-20 21:42:01.430 T:22521 debug : ffmpeg[0x3b77dd0]: [mjpeg] escaping removed 128 bytes
2024-09-20 21:42:01.430 T:22521 debug : ffmpeg[0x3b77dd0]: [mjpeg] marker=da avail_size_in_buf=31199
2024-09-20 21:42:01.430 T:22521 debug : ffmpeg[0x3b77dd0]: [mjpeg] component: 1
2024-09-20 21:42:01.430 T:22521 debug : ffmpeg[0x3b77dd0]: [mjpeg] component: 2
2024-09-20 21:42:01.430 T:22521 debug : ffmpeg[0x3b77dd0]: [mjpeg] component: 3
2024-09-20 21:42:01.431 T:22599 debug : ffmpeg[0x345cbc0]: [mjpeg] marker parser used 56150 bytes (449195 bits)
2024-09-20 21:42:01.431 T:22599 debug : ffmpeg[0x345cbc0]: [mjpeg] marker=d9 avail_size_in_buf=0
2024-09-20 21:42:01.431 T:22599 debug : ffmpeg[0x345cbc0]: [mjpeg] decode frame unused 0 bytes
2024-09-20 21:42:01.432 T:22557 debug : ffmpeg[0x3178c68]: [mjpeg] marker parser used 51689 bytes (413512 bits)
2024-09-20 21:42:01.432 T:22557 debug : ffmpeg[0x3178c68]: [mjpeg] marker=d9 avail_size_in_buf=0
2024-09-20 21:42:01.432 T:22521 debug : ffmpeg[0x3b77dd0]: [mjpeg] marker parser used 31070 bytes (248560 bits)
2024-09-20 21:42:01.432 T:22557 debug : ffmpeg[0x3178c68]: [mjpeg] decode frame unused 0 bytes
2024-09-20 21:42:01.432 T:22521 debug : ffmpeg[0x3b77dd0]: [mjpeg] marker=d9 avail_size_in_buf=0
2024-09-20 21:42:01.432 T:22556 debug : ffmpeg[0x3e09900]: [mjpeg] class=0 index=1 nb_codes=7
2024-09-20 21:42:01.432 T:22521 debug : ffmpeg[0x3b77dd0]: [mjpeg] decode frame unused 0 bytes
2024-09-20 21:42:01.432 T:22556 debug : ffmpeg[0x3e09900]: [mjpeg] class=1 index=0 nb_codes=67
2024-09-20 21:42:01.432 T:22556 debug : ffmpeg[0x3e09900]: [mjpeg] class=1 index=1 nb_codes=36
2024-09-20 21:42:01.432 T:22556 debug : ffmpeg[0x3e09900]: [mjpeg] marker parser used 189 bytes (1512 bits)
2024-09-20 21:42:01.432 T:22556 debug : ffmpeg[0x3e09900]: [mjpeg] marker=c0 avail_size_in_buf=56147
2024-09-20 21:42:01.432 T:22556 debug : ffmpeg[0x3e09900]: [mjpeg] Changing bps from 0 to 8
2024-09-20 21:42:01.432 T:22556 debug : ffmpeg[0x3e09900]: [mjpeg] sof0: picture: 464x696
2024-09-20 21:42:01.432 T:22556 debug : ffmpeg[0x3e09900]: [mjpeg] component 0 2:2 id: 1 quant:0
2024-09-20 21:42:01.432 T:22556 debug : ffmpeg[0x3e09900]: [mjpeg] component 1 1:1 id: 2 quant:0
2024-09-20 21:42:01.432 T:22556 debug : ffmpeg[0x3e09900]: [mjpeg] component 2 1:1 id: 3 quant:0
2024-09-20 21:42:01.432 T:22556 debug : ffmpeg[0x3e09900]: [mjpeg] pix fmt id 22111100
2024-09-20 21:42:01.432 T:22556 debug : ffmpeg[0x3e09900]: [mjpeg] Format yuvj420p chosen by get_format().
2024-09-20 21:42:01.433 T:22556 debug : ffmpeg[0x3e09900]: [mjpeg] marker parser used 17 bytes (136 bits)
2024-09-20 21:42:01.433 T:22556 debug : ffmpeg[0x3e09900]: [mjpeg] escaping removed 192 bytes
2024-09-20 21:42:01.433 T:22556 debug : ffmpeg[0x3e09900]: [mjpeg] marker=da avail_size_in_buf=56128
2024-09-20 21:42:01.433 T:22556 debug : ffmpeg[0x3e09900]: [mjpeg] component: 1
2024-09-20 21:42:01.433 T:22556 debug : ffmpeg[0x3e09900]: [mjpeg] component: 2
2024-09-20 21:42:01.433 T:22556 debug : ffmpeg[0x3e09900]: [mjpeg] component: 3
2024-09-20 21:42:01.435 T:22557 debug : ffmpeg[0x3178c68]: [mjpeg] marker=d8 avail_size_in_buf=60603
2024-09-20 21:42:01.435 T:22557 debug : ffmpeg[0x3178c68]: [mjpeg] marker parser used 0 bytes (0 bits)
2024-09-20 21:42:01.435 T:22557 debug : ffmpeg[0x3178c68]: [mjpeg] marker=fe avail_size_in_buf=60601
2024-09-20 21:42:01.435 T:22557 debug : ffmpeg[0x3178c68]: [mjpeg] marker parser used 15 bytes (120 bits)
2024-09-20 21:42:01.435 T:22557 debug : ffmpeg[0x3178c68]: [mjpeg] marker=db avail_size_in_buf=60584
2024-09-20 21:42:01.435 T:22557 debug : ffmpeg[0x3178c68]: [mjpeg] index=0
2024-09-20 21:42:01.435 T:22557 debug : ffmpeg[0x3178c68]: [mjpeg] qscale[0]: 5
2024-09-20 21:42:01.435 T:22557 debug : ffmpeg[0x3178c68]: [mjpeg] marker parser used 67 bytes (536 bits)
2024-09-20 21:42:01.435 T:22557 debug : ffmpeg[0x3178c68]: [mjpeg] marker=c4 avail_size_in_buf=60515
2024-09-20 21:42:01.435 T:22557 debug : ffmpeg[0x3178c68]: [mjpeg] class=0 index=0 nb_codes=9
2024-09-20 21:42:01.435 T:22557 debug : ffmpeg[0x3178c68]: [mjpeg] class=0 index=1 nb_codes=8
2024-09-20 21:42:01.435 T:22557 debug : ffmpeg[0x3178c68]: [mjpeg] class=1 index=0 nb_codes=63
2024-09-20 21:42:01.435 T:22556 debug : ffmpeg[0x3e09900]: [mjpeg] marker parser used 55935 bytes (447475 bits)
2024-09-20 21:42:01.437 T:22557 debug : ffmpeg[0x3178c68]: [mjpeg] class=1 index=1 nb_codes=42
2024-09-20 21:42:01.437 T:22556 debug : ffmpeg[0x3e09900]: [mjpeg] marker=d9 avail_size_in_buf=0
2024-09-20 21:42:01.437 T:22521 debug : ffmpeg[0x3b77dd0]: [mjpeg] marker=d8 avail_size_in_buf=25253
2024-09-20 21:42:01.437 T:22599 debug : ffmpeg[0x345cbc0]: [mjpeg] marker=d8 avail_size_in_buf=65396
2024-09-20 21:42:01.437 T:22557 debug : ffmpeg[0x3178c68]: [mjpeg] marker parser used 192 bytes (1536 bits)
2024-09-20 21:42:01.437 T:22556 debug : ffmpeg[0x3e09900]: [mjpeg] decode frame unused 0 bytes
2024-09-20 21:42:01.437 T:22521 debug : ffmpeg[0x3b77dd0]: [mjpeg] marker parser used 0 bytes (0 bits)
2024-09-20 21:42:01.437 T:22599 debug : ffmpeg[0x345cbc0]: [mjpeg] marker parser used 0 bytes (0 bits)
2024-09-20 21:42:01.437 T:22557 debug : ffmpeg[0x3178c68]: [mjpeg] marker=c0 avail_size_in_buf=60321
2024-09-20 21:42:01.437 T:22521 debug : ffmpeg[0x3b77dd0]: [mjpeg] marker=fe avail_size_in_buf=25251
2024-09-20 21:42:01.437 T:22599 debug : ffmpeg[0x345cbc0]: [mjpeg] marker=fe avail_size_in_buf=65394
2024-09-20 21:42:01.437 T:22557 debug : ffmpeg[0x3178c68]: [mjpeg] Changing bps from 0 to 8
2024-09-20 21:42:01.437 T:22521 debug : ffmpeg[0x3b77dd0]: [mjpeg] marker parser used 15 bytes (120 bits)
2024-09-20 21:42:01.437 T:22599 debug : ffmpeg[0x345cbc0]: [mjpeg] marker parser used 15 bytes (120 bits)
2024-09-20 21:42:01.437 T:22557 debug : ffmpeg[0x3178c68]: [mjpeg] sof0: picture: 464x696
2024-09-20 21:42:01.437 T:22521 debug : ffmpeg[0x3b77dd0]: [mjpeg] marker=db avail_size_in_buf=25234
2024-09-20 21:42:01.437 T:22599 debug : ffmpeg[0x345cbc0]: [mjpeg] marker=db avail_size_in_buf=65377
2024-09-20 21:42:01.437 T:22557 debug : ffmpeg[0x3178c68]: [mjpeg] component 0 2:2 id: 1 quant:0
2024-09-20 21:42:01.437 T:22521 debug : ffmpeg[0x3b77dd0]: [mjpeg] index=0
2024-09-20 21:42:01.437 T:22599 debug : ffmpeg[0x345cbc0]: [mjpeg] index=0
2024-09-20 21:42:01.437 T:22557 debug : ffmpeg[0x3178c68]: [mjpeg] component 1 1:1 id: 2 quant:0
2024-09-20 21:42:01.437 T:22521 debug : ffmpeg[0x3b77dd0]: [mjpeg] qscale[0]: 5
2024-09-20 21:42:01.437 T:22599 debug : ffmpeg[0x345cbc0]: [mjpeg] qscale[0]: 5
2024-09-20 21:42:01.437 T:22557 debug : ffmpeg[0x3178c68]: [mjpeg] component 2 1:1 id: 3 quant:0
2024-09-20 21:42:01.437 T:22521 debug : ffmpeg[0x3b77dd0]: [mjpeg] marker parser used 67 bytes (536 bits)
2024-09-20 21:42:01.437 T:22599 debug : ffmpeg[0x345cbc0]: [mjpeg] marker parser used 67 bytes (536 bits)
2024-09-20 21:42:01.437 T:22557 debug : ffmpeg[0x3178c68]: [mjpeg] pix fmt id 22111100
2024-09-20 21:42:01.437 T:22521 debug : ffmpeg[0x3b77dd0]: [mjpeg] marker=c4 avail_size_in_buf=25165
2024-09-20 21:42:01.437 T:22599 debug : ffmpeg[0x345cbc0]: [mjpeg] marker=c4 avail_size_in_buf=65308
2024-09-20 21:42:01.437 T:22557 debug : ffmpeg[0x3178c68]: [mjpeg] Format yuvj420p chosen by get_format().
2024-09-20 21:42:01.437 T:22521 debug : ffmpeg[0x3b77dd0]: [mjpeg] class=0 index=0 nb_codes=9
2024-09-20 21:42:01.437 T:22599 debug : ffmpeg[0x345cbc0]: [mjpeg] class=0 index=0 nb_codes=9
2024-09-20 21:42:01.437 T:22521 debug : ffmpeg[0x3b77dd0]: [mjpeg] class=0 index=1 nb_codes=8
2024-09-20 21:42:01.437 T:22599 debug : ffmpeg[0x345cbc0]: [mjpeg] class=0 index=1 nb_codes=8
2024-09-20 21:42:01.438 T:22521 debug : ffmpeg[0x3b77dd0]: [mjpeg] class=1 index=0 nb_codes=53
2024-09-20 21:42:01.438 T:22557 debug : ffmpeg[0x3178c68]: [mjpeg] marker parser used 17 bytes (136 bits)
2024-09-20 21:42:01.438 T:22599 debug : ffmpeg[0x345cbc0]: [mjpeg] class=1 index=0 nb_codes=63
2024-09-20 21:42:01.438 T:22521 debug : ffmpeg[0x3b77dd0]: [mjpeg] class=1 index=1 nb_codes=44
2024-09-20 21:42:01.438 T:22599 debug : ffmpeg[0x345cbc0]: [mjpeg] class=1 index=1 nb_codes=54
2024-09-20 21:42:01.438 T:22521 debug : ffmpeg[0x3b77dd0]: [mjpeg] marker parser used 184 bytes (1472 bits)
2024-09-20 21:42:01.438 T:22557 debug : ffmpeg[0x3178c68]: [mjpeg] escaping removed 198 bytes
2024-09-20 21:42:01.438 T:22521 debug : ffmpeg[0x3b77dd0]: [mjpeg] marker=c0 avail_size_in_buf=24979
2024-09-20 21:42:01.438 T:22599 debug : ffmpeg[0x345cbc0]: [mjpeg] marker parser used 204 bytes (1632 bits)
2024-09-20 21:42:01.438 T:22557 debug : ffmpeg[0x3178c68]: [mjpeg] marker=da avail_size_in_buf=60302
2024-09-20 21:42:01.438 T:22521 debug : ffmpeg[0x3b77dd0]: [mjpeg] Changing bps from 0 to 8
2024-09-20 21:42:01.438 T:22599 debug : ffmpeg[0x345cbc0]: [mjpeg] marker=c0 avail_size_in_buf=65102
2024-09-20 21:42:01.438 T:22557 debug : ffmpeg[0x3178c68]: [mjpeg] component: 1
2024-09-20 21:42:01.438 T:22521 debug : ffmpeg[0x3b77dd0]: [mjpeg] sof0: picture: 464x697
2024-09-20 21:42:01.438 T:22599 debug : ffmpeg[0x345cbc0]: [mjpeg] Changing bps from 0 to 8
2024-09-20 21:42:01.438 T:22557 debug : ffmpeg[0x3178c68]: [mjpeg] component: 2
2024-09-20 21:42:01.438 T:22521 debug : ffmpeg[0x3b77dd0]: [mjpeg] component 0 2:2 id: 1 quant:0
2024-09-20 21:42:01.438 T:22599 debug : ffmpeg[0x345cbc0]: [mjpeg] sof0: picture: 464x696
2024-09-20 21:42:01.438 T:22557 debug : ffmpeg[0x3178c68]: [mjpeg] component: 3
2024-09-20 21:42:01.438 T:22521 debug : ffmpeg[0x3b77dd0]: [mjpeg] component 1 1:1 id: 2 quant:0
2024-09-20 21:42:01.438 T:22599 debug : ffmpeg[0x345cbc0]: [mjpeg] component 0 2:2 id: 1 quant:0
2024-09-20 21:42:01.438 T:22521 debug : ffmpeg[0x3b77dd0]: [mjpeg] component 2 1:1 id: 3 quant:0
2024-09-20 21:42:01.438 T:22599 debug : ffmpeg[0x345cbc0]: [mjpeg] component 1 1:1 id: 2 quant:0
2024-09-20 21:42:01.438 T:22521 debug : ffmpeg[0x3b77dd0]: [mjpeg] pix fmt id 22111100
2024-09-20 21:42:01.438 T:22599 debug : ffmpeg[0x345cbc0]: [mjpeg] component 2 1:1 id: 3 quant:0
2024-09-20 21:42:01.438 T:22521 debug : ffmpeg[0x3b77dd0]: [mjpeg] Format yuvj420p chosen by get_format().
2024-09-20 21:42:01.438 T:22599 debug : ffmpeg[0x345cbc0]: [mjpeg] pix fmt id 22111100
2024-09-20 21:42:01.438 T:22521 debug : ffmpeg[0x3b77dd0]: [mjpeg] marker parser used 17 bytes (136 bits)
2024-09-20 21:42:01.438 T:22599 debug : ffmpeg[0x345cbc0]: [mjpeg] Format yuvj420p chosen by get_format().
2024-09-20 21:42:01.439 T:22521 debug : ffmpeg[0x3b77dd0]: [mjpeg] escaping removed 101 bytes
2024-09-20 21:42:01.439 T:22599 debug : ffmpeg[0x345cbc0]: [mjpeg] marker parser used 17 bytes (136 bits)
2024-09-20 21:42:01.439 T:22521 debug : ffmpeg[0x3b77dd0]: [mjpeg] marker=da avail_size_in_buf=24960
2024-09-20 21:42:01.439 T:22599 debug : ffmpeg[0x345cbc0]: [mjpeg] escaping removed 217 bytes
2024-09-20 21:42:01.439 T:22521 debug : ffmpeg[0x3b77dd0]: [mjpeg] component: 1
2024-09-20 21:42:01.439 T:22599 debug : ffmpeg[0x345cbc0]: [mjpeg] marker=da avail_size_in_buf=65083
2024-09-20 21:42:01.439 T:22521 debug : ffmpeg[0x3b77dd0]: [mjpeg] component: 2
2024-09-20 21:42:01.439 T:22599 debug : ffmpeg[0x345cbc0]: [mjpeg] component: 1
2024-09-20 21:42:01.439 T:22521 debug : ffmpeg[0x3b77dd0]: [mjpeg] component: 3
2024-09-20 21:42:01.439 T:22599 debug : ffmpeg[0x345cbc0]: [mjpeg] component: 2
2024-09-20 21:42:01.439 T:22599 debug : ffmpeg[0x345cbc0]: [mjpeg] component: 3
2024-09-20 21:42:01.439 T:22556 debug : ffmpeg[0x3e09900]: [mjpeg] marker=d8 avail_size_in_buf=65058
2024-09-20 21:42:01.439 T:22556 debug : ffmpeg[0x3e09900]: [mjpeg] marker parser used 0 bytes (0 bits)
2024-09-20 21:42:01.439 T:22556 debug : ffmpeg[0x3e09900]: [mjpeg] marker=fe avail_size_in_buf=65056
2024-09-20 21:42:01.439 T:22556 debug : ffmpeg[0x3e09900]: [mjpeg] marker parser used 15 bytes (120 bits)
2024-09-20 21:42:01.439 T:22556 debug : ffmpeg[0x3e09900]: [mjpeg] marker=db avail_size_in_buf=65039
2024-09-20 21:42:01.439 T:22556 debug : ffmpeg[0x3e09900]: [mjpeg] index=0
2024-09-20 21:42:01.439 T:22556 debug : ffmpeg[0x3e09900]: [mjpeg] qscale[0]: 5
2024-09-20 21:42:01.439 T:22556 debug : ffmpeg[0x3e09900]: [mjpeg] marker parser used 67 bytes (536 bits)
2024-09-20 21:42:01.439 T:22556 debug : ffmpeg[0x3e09900]: [mjpeg] marker=c4 avail_size_in_buf=64970
2024-09-20 21:42:01.439 T:22556 debug : ffmpeg[0x3e09900]: [mjpeg] class=0 index=0 nb_codes=9
2024-09-20 21:42:01.439 T:22556 debug : ffmpeg[0x3e09900]: [mjpeg] class=0 index=1 nb_codes=8
2024-09-20 21:42:01.439 T:22556 debug : ffmpeg[0x3e09900]: [mjpeg] class=1 index=0 nb_codes=78
2024-09-20 21:42:01.439 T:22556 debug : ffmpeg[0x3e09900]: [mjpeg] class=1 index=1 nb_codes=52
2024-09-20 21:42:01.439 T:22556 debug : ffmpeg[0x3e09900]: [mjpeg] marker parser used 217 bytes (1736 bits)
2024-09-20 21:42:01.439 T:22556 debug : ffmpeg[0x3e09900]: [mjpeg] marker=c0 avail_size_in_buf=64751
2024-09-20 21:42:01.439 T:22556 debug : ffmpeg[0x3e09900]: [mjpeg] Changing bps from 0 to 8
2024-09-20 21:42:01.439 T:22556 debug : ffmpeg[0x3e09900]: [mjpeg] sof0: picture: 464x696
2024-09-20 21:42:01.439 T:22556 debug : ffmpeg[0x3e09900]: [mjpeg] component 0 2:2 id: 1 quant:0
2024-09-20 21:42:01.439 T:22556 debug : ffmpeg[0x3e09900]: [mjpeg] component 1 1:1 id: 2 quant:0
2024-09-20 21:42:01.439 T:22556 debug : ffmpeg[0x3e09900]: [mjpeg] component 2 1:1 id: 3 quant:0
2024-09-20 21:42:01.439 T:22556 debug : ffmpeg[0x3e09900]: [mjpeg] pix fmt id 22111100
2024-09-20 21:42:01.439 T:22556 debug : ffmpeg[0x3e09900]: [mjpeg] Format yuvj420p chosen by get_format().
2024-09-20 21:42:01.439 T:22556 debug : ffmpeg[0x3e09900]: [mjpeg] marker parser used 17 bytes (136 bits)
2024-09-20 21:42:01.439 T:22556 debug : ffmpeg[0x3e09900]: [mjpeg] escaping removed 220 bytes
2024-09-20 21:42:01.439 T:22556 debug : ffmpeg[0x3e09900]: [mjpeg] marker=da avail_size_in_buf=64732
2024-09-20 21:42:01.439 T:22556 debug : ffmpeg[0x3e09900]: [mjpeg] component: 1
2024-09-20 21:42:01.439 T:22556 debug : ffmpeg[0x3e09900]: [mjpeg] component: 2
2024-09-20 21:42:01.439 T:22556 debug : ffmpeg[0x3e09900]: [mjpeg] component: 3
2024-09-20 21:42:01.440 T:22521 debug : ffmpeg[0x3b77dd0]: [mjpeg] marker parser used 24858 bytes (198864 bits)
2024-09-20 21:42:01.440 T:22521 debug : ffmpeg[0x3b77dd0]: [mjpeg] marker=d9 avail_size_in_buf=0
2024-09-20 21:42:01.441 T:22557 debug : ffmpeg[0x3178c68]: [mjpeg] marker parser used 60103 bytes (480824 bits)
2024-09-20 21:42:01.441 T:22521 debug : ffmpeg[0x3b77dd0]: [mjpeg] decode frame unused 0 bytes
2024-09-20 21:42:01.441 T:22557 debug : ffmpeg[0x3178c68]: [mjpeg] marker=d9 avail_size_in_buf=0
2024-09-20 21:42:01.441 T:22557 debug : ffmpeg[0x3178c68]: [mjpeg] decode frame unused 0 bytes
2024-09-20 21:42:01.441 T:22599 debug : ffmpeg[0x345cbc0]: [mjpeg] marker parser used 64865 bytes (518920 bits)
2024-09-20 21:42:01.442 T:22599 debug : ffmpeg[0x345cbc0]: [mjpeg] marker=d9 avail_size_in_buf=0
2024-09-20 21:42:01.442 T:22599 debug : ffmpeg[0x345cbc0]: [mjpeg] decode frame unused 0 bytes
2024-09-20 21:42:01.442 T:22556 debug : ffmpeg[0x3e09900]: [mjpeg] marker parser used 64511 bytes (516085 bits)
2024-09-20 21:42:01.442 T:22556 debug : ffmpeg[0x3e09900]: [mjpeg] marker=d9 avail_size_in_buf=0
2024-09-20 21:42:01.442 T:22556 debug : ffmpeg[0x3e09900]: [mjpeg] decode frame unused 0 bytes
2024-09-20 21:42:01.444 T:22557 debug : ffmpeg[0x3178c68]: [mjpeg] marker=d8 avail_size_in_buf=47582
2024-09-20 21:42:01.444 T:22557 debug : ffmpeg[0x3178c68]: [mjpeg] marker parser used 0 bytes (0 bits)
2024-09-20 21:42:01.444 T:22557 debug : ffmpeg[0x3178c68]: [mjpeg] marker=fe avail_size_in_buf=47580
2024-09-20 21:42:01.444 T:22557 debug : ffmpeg[0x3178c68]: [mjpeg] marker parser used 15 bytes (120 bits)
2024-09-20 21:42:01.444 T:22557 debug : ffmpeg[0x3178c68]: [mjpeg] marker=db avail_size_in_buf=47563
2024-09-20 21:42:01.444 T:22557 debug : ffmpeg[0x3178c68]: [mjpeg] index=0
2024-09-20 21:42:01.444 T:22557 debug : ffmpeg[0x3178c68]: [mjpeg] qscale[0]: 5
2024-09-20 21:42:01.444 T:22557 debug : ffmpeg[0x3178c68]: [mjpeg] marker parser used 67 bytes (536 bits)
2024-09-20 21:42:01.444 T:22557 debug : ffmpeg[0x3178c68]: [mjpeg] marker=c4 avail_size_in_buf=47494
2024-09-20 21:42:01.444 T:22557 debug : ffmpeg[0x3178c68]: [mjpeg] class=0 index=0 nb_codes=9
2024-09-20 21:42:01.444 T:22557 debug : ffmpeg[0x3178c68]: [mjpeg] class=0 index=1 nb_codes=7
2024-09-20 21:42:01.444 T:22557 debug : ffmpeg[0x3178c68]: [mjpeg] class=1 index=0 nb_codes=61
2024-09-20 21:42:01.444 T:22557 debug : ffmpeg[0x3178c68]: [mjpeg] class=1 index=1 nb_codes=39
2024-09-20 21:42:01.444 T:22557 debug : ffmpeg[0x3178c68]: [mjpeg] marker parser used 186 bytes (1488 bits)
2024-09-20 21:42:01.444 T:22557 debug : ffmpeg[0x3178c68]: [mjpeg] marker=c0 avail_size_in_buf=47306
2024-09-20 21:42:01.444 T:22557 debug : ffmpeg[0x3178c68]: [mjpeg] Changing bps from 0 to 8
2024-09-20 21:42:01.444 T:22557 debug : ffmpeg[0x3178c68]: [mjpeg] sof0: picture: 464x696
2024-09-20 21:42:01.444 T:22557 debug : ffmpeg[0x3178c68]: [mjpeg] component 0 2:2 id: 1 quant:0
2024-09-20 21:42:01.444 T:22557 debug : ffmpeg[0x3178c68]: [mjpeg] component 1 1:1 id: 2 quant:0
2024-09-20 21:42:01.444 T:22557 debug : ffmpeg[0x3178c68]: [mjpeg] component 2 1:1 id: 3 quant:0
2024-09-20 21:42:01.444 T:22557 debug : ffmpeg[0x3178c68]: [mjpeg] pix fmt id 22111100
2024-09-20 21:42:01.444 T:22557 debug : ffmpeg[0x3178c68]: [mjpeg] Format yuvj420p chosen by get_format().
2024-09-20 21:42:01.444 T:22557 debug : ffmpeg[0x3178c68]: [mjpeg] marker parser used 17 bytes (136 bits)
2024-09-20 21:42:01.444 T:22557 debug : ffmpeg[0x3178c68]: [mjpeg] escaping removed 162 bytes
2024-09-20 21:42:01.444 T:22557 debug : ffmpeg[0x3178c68]: [mjpeg] marker=da avail_size_in_buf=47287
2024-09-20 21:42:01.444 T:22557 debug : ffmpeg[0x3178c68]: [mjpeg] component: 1
2024-09-20 21:42:01.444 T:22557 debug : ffmpeg[0x3178c68]: [mjpeg] component: 2
2024-09-20 21:42:01.444 T:22557 debug : ffmpeg[0x3178c68]: [mjpeg] component: 3
2024-09-20 21:42:01.445 T:22599 debug : ffmpeg[0x345cbc0]: [mjpeg] marker=d8 avail_size_in_buf=56987
2024-09-20 21:42:01.445 T:22599 debug : ffmpeg[0x345cbc0]: [mjpeg] marker parser used 0 bytes (0 bits)
2024-09-20 21:42:01.445 T:22599 debug : ffmpeg[0x345cbc0]: [mjpeg] marker=fe avail_size_in_buf=56985
2024-09-20 21:42:01.445 T:22599 debug : ffmpeg[0x345cbc0]: [mjpeg] marker parser used 15 bytes (120 bits)
2024-09-20 21:42:01.445 T:22599 debug : ffmpeg[0x345cbc0]: [mjpeg] marker=db avail_size_in_buf=56968
2024-09-20 21:42:01.445 T:22599 debug : ffmpeg[0x345cbc0]: [mjpeg] index=0
2024-09-20 21:42:01.445 T:22599 debug : ffmpeg[0x345cbc0]: [mjpeg] qscale[0]: 5
2024-09-20 21:42:01.445 T:22599 debug : ffmpeg[0x345cbc0]: [mjpeg] marker parser used 67 bytes (536 bits)
2024-09-20 21:42:01.445 T:22599 debug : ffmpeg[0x345cbc0]: [mjpeg] marker=c4 avail_size_in_buf=56899
2024-09-20 21:42:01.445 T:22599 debug : ffmpeg[0x345cbc0]: [mjpeg] class=0 index=0 nb_codes=9
2024-09-20 21:42:01.445 T:22599 debug : ffmpeg[0x345cbc0]: [mjpeg] class=0 index=1 nb_codes=8
2024-09-20 21:42:01.445 T:22599 debug : ffmpeg[0x345cbc0]: [mjpeg] class=1 index=0 nb_codes=58
2024-09-20 21:42:01.445 T:22599 debug : ffmpeg[0x345cbc0]: [mjpeg] class=1 index=1 nb_codes=45
2024-09-20 21:42:01.445 T:22599 debug : ffmpeg[0x345cbc0]: [mjpeg] marker parser used 190 bytes (1520 bits)
2024-09-20 21:42:01.445 T:22599 debug : ffmpeg[0x345cbc0]: [mjpeg] marker=c0 avail_size_in_buf=56707
2024-09-20 21:42:01.445 T:22599 debug : ffmpeg[0x345cbc0]: [mjpeg] Changing bps from 0 to 8
2024-09-20 21:42:01.445 T:22599 debug : ffmpeg[0x345cbc0]: [mjpeg] sof0: picture: 464x696
2024-09-20 21:42:01.445 T:22599 debug : ffmpeg[0x345cbc0]: [mjpeg] component 0 2:2 id: 1 quant:0
2024-09-20 21:42:01.445 T:22599 debug : ffmpeg[0x345cbc0]: [mjpeg] component 1 1:1 id: 2 quant:0
2024-09-20 21:42:01.445 T:22599 debug : ffmpeg[0x345cbc0]: [mjpeg] component 2 1:1 id: 3 quant:0
2024-09-20 21:42:01.445 T:22599 debug : ffmpeg[0x345cbc0]: [mjpeg] pix fmt id 22111100
2024-09-20 21:42:01.445 T:22599 debug : ffmpeg[0x345cbc0]: [mjpeg] Format yuvj420p chosen by get_format().
2024-09-20 21:42:01.445 T:22599 debug : ffmpeg[0x345cbc0]: [mjpeg] marker parser used 17 bytes (136 bits)
2024-09-20 21:42:01.445 T:22599 debug : ffmpeg[0x345cbc0]: [mjpeg] escaping removed 183 bytes
2024-09-20 21:42:01.445 T:22599 debug : ffmpeg[0x345cbc0]: [mjpeg] marker=da avail_size_in_buf=56688
2024-09-20 21:42:01.445 T:22599 debug : ffmpeg[0x345cbc0]: [mjpeg] component: 1
2024-09-20 21:42:01.445 T:22599 debug : ffmpeg[0x345cbc0]: [mjpeg] component: 2
2024-09-20 21:42:01.445 T:22599 debug : ffmpeg[0x345cbc0]: [mjpeg] component: 3
2024-09-20 21:42:01.446 T:22556 debug : ffmpeg[0x3e09900]: [mjpeg] marker=d8 avail_size_in_buf=59663
2024-09-20 21:42:01.446 T:22556 debug : ffmpeg[0x3e09900]: [mjpeg] marker parser used 0 bytes (0 bits)
2024-09-20 21:42:01.446 T:22556 debug : ffmpeg[0x3e09900]: [mjpeg] marker=fe avail_size_in_buf=59661
2024-09-20 21:42:01.446 T:22556 debug : ffmpeg[0x3e09900]: [mjpeg] marker parser used 15 bytes (120 bits)
2024-09-20 21:42:01.446 T:22556 debug : ffmpeg[0x3e09900]: [mjpeg] marker=db avail_size_in_buf=59644
2024-09-20 21:42:01.446 T:22556 debug : ffmpeg[0x3e09900]: [mjpeg] index=0
2024-09-20 21:42:01.446 T:22556 debug : ffmpeg[0x3e09900]: [mjpeg] qscale[0]: 5
2024-09-20 21:42:01.446 T:22556 debug : ffmpeg[0x3e09900]: [mjpeg] marker parser used 67 bytes (536 bits)
2024-09-20 21:42:01.446 T:22556 debug : ffmpeg[0x3e09900]: [mjpeg] marker=c4 avail_size_in_buf=59575
2024-09-20 21:42:01.446 T:22556 debug : ffmpeg[0x3e09900]: [mjpeg] class=0 index=0 nb_codes=9
2024-09-20 21:42:01.446 T:22556 debug : ffmpeg[0x3e09900]: [mjpeg] class=0 index=1 nb_codes=8
2024-09-20 21:42:01.446 T:22556 debug : ffmpeg[0x3e09900]: [mjpeg] class=1 index=0 nb_codes=62
2024-09-20 21:42:01.446 T:22556 debug : ffmpeg[0x3e09900]: [mjpeg] class=1 index=1 nb_codes=50
2024-09-20 21:42:01.446 T:22556 debug : ffmpeg[0x3e09900]: [mjpeg] marker parser used 199 bytes (1592 bits)
2024-09-20 21:42:01.446 T:22556 debug : ffmpeg[0x3e09900]: [mjpeg] marker=c0 avail_size_in_buf=59374
2024-09-20 21:42:01.446 T:22556 debug : ffmpeg[0x3e09900]: [mjpeg] Changing bps from 0 to 8
2024-09-20 21:42:01.446 T:22556 debug : ffmpeg[0x3e09900]: [mjpeg] sof0: picture: 464x696
2024-09-20 21:42:01.446 T:22556 debug : ffmpeg[0x3e09900]: [mjpeg] component 0 2:2 id: 1 quant:0
2024-09-20 21:42:01.446 T:22556 debug : ffmpeg[0x3e09900]: [mjpeg] component 1 1:1 id: 2 quant:0
2024-09-20 21:42:01.446 T:22556 debug : ffmpeg[0x3e09900]: [mjpeg] component 2 1:1 id: 3 quant:0
2024-09-20 21:42:01.446 T:22556 debug : ffmpeg[0x3e09900]: [mjpeg] pix fmt id 22111100
2024-09-20 21:42:01.446 T:22556 debug : ffmpeg[0x3e09900]: [mjpeg] Format yuvj420p chosen by get_format().
2024-09-20 21:42:01.446 T:22556 debug : ffmpeg[0x3e09900]: [mjpeg] marker parser used 17 bytes (136 bits)
2024-09-20 21:42:01.446 T:22556 debug : ffmpeg[0x3e09900]: [mjpeg] escaping removed 227 bytes
2024-09-20 21:42:01.446 T:22556 debug : ffmpeg[0x3e09900]: [mjpeg] marker=da avail_size_in_buf=59355
2024-09-20 21:42:01.446 T:22556 debug : ffmpeg[0x3e09900]: [mjpeg] component: 1
2024-09-20 21:42:01.446 T:22556 debug : ffmpeg[0x3e09900]: [mjpeg] component: 2
2024-09-20 21:42:01.446 T:22556 debug : ffmpeg[0x3e09900]: [mjpeg] component: 3
2024-09-20 21:42:01.446 T:22557 debug : ffmpeg[0x3178c68]: [mjpeg] marker parser used 47124 bytes (376987 bits)
2024-09-20 21:42:01.446 T:22557 debug : ffmpeg[0x3178c68]: [mjpeg] marker=d9 avail_size_in_buf=0
2024-09-20 21:42:01.446 T:22557 debug : ffmpeg[0x3178c68]: [mjpeg] decode frame unused 0 bytes
2024-09-20 21:42:01.448 T:22599 debug : ffmpeg[0x345cbc0]: [mjpeg] marker parser used 56504 bytes (452032 bits)
2024-09-20 21:42:01.448 T:22599 debug : ffmpeg[0x345cbc0]: [mjpeg] marker=d9 avail_size_in_buf=0
2024-09-20 21:42:01.448 T:22599 debug : ffmpeg[0x345cbc0]: [mjpeg] decode frame unused 0 bytes
2024-09-20 21:42:01.449 T:22556 debug : ffmpeg[0x3e09900]: [mjpeg] marker parser used 59127 bytes (473014 bits)
2024-09-20 21:42:01.449 T:22556 debug : ffmpeg[0x3e09900]: [mjpeg] marker=d9 avail_size_in_buf=0
2024-09-20 21:42:01.449 T:22556 debug : ffmpeg[0x3e09900]: [mjpeg] decode frame unused 0 bytes
2024-09-20 21:42:01.449 T:22557 debug : ffmpeg[0x3178c68]: [mjpeg] marker=d8 avail_size_in_buf=69544
2024-09-20 21:42:01.449 T:22557 debug : ffmpeg[0x3178c68]: [mjpeg] marker parser used 0 bytes (0 bits)
2024-09-20 21:42:01.449 T:22557 debug : ffmpeg[0x3178c68]: [mjpeg] marker=fe avail_size_in_buf=69542
2024-09-20 21:42:01.449 T:22557 debug : ffmpeg[0x3178c68]: [mjpeg] marker parser used 15 bytes (120 bits)
2024-09-20 21:42:01.449 T:22557 debug : ffmpeg[0x3178c68]: [mjpeg] marker=db avail_size_in_buf=69525
2024-09-20 21:42:01.449 T:22557 debug : ffmpeg[0x3178c68]: [mjpeg] index=0
2024-09-20 21:42:01.449 T:22557 debug : ffmpeg[0x3178c68]: [mjpeg] qscale[0]: 5
2024-09-20 21:42:01.449 T:22557 debug : ffmpeg[0x3178c68]: [mjpeg] marker parser used 67 bytes (536 bits)
2024-09-20 21:42:01.449 T:22557 debug : ffmpeg[0x3178c68]: [mjpeg] marker=c4 avail_size_in_buf=69456
2024-09-20 21:42:01.449 T:22557 debug : ffmpeg[0x3178c68]: [mjpeg] class=0 index=0 nb_codes=9
2024-09-20 21:42:01.449 T:22557 debug : ffmpeg[0x3178c68]: [mjpeg] class=0 index=1 nb_codes=7
2024-09-20 21:42:01.450 T:22557 debug : ffmpeg[0x3178c68]: [mjpeg] class=1 index=0 nb_codes=63
2024-09-20 21:42:01.450 T:22557 debug : ffmpeg[0x3178c68]: [mjpeg] class=1 index=1 nb_codes=52
2024-09-20 21:42:01.450 T:22557 debug : ffmpeg[0x3178c68]: [mjpeg] marker parser used 201 bytes (1608 bits)
2024-09-20 21:42:01.450 T:22557 debug : ffmpeg[0x3178c68]: [mjpeg] marker=c0 avail_size_in_buf=69253
2024-09-20 21:42:01.450 T:22557 debug : ffmpeg[0x3178c68]: [mjpeg] Changing bps from 0 to 8
2024-09-20 21:42:01.450 T:22557 debug : ffmpeg[0x3178c68]: [mjpeg] sof0: picture: 464x696
2024-09-20 21:42:01.450 T:22557 debug : ffmpeg[0x3178c68]: [mjpeg] component 0 2:2 id: 1 quant:0
2024-09-20 21:42:01.450 T:22557 debug : ffmpeg[0x3178c68]: [mjpeg] component 1 1:1 id: 2 quant:0
2024-09-20 21:42:01.450 T:22557 debug : ffmpeg[0x3178c68]: [mjpeg] component 2 1:1 id: 3 quant:0
2024-09-20 21:42:01.450 T:22557 debug : ffmpeg[0x3178c68]: [mjpeg] pix fmt id 22111100
2024-09-20 21:42:01.450 T:22557 debug : ffmpeg[0x3178c68]: [mjpeg] Format yuvj420p chosen by get_format().
2024-09-20 21:42:01.450 T:22557 debug : ffmpeg[0x3178c68]: [mjpeg] marker parser used 17 bytes (136 bits)
2024-09-20 21:42:01.450 T:22557 debug : ffmpeg[0x3178c68]: [mjpeg] escaping removed 250 bytes
2024-09-20 21:42:01.450 T:22557 debug : ffmpeg[0x3178c68]: [mjpeg] marker=da avail_size_in_buf=69234
2024-09-20 21:42:01.450 T:22557 debug : ffmpeg[0x3178c68]: [mjpeg] component: 1
2024-09-20 21:42:01.450 T:22557 debug : ffmpeg[0x3178c68]: [mjpeg] component: 2
2024-09-20 21:42:01.450 T:22557 debug : ffmpeg[0x3178c68]: [mjpeg] component: 3
2024-09-20 21:42:01.451 T:22599 debug : ffmpeg[0x345cbc0]: [mjpeg] marker=d8 avail_size_in_buf=39055
2024-09-20 21:42:01.451 T:22599 debug : ffmpeg[0x345cbc0]: [mjpeg] marker parser used 0 bytes (0 bits)
2024-09-20 21:42:01.451 T:22599 debug : ffmpeg[0x345cbc0]: [mjpeg] marker=fe avail_size_in_buf=39053
2024-09-20 21:42:01.451 T:22599 debug : ffmpeg[0x345cbc0]: [mjpeg] marker parser used 15 bytes (120 bits)
2024-09-20 21:42:01.451 T:22599 debug : ffmpeg[0x345cbc0]: [mjpeg] marker=db avail_size_in_buf=39036
2024-09-20 21:42:01.451 T:22599 debug : ffmpeg[0x345cbc0]: [mjpeg] index=0
2024-09-20 21:42:01.451 T:22599 debug : ffmpeg[0x345cbc0]: [mjpeg] qscale[0]: 5
2024-09-20 21:42:01.451 T:22599 debug : ffmpeg[0x345cbc0]: [mjpeg] marker parser used 67 bytes (536 bits)
2024-09-20 21:42:01.451 T:22599 debug : ffmpeg[0x345cbc0]: [mjpeg] marker=c4 avail_size_in_buf=38967
2024-09-20 21:42:01.451 T:22599 debug : ffmpeg[0x345cbc0]: [mjpeg] class=0 index=0 nb_codes=9
2024-09-20 21:42:01.451 T:22599 debug : ffmpeg[0x345cbc0]: [mjpeg] class=0 index=1 nb_codes=6
2024-09-20 21:42:01.451 T:22599 debug : ffmpeg[0x345cbc0]: [mjpeg] class=1 index=0 nb_codes=60
2024-09-20 21:42:01.451 T:22599 debug : ffmpeg[0x345cbc0]: [mjpeg] class=1 index=1 nb_codes=34
2024-09-20 21:42:01.451 T:22599 debug : ffmpeg[0x345cbc0]: [mjpeg] marker parser used 179 bytes (1432 bits)
2024-09-20 21:42:01.451 T:22599 debug : ffmpeg[0x345cbc0]: [mjpeg] marker=c0 avail_size_in_buf=38786
2024-09-20 21:42:01.451 T:22599 debug : ffmpeg[0x345cbc0]: [mjpeg] Changing bps from 0 to 8
2024-09-20 21:42:01.451 T:22599 debug : ffmpeg[0x345cbc0]: [mjpeg] sof0: picture: 464x696
2024-09-20 21:42:01.451 T:22599 debug : ffmpeg[0x345cbc0]: [mjpeg] component 0 2:2 id: 1 quant:0
2024-09-20 21:42:01.451 T:22599 debug : ffmpeg[0x345cbc0]: [mjpeg] component 1 1:1 id: 2 quant:0
2024-09-20 21:42:01.451 T:22599 debug : ffmpeg[0x345cbc0]: [mjpeg] component 2 1:1 id: 3 quant:0
2024-09-20 21:42:01.451 T:22599 debug : ffmpeg[0x345cbc0]: [mjpeg] pix fmt id 22111100
2024-09-20 21:42:01.451 T:22599 debug : ffmpeg[0x345cbc0]: [mjpeg] Format yuvj420p chosen by get_format().
2024-09-20 21:42:01.451 T:22599 debug : ffmpeg[0x345cbc0]: [mjpeg] marker parser used 17 bytes (136 bits)
2024-09-20 21:42:01.451 T:22599 debug : ffmpeg[0x345cbc0]: [mjpeg] escaping removed 95 bytes
2024-09-20 21:42:01.451 T:22599 debug : ffmpeg[0x345cbc0]: [mjpeg] marker=da avail_size_in_buf=38767
2024-09-20 21:42:01.451 T:22599 debug : ffmpeg[0x345cbc0]: [mjpeg] component: 1
2024-09-20 21:42:01.451 T:22599 debug : ffmpeg[0x345cbc0]: [mjpeg] component: 2
2024-09-20 21:42:01.451 T:22599 debug : ffmpeg[0x345cbc0]: [mjpeg] component: 3
2024-09-20 21:42:01.451 T:22556 debug : ffmpeg[0x3e09900]: [mjpeg] marker=d8 avail_size_in_buf=26794
2024-09-20 21:42:01.451 T:22556 debug : ffmpeg[0x3e09900]: [mjpeg] marker parser used 0 bytes (0 bits)
2024-09-20 21:42:01.451 T:22556 debug : ffmpeg[0x3e09900]: [mjpeg] marker=fe avail_size_in_buf=26792
2024-09-20 21:42:01.451 T:22556 debug : ffmpeg[0x3e09900]: [mjpeg] marker parser used 15 bytes (120 bits)
2024-09-20 21:42:01.451 T:22556 debug : ffmpeg[0x3e09900]: [mjpeg] marker=db avail_size_in_buf=26775
2024-09-20 21:42:01.451 T:22556 debug : ffmpeg[0x3e09900]: [mjpeg] index=0
2024-09-20 21:42:01.451 T:22556 debug : ffmpeg[0x3e09900]: [mjpeg] qscale[0]: 5
2024-09-20 21:42:01.451 T:22556 debug : ffmpeg[0x3e09900]: [mjpeg] marker parser used 67 bytes (536 bits)
2024-09-20 21:42:01.451 T:22556 debug : ffmpeg[0x3e09900]: [mjpeg] marker=c4 avail_size_in_buf=26706
2024-09-20 21:42:01.451 T:22556 debug : ffmpeg[0x3e09900]: [mjpeg] class=0 index=0 nb_codes=9
2024-09-20 21:42:01.452 T:22556 debug : ffmpeg[0x3e09900]: [mjpeg] class=0 index=1 nb_codes=8
2024-09-20 21:42:01.452 T:22556 debug : ffmpeg[0x3e09900]: [mjpeg] class=1 index=0 nb_codes=69
2024-09-20 21:42:01.452 T:22556 debug : ffmpeg[0x3e09900]: [mjpeg] class=1 index=1 nb_codes=53
2024-09-20 21:42:01.452 T:22556 debug : ffmpeg[0x3e09900]: [mjpeg] marker parser used 209 bytes (1672 bits)
2024-09-20 21:42:01.452 T:22556 debug : ffmpeg[0x3e09900]: [mjpeg] marker=c0 avail_size_in_buf=26495
2024-09-20 21:42:01.452 T:22556 debug : ffmpeg[0x3e09900]: [mjpeg] Changing bps from 0 to 8
2024-09-20 21:42:01.452 T:22556 debug : ffmpeg[0x3e09900]: [mjpeg] sof0: picture: 464x696
2024-09-20 21:42:01.452 T:22556 debug : ffmpeg[0x3e09900]: [mjpeg] component 0 2:2 id: 1 quant:0
2024-09-20 21:42:01.452 T:22556 debug : ffmpeg[0x3e09900]: [mjpeg] component 1 1:1 id: 2 quant:0
2024-09-20 21:42:01.452 T:22556 debug : ffmpeg[0x3e09900]: [mjpeg] component 2 1:1 id: 3 quant:0
2024-09-20 21:42:01.452 T:22556 debug : ffmpeg[0x3e09900]: [mjpeg] pix fmt id 22111100
2024-09-20 21:42:01.452 T:22556 debug : ffmpeg[0x3e09900]: [mjpeg] Format yuvj420p chosen by get_format().
2024-09-20 21:42:01.452 T:22556 debug : ffmpeg[0x3e09900]: [mjpeg] marker parser used 17 bytes (136 bits)
2024-09-20 21:42:01.452 T:22556 debug : ffmpeg[0x3e09900]: [mjpeg] escaping removed 103 bytes
2024-09-20 21:42:01.452 T:22556 debug : ffmpeg[0x3e09900]: [mjpeg] marker=da avail_size_in_buf=26476
2024-09-20 21:42:01.452 T:22556 debug : ffmpeg[0x3e09900]: [mjpeg] component: 1
2024-09-20 21:42:01.452 T:22556 debug : ffmpeg[0x3e09900]: [mjpeg] component: 2
2024-09-20 21:42:01.452 T:22556 debug : ffmpeg[0x3e09900]: [mjpeg] component: 3
2024-09-20 21:42:01.453 T:22557 debug : ffmpeg[0x3178c68]: [mjpeg] marker parser used 68983 bytes (551858 bits)
2024-09-20 21:42:01.453 T:22557 debug : ffmpeg[0x3178c68]: [mjpeg] marker=d9 avail_size_in_buf=0
2024-09-20 21:42:01.453 T:22557 debug : ffmpeg[0x3178c68]: [mjpeg] decode frame unused 0 bytes
2024-09-20 21:42:01.453 T:22599 debug : ffmpeg[0x345cbc0]: [mjpeg] marker parser used 38671 bytes (309362 bits)
2024-09-20 21:42:01.453 T:22599 debug : ffmpeg[0x345cbc0]: [mjpeg] marker=d9 avail_size_in_buf=0
2024-09-20 21:42:01.453 T:22599 debug : ffmpeg[0x345cbc0]: [mjpeg] decode frame unused 0 bytes
2024-09-20 21:42:01.453 T:22556 debug : ffmpeg[0x3e09900]: [mjpeg] marker parser used 26372 bytes (210973 bits)
2024-09-20 21:42:01.453 T:22556 debug : ffmpeg[0x3e09900]: [mjpeg] marker=d9 avail_size_in_buf=0
2024-09-20 21:42:01.453 T:22556 debug : ffmpeg[0x3e09900]: [mjpeg] decode frame unused 0 bytes
2024-09-20 21:42:01.454 T:22521 debug : ffmpeg[0x3b77dd0]: [mjpeg] marker=d8 avail_size_in_buf=26483
2024-09-20 21:42:01.454 T:22521 debug : ffmpeg[0x3b77dd0]: [mjpeg] marker parser used 0 bytes (0 bits)
2024-09-20 21:42:01.454 T:22521 debug : ffmpeg[0x3b77dd0]: [mjpeg] marker=fe avail_size_in_buf=26481
2024-09-20 21:42:01.454 T:22521 debug : ffmpeg[0x3b77dd0]: [mjpeg] marker parser used 15 bytes (120 bits)
2024-09-20 21:42:01.454 T:22521 debug : ffmpeg[0x3b77dd0]: [mjpeg] marker=db avail_size_in_buf=26464
2024-09-20 21:42:01.454 T:22521 debug : ffmpeg[0x3b77dd0]: [mjpeg] index=0
2024-09-20 21:42:01.454 T:22521 debug : ffmpeg[0x3b77dd0]: [mjpeg] qscale[0]: 5
2024-09-20 21:42:01.454 T:22521 debug : ffmpeg[0x3b77dd0]: [mjpeg] marker parser used 67 bytes (536 bits)
2024-09-20 21:42:01.454 T:22521 debug : ffmpeg[0x3b77dd0]: [mjpeg] marker=c4 avail_size_in_buf=26395
2024-09-20 21:42:01.454 T:22521 debug : ffmpeg[0x3b77dd0]: [mjpeg] class=0 index=0 nb_codes=9
2024-09-20 21:42:01.454 T:22521 debug : ffmpeg[0x3b77dd0]: [mjpeg] class=0 index=1 nb_codes=6
