2024-09-20 21:42:04.683 T:21920 info : script.plex: API: Choice media: 4K, DV P8.1/HDR, FLAC, 76.1 Mbps container=mkv videoCodec=hevc audioCodec=truehd audioChannels=8 id=81890 part:0
2024-09-20 21:42:04.684 T:22557 debug : ffmpeg[0x3178c68]: [mjpeg] marker=d8 avail_size_in_buf=29080
2024-09-20 21:42:04.684 T:22557 debug : ffmpeg[0x3178c68]: [mjpeg] marker parser used 0 bytes (0 bits)
2024-09-20 21:42:04.685 T:22557 debug : ffmpeg[0x3178c68]: [mjpeg] marker=fe avail_size_in_buf=29078
2024-09-20 21:42:04.685 T:22557 debug : ffmpeg[0x3178c68]: [mjpeg] marker parser used 15 bytes (120 bits)
2024-09-20 21:42:04.685 T:22557 debug : ffmpeg[0x3178c68]: [mjpeg] marker=db avail_size_in_buf=29061
2024-09-20 21:42:04.685 T:22557 debug : ffmpeg[0x3178c68]: [mjpeg] index=0
2024-09-20 21:42:04.685 T:22557 debug : ffmpeg[0x3178c68]: [mjpeg] qscale[0]: 5
2024-09-20 21:42:04.685 T:22557 debug : ffmpeg[0x3178c68]: [mjpeg] marker parser used 67 bytes (536 bits)
2024-09-20 21:42:04.685 T:22557 debug : ffmpeg[0x3178c68]: [mjpeg] marker=c4 avail_size_in_buf=28992
2024-09-20 21:42:04.685 T:22557 debug : ffmpeg[0x3178c68]: [mjpeg] class=0 index=0 nb_codes=9
2024-09-20 21:42:04.685 T:22557 debug : ffmpeg[0x3178c68]: [mjpeg] class=0 index=1 nb_codes=7
2024-09-20 21:42:04.685 T:22557 debug : ffmpeg[0x3178c68]: [mjpeg] class=1 index=0 nb_codes=68
2024-09-20 21:42:04.685 T:22557 debug : ffmpeg[0x3178c68]: [mjpeg] class=1 index=1 nb_codes=48
2024-09-20 21:42:04.685 T:22557 debug : ffmpeg[0x3178c68]: [mjpeg] marker parser used 202 bytes (1616 bits)
2024-09-20 21:42:04.685 T:22557 debug : ffmpeg[0x3178c68]: [mjpeg] marker=c0 avail_size_in_buf=28788
2024-09-20 21:42:04.685 T:22557 debug : ffmpeg[0x3178c68]: [mjpeg] Changing bps from 0 to 8
2024-09-20 21:42:04.685 T:22557 debug : ffmpeg[0x3178c68]: [mjpeg] sof0: picture: 480x720
2024-09-20 21:42:04.685 T:22557 debug : ffmpeg[0x3178c68]: [mjpeg] component 0 2:2 id: 1 quant:0
2024-09-20 21:42:04.685 T:22557 debug : ffmpeg[0x3178c68]: [mjpeg] component 1 1:1 id: 2 quant:0
2024-09-20 21:42:04.685 T:22557 debug : ffmpeg[0x3178c68]: [mjpeg] component 2 1:1 id: 3 quant:0
2024-09-20 21:42:04.685 T:22557 debug : ffmpeg[0x3178c68]: [mjpeg] pix fmt id 22111100
2024-09-20 21:42:04.685 T:22557 debug : ffmpeg[0x3178c68]: [mjpeg] Format yuvj420p chosen by get_format().
2024-09-20 21:42:04.685 T:22557 debug : ffmpeg[0x3178c68]: [mjpeg] marker parser used 17 bytes (136 bits)
2024-09-20 21:42:04.685 T:22557 debug : ffmpeg[0x3178c68]: [mjpeg] escaping removed 116 bytes
2024-09-20 21:42:04.685 T:22557 debug : ffmpeg[0x3178c68]: [mjpeg] marker=da avail_size_in_buf=28769
2024-09-20 21:42:04.685 T:22557 debug : ffmpeg[0x3178c68]: [mjpeg] component: 1
2024-09-20 21:42:04.685 T:22557 debug : ffmpeg[0x3178c68]: [mjpeg] component: 2
2024-09-20 21:42:04.685 T:22557 debug : ffmpeg[0x3178c68]: [mjpeg] component: 3
2024-09-20 21:42:04.686 T:22557 debug : ffmpeg[0x3178c68]: [mjpeg] marker parser used 28652 bytes (229214 bits)
2024-09-20 21:42:04.686 T:22557 debug : ffmpeg[0x3178c68]: [mjpeg] marker=d9 avail_size_in_buf=0
2024-09-20 21:42:04.686 T:22557 debug : ffmpeg[0x3178c68]: [mjpeg] decode frame unused 0 bytes
2024-09-20 21:42:04.715 T:21920 info : script.plex: API: Choice videoStream:
2024-09-20 21:42:04.716 T:21920 info : script.plex: API: Choice audioStream:
2024-09-20 21:42:04.719 T:21920 debug : requested setting (forced_subtitles_override) was not found.
2024-09-20 21:42:04.736 T:3922 debug : ffmpeg[0x0]: [swscaler] Forcing full internal H chroma due to odd output size
2024-09-20 21:42:04.736 T:3922 debug : ffmpeg[0x0]: [swscaler] Forcing full internal H chroma due to input having non subsampled chroma
2024-09-20 21:42:04.737 T:3922 debug : ffmpeg[0x0]: [swscaler] Forcing full internal H chroma due to odd output size
2024-09-20 21:42:04.737 T:3922 debug : ffmpeg[0x0]: [swscaler] Forcing full internal H chroma due to input having non subsampled chroma
2024-09-20 21:42:04.829 T:21920 info : script.plex: API: GET https://redacted.plex.direct:32400/library/metadata/41759/similar?count=36&X-Plex-Token=****&X-Plex-Container-Start=0&X-Plex-Container-Size=8
2024-09-20 21:42:04.846 T:3922 debug : ffmpeg[0x0]: [swscaler] Forcing full internal H chroma due to odd output size
2024-09-20 21:42:04.846 T:3922 debug : ffmpeg[0x0]: [swscaler] Forcing full internal H chroma due to input having non subsampled chroma
2024-09-20 21:42:04.853 T:3922 debug : ffmpeg[0x0]: [swscaler] Forcing full internal H chroma due to odd output size
2024-09-20 21:42:04.853 T:3922 debug : ffmpeg[0x0]: [swscaler] Forcing full internal H chroma due to input having non subsampled chroma
2024-09-20 21:42:04.856 T:3922 debug : ffmpeg[0x0]: [swscaler] Forcing full internal H chroma due to odd output size
2024-09-20 21:42:04.856 T:3922 debug : ffmpeg[0x0]: [swscaler] Forcing full internal H chroma due to input having non subsampled chroma
2024-09-20 21:42:04.859 T:3922 debug : ffmpeg[0x0]: [swscaler] Forcing full internal H chroma due to odd output size
2024-09-20 21:42:04.859 T:3922 debug : ffmpeg[0x0]: [swscaler] Forcing full internal H chroma due to input having non subsampled chroma
2024-09-20 21:42:04.861 T:22557 debug : ffmpeg[0x3178c68]: [mjpeg] marker=d8 avail_size_in_buf=37449
2024-09-20 21:42:04.861 T:22557 debug : ffmpeg[0x3178c68]: [mjpeg] marker parser used 0 bytes (0 bits)
2024-09-20 21:42:04.862 T:22521 debug : ffmpeg[0x3b77dd0]: [mjpeg] marker=d8 avail_size_in_buf=30938
2024-09-20 21:42:04.862 T:22557 debug : ffmpeg[0x3178c68]: [mjpeg] marker=fe avail_size_in_buf=37447
2024-09-20 21:42:04.862 T:22521 debug : ffmpeg[0x3b77dd0]: [mjpeg] marker parser used 0 bytes (0 bits)
2024-09-20 21:42:04.862 T:3922 debug : ffmpeg[0x0]: [swscaler] Forcing full internal H chroma due to input having non subsampled chroma
2024-09-20 21:42:04.862 T:22557 debug : ffmpeg[0x3178c68]: [mjpeg] marker parser used 15 bytes (120 bits)
2024-09-20 21:42:04.862 T:22521 debug : ffmpeg[0x3b77dd0]: [mjpeg] marker=fe avail_size_in_buf=30936
2024-09-20 21:42:04.862 T:22557 debug : ffmpeg[0x3178c68]: [mjpeg] marker=db avail_size_in_buf=37430
2024-09-20 21:42:04.862 T:22521 debug : ffmpeg[0x3b77dd0]: [mjpeg] marker parser used 15 bytes (120 bits)
2024-09-20 21:42:04.862 T:22557 debug : ffmpeg[0x3178c68]: [mjpeg] index=0
2024-09-20 21:42:04.862 T:22521 debug : ffmpeg[0x3b77dd0]: [mjpeg] marker=db avail_size_in_buf=30919
2024-09-20 21:42:04.862 T:22557 debug : ffmpeg[0x3178c68]: [mjpeg] qscale[0]: 5
2024-09-20 21:42:04.862 T:22521 debug : ffmpeg[0x3b77dd0]: [mjpeg] index=0
2024-09-20 21:42:04.862 T:22557 debug : ffmpeg[0x3178c68]: [mjpeg] marker parser used 67 bytes (536 bits)
2024-09-20 21:42:04.862 T:22521 debug : ffmpeg[0x3b77dd0]: [mjpeg] qscale[0]: 5
2024-09-20 21:42:04.862 T:22557 debug : ffmpeg[0x3178c68]: [mjpeg] marker=c4 avail_size_in_buf=37361
2024-09-20 21:42:04.862 T:22521 debug : ffmpeg[0x3b77dd0]: [mjpeg] marker parser used 67 bytes (536 bits)
2024-09-20 21:42:04.862 T:22557 debug : ffmpeg[0x3178c68]: [mjpeg] class=0 index=0 nb_codes=9
2024-09-20 21:42:04.862 T:22521 debug : ffmpeg[0x3b77dd0]: [mjpeg] marker=c4 avail_size_in_buf=30850
2024-09-20 21:42:04.862 T:22557 debug : ffmpeg[0x3178c68]: [mjpeg] class=0 index=1 nb_codes=6
2024-09-20 21:42:04.862 T:22521 debug : ffmpeg[0x3b77dd0]: [mjpeg] class=0 index=0 nb_codes=9
2024-09-20 21:42:04.862 T:22557 debug : ffmpeg[0x3178c68]: [mjpeg] class=1 index=0 nb_codes=50
2024-09-20 21:42:04.862 T:22521 debug : ffmpeg[0x3b77dd0]: [mjpeg] class=0 index=1 nb_codes=8
2024-09-20 21:42:04.862 T:22557 debug : ffmpeg[0x3178c68]: [mjpeg] class=1 index=1 nb_codes=27
2024-09-20 21:42:04.862 T:22521 debug : ffmpeg[0x3b77dd0]: [mjpeg] class=1 index=0 nb_codes=52
2024-09-20 21:42:04.862 T:22557 debug : ffmpeg[0x3178c68]: [mjpeg] marker parser used 162 bytes (1296 bits)
2024-09-20 21:42:04.862 T:22557 debug : ffmpeg[0x3178c68]: [mjpeg] marker=c0 avail_size_in_buf=37197
2024-09-20 21:42:04.862 T:22521 debug : ffmpeg[0x3b77dd0]: [mjpeg] class=1 index=1 nb_codes=32
2024-09-20 21:42:04.863 T:22556 debug : ffmpeg[0x3e09900]: [mjpeg] marker=d8 avail_size_in_buf=44908
2024-09-20 21:42:04.863 T:22557 debug : ffmpeg[0x3178c68]: [mjpeg] Changing bps from 0 to 8
2024-09-20 21:42:04.863 T:22521 debug : ffmpeg[0x3b77dd0]: [mjpeg] marker parser used 171 bytes (1368 bits)
2024-09-20 21:42:04.863 T:22556 debug : ffmpeg[0x3e09900]: [mjpeg] marker parser used 0 bytes (0 bits)
2024-09-20 21:42:04.863 T:22557 debug : ffmpeg[0x3178c68]: [mjpeg] sof0: picture: 579x579
2024-09-20 21:42:04.863 T:22521 debug : ffmpeg[0x3b77dd0]: [mjpeg] marker=c0 avail_size_in_buf=30677
2024-09-20 21:42:04.863 T:22599 debug : ffmpeg[0x345cbc0]: [mjpeg] marker=d8 avail_size_in_buf=16960
2024-09-20 21:42:04.863 T:22556 debug : ffmpeg[0x3e09900]: [mjpeg] marker=fe avail_size_in_buf=44906
2024-09-20 21:42:04.863 T:22557 debug : ffmpeg[0x3178c68]: [mjpeg] component 0 2:2 id: 1 quant:0
2024-09-20 21:42:04.863 T:22521 debug : ffmpeg[0x3b77dd0]: [mjpeg] Changing bps from 0 to 8
2024-09-20 21:42:04.863 T:22599 debug : ffmpeg[0x345cbc0]: [mjpeg] marker parser used 0 bytes (0 bits)
2024-09-20 21:42:04.863 T:22556 debug : ffmpeg[0x3e09900]: [mjpeg] marker parser used 15 bytes (120 bits)
2024-09-20 21:42:04.863 T:22557 debug : ffmpeg[0x3178c68]: [mjpeg] component 1 1:1 id: 2 quant:0
2024-09-20 21:42:04.863 T:22521 debug : ffmpeg[0x3b77dd0]: [mjpeg] sof0: picture: 579x579
2024-09-20 21:42:04.863 T:22599 debug : ffmpeg[0x345cbc0]: [mjpeg] marker=fe avail_size_in_buf=16958
2024-09-20 21:42:04.863 T:22556 debug : ffmpeg[0x3e09900]: [mjpeg] marker=db avail_size_in_buf=44889
2024-09-20 21:42:04.863 T:22557 debug : ffmpeg[0x3178c68]: [mjpeg] component 2 1:1 id: 3 quant:0
2024-09-20 21:42:04.863 T:22521 debug : ffmpeg[0x3b77dd0]: [mjpeg] component 0 2:2 id: 1 quant:0
2024-09-20 21:42:04.863 T:22599 debug : ffmpeg[0x345cbc0]: [mjpeg] marker parser used 15 bytes (120 bits)
2024-09-20 21:42:04.863 T:22556 debug : ffmpeg[0x3e09900]: [mjpeg] index=0
2024-09-20 21:42:04.863 T:22557 debug : ffmpeg[0x3178c68]: [mjpeg] pix fmt id 22111100
2024-09-20 21:42:04.863 T:22521 debug : ffmpeg[0x3b77dd0]: [mjpeg] component 1 1:1 id: 2 quant:0
2024-09-20 21:42:04.863 T:22599 debug : ffmpeg[0x345cbc0]: [mjpeg] marker=db avail_size_in_buf=16941
2024-09-20 21:42:04.863 T:22556 debug : ffmpeg[0x3e09900]: [mjpeg] qscale[0]: 5
2024-09-20 21:42:04.863 T:22557 debug : ffmpeg[0x3178c68]: [mjpeg] Format yuvj420p chosen by get_format().
2024-09-20 21:42:04.863 T:22521 debug : ffmpeg[0x3b77dd0]: [mjpeg] component 2 1:1 id: 3 quant:0
2024-09-20 21:42:04.864 T:22599 debug : ffmpeg[0x345cbc0]: [mjpeg] index=0
2024-09-20 21:42:04.864 T:22556 debug : ffmpeg[0x3e09900]: [mjpeg] marker parser used 67 bytes (536 bits)
2024-09-20 21:42:04.864 T:22521 debug : ffmpeg[0x3b77dd0]: [mjpeg] pix fmt id 22111100
2024-09-20 21:42:04.864 T:22599 debug : ffmpeg[0x345cbc0]: [mjpeg] qscale[0]: 5
2024-09-20 21:42:04.864 T:22556 debug : ffmpeg[0x3e09900]: [mjpeg] marker=c4 avail_size_in_buf=44820
2024-09-20 21:42:04.864 T:22521 debug : ffmpeg[0x3b77dd0]: [mjpeg] Format yuvj420p chosen by get_format().
2024-09-20 21:42:04.864 T:22557 debug : ffmpeg[0x3178c68]: [mjpeg] marker parser used 17 bytes (136 bits)
2024-09-20 21:42:04.864 T:22599 debug : ffmpeg[0x345cbc0]: [mjpeg] marker parser used 67 bytes (536 bits)
2024-09-20 21:42:04.864 T:22556 debug : ffmpeg[0x3e09900]: [mjpeg] class=0 index=0 nb_codes=9
2024-09-20 21:42:04.864 T:22556 debug : ffmpeg[0x3e09900]: [mjpeg] class=0 index=1 nb_codes=7
2024-09-20 21:42:04.864 T:22556 debug : ffmpeg[0x3e09900]: [mjpeg] class=1 index=0 nb_codes=52
2024-09-20 21:42:04.864 T:22556 debug : ffmpeg[0x3e09900]: [mjpeg] class=1 index=1 nb_codes=23
2024-09-20 21:42:04.864 T:22557 debug : ffmpeg[0x3178c68]: [mjpeg] escaping removed 150 bytes
2024-09-20 21:42:04.864 T:22556 debug : ffmpeg[0x3e09900]: [mjpeg] marker parser used 161 bytes (1288 bits)
2024-09-20 21:42:04.864 T:22599 debug : ffmpeg[0x345cbc0]: [mjpeg] marker=c4 avail_size_in_buf=16872
2024-09-20 21:42:04.864 T:22521 debug : ffmpeg[0x3b77dd0]: [mjpeg] marker parser used 17 bytes (136 bits)
2024-09-20 21:42:04.864 T:22557 debug : ffmpeg[0x3178c68]: [mjpeg] marker=da avail_size_in_buf=37178
2024-09-20 21:42:04.864 T:22556 debug : ffmpeg[0x3e09900]: [mjpeg] marker=c0 avail_size_in_buf=44657
2024-09-20 21:42:04.864 T:22599 debug : ffmpeg[0x345cbc0]: [mjpeg] class=0 index=0 nb_codes=9
2024-09-20 21:42:04.864 T:22556 debug : ffmpeg[0x3e09900]: [mjpeg] Changing bps from 0 to 8
2024-09-20 21:42:04.864 T:22521 debug : ffmpeg[0x3b77dd0]: [mjpeg] escaping removed 70 bytes
2024-09-20 21:42:04.864 T:22556 debug : ffmpeg[0x3e09900]: [mjpeg] sof0: picture: 579x579
2024-09-20 21:42:04.864 T:3922 debug : ffmpeg[0x0]: [swscaler] Forcing full internal H chroma due to input having non subsampled chroma
2024-09-20 21:42:04.864 T:22599 debug : ffmpeg[0x345cbc0]: [mjpeg] class=0 index=1 nb_codes=1
2024-09-20 21:42:04.864 T:22557 debug : ffmpeg[0x3178c68]: [mjpeg] component: 1
2024-09-20 21:42:04.864 T:22521 debug : ffmpeg[0x3b77dd0]: [mjpeg] marker=da avail_size_in_buf=30658
2024-09-20 21:42:04.864 T:22556 debug : ffmpeg[0x3e09900]: [mjpeg] component 0 2:2 id: 1 quant:0
2024-09-20 21:42:04.864 T:22599 debug : ffmpeg[0x345cbc0]: [mjpeg] class=1 index=0 nb_codes=50
2024-09-20 21:42:04.864 T:22557 debug : ffmpeg[0x3178c68]: [mjpeg] component: 2
2024-09-20 21:42:04.865 T:22521 debug : ffmpeg[0x3b77dd0]: [mjpeg] component: 1
2024-09-20 21:42:04.865 T:22556 debug : ffmpeg[0x3e09900]: [mjpeg] component 1 1:1 id: 2 quant:0
2024-09-20 21:42:04.865 T:22557 debug : ffmpeg[0x3178c68]: [mjpeg] component: 3
2024-09-20 21:42:04.865 T:22599 debug : ffmpeg[0x345cbc0]: [mjpeg] class=1 index=1 nb_codes=1
2024-09-20 21:42:04.865 T:22521 debug : ffmpeg[0x3b77dd0]: [mjpeg] component: 2
2024-09-20 21:42:04.865 T:22556 debug : ffmpeg[0x3e09900]: [mjpeg] component 2 1:1 id: 3 quant:0
2024-09-20 21:42:04.865 T:22599 debug : ffmpeg[0x345cbc0]: [mjpeg] marker parser used 131 bytes (1048 bits)
2024-09-20 21:42:04.865 T:22521 debug : ffmpeg[0x3b77dd0]: [mjpeg] component: 3
2024-09-20 21:42:04.867 T:22556 debug : ffmpeg[0x3e09900]: [mjpeg] pix fmt id 22111100
2024-09-20 21:42:04.867 T:22599 debug : ffmpeg[0x345cbc0]: [mjpeg] marker=c0 avail_size_in_buf=16739
2024-09-20 21:42:04.867 T:22521 debug : ffmpeg[0x3b77dd0]: [mjpeg] marker parser used 30587 bytes (244696 bits)
2024-09-20 21:42:04.867 T:22556 debug : ffmpeg[0x3e09900]: [mjpeg] Format yuvj420p chosen by get_format().
2024-09-20 21:42:04.867 T:22599 debug : ffmpeg[0x345cbc0]: [mjpeg] Changing bps from 0 to 8
2024-09-20 21:42:04.867 T:22521 debug : ffmpeg[0x3b77dd0]: [mjpeg] marker=d9 avail_size_in_buf=0
2024-09-20 21:42:04.867 T:22599 debug : ffmpeg[0x345cbc0]: [mjpeg] sof0: picture: 400x400
2024-09-20 21:42:04.867 T:22556 debug : ffmpeg[0x3e09900]: [mjpeg] marker parser used 17 bytes (136 bits)
2024-09-20 21:42:04.867 T:22521 debug : ffmpeg[0x3b77dd0]: [mjpeg] decode frame unused 0 bytes
2024-09-20 21:42:04.867 T:22599 debug : ffmpeg[0x345cbc0]: [mjpeg] component 0 2:2 id: 1 quant:0
2024-09-20 21:42:04.867 T:22556 debug : ffmpeg[0x3e09900]: [mjpeg] escaping removed 160 bytes
2024-09-20 21:42:04.867 T:22599 debug : ffmpeg[0x345cbc0]: [mjpeg] component 1 1:1 id: 2 quant:0
2024-09-20 21:42:04.867 T:22521 debug : ffmpeg[0x3b77dd0]: [swscaler] Forcing full internal H chroma due to odd output size
2024-09-20 21:42:04.875 T:22556 debug : ffmpeg[0x3e09900]: [mjpeg] marker=da avail_size_in_buf=44638
2024-09-20 21:42:04.875 T:22599 debug : ffmpeg[0x345cbc0]: [mjpeg] component 2 1:1 id: 3 quant:0
2024-09-20 21:42:04.879 T:22557 debug : ffmpeg[0x3178c68]: [mjpeg] marker parser used 37027 bytes (296212 bits)
2024-09-20 21:42:04.879 T:22556 debug : ffmpeg[0x3e09900]: [mjpeg] component: 1
2024-09-20 21:42:04.879 T:22599 debug : ffmpeg[0x345cbc0]: [mjpeg] pix fmt id 22111100
2024-09-20 21:42:04.879 T:22557 debug : ffmpeg[0x3178c68]: [mjpeg] marker=d9 avail_size_in_buf=0
2024-09-20 21:42:04.879 T:22556 debug : ffmpeg[0x3e09900]: [mjpeg] component: 2
2024-09-20 21:42:04.879 T:22599 debug : ffmpeg[0x345cbc0]: [mjpeg] Format yuvj420p chosen by get_format().
2024-09-20 21:42:04.879 T:22557 debug : ffmpeg[0x3178c68]: [mjpeg] decode frame unused 0 bytes
2024-09-20 21:42:04.879 T:22556 debug : ffmpeg[0x3e09900]: [mjpeg] component: 3
2024-09-20 21:42:04.879 T:22557 debug : ffmpeg[0x3178c68]: [swscaler] Forcing full internal H chroma due to odd output size
2024-09-20 21:42:04.881 T:22599 debug : ffmpeg[0x345cbc0]: [mjpeg] marker parser used 17 bytes (136 bits)
2024-09-20 21:42:04.881 T:22599 debug : ffmpeg[0x345cbc0]: [mjpeg] escaping removed 56 bytes
2024-09-20 21:42:04.881 T:22599 debug : ffmpeg[0x345cbc0]: [mjpeg] marker=da avail_size_in_buf=16720
2024-09-20 21:42:04.881 T:22599 debug : ffmpeg[0x345cbc0]: [mjpeg] component: 1
2024-09-20 21:42:04.881 T:22599 debug : ffmpeg[0x345cbc0]: [mjpeg] component: 2
2024-09-20 21:42:04.881 T:22599 debug : ffmpeg[0x345cbc0]: [mjpeg] component: 3
2024-09-20 21:42:04.882 T:22556 debug : ffmpeg[0x3e09900]: [mjpeg] marker parser used 44477 bytes (355809 bits)
2024-09-20 21:42:04.882 T:22556 debug : ffmpeg[0x3e09900]: [mjpeg] marker=d9 avail_size_in_buf=0
2024-09-20 21:42:04.882 T:22556 debug : ffmpeg[0x3e09900]: [mjpeg] decode frame unused 0 bytes
2024-09-20 21:42:04.882 T:22599 debug : ffmpeg[0x345cbc0]: [mjpeg] marker parser used 16663 bytes (133297 bits)
2024-09-20 21:42:04.882 T:22599 debug : ffmpeg[0x345cbc0]: [mjpeg] marker=d9 avail_size_in_buf=0
2024-09-20 21:42:04.882 T:22599 debug : ffmpeg[0x345cbc0]: [mjpeg] decode frame unused 0 bytes
2024-09-20 21:42:04.882 T:22556 debug : ffmpeg[0x3e09900]: [swscaler] Forcing full internal H chroma due to odd output size
2024-09-20 21:42:04.883 T:22599 debug : ffmpeg[0x345cbc0]: [mjpeg] marker=d8 avail_size_in_buf=54716
2024-09-20 21:42:04.883 T:22599 debug : ffmpeg[0x345cbc0]: [mjpeg] marker parser used 0 bytes (0 bits)
2024-09-20 21:42:04.883 T:22599 debug : ffmpeg[0x345cbc0]: [mjpeg] marker=fe avail_size_in_buf=54714
2024-09-20 21:42:04.883 T:22599 debug : ffmpeg[0x345cbc0]: [mjpeg] marker parser used 15 bytes (120 bits)
2024-09-20 21:42:04.883 T:22599 debug : ffmpeg[0x345cbc0]: [mjpeg] marker=db avail_size_in_buf=54697
2024-09-20 21:42:04.883 T:22599 debug : ffmpeg[0x345cbc0]: [mjpeg] index=0
2024-09-20 21:42:04.883 T:22599 debug : ffmpeg[0x345cbc0]: [mjpeg] qscale[0]: 5
2024-09-20 21:42:04.883 T:22599 debug : ffmpeg[0x345cbc0]: [mjpeg] marker parser used 67 bytes (536 bits)
2024-09-20 21:42:04.883 T:22599 debug : ffmpeg[0x345cbc0]: [mjpeg] marker=c4 avail_size_in_buf=54628
2024-09-20 21:42:04.883 T:22599 debug : ffmpeg[0x345cbc0]: [mjpeg] class=0 index=0 nb_codes=9
2024-09-20 21:42:04.883 T:22599 debug : ffmpeg[0x345cbc0]: [mjpeg] class=0 index=1 nb_codes=7
2024-09-20 21:42:04.883 T:22599 debug : ffmpeg[0x345cbc0]: [mjpeg] class=1 index=0 nb_codes=55
2024-09-20 21:42:04.883 T:22599 debug : ffmpeg[0x345cbc0]: [mjpeg] class=1 index=1 nb_codes=28
2024-09-20 21:42:04.883 T:22599 debug : ffmpeg[0x345cbc0]: [mjpeg] marker parser used 169 bytes (1352 bits)
2024-09-20 21:42:04.883 T:22599 debug : ffmpeg[0x345cbc0]: [mjpeg] marker=c0 avail_size_in_buf=54457
2024-09-20 21:42:04.883 T:22599 debug : ffmpeg[0x345cbc0]: [mjpeg] Changing bps from 0 to 8
2024-09-20 21:42:04.883 T:22599 debug : ffmpeg[0x345cbc0]: [mjpeg] sof0: picture: 579x579
2024-09-20 21:42:04.883 T:22599 debug : ffmpeg[0x345cbc0]: [mjpeg] component 0 2:2 id: 1 quant:0
2024-09-20 21:42:04.883 T:22599 debug : ffmpeg[0x345cbc0]: [mjpeg] component 1 1:1 id: 2 quant:0
2024-09-20 21:42:04.883 T:22599 debug : ffmpeg[0x345cbc0]: [mjpeg] component 2 1:1 id: 3 quant:0
2024-09-20 21:42:04.883 T:22599 debug : ffmpeg[0x345cbc0]: [mjpeg] pix fmt id 22111100
2024-09-20 21:42:04.883 T:22599 debug : ffmpeg[0x345cbc0]: [mjpeg] Format yuvj420p chosen by get_format().
2024-09-20 21:42:04.883 T:22599 debug : ffmpeg[0x345cbc0]: [mjpeg] marker parser used 17 bytes (136 bits)
2024-09-20 21:42:04.884 T:22599 debug : ffmpeg[0x345cbc0]: [mjpeg] escaping removed 170 bytes
2024-09-20 21:42:04.884 T:22599 debug : ffmpeg[0x345cbc0]: [mjpeg] marker=da avail_size_in_buf=54438
2024-09-20 21:42:04.884 T:22599 debug : ffmpeg[0x345cbc0]: [mjpeg] component: 1
2024-09-20 21:42:04.884 T:22599 debug : ffmpeg[0x345cbc0]: [mjpeg] component: 2
2024-09-20 21:42:04.884 T:22599 debug : ffmpeg[0x345cbc0]: [mjpeg] component: 3
2024-09-20 21:42:04.886 T:22599 debug : ffmpeg[0x345cbc0]: [mjpeg] marker parser used 54267 bytes (434134 bits)
2024-09-20 21:42:04.886 T:22599 debug : ffmpeg[0x345cbc0]: [mjpeg] marker=d9 avail_size_in_buf=0
2024-09-20 21:42:04.886 T:22599 debug : ffmpeg[0x345cbc0]: [mjpeg] decode frame unused 0 bytes
2024-09-20 21:42:04.886 T:22599 debug : ffmpeg[0x345cbc0]: [swscaler] Forcing full internal H chroma due to odd output size
2024-09-20 21:42:04.895 T:22521 debug : ffmpeg[0x3b77dd0]: [mjpeg] marker=d8 avail_size_in_buf=23063
2024-09-20 21:42:04.895 T:22521 debug : ffmpeg[0x3b77dd0]: [mjpeg] marker parser used 0 bytes (0 bits)
2024-09-20 21:42:04.895 T:22521 debug : ffmpeg[0x3b77dd0]: [mjpeg] marker=fe avail_size_in_buf=23061
2024-09-20 21:42:04.895 T:22521 debug : ffmpeg[0x3b77dd0]: [mjpeg] marker parser used 15 bytes (120 bits)
2024-09-20 21:42:04.895 T:22521 debug : ffmpeg[0x3b77dd0]: [mjpeg] marker=db avail_size_in_buf=23044
2024-09-20 21:42:04.895 T:22521 debug : ffmpeg[0x3b77dd0]: [mjpeg] index=0
2024-09-20 21:42:04.895 T:22521 debug : ffmpeg[0x3b77dd0]: [mjpeg] qscale[0]: 5
2024-09-20 21:42:04.895 T:22521 debug : ffmpeg[0x3b77dd0]: [mjpeg] marker parser used 67 bytes (536 bits)
2024-09-20 21:42:04.895 T:22521 debug : ffmpeg[0x3b77dd0]: [mjpeg] marker=c4 avail_size_in_buf=22975
2024-09-20 21:42:04.895 T:22521 debug : ffmpeg[0x3b77dd0]: [mjpeg] class=0 index=0 nb_codes=9
2024-09-20 21:42:04.895 T:22521 debug : ffmpeg[0x3b77dd0]: [mjpeg] class=0 index=1 nb_codes=6
2024-09-20 21:42:04.895 T:22521 debug : ffmpeg[0x3b77dd0]: [mjpeg] class=1 index=0 nb_codes=41
2024-09-20 21:42:04.895 T:22521 debug : ffmpeg[0x3b77dd0]: [mjpeg] class=1 index=1 nb_codes=21
2024-09-20 21:42:04.895 T:22521 debug : ffmpeg[0x3b77dd0]: [mjpeg] marker parser used 147 bytes (1176 bits)
2024-09-20 21:42:04.895 T:22521 debug : ffmpeg[0x3b77dd0]: [mjpeg] marker=c0 avail_size_in_buf=22826
2024-09-20 21:42:04.895 T:22521 debug : ffmpeg[0x3b77dd0]: [mjpeg] Changing bps from 0 to 8
2024-09-20 21:42:04.895 T:22521 debug : ffmpeg[0x3b77dd0]: [mjpeg] sof0: picture: 579x579
2024-09-20 21:42:04.895 T:22521 debug : ffmpeg[0x3b77dd0]: [mjpeg] component 0 2:2 id: 1 quant:0
2024-09-20 21:42:04.895 T:22521 debug : ffmpeg[0x3b77dd0]: [mjpeg] component 1 1:1 id: 2 quant:0
2024-09-20 21:42:04.895 T:22521 debug : ffmpeg[0x3b77dd0]: [mjpeg] component 2 1:1 id: 3 quant:0
2024-09-20 21:42:04.895 T:22521 debug : ffmpeg[0x3b77dd0]: [mjpeg] pix fmt id 22111100
2024-09-20 21:42:04.895 T:22521 debug : ffmpeg[0x3b77dd0]: [mjpeg] Format yuvj420p chosen by get_format().
2024-09-20 21:42:04.895 T:22521 debug : ffmpeg[0x3b77dd0]: [mjpeg] marker parser used 17 bytes (136 bits)
2024-09-20 21:42:04.895 T:22521 debug : ffmpeg[0x3b77dd0]: [mjpeg] escaping removed 113 bytes
2024-09-20 21:42:04.895 T:22521 debug : ffmpeg[0x3b77dd0]: [mjpeg] marker=da avail_size_in_buf=22807
2024-09-20 21:42:04.895 T:22521 debug : ffmpeg[0x3b77dd0]: [mjpeg] component: 1
2024-09-20 21:42:04.895 T:22521 debug : ffmpeg[0x3b77dd0]: [mjpeg] component: 2
2024-09-20 21:42:04.895 T:22521 debug : ffmpeg[0x3b77dd0]: [mjpeg] component: 3
2024-09-20 21:42:04.897 T:22521 debug : ffmpeg[0x3b77dd0]: [mjpeg] marker parser used 22693 bytes (181543 bits)
2024-09-20 21:42:04.897 T:22521 debug : ffmpeg[0x3b77dd0]: [mjpeg] marker=d9 avail_size_in_buf=0
2024-09-20 21:42:04.897 T:22521 debug : ffmpeg[0x3b77dd0]: [mjpeg] decode frame unused 0 bytes
2024-09-20 21:42:04.897 T:22521 debug : ffmpeg[0x3b77dd0]: [swscaler] Forcing full internal H chroma due to odd output size
2024-09-20 21:42:04.903 T:22556 debug : ffmpeg[0x3e09900]: [mjpeg] marker=d8 avail_size_in_buf=12695
2024-09-20 21:42:04.903 T:22556 debug : ffmpeg[0x3e09900]: [mjpeg] marker parser used 0 bytes (0 bits)
2024-09-20 21:42:04.903 T:22556 debug : ffmpeg[0x3e09900]: [mjpeg] marker=fe avail_size_in_buf=12693
2024-09-20 21:42:04.903 T:22556 debug : ffmpeg[0x3e09900]: [mjpeg] marker parser used 15 bytes (120 bits)
2024-09-20 21:42:04.903 T:22556 debug : ffmpeg[0x3e09900]: [mjpeg] marker=db avail_size_in_buf=12676
2024-09-20 21:42:04.903 T:22556 debug : ffmpeg[0x3e09900]: [mjpeg] index=0
2024-09-20 21:42:04.903 T:22556 debug : ffmpeg[0x3e09900]: [mjpeg] qscale[0]: 5
2024-09-20 21:42:04.903 T:22556 debug : ffmpeg[0x3e09900]: [mjpeg] marker parser used 67 bytes (536 bits)
2024-09-20 21:42:04.903 T:22556 debug : ffmpeg[0x3e09900]: [mjpeg] marker=c4 avail_size_in_buf=12607
2024-09-20 21:42:04.903 T:22556 debug : ffmpeg[0x3e09900]: [mjpeg] class=0 index=0 nb_codes=8
2024-09-20 21:42:04.903 T:22556 debug : ffmpeg[0x3e09900]: [mjpeg] class=0 index=1 nb_codes=6
2024-09-20 21:42:04.903 T:22556 debug : ffmpeg[0x3e09900]: [mjpeg] class=1 index=0 nb_codes=46
2024-09-20 21:42:04.903 T:22556 debug : ffmpeg[0x3e09900]: [mjpeg] class=1 index=1 nb_codes=14
2024-09-20 21:42:04.903 T:22556 debug : ffmpeg[0x3e09900]: [mjpeg] marker parser used 144 bytes (1152 bits)
2024-09-20 21:42:04.903 T:22556 debug : ffmpeg[0x3e09900]: [mjpeg] marker=c0 avail_size_in_buf=12461
2024-09-20 21:42:04.903 T:22556 debug : ffmpeg[0x3e09900]: [mjpeg] Changing bps from 0 to 8
2024-09-20 21:42:04.903 T:22556 debug : ffmpeg[0x3e09900]: [mjpeg] sof0: picture: 378x378
2024-09-20 21:42:04.903 T:22556 debug : ffmpeg[0x3e09900]: [mjpeg] component 0 2:2 id: 1 quant:0
2024-09-20 21:42:04.903 T:22556 debug : ffmpeg[0x3e09900]: [mjpeg] component 1 1:1 id: 2 quant:0
2024-09-20 21:42:04.903 T:22556 debug : ffmpeg[0x3e09900]: [mjpeg] component 2 1:1 id: 3 quant:0
2024-09-20 21:42:04.903 T:22556 debug : ffmpeg[0x3e09900]: [mjpeg] pix fmt id 22111100
2024-09-20 21:42:04.903 T:22556 debug : ffmpeg[0x3e09900]: [mjpeg] Format yuvj420p chosen by get_format().
2024-09-20 21:42:04.903 T:22556 debug : ffmpeg[0x3e09900]: [mjpeg] marker parser used 17 bytes (136 bits)
2024-09-20 21:42:04.903 T:22556 debug : ffmpeg[0x3e09900]: [mjpeg] escaping removed 48 bytes
2024-09-20 21:42:04.903 T:22556 debug : ffmpeg[0x3e09900]: [mjpeg] marker=da avail_size_in_buf=12442
2024-09-20 21:42:04.903 T:22556 debug : ffmpeg[0x3e09900]: [mjpeg] component: 1
2024-09-20 21:42:04.903 T:22556 debug : ffmpeg[0x3e09900]: [mjpeg] component: 2
2024-09-20 21:42:04.903 T:22556 debug : ffmpeg[0x3e09900]: [mjpeg] component: 3
2024-09-20 21:42:04.904 T:22556 debug : ffmpeg[0x3e09900]: [mjpeg] marker parser used 12393 bytes (99140 bits)
2024-09-20 21:42:04.904 T:22556 debug : ffmpeg[0x3e09900]: [mjpeg] marker=d9 avail_size_in_buf=0
2024-09-20 21:42:04.904 T:22556 debug : ffmpeg[0x3e09900]: [mjpeg] decode frame unused 0 bytes
2024-09-20 21:42:04.907 T:22556 debug : ffmpeg[0x3e09900]: [mjpeg] marker=d8 avail_size_in_buf=37628
2024-09-20 21:42:04.907 T:22556 debug : ffmpeg[0x3e09900]: [mjpeg] marker parser used 0 bytes (0 bits)
2024-09-20 21:42:04.907 T:22556 debug : ffmpeg[0x3e09900]: [mjpeg] marker=fe avail_size_in_buf=37626
2024-09-20 21:42:04.907 T:22556 debug : ffmpeg[0x3e09900]: [mjpeg] marker parser used 15 bytes (120 bits)
2024-09-20 21:42:04.907 T:22556 debug : ffmpeg[0x3e09900]: [mjpeg] marker=db avail_size_in_buf=37609
2024-09-20 21:42:04.907 T:22556 debug : ffmpeg[0x3e09900]: [mjpeg] index=0
2024-09-20 21:42:04.907 T:22556 debug : ffmpeg[0x3e09900]: [mjpeg] qscale[0]: 5
2024-09-20 21:42:04.907 T:22556 debug : ffmpeg[0x3e09900]: [mjpeg] marker parser used 67 bytes (536 bits)
2024-09-20 21:42:04.907 T:22556 debug : ffmpeg[0x3e09900]: [mjpeg] marker=c4 avail_size_in_buf=37540
2024-09-20 21:42:04.907 T:22556 debug : ffmpeg[0x3e09900]: [mjpeg] class=0 index=0 nb_codes=9
2024-09-20 21:42:04.907 T:22556 debug : ffmpeg[0x3e09900]: [mjpeg] class=0 index=1 nb_codes=7
2024-09-20 21:42:04.907 T:22556 debug : ffmpeg[0x3e09900]: [mjpeg] class=1 index=0 nb_codes=49
2024-09-20 21:42:04.907 T:22556 debug : ffmpeg[0x3e09900]: [mjpeg] class=1 index=1 nb_codes=20
2024-09-20 21:42:04.907 T:22556 debug : ffmpeg[0x3e09900]: [mjpeg] marker parser used 155 bytes (1240 bits)
2024-09-20 21:42:04.907 T:22556 debug : ffmpeg[0x3e09900]: [mjpeg] marker=c0 avail_size_in_buf=37383
2024-09-20 21:42:04.907 T:22556 debug : ffmpeg[0x3e09900]: [mjpeg] Changing bps from 0 to 8
2024-09-20 21:42:04.907 T:22556 debug : ffmpeg[0x3e09900]: [mjpeg] sof0: picture: 579x579
2024-09-20 21:42:04.907 T:22556 debug : ffmpeg[0x3e09900]: [mjpeg] component 0 2:2 id: 1 quant:0
2024-09-20 21:42:04.907 T:22556 debug : ffmpeg[0x3e09900]: [mjpeg] component 1 1:1 id: 2 quant:0
2024-09-20 21:42:04.907 T:22556 debug : ffmpeg[0x3e09900]: [mjpeg] component 2 1:1 id: 3 quant:0
2024-09-20 21:42:04.907 T:22556 debug : ffmpeg[0x3e09900]: [mjpeg] pix fmt id 22111100
2024-09-20 21:42:04.907 T:22556 debug : ffmpeg[0x3e09900]: [mjpeg] Format yuvj420p chosen by get_format().
2024-09-20 21:42:04.907 T:22556 debug : ffmpeg[0x3e09900]: [mjpeg] marker parser used 17 bytes (136 bits)
2024-09-20 21:42:04.907 T:22556 debug : ffmpeg[0x3e09900]: [mjpeg] escaping removed 142 bytes
2024-09-20 21:42:04.907 T:22556 debug : ffmpeg[0x3e09900]: [mjpeg] marker=da avail_size_in_buf=37364
2024-09-20 21:42:04.907 T:22556 debug : ffmpeg[0x3e09900]: [mjpeg] component: 1
2024-09-20 21:42:04.907 T:22556 debug : ffmpeg[0x3e09900]: [mjpeg] component: 2
2024-09-20 21:42:04.907 T:22556 debug : ffmpeg[0x3e09900]: [mjpeg] component: 3
2024-09-20 21:42:04.909 T:22556 debug : ffmpeg[0x3e09900]: [mjpeg] marker parser used 37221 bytes (297764 bits)
2024-09-20 21:42:04.909 T:22556 debug : ffmpeg[0x3e09900]: [mjpeg] marker=d9 avail_size_in_buf=0
2024-09-20 21:42:04.909 T:22556 debug : ffmpeg[0x3e09900]: [mjpeg] decode frame unused 0 bytes
2024-09-20 21:42:04.909 T:22556 debug : ffmpeg[0x3e09900]: [swscaler] Forcing full internal H chroma due to odd output size
2024-09-20 21:42:04.910 T:22599 debug : ffmpeg[0x345cbc0]: [mjpeg] marker=d8 avail_size_in_buf=25180
2024-09-20 21:42:04.910 T:22599 debug : ffmpeg[0x345cbc0]: [mjpeg] marker parser used 0 bytes (0 bits)
2024-09-20 21:42:04.910 T:22599 debug : ffmpeg[0x345cbc0]: [mjpeg] marker=fe avail_size_in_buf=25178
2024-09-20 21:42:04.910 T:22599 debug : ffmpeg[0x345cbc0]: [mjpeg] marker parser used 15 bytes (120 bits)
2024-09-20 21:42:04.910 T:22599 debug : ffmpeg[0x345cbc0]: [mjpeg] marker=db avail_size_in_buf=25161
2024-09-20 21:42:04.910 T:22599 debug : ffmpeg[0x345cbc0]: [mjpeg] index=0
2024-09-20 21:42:04.910 T:22599 debug : ffmpeg[0x345cbc0]: [mjpeg] qscale[0]: 5
2024-09-20 21:42:04.910 T:22599 debug : ffmpeg[0x345cbc0]: [mjpeg] marker parser used 67 bytes (536 bits)
2024-09-20 21:42:04.910 T:22599 debug : ffmpeg[0x345cbc0]: [mjpeg] marker=c4 avail_size_in_buf=25092
2024-09-20 21:42:04.910 T:22599 debug : ffmpeg[0x345cbc0]: [mjpeg] class=0 index=0 nb_codes=9
2024-09-20 21:42:04.910 T:22599 debug : ffmpeg[0x345cbc0]: [mjpeg] class=0 index=1 nb_codes=6
2024-09-20 21:42:04.910 T:22599 debug : ffmpeg[0x345cbc0]: [mjpeg] class=1 index=0 nb_codes=49
2024-09-20 21:42:04.910 T:22599 debug : ffmpeg[0x345cbc0]: [mjpeg] class=1 index=1 nb_codes=22
2024-09-20 21:42:04.910 T:22599 debug : ffmpeg[0x345cbc0]: [mjpeg] marker parser used 156 bytes (1248 bits)
2024-09-20 21:42:04.910 T:22599 debug : ffmpeg[0x345cbc0]: [mjpeg] marker=c0 avail_size_in_buf=24934
2024-09-20 21:42:04.910 T:22599 debug : ffmpeg[0x345cbc0]: [mjpeg] Changing bps from 0 to 8
2024-09-20 21:42:04.910 T:22599 debug : ffmpeg[0x345cbc0]: [mjpeg] sof0: picture: 570x428
2024-09-20 21:42:04.910 T:22599 debug : ffmpeg[0x345cbc0]: [mjpeg] component 0 2:2 id: 1 quant:0
2024-09-20 21:42:04.910 T:22599 debug : ffmpeg[0x345cbc0]: [mjpeg] component 1 1:1 id: 2 quant:0
2024-09-20 21:42:04.910 T:22599 debug : ffmpeg[0x345cbc0]: [mjpeg] component 2 1:1 id: 3 quant:0
2024-09-20 21:42:04.910 T:22599 debug : ffmpeg[0x345cbc0]: [mjpeg] pix fmt id 22111100
2024-09-20 21:42:04.910 T:22599 debug : ffmpeg[0x345cbc0]: [mjpeg] Format yuvj420p chosen by get_format().
2024-09-20 21:42:04.910 T:22599 debug : ffmpeg[0x345cbc0]: [mjpeg] marker parser used 17 bytes (136 bits)
2024-09-20 21:42:04.910 T:22599 debug : ffmpeg[0x345cbc0]: [mjpeg] escaping removed 74 bytes
2024-09-20 21:42:04.911 T:22599 debug : ffmpeg[0x345cbc0]: [mjpeg] marker=da avail_size_in_buf=24915
2024-09-20 21:42:04.911 T:22599 debug : ffmpeg[0x345cbc0]: [mjpeg] component: 1
2024-09-20 21:42:04.911 T:22599 debug : ffmpeg[0x345cbc0]: [mjpeg] component: 2
2024-09-20 21:42:04.911 T:22599 debug : ffmpeg[0x345cbc0]: [mjpeg] component: 3
2024-09-20 21:42:04.912 T:22599 debug : ffmpeg[0x345cbc0]: [mjpeg] marker parser used 24840 bytes (198716 bits)
2024-09-20 21:42:04.912 T:22599 debug : ffmpeg[0x345cbc0]: [mjpeg] marker=d9 avail_size_in_buf=0
2024-09-20 21:42:04.912 T:22599 debug : ffmpeg[0x345cbc0]: [mjpeg] decode frame unused 0 bytes
2024-09-20 21:42:04.915 T:22599 debug : ffmpeg[0x345cbc0]: [mjpeg] marker=d8 avail_size_in_buf=5823
2024-09-20 21:42:04.915 T:22599 debug : ffmpeg[0x345cbc0]: [mjpeg] marker parser used 0 bytes (0 bits)
2024-09-20 21:42:04.915 T:22599 debug : ffmpeg[0x345cbc0]: [mjpeg] marker=fe avail_size_in_buf=5821
2024-09-20 21:42:04.915 T:22599 debug : ffmpeg[0x345cbc0]: [mjpeg] marker parser used 15 bytes (120 bits)
2024-09-20 21:42:04.915 T:22599 debug : ffmpeg[0x345cbc0]: [mjpeg] marker=db avail_size_in_buf=5804
2024-09-20 21:42:04.915 T:22599 debug : ffmpeg[0x345cbc0]: [mjpeg] index=0
2024-09-20 21:42:04.915 T:22599 debug : ffmpeg[0x345cbc0]: [mjpeg] qscale[0]: 5
2024-09-20 21:42:04.915 T:22599 debug : ffmpeg[0x345cbc0]: [mjpeg] marker parser used 67 bytes (536 bits)
2024-09-20 21:42:04.915 T:22599 debug : ffmpeg[0x345cbc0]: [mjpeg] marker=c4 avail_size_in_buf=5735
2024-09-20 21:42:04.915 T:22599 debug : ffmpeg[0x345cbc0]: [mjpeg] class=0 index=0 nb_codes=8
2024-09-20 21:42:04.915 T:22599 debug : ffmpeg[0x345cbc0]: [mjpeg] class=0 index=1 nb_codes=6
2024-09-20 21:42:04.915 T:22599 debug : ffmpeg[0x345cbc0]: [mjpeg] class=1 index=0 nb_codes=44
2024-09-20 21:42:04.915 T:22599 debug : ffmpeg[0x345cbc0]: [mjpeg] class=1 index=1 nb_codes=17
2024-09-20 21:42:04.915 T:22599 debug : ffmpeg[0x345cbc0]: [mjpeg] marker parser used 145 bytes (1160 bits)
2024-09-20 21:42:04.915 T:22599 debug : ffmpeg[0x345cbc0]: [mjpeg] marker=c0 avail_size_in_buf=5588
2024-09-20 21:42:04.915 T:22599 debug : ffmpeg[0x345cbc0]: [mjpeg] Changing bps from 0 to 8
2024-09-20 21:42:04.915 T:22599 debug : ffmpeg[0x345cbc0]: [mjpeg] sof0: picture: 320x240
2024-09-20 21:42:04.915 T:22599 debug : ffmpeg[0x345cbc0]: [mjpeg] component 0 2:2 id: 1 quant:0
2024-09-20 21:42:04.915 T:22599 debug : ffmpeg[0x345cbc0]: [mjpeg] component 1 1:1 id: 2 quant:0
2024-09-20 21:42:04.915 T:22599 debug : ffmpeg[0x345cbc0]: [mjpeg] component 2 1:1 id: 3 quant:0
2024-09-20 21:42:04.915 T:22599 debug : ffmpeg[0x345cbc0]: [mjpeg] pix fmt id 22111100
2024-09-20 21:42:04.915 T:22599 debug : ffmpeg[0x345cbc0]: [mjpeg] Format yuvj420p chosen by get_format().
2024-09-20 21:42:04.915 T:22599 debug : ffmpeg[0x345cbc0]: [mjpeg] marker parser used 17 bytes (136 bits)
2024-09-20 21:42:04.915 T:22599 debug : ffmpeg[0x345cbc0]: [mjpeg] escaping removed 30 bytes
2024-09-20 21:42:04.915 T:22599 debug : ffmpeg[0x345cbc0]: [mjpeg] marker=da avail_size_in_buf=5569
2024-09-20 21:42:04.915 T:22599 debug : ffmpeg[0x345cbc0]: [mjpeg] component: 1
2024-09-20 21:42:04.915 T:22599 debug : ffmpeg[0x345cbc0]: [mjpeg] component: 2
2024-09-20 21:42:04.915 T:22599 debug : ffmpeg[0x345cbc0]: [mjpeg] component: 3
2024-09-20 21:42:04.916 T:22599 debug : ffmpeg[0x345cbc0]: [mjpeg] marker parser used 5538 bytes (44303 bits)
2024-09-20 21:42:04.916 T:22599 debug : ffmpeg[0x345cbc0]: [mjpeg] marker=d9 avail_size_in_buf=0
2024-09-20 21:42:04.916 T:22599 debug : ffmpeg[0x345cbc0]: [mjpeg] decode frame unused 0 bytes
2024-09-20 21:42:04.917 T:22557 debug : ffmpeg[0x3178c68]: [mjpeg] marker=d8 avail_size_in_buf=4740
2024-09-20 21:42:04.917 T:22557 debug : ffmpeg[0x3178c68]: [mjpeg] marker parser used 0 bytes (0 bits)
2024-09-20 21:42:04.917 T:22557 debug : ffmpeg[0x3178c68]: [mjpeg] marker=fe avail_size_in_buf=4738
2024-09-20 21:42:04.917 T:22557 debug : ffmpeg[0x3178c68]: [mjpeg] marker parser used 15 bytes (120 bits)
2024-09-20 21:42:04.917 T:22557 debug : ffmpeg[0x3178c68]: [mjpeg] marker=db avail_size_in_buf=4721
2024-09-20 21:42:04.917 T:22557 debug : ffmpeg[0x3178c68]: [mjpeg] index=0
2024-09-20 21:42:04.917 T:22557 debug : ffmpeg[0x3178c68]: [mjpeg] qscale[0]: 5
2024-09-20 21:42:04.917 T:22557 debug : ffmpeg[0x3178c68]: [mjpeg] marker parser used 67 bytes (536 bits)
2024-09-20 21:42:04.917 T:22557 debug : ffmpeg[0x3178c68]: [mjpeg] marker=c4 avail_size_in_buf=4652
2024-09-20 21:42:04.917 T:22557 debug : ffmpeg[0x3178c68]: [mjpeg] class=0 index=0 nb_codes=8
2024-09-20 21:42:04.917 T:22557 debug : ffmpeg[0x3178c68]: [mjpeg] class=0 index=1 nb_codes=5
2024-09-20 21:42:04.917 T:22557 debug : ffmpeg[0x3178c68]: [mjpeg] class=1 index=0 nb_codes=37
2024-09-20 21:42:04.917 T:22557 debug : ffmpeg[0x3178c68]: [mjpeg] class=1 index=1 nb_codes=11
2024-09-20 21:42:04.917 T:22557 debug : ffmpeg[0x3178c68]: [mjpeg] marker parser used 131 bytes (1048 bits)
2024-09-20 21:42:04.917 T:22557 debug : ffmpeg[0x3178c68]: [mjpeg] marker=c0 avail_size_in_buf=4519
2024-09-20 21:42:04.917 T:22557 debug : ffmpeg[0x3178c68]: [mjpeg] Changing bps from 0 to 8
2024-09-20 21:42:04.917 T:22557 debug : ffmpeg[0x3178c68]: [mjpeg] sof0: picture: 320x240
2024-09-20 21:42:04.917 T:22557 debug : ffmpeg[0x3178c68]: [mjpeg] component 0 2:2 id: 1 quant:0
2024-09-20 21:42:04.917 T:22557 debug : ffmpeg[0x3178c68]: [mjpeg] component 1 1:1 id: 2 quant:0
2024-09-20 21:42:04.917 T:22557 debug : ffmpeg[0x3178c68]: [mjpeg] component 2 1:1 id: 3 quant:0
2024-09-20 21:42:04.917 T:22557 debug : ffmpeg[0x3178c68]: [mjpeg] pix fmt id 22111100
2024-09-20 21:42:04.917 T:22557 debug : ffmpeg[0x3178c68]: [mjpeg] Format yuvj420p chosen by get_format().
2024-09-20 21:42:04.917 T:22557 debug : ffmpeg[0x3178c68]: [mjpeg] marker parser used 17 bytes (136 bits)
2024-09-20 21:42:04.917 T:22557 debug : ffmpeg[0x3178c68]: [mjpeg] escaping removed 19 bytes
2024-09-20 21:42:04.917 T:22557 debug : ffmpeg[0x3178c68]: [mjpeg] marker=da avail_size_in_buf=4500
2024-09-20 21:42:04.917 T:22557 debug : ffmpeg[0x3178c68]: [mjpeg] component: 1
2024-09-20 21:42:04.917 T:22557 debug : ffmpeg[0x3178c68]: [mjpeg] component: 2
2024-09-20 21:42:04.917 T:22557 debug : ffmpeg[0x3178c68]: [mjpeg] component: 3
2024-09-20 21:42:04.917 T:22557 debug : ffmpeg[0x3178c68]: [mjpeg] marker parser used 4480 bytes (35836 bits)
2024-09-20 21:42:04.917 T:22557 debug : ffmpeg[0x3178c68]: [mjpeg] marker=d9 avail_size_in_buf=0
2024-09-20 21:42:04.918 T:22557 debug : ffmpeg[0x3178c68]: [mjpeg] decode frame unused 0 bytes
2024-09-20 21:42:04.918 T:22599 debug : ffmpeg[0x345cbc0]: [mjpeg] marker=d8 avail_size_in_buf=17053
2024-09-20 21:42:04.918 T:22599 debug : ffmpeg[0x345cbc0]: [mjpeg] marker parser used 0 bytes (0 bits)
2024-09-20 21:42:04.918 T:22599 debug : ffmpeg[0x345cbc0]: [mjpeg] marker=fe avail_size_in_buf=17051
2024-09-20 21:42:04.918 T:22599 debug : ffmpeg[0x345cbc0]: [mjpeg] marker parser used 15 bytes (120 bits)
2024-09-20 21:42:04.918 T:22599 debug : ffmpeg[0x345cbc0]: [mjpeg] marker=db avail_size_in_buf=17034
2024-09-20 21:42:04.918 T:22599 debug : ffmpeg[0x345cbc0]: [mjpeg] index=0
2024-09-20 21:42:04.918 T:22599 debug : ffmpeg[0x345cbc0]: [mjpeg] qscale[0]: 5
2024-09-20 21:42:04.918 T:22599 debug : ffmpeg[0x345cbc0]: [mjpeg] marker parser used 67 bytes (536 bits)
2024-09-20 21:42:04.918 T:22599 debug : ffmpeg[0x345cbc0]: [mjpeg] marker=c4 avail_size_in_buf=16965
2024-09-20 21:42:04.918 T:22599 debug : ffmpeg[0x345cbc0]: [mjpeg] class=0 index=0 nb_codes=9
2024-09-20 21:42:04.918 T:22599 debug : ffmpeg[0x345cbc0]: [mjpeg] class=0 index=1 nb_codes=7
2024-09-20 21:42:04.918 T:22599 debug : ffmpeg[0x345cbc0]: [mjpeg] class=1 index=0 nb_codes=46
2024-09-20 21:42:04.918 T:22599 debug : ffmpeg[0x345cbc0]: [mjpeg] class=1 index=1 nb_codes=31
2024-09-20 21:42:04.918 T:22599 debug : ffmpeg[0x345cbc0]: [mjpeg] marker parser used 163 bytes (1304 bits)
2024-09-20 21:42:04.918 T:22599 debug : ffmpeg[0x345cbc0]: [mjpeg] marker=c0 avail_size_in_buf=16800
2024-09-20 21:42:04.918 T:22599 debug : ffmpeg[0x345cbc0]: [mjpeg] Changing bps from 0 to 8
2024-09-20 21:42:04.918 T:22599 debug : ffmpeg[0x345cbc0]: [mjpeg] sof0: picture: 570x321
2024-09-20 21:42:04.918 T:22599 debug : ffmpeg[0x345cbc0]: [mjpeg] component 0 2:2 id: 1 quant:0
2024-09-20 21:42:04.918 T:22599 debug : ffmpeg[0x345cbc0]: [mjpeg] component 1 1:1 id: 2 quant:0
2024-09-20 21:42:04.918 T:22599 debug : ffmpeg[0x345cbc0]: [mjpeg] component 2 1:1 id: 3 quant:0
2024-09-20 21:42:04.918 T:22599 debug : ffmpeg[0x345cbc0]: [mjpeg] pix fmt id 22111100
2024-09-20 21:42:04.918 T:22599 debug : ffmpeg[0x345cbc0]: [mjpeg] Format yuvj420p chosen by get_format().
2024-09-20 21:42:04.918 T:22599 debug : ffmpeg[0x345cbc0]: [mjpeg] marker parser used 17 bytes (136 bits)
2024-09-20 21:42:04.918 T:22599 debug : ffmpeg[0x345cbc0]: [mjpeg] escaping removed 40 bytes
2024-09-20 21:42:04.918 T:22599 debug : ffmpeg[0x345cbc0]: [mjpeg] marker=da avail_size_in_buf=16781
2024-09-20 21:42:04.918 T:22599 debug : ffmpeg[0x345cbc0]: [mjpeg] component: 1
2024-09-20 21:42:04.918 T:22599 debug : ffmpeg[0x345cbc0]: [mjpeg] component: 2
2024-09-20 21:42:04.918 T:22599 debug : ffmpeg[0x345cbc0]: [mjpeg] component: 3
2024-09-20 21:42:04.919 T:22521 debug : ffmpeg[0x3b77dd0]: [mjpeg] marker=d8 avail_size_in_buf=17181
2024-09-20 21:42:04.919 T:22599 debug : ffmpeg[0x345cbc0]: [mjpeg] marker parser used 16740 bytes (133913 bits)
2024-09-20 21:42:04.919 T:22521 debug : ffmpeg[0x3b77dd0]: [mjpeg] marker parser used 0 bytes (0 bits)
2024-09-20 21:42:04.919 T:22599 debug : ffmpeg[0x345cbc0]: [mjpeg] marker=d9 avail_size_in_buf=0
2024-09-20 21:42:04.919 T:22521 debug : ffmpeg[0x3b77dd0]: [mjpeg] marker=fe avail_size_in_buf=17179
2024-09-20 21:42:04.919 T:22599 debug : ffmpeg[0x345cbc0]: [mjpeg] decode frame unused 0 bytes
2024-09-20 21:42:04.919 T:22521 debug : ffmpeg[0x3b77dd0]: [mjpeg] marker parser used 15 bytes (120 bits)
2024-09-20 21:42:04.919 T:22521 debug : ffmpeg[0x3b77dd0]: [mjpeg] marker=db avail_size_in_buf=17162
2024-09-20 21:42:04.919 T:22521 debug : ffmpeg[0x3b77dd0]: [mjpeg] index=0
2024-09-20 21:42:04.919 T:22521 debug : ffmpeg[0x3b77dd0]: [mjpeg] qscale[0]: 5
2024-09-20 21:42:04.920 T:22521 debug : ffmpeg[0x3b77dd0]: [mjpeg] marker parser used 67 bytes (536 bits)
2024-09-20 21:42:04.920 T:22521 debug : ffmpeg[0x3b77dd0]: [mjpeg] marker=c4 avail_size_in_buf=17093
2024-09-20 21:42:04.920 T:22521 debug : ffmpeg[0x3b77dd0]: [mjpeg] class=0 index=0 nb_codes=9
2024-09-20 21:42:04.920 T:22521 debug : ffmpeg[0x3b77dd0]: [mjpeg] class=0 index=1 nb_codes=6
2024-09-20 21:42:04.920 T:22521 debug : ffmpeg[0x3b77dd0]: [mjpeg] class=1 index=0 nb_codes=41
2024-09-20 21:42:04.920 T:22557 debug : ffmpeg[0x3178c68]: [mjpeg] marker=d8 avail_size_in_buf=13063
2024-09-20 21:42:04.920 T:22521 debug : ffmpeg[0x3b77dd0]: [mjpeg] class=1 index=1 nb_codes=20
2024-09-20 21:42:04.920 T:22557 debug : ffmpeg[0x3178c68]: [mjpeg] marker parser used 0 bytes (0 bits)
2024-09-20 21:42:04.920 T:22521 debug : ffmpeg[0x3b77dd0]: [mjpeg] marker parser used 146 bytes (1168 bits)
2024-09-20 21:42:04.920 T:22557 debug : ffmpeg[0x3178c68]: [mjpeg] marker=fe avail_size_in_buf=13061
2024-09-20 21:42:04.920 T:22521 debug : ffmpeg[0x3b77dd0]: [mjpeg] marker=c0 avail_size_in_buf=16945
2024-09-20 21:42:04.920 T:22557 debug : ffmpeg[0x3178c68]: [mjpeg] marker parser used 15 bytes (120 bits)
2024-09-20 21:42:04.920 T:22521 debug : ffmpeg[0x3b77dd0]: [mjpeg] Changing bps from 0 to 8
2024-09-20 21:42:04.920 T:22557 debug : ffmpeg[0x3178c68]: [mjpeg] marker=db avail_size_in_buf=13044
2024-09-20 21:42:04.920 T:22521 debug : ffmpeg[0x3b77dd0]: [mjpeg] sof0: picture: 570x428
2024-09-20 21:42:04.920 T:22557 debug : ffmpeg[0x3178c68]: [mjpeg] index=0
2024-09-20 21:42:04.920 T:22521 debug : ffmpeg[0x3b77dd0]: [mjpeg] component 0 2:2 id: 1 quant:0
2024-09-20 21:42:04.920 T:22557 debug : ffmpeg[0x3178c68]: [mjpeg] qscale[0]: 5
2024-09-20 21:42:04.920 T:22521 debug : ffmpeg[0x3b77dd0]: [mjpeg] component 1 1:1 id: 2 quant:0
2024-09-20 21:42:04.920 T:22557 debug : ffmpeg[0x3178c68]: [mjpeg] marker parser used 67 bytes (536 bits)
2024-09-20 21:42:04.920 T:22521 debug : ffmpeg[0x3b77dd0]: [mjpeg] component 2 1:1 id: 3 quant:0
2024-09-20 21:42:04.920 T:22557 debug : ffmpeg[0x3178c68]: [mjpeg] marker=c4 avail_size_in_buf=12975
2024-09-20 21:42:04.920 T:22521 debug : ffmpeg[0x3b77dd0]: [mjpeg] pix fmt id 22111100
2024-09-20 21:42:04.920 T:22557 debug : ffmpeg[0x3178c68]: [mjpeg] class=0 index=0 nb_codes=9
2024-09-20 21:42:04.920 T:22521 debug : ffmpeg[0x3b77dd0]: [mjpeg] Format yuvj420p chosen by get_format().
2024-09-20 21:42:04.920 T:22557 debug : ffmpeg[0x3178c68]: [mjpeg] class=0 index=1 nb_codes=7
2024-09-20 21:42:04.920 T:22557 debug : ffmpeg[0x3178c68]: [mjpeg] class=1 index=0 nb_codes=37
2024-09-20 21:42:04.921 T:22557 debug : ffmpeg[0x3178c68]: [mjpeg] class=1 index=1 nb_codes=32
2024-09-20 21:42:04.921 T:22521 debug : ffmpeg[0x3b77dd0]: [mjpeg] marker parser used 17 bytes (136 bits)
2024-09-20 21:42:04.921 T:22557 debug : ffmpeg[0x3178c68]: [mjpeg] marker parser used 155 bytes (1240 bits)
2024-09-20 21:42:04.921 T:22557 debug : ffmpeg[0x3178c68]: [mjpeg] marker=c0 avail_size_in_buf=12818
2024-09-20 21:42:04.921 T:22521 debug : ffmpeg[0x3b77dd0]: [mjpeg] escaping removed 63 bytes
2024-09-20 21:42:04.921 T:22557 debug : ffmpeg[0x3178c68]: [mjpeg] Changing bps from 0 to 8
2024-09-20 21:42:04.921 T:22521 debug : ffmpeg[0x3b77dd0]: [mjpeg] marker=da avail_size_in_buf=16926
2024-09-20 21:42:04.921 T:22557 debug : ffmpeg[0x3178c68]: [mjpeg] sof0: picture: 570x321
2024-09-20 21:42:04.921 T:22521 debug : ffmpeg[0x3b77dd0]: [mjpeg] component: 1
2024-09-20 21:42:04.921 T:22557 debug : ffmpeg[0x3178c68]: [mjpeg] component 0 2:2 id: 1 quant:0
2024-09-20 21:42:04.921 T:22521 debug : ffmpeg[0x3b77dd0]: [mjpeg] component: 2
2024-09-20 21:42:04.921 T:22557 debug : ffmpeg[0x3178c68]: [mjpeg] component 1 1:1 id: 2 quant:0
2024-09-20 21:42:04.921 T:22521 debug : ffmpeg[0x3b77dd0]: [mjpeg] component: 3
2024-09-20 21:42:04.921 T:22557 debug : ffmpeg[0x3178c68]: [mjpeg] component 2 1:1 id: 3 quant:0
2024-09-20 21:42:04.921 T:22557 debug : ffmpeg[0x3178c68]: [mjpeg] pix fmt id 22111100
2024-09-20 21:42:04.921 T:22557 debug : ffmpeg[0x3178c68]: [mjpeg] Format yuvj420p chosen by get_format().
2024-09-20 21:42:04.921 T:22557 debug : ffmpeg[0x3178c68]: [mjpeg] marker parser used 17 bytes (136 bits)
2024-09-20 21:42:04.921 T:22557 debug : ffmpeg[0x3178c68]: [mjpeg] escaping removed 47 bytes
2024-09-20 21:42:04.921 T:22557 debug : ffmpeg[0x3178c68]: [mjpeg] marker=da avail_size_in_buf=12799
2024-09-20 21:42:04.921 T:22557 debug : ffmpeg[0x3178c68]: [mjpeg] component: 1
2024-09-20 21:42:04.921 T:22557 debug : ffmpeg[0x3178c68]: [mjpeg] component: 2
2024-09-20 21:42:04.921 T:22557 debug : ffmpeg[0x3178c68]: [mjpeg] component: 3
2024-09-20 21:42:04.922 T:22521 debug : ffmpeg[0x3b77dd0]: [mjpeg] marker parser used 16862 bytes (134891 bits)
2024-09-20 21:42:04.922 T:22521 debug : ffmpeg[0x3b77dd0]: [mjpeg] marker=d9 avail_size_in_buf=0
2024-09-20 21:42:04.922 T:22521 debug : ffmpeg[0x3b77dd0]: [mjpeg] decode frame unused 0 bytes
2024-09-20 21:42:04.922 T:22557 debug : ffmpeg[0x3178c68]: [mjpeg] marker parser used 12751 bytes (102003 bits)
2024-09-20 21:42:04.922 T:22557 debug : ffmpeg[0x3178c68]: [mjpeg] marker=d9 avail_size_in_buf=0
2024-09-20 21:42:04.922 T:22557 debug : ffmpeg[0x3178c68]: [mjpeg] decode frame unused 0 bytes
2024-09-20 21:42:04.926 T:22521 debug : ffmpeg[0x3b77dd0]: [mjpeg] marker=d8 avail_size_in_buf=7134
2024-09-20 21:42:04.926 T:22521 debug : ffmpeg[0x3b77dd0]: [mjpeg] marker parser used 0 bytes (0 bits)
2024-09-20 21:42:04.926 T:22521 debug : ffmpeg[0x3b77dd0]: [mjpeg] marker=fe avail_size_in_buf=7132
2024-09-20 21:42:04.926 T:22521 debug : ffmpeg[0x3b77dd0]: [mjpeg] marker parser used 15 bytes (120 bits)
2024-09-20 21:42:04.926 T:22521 debug : ffmpeg[0x3b77dd0]: [mjpeg] marker=db avail_size_in_buf=7115
2024-09-20 21:42:04.926 T:22521 debug : ffmpeg[0x3b77dd0]: [mjpeg] index=0
2024-09-20 21:42:04.926 T:22521 debug : ffmpeg[0x3b77dd0]: [mjpeg] qscale[0]: 5
2024-09-20 21:42:04.926 T:22521 debug : ffmpeg[0x3b77dd0]: [mjpeg] marker parser used 67 bytes (536 bits)
2024-09-20 21:42:04.926 T:22521 debug : ffmpeg[0x3b77dd0]: [mjpeg] marker=c4 avail_size_in_buf=7046
2024-09-20 21:42:04.926 T:22521 debug : ffmpeg[0x3b77dd0]: [mjpeg] class=0 index=0 nb_codes=9
2024-09-20 21:42:04.926 T:22521 debug : ffmpeg[0x3b77dd0]: [mjpeg] class=0 index=1 nb_codes=6
2024-09-20 21:42:04.926 T:22521 debug : ffmpeg[0x3b77dd0]: [mjpeg] class=1 index=0 nb_codes=40
2024-09-20 21:42:04.926 T:22521 debug : ffmpeg[0x3b77dd0]: [mjpeg] class=1 index=1 nb_codes=12
2024-09-20 21:42:04.926 T:22521 debug : ffmpeg[0x3b77dd0]: [mjpeg] marker parser used 137 bytes (1096 bits)
2024-09-20 21:42:04.926 T:22521 debug : ffmpeg[0x3b77dd0]: [mjpeg] marker=c0 avail_size_in_buf=6907
2024-09-20 21:42:04.926 T:22521 debug : ffmpeg[0x3b77dd0]: [mjpeg] Changing bps from 0 to 8
2024-09-20 21:42:04.926 T:22521 debug : ffmpeg[0x3b77dd0]: [mjpeg] sof0: picture: 320x240
2024-09-20 21:42:04.926 T:22521 debug : ffmpeg[0x3b77dd0]: [mjpeg] component 0 2:2 id: 1 quant:0
2024-09-20 21:42:04.926 T:22521 debug : ffmpeg[0x3b77dd0]: [mjpeg] component 1 1:1 id: 2 quant:0
2024-09-20 21:42:04.926 T:22521 debug : ffmpeg[0x3b77dd0]: [mjpeg] component 2 1:1 id: 3 quant:0
2024-09-20 21:42:04.926 T:22521 debug : ffmpeg[0x3b77dd0]: [mjpeg] pix fmt id 22111100
2024-09-20 21:42:04.926 T:22521 debug : ffmpeg[0x3b77dd0]: [mjpeg] Format yuvj420p chosen by get_format().
2024-09-20 21:42:04.926 T:22521 debug : ffmpeg[0x3b77dd0]: [mjpeg] marker parser used 17 bytes (136 bits)
