2024-09-20 21:41:35.479 T:3986 debug : PushCecKeypress - received key b duration 71
2024-09-20 21:41:35.887 T:3986 debug : PushCecKeypress - received key a7 duration 0
2024-09-20 21:41:35.903 T:3922 debug : HandleKey: 167 (0xa7, obc88) pressed, window 12000, action is Down
2024-09-20 21:41:35.958 T:3986 debug : PushCecKeypress - received key a7 duration 71
2024-09-20 21:41:36.197 T:3986 debug : PushCecKeypress - received key a7 duration 0
2024-09-20 21:41:36.228 T:3922 debug : HandleKey: 167 (0xa7, obc88) pressed, window 12000, action is Down
2024-09-20 21:41:36.268 T:3986 debug : PushCecKeypress - received key a7 duration 70
2024-09-20 21:41:36.671 T:3986 debug : PushCecKeypress - received key b duration 0
2024-09-20 21:41:36.675 T:3922 debug : HandleKey: 11 (0xb, obc244) pressed, window 12000, action is Select
2024-09-20 21:41:36.739 T:3986 debug : PushCecKeypress - received key b duration 71
2024-09-20 21:41:37.218 T:3986 debug : PushCecKeypress - received key a7 duration 0
2024-09-20 21:41:37.221 T:3922 debug : HandleKey: 167 (0xa7, obc88) pressed, window 12000, action is Down
2024-09-20 21:41:37.289 T:3986 debug : PushCecKeypress - received key a7 duration 72
2024-09-20 21:41:37.568 T:3986 debug : PushCecKeypress - received key a7 duration 0
2024-09-20 21:41:37.603 T:3922 debug : HandleKey: 167 (0xa7, obc88) pressed, window 12000, action is Down
2024-09-20 21:41:37.640 T:3986 debug : PushCecKeypress - received key a7 duration 72
2024-09-20 21:41:37.959 T:3986 debug : PushCecKeypress - received key a7 duration 0
2024-09-20 21:41:38.000 T:3922 debug : HandleKey: 167 (0xa7, obc88) pressed, window 12000, action is Down
2024-09-20 21:41:38.030 T:3986 debug : PushCecKeypress - received key a7 duration 70
2024-09-20 21:41:38.498 T:3986 debug : PushCecKeypress - received key a7 duration 0
2024-09-20 21:41:38.513 T:3922 debug : HandleKey: 167 (0xa7, obc88) pressed, window 12000, action is Down
2024-09-20 21:41:38.568 T:3986 debug : PushCecKeypress - received key a7 duration 70
2024-09-20 21:41:38.818 T:3986 debug : PushCecKeypress - received key a7 duration 0
2024-09-20 21:41:38.848 T:3922 debug : HandleKey: 167 (0xa7, obc88) pressed, window 12000, action is Down
2024-09-20 21:41:38.889 T:3986 debug : PushCecKeypress - received key a7 duration 70
2024-09-20 21:41:39.268 T:3986 debug : PushCecKeypress - received key a7 duration 0
2024-09-20 21:41:39.273 T:3922 debug : HandleKey: 167 (0xa7, obc88) pressed, window 12000, action is Down
2024-09-20 21:41:39.338 T:3986 debug : PushCecKeypress - received key a7 duration 70
2024-09-20 21:41:39.588 T:3986 debug : PushCecKeypress - received key a7 duration 0
2024-09-20 21:41:39.598 T:3922 debug : HandleKey: 167 (0xa7, obc88) pressed, window 12000, action is Down
2024-09-20 21:41:39.662 T:3986 debug : PushCecKeypress - received key a7 duration 74
2024-09-20 21:41:39.912 T:3986 debug : PushCecKeypress - received key a7 duration 0
2024-09-20 21:41:39.916 T:3922 debug : HandleKey: 167 (0xa7, obc88) pressed, window 12000, action is Down
2024-09-20 21:41:39.979 T:3986 debug : PushCecKeypress - received key a7 duration 71
2024-09-20 21:41:40.408 T:3986 debug : PushCecKeypress - received key a7 duration 0
2024-09-20 21:41:40.408 T:3922 debug : HandleKey: 167 (0xa7, obc88) pressed, window 12000, action is Down
2024-09-20 21:41:40.479 T:3986 debug : PushCecKeypress - received key a7 duration 71
2024-09-20 21:41:40.868 T:3986 debug : PushCecKeypress - received key a7 duration 0
2024-09-20 21:41:40.875 T:3922 debug : HandleKey: 167 (0xa7, obc88) pressed, window 12000, action is Down
2024-09-20 21:41:40.938 T:3986 debug : PushCecKeypress - received key a7 duration 70
2024-09-20 21:41:41.687 T:3986 debug : PushCecKeypress - received key a7 duration 0
2024-09-20 21:41:41.692 T:3922 debug : HandleKey: 167 (0xa7, obc88) pressed, window 12000, action is Down
2024-09-20 21:41:41.758 T:3986 debug : PushCecKeypress - received key a7 duration 70
2024-09-20 21:41:42.748 T:3986 debug : PushCecKeypress - received key a7 duration 0
2024-09-20 21:41:42.784 T:3922 debug : HandleKey: 167 (0xa7, obc88) pressed, window 12000, action is Down
2024-09-20 21:41:42.819 T:3986 debug : PushCecKeypress - received key a7 duration 71
2024-09-20 21:41:43.718 T:3986 debug : PushCecKeypress - received key a8 duration 0
2024-09-20 21:41:43.743 T:3922 debug : HandleKey: 168 (0xa8, obc87) pressed, window 12000, action is Right
2024-09-20 21:41:43.788 T:3986 debug : PushCecKeypress - received key a8 duration 70
2024-09-20 21:41:44.395 T:3986 debug : PushCecKeypress - received key a8 duration 0
2024-09-20 21:41:44.402 T:3922 debug : HandleKey: 168 (0xa8, obc87) pressed, window 12000, action is Right
2024-09-20 21:41:44.465 T:3986 debug : PushCecKeypress - received key a8 duration 71
2024-09-20 21:41:45.114 T:3986 debug : PushCecKeypress - received key a6 duration 0
2024-09-20 21:41:45.146 T:3922 debug : HandleKey: 166 (0xa6, obc89) pressed, window 12000, action is Up
2024-09-20 21:41:45.244 T:3986 debug : PushCecKeypress - received key a6 duration 130
2024-09-20 21:41:45.718 T:3986 debug : PushCecKeypress - received key b duration 0
2024-09-20 21:41:45.721 T:3922 debug : HandleKey: 11 (0xb, obc244) pressed, window 12000, action is Select
2024-09-20 21:41:45.789 T:3986 debug : PushCecKeypress - received key b duration 71
2024-09-20 21:41:45.969 T:3922 debug : ------ Window Deinit (DialogSelect.xml) ------
2024-09-20 21:41:47.263 T:3986 debug : PushCecKeypress - received key d8 duration 0
2024-09-20 21:41:47.272 T:3922 debug : HandleKey: menu (0xd8) pressed, window 10016, action is PreviousMenu
2024-09-20 21:41:47.287 T:3922 debug : CGUIWindowManager::PreviousWindow: Deactivate
2024-09-20 21:41:47.328 T:3986 debug : PushCecKeypress - received key d8 duration 71
2024-09-20 21:41:47.585 T:3922 debug : ------ Window Deinit (SettingsCategory.xml) ------
2024-09-20 21:41:47.585 T:3922 debug : FreeVisualisation() done
2024-09-20 21:41:47.598 T:3922 debug : CGUIWindowManager::PreviousWindow: Activate new
2024-09-20 21:41:47.599 T:3922 debug : ------ Window Init (Settings.xml) ------
2024-09-20 21:41:48.809 T:3986 debug : PushCecKeypress - received key d8 duration 0
2024-09-20 21:41:48.809 T:3922 debug : HandleKey: menu (0xd8) pressed, window 10004, action is PreviousMenu
2024-09-20 21:41:48.810 T:3922 debug : CGUIWindowManager::PreviousWindow: Deactivate
2024-09-20 21:41:48.880 T:3986 debug : PushCecKeypress - received key d8 duration 70
2024-09-20 21:41:49.120 T:3922 debug : ------ Window Deinit (Settings.xml) ------
2024-09-20 21:41:49.120 T:3922 debug : FreeVisualisation() done
2024-09-20 21:41:49.133 T:3922 debug : CGUIWindowManager::PreviousWindow: Activate new
2024-09-20 21:41:49.133 T:3922 debug : ------ Window Init (Home.xml) ------
2024-09-20 21:41:49.141 T:3922 debug : ffmpeg[0x0]: [swscaler] Forcing full internal H chroma due to odd output size
2024-09-20 21:41:49.141 T:3922 debug : ffmpeg[0x0]: [swscaler] Forcing full internal H chroma due to input having non subsampled chroma
2024-09-20 21:41:50.648 T:3986 debug : PushCecKeypress - received key a8 duration 0
2024-09-20 21:41:50.651 T:3922 debug : HandleKey: 168 (0xa8, obc87) pressed, window 10000, action is Right
2024-09-20 21:41:50.720 T:3986 debug : PushCecKeypress - received key a8 duration 71
2024-09-20 21:41:51.038 T:3986 debug : PushCecKeypress - received key a8 duration 0
2024-09-20 21:41:51.044 T:3922 debug : HandleKey: 168 (0xa8, obc87) pressed, window 10000, action is Right
2024-09-20 21:41:51.045 T:22521 debug : Thread JobWorker start, auto delete: true
2024-09-20 21:41:51.055 T:22521 debug : [threads] name: 'JobWorker' priority: '1'
2024-09-20 21:41:51.089 T:22521 debug : ffmpeg[0x3b77dd0]: [swscaler] Forcing full internal H chroma due to input having non subsampled chroma
2024-09-20 21:41:51.110 T:3986 debug : PushCecKeypress - received key a8 duration 71
2024-09-20 21:41:51.809 T:3986 debug : PushCecKeypress - received key b duration 0
2024-09-20 21:41:51.849 T:3922 debug : HandleKey: 11 (0xb, obc244) pressed, window 10000, action is Select
2024-09-20 21:41:51.850 T:22526 debug : Thread LanguageInvoker start, auto delete: false
2024-09-20 21:41:51.850 T:3922 debug : [threads] name: 'LanguageInvoker' priority: '1'
2024-09-20 21:41:51.862 T:22526 debug : initializing python engine.
2024-09-20 21:41:51.862 T:22526 debug : CPythonInvoker(16, /storage/.kodi/addons/script.plexmod/default.py): start processing
2024-09-20 21:41:51.879 T:3986 debug : PushCecKeypress - received key b duration 71
2024-09-20 21:41:51.881 T:22526 debug : -->Python Interpreter Initialized<--
2024-09-20 21:41:51.881 T:22526 debug :
2024-09-20 21:41:51.881 T:22526 debug : CPythonInvoker(16, /storage/.kodi/addons/script.plexmod/default.py): the source file to load is "/storage/.kodi/addons/script.plexmod/default.py"
2024-09-20 21:41:51.881 T:22526 debug : CPythonInvoker(16): full python path:
2024-09-20 21:41:51.881 T:22526 debug : CPythonInvoker(16): custom python path:
2024-09-20 21:41:51.882 T:22526 debug : CPythonInvoker(16): /storage/.kodi/addons/script.module.certifi/lib
2024-09-20 21:41:51.882 T:22526 debug : CPythonInvoker(16): /storage/.kodi/addons/script.module.chardet/lib
2024-09-20 21:41:51.882 T:22526 debug : CPythonInvoker(16): /storage/.kodi/addons/script.module.idna/lib
2024-09-20 21:41:51.882 T:22526 debug : CPythonInvoker(16): /storage/.kodi/addons/script.module.kodi-six/libs
2024-09-20 21:41:51.882 T:22526 debug : CPythonInvoker(16): /storage/.kodi/addons/script.module.requests/lib
2024-09-20 21:41:51.882 T:22526 debug : CPythonInvoker(16): /storage/.kodi/addons/script.module.six/lib
2024-09-20 21:41:51.882 T:22526 debug : CPythonInvoker(16): /storage/.kodi/addons/script.module.urllib3/lib
2024-09-20 21:41:51.882 T:22526 debug : CPythonInvoker(16): /storage/.kodi/addons/script.plexmod
2024-09-20 21:41:51.882 T:22526 debug : CPythonInvoker(16): default python path:
2024-09-20 21:41:51.882 T:22526 debug : CPythonInvoker(16): /usr/lib/python311.zip
2024-09-20 21:41:51.882 T:22526 debug : CPythonInvoker(16): /usr/lib/python3.11
2024-09-20 21:41:51.882 T:22526 debug : CPythonInvoker(16): /usr/lib/python3.11/lib-dynload
2024-09-20 21:41:51.882 T:22526 debug : CPythonInvoker(16): /usr/lib/python3.11/site-packages
2024-09-20 21:41:51.882 T:22526 debug : CPythonInvoker(16): adding args:
2024-09-20 21:41:51.882 T:22526 debug : CPythonInvoker(16): default.py
2024-09-20 21:41:51.882 T:22526 debug : CPythonInvoker(16, /storage/.kodi/addons/script.plexmod/default.py): entering source directory /storage/.kodi/addons/script.plexmod
2024-09-20 21:41:51.882 T:22526 debug : CPythonInvoker(16, /storage/.kodi/addons/script.plexmod/default.py): instantiating addon using automatically obtained id of "script.plexmod" dependent on version 3.0.0 of the xbmc.python api
2024-09-20 21:41:52.217 T:22526 debug : CPythonInvoker(16, /storage/.kodi/addons/script.plexmod/default.py): script successfully run
2024-09-20 21:41:52.217 T:22526 debug : onExecutionDone(16, /storage/.kodi/addons/script.plexmod/default.py)
2024-09-20 21:41:52.217 T:22526 debug : .
2024-09-20 21:41:52.282 T:22526 debug : Python interpreter stopped
2024-09-20 21:41:52.282 T:22526 debug : Thread LanguageInvoker 3088052800 terminating
2024-09-20 21:41:52.283 T:21920 info : script.plex: Notification: script.plexmod Other.RESTORE {}
2024-09-20 21:41:52.287 T:21920 debug : requested setting (None.PlexServerManager) was not found.
2024-09-20 21:41:52.287 T:21920 debug : requested setting (action_on_sleep) was not found.
2024-09-20 21:41:52.287 T:21920 debug : requested setting (allow_av1) was not found.
2024-09-20 21:41:52.287 T:21920 debug : requested setting (allow_insecure) was not found.
2024-09-20 21:41:52.287 T:21920 debug : requested setting (allowed_codecs) was not found.
2024-09-20 21:41:52.287 T:21920 debug : requested setting (audio_ac3dts) was not found.
2024-09-20 21:41:52.287 T:21920 debug : requested setting (audio_channels_kodi) was not found.
2024-09-20 21:41:52.287 T:21920 debug : requested setting (audio_clamp_to_orig) was not found.
2024-09-20 21:41:52.287 T:21920 debug : requested setting (audio_force_ac3_cond) was not found.
2024-09-20 21:41:52.287 T:21920 debug : requested setting (audio_hires) was not found.
2024-09-20 21:41:52.287 T:21920 debug : requested setting (auto_signin) was not found.
2024-09-20 21:41:52.287 T:21920 debug : requested setting (client.ID) was not found.
2024-09-20 21:41:52.287 T:21920 debug : requested setting (handle_plexdirect) was not found.
2024-09-20 21:41:52.287 T:21920 debug : requested setting (hubs_use_new_continue_watching) was not found.
2024-09-20 21:41:52.287 T:21920 debug : requested setting (kiosk.mode) was not found.
2024-09-20 21:41:52.287 T:21920 debug : requested setting (lastServerId.21752335) was not found.
2024-09-20 21:41:52.287 T:21920 debug : requested setting (lastServerId.22245155) was not found.
2024-09-20 21:41:52.288 T:21920 debug : requested setting (last_bg_url) was not found.
2024-09-20 21:41:52.288 T:21920 debug : requested setting (last_good_volume) was not found.
2024-09-20 21:41:52.288 T:21920 debug : requested setting (last_resolution) was not found.
2024-09-20 21:41:52.288 T:21920 debug : requested setting (library.settings.4ad3714d58d658fa6ec5b7bd124ea7ec27be54c3) was not found.
2024-09-20 21:41:52.288 T:21920 debug : requested setting (manual_ip_0) was not found.
2024-09-20 21:41:52.288 T:21920 debug : requested setting (max_retries) was not found.
2024-09-20 21:41:52.288 T:21920 debug : requested setting (myplex.MyPlexAccount) was not found.
2024-09-20 21:41:52.288 T:21920 debug : requested setting (player_official) was not found.
2024-09-20 21:41:52.288 T:21920 debug : requested setting (player_show_buttons) was not found.
2024-09-20 21:41:52.288 T:21920 debug : requested setting (player_show_buttons.22245155) was not found.
2024-09-20 21:41:52.288 T:21920 debug : requested setting (player_stop_on_idle) was not found.
2024-09-20 21:41:52.288 T:21920 debug : requested setting (player_stop_on_screensaver) was not found.
2024-09-20 21:41:52.288 T:21920 debug : requested setting (requests_timeout) was not found.
2024-09-20 21:41:52.288 T:21920 debug : requested setting (resume_seek_behind) was not found.
2024-09-20 21:41:52.288 T:21920 debug : requested setting (resume_seek_behind_after) was not found.
2024-09-20 21:41:52.288 T:21920 debug : requested setting (resume_seek_behind_pause) was not found.
2024-09-20 21:41:52.288 T:21920 debug : requested setting (subtitle_downloads) was not found.
2024-09-20 21:41:52.288 T:21920 debug : requested setting (theme) was not found.
2024-09-20 21:41:52.288 T:21920 debug : requested setting (theme_music) was not found.
2024-09-20 21:41:52.288 T:21920 debug : requested setting (theme_version) was not found.
2024-09-20 21:41:52.288 T:21920 debug : requested setting (video_show_ffwdrwd) was not found.
2024-09-20 21:41:52.288 T:21920 debug : requested setting (video_show_playlist) was not found.
2024-09-20 21:41:52.288 T:21920 debug : requested setting (viewtype.4ad3714d58d658fa6ec5b7bd124ea7ec27be54c3.1) was not found.
2024-09-20 21:41:52.288 T:21920 debug : requested setting (virtual_chapters.22245155) was not found.
2024-09-20 21:41:52.288 T:21920 debug : requested setting (xml_cache.mpaResources) was not found.
2024-09-20 21:41:52.289 T:21920 debug : requested setting (intro_skip_early) was not found.
2024-09-20 21:41:52.289 T:21920 debug : requested setting (postplayCancel) was not found.
2024-09-20 21:41:52.289 T:21920 debug : requested setting (low_drift_timer) was not found.
2024-09-20 21:41:52.318 T:21920 info : script.plex: Regional time format detected, falling back to legacy detection of hour-padding
2024-09-20 21:41:52.326 T:3922 debug : Activating window ID: 13003
2024-09-20 21:41:52.642 T:3922 debug : ------ Window Deinit (Home.xml) ------
2024-09-20 21:41:52.642 T:3922 debug : FreeVisualisation() done
2024-09-20 21:41:52.653 T:3922 debug : ------ Window Init (/storage/.kodi/addons/script.plexmod/resources/skins/Main/1080i/script-plex-home.xml) ------
2024-09-20 21:41:52.656 T:3922 debug : ffmpeg[0x0]: [swscaler] Forcing full internal H chroma due to odd output size
2024-09-20 21:41:52.656 T:3922 debug : ffmpeg[0x0]: [swscaler] Forcing full internal H chroma due to input having non subsampled chroma
2024-09-20 21:41:52.658 T:3922 info : Skipped 1 duplicate messages..
2024-09-20 21:41:52.658 T:3922 debug : [Warning] CGUITextureManager::GetTexturePath: could not find texture '-'
2024-09-20 21:41:52.659 T:3922 debug : ffmpeg[0x0]: [swscaler] Forcing full internal H chroma due to odd output size
2024-09-20 21:41:52.659 T:3922 debug : ffmpeg[0x0]: [swscaler] Forcing full internal H chroma due to input having non subsampled chroma
2024-09-20 21:41:52.660 T:3922 debug : [Warning] CGUITextureManager::GetTexturePath: could not find texture '-'
2024-09-20 21:41:52.675 T:3922 info : Skipped 7 duplicate messages..
2024-09-20 21:41:52.675 T:3922 debug : ffmpeg[0x0]: [swscaler] Forcing full internal H chroma due to odd output size
2024-09-20 21:41:52.675 T:3922 debug : ffmpeg[0x0]: [swscaler] Forcing full internal H chroma due to input having non subsampled chroma
2024-09-20 21:41:52.679 T:3922 info : Skipped 3 duplicate messages..
2024-09-20 21:41:52.679 T:3922 debug : ffmpeg[0x0]: [swscaler] Forcing full internal H chroma due to odd output size
2024-09-20 21:41:52.679 T:3922 debug : ffmpeg[0x0]: [swscaler] Forcing full internal H chroma due to input having non subsampled chroma
2024-09-20 21:41:52.680 T:22521 debug : ffmpeg[0x3b77dd0]: [swscaler] Forcing full internal H chroma due to input having non subsampled chroma
2024-09-20 21:41:52.690 T:3922 debug : ffmpeg[0x0]: [swscaler] Forcing full internal H chroma due to input having non subsampled chroma
2024-09-20 21:41:53.833 T:3986 debug : PushCecKeypress - received key a7 duration 0
2024-09-20 21:41:53.834 T:3922 debug : HandleKey: 167 (0xa7, obc88) pressed, window 13003, action is Down
2024-09-20 21:41:53.899 T:3986 debug : PushCecKeypress - received key a7 duration 71
2024-09-20 21:41:54.308 T:3986 debug : PushCecKeypress - received key a8 duration 0
2024-09-20 21:41:54.333 T:3922 debug : HandleKey: 168 (0xa8, obc87) pressed, window 13003, action is Right
2024-09-20 21:41:54.379 T:3986 debug : PushCecKeypress - received key a8 duration 70
2024-09-20 21:41:55.438 T:3986 debug : PushCecKeypress - received key a6 duration 0
2024-09-20 21:41:55.455 T:3922 debug : HandleKey: 166 (0xa6, obc89) pressed, window 13003, action is Up
2024-09-20 21:41:55.508 T:3986 debug : PushCecKeypress - received key a6 duration 71
2024-09-20 21:41:55.888 T:3986 debug : PushCecKeypress - received key a8 duration 0
2024-09-20 21:41:55.909 T:3922 debug : HandleKey: 168 (0xa8, obc87) pressed, window 13003, action is Right
2024-09-20 21:41:55.958 T:3986 debug : PushCecKeypress - received key a8 duration 70
2024-09-20 21:41:56.328 T:3986 debug : PushCecKeypress - received key b duration 0
2024-09-20 21:41:56.344 T:3922 debug : HandleKey: 11 (0xb, obc244) pressed, window 13003, action is Select
2024-09-20 21:41:56.399 T:3986 debug : PushCecKeypress - received key b duration 70
2024-09-20 21:41:56.429 T:3922 debug : Activating window ID: 13004
2024-09-20 21:41:56.429 T:3922 debug : ------ Window Deinit (/storage/.kodi/addons/script.plexmod/resources/skins/Main/1080i/script-plex-home.xml) ------
2024-09-20 21:41:56.429 T:3922 debug : ------ Window Init (/storage/.kodi/addons/script.plexmod/resources/skins/Main/1080i/script-plex-blank.xml) ------
2024-09-20 21:41:56.430 T:3922 info : Loading skin file: /storage/.kodi/addons/script.plexmod/resources/skins/Main/1080i/script-plex-blank.xml, load type: LOAD_ON_GUI_INIT
2024-09-20 21:41:56.472 T:22543 info : script.plex: Section changed (1): 'Movies'
2024-09-20 21:41:56.473 T:22543 info : script.plex: Showing hubs - Section: 1 - Update: False
2024-09-20 21:41:56.473 T:22543 info : script.plex: HUB: movie.inprogress.1 [movie.inprogress](1, None, reselect: None)
2024-09-20 21:41:56.474 T:22543 info : script.plex: HUB: movie.recentlyreleased.1 [movie.recentlyreleased](10, None, reselect: None)
2024-09-20 21:41:56.524 T:22543 info : script.plex: HUB: movie.recentlyadded.1 [movie.recentlyadded](10, None, reselect: None)
2024-09-20 21:41:56.574 T:22543 info : script.plex: HUB: movie.genre.1.207 [movie.genre](10, None, reselect: None)
2024-09-20 21:41:56.578 T:22543 info : script.plex: HUB: movie.by.actor.or.director.1.225303 [movie.by.actor.or.director](0, None, reselect: None)
2024-09-20 21:41:56.578 T:22543 info : script.plex: HUB: movie.topunwatched.1 [movie.topunwatched](10, None, reselect: None)
2024-09-20 21:41:56.582 T:22543 info : script.plex: HUB: movie.recentlyviewed.1 [movie.recentlyviewed](10, None, reselect: None)
2024-09-20 21:41:56.591 T:3922 debug : Activating window ID: 13005
2024-09-20 21:41:56.591 T:3922 debug : ------ Window Deinit (/storage/.kodi/addons/script.plexmod/resources/skins/Main/1080i/script-plex-blank.xml) ------
2024-09-20 21:41:56.592 T:3922 debug : ------ Window Init (/storage/.kodi/addons/script.plexmod/resources/skins/Main/1080i/script-plex-posters.xml) ------
2024-09-20 21:41:56.592 T:3922 info : Loading skin file: /storage/.kodi/addons/script.plexmod/resources/skins/Main/1080i/script-plex-posters.xml, load type: LOAD_ON_GUI_INIT
2024-09-20 21:41:56.617 T:3922 debug : ffmpeg[0x0]: [swscaler] Forcing full internal H chroma due to input having non subsampled chroma
2024-09-20 21:41:56.620 T:3922 info : Skipped 3 duplicate messages..
2024-09-20 21:41:56.620 T:3922 debug : [Warning] CGUITextureManager::GetTexturePath: could not find texture '-'
2024-09-20 21:41:56.621 T:3922 info : Skipped 1 duplicate messages..
2024-09-20 21:41:56.621 T:3922 debug : ffmpeg[0x0]: [swscaler] Forcing full internal H chroma due to odd output size
2024-09-20 21:41:56.621 T:3922 debug : ffmpeg[0x0]: [swscaler] Forcing full internal H chroma due to input having non subsampled chroma
2024-09-20 21:41:56.621 T:3922 info : Skipped 1 duplicate messages..
2024-09-20 21:41:56.621 T:3922 debug : [Warning] CGUITextureManager::GetTexturePath: could not find texture '-'
2024-09-20 21:41:56.651 T:22521 info : Skipped 9 duplicate messages..
2024-09-20 21:41:56.651 T:22521 debug : ffmpeg[0x3b77dd0]: [swscaler] Forcing full internal H chroma due to input having non subsampled chroma
2024-09-20 21:41:56.741 T:21920 info : script.plex: API: GET https://redacted.plex.direct:32400/library/sections/1/firstCharacter?includeCollections=1&sort=titleSort%3Aasc&X-Plex-Token=****
2024-09-20 21:41:56.991 T:22551 info : script.plex: BGThreader: (queue.0:worker.0): Active
2024-09-20 21:41:56.992 T:22553 info : script.plex: BGThreader: (queue.0:worker.2): Active
2024-09-20 21:41:56.992 T:22553 info : script.plex: API: GET https://redacted.plex.direct:32400/library/sections/1/all?includeCollections=1&sort=titleSort%3Aasc&X-Plex-Container-Size=540&X-Plex-Container-Start=540&X-Plex-Token=****
2024-09-20 21:41:56.993 T:22551 info : script.plex: API: GET https://redacted.plex.direct:32400/library/sections/1/all?includeCollections=1&sort=titleSort%3Aasc&X-Plex-Container-Size=540&X-Plex-Container-Start=0&X-Plex-Token=****
2024-09-20 21:41:57.069 T:22552 info : script.plex: BGThreader: (queue.0:worker.1): Active
2024-09-20 21:41:57.083 T:3922 debug : ffmpeg[0x0]: [swscaler] Forcing full internal H chroma due to input having non subsampled chroma
2024-09-20 21:41:57.145 T:22552 info : script.plex: API: GET https://redacted.plex.direct:32400/library/sections/1/all?includeCollections=1&sort=titleSort%3Aasc&X-Plex-Container-Size=540&X-Plex-Container-Start=1080&X-Plex-Token=****
2024-09-20 21:41:57.435 T:22552 info : script.plex: BGThreader (queue.0:worker.1): Idle
2024-09-20 21:41:58.179 T:22521 debug : ffmpeg[0x3b77dd0]: [mjpeg] marker=d8 avail_size_in_buf=26076
2024-09-20 21:41:58.179 T:22521 debug : ffmpeg[0x3b77dd0]: [mjpeg] marker parser used 0 bytes (0 bits)
2024-09-20 21:41:58.179 T:22521 debug : ffmpeg[0x3b77dd0]: [mjpeg] marker=fe avail_size_in_buf=26074
2024-09-20 21:41:58.179 T:22521 debug : ffmpeg[0x3b77dd0]: [mjpeg] marker parser used 15 bytes (120 bits)
2024-09-20 21:41:58.179 T:22521 debug : ffmpeg[0x3b77dd0]: [mjpeg] marker=db avail_size_in_buf=26057
2024-09-20 21:41:58.179 T:22521 debug : ffmpeg[0x3b77dd0]: [mjpeg] index=0
2024-09-20 21:41:58.179 T:22521 debug : ffmpeg[0x3b77dd0]: [mjpeg] qscale[0]: 5
2024-09-20 21:41:58.179 T:22521 debug : ffmpeg[0x3b77dd0]: [mjpeg] marker parser used 67 bytes (536 bits)
2024-09-20 21:41:58.179 T:22521 debug : ffmpeg[0x3b77dd0]: [mjpeg] marker=c4 avail_size_in_buf=25988
2024-09-20 21:41:58.179 T:22521 debug : ffmpeg[0x3b77dd0]: [mjpeg] class=0 index=0 nb_codes=8
2024-09-20 21:41:58.179 T:22521 debug : ffmpeg[0x3b77dd0]: [mjpeg] class=0 index=1 nb_codes=6
2024-09-20 21:41:58.179 T:22521 debug : ffmpeg[0x3b77dd0]: [mjpeg] class=1 index=0 nb_codes=54
2024-09-20 21:41:58.179 T:22521 debug : ffmpeg[0x3b77dd0]: [mjpeg] class=1 index=1 nb_codes=18
2024-09-20 21:41:58.179 T:22521 debug : ffmpeg[0x3b77dd0]: [mjpeg] marker parser used 156 bytes (1248 bits)
2024-09-20 21:41:58.179 T:22521 debug : ffmpeg[0x3b77dd0]: [mjpeg] marker=c0 avail_size_in_buf=25830
2024-09-20 21:41:58.179 T:22521 debug : ffmpeg[0x3b77dd0]: [mjpeg] Changing bps from 0 to 8
2024-09-20 21:41:58.179 T:22521 debug : ffmpeg[0x3b77dd0]: [mjpeg] sof0: picture: 464x696
2024-09-20 21:41:58.179 T:22521 debug : ffmpeg[0x3b77dd0]: [mjpeg] component 0 2:2 id: 1 quant:0
2024-09-20 21:41:58.179 T:22521 debug : ffmpeg[0x3b77dd0]: [mjpeg] component 1 1:1 id: 2 quant:0
2024-09-20 21:41:58.179 T:22521 debug : ffmpeg[0x3b77dd0]: [mjpeg] component 2 1:1 id: 3 quant:0
2024-09-20 21:41:58.179 T:22521 debug : ffmpeg[0x3b77dd0]: [mjpeg] pix fmt id 22111100
2024-09-20 21:41:58.179 T:22521 debug : ffmpeg[0x3b77dd0]: [mjpeg] Format yuvj420p chosen by get_format().
2024-09-20 21:41:58.179 T:22521 debug : ffmpeg[0x3b77dd0]: [mjpeg] marker parser used 17 bytes (136 bits)
2024-09-20 21:41:58.179 T:22521 debug : ffmpeg[0x3b77dd0]: [mjpeg] escaping removed 97 bytes
2024-09-20 21:41:58.179 T:22521 debug : ffmpeg[0x3b77dd0]: [mjpeg] marker=da avail_size_in_buf=25811
2024-09-20 21:41:58.179 T:22521 debug : ffmpeg[0x3b77dd0]: [mjpeg] component: 1
2024-09-20 21:41:58.179 T:22521 debug : ffmpeg[0x3b77dd0]: [mjpeg] component: 2
2024-09-20 21:41:58.179 T:22521 debug : ffmpeg[0x3b77dd0]: [mjpeg] component: 3
2024-09-20 21:41:58.181 T:22521 debug : ffmpeg[0x3b77dd0]: [mjpeg] marker parser used 25713 bytes (205700 bits)
2024-09-20 21:41:58.181 T:22521 debug : ffmpeg[0x3b77dd0]: [mjpeg] marker=d9 avail_size_in_buf=0
2024-09-20 21:41:58.181 T:22521 debug : ffmpeg[0x3b77dd0]: [mjpeg] decode frame unused 0 bytes
2024-09-20 21:41:58.257 T:22556 debug : Thread JobWorker start, auto delete: true
2024-09-20 21:41:58.257 T:22556 debug : [threads] name: 'JobWorker' priority: '1'
2024-09-20 21:41:58.258 T:22521 debug : ffmpeg[0x3b77dd0]: [mjpeg] marker=d8 avail_size_in_buf=30110
2024-09-20 21:41:58.258 T:22521 debug : ffmpeg[0x3b77dd0]: [mjpeg] marker parser used 0 bytes (0 bits)
2024-09-20 21:41:58.258 T:22521 debug : ffmpeg[0x3b77dd0]: [mjpeg] marker=fe avail_size_in_buf=30108
2024-09-20 21:41:58.258 T:22521 debug : ffmpeg[0x3b77dd0]: [mjpeg] marker parser used 15 bytes (120 bits)
2024-09-20 21:41:58.258 T:22521 debug : ffmpeg[0x3b77dd0]: [mjpeg] marker=db avail_size_in_buf=30091
2024-09-20 21:41:58.258 T:22521 debug : ffmpeg[0x3b77dd0]: [mjpeg] index=0
2024-09-20 21:41:58.258 T:22521 debug : ffmpeg[0x3b77dd0]: [mjpeg] qscale[0]: 5
2024-09-20 21:41:58.258 T:22521 debug : ffmpeg[0x3b77dd0]: [mjpeg] marker parser used 67 bytes (536 bits)
2024-09-20 21:41:58.258 T:22521 debug : ffmpeg[0x3b77dd0]: [mjpeg] marker=c4 avail_size_in_buf=30022
2024-09-20 21:41:58.258 T:22521 debug : ffmpeg[0x3b77dd0]: [mjpeg] class=0 index=0 nb_codes=9
2024-09-20 21:41:58.258 T:22521 debug : ffmpeg[0x3b77dd0]: [mjpeg] class=0 index=1 nb_codes=7
2024-09-20 21:41:58.258 T:22521 debug : ffmpeg[0x3b77dd0]: [mjpeg] class=1 index=0 nb_codes=53
2024-09-20 21:41:58.258 T:22521 debug : ffmpeg[0x3b77dd0]: [mjpeg] class=1 index=1 nb_codes=34
2024-09-20 21:41:58.258 T:22521 debug : ffmpeg[0x3b77dd0]: [mjpeg] marker parser used 173 bytes (1384 bits)
2024-09-20 21:41:58.258 T:22521 debug : ffmpeg[0x3b77dd0]: [mjpeg] marker=c0 avail_size_in_buf=29847
2024-09-20 21:41:58.258 T:22521 debug : ffmpeg[0x3b77dd0]: [mjpeg] Changing bps from 0 to 8
2024-09-20 21:41:58.258 T:22521 debug : ffmpeg[0x3b77dd0]: [mjpeg] sof0: picture: 464x696
2024-09-20 21:41:58.258 T:22521 debug : ffmpeg[0x3b77dd0]: [mjpeg] component 0 2:2 id: 1 quant:0
2024-09-20 21:41:58.258 T:22521 debug : ffmpeg[0x3b77dd0]: [mjpeg] component 1 1:1 id: 2 quant:0
2024-09-20 21:41:58.258 T:22521 debug : ffmpeg[0x3b77dd0]: [mjpeg] component 2 1:1 id: 3 quant:0
2024-09-20 21:41:58.258 T:22521 debug : ffmpeg[0x3b77dd0]: [mjpeg] pix fmt id 22111100
2024-09-20 21:41:58.258 T:22521 debug : ffmpeg[0x3b77dd0]: [mjpeg] Format yuvj420p chosen by get_format().
2024-09-20 21:41:58.259 T:22521 debug : ffmpeg[0x3b77dd0]: [mjpeg] marker parser used 17 bytes (136 bits)
2024-09-20 21:41:58.259 T:22521 debug : ffmpeg[0x3b77dd0]: [mjpeg] escaping removed 86 bytes
2024-09-20 21:41:58.259 T:22521 debug : ffmpeg[0x3b77dd0]: [mjpeg] marker=da avail_size_in_buf=29828
2024-09-20 21:41:58.259 T:22521 debug : ffmpeg[0x3b77dd0]: [mjpeg] component: 1
2024-09-20 21:41:58.259 T:22521 debug : ffmpeg[0x3b77dd0]: [mjpeg] component: 2
2024-09-20 21:41:58.259 T:22521 debug : ffmpeg[0x3b77dd0]: [mjpeg] component: 3
2024-09-20 21:41:58.259 T:22556 debug : ffmpeg[0x3e09900]: [mjpeg] marker=d8 avail_size_in_buf=32868
2024-09-20 21:41:58.259 T:22556 debug : ffmpeg[0x3e09900]: [mjpeg] marker parser used 0 bytes (0 bits)
2024-09-20 21:41:58.259 T:22556 debug : ffmpeg[0x3e09900]: [mjpeg] marker=fe avail_size_in_buf=32866
2024-09-20 21:41:58.259 T:22556 debug : ffmpeg[0x3e09900]: [mjpeg] marker parser used 15 bytes (120 bits)
2024-09-20 21:41:58.259 T:22556 debug : ffmpeg[0x3e09900]: [mjpeg] marker=db avail_size_in_buf=32849
2024-09-20 21:41:58.259 T:22556 debug : ffmpeg[0x3e09900]: [mjpeg] index=0
2024-09-20 21:41:58.259 T:22556 debug : ffmpeg[0x3e09900]: [mjpeg] qscale[0]: 5
2024-09-20 21:41:58.259 T:22556 debug : ffmpeg[0x3e09900]: [mjpeg] marker parser used 67 bytes (536 bits)
2024-09-20 21:41:58.260 T:22556 debug : ffmpeg[0x3e09900]: [mjpeg] marker=c4 avail_size_in_buf=32780
2024-09-20 21:41:58.260 T:22556 debug : ffmpeg[0x3e09900]: [mjpeg] class=0 index=0 nb_codes=9
2024-09-20 21:41:58.260 T:22556 debug : ffmpeg[0x3e09900]: [mjpeg] class=0 index=1 nb_codes=7
2024-09-20 21:41:58.260 T:22556 debug : ffmpeg[0x3e09900]: [mjpeg] class=1 index=0 nb_codes=52
2024-09-20 21:41:58.260 T:22556 debug : ffmpeg[0x3e09900]: [mjpeg] class=1 index=1 nb_codes=36
2024-09-20 21:41:58.260 T:22556 debug : ffmpeg[0x3e09900]: [mjpeg] marker parser used 174 bytes (1392 bits)
2024-09-20 21:41:58.260 T:22556 debug : ffmpeg[0x3e09900]: [mjpeg] marker=c0 avail_size_in_buf=32604
2024-09-20 21:41:58.260 T:22556 debug : ffmpeg[0x3e09900]: [mjpeg] Changing bps from 0 to 8
2024-09-20 21:41:58.260 T:22556 debug : ffmpeg[0x3e09900]: [mjpeg] sof0: picture: 464x696
2024-09-20 21:41:58.260 T:22556 debug : ffmpeg[0x3e09900]: [mjpeg] component 0 2:2 id: 1 quant:0
2024-09-20 21:41:58.260 T:22556 debug : ffmpeg[0x3e09900]: [mjpeg] component 1 1:1 id: 2 quant:0
2024-09-20 21:41:58.260 T:22556 debug : ffmpeg[0x3e09900]: [mjpeg] component 2 1:1 id: 3 quant:0
2024-09-20 21:41:58.260 T:22556 debug : ffmpeg[0x3e09900]: [mjpeg] pix fmt id 22111100
2024-09-20 21:41:58.260 T:22556 debug : ffmpeg[0x3e09900]: [mjpeg] Format yuvj420p chosen by get_format().
2024-09-20 21:41:58.260 T:22556 debug : ffmpeg[0x3e09900]: [mjpeg] marker parser used 17 bytes (136 bits)
2024-09-20 21:41:58.260 T:22556 debug : ffmpeg[0x3e09900]: [mjpeg] escaping removed 83 bytes
2024-09-20 21:41:58.260 T:22556 debug : ffmpeg[0x3e09900]: [mjpeg] marker=da avail_size_in_buf=32585
2024-09-20 21:41:58.260 T:22556 debug : ffmpeg[0x3e09900]: [mjpeg] component: 1
2024-09-20 21:41:58.260 T:22556 debug : ffmpeg[0x3e09900]: [mjpeg] component: 2
2024-09-20 21:41:58.260 T:22556 debug : ffmpeg[0x3e09900]: [mjpeg] component: 3
2024-09-20 21:41:58.262 T:22521 debug : ffmpeg[0x3b77dd0]: [mjpeg] marker parser used 29741 bytes (237923 bits)
2024-09-20 21:41:58.262 T:22521 debug : ffmpeg[0x3b77dd0]: [mjpeg] marker=d9 avail_size_in_buf=0
2024-09-20 21:41:58.262 T:22521 debug : ffmpeg[0x3b77dd0]: [mjpeg] decode frame unused 0 bytes
2024-09-20 21:41:58.264 T:22556 debug : ffmpeg[0x3e09900]: [mjpeg] marker parser used 32501 bytes (260008 bits)
2024-09-20 21:41:58.264 T:22556 debug : ffmpeg[0x3e09900]: [mjpeg] marker=d9 avail_size_in_buf=0
2024-09-20 21:41:58.264 T:22556 debug : ffmpeg[0x3e09900]: [mjpeg] decode frame unused 0 bytes
2024-09-20 21:41:58.265 T:22557 debug : Thread JobWorker start, auto delete: true
2024-09-20 21:41:58.265 T:22557 debug : [threads] name: 'JobWorker' priority: '1'
2024-09-20 21:41:58.270 T:22557 debug : ffmpeg[0x3178c68]: [mjpeg] marker=d8 avail_size_in_buf=33127
2024-09-20 21:41:58.270 T:22557 debug : ffmpeg[0x3178c68]: [mjpeg] marker parser used 0 bytes (0 bits)
2024-09-20 21:41:58.270 T:22557 debug : ffmpeg[0x3178c68]: [mjpeg] marker=fe avail_size_in_buf=33125
2024-09-20 21:41:58.270 T:22557 debug : ffmpeg[0x3178c68]: [mjpeg] marker parser used 15 bytes (120 bits)
2024-09-20 21:41:58.270 T:22557 debug : ffmpeg[0x3178c68]: [mjpeg] marker=db avail_size_in_buf=33108
2024-09-20 21:41:58.271 T:22557 debug : ffmpeg[0x3178c68]: [mjpeg] index=0
2024-09-20 21:41:58.271 T:22557 debug : ffmpeg[0x3178c68]: [mjpeg] qscale[0]: 5
2024-09-20 21:41:58.271 T:22557 debug : ffmpeg[0x3178c68]: [mjpeg] marker parser used 67 bytes (536 bits)
2024-09-20 21:41:58.271 T:22557 debug : ffmpeg[0x3178c68]: [mjpeg] marker=c4 avail_size_in_buf=33039
2024-09-20 21:41:58.271 T:22557 debug : ffmpeg[0x3178c68]: [mjpeg] class=0 index=0 nb_codes=9
2024-09-20 21:41:58.271 T:22557 debug : ffmpeg[0x3178c68]: [mjpeg] class=0 index=1 nb_codes=8
2024-09-20 21:41:58.271 T:22557 debug : ffmpeg[0x3178c68]: [mjpeg] class=1 index=0 nb_codes=62
2024-09-20 21:41:58.271 T:22557 debug : ffmpeg[0x3178c68]: [mjpeg] class=1 index=1 nb_codes=53
2024-09-20 21:41:58.271 T:22557 debug : ffmpeg[0x3178c68]: [mjpeg] marker parser used 202 bytes (1616 bits)
2024-09-20 21:41:58.271 T:22557 debug : ffmpeg[0x3178c68]: [mjpeg] marker=c0 avail_size_in_buf=32835
2024-09-20 21:41:58.271 T:22557 debug : ffmpeg[0x3178c68]: [mjpeg] Changing bps from 0 to 8
2024-09-20 21:41:58.271 T:22557 debug : ffmpeg[0x3178c68]: [mjpeg] sof0: picture: 464x696
2024-09-20 21:41:58.271 T:22557 debug : ffmpeg[0x3178c68]: [mjpeg] component 0 2:2 id: 1 quant:0
2024-09-20 21:41:58.271 T:22557 debug : ffmpeg[0x3178c68]: [mjpeg] component 1 1:1 id: 2 quant:0
2024-09-20 21:41:58.271 T:22557 debug : ffmpeg[0x3178c68]: [mjpeg] component 2 1:1 id: 3 quant:0
2024-09-20 21:41:58.271 T:22557 debug : ffmpeg[0x3178c68]: [mjpeg] pix fmt id 22111100
2024-09-20 21:41:58.271 T:22557 debug : ffmpeg[0x3178c68]: [mjpeg] Format yuvj420p chosen by get_format().
2024-09-20 21:41:58.271 T:22521 debug : ffmpeg[0x3b77dd0]: [mjpeg] marker=d8 avail_size_in_buf=46452
2024-09-20 21:41:58.271 T:22521 debug : ffmpeg[0x3b77dd0]: [mjpeg] marker parser used 0 bytes (0 bits)
2024-09-20 21:41:58.271 T:22521 debug : ffmpeg[0x3b77dd0]: [mjpeg] marker=fe avail_size_in_buf=46450
2024-09-20 21:41:58.271 T:22521 debug : ffmpeg[0x3b77dd0]: [mjpeg] marker parser used 15 bytes (120 bits)
2024-09-20 21:41:58.271 T:22521 debug : ffmpeg[0x3b77dd0]: [mjpeg] marker=db avail_size_in_buf=46433
2024-09-20 21:41:58.271 T:22521 debug : ffmpeg[0x3b77dd0]: [mjpeg] index=0
2024-09-20 21:41:58.271 T:22521 debug : ffmpeg[0x3b77dd0]: [mjpeg] qscale[0]: 5
2024-09-20 21:41:58.271 T:22557 debug : ffmpeg[0x3178c68]: [mjpeg] marker parser used 17 bytes (136 bits)
2024-09-20 21:41:58.271 T:22521 debug : ffmpeg[0x3b77dd0]: [mjpeg] marker parser used 67 bytes (536 bits)
2024-09-20 21:41:58.271 T:22521 debug : ffmpeg[0x3b77dd0]: [mjpeg] marker=c4 avail_size_in_buf=46364
2024-09-20 21:41:58.271 T:22521 debug : ffmpeg[0x3b77dd0]: [mjpeg] class=0 index=0 nb_codes=9
2024-09-20 21:41:58.271 T:22521 debug : ffmpeg[0x3b77dd0]: [mjpeg] class=0 index=1 nb_codes=8
2024-09-20 21:41:58.273 T:22557 debug : ffmpeg[0x3178c68]: [mjpeg] escaping removed 92 bytes
2024-09-20 21:41:58.273 T:22521 debug : ffmpeg[0x3b77dd0]: [mjpeg] class=1 index=0 nb_codes=64
2024-09-20 21:41:58.273 T:22556 debug : ffmpeg[0x3e09900]: [mjpeg] marker=d8 avail_size_in_buf=42245
2024-09-20 21:41:58.273 T:22557 debug : ffmpeg[0x3178c68]: [mjpeg] marker=da avail_size_in_buf=32816
2024-09-20 21:41:58.273 T:22521 debug : ffmpeg[0x3b77dd0]: [mjpeg] class=1 index=1 nb_codes=41
2024-09-20 21:41:58.273 T:22556 debug : ffmpeg[0x3e09900]: [mjpeg] marker parser used 0 bytes (0 bits)
2024-09-20 21:41:58.273 T:22557 debug : ffmpeg[0x3178c68]: [mjpeg] component: 1
2024-09-20 21:41:58.273 T:22521 debug : ffmpeg[0x3b77dd0]: [mjpeg] marker parser used 192 bytes (1536 bits)
2024-09-20 21:41:58.273 T:22556 debug : ffmpeg[0x3e09900]: [mjpeg] marker=fe avail_size_in_buf=42243
2024-09-20 21:41:58.275 T:22557 debug : ffmpeg[0x3178c68]: [mjpeg] component: 2
2024-09-20 21:41:58.279 T:22521 debug : ffmpeg[0x3b77dd0]: [mjpeg] marker=c0 avail_size_in_buf=46170
2024-09-20 21:41:58.279 T:22556 debug : ffmpeg[0x3e09900]: [mjpeg] marker parser used 15 bytes (120 bits)
2024-09-20 21:41:58.279 T:22557 debug : ffmpeg[0x3178c68]: [mjpeg] component: 3
2024-09-20 21:41:58.279 T:22521 debug : ffmpeg[0x3b77dd0]: [mjpeg] Changing bps from 0 to 8
2024-09-20 21:41:58.279 T:22556 debug : ffmpeg[0x3e09900]: [mjpeg] marker=db avail_size_in_buf=42226
2024-09-20 21:41:58.280 T:22521 debug : ffmpeg[0x3b77dd0]: [mjpeg] sof0: picture: 464x696
2024-09-20 21:41:58.280 T:22556 debug : ffmpeg[0x3e09900]: [mjpeg] index=0
2024-09-20 21:41:58.280 T:22521 debug : ffmpeg[0x3b77dd0]: [mjpeg] component 0 2:2 id: 1 quant:0
2024-09-20 21:41:58.280 T:22556 debug : ffmpeg[0x3e09900]: [mjpeg] qscale[0]: 5
2024-09-20 21:41:58.280 T:22521 debug : ffmpeg[0x3b77dd0]: [mjpeg] component 1 1:1 id: 2 quant:0
2024-09-20 21:41:58.280 T:22556 debug : ffmpeg[0x3e09900]: [mjpeg] marker parser used 67 bytes (536 bits)
2024-09-20 21:41:58.280 T:22521 debug : ffmpeg[0x3b77dd0]: [mjpeg] component 2 1:1 id: 3 quant:0
2024-09-20 21:41:58.280 T:22556 debug : ffmpeg[0x3e09900]: [mjpeg] marker=c4 avail_size_in_buf=42157
2024-09-20 21:41:58.280 T:22521 debug : ffmpeg[0x3b77dd0]: [mjpeg] pix fmt id 22111100
2024-09-20 21:41:58.280 T:22556 debug : ffmpeg[0x3e09900]: [mjpeg] class=0 index=0 nb_codes=9
2024-09-20 21:41:58.280 T:22521 debug : ffmpeg[0x3b77dd0]: [mjpeg] Format yuvj420p chosen by get_format().
2024-09-20 21:41:58.280 T:22556 debug : ffmpeg[0x3e09900]: [mjpeg] class=0 index=1 nb_codes=8
2024-09-20 21:41:58.280 T:22556 debug : ffmpeg[0x3e09900]: [mjpeg] class=1 index=0 nb_codes=56
2024-09-20 21:41:58.280 T:22556 debug : ffmpeg[0x3e09900]: [mjpeg] class=1 index=1 nb_codes=38
2024-09-20 21:41:58.280 T:22556 debug : ffmpeg[0x3e09900]: [mjpeg] marker parser used 181 bytes (1448 bits)
2024-09-20 21:41:58.280 T:22556 debug : ffmpeg[0x3e09900]: [mjpeg] marker=c0 avail_size_in_buf=41974
2024-09-20 21:41:58.280 T:22556 debug : ffmpeg[0x3e09900]: [mjpeg] Changing bps from 0 to 8
2024-09-20 21:41:58.280 T:22556 debug : ffmpeg[0x3e09900]: [mjpeg] sof0: picture: 464x696
2024-09-20 21:41:58.280 T:22556 debug : ffmpeg[0x3e09900]: [mjpeg] component 0 2:2 id: 1 quant:0
2024-09-20 21:41:58.280 T:22556 debug : ffmpeg[0x3e09900]: [mjpeg] component 1 1:1 id: 2 quant:0
2024-09-20 21:41:58.280 T:22556 debug : ffmpeg[0x3e09900]: [mjpeg] component 2 1:1 id: 3 quant:0
2024-09-20 21:41:58.280 T:22556 debug : ffmpeg[0x3e09900]: [mjpeg] pix fmt id 22111100
2024-09-20 21:41:58.280 T:22556 debug : ffmpeg[0x3e09900]: [mjpeg] Format yuvj420p chosen by get_format().
2024-09-20 21:41:58.280 T:22521 debug : ffmpeg[0x3b77dd0]: [mjpeg] marker parser used 17 bytes (136 bits)
2024-09-20 21:41:58.280 T:22556 debug : ffmpeg[0x3e09900]: [mjpeg] marker parser used 17 bytes (136 bits)
2024-09-20 21:41:58.280 T:22521 debug : ffmpeg[0x3b77dd0]: [mjpeg] escaping removed 182 bytes
2024-09-20 21:41:58.280 T:22556 debug : ffmpeg[0x3e09900]: [mjpeg] escaping removed 127 bytes
2024-09-20 21:41:58.280 T:22521 debug : ffmpeg[0x3b77dd0]: [mjpeg] marker=da avail_size_in_buf=46151
2024-09-20 21:41:58.280 T:22556 debug : ffmpeg[0x3e09900]: [mjpeg] marker=da avail_size_in_buf=41955
2024-09-20 21:41:58.280 T:22521 debug : ffmpeg[0x3b77dd0]: [mjpeg] component: 1
2024-09-20 21:41:58.280 T:22556 debug : ffmpeg[0x3e09900]: [mjpeg] component: 1
2024-09-20 21:41:58.281 T:22521 debug : ffmpeg[0x3b77dd0]: [mjpeg] component: 2
2024-09-20 21:41:58.281 T:22556 debug : ffmpeg[0x3e09900]: [mjpeg] component: 2
2024-09-20 21:41:58.281 T:22521 debug : ffmpeg[0x3b77dd0]: [mjpeg] component: 3
2024-09-20 21:41:58.281 T:22556 debug : ffmpeg[0x3e09900]: [mjpeg] component: 3
2024-09-20 21:41:58.283 T:22556 debug : ffmpeg[0x3e09900]: [mjpeg] marker parser used 41827 bytes (334612 bits)
2024-09-20 21:41:58.283 T:22556 debug : ffmpeg[0x3e09900]: [mjpeg] marker=d9 avail_size_in_buf=0
2024-09-20 21:41:58.283 T:22556 debug : ffmpeg[0x3e09900]: [mjpeg] decode frame unused 0 bytes
2024-09-20 21:41:58.283 T:22557 debug : ffmpeg[0x3178c68]: [mjpeg] marker parser used 32723 bytes (261777 bits)
2024-09-20 21:41:58.283 T:22557 debug : ffmpeg[0x3178c68]: [mjpeg] marker=d9 avail_size_in_buf=0
2024-09-20 21:41:58.283 T:22557 debug : ffmpeg[0x3178c68]: [mjpeg] decode frame unused 0 bytes
2024-09-20 21:41:58.285 T:22556 debug : ffmpeg[0x3e09900]: [mjpeg] marker=d8 avail_size_in_buf=44317
2024-09-20 21:41:58.285 T:22556 debug : ffmpeg[0x3e09900]: [mjpeg] marker parser used 0 bytes (0 bits)
2024-09-20 21:41:58.285 T:22556 debug : ffmpeg[0x3e09900]: [mjpeg] marker=fe avail_size_in_buf=44315
2024-09-20 21:41:58.285 T:22556 debug : ffmpeg[0x3e09900]: [mjpeg] marker parser used 15 bytes (120 bits)
2024-09-20 21:41:58.285 T:22556 debug : ffmpeg[0x3e09900]: [mjpeg] marker=db avail_size_in_buf=44298
2024-09-20 21:41:58.285 T:22556 debug : ffmpeg[0x3e09900]: [mjpeg] index=0
2024-09-20 21:41:58.285 T:22556 debug : ffmpeg[0x3e09900]: [mjpeg] qscale[0]: 5
2024-09-20 21:41:58.285 T:22556 debug : ffmpeg[0x3e09900]: [mjpeg] marker parser used 67 bytes (536 bits)
2024-09-20 21:41:58.285 T:22556 debug : ffmpeg[0x3e09900]: [mjpeg] marker=c4 avail_size_in_buf=44229
2024-09-20 21:41:58.285 T:22556 debug : ffmpeg[0x3e09900]: [mjpeg] class=0 index=0 nb_codes=9
2024-09-20 21:41:58.285 T:22556 debug : ffmpeg[0x3e09900]: [mjpeg] class=0 index=1 nb_codes=8
2024-09-20 21:41:58.285 T:22556 debug : ffmpeg[0x3e09900]: [mjpeg] class=1 index=0 nb_codes=62
2024-09-20 21:41:58.285 T:22556 debug : ffmpeg[0x3e09900]: [mjpeg] class=1 index=1 nb_codes=45
2024-09-20 21:41:58.285 T:22556 debug : ffmpeg[0x3e09900]: [mjpeg] marker parser used 194 bytes (1552 bits)
2024-09-20 21:41:58.285 T:22556 debug : ffmpeg[0x3e09900]: [mjpeg] marker=c0 avail_size_in_buf=44033
2024-09-20 21:41:58.285 T:22556 debug : ffmpeg[0x3e09900]: [mjpeg] Changing bps from 0 to 8
2024-09-20 21:41:58.285 T:22556 debug : ffmpeg[0x3e09900]: [mjpeg] sof0: picture: 464x696
2024-09-20 21:41:58.285 T:22556 debug : ffmpeg[0x3e09900]: [mjpeg] component 0 2:2 id: 1 quant:0
2024-09-20 21:41:58.285 T:22556 debug : ffmpeg[0x3e09900]: [mjpeg] component 1 1:1 id: 2 quant:0
2024-09-20 21:41:58.285 T:22556 debug : ffmpeg[0x3e09900]: [mjpeg] component 2 1:1 id: 3 quant:0
2024-09-20 21:41:58.285 T:22556 debug : ffmpeg[0x3e09900]: [mjpeg] pix fmt id 22111100
2024-09-20 21:41:58.285 T:22556 debug : ffmpeg[0x3e09900]: [mjpeg] Format yuvj420p chosen by get_format().
2024-09-20 21:41:58.285 T:22521 debug : ffmpeg[0x3b77dd0]: [mjpeg] marker parser used 45968 bytes (367741 bits)
2024-09-20 21:41:58.285 T:22556 debug : ffmpeg[0x3e09900]: [mjpeg] marker parser used 17 bytes (136 bits)
2024-09-20 21:41:58.285 T:22521 debug : ffmpeg[0x3b77dd0]: [mjpeg] marker=d9 avail_size_in_buf=0
2024-09-20 21:41:58.285 T:22556 debug : ffmpeg[0x3e09900]: [mjpeg] escaping removed 113 bytes
2024-09-20 21:41:58.285 T:22556 debug : ffmpeg[0x3e09900]: [mjpeg] marker=da avail_size_in_buf=44014
2024-09-20 21:41:58.285 T:22521 debug : ffmpeg[0x3b77dd0]: [mjpeg] decode frame unused 0 bytes
2024-09-20 21:41:58.285 T:22556 debug : ffmpeg[0x3e09900]: [mjpeg] component: 1
2024-09-20 21:41:58.285 T:22556 debug : ffmpeg[0x3e09900]: [mjpeg] component: 2
2024-09-20 21:41:58.285 T:22556 debug : ffmpeg[0x3e09900]: [mjpeg] component: 3
2024-09-20 21:41:58.287 T:22556 debug : ffmpeg[0x3e09900]: [mjpeg] marker parser used 43900 bytes (351199 bits)
2024-09-20 21:41:58.287 T:22556 debug : ffmpeg[0x3e09900]: [mjpeg] marker=d9 avail_size_in_buf=0
2024-09-20 21:41:58.287 T:22556 debug : ffmpeg[0x3e09900]: [mjpeg] decode frame unused 0 bytes
2024-09-20 21:41:58.288 T:22557 debug : ffmpeg[0x3178c68]: [mjpeg] marker=d8 avail_size_in_buf=52640
2024-09-20 21:41:58.288 T:22557 debug : ffmpeg[0x3178c68]: [mjpeg] marker parser used 0 bytes (0 bits)
2024-09-20 21:41:58.288 T:22557 debug : ffmpeg[0x3178c68]: [mjpeg] marker=fe avail_size_in_buf=52638
2024-09-20 21:41:58.288 T:22557 debug : ffmpeg[0x3178c68]: [mjpeg] marker parser used 15 bytes (120 bits)
2024-09-20 21:41:58.288 T:22557 debug : ffmpeg[0x3178c68]: [mjpeg] marker=db avail_size_in_buf=52621
2024-09-20 21:41:58.288 T:22557 debug : ffmpeg[0x3178c68]: [mjpeg] index=0
2024-09-20 21:41:58.288 T:22557 debug : ffmpeg[0x3178c68]: [mjpeg] qscale[0]: 5
2024-09-20 21:41:58.288 T:22557 debug : ffmpeg[0x3178c68]: [mjpeg] marker parser used 67 bytes (536 bits)
2024-09-20 21:41:58.288 T:22557 debug : ffmpeg[0x3178c68]: [mjpeg] marker=c4 avail_size_in_buf=52552
2024-09-20 21:41:58.288 T:22557 debug : ffmpeg[0x3178c68]: [mjpeg] class=0 index=0 nb_codes=9
2024-09-20 21:41:58.288 T:22557 debug : ffmpeg[0x3178c68]: [mjpeg] class=0 index=1 nb_codes=8
2024-09-20 21:41:58.288 T:22557 debug : ffmpeg[0x3178c68]: [mjpeg] class=1 index=0 nb_codes=56
2024-09-20 21:41:58.288 T:22557 debug : ffmpeg[0x3178c68]: [mjpeg] class=1 index=1 nb_codes=51
2024-09-20 21:41:58.288 T:22557 debug : ffmpeg[0x3178c68]: [mjpeg] marker parser used 194 bytes (1552 bits)
2024-09-20 21:41:58.288 T:22557 debug : ffmpeg[0x3178c68]: [mjpeg] marker=c0 avail_size_in_buf=52356
2024-09-20 21:41:58.288 T:22557 debug : ffmpeg[0x3178c68]: [mjpeg] Changing bps from 0 to 8
2024-09-20 21:41:58.288 T:22557 debug : ffmpeg[0x3178c68]: [mjpeg] sof0: picture: 464x696
2024-09-20 21:41:58.288 T:22557 debug : ffmpeg[0x3178c68]: [mjpeg] component 0 2:2 id: 1 quant:0
2024-09-20 21:41:58.288 T:22557 debug : ffmpeg[0x3178c68]: [mjpeg] component 1 1:1 id: 2 quant:0
2024-09-20 21:41:58.288 T:22557 debug : ffmpeg[0x3178c68]: [mjpeg] component 2 1:1 id: 3 quant:0
2024-09-20 21:41:58.288 T:22557 debug : ffmpeg[0x3178c68]: [mjpeg] pix fmt id 22111100
2024-09-20 21:41:58.289 T:22557 debug : ffmpeg[0x3178c68]: [mjpeg] Format yuvj420p chosen by get_format().
2024-09-20 21:41:58.289 T:22557 debug : ffmpeg[0x3178c68]: [mjpeg] marker parser used 17 bytes (136 bits)
2024-09-20 21:41:58.289 T:22557 debug : ffmpeg[0x3178c68]: [mjpeg] escaping removed 169 bytes
2024-09-20 21:41:58.289 T:22557 debug : ffmpeg[0x3178c68]: [mjpeg] marker=da avail_size_in_buf=52337
2024-09-20 21:41:58.289 T:22557 debug : ffmpeg[0x3178c68]: [mjpeg] component: 1
2024-09-20 21:41:58.289 T:22557 debug : ffmpeg[0x3178c68]: [mjpeg] component: 2
2024-09-20 21:41:58.289 T:22557 debug : ffmpeg[0x3178c68]: [mjpeg] component: 3
2024-09-20 21:41:58.289 T:22556 debug : ffmpeg[0x3e09900]: [mjpeg] marker=d8 avail_size_in_buf=67587
2024-09-20 21:41:58.289 T:22521 debug : ffmpeg[0x3b77dd0]: [mjpeg] marker=d8 avail_size_in_buf=36510
2024-09-20 21:41:58.290 T:22556 debug : ffmpeg[0x3e09900]: [mjpeg] marker parser used 0 bytes (0 bits)
2024-09-20 21:41:58.290 T:22521 debug : ffmpeg[0x3b77dd0]: [mjpeg] marker parser used 0 bytes (0 bits)
2024-09-20 21:41:58.290 T:22556 debug : ffmpeg[0x3e09900]: [mjpeg] marker=fe avail_size_in_buf=67585
2024-09-20 21:41:58.290 T:22521 debug : ffmpeg[0x3b77dd0]: [mjpeg] marker=fe avail_size_in_buf=36508
2024-09-20 21:41:58.290 T:22556 debug : ffmpeg[0x3e09900]: [mjpeg] marker parser used 15 bytes (120 bits)
2024-09-20 21:41:58.290 T:22521 debug : ffmpeg[0x3b77dd0]: [mjpeg] marker parser used 15 bytes (120 bits)
2024-09-20 21:41:58.290 T:22556 debug : ffmpeg[0x3e09900]: [mjpeg] marker=db avail_size_in_buf=67568
2024-09-20 21:41:58.290 T:22521 debug : ffmpeg[0x3b77dd0]: [mjpeg] marker=db avail_size_in_buf=36491
2024-09-20 21:41:58.290 T:22556 debug : ffmpeg[0x3e09900]: [mjpeg] index=0
2024-09-20 21:41:58.290 T:22521 debug : ffmpeg[0x3b77dd0]: [mjpeg] index=0
2024-09-20 21:41:58.290 T:22556 debug : ffmpeg[0x3e09900]: [mjpeg] qscale[0]: 5
2024-09-20 21:41:58.290 T:22521 debug : ffmpeg[0x3b77dd0]: [mjpeg] qscale[0]: 5
2024-09-20 21:41:58.290 T:22556 debug : ffmpeg[0x3e09900]: [mjpeg] marker parser used 67 bytes (536 bits)
2024-09-20 21:41:58.290 T:22521 debug : ffmpeg[0x3b77dd0]: [mjpeg] marker parser used 67 bytes (536 bits)
2024-09-20 21:41:58.290 T:22556 debug : ffmpeg[0x3e09900]: [mjpeg] marker=c4 avail_size_in_buf=67499
2024-09-20 21:41:58.290 T:22521 debug : ffmpeg[0x3b77dd0]: [mjpeg] marker=c4 avail_size_in_buf=36422
2024-09-20 21:41:58.290 T:22556 debug : ffmpeg[0x3e09900]: [mjpeg] class=0 index=0 nb_codes=9
2024-09-20 21:41:58.290 T:22521 debug : ffmpeg[0x3b77dd0]: [mjpeg] class=0 index=0 nb_codes=9
2024-09-20 21:41:58.290 T:22556 debug : ffmpeg[0x3e09900]: [mjpeg] class=0 index=1 nb_codes=8
2024-09-20 21:41:58.290 T:22521 debug : ffmpeg[0x3b77dd0]: [mjpeg] class=0 index=1 nb_codes=6
2024-09-20 21:41:58.290 T:22556 debug : ffmpeg[0x3e09900]: [mjpeg] class=1 index=0 nb_codes=59
2024-09-20 21:41:58.290 T:22521 debug : ffmpeg[0x3b77dd0]: [mjpeg] class=1 index=0 nb_codes=68
2024-09-20 21:41:58.290 T:22556 debug : ffmpeg[0x3e09900]: [mjpeg] class=1 index=1 nb_codes=40
