2024-09-20 21:42:30.501 T:22625 debug : CVideoPlayer::ProcessVideoData size:453128 dts:28.320 pts:28.403 dur:41.000ms, clock:22.372 level:59
2024-09-20 21:42:30.505 T:3922 debug : PrepareNextRender: frameOnScreen: 22.372 renderPts: 22.545 nextFramePts: 22.606 -> diff: -0.061 render: 0 forceNext: 0
2024-09-20 21:42:30.508 T:22630 debug : CVideoPlayerVideo::OutputPicture - ttd:483ms pts:22.856 Clock:22.372 Level:6
2024-09-20 21:42:30.513 T:22625 debug : CVideoPlayer::ProcessAudioData size:5790 dts:28.514 pts:28.514 dur:92.000ms, clock:22.372 drop:0 level:66
2024-09-20 21:42:30.514 T:22625 debug : CVideoPlayer::ProcessAudioData size:5766 dts:28.606 pts:28.606 dur:92.000ms, clock:22.372 drop:0 level:67
2024-09-20 21:42:30.518 T:22625 debug : CVideoPlayer::ProcessVideoData size:626272 dts:28.362 pts:28.654 dur:41.000ms, clock:22.372 level:59
2024-09-20 21:42:30.535 T:3922 debug : CAMLCodec::PollFrame elapsed:27.923ms
2024-09-20 21:42:30.539 T:3922 debug : PrepareNextRender: frameOnScreen: 22.372 renderPts: 22.545 nextFramePts: 22.606 -> diff: -0.061 render: 0 forceNext: 0
2024-09-20 21:42:30.550 T:22630 debug : CAMLCodec::DequeueBuffer: pts:22.898 idx:888354
2024-09-20 21:42:30.577 T:3922 debug : CAMLCodec::PollFrame elapsed:35.007ms
2024-09-20 21:42:30.580 T:3922 debug : PrepareNextRender: frameOnScreen: 22.372 renderPts: 22.545 nextFramePts: 22.606 -> diff: -0.061 render: 0 forceNext: 0
2024-09-20 21:42:30.619 T:3922 debug : CAMLCodec::PollFrame elapsed:37.434ms
2024-09-20 21:42:30.622 T:3922 debug : PrepareNextRender: frameOnScreen: 22.372 renderPts: 22.545 nextFramePts: 22.606 -> diff: -0.061 render: 0 forceNext: 0
2024-09-20 21:42:30.660 T:3922 debug : CAMLCodec::PollFrame elapsed:35.305ms
2024-09-20 21:42:30.663 T:3922 debug : PrepareNextRender: frameOnScreen: 22.372 renderPts: 22.545 nextFramePts: 22.606 -> diff: -0.061 render: 0 forceNext: 0
2024-09-20 21:42:30.702 T:3922 debug : CAMLCodec::PollFrame elapsed:36.808ms
2024-09-20 21:42:30.705 T:3922 debug : PrepareNextRender: frameOnScreen: 22.372 renderPts: 22.545 nextFramePts: 22.606 -> diff: -0.061 render: 0 forceNext: 0
2024-09-20 21:42:30.744 T:3922 debug : CAMLCodec::PollFrame elapsed:35.851ms
2024-09-20 21:42:30.747 T:21925 info : script.plex: UpdateNowPlaying: 41759, refreshQueue: False state: None (player: paused) overrideChecks: False time: None (player: 22.372)
2024-09-20 21:42:30.750 T:3922 debug : PrepareNextRender: frameOnScreen: 22.372 renderPts: 22.545 nextFramePts: 22.606 -> diff: -0.061 render: 0 forceNext: 0
2024-09-20 21:42:30.785 T:3922 debug : CAMLCodec::PollFrame elapsed:33.123ms
2024-09-20 21:42:30.788 T:3922 debug : PrepareNextRender: frameOnScreen: 22.372 renderPts: 22.545 nextFramePts: 22.606 -> diff: -0.061 render: 0 forceNext: 0
2024-09-20 21:42:30.827 T:3922 debug : CAMLCodec::PollFrame elapsed:37.549ms
2024-09-20 21:42:30.829 T:3922 debug : PrepareNextRender: frameOnScreen: 22.372 renderPts: 22.545 nextFramePts: 22.606 -> diff: -0.061 render: 0 forceNext: 0
2024-09-20 21:42:30.869 T:3922 debug : CAMLCodec::PollFrame elapsed:37.445ms
2024-09-20 21:42:30.872 T:3922 debug : PrepareNextRender: frameOnScreen: 22.372 renderPts: 22.545 nextFramePts: 22.606 -> diff: -0.061 render: 0 forceNext: 0
2024-09-20 21:42:30.911 T:3922 debug : CAMLCodec::PollFrame elapsed:37.683ms
2024-09-20 21:42:30.914 T:3922 debug : PrepareNextRender: frameOnScreen: 22.372 renderPts: 22.545 nextFramePts: 22.606 -> diff: -0.061 render: 0 forceNext: 0
2024-09-20 21:42:30.952 T:3922 debug : CAMLCodec::PollFrame elapsed:38.387ms
2024-09-20 21:42:30.954 T:3922 debug : PrepareNextRender: frameOnScreen: 22.372 renderPts: 22.545 nextFramePts: 22.606 -> diff: -0.061 render: 0 forceNext: 0
2024-09-20 21:42:30.994 T:3922 debug : CAMLCodec::PollFrame elapsed:37.900ms
2024-09-20 21:42:30.997 T:3922 debug : PrepareNextRender: frameOnScreen: 22.372 renderPts: 22.545 nextFramePts: 22.606 -> diff: -0.061 render: 0 forceNext: 0
2024-09-20 21:42:31.036 T:3922 debug : CAMLCodec::PollFrame elapsed:35.747ms
2024-09-20 21:42:31.038 T:3922 debug : PrepareNextRender: frameOnScreen: 22.372 renderPts: 22.545 nextFramePts: 22.606 -> diff: -0.061 render: 0 forceNext: 0
2024-09-20 21:42:31.077 T:3922 debug : CAMLCodec::PollFrame elapsed:37.426ms
2024-09-20 21:42:31.077 T:22630 debug : CVideoPlayerVideo::OutputPicture - ttd:525ms pts:22.898 Clock:22.372 Level:-1
2024-09-20 21:42:31.079 T:22630 debug : CPtsTracker: pattern lost on diff 0.000000, number of losses 1
2024-09-20 21:42:31.080 T:3922 debug : PrepareNextRender: frameOnScreen: 22.372 renderPts: 22.545 nextFramePts: 22.606 -> diff: -0.061 render: 0 forceNext: 0
2024-09-20 21:42:31.119 T:3922 debug : CAMLCodec::PollFrame elapsed:37.242ms
2024-09-20 21:42:31.123 T:3922 debug : PrepareNextRender: frameOnScreen: 22.372 renderPts: 22.545 nextFramePts: 22.606 -> diff: -0.061 render: 0 forceNext: 0
2024-09-20 21:42:31.161 T:3922 debug : CAMLCodec::PollFrame elapsed:35.963ms
2024-09-20 21:42:31.163 T:3922 debug : PrepareNextRender: frameOnScreen: 22.372 renderPts: 22.545 nextFramePts: 22.606 -> diff: -0.061 render: 0 forceNext: 0
2024-09-20 21:42:31.202 T:3922 debug : CAMLCodec::PollFrame elapsed:37.349ms
2024-09-20 21:42:31.205 T:3922 debug : PrepareNextRender: frameOnScreen: 22.372 renderPts: 22.545 nextFramePts: 22.606 -> diff: -0.061 render: 0 forceNext: 0
2024-09-20 21:42:31.244 T:3922 debug : CAMLCodec::PollFrame elapsed:37.581ms
2024-09-20 21:42:31.248 T:3922 debug : PrepareNextRender: frameOnScreen: 22.372 renderPts: 22.545 nextFramePts: 22.606 -> diff: -0.061 render: 0 forceNext: 0
2024-09-20 21:42:31.286 T:3922 debug : CAMLCodec::PollFrame elapsed:36.196ms
2024-09-20 21:42:31.289 T:3922 debug : PrepareNextRender: frameOnScreen: 22.372 renderPts: 22.545 nextFramePts: 22.606 -> diff: -0.061 render: 0 forceNext: 0
2024-09-20 21:42:31.328 T:3922 debug : CAMLCodec::PollFrame elapsed:38.681ms
2024-09-20 21:42:31.329 T:3922 debug : PrepareNextRender: frameOnScreen: 22.372 renderPts: 22.545 nextFramePts: 22.606 -> diff: -0.061 render: 0 forceNext: 0
2024-09-20 21:42:31.369 T:3922 debug : CAMLCodec::PollFrame elapsed:37.719ms
2024-09-20 21:42:31.373 T:3922 debug : PrepareNextRender: frameOnScreen: 22.372 renderPts: 22.545 nextFramePts: 22.606 -> diff: -0.061 render: 0 forceNext: 0
2024-09-20 21:42:31.411 T:3922 debug : CAMLCodec::PollFrame elapsed:36.444ms
2024-09-20 21:42:31.414 T:3922 debug : PrepareNextRender: frameOnScreen: 22.372 renderPts: 22.545 nextFramePts: 22.606 -> diff: -0.061 render: 0 forceNext: 0
2024-09-20 21:42:31.453 T:3922 debug : CAMLCodec::PollFrame elapsed:37.386ms
2024-09-20 21:42:31.456 T:3922 debug : PrepareNextRender: frameOnScreen: 22.372 renderPts: 22.577 nextFramePts: 22.606 -> diff: -0.029 render: 0 forceNext: 0
2024-09-20 21:42:31.495 T:3922 debug : CAMLCodec::PollFrame elapsed:37.782ms
2024-09-20 21:42:31.498 T:3922 debug : PrepareNextRender: frameOnScreen: 22.372 renderPts: 22.577 nextFramePts: 22.648 -> diff: -0.071 render: 0 forceNext: 0
2024-09-20 21:42:31.498 T:22630 debug : CVideoPlayerVideo::OutputPicture - ttd:525ms pts:22.898 Clock:22.372 Level:6
2024-09-20 21:42:31.498 T:22630 debug : CVideoPlayerVideo - OUTPUT_AGAIN - vfmt, interlace should be checked.
2024-09-20 21:42:31.519 T:22625 debug : CVideoPlayer::ProcessVideoData size:466214 dts:28.403 pts:28.570 dur:41.000ms, clock:22.372 level:100
2024-09-20 21:42:31.536 T:3922 debug : CAMLCodec::PollFrame elapsed:36.830ms
2024-09-20 21:42:31.540 T:3922 debug : PrepareNextRender: frameOnScreen: 22.372 renderPts: 22.577 nextFramePts: 22.648 -> diff: -0.071 render: 0 forceNext: 0
2024-09-20 21:42:31.550 T:22630 debug : CAMLCodec::DequeueBuffer: pts:22.940 idx:888355
2024-09-20 21:42:31.578 T:3922 debug : CAMLCodec::PollFrame elapsed:33.801ms
2024-09-20 21:42:31.580 T:3922 debug : PrepareNextRender: frameOnScreen: 22.372 renderPts: 22.577 nextFramePts: 22.648 -> diff: -0.071 render: 0 forceNext: 0
2024-09-20 21:42:31.620 T:3922 debug : CAMLCodec::PollFrame elapsed:37.519ms
2024-09-20 21:42:31.623 T:3922 debug : PrepareNextRender: frameOnScreen: 22.372 renderPts: 22.577 nextFramePts: 22.648 -> diff: -0.071 render: 0 forceNext: 0
2024-09-20 21:42:31.661 T:3922 debug : CAMLCodec::PollFrame elapsed:36.059ms
2024-09-20 21:42:31.664 T:3922 debug : PrepareNextRender: frameOnScreen: 22.372 renderPts: 22.577 nextFramePts: 22.648 -> diff: -0.071 render: 0 forceNext: 0
2024-09-20 21:42:31.691 T:3986 debug : PushCecKeypress - received key d8 duration 0
2024-09-20 21:42:31.703 T:3922 debug : CAMLCodec::PollFrame elapsed:37.325ms
2024-09-20 21:42:31.704 T:3922 debug : HandleKey: menu (0xd8) pressed, window 13009, action is Back
2024-09-20 21:42:31.706 T:3922 debug : PrepareNextRender: frameOnScreen: 22.372 renderPts: 22.577 nextFramePts: 22.648 -> diff: -0.071 render: 0 forceNext: 0
2024-09-20 21:42:31.745 T:3922 debug : CAMLCodec::PollFrame elapsed:37.291ms
2024-09-20 21:42:31.749 T:3922 debug : PrepareNextRender: frameOnScreen: 22.372 renderPts: 22.577 nextFramePts: 22.648 -> diff: -0.071 render: 0 forceNext: 0
2024-09-20 21:42:31.762 T:3986 debug : PushCecKeypress - received key d8 duration 71
2024-09-20 21:42:31.786 T:3922 debug : CAMLCodec::PollFrame elapsed:36.496ms
2024-09-20 21:42:31.789 T:3922 debug : PrepareNextRender: frameOnScreen: 22.372 renderPts: 22.577 nextFramePts: 22.648 -> diff: -0.071 render: 0 forceNext: 0
2024-09-20 21:42:31.828 T:3922 debug : CAMLCodec::PollFrame elapsed:39.069ms
2024-09-20 21:42:31.829 T:3922 debug : PrepareNextRender: frameOnScreen: 22.372 renderPts: 22.577 nextFramePts: 22.648 -> diff: -0.071 render: 0 forceNext: 0
2024-09-20 21:42:31.870 T:3922 debug : CAMLCodec::PollFrame elapsed:40.488ms
2024-09-20 21:42:31.870 T:21920 info : script.plex: UpdateNowPlaying: 41759, refreshQueue: False state: stopped (player: paused) overrideChecks: True time: None (player: 22.372)
2024-09-20 21:42:31.871 T:21920 info : script.plex: API: DEBUG: Using previous timeline state as we're stopped now: 22372
2024-09-20 21:42:31.872 T:21920 debug : requested setting (remotecontrol) was not found.
2024-09-20 21:42:31.874 T:21920 info : script.plex: SeekDialog: Closing
2024-09-20 21:42:31.874 T:22649 info : script.plex: API: DEBUG: Timer >: FINISHED
2024-09-20 21:42:31.882 T:3922 debug : PrepareNextRender: frameOnScreen: 22.372 renderPts: 22.577 nextFramePts: 22.648 -> diff: -0.071 render: 0 forceNext: 0
2024-09-20 21:42:31.911 T:3922 debug : CAMLCodec::PollFrame elapsed:29.395ms
2024-09-20 21:42:31.912 T:3922 debug : ------ Window Deinit (/storage/.kodi/addons/script.plexmod/resources/skins/Main/1080i/script-plex-seek_dialog.xml) ------
2024-09-20 21:42:31.912 T:22681 info : script.plex: API: Starting request: GET https://redacted.plex.direct:32400/:/timeline?time=22372&duration=7578464&state=stopped&guid=plex%3A//movie/5d7768257228e5001f1dccd2&ratingKey=41759&key=/library/metadata/41759&containerKey=/library/sections/1/all%3FincludeCollections%3D1%26sort%3DtitleSort%253Aasc%26X-Plex-Container-Size%3D540%26X-Plex-Container-Start%3D0&X-Plex-Token=**** (async=True timeout=10.0(5.0))
2024-09-20 21:42:31.912 T:3922 debug : [Warning] CGUITextureManager::GetTexturePath: could not find texture '-'
2024-09-20 21:42:31.913 T:3922 debug : PrepareNextRender: frameOnScreen: 22.372 renderPts: 22.577 nextFramePts: 22.648 -> diff: -0.071 render: 0 forceNext: 0
2024-09-20 21:42:31.953 T:3922 debug : CAMLCodec::PollFrame elapsed:39.845ms
2024-09-20 21:42:31.953 T:3922 debug : CGUIWindowManager::PreviousWindow: Deactivate
2024-09-20 21:42:31.953 T:3922 debug : ------ Window Deinit (VideoFullScreen.xml) ------
2024-09-20 21:42:31.966 T:3922 debug : CGUIWindowManager::PreviousWindow: Activate new
2024-09-20 21:42:31.966 T:3922 debug : ------ Window Init (/storage/.kodi/addons/script.plexmod/resources/skins/Main/1080i/script-plex-video_player.xml) ------
2024-09-20 21:42:31.966 T:3922 debug : [Warning] CGUITextureManager::GetTexturePath: could not find texture '-'
2024-09-20 21:42:31.968 T:3922 info : Skipped 1 duplicate messages..
2024-09-20 21:42:31.968 T:3922 debug : ffmpeg[0x0]: [swscaler] Forcing full internal H chroma due to odd output size
2024-09-20 21:42:31.968 T:3922 debug : ffmpeg[0x0]: [swscaler] Forcing full internal H chroma due to input having non subsampled chroma
2024-09-20 21:42:31.970 T:3922 info : Skipped 1 duplicate messages..
2024-09-20 21:42:31.970 T:3922 debug : ffmpeg[0x0]: [swscaler] Forcing full internal H chroma due to odd output size
2024-09-20 21:42:31.970 T:3922 debug : ffmpeg[0x0]: [swscaler] Forcing full internal H chroma due to input having non subsampled chroma
2024-09-20 21:42:31.972 T:3922 info : Skipped 1 duplicate messages..
2024-09-20 21:42:31.972 T:3922 debug : [Warning] CGUITextureManager::GetTexturePath: could not find texture '-'
2024-09-20 21:42:31.973 T:3922 debug : ffmpeg[0x0]: [swscaler] Forcing full internal H chroma due to odd output size
2024-09-20 21:42:31.973 T:3922 debug : ffmpeg[0x0]: [swscaler] Forcing full internal H chroma due to input having non subsampled chroma
2024-09-20 21:42:31.973 T:3922 debug : [Warning] CGUITextureManager::GetTexturePath: could not find texture '-'
2024-09-20 21:42:31.974 T:3922 info : Skipped 2 duplicate messages..
2024-09-20 21:42:31.974 T:3922 info : CVideoPlayer::CloseFile()
2024-09-20 21:42:31.974 T:3922 debug : DeleteRenderer - deleting renderer
2024-09-20 21:42:31.974 T:3922 info : VideoPlayer: waiting for threads to exit
2024-09-20 21:42:31.983 T:22625 info : CVideoPlayer::OnExit()
2024-09-20 21:42:31.984 T:22625 info : Closing stream player 1
2024-09-20 21:42:31.984 T:22625 info : Waiting for audio thread to exit
2024-09-20 21:42:31.984 T:22631 info : thread end: CVideoPlayerAudio::OnExit()
2024-09-20 21:42:31.984 T:22631 debug : Thread VideoPlayerAudio 2889880128 terminating
2024-09-20 21:42:31.984 T:22625 info : Closing audio device
2024-09-20 21:42:31.984 T:3953 debug : ffmpeg[0x1f0f000]: [SWR] Using s16p internally between filters
2024-09-20 21:42:31.985 T:3953 debug : ffmpeg[0x1f0f000]: [SWR] Using fltp internally between filters
2024-09-20 21:42:32.010 T:22625 debug : CDVDAudio::Flush - flush audio stream
2024-09-20 21:42:32.010 T:3953 debug : ffmpeg[0x1f0f000]: [SWR] Using s16p internally between filters
2024-09-20 21:42:32.011 T:3953 debug : CActiveAE::DiscardStream - audio stream deleted
2024-09-20 21:42:32.011 T:3953 debug : CActiveAE::ClearDiscardedBuffers - buffer pool deleted
2024-09-20 21:42:32.011 T:3953 debug : ffmpeg[0x1f0f000]: [SWR] Using s16p internally between filters
2024-09-20 21:42:32.011 T:3953 debug : CActiveAE::ClearDiscardedBuffers - buffer pool deleted
2024-09-20 21:42:32.011 T:3953 debug : ffmpeg[0x1f0f000]: [SWR] Using s16p internally between filters
2024-09-20 21:42:32.011 T:3953 debug : CActiveAE::ClearDiscardedBuffers - buffer pool deleted
2024-09-20 21:42:32.011 T:22625 info : Deleting audio codec
2024-09-20 21:42:32.011 T:3953 debug : CActiveAE::ClearDiscardedBuffers - buffer pool deleted
2024-09-20 21:42:32.011 T:22625 info : Closing stream player 2
2024-09-20 21:42:32.011 T:22625 info : waiting for video thread to exit
2024-09-20 21:42:32.054 T:22630 debug : CVideoPlayerVideo::OutputPicture - ttd:567ms pts:22.940 Clock:22.372 Level:-1
2024-09-20 21:42:32.054 T:22630 debug : CVideoPlayerVideo - CDVDMsg::DEMUXER_PACKET - checking interlace vfmt: null
2024-09-20 21:42:32.054 T:22630 info : thread end: video_thread
2024-09-20 21:42:32.054 T:22630 debug : Thread VideoPlayerVideo 2898272832 terminating
2024-09-20 21:42:32.063 T:22625 info : deleting video codec
2024-09-20 21:42:32.063 T:22625 debug : DVDVideoCodecAmlogic::Close
2024-09-20 21:42:32.063 T:22625 debug : CAMLCodec::CloseDecoder
2024-09-20 21:42:32.295 T:22625 debug : CAMLVideoBufferPool::~CAMLVideoBufferPool: Deleting 9 buffers
2024-09-20 21:42:32.295 T:22625 info : Closing stream player 3
2024-09-20 21:42:32.299 T:22626 debug : Thread FileCache 2990563904 terminating
2024-09-20 21:42:32.303 T:22521 debug : easy_acquire - Created session to https://redacted.plex.direct
2024-09-20 21:42:32.322 T:22625 debug : Thread VideoPlayer 3229610560 terminating
2024-09-20 21:42:32.322 T:3922 info : VideoPlayer: finished waiting
2024-09-20 21:42:32.322 T:3922 info : CVideoPlayer::CloseFile()
2024-09-20 21:42:32.322 T:3922 info : VideoPlayer: waiting for threads to exit
2024-09-20 21:42:32.322 T:3922 info : VideoPlayer: finished waiting
2024-09-20 21:42:32.323 T:3922 debug : Radio UECP (RDS) Processor - delete ~CDVDRadioRDSData
2024-09-20 21:42:32.323 T:3922 debug : Audio ID3 tag processor - delete ~CVideoPlayerAudioID3
2024-09-20 21:42:32.352 T:22557 debug : DoWork - Saving file state for video item https://redacted.plex.direct:32400/library/parts/90722/1697403913/?X-Plex-Token=redacted&X-Plex-Client-Profile-Name=Generic&X-Plex-Client-Identifier=redacted
2024-09-20 21:42:32.378 T:22521 debug : OnPlayBackStopped: CApplication::OnPlayBackStopped
2024-09-20 21:42:32.633 T:3922 debug : CWinSystemAmlogicGLESContext::CreateNewWindow: m_bWindowCreated: true, frac rate 1(1), hdrType: sdr(dolbyvision), force mode switch: true
2024-09-20 21:42:32.633 T:3922 debug : CWinSystemAmlogicGLESContext::CreateNewWindow: cur: iWidth: 1920, iHeight: 1080, iScreenWidth: 3840, iScreenHeight: 2160, fRefreshRate: 23.98, dwFlags: 04
2024-09-20 21:42:32.633 T:3922 debug : CWinSystemAmlogicGLESContext::CreateNewWindow: res: iWidth: 1920, iHeight: 1080, iScreenWidth: 3840, iScreenHeight: 2160, fRefreshRate: 59.94, dwFlags: 04
2024-09-20 21:42:32.635 T:3922 debug : aml_set_display_resolution: try to set mode: 2160p60hz
2024-09-20 21:42:32.694 T:21920 info : script.plex: Notification: xbmc Player.OnStop {"end":false,"item":{"title":"Batman","type":"movie","year":1989}}
2024-09-20 21:42:32.818 T:3922 info : GLES: Maximum texture width: 8192
2024-09-20 21:42:32.837 T:21925 info : script.plex: Player: Video window closed
2024-09-20 21:42:32.840 T:21925 info : script.plex: SeekHandler: onVideoWindowClosed - Seeking=0
2024-09-20 21:42:32.840 T:21925 debug : requested setting (post_play_never.22245155) was not found.
2024-09-20 21:42:32.840 T:21925 info : script.plex: Player: Idling...
2024-09-20 21:42:32.896 T:21920 info : script.plex: Player - STOPPED
2024-09-20 21:42:32.896 T:21920 info : script.plex: SeekHandler: onPlayBackStopped - Seeking=0, QueueingNext=False, BingeMode=False, StoppedManually=True, SkipPostPlay=False
2024-09-20 21:42:32.896 T:21920 info : script.plex: SeekDialog: OnPlayBackStopped
2024-09-20 21:42:32.896 T:21920 info : script.plex: UpdateNowPlaying: ignoring timeline as requested
2024-09-20 21:42:32.896 T:21920 info : script.plex: Player - played-threshold: 0.002952049386260857/0.9
2024-09-20 21:42:32.897 T:21920 info : script.plex: SeekDialog: Closing
2024-09-20 21:42:33.040 T:21920 info : script.plex: Player: Video session ended
2024-09-20 21:42:33.081 T:21920 info : script.plex: VideoPlayerWindow: Session ended - closing (ID: 3402244232)
2024-09-20 21:42:33.122 T:21920 info : script.plex: VideoPlayerWindow: Closing
2024-09-20 21:42:33.204 T:3922 debug : Activating window ID: 13006
2024-09-20 21:42:33.204 T:3922 debug : ------ Window Deinit (/storage/.kodi/addons/script.plexmod/resources/skins/Main/1080i/script-plex-video_player.xml) ------
2024-09-20 21:42:33.204 T:3922 debug : ------ Window Init (/storage/.kodi/addons/script.plexmod/resources/skins/Main/1080i/script-plex-pre_play.xml) ------
2024-09-20 21:42:33.205 T:3922 debug : ffmpeg[0x0]: [swscaler] Forcing full internal H chroma due to input having non subsampled chroma
2024-09-20 21:42:33.213 T:3922 info : Skipped 5 duplicate messages..
2024-09-20 21:42:33.213 T:3922 debug : [Warning] CGUITextureManager::GetTexturePath: could not find texture '-'
2024-09-20 21:42:33.216 T:22599 info : Skipped 3 duplicate messages..
2024-09-20 21:42:33.216 T:22599 debug : ffmpeg[0x345cbc0]: [mjpeg] marker=d8 avail_size_in_buf=29080
2024-09-20 21:42:33.216 T:22599 debug : ffmpeg[0x345cbc0]: [mjpeg] marker parser used 0 bytes (0 bits)
2024-09-20 21:42:33.216 T:22599 debug : ffmpeg[0x345cbc0]: [mjpeg] marker=fe avail_size_in_buf=29078
2024-09-20 21:42:33.216 T:22599 debug : ffmpeg[0x345cbc0]: [mjpeg] marker parser used 15 bytes (120 bits)
2024-09-20 21:42:33.216 T:22599 debug : ffmpeg[0x345cbc0]: [mjpeg] marker=db avail_size_in_buf=29061
2024-09-20 21:42:33.216 T:22599 debug : ffmpeg[0x345cbc0]: [mjpeg] index=0
2024-09-20 21:42:33.216 T:22599 debug : ffmpeg[0x345cbc0]: [mjpeg] qscale[0]: 5
2024-09-20 21:42:33.216 T:22599 debug : ffmpeg[0x345cbc0]: [mjpeg] marker parser used 67 bytes (536 bits)
2024-09-20 21:42:33.216 T:22599 debug : ffmpeg[0x345cbc0]: [mjpeg] marker=c4 avail_size_in_buf=28992
2024-09-20 21:42:33.216 T:22599 debug : ffmpeg[0x345cbc0]: [mjpeg] class=0 index=0 nb_codes=9
2024-09-20 21:42:33.217 T:22599 debug : ffmpeg[0x345cbc0]: [mjpeg] class=0 index=1 nb_codes=7
2024-09-20 21:42:33.217 T:22599 debug : ffmpeg[0x345cbc0]: [mjpeg] class=1 index=0 nb_codes=68
2024-09-20 21:42:33.217 T:22599 debug : ffmpeg[0x345cbc0]: [mjpeg] class=1 index=1 nb_codes=48
2024-09-20 21:42:33.217 T:22599 debug : ffmpeg[0x345cbc0]: [mjpeg] marker parser used 202 bytes (1616 bits)
2024-09-20 21:42:33.217 T:22599 debug : ffmpeg[0x345cbc0]: [mjpeg] marker=c0 avail_size_in_buf=28788
2024-09-20 21:42:33.217 T:22599 debug : ffmpeg[0x345cbc0]: [mjpeg] Changing bps from 0 to 8
2024-09-20 21:42:33.217 T:22599 debug : ffmpeg[0x345cbc0]: [mjpeg] sof0: picture: 480x720
2024-09-20 21:42:33.217 T:22599 debug : ffmpeg[0x345cbc0]: [mjpeg] component 0 2:2 id: 1 quant:0
2024-09-20 21:42:33.217 T:22599 debug : ffmpeg[0x345cbc0]: [mjpeg] component 1 1:1 id: 2 quant:0
2024-09-20 21:42:33.217 T:22599 debug : ffmpeg[0x345cbc0]: [mjpeg] component 2 1:1 id: 3 quant:0
2024-09-20 21:42:33.217 T:22599 debug : ffmpeg[0x345cbc0]: [mjpeg] pix fmt id 22111100
2024-09-20 21:42:33.217 T:22599 debug : ffmpeg[0x345cbc0]: [mjpeg] Format yuvj420p chosen by get_format().
2024-09-20 21:42:33.217 T:22599 debug : ffmpeg[0x345cbc0]: [mjpeg] marker parser used 17 bytes (136 bits)
2024-09-20 21:42:33.217 T:22599 debug : ffmpeg[0x345cbc0]: [mjpeg] escaping removed 116 bytes
2024-09-20 21:42:33.217 T:22599 debug : ffmpeg[0x345cbc0]: [mjpeg] marker=da avail_size_in_buf=28769
2024-09-20 21:42:33.217 T:22599 debug : ffmpeg[0x345cbc0]: [mjpeg] component: 1
2024-09-20 21:42:33.217 T:22599 debug : ffmpeg[0x345cbc0]: [mjpeg] component: 2
2024-09-20 21:42:33.217 T:22599 debug : ffmpeg[0x345cbc0]: [mjpeg] component: 3
2024-09-20 21:42:33.221 T:22599 debug : ffmpeg[0x345cbc0]: [mjpeg] marker parser used 28652 bytes (229214 bits)
2024-09-20 21:42:33.221 T:22599 debug : ffmpeg[0x345cbc0]: [mjpeg] marker=d9 avail_size_in_buf=0
2024-09-20 21:42:33.221 T:22599 debug : ffmpeg[0x345cbc0]: [mjpeg] decode frame unused 0 bytes
2024-09-20 21:42:33.225 T:3922 debug : ffmpeg[0x0]: [swscaler] Forcing full internal H chroma due to odd output size
2024-09-20 21:42:33.225 T:3922 debug : ffmpeg[0x0]: [swscaler] Forcing full internal H chroma due to input having non subsampled chroma
2024-09-20 21:42:33.226 T:3922 debug : ffmpeg[0x0]: [swscaler] Forcing full internal H chroma due to odd output size
2024-09-20 21:42:33.226 T:3922 debug : ffmpeg[0x0]: [swscaler] Forcing full internal H chroma due to input having non subsampled chroma
2024-09-20 21:42:33.232 T:3922 debug : ffmpeg[0x0]: [swscaler] Forcing full internal H chroma due to odd output size
2024-09-20 21:42:33.232 T:3922 debug : ffmpeg[0x0]: [swscaler] Forcing full internal H chroma due to input having non subsampled chroma
2024-09-20 21:42:33.401 T:21920 debug : requested setting (slow_connection) was not found.
2024-09-20 21:42:33.406 T:21920 info : script.plex: API: GET https://redacted.plex.direct:32400/library/metadata/41759?checkFiles=1&fromMediaChoice=True&includeChapters=1&includeExtras=1&includeExtrasCount=10&includeMarkers=1&includeReviews=1&X-Plex-Token=****
2024-09-20 21:42:33.725 T:21920 info : script.plex: API: Choice media: 4K, DV P8.1/HDR, FLAC, 76.1 Mbps container=mkv videoCodec=hevc audioCodec=truehd audioChannels=8 id=81890 part:0
2024-09-20 21:42:33.730 T:21920 info : script.plex: API: Choice videoStream:
2024-09-20 21:42:33.737 T:21920 info : script.plex: API: Choice audioStream:
2024-09-20 21:42:33.746 T:21920 debug : requested setting (forced_subtitles_override) was not found.
2024-09-20 21:42:33.755 T:21920 info : script.plex: API: GET https://redacted.plex.direct:32400/library/metadata/41759/similar?count=36&X-Plex-Token=****&X-Plex-Container-Start=0&X-Plex-Container-Size=8
2024-09-20 21:42:33.906 T:3922 debug : ------ Window Init (/storage/.kodi/addons/script.plexmod/resources/skins/Main/1080i/script-plex-busy.xml) ------
2024-09-20 21:42:33.906 T:3922 info : Loading skin file: /storage/.kodi/addons/script.plexmod/resources/skins/Main/1080i/script-plex-busy.xml, load type: LOAD_ON_GUI_INIT
2024-09-20 21:42:33.910 T:3922 debug : ffmpeg[0x0]: [swscaler] Forcing full internal H chroma due to input having non subsampled chroma
2024-09-20 21:42:33.911 T:3922 debug : ffmpeg[0x0]: [gif] Loop count is 0
2024-09-20 21:42:33.911 T:3922 debug : ffmpeg[0x0]: [gif] code=21 '!'
2024-09-20 21:42:33.911 T:3922 info : Skipped 2 duplicate messages..
2024-09-20 21:42:33.911 T:3922 debug : ffmpeg[0x0]: [gif] code=2c ','
2024-09-20 21:42:33.911 T:3922 debug : Alignment of external buffer is not suitable for ffmpeg intrinsics - please fix your malloc
2024-09-20 21:42:33.911 T:3922 debug : ffmpeg[0x0]: [swscaler] Forcing full internal H chroma due to input having non subsampled chroma
2024-09-20 21:42:33.911 T:3922 debug : ffmpeg[0x0]: [gif] code=21 '!'
2024-09-20 21:42:33.911 T:3922 debug : ffmpeg[0x0]: [gif] code=2c ','
2024-09-20 21:42:33.911 T:3922 debug : Alignment of external buffer is not suitable for ffmpeg intrinsics - please fix your malloc
2024-09-20 21:42:33.911 T:3922 debug : ffmpeg[0x0]: [swscaler] Forcing full internal H chroma due to input having non subsampled chroma
2024-09-20 21:42:33.911 T:3922 debug : ffmpeg[0x0]: [gif] code=21 '!'
2024-09-20 21:42:33.911 T:3922 debug : ffmpeg[0x0]: [gif] code=2c ','
2024-09-20 21:42:33.911 T:3922 debug : Alignment of external buffer is not suitable for ffmpeg intrinsics - please fix your malloc
2024-09-20 21:42:33.911 T:3922 debug : ffmpeg[0x0]: [swscaler] Forcing full internal H chroma due to input having non subsampled chroma
2024-09-20 21:42:33.911 T:3922 debug : ffmpeg[0x0]: [gif] code=21 '!'
2024-09-20 21:42:33.911 T:3922 debug : ffmpeg[0x0]: [gif] code=2c ','
2024-09-20 21:42:33.911 T:3922 debug : Alignment of external buffer is not suitable for ffmpeg intrinsics - please fix your malloc
2024-09-20 21:42:33.911 T:3922 debug : ffmpeg[0x0]: [swscaler] Forcing full internal H chroma due to input having non subsampled chroma
2024-09-20 21:42:33.911 T:3922 debug : Error [-541478725] while reading frame: Unknown error 541478725
2024-09-20 21:42:33.912 T:3922 debug : ffmpeg[0x0]: [swscaler] Forcing full internal H chroma due to input having non subsampled chroma
2024-09-20 21:42:34.454 T:3922 debug : ------ Window Deinit (/storage/.kodi/addons/script.plexmod/resources/skins/Main/1080i/script-plex-busy.xml) ------
2024-09-20 21:42:34.992 T:3986 debug : PushCecKeypress - received key d8 duration 0
2024-09-20 21:42:35.004 T:3922 debug : HandleKey: menu (0xd8) pressed, window 13006, action is Back
2024-09-20 21:42:35.063 T:3986 debug : PushCecKeypress - received key d8 duration 70
2024-09-20 21:42:35.133 T:3922 debug : Activating window ID: 13005
2024-09-20 21:42:35.133 T:3922 debug : ------ Window Deinit (/storage/.kodi/addons/script.plexmod/resources/skins/Main/1080i/script-plex-pre_play.xml) ------
2024-09-20 21:42:35.134 T:3922 debug : ------ Window Init (/storage/.kodi/addons/script.plexmod/resources/skins/Main/1080i/script-plex-posters.xml) ------
2024-09-20 21:42:35.135 T:3922 debug : ffmpeg[0x0]: [swscaler] Forcing full internal H chroma due to input having non subsampled chroma
2024-09-20 21:42:35.135 T:3922 debug : [Warning] CGUITextureManager::GetTexturePath: could not find texture '-'
2024-09-20 21:42:35.271 T:21920 info : Skipped 11 duplicate messages..
2024-09-20 21:42:35.271 T:21920 info : script.plex: API: GET https://redacted.plex.direct:32400/library/metadata/41759?X-Plex-Token=****
2024-09-20 21:42:35.338 T:21920 info : script.plex: API: GET https://redacted.plex.direct:32400/library/metadata/41759?includeMarkers=1&X-Plex-Token=****
2024-09-20 21:42:35.973 T:3986 debug : PushCecKeypress - received key d8 duration 0
2024-09-20 21:42:35.989 T:3922 debug : HandleKey: menu (0xd8) pressed, window 13005, action is Back
2024-09-20 21:42:36.042 T:3986 debug : PushCecKeypress - received key d8 duration 70
2024-09-20 21:42:36.189 T:3922 debug : Activating window ID: 13004
2024-09-20 21:42:36.189 T:3922 debug : ------ Window Deinit (/storage/.kodi/addons/script.plexmod/resources/skins/Main/1080i/script-plex-posters.xml) ------
2024-09-20 21:42:36.189 T:3922 debug : ------ Window Init (/storage/.kodi/addons/script.plexmod/resources/skins/Main/1080i/script-plex-blank.xml) ------
2024-09-20 21:42:36.205 T:3922 debug : Activating window ID: 13003
2024-09-20 21:42:36.206 T:3922 debug : ------ Window Deinit (/storage/.kodi/addons/script.plexmod/resources/skins/Main/1080i/script-plex-blank.xml) ------
2024-09-20 21:42:36.206 T:3922 debug : ------ Window Init (/storage/.kodi/addons/script.plexmod/resources/skins/Main/1080i/script-plex-home.xml) ------
2024-09-20 21:42:36.206 T:3922 debug : [Warning] CGUITextureManager::GetTexturePath: could not find texture '-'
2024-09-20 21:42:36.217 T:3922 info : Skipped 8 duplicate messages..
2024-09-20 21:42:36.217 T:3922 debug : ffmpeg[0x0]: [swscaler] Forcing full internal H chroma due to odd output size
2024-09-20 21:42:36.217 T:3922 debug : ffmpeg[0x0]: [swscaler] Forcing full internal H chroma due to input having non subsampled chroma
2024-09-20 21:42:36.220 T:22521 info : Skipped 1 duplicate messages..
2024-09-20 21:42:36.220 T:22521 debug : ffmpeg[0x3b77dd0]: [mjpeg] marker=d8 avail_size_in_buf=46939
2024-09-20 21:42:36.220 T:22521 debug : ffmpeg[0x3b77dd0]: [mjpeg] marker parser used 0 bytes (0 bits)
2024-09-20 21:42:36.220 T:22521 debug : ffmpeg[0x3b77dd0]: [mjpeg] marker=fe avail_size_in_buf=46937
2024-09-20 21:42:36.220 T:22521 debug : ffmpeg[0x3b77dd0]: [mjpeg] marker parser used 15 bytes (120 bits)
2024-09-20 21:42:36.220 T:22521 debug : ffmpeg[0x3b77dd0]: [mjpeg] marker=db avail_size_in_buf=46920
2024-09-20 21:42:36.220 T:22521 debug : ffmpeg[0x3b77dd0]: [mjpeg] index=0
2024-09-20 21:42:36.220 T:22521 debug : ffmpeg[0x3b77dd0]: [mjpeg] qscale[0]: 5
2024-09-20 21:42:36.220 T:22521 debug : ffmpeg[0x3b77dd0]: [mjpeg] marker parser used 67 bytes (536 bits)
2024-09-20 21:42:36.220 T:22521 debug : ffmpeg[0x3b77dd0]: [mjpeg] marker=c4 avail_size_in_buf=46851
2024-09-20 21:42:36.220 T:22521 debug : ffmpeg[0x3b77dd0]: [mjpeg] class=0 index=0 nb_codes=9
2024-09-20 21:42:36.220 T:22521 debug : ffmpeg[0x3b77dd0]: [mjpeg] class=0 index=1 nb_codes=8
2024-09-20 21:42:36.220 T:22521 debug : ffmpeg[0x3b77dd0]: [mjpeg] class=1 index=0 nb_codes=53
2024-09-20 21:42:36.220 T:22521 debug : ffmpeg[0x3b77dd0]: [mjpeg] class=1 index=1 nb_codes=36
2024-09-20 21:42:36.220 T:22521 debug : ffmpeg[0x3b77dd0]: [mjpeg] marker parser used 176 bytes (1408 bits)
2024-09-20 21:42:36.220 T:22521 debug : ffmpeg[0x3b77dd0]: [mjpeg] marker=c0 avail_size_in_buf=46673
2024-09-20 21:42:36.220 T:22521 debug : ffmpeg[0x3b77dd0]: [mjpeg] Changing bps from 0 to 8
2024-09-20 21:42:36.220 T:22521 debug : ffmpeg[0x3b77dd0]: [mjpeg] sof0: picture: 921x518
2024-09-20 21:42:36.220 T:22521 debug : ffmpeg[0x3b77dd0]: [mjpeg] component 0 2:2 id: 1 quant:0
2024-09-20 21:42:36.220 T:22521 debug : ffmpeg[0x3b77dd0]: [mjpeg] component 1 1:1 id: 2 quant:0
2024-09-20 21:42:36.220 T:22521 debug : ffmpeg[0x3b77dd0]: [mjpeg] component 2 1:1 id: 3 quant:0
2024-09-20 21:42:36.220 T:22521 debug : ffmpeg[0x3b77dd0]: [mjpeg] pix fmt id 22111100
2024-09-20 21:42:36.220 T:22521 debug : ffmpeg[0x3b77dd0]: [mjpeg] Format yuvj420p chosen by get_format().
2024-09-20 21:42:36.221 T:22521 debug : ffmpeg[0x3b77dd0]: [mjpeg] marker parser used 17 bytes (136 bits)
2024-09-20 21:42:36.221 T:22521 debug : ffmpeg[0x3b77dd0]: [mjpeg] escaping removed 130 bytes
2024-09-20 21:42:36.221 T:22521 debug : ffmpeg[0x3b77dd0]: [mjpeg] marker=da avail_size_in_buf=46654
2024-09-20 21:42:36.221 T:22521 debug : ffmpeg[0x3b77dd0]: [mjpeg] component: 1
2024-09-20 21:42:36.221 T:22521 debug : ffmpeg[0x3b77dd0]: [mjpeg] component: 2
2024-09-20 21:42:36.221 T:22521 debug : ffmpeg[0x3b77dd0]: [mjpeg] component: 3
2024-09-20 21:42:36.222 T:22556 debug : ffmpeg[0x3e09900]: [mjpeg] marker=d8 avail_size_in_buf=18975
2024-09-20 21:42:36.222 T:22556 debug : ffmpeg[0x3e09900]: [mjpeg] marker parser used 0 bytes (0 bits)
2024-09-20 21:42:36.222 T:22556 debug : ffmpeg[0x3e09900]: [mjpeg] marker=fe avail_size_in_buf=18973
2024-09-20 21:42:36.223 T:22556 debug : ffmpeg[0x3e09900]: [mjpeg] marker parser used 15 bytes (120 bits)
2024-09-20 21:42:36.223 T:22556 debug : ffmpeg[0x3e09900]: [mjpeg] marker=db avail_size_in_buf=18956
2024-09-20 21:42:36.223 T:22556 debug : ffmpeg[0x3e09900]: [mjpeg] index=0
2024-09-20 21:42:36.223 T:22556 debug : ffmpeg[0x3e09900]: [mjpeg] qscale[0]: 5
2024-09-20 21:42:36.223 T:22556 debug : ffmpeg[0x3e09900]: [mjpeg] marker parser used 67 bytes (536 bits)
2024-09-20 21:42:36.223 T:22556 debug : ffmpeg[0x3e09900]: [mjpeg] marker=c4 avail_size_in_buf=18887
2024-09-20 21:42:36.223 T:22556 debug : ffmpeg[0x3e09900]: [mjpeg] class=0 index=0 nb_codes=8
2024-09-20 21:42:36.223 T:22556 debug : ffmpeg[0x3e09900]: [mjpeg] class=0 index=1 nb_codes=8
2024-09-20 21:42:36.223 T:22556 debug : ffmpeg[0x3e09900]: [mjpeg] class=1 index=0 nb_codes=53
2024-09-20 21:42:36.223 T:22556 debug : ffmpeg[0x3e09900]: [mjpeg] class=1 index=1 nb_codes=36
2024-09-20 21:42:36.223 T:22556 debug : ffmpeg[0x3e09900]: [mjpeg] marker parser used 175 bytes (1400 bits)
2024-09-20 21:42:36.223 T:22556 debug : ffmpeg[0x3e09900]: [mjpeg] marker=c0 avail_size_in_buf=18710
2024-09-20 21:42:36.223 T:22556 debug : ffmpeg[0x3e09900]: [mjpeg] Changing bps from 0 to 8
2024-09-20 21:42:36.223 T:22556 debug : ffmpeg[0x3e09900]: [mjpeg] sof0: picture: 423x635
2024-09-20 21:42:36.223 T:22556 debug : ffmpeg[0x3e09900]: [mjpeg] component 0 2:2 id: 1 quant:0
2024-09-20 21:42:36.223 T:22556 debug : ffmpeg[0x3e09900]: [mjpeg] component 1 1:1 id: 2 quant:0
2024-09-20 21:42:36.223 T:22556 debug : ffmpeg[0x3e09900]: [mjpeg] component 2 1:1 id: 3 quant:0
2024-09-20 21:42:36.223 T:22556 debug : ffmpeg[0x3e09900]: [mjpeg] pix fmt id 22111100
2024-09-20 21:42:36.223 T:22556 debug : ffmpeg[0x3e09900]: [mjpeg] Format yuvj420p chosen by get_format().
2024-09-20 21:42:36.223 T:22556 debug : ffmpeg[0x3e09900]: [mjpeg] marker parser used 17 bytes (136 bits)
2024-09-20 21:42:36.223 T:22556 debug : ffmpeg[0x3e09900]: [mjpeg] escaping removed 72 bytes
2024-09-20 21:42:36.223 T:22556 debug : ffmpeg[0x3e09900]: [mjpeg] marker=da avail_size_in_buf=18691
2024-09-20 21:42:36.223 T:22556 debug : ffmpeg[0x3e09900]: [mjpeg] component: 1
2024-09-20 21:42:36.223 T:22556 debug : ffmpeg[0x3e09900]: [mjpeg] component: 2
2024-09-20 21:42:36.223 T:22556 debug : ffmpeg[0x3e09900]: [mjpeg] component: 3
2024-09-20 21:42:36.225 T:22557 debug : ffmpeg[0x3178c68]: [mjpeg] marker=d8 avail_size_in_buf=14002
2024-09-20 21:42:36.225 T:22557 debug : ffmpeg[0x3178c68]: [mjpeg] marker parser used 0 bytes (0 bits)
2024-09-20 21:42:36.225 T:22557 debug : ffmpeg[0x3178c68]: [mjpeg] marker=fe avail_size_in_buf=14000
2024-09-20 21:42:36.225 T:22557 debug : ffmpeg[0x3178c68]: [mjpeg] marker parser used 15 bytes (120 bits)
2024-09-20 21:42:36.225 T:22557 debug : ffmpeg[0x3178c68]: [mjpeg] marker=db avail_size_in_buf=13983
2024-09-20 21:42:36.225 T:22557 debug : ffmpeg[0x3178c68]: [mjpeg] index=0
2024-09-20 21:42:36.226 T:22557 debug : ffmpeg[0x3178c68]: [mjpeg] qscale[0]: 5
2024-09-20 21:42:36.226 T:22557 debug : ffmpeg[0x3178c68]: [mjpeg] marker parser used 67 bytes (536 bits)
2024-09-20 21:42:36.226 T:22557 debug : ffmpeg[0x3178c68]: [mjpeg] marker=c4 avail_size_in_buf=13914
2024-09-20 21:42:36.226 T:22557 debug : ffmpeg[0x3178c68]: [mjpeg] class=0 index=0 nb_codes=8
2024-09-20 21:42:36.226 T:22557 debug : ffmpeg[0x3178c68]: [mjpeg] class=0 index=1 nb_codes=5
2024-09-20 21:42:36.226 T:22557 debug : ffmpeg[0x3178c68]: [mjpeg] class=1 index=0 nb_codes=56
2024-09-20 21:42:36.226 T:22557 debug : ffmpeg[0x3178c68]: [mjpeg] class=1 index=1 nb_codes=26
2024-09-20 21:42:36.226 T:22557 debug : ffmpeg[0x3178c68]: [mjpeg] marker parser used 165 bytes (1320 bits)
2024-09-20 21:42:36.226 T:22557 debug : ffmpeg[0x3178c68]: [mjpeg] marker=c0 avail_size_in_buf=13747
2024-09-20 21:42:36.226 T:22557 debug : ffmpeg[0x3178c68]: [mjpeg] Changing bps from 0 to 8
2024-09-20 21:42:36.226 T:22557 debug : ffmpeg[0x3178c68]: [mjpeg] sof0: picture: 423x635
2024-09-20 21:42:36.226 T:22557 debug : ffmpeg[0x3178c68]: [mjpeg] component 0 2:2 id: 1 quant:0
2024-09-20 21:42:36.226 T:22557 debug : ffmpeg[0x3178c68]: [mjpeg] component 1 1:1 id: 2 quant:0
2024-09-20 21:42:36.226 T:22557 debug : ffmpeg[0x3178c68]: [mjpeg] component 2 1:1 id: 3 quant:0
2024-09-20 21:42:36.226 T:22557 debug : ffmpeg[0x3178c68]: [mjpeg] pix fmt id 22111100
2024-09-20 21:42:36.226 T:22557 debug : ffmpeg[0x3178c68]: [mjpeg] Format yuvj420p chosen by get_format().
2024-09-20 21:42:36.226 T:22557 debug : ffmpeg[0x3178c68]: [mjpeg] marker parser used 17 bytes (136 bits)
2024-09-20 21:42:36.226 T:22557 debug : ffmpeg[0x3178c68]: [mjpeg] escaping removed 57 bytes
2024-09-20 21:42:36.226 T:22557 debug : ffmpeg[0x3178c68]: [mjpeg] marker=da avail_size_in_buf=13728
2024-09-20 21:42:36.226 T:22557 debug : ffmpeg[0x3178c68]: [mjpeg] component: 1
2024-09-20 21:42:36.228 T:22556 debug : ffmpeg[0x3e09900]: [mjpeg] marker parser used 18618 bytes (148937 bits)
2024-09-20 21:42:36.228 T:22557 debug : ffmpeg[0x3178c68]: [mjpeg] component: 2
2024-09-20 21:42:36.228 T:22599 debug : ffmpeg[0x345cbc0]: [mjpeg] marker=d8 avail_size_in_buf=66437
2024-09-20 21:42:36.228 T:22556 debug : ffmpeg[0x3e09900]: [mjpeg] marker=d9 avail_size_in_buf=0
2024-09-20 21:42:36.228 T:22557 debug : ffmpeg[0x3178c68]: [mjpeg] component: 3
2024-09-20 21:42:36.228 T:22599 debug : ffmpeg[0x345cbc0]: [mjpeg] marker parser used 0 bytes (0 bits)
2024-09-20 21:42:36.228 T:22556 debug : ffmpeg[0x3e09900]: [mjpeg] decode frame unused 0 bytes
2024-09-20 21:42:36.228 T:22599 debug : ffmpeg[0x345cbc0]: [mjpeg] marker=fe avail_size_in_buf=66435
2024-09-20 21:42:36.228 T:22556 debug : ffmpeg[0x3e09900]: [swscaler] Forcing full internal H chroma due to odd output size
2024-09-20 21:42:36.229 T:22599 debug : ffmpeg[0x345cbc0]: [mjpeg] marker parser used 15 bytes (120 bits)
2024-09-20 21:42:36.229 T:22599 debug : ffmpeg[0x345cbc0]: [mjpeg] marker=db avail_size_in_buf=66418
2024-09-20 21:42:36.229 T:22599 debug : ffmpeg[0x345cbc0]: [mjpeg] index=0
2024-09-20 21:42:36.229 T:22599 debug : ffmpeg[0x345cbc0]: [mjpeg] qscale[0]: 5
2024-09-20 21:42:36.229 T:22599 debug : ffmpeg[0x345cbc0]: [mjpeg] marker parser used 67 bytes (536 bits)
2024-09-20 21:42:36.229 T:22599 debug : ffmpeg[0x345cbc0]: [mjpeg] marker=c4 avail_size_in_buf=66349
2024-09-20 21:42:36.229 T:22599 debug : ffmpeg[0x345cbc0]: [mjpeg] class=0 index=0 nb_codes=9
2024-09-20 21:42:36.229 T:22599 debug : ffmpeg[0x345cbc0]: [mjpeg] class=0 index=1 nb_codes=7
2024-09-20 21:42:36.229 T:22599 debug : ffmpeg[0x345cbc0]: [mjpeg] class=1 index=0 nb_codes=68
2024-09-20 21:42:36.229 T:22599 debug : ffmpeg[0x345cbc0]: [mjpeg] class=1 index=1 nb_codes=38
2024-09-20 21:42:36.229 T:22599 debug : ffmpeg[0x345cbc0]: [mjpeg] marker parser used 192 bytes (1536 bits)
2024-09-20 21:42:36.229 T:22599 debug : ffmpeg[0x345cbc0]: [mjpeg] marker=c0 avail_size_in_buf=66155
2024-09-20 21:42:36.229 T:22599 debug : ffmpeg[0x345cbc0]: [mjpeg] Changing bps from 0 to 8
2024-09-20 21:42:36.229 T:22599 debug : ffmpeg[0x345cbc0]: [mjpeg] sof0: picture: 423x634
2024-09-20 21:42:36.229 T:22599 debug : ffmpeg[0x345cbc0]: [mjpeg] component 0 2:2 id: 1 quant:0
2024-09-20 21:42:36.229 T:22599 debug : ffmpeg[0x345cbc0]: [mjpeg] component 1 1:1 id: 2 quant:0
2024-09-20 21:42:36.229 T:22599 debug : ffmpeg[0x345cbc0]: [mjpeg] component 2 1:1 id: 3 quant:0
2024-09-20 21:42:36.229 T:22599 debug : ffmpeg[0x345cbc0]: [mjpeg] pix fmt id 22111100
2024-09-20 21:42:36.229 T:22599 debug : ffmpeg[0x345cbc0]: [mjpeg] Format yuvj420p chosen by get_format().
2024-09-20 21:42:36.230 T:22599 debug : ffmpeg[0x345cbc0]: [mjpeg] marker parser used 17 bytes (136 bits)
2024-09-20 21:42:36.230 T:22599 debug : ffmpeg[0x345cbc0]: [mjpeg] escaping removed 197 bytes
2024-09-20 21:42:36.230 T:22599 debug : ffmpeg[0x345cbc0]: [mjpeg] marker=da avail_size_in_buf=66136
2024-09-20 21:42:36.230 T:22599 debug : ffmpeg[0x345cbc0]: [mjpeg] component: 1
2024-09-20 21:42:36.230 T:22599 debug : ffmpeg[0x345cbc0]: [mjpeg] component: 2
2024-09-20 21:42:36.230 T:22599 debug : ffmpeg[0x345cbc0]: [mjpeg] component: 3
2024-09-20 21:42:36.230 T:22557 debug : ffmpeg[0x3178c68]: [mjpeg] marker parser used 13670 bytes (109359 bits)
2024-09-20 21:42:36.230 T:22557 debug : ffmpeg[0x3178c68]: [mjpeg] marker=d9 avail_size_in_buf=0
2024-09-20 21:42:36.230 T:22557 debug : ffmpeg[0x3178c68]: [mjpeg] decode frame unused 0 bytes
2024-09-20 21:42:36.231 T:22557 debug : ffmpeg[0x3178c68]: [swscaler] Forcing full internal H chroma due to odd output size
2024-09-20 21:42:36.235 T:22599 debug : ffmpeg[0x345cbc0]: [mjpeg] marker parser used 65938 bytes (527504 bits)
2024-09-20 21:42:36.235 T:22599 debug : ffmpeg[0x345cbc0]: [mjpeg] marker=d9 avail_size_in_buf=0
2024-09-20 21:42:36.235 T:22599 debug : ffmpeg[0x345cbc0]: [mjpeg] decode frame unused 0 bytes
2024-09-20 21:42:36.235 T:22599 debug : ffmpeg[0x345cbc0]: [swscaler] Forcing full internal H chroma due to odd output size
2024-09-20 21:42:36.241 T:22521 debug : ffmpeg[0x3b77dd0]: [mjpeg] marker parser used 46523 bytes (372179 bits)
2024-09-20 21:42:36.241 T:22521 debug : ffmpeg[0x3b77dd0]: [mjpeg] marker=d9 avail_size_in_buf=0
2024-09-20 21:42:36.241 T:22599 debug : ffmpeg[0x345cbc0]: [mjpeg] marker=d8 avail_size_in_buf=22035
2024-09-20 21:42:36.241 T:22521 debug : ffmpeg[0x3b77dd0]: [mjpeg] decode frame unused 0 bytes
2024-09-20 21:42:36.241 T:22599 debug : ffmpeg[0x345cbc0]: [mjpeg] marker parser used 0 bytes (0 bits)
2024-09-20 21:42:36.241 T:22599 debug : ffmpeg[0x345cbc0]: [mjpeg] marker=fe avail_size_in_buf=22033
2024-09-20 21:42:36.241 T:22599 debug : ffmpeg[0x345cbc0]: [mjpeg] marker parser used 15 bytes (120 bits)
2024-09-20 21:42:36.241 T:22599 debug : ffmpeg[0x345cbc0]: [mjpeg] marker=db avail_size_in_buf=22016
2024-09-20 21:42:36.241 T:22599 debug : ffmpeg[0x345cbc0]: [mjpeg] index=0
2024-09-20 21:42:36.241 T:3922 debug : ffmpeg[0x0]: [swscaler] Forcing full internal H chroma due to input having non subsampled chroma
2024-09-20 21:42:36.241 T:22599 debug : ffmpeg[0x345cbc0]: [mjpeg] qscale[0]: 5
2024-09-20 21:42:36.241 T:22599 debug : ffmpeg[0x345cbc0]: [mjpeg] marker parser used 67 bytes (536 bits)
2024-09-20 21:42:36.241 T:22599 debug : ffmpeg[0x345cbc0]: [mjpeg] marker=c4 avail_size_in_buf=21947
2024-09-20 21:42:36.241 T:22599 debug : ffmpeg[0x345cbc0]: [mjpeg] class=0 index=0 nb_codes=8
2024-09-20 21:42:36.241 T:22599 debug : ffmpeg[0x345cbc0]: [mjpeg] class=0 index=1 nb_codes=8
2024-09-20 21:42:36.241 T:22599 debug : ffmpeg[0x345cbc0]: [mjpeg] class=1 index=0 nb_codes=51
2024-09-20 21:42:36.241 T:22521 debug : ffmpeg[0x3b77dd0]: [swscaler] Forcing full internal H chroma due to odd output size
2024-09-20 21:42:36.241 T:22599 debug : ffmpeg[0x345cbc0]: [mjpeg] class=1 index=1 nb_codes=48
2024-09-20 21:42:36.241 T:22599 debug : ffmpeg[0x345cbc0]: [mjpeg] marker parser used 185 bytes (1480 bits)
2024-09-20 21:42:36.241 T:22599 debug : ffmpeg[0x345cbc0]: [mjpeg] marker=c0 avail_size_in_buf=21760
2024-09-20 21:42:36.241 T:22599 debug : ffmpeg[0x345cbc0]: [mjpeg] Changing bps from 0 to 8
2024-09-20 21:42:36.241 T:22599 debug : ffmpeg[0x345cbc0]: [mjpeg] sof0: picture: 423x635
2024-09-20 21:42:36.241 T:22599 debug : ffmpeg[0x345cbc0]: [mjpeg] component 0 2:2 id: 1 quant:0
2024-09-20 21:42:36.241 T:22599 debug : ffmpeg[0x345cbc0]: [mjpeg] component 1 1:1 id: 2 quant:0
2024-09-20 21:42:36.241 T:22599 debug : ffmpeg[0x345cbc0]: [mjpeg] component 2 1:1 id: 3 quant:0
2024-09-20 21:42:36.241 T:22599 debug : ffmpeg[0x345cbc0]: [mjpeg] pix fmt id 22111100
2024-09-20 21:42:36.241 T:22599 debug : ffmpeg[0x345cbc0]: [mjpeg] Format yuvj420p chosen by get_format().
2024-09-20 21:42:36.242 T:22599 debug : ffmpeg[0x345cbc0]: [mjpeg] marker parser used 17 bytes (136 bits)
2024-09-20 21:42:36.242 T:22599 debug : ffmpeg[0x345cbc0]: [mjpeg] escaping removed 87 bytes
2024-09-20 21:42:36.242 T:22599 debug : ffmpeg[0x345cbc0]: [mjpeg] marker=da avail_size_in_buf=21741
2024-09-20 21:42:36.242 T:22599 debug : ffmpeg[0x345cbc0]: [mjpeg] component: 1
2024-09-20 21:42:36.242 T:22599 debug : ffmpeg[0x345cbc0]: [mjpeg] component: 2
2024-09-20 21:42:36.242 T:22599 debug : ffmpeg[0x345cbc0]: [mjpeg] component: 3
2024-09-20 21:42:36.242 T:3922 debug : ffmpeg[0x0]: [swscaler] Forcing full internal H chroma due to input having non subsampled chroma
2024-09-20 21:42:36.243 T:22599 info : Skipped 1 duplicate messages..
2024-09-20 21:42:36.243 T:22599 debug : ffmpeg[0x345cbc0]: [mjpeg] marker parser used 21653 bytes (173218 bits)
2024-09-20 21:42:36.243 T:22599 debug : ffmpeg[0x345cbc0]: [mjpeg] marker=d9 avail_size_in_buf=0
2024-09-20 21:42:36.243 T:22599 debug : ffmpeg[0x345cbc0]: [mjpeg] decode frame unused 0 bytes
2024-09-20 21:42:36.243 T:22599 debug : ffmpeg[0x345cbc0]: [swscaler] Forcing full internal H chroma due to odd output size
2024-09-20 21:42:36.244 T:3922 debug : ffmpeg[0x0]: [swscaler] Forcing full internal H chroma due to odd output size
2024-09-20 21:42:36.244 T:3922 debug : ffmpeg[0x0]: [swscaler] Forcing full internal H chroma due to input having non subsampled chroma
2024-09-20 21:42:36.248 T:22521 debug : ffmpeg[0x3b77dd0]: [mjpeg] marker=d8 avail_size_in_buf=21359
2024-09-20 21:42:36.248 T:22521 debug : ffmpeg[0x3b77dd0]: [mjpeg] marker parser used 0 bytes (0 bits)
2024-09-20 21:42:36.248 T:22521 debug : ffmpeg[0x3b77dd0]: [mjpeg] marker=fe avail_size_in_buf=21357
2024-09-20 21:42:36.248 T:22521 debug : ffmpeg[0x3b77dd0]: [mjpeg] marker parser used 15 bytes (120 bits)
2024-09-20 21:42:36.248 T:22521 debug : ffmpeg[0x3b77dd0]: [mjpeg] marker=db avail_size_in_buf=21340
2024-09-20 21:42:36.248 T:22521 debug : ffmpeg[0x3b77dd0]: [mjpeg] index=0
2024-09-20 21:42:36.248 T:22521 debug : ffmpeg[0x3b77dd0]: [mjpeg] qscale[0]: 5
2024-09-20 21:42:36.248 T:22521 debug : ffmpeg[0x3b77dd0]: [mjpeg] marker parser used 67 bytes (536 bits)
2024-09-20 21:42:36.248 T:22521 debug : ffmpeg[0x3b77dd0]: [mjpeg] marker=c4 avail_size_in_buf=21271
2024-09-20 21:42:36.248 T:22521 debug : ffmpeg[0x3b77dd0]: [mjpeg] class=0 index=0 nb_codes=9
2024-09-20 21:42:36.248 T:22521 debug : ffmpeg[0x3b77dd0]: [mjpeg] class=0 index=1 nb_codes=6
2024-09-20 21:42:36.248 T:22521 debug : ffmpeg[0x3b77dd0]: [mjpeg] class=1 index=0 nb_codes=51
2024-09-20 21:42:36.248 T:22521 debug : ffmpeg[0x3b77dd0]: [mjpeg] class=1 index=1 nb_codes=24
2024-09-20 21:42:36.248 T:22521 debug : ffmpeg[0x3b77dd0]: [mjpeg] marker parser used 160 bytes (1280 bits)
2024-09-20 21:42:36.248 T:22521 debug : ffmpeg[0x3b77dd0]: [mjpeg] marker=c0 avail_size_in_buf=21109
2024-09-20 21:42:36.248 T:22521 debug : ffmpeg[0x3b77dd0]: [mjpeg] Changing bps from 0 to 8
2024-09-20 21:42:36.248 T:22521 debug : ffmpeg[0x3b77dd0]: [mjpeg] sof0: picture: 423x635
2024-09-20 21:42:36.248 T:22521 debug : ffmpeg[0x3b77dd0]: [mjpeg] component 0 2:2 id: 1 quant:0
2024-09-20 21:42:36.248 T:22521 debug : ffmpeg[0x3b77dd0]: [mjpeg] component 1 1:1 id: 2 quant:0
2024-09-20 21:42:36.248 T:22521 debug : ffmpeg[0x3b77dd0]: [mjpeg] component 2 1:1 id: 3 quant:0
2024-09-20 21:42:36.248 T:22521 debug : ffmpeg[0x3b77dd0]: [mjpeg] pix fmt id 22111100
2024-09-20 21:42:36.248 T:22521 debug : ffmpeg[0x3b77dd0]: [mjpeg] Format yuvj420p chosen by get_format().
2024-09-20 21:42:36.248 T:22521 debug : ffmpeg[0x3b77dd0]: [mjpeg] marker parser used 17 bytes (136 bits)
2024-09-20 21:42:36.248 T:22521 debug : ffmpeg[0x3b77dd0]: [mjpeg] escaping removed 57 bytes
2024-09-20 21:42:36.248 T:22521 debug : ffmpeg[0x3b77dd0]: [mjpeg] marker=da avail_size_in_buf=21090
2024-09-20 21:42:36.248 T:22521 debug : ffmpeg[0x3b77dd0]: [mjpeg] component: 1
2024-09-20 21:42:36.248 T:22521 debug : ffmpeg[0x3b77dd0]: [mjpeg] component: 2
2024-09-20 21:42:36.248 T:22521 debug : ffmpeg[0x3b77dd0]: [mjpeg] component: 3
2024-09-20 21:42:36.250 T:22521 debug : ffmpeg[0x3b77dd0]: [mjpeg] marker parser used 21032 bytes (168256 bits)
2024-09-20 21:42:36.250 T:22521 debug : ffmpeg[0x3b77dd0]: [mjpeg] marker=d9 avail_size_in_buf=0
2024-09-20 21:42:36.250 T:22521 debug : ffmpeg[0x3b77dd0]: [mjpeg] decode frame unused 0 bytes
2024-09-20 21:42:36.251 T:22521 debug : ffmpeg[0x3b77dd0]: [swscaler] Forcing full internal H chroma due to odd output size
2024-09-20 21:42:36.258 T:22556 debug : ffmpeg[0x3e09900]: [mjpeg] marker=d8 avail_size_in_buf=28493
2024-09-20 21:42:36.258 T:22556 debug : ffmpeg[0x3e09900]: [mjpeg] marker parser used 0 bytes (0 bits)
2024-09-20 21:42:36.258 T:22556 debug : ffmpeg[0x3e09900]: [mjpeg] marker=fe avail_size_in_buf=28491
2024-09-20 21:42:36.258 T:22556 debug : ffmpeg[0x3e09900]: [mjpeg] marker parser used 15 bytes (120 bits)
2024-09-20 21:42:36.258 T:22556 debug : ffmpeg[0x3e09900]: [mjpeg] marker=db avail_size_in_buf=28474
2024-09-20 21:42:36.258 T:22556 debug : ffmpeg[0x3e09900]: [mjpeg] index=0
2024-09-20 21:42:36.258 T:22556 debug : ffmpeg[0x3e09900]: [mjpeg] qscale[0]: 5
2024-09-20 21:42:36.258 T:22556 debug : ffmpeg[0x3e09900]: [mjpeg] marker parser used 67 bytes (536 bits)
2024-09-20 21:42:36.258 T:22556 debug : ffmpeg[0x3e09900]: [mjpeg] marker=c4 avail_size_in_buf=28405
