2024-09-20 21:42:36.503 T:22599 debug : ffmpeg[0x345cbc0]: [mjpeg] component 0 2:2 id: 1 quant:0
2024-09-20 21:42:36.503 T:22599 debug : ffmpeg[0x345cbc0]: [mjpeg] component 1 1:1 id: 2 quant:0
2024-09-20 21:42:36.503 T:22599 debug : ffmpeg[0x345cbc0]: [mjpeg] component 2 1:1 id: 3 quant:0
2024-09-20 21:42:36.503 T:22599 debug : ffmpeg[0x345cbc0]: [mjpeg] pix fmt id 22111100
2024-09-20 21:42:36.503 T:22599 debug : ffmpeg[0x345cbc0]: [mjpeg] Format yuvj420p chosen by get_format().
2024-09-20 21:42:36.503 T:22599 debug : ffmpeg[0x345cbc0]: [mjpeg] marker parser used 17 bytes (136 bits)
2024-09-20 21:42:36.504 T:22599 debug : ffmpeg[0x345cbc0]: [mjpeg] escaping removed 195 bytes
2024-09-20 21:42:36.504 T:22599 debug : ffmpeg[0x345cbc0]: [mjpeg] marker=da avail_size_in_buf=52219
2024-09-20 21:42:36.504 T:22599 debug : ffmpeg[0x345cbc0]: [mjpeg] component: 1
2024-09-20 21:42:36.504 T:22599 debug : ffmpeg[0x345cbc0]: [mjpeg] component: 2
2024-09-20 21:42:36.504 T:22599 debug : ffmpeg[0x345cbc0]: [mjpeg] component: 3
2024-09-20 21:42:36.506 T:22599 debug : ffmpeg[0x345cbc0]: [mjpeg] marker parser used 52023 bytes (416179 bits)
2024-09-20 21:42:36.506 T:22599 debug : ffmpeg[0x345cbc0]: [mjpeg] marker=d9 avail_size_in_buf=0
2024-09-20 21:42:36.506 T:22599 debug : ffmpeg[0x345cbc0]: [mjpeg] decode frame unused 0 bytes
2024-09-20 21:42:36.506 T:22599 debug : ffmpeg[0x345cbc0]: [swscaler] Forcing full internal H chroma due to odd output size
2024-09-20 21:42:36.510 T:22557 debug : ffmpeg[0x3178c68]: [mjpeg] marker=d8 avail_size_in_buf=19120
2024-09-20 21:42:36.510 T:22557 debug : ffmpeg[0x3178c68]: [mjpeg] marker parser used 0 bytes (0 bits)
2024-09-20 21:42:36.510 T:22557 debug : ffmpeg[0x3178c68]: [mjpeg] marker=fe avail_size_in_buf=19118
2024-09-20 21:42:36.510 T:22557 debug : ffmpeg[0x3178c68]: [mjpeg] marker parser used 15 bytes (120 bits)
2024-09-20 21:42:36.510 T:22557 debug : ffmpeg[0x3178c68]: [mjpeg] marker=db avail_size_in_buf=19101
2024-09-20 21:42:36.511 T:22557 debug : ffmpeg[0x3178c68]: [mjpeg] index=0
2024-09-20 21:42:36.511 T:22557 debug : ffmpeg[0x3178c68]: [mjpeg] qscale[0]: 5
2024-09-20 21:42:36.511 T:22557 debug : ffmpeg[0x3178c68]: [mjpeg] marker parser used 67 bytes (536 bits)
2024-09-20 21:42:36.511 T:22557 debug : ffmpeg[0x3178c68]: [mjpeg] marker=c4 avail_size_in_buf=19032
2024-09-20 21:42:36.511 T:22557 debug : ffmpeg[0x3178c68]: [mjpeg] class=0 index=0 nb_codes=9
2024-09-20 21:42:36.511 T:22557 debug : ffmpeg[0x3178c68]: [mjpeg] class=0 index=1 nb_codes=8
2024-09-20 21:42:36.511 T:22557 debug : ffmpeg[0x3178c68]: [mjpeg] class=1 index=0 nb_codes=48
2024-09-20 21:42:36.511 T:22557 debug : ffmpeg[0x3178c68]: [mjpeg] class=1 index=1 nb_codes=44
2024-09-20 21:42:36.511 T:22557 debug : ffmpeg[0x3178c68]: [mjpeg] marker parser used 179 bytes (1432 bits)
2024-09-20 21:42:36.511 T:22557 debug : ffmpeg[0x3178c68]: [mjpeg] marker=c0 avail_size_in_buf=18851
2024-09-20 21:42:36.511 T:22557 debug : ffmpeg[0x3178c68]: [mjpeg] Changing bps from 0 to 8
2024-09-20 21:42:36.511 T:22557 debug : ffmpeg[0x3178c68]: [mjpeg] sof0: picture: 423x635
2024-09-20 21:42:36.511 T:22557 debug : ffmpeg[0x3178c68]: [mjpeg] component 0 2:2 id: 1 quant:0
2024-09-20 21:42:36.511 T:22557 debug : ffmpeg[0x3178c68]: [mjpeg] component 1 1:1 id: 2 quant:0
2024-09-20 21:42:36.511 T:22557 debug : ffmpeg[0x3178c68]: [mjpeg] component 2 1:1 id: 3 quant:0
2024-09-20 21:42:36.511 T:22557 debug : ffmpeg[0x3178c68]: [mjpeg] pix fmt id 22111100
2024-09-20 21:42:36.511 T:22557 debug : ffmpeg[0x3178c68]: [mjpeg] Format yuvj420p chosen by get_format().
2024-09-20 21:42:36.511 T:22557 debug : ffmpeg[0x3178c68]: [mjpeg] marker parser used 17 bytes (136 bits)
2024-09-20 21:42:36.511 T:22557 debug : ffmpeg[0x3178c68]: [mjpeg] escaping removed 67 bytes
2024-09-20 21:42:36.511 T:22557 debug : ffmpeg[0x3178c68]: [mjpeg] marker=da avail_size_in_buf=18832
2024-09-20 21:42:36.511 T:22557 debug : ffmpeg[0x3178c68]: [mjpeg] component: 1
2024-09-20 21:42:36.511 T:22557 debug : ffmpeg[0x3178c68]: [mjpeg] component: 2
2024-09-20 21:42:36.511 T:22557 debug : ffmpeg[0x3178c68]: [mjpeg] component: 3
2024-09-20 21:42:36.513 T:22521 debug : ffmpeg[0x3b77dd0]: [swscaler] Forcing full internal H chroma due to input having non subsampled chroma
2024-09-20 21:42:36.514 T:22557 debug : ffmpeg[0x3178c68]: [mjpeg] marker parser used 18764 bytes (150106 bits)
2024-09-20 21:42:36.514 T:22557 debug : ffmpeg[0x3178c68]: [mjpeg] marker=d9 avail_size_in_buf=0
2024-09-20 21:42:36.514 T:22557 debug : ffmpeg[0x3178c68]: [mjpeg] decode frame unused 0 bytes
2024-09-20 21:42:36.514 T:22557 debug : ffmpeg[0x3178c68]: [swscaler] Forcing full internal H chroma due to odd output size
2024-09-20 21:42:36.525 T:3922 debug : ffmpeg[0x0]: [swscaler] Forcing full internal H chroma due to input having non subsampled chroma
2024-09-20 21:42:36.556 T:21920 info : script.plex: UpdateOnDeckHubs called
2024-09-20 21:42:36.556 T:21920 debug : requested setting (speedy_home_hubs2) was not found.
2024-09-20 21:42:36.606 T:22710 info : script.plex: BGThreader: (queue.0:worker.0): Active
2024-09-20 21:42:36.608 T:22711 info : script.plex: BGThreader: (queue.0:worker.1): Active
2024-09-20 21:42:36.609 T:22710 info : script.plex: API: GET https://redacted.plex.direct:32400/hubs/continueWatching/items?X-Plex-Token=****&X-Plex-Container-Start=0&X-Plex-Container-Size=10
2024-09-20 21:42:36.614 T:22712 info : script.plex: BGThreader: (queue.0:worker.2): Active
2024-09-20 21:42:36.623 T:22711 info : script.plex: API: GET https://redacted.plex.direct:32400/hubs/home/recentlyAdded?type=1&X-Plex-Token=****&X-Plex-Container-Start=0&X-Plex-Container-Size=10
2024-09-20 21:42:36.624 T:22712 info : script.plex: API: GET https://redacted.plex.direct:32400/hubs/home/recentlyAdded?type=2&X-Plex-Token=****&X-Plex-Container-Start=0&X-Plex-Container-Size=10
2024-09-20 21:42:36.848 T:22711 info : script.plex: API: GET https://redacted.plex.direct:32400/hubs/sections/1/continueWatching/items?X-Plex-Token=****&X-Plex-Container-Start=0&X-Plex-Container-Size=10
2024-09-20 21:42:36.892 T:22711 info : script.plex: Hub movie.inprogress.1 updated - refreshing section: 'Movies'
2024-09-20 21:42:36.892 T:22711 info : script.plex: HUB: movie.inprogress.1 [movie.inprogress](1, None, reselect: ('41354', 0))
2024-09-20 21:42:36.899 T:22711 info : script.plex: API: GET https://redacted.plex.direct:32400/library/sections/1/all?sort=originallyAvailableAt:desc&originallyAvailableAt>=-1y&X-Plex-Token=****&X-Plex-Container-Start=0&X-Plex-Container-Size=10
2024-09-20 21:42:36.909 T:22710 info : script.plex: API: GET https://redacted.plex.direct:32400/library/sections/1/all?sort=addedAt:desc&X-Plex-Token=****&X-Plex-Container-Start=0&X-Plex-Container-Size=10
2024-09-20 21:42:36.989 T:22711 info : script.plex: Hub movie.recentlyreleased.1 updated - refreshing section: 'Movies'
2024-09-20 21:42:36.989 T:22711 info : script.plex: HUB: movie.recentlyreleased.1 [movie.recentlyreleased](10, None, reselect: ('70583', 1))
2024-09-20 21:42:36.991 T:22711 info : script.plex: API: GET https://redacted.plex.direct:32400/library/sections/1/all?unwatched=1&genre=207&audienceRating>=7.0&X-Plex-Token=****&X-Plex-Container-Start=0&X-Plex-Container-Size=10
2024-09-20 21:42:36.994 T:22710 info : script.plex: Hub movie.recentlyadded.1 updated - refreshing section: 'Movies'
2024-09-20 21:42:37.008 T:22710 info : script.plex: HUB: movie.recentlyadded.1 [movie.recentlyadded](10, None, reselect: ('70852', 0))
2024-09-20 21:42:37.038 T:22710 info : script.plex: API: GET https://redacted.plex.direct:32400/library/sections/1/all?unwatched=1&director=225303&sort=audienceRating:desc&X-Plex-Token=****&X-Plex-Container-Start=0&X-Plex-Container-Size=10
2024-09-20 21:42:37.041 T:22711 info : script.plex: Hub movie.genre.1.207 updated - refreshing section: 'Movies'
2024-09-20 21:42:37.045 T:22711 info : script.plex: HUB: movie.genre.1.207 [movie.genre](10, None, reselect: ('70103', 0))
2024-09-20 21:42:37.054 T:22711 info : script.plex: API: GET https://redacted.plex.direct:32400/library/sections/1/all?unwatched=1&audienceRating>=7.0&sort=audienceRating:desc&X-Plex-Token=****&X-Plex-Container-Start=0&X-Plex-Container-Size=10
2024-09-20 21:42:37.064 T:22710 info : script.plex: Hub movie.by.actor.or.director.1.225303 updated - refreshing section: 'Movies'
2024-09-20 21:42:37.064 T:22710 info : script.plex: HUB: movie.by.actor.or.director.1.225303 [movie.by.actor.or.director](0, None, reselect: None)
2024-09-20 21:42:37.065 T:22710 info : script.plex: API: GET https://redacted.plex.direct:32400/library/sections/1/all?sort=lastViewedAt:desc&unwatched=0&viewOffset=0&X-Plex-Token=****&X-Plex-Container-Start=0&X-Plex-Container-Size=10
2024-09-20 21:42:37.184 T:22711 info : script.plex: Hub movie.topunwatched.1 updated - refreshing section: 'Movies'
2024-09-20 21:42:37.198 T:22711 info : script.plex: HUB: movie.topunwatched.1 [movie.topunwatched](10, None, reselect: ('40700', 0))
2024-09-20 21:42:37.232 T:3986 debug : PushCecKeypress - received key d8 duration 0
2024-09-20 21:42:37.240 T:3922 debug : HandleKey: menu (0xd8) pressed, window 13003, action is Back
2024-09-20 21:42:37.293 T:21920 info : script.plex: Showing hubs - Section: None - Update: False
2024-09-20 21:42:37.300 T:21920 info : script.plex: HUB: continueWatching [continueWatching](7, None, reselect: None)
2024-09-20 21:42:37.303 T:3986 debug : PushCecKeypress - received key d8 duration 71
2024-09-20 21:42:37.311 T:22711 info : script.plex: Hub movie.topunwatched: Position was already correct (0)
2024-09-20 21:42:37.312 T:22710 info : script.plex: BGThreader (queue.0:worker.0): Idle
2024-09-20 21:42:37.312 T:22712 info : script.plex: Hub home.television.recent updated - refreshing section: 'Home'
2024-09-20 21:42:37.312 T:22712 info : script.plex: HUB: home.television.recent [home.television.recent](10, None, reselect: None)
2024-09-20 21:42:37.312 T:22711 info : script.plex: BGThreader (queue.0:worker.1): Idle
2024-09-20 21:42:37.329 T:22712 info : script.plex: BGThreader (queue.0:worker.2): Idle
2024-09-20 21:42:37.330 T:21920 info : script.plex: HUB: home.movies.recent [home.movies.recent](10, None, reselect: None)
2024-09-20 21:42:37.335 T:21920 info : script.plex: HUB: home.television.recent [home.television.recent](10, None, reselect: None)
2024-09-20 21:42:37.340 T:21920 info : script.plex: HUB: home.music.recent [home.music.recent](0, None, reselect: None)
2024-09-20 21:42:37.340 T:21920 info : script.plex: HUB: home.photos.recent [home.photos.recent](0, None, reselect: None)
2024-09-20 21:42:37.340 T:21920 info : script.plex: HUB: home.videos.recent [home.videos.recent](0, None, reselect: None)
2024-09-20 21:42:37.340 T:21920 info : script.plex: UNHANDLED - Hub: home.playlists [home.playlists](0)
2024-09-20 21:42:37.344 T:22557 debug : ffmpeg[0x3178c68]: [mjpeg] marker=d8 avail_size_in_buf=49702
2024-09-20 21:42:37.344 T:22557 debug : ffmpeg[0x3178c68]: [mjpeg] marker parser used 0 bytes (0 bits)
2024-09-20 21:42:37.344 T:22557 debug : ffmpeg[0x3178c68]: [mjpeg] marker=fe avail_size_in_buf=49700
2024-09-20 21:42:37.344 T:22557 debug : ffmpeg[0x3178c68]: [mjpeg] marker parser used 15 bytes (120 bits)
2024-09-20 21:42:37.344 T:22557 debug : ffmpeg[0x3178c68]: [mjpeg] marker=db avail_size_in_buf=49683
2024-09-20 21:42:37.344 T:22557 debug : ffmpeg[0x3178c68]: [mjpeg] index=0
2024-09-20 21:42:37.344 T:22557 debug : ffmpeg[0x3178c68]: [mjpeg] qscale[0]: 5
2024-09-20 21:42:37.344 T:22557 debug : ffmpeg[0x3178c68]: [mjpeg] marker parser used 67 bytes (536 bits)
2024-09-20 21:42:37.344 T:22557 debug : ffmpeg[0x3178c68]: [mjpeg] marker=c4 avail_size_in_buf=49614
2024-09-20 21:42:37.344 T:22557 debug : ffmpeg[0x3178c68]: [mjpeg] class=0 index=0 nb_codes=9
2024-09-20 21:42:37.344 T:22557 debug : ffmpeg[0x3178c68]: [mjpeg] class=0 index=1 nb_codes=7
2024-09-20 21:42:37.345 T:22557 debug : ffmpeg[0x3178c68]: [mjpeg] class=1 index=0 nb_codes=66
2024-09-20 21:42:37.345 T:22557 debug : ffmpeg[0x3178c68]: [mjpeg] class=1 index=1 nb_codes=40
2024-09-20 21:42:37.345 T:22557 debug : ffmpeg[0x3178c68]: [mjpeg] marker parser used 192 bytes (1536 bits)
2024-09-20 21:42:37.345 T:22557 debug : ffmpeg[0x3178c68]: [mjpeg] marker=c0 avail_size_in_buf=49420
2024-09-20 21:42:37.345 T:22557 debug : ffmpeg[0x3178c68]: [mjpeg] Changing bps from 0 to 8
2024-09-20 21:42:37.345 T:22557 debug : ffmpeg[0x3178c68]: [mjpeg] sof0: picture: 425x625
2024-09-20 21:42:37.345 T:22557 debug : ffmpeg[0x3178c68]: [mjpeg] component 0 2:2 id: 1 quant:0
2024-09-20 21:42:37.345 T:22557 debug : ffmpeg[0x3178c68]: [mjpeg] component 1 1:1 id: 2 quant:0
2024-09-20 21:42:37.345 T:22557 debug : ffmpeg[0x3178c68]: [mjpeg] component 2 1:1 id: 3 quant:0
2024-09-20 21:42:37.345 T:22557 debug : ffmpeg[0x3178c68]: [mjpeg] pix fmt id 22111100
2024-09-20 21:42:37.345 T:22557 debug : ffmpeg[0x3178c68]: [mjpeg] Format yuvj420p chosen by get_format().
2024-09-20 21:42:37.345 T:22557 debug : ffmpeg[0x3178c68]: [mjpeg] marker parser used 17 bytes (136 bits)
2024-09-20 21:42:37.345 T:22557 debug : ffmpeg[0x3178c68]: [mjpeg] escaping removed 195 bytes
2024-09-20 21:42:37.345 T:22557 debug : ffmpeg[0x3178c68]: [mjpeg] marker=da avail_size_in_buf=49401
2024-09-20 21:42:37.345 T:22557 debug : ffmpeg[0x3178c68]: [mjpeg] component: 1
2024-09-20 21:42:37.345 T:22557 debug : ffmpeg[0x3178c68]: [mjpeg] component: 2
2024-09-20 21:42:37.345 T:22557 debug : ffmpeg[0x3178c68]: [mjpeg] component: 3
2024-09-20 21:42:37.345 T:22521 debug : ffmpeg[0x3b77dd0]: [mjpeg] marker=d8 avail_size_in_buf=46721
2024-09-20 21:42:37.346 T:22521 debug : ffmpeg[0x3b77dd0]: [mjpeg] marker parser used 0 bytes (0 bits)
2024-09-20 21:42:37.346 T:22521 debug : ffmpeg[0x3b77dd0]: [mjpeg] marker=fe avail_size_in_buf=46719
2024-09-20 21:42:37.346 T:22521 debug : ffmpeg[0x3b77dd0]: [mjpeg] marker parser used 15 bytes (120 bits)
2024-09-20 21:42:37.346 T:22521 debug : ffmpeg[0x3b77dd0]: [mjpeg] marker=db avail_size_in_buf=46702
2024-09-20 21:42:37.346 T:22521 debug : ffmpeg[0x3b77dd0]: [mjpeg] index=0
2024-09-20 21:42:37.346 T:22521 debug : ffmpeg[0x3b77dd0]: [mjpeg] qscale[0]: 5
2024-09-20 21:42:37.346 T:22521 debug : ffmpeg[0x3b77dd0]: [mjpeg] marker parser used 67 bytes (536 bits)
2024-09-20 21:42:37.346 T:22521 debug : ffmpeg[0x3b77dd0]: [mjpeg] marker=c4 avail_size_in_buf=46633
2024-09-20 21:42:37.346 T:22521 debug : ffmpeg[0x3b77dd0]: [mjpeg] class=0 index=0 nb_codes=9
2024-09-20 21:42:37.346 T:22521 debug : ffmpeg[0x3b77dd0]: [mjpeg] class=0 index=1 nb_codes=7
2024-09-20 21:42:37.346 T:22521 debug : ffmpeg[0x3b77dd0]: [mjpeg] class=1 index=0 nb_codes=69
2024-09-20 21:42:37.346 T:22521 debug : ffmpeg[0x3b77dd0]: [mjpeg] class=1 index=1 nb_codes=44
2024-09-20 21:42:37.346 T:22521 debug : ffmpeg[0x3b77dd0]: [mjpeg] marker parser used 199 bytes (1592 bits)
2024-09-20 21:42:37.346 T:22521 debug : ffmpeg[0x3b77dd0]: [mjpeg] marker=c0 avail_size_in_buf=46432
2024-09-20 21:42:37.346 T:22521 debug : ffmpeg[0x3b77dd0]: [mjpeg] Changing bps from 0 to 8
2024-09-20 21:42:37.346 T:22521 debug : ffmpeg[0x3b77dd0]: [mjpeg] sof0: picture: 423x635
2024-09-20 21:42:37.346 T:22521 debug : ffmpeg[0x3b77dd0]: [mjpeg] component 0 2:2 id: 1 quant:0
2024-09-20 21:42:37.346 T:22521 debug : ffmpeg[0x3b77dd0]: [mjpeg] component 1 1:1 id: 2 quant:0
2024-09-20 21:42:37.346 T:22521 debug : ffmpeg[0x3b77dd0]: [mjpeg] component 2 1:1 id: 3 quant:0
2024-09-20 21:42:37.346 T:22521 debug : ffmpeg[0x3b77dd0]: [mjpeg] pix fmt id 22111100
2024-09-20 21:42:37.346 T:22521 debug : ffmpeg[0x3b77dd0]: [mjpeg] Format yuvj420p chosen by get_format().
2024-09-20 21:42:37.346 T:22521 debug : ffmpeg[0x3b77dd0]: [mjpeg] marker parser used 17 bytes (136 bits)
2024-09-20 21:42:37.346 T:22521 debug : ffmpeg[0x3b77dd0]: [mjpeg] escaping removed 171 bytes
2024-09-20 21:42:37.346 T:22521 debug : ffmpeg[0x3b77dd0]: [mjpeg] marker=da avail_size_in_buf=46413
2024-09-20 21:42:37.346 T:22521 debug : ffmpeg[0x3b77dd0]: [mjpeg] component: 1
2024-09-20 21:42:37.346 T:22521 debug : ffmpeg[0x3b77dd0]: [mjpeg] component: 2
2024-09-20 21:42:37.346 T:22521 debug : ffmpeg[0x3b77dd0]: [mjpeg] component: 3
2024-09-20 21:42:37.347 T:22556 debug : ffmpeg[0x3e09900]: [mjpeg] marker=d8 avail_size_in_buf=32751
2024-09-20 21:42:37.347 T:22556 debug : ffmpeg[0x3e09900]: [mjpeg] marker parser used 0 bytes (0 bits)
2024-09-20 21:42:37.347 T:22556 debug : ffmpeg[0x3e09900]: [mjpeg] marker=fe avail_size_in_buf=32749
2024-09-20 21:42:37.347 T:22556 debug : ffmpeg[0x3e09900]: [mjpeg] marker parser used 15 bytes (120 bits)
2024-09-20 21:42:37.347 T:22556 debug : ffmpeg[0x3e09900]: [mjpeg] marker=db avail_size_in_buf=32732
2024-09-20 21:42:37.347 T:22556 debug : ffmpeg[0x3e09900]: [mjpeg] index=0
2024-09-20 21:42:37.347 T:22557 debug : ffmpeg[0x3178c68]: [mjpeg] marker parser used 49205 bytes (393635 bits)
2024-09-20 21:42:37.347 T:22556 debug : ffmpeg[0x3e09900]: [mjpeg] qscale[0]: 5
2024-09-20 21:42:37.347 T:22557 debug : ffmpeg[0x3178c68]: [mjpeg] marker=d9 avail_size_in_buf=0
2024-09-20 21:42:37.347 T:22556 debug : ffmpeg[0x3e09900]: [mjpeg] marker parser used 67 bytes (536 bits)
2024-09-20 21:42:37.347 T:22557 debug : ffmpeg[0x3178c68]: [mjpeg] decode frame unused 0 bytes
2024-09-20 21:42:37.347 T:22556 debug : ffmpeg[0x3e09900]: [mjpeg] marker=c4 avail_size_in_buf=32663
2024-09-20 21:42:37.347 T:22556 debug : ffmpeg[0x3e09900]: [mjpeg] class=0 index=0 nb_codes=9
2024-09-20 21:42:37.347 T:22556 debug : ffmpeg[0x3e09900]: [mjpeg] class=0 index=1 nb_codes=8
2024-09-20 21:42:37.347 T:22556 debug : ffmpeg[0x3e09900]: [mjpeg] class=1 index=0 nb_codes=57
2024-09-20 21:42:37.347 T:22556 debug : ffmpeg[0x3e09900]: [mjpeg] class=1 index=1 nb_codes=38
2024-09-20 21:42:37.347 T:22556 debug : ffmpeg[0x3e09900]: [mjpeg] marker parser used 182 bytes (1456 bits)
2024-09-20 21:42:37.347 T:22556 debug : ffmpeg[0x3e09900]: [mjpeg] marker=c0 avail_size_in_buf=32479
2024-09-20 21:42:37.347 T:22556 debug : ffmpeg[0x3e09900]: [mjpeg] Changing bps from 0 to 8
2024-09-20 21:42:37.347 T:22556 debug : ffmpeg[0x3e09900]: [mjpeg] sof0: picture: 423x635
2024-09-20 21:42:37.347 T:22557 debug : ffmpeg[0x3178c68]: [swscaler] Forcing full internal H chroma due to odd output size
2024-09-20 21:42:37.347 T:22556 debug : ffmpeg[0x3e09900]: [mjpeg] component 0 2:2 id: 1 quant:0
2024-09-20 21:42:37.347 T:22556 debug : ffmpeg[0x3e09900]: [mjpeg] component 1 1:1 id: 2 quant:0
2024-09-20 21:42:37.347 T:22556 debug : ffmpeg[0x3e09900]: [mjpeg] component 2 1:1 id: 3 quant:0
2024-09-20 21:42:37.347 T:22556 debug : ffmpeg[0x3e09900]: [mjpeg] pix fmt id 22111100
2024-09-20 21:42:37.347 T:22556 debug : ffmpeg[0x3e09900]: [mjpeg] Format yuvj420p chosen by get_format().
2024-09-20 21:42:37.347 T:22556 debug : ffmpeg[0x3e09900]: [mjpeg] marker parser used 17 bytes (136 bits)
2024-09-20 21:42:37.347 T:22556 debug : ffmpeg[0x3e09900]: [mjpeg] escaping removed 88 bytes
2024-09-20 21:42:37.347 T:22556 debug : ffmpeg[0x3e09900]: [mjpeg] marker=da avail_size_in_buf=32460
2024-09-20 21:42:37.347 T:22556 debug : ffmpeg[0x3e09900]: [mjpeg] component: 1
2024-09-20 21:42:37.347 T:22556 debug : ffmpeg[0x3e09900]: [mjpeg] component: 2
2024-09-20 21:42:37.347 T:22556 debug : ffmpeg[0x3e09900]: [mjpeg] component: 3
2024-09-20 21:42:37.348 T:22521 debug : ffmpeg[0x3b77dd0]: [mjpeg] marker parser used 46241 bytes (369923 bits)
2024-09-20 21:42:37.348 T:22599 debug : ffmpeg[0x345cbc0]: [mjpeg] marker=d8 avail_size_in_buf=41073
2024-09-20 21:42:37.348 T:22521 debug : ffmpeg[0x3b77dd0]: [mjpeg] marker=d9 avail_size_in_buf=0
2024-09-20 21:42:37.348 T:22599 debug : ffmpeg[0x345cbc0]: [mjpeg] marker parser used 0 bytes (0 bits)
2024-09-20 21:42:37.348 T:22521 debug : ffmpeg[0x3b77dd0]: [mjpeg] decode frame unused 0 bytes
2024-09-20 21:42:37.348 T:22599 debug : ffmpeg[0x345cbc0]: [mjpeg] marker=fe avail_size_in_buf=41071
2024-09-20 21:42:37.348 T:22599 debug : ffmpeg[0x345cbc0]: [mjpeg] marker parser used 15 bytes (120 bits)
2024-09-20 21:42:37.348 T:22599 debug : ffmpeg[0x345cbc0]: [mjpeg] marker=db avail_size_in_buf=41054
2024-09-20 21:42:37.348 T:22599 debug : ffmpeg[0x345cbc0]: [mjpeg] index=0
2024-09-20 21:42:37.348 T:22599 debug : ffmpeg[0x345cbc0]: [mjpeg] qscale[0]: 5
2024-09-20 21:42:37.348 T:22599 debug : ffmpeg[0x345cbc0]: [mjpeg] marker parser used 67 bytes (536 bits)
2024-09-20 21:42:37.348 T:22599 debug : ffmpeg[0x345cbc0]: [mjpeg] marker=c4 avail_size_in_buf=40985
2024-09-20 21:42:37.348 T:22599 debug : ffmpeg[0x345cbc0]: [mjpeg] class=0 index=0 nb_codes=8
2024-09-20 21:42:37.348 T:22599 debug : ffmpeg[0x345cbc0]: [mjpeg] class=0 index=1 nb_codes=6
2024-09-20 21:42:37.348 T:22599 debug : ffmpeg[0x345cbc0]: [mjpeg] class=1 index=0 nb_codes=58
2024-09-20 21:42:37.348 T:22521 debug : ffmpeg[0x3b77dd0]: [swscaler] Forcing full internal H chroma due to odd output size
2024-09-20 21:42:37.348 T:22599 debug : ffmpeg[0x345cbc0]: [mjpeg] class=1 index=1 nb_codes=29
2024-09-20 21:42:37.348 T:22599 debug : ffmpeg[0x345cbc0]: [mjpeg] marker parser used 171 bytes (1368 bits)
2024-09-20 21:42:37.348 T:22599 debug : ffmpeg[0x345cbc0]: [mjpeg] marker=c0 avail_size_in_buf=40812
2024-09-20 21:42:37.348 T:22599 debug : ffmpeg[0x345cbc0]: [mjpeg] Changing bps from 0 to 8
2024-09-20 21:42:37.348 T:22599 debug : ffmpeg[0x345cbc0]: [mjpeg] sof0: picture: 423x633
2024-09-20 21:42:37.348 T:22599 debug : ffmpeg[0x345cbc0]: [mjpeg] component 0 2:2 id: 1 quant:0
2024-09-20 21:42:37.348 T:22599 debug : ffmpeg[0x345cbc0]: [mjpeg] component 1 1:1 id: 2 quant:0
2024-09-20 21:42:37.348 T:22599 debug : ffmpeg[0x345cbc0]: [mjpeg] component 2 1:1 id: 3 quant:0
2024-09-20 21:42:37.348 T:22599 debug : ffmpeg[0x345cbc0]: [mjpeg] pix fmt id 22111100
2024-09-20 21:42:37.348 T:22599 debug : ffmpeg[0x345cbc0]: [mjpeg] Format yuvj420p chosen by get_format().
2024-09-20 21:42:37.348 T:22599 debug : ffmpeg[0x345cbc0]: [mjpeg] marker parser used 17 bytes (136 bits)
2024-09-20 21:42:37.348 T:22599 debug : ffmpeg[0x345cbc0]: [mjpeg] escaping removed 116 bytes
2024-09-20 21:42:37.348 T:22599 debug : ffmpeg[0x345cbc0]: [mjpeg] marker=da avail_size_in_buf=40793
2024-09-20 21:42:37.348 T:22599 debug : ffmpeg[0x345cbc0]: [mjpeg] component: 1
2024-09-20 21:42:37.348 T:22599 debug : ffmpeg[0x345cbc0]: [mjpeg] component: 2
2024-09-20 21:42:37.348 T:22599 debug : ffmpeg[0x345cbc0]: [mjpeg] component: 3
2024-09-20 21:42:37.349 T:22556 debug : ffmpeg[0x3e09900]: [mjpeg] marker parser used 32371 bytes (258966 bits)
2024-09-20 21:42:37.349 T:22556 debug : ffmpeg[0x3e09900]: [mjpeg] marker=d9 avail_size_in_buf=0
2024-09-20 21:42:37.349 T:22556 debug : ffmpeg[0x3e09900]: [mjpeg] decode frame unused 0 bytes
2024-09-20 21:42:37.349 T:22556 debug : ffmpeg[0x3e09900]: [swscaler] Forcing full internal H chroma due to odd output size
2024-09-20 21:42:37.350 T:22599 debug : ffmpeg[0x345cbc0]: [mjpeg] marker parser used 40676 bytes (325406 bits)
2024-09-20 21:42:37.350 T:22599 debug : ffmpeg[0x345cbc0]: [mjpeg] marker=d9 avail_size_in_buf=0
2024-09-20 21:42:37.350 T:22599 debug : ffmpeg[0x345cbc0]: [mjpeg] decode frame unused 0 bytes
2024-09-20 21:42:37.351 T:22599 debug : ffmpeg[0x345cbc0]: [swscaler] Forcing full internal H chroma due to odd output size
2024-09-20 21:42:37.365 T:22521 debug : ffmpeg[0x3b77dd0]: [mjpeg] marker=d8 avail_size_in_buf=26579
2024-09-20 21:42:37.367 T:3922 debug : ffmpeg[0x0]: [swscaler] Forcing full internal H chroma due to odd output size
2024-09-20 21:42:37.367 T:22521 debug : ffmpeg[0x3b77dd0]: [mjpeg] marker parser used 0 bytes (0 bits)
2024-09-20 21:42:37.367 T:3922 debug : ffmpeg[0x0]: [swscaler] Forcing full internal H chroma due to input having non subsampled chroma
2024-09-20 21:42:37.367 T:22556 debug : ffmpeg[0x3e09900]: [mjpeg] marker=d8 avail_size_in_buf=38259
2024-09-20 21:42:37.367 T:22521 debug : ffmpeg[0x3b77dd0]: [mjpeg] marker=fe avail_size_in_buf=26577
2024-09-20 21:42:37.367 T:22556 debug : ffmpeg[0x3e09900]: [mjpeg] marker parser used 0 bytes (0 bits)
2024-09-20 21:42:37.367 T:22521 debug : ffmpeg[0x3b77dd0]: [mjpeg] marker parser used 15 bytes (120 bits)
2024-09-20 21:42:37.367 T:22556 debug : ffmpeg[0x3e09900]: [mjpeg] marker=fe avail_size_in_buf=38257
2024-09-20 21:42:37.368 T:22521 debug : ffmpeg[0x3b77dd0]: [mjpeg] marker=db avail_size_in_buf=26560
2024-09-20 21:42:37.368 T:22556 debug : ffmpeg[0x3e09900]: [mjpeg] marker parser used 15 bytes (120 bits)
2024-09-20 21:42:37.368 T:22521 debug : ffmpeg[0x3b77dd0]: [mjpeg] index=0
2024-09-20 21:42:37.368 T:22556 debug : ffmpeg[0x3e09900]: [mjpeg] marker=db avail_size_in_buf=38240
2024-09-20 21:42:37.368 T:22521 debug : ffmpeg[0x3b77dd0]: [mjpeg] qscale[0]: 5
2024-09-20 21:42:37.368 T:22556 debug : ffmpeg[0x3e09900]: [mjpeg] index=0
2024-09-20 21:42:37.368 T:22521 debug : ffmpeg[0x3b77dd0]: [mjpeg] marker parser used 67 bytes (536 bits)
2024-09-20 21:42:37.368 T:22556 debug : ffmpeg[0x3e09900]: [mjpeg] qscale[0]: 5
2024-09-20 21:42:37.368 T:22521 debug : ffmpeg[0x3b77dd0]: [mjpeg] marker=c4 avail_size_in_buf=26491
2024-09-20 21:42:37.368 T:22556 debug : ffmpeg[0x3e09900]: [mjpeg] marker parser used 67 bytes (536 bits)
2024-09-20 21:42:37.368 T:22521 debug : ffmpeg[0x3b77dd0]: [mjpeg] class=0 index=0 nb_codes=9
2024-09-20 21:42:37.368 T:22556 debug : ffmpeg[0x3e09900]: [mjpeg] marker=c4 avail_size_in_buf=38171
2024-09-20 21:42:37.368 T:22521 debug : ffmpeg[0x3b77dd0]: [mjpeg] class=0 index=1 nb_codes=8
2024-09-20 21:42:37.368 T:22556 debug : ffmpeg[0x3e09900]: [mjpeg] class=0 index=0 nb_codes=9
2024-09-20 21:42:37.368 T:22521 debug : ffmpeg[0x3b77dd0]: [mjpeg] class=1 index=0 nb_codes=52
2024-09-20 21:42:37.368 T:22556 debug : ffmpeg[0x3e09900]: [mjpeg] class=0 index=1 nb_codes=7
2024-09-20 21:42:37.368 T:22521 debug : ffmpeg[0x3b77dd0]: [mjpeg] class=1 index=1 nb_codes=36
2024-09-20 21:42:37.368 T:22556 debug : ffmpeg[0x3e09900]: [mjpeg] class=1 index=0 nb_codes=58
2024-09-20 21:42:37.368 T:22521 debug : ffmpeg[0x3b77dd0]: [mjpeg] marker parser used 175 bytes (1400 bits)
2024-09-20 21:42:37.368 T:22521 debug : ffmpeg[0x3b77dd0]: [mjpeg] marker=c0 avail_size_in_buf=26314
2024-09-20 21:42:37.368 T:22521 debug : ffmpeg[0x3b77dd0]: [mjpeg] Changing bps from 0 to 8
2024-09-20 21:42:37.368 T:22556 debug : ffmpeg[0x3e09900]: [mjpeg] class=1 index=1 nb_codes=36
2024-09-20 21:42:37.368 T:22521 debug : ffmpeg[0x3b77dd0]: [mjpeg] sof0: picture: 423x635
2024-09-20 21:42:37.368 T:22521 debug : ffmpeg[0x3b77dd0]: [mjpeg] component 0 2:2 id: 1 quant:0
2024-09-20 21:42:37.368 T:22521 debug : ffmpeg[0x3b77dd0]: [mjpeg] component 1 1:1 id: 2 quant:0
2024-09-20 21:42:37.368 T:22521 debug : ffmpeg[0x3b77dd0]: [mjpeg] component 2 1:1 id: 3 quant:0
2024-09-20 21:42:37.368 T:22521 debug : ffmpeg[0x3b77dd0]: [mjpeg] pix fmt id 22111100
2024-09-20 21:42:37.368 T:22521 debug : ffmpeg[0x3b77dd0]: [mjpeg] Format yuvj420p chosen by get_format().
2024-09-20 21:42:37.368 T:22556 debug : ffmpeg[0x3e09900]: [mjpeg] marker parser used 180 bytes (1440 bits)
2024-09-20 21:42:37.368 T:22521 debug : ffmpeg[0x3b77dd0]: [mjpeg] marker parser used 17 bytes (136 bits)
2024-09-20 21:42:37.368 T:22556 debug : ffmpeg[0x3e09900]: [mjpeg] marker=c0 avail_size_in_buf=37989
2024-09-20 21:42:37.368 T:22556 debug : ffmpeg[0x3e09900]: [mjpeg] Changing bps from 0 to 8
2024-09-20 21:42:37.368 T:22521 debug : ffmpeg[0x3b77dd0]: [mjpeg] escaping removed 72 bytes
2024-09-20 21:42:37.368 T:22556 debug : ffmpeg[0x3e09900]: [mjpeg] sof0: picture: 423x635
2024-09-20 21:42:37.368 T:22521 debug : ffmpeg[0x3b77dd0]: [mjpeg] marker=da avail_size_in_buf=26295
2024-09-20 21:42:37.369 T:22556 debug : ffmpeg[0x3e09900]: [mjpeg] component 0 2:2 id: 1 quant:0
2024-09-20 21:42:37.369 T:22521 debug : ffmpeg[0x3b77dd0]: [mjpeg] component: 1
2024-09-20 21:42:37.369 T:22556 debug : ffmpeg[0x3e09900]: [mjpeg] component 1 1:1 id: 2 quant:0
2024-09-20 21:42:37.369 T:22521 debug : ffmpeg[0x3b77dd0]: [mjpeg] component: 2
2024-09-20 21:42:37.369 T:22556 debug : ffmpeg[0x3e09900]: [mjpeg] component 2 1:1 id: 3 quant:0
2024-09-20 21:42:37.369 T:22521 debug : ffmpeg[0x3b77dd0]: [mjpeg] component: 3
2024-09-20 21:42:37.369 T:22556 debug : ffmpeg[0x3e09900]: [mjpeg] pix fmt id 22111100
2024-09-20 21:42:37.369 T:22556 debug : ffmpeg[0x3e09900]: [mjpeg] Format yuvj420p chosen by get_format().
2024-09-20 21:42:37.369 T:22557 debug : ffmpeg[0x3178c68]: [mjpeg] marker=d8 avail_size_in_buf=35471
2024-09-20 21:42:37.369 T:22557 debug : ffmpeg[0x3178c68]: [mjpeg] marker parser used 0 bytes (0 bits)
2024-09-20 21:42:37.369 T:22557 debug : ffmpeg[0x3178c68]: [mjpeg] marker=fe avail_size_in_buf=35469
2024-09-20 21:42:37.369 T:22557 debug : ffmpeg[0x3178c68]: [mjpeg] marker parser used 15 bytes (120 bits)
2024-09-20 21:42:37.369 T:22557 debug : ffmpeg[0x3178c68]: [mjpeg] marker=db avail_size_in_buf=35452
2024-09-20 21:42:37.369 T:22557 debug : ffmpeg[0x3178c68]: [mjpeg] index=0
2024-09-20 21:42:37.369 T:22557 debug : ffmpeg[0x3178c68]: [mjpeg] qscale[0]: 5
2024-09-20 21:42:37.369 T:22557 debug : ffmpeg[0x3178c68]: [mjpeg] marker parser used 67 bytes (536 bits)
2024-09-20 21:42:37.369 T:22557 debug : ffmpeg[0x3178c68]: [mjpeg] marker=c4 avail_size_in_buf=35383
2024-09-20 21:42:37.369 T:22557 debug : ffmpeg[0x3178c68]: [mjpeg] class=0 index=0 nb_codes=9
2024-09-20 21:42:37.369 T:22557 debug : ffmpeg[0x3178c68]: [mjpeg] class=0 index=1 nb_codes=7
2024-09-20 21:42:37.369 T:22557 debug : ffmpeg[0x3178c68]: [mjpeg] class=1 index=0 nb_codes=70
2024-09-20 21:42:37.369 T:22557 debug : ffmpeg[0x3178c68]: [mjpeg] class=1 index=1 nb_codes=36
2024-09-20 21:42:37.369 T:22557 debug : ffmpeg[0x3178c68]: [mjpeg] marker parser used 192 bytes (1536 bits)
2024-09-20 21:42:37.369 T:22557 debug : ffmpeg[0x3178c68]: [mjpeg] marker=c0 avail_size_in_buf=35189
2024-09-20 21:42:37.369 T:22557 debug : ffmpeg[0x3178c68]: [mjpeg] Changing bps from 0 to 8
2024-09-20 21:42:37.369 T:22557 debug : ffmpeg[0x3178c68]: [mjpeg] sof0: picture: 423x635
2024-09-20 21:42:37.369 T:22557 debug : ffmpeg[0x3178c68]: [mjpeg] component 0 2:2 id: 1 quant:0
2024-09-20 21:42:37.369 T:22557 debug : ffmpeg[0x3178c68]: [mjpeg] component 1 1:1 id: 2 quant:0
2024-09-20 21:42:37.369 T:22557 debug : ffmpeg[0x3178c68]: [mjpeg] component 2 1:1 id: 3 quant:0
2024-09-20 21:42:37.369 T:22557 debug : ffmpeg[0x3178c68]: [mjpeg] pix fmt id 22111100
2024-09-20 21:42:37.369 T:22557 debug : ffmpeg[0x3178c68]: [mjpeg] Format yuvj420p chosen by get_format().
2024-09-20 21:42:37.369 T:22557 debug : ffmpeg[0x3178c68]: [mjpeg] marker parser used 17 bytes (136 bits)
2024-09-20 21:42:37.369 T:22557 debug : ffmpeg[0x3178c68]: [mjpeg] escaping removed 113 bytes
2024-09-20 21:42:37.369 T:22557 debug : ffmpeg[0x3178c68]: [mjpeg] marker=da avail_size_in_buf=35170
2024-09-20 21:42:37.369 T:22557 debug : ffmpeg[0x3178c68]: [mjpeg] component: 1
2024-09-20 21:42:37.369 T:22557 debug : ffmpeg[0x3178c68]: [mjpeg] component: 2
2024-09-20 21:42:37.369 T:22557 debug : ffmpeg[0x3178c68]: [mjpeg] component: 3
2024-09-20 21:42:37.369 T:22556 debug : ffmpeg[0x3e09900]: [mjpeg] marker parser used 17 bytes (136 bits)
2024-09-20 21:42:37.369 T:22556 debug : ffmpeg[0x3e09900]: [mjpeg] escaping removed 111 bytes
2024-09-20 21:42:37.369 T:22556 debug : ffmpeg[0x3e09900]: [mjpeg] marker=da avail_size_in_buf=37970
2024-09-20 21:42:37.369 T:22556 debug : ffmpeg[0x3e09900]: [mjpeg] component: 1
2024-09-20 21:42:37.370 T:22556 debug : ffmpeg[0x3e09900]: [mjpeg] component: 2
2024-09-20 21:42:37.370 T:22556 debug : ffmpeg[0x3e09900]: [mjpeg] component: 3
2024-09-20 21:42:37.370 T:22521 debug : ffmpeg[0x3b77dd0]: [mjpeg] marker parser used 26222 bytes (209774 bits)
2024-09-20 21:42:37.370 T:22521 debug : ffmpeg[0x3b77dd0]: [mjpeg] marker=d9 avail_size_in_buf=0
2024-09-20 21:42:37.370 T:22521 debug : ffmpeg[0x3b77dd0]: [mjpeg] decode frame unused 0 bytes
2024-09-20 21:42:37.370 T:22521 debug : ffmpeg[0x3b77dd0]: [swscaler] Forcing full internal H chroma due to odd output size
2024-09-20 21:42:37.371 T:22557 debug : ffmpeg[0x3178c68]: [mjpeg] marker parser used 35056 bytes (280446 bits)
2024-09-20 21:42:37.371 T:22557 debug : ffmpeg[0x3178c68]: [mjpeg] marker=d9 avail_size_in_buf=0
2024-09-20 21:42:37.371 T:22557 debug : ffmpeg[0x3178c68]: [mjpeg] decode frame unused 0 bytes
2024-09-20 21:42:37.371 T:22557 debug : ffmpeg[0x3178c68]: [swscaler] Forcing full internal H chroma due to odd output size
2024-09-20 21:42:37.373 T:22556 debug : ffmpeg[0x3e09900]: [mjpeg] marker parser used 37858 bytes (302859 bits)
2024-09-20 21:42:37.373 T:22556 debug : ffmpeg[0x3e09900]: [mjpeg] marker=d9 avail_size_in_buf=0
2024-09-20 21:42:37.373 T:22556 debug : ffmpeg[0x3e09900]: [mjpeg] decode frame unused 0 bytes
2024-09-20 21:42:37.373 T:22556 debug : ffmpeg[0x3e09900]: [swscaler] Forcing full internal H chroma due to odd output size
2024-09-20 21:42:37.375 T:22599 debug : ffmpeg[0x345cbc0]: [mjpeg] marker=d8 avail_size_in_buf=45466
2024-09-20 21:42:37.375 T:22599 debug : ffmpeg[0x345cbc0]: [mjpeg] marker parser used 0 bytes (0 bits)
2024-09-20 21:42:37.375 T:22599 debug : ffmpeg[0x345cbc0]: [mjpeg] marker=fe avail_size_in_buf=45464
2024-09-20 21:42:37.375 T:22599 debug : ffmpeg[0x345cbc0]: [mjpeg] marker parser used 15 bytes (120 bits)
2024-09-20 21:42:37.375 T:22599 debug : ffmpeg[0x345cbc0]: [mjpeg] marker=db avail_size_in_buf=45447
2024-09-20 21:42:37.375 T:22599 debug : ffmpeg[0x345cbc0]: [mjpeg] index=0
2024-09-20 21:42:37.375 T:22599 debug : ffmpeg[0x345cbc0]: [mjpeg] qscale[0]: 5
2024-09-20 21:42:37.375 T:22599 debug : ffmpeg[0x345cbc0]: [mjpeg] marker parser used 67 bytes (536 bits)
2024-09-20 21:42:37.375 T:22599 debug : ffmpeg[0x345cbc0]: [mjpeg] marker=c4 avail_size_in_buf=45378
2024-09-20 21:42:37.375 T:22599 debug : ffmpeg[0x345cbc0]: [mjpeg] class=0 index=0 nb_codes=9
2024-09-20 21:42:37.375 T:22599 debug : ffmpeg[0x345cbc0]: [mjpeg] class=0 index=1 nb_codes=7
2024-09-20 21:42:37.375 T:22599 debug : ffmpeg[0x345cbc0]: [mjpeg] class=1 index=0 nb_codes=70
2024-09-20 21:42:37.375 T:22599 debug : ffmpeg[0x345cbc0]: [mjpeg] class=1 index=1 nb_codes=34
2024-09-20 21:42:37.375 T:22599 debug : ffmpeg[0x345cbc0]: [mjpeg] marker parser used 190 bytes (1520 bits)
2024-09-20 21:42:37.375 T:22599 debug : ffmpeg[0x345cbc0]: [mjpeg] marker=c0 avail_size_in_buf=45186
2024-09-20 21:42:37.375 T:22599 debug : ffmpeg[0x345cbc0]: [mjpeg] Changing bps from 0 to 8
2024-09-20 21:42:37.375 T:22599 debug : ffmpeg[0x345cbc0]: [mjpeg] sof0: picture: 423x635
2024-09-20 21:42:37.375 T:22599 debug : ffmpeg[0x345cbc0]: [mjpeg] component 0 2:2 id: 1 quant:0
2024-09-20 21:42:37.375 T:22599 debug : ffmpeg[0x345cbc0]: [mjpeg] component 1 1:1 id: 2 quant:0
2024-09-20 21:42:37.375 T:22599 debug : ffmpeg[0x345cbc0]: [mjpeg] component 2 1:1 id: 3 quant:0
2024-09-20 21:42:37.375 T:22599 debug : ffmpeg[0x345cbc0]: [mjpeg] pix fmt id 22111100
2024-09-20 21:42:37.375 T:22599 debug : ffmpeg[0x345cbc0]: [mjpeg] Format yuvj420p chosen by get_format().
2024-09-20 21:42:37.375 T:22599 debug : ffmpeg[0x345cbc0]: [mjpeg] marker parser used 17 bytes (136 bits)
2024-09-20 21:42:37.375 T:22599 debug : ffmpeg[0x345cbc0]: [mjpeg] escaping removed 187 bytes
2024-09-20 21:42:37.375 T:22599 debug : ffmpeg[0x345cbc0]: [mjpeg] marker=da avail_size_in_buf=45167
2024-09-20 21:42:37.375 T:22599 debug : ffmpeg[0x345cbc0]: [mjpeg] component: 1
2024-09-20 21:42:37.375 T:22599 debug : ffmpeg[0x345cbc0]: [mjpeg] component: 2
2024-09-20 21:42:37.375 T:22599 debug : ffmpeg[0x345cbc0]: [mjpeg] component: 3
2024-09-20 21:42:37.377 T:22599 debug : ffmpeg[0x345cbc0]: [mjpeg] marker parser used 44979 bytes (359832 bits)
2024-09-20 21:42:37.377 T:22599 debug : ffmpeg[0x345cbc0]: [mjpeg] marker=d9 avail_size_in_buf=0
2024-09-20 21:42:37.377 T:22599 debug : ffmpeg[0x345cbc0]: [mjpeg] decode frame unused 0 bytes
2024-09-20 21:42:37.377 T:22599 debug : ffmpeg[0x345cbc0]: [swscaler] Forcing full internal H chroma due to odd output size
2024-09-20 21:42:37.388 T:22557 debug : ffmpeg[0x3178c68]: [mjpeg] marker=d8 avail_size_in_buf=45049
2024-09-20 21:42:37.388 T:22557 debug : ffmpeg[0x3178c68]: [mjpeg] marker parser used 0 bytes (0 bits)
2024-09-20 21:42:37.388 T:22557 debug : ffmpeg[0x3178c68]: [mjpeg] marker=fe avail_size_in_buf=45047
2024-09-20 21:42:37.388 T:22557 debug : ffmpeg[0x3178c68]: [mjpeg] marker parser used 15 bytes (120 bits)
2024-09-20 21:42:37.388 T:22557 debug : ffmpeg[0x3178c68]: [mjpeg] marker=db avail_size_in_buf=45030
2024-09-20 21:42:37.388 T:22557 debug : ffmpeg[0x3178c68]: [mjpeg] index=0
2024-09-20 21:42:37.388 T:22557 debug : ffmpeg[0x3178c68]: [mjpeg] qscale[0]: 5
2024-09-20 21:42:37.388 T:22557 debug : ffmpeg[0x3178c68]: [mjpeg] marker parser used 67 bytes (536 bits)
2024-09-20 21:42:37.388 T:22557 debug : ffmpeg[0x3178c68]: [mjpeg] marker=c4 avail_size_in_buf=44961
2024-09-20 21:42:37.388 T:22557 debug : ffmpeg[0x3178c68]: [mjpeg] class=0 index=0 nb_codes=9
2024-09-20 21:42:37.388 T:22557 debug : ffmpeg[0x3178c68]: [mjpeg] class=0 index=1 nb_codes=7
2024-09-20 21:42:37.388 T:22557 debug : ffmpeg[0x3178c68]: [mjpeg] class=1 index=0 nb_codes=59
2024-09-20 21:42:37.388 T:22557 debug : ffmpeg[0x3178c68]: [mjpeg] class=1 index=1 nb_codes=37
2024-09-20 21:42:37.389 T:22557 debug : ffmpeg[0x3178c68]: [mjpeg] marker parser used 182 bytes (1456 bits)
2024-09-20 21:42:37.389 T:22557 debug : ffmpeg[0x3178c68]: [mjpeg] marker=c0 avail_size_in_buf=44777
2024-09-20 21:42:37.389 T:22557 debug : ffmpeg[0x3178c68]: [mjpeg] Changing bps from 0 to 8
2024-09-20 21:42:37.389 T:22557 debug : ffmpeg[0x3178c68]: [mjpeg] sof0: picture: 425x625
2024-09-20 21:42:37.389 T:22557 debug : ffmpeg[0x3178c68]: [mjpeg] component 0 2:2 id: 1 quant:0
2024-09-20 21:42:37.389 T:22557 debug : ffmpeg[0x3178c68]: [mjpeg] component 1 1:1 id: 2 quant:0
2024-09-20 21:42:37.389 T:22557 debug : ffmpeg[0x3178c68]: [mjpeg] component 2 1:1 id: 3 quant:0
2024-09-20 21:42:37.389 T:22557 debug : ffmpeg[0x3178c68]: [mjpeg] pix fmt id 22111100
2024-09-20 21:42:37.389 T:22557 debug : ffmpeg[0x3178c68]: [mjpeg] Format yuvj420p chosen by get_format().
2024-09-20 21:42:37.389 T:22557 debug : ffmpeg[0x3178c68]: [mjpeg] marker parser used 17 bytes (136 bits)
2024-09-20 21:42:37.389 T:22557 debug : ffmpeg[0x3178c68]: [mjpeg] escaping removed 176 bytes
2024-09-20 21:42:37.389 T:22557 debug : ffmpeg[0x3178c68]: [mjpeg] marker=da avail_size_in_buf=44758
2024-09-20 21:42:37.389 T:22557 debug : ffmpeg[0x3178c68]: [mjpeg] component: 1
2024-09-20 21:42:37.389 T:22557 debug : ffmpeg[0x3178c68]: [mjpeg] component: 2
2024-09-20 21:42:37.389 T:22557 debug : ffmpeg[0x3178c68]: [mjpeg] component: 3
2024-09-20 21:42:37.390 T:22521 debug : ffmpeg[0x3b77dd0]: [mjpeg] marker=d8 avail_size_in_buf=72321
2024-09-20 21:42:37.390 T:22521 debug : ffmpeg[0x3b77dd0]: [mjpeg] marker parser used 0 bytes (0 bits)
2024-09-20 21:42:37.390 T:22521 debug : ffmpeg[0x3b77dd0]: [mjpeg] marker=fe avail_size_in_buf=72319
2024-09-20 21:42:37.390 T:22521 debug : ffmpeg[0x3b77dd0]: [mjpeg] marker parser used 15 bytes (120 bits)
2024-09-20 21:42:37.390 T:22521 debug : ffmpeg[0x3b77dd0]: [mjpeg] marker=db avail_size_in_buf=72302
2024-09-20 21:42:37.390 T:22521 debug : ffmpeg[0x3b77dd0]: [mjpeg] index=0
2024-09-20 21:42:37.390 T:22521 debug : ffmpeg[0x3b77dd0]: [mjpeg] qscale[0]: 5
2024-09-20 21:42:37.390 T:22521 debug : ffmpeg[0x3b77dd0]: [mjpeg] marker parser used 67 bytes (536 bits)
2024-09-20 21:42:37.390 T:22521 debug : ffmpeg[0x3b77dd0]: [mjpeg] marker=c4 avail_size_in_buf=72233
2024-09-20 21:42:37.390 T:22521 debug : ffmpeg[0x3b77dd0]: [mjpeg] class=0 index=0 nb_codes=9
2024-09-20 21:42:37.390 T:22521 debug : ffmpeg[0x3b77dd0]: [mjpeg] class=0 index=1 nb_codes=7
2024-09-20 21:42:37.390 T:22521 debug : ffmpeg[0x3b77dd0]: [mjpeg] class=1 index=0 nb_codes=70
2024-09-20 21:42:37.390 T:22521 debug : ffmpeg[0x3b77dd0]: [mjpeg] class=1 index=1 nb_codes=33
2024-09-20 21:42:37.390 T:22521 debug : ffmpeg[0x3b77dd0]: [mjpeg] marker parser used 189 bytes (1512 bits)
2024-09-20 21:42:37.390 T:22521 debug : ffmpeg[0x3b77dd0]: [mjpeg] marker=c0 avail_size_in_buf=72042
2024-09-20 21:42:37.390 T:22521 debug : ffmpeg[0x3b77dd0]: [mjpeg] Changing bps from 0 to 8
2024-09-20 21:42:37.390 T:22521 debug : ffmpeg[0x3b77dd0]: [mjpeg] sof0: picture: 442x625
2024-09-20 21:42:37.390 T:22521 debug : ffmpeg[0x3b77dd0]: [mjpeg] component 0 2:2 id: 1 quant:0
2024-09-20 21:42:37.390 T:22521 debug : ffmpeg[0x3b77dd0]: [mjpeg] component 1 1:1 id: 2 quant:0
2024-09-20 21:42:37.390 T:22521 debug : ffmpeg[0x3b77dd0]: [mjpeg] component 2 1:1 id: 3 quant:0
2024-09-20 21:42:37.390 T:22521 debug : ffmpeg[0x3b77dd0]: [mjpeg] pix fmt id 22111100
2024-09-20 21:42:37.390 T:22521 debug : ffmpeg[0x3b77dd0]: [mjpeg] Format yuvj420p chosen by get_format().
2024-09-20 21:42:37.390 T:22521 debug : ffmpeg[0x3b77dd0]: [mjpeg] marker parser used 17 bytes (136 bits)
2024-09-20 21:42:37.390 T:22521 debug : ffmpeg[0x3b77dd0]: [mjpeg] escaping removed 231 bytes
2024-09-20 21:42:37.390 T:22521 debug : ffmpeg[0x3b77dd0]: [mjpeg] marker=da avail_size_in_buf=72023
2024-09-20 21:42:37.390 T:22521 debug : ffmpeg[0x3b77dd0]: [mjpeg] component: 1
2024-09-20 21:42:37.390 T:22521 debug : ffmpeg[0x3b77dd0]: [mjpeg] component: 2
2024-09-20 21:42:37.390 T:22521 debug : ffmpeg[0x3b77dd0]: [mjpeg] component: 3
2024-09-20 21:42:37.391 T:22557 debug : ffmpeg[0x3178c68]: [mjpeg] marker parser used 44581 bytes (356644 bits)
2024-09-20 21:42:37.391 T:22557 debug : ffmpeg[0x3178c68]: [mjpeg] marker=d9 avail_size_in_buf=0
2024-09-20 21:42:37.391 T:22557 debug : ffmpeg[0x3178c68]: [mjpeg] decode frame unused 0 bytes
2024-09-20 21:42:37.391 T:22557 debug : ffmpeg[0x3178c68]: [swscaler] Forcing full internal H chroma due to odd output size
2024-09-20 21:42:37.393 T:22521 debug : ffmpeg[0x3b77dd0]: [mjpeg] marker parser used 71791 bytes (574328 bits)
2024-09-20 21:42:37.393 T:22521 debug : ffmpeg[0x3b77dd0]: [mjpeg] marker=d9 avail_size_in_buf=0
2024-09-20 21:42:37.393 T:22521 debug : ffmpeg[0x3b77dd0]: [mjpeg] decode frame unused 0 bytes
2024-09-20 21:42:37.397 T:22599 debug : ffmpeg[0x345cbc0]: [mjpeg] marker=d8 avail_size_in_buf=41792
2024-09-20 21:42:37.397 T:22599 debug : ffmpeg[0x345cbc0]: [mjpeg] marker parser used 0 bytes (0 bits)
2024-09-20 21:42:37.397 T:22599 debug : ffmpeg[0x345cbc0]: [mjpeg] marker=fe avail_size_in_buf=41790
2024-09-20 21:42:37.397 T:22556 debug : ffmpeg[0x3e09900]: [mjpeg] marker=d8 avail_size_in_buf=35957
2024-09-20 21:42:37.397 T:22599 debug : ffmpeg[0x345cbc0]: [mjpeg] marker parser used 15 bytes (120 bits)
2024-09-20 21:42:37.397 T:22556 debug : ffmpeg[0x3e09900]: [mjpeg] marker parser used 0 bytes (0 bits)
2024-09-20 21:42:37.397 T:22599 debug : ffmpeg[0x345cbc0]: [mjpeg] marker=db avail_size_in_buf=41773
2024-09-20 21:42:37.397 T:22556 debug : ffmpeg[0x3e09900]: [mjpeg] marker=fe avail_size_in_buf=35955
2024-09-20 21:42:37.397 T:22599 debug : ffmpeg[0x345cbc0]: [mjpeg] index=0
2024-09-20 21:42:37.397 T:22556 debug : ffmpeg[0x3e09900]: [mjpeg] marker parser used 15 bytes (120 bits)
2024-09-20 21:42:37.397 T:22599 debug : ffmpeg[0x345cbc0]: [mjpeg] qscale[0]: 5
2024-09-20 21:42:37.397 T:22556 debug : ffmpeg[0x3e09900]: [mjpeg] marker=db avail_size_in_buf=35938
2024-09-20 21:42:37.397 T:22599 debug : ffmpeg[0x345cbc0]: [mjpeg] marker parser used 67 bytes (536 bits)
2024-09-20 21:42:37.397 T:22556 debug : ffmpeg[0x3e09900]: [mjpeg] index=0
2024-09-20 21:42:37.397 T:22599 debug : ffmpeg[0x345cbc0]: [mjpeg] marker=c4 avail_size_in_buf=41704
2024-09-20 21:42:37.397 T:22556 debug : ffmpeg[0x3e09900]: [mjpeg] qscale[0]: 5
2024-09-20 21:42:37.397 T:22599 debug : ffmpeg[0x345cbc0]: [mjpeg] class=0 index=0 nb_codes=9
2024-09-20 21:42:37.397 T:22556 debug : ffmpeg[0x3e09900]: [mjpeg] marker parser used 67 bytes (536 bits)
2024-09-20 21:42:37.397 T:22599 debug : ffmpeg[0x345cbc0]: [mjpeg] class=0 index=1 nb_codes=8
2024-09-20 21:42:37.397 T:22556 debug : ffmpeg[0x3e09900]: [mjpeg] marker=c4 avail_size_in_buf=35869
2024-09-20 21:42:37.397 T:22599 debug : ffmpeg[0x345cbc0]: [mjpeg] class=1 index=0 nb_codes=69
2024-09-20 21:42:37.397 T:22556 debug : ffmpeg[0x3e09900]: [mjpeg] class=0 index=0 nb_codes=9
2024-09-20 21:42:37.397 T:22556 debug : ffmpeg[0x3e09900]: [mjpeg] class=0 index=1 nb_codes=6
2024-09-20 21:42:37.397 T:22599 debug : ffmpeg[0x345cbc0]: [mjpeg] class=1 index=1 nb_codes=47
2024-09-20 21:42:37.397 T:22556 debug : ffmpeg[0x3e09900]: [mjpeg] class=1 index=0 nb_codes=59
2024-09-20 21:42:37.397 T:22599 debug : ffmpeg[0x345cbc0]: [mjpeg] marker parser used 203 bytes (1624 bits)
2024-09-20 21:42:37.397 T:22599 debug : ffmpeg[0x345cbc0]: [mjpeg] marker=c0 avail_size_in_buf=41499
2024-09-20 21:42:37.397 T:22556 debug : ffmpeg[0x3e09900]: [mjpeg] class=1 index=1 nb_codes=33
2024-09-20 21:42:37.397 T:22599 debug : ffmpeg[0x345cbc0]: [mjpeg] Changing bps from 0 to 8
2024-09-20 21:42:37.397 T:22556 debug : ffmpeg[0x3e09900]: [mjpeg] marker parser used 177 bytes (1416 bits)
2024-09-20 21:42:37.397 T:22599 debug : ffmpeg[0x345cbc0]: [mjpeg] sof0: picture: 425x625
2024-09-20 21:42:37.397 T:22556 debug : ffmpeg[0x3e09900]: [mjpeg] marker=c0 avail_size_in_buf=35690
2024-09-20 21:42:37.397 T:22599 debug : ffmpeg[0x345cbc0]: [mjpeg] component 0 2:2 id: 1 quant:0
2024-09-20 21:42:37.397 T:22556 debug : ffmpeg[0x3e09900]: [mjpeg] Changing bps from 0 to 8
2024-09-20 21:42:37.397 T:22599 debug : ffmpeg[0x345cbc0]: [mjpeg] component 1 1:1 id: 2 quant:0
2024-09-20 21:42:37.397 T:22556 debug : ffmpeg[0x3e09900]: [mjpeg] sof0: picture: 425x625
2024-09-20 21:42:37.397 T:22599 debug : ffmpeg[0x345cbc0]: [mjpeg] component 2 1:1 id: 3 quant:0
2024-09-20 21:42:37.397 T:22556 debug : ffmpeg[0x3e09900]: [mjpeg] component 0 2:2 id: 1 quant:0
2024-09-20 21:42:37.398 T:22599 debug : ffmpeg[0x345cbc0]: [mjpeg] pix fmt id 22111100
2024-09-20 21:42:37.398 T:22556 debug : ffmpeg[0x3e09900]: [mjpeg] component 1 1:1 id: 2 quant:0
2024-09-20 21:42:37.398 T:22599 debug : ffmpeg[0x345cbc0]: [mjpeg] Format yuvj420p chosen by get_format().
2024-09-20 21:42:37.398 T:22556 debug : ffmpeg[0x3e09900]: [mjpeg] component 2 1:1 id: 3 quant:0
2024-09-20 21:42:37.398 T:22556 debug : ffmpeg[0x3e09900]: [mjpeg] pix fmt id 22111100
2024-09-20 21:42:37.398 T:22556 debug : ffmpeg[0x3e09900]: [mjpeg] Format yuvj420p chosen by get_format().
2024-09-20 21:42:37.398 T:22599 debug : ffmpeg[0x345cbc0]: [mjpeg] marker parser used 17 bytes (136 bits)
2024-09-20 21:42:37.398 T:22556 debug : ffmpeg[0x3e09900]: [mjpeg] marker parser used 17 bytes (136 bits)
2024-09-20 21:42:37.398 T:22599 debug : ffmpeg[0x345cbc0]: [mjpeg] escaping removed 140 bytes
2024-09-20 21:42:37.398 T:22599 debug : ffmpeg[0x345cbc0]: [mjpeg] marker=da avail_size_in_buf=41480
2024-09-20 21:42:37.398 T:22556 debug : ffmpeg[0x3e09900]: [mjpeg] escaping removed 116 bytes
2024-09-20 21:42:37.398 T:22599 debug : ffmpeg[0x345cbc0]: [mjpeg] component: 1
2024-09-20 21:42:37.398 T:22556 debug : ffmpeg[0x3e09900]: [mjpeg] marker=da avail_size_in_buf=35671
2024-09-20 21:42:37.398 T:22599 debug : ffmpeg[0x345cbc0]: [mjpeg] component: 2
2024-09-20 21:42:37.398 T:22556 debug : ffmpeg[0x3e09900]: [mjpeg] component: 1
2024-09-20 21:42:37.398 T:22599 debug : ffmpeg[0x345cbc0]: [mjpeg] component: 3
2024-09-20 21:42:37.398 T:22556 debug : ffmpeg[0x3e09900]: [mjpeg] component: 2
2024-09-20 21:42:37.398 T:22556 debug : ffmpeg[0x3e09900]: [mjpeg] component: 3
2024-09-20 21:42:37.400 T:22556 debug : ffmpeg[0x3e09900]: [mjpeg] marker parser used 35554 bytes (284425 bits)
2024-09-20 21:42:37.400 T:22556 debug : ffmpeg[0x3e09900]: [mjpeg] marker=d9 avail_size_in_buf=0
2024-09-20 21:42:37.400 T:22599 debug : ffmpeg[0x345cbc0]: [mjpeg] marker parser used 41339 bytes (330708 bits)
2024-09-20 21:42:37.400 T:22556 debug : ffmpeg[0x3e09900]: [mjpeg] decode frame unused 0 bytes
2024-09-20 21:42:37.400 T:22599 debug : ffmpeg[0x345cbc0]: [mjpeg] marker=d9 avail_size_in_buf=0
2024-09-20 21:42:37.400 T:22599 debug : ffmpeg[0x345cbc0]: [mjpeg] decode frame unused 0 bytes
2024-09-20 21:42:37.400 T:22556 debug : ffmpeg[0x3e09900]: [swscaler] Forcing full internal H chroma due to odd output size
2024-09-20 21:42:37.400 T:22599 debug : ffmpeg[0x345cbc0]: [swscaler] Forcing full internal H chroma due to odd output size
2024-09-20 21:42:37.407 T:22521 debug : ffmpeg[0x3b77dd0]: [mjpeg] marker=d8 avail_size_in_buf=60446
2024-09-20 21:42:37.407 T:22521 debug : ffmpeg[0x3b77dd0]: [mjpeg] marker parser used 0 bytes (0 bits)
2024-09-20 21:42:37.407 T:22521 debug : ffmpeg[0x3b77dd0]: [mjpeg] marker=fe avail_size_in_buf=60444
2024-09-20 21:42:37.407 T:22521 debug : ffmpeg[0x3b77dd0]: [mjpeg] marker parser used 15 bytes (120 bits)
2024-09-20 21:42:37.407 T:22521 debug : ffmpeg[0x3b77dd0]: [mjpeg] marker=db avail_size_in_buf=60427
2024-09-20 21:42:37.407 T:22521 debug : ffmpeg[0x3b77dd0]: [mjpeg] index=0
2024-09-20 21:42:37.407 T:22521 debug : ffmpeg[0x3b77dd0]: [mjpeg] qscale[0]: 5
2024-09-20 21:42:37.407 T:22521 debug : ffmpeg[0x3b77dd0]: [mjpeg] marker parser used 67 bytes (536 bits)
2024-09-20 21:42:37.407 T:22521 debug : ffmpeg[0x3b77dd0]: [mjpeg] marker=c4 avail_size_in_buf=60358
2024-09-20 21:42:37.407 T:22521 debug : ffmpeg[0x3b77dd0]: [mjpeg] class=0 index=0 nb_codes=9
2024-09-20 21:42:37.407 T:22521 debug : ffmpeg[0x3b77dd0]: [mjpeg] class=0 index=1 nb_codes=7
2024-09-20 21:42:37.407 T:22521 debug : ffmpeg[0x3b77dd0]: [mjpeg] class=1 index=0 nb_codes=70
2024-09-20 21:42:37.407 T:22521 debug : ffmpeg[0x3b77dd0]: [mjpeg] class=1 index=1 nb_codes=43
2024-09-20 21:42:37.407 T:22521 debug : ffmpeg[0x3b77dd0]: [mjpeg] marker parser used 199 bytes (1592 bits)
2024-09-20 21:42:37.407 T:22521 debug : ffmpeg[0x3b77dd0]: [mjpeg] marker=c0 avail_size_in_buf=60157
2024-09-20 21:42:37.407 T:22521 debug : ffmpeg[0x3b77dd0]: [mjpeg] Changing bps from 0 to 8
2024-09-20 21:42:37.407 T:22521 debug : ffmpeg[0x3b77dd0]: [mjpeg] sof0: picture: 425x625
2024-09-20 21:42:37.407 T:22521 debug : ffmpeg[0x3b77dd0]: [mjpeg] component 0 2:2 id: 1 quant:0
2024-09-20 21:42:37.407 T:22521 debug : ffmpeg[0x3b77dd0]: [mjpeg] component 1 1:1 id: 2 quant:0
