2024-09-20 21:42:09.976 T:22630 debug : CAMLCodec::DequeueBuffer: pts:2.336 idx:887861
2024-09-20 21:42:09.976 T:22630 debug : CVideoPlayerVideo::OutputPicture - ttd:362ms pts:2.336 Clock:1.973 Level:6
2024-09-20 21:42:09.976 T:3922 debug : CAMLCodec::PollFrame elapsed:33.798ms
2024-09-20 21:42:09.980 T:3922 debug : PrepareNextRender: frameOnScreen: 1.977 renderPts: 2.147 nextFramePts: 2.085 -> diff: 0.062 render: 1 forceNext: 0
2024-09-20 21:42:10.018 T:22630 debug : CAMLCodec::DequeueBuffer: pts:2.377 idx:887862
2024-09-20 21:42:10.018 T:22630 debug : CVideoPlayerVideo::OutputPicture - ttd:361ms pts:2.377 Clock:2.015 Level:6
2024-09-20 21:42:10.018 T:3922 debug : CAMLCodec::PollFrame elapsed:36.381ms
2024-09-20 21:42:10.021 T:3922 debug : PrepareNextRender: frameOnScreen: 2.018 renderPts: 2.189 nextFramePts: 2.127 -> diff: 0.062 render: 1 forceNext: 0
2024-09-20 21:42:10.059 T:22630 debug : CAMLCodec::DequeueBuffer: pts:2.419 idx:887863
2024-09-20 21:42:10.059 T:22630 debug : CVideoPlayerVideo::OutputPicture - ttd:362ms pts:2.419 Clock:2.057 Level:6
2024-09-20 21:42:10.059 T:3922 debug : CAMLCodec::PollFrame elapsed:36.868ms
2024-09-20 21:42:10.061 T:22631 debug : CVideoPlayerAudio::OutputPacket: pts:2.879 curr_pts:2.068 clock:2.058 level:57
2024-09-20 21:42:10.064 T:3922 debug : PrepareNextRender: frameOnScreen: 2.061 renderPts: 2.231 nextFramePts: 2.169 -> diff: 0.062 render: 1 forceNext: 0
2024-09-20 21:42:10.101 T:22630 debug : CAMLCodec::DequeueBuffer: pts:2.461 idx:887864
2024-09-20 21:42:10.101 T:22630 debug : CVideoPlayerVideo::OutputPicture - ttd:362ms pts:2.461 Clock:2.098 Level:6
2024-09-20 21:42:10.101 T:3922 debug : CAMLCodec::PollFrame elapsed:36.296ms
2024-09-20 21:42:10.104 T:3922 debug : PrepareNextRender: frameOnScreen: 2.101 renderPts: 2.272 nextFramePts: 2.211 -> diff: 0.061 render: 1 forceNext: 0
2024-09-20 21:42:10.143 T:22630 debug : CAMLCodec::DequeueBuffer: pts:2.502 idx:887865
2024-09-20 21:42:10.143 T:22630 debug : CVideoPlayerVideo::OutputPicture - ttd:361ms pts:2.502 Clock:2.140 Level:6
2024-09-20 21:42:10.143 T:3922 debug : CAMLCodec::PollFrame elapsed:37.449ms
2024-09-20 21:42:10.146 T:3922 debug : PrepareNextRender: frameOnScreen: 2.143 renderPts: 2.314 nextFramePts: 2.252 -> diff: 0.062 render: 1 forceNext: 0
2024-09-20 21:42:10.161 T:22631 debug : CVideoPlayerAudio::OutputPacket: pts:2.971 curr_pts:2.168 clock:2.158 level:56
2024-09-20 21:42:10.184 T:22630 debug : CAMLCodec::DequeueBuffer: pts:2.544 idx:887866
2024-09-20 21:42:10.185 T:22630 debug : CVideoPlayerVideo::OutputPicture - ttd:362ms pts:2.544 Clock:2.182 Level:6
2024-09-20 21:42:10.185 T:3922 debug : CAMLCodec::PollFrame elapsed:38.241ms
2024-09-20 21:42:10.186 T:3922 debug : PrepareNextRender: frameOnScreen: 2.183 renderPts: 2.353 nextFramePts: 2.294 -> diff: 0.059 render: 1 forceNext: 0
2024-09-20 21:42:10.226 T:22630 debug : CAMLCodec::DequeueBuffer: pts:2.586 idx:887867
2024-09-20 21:42:10.226 T:22630 debug : CVideoPlayerVideo::OutputPicture - ttd:362ms pts:2.586 Clock:2.224 Level:6
2024-09-20 21:42:10.227 T:3922 debug : CAMLCodec::PollFrame elapsed:40.729ms
2024-09-20 21:42:10.228 T:3922 debug : PrepareNextRender: frameOnScreen: 2.225 renderPts: 2.395 nextFramePts: 2.336 -> diff: 0.059 render: 1 forceNext: 0
2024-09-20 21:42:10.261 T:22631 debug : CVideoPlayerAudio::OutputPacket: pts:3.064 curr_pts:2.267 clock:2.258 level:55
2024-09-20 21:42:10.268 T:22630 debug : CAMLCodec::DequeueBuffer: pts:2.628 idx:887868
2024-09-20 21:42:10.268 T:22630 debug : CVideoPlayerVideo::OutputPicture - ttd:362ms pts:2.628 Clock:2.265 Level:6
2024-09-20 21:42:10.268 T:3922 debug : CAMLCodec::PollFrame elapsed:40.061ms
2024-09-20 21:42:10.270 T:3922 debug : PrepareNextRender: frameOnScreen: 2.267 renderPts: 2.438 nextFramePts: 2.377 -> diff: 0.061 render: 1 forceNext: 0
2024-09-20 21:42:10.309 T:22630 debug : CAMLCodec::DequeueBuffer: pts:2.669 idx:887869
2024-09-20 21:42:10.309 T:22630 debug : CVideoPlayerVideo::OutputPicture - ttd:362ms pts:2.669 Clock:2.307 Level:6
2024-09-20 21:42:10.310 T:3922 debug : CAMLCodec::PollFrame elapsed:39.126ms
2024-09-20 21:42:10.310 T:3922 debug : PrepareNextRender: frameOnScreen: 2.308 renderPts: 2.478 nextFramePts: 2.419 -> diff: 0.059 render: 1 forceNext: 0
2024-09-20 21:42:10.311 T:22630 debug : CAMLCodec::DequeueBuffer: pts:2.711 idx:887870
2024-09-20 21:42:10.311 T:22630 debug : CVideoPlayerVideo::OutputPicture - ttd:402ms pts:2.711 Clock:2.308 Level:6
2024-09-20 21:42:10.312 T:22630 debug : CAMLCodec::DequeueBuffer: pts:2.753 idx:887871
2024-09-20 21:42:10.351 T:3922 debug : CAMLCodec::PollFrame elapsed:40.552ms
2024-09-20 21:42:10.353 T:3922 debug : PrepareNextRender: frameOnScreen: 2.350 renderPts: 2.520 nextFramePts: 2.461 -> diff: 0.059 render: 1 forceNext: 0
2024-09-20 21:42:10.353 T:22630 debug : CVideoPlayerVideo::OutputPicture - ttd:443ms pts:2.753 Clock:2.309 Level:6
2024-09-20 21:42:10.354 T:22630 debug : CAMLCodec::DequeueBuffer: pts:2.794 idx:887872
2024-09-20 21:42:10.361 T:22631 debug : CVideoPlayerAudio::OutputPacket: pts:3.157 curr_pts:2.367 clock:2.359 level:54
2024-09-20 21:42:10.393 T:3922 debug : CAMLCodec::PollFrame elapsed:39.663ms
2024-09-20 21:42:10.394 T:3922 debug : PrepareNextRender: frameOnScreen: 2.391 renderPts: 2.562 nextFramePts: 2.502 -> diff: 0.060 render: 1 forceNext: 0
2024-09-20 21:42:10.394 T:22630 debug : CVideoPlayerVideo::OutputPicture - ttd:442ms pts:2.794 Clock:2.351 Level:6
2024-09-20 21:42:10.398 T:22630 debug : CVideoPlayerVideo - CDVDMsg::DEMUXER_PACKET - checking interlace vfmt: null
2024-09-20 21:42:10.406 T:22625 debug : CVideoPlayer::ProcessVideoData size:534242 dts:7.466 pts:7.591 dur:41.000ms, clock:2.403 level:56
2024-09-20 21:42:10.406 T:22625 debug : CVideoPlayer::ProcessAudioData size:4208 dts:7.616 pts:7.616 dur:92.000ms, clock:2.404 drop:0 level:54
2024-09-20 21:42:10.406 T:22625 debug : CVideoPlayer::ProcessAudioData size:4200 dts:7.708 pts:7.708 dur:92.000ms, clock:2.404 drop:0 level:55
2024-09-20 21:42:10.414 T:22625 debug : CVideoPlayer::ProcessVideoData size:538068 dts:7.507 pts:7.633 dur:41.000ms, clock:2.412 level:57
2024-09-20 21:42:10.438 T:3922 debug : CAMLCodec::PollFrame elapsed:43.055ms
2024-09-20 21:42:10.439 T:3922 debug : PrepareNextRender: frameOnScreen: 2.437 renderPts: 2.607 nextFramePts: 2.544 -> diff: 0.063 render: 1 forceNext: 0
2024-09-20 21:42:10.461 T:22631 debug : CVideoPlayerAudio::OutputPacket: pts:3.251 curr_pts:2.468 clock:2.459 level:55
2024-09-20 21:42:10.477 T:22630 debug : CAMLCodec::DequeueBuffer: pts:2.836 idx:887873
2024-09-20 21:42:10.477 T:22630 debug : CVideoPlayerVideo::OutputPicture - ttd:362ms pts:2.836 Clock:2.474 Level:6
2024-09-20 21:42:10.477 T:3922 debug : CAMLCodec::PollFrame elapsed:35.608ms
2024-09-20 21:42:10.481 T:3922 debug : PrepareNextRender: frameOnScreen: 2.478 renderPts: 2.648 nextFramePts: 2.586 -> diff: 0.062 render: 1 forceNext: 0
2024-09-20 21:42:10.488 T:22625 debug : CVideoPlayer::ProcessVideoData size:540000 dts:7.549 pts:7.674 dur:41.000ms, clock:2.486 level:56
2024-09-20 21:42:10.511 T:22631 debug : CVideoPlayerAudio::OutputPacket: pts:3.343 curr_pts:2.518 clock:2.508 level:54
2024-09-20 21:42:10.517 T:22630 debug : CAMLCodec::DequeueBuffer: pts:2.878 idx:887874
2024-09-20 21:42:10.517 T:22630 debug : CVideoPlayerVideo::OutputPicture - ttd:363ms pts:2.878 Clock:2.514 Level:6
2024-09-20 21:42:10.518 T:3922 debug : CAMLCodec::PollFrame elapsed:34.624ms
2024-09-20 21:42:10.521 T:3922 debug : PrepareNextRender: frameOnScreen: 2.519 renderPts: 2.689 nextFramePts: 2.628 -> diff: 0.061 render: 1 forceNext: 0
2024-09-20 21:42:10.528 T:22630 debug : CVideoPlayerVideo - CDVDMsg::DEMUXER_PACKET - checking interlace vfmt: null
2024-09-20 21:42:10.532 T:22625 debug : CVideoPlayer::ProcessVideoData size:468073 dts:7.591 pts:7.758 dur:41.000ms, clock:2.529 level:56
2024-09-20 21:42:10.560 T:22630 debug : CAMLCodec::DequeueBuffer: pts:2.920 idx:887875
2024-09-20 21:42:10.560 T:22630 debug : CVideoPlayerVideo::OutputPicture - ttd:362ms pts:2.920 Clock:2.557 Level:6
2024-09-20 21:42:10.560 T:3922 debug : CAMLCodec::PollFrame elapsed:36.761ms
2024-09-20 21:42:10.564 T:3922 debug : PrepareNextRender: frameOnScreen: 2.562 renderPts: 2.732 nextFramePts: 2.669 -> diff: 0.063 render: 1 forceNext: 0
2024-09-20 21:42:10.602 T:22630 debug : CAMLCodec::DequeueBuffer: pts:2.961 idx:887876
2024-09-20 21:42:10.602 T:22630 debug : CVideoPlayerVideo::OutputPicture - ttd:361ms pts:2.961 Clock:2.600 Level:6
2024-09-20 21:42:10.603 T:3922 debug : CAMLCodec::PollFrame elapsed:36.059ms
2024-09-20 21:42:10.606 T:3922 debug : PrepareNextRender: frameOnScreen: 2.604 renderPts: 2.774 nextFramePts: 2.711 -> diff: 0.063 render: 1 forceNext: 0
2024-09-20 21:42:10.611 T:22631 debug : CVideoPlayerAudio::OutputPacket: pts:3.437 curr_pts:2.617 clock:2.608 level:53
2024-09-20 21:42:10.643 T:22630 debug : CAMLCodec::DequeueBuffer: pts:3.003 idx:887877
2024-09-20 21:42:10.643 T:22630 debug : CVideoPlayerVideo::OutputPicture - ttd:362ms pts:3.003 Clock:2.641 Level:6
2024-09-20 21:42:10.643 T:3922 debug : CAMLCodec::PollFrame elapsed:34.968ms
2024-09-20 21:42:10.645 T:21925 info : script.plex: UpdateNowPlaying: 41759, refreshQueue: False state: None (player: playing) overrideChecks: False time: None (player: 2.549)
2024-09-20 21:42:10.648 T:3922 debug : PrepareNextRender: frameOnScreen: 2.646 renderPts: 2.816 nextFramePts: 2.753 -> diff: 0.063 render: 1 forceNext: 0
2024-09-20 21:42:10.685 T:22630 debug : CAMLCodec::DequeueBuffer: pts:3.045 idx:887878
2024-09-20 21:42:10.685 T:22630 debug : CVideoPlayerVideo::OutputPicture - ttd:362ms pts:3.045 Clock:2.682 Level:6
2024-09-20 21:42:10.685 T:3922 debug : CAMLCodec::PollFrame elapsed:35.309ms
2024-09-20 21:42:10.688 T:3922 debug : PrepareNextRender: frameOnScreen: 2.685 renderPts: 2.855 nextFramePts: 2.794 -> diff: 0.061 render: 1 forceNext: 0
2024-09-20 21:42:10.695 T:22625 debug : CVideoPlayer::ProcessVideoData size:185178 dts:7.633 pts:7.716 dur:41.000ms, clock:2.692 level:55
2024-09-20 21:42:10.708 T:22625 debug : CVideoPlayer::ProcessVideoData size:468849 dts:7.674 pts:7.799 dur:41.000ms, clock:2.705 level:55
2024-09-20 21:42:10.712 T:22631 debug : CVideoPlayerAudio::OutputPacket: pts:3.529 curr_pts:2.719 clock:2.709 level:52
2024-09-20 21:42:10.726 T:22630 debug : CAMLCodec::DequeueBuffer: pts:3.086 idx:887879
2024-09-20 21:42:10.726 T:22630 debug : CVideoPlayerVideo::OutputPicture - ttd:362ms pts:3.086 Clock:2.724 Level:6
2024-09-20 21:42:10.727 T:3922 debug : CAMLCodec::PollFrame elapsed:37.544ms
2024-09-20 21:42:10.730 T:3922 debug : PrepareNextRender: frameOnScreen: 2.727 renderPts: 2.898 nextFramePts: 2.836 -> diff: 0.062 render: 1 forceNext: 0
2024-09-20 21:42:10.768 T:22630 debug : CAMLCodec::DequeueBuffer: pts:3.128 idx:887880
2024-09-20 21:42:10.769 T:22630 debug : CVideoPlayerVideo::OutputPicture - ttd:362ms pts:3.128 Clock:2.766 Level:6
2024-09-20 21:42:10.769 T:3922 debug : CAMLCodec::PollFrame elapsed:36.307ms
2024-09-20 21:42:10.773 T:3922 debug : PrepareNextRender: frameOnScreen: 2.770 renderPts: 2.942 nextFramePts: 2.878 -> diff: 0.064 render: 1 forceNext: 0
2024-09-20 21:42:10.779 T:22625 debug : CVideoPlayer::ProcessAudioData size:4157 dts:7.802 pts:7.802 dur:92.000ms, clock:2.776 drop:0 level:52
2024-09-20 21:42:10.781 T:22625 debug : CVideoPlayer::ProcessVideoData size:491173 dts:7.716 pts:7.841 dur:41.000ms, clock:2.778 level:55
2024-09-20 21:42:10.812 T:22631 debug : CVideoPlayerAudio::OutputPacket: pts:3.622 curr_pts:2.818 clock:2.809 level:52
2024-09-20 21:42:10.812 T:22630 debug : CAMLCodec::DequeueBuffer: pts:3.170 idx:887881
2024-09-20 21:42:10.812 T:22630 debug : CVideoPlayerVideo::OutputPicture - ttd:360ms pts:3.170 Clock:2.809 Level:6
2024-09-20 21:42:10.812 T:3922 debug : CAMLCodec::PollFrame elapsed:38.142ms
2024-09-20 21:42:10.816 T:3922 debug : PrepareNextRender: frameOnScreen: 2.813 renderPts: 2.985 nextFramePts: 2.920 -> diff: 0.065 render: 1 forceNext: 0
2024-09-20 21:42:10.852 T:22630 debug : CAMLCodec::DequeueBuffer: pts:3.212 idx:887882
2024-09-20 21:42:10.852 T:22630 debug : CVideoPlayerVideo::OutputPicture - ttd:363ms pts:3.212 Clock:2.849 Level:6
2024-09-20 21:42:10.852 T:3922 debug : CAMLCodec::PollFrame elapsed:33.785ms
2024-09-20 21:42:10.855 T:3922 debug : PrepareNextRender: frameOnScreen: 2.852 renderPts: 3.024 nextFramePts: 2.961 -> diff: 0.063 render: 1 forceNext: 0
2024-09-20 21:42:10.865 T:22625 debug : CVideoPlayer::ProcessVideoData size:366697 dts:7.758 pts:7.883 dur:41.000ms, clock:2.862 level:55
2024-09-20 21:42:10.893 T:22630 debug : CAMLCodec::DequeueBuffer: pts:3.253 idx:887883
2024-09-20 21:42:10.893 T:22630 debug : CVideoPlayerVideo::OutputPicture - ttd:362ms pts:3.253 Clock:2.891 Level:6
2024-09-20 21:42:10.893 T:3922 debug : CAMLCodec::PollFrame elapsed:37.295ms
2024-09-20 21:42:10.897 T:3922 debug : PrepareNextRender: frameOnScreen: 2.894 renderPts: 3.066 nextFramePts: 3.003 -> diff: 0.063 render: 1 forceNext: 0
2024-09-20 21:42:10.906 T:22625 debug : CVideoPlayer::ProcessAudioData size:4170 dts:7.895 pts:7.895 dur:92.000ms, clock:2.903 drop:0 level:52
2024-09-20 21:42:10.907 T:22625 debug : CVideoPlayer::ProcessVideoData size:372073 dts:7.799 pts:7.925 dur:41.000ms, clock:2.904 level:54
2024-09-20 21:42:10.911 T:22631 debug : CVideoPlayerAudio::OutputPacket: pts:3.714 curr_pts:2.918 clock:2.909 level:52
2024-09-20 21:42:10.935 T:22630 debug : CAMLCodec::DequeueBuffer: pts:3.295 idx:887884
2024-09-20 21:42:10.936 T:22630 debug : CVideoPlayerVideo::OutputPicture - ttd:362ms pts:3.295 Clock:2.933 Level:6
2024-09-20 21:42:10.936 T:3922 debug : CAMLCodec::PollFrame elapsed:36.363ms
2024-09-20 21:42:10.942 T:3922 debug : PrepareNextRender: frameOnScreen: 2.939 renderPts: 3.111 nextFramePts: 3.045 -> diff: 0.066 render: 1 forceNext: 0
2024-09-20 21:42:10.950 T:22625 debug : CVideoPlayer::ProcessVideoData size:387087 dts:7.841 pts:7.966 dur:41.000ms, clock:2.948 level:54
2024-09-20 21:42:10.977 T:22630 debug : CAMLCodec::DequeueBuffer: pts:3.337 idx:887885
2024-09-20 21:42:10.977 T:22630 debug : CVideoPlayerVideo::OutputPicture - ttd:362ms pts:3.337 Clock:2.974 Level:6
2024-09-20 21:42:10.977 T:3922 debug : CAMLCodec::PollFrame elapsed:33.691ms
2024-09-20 21:42:10.981 T:3922 debug : PrepareNextRender: frameOnScreen: 2.978 renderPts: 3.150 nextFramePts: 3.086 -> diff: 0.064 render: 1 forceNext: 0
2024-09-20 21:42:10.992 T:22625 debug : CVideoPlayer::ProcessAudioData size:4185 dts:7.988 pts:7.988 dur:92.000ms, clock:2.989 drop:0 level:52
2024-09-20 21:42:10.992 T:22625 debug : CVideoPlayer::ProcessAudioData size:4244 dts:8.080 pts:8.080 dur:92.000ms, clock:2.990 drop:0 level:53
2024-09-20 21:42:10.992 T:22625 debug : CVideoPlayer::ProcessAudioData size:4231 dts:8.173 pts:8.173 dur:92.000ms, clock:2.990 drop:0 level:54
2024-09-20 21:42:10.993 T:22625 debug : CVideoPlayer::ProcessVideoData size:394613 dts:7.883 pts:8.008 dur:41.000ms, clock:2.991 level:54
2024-09-20 21:42:11.011 T:22631 debug : CVideoPlayerAudio::OutputPacket: pts:3.808 curr_pts:3.017 clock:3.009 level:54
2024-09-20 21:42:11.018 T:22630 debug : CAMLCodec::DequeueBuffer: pts:3.378 idx:887886
2024-09-20 21:42:11.019 T:22630 debug : CVideoPlayerVideo::OutputPicture - ttd:362ms pts:3.378 Clock:3.016 Level:6
2024-09-20 21:42:11.019 T:3922 debug : CAMLCodec::PollFrame elapsed:34.151ms
2024-09-20 21:42:11.023 T:3922 debug : PrepareNextRender: frameOnScreen: 3.020 renderPts: 3.191 nextFramePts: 3.128 -> diff: 0.063 render: 1 forceNext: 0
2024-09-20 21:42:11.060 T:22630 debug : CAMLCodec::DequeueBuffer: pts:3.420 idx:887887
2024-09-20 21:42:11.060 T:22630 debug : CVideoPlayerVideo::OutputPicture - ttd:362ms pts:3.420 Clock:3.058 Level:6
2024-09-20 21:42:11.061 T:3922 debug : CAMLCodec::PollFrame elapsed:35.827ms
2024-09-20 21:42:11.064 T:3922 debug : PrepareNextRender: frameOnScreen: 3.061 renderPts: 3.233 nextFramePts: 3.170 -> diff: 0.063 render: 1 forceNext: 0
2024-09-20 21:42:11.078 T:22625 debug : CVideoPlayer::ProcessVideoData size:425849 dts:7.925 pts:8.091 dur:41.000ms, clock:3.075 level:54
2024-09-20 21:42:11.102 T:22630 debug : CAMLCodec::DequeueBuffer: pts:3.462 idx:887888
2024-09-20 21:42:11.102 T:22630 debug : CVideoPlayerVideo::OutputPicture - ttd:362ms pts:3.462 Clock:3.099 Level:6
2024-09-20 21:42:11.102 T:3922 debug : CAMLCodec::PollFrame elapsed:36.601ms
2024-09-20 21:42:11.106 T:3922 debug : PrepareNextRender: frameOnScreen: 3.103 renderPts: 3.275 nextFramePts: 3.212 -> diff: 0.063 render: 1 forceNext: 0
2024-09-20 21:42:11.112 T:22631 debug : CVideoPlayerAudio::OutputPacket: pts:3.901 curr_pts:3.118 clock:3.109 level:53
2024-09-20 21:42:11.118 T:22625 debug : CVideoPlayer::ProcessVideoData size:205768 dts:7.966 pts:8.050 dur:41.000ms, clock:3.116 level:54
2024-09-20 21:42:11.144 T:22630 debug : CAMLCodec::DequeueBuffer: pts:3.503 idx:887889
2024-09-20 21:42:11.144 T:22630 debug : CVideoPlayerVideo::OutputPicture - ttd:361ms pts:3.503 Clock:3.141 Level:6
2024-09-20 21:42:11.144 T:3922 debug : CAMLCodec::PollFrame elapsed:35.774ms
2024-09-20 21:42:11.148 T:3922 debug : PrepareNextRender: frameOnScreen: 3.145 renderPts: 3.317 nextFramePts: 3.253 -> diff: 0.064 render: 1 forceNext: 0
2024-09-20 21:42:11.161 T:22631 debug : CVideoPlayerAudio::OutputPacket: pts:3.993 curr_pts:3.168 clock:3.158 level:52
2024-09-20 21:42:11.165 T:22625 debug : CVideoPlayer::ProcessVideoData size:453036 dts:8.008 pts:8.217 dur:41.000ms, clock:3.163 level:54
2024-09-20 21:42:11.184 T:22630 debug : CAMLCodec::DequeueBuffer: pts:3.545 idx:887890
2024-09-20 21:42:11.184 T:22630 debug : CVideoPlayerVideo::OutputPicture - ttd:363ms pts:3.545 Clock:3.182 Level:6
2024-09-20 21:42:11.186 T:3922 debug : CAMLCodec::PollFrame elapsed:35.345ms
2024-09-20 21:42:11.187 T:3922 debug : PrepareNextRender: frameOnScreen: 3.185 renderPts: 3.356 nextFramePts: 3.295 -> diff: 0.061 render: 1 forceNext: 0
2024-09-20 21:42:11.196 T:22625 debug : CVideoPlayer::ProcessVideoData size:388111 dts:8.050 pts:8.175 dur:41.000ms, clock:3.194 level:54
2024-09-20 21:42:11.228 T:22630 debug : CAMLCodec::DequeueBuffer: pts:3.587 idx:887891
2024-09-20 21:42:11.228 T:22630 debug : CVideoPlayerVideo::OutputPicture - ttd:361ms pts:3.587 Clock:3.225 Level:6
2024-09-20 21:42:11.228 T:3922 debug : CAMLCodec::PollFrame elapsed:39.646ms
2024-09-20 21:42:11.232 T:3922 debug : PrepareNextRender: frameOnScreen: 3.229 renderPts: 3.401 nextFramePts: 3.337 -> diff: 0.064 render: 1 forceNext: 0
2024-09-20 21:42:11.261 T:22631 debug : CVideoPlayerAudio::OutputPacket: pts:4.087 curr_pts:3.267 clock:3.258 level:50
2024-09-20 21:42:11.269 T:22630 debug : CAMLCodec::DequeueBuffer: pts:3.629 idx:887892
2024-09-20 21:42:11.269 T:22630 debug : CVideoPlayerVideo::OutputPicture - ttd:362ms pts:3.629 Clock:3.266 Level:6
2024-09-20 21:42:11.269 T:3922 debug : CAMLCodec::PollFrame elapsed:35.302ms
2024-09-20 21:42:11.274 T:3922 debug : PrepareNextRender: frameOnScreen: 3.272 renderPts: 3.443 nextFramePts: 3.378 -> diff: 0.065 render: 1 forceNext: 0
2024-09-20 21:42:11.310 T:22630 debug : CAMLCodec::DequeueBuffer: pts:3.670 idx:887893
2024-09-20 21:42:11.310 T:22630 debug : CVideoPlayerVideo::OutputPicture - ttd:362ms pts:3.670 Clock:3.308 Level:6
2024-09-20 21:42:11.311 T:3922 debug : CAMLCodec::PollFrame elapsed:34.007ms
2024-09-20 21:42:11.312 T:22630 debug : CAMLCodec::DequeueBuffer: pts:3.712 idx:887894
2024-09-20 21:42:11.315 T:3922 debug : PrepareNextRender: frameOnScreen: 3.312 renderPts: 3.484 nextFramePts: 3.420 -> diff: 0.064 render: 1 forceNext: 0
2024-09-20 21:42:11.315 T:22630 debug : CVideoPlayerVideo::OutputPicture - ttd:402ms pts:3.712 Clock:3.309 Level:6
2024-09-20 21:42:11.316 T:22630 debug : CAMLCodec::DequeueBuffer: pts:3.754 idx:887895
2024-09-20 21:42:11.353 T:3922 debug : CAMLCodec::PollFrame elapsed:35.484ms
2024-09-20 21:42:11.356 T:3922 debug : PrepareNextRender: frameOnScreen: 3.353 renderPts: 3.525 nextFramePts: 3.462 -> diff: 0.063 render: 1 forceNext: 0
2024-09-20 21:42:11.356 T:22630 debug : CVideoPlayerVideo::OutputPicture - ttd:440ms pts:3.754 Clock:3.314 Level:6
2024-09-20 21:42:11.358 T:22630 debug : CAMLCodec::DequeueBuffer: pts:3.795 idx:887896
2024-09-20 21:42:11.361 T:22631 debug : CVideoPlayerAudio::OutputPacket: pts:4.179 curr_pts:3.368 clock:3.359 level:49
2024-09-20 21:42:11.394 T:3922 debug : CAMLCodec::PollFrame elapsed:34.945ms
2024-09-20 21:42:11.397 T:3922 debug : PrepareNextRender: frameOnScreen: 3.394 renderPts: 3.565 nextFramePts: 3.503 -> diff: 0.062 render: 1 forceNext: 0
2024-09-20 21:42:11.397 T:22630 debug : CVideoPlayerVideo::OutputPicture - ttd:439ms pts:3.795 Clock:3.355 Level:6
2024-09-20 21:42:11.404 T:22625 debug : CVideoPlayer::ProcessVideoData size:214040 dts:8.091 pts:8.133 dur:41.000ms, clock:3.402 level:53
2024-09-20 21:42:11.406 T:22625 debug : CVideoPlayer::ProcessAudioData size:4175 dts:8.266 pts:8.266 dur:92.000ms, clock:3.403 drop:0 level:49
2024-09-20 21:42:11.412 T:22625 debug : CVideoPlayer::ProcessVideoData size:512306 dts:8.133 pts:8.300 dur:41.000ms, clock:3.408 level:53
2024-09-20 21:42:11.413 T:22625 debug : CVideoPlayer::ProcessVideoData size:384556 dts:8.175 pts:8.258 dur:41.000ms, clock:3.410 level:53
2024-09-20 21:42:11.436 T:3922 debug : CAMLCodec::PollFrame elapsed:37.858ms
2024-09-20 21:42:11.442 T:3922 debug : PrepareNextRender: frameOnScreen: 3.439 renderPts: 3.611 nextFramePts: 3.545 -> diff: 0.066 render: 1 forceNext: 0
2024-09-20 21:42:11.448 T:22625 debug : CVideoPlayer::ProcessVideoData size:496054 dts:8.217 pts:8.342 dur:41.000ms, clock:3.445 level:53
2024-09-20 21:42:11.461 T:22631 debug : CVideoPlayerAudio::OutputPacket: pts:4.272 curr_pts:3.468 clock:3.459 level:49
2024-09-20 21:42:11.477 T:22630 debug : CAMLCodec::DequeueBuffer: pts:3.837 idx:887897
2024-09-20 21:42:11.478 T:22630 debug : CVideoPlayerVideo::OutputPicture - ttd:362ms pts:3.837 Clock:3.475 Level:6
2024-09-20 21:42:11.478 T:3922 debug : CAMLCodec::PollFrame elapsed:33.311ms
2024-09-20 21:42:11.482 T:3922 debug : PrepareNextRender: frameOnScreen: 3.479 renderPts: 3.651 nextFramePts: 3.587 -> diff: 0.064 render: 1 forceNext: 0
2024-09-20 21:42:11.489 T:22625 debug : CVideoPlayer::ProcessAudioData size:4181 dts:8.359 pts:8.359 dur:92.000ms, clock:3.486 drop:0 level:49
2024-09-20 21:42:11.491 T:22625 debug : CVideoPlayer::ProcessVideoData size:505876 dts:8.258 pts:8.383 dur:41.000ms, clock:3.488 level:53
2024-09-20 21:42:11.519 T:22630 debug : CAMLCodec::DequeueBuffer: pts:3.879 idx:887898
2024-09-20 21:42:11.519 T:22630 debug : CVideoPlayerVideo::OutputPicture - ttd:362ms pts:3.879 Clock:3.516 Level:6
2024-09-20 21:42:11.519 T:3922 debug : CAMLCodec::PollFrame elapsed:34.152ms
2024-09-20 21:42:11.523 T:3922 debug : PrepareNextRender: frameOnScreen: 3.520 renderPts: 3.692 nextFramePts: 3.629 -> diff: 0.063 render: 1 forceNext: 0
2024-09-20 21:42:11.561 T:22630 debug : CAMLCodec::DequeueBuffer: pts:3.921 idx:887899
2024-09-20 21:42:11.561 T:22630 debug : CVideoPlayerVideo::OutputPicture - ttd:362ms pts:3.921 Clock:3.558 Level:6
2024-09-20 21:42:11.561 T:3922 debug : CAMLCodec::PollFrame elapsed:36.119ms
2024-09-20 21:42:11.562 T:22631 debug : CVideoPlayerAudio::OutputPacket: pts:4.364 curr_pts:3.568 clock:3.559 level:49
2024-09-20 21:42:11.566 T:3922 debug : PrepareNextRender: frameOnScreen: 3.563 renderPts: 3.735 nextFramePts: 3.670 -> diff: 0.065 render: 1 forceNext: 0
2024-09-20 21:42:11.575 T:22625 debug : CVideoPlayer::ProcessVideoData size:515045 dts:8.300 pts:8.425 dur:41.000ms, clock:3.572 level:53
2024-09-20 21:42:11.602 T:22630 debug : CAMLCodec::DequeueBuffer: pts:3.962 idx:887900
2024-09-20 21:42:11.602 T:22630 debug : CVideoPlayerVideo::OutputPicture - ttd:362ms pts:3.962 Clock:3.600 Level:6
2024-09-20 21:42:11.602 T:3922 debug : CAMLCodec::PollFrame elapsed:34.304ms
2024-09-20 21:42:11.606 T:3922 debug : PrepareNextRender: frameOnScreen: 3.603 renderPts: 3.775 nextFramePts: 3.712 -> diff: 0.063 render: 1 forceNext: 0
2024-09-20 21:42:11.616 T:22625 debug : CVideoPlayer::ProcessAudioData size:4194 dts:8.452 pts:8.452 dur:92.000ms, clock:3.613 drop:0 level:49
2024-09-20 21:42:11.616 T:22625 debug : CVideoPlayer::ProcessAudioData size:4156 dts:8.544 pts:8.544 dur:92.000ms, clock:3.614 drop:0 level:50
2024-09-20 21:42:11.618 T:22625 debug : CVideoPlayer::ProcessVideoData size:529089 dts:8.342 pts:8.467 dur:41.000ms, clock:3.615 level:52
2024-09-20 21:42:11.645 T:22630 debug : CAMLCodec::DequeueBuffer: pts:4.004 idx:887901
2024-09-20 21:42:11.645 T:22630 debug : CVideoPlayerVideo::OutputPicture - ttd:362ms pts:4.004 Clock:3.642 Level:6
2024-09-20 21:42:11.645 T:3922 debug : CAMLCodec::PollFrame elapsed:36.960ms
2024-09-20 21:42:11.650 T:3922 debug : PrepareNextRender: frameOnScreen: 3.647 renderPts: 3.818 nextFramePts: 3.754 -> diff: 0.064 render: 1 forceNext: 0
2024-09-20 21:42:11.662 T:22631 debug : CVideoPlayerAudio::OutputPacket: pts:4.458 curr_pts:3.667 clock:3.659 level:50
2024-09-20 21:42:11.686 T:22630 debug : CAMLCodec::DequeueBuffer: pts:4.046 idx:887902
2024-09-20 21:42:11.686 T:22630 debug : CVideoPlayerVideo::OutputPicture - ttd:362ms pts:4.046 Clock:3.684 Level:6
2024-09-20 21:42:11.686 T:3922 debug : CAMLCodec::PollFrame elapsed:34.949ms
2024-09-20 21:42:11.689 T:3922 debug : PrepareNextRender: frameOnScreen: 3.687 renderPts: 3.858 nextFramePts: 3.795 -> diff: 0.063 render: 1 forceNext: 0
2024-09-20 21:42:11.706 T:22625 debug : CVideoPlayer::ProcessVideoData size:587819 dts:8.383 pts:8.634 dur:41.000ms, clock:3.703 level:52
2024-09-20 21:42:11.728 T:22630 debug : CAMLCodec::DequeueBuffer: pts:4.087 idx:887903
2024-09-20 21:42:11.728 T:22630 debug : CVideoPlayerVideo::OutputPicture - ttd:362ms pts:4.087 Clock:3.725 Level:6
2024-09-20 21:42:11.728 T:3922 debug : CAMLCodec::PollFrame elapsed:37.029ms
2024-09-20 21:42:11.731 T:3922 debug : PrepareNextRender: frameOnScreen: 3.729 renderPts: 3.900 nextFramePts: 3.837 -> diff: 0.063 render: 1 forceNext: 0
2024-09-20 21:42:11.739 T:22625 debug : CVideoPlayer::ProcessVideoData size:444823 dts:8.425 pts:8.550 dur:41.000ms, clock:3.736 level:52
2024-09-20 21:42:11.762 T:22631 debug : CVideoPlayerAudio::OutputPacket: pts:4.550 curr_pts:3.768 clock:3.759 level:49
2024-09-20 21:42:11.769 T:22630 debug : CAMLCodec::DequeueBuffer: pts:4.129 idx:887904
2024-09-20 21:42:11.769 T:22630 debug : CVideoPlayerVideo::OutputPicture - ttd:362ms pts:4.129 Clock:3.766 Level:6
2024-09-20 21:42:11.769 T:3922 debug : CAMLCodec::PollFrame elapsed:35.726ms
2024-09-20 21:42:11.783 T:3922 debug : PrepareNextRender: frameOnScreen: 3.780 renderPts: 3.951 nextFramePts: 3.879 -> diff: 0.072 render: 1 forceNext: 0
2024-09-20 21:42:11.810 T:22630 debug : CAMLCodec::DequeueBuffer: pts:4.171 idx:887905
2024-09-20 21:42:11.810 T:22630 debug : CVideoPlayerVideo::OutputPicture - ttd:363ms pts:4.171 Clock:3.807 Level:6
2024-09-20 21:42:11.812 T:22631 debug : CVideoPlayerAudio::OutputPacket: pts:4.644 curr_pts:3.817 clock:3.809 level:48
2024-09-20 21:42:11.812 T:3922 debug : CAMLCodec::PollFrame elapsed:27.163ms
2024-09-20 21:42:11.816 T:3922 debug : PrepareNextRender: frameOnScreen: 3.813 renderPts: 3.985 nextFramePts: 3.921 -> diff: 0.064 render: 1 forceNext: 0
2024-09-20 21:42:11.822 T:22625 debug : CVideoPlayer::ProcessVideoData size:428464 dts:8.467 pts:8.508 dur:41.000ms, clock:3.820 level:52
2024-09-20 21:42:11.833 T:22625 debug : CVideoPlayer::ProcessVideoData size:231925 dts:8.508 pts:8.592 dur:41.000ms, clock:3.830 level:52
2024-09-20 21:42:11.833 T:22625 debug : CVideoPlayer::ProcessAudioData size:4201 dts:8.638 pts:8.638 dur:92.000ms, clock:3.831 drop:0 level:48
2024-09-20 21:42:11.837 T:22625 debug : CVideoPlayer::ProcessVideoData size:589642 dts:8.550 pts:8.717 dur:41.000ms, clock:3.835 level:52
2024-09-20 21:42:11.853 T:22630 debug : CAMLCodec::DequeueBuffer: pts:4.213 idx:887906
2024-09-20 21:42:11.853 T:22630 debug : CVideoPlayerVideo::OutputPicture - ttd:362ms pts:4.213 Clock:3.850 Level:6
2024-09-20 21:42:11.853 T:3922 debug : CAMLCodec::PollFrame elapsed:35.619ms
2024-09-20 21:42:11.856 T:3922 debug : PrepareNextRender: frameOnScreen: 3.854 renderPts: 4.025 nextFramePts: 3.962 -> diff: 0.063 render: 1 forceNext: 0
2024-09-20 21:42:11.893 T:22630 debug : CAMLCodec::DequeueBuffer: pts:4.254 idx:887907
2024-09-20 21:42:11.894 T:22630 debug : CVideoPlayerVideo::OutputPicture - ttd:363ms pts:4.254 Clock:3.891 Level:6
2024-09-20 21:42:11.894 T:3922 debug : CAMLCodec::PollFrame elapsed:35.855ms
2024-09-20 21:42:11.896 T:21925 info : script.plex: UpdateNowPlaying: 41759, refreshQueue: False state: None (player: playing) overrideChecks: False time: None (player: 3.7760000000000002)
2024-09-20 21:42:11.900 T:3922 debug : PrepareNextRender: frameOnScreen: 3.897 renderPts: 4.068 nextFramePts: 4.004 -> diff: 0.064 render: 1 forceNext: 0
2024-09-20 21:42:11.911 T:22631 debug : CVideoPlayerAudio::OutputPacket: pts:4.736 curr_pts:3.918 clock:3.909 level:48
2024-09-20 21:42:11.936 T:22630 debug : CAMLCodec::DequeueBuffer: pts:4.296 idx:887908
2024-09-20 21:42:11.936 T:22630 debug : CVideoPlayerVideo::OutputPicture - ttd:362ms pts:4.296 Clock:3.933 Level:6
2024-09-20 21:42:11.936 T:3922 debug : CAMLCodec::PollFrame elapsed:34.762ms
2024-09-20 21:42:11.942 T:3922 debug : PrepareNextRender: frameOnScreen: 3.938 renderPts: 4.110 nextFramePts: 4.046 -> diff: 0.064 render: 1 forceNext: 0
2024-09-20 21:42:11.949 T:22625 debug : CVideoPlayer::ProcessVideoData size:233254 dts:8.592 pts:8.675 dur:41.000ms, clock:3.946 level:52
2024-09-20 21:42:11.978 T:22630 debug : CAMLCodec::DequeueBuffer: pts:4.338 idx:887909
2024-09-20 21:42:11.978 T:22630 debug : CVideoPlayerVideo::OutputPicture - ttd:362ms pts:4.338 Clock:3.975 Level:6
2024-09-20 21:42:11.978 T:3922 debug : CAMLCodec::PollFrame elapsed:33.710ms
2024-09-20 21:42:11.982 T:3922 debug : PrepareNextRender: frameOnScreen: 3.980 renderPts: 4.151 nextFramePts: 4.087 -> diff: 0.064 render: 1 forceNext: 0
2024-09-20 21:42:11.990 T:22625 debug : CVideoPlayer::ProcessAudioData size:4213 dts:8.731 pts:8.731 dur:92.000ms, clock:3.988 drop:0 level:48
2024-09-20 21:42:11.991 T:22625 debug : CVideoPlayer::ProcessAudioData size:4140 dts:8.823 pts:8.823 dur:92.000ms, clock:3.988 drop:0 level:49
2024-09-20 21:42:11.994 T:22625 debug : CVideoPlayer::ProcessVideoData size:606721 dts:8.634 pts:8.800 dur:41.000ms, clock:3.991 level:51
2024-09-20 21:42:12.011 T:22631 debug : CVideoPlayerAudio::OutputPacket: pts:4.830 curr_pts:4.017 clock:4.009 level:49
2024-09-20 21:42:12.020 T:22630 debug : CAMLCodec::DequeueBuffer: pts:4.379 idx:887910
2024-09-20 21:42:12.020 T:22630 debug : CVideoPlayerVideo::OutputPicture - ttd:362ms pts:4.379 Clock:4.017 Level:6
2024-09-20 21:42:12.020 T:3922 debug : CAMLCodec::PollFrame elapsed:34.684ms
2024-09-20 21:42:12.024 T:3922 debug : PrepareNextRender: frameOnScreen: 4.021 renderPts: 4.193 nextFramePts: 4.129 -> diff: 0.064 render: 1 forceNext: 0
2024-09-20 21:42:12.035 T:22625 debug : CVideoPlayer::ProcessVideoData size:241340 dts:8.675 pts:8.759 dur:41.000ms, clock:4.032 level:51
2024-09-20 21:42:12.040 T:22625 debug : CVideoPlayer::ProcessVideoData size:548005 dts:8.717 pts:8.842 dur:41.000ms, clock:4.037 level:52
2024-09-20 21:42:12.061 T:3922 debug : CAMLCodec::PollFrame elapsed:35.229ms
2024-09-20 21:42:12.063 T:22630 debug : CAMLCodec::DequeueBuffer: pts:4.421 idx:887911
2024-09-20 21:42:12.063 T:22630 debug : CVideoPlayerVideo::OutputPicture - ttd:361ms pts:4.421 Clock:4.060 Level:6
2024-09-20 21:42:12.066 T:3922 debug : PrepareNextRender: frameOnScreen: 4.063 renderPts: 4.233 nextFramePts: 4.171 -> diff: 0.062 render: 1 forceNext: 0
2024-09-20 21:42:12.103 T:22630 debug : CAMLCodec::DequeueBuffer: pts:4.463 idx:887912
2024-09-20 21:42:12.103 T:22630 debug : CVideoPlayerVideo::OutputPicture - ttd:362ms pts:4.463 Clock:4.100 Level:6
2024-09-20 21:42:12.103 T:3922 debug : CAMLCodec::PollFrame elapsed:35.191ms
2024-09-20 21:42:12.107 T:3922 debug : PrepareNextRender: frameOnScreen: 4.104 renderPts: 4.274 nextFramePts: 4.213 -> diff: 0.061 render: 1 forceNext: 0
2024-09-20 21:42:12.112 T:22631 debug : CVideoPlayerAudio::OutputPacket: pts:4.923 curr_pts:4.119 clock:4.109 level:48
2024-09-20 21:42:12.145 T:22630 debug : CAMLCodec::DequeueBuffer: pts:4.504 idx:887913
2024-09-20 21:42:12.145 T:3922 debug : CAMLCodec::PollFrame elapsed:35.732ms
2024-09-20 21:42:12.145 T:22630 debug : CVideoPlayerVideo::OutputPicture - ttd:361ms pts:4.504 Clock:4.142 Level:6
2024-09-20 21:42:12.150 T:3922 debug : PrepareNextRender: frameOnScreen: 4.147 renderPts: 4.317 nextFramePts: 4.254 -> diff: 0.063 render: 1 forceNext: 0
2024-09-20 21:42:12.165 T:22625 debug : CVideoPlayer::ProcessAudioData size:4152 dts:8.916 pts:8.916 dur:92.000ms, clock:4.162 drop:0 level:48
2024-09-20 21:42:12.165 T:22625 debug : CVideoPlayer::ProcessAudioData size:4120 dts:9.008 pts:9.008 dur:92.000ms, clock:4.162 drop:0 level:49
2024-09-20 21:42:12.170 T:22625 debug : CVideoPlayer::ProcessVideoData size:535953 dts:8.759 pts:9.051 dur:41.000ms, clock:4.167 level:51
2024-09-20 21:42:12.185 T:22630 debug : CAMLCodec::DequeueBuffer: pts:4.546 idx:887914
2024-09-20 21:42:12.185 T:22630 debug : CVideoPlayerVideo::OutputPicture - ttd:363ms pts:4.546 Clock:4.182 Level:6
2024-09-20 21:42:12.187 T:3922 debug : CAMLCodec::PollFrame elapsed:35.203ms
2024-09-20 21:42:12.190 T:3922 debug : PrepareNextRender: frameOnScreen: 4.187 renderPts: 4.358 nextFramePts: 4.296 -> diff: 0.062 render: 1 forceNext: 0
2024-09-20 21:42:12.202 T:22625 debug : CVideoPlayer::ProcessVideoData size:486352 dts:8.800 pts:8.967 dur:41.000ms, clock:4.199 level:51
2024-09-20 21:42:12.203 T:22625 debug : CVideoPlayer::ProcessVideoData size:414168 dts:8.842 pts:8.926 dur:41.000ms, clock:4.200 level:51
2024-09-20 21:42:12.212 T:22631 debug : CVideoPlayerAudio::OutputPacket: pts:5.015 curr_pts:4.219 clock:4.209 level:49
2024-09-20 21:42:12.227 T:22630 debug : CAMLCodec::DequeueBuffer: pts:4.588 idx:887915
2024-09-20 21:42:12.227 T:22630 debug : CVideoPlayerVideo::OutputPicture - ttd:363ms pts:4.588 Clock:4.224 Level:6
2024-09-20 21:42:12.228 T:3922 debug : CAMLCodec::PollFrame elapsed:35.952ms
2024-09-20 21:42:12.232 T:3922 debug : PrepareNextRender: frameOnScreen: 4.229 renderPts: 4.399 nextFramePts: 4.338 -> diff: 0.061 render: 1 forceNext: 0
2024-09-20 21:42:12.269 T:22630 debug : CAMLCodec::DequeueBuffer: pts:4.630 idx:887916
2024-09-20 21:42:12.269 T:22630 debug : CVideoPlayerVideo::OutputPicture - ttd:363ms pts:4.630 Clock:4.266 Level:6
2024-09-20 21:42:12.270 T:3922 debug : CAMLCodec::PollFrame elapsed:35.823ms
2024-09-20 21:42:12.274 T:3922 debug : PrepareNextRender: frameOnScreen: 4.271 renderPts: 4.442 nextFramePts: 4.379 -> diff: 0.063 render: 1 forceNext: 0
2024-09-20 21:42:12.285 T:22625 debug : CVideoPlayer::ProcessVideoData size:375937 dts:8.884 pts:8.884 dur:41.000ms, clock:4.283 level:51
2024-09-20 21:42:12.310 T:22630 debug : CAMLCodec::DequeueBuffer: pts:4.671 idx:887917
2024-09-20 21:42:12.311 T:22630 debug : CVideoPlayerVideo::OutputPicture - ttd:363ms pts:4.671 Clock:4.308 Level:6
2024-09-20 21:42:12.311 T:3922 debug : CAMLCodec::PollFrame elapsed:35.828ms
2024-09-20 21:42:12.312 T:22630 debug : CAMLCodec::DequeueBuffer: pts:4.713 idx:887918
2024-09-20 21:42:12.313 T:22631 debug : CVideoPlayerAudio::OutputPacket: pts:5.108 curr_pts:4.318 clock:4.310 level:48
2024-09-20 21:42:12.315 T:3922 debug : PrepareNextRender: frameOnScreen: 4.312 renderPts: 4.483 nextFramePts: 4.421 -> diff: 0.062 render: 1 forceNext: 0
2024-09-20 21:42:12.315 T:22630 debug : CVideoPlayerVideo::OutputPicture - ttd:403ms pts:4.713 Clock:4.309 Level:6
2024-09-20 21:42:12.317 T:22630 debug : CAMLCodec::DequeueBuffer: pts:4.755 idx:887919
2024-09-20 21:42:12.353 T:3922 debug : CAMLCodec::PollFrame elapsed:35.288ms
2024-09-20 21:42:12.357 T:3922 debug : PrepareNextRender: frameOnScreen: 4.354 renderPts: 4.524 nextFramePts: 4.463 -> diff: 0.061 render: 1 forceNext: 0
2024-09-20 21:42:12.357 T:22630 debug : CVideoPlayerVideo::OutputPicture - ttd:440ms pts:4.755 Clock:4.314 Level:6
2024-09-20 21:42:12.358 T:22630 debug : CAMLCodec::DequeueBuffer: pts:4.796 idx:887920
2024-09-20 21:42:12.395 T:3922 debug : CAMLCodec::PollFrame elapsed:36.731ms
2024-09-20 21:42:12.404 T:3922 debug : PrepareNextRender: frameOnScreen: 4.401 renderPts: 4.571 nextFramePts: 4.504 -> diff: 0.067 render: 1 forceNext: 0
2024-09-20 21:42:12.404 T:22630 debug : CVideoPlayerVideo::OutputPicture - ttd:440ms pts:4.796 Clock:4.355 Level:6
2024-09-20 21:42:12.409 T:22625 debug : CVideoPlayer::ProcessVideoData size:403998 dts:8.926 pts:9.009 dur:41.000ms, clock:4.406 level:51
2024-09-20 21:42:12.411 T:22625 debug : CVideoPlayer::ProcessAudioData size:4144 dts:9.102 pts:9.102 dur:92.000ms, clock:4.408 drop:0 level:48
2024-09-20 21:42:12.412 T:22631 debug : CVideoPlayerAudio::OutputPacket: pts:5.200 curr_pts:4.419 clock:4.409 level:47
2024-09-20 21:42:12.413 T:22625 debug : CVideoPlayer::ProcessAudioData size:4128 dts:9.194 pts:9.194 dur:92.000ms, clock:4.410 drop:0 level:48
2024-09-20 21:42:12.418 T:22625 debug : CVideoPlayer::ProcessVideoData size:558361 dts:8.967 pts:9.218 dur:41.000ms, clock:4.415 level:51
2024-09-20 21:42:12.436 T:3922 debug : CAMLCodec::PollFrame elapsed:31.386ms
2024-09-20 21:42:12.440 T:3922 debug : PrepareNextRender: frameOnScreen: 4.437 renderPts: 4.608 nextFramePts: 4.546 -> diff: 0.062 render: 1 forceNext: 0
2024-09-20 21:42:12.451 T:22625 debug : CVideoPlayer::ProcessVideoData size:433182 dts:9.009 pts:9.134 dur:41.000ms, clock:4.448 level:50
2024-09-20 21:42:12.454 T:22625 debug : CVideoPlayer::ProcessVideoData size:408995 dts:9.051 pts:9.092 dur:41.000ms, clock:4.451 level:51
2024-09-20 21:42:12.461 T:22631 debug : CVideoPlayerAudio::OutputPacket: pts:5.294 curr_pts:4.467 clock:4.459 level:48
2024-09-20 21:42:12.478 T:22630 debug : CAMLCodec::DequeueBuffer: pts:4.838 idx:887921
2024-09-20 21:42:12.478 T:22630 debug : CVideoPlayerVideo::OutputPicture - ttd:362ms pts:4.838 Clock:4.476 Level:6
2024-09-20 21:42:12.478 T:3922 debug : CAMLCodec::PollFrame elapsed:35.611ms
2024-09-20 21:42:12.482 T:3922 debug : PrepareNextRender: frameOnScreen: 4.480 renderPts: 4.650 nextFramePts: 4.588 -> diff: 0.062 render: 1 forceNext: 0
2024-09-20 21:42:12.519 T:22630 debug : CAMLCodec::DequeueBuffer: pts:4.880 idx:887922
2024-09-20 21:42:12.519 T:22630 debug : CVideoPlayerVideo::OutputPicture - ttd:363ms pts:4.880 Clock:4.516 Level:6
2024-09-20 21:42:12.520 T:3922 debug : CAMLCodec::PollFrame elapsed:35.264ms
2024-09-20 21:42:12.525 T:3922 debug : PrepareNextRender: frameOnScreen: 4.522 renderPts: 4.692 nextFramePts: 4.630 -> diff: 0.062 render: 1 forceNext: 0
2024-09-20 21:42:12.536 T:22625 debug : CVideoPlayer::ProcessVideoData size:417071 dts:9.092 pts:9.176 dur:41.000ms, clock:4.534 level:51
2024-09-20 21:42:12.560 T:22630 debug : CAMLCodec::DequeueBuffer: pts:4.922 idx:887923
2024-09-20 21:42:12.560 T:22630 debug : CVideoPlayerVideo::OutputPicture - ttd:364ms pts:4.922 Clock:4.558 Level:6
2024-09-20 21:42:12.562 T:3922 debug : CAMLCodec::PollFrame elapsed:34.666ms
2024-09-20 21:42:12.563 T:22631 debug : CVideoPlayerAudio::OutputPacket: pts:5.386 curr_pts:4.570 clock:4.560 level:47
2024-09-20 21:42:12.566 T:3922 debug : PrepareNextRender: frameOnScreen: 4.563 renderPts: 4.734 nextFramePts: 4.671 -> diff: 0.063 render: 1 forceNext: 0
2024-09-20 21:42:12.580 T:22625 debug : CVideoPlayer::ProcessAudioData size:4176 dts:9.288 pts:9.288 dur:92.000ms, clock:4.577 drop:0 level:47
2024-09-20 21:42:12.580 T:22625 debug : CVideoPlayer::ProcessAudioData size:4142 dts:9.380 pts:9.380 dur:92.000ms, clock:4.577 drop:0 level:48
2024-09-20 21:42:12.585 T:22625 debug : CVideoPlayer::ProcessVideoData size:538689 dts:9.134 pts:9.426 dur:41.000ms, clock:4.582 level:51
2024-09-20 21:42:12.603 T:22630 debug : CAMLCodec::DequeueBuffer: pts:4.963 idx:887924
2024-09-20 21:42:12.603 T:22630 debug : CVideoPlayerVideo::OutputPicture - ttd:362ms pts:4.963 Clock:4.601 Level:6
2024-09-20 21:42:12.603 T:3922 debug : CAMLCodec::PollFrame elapsed:34.955ms
2024-09-20 21:42:12.607 T:3922 debug : PrepareNextRender: frameOnScreen: 4.604 renderPts: 4.774 nextFramePts: 4.713 -> diff: 0.061 render: 1 forceNext: 0
2024-09-20 21:42:12.645 T:3922 debug : CAMLCodec::PollFrame elapsed:36.373ms
2024-09-20 21:42:12.645 T:22630 debug : CAMLCodec::DequeueBuffer: pts:5.005 idx:887925
2024-09-20 21:42:12.646 T:22630 debug : CVideoPlayerVideo::OutputPicture - ttd:362ms pts:5.005 Clock:4.643 Level:6
2024-09-20 21:42:12.653 T:3922 debug : PrepareNextRender: frameOnScreen: 4.650 renderPts: 4.820 nextFramePts: 4.755 -> diff: 0.065 render: 1 forceNext: 0
2024-09-20 21:42:12.662 T:22631 debug : CVideoPlayerAudio::OutputPacket: pts:5.480 curr_pts:4.667 clock:4.659 level:48
2024-09-20 21:42:12.668 T:22625 debug : CVideoPlayer::ProcessVideoData size:442957 dts:9.176 pts:9.343 dur:41.000ms, clock:4.665 level:49
2024-09-20 21:42:12.669 T:22625 debug : CVideoPlayer::ProcessVideoData size:431541 dts:9.218 pts:9.301 dur:41.000ms, clock:4.667 level:50
2024-09-20 21:42:12.687 T:22630 debug : CAMLCodec::DequeueBuffer: pts:5.047 idx:887926
2024-09-20 21:42:12.687 T:22630 debug : CPtsTracker: detected pattern of length 1: 41708.33, frameduration: 41708.333333
2024-09-20 21:42:12.687 T:22630 debug : CVideoPlayerVideo::OutputPicture - ttd:362ms pts:5.047 Clock:4.685 Level:6
2024-09-20 21:42:12.687 T:3922 debug : CAMLCodec::PollFrame elapsed:33.444ms
2024-09-20 21:42:12.691 T:3922 debug : PrepareNextRender: frameOnScreen: 4.688 renderPts: 4.858 nextFramePts: 4.796 -> diff: 0.062 render: 1 forceNext: 0
2024-09-20 21:42:12.729 T:3922 debug : CAMLCodec::PollFrame elapsed:35.454ms
2024-09-20 21:42:12.729 T:22630 debug : CAMLCodec::DequeueBuffer: pts:5.088 idx:887927
2024-09-20 21:42:12.729 T:22630 debug : CVideoPlayerVideo::OutputPicture - ttd:361ms pts:5.088 Clock:4.726 Level:6
2024-09-20 21:42:12.732 T:3922 debug : PrepareNextRender: frameOnScreen: 4.729 renderPts: 4.899 nextFramePts: 4.838 -> diff: 0.061 render: 1 forceNext: 0
2024-09-20 21:42:12.741 T:22625 debug : CVideoPlayer::ProcessVideoData size:267768 dts:9.259 pts:9.259 dur:41.000ms, clock:4.738 level:50
2024-09-20 21:42:12.762 T:22631 debug : CVideoPlayerAudio::OutputPacket: pts:5.572 curr_pts:4.769 clock:4.759 level:47
2024-09-20 21:42:12.769 T:22630 debug : CAMLCodec::DequeueBuffer: pts:5.130 idx:887928
2024-09-20 21:42:12.769 T:22630 debug : CVideoPlayerVideo::OutputPicture - ttd:363ms pts:5.130 Clock:4.767 Level:6
2024-09-20 21:42:12.770 T:3922 debug : CAMLCodec::PollFrame elapsed:36.910ms
2024-09-20 21:42:12.775 T:3922 debug : PrepareNextRender: frameOnScreen: 4.772 renderPts: 4.942 nextFramePts: 4.880 -> diff: 0.062 render: 1 forceNext: 0
2024-09-20 21:42:12.782 T:22625 debug : CVideoPlayer::ProcessVideoData size:276473 dts:9.301 pts:9.384 dur:41.000ms, clock:4.779 level:50
2024-09-20 21:42:12.784 T:22625 debug : CVideoPlayer::ProcessAudioData size:4180 dts:9.474 pts:9.474 dur:92.000ms, clock:4.781 drop:0 level:47
2024-09-20 21:42:12.784 T:22625 debug : CVideoPlayer::ProcessAudioData size:4220 dts:9.566 pts:9.566 dur:92.000ms, clock:4.781 drop:0 level:48
2024-09-20 21:42:12.790 T:22625 debug : CVideoPlayer::ProcessVideoData size:544275 dts:9.343 pts:9.635 dur:41.000ms, clock:4.787 level:51
2024-09-20 21:42:12.812 T:22630 debug : CAMLCodec::DequeueBuffer: pts:5.172 idx:887929
2024-09-20 21:42:12.812 T:22630 debug : CVideoPlayerVideo::OutputPicture - ttd:362ms pts:5.172 Clock:4.809 Level:6
2024-09-20 21:42:12.812 T:3922 debug : CAMLCodec::PollFrame elapsed:34.969ms
2024-09-20 21:42:12.814 T:3922 debug : PrepareNextRender: frameOnScreen: 4.812 renderPts: 4.982 nextFramePts: 4.922 -> diff: 0.060 render: 1 forceNext: 0
2024-09-20 21:42:12.854 T:22630 debug : CAMLCodec::DequeueBuffer: pts:5.214 idx:887930
2024-09-20 21:42:12.854 T:22630 debug : CVideoPlayerVideo::OutputPicture - ttd:362ms pts:5.214 Clock:4.851 Level:6
2024-09-20 21:42:12.854 T:3922 debug : CAMLCodec::PollFrame elapsed:38.592ms
2024-09-20 21:42:12.857 T:3922 debug : PrepareNextRender: frameOnScreen: 4.854 renderPts: 5.025 nextFramePts: 4.963 -> diff: 0.062 render: 1 forceNext: 0
2024-09-20 21:42:12.862 T:22631 debug : CVideoPlayerAudio::OutputPacket: pts:5.665 curr_pts:4.868 clock:4.859 level:48
2024-09-20 21:42:12.874 T:22625 debug : CVideoPlayer::ProcessVideoData size:464408 dts:9.384 pts:9.551 dur:41.000ms, clock:4.871 level:50
2024-09-20 21:42:12.896 T:3922 debug : CAMLCodec::PollFrame elapsed:36.600ms
2024-09-20 21:42:12.896 T:22630 debug : CAMLCodec::DequeueBuffer: pts:5.255 idx:887931
2024-09-20 21:42:12.896 T:22630 debug : CVideoPlayerVideo::OutputPicture - ttd:361ms pts:5.255 Clock:4.893 Level:6
2024-09-20 21:42:12.899 T:3922 debug : PrepareNextRender: frameOnScreen: 4.896 renderPts: 5.066 nextFramePts: 5.005 -> diff: 0.061 render: 1 forceNext: 0
2024-09-20 21:42:12.916 T:22625 debug : CVideoPlayer::ProcessVideoData size:451224 dts:9.426 pts:9.509 dur:41.000ms, clock:4.913 level:50
2024-09-20 21:42:12.937 T:22630 debug : CAMLCodec::DequeueBuffer: pts:5.297 idx:887932
2024-09-20 21:42:12.937 T:22630 debug : CVideoPlayerVideo::OutputPicture - ttd:362ms pts:5.297 Clock:4.935 Level:6
2024-09-20 21:42:12.937 T:3922 debug : CAMLCodec::PollFrame elapsed:37.023ms
2024-09-20 21:42:12.941 T:3922 debug : PrepareNextRender: frameOnScreen: 4.938 renderPts: 5.109 nextFramePts: 5.047 -> diff: 0.062 render: 1 forceNext: 0
2024-09-20 21:42:12.946 T:22625 debug : CVideoPlayer::ProcessVideoData size:280034 dts:9.468 pts:9.468 dur:41.000ms, clock:4.944 level:50
2024-09-20 21:42:12.962 T:22631 debug : CVideoPlayerAudio::OutputPacket: pts:5.759 curr_pts:4.968 clock:4.959 level:47
2024-09-20 21:42:12.979 T:22630 debug : CAMLCodec::DequeueBuffer: pts:5.339 idx:887933
2024-09-20 21:42:12.979 T:22630 debug : CVideoPlayerVideo::OutputPicture - ttd:362ms pts:5.339 Clock:4.976 Level:6
2024-09-20 21:42:12.979 T:3922 debug : CAMLCodec::PollFrame elapsed:35.961ms
2024-09-20 21:42:12.983 T:3922 debug : PrepareNextRender: frameOnScreen: 4.980 renderPts: 5.150 nextFramePts: 5.088 -> diff: 0.062 render: 1 forceNext: 0
2024-09-20 21:42:12.998 T:22625 debug : CVideoPlayer::ProcessVideoData size:277967 dts:9.509 pts:9.593 dur:41.000ms, clock:4.995 level:50
2024-09-20 21:42:13.021 T:22630 debug : CAMLCodec::DequeueBuffer: pts:5.380 idx:887934
2024-09-20 21:42:13.021 T:22630 debug : CVideoPlayerVideo::OutputPicture - ttd:361ms pts:5.380 Clock:5.018 Level:6
2024-09-20 21:42:13.021 T:3922 debug : CAMLCodec::PollFrame elapsed:35.911ms
2024-09-20 21:42:13.024 T:3922 debug : PrepareNextRender: frameOnScreen: 5.022 renderPts: 5.192 nextFramePts: 5.130 -> diff: 0.062 render: 1 forceNext: 0
2024-09-20 21:42:13.030 T:22625 debug : CVideoPlayer::ProcessAudioData size:4224 dts:9.660 pts:9.660 dur:92.000ms, clock:5.027 drop:0 level:47
2024-09-20 21:42:13.030 T:22625 debug : CVideoPlayer::ProcessAudioData size:4300 dts:9.752 pts:9.752 dur:92.000ms, clock:5.027 drop:0 level:48
2024-09-20 21:42:13.035 T:22625 debug : CVideoPlayer::ProcessVideoData size:570930 dts:9.551 pts:9.801 dur:41.000ms, clock:5.032 level:50
2024-09-20 21:42:13.062 T:22630 debug : CAMLCodec::DequeueBuffer: pts:5.422 idx:887935
2024-09-20 21:42:13.062 T:22630 debug : CVideoPlayerVideo::OutputPicture - ttd:362ms pts:5.422 Clock:5.059 Level:6
2024-09-20 21:42:13.062 T:3922 debug : CAMLCodec::PollFrame elapsed:36.117ms
2024-09-20 21:42:13.063 T:22631 debug : CVideoPlayerAudio::OutputPacket: pts:5.851 curr_pts:5.070 clock:5.061 level:48
2024-09-20 21:42:13.067 T:3922 debug : PrepareNextRender: frameOnScreen: 5.064 renderPts: 5.234 nextFramePts: 5.172 -> diff: 0.062 render: 1 forceNext: 0
2024-09-20 21:42:13.078 T:22625 debug : CVideoPlayer::ProcessVideoData size:466721 dts:9.593 pts:9.718 dur:41.000ms, clock:5.075 level:49
2024-09-20 21:42:13.104 T:22630 debug : CAMLCodec::DequeueBuffer: pts:5.464 idx:887936
2024-09-20 21:42:13.104 T:22630 debug : CVideoPlayerVideo::OutputPicture - ttd:362ms pts:5.464 Clock:5.102 Level:6
2024-09-20 21:42:13.105 T:3922 debug : CAMLCodec::PollFrame elapsed:35.317ms
2024-09-20 21:42:13.108 T:3922 debug : PrepareNextRender: frameOnScreen: 5.106 renderPts: 5.276 nextFramePts: 5.214 -> diff: 0.062 render: 1 forceNext: 0
2024-09-20 21:42:13.112 T:22631 debug : CVideoPlayerAudio::OutputPacket: pts:5.943 curr_pts:5.118 clock:5.109 level:47
2024-09-20 21:42:13.145 T:22630 debug : CAMLCodec::DequeueBuffer: pts:5.505 idx:887937
2024-09-20 21:42:13.145 T:22630 debug : CVideoPlayerVideo::OutputPicture - ttd:362ms pts:5.505 Clock:5.142 Level:6
2024-09-20 21:42:13.146 T:3922 debug : CAMLCodec::PollFrame elapsed:35.344ms
2024-09-20 21:42:13.152 T:3922 debug : PrepareNextRender: frameOnScreen: 5.149 renderPts: 5.319 nextFramePts: 5.255 -> diff: 0.064 render: 1 forceNext: 0
2024-09-20 21:42:13.160 T:22625 debug : CVideoPlayer::ProcessVideoData size:280480 dts:9.635 pts:9.676 dur:41.000ms, clock:5.157 level:50
2024-09-20 21:42:13.161 T:22625 debug : CVideoPlayer::ProcessVideoData size:281194 dts:9.676 pts:9.760 dur:41.000ms, clock:5.158 level:50
2024-09-20 21:42:13.187 T:22630 debug : CAMLCodec::DequeueBuffer: pts:5.547 idx:887938
2024-09-20 21:42:13.187 T:22630 debug : CVideoPlayerVideo::OutputPicture - ttd:362ms pts:5.547 Clock:5.185 Level:6
2024-09-20 21:42:13.188 T:3922 debug : CAMLCodec::PollFrame elapsed:33.673ms
2024-09-20 21:42:13.191 T:3922 debug : PrepareNextRender: frameOnScreen: 5.188 renderPts: 5.359 nextFramePts: 5.297 -> diff: 0.062 render: 1 forceNext: 0
2024-09-20 21:42:13.204 T:22625 debug : CVideoPlayer::ProcessVideoData size:559149 dts:9.718 pts:9.843 dur:41.000ms, clock:5.201 level:50
2024-09-20 21:42:13.212 T:22631 debug : CVideoPlayerAudio::OutputPacket: pts:6.036 curr_pts:5.217 clock:5.209 level:46
2024-09-20 21:42:13.229 T:22630 debug : CAMLCodec::DequeueBuffer: pts:5.589 idx:887939
2024-09-20 21:42:13.229 T:22630 debug : CVideoPlayerVideo::OutputPicture - ttd:362ms pts:5.589 Clock:5.227 Level:6
2024-09-20 21:42:13.230 T:3922 debug : CAMLCodec::PollFrame elapsed:36.349ms
