2024-09-20 21:42:04.926 T:22521 debug : ffmpeg[0x3b77dd0]: [mjpeg] escaping removed 19 bytes
2024-09-20 21:42:04.926 T:22521 debug : ffmpeg[0x3b77dd0]: [mjpeg] marker=da avail_size_in_buf=6888
2024-09-20 21:42:04.926 T:22521 debug : ffmpeg[0x3b77dd0]: [mjpeg] component: 1
2024-09-20 21:42:04.926 T:22521 debug : ffmpeg[0x3b77dd0]: [mjpeg] component: 2
2024-09-20 21:42:04.926 T:22521 debug : ffmpeg[0x3b77dd0]: [mjpeg] component: 3
2024-09-20 21:42:04.926 T:22521 debug : ffmpeg[0x3b77dd0]: [mjpeg] marker parser used 6868 bytes (54944 bits)
2024-09-20 21:42:04.926 T:22521 debug : ffmpeg[0x3b77dd0]: [mjpeg] marker=d9 avail_size_in_buf=0
2024-09-20 21:42:04.927 T:22521 debug : ffmpeg[0x3b77dd0]: [mjpeg] decode frame unused 0 bytes
2024-09-20 21:42:05.362 T:3922 debug : ------ Window Deinit (/storage/.kodi/addons/script.plexmod/resources/skins/Main/1080i/script-plex-busy.xml) ------
2024-09-20 21:42:05.366 T:3922 debug : ffmpeg[0x0]: [swscaler] Forcing full internal H chroma due to odd output size
2024-09-20 21:42:05.366 T:3922 debug : ffmpeg[0x0]: [swscaler] Forcing full internal H chroma due to input having non subsampled chroma
2024-09-20 21:42:05.368 T:3922 debug : ffmpeg[0x0]: [swscaler] Forcing full internal H chroma due to odd output size
2024-09-20 21:42:05.368 T:3922 debug : ffmpeg[0x0]: [swscaler] Forcing full internal H chroma due to input having non subsampled chroma
2024-09-20 21:42:05.369 T:3922 debug : ffmpeg[0x0]: [gif] Loop count is 0
2024-09-20 21:42:05.369 T:3922 debug : ffmpeg[0x0]: [gif] code=21 '!'
2024-09-20 21:42:05.369 T:3922 info : Skipped 2 duplicate messages..
2024-09-20 21:42:05.369 T:3922 debug : ffmpeg[0x0]: [gif] code=2c ','
2024-09-20 21:42:05.370 T:3922 debug : ffmpeg[0x0]: [swscaler] Forcing full internal H chroma due to input having non subsampled chroma
2024-09-20 21:42:05.371 T:3922 debug : ffmpeg[0x0]: [gif] code=21 '!'
2024-09-20 21:42:05.371 T:3922 debug : ffmpeg[0x0]: [gif] code=2c ','
2024-09-20 21:42:05.372 T:3922 debug : ffmpeg[0x0]: [swscaler] Forcing full internal H chroma due to input having non subsampled chroma
2024-09-20 21:42:05.372 T:3922 debug : ffmpeg[0x0]: [gif] code=21 '!'
2024-09-20 21:42:05.372 T:3922 debug : ffmpeg[0x0]: [gif] code=2c ','
2024-09-20 21:42:05.373 T:3922 debug : ffmpeg[0x0]: [swscaler] Forcing full internal H chroma due to input having non subsampled chroma
2024-09-20 21:42:05.373 T:3922 debug : ffmpeg[0x0]: [gif] code=21 '!'
2024-09-20 21:42:05.373 T:3922 debug : ffmpeg[0x0]: [gif] code=2c ','
2024-09-20 21:42:05.374 T:3922 debug : ffmpeg[0x0]: [swscaler] Forcing full internal H chroma due to input having non subsampled chroma
2024-09-20 21:42:05.374 T:3922 debug : ffmpeg[0x0]: [gif] code=21 '!'
2024-09-20 21:42:05.374 T:3922 debug : ffmpeg[0x0]: [gif] code=2c ','
2024-09-20 21:42:05.375 T:3922 debug : ffmpeg[0x0]: [swscaler] Forcing full internal H chroma due to input having non subsampled chroma
2024-09-20 21:42:05.375 T:3922 debug : ffmpeg[0x0]: [gif] code=21 '!'
2024-09-20 21:42:05.375 T:3922 debug : ffmpeg[0x0]: [gif] code=2c ','
2024-09-20 21:42:05.375 T:3922 debug : ffmpeg[0x0]: [swscaler] Forcing full internal H chroma due to input having non subsampled chroma
2024-09-20 21:42:05.376 T:3922 debug : ffmpeg[0x0]: [gif] code=21 '!'
2024-09-20 21:42:05.376 T:3922 debug : ffmpeg[0x0]: [gif] code=2c ','
2024-09-20 21:42:05.376 T:3922 debug : ffmpeg[0x0]: [swscaler] Forcing full internal H chroma due to input having non subsampled chroma
2024-09-20 21:42:05.376 T:3922 debug : ffmpeg[0x0]: [gif] code=21 '!'
2024-09-20 21:42:05.376 T:3922 debug : ffmpeg[0x0]: [gif] code=2c ','
2024-09-20 21:42:05.377 T:3922 debug : ffmpeg[0x0]: [swscaler] Forcing full internal H chroma due to input having non subsampled chroma
2024-09-20 21:42:05.377 T:3922 debug : ffmpeg[0x0]: [gif] code=21 '!'
2024-09-20 21:42:05.377 T:3922 debug : ffmpeg[0x0]: [gif] code=2c ','
2024-09-20 21:42:05.378 T:3922 debug : ffmpeg[0x0]: [swscaler] Forcing full internal H chroma due to input having non subsampled chroma
2024-09-20 21:42:05.378 T:3922 debug : ffmpeg[0x0]: [gif] code=21 '!'
2024-09-20 21:42:05.378 T:3922 debug : ffmpeg[0x0]: [gif] code=2c ','
2024-09-20 21:42:05.378 T:3922 debug : ffmpeg[0x0]: [swscaler] Forcing full internal H chroma due to input having non subsampled chroma
2024-09-20 21:42:05.379 T:3922 debug : ffmpeg[0x0]: [gif] code=21 '!'
2024-09-20 21:42:05.379 T:3922 debug : ffmpeg[0x0]: [gif] code=2c ','
2024-09-20 21:42:05.379 T:3922 debug : ffmpeg[0x0]: [swscaler] Forcing full internal H chroma due to input having non subsampled chroma
2024-09-20 21:42:05.380 T:3922 debug : ffmpeg[0x0]: [gif] code=21 '!'
2024-09-20 21:42:05.380 T:3922 debug : ffmpeg[0x0]: [gif] code=2c ','
2024-09-20 21:42:05.380 T:3922 debug : Alignment of external buffer is not suitable for ffmpeg intrinsics - please fix your malloc
2024-09-20 21:42:05.380 T:3922 debug : ffmpeg[0x0]: [swscaler] Forcing full internal H chroma due to input having non subsampled chroma
2024-09-20 21:42:05.380 T:3922 debug : ffmpeg[0x0]: [gif] code=21 '!'
2024-09-20 21:42:05.380 T:3922 debug : ffmpeg[0x0]: [gif] code=2c ','
2024-09-20 21:42:05.380 T:3922 debug : ffmpeg[0x0]: [swscaler] Forcing full internal H chroma due to input having non subsampled chroma
2024-09-20 21:42:05.380 T:3922 debug : ffmpeg[0x0]: [gif] code=21 '!'
2024-09-20 21:42:05.380 T:3922 debug : ffmpeg[0x0]: [gif] code=2c ','
2024-09-20 21:42:05.381 T:3922 debug : ffmpeg[0x0]: [swscaler] Forcing full internal H chroma due to input having non subsampled chroma
2024-09-20 21:42:05.381 T:3922 debug : ffmpeg[0x0]: [gif] code=21 '!'
2024-09-20 21:42:05.381 T:3922 debug : ffmpeg[0x0]: [gif] code=2c ','
2024-09-20 21:42:05.381 T:3922 debug : Alignment of external buffer is not suitable for ffmpeg intrinsics - please fix your malloc
2024-09-20 21:42:05.381 T:3922 debug : ffmpeg[0x0]: [swscaler] Forcing full internal H chroma due to input having non subsampled chroma
2024-09-20 21:42:05.381 T:3922 debug : ffmpeg[0x0]: [gif] code=21 '!'
2024-09-20 21:42:05.381 T:3922 debug : ffmpeg[0x0]: [gif] code=2c ','
2024-09-20 21:42:05.381 T:3922 debug : ffmpeg[0x0]: [swscaler] Forcing full internal H chroma due to input having non subsampled chroma
2024-09-20 21:42:05.381 T:3922 debug : ffmpeg[0x0]: [gif] code=21 '!'
2024-09-20 21:42:05.381 T:3922 debug : ffmpeg[0x0]: [gif] code=2c ','
2024-09-20 21:42:05.382 T:3922 debug : Alignment of external buffer is not suitable for ffmpeg intrinsics - please fix your malloc
2024-09-20 21:42:05.382 T:3922 debug : ffmpeg[0x0]: [swscaler] Forcing full internal H chroma due to input having non subsampled chroma
2024-09-20 21:42:05.382 T:3922 debug : ffmpeg[0x0]: [gif] code=21 '!'
2024-09-20 21:42:05.382 T:3922 debug : ffmpeg[0x0]: [gif] code=2c ','
2024-09-20 21:42:05.382 T:3922 debug : ffmpeg[0x0]: [swscaler] Forcing full internal H chroma due to input having non subsampled chroma
2024-09-20 21:42:05.382 T:3922 debug : ffmpeg[0x0]: [gif] code=21 '!'
2024-09-20 21:42:05.382 T:3922 debug : ffmpeg[0x0]: [gif] code=2c ','
2024-09-20 21:42:05.382 T:3922 debug : ffmpeg[0x0]: [swscaler] Forcing full internal H chroma due to input having non subsampled chroma
2024-09-20 21:42:05.382 T:3922 debug : ffmpeg[0x0]: [gif] code=21 '!'
2024-09-20 21:42:05.382 T:3922 debug : ffmpeg[0x0]: [gif] code=2c ','
2024-09-20 21:42:05.383 T:3922 debug : ffmpeg[0x0]: [swscaler] Forcing full internal H chroma due to input having non subsampled chroma
2024-09-20 21:42:05.383 T:3922 debug : Error [-541478725] while reading frame: Unknown error 541478725
2024-09-20 21:42:05.385 T:22599 debug : ffmpeg[0x345cbc0]: [mjpeg] marker=d8 avail_size_in_buf=88369
2024-09-20 21:42:05.385 T:22599 debug : ffmpeg[0x345cbc0]: [mjpeg] marker parser used 0 bytes (0 bits)
2024-09-20 21:42:05.385 T:22599 debug : ffmpeg[0x345cbc0]: [mjpeg] marker=fe avail_size_in_buf=88367
2024-09-20 21:42:05.385 T:22599 debug : ffmpeg[0x345cbc0]: [mjpeg] marker parser used 15 bytes (120 bits)
2024-09-20 21:42:05.385 T:22599 debug : ffmpeg[0x345cbc0]: [mjpeg] marker=db avail_size_in_buf=88350
2024-09-20 21:42:05.385 T:22599 debug : ffmpeg[0x345cbc0]: [mjpeg] index=0
2024-09-20 21:42:05.385 T:22599 debug : ffmpeg[0x345cbc0]: [mjpeg] qscale[0]: 5
2024-09-20 21:42:05.385 T:22599 debug : ffmpeg[0x345cbc0]: [mjpeg] marker parser used 67 bytes (536 bits)
2024-09-20 21:42:05.385 T:22599 debug : ffmpeg[0x345cbc0]: [mjpeg] marker=c4 avail_size_in_buf=88281
2024-09-20 21:42:05.385 T:22599 debug : ffmpeg[0x345cbc0]: [mjpeg] class=0 index=0 nb_codes=9
2024-09-20 21:42:05.385 T:22599 debug : ffmpeg[0x345cbc0]: [mjpeg] class=0 index=1 nb_codes=8
2024-09-20 21:42:05.385 T:22599 debug : ffmpeg[0x345cbc0]: [mjpeg] class=1 index=0 nb_codes=63
2024-09-20 21:42:05.385 T:22599 debug : ffmpeg[0x345cbc0]: [mjpeg] class=1 index=1 nb_codes=41
2024-09-20 21:42:05.385 T:22599 debug : ffmpeg[0x345cbc0]: [mjpeg] marker parser used 191 bytes (1528 bits)
2024-09-20 21:42:05.385 T:22599 debug : ffmpeg[0x345cbc0]: [mjpeg] marker=c0 avail_size_in_buf=88088
2024-09-20 21:42:05.385 T:22599 debug : ffmpeg[0x345cbc0]: [mjpeg] Changing bps from 0 to 8
2024-09-20 21:42:05.385 T:22599 debug : ffmpeg[0x345cbc0]: [mjpeg] sof0: picture: 464x696
2024-09-20 21:42:05.385 T:22599 debug : ffmpeg[0x345cbc0]: [mjpeg] component 0 2:2 id: 1 quant:0
2024-09-20 21:42:05.385 T:22599 debug : ffmpeg[0x345cbc0]: [mjpeg] component 1 1:1 id: 2 quant:0
2024-09-20 21:42:05.385 T:22599 debug : ffmpeg[0x345cbc0]: [mjpeg] component 2 1:1 id: 3 quant:0
2024-09-20 21:42:05.385 T:22599 debug : ffmpeg[0x345cbc0]: [mjpeg] pix fmt id 22111100
2024-09-20 21:42:05.385 T:22599 debug : ffmpeg[0x345cbc0]: [mjpeg] Format yuvj420p chosen by get_format().
2024-09-20 21:42:05.385 T:22557 debug : ffmpeg[0x3178c68]: [mjpeg] marker=d8 avail_size_in_buf=34426
2024-09-20 21:42:05.385 T:22557 debug : ffmpeg[0x3178c68]: [mjpeg] marker parser used 0 bytes (0 bits)
2024-09-20 21:42:05.385 T:22557 debug : ffmpeg[0x3178c68]: [mjpeg] marker=fe avail_size_in_buf=34424
2024-09-20 21:42:05.385 T:22557 debug : ffmpeg[0x3178c68]: [mjpeg] marker parser used 15 bytes (120 bits)
2024-09-20 21:42:05.385 T:22557 debug : ffmpeg[0x3178c68]: [mjpeg] marker=db avail_size_in_buf=34407
2024-09-20 21:42:05.385 T:22557 debug : ffmpeg[0x3178c68]: [mjpeg] index=0
2024-09-20 21:42:05.385 T:22557 debug : ffmpeg[0x3178c68]: [mjpeg] qscale[0]: 5
2024-09-20 21:42:05.385 T:22557 debug : ffmpeg[0x3178c68]: [mjpeg] marker parser used 67 bytes (536 bits)
2024-09-20 21:42:05.385 T:22599 debug : ffmpeg[0x345cbc0]: [mjpeg] marker parser used 17 bytes (136 bits)
2024-09-20 21:42:05.385 T:22557 debug : ffmpeg[0x3178c68]: [mjpeg] marker=c4 avail_size_in_buf=34338
2024-09-20 21:42:05.385 T:22557 debug : ffmpeg[0x3178c68]: [mjpeg] class=0 index=0 nb_codes=9
2024-09-20 21:42:05.385 T:22557 debug : ffmpeg[0x3178c68]: [mjpeg] class=0 index=1 nb_codes=8
2024-09-20 21:42:05.385 T:22557 debug : ffmpeg[0x3178c68]: [mjpeg] class=1 index=0 nb_codes=73
2024-09-20 21:42:05.385 T:22557 debug : ffmpeg[0x3178c68]: [mjpeg] class=1 index=1 nb_codes=32
2024-09-20 21:42:05.386 T:22557 debug : ffmpeg[0x3178c68]: [mjpeg] marker parser used 192 bytes (1536 bits)
2024-09-20 21:42:05.386 T:22557 debug : ffmpeg[0x3178c68]: [mjpeg] marker=c0 avail_size_in_buf=34144
2024-09-20 21:42:05.386 T:22557 debug : ffmpeg[0x3178c68]: [mjpeg] Changing bps from 0 to 8
2024-09-20 21:42:05.386 T:22557 debug : ffmpeg[0x3178c68]: [mjpeg] sof0: picture: 464x696
2024-09-20 21:42:05.386 T:22599 debug : ffmpeg[0x345cbc0]: [mjpeg] escaping removed 285 bytes
2024-09-20 21:42:05.386 T:22557 debug : ffmpeg[0x3178c68]: [mjpeg] component 0 2:2 id: 1 quant:0
2024-09-20 21:42:05.386 T:22599 debug : ffmpeg[0x345cbc0]: [mjpeg] marker=da avail_size_in_buf=88069
2024-09-20 21:42:05.386 T:22557 debug : ffmpeg[0x3178c68]: [mjpeg] component 1 1:1 id: 2 quant:0
2024-09-20 21:42:05.386 T:22599 debug : ffmpeg[0x345cbc0]: [mjpeg] component: 1
2024-09-20 21:42:05.386 T:22557 debug : ffmpeg[0x3178c68]: [mjpeg] component 2 1:1 id: 3 quant:0
2024-09-20 21:42:05.386 T:22599 debug : ffmpeg[0x345cbc0]: [mjpeg] component: 2
2024-09-20 21:42:05.386 T:22521 debug : ffmpeg[0x3b77dd0]: [mjpeg] marker=d8 avail_size_in_buf=78928
2024-09-20 21:42:05.386 T:22557 debug : ffmpeg[0x3178c68]: [mjpeg] pix fmt id 22111100
2024-09-20 21:42:05.386 T:22599 debug : ffmpeg[0x345cbc0]: [mjpeg] component: 3
2024-09-20 21:42:05.386 T:22521 debug : ffmpeg[0x3b77dd0]: [mjpeg] marker parser used 0 bytes (0 bits)
2024-09-20 21:42:05.386 T:22557 debug : ffmpeg[0x3178c68]: [mjpeg] Format yuvj420p chosen by get_format().
2024-09-20 21:42:05.387 T:22521 debug : ffmpeg[0x3b77dd0]: [mjpeg] marker=fe avail_size_in_buf=78926
2024-09-20 21:42:05.387 T:22557 debug : ffmpeg[0x3178c68]: [mjpeg] marker parser used 17 bytes (136 bits)
2024-09-20 21:42:05.387 T:22556 debug : ffmpeg[0x3e09900]: [mjpeg] marker=d8 avail_size_in_buf=50369
2024-09-20 21:42:05.387 T:22521 debug : ffmpeg[0x3b77dd0]: [mjpeg] marker parser used 15 bytes (120 bits)
2024-09-20 21:42:05.387 T:22556 debug : ffmpeg[0x3e09900]: [mjpeg] marker parser used 0 bytes (0 bits)
2024-09-20 21:42:05.387 T:22521 debug : ffmpeg[0x3b77dd0]: [mjpeg] marker=db avail_size_in_buf=78909
2024-09-20 21:42:05.387 T:22557 debug : ffmpeg[0x3178c68]: [mjpeg] escaping removed 102 bytes
2024-09-20 21:42:05.387 T:22556 debug : ffmpeg[0x3e09900]: [mjpeg] marker=fe avail_size_in_buf=50367
2024-09-20 21:42:05.387 T:22521 debug : ffmpeg[0x3b77dd0]: [mjpeg] index=0
2024-09-20 21:42:05.387 T:22557 debug : ffmpeg[0x3178c68]: [mjpeg] marker=da avail_size_in_buf=34125
2024-09-20 21:42:05.387 T:22556 debug : ffmpeg[0x3e09900]: [mjpeg] marker parser used 15 bytes (120 bits)
2024-09-20 21:42:05.387 T:22521 debug : ffmpeg[0x3b77dd0]: [mjpeg] qscale[0]: 5
2024-09-20 21:42:05.387 T:22557 debug : ffmpeg[0x3178c68]: [mjpeg] component: 1
2024-09-20 21:42:05.387 T:22556 debug : ffmpeg[0x3e09900]: [mjpeg] marker=db avail_size_in_buf=50350
2024-09-20 21:42:05.387 T:22521 debug : ffmpeg[0x3b77dd0]: [mjpeg] marker parser used 67 bytes (536 bits)
2024-09-20 21:42:05.387 T:22557 debug : ffmpeg[0x3178c68]: [mjpeg] component: 2
2024-09-20 21:42:05.387 T:22556 debug : ffmpeg[0x3e09900]: [mjpeg] index=0
2024-09-20 21:42:05.387 T:22521 debug : ffmpeg[0x3b77dd0]: [mjpeg] marker=c4 avail_size_in_buf=78840
2024-09-20 21:42:05.387 T:22557 debug : ffmpeg[0x3178c68]: [mjpeg] component: 3
2024-09-20 21:42:05.387 T:22556 debug : ffmpeg[0x3e09900]: [mjpeg] qscale[0]: 5
2024-09-20 21:42:05.387 T:22521 debug : ffmpeg[0x3b77dd0]: [mjpeg] class=0 index=0 nb_codes=9
2024-09-20 21:42:05.387 T:22556 debug : ffmpeg[0x3e09900]: [mjpeg] marker parser used 67 bytes (536 bits)
2024-09-20 21:42:05.387 T:22521 debug : ffmpeg[0x3b77dd0]: [mjpeg] class=0 index=1 nb_codes=8
2024-09-20 21:42:05.387 T:22556 debug : ffmpeg[0x3e09900]: [mjpeg] marker=c4 avail_size_in_buf=50281
2024-09-20 21:42:05.387 T:22521 debug : ffmpeg[0x3b77dd0]: [mjpeg] class=1 index=0 nb_codes=58
2024-09-20 21:42:05.387 T:22556 debug : ffmpeg[0x3e09900]: [mjpeg] class=0 index=0 nb_codes=9
2024-09-20 21:42:05.387 T:22521 debug : ffmpeg[0x3b77dd0]: [mjpeg] class=1 index=1 nb_codes=50
2024-09-20 21:42:05.387 T:22556 debug : ffmpeg[0x3e09900]: [mjpeg] class=0 index=1 nb_codes=8
2024-09-20 21:42:05.387 T:22521 debug : ffmpeg[0x3b77dd0]: [mjpeg] marker parser used 195 bytes (1560 bits)
2024-09-20 21:42:05.387 T:22556 debug : ffmpeg[0x3e09900]: [mjpeg] class=1 index=0 nb_codes=63
2024-09-20 21:42:05.387 T:22521 debug : ffmpeg[0x3b77dd0]: [mjpeg] marker=c0 avail_size_in_buf=78643
2024-09-20 21:42:05.387 T:22521 debug : ffmpeg[0x3b77dd0]: [mjpeg] Changing bps from 0 to 8
2024-09-20 21:42:05.387 T:22556 debug : ffmpeg[0x3e09900]: [mjpeg] class=1 index=1 nb_codes=49
2024-09-20 21:42:05.387 T:22521 debug : ffmpeg[0x3b77dd0]: [mjpeg] sof0: picture: 464x696
2024-09-20 21:42:05.387 T:22556 debug : ffmpeg[0x3e09900]: [mjpeg] marker parser used 199 bytes (1592 bits)
2024-09-20 21:42:05.388 T:22521 debug : ffmpeg[0x3b77dd0]: [mjpeg] component 0 2:2 id: 1 quant:0
2024-09-20 21:42:05.388 T:22556 debug : ffmpeg[0x3e09900]: [mjpeg] marker=c0 avail_size_in_buf=50080
2024-09-20 21:42:05.388 T:22521 debug : ffmpeg[0x3b77dd0]: [mjpeg] component 1 1:1 id: 2 quant:0
2024-09-20 21:42:05.388 T:22556 debug : ffmpeg[0x3e09900]: [mjpeg] Changing bps from 0 to 8
2024-09-20 21:42:05.388 T:22521 debug : ffmpeg[0x3b77dd0]: [mjpeg] component 2 1:1 id: 3 quant:0
2024-09-20 21:42:05.388 T:22556 debug : ffmpeg[0x3e09900]: [mjpeg] sof0: picture: 464x696
2024-09-20 21:42:05.388 T:22521 debug : ffmpeg[0x3b77dd0]: [mjpeg] pix fmt id 22111100
2024-09-20 21:42:05.388 T:22556 debug : ffmpeg[0x3e09900]: [mjpeg] component 0 2:2 id: 1 quant:0
2024-09-20 21:42:05.388 T:22521 debug : ffmpeg[0x3b77dd0]: [mjpeg] Format yuvj420p chosen by get_format().
2024-09-20 21:42:05.388 T:22556 debug : ffmpeg[0x3e09900]: [mjpeg] component 1 1:1 id: 2 quant:0
2024-09-20 21:42:05.388 T:22556 debug : ffmpeg[0x3e09900]: [mjpeg] component 2 1:1 id: 3 quant:0
2024-09-20 21:42:05.388 T:22556 debug : ffmpeg[0x3e09900]: [mjpeg] pix fmt id 22111100
2024-09-20 21:42:05.388 T:22556 debug : ffmpeg[0x3e09900]: [mjpeg] Format yuvj420p chosen by get_format().
2024-09-20 21:42:05.388 T:22521 debug : ffmpeg[0x3b77dd0]: [mjpeg] marker parser used 17 bytes (136 bits)
2024-09-20 21:42:05.388 T:22521 debug : ffmpeg[0x3b77dd0]: [mjpeg] escaping removed 310 bytes
2024-09-20 21:42:05.388 T:22521 debug : ffmpeg[0x3b77dd0]: [mjpeg] marker=da avail_size_in_buf=78624
2024-09-20 21:42:05.388 T:22556 debug : ffmpeg[0x3e09900]: [mjpeg] marker parser used 17 bytes (136 bits)
2024-09-20 21:42:05.388 T:22521 debug : ffmpeg[0x3b77dd0]: [mjpeg] component: 1
2024-09-20 21:42:05.388 T:22521 debug : ffmpeg[0x3b77dd0]: [mjpeg] component: 2
2024-09-20 21:42:05.388 T:22521 debug : ffmpeg[0x3b77dd0]: [mjpeg] component: 3
2024-09-20 21:42:05.388 T:22556 debug : ffmpeg[0x3e09900]: [mjpeg] escaping removed 146 bytes
2024-09-20 21:42:05.388 T:22556 debug : ffmpeg[0x3e09900]: [mjpeg] marker=da avail_size_in_buf=50061
2024-09-20 21:42:05.388 T:22556 debug : ffmpeg[0x3e09900]: [mjpeg] component: 1
2024-09-20 21:42:05.388 T:22556 debug : ffmpeg[0x3e09900]: [mjpeg] component: 2
2024-09-20 21:42:05.388 T:22556 debug : ffmpeg[0x3e09900]: [mjpeg] component: 3
2024-09-20 21:42:05.389 T:22557 debug : ffmpeg[0x3178c68]: [mjpeg] marker parser used 34022 bytes (272171 bits)
2024-09-20 21:42:05.389 T:22557 debug : ffmpeg[0x3178c68]: [mjpeg] marker=d9 avail_size_in_buf=0
2024-09-20 21:42:05.389 T:22557 debug : ffmpeg[0x3178c68]: [mjpeg] decode frame unused 0 bytes
2024-09-20 21:42:05.389 T:22599 debug : ffmpeg[0x345cbc0]: [mjpeg] marker parser used 87783 bytes (702259 bits)
2024-09-20 21:42:05.389 T:22599 debug : ffmpeg[0x345cbc0]: [mjpeg] marker=d9 avail_size_in_buf=0
2024-09-20 21:42:05.389 T:22599 debug : ffmpeg[0x345cbc0]: [mjpeg] decode frame unused 0 bytes
2024-09-20 21:42:05.391 T:22521 debug : ffmpeg[0x3b77dd0]: [mjpeg] marker parser used 78313 bytes (626503 bits)
2024-09-20 21:42:05.391 T:22521 debug : ffmpeg[0x3b77dd0]: [mjpeg] marker=d9 avail_size_in_buf=0
2024-09-20 21:42:05.391 T:22521 debug : ffmpeg[0x3b77dd0]: [mjpeg] decode frame unused 0 bytes
2024-09-20 21:42:05.392 T:22557 debug : ffmpeg[0x3178c68]: [mjpeg] marker=d8 avail_size_in_buf=25253
2024-09-20 21:42:05.392 T:22557 debug : ffmpeg[0x3178c68]: [mjpeg] marker parser used 0 bytes (0 bits)
2024-09-20 21:42:05.392 T:22557 debug : ffmpeg[0x3178c68]: [mjpeg] marker=fe avail_size_in_buf=25251
2024-09-20 21:42:05.392 T:22557 debug : ffmpeg[0x3178c68]: [mjpeg] marker parser used 15 bytes (120 bits)
2024-09-20 21:42:05.392 T:22557 debug : ffmpeg[0x3178c68]: [mjpeg] marker=db avail_size_in_buf=25234
2024-09-20 21:42:05.392 T:22557 debug : ffmpeg[0x3178c68]: [mjpeg] index=0
2024-09-20 21:42:05.392 T:22557 debug : ffmpeg[0x3178c68]: [mjpeg] qscale[0]: 5
2024-09-20 21:42:05.392 T:22557 debug : ffmpeg[0x3178c68]: [mjpeg] marker parser used 67 bytes (536 bits)
2024-09-20 21:42:05.392 T:22557 debug : ffmpeg[0x3178c68]: [mjpeg] marker=c4 avail_size_in_buf=25165
2024-09-20 21:42:05.392 T:22557 debug : ffmpeg[0x3178c68]: [mjpeg] class=0 index=0 nb_codes=9
2024-09-20 21:42:05.392 T:22557 debug : ffmpeg[0x3178c68]: [mjpeg] class=0 index=1 nb_codes=8
2024-09-20 21:42:05.392 T:22557 debug : ffmpeg[0x3178c68]: [mjpeg] class=1 index=0 nb_codes=53
2024-09-20 21:42:05.392 T:22557 debug : ffmpeg[0x3178c68]: [mjpeg] class=1 index=1 nb_codes=44
2024-09-20 21:42:05.392 T:22557 debug : ffmpeg[0x3178c68]: [mjpeg] marker parser used 184 bytes (1472 bits)
2024-09-20 21:42:05.392 T:22557 debug : ffmpeg[0x3178c68]: [mjpeg] marker=c0 avail_size_in_buf=24979
2024-09-20 21:42:05.392 T:22557 debug : ffmpeg[0x3178c68]: [mjpeg] Changing bps from 0 to 8
2024-09-20 21:42:05.392 T:22557 debug : ffmpeg[0x3178c68]: [mjpeg] sof0: picture: 464x697
2024-09-20 21:42:05.392 T:22557 debug : ffmpeg[0x3178c68]: [mjpeg] component 0 2:2 id: 1 quant:0
2024-09-20 21:42:05.392 T:22557 debug : ffmpeg[0x3178c68]: [mjpeg] component 1 1:1 id: 2 quant:0
2024-09-20 21:42:05.392 T:22557 debug : ffmpeg[0x3178c68]: [mjpeg] component 2 1:1 id: 3 quant:0
2024-09-20 21:42:05.392 T:22556 debug : ffmpeg[0x3e09900]: [mjpeg] marker parser used 49914 bytes (399308 bits)
2024-09-20 21:42:05.392 T:22557 debug : ffmpeg[0x3178c68]: [mjpeg] pix fmt id 22111100
2024-09-20 21:42:05.392 T:22556 debug : ffmpeg[0x3e09900]: [mjpeg] marker=d9 avail_size_in_buf=0
2024-09-20 21:42:05.392 T:22557 debug : ffmpeg[0x3178c68]: [mjpeg] Format yuvj420p chosen by get_format().
2024-09-20 21:42:05.392 T:22556 debug : ffmpeg[0x3e09900]: [mjpeg] decode frame unused 0 bytes
2024-09-20 21:42:05.392 T:22557 debug : ffmpeg[0x3178c68]: [mjpeg] marker parser used 17 bytes (136 bits)
2024-09-20 21:42:05.392 T:22557 debug : ffmpeg[0x3178c68]: [mjpeg] escaping removed 101 bytes
2024-09-20 21:42:05.392 T:22557 debug : ffmpeg[0x3178c68]: [mjpeg] marker=da avail_size_in_buf=24960
2024-09-20 21:42:05.393 T:22557 debug : ffmpeg[0x3178c68]: [mjpeg] component: 1
2024-09-20 21:42:05.393 T:22557 debug : ffmpeg[0x3178c68]: [mjpeg] component: 2
2024-09-20 21:42:05.393 T:22557 debug : ffmpeg[0x3178c68]: [mjpeg] component: 3
2024-09-20 21:42:05.394 T:22557 debug : ffmpeg[0x3178c68]: [mjpeg] marker parser used 24858 bytes (198864 bits)
2024-09-20 21:42:05.395 T:22557 debug : ffmpeg[0x3178c68]: [mjpeg] marker=d9 avail_size_in_buf=0
2024-09-20 21:42:05.395 T:22557 debug : ffmpeg[0x3178c68]: [mjpeg] decode frame unused 0 bytes
2024-09-20 21:42:06.499 T:3986 debug : PushCecKeypress - received key b duration 0
2024-09-20 21:42:06.543 T:3922 debug : HandleKey: 11 (0xb, obc244) pressed, window 13006, action is Select
2024-09-20 21:42:06.569 T:3986 debug : PushCecKeypress - received key b duration 70
2024-09-20 21:42:06.630 T:21920 debug : requested setting (no_episode_spoilers3) was not found.
2024-09-20 21:42:06.630 T:21920 debug : requested setting (spoilers_allowed_genres2) was not found.
2024-09-20 21:42:06.672 T:3922 debug : Activating window ID: 13007
2024-09-20 21:42:06.672 T:3922 debug : ------ Window Deinit (/storage/.kodi/addons/script.plexmod/resources/skins/Main/1080i/script-plex-pre_play.xml) ------
2024-09-20 21:42:06.673 T:3922 debug : ------ Window Init (/storage/.kodi/addons/script.plexmod/resources/skins/Main/1080i/script-plex-video_player.xml) ------
2024-09-20 21:42:06.673 T:3922 info : Loading skin file: /storage/.kodi/addons/script.plexmod/resources/skins/Main/1080i/script-plex-video_player.xml, load type: LOAD_ON_GUI_INIT
2024-09-20 21:42:06.698 T:3922 debug : [Warning] CGUITextureManager::GetTexturePath: could not find texture '-'
2024-09-20 21:42:06.816 T:21920 info : Skipped 5 duplicate messages..
2024-09-20 21:42:06.816 T:21920 info : script.plex: VideoPlayerWindow: Starting session (ID: 3402244232)
2024-09-20 21:42:06.818 T:21920 debug : requested setting (local_quality) was not found.
2024-09-20 21:42:06.818 T:21920 debug : requested setting (local_mediaId) was not found.
2024-09-20 21:42:06.819 T:21920 info : script.plex: API: Choice media: 4K, DV P8.1/HDR, FLAC, 76.1 Mbps container=mkv videoCodec=hevc audioCodec=truehd audioChannels=8 id=81890 part:0
2024-09-20 21:42:06.819 T:21920 info : script.plex: API: Choice videoStream:
2024-09-20 21:42:06.820 T:21920 info : script.plex: API: Choice audioStream:
2024-09-20 21:42:06.820 T:21920 debug : requested setting (local_mediaId) was not found.
2024-09-20 21:42:06.820 T:21920 debug : requested setting (playback_features) was not found.
2024-09-20 21:42:06.820 T:21920 debug : requested setting (local_quality) was not found.
2024-09-20 21:42:06.820 T:21920 info : Skipped 1 duplicate messages..
2024-09-20 21:42:06.820 T:21920 debug : requested setting (allow_hevc) was not found.
2024-09-20 21:42:06.820 T:21920 debug : requested setting (allow_vc1) was not found.
2024-09-20 21:42:06.821 T:21920 debug : requested setting (playback_features) was not found.
2024-09-20 21:42:06.821 T:21920 debug : requested setting (local_quality) was not found.
2024-09-20 21:42:06.821 T:21920 debug : requested setting (playback_features) was not found.
2024-09-20 21:42:06.821 T:21920 debug : requested setting (local_quality) was not found.
2024-09-20 21:42:06.822 T:21920 debug : requested setting (playback_features) was not found.
2024-09-20 21:42:06.822 T:21920 debug : requested setting (playback_directplay_force) was not found.
2024-09-20 21:42:06.822 T:21920 info : script.plex: API: DEBUG: buildDirectPlay()
2024-09-20 21:42:06.825 T:21920 info : script.plex: API: Constructed video item for playback: {'duration': 7578464, 'fullHD': True, 'streamQualities': ['SD'], 'frameRate': 24, 'live': False, 'partIndex': 0, 'startOffset': 0, 'partDuration': 7578464, 'path': '/volume1/data/media/movies/Batman (1989)/Batman (1989) Remux-2160p Proper.mkv', 'size': 72129722231, 'sdBifPath': '/library/parts/90722/indexes/sd', 'hdBifPath': None, 'isRequestToServer': True, 'streamUrls': ['https://redacted.plex.direct:32400/library/parts/90722/1697403913/file.mkv?X-Plex-Token=****'], 'isMapped': False, 'token': '4SvqvesaEi**********', 'streamFormat': 'mkv', 'streamBitrates': [76068], 'isTranscoded': False, 'audioLanguageSelected': 'eng', 'prevObj': None, 'playStart': 0}
2024-09-20 21:42:06.826 T:21920 info : script.plex: API: DEBUG: buildTranscode()
2024-09-20 21:42:06.827 T:21920 info : script.plex: API: DEBUG: buildTranscodeMkv()
2024-09-20 21:42:06.829 T:21920 debug : requested setting (burn_ssa) was not found.
2024-09-20 21:42:06.834 T:21920 info : script.plex: API: MDE-prep: enabling codecs: eac3,ac3,dca,aac,mp3,mp2,pcm,flac,alac,wmav2,wmapro,wmavoice,opus,vorbis,truehd
2024-09-20 21:42:06.851 T:21920 info : script.plex: API: MDE-prep: settings: clampOrig: False, kodiAudio: False, forceAC3: False, dtsIsAC3: False
2024-09-20 21:42:06.867 T:21920 info : script.plex: API: MDE-prep: limiting OPUS bitrate to 128 kbit
2024-09-20 21:42:06.868 T:21920 info : script.plex: API: MDE-prep: limiting AC3 to 640 kbit
2024-09-20 21:42:06.868 T:21920 info : script.plex: API: MDE-prep: limiting audio channels to 2
2024-09-20 21:42:06.868 T:21920 debug : requested setting (local_quality) was not found.
2024-09-20 21:42:06.868 T:21920 debug : requested setting (playback_features) was not found.
2024-09-20 21:42:06.869 T:21920 debug : requested setting (h264_level) was not found.
2024-09-20 21:42:06.873 T:21920 debug : requested setting (remotecontrol) was not found.
2024-09-20 21:42:06.884 T:21920 info : script.plex: API: Starting request: GET https://redacted.plex.direct:32400/video/:/transcode/universal/decision?X-Plex-Token=****&protocol=http©ts=1&X-Plex-Client-Profile-Name=Generic&path=%2Flibrary%2Fmetadata%2F41759&offset=0&session=redacted&directStream=1&directPlay=1&videoQuality=100&videoResolution=3840x2160&maxVideoBitrate=0&mediaIndex=0&partIndex=0&X-Plex-Client-Profile-Extra=add-transcode-target%28type%3DvideoProfile%26videoCodec%3Dh264%2Cmpeg1video%2Cmpeg2video%2Cmpeg4%2Cmsmpeg4v2%2Cmsmpeg4v3%2Cwmv3%26container%3Dmkv%26audioCodec%3Deac3%2Cac3%2Cdca%2Caac%2Cmp3%2Cmp2%2Cpcm%2Cflac%2Calac%2Cwmav2%2Cwmapro%2Cwmavoice%2Copus%2Cvorbis%2Ctruehd%26subtitleCodec%3Dsrt%2Cssa%2Cass%2Cmov_text%2Ctx3g%2Cttxt%2Ctext%2Cpgs%2Cvobsub%2Csmi%2Csubrip%2Ceia_608_embedded%2Ceia_708_embedded%2Cdvb_subtitle%2Cwebvtt%26protocol%3Dhttp%26context%3Dstreaming%29%2Badd-limitation%28scope%3DvideoAudioCodec%26scopeName%3Dopus%26type%3DupperBound%26name%3Daudio.bitrate%26value%3D128%26isRequired%3Dfalse%29%2Badd-limitation%28scope%3DvideoAudioCodec%26scopeName%3Dac3%26type%3DupperBound%26name%3Daudio.bitrate%26value%3D640%29%2Badd-limitation%28scope%3DvideoAudioCodec%26scopeName%3D%2A%26type%3DupperBound%26name%3Daudio.channels%26value%3D2%29%2Bappend-transcode-target-codec%28type%3DvideoProfile%26context%3Dstreaming%26container%3Dmkv%26protocol%3Dhttp%26videoCodec%3Dhevc%29%2Bappend-transcode-target-codec%28type%3DvideoProfile%26context%3Dstreaming%26container%3Dmkv%26protocol%3Dhttp%26videoCodec%3Dvp9%29%2Bappend-transcode-target-codec%28type%3DvideoProfile%26context%3Dstreaming%26container%3Dmkv%26protocol%3Dhttp%26videoCodec%3Dav1%29%2Bappend-transcode-target-codec%28type%3DvideoProfile%26context%3Dstreaming%26container%3Dmkv%26protocol%3Dhttp%26videoCodec%3Dvc1%29&location=lan&subtitles=sidecar&mediaBufferSize=131072&hasMDE=1&X-Plex-Client-Profile-Name=Generic&X-Plex-Token=**** (async=False timeout=10.0(5.0))
2024-09-20 21:42:07.034 T:21920 info : script.plex: API: Got a 200 from https://redacted.plex.direct:32400/video/:/transcode/universal/decision?X-Plex-Token=****&protocol=http©ts=1&X-Plex-Client-Profile-Name=Generic&path=%2Flibrary%2Fmetadata%2F41759&offset=0&session=redacted&directStream=1&directPlay=1&videoQuality=100&videoResolution=3840x2160&maxVideoBitrate=0&mediaIndex=0&partIndex=0&X-Plex-Client-Profile-Extra=add-transcode-target%28type%3DvideoProfile%26videoCodec%3Dh264%2Cmpeg1video%2Cmpeg2video%2Cmpeg4%2Cmsmpeg4v2%2Cmsmpeg4v3%2Cwmv3%26container%3Dmkv%26audioCodec%3Deac3%2Cac3%2Cdca%2Caac%2Cmp3%2Cmp2%2Cpcm%2Cflac%2Calac%2Cwmav2%2Cwmapro%2Cwmavoice%2Copus%2Cvorbis%2Ctruehd%26subtitleCodec%3Dsrt%2Cssa%2Cass%2Cmov_text%2Ctx3g%2Cttxt%2Ctext%2Cpgs%2Cvobsub%2Csmi%2Csubrip%2Ceia_608_embedded%2Ceia_708_embedded%2Cdvb_subtitle%2Cwebvtt%26protocol%3Dhttp%26context%3Dstreaming%29%2Badd-limitation%28scope%3DvideoAudioCodec%26scopeName%3Dopus%26type%3DupperBound%26name%3Daudio.bitrate%26value%3D128%26isRequired%3Dfalse%29%2Badd-limitation%28scope%3DvideoAudioCodec%26scopeName%3Dac3%26type%3DupperBound%26name%3Daudio.bitrate%26value%3D640%29%2Badd-limitation%28scope%3DvideoAudioCodec%26scopeName%3D%2A%26type%3DupperBound%26name%3Daudio.channels%26value%3D2%29%2Bappend-transcode-target-codec%28type%3DvideoProfile%26context%3Dstreaming%26container%3Dmkv%26protocol%3Dhttp%26videoCodec%3Dhevc%29%2Bappend-transcode-target-codec%28type%3DvideoProfile%26context%3Dstreaming%26container%3Dmkv%26protocol%3Dhttp%26videoCodec%3Dvp9%29%2Bappend-transcode-target-codec%28type%3DvideoProfile%26context%3Dstreaming%26container%3Dmkv%26protocol%3Dhttp%26videoCodec%3Dav1%29%2Bappend-transcode-target-codec%28type%3DvideoProfile%26context%3Dstreaming%26container%3Dmkv%26protocol%3Dhttp%26videoCodec%3Dvc1%29&location=lan&subtitles=sidecar&mediaBufferSize=131072&hasMDE=1&X-Plex-Client-Profile-Name=Generic&X-Plex-Token=****
2024-09-20 21:42:07.076 T:21920 info : script.plex: API: Choice media: 4K, DV P8.1/HDR, FLAC, 76.1 Mbps container=mkv videoCodec=hevc audioCodec=truehd audioChannels=8 id=81890 part:0
2024-09-20 21:42:07.117 T:21920 info : script.plex: API: Choice videoStream:
2024-09-20 21:42:07.118 T:21920 info : script.plex: API: Choice audioStream:
2024-09-20 21:42:07.118 T:21920 info : script.plex: API: DEBUG: Decision codes: {'directPlayDecision': -1, 'generalDecision': -1, 'mdeDecision': 1000, 'transcodeDecision': -1, 'termination': -1}
2024-09-20 21:42:07.118 T:21920 info : script.plex: API: MDE: Server was happy with client's original decision. Direct play OK.
2024-09-20 21:42:07.159 T:21920 info : script.plex: Playing URL(+0ms): https://redacted.plex.direct:32400/library/parts/90722/1697403913/file.mkv?X-Plex-Token=**** - indexed
2024-09-20 21:42:07.162 T:21920 debug : requested setting (played_threshold) was not found.
2024-09-20 21:42:07.164 T:21920 debug : requested setting (no_episode_spoilers3) was not found.
2024-09-20 21:42:07.164 T:21920 debug : requested setting (no_osd_time_spoilers) was not found.
2024-09-20 21:42:07.164 T:21920 debug : requested setting (resume_seek_behind_onlydp) was not found.
2024-09-20 21:42:07.201 T:21920 info : script.plex: SeekDialog: setup, keepMarkerDef=False
2024-09-20 21:42:07.202 T:21920 debug : requested setting (show_chapters.22245155) was not found.
2024-09-20 21:42:07.242 T:21920 info : script.plex: Got markers: []
2024-09-20 21:42:07.283 T:21920 info : script.plex: Setting VideoInfo: {'mediatype': 'movie', 'title': 'Batman', 'originaltitle': 'Batman', 'tvshowtitle': '', 'year': 1989, 'plot': 'The Dark Knight of Gotham City begins his war on crime with his first major enemy being Jack Napier, a criminal who becomes the clownishly homicidal Joker.', 'path': '/volume1/data/media/movies/Batman (1989)/Batman (1989) Remux-2160p Proper.mkv', 'size': 72129722231, 'imdbnumber': 'tt0096895'}
2024-09-20 21:42:07.283 T:21920 warning : Setting most video properties through ListItem.setInfo() is deprecated and might be removed in future Kodi versions. Please use the respective setter in InfoTagVideo.
2024-09-20 21:42:07.326 T:3922 debug : easy_acquire - Created session to https://redacted.plex.direct
2024-09-20 21:42:07.381 T:3922 debug : CCurlFile::GetMimeType - -> video/x-matroska
2024-09-20 21:42:07.386 T:3922 debug : CPlayerCoreFactory::GetPlayers(https://redacted.plex.direct:32400/library/parts/90722/1697403913/?X-Plex-Token=redacted&X-Plex-Client-Profile-Name=Generic&X-Plex-Client-Identifier=redacted)
2024-09-20 21:42:07.386 T:3922 debug : CPlayerSelectionRule::GetPlayers: considering rule: system rules
2024-09-20 21:42:07.386 T:3922 debug : CPlayerSelectionRule::GetPlayers: matches rule: system rules
2024-09-20 21:42:07.386 T:3922 debug : CPlayerSelectionRule::GetPlayers: considering rule: mms/udp
2024-09-20 21:42:07.386 T:3922 debug : CPlayerSelectionRule::GetPlayers: considering rule: lastfm/shout
2024-09-20 21:42:07.386 T:3922 debug : CPlayerSelectionRule::GetPlayers: considering rule: rtmp
2024-09-20 21:42:07.386 T:3922 debug : CPlayerSelectionRule::GetPlayers: considering rule: rtsp
2024-09-20 21:42:07.386 T:3922 debug : CPlayerSelectionRule::GetPlayers: considering rule: streams
2024-09-20 21:42:07.386 T:3922 debug : CPlayerSelectionRule::GetPlayers: matches rule: streams
2024-09-20 21:42:07.386 T:3922 debug : CPlayerSelectionRule::GetPlayers: considering rule: aacp/sdp
2024-09-20 21:42:07.386 T:3922 debug : CPlayerSelectionRule::GetPlayers: considering rule: mp2
2024-09-20 21:42:07.386 T:3922 debug : CPlayerSelectionRule::GetPlayers: considering rule: dvd
2024-09-20 21:42:07.386 T:3922 debug : CPlayerSelectionRule::GetPlayers: considering rule: discimage
2024-09-20 21:42:07.386 T:3922 debug : CPlayerSelectionRule::GetPlayers: considering rule: sdp/asf
2024-09-20 21:42:07.386 T:3922 debug : CPlayerSelectionRule::GetPlayers: considering rule: nsv
2024-09-20 21:42:07.386 T:3922 debug : CPlayerSelectionRule::GetPlayers: considering rule: radio
2024-09-20 21:42:07.386 T:3922 debug : CPlayerCoreFactory::GetPlayers: matched 0 rules with players
2024-09-20 21:42:07.386 T:3922 debug : CPlayerCoreFactory::GetPlayers: adding videodefaultplayer (VideoPlayer)
2024-09-20 21:42:07.386 T:3922 debug : CPlayerCoreFactory::GetPlayers: for video=true, audio=false
2024-09-20 21:42:07.386 T:3922 debug : CPlayerCoreFactory::GetPlayers: for video=true, audio=true
2024-09-20 21:42:07.386 T:3922 debug : CPlayerCoreFactory::GetPlayers: added 1 players
2024-09-20 21:42:07.387 T:3922 debug : Radio UECP (RDS) Processor - new CDVDRadioRDSData
2024-09-20 21:42:07.387 T:3922 debug : Audio ID3 tag processor - new CVideoPlayerAudioID3
2024-09-20 21:42:07.387 T:3922 info : VideoPlayer::OpenFile: https://redacted.plex.direct:32400/library/parts/90722/1697403913/?X-Plex-Token=redacted&X-Plex-Client-Profile-Name=Generic&X-Plex-Client-Identifier=redacted
2024-09-20 21:42:07.387 T:22625 debug : Thread VideoPlayer start, auto delete: false
2024-09-20 21:42:07.387 T:3922 debug : OnPlayBackStarted: CApplication::OnPlayBackStarted
2024-09-20 21:42:07.391 T:3922 debug : CVideoGUIInfo::InitCurrentItem(https://redacted.plex.direct:32400/library/parts/90722/1697403913/?X-Plex-Token=redacted&X-Plex-Client-Profile-Name=Generic&X-Plex-Client-Identifier=redacted)
2024-09-20 21:42:07.391 T:3922 debug : CPlayerGUIInfo::InitCurrentItem(https://redacted.plex.direct:32400/library/parts/90722/1697403913/?X-Plex-Token=redacted&X-Plex-Client-Profile-Name=Generic&X-Plex-Client-Identifier=redacted)
2024-09-20 21:42:07.400 T:22625 debug : CCurlFile::GetMimeType - -> video/x-matroska
2024-09-20 21:42:07.401 T:22625 info : Creating InputStream
2024-09-20 21:42:07.401 T:22625 debug : CurlFile::Open -
2024-09-20 21:42:07.403 T:22557 debug : Loading settings for https://redacted.plex.direct:32400/library/parts/90722/1697403913/?X-Plex-Token=redacted&X-Plex-Client-Profile-Name=Generic&X-Plex-Client-Identifier=redacted
2024-09-20 21:42:07.419 T:22625 debug : CFileCache::Open - opening
2024-09-20 21:42:07.419 T:22625 debug : CurlFile::Open -
2024-09-20 21:42:07.436 T:22625 debug : CFileCache::Open - source chunk size is 0, setting cache chunk size to 131072
2024-09-20 21:42:07.436 T:22625 debug : CFileCache::Open - using double memory cache each sized 67108864 bytes
2024-09-20 21:42:07.437 T:22626 debug : Thread FileCache start, auto delete: false
2024-09-20 21:42:07.437 T:22625 info : Creating Demuxer
2024-09-20 21:42:07.438 T:22625 debug : ffmpeg[0x47849f8]: Probing matroska,webm score:100 size:2048
2024-09-20 21:42:07.438 T:22625 debug : ffmpeg[0x47849f8]: Format matroska,webm probed with size=2048 and score=100
2024-09-20 21:42:07.438 T:22625 debug : Open - probing detected format [matroska,webm]
2024-09-20 21:42:07.438 T:22625 debug : ffmpeg[0x47849f8]: [matroska,webm] Unknown entry 0x22B59D at pos. 4544
2024-09-20 21:42:07.438 T:22625 debug : ffmpeg[0x47849f8]: [matroska,webm] Unknown entry 0x22B59D at pos. 4792
2024-09-20 21:42:07.438 T:22625 debug : ffmpeg[0x47849f8]: [matroska,webm] Unknown entry 0x22B59D at pos. 4920
2024-09-20 21:42:07.438 T:22625 debug : ffmpeg[0x47849f8]: [matroska,webm] Unknown entry 0x22B59D at pos. 4993
2024-09-20 21:42:07.438 T:22625 debug : ffmpeg[0x47849f8]: [matroska,webm] Unknown entry 0x22B59D at pos. 5076
2024-09-20 21:42:07.438 T:22625 debug : ffmpeg[0x47849f8]: [matroska,webm] Unknown entry 0x22B59D at pos. 5170
2024-09-20 21:42:07.438 T:22625 debug : ffmpeg[0x47849f8]: [matroska,webm] Unknown entry 0x22B59D at pos. 5234
2024-09-20 21:42:07.438 T:22625 debug : ffmpeg[0x47849f8]: [matroska,webm] Unknown entry 0x22B59D at pos. 5297
2024-09-20 21:42:07.438 T:22625 debug : ffmpeg[0x47849f8]: [matroska,webm] Unknown entry 0x22B59D at pos. 5362
2024-09-20 21:42:07.439 T:22625 debug : ffmpeg[0x47849f8]: [matroska,webm] Unknown entry 0x22B59D at pos. 5429
2024-09-20 21:42:07.439 T:22625 debug : ffmpeg[0x47849f8]: [matroska,webm] Unknown entry 0x22B59D at pos. 5479
2024-09-20 21:42:07.439 T:22625 debug : ffmpeg[0x47849f8]: [matroska,webm] Unknown entry 0x22B59D at pos. 5529
2024-09-20 21:42:07.439 T:22625 debug : ffmpeg[0x47849f8]: [matroska,webm] Unknown entry 0x22B59D at pos. 5585
2024-09-20 21:42:07.439 T:22625 debug : ffmpeg[0x47849f8]: [matroska,webm] Unknown entry 0x22B59D at pos. 5641
2024-09-20 21:42:07.439 T:22625 debug : ffmpeg[0x47849f8]: [matroska,webm] Unknown entry 0x22B59D at pos. 5697
2024-09-20 21:42:07.439 T:22625 debug : ffmpeg[0x47849f8]: [matroska,webm] Unknown entry 0x22B59D at pos. 5747
2024-09-20 21:42:07.439 T:22625 debug : ffmpeg[0x47849f8]: [matroska,webm] Unknown entry 0x22B59D at pos. 5797
2024-09-20 21:42:07.439 T:22625 debug : ffmpeg[0x47849f8]: [matroska,webm] Unknown entry 0x22B59D at pos. 5847
2024-09-20 21:42:07.439 T:22625 debug : ffmpeg[0x47849f8]: [matroska,webm] Unknown entry 0x22B59D at pos. 5897
2024-09-20 21:42:07.439 T:22625 debug : ffmpeg[0x47849f8]: [matroska,webm] Unknown entry 0x22B59D at pos. 5947
2024-09-20 21:42:07.439 T:22625 debug : ffmpeg[0x47849f8]: [matroska,webm] Unknown entry 0x22B59D at pos. 5997
2024-09-20 21:42:07.439 T:22625 debug : ffmpeg[0x47849f8]: [matroska,webm] Unknown entry 0x22B59D at pos. 6047
2024-09-20 21:42:07.439 T:22625 debug : ffmpeg[0x47849f8]: [matroska,webm] Unknown entry 0x22B59D at pos. 6097
2024-09-20 21:42:07.439 T:22625 debug : ffmpeg[0x47849f8]: [matroska,webm] Unknown entry 0x22B59D at pos. 6153
2024-09-20 21:42:07.439 T:22625 debug : ffmpeg[0x47849f8]: [matroska,webm] Unknown entry 0x22B59D at pos. 6203
2024-09-20 21:42:07.439 T:22625 debug : ffmpeg[0x47849f8]: [matroska,webm] Unknown entry 0x22B59D at pos. 6253
2024-09-20 21:42:07.439 T:22625 debug : ffmpeg[0x47849f8]: [matroska,webm] Unknown entry 0x22B59D at pos. 6303
2024-09-20 21:42:07.439 T:22625 debug : ffmpeg[0x47849f8]: [matroska,webm] Unknown entry 0x22B59D at pos. 6353
2024-09-20 21:42:07.439 T:22625 debug : ffmpeg[0x47849f8]: [matroska,webm] Unknown entry 0x22B59D at pos. 6403
2024-09-20 21:42:07.439 T:22625 debug : ffmpeg[0x47849f8]: [matroska,webm] Unknown entry 0x22B59D at pos. 6453
2024-09-20 21:42:07.439 T:22625 debug : ffmpeg[0x47849f8]: [matroska,webm] Unknown entry 0x22B59D at pos. 6509
2024-09-20 21:42:07.439 T:22625 debug : ffmpeg[0x47849f8]: [matroska,webm] Unknown entry 0x22B59D at pos. 6559
2024-09-20 21:42:07.439 T:22625 debug : ffmpeg[0x47849f8]: [matroska,webm] Unknown entry 0x22B59D at pos. 6609
2024-09-20 21:42:07.439 T:22625 debug : ffmpeg[0x47849f8]: [matroska,webm] Unknown entry 0x22B59D at pos. 6659
2024-09-20 21:42:07.439 T:22625 debug : ffmpeg[0x47849f8]: [matroska,webm] Unknown entry 0x22B59D at pos. 6710
2024-09-20 21:42:07.439 T:22625 debug : ffmpeg[0x47849f8]: [matroska,webm] Unknown entry 0x22B59D at pos. 6760
2024-09-20 21:42:07.439 T:22625 debug : ffmpeg[0x47849f8]: [matroska,webm] Unknown entry 0x22B59D at pos. 6810
2024-09-20 21:42:07.440 T:22625 debug : ffmpeg[0x47849f8]: [matroska,webm] Unknown entry 0x22B59D at pos. 6860
2024-09-20 21:42:07.440 T:22625 debug : ffmpeg[0x47849f8]: [matroska,webm] Unknown entry 0x22B59D at pos. 6925
2024-09-20 21:42:07.440 T:22625 debug : ffmpeg[0x47849f8]: [matroska,webm] Unknown entry 0x22B59D at pos. 6988
2024-09-20 21:42:07.440 T:22625 debug : ffmpeg[0x47849f8]: [matroska,webm] Unknown entry 0x22B59D at pos. 7038
2024-09-20 21:42:07.440 T:22625 debug : ffmpeg[0x47849f8]: [matroska,webm] Unknown entry 0x22B59D at pos. 7088
2024-09-20 21:42:07.440 T:22625 debug : ffmpeg[0x47849f8]: [matroska,webm] Unknown entry 0x22B59D at pos. 7138
2024-09-20 21:42:07.440 T:22625 debug : ffmpeg[0x47849f8]: [matroska,webm] Unknown entry 0x22B59D at pos. 7188
2024-09-20 21:42:07.440 T:22625 debug : ffmpeg[0x47849f8]: [matroska,webm] Unknown entry 0x22B59D at pos. 7253
2024-09-20 21:42:07.440 T:22625 debug : ffmpeg[0x47849f8]: [matroska,webm] Unknown entry 0x22B59D at pos. 7324
2024-09-20 21:42:07.440 T:22625 debug : ffmpeg[0x47849f8]: [matroska,webm] Unknown entry 0x22B59D at pos. 7374
2024-09-20 21:42:07.440 T:22625 debug : ffmpeg[0x47849f8]: [matroska,webm] Unknown entry 0x22B59D at pos. 7424
2024-09-20 21:42:07.440 T:22625 debug : ffmpeg[0x47849f8]: [matroska,webm] Unknown entry 0x22B59D at pos. 7474
2024-09-20 21:42:07.440 T:22625 debug : ffmpeg[0x47849f8]: [matroska,webm] Unknown entry 0x22B59D at pos. 7524
2024-09-20 21:42:07.440 T:22625 debug : ffmpeg[0x47849f8]: [matroska,webm] Unknown entry 0x22B59D at pos. 7596
2024-09-20 21:42:07.440 T:22625 debug : ffmpeg[0x47849f8]: [matroska,webm] Unknown entry 0x22B59D at pos. 7662
2024-09-20 21:42:07.440 T:22625 debug : ffmpeg[0x47849f8]: [matroska,webm] Unknown entry 0x437D at pos. 10677
2024-09-20 21:42:07.440 T:22625 debug : ffmpeg[0x47849f8]: [matroska,webm] Unknown entry 0x437D at pos. 10724
2024-09-20 21:42:07.440 T:22625 debug : ffmpeg[0x47849f8]: [matroska,webm] Unknown entry 0x437D at pos. 10771
2024-09-20 21:42:07.440 T:22625 debug : ffmpeg[0x47849f8]: [matroska,webm] Unknown entry 0x437D at pos. 10820
2024-09-20 21:42:07.440 T:22625 debug : ffmpeg[0x47849f8]: [matroska,webm] Unknown entry 0x437D at pos. 10870
2024-09-20 21:42:07.440 T:22625 debug : ffmpeg[0x47849f8]: [matroska,webm] Unknown entry 0x437D at pos. 10921
2024-09-20 21:42:07.440 T:22625 debug : ffmpeg[0x47849f8]: [matroska,webm] Unknown entry 0x437D at pos. 10976
2024-09-20 21:42:07.440 T:22625 debug : ffmpeg[0x47849f8]: [matroska,webm] Unknown entry 0x437D at pos. 11033
2024-09-20 21:42:07.440 T:22625 debug : ffmpeg[0x47849f8]: [matroska,webm] Unknown entry 0x437D at pos. 11096
2024-09-20 21:42:07.440 T:22625 debug : ffmpeg[0x47849f8]: [matroska,webm] Unknown entry 0x437D at pos. 11147
2024-09-20 21:42:07.440 T:22625 debug : ffmpeg[0x47849f8]: [matroska,webm] Unknown entry 0x437D at pos. 11204
2024-09-20 21:42:07.440 T:22625 debug : ffmpeg[0x47849f8]: [matroska,webm] Unknown entry 0x437D at pos. 11262
2024-09-20 21:42:07.440 T:22625 debug : ffmpeg[0x47849f8]: [matroska,webm] Unknown entry 0x437D at pos. 11311
2024-09-20 21:42:07.440 T:22625 debug : ffmpeg[0x47849f8]: [matroska,webm] Unknown entry 0x437D at pos. 11372
2024-09-20 21:42:07.440 T:22625 debug : ffmpeg[0x47849f8]: [matroska,webm] Unknown entry 0x437D at pos. 11431
2024-09-20 21:42:07.440 T:22625 debug : ffmpeg[0x47849f8]: [matroska,webm] Unknown entry 0x437D at pos. 11483
2024-09-20 21:42:07.440 T:22625 debug : ffmpeg[0x47849f8]: [matroska,webm] Unknown entry 0x437D at pos. 11550
2024-09-20 21:42:07.440 T:22625 debug : ffmpeg[0x47849f8]: [matroska,webm] Unknown entry 0x437D at pos. 11606
2024-09-20 21:42:07.441 T:22625 debug : ffmpeg[0x47849f8]: [matroska,webm] Unknown entry 0x437D at pos. 11668
2024-09-20 21:42:07.441 T:22625 debug : ffmpeg[0x47849f8]: [matroska,webm] Unknown entry 0x437D at pos. 11726
2024-09-20 21:42:07.441 T:22625 debug : ffmpeg[0x47849f8]: [matroska,webm] Unknown entry 0x437D at pos. 11780
2024-09-20 21:42:07.441 T:22625 debug : ffmpeg[0x47849f8]: [matroska,webm] Unknown entry 0x437D at pos. 11837
2024-09-20 21:42:07.441 T:22625 debug : ffmpeg[0x47849f8]: [matroska,webm] Unknown entry 0x437D at pos. 11898
2024-09-20 21:42:07.441 T:22625 debug : ffmpeg[0x47849f8]: [matroska,webm] Unknown entry 0x437D at pos. 11951
2024-09-20 21:42:07.441 T:22625 debug : ffmpeg[0x47849f8]: [matroska,webm] Unknown entry 0x437D at pos. 12008
2024-09-20 21:42:07.441 T:22625 debug : ffmpeg[0x47849f8]: [matroska,webm] Unknown entry 0x437D at pos. 12073
2024-09-20 21:42:07.441 T:22625 debug : ffmpeg[0x47849f8]: [matroska,webm] Unknown entry 0x437D at pos. 12134
2024-09-20 21:42:07.441 T:22625 debug : ffmpeg[0x47849f8]: [matroska,webm] Unknown entry 0x437D at pos. 12185
2024-09-20 21:42:07.441 T:22625 debug : ffmpeg[0x47849f8]: [matroska,webm] Unknown entry 0x437D at pos. 12243
2024-09-20 21:42:07.441 T:22625 debug : ffmpeg[0x47849f8]: [matroska,webm] Unknown entry 0x437D at pos. 12302
2024-09-20 21:42:07.441 T:22625 debug : ffmpeg[0x47849f8]: [matroska,webm] Unknown entry 0x437D at pos. 12359
2024-09-20 21:42:07.441 T:22625 debug : ffmpeg[0x47849f8]: [matroska,webm] Unknown entry 0x437D at pos. 12413
2024-09-20 21:42:07.441 T:22625 debug : ffmpeg[0x47849f8]: [matroska,webm] Unknown entry 0x437D at pos. 12466
2024-09-20 21:42:07.441 T:22625 debug : ffmpeg[0x47849f8]: [matroska,webm] Unknown entry 0x437D at pos. 12526
2024-09-20 21:42:07.441 T:22625 debug : ffmpeg[0x47849f8]: [matroska,webm] Unknown entry 0x437D at pos. 12578
2024-09-20 21:42:07.441 T:22625 debug : ffmpeg[0x47849f8]: [matroska,webm] Unknown entry 0x437D at pos. 12623
2024-09-20 21:42:07.441 T:22625 debug : ffmpeg[0x47849f8]: [matroska,webm] Unknown entry 0x437D at pos. 12666
2024-09-20 21:42:07.441 T:22625 debug : ffmpeg[0x47849f8]: [matroska,webm] Unknown entry 0x437D at pos. 12713
2024-09-20 21:42:07.441 T:22626 debug : easy_acquire - Created session to https://redacted.plex.direct
2024-09-20 21:42:07.441 T:22626 debug : CurlFile::CReadState::Connect - (0xce4717e0) Resume from position 72129591159
2024-09-20 21:42:07.489 T:22626 debug : CDoubleCache::Reset - (0xcbdcd940) Cache miss for 72129591159 with new=0-0 and old=0-32768
2024-09-20 21:42:07.489 T:22626 debug : CFileCache::Process - cache completely reset for seek to position 72129591159
2024-09-20 21:42:07.489 T:22625 debug : CFileCache::Seek - waiting for position 72129701441
2024-09-20 21:42:07.490 T:22625 debug : ffmpeg[0x47849f8]: [matroska,webm] Unknown entry 0x447B at pos. 72129703528
2024-09-20 21:42:07.490 T:22625 debug : ffmpeg[0x47849f8]: [matroska,webm] Unknown entry 0x447B at pos. 72129703894
2024-09-20 21:42:07.490 T:22625 debug : ffmpeg[0x47849f8]: [matroska,webm] Unknown entry 0x447B at pos. 72129704264
2024-09-20 21:42:07.490 T:22626 debug : CFileCache::Process - source read hit eof
2024-09-20 21:42:07.490 T:22625 debug : ffmpeg[0x47849f8]: [matroska,webm] Unknown entry 0x447B at pos. 72129704631
2024-09-20 21:42:07.490 T:22625 debug : ffmpeg[0x47849f8]: [matroska,webm] Unknown entry 0x447B at pos. 72129704994
2024-09-20 21:42:07.490 T:22625 debug : ffmpeg[0x47849f8]: [matroska,webm] Unknown entry 0x447B at pos. 72129705355
2024-09-20 21:42:07.490 T:22625 debug : ffmpeg[0x47849f8]: [matroska,webm] Unknown entry 0x447B at pos. 72129705710
2024-09-20 21:42:07.490 T:22625 debug : ffmpeg[0x47849f8]: [matroska,webm] Unknown entry 0x447B at pos. 72129706067
2024-09-20 21:42:07.490 T:22625 debug : ffmpeg[0x47849f8]: [matroska,webm] Unknown entry 0x447B at pos. 72129706430
2024-09-20 21:42:07.490 T:22625 debug : ffmpeg[0x47849f8]: [matroska,webm] Unknown entry 0x447B at pos. 72129706793
2024-09-20 21:42:07.490 T:22625 debug : ffmpeg[0x47849f8]: [matroska,webm] Unknown entry 0x447B at pos. 72129707156
