2024-09-20 21:42:01.525 T:22521 debug : ffmpeg[0x3b77dd0]: [mjpeg] class=1 index=1 nb_codes=27
2024-09-20 21:42:01.525 T:22599 debug : ffmpeg[0x345cbc0]: [mjpeg] marker=da avail_size_in_buf=34286
2024-09-20 21:42:01.525 T:22521 debug : ffmpeg[0x3b77dd0]: [mjpeg] marker parser used 175 bytes (1400 bits)
2024-09-20 21:42:01.525 T:22599 debug : ffmpeg[0x345cbc0]: [mjpeg] component: 1
2024-09-20 21:42:01.525 T:22521 debug : ffmpeg[0x3b77dd0]: [mjpeg] marker=c0 avail_size_in_buf=45451
2024-09-20 21:42:01.525 T:22599 debug : ffmpeg[0x345cbc0]: [mjpeg] component: 2
2024-09-20 21:42:01.525 T:22521 debug : ffmpeg[0x3b77dd0]: [mjpeg] Changing bps from 0 to 8
2024-09-20 21:42:01.525 T:22599 debug : ffmpeg[0x345cbc0]: [mjpeg] component: 3
2024-09-20 21:42:01.525 T:22521 debug : ffmpeg[0x3b77dd0]: [mjpeg] sof0: picture: 464x696
2024-09-20 21:42:01.525 T:22521 debug : ffmpeg[0x3b77dd0]: [mjpeg] component 0 2:2 id: 1 quant:0
2024-09-20 21:42:01.525 T:22521 debug : ffmpeg[0x3b77dd0]: [mjpeg] component 1 1:1 id: 2 quant:0
2024-09-20 21:42:01.525 T:22521 debug : ffmpeg[0x3b77dd0]: [mjpeg] component 2 1:1 id: 3 quant:0
2024-09-20 21:42:01.525 T:22521 debug : ffmpeg[0x3b77dd0]: [mjpeg] pix fmt id 22111100
2024-09-20 21:42:01.525 T:22521 debug : ffmpeg[0x3b77dd0]: [mjpeg] Format yuvj420p chosen by get_format().
2024-09-20 21:42:01.525 T:22521 debug : ffmpeg[0x3b77dd0]: [mjpeg] marker parser used 17 bytes (136 bits)
2024-09-20 21:42:01.525 T:22521 debug : ffmpeg[0x3b77dd0]: [mjpeg] escaping removed 157 bytes
2024-09-20 21:42:01.525 T:22521 debug : ffmpeg[0x3b77dd0]: [mjpeg] marker=da avail_size_in_buf=45432
2024-09-20 21:42:01.525 T:22521 debug : ffmpeg[0x3b77dd0]: [mjpeg] component: 1
2024-09-20 21:42:01.525 T:22521 debug : ffmpeg[0x3b77dd0]: [mjpeg] component: 2
2024-09-20 21:42:01.525 T:22521 debug : ffmpeg[0x3b77dd0]: [mjpeg] component: 3
2024-09-20 21:42:01.525 T:22556 debug : ffmpeg[0x3e09900]: [mjpeg] marker=d8 avail_size_in_buf=71340
2024-09-20 21:42:01.525 T:22556 debug : ffmpeg[0x3e09900]: [mjpeg] marker parser used 0 bytes (0 bits)
2024-09-20 21:42:01.525 T:22556 debug : ffmpeg[0x3e09900]: [mjpeg] marker=fe avail_size_in_buf=71338
2024-09-20 21:42:01.525 T:22556 debug : ffmpeg[0x3e09900]: [mjpeg] marker parser used 15 bytes (120 bits)
2024-09-20 21:42:01.526 T:22556 debug : ffmpeg[0x3e09900]: [mjpeg] marker=db avail_size_in_buf=71321
2024-09-20 21:42:01.526 T:22556 debug : ffmpeg[0x3e09900]: [mjpeg] index=0
2024-09-20 21:42:01.526 T:22556 debug : ffmpeg[0x3e09900]: [mjpeg] qscale[0]: 5
2024-09-20 21:42:01.526 T:22556 debug : ffmpeg[0x3e09900]: [mjpeg] marker parser used 67 bytes (536 bits)
2024-09-20 21:42:01.526 T:22556 debug : ffmpeg[0x3e09900]: [mjpeg] marker=c4 avail_size_in_buf=71252
2024-09-20 21:42:01.526 T:22556 debug : ffmpeg[0x3e09900]: [mjpeg] class=0 index=0 nb_codes=9
2024-09-20 21:42:01.526 T:22556 debug : ffmpeg[0x3e09900]: [mjpeg] class=0 index=1 nb_codes=7
2024-09-20 21:42:01.526 T:22556 debug : ffmpeg[0x3e09900]: [mjpeg] class=1 index=0 nb_codes=61
2024-09-20 21:42:01.526 T:22556 debug : ffmpeg[0x3e09900]: [mjpeg] class=1 index=1 nb_codes=38
2024-09-20 21:42:01.526 T:22556 debug : ffmpeg[0x3e09900]: [mjpeg] marker parser used 185 bytes (1480 bits)
2024-09-20 21:42:01.526 T:22556 debug : ffmpeg[0x3e09900]: [mjpeg] marker=c0 avail_size_in_buf=71065
2024-09-20 21:42:01.526 T:22556 debug : ffmpeg[0x3e09900]: [mjpeg] Changing bps from 0 to 8
2024-09-20 21:42:01.526 T:22556 debug : ffmpeg[0x3e09900]: [mjpeg] sof0: picture: 464x696
2024-09-20 21:42:01.526 T:22556 debug : ffmpeg[0x3e09900]: [mjpeg] component 0 2:2 id: 1 quant:0
2024-09-20 21:42:01.526 T:22556 debug : ffmpeg[0x3e09900]: [mjpeg] component 1 1:1 id: 2 quant:0
2024-09-20 21:42:01.526 T:22556 debug : ffmpeg[0x3e09900]: [mjpeg] component 2 1:1 id: 3 quant:0
2024-09-20 21:42:01.526 T:22556 debug : ffmpeg[0x3e09900]: [mjpeg] pix fmt id 22111100
2024-09-20 21:42:01.526 T:22556 debug : ffmpeg[0x3e09900]: [mjpeg] Format yuvj420p chosen by get_format().
2024-09-20 21:42:01.526 T:22556 debug : ffmpeg[0x3e09900]: [mjpeg] marker parser used 17 bytes (136 bits)
2024-09-20 21:42:01.526 T:22556 debug : ffmpeg[0x3e09900]: [mjpeg] escaping removed 263 bytes
2024-09-20 21:42:01.526 T:22556 debug : ffmpeg[0x3e09900]: [mjpeg] marker=da avail_size_in_buf=71046
2024-09-20 21:42:01.526 T:22556 debug : ffmpeg[0x3e09900]: [mjpeg] component: 1
2024-09-20 21:42:01.526 T:22556 debug : ffmpeg[0x3e09900]: [mjpeg] component: 2
2024-09-20 21:42:01.526 T:22556 debug : ffmpeg[0x3e09900]: [mjpeg] component: 3
2024-09-20 21:42:01.527 T:22599 debug : ffmpeg[0x345cbc0]: [mjpeg] marker parser used 34187 bytes (273492 bits)
2024-09-20 21:42:01.527 T:22599 debug : ffmpeg[0x345cbc0]: [mjpeg] marker=d9 avail_size_in_buf=0
2024-09-20 21:42:01.527 T:22599 debug : ffmpeg[0x345cbc0]: [mjpeg] decode frame unused 0 bytes
2024-09-20 21:42:01.527 T:22521 debug : ffmpeg[0x3b77dd0]: [mjpeg] marker parser used 45274 bytes (362185 bits)
2024-09-20 21:42:01.527 T:22521 debug : ffmpeg[0x3b77dd0]: [mjpeg] marker=d9 avail_size_in_buf=0
2024-09-20 21:42:01.527 T:22521 debug : ffmpeg[0x3b77dd0]: [mjpeg] decode frame unused 0 bytes
2024-09-20 21:42:01.529 T:22556 debug : ffmpeg[0x3e09900]: [mjpeg] marker parser used 70782 bytes (566255 bits)
2024-09-20 21:42:01.529 T:22556 debug : ffmpeg[0x3e09900]: [mjpeg] marker=d9 avail_size_in_buf=0
2024-09-20 21:42:01.529 T:22556 debug : ffmpeg[0x3e09900]: [mjpeg] decode frame unused 0 bytes
2024-09-20 21:42:02.119 T:3986 debug : PushCecKeypress - received key a7 duration 0
2024-09-20 21:42:02.129 T:3922 debug : HandleKey: 167 (0xa7, obc88) pressed, window 13005, action is Down
2024-09-20 21:42:02.186 T:3986 debug : PushCecKeypress - received key a7 duration 71
2024-09-20 21:42:02.508 T:3986 debug : PushCecKeypress - received key a7 duration 0
2024-09-20 21:42:02.513 T:3922 debug : HandleKey: 167 (0xa7, obc88) pressed, window 13005, action is Down
2024-09-20 21:42:02.580 T:3986 debug : PushCecKeypress - received key a7 duration 71
2024-09-20 21:42:02.602 T:22556 debug : ffmpeg[0x3e09900]: [mjpeg] marker=d8 avail_size_in_buf=63728
2024-09-20 21:42:02.602 T:22521 debug : ffmpeg[0x3b77dd0]: [mjpeg] marker=d8 avail_size_in_buf=49883
2024-09-20 21:42:02.602 T:22556 debug : ffmpeg[0x3e09900]: [mjpeg] marker parser used 0 bytes (0 bits)
2024-09-20 21:42:02.602 T:22521 debug : ffmpeg[0x3b77dd0]: [mjpeg] marker parser used 0 bytes (0 bits)
2024-09-20 21:42:02.602 T:22556 debug : ffmpeg[0x3e09900]: [mjpeg] marker=fe avail_size_in_buf=63726
2024-09-20 21:42:02.602 T:22521 debug : ffmpeg[0x3b77dd0]: [mjpeg] marker=fe avail_size_in_buf=49881
2024-09-20 21:42:02.602 T:22556 debug : ffmpeg[0x3e09900]: [mjpeg] marker parser used 15 bytes (120 bits)
2024-09-20 21:42:02.603 T:22521 debug : ffmpeg[0x3b77dd0]: [mjpeg] marker parser used 15 bytes (120 bits)
2024-09-20 21:42:02.603 T:22556 debug : ffmpeg[0x3e09900]: [mjpeg] marker=db avail_size_in_buf=63709
2024-09-20 21:42:02.603 T:22521 debug : ffmpeg[0x3b77dd0]: [mjpeg] marker=db avail_size_in_buf=49864
2024-09-20 21:42:02.603 T:22556 debug : ffmpeg[0x3e09900]: [mjpeg] index=0
2024-09-20 21:42:02.603 T:22521 debug : ffmpeg[0x3b77dd0]: [mjpeg] index=0
2024-09-20 21:42:02.603 T:22556 debug : ffmpeg[0x3e09900]: [mjpeg] qscale[0]: 5
2024-09-20 21:42:02.603 T:22521 debug : ffmpeg[0x3b77dd0]: [mjpeg] qscale[0]: 5
2024-09-20 21:42:02.603 T:22556 debug : ffmpeg[0x3e09900]: [mjpeg] marker parser used 67 bytes (536 bits)
2024-09-20 21:42:02.603 T:22521 debug : ffmpeg[0x3b77dd0]: [mjpeg] marker parser used 67 bytes (536 bits)
2024-09-20 21:42:02.603 T:22556 debug : ffmpeg[0x3e09900]: [mjpeg] marker=c4 avail_size_in_buf=63640
2024-09-20 21:42:02.603 T:22521 debug : ffmpeg[0x3b77dd0]: [mjpeg] marker=c4 avail_size_in_buf=49795
2024-09-20 21:42:02.603 T:22556 debug : ffmpeg[0x3e09900]: [mjpeg] class=0 index=0 nb_codes=9
2024-09-20 21:42:02.603 T:22521 debug : ffmpeg[0x3b77dd0]: [mjpeg] class=0 index=0 nb_codes=9
2024-09-20 21:42:02.603 T:22556 debug : ffmpeg[0x3e09900]: [mjpeg] class=0 index=1 nb_codes=8
2024-09-20 21:42:02.603 T:22521 debug : ffmpeg[0x3b77dd0]: [mjpeg] class=0 index=1 nb_codes=7
2024-09-20 21:42:02.603 T:22556 debug : ffmpeg[0x3e09900]: [mjpeg] class=1 index=0 nb_codes=59
2024-09-20 21:42:02.603 T:22521 debug : ffmpeg[0x3b77dd0]: [mjpeg] class=1 index=0 nb_codes=68
2024-09-20 21:42:02.603 T:22556 debug : ffmpeg[0x3e09900]: [mjpeg] class=1 index=1 nb_codes=39
2024-09-20 21:42:02.603 T:22521 debug : ffmpeg[0x3b77dd0]: [mjpeg] class=1 index=1 nb_codes=47
2024-09-20 21:42:02.603 T:22556 debug : ffmpeg[0x3e09900]: [mjpeg] marker parser used 185 bytes (1480 bits)
2024-09-20 21:42:02.603 T:22521 debug : ffmpeg[0x3b77dd0]: [mjpeg] marker parser used 201 bytes (1608 bits)
2024-09-20 21:42:02.603 T:22556 debug : ffmpeg[0x3e09900]: [mjpeg] marker=c0 avail_size_in_buf=63453
2024-09-20 21:42:02.603 T:22521 debug : ffmpeg[0x3b77dd0]: [mjpeg] marker=c0 avail_size_in_buf=49592
2024-09-20 21:42:02.603 T:22556 debug : ffmpeg[0x3e09900]: [mjpeg] Changing bps from 0 to 8
2024-09-20 21:42:02.603 T:22521 debug : ffmpeg[0x3b77dd0]: [mjpeg] Changing bps from 0 to 8
2024-09-20 21:42:02.603 T:22556 debug : ffmpeg[0x3e09900]: [mjpeg] sof0: picture: 464x696
2024-09-20 21:42:02.603 T:22521 debug : ffmpeg[0x3b77dd0]: [mjpeg] sof0: picture: 464x696
2024-09-20 21:42:02.603 T:22556 debug : ffmpeg[0x3e09900]: [mjpeg] component 0 2:2 id: 1 quant:0
2024-09-20 21:42:02.603 T:22521 debug : ffmpeg[0x3b77dd0]: [mjpeg] component 0 2:2 id: 1 quant:0
2024-09-20 21:42:02.603 T:22556 debug : ffmpeg[0x3e09900]: [mjpeg] component 1 1:1 id: 2 quant:0
2024-09-20 21:42:02.603 T:22521 debug : ffmpeg[0x3b77dd0]: [mjpeg] component 1 1:1 id: 2 quant:0
2024-09-20 21:42:02.603 T:22556 debug : ffmpeg[0x3e09900]: [mjpeg] component 2 1:1 id: 3 quant:0
2024-09-20 21:42:02.603 T:22521 debug : ffmpeg[0x3b77dd0]: [mjpeg] component 2 1:1 id: 3 quant:0
2024-09-20 21:42:02.603 T:22556 debug : ffmpeg[0x3e09900]: [mjpeg] pix fmt id 22111100
2024-09-20 21:42:02.603 T:22521 debug : ffmpeg[0x3b77dd0]: [mjpeg] pix fmt id 22111100
2024-09-20 21:42:02.603 T:22556 debug : ffmpeg[0x3e09900]: [mjpeg] Format yuvj420p chosen by get_format().
2024-09-20 21:42:02.603 T:22521 debug : ffmpeg[0x3b77dd0]: [mjpeg] Format yuvj420p chosen by get_format().
2024-09-20 21:42:02.603 T:22599 debug : ffmpeg[0x345cbc0]: [mjpeg] marker=d8 avail_size_in_buf=48869
2024-09-20 21:42:02.603 T:22599 debug : ffmpeg[0x345cbc0]: [mjpeg] marker parser used 0 bytes (0 bits)
2024-09-20 21:42:02.603 T:22599 debug : ffmpeg[0x345cbc0]: [mjpeg] marker=fe avail_size_in_buf=48867
2024-09-20 21:42:02.603 T:22599 debug : ffmpeg[0x345cbc0]: [mjpeg] marker parser used 15 bytes (120 bits)
2024-09-20 21:42:02.603 T:22599 debug : ffmpeg[0x345cbc0]: [mjpeg] marker=db avail_size_in_buf=48850
2024-09-20 21:42:02.603 T:22599 debug : ffmpeg[0x345cbc0]: [mjpeg] index=0
2024-09-20 21:42:02.603 T:22599 debug : ffmpeg[0x345cbc0]: [mjpeg] qscale[0]: 5
2024-09-20 21:42:02.603 T:22599 debug : ffmpeg[0x345cbc0]: [mjpeg] marker parser used 67 bytes (536 bits)
2024-09-20 21:42:02.603 T:22599 debug : ffmpeg[0x345cbc0]: [mjpeg] marker=c4 avail_size_in_buf=48781
2024-09-20 21:42:02.603 T:22599 debug : ffmpeg[0x345cbc0]: [mjpeg] class=0 index=0 nb_codes=9
2024-09-20 21:42:02.603 T:22521 debug : ffmpeg[0x3b77dd0]: [mjpeg] marker parser used 17 bytes (136 bits)
2024-09-20 21:42:02.603 T:22599 debug : ffmpeg[0x345cbc0]: [mjpeg] class=0 index=1 nb_codes=8
2024-09-20 21:42:02.603 T:22556 debug : ffmpeg[0x3e09900]: [mjpeg] marker parser used 17 bytes (136 bits)
2024-09-20 21:42:02.603 T:22599 debug : ffmpeg[0x345cbc0]: [mjpeg] class=1 index=0 nb_codes=68
2024-09-20 21:42:02.603 T:22521 debug : ffmpeg[0x3b77dd0]: [mjpeg] escaping removed 187 bytes
2024-09-20 21:42:02.603 T:22521 debug : ffmpeg[0x3b77dd0]: [mjpeg] marker=da avail_size_in_buf=49573
2024-09-20 21:42:02.603 T:22599 debug : ffmpeg[0x345cbc0]: [mjpeg] class=1 index=1 nb_codes=49
2024-09-20 21:42:02.603 T:22521 debug : ffmpeg[0x3b77dd0]: [mjpeg] component: 1
2024-09-20 21:42:02.603 T:22521 debug : ffmpeg[0x3b77dd0]: [mjpeg] component: 2
2024-09-20 21:42:02.603 T:22599 debug : ffmpeg[0x345cbc0]: [mjpeg] marker parser used 204 bytes (1632 bits)
2024-09-20 21:42:02.603 T:22521 debug : ffmpeg[0x3b77dd0]: [mjpeg] component: 3
2024-09-20 21:42:02.603 T:22556 debug : ffmpeg[0x3e09900]: [mjpeg] escaping removed 240 bytes
2024-09-20 21:42:02.603 T:22599 debug : ffmpeg[0x345cbc0]: [mjpeg] marker=c0 avail_size_in_buf=48575
2024-09-20 21:42:02.603 T:22556 debug : ffmpeg[0x3e09900]: [mjpeg] marker=da avail_size_in_buf=63434
2024-09-20 21:42:02.603 T:22599 debug : ffmpeg[0x345cbc0]: [mjpeg] Changing bps from 0 to 8
2024-09-20 21:42:02.603 T:22556 debug : ffmpeg[0x3e09900]: [mjpeg] component: 1
2024-09-20 21:42:02.603 T:22599 debug : ffmpeg[0x345cbc0]: [mjpeg] sof0: picture: 464x696
2024-09-20 21:42:02.604 T:22556 debug : ffmpeg[0x3e09900]: [mjpeg] component: 2
2024-09-20 21:42:02.604 T:22599 debug : ffmpeg[0x345cbc0]: [mjpeg] component 0 2:2 id: 1 quant:0
2024-09-20 21:42:02.604 T:22556 debug : ffmpeg[0x3e09900]: [mjpeg] component: 3
2024-09-20 21:42:02.604 T:22599 debug : ffmpeg[0x345cbc0]: [mjpeg] component 1 1:1 id: 2 quant:0
2024-09-20 21:42:02.604 T:22599 debug : ffmpeg[0x345cbc0]: [mjpeg] component 2 1:1 id: 3 quant:0
2024-09-20 21:42:02.604 T:22599 debug : ffmpeg[0x345cbc0]: [mjpeg] pix fmt id 22111100
2024-09-20 21:42:02.604 T:22599 debug : ffmpeg[0x345cbc0]: [mjpeg] Format yuvj420p chosen by get_format().
2024-09-20 21:42:02.604 T:22599 debug : ffmpeg[0x345cbc0]: [mjpeg] marker parser used 17 bytes (136 bits)
2024-09-20 21:42:02.604 T:22599 debug : ffmpeg[0x345cbc0]: [mjpeg] escaping removed 147 bytes
2024-09-20 21:42:02.604 T:22599 debug : ffmpeg[0x345cbc0]: [mjpeg] marker=da avail_size_in_buf=48556
2024-09-20 21:42:02.604 T:22599 debug : ffmpeg[0x345cbc0]: [mjpeg] component: 1
2024-09-20 21:42:02.604 T:22599 debug : ffmpeg[0x345cbc0]: [mjpeg] component: 2
2024-09-20 21:42:02.604 T:22599 debug : ffmpeg[0x345cbc0]: [mjpeg] component: 3
2024-09-20 21:42:02.604 T:22557 debug : ffmpeg[0x3178c68]: [mjpeg] marker=d8 avail_size_in_buf=23780
2024-09-20 21:42:02.604 T:22557 debug : ffmpeg[0x3178c68]: [mjpeg] marker parser used 0 bytes (0 bits)
2024-09-20 21:42:02.604 T:22557 debug : ffmpeg[0x3178c68]: [mjpeg] marker=fe avail_size_in_buf=23778
2024-09-20 21:42:02.605 T:22557 debug : ffmpeg[0x3178c68]: [mjpeg] marker parser used 15 bytes (120 bits)
2024-09-20 21:42:02.605 T:22557 debug : ffmpeg[0x3178c68]: [mjpeg] marker=db avail_size_in_buf=23761
2024-09-20 21:42:02.605 T:22557 debug : ffmpeg[0x3178c68]: [mjpeg] index=0
2024-09-20 21:42:02.605 T:22557 debug : ffmpeg[0x3178c68]: [mjpeg] qscale[0]: 5
2024-09-20 21:42:02.605 T:22557 debug : ffmpeg[0x3178c68]: [mjpeg] marker parser used 67 bytes (536 bits)
2024-09-20 21:42:02.605 T:22557 debug : ffmpeg[0x3178c68]: [mjpeg] marker=c4 avail_size_in_buf=23692
2024-09-20 21:42:02.605 T:22557 debug : ffmpeg[0x3178c68]: [mjpeg] class=0 index=0 nb_codes=9
2024-09-20 21:42:02.605 T:22557 debug : ffmpeg[0x3178c68]: [mjpeg] class=0 index=1 nb_codes=7
2024-09-20 21:42:02.605 T:22557 debug : ffmpeg[0x3178c68]: [mjpeg] class=1 index=0 nb_codes=55
2024-09-20 21:42:02.605 T:22557 debug : ffmpeg[0x3178c68]: [mjpeg] class=1 index=1 nb_codes=33
2024-09-20 21:42:02.605 T:22557 debug : ffmpeg[0x3178c68]: [mjpeg] marker parser used 174 bytes (1392 bits)
2024-09-20 21:42:02.605 T:22557 debug : ffmpeg[0x3178c68]: [mjpeg] marker=c0 avail_size_in_buf=23516
2024-09-20 21:42:02.605 T:22557 debug : ffmpeg[0x3178c68]: [mjpeg] Changing bps from 0 to 8
2024-09-20 21:42:02.605 T:22557 debug : ffmpeg[0x3178c68]: [mjpeg] sof0: picture: 464x696
2024-09-20 21:42:02.605 T:22557 debug : ffmpeg[0x3178c68]: [mjpeg] component 0 2:2 id: 1 quant:0
2024-09-20 21:42:02.605 T:22557 debug : ffmpeg[0x3178c68]: [mjpeg] component 1 1:1 id: 2 quant:0
2024-09-20 21:42:02.605 T:22557 debug : ffmpeg[0x3178c68]: [mjpeg] component 2 1:1 id: 3 quant:0
2024-09-20 21:42:02.605 T:22557 debug : ffmpeg[0x3178c68]: [mjpeg] pix fmt id 22111100
2024-09-20 21:42:02.605 T:22557 debug : ffmpeg[0x3178c68]: [mjpeg] Format yuvj420p chosen by get_format().
2024-09-20 21:42:02.605 T:22557 debug : ffmpeg[0x3178c68]: [mjpeg] marker parser used 17 bytes (136 bits)
2024-09-20 21:42:02.605 T:22557 debug : ffmpeg[0x3178c68]: [mjpeg] escaping removed 104 bytes
2024-09-20 21:42:02.605 T:22557 debug : ffmpeg[0x3178c68]: [mjpeg] marker=da avail_size_in_buf=23497
2024-09-20 21:42:02.605 T:22557 debug : ffmpeg[0x3178c68]: [mjpeg] component: 1
2024-09-20 21:42:02.605 T:22557 debug : ffmpeg[0x3178c68]: [mjpeg] component: 2
2024-09-20 21:42:02.605 T:22557 debug : ffmpeg[0x3178c68]: [mjpeg] component: 3
2024-09-20 21:42:02.606 T:22521 debug : ffmpeg[0x3b77dd0]: [mjpeg] marker parser used 49385 bytes (395079 bits)
2024-09-20 21:42:02.606 T:22521 debug : ffmpeg[0x3b77dd0]: [mjpeg] marker=d9 avail_size_in_buf=0
2024-09-20 21:42:02.606 T:22521 debug : ffmpeg[0x3b77dd0]: [mjpeg] decode frame unused 0 bytes
2024-09-20 21:42:02.606 T:22599 debug : ffmpeg[0x345cbc0]: [mjpeg] marker parser used 48408 bytes (387264 bits)
2024-09-20 21:42:02.606 T:22599 debug : ffmpeg[0x345cbc0]: [mjpeg] marker=d9 avail_size_in_buf=0
2024-09-20 21:42:02.606 T:22599 debug : ffmpeg[0x345cbc0]: [mjpeg] decode frame unused 0 bytes
2024-09-20 21:42:02.606 T:22556 debug : ffmpeg[0x3e09900]: [mjpeg] marker parser used 63193 bytes (505541 bits)
2024-09-20 21:42:02.606 T:22556 debug : ffmpeg[0x3e09900]: [mjpeg] marker=d9 avail_size_in_buf=0
2024-09-20 21:42:02.606 T:22556 debug : ffmpeg[0x3e09900]: [mjpeg] decode frame unused 0 bytes
2024-09-20 21:42:02.608 T:22521 debug : ffmpeg[0x3b77dd0]: [mjpeg] marker=d8 avail_size_in_buf=20441
2024-09-20 21:42:02.608 T:22556 debug : ffmpeg[0x3e09900]: [mjpeg] marker=d8 avail_size_in_buf=33170
2024-09-20 21:42:02.608 T:22521 debug : ffmpeg[0x3b77dd0]: [mjpeg] marker parser used 0 bytes (0 bits)
2024-09-20 21:42:02.608 T:22556 debug : ffmpeg[0x3e09900]: [mjpeg] marker parser used 0 bytes (0 bits)
2024-09-20 21:42:02.608 T:22521 debug : ffmpeg[0x3b77dd0]: [mjpeg] marker=fe avail_size_in_buf=20439
2024-09-20 21:42:02.608 T:22556 debug : ffmpeg[0x3e09900]: [mjpeg] marker=fe avail_size_in_buf=33168
2024-09-20 21:42:02.609 T:22521 debug : ffmpeg[0x3b77dd0]: [mjpeg] marker parser used 15 bytes (120 bits)
2024-09-20 21:42:02.609 T:22556 debug : ffmpeg[0x3e09900]: [mjpeg] marker parser used 15 bytes (120 bits)
2024-09-20 21:42:02.609 T:22521 debug : ffmpeg[0x3b77dd0]: [mjpeg] marker=db avail_size_in_buf=20422
2024-09-20 21:42:02.609 T:22556 debug : ffmpeg[0x3e09900]: [mjpeg] marker=db avail_size_in_buf=33151
2024-09-20 21:42:02.609 T:22521 debug : ffmpeg[0x3b77dd0]: [mjpeg] index=0
2024-09-20 21:42:02.609 T:22556 debug : ffmpeg[0x3e09900]: [mjpeg] index=0
2024-09-20 21:42:02.609 T:22521 debug : ffmpeg[0x3b77dd0]: [mjpeg] qscale[0]: 5
2024-09-20 21:42:02.609 T:22556 debug : ffmpeg[0x3e09900]: [mjpeg] qscale[0]: 5
2024-09-20 21:42:02.609 T:22521 debug : ffmpeg[0x3b77dd0]: [mjpeg] marker parser used 67 bytes (536 bits)
2024-09-20 21:42:02.609 T:22556 debug : ffmpeg[0x3e09900]: [mjpeg] marker parser used 67 bytes (536 bits)
2024-09-20 21:42:02.609 T:22521 debug : ffmpeg[0x3b77dd0]: [mjpeg] marker=c4 avail_size_in_buf=20353
2024-09-20 21:42:02.609 T:22556 debug : ffmpeg[0x3e09900]: [mjpeg] marker=c4 avail_size_in_buf=33082
2024-09-20 21:42:02.609 T:22521 debug : ffmpeg[0x3b77dd0]: [mjpeg] class=0 index=0 nb_codes=9
2024-09-20 21:42:02.609 T:22556 debug : ffmpeg[0x3e09900]: [mjpeg] class=0 index=0 nb_codes=9
2024-09-20 21:42:02.609 T:22521 debug : ffmpeg[0x3b77dd0]: [mjpeg] class=0 index=1 nb_codes=7
2024-09-20 21:42:02.609 T:22556 debug : ffmpeg[0x3e09900]: [mjpeg] class=0 index=1 nb_codes=7
2024-09-20 21:42:02.609 T:22521 debug : ffmpeg[0x3b77dd0]: [mjpeg] class=1 index=0 nb_codes=62
2024-09-20 21:42:02.609 T:22556 debug : ffmpeg[0x3e09900]: [mjpeg] class=1 index=0 nb_codes=64
2024-09-20 21:42:02.609 T:22521 debug : ffmpeg[0x3b77dd0]: [mjpeg] class=1 index=1 nb_codes=45
2024-09-20 21:42:02.609 T:22556 debug : ffmpeg[0x3e09900]: [mjpeg] class=1 index=1 nb_codes=46
2024-09-20 21:42:02.609 T:22521 debug : ffmpeg[0x3b77dd0]: [mjpeg] marker parser used 193 bytes (1544 bits)
2024-09-20 21:42:02.609 T:22521 debug : ffmpeg[0x3b77dd0]: [mjpeg] marker=c0 avail_size_in_buf=20158
2024-09-20 21:42:02.609 T:22556 debug : ffmpeg[0x3e09900]: [mjpeg] marker parser used 196 bytes (1568 bits)
2024-09-20 21:42:02.609 T:22521 debug : ffmpeg[0x3b77dd0]: [mjpeg] Changing bps from 0 to 8
2024-09-20 21:42:02.609 T:22557 debug : ffmpeg[0x3178c68]: [mjpeg] marker parser used 23392 bytes (187129 bits)
2024-09-20 21:42:02.609 T:22556 debug : ffmpeg[0x3e09900]: [mjpeg] marker=c0 avail_size_in_buf=32884
2024-09-20 21:42:02.609 T:22521 debug : ffmpeg[0x3b77dd0]: [mjpeg] sof0: picture: 480x720
2024-09-20 21:42:02.609 T:22557 debug : ffmpeg[0x3178c68]: [mjpeg] marker=d9 avail_size_in_buf=0
2024-09-20 21:42:02.609 T:22556 debug : ffmpeg[0x3e09900]: [mjpeg] Changing bps from 0 to 8
2024-09-20 21:42:02.609 T:22521 debug : ffmpeg[0x3b77dd0]: [mjpeg] component 0 2:2 id: 1 quant:0
2024-09-20 21:42:02.609 T:22557 debug : ffmpeg[0x3178c68]: [mjpeg] decode frame unused 0 bytes
2024-09-20 21:42:02.609 T:22556 debug : ffmpeg[0x3e09900]: [mjpeg] sof0: picture: 464x696
2024-09-20 21:42:02.609 T:22521 debug : ffmpeg[0x3b77dd0]: [mjpeg] component 1 1:1 id: 2 quant:0
2024-09-20 21:42:02.609 T:22556 debug : ffmpeg[0x3e09900]: [mjpeg] component 0 2:2 id: 1 quant:0
2024-09-20 21:42:02.609 T:22521 debug : ffmpeg[0x3b77dd0]: [mjpeg] component 2 1:1 id: 3 quant:0
2024-09-20 21:42:02.609 T:22556 debug : ffmpeg[0x3e09900]: [mjpeg] component 1 1:1 id: 2 quant:0
2024-09-20 21:42:02.609 T:22521 debug : ffmpeg[0x3b77dd0]: [mjpeg] pix fmt id 22111100
2024-09-20 21:42:02.609 T:22556 debug : ffmpeg[0x3e09900]: [mjpeg] component 2 1:1 id: 3 quant:0
2024-09-20 21:42:02.609 T:22521 debug : ffmpeg[0x3b77dd0]: [mjpeg] Format yuvj420p chosen by get_format().
2024-09-20 21:42:02.609 T:22556 debug : ffmpeg[0x3e09900]: [mjpeg] pix fmt id 22111100
2024-09-20 21:42:02.609 T:22556 debug : ffmpeg[0x3e09900]: [mjpeg] Format yuvj420p chosen by get_format().
2024-09-20 21:42:02.609 T:22521 debug : ffmpeg[0x3b77dd0]: [mjpeg] marker parser used 17 bytes (136 bits)
2024-09-20 21:42:02.609 T:22521 debug : ffmpeg[0x3b77dd0]: [mjpeg] escaping removed 69 bytes
2024-09-20 21:42:02.609 T:22521 debug : ffmpeg[0x3b77dd0]: [mjpeg] marker=da avail_size_in_buf=20139
2024-09-20 21:42:02.609 T:22556 debug : ffmpeg[0x3e09900]: [mjpeg] marker parser used 17 bytes (136 bits)
2024-09-20 21:42:02.609 T:22521 debug : ffmpeg[0x3b77dd0]: [mjpeg] component: 1
2024-09-20 21:42:02.610 T:22521 debug : ffmpeg[0x3b77dd0]: [mjpeg] component: 2
2024-09-20 21:42:02.610 T:22521 debug : ffmpeg[0x3b77dd0]: [mjpeg] component: 3
2024-09-20 21:42:02.610 T:22556 debug : ffmpeg[0x3e09900]: [mjpeg] escaping removed 84 bytes
2024-09-20 21:42:02.610 T:22556 debug : ffmpeg[0x3e09900]: [mjpeg] marker=da avail_size_in_buf=32865
2024-09-20 21:42:02.610 T:22556 debug : ffmpeg[0x3e09900]: [mjpeg] component: 1
2024-09-20 21:42:02.610 T:22556 debug : ffmpeg[0x3e09900]: [mjpeg] component: 2
2024-09-20 21:42:02.610 T:22556 debug : ffmpeg[0x3e09900]: [mjpeg] component: 3
2024-09-20 21:42:02.611 T:22521 debug : ffmpeg[0x3b77dd0]: [mjpeg] marker parser used 20069 bytes (160545 bits)
2024-09-20 21:42:02.611 T:22521 debug : ffmpeg[0x3b77dd0]: [mjpeg] marker=d9 avail_size_in_buf=0
2024-09-20 21:42:02.611 T:22521 debug : ffmpeg[0x3b77dd0]: [mjpeg] decode frame unused 0 bytes
2024-09-20 21:42:02.611 T:22556 debug : ffmpeg[0x3e09900]: [mjpeg] marker parser used 32780 bytes (262239 bits)
2024-09-20 21:42:02.611 T:22556 debug : ffmpeg[0x3e09900]: [mjpeg] marker=d9 avail_size_in_buf=0
2024-09-20 21:42:02.611 T:22556 debug : ffmpeg[0x3e09900]: [mjpeg] decode frame unused 0 bytes
2024-09-20 21:42:02.953 T:3986 debug : PushCecKeypress - received key a7 duration 0
2024-09-20 21:42:02.963 T:3922 debug : HandleKey: 167 (0xa7, obc88) pressed, window 13005, action is Down
2024-09-20 21:42:03.020 T:3986 debug : PushCecKeypress - received key a7 duration 67
2024-09-20 21:42:03.069 T:22599 debug : ffmpeg[0x345cbc0]: [mjpeg] marker=d8 avail_size_in_buf=42597
2024-09-20 21:42:03.069 T:22599 debug : ffmpeg[0x345cbc0]: [mjpeg] marker parser used 0 bytes (0 bits)
2024-09-20 21:42:03.069 T:22599 debug : ffmpeg[0x345cbc0]: [mjpeg] marker=fe avail_size_in_buf=42595
2024-09-20 21:42:03.069 T:22599 debug : ffmpeg[0x345cbc0]: [mjpeg] marker parser used 15 bytes (120 bits)
2024-09-20 21:42:03.069 T:22599 debug : ffmpeg[0x345cbc0]: [mjpeg] marker=db avail_size_in_buf=42578
2024-09-20 21:42:03.069 T:22599 debug : ffmpeg[0x345cbc0]: [mjpeg] index=0
2024-09-20 21:42:03.069 T:22599 debug : ffmpeg[0x345cbc0]: [mjpeg] qscale[0]: 5
2024-09-20 21:42:03.069 T:22599 debug : ffmpeg[0x345cbc0]: [mjpeg] marker parser used 67 bytes (536 bits)
2024-09-20 21:42:03.069 T:22599 debug : ffmpeg[0x345cbc0]: [mjpeg] marker=c4 avail_size_in_buf=42509
2024-09-20 21:42:03.069 T:22599 debug : ffmpeg[0x345cbc0]: [mjpeg] class=0 index=0 nb_codes=9
2024-09-20 21:42:03.069 T:22599 debug : ffmpeg[0x345cbc0]: [mjpeg] class=0 index=1 nb_codes=7
2024-09-20 21:42:03.069 T:22599 debug : ffmpeg[0x345cbc0]: [mjpeg] class=1 index=0 nb_codes=58
2024-09-20 21:42:03.069 T:22599 debug : ffmpeg[0x345cbc0]: [mjpeg] class=1 index=1 nb_codes=45
2024-09-20 21:42:03.069 T:22599 debug : ffmpeg[0x345cbc0]: [mjpeg] marker parser used 189 bytes (1512 bits)
2024-09-20 21:42:03.069 T:22599 debug : ffmpeg[0x345cbc0]: [mjpeg] marker=c0 avail_size_in_buf=42318
2024-09-20 21:42:03.069 T:22599 debug : ffmpeg[0x345cbc0]: [mjpeg] Changing bps from 0 to 8
2024-09-20 21:42:03.069 T:22599 debug : ffmpeg[0x345cbc0]: [mjpeg] sof0: picture: 464x696
2024-09-20 21:42:03.069 T:22599 debug : ffmpeg[0x345cbc0]: [mjpeg] component 0 2:2 id: 1 quant:0
2024-09-20 21:42:03.069 T:22599 debug : ffmpeg[0x345cbc0]: [mjpeg] component 1 1:1 id: 2 quant:0
2024-09-20 21:42:03.069 T:22599 debug : ffmpeg[0x345cbc0]: [mjpeg] component 2 1:1 id: 3 quant:0
2024-09-20 21:42:03.069 T:22599 debug : ffmpeg[0x345cbc0]: [mjpeg] pix fmt id 22111100
2024-09-20 21:42:03.069 T:22599 debug : ffmpeg[0x345cbc0]: [mjpeg] Format yuvj420p chosen by get_format().
2024-09-20 21:42:03.069 T:22599 debug : ffmpeg[0x345cbc0]: [mjpeg] marker parser used 17 bytes (136 bits)
2024-09-20 21:42:03.069 T:22556 debug : ffmpeg[0x3e09900]: [mjpeg] marker=d8 avail_size_in_buf=48080
2024-09-20 21:42:03.069 T:22556 debug : ffmpeg[0x3e09900]: [mjpeg] marker parser used 0 bytes (0 bits)
2024-09-20 21:42:03.069 T:22556 debug : ffmpeg[0x3e09900]: [mjpeg] marker=fe avail_size_in_buf=48078
2024-09-20 21:42:03.069 T:22556 debug : ffmpeg[0x3e09900]: [mjpeg] marker parser used 15 bytes (120 bits)
2024-09-20 21:42:03.069 T:22556 debug : ffmpeg[0x3e09900]: [mjpeg] marker=db avail_size_in_buf=48061
2024-09-20 21:42:03.069 T:22599 debug : ffmpeg[0x345cbc0]: [mjpeg] escaping removed 128 bytes
2024-09-20 21:42:03.069 T:22556 debug : ffmpeg[0x3e09900]: [mjpeg] index=0
2024-09-20 21:42:03.069 T:22599 debug : ffmpeg[0x345cbc0]: [mjpeg] marker=da avail_size_in_buf=42299
2024-09-20 21:42:03.069 T:22556 debug : ffmpeg[0x3e09900]: [mjpeg] qscale[0]: 5
2024-09-20 21:42:03.069 T:22599 debug : ffmpeg[0x345cbc0]: [mjpeg] component: 1
2024-09-20 21:42:03.069 T:22556 debug : ffmpeg[0x3e09900]: [mjpeg] marker parser used 67 bytes (536 bits)
2024-09-20 21:42:03.069 T:22599 debug : ffmpeg[0x345cbc0]: [mjpeg] component: 2
2024-09-20 21:42:03.070 T:22556 debug : ffmpeg[0x3e09900]: [mjpeg] marker=c4 avail_size_in_buf=47992
2024-09-20 21:42:03.070 T:22599 debug : ffmpeg[0x345cbc0]: [mjpeg] component: 3
2024-09-20 21:42:03.070 T:22556 debug : ffmpeg[0x3e09900]: [mjpeg] class=0 index=0 nb_codes=9
2024-09-20 21:42:03.070 T:22556 debug : ffmpeg[0x3e09900]: [mjpeg] class=0 index=1 nb_codes=8
2024-09-20 21:42:03.070 T:22556 debug : ffmpeg[0x3e09900]: [mjpeg] class=1 index=0 nb_codes=68
2024-09-20 21:42:03.070 T:22556 debug : ffmpeg[0x3e09900]: [mjpeg] class=1 index=1 nb_codes=42
2024-09-20 21:42:03.070 T:22556 debug : ffmpeg[0x3e09900]: [mjpeg] marker parser used 197 bytes (1576 bits)
2024-09-20 21:42:03.070 T:22556 debug : ffmpeg[0x3e09900]: [mjpeg] marker=c0 avail_size_in_buf=47793
2024-09-20 21:42:03.070 T:22556 debug : ffmpeg[0x3e09900]: [mjpeg] Changing bps from 0 to 8
2024-09-20 21:42:03.070 T:22556 debug : ffmpeg[0x3e09900]: [mjpeg] sof0: picture: 464x696
2024-09-20 21:42:03.070 T:22556 debug : ffmpeg[0x3e09900]: [mjpeg] component 0 2:2 id: 1 quant:0
2024-09-20 21:42:03.070 T:22556 debug : ffmpeg[0x3e09900]: [mjpeg] component 1 1:1 id: 2 quant:0
2024-09-20 21:42:03.070 T:22556 debug : ffmpeg[0x3e09900]: [mjpeg] component 2 1:1 id: 3 quant:0
2024-09-20 21:42:03.070 T:22556 debug : ffmpeg[0x3e09900]: [mjpeg] pix fmt id 22111100
2024-09-20 21:42:03.070 T:22556 debug : ffmpeg[0x3e09900]: [mjpeg] Format yuvj420p chosen by get_format().
2024-09-20 21:42:03.070 T:22556 debug : ffmpeg[0x3e09900]: [mjpeg] marker parser used 17 bytes (136 bits)
2024-09-20 21:42:03.070 T:22556 debug : ffmpeg[0x3e09900]: [mjpeg] escaping removed 134 bytes
2024-09-20 21:42:03.070 T:22556 debug : ffmpeg[0x3e09900]: [mjpeg] marker=da avail_size_in_buf=47774
2024-09-20 21:42:03.070 T:22556 debug : ffmpeg[0x3e09900]: [mjpeg] component: 1
2024-09-20 21:42:03.070 T:22556 debug : ffmpeg[0x3e09900]: [mjpeg] component: 2
2024-09-20 21:42:03.070 T:22556 debug : ffmpeg[0x3e09900]: [mjpeg] component: 3
2024-09-20 21:42:03.070 T:22521 debug : ffmpeg[0x3b77dd0]: [mjpeg] marker=d8 avail_size_in_buf=85282
2024-09-20 21:42:03.070 T:22521 debug : ffmpeg[0x3b77dd0]: [mjpeg] marker parser used 0 bytes (0 bits)
2024-09-20 21:42:03.070 T:22521 debug : ffmpeg[0x3b77dd0]: [mjpeg] marker=fe avail_size_in_buf=85280
2024-09-20 21:42:03.070 T:22521 debug : ffmpeg[0x3b77dd0]: [mjpeg] marker parser used 15 bytes (120 bits)
2024-09-20 21:42:03.070 T:22521 debug : ffmpeg[0x3b77dd0]: [mjpeg] marker=db avail_size_in_buf=85263
2024-09-20 21:42:03.070 T:22521 debug : ffmpeg[0x3b77dd0]: [mjpeg] index=0
2024-09-20 21:42:03.070 T:22521 debug : ffmpeg[0x3b77dd0]: [mjpeg] qscale[0]: 5
2024-09-20 21:42:03.070 T:22521 debug : ffmpeg[0x3b77dd0]: [mjpeg] marker parser used 67 bytes (536 bits)
2024-09-20 21:42:03.070 T:22521 debug : ffmpeg[0x3b77dd0]: [mjpeg] marker=c4 avail_size_in_buf=85194
2024-09-20 21:42:03.070 T:22521 debug : ffmpeg[0x3b77dd0]: [mjpeg] class=0 index=0 nb_codes=9
2024-09-20 21:42:03.070 T:22521 debug : ffmpeg[0x3b77dd0]: [mjpeg] class=0 index=1 nb_codes=7
2024-09-20 21:42:03.070 T:22521 debug : ffmpeg[0x3b77dd0]: [mjpeg] class=1 index=0 nb_codes=73
2024-09-20 21:42:03.070 T:22521 debug : ffmpeg[0x3b77dd0]: [mjpeg] class=1 index=1 nb_codes=35
2024-09-20 21:42:03.070 T:22521 debug : ffmpeg[0x3b77dd0]: [mjpeg] marker parser used 194 bytes (1552 bits)
2024-09-20 21:42:03.070 T:22521 debug : ffmpeg[0x3b77dd0]: [mjpeg] marker=c0 avail_size_in_buf=84998
2024-09-20 21:42:03.070 T:22521 debug : ffmpeg[0x3b77dd0]: [mjpeg] Changing bps from 0 to 8
2024-09-20 21:42:03.070 T:22521 debug : ffmpeg[0x3b77dd0]: [mjpeg] sof0: picture: 464x696
2024-09-20 21:42:03.070 T:22521 debug : ffmpeg[0x3b77dd0]: [mjpeg] component 0 2:2 id: 1 quant:0
2024-09-20 21:42:03.070 T:22521 debug : ffmpeg[0x3b77dd0]: [mjpeg] component 1 1:1 id: 2 quant:0
2024-09-20 21:42:03.070 T:22521 debug : ffmpeg[0x3b77dd0]: [mjpeg] component 2 1:1 id: 3 quant:0
2024-09-20 21:42:03.070 T:22521 debug : ffmpeg[0x3b77dd0]: [mjpeg] pix fmt id 22111100
2024-09-20 21:42:03.070 T:22521 debug : ffmpeg[0x3b77dd0]: [mjpeg] Format yuvj420p chosen by get_format().
2024-09-20 21:42:03.070 T:22521 debug : ffmpeg[0x3b77dd0]: [mjpeg] marker parser used 17 bytes (136 bits)
2024-09-20 21:42:03.071 T:22521 debug : ffmpeg[0x3b77dd0]: [mjpeg] escaping removed 272 bytes
2024-09-20 21:42:03.071 T:22521 debug : ffmpeg[0x3b77dd0]: [mjpeg] marker=da avail_size_in_buf=84979
2024-09-20 21:42:03.071 T:22521 debug : ffmpeg[0x3b77dd0]: [mjpeg] component: 1
2024-09-20 21:42:03.071 T:22521 debug : ffmpeg[0x3b77dd0]: [mjpeg] component: 2
2024-09-20 21:42:03.071 T:22521 debug : ffmpeg[0x3b77dd0]: [mjpeg] component: 3
2024-09-20 21:42:03.072 T:22557 debug : ffmpeg[0x3178c68]: [mjpeg] marker=d8 avail_size_in_buf=58002
2024-09-20 21:42:03.072 T:22599 debug : ffmpeg[0x345cbc0]: [mjpeg] marker parser used 42170 bytes (337356 bits)
2024-09-20 21:42:03.072 T:22557 debug : ffmpeg[0x3178c68]: [mjpeg] marker parser used 0 bytes (0 bits)
2024-09-20 21:42:03.072 T:22599 debug : ffmpeg[0x345cbc0]: [mjpeg] marker=d9 avail_size_in_buf=0
2024-09-20 21:42:03.072 T:22557 debug : ffmpeg[0x3178c68]: [mjpeg] marker=fe avail_size_in_buf=58000
2024-09-20 21:42:03.072 T:22599 debug : ffmpeg[0x345cbc0]: [mjpeg] decode frame unused 0 bytes
2024-09-20 21:42:03.072 T:22557 debug : ffmpeg[0x3178c68]: [mjpeg] marker parser used 15 bytes (120 bits)
2024-09-20 21:42:03.072 T:22557 debug : ffmpeg[0x3178c68]: [mjpeg] marker=db avail_size_in_buf=57983
2024-09-20 21:42:03.072 T:22557 debug : ffmpeg[0x3178c68]: [mjpeg] index=0
2024-09-20 21:42:03.072 T:22557 debug : ffmpeg[0x3178c68]: [mjpeg] qscale[0]: 5
2024-09-20 21:42:03.072 T:22557 debug : ffmpeg[0x3178c68]: [mjpeg] marker parser used 67 bytes (536 bits)
2024-09-20 21:42:03.072 T:22557 debug : ffmpeg[0x3178c68]: [mjpeg] marker=c4 avail_size_in_buf=57914
2024-09-20 21:42:03.072 T:22557 debug : ffmpeg[0x3178c68]: [mjpeg] class=0 index=0 nb_codes=9
2024-09-20 21:42:03.072 T:22557 debug : ffmpeg[0x3178c68]: [mjpeg] class=0 index=1 nb_codes=7
2024-09-20 21:42:03.072 T:22557 debug : ffmpeg[0x3178c68]: [mjpeg] class=1 index=0 nb_codes=68
2024-09-20 21:42:03.072 T:22556 debug : ffmpeg[0x3e09900]: [mjpeg] marker parser used 47639 bytes (381106 bits)
2024-09-20 21:42:03.072 T:22557 debug : ffmpeg[0x3178c68]: [mjpeg] class=1 index=1 nb_codes=43
2024-09-20 21:42:03.072 T:22556 debug : ffmpeg[0x3e09900]: [mjpeg] marker=d9 avail_size_in_buf=0
2024-09-20 21:42:03.072 T:22557 debug : ffmpeg[0x3178c68]: [mjpeg] marker parser used 197 bytes (1576 bits)
2024-09-20 21:42:03.072 T:22556 debug : ffmpeg[0x3e09900]: [mjpeg] decode frame unused 0 bytes
2024-09-20 21:42:03.072 T:22557 debug : ffmpeg[0x3178c68]: [mjpeg] marker=c0 avail_size_in_buf=57715
2024-09-20 21:42:03.072 T:22557 debug : ffmpeg[0x3178c68]: [mjpeg] Changing bps from 0 to 8
2024-09-20 21:42:03.072 T:22557 debug : ffmpeg[0x3178c68]: [mjpeg] sof0: picture: 464x696
2024-09-20 21:42:03.072 T:22557 debug : ffmpeg[0x3178c68]: [mjpeg] component 0 2:2 id: 1 quant:0
2024-09-20 21:42:03.072 T:22557 debug : ffmpeg[0x3178c68]: [mjpeg] component 1 1:1 id: 2 quant:0
2024-09-20 21:42:03.072 T:22557 debug : ffmpeg[0x3178c68]: [mjpeg] component 2 1:1 id: 3 quant:0
2024-09-20 21:42:03.072 T:22557 debug : ffmpeg[0x3178c68]: [mjpeg] pix fmt id 22111100
2024-09-20 21:42:03.072 T:22557 debug : ffmpeg[0x3178c68]: [mjpeg] Format yuvj420p chosen by get_format().
2024-09-20 21:42:03.073 T:22557 debug : ffmpeg[0x3178c68]: [mjpeg] marker parser used 17 bytes (136 bits)
2024-09-20 21:42:03.073 T:22557 debug : ffmpeg[0x3178c68]: [mjpeg] escaping removed 219 bytes
2024-09-20 21:42:03.073 T:22557 debug : ffmpeg[0x3178c68]: [mjpeg] marker=da avail_size_in_buf=57696
2024-09-20 21:42:03.073 T:22557 debug : ffmpeg[0x3178c68]: [mjpeg] component: 1
2024-09-20 21:42:03.073 T:22557 debug : ffmpeg[0x3178c68]: [mjpeg] component: 2
2024-09-20 21:42:03.073 T:22557 debug : ffmpeg[0x3178c68]: [mjpeg] component: 3
2024-09-20 21:42:03.074 T:22521 debug : ffmpeg[0x3b77dd0]: [mjpeg] marker parser used 84706 bytes (677641 bits)
2024-09-20 21:42:03.074 T:22521 debug : ffmpeg[0x3b77dd0]: [mjpeg] marker=d9 avail_size_in_buf=0
2024-09-20 21:42:03.074 T:22521 debug : ffmpeg[0x3b77dd0]: [mjpeg] decode frame unused 0 bytes
2024-09-20 21:42:03.074 T:22556 debug : ffmpeg[0x3e09900]: [mjpeg] marker=d8 avail_size_in_buf=41097
2024-09-20 21:42:03.074 T:22556 debug : ffmpeg[0x3e09900]: [mjpeg] marker parser used 0 bytes (0 bits)
2024-09-20 21:42:03.074 T:22556 debug : ffmpeg[0x3e09900]: [mjpeg] marker=fe avail_size_in_buf=41095
2024-09-20 21:42:03.074 T:22556 debug : ffmpeg[0x3e09900]: [mjpeg] marker parser used 15 bytes (120 bits)
2024-09-20 21:42:03.075 T:22556 debug : ffmpeg[0x3e09900]: [mjpeg] marker=db avail_size_in_buf=41078
2024-09-20 21:42:03.075 T:22556 debug : ffmpeg[0x3e09900]: [mjpeg] index=0
2024-09-20 21:42:03.075 T:22556 debug : ffmpeg[0x3e09900]: [mjpeg] qscale[0]: 5
2024-09-20 21:42:03.075 T:22556 debug : ffmpeg[0x3e09900]: [mjpeg] marker parser used 67 bytes (536 bits)
2024-09-20 21:42:03.075 T:22556 debug : ffmpeg[0x3e09900]: [mjpeg] marker=c4 avail_size_in_buf=41009
2024-09-20 21:42:03.075 T:22556 debug : ffmpeg[0x3e09900]: [mjpeg] class=0 index=0 nb_codes=9
2024-09-20 21:42:03.075 T:22556 debug : ffmpeg[0x3e09900]: [mjpeg] class=0 index=1 nb_codes=6
2024-09-20 21:42:03.075 T:22556 debug : ffmpeg[0x3e09900]: [mjpeg] class=1 index=0 nb_codes=64
2024-09-20 21:42:03.075 T:22556 debug : ffmpeg[0x3e09900]: [mjpeg] class=1 index=1 nb_codes=30
2024-09-20 21:42:03.075 T:22556 debug : ffmpeg[0x3e09900]: [mjpeg] marker parser used 179 bytes (1432 bits)
2024-09-20 21:42:03.075 T:22556 debug : ffmpeg[0x3e09900]: [mjpeg] marker=c0 avail_size_in_buf=40828
2024-09-20 21:42:03.075 T:22599 debug : ffmpeg[0x345cbc0]: [mjpeg] marker=d8 avail_size_in_buf=62985
2024-09-20 21:42:03.075 T:22556 debug : ffmpeg[0x3e09900]: [mjpeg] Changing bps from 0 to 8
2024-09-20 21:42:03.075 T:22599 debug : ffmpeg[0x345cbc0]: [mjpeg] marker parser used 0 bytes (0 bits)
2024-09-20 21:42:03.075 T:22556 debug : ffmpeg[0x3e09900]: [mjpeg] sof0: picture: 464x696
2024-09-20 21:42:03.075 T:22599 debug : ffmpeg[0x345cbc0]: [mjpeg] marker=fe avail_size_in_buf=62983
2024-09-20 21:42:03.075 T:22556 debug : ffmpeg[0x3e09900]: [mjpeg] component 0 2:2 id: 1 quant:0
2024-09-20 21:42:03.075 T:22599 debug : ffmpeg[0x345cbc0]: [mjpeg] marker parser used 15 bytes (120 bits)
2024-09-20 21:42:03.075 T:22556 debug : ffmpeg[0x3e09900]: [mjpeg] component 1 1:1 id: 2 quant:0
2024-09-20 21:42:03.075 T:22599 debug : ffmpeg[0x345cbc0]: [mjpeg] marker=db avail_size_in_buf=62966
2024-09-20 21:42:03.075 T:22556 debug : ffmpeg[0x3e09900]: [mjpeg] component 2 1:1 id: 3 quant:0
2024-09-20 21:42:03.075 T:22599 debug : ffmpeg[0x345cbc0]: [mjpeg] index=0
2024-09-20 21:42:03.075 T:22556 debug : ffmpeg[0x3e09900]: [mjpeg] pix fmt id 22111100
2024-09-20 21:42:03.075 T:22599 debug : ffmpeg[0x345cbc0]: [mjpeg] qscale[0]: 5
2024-09-20 21:42:03.075 T:22556 debug : ffmpeg[0x3e09900]: [mjpeg] Format yuvj420p chosen by get_format().
2024-09-20 21:42:03.075 T:22599 debug : ffmpeg[0x345cbc0]: [mjpeg] marker parser used 67 bytes (536 bits)
2024-09-20 21:42:03.075 T:22599 debug : ffmpeg[0x345cbc0]: [mjpeg] marker=c4 avail_size_in_buf=62897
2024-09-20 21:42:03.075 T:22599 debug : ffmpeg[0x345cbc0]: [mjpeg] class=0 index=0 nb_codes=9
2024-09-20 21:42:03.075 T:22599 debug : ffmpeg[0x345cbc0]: [mjpeg] class=0 index=1 nb_codes=8
2024-09-20 21:42:03.075 T:22599 debug : ffmpeg[0x345cbc0]: [mjpeg] class=1 index=0 nb_codes=75
2024-09-20 21:42:03.075 T:22599 debug : ffmpeg[0x345cbc0]: [mjpeg] class=1 index=1 nb_codes=47
2024-09-20 21:42:03.075 T:22599 debug : ffmpeg[0x345cbc0]: [mjpeg] marker parser used 209 bytes (1672 bits)
2024-09-20 21:42:03.075 T:22599 debug : ffmpeg[0x345cbc0]: [mjpeg] marker=c0 avail_size_in_buf=62686
2024-09-20 21:42:03.075 T:22599 debug : ffmpeg[0x345cbc0]: [mjpeg] Changing bps from 0 to 8
2024-09-20 21:42:03.075 T:22599 debug : ffmpeg[0x345cbc0]: [mjpeg] sof0: picture: 464x696
2024-09-20 21:42:03.075 T:22556 debug : ffmpeg[0x3e09900]: [mjpeg] marker parser used 17 bytes (136 bits)
2024-09-20 21:42:03.075 T:22599 debug : ffmpeg[0x345cbc0]: [mjpeg] component 0 2:2 id: 1 quant:0
2024-09-20 21:42:03.075 T:22599 debug : ffmpeg[0x345cbc0]: [mjpeg] component 1 1:1 id: 2 quant:0
2024-09-20 21:42:03.075 T:22599 debug : ffmpeg[0x345cbc0]: [mjpeg] component 2 1:1 id: 3 quant:0
2024-09-20 21:42:03.075 T:22599 debug : ffmpeg[0x345cbc0]: [mjpeg] pix fmt id 22111100
2024-09-20 21:42:03.075 T:22599 debug : ffmpeg[0x345cbc0]: [mjpeg] Format yuvj420p chosen by get_format().
2024-09-20 21:42:03.075 T:22556 debug : ffmpeg[0x3e09900]: [mjpeg] escaping removed 123 bytes
2024-09-20 21:42:03.075 T:22556 debug : ffmpeg[0x3e09900]: [mjpeg] marker=da avail_size_in_buf=40809
2024-09-20 21:42:03.075 T:22556 debug : ffmpeg[0x3e09900]: [mjpeg] component: 1
2024-09-20 21:42:03.075 T:22556 debug : ffmpeg[0x3e09900]: [mjpeg] component: 2
2024-09-20 21:42:03.075 T:22556 debug : ffmpeg[0x3e09900]: [mjpeg] component: 3
2024-09-20 21:42:03.075 T:22599 debug : ffmpeg[0x345cbc0]: [mjpeg] marker parser used 17 bytes (136 bits)
2024-09-20 21:42:03.076 T:22599 debug : ffmpeg[0x345cbc0]: [mjpeg] escaping removed 220 bytes
2024-09-20 21:42:03.076 T:22599 debug : ffmpeg[0x345cbc0]: [mjpeg] marker=da avail_size_in_buf=62667
2024-09-20 21:42:03.076 T:22599 debug : ffmpeg[0x345cbc0]: [mjpeg] component: 1
2024-09-20 21:42:03.076 T:22599 debug : ffmpeg[0x345cbc0]: [mjpeg] component: 2
2024-09-20 21:42:03.076 T:22599 debug : ffmpeg[0x345cbc0]: [mjpeg] component: 3
2024-09-20 21:42:03.077 T:22556 debug : ffmpeg[0x3e09900]: [mjpeg] marker parser used 40685 bytes (325476 bits)
2024-09-20 21:42:03.077 T:22556 debug : ffmpeg[0x3e09900]: [mjpeg] marker=d9 avail_size_in_buf=0
2024-09-20 21:42:03.077 T:22556 debug : ffmpeg[0x3e09900]: [mjpeg] decode frame unused 0 bytes
2024-09-20 21:42:03.078 T:22557 debug : ffmpeg[0x3178c68]: [mjpeg] marker parser used 57476 bytes (459804 bits)
2024-09-20 21:42:03.078 T:22557 debug : ffmpeg[0x3178c68]: [mjpeg] marker=d9 avail_size_in_buf=0
2024-09-20 21:42:03.078 T:22557 debug : ffmpeg[0x3178c68]: [mjpeg] decode frame unused 0 bytes
2024-09-20 21:42:03.078 T:22599 debug : ffmpeg[0x345cbc0]: [mjpeg] marker parser used 62446 bytes (499562 bits)
2024-09-20 21:42:03.078 T:22599 debug : ffmpeg[0x345cbc0]: [mjpeg] marker=d9 avail_size_in_buf=0
2024-09-20 21:42:03.078 T:22599 debug : ffmpeg[0x345cbc0]: [mjpeg] decode frame unused 0 bytes
2024-09-20 21:42:03.087 T:22556 debug : ffmpeg[0x3e09900]: [mjpeg] marker=d8 avail_size_in_buf=58002
2024-09-20 21:42:03.087 T:22556 debug : ffmpeg[0x3e09900]: [mjpeg] marker parser used 0 bytes (0 bits)
2024-09-20 21:42:03.087 T:22556 debug : ffmpeg[0x3e09900]: [mjpeg] marker=fe avail_size_in_buf=58000
2024-09-20 21:42:03.087 T:22556 debug : ffmpeg[0x3e09900]: [mjpeg] marker parser used 15 bytes (120 bits)
2024-09-20 21:42:03.087 T:22556 debug : ffmpeg[0x3e09900]: [mjpeg] marker=db avail_size_in_buf=57983
2024-09-20 21:42:03.087 T:22556 debug : ffmpeg[0x3e09900]: [mjpeg] index=0
2024-09-20 21:42:03.087 T:22556 debug : ffmpeg[0x3e09900]: [mjpeg] qscale[0]: 5
2024-09-20 21:42:03.087 T:22556 debug : ffmpeg[0x3e09900]: [mjpeg] marker parser used 67 bytes (536 bits)
2024-09-20 21:42:03.087 T:22556 debug : ffmpeg[0x3e09900]: [mjpeg] marker=c4 avail_size_in_buf=57914
2024-09-20 21:42:03.087 T:22556 debug : ffmpeg[0x3e09900]: [mjpeg] class=0 index=0 nb_codes=9
2024-09-20 21:42:03.087 T:22556 debug : ffmpeg[0x3e09900]: [mjpeg] class=0 index=1 nb_codes=7
2024-09-20 21:42:03.087 T:22556 debug : ffmpeg[0x3e09900]: [mjpeg] class=1 index=0 nb_codes=68
2024-09-20 21:42:03.088 T:22556 debug : ffmpeg[0x3e09900]: [mjpeg] class=1 index=1 nb_codes=43
2024-09-20 21:42:03.088 T:22556 debug : ffmpeg[0x3e09900]: [mjpeg] marker parser used 197 bytes (1576 bits)
2024-09-20 21:42:03.088 T:22556 debug : ffmpeg[0x3e09900]: [mjpeg] marker=c0 avail_size_in_buf=57715
2024-09-20 21:42:03.088 T:22556 debug : ffmpeg[0x3e09900]: [mjpeg] Changing bps from 0 to 8
2024-09-20 21:42:03.088 T:22556 debug : ffmpeg[0x3e09900]: [mjpeg] sof0: picture: 464x696
2024-09-20 21:42:03.088 T:22556 debug : ffmpeg[0x3e09900]: [mjpeg] component 0 2:2 id: 1 quant:0
2024-09-20 21:42:03.088 T:22556 debug : ffmpeg[0x3e09900]: [mjpeg] component 1 1:1 id: 2 quant:0
2024-09-20 21:42:03.088 T:22556 debug : ffmpeg[0x3e09900]: [mjpeg] component 2 1:1 id: 3 quant:0
2024-09-20 21:42:03.088 T:22556 debug : ffmpeg[0x3e09900]: [mjpeg] pix fmt id 22111100
2024-09-20 21:42:03.088 T:22556 debug : ffmpeg[0x3e09900]: [mjpeg] Format yuvj420p chosen by get_format().
2024-09-20 21:42:03.088 T:22556 debug : ffmpeg[0x3e09900]: [mjpeg] marker parser used 17 bytes (136 bits)
2024-09-20 21:42:03.088 T:22556 debug : ffmpeg[0x3e09900]: [mjpeg] escaping removed 219 bytes
2024-09-20 21:42:03.088 T:22556 debug : ffmpeg[0x3e09900]: [mjpeg] marker=da avail_size_in_buf=57696
2024-09-20 21:42:03.088 T:22556 debug : ffmpeg[0x3e09900]: [mjpeg] component: 1
2024-09-20 21:42:03.088 T:22556 debug : ffmpeg[0x3e09900]: [mjpeg] component: 2
2024-09-20 21:42:03.088 T:22556 debug : ffmpeg[0x3e09900]: [mjpeg] component: 3
2024-09-20 21:42:03.090 T:22556 debug : ffmpeg[0x3e09900]: [mjpeg] marker parser used 57476 bytes (459804 bits)
2024-09-20 21:42:03.090 T:22556 debug : ffmpeg[0x3e09900]: [mjpeg] marker=d9 avail_size_in_buf=0
2024-09-20 21:42:03.090 T:22556 debug : ffmpeg[0x3e09900]: [mjpeg] decode frame unused 0 bytes
2024-09-20 21:42:03.352 T:3986 debug : PushCecKeypress - received key a9 duration 0
2024-09-20 21:42:03.366 T:3922 debug : HandleKey: 169 (0xa9, obc86) pressed, window 13005, action is Left
2024-09-20 21:42:03.420 T:3986 debug : PushCecKeypress - received key a9 duration 68
2024-09-20 21:42:03.751 T:3986 debug : PushCecKeypress - received key b duration 0
2024-09-20 21:42:03.764 T:3922 debug : HandleKey: 11 (0xb, obc244) pressed, window 13005, action is Select
2024-09-20 21:42:03.819 T:3986 debug : PushCecKeypress - received key b duration 69
2024-09-20 21:42:03.831 T:3922 debug : Activating window ID: 13006
2024-09-20 21:42:03.831 T:3922 debug : ------ Window Deinit (/storage/.kodi/addons/script.plexmod/resources/skins/Main/1080i/script-plex-posters.xml) ------
2024-09-20 21:42:03.831 T:3922 debug : ------ Window Init (/storage/.kodi/addons/script.plexmod/resources/skins/Main/1080i/script-plex-pre_play.xml) ------
2024-09-20 21:42:03.831 T:3922 info : Loading skin file: /storage/.kodi/addons/script.plexmod/resources/skins/Main/1080i/script-plex-pre_play.xml, load type: LOAD_ON_GUI_INIT
2024-09-20 21:42:03.846 T:3922 debug : ffmpeg[0x0]: [swscaler] Forcing full internal H chroma due to input having non subsampled chroma
2024-09-20 21:42:03.848 T:3922 info : Skipped 4 duplicate messages..
2024-09-20 21:42:03.848 T:3922 debug : ffmpeg[0x0]: [swscaler] Forcing full internal H chroma due to odd output size
2024-09-20 21:42:03.848 T:3922 debug : ffmpeg[0x0]: [swscaler] Forcing full internal H chroma due to input having non subsampled chroma
2024-09-20 21:42:03.849 T:3922 debug : ffmpeg[0x0]: [swscaler] Forcing full internal H chroma due to odd output size
2024-09-20 21:42:03.849 T:3922 debug : ffmpeg[0x0]: [swscaler] Forcing full internal H chroma due to input having non subsampled chroma
2024-09-20 21:42:03.849 T:3922 debug : [Warning] CGUITextureManager::GetTexturePath: could not find texture '-'
2024-09-20 21:42:03.981 T:21920 info : Skipped 3 duplicate messages..
2024-09-20 21:42:03.981 T:21920 info : script.plex: PrePlay: Showing video info:
2024-09-20 21:42:03.983 T:21920 info : script.plex: API: GET https://redacted.plex.direct:32400/library/metadata/41759?checkFiles=1&includeChapters=1&includeExtras=1&includeExtrasCount=10&includeMarkers=1&includeReviews=1&X-Plex-Token=****
2024-09-20 21:42:04.298 T:21920 info : script.plex: API: GET https://redacted.plex.direct:32400/library/metadata/41759/similar?count=36&X-Plex-Token=****&X-Plex-Container-Start=0&X-Plex-Container-Size=0
2024-09-20 21:42:04.482 T:3922 debug : ------ Window Init (/storage/.kodi/addons/script.plexmod/resources/skins/Main/1080i/script-plex-busy.xml) ------
2024-09-20 21:42:04.482 T:3922 info : Loading skin file: /storage/.kodi/addons/script.plexmod/resources/skins/Main/1080i/script-plex-busy.xml, load type: LOAD_ON_GUI_INIT
2024-09-20 21:42:04.485 T:3922 debug : ffmpeg[0x0]: [swscaler] Forcing full internal H chroma due to input having non subsampled chroma
2024-09-20 21:42:04.486 T:3922 debug : ffmpeg[0x0]: [gif] Loop count is 0
2024-09-20 21:42:04.486 T:3922 debug : ffmpeg[0x0]: [gif] code=21 '!'
2024-09-20 21:42:04.486 T:3922 info : Skipped 2 duplicate messages..
2024-09-20 21:42:04.486 T:3922 debug : ffmpeg[0x0]: [gif] code=2c ','
2024-09-20 21:42:04.486 T:3922 debug : Alignment of external buffer is not suitable for ffmpeg intrinsics - please fix your malloc
2024-09-20 21:42:04.487 T:3922 debug : ffmpeg[0x0]: [swscaler] Forcing full internal H chroma due to input having non subsampled chroma
2024-09-20 21:42:04.487 T:3922 debug : ffmpeg[0x0]: [gif] code=21 '!'
2024-09-20 21:42:04.487 T:3922 debug : ffmpeg[0x0]: [gif] code=2c ','
2024-09-20 21:42:04.487 T:3922 debug : Alignment of external buffer is not suitable for ffmpeg intrinsics - please fix your malloc
2024-09-20 21:42:04.487 T:3922 debug : ffmpeg[0x0]: [swscaler] Forcing full internal H chroma due to input having non subsampled chroma
2024-09-20 21:42:04.487 T:3922 debug : ffmpeg[0x0]: [gif] code=21 '!'
2024-09-20 21:42:04.487 T:3922 debug : ffmpeg[0x0]: [gif] code=2c ','
2024-09-20 21:42:04.487 T:3922 debug : Alignment of external buffer is not suitable for ffmpeg intrinsics - please fix your malloc
2024-09-20 21:42:04.487 T:3922 debug : ffmpeg[0x0]: [swscaler] Forcing full internal H chroma due to input having non subsampled chroma
2024-09-20 21:42:04.488 T:3922 debug : ffmpeg[0x0]: [gif] code=21 '!'
2024-09-20 21:42:04.488 T:3922 debug : ffmpeg[0x0]: [gif] code=2c ','
2024-09-20 21:42:04.488 T:3922 debug : Alignment of external buffer is not suitable for ffmpeg intrinsics - please fix your malloc
2024-09-20 21:42:04.488 T:3922 debug : ffmpeg[0x0]: [swscaler] Forcing full internal H chroma due to input having non subsampled chroma
2024-09-20 21:42:04.488 T:3922 debug : Error [-541478725] while reading frame: Unknown error 541478725
2024-09-20 21:42:04.489 T:3922 debug : ffmpeg[0x0]: [swscaler] Forcing full internal H chroma due to input having non subsampled chroma
