2024-09-20 21:42:22.115 T:3922 debug : PrepareNextRender: frameOnScreen: 14.112 renderPts: 14.284 nextFramePts: 14.223 -> diff: 0.061 render: 1 forceNext: 0
2024-09-20 21:42:22.133 T:22625 debug : CVideoPlayer::ProcessVideoData size:531441 dts:18.727 pts:18.852 dur:41.000ms, clock:14.130 level:51
2024-09-20 21:42:22.152 T:3922 debug : CAMLCodec::PollFrame elapsed:35.275ms
2024-09-20 21:42:22.154 T:22630 debug : CAMLCodec::DequeueBuffer: pts:14.514 idx:888153
2024-09-20 21:42:22.154 T:22630 debug : CVideoPlayerVideo::OutputPicture - ttd:363ms pts:14.514 Clock:14.151 Level:6
2024-09-20 21:42:22.156 T:3922 debug : PrepareNextRender: frameOnScreen: 14.154 renderPts: 14.326 nextFramePts: 14.264 -> diff: 0.062 render: 1 forceNext: 0
2024-09-20 21:42:22.162 T:22631 debug : CVideoPlayerAudio::OutputPacket: pts:14.953 curr_pts:14.169 clock:14.159 level:47
2024-09-20 21:42:22.174 T:22625 debug : CVideoPlayer::ProcessAudioData size:5041 dts:18.855 pts:18.855 dur:92.000ms, clock:14.171 drop:0 level:47
2024-09-20 21:42:22.174 T:22625 debug : CVideoPlayer::ProcessAudioData size:5033 dts:18.947 pts:18.947 dur:92.000ms, clock:14.171 drop:0 level:48
2024-09-20 21:42:22.174 T:22625 debug : CVideoPlayer::ProcessAudioData size:5074 dts:19.040 pts:19.040 dur:92.000ms, clock:14.171 drop:0 level:49
2024-09-20 21:42:22.182 T:22625 debug : CVideoPlayer::ProcessVideoData size:518442 dts:18.769 pts:19.061 dur:41.000ms, clock:14.179 level:51
2024-09-20 21:42:22.183 T:22625 debug : CVideoPlayer::ProcessVideoData size:449327 dts:18.810 pts:18.977 dur:41.000ms, clock:14.181 level:51
2024-09-20 21:42:22.194 T:3922 debug : CAMLCodec::PollFrame elapsed:35.187ms
2024-09-20 21:42:22.195 T:22630 debug : CAMLCodec::DequeueBuffer: pts:14.556 idx:888154
2024-09-20 21:42:22.195 T:22630 debug : CVideoPlayerVideo::OutputPicture - ttd:363ms pts:14.556 Clock:14.193 Level:6
2024-09-20 21:42:22.199 T:3922 debug : PrepareNextRender: frameOnScreen: 14.196 renderPts: 14.369 nextFramePts: 14.306 -> diff: 0.063 render: 1 forceNext: 0
2024-09-20 21:42:22.211 T:22631 debug : CVideoPlayerAudio::OutputPacket: pts:15.046 curr_pts:14.217 clock:14.208 level:49
2024-09-20 21:42:22.236 T:22630 debug : CAMLCodec::DequeueBuffer: pts:14.598 idx:888155
2024-09-20 21:42:22.236 T:22630 debug : CVideoPlayerVideo::OutputPicture - ttd:364ms pts:14.598 Clock:14.233 Level:6
2024-09-20 21:42:22.236 T:3922 debug : CAMLCodec::PollFrame elapsed:34.110ms
2024-09-20 21:42:22.239 T:3922 debug : PrepareNextRender: frameOnScreen: 14.236 renderPts: 14.409 nextFramePts: 14.348 -> diff: 0.061 render: 1 forceNext: 0
2024-09-20 21:42:22.277 T:3922 debug : CAMLCodec::PollFrame elapsed:36.488ms
2024-09-20 21:42:22.279 T:22630 debug : CAMLCodec::DequeueBuffer: pts:14.640 idx:888156
2024-09-20 21:42:22.279 T:22630 debug : CVideoPlayerVideo::OutputPicture - ttd:363ms pts:14.640 Clock:14.277 Level:6
2024-09-20 21:42:22.281 T:3922 debug : PrepareNextRender: frameOnScreen: 14.278 renderPts: 14.450 nextFramePts: 14.389 -> diff: 0.061 render: 1 forceNext: 0
2024-09-20 21:42:22.296 T:22625 debug : CVideoPlayer::ProcessVideoData size:314561 dts:18.852 pts:18.936 dur:41.000ms, clock:14.293 level:51
2024-09-20 21:42:22.297 T:22625 debug : CVideoPlayer::ProcessVideoData size:304735 dts:18.894 pts:18.894 dur:41.000ms, clock:14.294 level:51
2024-09-20 21:42:22.311 T:22631 debug : CVideoPlayerAudio::OutputPacket: pts:15.139 curr_pts:14.317 clock:14.308 level:48
2024-09-20 21:42:22.319 T:3922 debug : CAMLCodec::PollFrame elapsed:35.494ms
2024-09-20 21:42:22.321 T:22630 debug : CAMLCodec::DequeueBuffer: pts:14.681 idx:888157
2024-09-20 21:42:22.321 T:22630 debug : CVideoPlayerVideo::OutputPicture - ttd:363ms pts:14.681 Clock:14.318 Level:6
2024-09-20 21:42:22.322 T:22630 debug : CAMLCodec::DequeueBuffer: pts:14.723 idx:888158
2024-09-20 21:42:22.324 T:3922 debug : PrepareNextRender: frameOnScreen: 14.321 renderPts: 14.493 nextFramePts: 14.431 -> diff: 0.062 render: 1 forceNext: 0
2024-09-20 21:42:22.324 T:22630 debug : CVideoPlayerVideo::OutputPicture - ttd:403ms pts:14.723 Clock:14.319 Level:6
2024-09-20 21:42:22.325 T:22630 debug : CAMLCodec::DequeueBuffer: pts:14.765 idx:888159
2024-09-20 21:42:22.361 T:3922 debug : CAMLCodec::PollFrame elapsed:34.701ms
2024-09-20 21:42:22.365 T:3922 debug : PrepareNextRender: frameOnScreen: 14.362 renderPts: 14.534 nextFramePts: 14.473 -> diff: 0.061 render: 1 forceNext: 0
2024-09-20 21:42:22.365 T:22630 debug : CVideoPlayerVideo::OutputPicture - ttd:442ms pts:14.765 Clock:14.322 Level:6
2024-09-20 21:42:22.366 T:22630 debug : CAMLCodec::DequeueBuffer: pts:14.806 idx:888160
2024-09-20 21:42:22.403 T:3922 debug : CAMLCodec::PollFrame elapsed:35.574ms
2024-09-20 21:42:22.406 T:3922 debug : PrepareNextRender: frameOnScreen: 14.404 renderPts: 14.577 nextFramePts: 14.514 -> diff: 0.063 render: 1 forceNext: 0
2024-09-20 21:42:22.407 T:22630 debug : CVideoPlayerVideo::OutputPicture - ttd:442ms pts:14.806 Clock:14.364 Level:6
2024-09-20 21:42:22.409 T:22625 debug : CVideoPlayer::ProcessVideoData size:308119 dts:18.936 pts:19.019 dur:41.000ms, clock:14.406 level:51
2024-09-20 21:42:22.413 T:22631 debug : CVideoPlayerAudio::OutputPacket: pts:15.231 curr_pts:14.419 clock:14.410 level:47
2024-09-20 21:42:22.421 T:22625 debug : CVideoPlayer::ProcessAudioData size:5039 dts:19.133 pts:19.133 dur:92.000ms, clock:14.419 drop:0 level:47
2024-09-20 21:42:22.422 T:22625 debug : CVideoPlayer::ProcessAudioData size:5054 dts:19.225 pts:19.225 dur:92.000ms, clock:14.419 drop:0 level:48
2024-09-20 21:42:22.428 T:22625 debug : CVideoPlayer::ProcessVideoData size:540427 dts:18.977 pts:19.269 dur:41.000ms, clock:14.425 level:50
2024-09-20 21:42:22.430 T:22625 debug : CVideoPlayer::ProcessVideoData size:468092 dts:19.019 pts:19.186 dur:41.000ms, clock:14.427 level:51
2024-09-20 21:42:22.444 T:3922 debug : CAMLCodec::PollFrame elapsed:29.375ms
2024-09-20 21:42:22.448 T:3922 debug : PrepareNextRender: frameOnScreen: 14.445 renderPts: 14.618 nextFramePts: 14.556 -> diff: 0.062 render: 1 forceNext: 0
2024-09-20 21:42:22.462 T:22625 debug : CVideoPlayer::ProcessVideoData size:317949 dts:19.061 pts:19.144 dur:41.000ms, clock:14.460 level:51
2024-09-20 21:42:22.465 T:22625 debug : CVideoPlayer::ProcessVideoData size:305885 dts:19.102 pts:19.102 dur:41.000ms, clock:14.462 level:51
2024-09-20 21:42:22.486 T:22630 debug : CAMLCodec::DequeueBuffer: pts:14.848 idx:888161
2024-09-20 21:42:22.486 T:22630 debug : CVideoPlayerVideo::OutputPicture - ttd:364ms pts:14.848 Clock:14.483 Level:6
2024-09-20 21:42:22.486 T:3922 debug : CAMLCodec::PollFrame elapsed:35.949ms
2024-09-20 21:42:22.490 T:3922 debug : PrepareNextRender: frameOnScreen: 14.487 renderPts: 14.660 nextFramePts: 14.598 -> diff: 0.062 render: 1 forceNext: 0
2024-09-20 21:42:22.511 T:22631 debug : CVideoPlayerAudio::OutputPacket: pts:15.325 curr_pts:14.517 clock:14.508 level:48
2024-09-20 21:42:22.528 T:3922 debug : CAMLCodec::PollFrame elapsed:34.641ms
2024-09-20 21:42:22.529 T:22630 debug : CAMLCodec::DequeueBuffer: pts:14.890 idx:888162
2024-09-20 21:42:22.529 T:22630 debug : CVideoPlayerVideo::OutputPicture - ttd:363ms pts:14.890 Clock:14.526 Level:6
2024-09-20 21:42:22.532 T:3922 debug : PrepareNextRender: frameOnScreen: 14.529 renderPts: 14.702 nextFramePts: 14.640 -> diff: 0.062 render: 1 forceNext: 0
2024-09-20 21:42:22.547 T:22625 debug : CVideoPlayer::ProcessVideoData size:307250 dts:19.144 pts:19.228 dur:41.000ms, clock:14.544 level:51
2024-09-20 21:42:22.569 T:3922 debug : CAMLCodec::PollFrame elapsed:35.434ms
2024-09-20 21:42:22.570 T:22630 debug : CAMLCodec::DequeueBuffer: pts:14.932 idx:888163
2024-09-20 21:42:22.570 T:22630 debug : CVideoPlayerVideo::OutputPicture - ttd:365ms pts:14.932 Clock:14.567 Level:6
2024-09-20 21:42:22.573 T:3922 debug : PrepareNextRender: frameOnScreen: 14.570 renderPts: 14.743 nextFramePts: 14.681 -> diff: 0.062 render: 1 forceNext: 0
2024-09-20 21:42:22.589 T:22625 debug : CVideoPlayer::ProcessAudioData size:5067 dts:19.319 pts:19.319 dur:92.000ms, clock:14.587 drop:0 level:48
2024-09-20 21:42:22.590 T:22625 debug : CVideoPlayer::ProcessAudioData size:5113 dts:19.411 pts:19.411 dur:92.000ms, clock:14.587 drop:0 level:49
2024-09-20 21:42:22.598 T:22625 debug : CVideoPlayer::ProcessVideoData size:555684 dts:19.186 pts:19.478 dur:41.000ms, clock:14.596 level:51
2024-09-20 21:42:22.611 T:3922 debug : CAMLCodec::PollFrame elapsed:35.422ms
2024-09-20 21:42:22.612 T:22631 debug : CVideoPlayerAudio::OutputPacket: pts:15.417 curr_pts:14.619 clock:14.609 level:49
2024-09-20 21:42:22.613 T:22630 debug : CAMLCodec::DequeueBuffer: pts:14.973 idx:888164
2024-09-20 21:42:22.613 T:22630 debug : CVideoPlayerVideo::OutputPicture - ttd:362ms pts:14.973 Clock:14.610 Level:6
2024-09-20 21:42:22.615 T:3922 debug : PrepareNextRender: frameOnScreen: 14.613 renderPts: 14.786 nextFramePts: 14.723 -> diff: 0.063 render: 1 forceNext: 0
2024-09-20 21:42:22.653 T:3922 debug : CAMLCodec::PollFrame elapsed:35.073ms
2024-09-20 21:42:22.654 T:22630 debug : CAMLCodec::DequeueBuffer: pts:15.015 idx:888165
2024-09-20 21:42:22.654 T:22630 debug : CVideoPlayerVideo::OutputPicture - ttd:363ms pts:15.015 Clock:14.651 Level:6
2024-09-20 21:42:22.657 T:3922 debug : PrepareNextRender: frameOnScreen: 14.654 renderPts: 14.827 nextFramePts: 14.765 -> diff: 0.062 render: 1 forceNext: 0
2024-09-20 21:42:22.671 T:22625 debug : CVideoPlayer::ProcessVideoData size:473666 dts:19.228 pts:19.394 dur:41.000ms, clock:14.668 level:50
2024-09-20 21:42:22.672 T:22625 debug : CVideoPlayer::ProcessVideoData size:465690 dts:19.269 pts:19.353 dur:41.000ms, clock:14.670 level:51
2024-09-20 21:42:22.695 T:3922 debug : CAMLCodec::PollFrame elapsed:34.703ms
2024-09-20 21:42:22.696 T:22630 debug : CAMLCodec::DequeueBuffer: pts:15.057 idx:888166
2024-09-20 21:42:22.697 T:22630 debug : CVideoPlayerVideo::OutputPicture - ttd:363ms pts:15.057 Clock:14.694 Level:6
2024-09-20 21:42:22.699 T:3922 debug : PrepareNextRender: frameOnScreen: 14.695 renderPts: 14.868 nextFramePts: 14.806 -> diff: 0.062 render: 1 forceNext: 0
2024-09-20 21:42:22.711 T:22631 debug : CVideoPlayerAudio::OutputPacket: pts:15.511 curr_pts:14.717 clock:14.709 level:48
2024-09-20 21:42:22.736 T:3922 debug : CAMLCodec::PollFrame elapsed:34.646ms
2024-09-20 21:42:22.739 T:22630 debug : CAMLCodec::DequeueBuffer: pts:15.098 idx:888167
2024-09-20 21:42:22.739 T:22630 debug : CVideoPlayerVideo::OutputPicture - ttd:361ms pts:15.098 Clock:14.736 Level:6
2024-09-20 21:42:22.740 T:3922 debug : PrepareNextRender: frameOnScreen: 14.738 renderPts: 14.911 nextFramePts: 14.848 -> diff: 0.063 render: 1 forceNext: 0
2024-09-20 21:42:22.778 T:3922 debug : CAMLCodec::PollFrame elapsed:35.124ms
2024-09-20 21:42:22.780 T:21925 info : script.plex: UpdateNowPlaying: 41759, refreshQueue: False state: None (player: playing) overrideChecks: False time: None (player: 14.666)
2024-09-20 21:42:22.781 T:22630 debug : CAMLCodec::DequeueBuffer: pts:15.140 idx:888168
2024-09-20 21:42:22.781 T:22630 debug : CVideoPlayerVideo::OutputPicture - ttd:361ms pts:15.140 Clock:14.778 Level:6
2024-09-20 21:42:22.783 T:21925 debug : requested setting (remotecontrol) was not found.
2024-09-20 21:42:22.786 T:3922 debug : PrepareNextRender: frameOnScreen: 14.783 renderPts: 14.956 nextFramePts: 14.890 -> diff: 0.066 render: 1 forceNext: 0
2024-09-20 21:42:22.795 T:22625 debug : CVideoPlayer::ProcessVideoData size:304753 dts:19.311 pts:19.311 dur:41.000ms, clock:14.792 level:50
2024-09-20 21:42:22.796 T:22625 debug : CVideoPlayer::ProcessVideoData size:306510 dts:19.353 pts:19.436 dur:41.000ms, clock:14.793 level:51
2024-09-20 21:42:22.797 T:22625 debug : CVideoPlayer::ProcessAudioData size:5108 dts:19.505 pts:19.505 dur:92.000ms, clock:14.795 drop:0 level:48
2024-09-20 21:42:22.797 T:22625 debug : CVideoPlayer::ProcessAudioData size:5078 dts:19.597 pts:19.597 dur:92.000ms, clock:14.795 drop:0 level:49
2024-09-20 21:42:22.806 T:22625 debug : CVideoPlayer::ProcessVideoData size:565192 dts:19.394 pts:19.686 dur:41.000ms, clock:14.803 level:51
2024-09-20 21:42:22.812 T:22631 debug : CVideoPlayerAudio::OutputPacket: pts:15.603 curr_pts:14.819 clock:14.809 level:49
2024-09-20 21:42:22.820 T:3922 debug : CAMLCodec::PollFrame elapsed:31.516ms
2024-09-20 21:42:22.821 T:22630 debug : CAMLCodec::DequeueBuffer: pts:15.182 idx:888169
2024-09-20 21:42:22.821 T:22630 debug : CVideoPlayerVideo::OutputPicture - ttd:363ms pts:15.182 Clock:14.819 Level:6
2024-09-20 21:42:22.822 T:22663 info : script.plex: API: Starting request: GET https://redacted.plex.direct:32400/:/timeline?time=14457&duration=7578464&state=playing&guid=plex%3A//movie/5d7768257228e5001f1dccd2&ratingKey=41759&key=/library/metadata/41759&containerKey=/library/sections/1/all%3FincludeCollections%3D1%26sort%3DtitleSort%253Aasc%26X-Plex-Container-Size%3D540%26X-Plex-Container-Start%3D0&X-Plex-Token=**** (async=True timeout=10.0(5.0))
2024-09-20 21:42:22.833 T:3922 debug : PrepareNextRender: frameOnScreen: 14.830 renderPts: 15.003 nextFramePts: 14.932 -> diff: 0.071 render: 1 forceNext: 0
2024-09-20 21:42:22.862 T:22631 debug : CVideoPlayerAudio::OutputPacket: pts:15.697 curr_pts:14.867 clock:14.859 level:48
2024-09-20 21:42:22.862 T:3922 debug : CAMLCodec::PollFrame elapsed:27.783ms
2024-09-20 21:42:22.863 T:22630 debug : CAMLCodec::DequeueBuffer: pts:15.224 idx:888170
2024-09-20 21:42:22.863 T:22630 debug : CVideoPlayerVideo::OutputPicture - ttd:363ms pts:15.224 Clock:14.860 Level:6
2024-09-20 21:42:22.865 T:3922 debug : PrepareNextRender: frameOnScreen: 14.862 renderPts: 15.035 nextFramePts: 14.973 -> diff: 0.062 render: 1 forceNext: 0
2024-09-20 21:42:22.879 T:22625 debug : CVideoPlayer::ProcessVideoData size:475417 dts:19.436 pts:19.603 dur:41.000ms, clock:14.876 level:51
2024-09-20 21:42:22.903 T:3922 debug : CAMLCodec::PollFrame elapsed:35.072ms
2024-09-20 21:42:22.904 T:22630 debug : CAMLCodec::DequeueBuffer: pts:15.265 idx:888171
2024-09-20 21:42:22.904 T:22630 debug : CVideoPlayerVideo::OutputPicture - ttd:363ms pts:15.265 Clock:14.902 Level:6
2024-09-20 21:42:22.907 T:3922 debug : PrepareNextRender: frameOnScreen: 14.905 renderPts: 15.078 nextFramePts: 15.015 -> diff: 0.063 render: 1 forceNext: 0
2024-09-20 21:42:22.921 T:22625 debug : CVideoPlayer::ProcessVideoData size:468651 dts:19.478 pts:19.561 dur:41.000ms, clock:14.918 level:51
2024-09-20 21:42:22.945 T:3922 debug : CAMLCodec::PollFrame elapsed:34.872ms
2024-09-20 21:42:22.947 T:22630 debug : CAMLCodec::DequeueBuffer: pts:15.307 idx:888172
2024-09-20 21:42:22.947 T:22630 debug : CVideoPlayerVideo::OutputPicture - ttd:362ms pts:15.307 Clock:14.944 Level:6
2024-09-20 21:42:22.952 T:3922 debug : PrepareNextRender: frameOnScreen: 14.950 renderPts: 15.123 nextFramePts: 15.057 -> diff: 0.066 render: 1 forceNext: 0
2024-09-20 21:42:22.961 T:22631 debug : CVideoPlayerAudio::OutputPacket: pts:15.789 curr_pts:14.968 clock:14.958 level:47
2024-09-20 21:42:22.987 T:3922 debug : CAMLCodec::PollFrame elapsed:31.913ms
2024-09-20 21:42:22.988 T:22630 debug : CAMLCodec::DequeueBuffer: pts:15.349 idx:888173
2024-09-20 21:42:22.988 T:22630 debug : CVideoPlayerVideo::OutputPicture - ttd:363ms pts:15.349 Clock:14.985 Level:6
2024-09-20 21:42:22.989 T:3922 debug : PrepareNextRender: frameOnScreen: 14.986 renderPts: 15.159 nextFramePts: 15.098 -> diff: 0.061 render: 1 forceNext: 0
2024-09-20 21:42:23.003 T:22625 debug : CVideoPlayer::ProcessVideoData size:306636 dts:19.519 pts:19.519 dur:41.000ms, clock:15.000 level:51
2024-09-20 21:42:23.004 T:22625 debug : CVideoPlayer::ProcessVideoData size:302654 dts:19.561 pts:19.645 dur:41.000ms, clock:15.001 level:51
2024-09-20 21:42:23.015 T:22625 debug : CVideoPlayer::ProcessAudioData size:5059 dts:19.691 pts:19.691 dur:92.000ms, clock:15.012 drop:0 level:47
2024-09-20 21:42:23.015 T:22625 debug : CVideoPlayer::ProcessAudioData size:5046 dts:19.783 pts:19.783 dur:92.000ms, clock:15.012 drop:0 level:48
2024-09-20 21:42:23.020 T:22625 debug : CVideoPlayer::ProcessVideoData size:575906 dts:19.603 pts:19.811 dur:41.000ms, clock:15.017 level:51
2024-09-20 21:42:23.029 T:3922 debug : CAMLCodec::PollFrame elapsed:37.746ms
2024-09-20 21:42:23.030 T:22630 debug : CAMLCodec::DequeueBuffer: pts:15.390 idx:888174
2024-09-20 21:42:23.030 T:22630 debug : CVideoPlayerVideo::OutputPicture - ttd:362ms pts:15.390 Clock:15.027 Level:6
2024-09-20 21:42:23.032 T:3922 debug : PrepareNextRender: frameOnScreen: 15.029 renderPts: 15.202 nextFramePts: 15.140 -> diff: 0.062 render: 1 forceNext: 0
2024-09-20 21:42:23.061 T:22631 debug : CVideoPlayerAudio::OutputPacket: pts:15.882 curr_pts:15.068 clock:15.058 level:48
2024-09-20 21:42:23.070 T:3922 debug : CAMLCodec::PollFrame elapsed:35.596ms
2024-09-20 21:42:23.070 T:22630 debug : CAMLCodec::DequeueBuffer: pts:15.432 idx:888175
2024-09-20 21:42:23.071 T:22630 debug : CVideoPlayerVideo::OutputPicture - ttd:364ms pts:15.432 Clock:15.068 Level:6
2024-09-20 21:42:23.073 T:3922 debug : PrepareNextRender: frameOnScreen: 15.071 renderPts: 15.244 nextFramePts: 15.182 -> diff: 0.062 render: 1 forceNext: 0
2024-09-20 21:42:23.083 T:22625 debug : CVideoPlayer::ProcessVideoData size:470078 dts:19.645 pts:19.770 dur:41.000ms, clock:15.080 level:51
2024-09-20 21:42:23.112 T:3922 debug : CAMLCodec::PollFrame elapsed:35.934ms
2024-09-20 21:42:23.114 T:22630 debug : CAMLCodec::DequeueBuffer: pts:15.474 idx:888176
2024-09-20 21:42:23.114 T:22630 debug : CVideoPlayerVideo::OutputPicture - ttd:362ms pts:15.474 Clock:15.111 Level:6
2024-09-20 21:42:23.117 T:3922 debug : PrepareNextRender: frameOnScreen: 15.115 renderPts: 15.288 nextFramePts: 15.224 -> diff: 0.064 render: 1 forceNext: 0
2024-09-20 21:42:23.124 T:22625 debug : CVideoPlayer::ProcessVideoData size:304324 dts:19.686 pts:19.728 dur:41.000ms, clock:15.122 level:51
2024-09-20 21:42:23.127 T:22625 debug : CVideoPlayer::ProcessVideoData size:489911 dts:19.728 pts:19.853 dur:41.000ms, clock:15.124 level:51
2024-09-20 21:42:23.153 T:3922 debug : CAMLCodec::PollFrame elapsed:33.643ms
2024-09-20 21:42:23.156 T:22630 debug : CAMLCodec::DequeueBuffer: pts:15.515 idx:888177
2024-09-20 21:42:23.156 T:22630 debug : CVideoPlayerVideo::OutputPicture - ttd:361ms pts:15.515 Clock:15.153 Level:6
2024-09-20 21:42:23.157 T:3922 debug : PrepareNextRender: frameOnScreen: 15.155 renderPts: 15.328 nextFramePts: 15.265 -> diff: 0.063 render: 1 forceNext: 0
2024-09-20 21:42:23.161 T:22631 debug : CVideoPlayerAudio::OutputPacket: pts:15.974 curr_pts:15.168 clock:15.159 level:47
2024-09-20 21:42:23.195 T:3922 debug : CAMLCodec::PollFrame elapsed:35.187ms
2024-09-20 21:42:23.197 T:22630 debug : CAMLCodec::DequeueBuffer: pts:15.557 idx:888178
2024-09-20 21:42:23.197 T:22630 debug : CVideoPlayerVideo::OutputPicture - ttd:362ms pts:15.557 Clock:15.194 Level:6
2024-09-20 21:42:23.199 T:3922 debug : PrepareNextRender: frameOnScreen: 15.196 renderPts: 15.369 nextFramePts: 15.307 -> diff: 0.062 render: 1 forceNext: 0
2024-09-20 21:42:23.219 T:22625 debug : CVideoPlayer::ProcessAudioData size:5069 dts:19.876 pts:19.876 dur:92.000ms, clock:15.217 drop:0 level:47
2024-09-20 21:42:23.219 T:22625 debug : CVideoPlayer::ProcessAudioData size:4976 dts:19.968 pts:19.968 dur:92.000ms, clock:15.217 drop:0 level:48
2024-09-20 21:42:23.225 T:22625 debug : CVideoPlayer::ProcessVideoData size:465082 dts:19.770 pts:20.062 dur:41.000ms, clock:15.223 level:51
2024-09-20 21:42:23.237 T:3922 debug : CAMLCodec::PollFrame elapsed:35.044ms
2024-09-20 21:42:23.238 T:22630 debug : CAMLCodec::DequeueBuffer: pts:15.599 idx:888179
2024-09-20 21:42:23.238 T:22630 debug : CVideoPlayerVideo::OutputPicture - ttd:363ms pts:15.599 Clock:15.235 Level:6
2024-09-20 21:42:23.241 T:3922 debug : PrepareNextRender: frameOnScreen: 15.238 renderPts: 15.411 nextFramePts: 15.349 -> diff: 0.062 render: 1 forceNext: 0
2024-09-20 21:42:23.257 T:22625 debug : CVideoPlayer::ProcessVideoData size:409543 dts:19.811 pts:19.978 dur:41.000ms, clock:15.254 level:51
2024-09-20 21:42:23.259 T:22625 debug : CVideoPlayer::ProcessVideoData size:409434 dts:19.853 pts:19.937 dur:41.000ms, clock:15.256 level:51
2024-09-20 21:42:23.261 T:22631 debug : CVideoPlayerAudio::OutputPacket: pts:16.068 curr_pts:15.267 clock:15.259 level:48
2024-09-20 21:42:23.278 T:3922 debug : CAMLCodec::PollFrame elapsed:34.787ms
2024-09-20 21:42:23.280 T:22630 debug : CAMLCodec::DequeueBuffer: pts:15.641 idx:888180
2024-09-20 21:42:23.280 T:22630 debug : CVideoPlayerVideo::OutputPicture - ttd:363ms pts:15.641 Clock:15.277 Level:6
2024-09-20 21:42:23.283 T:3922 debug : PrepareNextRender: frameOnScreen: 15.280 renderPts: 15.453 nextFramePts: 15.390 -> diff: 0.063 render: 1 forceNext: 0
2024-09-20 21:42:23.290 T:22625 debug : CVideoPlayer::ProcessVideoData size:278805 dts:19.895 pts:19.895 dur:41.000ms, clock:15.288 level:51
2024-09-20 21:42:23.291 T:22625 debug : CVideoPlayer::ProcessVideoData size:283892 dts:19.937 pts:20.020 dur:41.000ms, clock:15.288 level:52
2024-09-20 21:42:23.320 T:3922 debug : CAMLCodec::PollFrame elapsed:34.500ms
2024-09-20 21:42:23.322 T:22630 debug : CAMLCodec::DequeueBuffer: pts:15.682 idx:888181
2024-09-20 21:42:23.322 T:22630 debug : CVideoPlayerVideo::OutputPicture - ttd:362ms pts:15.682 Clock:15.319 Level:6
2024-09-20 21:42:23.323 T:22630 debug : CAMLCodec::DequeueBuffer: pts:15.724 idx:888182
2024-09-20 21:42:23.325 T:3922 debug : PrepareNextRender: frameOnScreen: 15.322 renderPts: 15.495 nextFramePts: 15.432 -> diff: 0.063 render: 1 forceNext: 0
2024-09-20 21:42:23.325 T:22630 debug : CVideoPlayerVideo::OutputPicture - ttd:403ms pts:15.724 Clock:15.320 Level:6
2024-09-20 21:42:23.326 T:22630 debug : CAMLCodec::DequeueBuffer: pts:15.766 idx:888183
2024-09-20 21:42:23.362 T:22631 debug : CVideoPlayerAudio::OutputPacket: pts:16.160 curr_pts:15.368 clock:15.359 level:47
2024-09-20 21:42:23.362 T:3922 debug : CAMLCodec::PollFrame elapsed:33.821ms
2024-09-20 21:42:23.366 T:3922 debug : PrepareNextRender: frameOnScreen: 15.363 renderPts: 15.536 nextFramePts: 15.474 -> diff: 0.062 render: 1 forceNext: 0
2024-09-20 21:42:23.366 T:22630 debug : CVideoPlayerVideo::OutputPicture - ttd:442ms pts:15.766 Clock:15.324 Level:6
2024-09-20 21:42:23.367 T:22630 debug : CAMLCodec::DequeueBuffer: pts:15.807 idx:888184
2024-09-20 21:42:23.404 T:3922 debug : CAMLCodec::PollFrame elapsed:34.669ms
2024-09-20 21:42:23.409 T:3922 debug : PrepareNextRender: frameOnScreen: 15.406 renderPts: 15.579 nextFramePts: 15.515 -> diff: 0.064 render: 1 forceNext: 0
2024-09-20 21:42:23.409 T:22630 debug : CVideoPlayerVideo::OutputPicture - ttd:442ms pts:15.807 Clock:15.365 Level:6
2024-09-20 21:42:23.412 T:22625 debug : CVideoPlayer::ProcessAudioData size:5003 dts:20.062 pts:20.062 dur:92.000ms, clock:15.410 drop:0 level:47
2024-09-20 21:42:23.413 T:22625 debug : CVideoPlayer::ProcessAudioData size:4983 dts:20.154 pts:20.154 dur:92.000ms, clock:15.410 drop:0 level:48
2024-09-20 21:42:23.413 T:22625 debug : CVideoPlayer::ProcessAudioData size:4990 dts:20.247 pts:20.247 dur:92.000ms, clock:15.410 drop:0 level:49
2024-09-20 21:42:23.422 T:22625 debug : CVideoPlayer::ProcessVideoData size:483339 dts:19.978 pts:20.270 dur:41.000ms, clock:15.419 level:51
2024-09-20 21:42:23.429 T:22625 debug : CVideoPlayer::ProcessVideoData size:420963 dts:20.020 pts:20.187 dur:41.000ms, clock:15.426 level:51
2024-09-20 21:42:23.434 T:22625 debug : CVideoPlayer::ProcessVideoData size:420194 dts:20.062 pts:20.145 dur:41.000ms, clock:15.431 level:52
2024-09-20 21:42:23.445 T:3922 debug : CAMLCodec::PollFrame elapsed:33.267ms
2024-09-20 21:42:23.450 T:3922 debug : PrepareNextRender: frameOnScreen: 15.447 renderPts: 15.620 nextFramePts: 15.557 -> diff: 0.063 render: 1 forceNext: 0
2024-09-20 21:42:23.462 T:22631 debug : CVideoPlayerAudio::OutputPacket: pts:16.253 curr_pts:15.468 clock:15.459 level:49
2024-09-20 21:42:23.487 T:3922 debug : CAMLCodec::PollFrame elapsed:34.754ms
2024-09-20 21:42:23.488 T:22630 debug : CAMLCodec::DequeueBuffer: pts:15.849 idx:888185
2024-09-20 21:42:23.488 T:22630 debug : CVideoPlayerVideo::OutputPicture - ttd:363ms pts:15.849 Clock:15.485 Level:6
2024-09-20 21:42:23.492 T:3922 debug : PrepareNextRender: frameOnScreen: 15.489 renderPts: 15.662 nextFramePts: 15.599 -> diff: 0.063 render: 1 forceNext: 0
2024-09-20 21:42:23.506 T:22625 debug : CVideoPlayer::ProcessVideoData size:282151 dts:20.103 pts:20.103 dur:41.000ms, clock:15.503 level:51
2024-09-20 21:42:23.507 T:22625 debug : CVideoPlayer::ProcessVideoData size:284295 dts:20.145 pts:20.229 dur:41.000ms, clock:15.504 level:52
2024-09-20 21:42:23.510 T:22625 debug : CVideoPlayer::ProcessAudioData size:5010 dts:20.341 pts:20.341 dur:92.000ms, clock:15.507 drop:0 level:49
2024-09-20 21:42:23.510 T:22625 debug : CVideoPlayer::ProcessAudioData size:4933 dts:20.433 pts:20.433 dur:92.000ms, clock:15.507 drop:0 level:50
2024-09-20 21:42:23.511 T:22631 debug : CVideoPlayerAudio::OutputPacket: pts:16.347 curr_pts:15.517 clock:15.508 level:50
2024-09-20 21:42:23.517 T:22625 debug : CVideoPlayer::ProcessVideoData size:497238 dts:20.187 pts:20.479 dur:41.000ms, clock:15.514 level:52
2024-09-20 21:42:23.529 T:3922 debug : CAMLCodec::PollFrame elapsed:34.422ms
2024-09-20 21:42:23.530 T:22630 debug : CAMLCodec::DequeueBuffer: pts:15.891 idx:888186
2024-09-20 21:42:23.530 T:22630 debug : CVideoPlayerVideo::OutputPicture - ttd:363ms pts:15.891 Clock:15.527 Level:6
2024-09-20 21:42:23.533 T:3922 debug : PrepareNextRender: frameOnScreen: 15.530 renderPts: 15.703 nextFramePts: 15.641 -> diff: 0.062 render: 1 forceNext: 0
2024-09-20 21:42:23.570 T:3922 debug : CAMLCodec::PollFrame elapsed:35.422ms
2024-09-20 21:42:23.572 T:22630 debug : CAMLCodec::DequeueBuffer: pts:15.933 idx:888187
2024-09-20 21:42:23.572 T:22630 debug : CVideoPlayerVideo::OutputPicture - ttd:363ms pts:15.933 Clock:15.569 Level:6
2024-09-20 21:42:23.574 T:3922 debug : PrepareNextRender: frameOnScreen: 15.571 renderPts: 15.744 nextFramePts: 15.682 -> diff: 0.062 render: 1 forceNext: 0
2024-09-20 21:42:23.590 T:22625 debug : CVideoPlayer::ProcessVideoData size:428811 dts:20.229 pts:20.395 dur:41.000ms, clock:15.587 level:52
2024-09-20 21:42:23.592 T:22625 debug : CVideoPlayer::ProcessVideoData size:423444 dts:20.270 pts:20.354 dur:41.000ms, clock:15.589 level:52
2024-09-20 21:42:23.611 T:22631 debug : CVideoPlayerAudio::OutputPacket: pts:16.439 curr_pts:15.618 clock:15.608 level:49
2024-09-20 21:42:23.612 T:3922 debug : CAMLCodec::PollFrame elapsed:36.958ms
2024-09-20 21:42:23.614 T:22630 debug : CAMLCodec::DequeueBuffer: pts:15.974 idx:888188
2024-09-20 21:42:23.614 T:22630 debug : CVideoPlayerVideo::OutputPicture - ttd:362ms pts:15.974 Clock:15.611 Level:6
2024-09-20 21:42:23.618 T:3922 debug : PrepareNextRender: frameOnScreen: 15.615 renderPts: 15.788 nextFramePts: 15.724 -> diff: 0.064 render: 1 forceNext: 0
2024-09-20 21:42:23.654 T:3922 debug : CAMLCodec::PollFrame elapsed:33.147ms
2024-09-20 21:42:23.656 T:22630 debug : CAMLCodec::DequeueBuffer: pts:16.016 idx:888189
2024-09-20 21:42:23.656 T:22630 debug : CVideoPlayerVideo::OutputPicture - ttd:362ms pts:16.016 Clock:15.653 Level:6
2024-09-20 21:42:23.657 T:3922 debug : PrepareNextRender: frameOnScreen: 15.654 renderPts: 15.827 nextFramePts: 15.766 -> diff: 0.061 render: 1 forceNext: 0
2024-09-20 21:42:23.674 T:22625 debug : CVideoPlayer::ProcessVideoData size:280801 dts:20.312 pts:20.312 dur:41.000ms, clock:15.671 level:52
2024-09-20 21:42:23.696 T:22630 debug : CAMLCodec::DequeueBuffer: pts:16.058 idx:888190
2024-09-20 21:42:23.696 T:22630 debug : CVideoPlayerVideo::OutputPicture - ttd:364ms pts:16.058 Clock:15.693 Level:6
2024-09-20 21:42:23.696 T:3922 debug : CAMLCodec::PollFrame elapsed:37.215ms
2024-09-20 21:42:23.700 T:3922 debug : PrepareNextRender: frameOnScreen: 15.697 renderPts: 15.870 nextFramePts: 15.807 -> diff: 0.063 render: 1 forceNext: 0
2024-09-20 21:42:23.711 T:22631 debug : CVideoPlayerAudio::OutputPacket: pts:16.533 curr_pts:15.717 clock:15.709 level:48
2024-09-20 21:42:23.715 T:22625 debug : CVideoPlayer::ProcessVideoData size:284393 dts:20.354 pts:20.437 dur:41.000ms, clock:15.713 level:52
2024-09-20 21:42:23.717 T:22625 debug : CVideoPlayer::ProcessAudioData size:4900 dts:20.526 pts:20.526 dur:92.000ms, clock:15.714 drop:0 level:48
2024-09-20 21:42:23.717 T:22625 debug : CVideoPlayer::ProcessAudioData size:4895 dts:20.618 pts:20.618 dur:92.000ms, clock:15.714 drop:0 level:49
2024-09-20 21:42:23.725 T:22625 debug : CVideoPlayer::ProcessVideoData size:506882 dts:20.395 pts:20.687 dur:41.000ms, clock:15.722 level:52
2024-09-20 21:42:23.737 T:3922 debug : CAMLCodec::PollFrame elapsed:35.536ms
2024-09-20 21:42:23.738 T:22630 debug : CAMLCodec::DequeueBuffer: pts:16.099 idx:888191
2024-09-20 21:42:23.739 T:22630 debug : CVideoPlayerVideo::OutputPicture - ttd:363ms pts:16.099 Clock:15.736 Level:6
2024-09-20 21:42:23.741 T:3922 debug : PrepareNextRender: frameOnScreen: 15.739 renderPts: 15.911 nextFramePts: 15.849 -> diff: 0.062 render: 1 forceNext: 0
2024-09-20 21:42:23.779 T:3922 debug : CAMLCodec::PollFrame elapsed:34.811ms
2024-09-20 21:42:23.780 T:22630 debug : CAMLCodec::DequeueBuffer: pts:16.141 idx:888192
2024-09-20 21:42:23.780 T:22630 debug : CVideoPlayerVideo::OutputPicture - ttd:363ms pts:16.141 Clock:15.778 Level:6
2024-09-20 21:42:23.783 T:3922 debug : PrepareNextRender: frameOnScreen: 15.781 renderPts: 15.953 nextFramePts: 15.891 -> diff: 0.062 render: 1 forceNext: 0
2024-09-20 21:42:23.797 T:22625 debug : CVideoPlayer::ProcessVideoData size:431153 dts:20.437 pts:20.604 dur:41.000ms, clock:15.795 level:52
2024-09-20 21:42:23.799 T:22625 debug : CVideoPlayer::ProcessVideoData size:425012 dts:20.479 pts:20.562 dur:41.000ms, clock:15.796 level:52
2024-09-20 21:42:23.811 T:22631 debug : CVideoPlayerAudio::OutputPacket: pts:16.625 curr_pts:15.819 clock:15.809 level:49
2024-09-20 21:42:23.821 T:22630 debug : CAMLCodec::DequeueBuffer: pts:16.183 idx:888193
2024-09-20 21:42:23.821 T:22630 debug : CVideoPlayerVideo::OutputPicture - ttd:364ms pts:16.183 Clock:15.818 Level:6
2024-09-20 21:42:23.821 T:3922 debug : CAMLCodec::PollFrame elapsed:35.920ms
2024-09-20 21:42:23.824 T:3922 debug : PrepareNextRender: frameOnScreen: 15.821 renderPts: 15.994 nextFramePts: 15.933 -> diff: 0.061 render: 1 forceNext: 0
2024-09-20 21:42:23.840 T:22625 debug : CVideoPlayer::ProcessVideoData size:279148 dts:20.520 pts:20.520 dur:41.000ms, clock:15.837 level:52
2024-09-20 21:42:23.841 T:22625 debug : CVideoPlayer::ProcessVideoData size:282176 dts:20.562 pts:20.646 dur:41.000ms, clock:15.838 level:53
2024-09-20 21:42:23.862 T:3922 debug : CAMLCodec::PollFrame elapsed:35.559ms
2024-09-20 21:42:23.863 T:22630 debug : CAMLCodec::DequeueBuffer: pts:16.225 idx:888194
2024-09-20 21:42:23.864 T:22630 debug : CVideoPlayerVideo::OutputPicture - ttd:364ms pts:16.225 Clock:15.861 Level:6
2024-09-20 21:42:23.867 T:3922 debug : PrepareNextRender: frameOnScreen: 15.864 renderPts: 16.036 nextFramePts: 15.974 -> diff: 0.062 render: 1 forceNext: 0
2024-09-20 21:42:23.882 T:22625 debug : CVideoPlayer::ProcessAudioData size:5021 dts:20.712 pts:20.712 dur:92.000ms, clock:15.879 drop:0 level:49
2024-09-20 21:42:23.882 T:22625 debug : CVideoPlayer::ProcessAudioData size:5067 dts:20.804 pts:20.804 dur:92.000ms, clock:15.879 drop:0 level:50
2024-09-20 21:42:23.886 T:22625 debug : CVideoPlayer::ProcessVideoData size:516409 dts:20.604 pts:20.812 dur:41.000ms, clock:15.883 level:53
2024-09-20 21:42:23.904 T:3922 debug : CAMLCodec::PollFrame elapsed:34.089ms
2024-09-20 21:42:23.906 T:22630 debug : CAMLCodec::DequeueBuffer: pts:16.266 idx:888195
2024-09-20 21:42:23.907 T:22630 debug : CVideoPlayerVideo::OutputPicture - ttd:361ms pts:16.266 Clock:15.904 Level:6
2024-09-20 21:42:23.907 T:3922 debug : PrepareNextRender: frameOnScreen: 15.905 renderPts: 16.077 nextFramePts: 16.016 -> diff: 0.061 render: 1 forceNext: 0
2024-09-20 21:42:23.912 T:22631 debug : CVideoPlayerAudio::OutputPacket: pts:16.718 curr_pts:15.918 clock:15.909 level:50
2024-09-20 21:42:23.920 T:22625 debug : CVideoPlayer::ProcessVideoData size:425597 dts:20.646 pts:20.771 dur:41.000ms, clock:15.917 level:53
2024-09-20 21:42:23.946 T:3922 debug : CAMLCodec::PollFrame elapsed:36.005ms
2024-09-20 21:42:23.947 T:22630 debug : CAMLCodec::DequeueBuffer: pts:16.308 idx:888196
2024-09-20 21:42:23.947 T:22630 debug : CVideoPlayerVideo::OutputPicture - ttd:363ms pts:16.308 Clock:15.945 Level:6
2024-09-20 21:42:23.950 T:3922 debug : PrepareNextRender: frameOnScreen: 15.947 renderPts: 16.120 nextFramePts: 16.058 -> diff: 0.062 render: 1 forceNext: 0
2024-09-20 21:42:23.989 T:3922 debug : CAMLCodec::PollFrame elapsed:35.901ms
2024-09-20 21:42:23.989 T:22630 debug : CAMLCodec::DequeueBuffer: pts:16.350 idx:888197
2024-09-20 21:42:23.989 T:22630 debug : CVideoPlayerVideo::OutputPicture - ttd:363ms pts:16.350 Clock:15.987 Level:6
2024-09-20 21:42:23.993 T:3922 debug : PrepareNextRender: frameOnScreen: 15.990 renderPts: 16.162 nextFramePts: 16.099 -> diff: 0.063 render: 1 forceNext: 0
2024-09-20 21:42:24.011 T:22625 debug : CVideoPlayer::ProcessVideoData size:280788 dts:20.687 pts:20.729 dur:41.000ms, clock:16.008 level:52
2024-09-20 21:42:24.012 T:22631 debug : CVideoPlayerAudio::OutputPacket: pts:16.811 curr_pts:16.018 clock:16.009 level:49
2024-09-20 21:42:24.014 T:22625 debug : CVideoPlayer::ProcessVideoData size:443588 dts:20.729 pts:20.854 dur:41.000ms, clock:16.011 level:53
2024-09-20 21:42:24.016 T:22625 debug : CVideoPlayer::ProcessAudioData size:5044 dts:20.898 pts:20.898 dur:92.000ms, clock:16.013 drop:0 level:49
2024-09-20 21:42:24.016 T:22625 debug : CVideoPlayer::ProcessAudioData size:5010 dts:20.990 pts:20.990 dur:92.000ms, clock:16.013 drop:0 level:50
2024-09-20 21:42:24.022 T:22625 debug : CVideoPlayer::ProcessVideoData size:421277 dts:20.771 pts:21.063 dur:41.000ms, clock:16.019 level:53
2024-09-20 21:42:24.029 T:3922 debug : CAMLCodec::PollFrame elapsed:34.013ms
2024-09-20 21:42:24.031 T:22630 debug : CAMLCodec::DequeueBuffer: pts:16.391 idx:888198
2024-09-20 21:42:24.031 T:22630 debug : CVideoPlayerVideo::OutputPicture - ttd:362ms pts:16.391 Clock:16.028 Level:6
2024-09-20 21:42:24.032 T:3922 debug : PrepareNextRender: frameOnScreen: 16.030 renderPts: 16.202 nextFramePts: 16.141 -> diff: 0.061 render: 1 forceNext: 0
2024-09-20 21:42:24.071 T:3922 debug : CAMLCodec::PollFrame elapsed:36.381ms
2024-09-20 21:42:24.072 T:22630 debug : CAMLCodec::DequeueBuffer: pts:16.433 idx:888199
2024-09-20 21:42:24.072 T:22630 debug : CVideoPlayerVideo::OutputPicture - ttd:363ms pts:16.433 Clock:16.069 Level:6
2024-09-20 21:42:24.075 T:3922 debug : PrepareNextRender: frameOnScreen: 16.072 renderPts: 16.245 nextFramePts: 16.183 -> diff: 0.062 render: 1 forceNext: 0
2024-09-20 21:42:24.084 T:22625 debug : CVideoPlayer::ProcessVideoData size:375678 dts:20.812 pts:20.979 dur:41.000ms, clock:16.081 level:53
2024-09-20 21:42:24.112 T:22631 debug : CVideoPlayerAudio::OutputPacket: pts:16.904 curr_pts:16.119 clock:16.109 level:50
2024-09-20 21:42:24.113 T:22630 debug : CAMLCodec::DequeueBuffer: pts:16.475 idx:888200
2024-09-20 21:42:24.113 T:22630 debug : CVideoPlayerVideo::OutputPicture - ttd:364ms pts:16.475 Clock:16.110 Level:6
2024-09-20 21:42:24.113 T:3922 debug : CAMLCodec::PollFrame elapsed:35.190ms
2024-09-20 21:42:24.119 T:3922 debug : PrepareNextRender: frameOnScreen: 16.116 renderPts: 16.289 nextFramePts: 16.225 -> diff: 0.064 render: 1 forceNext: 0
2024-09-20 21:42:24.126 T:22625 debug : CVideoPlayer::ProcessVideoData size:370972 dts:20.854 pts:20.938 dur:41.000ms, clock:16.124 level:53
2024-09-20 21:42:24.127 T:22625 debug : CVideoPlayer::ProcessVideoData size:254686 dts:20.896 pts:20.896 dur:41.000ms, clock:16.124 level:53
2024-09-20 21:42:24.128 T:22625 debug : CVideoPlayer::ProcessVideoData size:260945 dts:20.938 pts:21.021 dur:41.000ms, clock:16.125 level:54
2024-09-20 21:42:24.155 T:3922 debug : CAMLCodec::PollFrame elapsed:33.245ms
2024-09-20 21:42:24.156 T:22630 debug : CAMLCodec::DequeueBuffer: pts:16.516 idx:888201
2024-09-20 21:42:24.156 T:22630 debug : CVideoPlayerVideo::OutputPicture - ttd:362ms pts:16.516 Clock:16.153 Level:6
2024-09-20 21:42:24.159 T:3922 debug : PrepareNextRender: frameOnScreen: 16.156 renderPts: 16.329 nextFramePts: 16.266 -> diff: 0.063 render: 1 forceNext: 0
2024-09-20 21:42:24.161 T:22631 debug : CVideoPlayerAudio::OutputPacket: pts:16.996 curr_pts:16.168 clock:16.159 level:49
2024-09-20 21:42:24.196 T:22630 debug : CAMLCodec::DequeueBuffer: pts:16.558 idx:888202
2024-09-20 21:42:24.196 T:3922 debug : CAMLCodec::PollFrame elapsed:32.709ms
2024-09-20 21:42:24.196 T:22630 debug : CVideoPlayerVideo::OutputPicture - ttd:364ms pts:16.558 Clock:16.194 Level:6
2024-09-20 21:42:24.199 T:3922 debug : PrepareNextRender: frameOnScreen: 16.197 renderPts: 16.369 nextFramePts: 16.308 -> diff: 0.061 render: 1 forceNext: 0
2024-09-20 21:42:24.220 T:22625 debug : CVideoPlayer::ProcessAudioData size:4998 dts:21.084 pts:21.084 dur:92.000ms, clock:16.217 drop:0 level:49
2024-09-20 21:42:24.220 T:22625 debug : CVideoPlayer::ProcessAudioData size:5042 dts:21.176 pts:21.176 dur:92.000ms, clock:16.217 drop:0 level:50
2024-09-20 21:42:24.220 T:22625 debug : CVideoPlayer::ProcessAudioData size:5053 dts:21.269 pts:21.269 dur:92.000ms, clock:16.217 drop:0 level:52
2024-09-20 21:42:24.228 T:22625 debug : CVideoPlayer::ProcessVideoData size:489803 dts:20.979 pts:21.271 dur:41.000ms, clock:16.225 level:53
2024-09-20 21:42:24.238 T:3922 debug : CAMLCodec::PollFrame elapsed:36.953ms
2024-09-20 21:42:24.239 T:22630 debug : CAMLCodec::DequeueBuffer: pts:16.600 idx:888203
2024-09-20 21:42:24.239 T:22630 debug : CVideoPlayerVideo::OutputPicture - ttd:363ms pts:16.600 Clock:16.236 Level:6
2024-09-20 21:42:24.241 T:21925 info : script.plex: UpdateNowPlaying: 41759, refreshQueue: False state: None (player: playing) overrideChecks: False time: None (player: 16.111)
2024-09-20 21:42:24.244 T:3922 debug : PrepareNextRender: frameOnScreen: 16.242 renderPts: 16.414 nextFramePts: 16.350 -> diff: 0.064 render: 1 forceNext: 0
2024-09-20 21:42:24.250 T:22625 debug : CVideoPlayer::ProcessVideoData size:459562 dts:21.021 pts:21.188 dur:41.000ms, clock:16.247 level:53
2024-09-20 21:42:24.261 T:22631 debug : CVideoPlayerAudio::OutputPacket: pts:17.090 curr_pts:16.267 clock:16.259 level:52
2024-09-20 21:42:24.280 T:3922 debug : CAMLCodec::PollFrame elapsed:32.456ms
2024-09-20 21:42:24.281 T:22630 debug : CAMLCodec::DequeueBuffer: pts:16.642 idx:888204
2024-09-20 21:42:24.281 T:22630 debug : CVideoPlayerVideo::OutputPicture - ttd:363ms pts:16.642 Clock:16.278 Level:6
2024-09-20 21:42:24.284 T:3922 debug : PrepareNextRender: frameOnScreen: 16.281 renderPts: 16.454 nextFramePts: 16.391 -> diff: 0.063 render: 1 forceNext: 0
2024-09-20 21:42:24.291 T:22625 debug : CVideoPlayer::ProcessVideoData size:385960 dts:21.063 pts:21.146 dur:41.000ms, clock:16.289 level:53
2024-09-20 21:42:24.293 T:22625 debug : CVideoPlayer::ProcessVideoData size:358998 dts:21.104 pts:21.104 dur:41.000ms, clock:16.290 level:54
2024-09-20 21:42:24.322 T:3922 debug : CAMLCodec::PollFrame elapsed:34.907ms
2024-09-20 21:42:24.323 T:22630 debug : CAMLCodec::DequeueBuffer: pts:16.683 idx:888205
2024-09-20 21:42:24.323 T:22630 debug : CVideoPlayerVideo::OutputPicture - ttd:362ms pts:16.683 Clock:16.320 Level:6
2024-09-20 21:42:24.324 T:22630 debug : CAMLCodec::DequeueBuffer: pts:16.725 idx:888206
2024-09-20 21:42:24.326 T:3922 debug : PrepareNextRender: frameOnScreen: 16.323 renderPts: 16.496 nextFramePts: 16.433 -> diff: 0.063 render: 1 forceNext: 0
2024-09-20 21:42:24.326 T:22630 debug : CVideoPlayerVideo::OutputPicture - ttd:403ms pts:16.725 Clock:16.322 Level:6
2024-09-20 21:42:24.327 T:22630 debug : CAMLCodec::DequeueBuffer: pts:16.767 idx:888207
2024-09-20 21:42:24.361 T:22631 debug : CVideoPlayerAudio::OutputPacket: pts:17.182 curr_pts:16.369 clock:16.359 level:50
2024-09-20 21:42:24.363 T:3922 debug : CAMLCodec::PollFrame elapsed:35.378ms
2024-09-20 21:42:24.367 T:3922 debug : PrepareNextRender: frameOnScreen: 16.364 renderPts: 16.537 nextFramePts: 16.475 -> diff: 0.062 render: 1 forceNext: 0
2024-09-20 21:42:24.367 T:22630 debug : CVideoPlayerVideo::OutputPicture - ttd:442ms pts:16.767 Clock:16.325 Level:6
2024-09-20 21:42:24.369 T:22630 debug : CAMLCodec::DequeueBuffer: pts:16.808 idx:888208
2024-09-20 21:42:24.405 T:3922 debug : CAMLCodec::PollFrame elapsed:34.064ms
2024-09-20 21:42:24.407 T:3922 debug : PrepareNextRender: frameOnScreen: 16.404 renderPts: 16.577 nextFramePts: 16.516 -> diff: 0.061 render: 1 forceNext: 0
2024-09-20 21:42:24.409 T:22630 debug : CVideoPlayerVideo::OutputPicture - ttd:441ms pts:16.808 Clock:16.366 Level:6
2024-09-20 21:42:24.415 T:22625 debug : CVideoPlayer::ProcessVideoData size:374894 dts:21.146 pts:21.230 dur:41.000ms, clock:16.413 level:53
2024-09-20 21:42:24.418 T:22625 debug : CVideoPlayer::ProcessAudioData size:5020 dts:21.362 pts:21.362 dur:92.000ms, clock:16.415 drop:0 level:50
2024-09-20 21:42:24.418 T:22625 debug : CVideoPlayer::ProcessAudioData size:4962 dts:21.454 pts:21.454 dur:92.000ms, clock:16.415 drop:0 level:52
2024-09-20 21:42:24.430 T:22625 debug : CVideoPlayer::ProcessVideoData size:509323 dts:21.188 pts:21.480 dur:41.000ms, clock:16.427 level:53
2024-09-20 21:42:24.433 T:22625 debug : CVideoPlayer::ProcessVideoData size:465549 dts:21.230 pts:21.396 dur:41.000ms, clock:16.430 level:53
2024-09-20 21:42:24.446 T:3922 debug : CAMLCodec::PollFrame elapsed:33.785ms
2024-09-20 21:42:24.452 T:3922 debug : PrepareNextRender: frameOnScreen: 16.449 renderPts: 16.622 nextFramePts: 16.558 -> diff: 0.064 render: 1 forceNext: 0
2024-09-20 21:42:24.462 T:22631 debug : CVideoPlayerAudio::OutputPacket: pts:17.276 curr_pts:16.468 clock:16.459 level:52
2024-09-20 21:42:24.464 T:22625 debug : CVideoPlayer::ProcessVideoData size:387084 dts:21.271 pts:21.355 dur:41.000ms, clock:16.461 level:53
2024-09-20 21:42:24.465 T:22625 debug : CVideoPlayer::ProcessVideoData size:357894 dts:21.313 pts:21.313 dur:41.000ms, clock:16.462 level:54
2024-09-20 21:42:24.488 T:3922 debug : CAMLCodec::PollFrame elapsed:34.204ms
2024-09-20 21:42:24.490 T:22630 debug : CAMLCodec::DequeueBuffer: pts:16.850 idx:888209
2024-09-20 21:42:24.490 T:22630 debug : CVideoPlayerVideo::OutputPicture - ttd:362ms pts:16.850 Clock:16.487 Level:6
2024-09-20 21:42:24.493 T:3922 debug : PrepareNextRender: frameOnScreen: 16.490 renderPts: 16.663 nextFramePts: 16.600 -> diff: 0.063 render: 1 forceNext: 0
2024-09-20 21:42:24.530 T:3922 debug : CAMLCodec::PollFrame elapsed:34.029ms
2024-09-20 21:42:24.531 T:22630 debug : CAMLCodec::DequeueBuffer: pts:16.892 idx:888210
2024-09-20 21:42:24.531 T:22630 debug : CVideoPlayerVideo::OutputPicture - ttd:363ms pts:16.892 Clock:16.528 Level:6
2024-09-20 21:42:24.533 T:3922 debug : PrepareNextRender: frameOnScreen: 16.531 renderPts: 16.703 nextFramePts: 16.642 -> diff: 0.061 render: 1 forceNext: 0
2024-09-20 21:42:24.547 T:22625 debug : CVideoPlayer::ProcessVideoData size:383163 dts:21.355 pts:21.438 dur:41.000ms, clock:16.544 level:54
2024-09-20 21:42:24.562 T:22631 debug : CVideoPlayerAudio::OutputPacket: pts:17.369 curr_pts:16.569 clock:16.559 level:50
2024-09-20 21:42:24.571 T:3922 debug : CAMLCodec::PollFrame elapsed:36.339ms
2024-09-20 21:42:24.573 T:22630 debug : CAMLCodec::DequeueBuffer: pts:16.934 idx:888211
2024-09-20 21:42:24.573 T:22630 debug : CVideoPlayerVideo::OutputPicture - ttd:363ms pts:16.934 Clock:16.570 Level:6
2024-09-20 21:42:24.576 T:3922 debug : PrepareNextRender: frameOnScreen: 16.573 renderPts: 16.746 nextFramePts: 16.683 -> diff: 0.063 render: 1 forceNext: 0
2024-09-20 21:42:24.589 T:22625 debug : CVideoPlayer::ProcessAudioData size:5012 dts:21.548 pts:21.548 dur:92.000ms, clock:16.586 drop:0 level:50
2024-09-20 21:42:24.589 T:22625 debug : CVideoPlayer::ProcessAudioData size:5182 dts:21.640 pts:21.640 dur:92.000ms, clock:16.587 drop:0 level:52
2024-09-20 21:42:24.596 T:22625 debug : CVideoPlayer::ProcessVideoData size:523750 dts:21.396 pts:21.688 dur:41.000ms, clock:16.594 level:54
2024-09-20 21:42:24.614 T:22630 debug : CAMLCodec::DequeueBuffer: pts:16.975 idx:888212
2024-09-20 21:42:24.614 T:22630 debug : CVideoPlayerVideo::OutputPicture - ttd:363ms pts:16.975 Clock:16.611 Level:6
2024-09-20 21:42:24.614 T:3922 debug : CAMLCodec::PollFrame elapsed:35.584ms
2024-09-20 21:42:24.618 T:3922 debug : PrepareNextRender: frameOnScreen: 16.615 renderPts: 16.788 nextFramePts: 16.725 -> diff: 0.063 render: 1 forceNext: 0
2024-09-20 21:42:24.655 T:22630 debug : CAMLCodec::DequeueBuffer: pts:17.017 idx:888213
2024-09-20 21:42:24.655 T:22630 debug : CVideoPlayerVideo::OutputPicture - ttd:364ms pts:17.017 Clock:16.652 Level:6
2024-09-20 21:42:24.655 T:3922 debug : CAMLCodec::PollFrame elapsed:33.896ms
2024-09-20 21:42:24.658 T:3922 debug : PrepareNextRender: frameOnScreen: 16.656 renderPts: 16.828 nextFramePts: 16.767 -> diff: 0.061 render: 1 forceNext: 0
2024-09-20 21:42:24.662 T:22631 debug : CVideoPlayerAudio::OutputPacket: pts:17.461 curr_pts:16.669 clock:16.659 level:52
2024-09-20 21:42:24.669 T:22625 debug : CVideoPlayer::ProcessVideoData size:476242 dts:21.438 pts:21.605 dur:41.000ms, clock:16.666 level:53
2024-09-20 21:42:24.697 T:3922 debug : CAMLCodec::PollFrame elapsed:36.278ms
2024-09-20 21:42:24.699 T:22630 debug : CAMLCodec::DequeueBuffer: pts:17.059 idx:888214
2024-09-20 21:42:24.699 T:22630 debug : CVideoPlayerVideo::OutputPicture - ttd:362ms pts:17.059 Clock:16.696 Level:6
2024-09-20 21:42:24.701 T:3922 debug : PrepareNextRender: frameOnScreen: 16.699 renderPts: 16.871 nextFramePts: 16.808 -> diff: 0.063 render: 1 forceNext: 0
2024-09-20 21:42:24.711 T:22625 debug : CVideoPlayer::ProcessVideoData size:391169 dts:21.480 pts:21.563 dur:41.000ms, clock:16.709 level:53
2024-09-20 21:42:24.738 T:3922 debug : CAMLCodec::PollFrame elapsed:34.819ms
2024-09-20 21:42:24.739 T:22630 debug : CAMLCodec::DequeueBuffer: pts:17.100 idx:888215
2024-09-20 21:42:24.739 T:22630 debug : CVideoPlayerVideo::OutputPicture - ttd:363ms pts:17.100 Clock:16.737 Level:6
2024-09-20 21:42:24.743 T:3922 debug : PrepareNextRender: frameOnScreen: 16.740 renderPts: 16.913 nextFramePts: 16.850 -> diff: 0.063 render: 1 forceNext: 0
2024-09-20 21:42:24.753 T:22625 debug : CVideoPlayer::ProcessVideoData size:360657 dts:21.521 pts:21.521 dur:41.000ms, clock:16.750 level:53
2024-09-20 21:42:24.761 T:22631 debug : CVideoPlayerAudio::OutputPacket: pts:17.554 curr_pts:16.767 clock:16.758 level:50
2024-09-20 21:42:24.780 T:3922 debug : CAMLCodec::PollFrame elapsed:34.415ms
2024-09-20 21:42:24.782 T:22630 debug : CAMLCodec::DequeueBuffer: pts:17.142 idx:888216
2024-09-20 21:42:24.782 T:22630 debug : CVideoPlayerVideo::OutputPicture - ttd:362ms pts:17.142 Clock:16.780 Level:6
2024-09-20 21:42:24.784 T:3922 debug : PrepareNextRender: frameOnScreen: 16.782 renderPts: 16.954 nextFramePts: 16.892 -> diff: 0.062 render: 1 forceNext: 0
2024-09-20 21:42:24.794 T:22625 debug : CVideoPlayer::ProcessVideoData size:392304 dts:21.563 pts:21.647 dur:41.000ms, clock:16.792 level:53
2024-09-20 21:42:24.812 T:22631 debug : CVideoPlayerAudio::OutputPacket: pts:17.647 curr_pts:16.818 clock:16.809 level:49
2024-09-20 21:42:24.822 T:22630 debug : CAMLCodec::DequeueBuffer: pts:17.184 idx:888217
2024-09-20 21:42:24.822 T:22630 debug : CVideoPlayerVideo::OutputPicture - ttd:364ms pts:17.184 Clock:16.819 Level:6
2024-09-20 21:42:24.822 T:3922 debug : CAMLCodec::PollFrame elapsed:35.246ms
2024-09-20 21:42:24.826 T:3922 debug : PrepareNextRender: frameOnScreen: 16.823 renderPts: 16.996 nextFramePts: 16.934 -> diff: 0.062 render: 1 forceNext: 0
2024-09-20 21:42:24.837 T:22625 debug : CVideoPlayer::ProcessAudioData size:5127 dts:21.734 pts:21.734 dur:92.000ms, clock:16.834 drop:0 level:49
2024-09-20 21:42:24.846 T:22625 debug : CVideoPlayer::ProcessVideoData size:546795 dts:21.605 pts:21.813 dur:41.000ms, clock:16.843 level:53
2024-09-20 21:42:24.863 T:3922 debug : CAMLCodec::PollFrame elapsed:34.279ms
2024-09-20 21:42:24.865 T:22630 debug : CAMLCodec::DequeueBuffer: pts:17.226 idx:888218
2024-09-20 21:42:24.865 T:22630 debug : CVideoPlayerVideo::OutputPicture - ttd:363ms pts:17.226 Clock:16.863 Level:6
2024-09-20 21:42:24.869 T:3922 debug : PrepareNextRender: frameOnScreen: 16.866 renderPts: 17.038 nextFramePts: 16.975 -> diff: 0.063 render: 1 forceNext: 0
2024-09-20 21:42:24.877 T:22625 debug : CVideoPlayer::ProcessVideoData size:402671 dts:21.647 pts:21.772 dur:41.000ms, clock:16.874 level:53
2024-09-20 21:42:24.905 T:3922 debug : CAMLCodec::PollFrame elapsed:33.412ms
2024-09-20 21:42:24.907 T:22630 debug : CAMLCodec::DequeueBuffer: pts:17.267 idx:888219
2024-09-20 21:42:24.907 T:22630 debug : CVideoPlayerVideo::OutputPicture - ttd:362ms pts:17.267 Clock:16.904 Level:6
2024-09-20 21:42:24.910 T:3922 debug : PrepareNextRender: frameOnScreen: 16.908 renderPts: 17.080 nextFramePts: 17.017 -> diff: 0.063 render: 1 forceNext: 0
2024-09-20 21:42:24.912 T:22631 debug : CVideoPlayerAudio::OutputPacket: pts:17.740 curr_pts:16.918 clock:16.909 level:49
2024-09-20 21:42:24.928 T:22625 debug : CVideoPlayer::ProcessVideoData size:401880 dts:21.688 pts:21.730 dur:41.000ms, clock:16.925 level:53
2024-09-20 21:42:24.947 T:3922 debug : CAMLCodec::PollFrame elapsed:33.032ms
2024-09-20 21:42:24.948 T:22630 debug : CAMLCodec::DequeueBuffer: pts:17.309 idx:888220
2024-09-20 21:42:24.948 T:22630 debug : CVideoPlayerVideo::OutputPicture - ttd:363ms pts:17.309 Clock:16.945 Level:6
2024-09-20 21:42:24.952 T:3922 debug : PrepareNextRender: frameOnScreen: 16.949 renderPts: 17.121 nextFramePts: 17.059 -> diff: 0.062 render: 1 forceNext: 0
2024-09-20 21:42:24.959 T:22625 debug : CVideoPlayer::ProcessAudioData size:5036 dts:21.827 pts:21.827 dur:92.000ms, clock:16.957 drop:0 level:49
2024-09-20 21:42:24.963 T:22625 debug : CVideoPlayer::ProcessVideoData size:452705 dts:21.730 pts:21.855 dur:41.000ms, clock:16.960 level:53
2024-09-20 21:42:24.989 T:3922 debug : CAMLCodec::PollFrame elapsed:34.597ms
2024-09-20 21:42:24.989 T:22630 debug : CAMLCodec::DequeueBuffer: pts:17.351 idx:888221
