2024-09-20 21:42:27.784 T:22630 debug : CVideoPlayerVideo::OutputPicture - ttd:363ms pts:20.145 Clock:19.782 Level:6
2024-09-20 21:42:27.787 T:3922 debug : PrepareNextRender: frameOnScreen: 19.784 renderPts: 19.956 nextFramePts: 19.895 -> diff: 0.061 render: 1 forceNext: 0
2024-09-20 21:42:27.798 T:22625 debug : CVideoPlayer::ProcessVideoData size:257998 dts:25.067 pts:25.150 dur:41.000ms, clock:19.796 level:59
2024-09-20 21:42:27.799 T:22625 debug : CVideoPlayer::ProcessVideoData size:249252 dts:25.108 pts:25.108 dur:41.000ms, clock:19.796 level:60
2024-09-20 21:42:27.811 T:22631 debug : CVideoPlayerAudio::OutputPacket: pts:20.618 curr_pts:19.818 clock:19.808 level:57
2024-09-20 21:42:27.825 T:3922 debug : CAMLCodec::PollFrame elapsed:35.188ms
2024-09-20 21:42:27.826 T:22630 debug : CAMLCodec::DequeueBuffer: pts:20.187 idx:888289
2024-09-20 21:42:27.826 T:22630 debug : CVideoPlayerVideo::OutputPicture - ttd:363ms pts:20.187 Clock:19.824 Level:6
2024-09-20 21:42:27.829 T:3922 debug : PrepareNextRender: frameOnScreen: 19.826 renderPts: 19.998 nextFramePts: 19.937 -> diff: 0.061 render: 1 forceNext: 0
2024-09-20 21:42:27.841 T:22625 debug : CVideoPlayer::ProcessVideoData size:257300 dts:25.150 pts:25.234 dur:41.000ms, clock:19.838 level:60
2024-09-20 21:42:27.867 T:22630 debug : CAMLCodec::DequeueBuffer: pts:20.229 idx:888290
2024-09-20 21:42:27.867 T:22630 debug : CVideoPlayerVideo::OutputPicture - ttd:365ms pts:20.229 Clock:19.864 Level:6
2024-09-20 21:42:27.867 T:3922 debug : CAMLCodec::PollFrame elapsed:36.409ms
2024-09-20 21:42:27.871 T:3922 debug : PrepareNextRender: frameOnScreen: 19.868 renderPts: 20.040 nextFramePts: 19.978 -> diff: 0.062 render: 1 forceNext: 0
2024-09-20 21:42:27.884 T:22625 debug : CVideoPlayer::ProcessAudioData size:5653 dts:25.356 pts:25.356 dur:92.000ms, clock:19.881 drop:0 level:57
2024-09-20 21:42:27.884 T:22625 debug : CVideoPlayer::ProcessAudioData size:5618 dts:25.448 pts:25.448 dur:92.000ms, clock:19.881 drop:0 level:59
2024-09-20 21:42:27.892 T:22625 debug : CVideoPlayer::ProcessVideoData size:337468 dts:25.192 pts:25.484 dur:41.000ms, clock:19.889 level:59
2024-09-20 21:42:27.893 T:22625 debug : CVideoPlayer::ProcessVideoData size:334658 dts:25.234 pts:25.400 dur:41.000ms, clock:19.890 level:60
2024-09-20 21:42:27.908 T:3922 debug : CAMLCodec::PollFrame elapsed:34.767ms
2024-09-20 21:42:27.909 T:22630 debug : CAMLCodec::DequeueBuffer: pts:20.270 idx:888291
2024-09-20 21:42:27.909 T:22630 debug : CVideoPlayerVideo::OutputPicture - ttd:363ms pts:20.270 Clock:19.907 Level:6
2024-09-20 21:42:27.912 T:22631 debug : CVideoPlayerAudio::OutputPacket: pts:20.712 curr_pts:19.917 clock:19.909 level:59
2024-09-20 21:42:27.913 T:3922 debug : PrepareNextRender: frameOnScreen: 19.910 renderPts: 20.083 nextFramePts: 20.020 -> diff: 0.063 render: 1 forceNext: 0
2024-09-20 21:42:27.950 T:3922 debug : CAMLCodec::PollFrame elapsed:34.192ms
2024-09-20 21:42:27.951 T:22630 debug : CAMLCodec::DequeueBuffer: pts:20.312 idx:888292
2024-09-20 21:42:27.952 T:22630 debug : CVideoPlayerVideo::OutputPicture - ttd:363ms pts:20.312 Clock:19.949 Level:6
2024-09-20 21:42:27.952 T:3922 debug : PrepareNextRender: frameOnScreen: 19.950 renderPts: 20.122 nextFramePts: 20.062 -> diff: 0.060 render: 1 forceNext: 0
2024-09-20 21:42:27.965 T:22625 debug : CVideoPlayer::ProcessVideoData size:261245 dts:25.275 pts:25.359 dur:41.000ms, clock:19.962 level:60
2024-09-20 21:42:27.966 T:22625 debug : CVideoPlayer::ProcessVideoData size:251450 dts:25.317 pts:25.317 dur:41.000ms, clock:19.963 level:60
2024-09-20 21:42:27.992 T:3922 debug : CAMLCodec::PollFrame elapsed:37.555ms
2024-09-20 21:42:27.993 T:22630 debug : CAMLCodec::DequeueBuffer: pts:20.354 idx:888293
2024-09-20 21:42:27.993 T:22630 debug : CVideoPlayerVideo::OutputPicture - ttd:363ms pts:20.354 Clock:19.990 Level:6
2024-09-20 21:42:27.993 T:21925 info : script.plex: UpdateNowPlaying: 41759, refreshQueue: False state: None (player: playing) overrideChecks: False time: None (player: 19.794)
2024-09-20 21:42:27.997 T:3922 debug : PrepareNextRender: frameOnScreen: 19.994 renderPts: 20.166 nextFramePts: 20.103 -> diff: 0.063 render: 1 forceNext: 0
2024-09-20 21:42:28.012 T:22631 debug : CVideoPlayerAudio::OutputPacket: pts:20.804 curr_pts:20.018 clock:20.009 level:57
2024-09-20 21:42:28.012 T:22625 debug : CVideoPlayer::ProcessVideoData size:258449 dts:25.359 pts:25.442 dur:41.000ms, clock:20.009 level:60
2024-09-20 21:42:28.014 T:22625 debug : CVideoPlayer::ProcessAudioData size:5584 dts:25.542 pts:25.542 dur:92.000ms, clock:20.011 drop:0 level:57
2024-09-20 21:42:28.014 T:22625 debug : CVideoPlayer::ProcessAudioData size:5645 dts:25.634 pts:25.634 dur:92.000ms, clock:20.011 drop:0 level:59
2024-09-20 21:42:28.019 T:22625 debug : CVideoPlayer::ProcessVideoData size:322115 dts:25.400 pts:25.692 dur:41.000ms, clock:20.017 level:61
2024-09-20 21:42:28.034 T:22630 debug : CAMLCodec::DequeueBuffer: pts:20.395 idx:888294
2024-09-20 21:42:28.034 T:22630 debug : CVideoPlayerVideo::OutputPicture - ttd:363ms pts:20.395 Clock:20.031 Level:6
2024-09-20 21:42:28.035 T:3922 debug : CAMLCodec::PollFrame elapsed:34.795ms
2024-09-20 21:42:28.038 T:3922 debug : PrepareNextRender: frameOnScreen: 20.035 renderPts: 20.207 nextFramePts: 20.145 -> diff: 0.062 render: 1 forceNext: 0
2024-09-20 21:42:28.061 T:22631 debug : CVideoPlayerAudio::OutputPacket: pts:20.898 curr_pts:20.067 clock:20.058 level:59
2024-09-20 21:42:28.075 T:3922 debug : CAMLCodec::PollFrame elapsed:34.379ms
2024-09-20 21:42:28.076 T:22630 debug : CAMLCodec::DequeueBuffer: pts:20.437 idx:888295
2024-09-20 21:42:28.076 T:22630 debug : CVideoPlayerVideo::OutputPicture - ttd:363ms pts:20.437 Clock:20.074 Level:6
2024-09-20 21:42:28.079 T:3922 debug : PrepareNextRender: frameOnScreen: 20.077 renderPts: 20.249 nextFramePts: 20.187 -> diff: 0.062 render: 1 forceNext: 0
2024-09-20 21:42:28.091 T:22625 debug : CVideoPlayer::ProcessVideoData size:333168 dts:25.442 pts:25.609 dur:41.000ms, clock:20.089 level:60
2024-09-20 21:42:28.092 T:22625 debug : CVideoPlayer::ProcessVideoData size:258745 dts:25.484 pts:25.567 dur:41.000ms, clock:20.089 level:60
2024-09-20 21:42:28.093 T:22625 debug : CVideoPlayer::ProcessVideoData size:250347 dts:25.525 pts:25.525 dur:41.000ms, clock:20.090 level:61
2024-09-20 21:42:28.117 T:3922 debug : CAMLCodec::PollFrame elapsed:34.266ms
2024-09-20 21:42:28.119 T:22630 debug : CAMLCodec::DequeueBuffer: pts:20.479 idx:888296
2024-09-20 21:42:28.120 T:22630 debug : CVideoPlayerVideo::OutputPicture - ttd:362ms pts:20.479 Clock:20.117 Level:6
2024-09-20 21:42:28.122 T:3922 debug : PrepareNextRender: frameOnScreen: 20.120 renderPts: 20.292 nextFramePts: 20.229 -> diff: 0.063 render: 1 forceNext: 0
2024-09-20 21:42:28.159 T:3922 debug : CAMLCodec::PollFrame elapsed:32.934ms
2024-09-20 21:42:28.160 T:22630 debug : CAMLCodec::DequeueBuffer: pts:20.520 idx:888297
2024-09-20 21:42:28.160 T:22630 debug : CVideoPlayerVideo::OutputPicture - ttd:362ms pts:20.520 Clock:20.157 Level:6
2024-09-20 21:42:28.162 T:22631 debug : CVideoPlayerAudio::OutputPacket: pts:20.990 curr_pts:20.168 clock:20.159 level:57
2024-09-20 21:42:28.164 T:3922 debug : PrepareNextRender: frameOnScreen: 20.161 renderPts: 20.333 nextFramePts: 20.270 -> diff: 0.063 render: 1 forceNext: 0
2024-09-20 21:42:28.175 T:22625 debug : CVideoPlayer::ProcessVideoData size:247994 dts:25.567 pts:25.651 dur:41.000ms, clock:20.173 level:61
2024-09-20 21:42:28.177 T:22625 debug : CVideoPlayer::ProcessAudioData size:5581 dts:25.728 pts:25.728 dur:92.000ms, clock:20.174 drop:0 level:57
2024-09-20 21:42:28.177 T:22625 debug : CVideoPlayer::ProcessAudioData size:5588 dts:25.820 pts:25.820 dur:92.000ms, clock:20.174 drop:0 level:59
2024-09-20 21:42:28.185 T:22625 debug : CVideoPlayer::ProcessVideoData size:346016 dts:25.609 pts:25.817 dur:41.000ms, clock:20.182 level:61
2024-09-20 21:42:28.201 T:22630 debug : CAMLCodec::DequeueBuffer: pts:20.562 idx:888298
2024-09-20 21:42:28.201 T:22630 debug : CVideoPlayerVideo::OutputPicture - ttd:363ms pts:20.562 Clock:20.198 Level:6
2024-09-20 21:42:28.201 T:3922 debug : CAMLCodec::PollFrame elapsed:36.105ms
2024-09-20 21:42:28.205 T:3922 debug : PrepareNextRender: frameOnScreen: 20.203 renderPts: 20.375 nextFramePts: 20.312 -> diff: 0.063 render: 1 forceNext: 0
2024-09-20 21:42:28.216 T:22625 debug : CVideoPlayer::ProcessVideoData size:244327 dts:25.651 pts:25.776 dur:41.000ms, clock:20.213 level:61
2024-09-20 21:42:28.242 T:3922 debug : CAMLCodec::PollFrame elapsed:34.636ms
2024-09-20 21:42:28.243 T:22630 debug : CAMLCodec::DequeueBuffer: pts:20.604 idx:888299
2024-09-20 21:42:28.243 T:22630 debug : CVideoPlayerVideo::OutputPicture - ttd:363ms pts:20.604 Clock:20.240 Level:6
2024-09-20 21:42:28.246 T:3922 debug : PrepareNextRender: frameOnScreen: 20.243 renderPts: 20.415 nextFramePts: 20.354 -> diff: 0.061 render: 1 forceNext: 0
2024-09-20 21:42:28.257 T:22625 debug : CVideoPlayer::ProcessVideoData size:245548 dts:25.692 pts:25.734 dur:41.000ms, clock:20.254 level:61
2024-09-20 21:42:28.259 T:22625 debug : CVideoPlayer::ProcessVideoData size:279377 dts:25.734 pts:25.859 dur:41.000ms, clock:20.256 level:62
2024-09-20 21:42:28.262 T:22631 debug : CVideoPlayerAudio::OutputPacket: pts:21.084 curr_pts:20.268 clock:20.259 level:59
2024-09-20 21:42:28.283 T:22630 debug : CAMLCodec::DequeueBuffer: pts:20.646 idx:888300
2024-09-20 21:42:28.284 T:22630 debug : CVideoPlayerVideo::OutputPicture - ttd:365ms pts:20.646 Clock:20.281 Level:6
2024-09-20 21:42:28.284 T:3922 debug : CAMLCodec::PollFrame elapsed:36.380ms
2024-09-20 21:42:28.288 T:3922 debug : PrepareNextRender: frameOnScreen: 20.286 renderPts: 20.458 nextFramePts: 20.395 -> diff: 0.063 render: 1 forceNext: 0
2024-09-20 21:42:28.303 T:22625 debug : CVideoPlayer::ProcessAudioData size:5489 dts:25.913 pts:25.913 dur:92.000ms, clock:20.300 drop:0 level:59
2024-09-20 21:42:28.303 T:22625 debug : CVideoPlayer::ProcessAudioData size:5615 dts:26.005 pts:26.005 dur:92.000ms, clock:20.300 drop:0 level:60
2024-09-20 21:42:28.307 T:22625 debug : CVideoPlayer::ProcessVideoData size:277788 dts:25.776 pts:26.026 dur:41.000ms, clock:20.304 level:62
2024-09-20 21:42:28.325 T:3922 debug : CAMLCodec::PollFrame elapsed:34.012ms
2024-09-20 21:42:28.326 T:22630 debug : CAMLCodec::DequeueBuffer: pts:20.687 idx:888301
2024-09-20 21:42:28.326 T:22630 debug : CVideoPlayerVideo::OutputPicture - ttd:363ms pts:20.687 Clock:20.324 Level:6
2024-09-20 21:42:28.328 T:22630 debug : CAMLCodec::DequeueBuffer: pts:20.729 idx:888302
2024-09-20 21:42:28.329 T:3922 debug : PrepareNextRender: frameOnScreen: 20.326 renderPts: 20.499 nextFramePts: 20.437 -> diff: 0.062 render: 1 forceNext: 0
2024-09-20 21:42:28.329 T:22630 debug : CVideoPlayerVideo::OutputPicture - ttd:403ms pts:20.729 Clock:20.325 Level:6
2024-09-20 21:42:28.330 T:22630 debug : CAMLCodec::DequeueBuffer: pts:20.771 idx:888303
2024-09-20 21:42:28.361 T:22631 debug : CVideoPlayerAudio::OutputPacket: pts:21.176 curr_pts:20.368 clock:20.358 level:60
2024-09-20 21:42:28.367 T:3922 debug : CAMLCodec::PollFrame elapsed:34.994ms
2024-09-20 21:42:28.370 T:3922 debug : PrepareNextRender: frameOnScreen: 20.368 renderPts: 20.540 nextFramePts: 20.479 -> diff: 0.061 render: 1 forceNext: 0
2024-09-20 21:42:28.371 T:22630 debug : CVideoPlayerVideo::OutputPicture - ttd:443ms pts:20.771 Clock:20.328 Level:6
2024-09-20 21:42:28.372 T:22630 debug : CAMLCodec::DequeueBuffer: pts:20.812 idx:888304
2024-09-20 21:42:28.409 T:3922 debug : CAMLCodec::PollFrame elapsed:36.199ms
2024-09-20 21:42:28.411 T:3922 debug : PrepareNextRender: frameOnScreen: 20.408 renderPts: 20.580 nextFramePts: 20.520 -> diff: 0.060 render: 1 forceNext: 0
2024-09-20 21:42:28.412 T:22630 debug : CVideoPlayerVideo::OutputPicture - ttd:442ms pts:20.812 Clock:20.369 Level:6
2024-09-20 21:42:28.419 T:22625 debug : CVideoPlayer::ProcessVideoData size:215078 dts:25.817 pts:25.943 dur:41.000ms, clock:20.416 level:61
2024-09-20 21:42:28.420 T:22625 debug : CVideoPlayer::ProcessVideoData size:208259 dts:25.859 pts:25.901 dur:41.000ms, clock:20.417 level:62
2024-09-20 21:42:28.420 T:22625 debug : CVideoPlayer::ProcessVideoData size:246454 dts:25.901 pts:25.984 dur:41.000ms, clock:20.417 level:63
2024-09-20 21:42:28.432 T:22625 debug : CVideoPlayer::ProcessVideoData size:341747 dts:25.943 pts:26.068 dur:41.000ms, clock:20.430 level:63
2024-09-20 21:42:28.450 T:3922 debug : CAMLCodec::PollFrame elapsed:36.136ms
2024-09-20 21:42:28.460 T:3922 debug : PrepareNextRender: frameOnScreen: 20.457 renderPts: 20.629 nextFramePts: 20.562 -> diff: 0.067 render: 1 forceNext: 0
2024-09-20 21:42:28.462 T:22631 debug : CVideoPlayerAudio::OutputPacket: pts:21.269 curr_pts:20.468 clock:20.459 level:59
2024-09-20 21:42:28.465 T:22625 debug : CVideoPlayer::ProcessAudioData size:5555 dts:26.099 pts:26.099 dur:92.000ms, clock:20.462 drop:0 level:59
2024-09-20 21:42:28.465 T:22625 debug : CVideoPlayer::ProcessAudioData size:5466 dts:26.191 pts:26.191 dur:92.000ms, clock:20.462 drop:0 level:60
2024-09-20 21:42:28.473 T:22625 debug : CVideoPlayer::ProcessVideoData size:307702 dts:25.984 pts:26.276 dur:41.000ms, clock:20.471 level:62
2024-09-20 21:42:28.474 T:22625 debug : CVideoPlayer::ProcessVideoData size:366314 dts:26.026 pts:26.193 dur:41.000ms, clock:20.472 level:63
2024-09-20 21:42:28.492 T:3922 debug : CAMLCodec::PollFrame elapsed:12.959ms
2024-09-20 21:42:28.493 T:22630 debug : CAMLCodec::DequeueBuffer: pts:20.854 idx:888305
2024-09-20 21:42:28.493 T:22630 debug : CVideoPlayerVideo::OutputPicture - ttd:363ms pts:20.854 Clock:20.491 Level:6
2024-09-20 21:42:28.494 T:3922 debug : PrepareNextRender: frameOnScreen: 20.491 renderPts: 20.663 nextFramePts: 20.604 -> diff: 0.059 render: 1 forceNext: 0
2024-09-20 21:42:28.534 T:3922 debug : CAMLCodec::PollFrame elapsed:38.578ms
2024-09-20 21:42:28.534 T:22630 debug : CAMLCodec::DequeueBuffer: pts:20.896 idx:888306
2024-09-20 21:42:28.535 T:22630 debug : CVideoPlayerVideo::OutputPicture - ttd:364ms pts:20.896 Clock:20.532 Level:6
2024-09-20 21:42:28.537 T:3922 debug : PrepareNextRender: frameOnScreen: 20.534 renderPts: 20.706 nextFramePts: 20.646 -> diff: 0.060 render: 1 forceNext: 0
2024-09-20 21:42:28.549 T:22625 debug : CVideoPlayer::ProcessVideoData size:277944 dts:26.068 pts:26.151 dur:41.000ms, clock:20.546 level:63
2024-09-20 21:42:28.549 T:22625 debug : CVideoPlayer::ProcessVideoData size:269140 dts:26.109 pts:26.109 dur:41.000ms, clock:20.547 level:63
2024-09-20 21:42:28.562 T:22631 debug : CVideoPlayerAudio::OutputPacket: pts:21.362 curr_pts:20.568 clock:20.559 level:60
2024-09-20 21:42:28.576 T:3922 debug : CAMLCodec::PollFrame elapsed:37.106ms
2024-09-20 21:42:28.577 T:22630 debug : CAMLCodec::DequeueBuffer: pts:20.938 idx:888307
2024-09-20 21:42:28.577 T:22630 debug : CVideoPlayerVideo::OutputPicture - ttd:363ms pts:20.938 Clock:20.574 Level:6
2024-09-20 21:42:28.580 T:3922 debug : PrepareNextRender: frameOnScreen: 20.577 renderPts: 20.749 nextFramePts: 20.687 -> diff: 0.062 render: 1 forceNext: 0
2024-09-20 21:42:28.591 T:22625 debug : CVideoPlayer::ProcessVideoData size:290420 dts:26.151 pts:26.235 dur:41.000ms, clock:20.588 level:63
2024-09-20 21:42:28.617 T:3922 debug : CAMLCodec::PollFrame elapsed:36.157ms
2024-09-20 21:42:28.619 T:22630 debug : CAMLCodec::DequeueBuffer: pts:20.979 idx:888308
2024-09-20 21:42:28.619 T:22630 debug : CVideoPlayerVideo::OutputPicture - ttd:362ms pts:20.979 Clock:20.616 Level:6
2024-09-20 21:42:28.622 T:3922 debug : PrepareNextRender: frameOnScreen: 20.619 renderPts: 20.792 nextFramePts: 20.729 -> diff: 0.063 render: 1 forceNext: 0
2024-09-20 21:42:28.632 T:22625 debug : CVideoPlayer::ProcessAudioData size:5531 dts:26.285 pts:26.285 dur:92.000ms, clock:20.629 drop:0 level:60
2024-09-20 21:42:28.632 T:22625 debug : CVideoPlayer::ProcessAudioData size:5518 dts:26.377 pts:26.377 dur:92.000ms, clock:20.629 drop:0 level:61
2024-09-20 21:42:28.632 T:22625 debug : CVideoPlayer::ProcessAudioData size:5569 dts:26.470 pts:26.470 dur:92.000ms, clock:20.629 drop:0 level:62
2024-09-20 21:42:28.641 T:22625 debug : CVideoPlayer::ProcessVideoData size:266400 dts:26.193 pts:26.485 dur:41.000ms, clock:20.639 level:63
2024-09-20 21:42:28.642 T:22625 debug : CVideoPlayer::ProcessVideoData size:295229 dts:26.235 pts:26.401 dur:41.000ms, clock:20.639 level:64
2024-09-20 21:42:28.659 T:3922 debug : CAMLCodec::PollFrame elapsed:34.528ms
2024-09-20 21:42:28.660 T:22630 debug : CAMLCodec::DequeueBuffer: pts:21.021 idx:888309
2024-09-20 21:42:28.660 T:22630 debug : CVideoPlayerVideo::OutputPicture - ttd:363ms pts:21.021 Clock:20.658 Level:6
2024-09-20 21:42:28.662 T:22631 debug : CVideoPlayerAudio::OutputPacket: pts:21.454 curr_pts:20.668 clock:20.659 level:62
2024-09-20 21:42:28.665 T:3922 debug : PrepareNextRender: frameOnScreen: 20.662 renderPts: 20.834 nextFramePts: 20.771 -> diff: 0.063 render: 1 forceNext: 0
2024-09-20 21:42:28.673 T:22625 debug : CVideoPlayer::ProcessVideoData size:265497 dts:26.276 pts:26.360 dur:41.000ms, clock:20.671 level:64
2024-09-20 21:42:28.700 T:3922 debug : CAMLCodec::PollFrame elapsed:34.318ms
2024-09-20 21:42:28.703 T:22630 debug : CAMLCodec::DequeueBuffer: pts:21.063 idx:888310
2024-09-20 21:42:28.704 T:22630 debug : CVideoPlayerVideo::OutputPicture - ttd:361ms pts:21.063 Clock:20.702 Level:6
2024-09-20 21:42:28.706 T:3922 debug : PrepareNextRender: frameOnScreen: 20.703 renderPts: 20.876 nextFramePts: 20.812 -> diff: 0.064 render: 1 forceNext: 0
2024-09-20 21:42:28.711 T:22631 debug : CVideoPlayerAudio::OutputPacket: pts:21.548 curr_pts:20.717 clock:20.708 level:61
2024-09-20 21:42:28.715 T:22625 debug : CVideoPlayer::ProcessVideoData size:257342 dts:26.318 pts:26.318 dur:41.000ms, clock:20.712 level:64
2024-09-20 21:42:28.716 T:22625 debug : CVideoPlayer::ProcessVideoData size:237485 dts:26.360 pts:26.443 dur:41.000ms, clock:20.713 level:64
2024-09-20 21:42:28.742 T:3922 debug : CAMLCodec::PollFrame elapsed:33.755ms
2024-09-20 21:42:28.744 T:22630 debug : CAMLCodec::DequeueBuffer: pts:21.104 idx:888311
2024-09-20 21:42:28.744 T:22630 debug : CVideoPlayerVideo::OutputPicture - ttd:362ms pts:21.104 Clock:20.741 Level:6
2024-09-20 21:42:28.747 T:3922 debug : PrepareNextRender: frameOnScreen: 20.744 renderPts: 20.916 nextFramePts: 20.854 -> diff: 0.062 render: 1 forceNext: 0
2024-09-20 21:42:28.759 T:22625 debug : CVideoPlayer::ProcessAudioData size:5693 dts:26.564 pts:26.564 dur:92.000ms, clock:20.756 drop:0 level:61
2024-09-20 21:42:28.759 T:22625 debug : CVideoPlayer::ProcessAudioData size:5640 dts:26.656 pts:26.656 dur:92.000ms, clock:20.756 drop:0 level:62
2024-09-20 21:42:28.759 T:22625 debug : CVideoPlayer::ProcessAudioData size:5732 dts:26.749 pts:26.749 dur:92.000ms, clock:20.757 drop:0 level:63
2024-09-20 21:42:28.765 T:22625 debug : CVideoPlayer::ProcessVideoData size:330627 dts:26.401 pts:26.652 dur:41.000ms, clock:20.762 level:64
2024-09-20 21:42:28.766 T:22625 debug : CVideoPlayer::ProcessVideoData size:248608 dts:26.443 pts:26.568 dur:41.000ms, clock:20.763 level:65
2024-09-20 21:42:28.784 T:22630 debug : CAMLCodec::DequeueBuffer: pts:21.146 idx:888312
2024-09-20 21:42:28.784 T:3922 debug : CAMLCodec::PollFrame elapsed:35.468ms
2024-09-20 21:42:28.784 T:22630 debug : CVideoPlayerVideo::OutputPicture - ttd:364ms pts:21.146 Clock:20.781 Level:6
2024-09-20 21:42:28.787 T:3922 debug : PrepareNextRender: frameOnScreen: 20.785 renderPts: 20.957 nextFramePts: 20.896 -> diff: 0.061 render: 1 forceNext: 0
2024-09-20 21:42:28.797 T:22625 debug : CVideoPlayer::ProcessVideoData size:235055 dts:26.485 pts:26.526 dur:41.000ms, clock:20.794 level:65
2024-09-20 21:42:28.811 T:22631 debug : CVideoPlayerAudio::OutputPacket: pts:21.640 curr_pts:20.818 clock:20.808 level:63
2024-09-20 21:42:28.826 T:3922 debug : CAMLCodec::PollFrame elapsed:35.759ms
2024-09-20 21:42:28.828 T:22630 debug : CAMLCodec::DequeueBuffer: pts:21.188 idx:888313
2024-09-20 21:42:28.829 T:22630 debug : CVideoPlayerVideo::OutputPicture - ttd:362ms pts:21.188 Clock:20.826 Level:6
2024-09-20 21:42:28.830 T:3922 debug : PrepareNextRender: frameOnScreen: 20.828 renderPts: 21.000 nextFramePts: 20.938 -> diff: 0.062 render: 1 forceNext: 0
2024-09-20 21:42:28.848 T:22625 debug : CVideoPlayer::ProcessVideoData size:266828 dts:26.526 pts:26.610 dur:41.000ms, clock:20.845 level:65
2024-09-20 21:42:28.867 T:3922 debug : CAMLCodec::PollFrame elapsed:35.595ms
2024-09-20 21:42:28.868 T:22630 debug : CAMLCodec::DequeueBuffer: pts:21.230 idx:888314
2024-09-20 21:42:28.869 T:22630 debug : CVideoPlayerVideo::OutputPicture - ttd:364ms pts:21.230 Clock:20.866 Level:6
2024-09-20 21:42:28.871 T:3922 debug : PrepareNextRender: frameOnScreen: 20.868 renderPts: 21.041 nextFramePts: 20.979 -> diff: 0.062 render: 1 forceNext: 0
2024-09-20 21:42:28.883 T:22625 debug : CVideoPlayer::ProcessVideoData size:394567 dts:26.568 pts:26.777 dur:41.000ms, clock:20.880 level:65
2024-09-20 21:42:28.909 T:3922 debug : CAMLCodec::PollFrame elapsed:36.870ms
2024-09-20 21:42:28.910 T:22630 debug : CAMLCodec::DequeueBuffer: pts:21.271 idx:888315
2024-09-20 21:42:28.911 T:22630 debug : CVideoPlayerVideo::OutputPicture - ttd:363ms pts:21.271 Clock:20.908 Level:6
2024-09-20 21:42:28.912 T:22631 debug : CVideoPlayerAudio::OutputPacket: pts:21.734 curr_pts:20.917 clock:20.909 level:62
2024-09-20 21:42:28.914 T:3922 debug : PrepareNextRender: frameOnScreen: 20.912 renderPts: 21.084 nextFramePts: 21.021 -> diff: 0.063 render: 1 forceNext: 0
2024-09-20 21:42:28.925 T:22625 debug : CVideoPlayer::ProcessVideoData size:284415 dts:26.610 pts:26.735 dur:41.000ms, clock:20.922 level:65
2024-09-20 21:42:28.926 T:22625 debug : CVideoPlayer::ProcessVideoData size:280451 dts:26.652 pts:26.693 dur:41.000ms, clock:20.923 level:65
2024-09-20 21:42:28.951 T:3922 debug : CAMLCodec::PollFrame elapsed:33.511ms
2024-09-20 21:42:28.953 T:22630 debug : CAMLCodec::DequeueBuffer: pts:21.313 idx:888316
2024-09-20 21:42:28.953 T:22630 debug : CVideoPlayerVideo::OutputPicture - ttd:362ms pts:21.313 Clock:20.950 Level:6
2024-09-20 21:42:28.957 T:3922 debug : PrepareNextRender: frameOnScreen: 20.954 renderPts: 21.127 nextFramePts: 21.063 -> diff: 0.064 render: 1 forceNext: 0
2024-09-20 21:42:28.969 T:22625 debug : CVideoPlayer::ProcessAudioData size:5596 dts:26.842 pts:26.842 dur:92.000ms, clock:20.966 drop:0 level:62
2024-09-20 21:42:28.969 T:22625 debug : CVideoPlayer::ProcessAudioData size:5591 dts:26.934 pts:26.934 dur:92.000ms, clock:20.966 drop:0 level:63
2024-09-20 21:42:28.977 T:22625 debug : CVideoPlayer::ProcessVideoData size:573991 dts:26.693 pts:26.985 dur:41.000ms, clock:20.975 level:65
2024-09-20 21:42:28.992 T:3922 debug : CAMLCodec::PollFrame elapsed:32.782ms
2024-09-20 21:42:28.994 T:22630 debug : CAMLCodec::DequeueBuffer: pts:21.355 idx:888317
2024-09-20 21:42:28.994 T:22630 debug : CVideoPlayerVideo::OutputPicture - ttd:363ms pts:21.355 Clock:20.991 Level:6
2024-09-20 21:42:28.997 T:3922 debug : PrepareNextRender: frameOnScreen: 20.994 renderPts: 21.167 nextFramePts: 21.104 -> diff: 0.063 render: 1 forceNext: 0
2024-09-20 21:42:29.009 T:22625 debug : CVideoPlayer::ProcessVideoData size:515641 dts:26.735 pts:26.902 dur:41.000ms, clock:21.007 level:65
2024-09-20 21:42:29.011 T:22631 debug : CVideoPlayerAudio::OutputPacket: pts:21.827 curr_pts:21.018 clock:21.009 level:63
2024-09-20 21:42:29.034 T:3922 debug : CAMLCodec::PollFrame elapsed:34.429ms
2024-09-20 21:42:29.036 T:22630 debug : CAMLCodec::DequeueBuffer: pts:21.396 idx:888318
2024-09-20 21:42:29.036 T:22630 debug : CVideoPlayerVideo::OutputPicture - ttd:362ms pts:21.396 Clock:21.033 Level:6
2024-09-20 21:42:29.039 T:3922 debug : PrepareNextRender: frameOnScreen: 21.036 renderPts: 21.209 nextFramePts: 21.146 -> diff: 0.063 render: 1 forceNext: 0
2024-09-20 21:42:29.052 T:22625 debug : CVideoPlayer::ProcessVideoData size:386686 dts:26.777 pts:26.860 dur:41.000ms, clock:21.049 level:65
2024-09-20 21:42:29.076 T:3922 debug : CAMLCodec::PollFrame elapsed:32.289ms
2024-09-20 21:42:29.077 T:22630 debug : CAMLCodec::DequeueBuffer: pts:21.438 idx:888319
2024-09-20 21:42:29.077 T:22630 debug : CVideoPlayerVideo::OutputPicture - ttd:363ms pts:21.438 Clock:21.075 Level:6
2024-09-20 21:42:29.080 T:3922 debug : PrepareNextRender: frameOnScreen: 21.078 renderPts: 21.250 nextFramePts: 21.188 -> diff: 0.062 render: 1 forceNext: 0
2024-09-20 21:42:29.093 T:22625 debug : CVideoPlayer::ProcessVideoData size:331153 dts:26.818 pts:26.818 dur:41.000ms, clock:21.090 level:65
2024-09-20 21:42:29.111 T:22631 debug : CVideoPlayerAudio::OutputPacket: pts:21.920 curr_pts:21.119 clock:21.109 level:62
2024-09-20 21:42:29.118 T:3922 debug : CAMLCodec::PollFrame elapsed:34.205ms
2024-09-20 21:42:29.118 T:22630 debug : CAMLCodec::DequeueBuffer: pts:21.480 idx:888320
2024-09-20 21:42:29.118 T:22630 debug : CVideoPlayerVideo::OutputPicture - ttd:364ms pts:21.480 Clock:21.116 Level:6
2024-09-20 21:42:29.122 T:3922 debug : PrepareNextRender: frameOnScreen: 21.119 renderPts: 21.292 nextFramePts: 21.230 -> diff: 0.062 render: 1 forceNext: 0
2024-09-20 21:42:29.134 T:22625 debug : CVideoPlayer::ProcessVideoData size:390844 dts:26.860 pts:26.944 dur:41.000ms, clock:21.132 level:65
2024-09-20 21:42:29.159 T:3922 debug : CAMLCodec::PollFrame elapsed:34.617ms
2024-09-20 21:42:29.161 T:22630 debug : CAMLCodec::DequeueBuffer: pts:21.521 idx:888321
2024-09-20 21:42:29.161 T:22630 debug : CVideoPlayerVideo::OutputPicture - ttd:362ms pts:21.521 Clock:21.158 Level:6
2024-09-20 21:42:29.164 T:3922 debug : PrepareNextRender: frameOnScreen: 21.162 renderPts: 21.334 nextFramePts: 21.271 -> diff: 0.063 render: 1 forceNext: 0
2024-09-20 21:42:29.178 T:22625 debug : CVideoPlayer::ProcessVideoData size:585181 dts:26.902 pts:27.027 dur:41.000ms, clock:21.176 level:65
2024-09-20 21:42:29.201 T:3922 debug : CAMLCodec::PollFrame elapsed:33.876ms
2024-09-20 21:42:29.202 T:22630 debug : CAMLCodec::DequeueBuffer: pts:21.563 idx:888322
2024-09-20 21:42:29.203 T:22630 debug : CVideoPlayerVideo::OutputPicture - ttd:363ms pts:21.563 Clock:21.200 Level:6
2024-09-20 21:42:29.207 T:3922 debug : PrepareNextRender: frameOnScreen: 21.204 renderPts: 21.376 nextFramePts: 21.313 -> diff: 0.063 render: 1 forceNext: 0
2024-09-20 21:42:29.212 T:22631 debug : CVideoPlayerAudio::OutputPacket: pts:22.013 curr_pts:21.219 clock:21.209 level:61
2024-09-20 21:42:29.219 T:22625 debug : CVideoPlayer::ProcessAudioData size:5462 dts:27.028 pts:27.028 dur:92.000ms, clock:21.216 drop:0 level:61
2024-09-20 21:42:29.221 T:22625 debug : CVideoPlayer::ProcessVideoData size:436973 dts:26.944 pts:27.069 dur:41.000ms, clock:21.219 level:65
2024-09-20 21:42:29.243 T:3922 debug : CAMLCodec::PollFrame elapsed:34.451ms
2024-09-20 21:42:29.244 T:22630 debug : CAMLCodec::DequeueBuffer: pts:21.605 idx:888323
2024-09-20 21:42:29.244 T:22630 debug : CVideoPlayerVideo::OutputPicture - ttd:363ms pts:21.605 Clock:21.241 Level:6
2024-09-20 21:42:29.247 T:3922 debug : PrepareNextRender: frameOnScreen: 21.244 renderPts: 21.417 nextFramePts: 21.355 -> diff: 0.062 render: 1 forceNext: 0
2024-09-20 21:42:29.264 T:22625 debug : CVideoPlayer::ProcessAudioData size:5378 dts:27.121 pts:27.121 dur:92.000ms, clock:21.261 drop:0 level:62
2024-09-20 21:42:29.264 T:22625 debug : CVideoPlayer::ProcessAudioData size:5394 dts:27.213 pts:27.213 dur:92.000ms, clock:21.261 drop:0 level:63
2024-09-20 21:42:29.274 T:22625 debug : CVideoPlayer::ProcessVideoData size:480862 dts:26.985 pts:27.277 dur:41.000ms, clock:21.272 level:65
2024-09-20 21:42:29.284 T:3922 debug : CAMLCodec::PollFrame elapsed:34.472ms
2024-09-20 21:42:29.285 T:22630 debug : CAMLCodec::DequeueBuffer: pts:21.647 idx:888324
2024-09-20 21:42:29.286 T:22630 debug : CVideoPlayerVideo::OutputPicture - ttd:364ms pts:21.647 Clock:21.283 Level:6
2024-09-20 21:42:29.290 T:3922 debug : PrepareNextRender: frameOnScreen: 21.288 renderPts: 21.460 nextFramePts: 21.396 -> diff: 0.064 render: 1 forceNext: 0
2024-09-20 21:42:29.306 T:22625 debug : CVideoPlayer::ProcessVideoData size:449670 dts:27.027 pts:27.194 dur:41.000ms, clock:21.303 level:65
2024-09-20 21:42:29.312 T:22631 debug : CVideoPlayerAudio::OutputPacket: pts:22.105 curr_pts:21.319 clock:21.309 level:63
2024-09-20 21:42:29.326 T:3922 debug : CAMLCodec::PollFrame elapsed:34.067ms
2024-09-20 21:42:29.328 T:22630 debug : CAMLCodec::DequeueBuffer: pts:21.688 idx:888325
2024-09-20 21:42:29.328 T:22630 debug : CVideoPlayerVideo::OutputPicture - ttd:363ms pts:21.688 Clock:21.325 Level:6
2024-09-20 21:42:29.329 T:22630 debug : CAMLCodec::DequeueBuffer: pts:21.730 idx:888326
2024-09-20 21:42:29.330 T:3922 debug : PrepareNextRender: frameOnScreen: 21.328 renderPts: 21.500 nextFramePts: 21.438 -> diff: 0.062 render: 1 forceNext: 0
2024-09-20 21:42:29.331 T:22630 debug : CVideoPlayerVideo::OutputPicture - ttd:403ms pts:21.730 Clock:21.326 Level:6
2024-09-20 21:42:29.332 T:22630 debug : CAMLCodec::DequeueBuffer: pts:21.772 idx:888327
2024-09-20 21:42:29.361 T:22631 debug : CVideoPlayerAudio::OutputPacket: pts:22.198 curr_pts:21.368 clock:21.358 level:62
2024-09-20 21:42:29.368 T:3922 debug : CAMLCodec::PollFrame elapsed:34.660ms
2024-09-20 21:42:29.371 T:3922 debug : PrepareNextRender: frameOnScreen: 21.369 renderPts: 21.541 nextFramePts: 21.480 -> diff: 0.061 render: 1 forceNext: 0
2024-09-20 21:42:29.372 T:22630 debug : CVideoPlayerVideo::OutputPicture - ttd:442ms pts:21.772 Clock:21.329 Level:6
2024-09-20 21:42:29.373 T:22630 debug : CAMLCodec::DequeueBuffer: pts:21.813 idx:888328
2024-09-20 21:42:29.410 T:3922 debug : CAMLCodec::PollFrame elapsed:36.387ms
2024-09-20 21:42:29.412 T:21925 info : script.plex: UpdateNowPlaying: 41759, refreshQueue: False state: None (player: playing) overrideChecks: False time: None (player: 21.217)
2024-09-20 21:42:29.415 T:3922 debug : PrepareNextRender: frameOnScreen: 21.412 renderPts: 21.585 nextFramePts: 21.521 -> diff: 0.064 render: 1 forceNext: 0
2024-09-20 21:42:29.415 T:22630 debug : CVideoPlayerVideo::OutputPicture - ttd:442ms pts:21.813 Clock:21.370 Level:6
2024-09-20 21:42:29.419 T:22625 debug : CVideoPlayer::ProcessVideoData size:368981 dts:27.069 pts:27.152 dur:41.000ms, clock:21.417 level:65
2024-09-20 21:42:29.431 T:22625 debug : CVideoPlayer::ProcessVideoData size:356145 dts:27.110 pts:27.110 dur:41.000ms, clock:21.428 level:65
2024-09-20 21:42:29.432 T:22625 debug : CVideoPlayer::ProcessVideoData size:405957 dts:27.152 pts:27.236 dur:41.000ms, clock:21.429 level:65
2024-09-20 21:42:29.451 T:3922 debug : CAMLCodec::PollFrame elapsed:32.668ms
2024-09-20 21:42:29.459 T:3922 debug : PrepareNextRender: frameOnScreen: 21.456 renderPts: 21.629 nextFramePts: 21.563 -> diff: 0.066 render: 1 forceNext: 0
2024-09-20 21:42:29.461 T:22631 debug : CVideoPlayerAudio::OutputPacket: pts:22.291 curr_pts:21.468 clock:21.458 level:61
2024-09-20 21:42:29.474 T:22625 debug : CVideoPlayer::ProcessAudioData size:5433 dts:27.307 pts:27.307 dur:92.000ms, clock:21.471 drop:0 level:61
2024-09-20 21:42:29.474 T:22625 debug : CVideoPlayer::ProcessAudioData size:5505 dts:27.399 pts:27.399 dur:92.000ms, clock:21.471 drop:0 level:62
2024-09-20 21:42:29.479 T:22625 debug : CVideoPlayer::ProcessVideoData size:587275 dts:27.194 pts:27.444 dur:41.000ms, clock:21.477 level:65
2024-09-20 21:42:29.493 T:3922 debug : CAMLCodec::PollFrame elapsed:30.800ms
2024-09-20 21:42:29.494 T:22630 debug : CAMLCodec::DequeueBuffer: pts:21.855 idx:888329
2024-09-20 21:42:29.495 T:22630 debug : CVideoPlayerVideo::OutputPicture - ttd:363ms pts:21.855 Clock:21.492 Level:6
2024-09-20 21:42:29.497 T:3922 debug : PrepareNextRender: frameOnScreen: 21.495 renderPts: 21.667 nextFramePts: 21.605 -> diff: 0.062 render: 1 forceNext: 0
2024-09-20 21:42:29.511 T:22625 debug : CVideoPlayer::ProcessVideoData size:433133 dts:27.236 pts:27.361 dur:41.000ms, clock:21.508 level:65
2024-09-20 21:42:29.535 T:3922 debug : CAMLCodec::PollFrame elapsed:35.651ms
2024-09-20 21:42:29.537 T:22630 debug : CAMLCodec::DequeueBuffer: pts:21.897 idx:888330
2024-09-20 21:42:29.537 T:22630 debug : CVideoPlayerVideo::OutputPicture - ttd:362ms pts:21.897 Clock:21.534 Level:6
2024-09-20 21:42:29.540 T:3922 debug : PrepareNextRender: frameOnScreen: 21.537 renderPts: 21.710 nextFramePts: 21.647 -> diff: 0.063 render: 1 forceNext: 0
2024-09-20 21:42:29.561 T:22631 debug : CVideoPlayerAudio::OutputPacket: pts:22.383 curr_pts:21.568 clock:21.559 level:62
2024-09-20 21:42:29.576 T:3922 debug : CAMLCodec::PollFrame elapsed:31.644ms
2024-09-20 21:42:29.578 T:22630 debug : CAMLCodec::DequeueBuffer: pts:21.939 idx:888331
2024-09-20 21:42:29.578 T:22630 debug : CVideoPlayerVideo::OutputPicture - ttd:363ms pts:21.939 Clock:21.576 Level:6
2024-09-20 21:42:29.580 T:3922 debug : PrepareNextRender: frameOnScreen: 21.577 renderPts: 21.750 nextFramePts: 21.688 -> diff: 0.062 render: 1 forceNext: 0
2024-09-20 21:42:29.593 T:22625 debug : CVideoPlayer::ProcessVideoData size:440657 dts:27.277 pts:27.319 dur:41.000ms, clock:21.590 level:65
2024-09-20 21:42:29.618 T:3922 debug : CAMLCodec::PollFrame elapsed:36.263ms
2024-09-20 21:42:29.621 T:22630 debug : CAMLCodec::DequeueBuffer: pts:21.980 idx:888332
2024-09-20 21:42:29.621 T:22630 debug : CVideoPlayerVideo::OutputPicture - ttd:361ms pts:21.980 Clock:21.618 Level:6
2024-09-20 21:42:29.623 T:3922 debug : PrepareNextRender: frameOnScreen: 21.620 renderPts: 21.793 nextFramePts: 21.730 -> diff: 0.063 render: 1 forceNext: 0
2024-09-20 21:42:29.634 T:22625 debug : CVideoPlayer::ProcessVideoData size:433149 dts:27.319 pts:27.402 dur:41.000ms, clock:21.631 level:65
2024-09-20 21:42:29.660 T:3922 debug : CAMLCodec::PollFrame elapsed:32.934ms
2024-09-20 21:42:29.662 T:22631 debug : CVideoPlayerAudio::OutputPacket: pts:22.476 curr_pts:21.668 clock:21.659 level:61
2024-09-20 21:42:29.662 T:22630 debug : CAMLCodec::DequeueBuffer: pts:22.022 idx:888333
2024-09-20 21:42:29.662 T:22630 debug : CVideoPlayerVideo::OutputPicture - ttd:362ms pts:22.022 Clock:21.659 Level:6
2024-09-20 21:42:29.666 T:3922 debug : PrepareNextRender: frameOnScreen: 21.663 renderPts: 21.835 nextFramePts: 21.772 -> diff: 0.063 render: 1 forceNext: 0
2024-09-20 21:42:29.676 T:22625 debug : CVideoPlayer::ProcessAudioData size:5471 dts:27.492 pts:27.492 dur:92.000ms, clock:21.674 drop:0 level:61
2024-09-20 21:42:29.676 T:22625 debug : CVideoPlayer::ProcessAudioData size:5484 dts:27.584 pts:27.584 dur:92.000ms, clock:21.674 drop:0 level:62
2024-09-20 21:42:29.682 T:22625 debug : CVideoPlayer::ProcessVideoData size:662872 dts:27.361 pts:27.611 dur:41.000ms, clock:21.680 level:65
2024-09-20 21:42:29.702 T:3922 debug : CAMLCodec::PollFrame elapsed:32.952ms
2024-09-20 21:42:29.703 T:22630 debug : CAMLCodec::DequeueBuffer: pts:22.064 idx:888334
2024-09-20 21:42:29.703 T:22630 debug : CVideoPlayerVideo::OutputPicture - ttd:363ms pts:22.064 Clock:21.700 Level:6
2024-09-20 21:42:29.707 T:3922 debug : PrepareNextRender: frameOnScreen: 21.705 renderPts: 21.877 nextFramePts: 21.813 -> diff: 0.064 render: 1 forceNext: 0
2024-09-20 21:42:29.743 T:3922 debug : CAMLCodec::PollFrame elapsed:33.922ms
2024-09-20 21:42:29.744 T:22630 debug : CAMLCodec::DequeueBuffer: pts:22.105 idx:888335
2024-09-20 21:42:29.744 T:22630 debug : CVideoPlayerVideo::OutputPicture - ttd:363ms pts:22.105 Clock:21.742 Level:6
2024-09-20 21:42:29.748 T:3922 debug : PrepareNextRender: frameOnScreen: 21.745 renderPts: 21.918 nextFramePts: 21.855 -> diff: 0.063 render: 1 forceNext: 0
2024-09-20 21:42:29.756 T:22625 debug : CVideoPlayer::ProcessVideoData size:467440 dts:27.402 pts:27.527 dur:41.000ms, clock:21.753 level:64
2024-09-20 21:42:29.762 T:22631 debug : CVideoPlayerAudio::OutputPacket: pts:22.570 curr_pts:21.768 clock:21.759 level:62
2024-09-20 21:42:29.785 T:3922 debug : CAMLCodec::PollFrame elapsed:34.195ms
2024-09-20 21:42:29.786 T:22630 debug : CAMLCodec::DequeueBuffer: pts:22.147 idx:888336
2024-09-20 21:42:29.786 T:22630 debug : CVideoPlayerVideo::OutputPicture - ttd:363ms pts:22.147 Clock:21.784 Level:6
2024-09-20 21:42:29.789 T:3922 debug : PrepareNextRender: frameOnScreen: 21.786 renderPts: 21.959 nextFramePts: 21.897 -> diff: 0.062 render: 1 forceNext: 0
2024-09-20 21:42:29.798 T:22625 debug : CVideoPlayer::ProcessVideoData size:451193 dts:27.444 pts:27.486 dur:41.000ms, clock:21.795 level:64
2024-09-20 21:42:29.827 T:3922 debug : CAMLCodec::PollFrame elapsed:34.671ms
2024-09-20 21:42:29.828 T:22630 debug : CAMLCodec::DequeueBuffer: pts:22.189 idx:888337
2024-09-20 21:42:29.828 T:22630 debug : CVideoPlayerVideo::OutputPicture - ttd:363ms pts:22.189 Clock:21.825 Level:6
2024-09-20 21:42:29.831 T:3922 debug : PrepareNextRender: frameOnScreen: 21.828 renderPts: 22.001 nextFramePts: 21.939 -> diff: 0.062 render: 1 forceNext: 0
2024-09-20 21:42:29.840 T:22625 debug : CVideoPlayer::ProcessVideoData size:473986 dts:27.486 pts:27.569 dur:41.000ms, clock:21.837 level:64
2024-09-20 21:42:29.862 T:22631 debug : CVideoPlayerAudio::OutputPacket: pts:22.663 curr_pts:21.869 clock:21.859 level:61
2024-09-20 21:42:29.868 T:3922 debug : CAMLCodec::PollFrame elapsed:34.531ms
2024-09-20 21:42:29.871 T:22630 debug : CAMLCodec::DequeueBuffer: pts:22.231 idx:888338
2024-09-20 21:42:29.871 T:22630 debug : CVideoPlayerVideo::OutputPicture - ttd:362ms pts:22.231 Clock:21.868 Level:6
2024-09-20 21:42:29.873 T:3922 debug : PrepareNextRender: frameOnScreen: 21.870 renderPts: 22.043 nextFramePts: 21.980 -> diff: 0.063 render: 1 forceNext: 0
2024-09-20 21:42:29.910 T:3922 debug : CAMLCodec::PollFrame elapsed:35.902ms
2024-09-20 21:42:29.911 T:22630 debug : CAMLCodec::DequeueBuffer: pts:22.272 idx:888339
2024-09-20 21:42:29.912 T:22630 debug : CVideoPlayerVideo::OutputPicture - ttd:363ms pts:22.272 Clock:21.909 Level:6
2024-09-20 21:42:29.914 T:3922 debug : PrepareNextRender: frameOnScreen: 21.911 renderPts: 22.084 nextFramePts: 22.022 -> diff: 0.062 render: 1 forceNext: 0
2024-09-20 21:42:29.923 T:22625 debug : CVideoPlayer::ProcessAudioData size:5547 dts:27.678 pts:27.678 dur:92.000ms, clock:21.920 drop:0 level:61
2024-09-20 21:42:29.926 T:22625 debug : CVideoPlayer::ProcessVideoData size:706205 dts:27.527 pts:27.694 dur:41.000ms, clock:21.924 level:64
2024-09-20 21:42:29.952 T:3922 debug : CAMLCodec::PollFrame elapsed:35.062ms
2024-09-20 21:42:29.953 T:22630 debug : CAMLCodec::DequeueBuffer: pts:22.314 idx:888340
2024-09-20 21:42:29.953 T:22630 debug : CVideoPlayerVideo::OutputPicture - ttd:363ms pts:22.314 Clock:21.950 Level:6
2024-09-20 21:42:29.956 T:3922 debug : PrepareNextRender: frameOnScreen: 21.953 renderPts: 22.126 nextFramePts: 22.064 -> diff: 0.062 render: 1 forceNext: 0
2024-09-20 21:42:29.962 T:22631 debug : CVideoPlayerAudio::OutputPacket: pts:22.756 curr_pts:21.969 clock:21.959 level:61
2024-09-20 21:42:29.968 T:22625 debug : CVideoPlayer::ProcessVideoData size:482079 dts:27.569 pts:27.653 dur:41.000ms, clock:21.965 level:64
2024-09-20 21:42:29.993 T:3922 debug : CAMLCodec::PollFrame elapsed:35.348ms
2024-09-20 21:42:29.995 T:22630 debug : CAMLCodec::DequeueBuffer: pts:22.356 idx:888341
2024-09-20 21:42:29.995 T:22630 debug : CVideoPlayerVideo::OutputPicture - ttd:363ms pts:22.356 Clock:21.992 Level:6
2024-09-20 21:42:29.998 T:3922 debug : PrepareNextRender: frameOnScreen: 21.995 renderPts: 22.168 nextFramePts: 22.105 -> diff: 0.063 render: 1 forceNext: 0
2024-09-20 21:42:30.011 T:22631 debug : CVideoPlayerAudio::OutputPacket: pts:22.848 curr_pts:22.019 clock:22.009 level:60
2024-09-20 21:42:30.036 T:22630 debug : CAMLCodec::DequeueBuffer: pts:22.397 idx:888342
2024-09-20 21:42:30.036 T:22630 debug : CVideoPlayerVideo::OutputPicture - ttd:363ms pts:22.397 Clock:22.033 Level:6
2024-09-20 21:42:30.036 T:3922 debug : CAMLCodec::PollFrame elapsed:35.020ms
2024-09-20 21:42:30.039 T:3922 debug : PrepareNextRender: frameOnScreen: 22.036 renderPts: 22.209 nextFramePts: 22.147 -> diff: 0.062 render: 1 forceNext: 0
2024-09-20 21:42:30.052 T:22625 debug : CVideoPlayer::ProcessAudioData size:5742 dts:27.771 pts:27.771 dur:92.000ms, clock:22.049 drop:0 level:60
2024-09-20 21:42:30.058 T:22625 debug : CVideoPlayer::ProcessVideoData size:739051 dts:27.611 pts:27.861 dur:41.000ms, clock:22.056 level:63
2024-09-20 21:42:30.077 T:3922 debug : CAMLCodec::PollFrame elapsed:36.016ms
2024-09-20 21:42:30.080 T:22630 debug : CAMLCodec::DequeueBuffer: pts:22.439 idx:888343
2024-09-20 21:42:30.080 T:22630 debug : CVideoPlayerVideo::OutputPicture - ttd:361ms pts:22.439 Clock:22.077 Level:6
2024-09-20 21:42:30.081 T:3922 debug : PrepareNextRender: frameOnScreen: 22.078 renderPts: 22.251 nextFramePts: 22.189 -> diff: 0.062 render: 1 forceNext: 0
2024-09-20 21:42:30.100 T:22625 debug : CVideoPlayer::ProcessVideoData size:513264 dts:27.653 pts:27.778 dur:41.000ms, clock:22.098 level:63
2024-09-20 21:42:30.111 T:22631 debug : CVideoPlayerAudio::OutputPacket: pts:22.941 curr_pts:22.118 clock:22.109 level:60
2024-09-20 21:42:30.119 T:3922 debug : CAMLCodec::PollFrame elapsed:34.625ms
2024-09-20 21:42:30.121 T:22630 debug : CAMLCodec::DequeueBuffer: pts:22.481 idx:888344
2024-09-20 21:42:30.121 T:22630 debug : CVideoPlayerVideo::OutputPicture - ttd:362ms pts:22.481 Clock:22.118 Level:6
2024-09-20 21:42:30.122 T:3922 debug : PrepareNextRender: frameOnScreen: 22.119 renderPts: 22.292 nextFramePts: 22.231 -> diff: 0.061 render: 1 forceNext: 0
2024-09-20 21:42:30.161 T:3922 debug : CAMLCodec::PollFrame elapsed:36.745ms
2024-09-20 21:42:30.162 T:22630 debug : CAMLCodec::DequeueBuffer: pts:22.522 idx:888345
2024-09-20 21:42:30.162 T:22630 debug : CVideoPlayerVideo::OutputPicture - ttd:362ms pts:22.522 Clock:22.159 Level:6
2024-09-20 21:42:30.165 T:3922 debug : PrepareNextRender: frameOnScreen: 22.162 renderPts: 22.334 nextFramePts: 22.272 -> diff: 0.062 render: 1 forceNext: 0
2024-09-20 21:42:30.173 T:22625 debug : CVideoPlayer::ProcessVideoData size:431692 dts:27.694 pts:27.736 dur:41.000ms, clock:22.170 level:63
2024-09-20 21:42:30.202 T:3922 debug : CAMLCodec::PollFrame elapsed:35.823ms
2024-09-20 21:42:30.203 T:22630 debug : CAMLCodec::DequeueBuffer: pts:22.564 idx:888346
2024-09-20 21:42:30.204 T:22630 debug : CVideoPlayerVideo::OutputPicture - ttd:363ms pts:22.564 Clock:22.201 Level:6
2024-09-20 21:42:30.206 T:3922 debug : PrepareNextRender: frameOnScreen: 22.203 renderPts: 22.376 nextFramePts: 22.314 -> diff: 0.062 render: 1 forceNext: 0
2024-09-20 21:42:30.212 T:22631 debug : CVideoPlayerAudio::OutputPacket: pts:23.033 curr_pts:22.218 clock:22.209 level:59
2024-09-20 21:42:30.214 T:22625 debug : CVideoPlayer::ProcessVideoData size:441367 dts:27.736 pts:27.819 dur:41.000ms, clock:22.211 level:63
2024-09-20 21:42:30.244 T:3922 debug : CAMLCodec::PollFrame elapsed:33.954ms
2024-09-20 21:42:30.245 T:22630 debug : CAMLCodec::DequeueBuffer: pts:22.606 idx:888347
2024-09-20 21:42:30.246 T:22630 debug : CVideoPlayerVideo::OutputPicture - ttd:363ms pts:22.606 Clock:22.243 Level:6
2024-09-20 21:42:30.247 T:3922 debug : PrepareNextRender: frameOnScreen: 22.245 renderPts: 22.417 nextFramePts: 22.356 -> diff: 0.061 render: 1 forceNext: 0
2024-09-20 21:42:30.286 T:3922 debug : CAMLCodec::PollFrame elapsed:35.639ms
2024-09-20 21:42:30.288 T:22630 debug : CAMLCodec::DequeueBuffer: pts:22.648 idx:888348
2024-09-20 21:42:30.288 T:22630 debug : CVideoPlayerVideo::OutputPicture - ttd:362ms pts:22.648 Clock:22.285 Level:6
2024-09-20 21:42:30.289 T:3922 debug : PrepareNextRender: frameOnScreen: 22.287 renderPts: 22.459 nextFramePts: 22.397 -> diff: 0.062 render: 1 forceNext: 0
2024-09-20 21:42:30.307 T:22625 debug : CVideoPlayer::ProcessAudioData size:6118 dts:27.864 pts:27.864 dur:92.000ms, clock:22.305 drop:0 level:59
2024-09-20 21:42:30.307 T:22625 debug : CVideoPlayer::ProcessAudioData size:5818 dts:27.956 pts:27.956 dur:92.000ms, clock:22.305 drop:0 level:60
2024-09-20 21:42:30.312 T:22631 debug : CVideoPlayerAudio::OutputPacket: pts:23.127 curr_pts:22.317 clock:22.309 level:60
2024-09-20 21:42:30.315 T:22625 debug : CVideoPlayer::ProcessVideoData size:673942 dts:27.778 pts:28.028 dur:41.000ms, clock:22.313 level:62
2024-09-20 21:42:30.327 T:3922 debug : CAMLCodec::PollFrame elapsed:35.070ms
2024-09-20 21:42:30.330 T:22630 debug : CAMLCodec::DequeueBuffer: pts:22.689 idx:888349
2024-09-20 21:42:30.330 T:22630 debug : CVideoPlayerVideo::OutputPicture - ttd:361ms pts:22.689 Clock:22.327 Level:6
2024-09-20 21:42:30.331 T:3922 debug : PrepareNextRender: frameOnScreen: 22.328 renderPts: 22.500 nextFramePts: 22.439 -> diff: 0.061 render: 1 forceNext: 0
2024-09-20 21:42:30.331 T:22630 debug : CAMLCodec::DequeueBuffer: pts:22.731 idx:888350
2024-09-20 21:42:30.332 T:22630 debug : CVideoPlayerVideo::OutputPicture - ttd:402ms pts:22.731 Clock:22.329 Level:6
2024-09-20 21:42:30.333 T:22630 debug : CAMLCodec::DequeueBuffer: pts:22.773 idx:888351
2024-09-20 21:42:30.363 T:3986 debug : PushCecKeypress - received key e6 duration 0
2024-09-20 21:42:30.369 T:3922 debug : CAMLCodec::PollFrame elapsed:36.041ms
2024-09-20 21:42:30.371 T:3922 debug : HandleKey: blue (0xe6) pressed, window 13009, action is Pause
2024-09-20 21:42:30.373 T:3922 debug : PrepareNextRender: frameOnScreen: 22.370 renderPts: 22.543 nextFramePts: 22.481 -> diff: 0.062 render: 1 forceNext: 0
2024-09-20 21:42:30.373 T:22630 debug : CVideoPlayerVideo::OutputPicture - ttd:442ms pts:22.773 Clock:22.330 Level:6
2024-09-20 21:42:30.374 T:22630 debug : CAMLCodec::DequeueBuffer: pts:22.814 idx:888352
2024-09-20 21:42:30.411 T:3922 debug : CAMLCodec::PollFrame elapsed:34.877ms
2024-09-20 21:42:30.411 T:22631 debug : CVideoPlayerAudio - CDVDMsg::PLAYER_SETSPEED: 0.000000 last: 1000
2024-09-20 21:42:30.411 T:22631 debug : CDVDAudio::Pause - pausing audio stream
2024-09-20 21:42:30.412 T:3953 debug : ffmpeg[0x1f0f000]: [SWR] Using fltp internally between filters
2024-09-20 21:42:30.415 T:3922 debug : PrepareNextRender: frameOnScreen: 22.372 renderPts: 22.545 nextFramePts: 22.522 -> diff: 0.023 render: 1 forceNext: 0
2024-09-20 21:42:30.415 T:22630 debug : CVideoPlayerVideo::OutputPicture - ttd:442ms pts:22.814 Clock:22.372 Level:6
2024-09-20 21:42:30.416 T:22630 debug : CAMLCodec::SetSpeed, speed(0)
2024-09-20 21:42:30.426 T:22625 debug : CVideoPlayer::ProcessVideoData size:532640 dts:27.819 pts:27.945 dur:41.000ms, clock:22.372 level:61
2024-09-20 21:42:30.428 T:22625 debug : CVideoPlayer::ProcessVideoData size:449402 dts:27.861 pts:27.903 dur:41.000ms, clock:22.372 level:61
2024-09-20 21:42:30.431 T:3986 debug : PushCecKeypress - received key e6 duration 71
2024-09-20 21:42:30.439 T:22625 debug : CVideoPlayer::ProcessVideoData size:465162 dts:27.903 pts:27.986 dur:41.000ms, clock:22.372 level:61
2024-09-20 21:42:30.450 T:22625 debug : CVideoPlayer::ProcessAudioData size:5662 dts:28.050 pts:28.050 dur:92.000ms, clock:22.372 drop:0 level:60
2024-09-20 21:42:30.452 T:3922 debug : CAMLCodec::PollFrame elapsed:32.960ms
2024-09-20 21:42:30.452 T:22625 debug : CVideoPlayer::ProcessVideoData size:494973 dts:27.945 pts:28.070 dur:41.000ms, clock:22.372 level:60
2024-09-20 21:42:30.455 T:21920 info : script.plex: Player - PAUSED
2024-09-20 21:42:30.456 T:21920 info : script.plex: UpdateNowPlaying: 41759, refreshQueue: False state: None (player: paused) overrideChecks: False time: None (player: 22.243000000000002)
2024-09-20 21:42:30.457 T:22625 debug : CVideoPlayer::ProcessAudioData size:5701 dts:28.143 pts:28.143 dur:92.000ms, clock:22.372 drop:0 level:61
2024-09-20 21:42:30.457 T:22625 debug : CVideoPlayer::ProcessAudioData size:5812 dts:28.235 pts:28.235 dur:92.000ms, clock:22.372 drop:0 level:62
2024-09-20 21:42:30.458 T:21920 debug : requested setting (remotecontrol) was not found.
2024-09-20 21:42:30.461 T:22625 debug : CVideoPlayer::ProcessVideoData size:529007 dts:27.986 pts:28.237 dur:41.000ms, clock:22.372 level:59
2024-09-20 21:42:30.461 T:3922 debug : PrepareNextRender: frameOnScreen: 22.372 renderPts: 22.545 nextFramePts: 22.564 -> diff: -0.019 render: 0 forceNext: 0
2024-09-20 21:42:30.462 T:22625 debug : CVideoPlayer::ProcessVideoData size:410754 dts:28.028 pts:28.153 dur:41.000ms, clock:22.372 level:60
2024-09-20 21:42:30.463 T:22625 debug : CVideoPlayer::ProcessVideoData size:404606 dts:28.070 pts:28.111 dur:41.000ms, clock:22.372 level:60
2024-09-20 21:42:30.475 T:22625 debug : CVideoPlayer::ProcessVideoData size:433902 dts:28.111 pts:28.195 dur:41.000ms, clock:22.372 level:59
2024-09-20 21:42:30.478 T:22625 debug : CVideoPlayer::ProcessAudioData size:5890 dts:28.328 pts:28.328 dur:92.000ms, clock:22.372 drop:0 level:63
2024-09-20 21:42:30.478 T:22625 debug : CVideoPlayer::ProcessAudioData size:5683 dts:28.420 pts:28.420 dur:92.000ms, clock:22.372 drop:0 level:64
2024-09-20 21:42:30.484 T:22625 debug : CVideoPlayer::ProcessVideoData size:592099 dts:28.153 pts:28.445 dur:41.000ms, clock:22.372 level:59
2024-09-20 21:42:30.485 T:22625 debug : CVideoPlayer::ProcessVideoData size:510251 dts:28.195 pts:28.362 dur:41.000ms, clock:22.372 level:59
2024-09-20 21:42:30.487 T:22625 debug : CVideoPlayer::ProcessVideoData size:452174 dts:28.237 pts:28.320 dur:41.000ms, clock:22.372 level:59
2024-09-20 21:42:30.489 T:22625 debug : CVideoPlayer::ProcessVideoData size:431803 dts:28.278 pts:28.278 dur:41.000ms, clock:22.372 level:60
2024-09-20 21:42:30.494 T:3922 debug : CAMLCodec::PollFrame elapsed:28.250ms
2024-09-20 21:42:30.495 T:22630 debug : CAMLCodec::DequeueBuffer: pts:22.856 idx:888353
2024-09-20 21:42:30.496 T:21920 info : script.plex: SeekDialog: OnPlaybackPaused
2024-09-20 21:42:30.497 T:21920 info : script.plex: Notification: xbmc Player.OnPause {"item":{"title":"Batman","type":"movie","year":1989},"player":{"playerid":-1,"speed":0}}
2024-09-20 21:42:30.498 T:22676 info : script.plex: API: Starting request: GET https://redacted.plex.direct:32400/:/timeline?time=22243&duration=7578464&state=paused&guid=plex%3A//movie/5d7768257228e5001f1dccd2&ratingKey=41759&key=/library/metadata/41759&containerKey=/library/sections/1/all%3FincludeCollections%3D1%26sort%3DtitleSort%253Aasc%26X-Plex-Container-Size%3D540%26X-Plex-Container-Start%3D0&X-Plex-Token=**** (async=True timeout=10.0(5.0))
