2024-09-20 21:42:07.642 T:22625 debug : CVideoPlayer::ProcessAudioData size:4094 dts:4.458 pts:4.458 dur:92.000ms, clock:-0.064 drop:0 level:45
2024-09-20 21:42:07.642 T:22625 debug : CVideoPlayer::ProcessAudioData size:4083 dts:4.550 pts:4.550 dur:92.000ms, clock:-0.064 drop:0 level:46
2024-09-20 21:42:07.645 T:22630 debug : CAMLCodec::DequeueBuffer: pts:0.209 idx:887810
2024-09-20 21:42:07.645 T:22630 debug : CVideoPlayerVideo::OutputPicture - ttd:270ms pts:0.209 Clock:-0.061 Level:4
2024-09-20 21:42:07.645 T:22625 debug : CVideoPlayer::ProcessVideoData size:515755 dts:4.338 pts:4.630 dur:41.000ms, clock:-0.061 level:20
2024-09-20 21:42:07.646 T:22625 debug : CVideoPlayer::ProcessVideoData size:401915 dts:4.379 pts:4.546 dur:41.000ms, clock:-0.060 level:21
2024-09-20 21:42:07.647 T:22625 debug : CVideoPlayer::ProcessVideoData size:282214 dts:4.421 pts:4.504 dur:41.000ms, clock:-0.059 level:21
2024-09-20 21:42:07.647 T:3954 info : CAESinkALSA - Set Spdif to HDMITX to "Spdif"
2024-09-20 21:42:07.648 T:3954 info : CAESinkALSA - Set codec for "Audio spdif_b format"
2024-09-20 21:42:07.648 T:22625 debug : CVideoPlayer::ProcessVideoData size:268587 dts:4.463 pts:4.463 dur:41.000ms, clock:-0.059 level:22
2024-09-20 21:42:07.648 T:3954 info : CAESinkALSA - Set codec for "Audio spdif format"
2024-09-20 21:42:07.648 T:3954 info : CAESinkALSA::Initialize - Attempting to open device "surround71:CARD=AMLAUGESOUND,DEV=0"
2024-09-20 21:42:07.648 T:22625 debug : CVideoPlayer::ProcessVideoData size:274889 dts:4.504 pts:4.588 dur:41.000ms, clock:-0.058 level:22
2024-09-20 21:42:07.649 T:22625 debug : CVideoPlayer::ProcessAudioData size:4093 dts:4.644 pts:4.644 dur:92.000ms, clock:-0.057 drop:0 level:47
2024-09-20 21:42:07.649 T:22625 debug : CVideoPlayer::ProcessAudioData size:4141 dts:4.736 pts:4.736 dur:92.000ms, clock:-0.057 drop:0 level:48
2024-09-20 21:42:07.652 T:22630 debug : CAMLCodec::DequeueBuffer: pts:0.250 idx:887811
2024-09-20 21:42:07.652 T:22630 debug : CVideoPlayerVideo::OutputPicture - ttd:304ms pts:0.250 Clock:-0.054 Level:5
2024-09-20 21:42:07.652 T:22625 debug : CVideoPlayer::ProcessVideoData size:515903 dts:4.546 pts:4.796 dur:41.000ms, clock:-0.054 level:23
2024-09-20 21:42:07.653 T:22625 debug : CVideoPlayer::ProcessVideoData size:304877 dts:4.588 pts:4.713 dur:41.000ms, clock:-0.053 level:23
2024-09-20 21:42:07.654 T:22625 debug : CVideoPlayer::ProcessVideoData size:272429 dts:4.630 pts:4.671 dur:41.000ms, clock:-0.052 level:24
2024-09-20 21:42:07.654 T:3954 info : CAESinkALSA::Initialize - Opened device "surround71:CARD=AMLAUGESOUND,DEV=0"
2024-09-20 21:42:07.654 T:3954 debug : CAESinkALSA::SelectALSAChannelMap - Selected ALSA map "FL FR"
2024-09-20 21:42:07.655 T:3954 info : CAESinkALSA::InitializeHW - Your hardware does not support AE_FMT_FLOAT, trying other formats
2024-09-20 21:42:07.655 T:22625 debug : CVideoPlayer::ProcessVideoData size:271049 dts:4.671 pts:4.755 dur:41.000ms, clock:-0.052 level:24
2024-09-20 21:42:07.655 T:3954 info : CAESinkALSA::InitializeHW - Using data format AE_FMT_S24NE4
2024-09-20 21:42:07.655 T:3954 debug : CAESinkALSA::InitializeHW - Request: periodSize 2205, bufferSize 8820
2024-09-20 21:42:07.655 T:22625 debug : CVideoPlayer::ProcessAudioData size:4203 dts:4.830 pts:4.830 dur:92.000ms, clock:-0.051 drop:0 level:49
2024-09-20 21:42:07.657 T:22625 debug : CVideoPlayer::ProcessVideoData size:574826 dts:4.713 pts:4.838 dur:41.000ms, clock:-0.050 level:25
2024-09-20 21:42:07.657 T:3954 debug : CAESinkALSA::InitializeHW - Got: periodSize 2205, bufferSize 8820
2024-09-20 21:42:07.657 T:3954 debug : CAESinkALSA::InitializeHW - Setting timeout to 200 ms
2024-09-20 21:42:07.658 T:3954 debug : CAESinkALSA::GetChannelLayout - Input Channel Count: 2 Output Channel Count: 2
2024-09-20 21:42:07.658 T:3954 debug : CAESinkALSA::GetChannelLayout - Requested Layout: FL, FR
2024-09-20 21:42:07.658 T:22630 debug : CAMLCodec::DequeueBuffer: pts:0.292 idx:887812
2024-09-20 21:42:07.658 T:22625 debug : CVideoPlayer::ProcessAudioData size:4196 dts:4.923 pts:4.923 dur:92.000ms, clock:-0.048 drop:0 level:50
2024-09-20 21:42:07.658 T:22630 debug : CVideoPlayerVideo::OutputPicture - ttd:340ms pts:0.292 Clock:-0.048 Level:6
2024-09-20 21:42:07.658 T:3954 debug : CAESinkALSA::GetChannelLayout - Got Layout: FL, FR (ALSA: FL FR)
2024-09-20 21:42:07.658 T:22625 debug : CVideoPlayer::ProcessAudioData size:4206 dts:5.015 pts:5.015 dur:92.000ms, clock:-0.048 drop:0 level:52
2024-09-20 21:42:07.659 T:3954 debug : CActiveAESink::OpenSink - ALSA Initialized:
2024-09-20 21:42:07.659 T:3954 debug : Output Device : AML-AUGESOUND
2024-09-20 21:42:07.659 T:3954 debug : Sample Rate : 44100
2024-09-20 21:42:07.659 T:3954 debug : Sample Format : AE_FMT_S24NE4
2024-09-20 21:42:07.659 T:3954 debug : Channel Count : 2
2024-09-20 21:42:07.659 T:3954 debug : Channel Layout: FL, FR
2024-09-20 21:42:07.659 T:3954 debug : Frames : 2205
2024-09-20 21:42:07.659 T:3954 debug : Frame Size : 8
2024-09-20 21:42:07.659 T:3954 debug : ffmpeg[0x1f0f428]: [SWR] Using fltp internally between filters
2024-09-20 21:42:07.661 T:22625 debug : CVideoPlayer::ProcessVideoData size:476291 dts:4.755 pts:5.047 dur:41.000ms, clock:-0.045 level:26
2024-09-20 21:42:07.662 T:22625 debug : CVideoPlayer::ProcessVideoData size:383554 dts:4.796 pts:4.963 dur:41.000ms, clock:-0.044 level:26
2024-09-20 21:42:07.663 T:22625 debug : CVideoPlayer::ProcessVideoData size:368637 dts:4.838 pts:4.922 dur:41.000ms, clock:-0.043 level:27
2024-09-20 21:42:07.664 T:22625 debug : CVideoPlayer::ProcessVideoData size:261644 dts:4.880 pts:4.880 dur:41.000ms, clock:-0.042 level:27
2024-09-20 21:42:07.665 T:22625 debug : CVideoPlayer::ProcessVideoData size:265749 dts:4.922 pts:5.005 dur:41.000ms, clock:-0.041 level:28
2024-09-20 21:42:07.666 T:22625 debug : CVideoPlayer::ProcessAudioData size:4217 dts:5.108 pts:5.108 dur:92.000ms, clock:-0.040 drop:0 level:53
2024-09-20 21:42:07.666 T:22625 debug : CVideoPlayer::ProcessAudioData size:4208 dts:5.200 pts:5.200 dur:92.000ms, clock:-0.040 drop:0 level:54
2024-09-20 21:42:07.670 T:22625 debug : CVideoPlayer::ProcessVideoData size:486604 dts:4.963 pts:5.255 dur:41.000ms, clock:-0.036 level:28
2024-09-20 21:42:07.673 T:22625 debug : CVideoPlayer::ProcessVideoData size:388801 dts:5.005 pts:5.172 dur:41.000ms, clock:-0.033 level:29
2024-09-20 21:42:07.676 T:22625 debug : CVideoPlayer::ProcessVideoData size:370481 dts:5.047 pts:5.130 dur:41.000ms, clock:-0.030 level:29
2024-09-20 21:42:07.679 T:22625 debug : CVideoPlayer::ProcessVideoData size:267793 dts:5.088 pts:5.088 dur:41.000ms, clock:-0.028 level:30
2024-09-20 21:42:07.681 T:22625 debug : CVideoPlayer::ProcessVideoData size:267275 dts:5.130 pts:5.214 dur:41.000ms, clock:-0.025 level:30
2024-09-20 21:42:07.682 T:22625 debug : CVideoPlayer::ProcessAudioData size:4151 dts:5.294 pts:5.294 dur:92.000ms, clock:-0.024 drop:0 level:55
2024-09-20 21:42:07.682 T:22625 debug : CVideoPlayer::ProcessAudioData size:4136 dts:5.386 pts:5.386 dur:92.000ms, clock:-0.024 drop:0 level:56
2024-09-20 21:42:07.688 T:22625 debug : CVideoPlayer::ProcessVideoData size:571305 dts:5.172 pts:5.464 dur:41.000ms, clock:-0.018 level:31
2024-09-20 21:42:07.692 T:22625 debug : CVideoPlayer::ProcessVideoData size:506917 dts:5.214 pts:5.380 dur:41.000ms, clock:-0.014 level:31
2024-09-20 21:42:07.696 T:22625 debug : CVideoPlayer::ProcessVideoData size:384457 dts:5.255 pts:5.339 dur:41.000ms, clock:-0.010 level:32
2024-09-20 21:42:07.699 T:22625 debug : CVideoPlayer::ProcessVideoData size:363403 dts:5.297 pts:5.297 dur:41.000ms, clock:-0.007 level:32
2024-09-20 21:42:07.701 T:22625 debug : CVideoPlayer::ProcessVideoData size:268232 dts:5.339 pts:5.422 dur:41.000ms, clock:-0.006 level:33
2024-09-20 21:42:07.701 T:22625 debug : CVideoPlayer::ProcessAudioData size:4149 dts:5.480 pts:5.480 dur:92.000ms, clock:-0.005 drop:0 level:57
2024-09-20 21:42:07.701 T:22625 debug : CVideoPlayer::ProcessAudioData size:4135 dts:5.572 pts:5.572 dur:92.000ms, clock:-0.005 drop:0 level:59
2024-09-20 21:42:07.701 T:22625 debug : CVideoPlayer::ProcessAudioData size:4114 dts:5.665 pts:5.665 dur:92.000ms, clock:-0.005 drop:0 level:60
2024-09-20 21:42:07.706 T:22625 debug : CVideoPlayer::ProcessVideoData size:510755 dts:5.380 pts:5.672 dur:41.000ms, clock:-0.000 level:33
2024-09-20 21:42:07.709 T:22625 debug : CVideoPlayer::ProcessVideoData size:405757 dts:5.422 pts:5.589 dur:41.000ms, clock:0.003 level:34
2024-09-20 21:42:07.711 T:3953 debug : ActiveAE::SyncStream - average error of 47.673277, start adjusting
2024-09-20 21:42:07.711 T:3953 debug : ActiveAE::SyncStream - delay frames:2102 error 1ms
2024-09-20 21:42:07.711 T:3953 debug : ActiveAE::SyncStream - average error 0.673277 below threshold of 30.000000
2024-09-20 21:42:07.712 T:22625 debug : CVideoPlayer::ProcessVideoData size:383890 dts:5.464 pts:5.547 dur:41.000ms, clock:0.006 level:34
2024-09-20 21:42:07.715 T:22625 debug : CVideoPlayer::ProcessVideoData size:268345 dts:5.505 pts:5.505 dur:41.000ms, clock:0.009 level:35
2024-09-20 21:42:07.717 T:22625 debug : CVideoPlayer::ProcessVideoData size:268639 dts:5.547 pts:5.631 dur:41.000ms, clock:0.011 level:35
2024-09-20 21:42:07.718 T:22625 debug : CVideoPlayer::ProcessAudioData size:4085 dts:5.759 pts:5.759 dur:92.000ms, clock:0.012 drop:0 level:61
2024-09-20 21:42:07.722 T:22625 debug : CVideoPlayer::ProcessVideoData size:525593 dts:5.589 pts:5.797 dur:41.000ms, clock:0.016 level:36
2024-09-20 21:42:07.726 T:22625 debug : CVideoPlayer::ProcessVideoData size:396600 dts:5.631 pts:5.756 dur:41.000ms, clock:0.020 level:36
2024-09-20 21:42:07.728 T:22625 debug : CVideoPlayer::ProcessVideoData size:275590 dts:5.672 pts:5.714 dur:41.000ms, clock:0.022 level:37
2024-09-20 21:42:07.733 T:22625 debug : CVideoPlayer::ProcessVideoData size:572557 dts:5.714 pts:5.839 dur:41.000ms, clock:0.027 level:38
2024-09-20 21:42:07.733 T:22625 debug : CVideoPlayer::ProcessAudioData size:4099 dts:5.851 pts:5.851 dur:92.000ms, clock:0.027 drop:0 level:62
2024-09-20 21:42:07.733 T:22625 debug : CVideoPlayer::ProcessAudioData size:4115 dts:5.943 pts:5.943 dur:92.000ms, clock:0.027 drop:0 level:63
2024-09-20 21:42:07.734 T:22625 debug : CVideoPlayer::ProcessAudioData size:4177 dts:6.036 pts:6.036 dur:92.000ms, clock:0.027 drop:0 level:64
2024-09-20 21:42:07.739 T:22625 debug : CVideoPlayer::ProcessVideoData size:543975 dts:5.756 pts:6.048 dur:41.000ms, clock:0.033 level:38
2024-09-20 21:42:07.743 T:22625 debug : CVideoPlayer::ProcessVideoData size:481938 dts:5.797 pts:5.964 dur:41.000ms, clock:0.037 level:39
2024-09-20 21:42:07.746 T:22625 debug : CVideoPlayer::ProcessVideoData size:371359 dts:5.839 pts:5.923 dur:41.000ms, clock:0.040 level:39
2024-09-20 21:42:07.749 T:22625 debug : CVideoPlayer::ProcessVideoData size:345843 dts:5.881 pts:5.881 dur:41.000ms, clock:0.043 level:40
2024-09-20 21:42:07.752 T:22625 debug : CVideoPlayer::ProcessVideoData size:353844 dts:5.923 pts:6.006 dur:41.000ms, clock:0.045 level:40
2024-09-20 21:42:07.753 T:22625 debug : CVideoPlayer::ProcessAudioData size:4184 dts:6.130 pts:6.130 dur:92.000ms, clock:0.047 drop:0 level:66
2024-09-20 21:42:07.753 T:22625 debug : CVideoPlayer::ProcessAudioData size:4206 dts:6.222 pts:6.222 dur:92.000ms, clock:0.047 drop:0 level:67
2024-09-20 21:42:07.758 T:22625 debug : CVideoPlayer::ProcessVideoData size:554492 dts:5.964 pts:6.256 dur:41.000ms, clock:0.051 level:41
2024-09-20 21:42:07.760 T:22631 debug : CVideoPlayerAudio::OutputPacket: pts:0.835 curr_pts:0.006 clock:0.054 level:67
2024-09-20 21:42:07.762 T:22625 debug : CVideoPlayer::ProcessVideoData size:490390 dts:6.006 pts:6.173 dur:41.000ms, clock:0.056 level:41
2024-09-20 21:42:07.766 T:22625 debug : CVideoPlayer::ProcessVideoData size:376518 dts:6.048 pts:6.131 dur:41.000ms, clock:0.060 level:42
2024-09-20 21:42:07.768 T:22625 debug : CVideoPlayer::ProcessVideoData size:348413 dts:6.089 pts:6.089 dur:41.000ms, clock:0.062 level:42
2024-09-20 21:42:07.771 T:22625 debug : CVideoPlayer::ProcessVideoData size:364416 dts:6.131 pts:6.215 dur:41.000ms, clock:0.065 level:43
2024-09-20 21:42:07.773 T:22625 debug : CVideoPlayer::ProcessAudioData size:4174 dts:6.316 pts:6.316 dur:92.000ms, clock:0.067 drop:0 level:67
2024-09-20 21:42:07.773 T:22625 debug : CVideoPlayer::ProcessAudioData size:4176 dts:6.408 pts:6.408 dur:92.000ms, clock:0.067 drop:0 level:68
2024-09-20 21:42:07.778 T:22625 debug : CVideoPlayer::ProcessVideoData size:583846 dts:6.173 pts:6.465 dur:41.000ms, clock:0.071 level:43
2024-09-20 21:42:07.782 T:22625 debug : CVideoPlayer::ProcessVideoData size:511148 dts:6.215 pts:6.381 dur:41.000ms, clock:0.076 level:44
2024-09-20 21:42:07.786 T:22625 debug : CVideoPlayer::ProcessVideoData size:388714 dts:6.256 pts:6.340 dur:41.000ms, clock:0.079 level:44
2024-09-20 21:42:07.789 T:22625 debug : CVideoPlayer::ProcessVideoData size:358175 dts:6.298 pts:6.298 dur:41.000ms, clock:0.083 level:45
2024-09-20 21:42:07.792 T:22625 debug : CVideoPlayer::ProcessVideoData size:372812 dts:6.340 pts:6.423 dur:41.000ms, clock:0.086 level:45
2024-09-20 21:42:07.793 T:22625 debug : CVideoPlayer::ProcessAudioData size:4185 dts:6.502 pts:6.502 dur:92.000ms, clock:0.086 drop:0 level:69
2024-09-20 21:42:07.793 T:22625 debug : CVideoPlayer::ProcessAudioData size:4149 dts:6.594 pts:6.594 dur:92.000ms, clock:0.086 drop:0 level:70
2024-09-20 21:42:07.798 T:22625 debug : CVideoPlayer::ProcessVideoData size:611570 dts:6.381 pts:6.673 dur:41.000ms, clock:0.092 level:46
2024-09-20 21:42:07.802 T:22625 debug : CVideoPlayer::ProcessVideoData size:525116 dts:6.423 pts:6.590 dur:41.000ms, clock:0.096 level:46
2024-09-20 21:42:07.805 T:22625 debug : CVideoPlayer::ProcessVideoData size:393488 dts:6.465 pts:6.548 dur:41.000ms, clock:0.099 level:47
2024-09-20 21:42:07.809 T:22625 debug : CVideoPlayer::ProcessVideoData size:361325 dts:6.506 pts:6.506 dur:41.000ms, clock:0.103 level:47
2024-09-20 21:42:07.812 T:22625 debug : CVideoPlayer::ProcessVideoData size:389359 dts:6.548 pts:6.632 dur:41.000ms, clock:0.106 level:48
2024-09-20 21:42:07.813 T:22625 debug : CVideoPlayer::ProcessAudioData size:4133 dts:6.687 pts:6.687 dur:92.000ms, clock:0.107 drop:0 level:71
2024-09-20 21:42:07.820 T:22625 debug : CVideoPlayer::ProcessVideoData size:607848 dts:6.590 pts:6.757 dur:41.000ms, clock:0.114 level:48
2024-09-20 21:42:07.821 T:22625 debug : CVideoPlayer::ProcessVideoData size:259397 dts:6.632 pts:6.715 dur:41.000ms, clock:0.115 level:49
2024-09-20 21:42:07.823 T:22625 debug : CVideoPlayer::ProcessAudioData size:4158 dts:6.780 pts:6.780 dur:92.000ms, clock:0.116 drop:0 level:72
2024-09-20 21:42:07.826 T:22625 debug : CVideoPlayer::ProcessVideoData size:514740 dts:6.673 pts:6.798 dur:41.000ms, clock:0.120 level:50
2024-09-20 21:42:07.832 T:22625 debug : CVideoPlayer::ProcessVideoData size:542055 dts:6.715 pts:6.840 dur:41.000ms, clock:0.126 level:50
2024-09-20 21:42:07.832 T:22625 debug : CVideoPlayer::ProcessAudioData size:4192 dts:6.873 pts:6.873 dur:92.000ms, clock:0.126 drop:0 level:74
2024-09-20 21:42:07.836 T:22625 debug : CVideoPlayer::ProcessVideoData size:507334 dts:6.757 pts:6.965 dur:41.000ms, clock:0.130 level:51
2024-09-20 21:42:07.839 T:22625 debug : CVideoPlayer::ProcessVideoData size:354972 dts:6.798 pts:6.924 dur:41.000ms, clock:0.133 level:51
2024-09-20 21:42:07.842 T:22625 debug : CVideoPlayer::ProcessVideoData size:348363 dts:6.840 pts:6.882 dur:41.000ms, clock:0.136 level:52
2024-09-20 21:42:07.842 T:22625 debug : CVideoPlayer::ProcessAudioData size:4303 dts:6.966 pts:6.966 dur:92.000ms, clock:0.136 drop:0 level:75
2024-09-20 21:42:07.842 T:22625 debug : CVideoPlayer::ProcessAudioData size:4171 dts:7.058 pts:7.058 dur:92.000ms, clock:0.136 drop:0 level:76
2024-09-20 21:42:07.847 T:22625 debug : CVideoPlayer::ProcessVideoData size:515806 dts:6.882 pts:7.049 dur:41.000ms, clock:0.141 level:52
2024-09-20 21:42:07.849 T:22625 debug : CVideoPlayer::ProcessVideoData size:353688 dts:6.924 pts:7.007 dur:41.000ms, clock:0.143 level:53
2024-09-20 21:42:07.854 T:22625 debug : CVideoPlayer::ProcessVideoData size:527710 dts:6.965 pts:7.132 dur:41.000ms, clock:0.148 level:53
2024-09-20 21:42:07.857 T:22625 debug : CVideoPlayer::ProcessVideoData size:365079 dts:7.007 pts:7.090 dur:41.000ms, clock:0.151 level:54
2024-09-20 21:42:07.857 T:22625 debug : CVideoPlayer::ProcessAudioData size:4180 dts:7.152 pts:7.152 dur:92.000ms, clock:0.151 drop:0 level:77
2024-09-20 21:42:07.857 T:22625 debug : CVideoPlayer::ProcessAudioData size:4160 dts:7.244 pts:7.244 dur:92.000ms, clock:0.151 drop:0 level:78
2024-09-20 21:42:07.861 T:22631 debug : CVideoPlayerAudio::OutputPacket: pts:0.928 curr_pts:0.105 clock:0.154 level:78
2024-09-20 21:42:07.862 T:22625 debug : CVideoPlayer::ProcessVideoData size:466719 dts:7.049 pts:7.174 dur:41.000ms, clock:0.155 level:54
2024-09-20 21:42:07.864 T:22625 debug : CVideoPlayer::ProcessVideoData size:473977 dts:7.090 pts:7.216 dur:41.000ms, clock:0.158 level:55
2024-09-20 21:42:07.869 T:22625 debug : CVideoPlayer::ProcessVideoData size:483321 dts:7.132 pts:7.257 dur:41.000ms, clock:0.163 level:55
2024-09-20 21:42:07.873 T:22625 debug : CVideoPlayer::ProcessVideoData size:494133 dts:7.174 pts:7.299 dur:41.000ms, clock:0.167 level:56
2024-09-20 21:42:07.874 T:22625 debug : CVideoPlayer::ProcessAudioData size:4107 dts:7.338 pts:7.338 dur:92.000ms, clock:0.167 drop:0 level:78
2024-09-20 21:42:07.874 T:22625 debug : CVideoPlayer::ProcessAudioData size:4146 dts:7.430 pts:7.430 dur:92.000ms, clock:0.168 drop:0 level:79
2024-09-20 21:42:07.880 T:22625 debug : CVideoPlayer::ProcessVideoData size:503646 dts:7.216 pts:7.341 dur:41.000ms, clock:0.173 level:56
2024-09-20 21:42:07.886 T:22625 debug : CVideoPlayer::ProcessVideoData size:533820 dts:7.257 pts:7.424 dur:41.000ms, clock:0.180 level:57
2024-09-20 21:42:07.887 T:22625 debug : CVideoPlayer::ProcessVideoData size:228157 dts:7.299 pts:7.382 dur:41.000ms, clock:0.181 level:57
2024-09-20 21:42:07.892 T:22625 debug : CVideoPlayer::ProcessVideoData size:518869 dts:7.341 pts:7.466 dur:41.000ms, clock:0.186 level:58
2024-09-20 21:42:07.897 T:22625 debug : CVideoPlayer::ProcessVideoData size:527975 dts:7.382 pts:7.507 dur:41.000ms, clock:0.191 level:58
2024-09-20 21:42:07.931 T:3922 debug : Activating window ID: 12005
2024-09-20 21:42:07.931 T:3922 debug : ------ Window Deinit (/storage/.kodi/addons/script.plexmod/resources/skins/Main/1080i/script-plex-video_player.xml) ------
2024-09-20 21:42:07.931 T:3922 debug : ------ Window Init (VideoFullScreen.xml) ------
2024-09-20 21:42:07.932 T:21920 info : script.plex: Player - AVChange: Time: -0.099
2024-09-20 21:42:07.932 T:21920 info : script.plex: SeekHandler: onAVChange
2024-09-20 21:42:07.932 T:21920 info : script.plex: SeekDialog: OnAVChange: DPO: 0, offset: 0
2024-09-20 21:42:07.932 T:21920 debug : requested setting (slow_connection) was not found.
2024-09-20 21:42:07.933 T:21920 info : script.plex: Player - AVChange: Time: 0.10300000000000001
2024-09-20 21:42:07.933 T:21920 info : script.plex: SeekHandler: onAVChange
2024-09-20 21:42:07.933 T:21920 info : script.plex: SeekDialog: OnAVChange: DPO: 0, offset: 0
2024-09-20 21:42:07.933 T:21920 debug : requested setting (slow_connection) was not found.
2024-09-20 21:42:07.933 T:21920 info : script.plex: Notification: xbmc Player.OnAVChange {"item":{"title":"Batman","type":"movie","year":1989},"player":{"playerid":-1,"speed":1}}
2024-09-20 21:42:07.933 T:21920 info : Skipped 1 duplicate messages..
2024-09-20 21:42:07.933 T:21920 info : script.plex: Player - AVChange: Time: 0.10300000000000001
2024-09-20 21:42:07.933 T:21920 info : script.plex: SeekHandler: onAVChange
2024-09-20 21:42:07.934 T:21920 info : script.plex: SeekDialog: OnAVChange: DPO: 0, offset: 0
2024-09-20 21:42:07.934 T:21920 debug : requested setting (slow_connection) was not found.
2024-09-20 21:42:07.937 T:3922 debug : CAMLCodec::SetVideoRect:display(0,0,3840,2160)
2024-09-20 21:42:07.937 T:3922 debug : CAMLCodec::SetVideoRect:gui(0,0,1920,1080)
2024-09-20 21:42:07.937 T:3922 debug : CAMLCodec::SetVideoRect:m_dst_rect(0,0,1920,1080)
2024-09-20 21:42:07.937 T:3922 debug : CAMLCodec::SetVideoRect:dst_rect(0,0,3840,2160)
2024-09-20 21:42:07.937 T:3922 debug : CAMLCodec::SetVideoRect:m_guiStereoMode(0)
2024-09-20 21:42:07.937 T:3922 debug : CAMLCodec::SetVideoRect:m_guiStereoView(0)
2024-09-20 21:42:07.937 T:3922 debug : CAMLCodec::PollFrame elapsed:0.005ms
2024-09-20 21:42:07.938 T:3922 debug : ------ Window Deinit (DialogBusy.xml) ------
2024-09-20 21:42:07.938 T:21920 info : script.plex: Player - AVStarted: , Time: 0.10300000000000001
2024-09-20 21:42:07.938 T:21920 info : script.plex: SeekHandler: onAVStarted
2024-09-20 21:42:07.940 T:21920 info : script.plex: SeekDialog: OnAVStarted: DPO: 0, offset: 0
2024-09-20 21:42:07.941 T:21925 info : script.plex: Player: Video window opened
2024-09-20 21:42:07.942 T:21925 info : script.plex: SeekHandler: onVideoWindowOpened - Seeking=0
2024-09-20 21:42:07.943 T:3922 debug : PrepareNextRender: frameOnScreen: 0.236 renderPts: 0.303 nextFramePts: 0.042 -> diff: 0.261 render: 1 forceNext: 0
2024-09-20 21:42:07.951 T:3922 debug : CAMLCodec::PollFrame elapsed:6.873ms
2024-09-20 21:42:07.952 T:3922 debug : ------ Window Init (/storage/.kodi/addons/script.plexmod/resources/skins/Main/1080i/script-plex-seek_dialog.xml) ------
2024-09-20 21:42:07.952 T:3922 info : Loading skin file: /storage/.kodi/addons/script.plexmod/resources/skins/Main/1080i/script-plex-seek_dialog.xml, load type: LOAD_ON_GUI_INIT
2024-09-20 21:42:07.961 T:22631 debug : CVideoPlayerAudio::OutputPacket: pts:1.022 curr_pts:0.205 clock:0.255 level:79
2024-09-20 21:42:07.963 T:3922 debug : [Warning] CGUITextureManager::GetTexturePath: could not find texture '-'
2024-09-20 21:42:07.964 T:3922 info : Skipped 3 duplicate messages..
2024-09-20 21:42:07.964 T:3922 debug : ffmpeg[0x0]: [swscaler] Forcing full internal H chroma due to input having non subsampled chroma
2024-09-20 21:42:07.965 T:3922 info : Skipped 1 duplicate messages..
2024-09-20 21:42:07.965 T:3922 debug : [Warning] CGUITextureManager::GetTexturePath: could not find texture '-'
2024-09-20 21:42:07.966 T:3922 info : Skipped 1 duplicate messages..
2024-09-20 21:42:07.966 T:3922 debug : ffmpeg[0x0]: [swscaler] Forcing full internal H chroma due to input having non subsampled chroma
2024-09-20 21:42:07.968 T:3922 info : Skipped 2 duplicate messages..
2024-09-20 21:42:07.968 T:3922 debug : [Warning] CGUITextureManager::GetTexturePath: could not find texture '-'
2024-09-20 21:42:07.969 T:3922 info : Skipped 1 duplicate messages..
2024-09-20 21:42:07.969 T:3922 debug : ffmpeg[0x0]: [swscaler] Forcing full internal H chroma due to input having non subsampled chroma
2024-09-20 21:42:07.972 T:3922 info : Skipped 1 duplicate messages..
2024-09-20 21:42:07.972 T:3922 info : [WHITELIST] Searching the whitelist for: width: 3840, height: 2160, fps: 23.976, 3D: false:(0x4), stereo mode: 0
2024-09-20 21:42:07.972 T:3922 debug : [WHITELIST] Using the default whitelist because the user whitelist is empty
2024-09-20 21:42:07.972 T:3922 debug : [WHITELIST] Searching for an exact resolution with an exact refresh rate
2024-09-20 21:42:07.972 T:3922 debug : [WHITELIST] Matched an exact resolution with an exact refresh rate 3840x2160 @ 23.98 - Full Screen, 0x4 (39)
2024-09-20 21:42:07.972 T:3922 debug : [WHITELIST] Matched an exact resolution with an exact refresh rate 4096x2160 @ 23.98 - Full Screen, 0x4 (41)
2024-09-20 21:42:07.972 T:3922 debug : [WHITELIST] Searching for an exact resolution with double the refresh rate
2024-09-20 21:42:07.972 T:3922 info : Display resolution ADJUST : 3840x2160 @ 23.98 - Full Screen (39) (weight: 0.000)
2024-09-20 21:42:07.972 T:3922 debug : CWinSystemAmlogicGLESContext::CreateNewWindow: m_bWindowCreated: true, frac rate 1(1), hdrType: dolbyvision(sdr), force mode switch: true
2024-09-20 21:42:07.972 T:3922 debug : CWinSystemAmlogicGLESContext::CreateNewWindow: cur: iWidth: 1920, iHeight: 1080, iScreenWidth: 3840, iScreenHeight: 2160, fRefreshRate: 59.94, dwFlags: 04
2024-09-20 21:42:07.972 T:3922 debug : CWinSystemAmlogicGLESContext::CreateNewWindow: res: iWidth: 1920, iHeight: 1080, iScreenWidth: 3840, iScreenHeight: 2160, fRefreshRate: 23.98, dwFlags: 04
2024-09-20 21:42:07.973 T:21920 info : script.plex: Notification: xbmc Player.OnAVChange {"item":{"title":"Batman","type":"movie","year":1989},"player":{"playerid":-1,"speed":1}}
2024-09-20 21:42:07.974 T:21920 info : script.plex: Notification: xbmc Player.OnAVStart {"item":{"title":"Batman","type":"movie","year":1989},"player":{"playerid":-1,"speed":1}}
2024-09-20 21:42:07.974 T:3922 info : VideoPlayer: OnLostDisplay received
2024-09-20 21:42:07.974 T:3922 debug : aml_set_display_resolution: try to set mode: 2160p24hz
2024-09-20 21:42:07.974 T:22630 debug : CVideoPlayerVideo - CDVDMsg::GENERAL_PAUSE: true
2024-09-20 21:42:08.061 T:22631 debug : CVideoPlayerAudio - CDVDMsg::GENERAL_PAUSE: true
2024-09-20 21:42:08.266 T:3922 info : VideoPlayer: OnResetDisplay received
2024-09-20 21:42:08.268 T:22631 debug : CVideoPlayerAudio - CDVDMsg::GENERAL_PAUSE: false
2024-09-20 21:42:08.268 T:22631 debug : CVideoPlayerAudio::OutputPacket: pts:1.114 curr_pts:0.307 clock:0.268 level:78
2024-09-20 21:42:08.269 T:22631 debug : CVideoPlayerAudio::OutputPacket: pts:1.207 curr_pts:0.514 clock:0.268 level:77
2024-09-20 21:42:08.269 T:22631 debug : CVideoPlayerAudio::OutputPacket: pts:1.300 curr_pts:0.514 clock:0.268 level:76
2024-09-20 21:42:08.270 T:22631 debug : CVideoPlayerAudio::OutputPacket: pts:1.393 curr_pts:0.515 clock:0.268 level:75
2024-09-20 21:42:08.270 T:22631 debug : CVideoPlayerAudio::OutputPacket: pts:1.486 curr_pts:0.515 clock:0.268 level:74
2024-09-20 21:42:08.270 T:22630 debug : CVideoPlayerVideo - CDVDMsg::GENERAL_PAUSE: false
2024-09-20 21:42:08.271 T:3922 info : GLES: Maximum texture width: 8192
2024-09-20 21:42:08.273 T:22630 debug : CAMLCodec::DequeueBuffer: pts:0.334 idx:887813
2024-09-20 21:42:08.273 T:22630 debug : CVideoPlayerVideo::OutputPicture - ttd:63ms pts:0.334 Clock:0.270 Level:1
2024-09-20 21:42:08.274 T:3922 debug : PrepareNextRender: frameOnScreen: 0.271 renderPts: 0.458 nextFramePts: 0.292 -> diff: 0.166 render: 1 forceNext: 0
2024-09-20 21:42:08.274 T:22630 debug : CAMLCodec::DequeueBuffer: pts:0.375 idx:887814
2024-09-20 21:42:08.274 T:22630 debug : CVideoPlayerVideo::OutputPicture - ttd:103ms pts:0.375 Clock:0.271 Level:0
2024-09-20 21:42:08.275 T:22630 debug : CAMLCodec::DequeueBuffer: pts:0.417 idx:887815
2024-09-20 21:42:08.275 T:22630 debug : CVideoPlayerVideo::OutputPicture - ttd:144ms pts:0.417 Clock:0.273 Level:1
2024-09-20 21:42:08.276 T:3922 debug : CAMLCodec::SetVideoRect:display(0,0,3840,2160)
2024-09-20 21:42:08.276 T:3922 debug : CAMLCodec::SetVideoRect:gui(0,0,1920,1080)
2024-09-20 21:42:08.276 T:3922 debug : CAMLCodec::SetVideoRect:m_dst_rect(0,0,1920,1080)
2024-09-20 21:42:08.276 T:3922 debug : CAMLCodec::SetVideoRect:dst_rect(0,0,3840,2160)
2024-09-20 21:42:08.276 T:3922 debug : CAMLCodec::SetVideoRect:m_guiStereoMode(0)
2024-09-20 21:42:08.276 T:3922 debug : CAMLCodec::SetVideoRect:m_guiStereoView(0)
2024-09-20 21:42:08.276 T:3922 debug : CAMLCodec::PollFrame elapsed:0.007ms
2024-09-20 21:42:08.277 T:22630 debug : CAMLCodec::DequeueBuffer: pts:0.459 idx:887816
2024-09-20 21:42:08.277 T:22630 debug : CVideoPlayerVideo::OutputPicture - ttd:185ms pts:0.459 Clock:0.274 Level:2
2024-09-20 21:42:08.278 T:21925 info : script.plex: Audio track is correct index: 0
2024-09-20 21:42:08.279 T:22630 debug : CAMLCodec::DequeueBuffer: pts:0.500 idx:887817
2024-09-20 21:42:08.279 T:22630 debug : CVideoPlayerVideo::OutputPicture - ttd:223ms pts:0.500 Clock:0.276 Level:3
2024-09-20 21:42:08.280 T:22649 info : script.plex: API: DEBUG: Timer >: STARTED
2024-09-20 21:42:08.280 T:22521 debug : OnAVChange: CApplication::OnAVChange
2024-09-20 21:42:08.280 T:22630 debug : CAMLCodec::DequeueBuffer: pts:0.542 idx:887818
2024-09-20 21:42:08.280 T:22625 debug : CVideoPlayer::ProcessAudioData size:4150 dts:7.523 pts:7.523 dur:92.000ms, clock:0.278 drop:0 level:74
2024-09-20 21:42:08.280 T:22630 debug : CVideoPlayerVideo::OutputPicture - ttd:264ms pts:0.542 Clock:0.278 Level:4
2024-09-20 21:42:08.281 T:21920 info : script.plex: SeekDialog: onFirstInit
2024-09-20 21:42:08.283 T:22625 debug : CVideoPlayer::ProcessVideoData size:529760 dts:7.424 pts:7.549 dur:41.000ms, clock:0.280 level:58
2024-09-20 21:42:08.283 T:21920 debug : requested setting (video_show_prevnext) was not found.
2024-09-20 21:42:08.284 T:22630 debug : CAMLCodec::DequeueBuffer: pts:0.584 idx:887819
2024-09-20 21:42:08.284 T:22630 debug : CVideoPlayerVideo::OutputPicture - ttd:302ms pts:0.584 Clock:0.282 Level:5
2024-09-20 21:42:08.289 T:3922 debug : PrepareNextRender: frameOnScreen: 0.287 renderPts: 0.474 nextFramePts: 0.375 -> diff: 0.099 render: 1 forceNext: 0
2024-09-20 21:42:08.292 T:21920 debug : requested setting (virtual_chapters) was not found.
2024-09-20 21:42:08.306 T:3922 debug : CAMLCodec::PollFrame elapsed:12.446ms
2024-09-20 21:42:08.307 T:22630 debug : CAMLCodec::DequeueBuffer: pts:0.626 idx:887820
2024-09-20 21:42:08.307 T:22630 debug : CVideoPlayerVideo::OutputPicture - ttd:321ms pts:0.626 Clock:0.305 Level:5
2024-09-20 21:42:08.311 T:3922 debug : PrepareNextRender: frameOnScreen: 0.308 renderPts: 0.496 nextFramePts: 0.417 -> diff: 0.079 render: 1 forceNext: 0
2024-09-20 21:42:08.314 T:22630 debug : CAMLCodec::DequeueBuffer: pts:0.667 idx:887821
2024-09-20 21:42:08.315 T:22630 debug : CVideoPlayerVideo::OutputPicture - ttd:355ms pts:0.667 Clock:0.312 Level:5
2024-09-20 21:42:08.352 T:22630 debug : CAMLCodec::DequeueBuffer: pts:0.709 idx:887822
2024-09-20 21:42:08.352 T:22630 debug : CVideoPlayerVideo::OutputPicture - ttd:359ms pts:0.709 Clock:0.349 Level:6
2024-09-20 21:42:08.352 T:3922 debug : CAMLCodec::PollFrame elapsed:38.687ms
2024-09-20 21:42:08.358 T:21920 info : script.plex: Player - AVChange: Time: 0.276
2024-09-20 21:42:08.358 T:21920 info : script.plex: SeekHandler: onAVChange
2024-09-20 21:42:08.358 T:21920 info : script.plex: SeekDialog: OnAVChange: DPO: 0, offset: 0
2024-09-20 21:42:08.358 T:21920 debug : requested setting (slow_connection) was not found.
2024-09-20 21:42:08.359 T:21920 info : script.plex: Notification: xbmc Player.OnAVChange {"item":{"title":"Batman","type":"movie","year":1989},"player":{"playerid":-1,"speed":1}}
2024-09-20 21:42:08.361 T:3922 debug : PrepareNextRender: frameOnScreen: 0.358 renderPts: 0.546 nextFramePts: 0.459 -> diff: 0.087 render: 1 forceNext: 0
2024-09-20 21:42:08.391 T:22630 debug : CAMLCodec::DequeueBuffer: pts:0.751 idx:887823
2024-09-20 21:42:08.391 T:22630 debug : CVideoPlayerVideo::OutputPicture - ttd:362ms pts:0.751 Clock:0.388 Level:6
2024-09-20 21:42:08.391 T:3922 debug : CAMLCodec::PollFrame elapsed:28.837ms
2024-09-20 21:42:08.395 T:3922 debug : PrepareNextRender: frameOnScreen: 0.392 renderPts: 0.580 nextFramePts: 0.500 -> diff: 0.080 render: 1 forceNext: 0
2024-09-20 21:42:08.432 T:22630 debug : CAMLCodec::DequeueBuffer: pts:0.792 idx:887824
2024-09-20 21:42:08.433 T:22630 debug : CVideoPlayerVideo::OutputPicture - ttd:362ms pts:0.792 Clock:0.430 Level:6
2024-09-20 21:42:08.433 T:3922 debug : CAMLCodec::PollFrame elapsed:35.809ms
2024-09-20 21:42:08.437 T:3922 debug : PrepareNextRender: frameOnScreen: 0.434 renderPts: 0.621 nextFramePts: 0.542 -> diff: 0.079 render: 1 forceNext: 0
2024-09-20 21:42:08.474 T:22630 debug : CAMLCodec::DequeueBuffer: pts:0.834 idx:887825
2024-09-20 21:42:08.474 T:22630 debug : CVideoPlayerVideo::OutputPicture - ttd:362ms pts:0.834 Clock:0.472 Level:6
2024-09-20 21:42:08.474 T:3922 debug : CAMLCodec::PollFrame elapsed:35.502ms
2024-09-20 21:42:08.475 T:22630 debug : CAMLCodec::DequeueBuffer: pts:0.876 idx:887826
2024-09-20 21:42:08.477 T:3922 debug : PrepareNextRender: frameOnScreen: 0.474 renderPts: 0.662 nextFramePts: 0.584 -> diff: 0.078 render: 1 forceNext: 0
2024-09-20 21:42:08.477 T:22630 debug : CVideoPlayerVideo::OutputPicture - ttd:403ms pts:0.876 Clock:0.473 Level:6
2024-09-20 21:42:08.478 T:22630 debug : CAMLCodec::DequeueBuffer: pts:0.918 idx:887827
2024-09-20 21:42:08.511 T:22631 info : CVideoPlayerAudio: display reset occurred, checking for passthrough
2024-09-20 21:42:08.511 T:22631 info : CDVDAudioCodecFFmpeg::Open() Successful opened audio decoder flac
2024-09-20 21:42:08.511 T:22631 debug : CVideoPlayerAudio::OutputPacket: pts:1.579 curr_pts:0.756 clock:0.509 level:74
2024-09-20 21:42:08.516 T:3922 debug : CAMLCodec::PollFrame elapsed:38.103ms
2024-09-20 21:42:08.519 T:3922 debug : PrepareNextRender: frameOnScreen: 0.517 renderPts: 0.704 nextFramePts: 0.626 -> diff: 0.078 render: 1 forceNext: 0
2024-09-20 21:42:08.520 T:22630 debug : CVideoPlayerVideo::OutputPicture - ttd:442ms pts:0.918 Clock:0.476 Level:6
2024-09-20 21:42:08.521 T:22630 debug : CAMLCodec::DequeueBuffer: pts:0.959 idx:887828
2024-09-20 21:42:08.558 T:3922 debug : CAMLCodec::PollFrame elapsed:36.095ms
2024-09-20 21:42:08.560 T:3922 debug : PrepareNextRender: frameOnScreen: 0.557 renderPts: 0.745 nextFramePts: 0.667 -> diff: 0.078 render: 1 forceNext: 0
2024-09-20 21:42:08.561 T:22630 debug : CVideoPlayerVideo::OutputPicture - ttd:440ms pts:0.959 Clock:0.518 Level:6
2024-09-20 21:42:08.599 T:3922 debug : CAMLCodec::PollFrame elapsed:35.941ms
2024-09-20 21:42:08.602 T:3922 debug : PrepareNextRender: frameOnScreen: 0.599 renderPts: 0.787 nextFramePts: 0.709 -> diff: 0.078 render: 1 forceNext: 0
2024-09-20 21:42:08.611 T:22631 debug : CVideoPlayerAudio::OutputPacket: pts:1.672 curr_pts:0.856 clock:0.608 level:72
2024-09-20 21:42:08.641 T:22630 debug : CAMLCodec::DequeueBuffer: pts:1.001 idx:887829
2024-09-20 21:42:08.641 T:22630 debug : CVideoPlayerVideo::OutputPicture - ttd:362ms pts:1.001 Clock:0.639 Level:6
2024-09-20 21:42:08.641 T:3922 debug : CAMLCodec::PollFrame elapsed:37.935ms
2024-09-20 21:42:08.645 T:3922 debug : PrepareNextRender: frameOnScreen: 0.642 renderPts: 0.829 nextFramePts: 0.751 -> diff: 0.078 render: 1 forceNext: 0
2024-09-20 21:42:08.683 T:22630 debug : CAMLCodec::DequeueBuffer: pts:1.043 idx:887830
2024-09-20 21:42:08.683 T:22630 debug : CVideoPlayerVideo::OutputPicture - ttd:362ms pts:1.043 Clock:0.680 Level:6
2024-09-20 21:42:08.683 T:3922 debug : CAMLCodec::PollFrame elapsed:37.544ms
2024-09-20 21:42:08.686 T:3922 debug : PrepareNextRender: frameOnScreen: 0.683 renderPts: 0.871 nextFramePts: 0.792 -> diff: 0.079 render: 1 forceNext: 0
2024-09-20 21:42:08.711 T:22631 debug : CVideoPlayerAudio::OutputPacket: pts:1.765 curr_pts:0.957 clock:0.708 level:71
2024-09-20 21:42:08.725 T:22630 debug : CAMLCodec::DequeueBuffer: pts:1.084 idx:887831
2024-09-20 21:42:08.725 T:22630 debug : CVideoPlayerVideo::OutputPicture - ttd:362ms pts:1.084 Clock:0.722 Level:6
2024-09-20 21:42:08.725 T:3922 debug : CAMLCodec::PollFrame elapsed:38.661ms
2024-09-20 21:42:08.728 T:3922 debug : PrepareNextRender: frameOnScreen: 0.725 renderPts: 0.913 nextFramePts: 0.834 -> diff: 0.079 render: 1 forceNext: 0
2024-09-20 21:42:08.760 T:3953 debug : ActiveAE::SyncStream - average error 138.198243 above threshold of 100.000000
2024-09-20 21:42:08.760 T:3953 debug : ActiveAE::SyncStream - delay frames:2205 error 88ms
2024-09-20 21:42:08.766 T:22630 debug : CAMLCodec::DequeueBuffer: pts:1.126 idx:887832
2024-09-20 21:42:08.766 T:22630 debug : CVideoPlayerVideo::OutputPicture - ttd:362ms pts:1.126 Clock:0.763 Level:6
2024-09-20 21:42:08.767 T:3922 debug : CAMLCodec::PollFrame elapsed:38.499ms
2024-09-20 21:42:08.768 T:3922 debug : PrepareNextRender: frameOnScreen: 0.765 renderPts: 0.953 nextFramePts: 0.876 -> diff: 0.077 render: 1 forceNext: 0
2024-09-20 21:42:08.808 T:22630 debug : CAMLCodec::DequeueBuffer: pts:1.168 idx:887833
2024-09-20 21:42:08.808 T:22630 debug : CVideoPlayerVideo::OutputPicture - ttd:362ms pts:1.168 Clock:0.805 Level:6
2024-09-20 21:42:08.808 T:3922 debug : CAMLCodec::PollFrame elapsed:40.094ms
2024-09-20 21:42:08.809 T:3922 debug : PrepareNextRender: frameOnScreen: 0.806 renderPts: 0.994 nextFramePts: 0.918 -> diff: 0.076 render: 1 forceNext: 0
2024-09-20 21:42:08.811 T:3953 debug : ActiveAE::SyncStream - delay frames:2205 error 38ms
2024-09-20 21:42:08.850 T:22630 debug : CAMLCodec::DequeueBuffer: pts:1.210 idx:887834
2024-09-20 21:42:08.850 T:22630 debug : CVideoPlayerVideo::OutputPicture - ttd:362ms pts:1.210 Clock:0.847 Level:6
2024-09-20 21:42:08.850 T:3922 debug : CAMLCodec::PollFrame elapsed:40.332ms
2024-09-20 21:42:08.851 T:3922 debug : PrepareNextRender: frameOnScreen: 0.848 renderPts: 1.036 nextFramePts: 0.959 -> diff: 0.077 render: 1 forceNext: 0
2024-09-20 21:42:08.860 T:3953 debug : ActiveAE::SyncStream - delay frames:1684 error 0ms
2024-09-20 21:42:08.860 T:3953 debug : ActiveAE::SyncStream - average error 0.198243 below threshold of 30.000000
2024-09-20 21:42:08.892 T:22630 debug : CAMLCodec::DequeueBuffer: pts:1.251 idx:887835
2024-09-20 21:42:08.892 T:22630 debug : CVideoPlayerVideo::OutputPicture - ttd:361ms pts:1.251 Clock:0.889 Level:6
2024-09-20 21:42:08.892 T:3922 debug : CAMLCodec::PollFrame elapsed:41.096ms
2024-09-20 21:42:08.894 T:3922 debug : PrepareNextRender: frameOnScreen: 0.891 renderPts: 1.079 nextFramePts: 1.001 -> diff: 0.078 render: 1 forceNext: 0
2024-09-20 21:42:08.933 T:22630 debug : CAMLCodec::DequeueBuffer: pts:1.293 idx:887836
2024-09-20 21:42:08.933 T:22630 debug : CVideoPlayerVideo::OutputPicture - ttd:362ms pts:1.293 Clock:0.931 Level:6
2024-09-20 21:42:08.934 T:3922 debug : CAMLCodec::PollFrame elapsed:37.727ms
2024-09-20 21:42:08.937 T:3922 debug : PrepareNextRender: frameOnScreen: 0.935 renderPts: 1.122 nextFramePts: 1.043 -> diff: 0.079 render: 1 forceNext: 0
2024-09-20 21:42:08.961 T:22631 debug : CVideoPlayerAudio::OutputPacket: pts:1.858 curr_pts:1.068 clock:0.958 level:70
2024-09-20 21:42:08.975 T:22630 debug : CAMLCodec::DequeueBuffer: pts:1.335 idx:887837
2024-09-20 21:42:08.975 T:22630 debug : CVideoPlayerVideo::OutputPicture - ttd:362ms pts:1.335 Clock:0.972 Level:6
2024-09-20 21:42:08.975 T:3922 debug : CAMLCodec::PollFrame elapsed:35.094ms
2024-09-20 21:42:08.979 T:3922 debug : PrepareNextRender: frameOnScreen: 0.976 renderPts: 1.164 nextFramePts: 1.084 -> diff: 0.080 render: 1 forceNext: 0
2024-09-20 21:42:09.016 T:22630 debug : CAMLCodec::DequeueBuffer: pts:1.376 idx:887838
2024-09-20 21:42:09.017 T:22630 debug : CVideoPlayerVideo::OutputPicture - ttd:362ms pts:1.376 Clock:1.014 Level:6
2024-09-20 21:42:09.017 T:3922 debug : CAMLCodec::PollFrame elapsed:34.914ms
2024-09-20 21:42:09.020 T:3922 debug : PrepareNextRender: frameOnScreen: 1.017 renderPts: 1.205 nextFramePts: 1.126 -> diff: 0.079 render: 1 forceNext: 0
2024-09-20 21:42:09.058 T:22630 debug : CAMLCodec::DequeueBuffer: pts:1.418 idx:887839
2024-09-20 21:42:09.058 T:22630 debug : CVideoPlayerVideo::OutputPicture - ttd:362ms pts:1.418 Clock:1.055 Level:6
2024-09-20 21:42:09.058 T:3922 debug : CAMLCodec::PollFrame elapsed:36.286ms
2024-09-20 21:42:09.062 T:22631 debug : CVideoPlayerAudio::OutputPacket: pts:1.950 curr_pts:1.168 clock:1.059 level:69
2024-09-20 21:42:09.063 T:3922 debug : PrepareNextRender: frameOnScreen: 1.060 renderPts: 1.248 nextFramePts: 1.168 -> diff: 0.080 render: 1 forceNext: 0
2024-09-20 21:42:09.100 T:22630 debug : CAMLCodec::DequeueBuffer: pts:1.460 idx:887840
2024-09-20 21:42:09.101 T:22630 debug : CVideoPlayerVideo::OutputPicture - ttd:362ms pts:1.460 Clock:1.098 Level:6
2024-09-20 21:42:09.101 T:3922 debug : CAMLCodec::PollFrame elapsed:33.135ms
2024-09-20 21:42:09.104 T:3922 debug : PrepareNextRender: frameOnScreen: 1.102 renderPts: 1.289 nextFramePts: 1.210 -> diff: 0.079 render: 1 forceNext: 0
2024-09-20 21:42:09.112 T:22631 debug : CVideoPlayerAudio::OutputPacket: pts:2.043 curr_pts:1.218 clock:1.109 level:68
2024-09-20 21:42:09.140 T:22630 debug : CAMLCodec::DequeueBuffer: pts:1.501 idx:887841
2024-09-20 21:42:09.140 T:22630 debug : CVideoPlayerVideo::OutputPicture - ttd:363ms pts:1.501 Clock:1.138 Level:6
2024-09-20 21:42:09.142 T:3922 debug : CAMLCodec::PollFrame elapsed:36.038ms
2024-09-20 21:42:09.146 T:3922 debug : PrepareNextRender: frameOnScreen: 1.143 renderPts: 1.331 nextFramePts: 1.251 -> diff: 0.080 render: 1 forceNext: 0
2024-09-20 21:42:09.184 T:22630 debug : CAMLCodec::DequeueBuffer: pts:1.543 idx:887842
2024-09-20 21:42:09.184 T:22630 debug : CVideoPlayerVideo::OutputPicture - ttd:361ms pts:1.543 Clock:1.181 Level:6
2024-09-20 21:42:09.184 T:3922 debug : CAMLCodec::PollFrame elapsed:35.907ms
2024-09-20 21:42:09.187 T:3922 debug : PrepareNextRender: frameOnScreen: 1.184 renderPts: 1.372 nextFramePts: 1.293 -> diff: 0.079 render: 1 forceNext: 0
2024-09-20 21:42:09.212 T:22631 debug : CVideoPlayerAudio::OutputPacket: pts:2.136 curr_pts:1.319 clock:1.209 level:67
2024-09-20 21:42:09.225 T:22630 debug : CAMLCodec::DequeueBuffer: pts:1.585 idx:887843
2024-09-20 21:42:09.225 T:22630 debug : CVideoPlayerVideo::OutputPicture - ttd:362ms pts:1.585 Clock:1.223 Level:6
2024-09-20 21:42:09.225 T:3922 debug : CAMLCodec::PollFrame elapsed:37.451ms
2024-09-20 21:42:09.231 T:3922 debug : PrepareNextRender: frameOnScreen: 1.228 renderPts: 1.416 nextFramePts: 1.335 -> diff: 0.081 render: 1 forceNext: 0
2024-09-20 21:42:09.268 T:22630 debug : CAMLCodec::DequeueBuffer: pts:1.627 idx:887844
2024-09-20 21:42:09.268 T:22630 debug : CVideoPlayerVideo::OutputPicture - ttd:361ms pts:1.627 Clock:1.265 Level:6
2024-09-20 21:42:09.268 T:3922 debug : CAMLCodec::PollFrame elapsed:35.643ms
2024-09-20 21:42:09.271 T:3922 debug : PrepareNextRender: frameOnScreen: 1.268 renderPts: 1.456 nextFramePts: 1.376 -> diff: 0.080 render: 1 forceNext: 0
2024-09-20 21:42:09.309 T:22630 debug : CAMLCodec::DequeueBuffer: pts:1.668 idx:887845
2024-09-20 21:42:09.309 T:22630 debug : CVideoPlayerVideo::OutputPicture - ttd:361ms pts:1.668 Clock:1.306 Level:6
2024-09-20 21:42:09.309 T:3922 debug : CAMLCodec::PollFrame elapsed:36.857ms
2024-09-20 21:42:09.310 T:22630 debug : CAMLCodec::DequeueBuffer: pts:1.710 idx:887846
2024-09-20 21:42:09.311 T:22631 debug : CVideoPlayerAudio::OutputPacket: pts:2.229 curr_pts:1.418 clock:1.308 level:66
2024-09-20 21:42:09.314 T:3922 debug : PrepareNextRender: frameOnScreen: 1.311 renderPts: 1.498 nextFramePts: 1.418 -> diff: 0.080 render: 1 forceNext: 0
2024-09-20 21:42:09.314 T:22630 debug : CVideoPlayerVideo::OutputPicture - ttd:402ms pts:1.710 Clock:1.308 Level:6
2024-09-20 21:42:09.315 T:22630 debug : CAMLCodec::DequeueBuffer: pts:1.752 idx:887847
2024-09-20 21:42:09.350 T:3922 debug : CAMLCodec::PollFrame elapsed:35.379ms
2024-09-20 21:42:09.353 T:3922 debug : PrepareNextRender: frameOnScreen: 1.350 renderPts: 1.537 nextFramePts: 1.460 -> diff: 0.077 render: 1 forceNext: 0
2024-09-20 21:42:09.353 T:22630 debug : CVideoPlayerVideo::OutputPicture - ttd:439ms pts:1.752 Clock:1.312 Level:6
2024-09-20 21:42:09.354 T:22630 debug : CAMLCodec::DequeueBuffer: pts:1.793 idx:887848
2024-09-20 21:42:09.392 T:3922 debug : CAMLCodec::PollFrame elapsed:37.392ms
2024-09-20 21:42:09.394 T:21925 info : script.plex: UpdateNowPlaying: 41759, refreshQueue: False state: None (player: playing) overrideChecks: False time: None (player: 1.305)
2024-09-20 21:42:09.397 T:3922 debug : PrepareNextRender: frameOnScreen: 1.394 renderPts: 1.582 nextFramePts: 1.501 -> diff: 0.081 render: 1 forceNext: 0
2024-09-20 21:42:09.397 T:22630 debug : CVideoPlayerVideo::OutputPicture - ttd:441ms pts:1.793 Clock:1.352 Level:6
2024-09-20 21:42:09.411 T:22631 debug : CVideoPlayerAudio::OutputPacket: pts:2.322 curr_pts:1.518 clock:1.408 level:64
2024-09-20 21:42:09.434 T:3922 debug : CAMLCodec::PollFrame elapsed:35.399ms
2024-09-20 21:42:09.438 T:3922 debug : PrepareNextRender: frameOnScreen: 1.436 renderPts: 1.623 nextFramePts: 1.543 -> diff: 0.080 render: 1 forceNext: 0
2024-09-20 21:42:09.475 T:22630 debug : CAMLCodec::DequeueBuffer: pts:1.835 idx:887849
2024-09-20 21:42:09.476 T:22630 debug : CVideoPlayerVideo::OutputPicture - ttd:362ms pts:1.835 Clock:1.473 Level:6
2024-09-20 21:42:09.476 T:3922 debug : CAMLCodec::PollFrame elapsed:35.019ms
2024-09-20 21:42:09.479 T:3922 debug : PrepareNextRender: frameOnScreen: 1.477 renderPts: 1.647 nextFramePts: 1.585 -> diff: 0.062 render: 1 forceNext: 0
2024-09-20 21:42:09.511 T:22631 debug : CVideoPlayerAudio::OutputPacket: pts:2.415 curr_pts:1.618 clock:1.508 level:63
2024-09-20 21:42:09.517 T:22630 debug : CAMLCodec::DequeueBuffer: pts:1.877 idx:887850
2024-09-20 21:42:09.518 T:22630 debug : CVideoPlayerVideo::OutputPicture - ttd:362ms pts:1.877 Clock:1.515 Level:6
2024-09-20 21:42:09.518 T:3922 debug : CAMLCodec::PollFrame elapsed:37.093ms
2024-09-20 21:42:09.521 T:3922 debug : PrepareNextRender: frameOnScreen: 1.518 renderPts: 1.689 nextFramePts: 1.627 -> diff: 0.062 render: 1 forceNext: 0
2024-09-20 21:42:09.559 T:22630 debug : CAMLCodec::DequeueBuffer: pts:1.919 idx:887851
2024-09-20 21:42:09.559 T:22630 debug : CVideoPlayerVideo::OutputPicture - ttd:362ms pts:1.919 Clock:1.556 Level:6
2024-09-20 21:42:09.559 T:3922 debug : CAMLCodec::PollFrame elapsed:36.959ms
2024-09-20 21:42:09.562 T:3922 debug : PrepareNextRender: frameOnScreen: 1.560 renderPts: 1.730 nextFramePts: 1.668 -> diff: 0.062 render: 1 forceNext: 0
2024-09-20 21:42:09.600 T:22630 debug : CAMLCodec::DequeueBuffer: pts:1.960 idx:887852
2024-09-20 21:42:09.600 T:22630 debug : CVideoPlayerVideo::OutputPicture - ttd:362ms pts:1.960 Clock:1.598 Level:6
2024-09-20 21:42:09.601 T:3922 debug : CAMLCodec::PollFrame elapsed:36.910ms
2024-09-20 21:42:09.603 T:3922 debug : PrepareNextRender: frameOnScreen: 1.601 renderPts: 1.771 nextFramePts: 1.710 -> diff: 0.061 render: 1 forceNext: 0
2024-09-20 21:42:09.611 T:22631 debug : CVideoPlayerAudio::OutputPacket: pts:2.508 curr_pts:1.718 clock:1.608 level:62
2024-09-20 21:42:09.643 T:22630 debug : CAMLCodec::DequeueBuffer: pts:2.002 idx:887853
2024-09-20 21:42:09.643 T:22630 debug : CVideoPlayerVideo::OutputPicture - ttd:362ms pts:2.002 Clock:1.640 Level:6
2024-09-20 21:42:09.643 T:3922 debug : CAMLCodec::PollFrame elapsed:39.053ms
2024-09-20 21:42:09.644 T:3922 debug : PrepareNextRender: frameOnScreen: 1.642 renderPts: 1.812 nextFramePts: 1.752 -> diff: 0.060 render: 1 forceNext: 0
2024-09-20 21:42:09.684 T:22630 debug : CAMLCodec::DequeueBuffer: pts:2.044 idx:887854
2024-09-20 21:42:09.684 T:22630 debug : CVideoPlayerVideo::OutputPicture - ttd:362ms pts:2.044 Clock:1.681 Level:6
2024-09-20 21:42:09.684 T:3922 debug : CAMLCodec::PollFrame elapsed:39.268ms
2024-09-20 21:42:09.685 T:3922 debug : PrepareNextRender: frameOnScreen: 1.682 renderPts: 1.852 nextFramePts: 1.793 -> diff: 0.059 render: 1 forceNext: 0
2024-09-20 21:42:09.711 T:22631 debug : CVideoPlayerAudio::OutputPacket: pts:2.601 curr_pts:1.818 clock:1.708 level:61
2024-09-20 21:42:09.725 T:22630 debug : CAMLCodec::DequeueBuffer: pts:2.085 idx:887855
2024-09-20 21:42:09.725 T:22630 debug : CVideoPlayerVideo::OutputPicture - ttd:362ms pts:2.085 Clock:1.722 Level:6
2024-09-20 21:42:09.726 T:3922 debug : CAMLCodec::PollFrame elapsed:40.509ms
2024-09-20 21:42:09.727 T:3922 debug : PrepareNextRender: frameOnScreen: 1.724 renderPts: 1.894 nextFramePts: 1.835 -> diff: 0.059 render: 1 forceNext: 0
2024-09-20 21:42:09.762 T:22631 debug : CVideoPlayerAudio::OutputPacket: pts:2.693 curr_pts:1.869 clock:1.759 level:60
2024-09-20 21:42:09.768 T:22630 debug : CAMLCodec::DequeueBuffer: pts:2.127 idx:887856
2024-09-20 21:42:09.768 T:22630 debug : CVideoPlayerVideo::OutputPicture - ttd:361ms pts:2.127 Clock:1.765 Level:6
2024-09-20 21:42:09.769 T:3922 debug : CAMLCodec::PollFrame elapsed:41.839ms
2024-09-20 21:42:09.771 T:3922 debug : PrepareNextRender: frameOnScreen: 1.768 renderPts: 1.938 nextFramePts: 1.877 -> diff: 0.061 render: 1 forceNext: 0
2024-09-20 21:42:09.809 T:22630 debug : CAMLCodec::DequeueBuffer: pts:2.169 idx:887857
2024-09-20 21:42:09.809 T:22630 debug : CVideoPlayerVideo::OutputPicture - ttd:362ms pts:2.169 Clock:1.806 Level:6
2024-09-20 21:42:09.809 T:3922 debug : CAMLCodec::PollFrame elapsed:36.837ms
2024-09-20 21:42:09.813 T:3922 debug : PrepareNextRender: frameOnScreen: 1.810 renderPts: 1.981 nextFramePts: 1.919 -> diff: 0.062 render: 1 forceNext: 0
2024-09-20 21:42:09.851 T:22630 debug : CAMLCodec::DequeueBuffer: pts:2.211 idx:887858
2024-09-20 21:42:09.851 T:22630 debug : CVideoPlayerVideo::OutputPicture - ttd:363ms pts:2.211 Clock:1.848 Level:6
2024-09-20 21:42:09.851 T:3922 debug : CAMLCodec::PollFrame elapsed:35.745ms
2024-09-20 21:42:09.854 T:3922 debug : PrepareNextRender: frameOnScreen: 1.851 renderPts: 2.021 nextFramePts: 1.960 -> diff: 0.061 render: 1 forceNext: 0
2024-09-20 21:42:09.861 T:22631 debug : CVideoPlayerAudio::OutputPacket: pts:2.786 curr_pts:1.967 clock:1.858 level:59
2024-09-20 21:42:09.892 T:22630 debug : CAMLCodec::DequeueBuffer: pts:2.252 idx:887859
2024-09-20 21:42:09.893 T:22630 debug : CVideoPlayerVideo::OutputPicture - ttd:362ms pts:2.252 Clock:1.890 Level:6
2024-09-20 21:42:09.893 T:3922 debug : CAMLCodec::PollFrame elapsed:37.934ms
2024-09-20 21:42:09.896 T:3922 debug : PrepareNextRender: frameOnScreen: 1.893 renderPts: 2.063 nextFramePts: 2.002 -> diff: 0.061 render: 1 forceNext: 0
2024-09-20 21:42:09.911 T:3953 debug : ActiveAE::SyncStream - average error 117.106994 above threshold of 100.000000
2024-09-20 21:42:09.911 T:3953 debug : ActiveAE::SyncStream - delay frames:2205 error 67ms
2024-09-20 21:42:09.936 T:22630 debug : CAMLCodec::DequeueBuffer: pts:2.294 idx:887860
2024-09-20 21:42:09.936 T:22630 debug : CVideoPlayerVideo::OutputPicture - ttd:360ms pts:2.294 Clock:1.933 Level:6
2024-09-20 21:42:09.936 T:3922 debug : CAMLCodec::PollFrame elapsed:39.385ms
2024-09-20 21:42:09.941 T:3922 debug : PrepareNextRender: frameOnScreen: 1.938 renderPts: 2.108 nextFramePts: 2.044 -> diff: 0.064 render: 1 forceNext: 0
2024-09-20 21:42:09.960 T:3953 debug : ActiveAE::SyncStream - delay frames:2205 error 17ms
2024-09-20 21:42:09.960 T:3953 debug : ActiveAE::SyncStream - average error 17.106994 below threshold of 30.000000
