2024-11-13 13:06:25.020 T:5317 debug : CVideoPlayer::ProcessVideoData size:12228 dts:25.509 pts:25.509 dur:1.000ms, clock:1.991 level:100
2024-11-13 13:06:25.021 T:5317 debug : CVideoPlayer::ProcessVideoData size:14701 dts:25.550 pts:25.592 dur:1.000ms, clock:1.991 level:100
2024-11-13 13:06:25.033 T:5317 debug : CVideoPlayer::ProcessVideoData size:41297 dts:25.592 pts:25.801 dur:1.000ms, clock:2.003 level:100
2024-11-13 13:06:25.037 T:5320 debug : CVideoPlayerVideo::OutputPicture - ttd:359ms pts:2.360 Clock:2.000 Level:6
2024-11-13 13:06:25.043 T:4314 debug : PushCecKeypress - received key d8 duration 0
2024-11-13 13:06:25.058 T:4235 debug : HandleKey: menu (0xd8) pressed, window 12901, action is Back
2024-11-13 13:06:25.078 T:5320 debug : CVideoPlayerVideo::OutputPicture - ttd:380ms pts:2.402 Clock:2.022 Level:6
2024-11-13 13:06:25.117 T:4314 debug : PushCecKeypress - received key d8 duration 74
2024-11-13 13:06:25.127 T:5320 debug : CVideoPlayerVideo::OutputPicture - ttd:384ms pts:2.444 Clock:2.059 Level:6
2024-11-13 13:06:25.160 T:5320 debug : CVideoPlayerVideo::OutputPicture - ttd:381ms pts:2.486 Clock:2.105 Level:6
2024-11-13 13:06:25.212 T:5320 debug : CVideoPlayerVideo::OutputPicture - ttd:392ms pts:2.527 Clock:2.135 Level:6
2024-11-13 13:06:25.245 T:5320 debug : CVideoPlayerVideo::OutputPicture - ttd:380ms pts:2.569 Clock:2.188 Level:6
2024-11-13 13:06:25.249 T:5317 debug : CVideoPlayer::ProcessVideoData size:24253 dts:25.634 pts:25.717 dur:1.000ms, clock:2.220 level:100
2024-11-13 13:06:25.250 T:5317 debug : CVideoPlayer::ProcessVideoData size:14811 dts:25.675 pts:25.675 dur:1.000ms, clock:2.220 level:100
2024-11-13 13:06:25.250 T:5317 debug : CVideoPlayer::ProcessVideoData size:13382 dts:25.717 pts:25.759 dur:1.000ms, clock:2.221 level:100
2024-11-13 13:06:25.252 T:5317 debug : CVideoPlayer::ProcessVideoData size:39354 dts:25.759 pts:25.967 dur:1.000ms, clock:2.222 level:100
2024-11-13 13:06:25.253 T:5317 debug : CVideoPlayer::ProcessVideoData size:28333 dts:25.801 pts:25.884 dur:1.000ms, clock:2.223 level:100
2024-11-13 13:06:25.254 T:5317 debug : CVideoPlayer::ProcessVideoData size:15374 dts:25.842 pts:25.842 dur:1.000ms, clock:2.224 level:100
2024-11-13 13:06:25.254 T:5317 debug : CVideoPlayer::ProcessVideoData size:15187 dts:25.884 pts:25.926 dur:1.000ms, clock:2.225 level:100
2024-11-13 13:06:25.255 T:5317 debug : CVideoPlayer::ProcessVideoData size:41852 dts:25.926 pts:26.134 dur:1.000ms, clock:2.226 level:100
2024-11-13 13:06:25.256 T:5317 debug : CVideoPlayer::ProcessVideoData size:26249 dts:25.967 pts:26.051 dur:1.000ms, clock:2.226 level:100
2024-11-13 13:06:25.270 T:5317 debug : CVideoPlayer::ProcessVideoData size:12865 dts:26.009 pts:26.009 dur:1.000ms, clock:2.241 level:100
2024-11-13 13:06:25.296 T:5320 debug : CVideoPlayerVideo::OutputPicture - ttd:365ms pts:2.611 Clock:2.246 Level:6
2024-11-13 13:06:25.301 T:5317 debug : CVideoPlayer::ProcessVideoData size:14419 dts:26.051 pts:26.092 dur:1.000ms, clock:2.272 level:100
2024-11-13 13:06:25.327 T:5320 debug : CVideoPlayerVideo::OutputPicture - ttd:380ms pts:2.652 Clock:2.271 Level:6
2024-11-13 13:06:25.382 T:5320 debug : CVideoPlayerVideo::OutputPicture - ttd:382ms pts:2.694 Clock:2.311 Level:6
2024-11-13 13:06:25.384 T:4235 debug : ------ Window Deinit (VideoOSD.xml) ------
2024-11-13 13:06:25.385 T:4235 debug : ------ Window Deinit (DialogSeekBar.xml) ------
2024-11-13 13:06:25.406 T:4235 debug : ------ Window Deinit (Custom_1109_TopBarOverlay.xml) ------
2024-11-13 13:06:25.418 T:5320 debug : CVideoPlayerVideo::OutputPicture - ttd:376ms pts:2.736 Clock:2.360 Level:6
2024-11-13 13:06:25.428 T:5317 debug : CVideoPlayer::ProcessVideoData size:41735 dts:26.092 pts:26.259 dur:1.000ms, clock:2.398 level:100
2024-11-13 13:06:25.461 T:5320 debug : CVideoPlayerVideo::OutputPicture - ttd:380ms pts:2.778 Clock:2.398 Level:6
2024-11-13 13:06:25.470 T:5317 debug : CVideoPlayer::ProcessVideoData size:15693 dts:26.134 pts:26.218 dur:1.000ms, clock:2.441 level:100
2024-11-13 13:06:25.471 T:5317 debug : CVideoPlayer::ProcessVideoData size:14142 dts:26.176 pts:26.176 dur:1.000ms, clock:2.441 level:100
2024-11-13 13:06:25.478 T:5317 debug : CVideoPlayer::ProcessVideoData size:41898 dts:26.218 pts:26.426 dur:1.000ms, clock:2.449 level:100
2024-11-13 13:06:25.479 T:5317 debug : CVideoPlayer::ProcessVideoData size:25658 dts:26.259 pts:26.343 dur:1.000ms, clock:2.449 level:100
2024-11-13 13:06:25.479 T:5317 debug : CVideoPlayer::ProcessVideoData size:11937 dts:26.301 pts:26.301 dur:1.000ms, clock:2.450 level:100
2024-11-13 13:06:25.480 T:5317 debug : CVideoPlayer::ProcessVideoData size:12526 dts:26.343 pts:26.384 dur:1.000ms, clock:2.450 level:100
2024-11-13 13:06:25.480 T:5317 debug : CVideoPlayer::ProcessVideoData size:44187 dts:26.384 pts:26.593 dur:1.000ms, clock:2.451 level:100
2024-11-13 13:06:25.493 T:5320 debug : CVideoPlayerVideo::OutputPicture - ttd:355ms pts:2.819 Clock:2.464 Level:6
2024-11-13 13:06:25.542 T:5320 debug : CVideoPlayerVideo::OutputPicture - ttd:391ms pts:2.861 Clock:2.470 Level:6
2024-11-13 13:06:25.577 T:5320 debug : CVideoPlayerVideo::OutputPicture - ttd:377ms pts:2.903 Clock:2.526 Level:6
2024-11-13 13:06:25.628 T:5320 debug : CVideoPlayerVideo::OutputPicture - ttd:387ms pts:2.944 Clock:2.557 Level:6
2024-11-13 13:06:25.661 T:5320 debug : CVideoPlayerVideo::OutputPicture - ttd:367ms pts:2.986 Clock:2.619 Level:6
2024-11-13 13:06:25.669 T:5317 debug : CVideoPlayer::ProcessVideoData size:23984 dts:26.426 pts:26.510 dur:1.000ms, clock:2.639 level:100
2024-11-13 13:06:25.710 T:5320 debug : CVideoPlayerVideo::OutputPicture - ttd:382ms pts:3.028 Clock:2.646 Level:6
2024-11-13 13:06:25.745 T:5320 debug : CVideoPlayerVideo::OutputPicture - ttd:383ms pts:3.069 Clock:2.685 Level:6
2024-11-13 13:06:25.752 T:5317 debug : CVideoPlayer::ProcessVideoData size:12340 dts:26.468 pts:26.468 dur:1.000ms, clock:2.722 level:100
2024-11-13 13:06:25.752 T:5317 debug : CVideoPlayer::ProcessVideoData size:13324 dts:26.510 pts:26.551 dur:1.000ms, clock:2.723 level:100
2024-11-13 13:06:25.753 T:5317 debug : CVideoPlayer::ProcessVideoData size:40501 dts:26.551 pts:26.802 dur:1.000ms, clock:2.723 level:100
2024-11-13 13:06:25.753 T:5317 debug : CVideoPlayer::ProcessVideoData size:19200 dts:26.593 pts:26.718 dur:1.000ms, clock:2.724 level:100
2024-11-13 13:06:25.754 T:5317 debug : CVideoPlayer::ProcessVideoData size:15181 dts:26.635 pts:26.635 dur:1.000ms, clock:2.724 level:100
2024-11-13 13:06:25.754 T:5317 debug : CVideoPlayer::ProcessVideoData size:18227 dts:26.676 pts:26.676 dur:1.000ms, clock:2.725 level:100
2024-11-13 13:06:25.755 T:5317 debug : CVideoPlayer::ProcessVideoData size:12989 dts:26.718 pts:26.760 dur:1.000ms, clock:2.725 level:100
2024-11-13 13:06:25.762 T:5317 debug : CVideoPlayer::ProcessVideoData size:42936 dts:26.760 pts:26.968 dur:1.000ms, clock:2.733 level:100
2024-11-13 13:06:25.793 T:5320 debug : CVideoPlayerVideo::OutputPicture - ttd:389ms pts:3.111 Clock:2.721 Level:6
2024-11-13 13:06:25.803 T:5317 debug : CVideoPlayer::ProcessVideoData size:25428 dts:26.802 pts:26.885 dur:1.000ms, clock:2.774 level:100
2024-11-13 13:06:25.828 T:5320 debug : CVideoPlayerVideo::OutputPicture - ttd:378ms pts:3.153 Clock:2.774 Level:6
2024-11-13 13:06:25.878 T:5320 debug : CVideoPlayerVideo::OutputPicture - ttd:386ms pts:3.195 Clock:2.808 Level:6
2024-11-13 13:06:25.904 T:4314 debug : PushCecKeypress - received key e5 duration 0
2024-11-13 13:06:25.910 T:4235 debug : HandleKey: yellow (0xe5) pressed, window 12005, action is PlayerProcessInfo
2024-11-13 13:06:25.910 T:4235 debug : Activating window ID: 10116
2024-11-13 13:06:25.910 T:4235 debug : ------ Window Init (DialogPlayerProcessInfo.xml) ------
2024-11-13 13:06:25.913 T:4235 debug : ------ Window Init (DialogSeekBar.xml) ------
2024-11-13 13:06:25.914 T:5320 debug : CVideoPlayerVideo::OutputPicture - ttd:371ms pts:3.236 Clock:2.865 Level:6
2024-11-13 13:06:25.925 T:4235 debug : ------ Window Init (Custom_1109_TopBarOverlay.xml) ------
2024-11-13 13:06:25.957 T:5320 debug : CVideoPlayerVideo::OutputPicture - ttd:387ms pts:3.278 Clock:2.890 Level:6
2024-11-13 13:06:25.965 T:5317 debug : CVideoPlayer::ProcessVideoData size:12171 dts:26.843 pts:26.843 dur:1.000ms, clock:2.936 level:100
2024-11-13 13:06:25.966 T:5317 debug : CVideoPlayer::ProcessVideoData size:14564 dts:26.885 pts:26.927 dur:1.000ms, clock:2.936 level:100
2024-11-13 13:06:25.966 T:5317 debug : CVideoPlayer::ProcessVideoData size:41089 dts:26.927 pts:27.135 dur:1.000ms, clock:2.937 level:100
2024-11-13 13:06:25.967 T:5317 debug : CVideoPlayer::ProcessVideoData size:27421 dts:26.968 pts:27.052 dur:1.000ms, clock:2.937 level:100
2024-11-13 13:06:25.967 T:5317 debug : CVideoPlayer::ProcessVideoData size:11743 dts:27.010 pts:27.010 dur:1.000ms, clock:2.938 level:100
2024-11-13 13:06:25.977 T:4314 debug : PushCecKeypress - received key e5 duration 74
2024-11-13 13:06:26.002 T:5320 debug : CVideoPlayerVideo::OutputPicture - ttd:368ms pts:3.320 Clock:2.952 Level:6
2024-11-13 13:06:26.029 T:5320 debug : CVideoPlayerVideo::OutputPicture - ttd:377ms pts:3.361 Clock:2.984 Level:6
2024-11-13 13:06:26.077 T:5320 debug : CVideoPlayerVideo::OutputPicture - ttd:388ms pts:3.403 Clock:3.014 Level:6
2024-11-13 13:06:26.079 T:5317 debug : CVideoPlayer::ProcessVideoData size:15435 dts:27.052 pts:27.093 dur:1.000ms, clock:3.050 level:100
2024-11-13 13:06:26.083 T:5317 debug : CVideoPlayer::ProcessVideoData size:44041 dts:27.093 pts:27.260 dur:1.000ms, clock:3.053 level:100
2024-11-13 13:06:26.128 T:5320 debug : CVideoPlayerVideo::OutputPicture - ttd:372ms pts:3.445 Clock:3.073 Level:6
2024-11-13 13:06:26.136 T:5317 debug : CVideoPlayer::ProcessVideoData size:18875 dts:27.135 pts:27.219 dur:1.000ms, clock:3.106 level:100
2024-11-13 13:06:26.136 T:5317 debug : CVideoPlayer::ProcessVideoData size:16108 dts:27.177 pts:27.177 dur:1.000ms, clock:3.107 level:100
2024-11-13 13:06:26.161 T:5320 debug : CVideoPlayerVideo::OutputPicture - ttd:362ms pts:3.487 Clock:3.124 Level:6
2024-11-13 13:06:26.209 T:5320 debug : CVideoPlayerVideo::OutputPicture - ttd:384ms pts:3.528 Clock:3.143 Level:6
2024-11-13 13:06:26.218 T:5317 debug : CVideoPlayer::ProcessVideoData size:41976 dts:27.219 pts:27.427 dur:1.000ms, clock:3.189 level:100
2024-11-13 13:06:26.245 T:5320 debug : CVideoPlayerVideo::OutputPicture - ttd:385ms pts:3.570 Clock:3.184 Level:6
2024-11-13 13:06:26.293 T:5320 debug : CVideoPlayerVideo::OutputPicture - ttd:364ms pts:3.612 Clock:3.248 Level:6
2024-11-13 13:06:26.329 T:5320 debug : CVideoPlayerVideo::OutputPicture - ttd:367ms pts:3.653 Clock:3.285 Level:6
2024-11-13 13:06:26.378 T:5320 debug : CVideoPlayerVideo::OutputPicture - ttd:391ms pts:3.695 Clock:3.303 Level:6
2024-11-13 13:06:26.419 T:5320 debug : CVideoPlayerVideo::OutputPicture - ttd:361ms pts:3.737 Clock:3.375 Level:6
2024-11-13 13:06:26.428 T:5317 debug : CVideoPlayer::ProcessVideoData size:24760 dts:27.260 pts:27.344 dur:1.000ms, clock:3.399 level:100
2024-11-13 13:06:26.428 T:5317 debug : CVideoPlayer::ProcessVideoData size:13231 dts:27.302 pts:27.302 dur:1.000ms, clock:3.399 level:100
2024-11-13 13:06:26.428 T:5317 debug : CVideoPlayer::ProcessVideoData size:12954 dts:27.344 pts:27.385 dur:1.000ms, clock:3.399 level:100
2024-11-13 13:06:26.429 T:5317 debug : CVideoPlayer::ProcessVideoData size:43154 dts:27.385 pts:27.594 dur:1.000ms, clock:3.399 level:100
2024-11-13 13:06:26.429 T:5317 debug : CVideoPlayer::ProcessVideoData size:28720 dts:27.427 pts:27.511 dur:1.000ms, clock:3.399 level:100
2024-11-13 13:06:26.429 T:5317 debug : CVideoPlayer::ProcessVideoData size:13000 dts:27.469 pts:27.469 dur:1.000ms, clock:3.400 level:100
2024-11-13 13:06:26.429 T:5317 debug : CVideoPlayer::ProcessVideoData size:14425 dts:27.511 pts:27.552 dur:1.000ms, clock:3.400 level:100
2024-11-13 13:06:26.430 T:5317 debug : CVideoPlayer::ProcessVideoData size:39535 dts:27.552 pts:27.677 dur:1.000ms, clock:3.401 level:100
2024-11-13 13:06:26.430 T:5317 debug : CVideoPlayer::ProcessVideoData size:12180 dts:27.594 pts:27.636 dur:1.000ms, clock:3.401 level:100
2024-11-13 13:06:26.430 T:5317 debug : CVideoPlayer::ProcessVideoData size:42742 dts:27.636 pts:27.844 dur:1.000ms, clock:3.401 level:100
2024-11-13 13:06:26.431 T:5317 debug : CVideoPlayer::ProcessVideoData size:28793 dts:27.677 pts:27.761 dur:1.000ms, clock:3.401 level:100
2024-11-13 13:06:26.461 T:5320 debug : CVideoPlayerVideo::OutputPicture - ttd:384ms pts:3.779 Clock:3.395 Level:6
2024-11-13 13:06:26.472 T:5317 debug : CVideoPlayer::ProcessVideoData size:12264 dts:27.719 pts:27.719 dur:1.000ms, clock:3.443 level:100
2024-11-13 13:06:26.474 T:5317 debug : CVideoPlayer::ProcessVideoData size:12958 dts:27.761 pts:27.803 dur:1.000ms, clock:3.444 level:100
2024-11-13 13:06:26.475 T:5317 debug : CVideoPlayer::ProcessVideoData size:47728 dts:27.803 pts:27.928 dur:1.000ms, clock:3.445 level:100
2024-11-13 13:06:26.475 T:5317 debug : CVideoPlayer::ProcessVideoData size:12519 dts:27.844 pts:27.886 dur:1.000ms, clock:3.446 level:100
2024-11-13 13:06:26.476 T:5317 debug : CVideoPlayer::ProcessVideoData size:47847 dts:27.886 pts:28.136 dur:1.000ms, clock:3.447 level:100
2024-11-13 13:06:26.476 T:5317 debug : CVideoPlayer::ProcessVideoData size:22254 dts:27.928 pts:28.053 dur:1.000ms, clock:3.447 level:100
2024-11-13 13:06:26.477 T:5317 debug : CVideoPlayer::ProcessVideoData size:19006 dts:27.969 pts:27.969 dur:1.000ms, clock:3.448 level:100
2024-11-13 13:06:26.477 T:5317 debug : CVideoPlayer::ProcessVideoData size:18952 dts:28.011 pts:28.011 dur:1.000ms, clock:3.448 level:100
2024-11-13 13:06:26.478 T:5317 debug : CVideoPlayer::ProcessVideoData size:13469 dts:28.053 pts:28.094 dur:1.000ms, clock:3.448 level:100
2024-11-13 13:06:26.494 T:5320 debug : CVideoPlayerVideo::OutputPicture - ttd:365ms pts:3.820 Clock:3.454 Level:6
2024-11-13 13:06:26.503 T:5317 debug : CVideoPlayer::ProcessVideoData size:44632 dts:28.094 pts:28.386 dur:1.000ms, clock:3.473 level:100
2024-11-13 13:06:26.543 T:5320 debug : CVideoPlayerVideo::OutputPicture - ttd:389ms pts:3.862 Clock:3.473 Level:6
2024-11-13 13:06:26.554 T:5317 debug : CVideoPlayer::ProcessVideoData size:29709 dts:28.136 pts:28.261 dur:1.000ms, clock:3.524 level:100
2024-11-13 13:06:26.554 T:5317 debug : CVideoPlayer::ProcessVideoData size:17233 dts:28.178 pts:28.178 dur:1.000ms, clock:3.525 level:100
2024-11-13 13:06:26.554 T:5317 debug : CVideoPlayer::ProcessVideoData size:15197 dts:28.220 pts:28.220 dur:1.000ms, clock:3.525 level:100
2024-11-13 13:06:26.577 T:5320 debug : CVideoPlayerVideo::OutputPicture - ttd:385ms pts:3.904 Clock:3.519 Level:6
2024-11-13 13:06:26.585 T:5317 debug : CVideoPlayer::ProcessVideoData size:18423 dts:28.261 pts:28.303 dur:1.000ms, clock:3.555 level:100
2024-11-13 13:06:26.585 T:5317 debug : CVideoPlayer::ProcessVideoData size:17294 dts:28.303 pts:28.345 dur:1.000ms, clock:3.556 level:100
2024-11-13 13:06:26.585 T:5317 debug : CVideoPlayer::ProcessVideoData size:45150 dts:28.345 pts:28.512 dur:1.000ms, clock:3.556 level:100
2024-11-13 13:06:26.628 T:5320 debug : CVideoPlayerVideo::OutputPicture - ttd:390ms pts:3.945 Clock:3.554 Level:6
2024-11-13 13:06:26.636 T:5317 debug : CVideoPlayer::ProcessVideoData size:17580 dts:28.386 pts:28.470 dur:1.000ms, clock:3.607 level:100
2024-11-13 13:06:26.636 T:5317 debug : CVideoPlayer::ProcessVideoData size:12826 dts:28.428 pts:28.428 dur:1.000ms, clock:3.607 level:100
2024-11-13 13:06:26.636 T:5317 debug : CVideoPlayer::ProcessVideoData size:43216 dts:28.470 pts:28.678 dur:1.000ms, clock:3.607 level:100
2024-11-13 13:06:26.637 T:5317 debug : CVideoPlayer::ProcessVideoData size:22966 dts:28.512 pts:28.595 dur:1.000ms, clock:3.607 level:100
2024-11-13 13:06:26.662 T:5320 debug : CVideoPlayerVideo::OutputPicture - ttd:377ms pts:3.987 Clock:3.610 Level:6
2024-11-13 13:06:26.667 T:5317 debug : CVideoPlayer::ProcessVideoData size:15627 dts:28.553 pts:28.553 dur:1.000ms, clock:3.638 level:100
2024-11-13 13:06:26.667 T:5317 debug : CVideoPlayer::ProcessVideoData size:14085 dts:28.595 pts:28.637 dur:1.000ms, clock:3.638 level:100
2024-11-13 13:06:26.668 T:5317 debug : CVideoPlayer::ProcessVideoData size:42513 dts:28.637 pts:28.845 dur:1.000ms, clock:3.638 level:100
2024-11-13 13:06:26.668 T:5317 debug : CVideoPlayer::ProcessVideoData size:25149 dts:28.678 pts:28.762 dur:1.000ms, clock:3.638 level:100
2024-11-13 13:06:26.668 T:5317 debug : CVideoPlayer::ProcessVideoData size:12230 dts:28.720 pts:28.720 dur:1.000ms, clock:3.639 level:100
2024-11-13 13:06:26.668 T:5317 debug : CVideoPlayer::ProcessVideoData size:14990 dts:28.762 pts:28.804 dur:1.000ms, clock:3.639 level:100
2024-11-13 13:06:26.670 T:5317 debug : CVideoPlayer::ProcessVideoData size:41232 dts:28.804 pts:29.054 dur:1.000ms, clock:3.640 level:100
2024-11-13 13:06:26.670 T:5317 debug : CVideoPlayer::ProcessVideoData size:21139 dts:28.845 pts:28.970 dur:1.000ms, clock:3.641 level:100
2024-11-13 13:06:26.670 T:5317 debug : CVideoPlayer::ProcessVideoData size:17535 dts:28.887 pts:28.887 dur:1.000ms, clock:3.641 level:100
2024-11-13 13:06:26.670 T:5317 debug : CVideoPlayer::ProcessVideoData size:17809 dts:28.929 pts:28.929 dur:1.000ms, clock:3.641 level:100
2024-11-13 13:06:26.670 T:5317 debug : CVideoPlayer::ProcessVideoData size:12828 dts:28.970 pts:29.012 dur:1.000ms, clock:3.641 level:100
2024-11-13 13:06:26.710 T:5320 debug : CVideoPlayerVideo::OutputPicture - ttd:382ms pts:4.029 Clock:3.647 Level:6
2024-11-13 13:06:26.722 T:5317 debug : CVideoPlayer::ProcessVideoData size:40597 dts:29.012 pts:29.095 dur:1.000ms, clock:3.692 level:100
2024-11-13 13:06:26.722 T:5317 debug : CVideoPlayer::ProcessVideoData size:68744 dts:29.054 pts:29.387 dur:1.000ms, clock:3.693 level:100
2024-11-13 13:06:26.722 T:5317 debug : CVideoPlayer::ProcessVideoData size:19591 dts:29.095 pts:29.262 dur:1.000ms, clock:3.693 level:100
2024-11-13 13:06:26.722 T:5317 debug : CVideoPlayer::ProcessVideoData size:18812 dts:29.137 pts:29.137 dur:1.000ms, clock:3.693 level:100
2024-11-13 13:06:26.744 T:5320 debug : CVideoPlayerVideo::OutputPicture - ttd:383ms pts:4.070 Clock:3.686 Level:6
2024-11-13 13:06:26.753 T:5317 debug : CVideoPlayer::ProcessVideoData size:22501 dts:29.179 pts:29.179 dur:1.000ms, clock:3.723 level:100
2024-11-13 13:06:26.753 T:5317 debug : CVideoPlayer::ProcessVideoData size:18612 dts:29.221 pts:29.221 dur:1.000ms, clock:3.724 level:100
2024-11-13 13:06:26.753 T:5317 debug : CVideoPlayer::ProcessVideoData size:17902 dts:29.262 pts:29.304 dur:1.000ms, clock:3.724 level:100
2024-11-13 13:06:26.753 T:5317 debug : CVideoPlayer::ProcessVideoData size:16211 dts:29.304 pts:29.346 dur:1.000ms, clock:3.724 level:100
2024-11-13 13:06:26.795 T:5320 debug : CVideoPlayerVideo::OutputPicture - ttd:389ms pts:4.112 Clock:3.722 Level:6
2024-11-13 13:06:26.804 T:5317 debug : CVideoPlayer::ProcessVideoData size:35680 dts:29.346 pts:29.554 dur:1.000ms, clock:3.775 level:100
2024-11-13 13:06:26.805 T:5317 debug : CVideoPlayer::ProcessVideoData size:25558 dts:29.387 pts:29.471 dur:1.000ms, clock:3.775 level:100
2024-11-13 13:06:26.805 T:5317 debug : CVideoPlayer::ProcessVideoData size:13287 dts:29.429 pts:29.429 dur:1.000ms, clock:3.775 level:100
2024-11-13 13:06:26.827 T:5320 debug : CVideoPlayerVideo::OutputPicture - ttd:382ms pts:4.154 Clock:3.771 Level:6
2024-11-13 13:06:26.835 T:5317 debug : CVideoPlayer::ProcessVideoData size:12546 dts:29.471 pts:29.513 dur:1.000ms, clock:3.806 level:100
2024-11-13 13:06:26.836 T:5317 debug : CVideoPlayer::ProcessVideoData size:30287 dts:29.513 pts:29.721 dur:1.000ms, clock:3.807 level:100
2024-11-13 13:06:26.837 T:5317 debug : CVideoPlayer::ProcessVideoData size:27083 dts:29.554 pts:29.638 dur:1.000ms, clock:3.807 level:100
2024-11-13 13:06:26.837 T:5317 debug : CVideoPlayer::ProcessVideoData size:11458 dts:29.596 pts:29.596 dur:1.000ms, clock:3.808 level:100
2024-11-13 13:06:26.837 T:5317 debug : CVideoPlayer::ProcessVideoData size:14011 dts:29.638 pts:29.679 dur:1.000ms, clock:3.808 level:100
2024-11-13 13:06:26.837 T:5317 debug : CVideoPlayer::ProcessVideoData size:52263 dts:29.679 pts:29.888 dur:1.000ms, clock:3.808 level:100
2024-11-13 13:06:26.837 T:5317 debug : CVideoPlayer::ProcessVideoData size:28395 dts:29.721 pts:29.805 dur:1.000ms, clock:3.808 level:100
2024-11-13 13:06:26.838 T:5317 debug : CVideoPlayer::ProcessVideoData size:13059 dts:29.763 pts:29.763 dur:1.000ms, clock:3.808 level:100
2024-11-13 13:06:26.838 T:5317 debug : CVideoPlayer::ProcessVideoData size:16871 dts:29.805 pts:29.846 dur:1.000ms, clock:3.808 level:100
2024-11-13 13:06:26.838 T:5317 debug : CVideoPlayer::ProcessVideoData size:46571 dts:29.846 pts:30.055 dur:1.000ms, clock:3.809 level:100
2024-11-13 13:06:26.877 T:5320 debug : CVideoPlayerVideo::OutputPicture - ttd:385ms pts:4.196 Clock:3.810 Level:6
2024-11-13 13:06:26.891 T:5317 debug : CVideoPlayer::ProcessVideoData size:28584 dts:29.888 pts:29.971 dur:1.000ms, clock:3.862 level:100
2024-11-13 13:06:26.891 T:5317 debug : CVideoPlayer::ProcessVideoData size:17332 dts:29.930 pts:29.930 dur:1.000ms, clock:3.862 level:100
2024-11-13 13:06:26.892 T:5317 debug : CVideoPlayer::ProcessVideoData size:16576 dts:29.971 pts:30.013 dur:1.000ms, clock:3.862 level:100
2024-11-13 13:06:26.892 T:5317 debug : CVideoPlayer::ProcessVideoData size:40236 dts:30.013 pts:30.222 dur:1.000ms, clock:3.863 level:100
2024-11-13 13:06:26.892 T:5317 debug : CVideoPlayer::ProcessVideoData size:26450 dts:30.055 pts:30.138 dur:1.000ms, clock:3.863 level:100
2024-11-13 13:06:26.911 T:5320 debug : CVideoPlayerVideo::OutputPicture - ttd:373ms pts:4.237 Clock:3.863 Level:6
2024-11-13 13:06:26.925 T:5317 debug : CVideoPlayer::ProcessVideoData size:15833 dts:30.096 pts:30.096 dur:1.000ms, clock:3.896 level:100
2024-11-13 13:06:26.925 T:5317 debug : CVideoPlayer::ProcessVideoData size:17450 dts:30.138 pts:30.180 dur:1.000ms, clock:3.896 level:100
2024-11-13 13:06:26.927 T:5317 debug : CVideoPlayer::ProcessVideoData size:36202 dts:30.180 pts:30.388 dur:1.000ms, clock:3.898 level:100
2024-11-13 13:06:26.960 T:5320 debug : CVideoPlayerVideo::OutputPicture - ttd:379ms pts:4.279 Clock:3.899 Level:6
2024-11-13 13:06:26.968 T:5317 debug : CVideoPlayer::ProcessVideoData size:27643 dts:30.222 pts:30.305 dur:1.000ms, clock:3.939 level:100
2024-11-13 13:06:26.969 T:5317 debug : CVideoPlayer::ProcessVideoData size:14623 dts:30.263 pts:30.263 dur:1.000ms, clock:3.939 level:100
2024-11-13 13:06:26.969 T:5317 debug : CVideoPlayer::ProcessVideoData size:16061 dts:30.305 pts:30.347 dur:1.000ms, clock:3.939 level:100
2024-11-13 13:06:26.969 T:5317 debug : CVideoPlayer::ProcessVideoData size:36652 dts:30.347 pts:30.514 dur:1.000ms, clock:3.940 level:100
2024-11-13 13:06:26.994 T:5320 debug : CVideoPlayerVideo::OutputPicture - ttd:381ms pts:4.321 Clock:3.940 Level:6
2024-11-13 13:06:27.000 T:5317 debug : CVideoPlayer::ProcessVideoData size:22322 dts:30.388 pts:30.472 dur:1.000ms, clock:3.970 level:100
2024-11-13 13:06:27.000 T:5317 debug : CVideoPlayer::ProcessVideoData size:17639 dts:30.430 pts:30.430 dur:1.000ms, clock:3.970 level:100
2024-11-13 13:06:27.000 T:5317 debug : CVideoPlayer::ProcessVideoData size:35894 dts:30.472 pts:30.680 dur:1.000ms, clock:3.971 level:100
2024-11-13 13:06:27.000 T:5317 debug : CVideoPlayer::ProcessVideoData size:27337 dts:30.514 pts:30.597 dur:1.000ms, clock:3.971 level:100
2024-11-13 13:06:27.000 T:5317 debug : CVideoPlayer::ProcessVideoData size:15404 dts:30.555 pts:30.555 dur:1.000ms, clock:3.971 level:100
2024-11-13 13:06:27.001 T:5317 debug : CVideoPlayer::ProcessVideoData size:16561 dts:30.597 pts:30.639 dur:1.000ms, clock:3.971 level:100
2024-11-13 13:06:27.001 T:5317 debug : CVideoPlayer::ProcessVideoData size:35316 dts:30.639 pts:30.847 dur:1.000ms, clock:3.971 level:100
2024-11-13 13:06:27.001 T:5317 debug : CVideoPlayer::ProcessVideoData size:25492 dts:30.680 pts:30.764 dur:1.000ms, clock:3.972 level:100
2024-11-13 13:06:27.044 T:5320 debug : CVideoPlayerVideo::OutputPicture - ttd:388ms pts:4.362 Clock:3.973 Level:6
2024-11-13 13:06:27.052 T:5317 debug : CVideoPlayer::ProcessVideoData size:17852 dts:30.722 pts:30.722 dur:1.000ms, clock:4.022 level:100
2024-11-13 13:06:27.052 T:5317 debug : CVideoPlayer::ProcessVideoData size:18582 dts:30.764 pts:30.806 dur:1.000ms, clock:4.023 level:100
2024-11-13 13:06:27.054 T:5317 debug : CVideoPlayer::ProcessVideoData size:34082 dts:30.806 pts:31.014 dur:1.000ms, clock:4.024 level:100
2024-11-13 13:06:27.092 T:5320 debug : CVideoPlayerVideo::OutputPicture - ttd:383ms pts:4.404 Clock:4.021 Level:6
2024-11-13 13:06:27.097 T:5317 debug : CVideoPlayer::ProcessVideoData size:29424 dts:30.847 pts:30.931 dur:1.000ms, clock:4.068 level:100
2024-11-13 13:06:27.098 T:5317 debug : CVideoPlayer::ProcessVideoData size:17349 dts:30.889 pts:30.889 dur:1.000ms, clock:4.068 level:100
2024-11-13 13:06:27.098 T:5317 debug : CVideoPlayer::ProcessVideoData size:20031 dts:30.931 pts:30.972 dur:1.000ms, clock:4.068 level:100
2024-11-13 13:06:27.098 T:5317 debug : CVideoPlayer::ProcessVideoData size:35674 dts:30.972 pts:31.181 dur:1.000ms, clock:4.069 level:100
2024-11-13 13:06:27.098 T:5317 debug : CVideoPlayer::ProcessVideoData size:30784 dts:31.014 pts:31.097 dur:1.000ms, clock:4.069 level:100
2024-11-13 13:06:27.098 T:5317 debug : CVideoPlayer::ProcessVideoData size:20570 dts:31.056 pts:31.056 dur:1.000ms, clock:4.069 level:100
2024-11-13 13:06:27.099 T:5317 debug : CVideoPlayer::ProcessVideoData size:15412 dts:31.097 pts:31.139 dur:1.000ms, clock:4.069 level:100
2024-11-13 13:06:27.099 T:5317 debug : CVideoPlayer::ProcessVideoData size:36208 dts:31.139 pts:31.264 dur:1.000ms, clock:4.069 level:100
2024-11-13 13:06:27.099 T:5317 debug : CVideoPlayer::ProcessVideoData size:14883 dts:31.181 pts:31.223 dur:1.000ms, clock:4.070 level:100
2024-11-13 13:06:27.127 T:5320 debug : CVideoPlayerVideo::OutputPicture - ttd:376ms pts:4.446 Clock:4.070 Level:6
2024-11-13 13:06:27.132 T:5317 debug : CVideoPlayer::ProcessVideoData size:35845 dts:31.223 pts:31.431 dur:1.000ms, clock:4.102 level:100
2024-11-13 13:06:27.132 T:5317 debug : CVideoPlayer::ProcessVideoData size:27865 dts:31.264 pts:31.348 dur:1.000ms, clock:4.103 level:100
2024-11-13 13:06:27.133 T:5317 debug : CVideoPlayer::ProcessVideoData size:15822 dts:31.306 pts:31.306 dur:1.000ms, clock:4.104 level:100
2024-11-13 13:06:27.133 T:5317 debug : CVideoPlayer::ProcessVideoData size:16258 dts:31.348 pts:31.389 dur:1.000ms, clock:4.104 level:100
2024-11-13 13:06:27.134 T:5317 debug : CVideoPlayer::ProcessVideoData size:36657 dts:31.389 pts:31.598 dur:1.000ms, clock:4.104 level:100
2024-11-13 13:06:27.134 T:5317 debug : CVideoPlayer::ProcessVideoData size:26103 dts:31.431 pts:31.515 dur:1.000ms, clock:4.105 level:100
2024-11-13 13:06:27.160 T:5320 debug : CVideoPlayerVideo::OutputPicture - ttd:384ms pts:4.488 Clock:4.103 Level:6
2024-11-13 13:06:27.165 T:5317 debug : CVideoPlayer::ProcessVideoData size:18011 dts:31.473 pts:31.473 dur:1.000ms, clock:4.136 level:100
2024-11-13 13:06:27.166 T:5317 debug : CVideoPlayer::ProcessVideoData size:15839 dts:31.515 pts:31.556 dur:1.000ms, clock:4.136 level:100
2024-11-13 13:06:27.167 T:5317 debug : CVideoPlayer::ProcessVideoData size:35874 dts:31.556 pts:31.765 dur:1.000ms, clock:4.138 level:100
2024-11-13 13:06:27.167 T:5317 debug : CVideoPlayer::ProcessVideoData size:28361 dts:31.598 pts:31.681 dur:1.000ms, clock:4.138 level:100
2024-11-13 13:06:27.210 T:5320 debug : CVideoPlayerVideo::OutputPicture - ttd:392ms pts:4.529 Clock:4.137 Level:6
2024-11-13 13:06:27.219 T:5317 debug : CVideoPlayer::ProcessVideoData size:15796 dts:31.640 pts:31.640 dur:1.000ms, clock:4.189 level:100
2024-11-13 13:06:27.219 T:5317 debug : CVideoPlayer::ProcessVideoData size:19675 dts:31.681 pts:31.723 dur:1.000ms, clock:4.189 level:100
2024-11-13 13:06:27.219 T:5317 debug : CVideoPlayer::ProcessVideoData size:35034 dts:31.723 pts:31.973 dur:1.000ms, clock:4.190 level:100
2024-11-13 13:06:27.245 T:5320 debug : CVideoPlayerVideo::OutputPicture - ttd:373ms pts:4.571 Clock:4.197 Level:6
2024-11-13 13:06:27.250 T:5317 debug : CVideoPlayer::ProcessVideoData size:25388 dts:31.765 pts:31.890 dur:1.000ms, clock:4.220 level:100
2024-11-13 13:06:27.250 T:5317 debug : CVideoPlayer::ProcessVideoData size:23308 dts:31.807 pts:31.807 dur:1.000ms, clock:4.221 level:100
2024-11-13 13:06:27.250 T:5317 debug : CVideoPlayer::ProcessVideoData size:22593 dts:31.848 pts:31.848 dur:1.000ms, clock:4.221 level:100
2024-11-13 13:06:27.250 T:5317 debug : CVideoPlayer::ProcessVideoData size:19149 dts:31.890 pts:31.932 dur:1.000ms, clock:4.221 level:100
2024-11-13 13:06:27.251 T:5317 debug : CVideoPlayer::ProcessVideoData size:37247 dts:31.932 pts:32.098 dur:1.000ms, clock:4.221 level:100
2024-11-13 13:06:27.251 T:5317 debug : CVideoPlayer::ProcessVideoData size:22816 dts:31.973 pts:32.057 dur:1.000ms, clock:4.222 level:100
2024-11-13 13:06:27.251 T:5317 debug : CVideoPlayer::ProcessVideoData size:20643 dts:32.015 pts:32.015 dur:1.000ms, clock:4.222 level:100
2024-11-13 13:06:27.251 T:5317 debug : CVideoPlayer::ProcessVideoData size:37042 dts:32.057 pts:32.307 dur:1.000ms, clock:4.222 level:100
2024-11-13 13:06:27.251 T:5317 debug : CVideoPlayer::ProcessVideoData size:22599 dts:32.098 pts:32.224 dur:1.000ms, clock:4.222 level:100
2024-11-13 13:06:27.294 T:5320 debug : CVideoPlayerVideo::OutputPicture - ttd:384ms pts:4.613 Clock:4.229 Level:6
2024-11-13 13:06:27.302 T:5317 debug : CVideoPlayer::ProcessVideoData size:18947 dts:32.140 pts:32.140 dur:1.000ms, clock:4.273 level:100
2024-11-13 13:06:27.303 T:5317 debug : CVideoPlayer::ProcessVideoData size:19553 dts:32.182 pts:32.182 dur:1.000ms, clock:4.273 level:100
2024-11-13 13:06:27.303 T:5317 debug : CVideoPlayer::ProcessVideoData size:16756 dts:32.224 pts:32.265 dur:1.000ms, clock:4.273 level:100
2024-11-13 13:06:27.304 T:5317 debug : CVideoPlayer::ProcessVideoData size:35408 dts:32.265 pts:32.557 dur:1.000ms, clock:4.274 level:100
2024-11-13 13:06:27.304 T:5317 debug : CVideoPlayer::ProcessVideoData size:33427 dts:32.307 pts:32.432 dur:1.000ms, clock:4.275 level:100
2024-11-13 13:06:27.304 T:5317 debug : CVideoPlayer::ProcessVideoData size:19433 dts:32.349 pts:32.349 dur:1.000ms, clock:4.275 level:100
2024-11-13 13:06:27.328 T:5320 debug : CVideoPlayerVideo::OutputPicture - ttd:378ms pts:4.654 Clock:4.275 Level:6
2024-11-13 13:06:27.335 T:5317 debug : CVideoPlayer::ProcessVideoData size:22199 dts:32.390 pts:32.390 dur:1.000ms, clock:4.305 level:100
2024-11-13 13:06:27.335 T:5317 debug : CVideoPlayer::ProcessVideoData size:22135 dts:32.432 pts:32.474 dur:1.000ms, clock:4.306 level:100
2024-11-13 13:06:27.335 T:5317 debug : CVideoPlayer::ProcessVideoData size:24368 dts:32.474 pts:32.516 dur:1.000ms, clock:4.306 level:100
2024-11-13 13:06:27.336 T:5317 debug : CVideoPlayer::ProcessVideoData size:34999 dts:32.516 pts:32.724 dur:1.000ms, clock:4.306 level:100
2024-11-13 13:06:27.379 T:5320 debug : CVideoPlayerVideo::OutputPicture - ttd:390ms pts:4.696 Clock:4.306 Level:6
2024-11-13 13:06:27.387 T:5317 debug : CVideoPlayer::ProcessVideoData size:30327 dts:32.557 pts:32.641 dur:1.000ms, clock:4.357 level:100
2024-11-13 13:06:27.387 T:5317 debug : CVideoPlayer::ProcessVideoData size:21801 dts:32.599 pts:32.599 dur:1.000ms, clock:4.357 level:100
2024-11-13 13:06:27.387 T:5317 debug : CVideoPlayer::ProcessVideoData size:15297 dts:32.641 pts:32.682 dur:1.000ms, clock:4.358 level:100
2024-11-13 13:06:27.387 T:5317 debug : CVideoPlayer::ProcessVideoData size:34942 dts:32.682 pts:32.849 dur:1.000ms, clock:4.358 level:100
2024-11-13 13:06:27.412 T:5320 debug : CVideoPlayerVideo::OutputPicture - ttd:380ms pts:4.738 Clock:4.358 Level:6
2024-11-13 13:06:27.418 T:5317 debug : CVideoPlayer::ProcessVideoData size:20992 dts:32.724 pts:32.808 dur:1.000ms, clock:4.388 level:100
2024-11-13 13:06:27.419 T:5317 debug : CVideoPlayer::ProcessVideoData size:16362 dts:32.766 pts:32.766 dur:1.000ms, clock:4.389 level:100
2024-11-13 13:06:27.420 T:5317 debug : CVideoPlayer::ProcessVideoData size:36220 dts:32.808 pts:33.016 dur:1.000ms, clock:4.390 level:100
2024-11-13 13:06:27.420 T:5317 debug : CVideoPlayer::ProcessVideoData size:29664 dts:32.849 pts:32.933 dur:1.000ms, clock:4.391 level:100
2024-11-13 13:06:27.420 T:5317 debug : CVideoPlayer::ProcessVideoData size:16806 dts:32.891 pts:32.891 dur:1.000ms, clock:4.391 level:100
2024-11-13 13:06:27.420 T:5317 debug : CVideoPlayer::ProcessVideoData size:16247 dts:32.933 pts:32.974 dur:1.000ms, clock:4.391 level:100
2024-11-13 13:06:27.420 T:5317 debug : CVideoPlayer::ProcessVideoData size:39954 dts:32.974 pts:33.183 dur:1.000ms, clock:4.391 level:100
2024-11-13 13:06:27.421 T:5317 debug : CVideoPlayer::ProcessVideoData size:27206 dts:33.016 pts:33.099 dur:1.000ms, clock:4.391 level:100
2024-11-13 13:06:27.460 T:5320 debug : CVideoPlayerVideo::OutputPicture - ttd:386ms pts:4.780 Clock:4.393 Level:6
2024-11-13 13:06:27.472 T:5317 debug : CVideoPlayer::ProcessVideoData size:16493 dts:33.058 pts:33.058 dur:1.000ms, clock:4.442 level:100
2024-11-13 13:06:27.472 T:5317 debug : CVideoPlayer::ProcessVideoData size:15103 dts:33.099 pts:33.141 dur:1.000ms, clock:4.442 level:100
2024-11-13 13:06:27.472 T:5317 debug : CVideoPlayer::ProcessVideoData size:27278 dts:33.141 pts:33.308 dur:1.000ms, clock:4.443 level:100
2024-11-13 13:06:27.472 T:5317 debug : CVideoPlayer::ProcessVideoData size:25243 dts:33.183 pts:33.266 dur:1.000ms, clock:4.443 level:100
2024-11-13 13:06:27.472 T:5317 debug : CVideoPlayer::ProcessVideoData size:16500 dts:33.225 pts:33.225 dur:1.000ms, clock:4.443 level:100
2024-11-13 13:06:27.477 T:5317 debug : CVideoPlayer::ProcessVideoData size:1035228 dts:33.266 pts:33.350 dur:1.000ms, clock:4.448 level:100
2024-11-13 13:06:27.495 T:5320 debug : CVideoPlayerVideo::OutputPicture - ttd:381ms pts:4.821 Clock:4.439 Level:6
2024-11-13 13:06:27.544 T:5320 debug : CVideoPlayerVideo::OutputPicture - ttd:383ms pts:4.863 Clock:4.480 Level:6
2024-11-13 13:06:27.578 T:5320 debug : CVideoPlayerVideo::OutputPicture - ttd:384ms pts:4.905 Clock:4.520 Level:6
2024-11-13 13:06:27.628 T:5320 debug : CVideoPlayerVideo::OutputPicture - ttd:377ms pts:4.946 Clock:4.568 Level:6
2024-11-13 13:06:27.661 T:5320 debug : CVideoPlayerVideo::OutputPicture - ttd:382ms pts:4.988 Clock:4.605 Level:6
2024-11-13 13:06:27.711 T:5320 debug : CVideoPlayerVideo::OutputPicture - ttd:393ms pts:5.030 Clock:4.637 Level:6
2024-11-13 13:06:27.745 T:5320 debug : CVideoPlayerVideo::OutputPicture - ttd:374ms pts:5.071 Clock:4.697 Level:6
2024-11-13 13:06:27.754 T:5317 debug : CVideoPlayer::ProcessVideoData size:43519 dts:33.308 pts:33.517 dur:1.000ms, clock:4.724 level:100
2024-11-13 13:06:27.754 T:5317 debug : CVideoPlayer::ProcessVideoData size:28503 dts:33.350 pts:33.433 dur:1.000ms, clock:4.724 level:100
2024-11-13 13:06:27.794 T:5320 debug : CVideoPlayerVideo::OutputPicture - ttd:382ms pts:5.113 Clock:4.731 Level:6
2024-11-13 13:06:27.805 T:5317 debug : CVideoPlayer::ProcessVideoData size:14548 dts:33.391 pts:33.391 dur:1.000ms, clock:4.776 level:100
2024-11-13 13:06:27.805 T:5317 debug : CVideoPlayer::ProcessVideoData size:15657 dts:33.433 pts:33.475 dur:1.000ms, clock:4.776 level:100
2024-11-13 13:06:27.805 T:5317 debug : CVideoPlayer::ProcessVideoData size:34343 dts:33.475 pts:33.725 dur:1.000ms, clock:4.776 level:100
2024-11-13 13:06:27.805 T:5317 debug : CVideoPlayer::ProcessVideoData size:22786 dts:33.517 pts:33.642 dur:1.000ms, clock:4.776 level:100
2024-11-13 13:06:27.806 T:5317 debug : CVideoPlayer::ProcessVideoData size:20066 dts:33.558 pts:33.558 dur:1.000ms, clock:4.776 level:100
2024-11-13 13:06:27.806 T:5317 debug : CVideoPlayer::ProcessVideoData size:19056 dts:33.600 pts:33.600 dur:1.000ms, clock:4.776 level:100
2024-11-13 13:06:27.806 T:5317 debug : CVideoPlayer::ProcessVideoData size:17577 dts:33.642 pts:33.683 dur:1.000ms, clock:4.777 level:100
2024-11-13 13:06:27.808 T:5317 debug : CVideoPlayer::ProcessVideoData size:34496 dts:33.683 pts:33.850 dur:1.000ms, clock:4.778 level:100
2024-11-13 13:06:27.827 T:5320 debug : CVideoPlayerVideo::OutputPicture - ttd:382ms pts:5.155 Clock:4.773 Level:6
2024-11-13 13:06:27.839 T:5317 debug : CVideoPlayer::ProcessVideoData size:26125 dts:33.725 pts:33.809 dur:1.000ms, clock:4.809 level:100
2024-11-13 13:06:27.839 T:5317 debug : CVideoPlayer::ProcessVideoData size:16202 dts:33.767 pts:33.767 dur:1.000ms, clock:4.810 level:100
2024-11-13 13:06:27.842 T:5317 debug : CVideoPlayer::ProcessVideoData size:34708 dts:33.809 pts:34.017 dur:1.000ms, clock:4.813 level:100
2024-11-13 13:06:27.877 T:5320 debug : CVideoPlayerVideo::OutputPicture - ttd:390ms pts:5.197 Clock:4.807 Level:6
2024-11-13 13:06:27.883 T:5317 debug : CVideoPlayer::ProcessVideoData size:30293 dts:33.850 pts:33.934 dur:1.000ms, clock:4.853 level:100
2024-11-13 13:06:27.883 T:5317 debug : CVideoPlayer::ProcessVideoData size:20773 dts:33.892 pts:33.892 dur:1.000ms, clock:4.854 level:100
2024-11-13 13:06:27.883 T:5317 debug : CVideoPlayer::ProcessVideoData size:15999 dts:33.934 pts:33.975 dur:1.000ms, clock:4.854 level:100
2024-11-13 13:06:27.884 T:5317 debug : CVideoPlayer::ProcessVideoData size:32601 dts:33.975 pts:34.184 dur:1.000ms, clock:4.854 level:100
2024-11-13 13:06:27.884 T:5317 debug : CVideoPlayer::ProcessVideoData size:28446 dts:34.017 pts:34.100 dur:1.000ms, clock:4.854 level:100
2024-11-13 13:06:27.912 T:5320 debug : CVideoPlayerVideo::OutputPicture - ttd:384ms pts:5.238 Clock:4.853 Level:6
2024-11-13 13:06:27.915 T:5317 debug : CVideoPlayer::ProcessVideoData size:18458 dts:34.059 pts:34.059 dur:1.000ms, clock:4.886 level:100
2024-11-13 13:06:27.916 T:5317 debug : CVideoPlayer::ProcessVideoData size:15706 dts:34.100 pts:34.142 dur:1.000ms, clock:4.887 level:100
2024-11-13 13:06:27.917 T:5317 debug : CVideoPlayer::ProcessVideoData size:30223 dts:34.142 pts:34.392 dur:1.000ms, clock:4.888 level:100
2024-11-13 13:06:27.918 T:5320 debug : CPtsTracker: detected pattern of length 1: 41708.34, frameduration: 41708.333333
2024-11-13 13:06:27.918 T:5317 debug : CVideoPlayer::ProcessVideoData size:22406 dts:34.184 pts:34.309 dur:1.000ms, clock:4.889 level:100
2024-11-13 13:06:27.919 T:5317 debug : CVideoPlayer::ProcessVideoData size:18849 dts:34.226 pts:34.226 dur:1.000ms, clock:4.890 level:100
2024-11-13 13:06:27.920 T:5317 debug : CVideoPlayer::ProcessVideoData size:19882 dts:34.267 pts:34.267 dur:1.000ms, clock:4.890 level:100
2024-11-13 13:06:27.920 T:5317 debug : CVideoPlayer::ProcessVideoData size:20475 dts:34.309 pts:34.351 dur:1.000ms, clock:4.891 level:100
2024-11-13 13:06:27.925 T:5317 debug : CVideoPlayer::ProcessVideoData size:155575 dts:34.351 pts:34.559 dur:1.000ms, clock:4.896 level:100
2024-11-13 13:06:27.961 T:5320 debug : CVideoPlayerVideo::OutputPicture - ttd:391ms pts:5.280 Clock:4.889 Level:6
2024-11-13 13:06:27.994 T:5320 debug : CVideoPlayerVideo::OutputPicture - ttd:384ms pts:5.322 Clock:4.938 Level:6
2024-11-13 13:06:27.998 T:5317 debug : CVideoPlayer::ProcessVideoData size:28119 dts:34.392 pts:34.476 dur:1.000ms, clock:4.969 level:100
2024-11-13 13:06:27.998 T:5317 debug : CVideoPlayer::ProcessVideoData size:16626 dts:34.434 pts:34.434 dur:1.000ms, clock:4.969 level:100
2024-11-13 13:06:27.999 T:5317 debug : CVideoPlayer::ProcessVideoData size:27473 dts:34.476 pts:34.518 dur:1.000ms, clock:4.969 level:100
2024-11-13 13:06:28.000 T:5317 debug : CVideoPlayer::ProcessVideoData size:87958 dts:34.518 pts:34.726 dur:1.000ms, clock:4.971 level:100
2024-11-13 13:06:28.044 T:5320 debug : CVideoPlayerVideo::OutputPicture - ttd:389ms pts:5.363 Clock:4.973 Level:6
2024-11-13 13:06:28.051 T:5317 debug : CVideoPlayer::ProcessVideoData size:32449 dts:34.559 pts:34.643 dur:1.000ms, clock:5.021 level:100
2024-11-13 13:06:28.051 T:5317 debug : CVideoPlayer::ProcessVideoData size:20920 dts:34.601 pts:34.601 dur:1.000ms, clock:5.022 level:100
2024-11-13 13:06:28.051 T:5317 debug : CVideoPlayer::ProcessVideoData size:18496 dts:34.643 pts:34.684 dur:1.000ms, clock:5.022 level:100
2024-11-13 13:06:28.052 T:5317 debug : CVideoPlayer::ProcessVideoData size:296930 dts:34.684 pts:34.893 dur:1.000ms, clock:5.023 level:100
2024-11-13 13:06:28.079 T:5320 debug : CVideoPlayerVideo::OutputPicture - ttd:382ms pts:5.405 Clock:5.023 Level:6
2024-11-13 13:06:28.127 T:5320 debug : CVideoPlayerVideo::OutputPicture - ttd:384ms pts:5.447 Clock:5.063 Level:6
2024-11-13 13:06:28.134 T:5317 debug : CVideoPlayer::ProcessVideoData size:35850 dts:34.726 pts:34.810 dur:1.000ms, clock:5.104 level:100
2024-11-13 13:06:28.134 T:5317 debug : CVideoPlayer::ProcessVideoData size:19823 dts:34.768 pts:34.768 dur:1.000ms, clock:5.105 level:100
2024-11-13 13:06:28.134 T:5317 debug : CVideoPlayer::ProcessVideoData size:17922 dts:34.810 pts:34.851 dur:1.000ms, clock:5.105 level:100
2024-11-13 13:06:28.136 T:5317 debug : CVideoPlayer::ProcessVideoData size:52623 dts:34.851 pts:35.018 dur:1.000ms, clock:5.106 level:100
2024-11-13 13:06:28.161 T:5320 debug : CVideoPlayerVideo::OutputPicture - ttd:385ms pts:5.489 Clock:5.103 Level:6
2024-11-13 13:06:28.167 T:5317 debug : CVideoPlayer::ProcessVideoData size:21360 dts:34.893 pts:34.976 dur:1.000ms, clock:5.137 level:100
2024-11-13 13:06:28.167 T:5317 debug : CVideoPlayer::ProcessVideoData size:18147 dts:34.935 pts:34.935 dur:1.000ms, clock:5.138 level:100
2024-11-13 13:06:28.167 T:5317 debug : CVideoPlayer::ProcessVideoData size:50494 dts:34.976 pts:35.185 dur:1.000ms, clock:5.138 level:100
2024-11-13 13:06:28.211 T:5320 debug : CVideoPlayerVideo::OutputPicture - ttd:385ms pts:5.530 Clock:5.144 Level:6
2024-11-13 13:06:28.218 T:5317 debug : CVideoPlayer::ProcessVideoData size:33382 dts:35.018 pts:35.101 dur:1.000ms, clock:5.189 level:100
2024-11-13 13:06:28.218 T:5317 debug : CVideoPlayer::ProcessVideoData size:18281 dts:35.060 pts:35.060 dur:1.000ms, clock:5.189 level:100
2024-11-13 13:06:28.218 T:5317 debug : CVideoPlayer::ProcessVideoData size:20312 dts:35.101 pts:35.143 dur:1.000ms, clock:5.189 level:100
2024-11-13 13:06:28.244 T:5320 debug : CVideoPlayerVideo::OutputPicture - ttd:384ms pts:5.572 Clock:5.188 Level:6
2024-11-13 13:06:28.250 T:5317 debug : CVideoPlayer::ProcessVideoData size:48692 dts:35.143 pts:35.352 dur:1.000ms, clock:5.220 level:100
2024-11-13 13:06:28.250 T:5317 debug : CVideoPlayer::ProcessVideoData size:30909 dts:35.185 pts:35.268 dur:1.000ms, clock:5.221 level:100
2024-11-13 13:06:28.250 T:5317 debug : CVideoPlayer::ProcessVideoData size:19414 dts:35.227 pts:35.227 dur:1.000ms, clock:5.221 level:100
2024-11-13 13:06:28.250 T:5317 debug : CVideoPlayer::ProcessVideoData size:18881 dts:35.268 pts:35.310 dur:1.000ms, clock:5.221 level:100
2024-11-13 13:06:28.250 T:5317 debug : CVideoPlayer::ProcessVideoData size:50211 dts:35.310 pts:35.560 dur:1.000ms, clock:5.221 level:100
2024-11-13 13:06:28.251 T:5317 debug : CVideoPlayer::ProcessVideoData size:25004 dts:35.352 pts:35.477 dur:1.000ms, clock:5.221 level:100
2024-11-13 13:06:28.251 T:5317 debug : CVideoPlayer::ProcessVideoData size:21064 dts:35.393 pts:35.393 dur:1.000ms, clock:5.221 level:100
2024-11-13 13:06:28.251 T:5317 debug : CVideoPlayer::ProcessVideoData size:21206 dts:35.435 pts:35.435 dur:1.000ms, clock:5.222 level:100
2024-11-13 13:06:28.294 T:5320 debug : CVideoPlayerVideo::OutputPicture - ttd:393ms pts:5.614 Clock:5.220 Level:6
2024-11-13 13:06:28.302 T:5317 debug : CVideoPlayer::ProcessVideoData size:19267 dts:35.477 pts:35.519 dur:1.000ms, clock:5.273 level:100
2024-11-13 13:06:28.303 T:5317 debug : CVideoPlayer::ProcessVideoData size:89650 dts:35.519 pts:35.727 dur:1.000ms, clock:5.274 level:100
2024-11-13 13:06:28.304 T:5317 debug : CVideoPlayer::ProcessVideoData size:38947 dts:35.560 pts:35.644 dur:1.000ms, clock:5.274 level:100
2024-11-13 13:06:28.304 T:5317 debug : CVideoPlayer::ProcessVideoData size:17063 dts:35.602 pts:35.602 dur:1.000ms, clock:5.275 level:100
2024-11-13 13:06:28.327 T:5320 debug : CVideoPlayerVideo::OutputPicture - ttd:377ms pts:5.655 Clock:5.278 Level:6
2024-11-13 13:06:28.335 T:5317 debug : CVideoPlayer::ProcessVideoData size:17745 dts:35.644 pts:35.685 dur:1.000ms, clock:5.305 level:100
2024-11-13 13:06:28.335 T:5317 debug : CVideoPlayer::ProcessVideoData size:32964 dts:35.685 pts:35.894 dur:1.000ms, clock:5.306 level:100
2024-11-13 13:06:28.335 T:5317 debug : CVideoPlayer::ProcessVideoData size:31668 dts:35.727 pts:35.811 dur:1.000ms, clock:5.306 level:100
2024-11-13 13:06:28.377 T:5320 debug : CVideoPlayerVideo::OutputPicture - ttd:390ms pts:5.697 Clock:5.307 Level:6
2024-11-13 13:06:28.386 T:5317 debug : CVideoPlayer::ProcessVideoData size:16086 dts:35.769 pts:35.769 dur:1.000ms, clock:5.357 level:100
2024-11-13 13:06:28.386 T:5317 debug : CVideoPlayer::ProcessVideoData size:19235 dts:35.811 pts:35.852 dur:1.000ms, clock:5.357 level:100
2024-11-13 13:06:28.388 T:5317 debug : CVideoPlayer::ProcessVideoData size:276380 dts:35.852 pts:35.936 dur:1.000ms, clock:5.359 level:100
2024-11-13 13:06:28.411 T:5320 debug : CVideoPlayerVideo::OutputPicture - ttd:384ms pts:5.739 Clock:5.354 Level:6
2024-11-13 13:06:28.425 T:5317 debug : CVideoPlayer::ProcessVideoData size:55080 dts:35.894 pts:36.061 dur:1.000ms, clock:5.396 level:100
2024-11-13 13:06:28.461 T:5320 debug : CVideoPlayerVideo::OutputPicture - ttd:379ms pts:5.781 Clock:5.401 Level:6
2024-11-13 13:06:28.466 T:5317 debug : CVideoPlayer::ProcessVideoData size:25219 dts:35.936 pts:36.019 dur:1.000ms, clock:5.437 level:100
2024-11-13 13:06:28.466 T:5317 debug : CVideoPlayer::ProcessVideoData size:22891 dts:35.977 pts:35.977 dur:1.000ms, clock:5.437 level:100
2024-11-13 13:06:28.467 T:5317 debug : CVideoPlayer::ProcessVideoData size:54356 dts:36.019 pts:36.228 dur:1.000ms, clock:5.437 level:100
2024-11-13 13:06:28.467 T:5317 debug : CVideoPlayer::ProcessVideoData size:41245 dts:36.061 pts:36.144 dur:1.000ms, clock:5.438 level:100
2024-11-13 13:06:28.494 T:5320 debug : CVideoPlayerVideo::OutputPicture - ttd:382ms pts:5.822 Clock:5.439 Level:6
2024-11-13 13:06:28.498 T:5317 debug : CVideoPlayer::ProcessVideoData size:22295 dts:36.102 pts:36.102 dur:1.000ms, clock:5.468 level:100
2024-11-13 13:06:28.498 T:5317 debug : CVideoPlayer::ProcessVideoData size:23191 dts:36.144 pts:36.186 dur:1.000ms, clock:5.469 level:100
2024-11-13 13:06:28.544 T:5320 debug : CVideoPlayerVideo::OutputPicture - ttd:390ms pts:5.864 Clock:5.473 Level:6
2024-11-13 13:06:28.549 T:5317 debug : CVideoPlayer::ProcessVideoData size:56715 dts:36.186 pts:36.394 dur:1.000ms, clock:5.520 level:100
2024-11-13 13:06:28.550 T:5317 debug : CVideoPlayer::ProcessVideoData size:47086 dts:36.228 pts:36.311 dur:1.000ms, clock:5.520 level:100
2024-11-13 13:06:28.578 T:5320 debug : CVideoPlayerVideo::OutputPicture - ttd:383ms pts:5.906 Clock:5.522 Level:6
2024-11-13 13:06:28.582 T:5317 debug : CVideoPlayer::ProcessVideoData size:22222 dts:36.269 pts:36.269 dur:1.000ms, clock:5.553 level:100
2024-11-13 13:06:28.583 T:5317 debug : CVideoPlayer::ProcessVideoData size:21985 dts:36.311 pts:36.353 dur:1.000ms, clock:5.553 level:100
2024-11-13 13:06:28.583 T:5317 debug : CVideoPlayer::ProcessVideoData size:52100 dts:36.353 pts:36.561 dur:1.000ms, clock:5.554 level:100
2024-11-13 13:06:28.584 T:5317 debug : CVideoPlayer::ProcessVideoData size:32915 dts:36.394 pts:36.478 dur:1.000ms, clock:5.554 level:100
2024-11-13 13:06:28.584 T:5317 debug : CVideoPlayer::ProcessVideoData size:18963 dts:36.436 pts:36.436 dur:1.000ms, clock:5.555 level:100
2024-11-13 13:06:28.584 T:5317 debug : CVideoPlayer::ProcessVideoData size:23070 dts:36.478 pts:36.520 dur:1.000ms, clock:5.555 level:100
2024-11-13 13:06:28.585 T:5317 debug : CVideoPlayer::ProcessVideoData size:89433 dts:36.520 pts:36.770 dur:1.000ms, clock:5.556 level:100
2024-11-13 13:06:28.628 T:5320 debug : CVideoPlayerVideo::OutputPicture - ttd:383ms pts:5.947 Clock:5.563 Level:6
2024-11-13 13:06:28.661 T:5320 debug : CVideoPlayerVideo::OutputPicture - ttd:381ms pts:5.989 Clock:5.607 Level:6
2024-11-13 13:06:28.666 T:5317 debug : CVideoPlayer::ProcessVideoData size:39920 dts:36.561 pts:36.686 dur:1.000ms, clock:5.637 level:100
2024-11-13 13:06:28.667 T:5317 debug : CVideoPlayer::ProcessVideoData size:26279 dts:36.603 pts:36.603 dur:1.000ms, clock:5.637 level:100
2024-11-13 13:06:28.667 T:5317 debug : CVideoPlayer::ProcessVideoData size:24593 dts:36.645 pts:36.645 dur:1.000ms, clock:5.638 level:100
2024-11-13 13:06:28.667 T:5317 debug : CVideoPlayer::ProcessVideoData size:21893 dts:36.686 pts:36.728 dur:1.000ms, clock:5.638 level:100
2024-11-13 13:06:28.667 T:5317 debug : CVideoPlayer::ProcessVideoData size:52026 dts:36.728 pts:36.937 dur:1.000ms, clock:5.638 level:100
2024-11-13 13:06:28.667 T:5317 debug : CVideoPlayer::ProcessVideoData size:39974 dts:36.770 pts:36.853 dur:1.000ms, clock:5.638 level:100
2024-11-13 13:06:28.710 T:5320 debug : CVideoPlayerVideo::OutputPicture - ttd:390ms pts:6.031 Clock:5.640 Level:6
2024-11-13 13:06:28.718 T:5317 debug : CVideoPlayer::ProcessVideoData size:20283 dts:36.812 pts:36.812 dur:1.000ms, clock:5.689 level:100
2024-11-13 13:06:28.719 T:5317 debug : CVideoPlayer::ProcessVideoData size:20020 dts:36.853 pts:36.895 dur:1.000ms, clock:5.689 level:100
2024-11-13 13:06:28.719 T:5317 debug : CVideoPlayer::ProcessVideoData size:54155 dts:36.895 pts:37.103 dur:1.000ms, clock:5.690 level:100
2024-11-13 13:06:28.744 T:5320 debug : CVideoPlayerVideo::OutputPicture - ttd:378ms pts:6.072 Clock:5.693 Level:6
2024-11-13 13:06:28.750 T:5317 debug : CVideoPlayer::ProcessVideoData size:43829 dts:36.937 pts:37.020 dur:1.000ms, clock:5.720 level:100
2024-11-13 13:06:28.750 T:5317 debug : CVideoPlayer::ProcessVideoData size:21089 dts:36.978 pts:36.978 dur:1.000ms, clock:5.721 level:100
2024-11-13 13:06:28.750 T:5317 debug : CVideoPlayer::ProcessVideoData size:18973 dts:37.020 pts:37.062 dur:1.000ms, clock:5.721 level:100
2024-11-13 13:06:28.752 T:5317 debug : CVideoPlayer::ProcessVideoData size:48077 dts:37.062 pts:37.395 dur:1.000ms, clock:5.723 level:100
