2024-11-13 13:05:26.099 T:5179 debug : CVideoPlayerVideo::OutputPicture - ttd:387ms pts:2.068 Clock:1.680 Level:6
2024-11-13 13:05:26.132 T:5179 debug : CVideoPlayerVideo::OutputPicture - ttd:378ms pts:2.110 Clock:1.731 Level:6
2024-11-13 13:05:26.164 T:5179 debug : CVideoPlayerVideo::OutputPicture - ttd:391ms pts:2.152 Clock:1.761 Level:6
2024-11-13 13:05:26.213 T:5179 debug : CVideoPlayerVideo::OutputPicture - ttd:395ms pts:2.193 Clock:1.798 Level:6
2024-11-13 13:05:26.263 T:5179 debug : CVideoPlayerVideo::OutputPicture - ttd:392ms pts:2.235 Clock:1.843 Level:6
2024-11-13 13:05:26.301 T:5179 debug : CVideoPlayerVideo::OutputPicture - ttd:384ms pts:2.277 Clock:1.892 Level:6
2024-11-13 13:05:26.346 T:5179 debug : CVideoPlayerVideo::OutputPicture - ttd:385ms pts:2.319 Clock:1.934 Level:6
2024-11-13 13:05:26.381 T:5179 debug : CVideoPlayerVideo::OutputPicture - ttd:366ms pts:2.360 Clock:1.993 Level:6
2024-11-13 13:05:26.429 T:5179 debug : CVideoPlayerVideo::OutputPicture - ttd:390ms pts:2.402 Clock:2.011 Level:6
2024-11-13 13:05:26.433 T:5176 debug : CVideoPlayer::ProcessVideoData size:58824 dts:61.586 pts:61.586 dur:1.000ms, clock:2.058 level:100
2024-11-13 13:05:26.465 T:5179 debug : CVideoPlayerVideo::OutputPicture - ttd:382ms pts:2.444 Clock:2.062 Level:6
2024-11-13 13:05:26.513 T:5179 debug : CVideoPlayerVideo::OutputPicture - ttd:385ms pts:2.485 Clock:2.099 Level:6
2024-11-13 13:05:26.551 T:5179 debug : CVideoPlayerVideo::OutputPicture - ttd:383ms pts:2.527 Clock:2.143 Level:6
2024-11-13 13:05:26.596 T:5179 debug : CVideoPlayerVideo::OutputPicture - ttd:371ms pts:2.569 Clock:2.197 Level:6
2024-11-13 13:05:26.631 T:5179 debug : CVideoPlayerVideo::OutputPicture - ttd:376ms pts:2.610 Clock:2.233 Level:6
2024-11-13 13:05:26.679 T:5179 debug : CVideoPlayerVideo::OutputPicture - ttd:391ms pts:2.652 Clock:2.260 Level:6
2024-11-13 13:05:26.715 T:5179 debug : CVideoPlayerVideo::OutputPicture - ttd:384ms pts:2.694 Clock:2.309 Level:6
2024-11-13 13:05:26.763 T:5179 debug : CVideoPlayerVideo::OutputPicture - ttd:391ms pts:2.736 Clock:2.345 Level:6
2024-11-13 13:05:26.797 T:5179 debug : CVideoPlayerVideo::OutputPicture - ttd:384ms pts:2.777 Clock:2.392 Level:6
2024-11-13 13:05:26.847 T:5179 debug : CVideoPlayerVideo::OutputPicture - ttd:388ms pts:2.819 Clock:2.431 Level:6
2024-11-13 13:05:26.880 T:5179 debug : CVideoPlayerVideo::OutputPicture - ttd:373ms pts:2.861 Clock:2.487 Level:6
2024-11-13 13:05:26.929 T:5179 debug : CVideoPlayerVideo::OutputPicture - ttd:390ms pts:2.902 Clock:2.511 Level:6
2024-11-13 13:05:26.965 T:5179 debug : CVideoPlayerVideo::OutputPicture - ttd:373ms pts:2.944 Clock:2.570 Level:6
2024-11-13 13:05:27.013 T:5179 debug : CVideoPlayerVideo::OutputPicture - ttd:392ms pts:2.986 Clock:2.594 Level:6
2024-11-13 13:05:27.046 T:5179 debug : CVideoPlayerVideo::OutputPicture - ttd:383ms pts:3.028 Clock:2.645 Level:6
2024-11-13 13:05:27.096 T:5179 debug : CVideoPlayerVideo::OutputPicture - ttd:389ms pts:3.069 Clock:2.679 Level:6
2024-11-13 13:05:27.131 T:5179 debug : CVideoPlayerVideo::OutputPicture - ttd:381ms pts:3.111 Clock:2.730 Level:6
2024-11-13 13:05:27.179 T:5179 debug : CVideoPlayerVideo::OutputPicture - ttd:387ms pts:3.153 Clock:2.765 Level:6
2024-11-13 13:05:27.189 T:5176 debug : CVideoPlayer::ProcessVideoData size:64385 dts:61.628 pts:61.628 dur:1.000ms, clock:2.815 level:100
2024-11-13 13:05:27.218 T:5179 debug : CVideoPlayerVideo::OutputPicture - ttd:382ms pts:3.194 Clock:2.812 Level:6
2024-11-13 13:05:27.266 T:5179 debug : CVideoPlayerVideo::OutputPicture - ttd:386ms pts:3.236 Clock:2.849 Level:6
2024-11-13 13:05:27.297 T:5179 debug : CVideoPlayerVideo::OutputPicture - ttd:382ms pts:3.278 Clock:2.896 Level:6
2024-11-13 13:05:27.346 T:5179 debug : CVideoPlayerVideo::OutputPicture - ttd:390ms pts:3.320 Clock:2.929 Level:6
2024-11-13 13:05:27.381 T:5179 debug : CVideoPlayerVideo::OutputPicture - ttd:370ms pts:3.361 Clock:2.991 Level:6
2024-11-13 13:05:27.429 T:5179 debug : CVideoPlayerVideo::OutputPicture - ttd:389ms pts:3.403 Clock:3.013 Level:6
2024-11-13 13:05:27.465 T:5179 debug : CVideoPlayerVideo::OutputPicture - ttd:383ms pts:3.445 Clock:3.062 Level:6
2024-11-13 13:05:27.513 T:5179 debug : CVideoPlayerVideo::OutputPicture - ttd:389ms pts:3.486 Clock:3.097 Level:6
2024-11-13 13:05:27.548 T:5179 debug : CVideoPlayerVideo::OutputPicture - ttd:379ms pts:3.528 Clock:3.148 Level:6
2024-11-13 13:05:27.596 T:5179 debug : CVideoPlayerVideo::OutputPicture - ttd:380ms pts:3.570 Clock:3.190 Level:6
2024-11-13 13:05:27.632 T:5179 debug : CVideoPlayerVideo::OutputPicture - ttd:380ms pts:3.611 Clock:3.231 Level:6
2024-11-13 13:05:27.680 T:5179 debug : CVideoPlayerVideo::OutputPicture - ttd:387ms pts:3.653 Clock:3.266 Level:6
2024-11-13 13:05:27.714 T:5179 debug : CVideoPlayerVideo::OutputPicture - ttd:384ms pts:3.695 Clock:3.310 Level:6
2024-11-13 13:05:27.763 T:5179 debug : CVideoPlayerVideo::OutputPicture - ttd:384ms pts:3.737 Clock:3.352 Level:6
2024-11-13 13:05:27.797 T:5179 debug : CVideoPlayerVideo::OutputPicture - ttd:382ms pts:3.778 Clock:3.396 Level:6
2024-11-13 13:05:27.846 T:5179 debug : CVideoPlayerVideo::OutputPicture - ttd:390ms pts:3.820 Clock:3.430 Level:6
2024-11-13 13:05:27.881 T:5179 debug : CVideoPlayerVideo::OutputPicture - ttd:382ms pts:3.862 Clock:3.480 Level:6
2024-11-13 13:05:27.930 T:5179 debug : CVideoPlayerVideo::OutputPicture - ttd:392ms pts:3.903 Clock:3.511 Level:6
2024-11-13 13:05:27.964 T:5179 debug : CVideoPlayerVideo::OutputPicture - ttd:374ms pts:3.945 Clock:3.570 Level:6
2024-11-13 13:05:28.013 T:5179 debug : CVideoPlayerVideo::OutputPicture - ttd:381ms pts:3.987 Clock:3.605 Level:6
2024-11-13 13:05:28.020 T:5176 debug : CVideoPlayer::ProcessVideoData size:61304 dts:61.669 pts:61.711 dur:1.000ms, clock:3.645 level:100
2024-11-13 13:05:28.047 T:5179 debug : CVideoPlayerVideo::OutputPicture - ttd:382ms pts:4.029 Clock:3.647 Level:6
2024-11-13 13:05:28.096 T:5179 debug : CVideoPlayerVideo::OutputPicture - ttd:385ms pts:4.070 Clock:3.685 Level:6
2024-11-13 13:05:28.131 T:5179 debug : CVideoPlayerVideo::OutputPicture - ttd:377ms pts:4.112 Clock:3.734 Level:6
2024-11-13 13:05:28.179 T:5179 debug : CVideoPlayerVideo::OutputPicture - ttd:392ms pts:4.154 Clock:3.761 Level:6
2024-11-13 13:05:28.214 T:5179 debug : CVideoPlayerVideo::OutputPicture - ttd:381ms pts:4.195 Clock:3.813 Level:6
2024-11-13 13:05:28.262 T:5179 debug : CVideoPlayerVideo::OutputPicture - ttd:390ms pts:4.237 Clock:3.847 Level:6
2024-11-13 13:05:28.296 T:5179 debug : CVideoPlayerVideo::OutputPicture - ttd:377ms pts:4.279 Clock:3.902 Level:6
2024-11-13 13:05:28.345 T:5179 debug : CVideoPlayerVideo::OutputPicture - ttd:395ms pts:4.321 Clock:3.926 Level:6
2024-11-13 13:05:28.380 T:5179 debug : CVideoPlayerVideo::OutputPicture - ttd:380ms pts:4.362 Clock:3.981 Level:6
2024-11-13 13:05:28.384 T:5176 debug : CVideoPlayer::ProcessVideoData size:78851 dts:61.711 pts:61.878 dur:1.000ms, clock:4.010 level:100
2024-11-13 13:05:28.430 T:5179 debug : CVideoPlayerVideo::OutputPicture - ttd:394ms pts:4.404 Clock:4.010 Level:6
2024-11-13 13:05:28.463 T:5179 debug : CVideoPlayerVideo::OutputPicture - ttd:385ms pts:4.446 Clock:4.060 Level:6
2024-11-13 13:05:28.513 T:5179 debug : CVideoPlayerVideo::OutputPicture - ttd:389ms pts:4.487 Clock:4.097 Level:6
2024-11-13 13:05:28.546 T:5179 debug : CVideoPlayerVideo::OutputPicture - ttd:383ms pts:4.529 Clock:4.145 Level:6
2024-11-13 13:05:28.596 T:5179 debug : CVideoPlayerVideo::OutputPicture - ttd:390ms pts:4.571 Clock:4.180 Level:6
2024-11-13 13:05:28.631 T:5179 debug : CVideoPlayerVideo::OutputPicture - ttd:382ms pts:4.612 Clock:4.229 Level:6
2024-11-13 13:05:28.679 T:5179 debug : CVideoPlayerVideo::OutputPicture - ttd:394ms pts:4.654 Clock:4.259 Level:6
2024-11-13 13:05:28.713 T:5179 debug : CVideoPlayerVideo::OutputPicture - ttd:384ms pts:4.696 Clock:4.311 Level:6
2024-11-13 13:05:28.763 T:5179 debug : CVideoPlayerVideo::OutputPicture - ttd:394ms pts:4.738 Clock:4.343 Level:6
2024-11-13 13:05:28.796 T:5179 debug : CVideoPlayerVideo::OutputPicture - ttd:384ms pts:4.779 Clock:4.395 Level:6
2024-11-13 13:05:28.803 T:5176 debug : CVideoPlayer::ProcessVideoData size:69482 dts:61.753 pts:61.836 dur:1.000ms, clock:4.429 level:100
2024-11-13 13:05:28.846 T:5179 debug : CVideoPlayerVideo::OutputPicture - ttd:394ms pts:4.821 Clock:4.427 Level:6
2024-11-13 13:05:28.881 T:5179 debug : CVideoPlayerVideo::OutputPicture - ttd:382ms pts:4.863 Clock:4.480 Level:6
2024-11-13 13:05:28.930 T:5179 debug : CVideoPlayerVideo::OutputPicture - ttd:387ms pts:4.904 Clock:4.516 Level:6
2024-11-13 13:05:28.965 T:5179 debug : CVideoPlayerVideo::OutputPicture - ttd:378ms pts:4.946 Clock:4.567 Level:6
2024-11-13 13:05:29.013 T:5179 debug : CVideoPlayerVideo::OutputPicture - ttd:388ms pts:4.988 Clock:4.600 Level:6
2024-11-13 13:05:29.046 T:5179 debug : CVideoPlayerVideo::OutputPicture - ttd:376ms pts:5.030 Clock:4.654 Level:6
2024-11-13 13:05:29.053 T:5176 debug : CVideoPlayer::ProcessVideoData size:53187 dts:61.795 pts:61.795 dur:1.000ms, clock:4.679 level:100
2024-11-13 13:05:29.097 T:5179 debug : CVideoPlayerVideo::OutputPicture - ttd:390ms pts:5.071 Clock:4.680 Level:6
2024-11-13 13:05:29.133 T:5179 debug : CVideoPlayerVideo::OutputPicture - ttd:377ms pts:5.113 Clock:4.735 Level:6
2024-11-13 13:05:29.179 T:5179 debug : CVideoPlayerVideo::OutputPicture - ttd:381ms pts:5.155 Clock:4.773 Level:6
2024-11-13 13:05:29.190 T:5176 debug : CVideoPlayer::ProcessVideoData size:81189 dts:61.836 pts:62.045 dur:1.000ms, clock:4.816 level:100
2024-11-13 13:05:29.213 T:5179 debug : CVideoPlayerVideo::OutputPicture - ttd:384ms pts:5.196 Clock:4.812 Level:6
2024-11-13 13:05:29.262 T:5179 debug : CVideoPlayerVideo::OutputPicture - ttd:392ms pts:5.238 Clock:4.845 Level:6
2024-11-13 13:05:29.266 T:5179 debug : CPtsTracker: detected pattern of length 1: 41708.33, frameduration: 41708.333333
2024-11-13 13:05:29.300 T:5179 debug : CVideoPlayerVideo::OutputPicture - ttd:387ms pts:5.280 Clock:4.892 Level:6
2024-11-13 13:05:29.303 T:5176 debug : CVideoPlayer::ProcessVideoData size:72193 dts:61.878 pts:61.961 dur:1.000ms, clock:4.929 level:100
2024-11-13 13:05:29.349 T:5179 debug : CVideoPlayerVideo::OutputPicture - ttd:387ms pts:5.322 Clock:4.934 Level:6
2024-11-13 13:05:29.381 T:5179 debug : CVideoPlayerVideo::OutputPicture - ttd:382ms pts:5.363 Clock:4.980 Level:6
2024-11-13 13:05:29.429 T:5179 debug : CVideoPlayerVideo::OutputPicture - ttd:391ms pts:5.405 Clock:5.014 Level:6
2024-11-13 13:05:29.463 T:5179 debug : CVideoPlayerVideo::OutputPicture - ttd:386ms pts:5.447 Clock:5.061 Level:6
2024-11-13 13:05:29.466 T:5176 debug : CVideoPlayer::ProcessVideoData size:47603 dts:61.920 pts:61.920 dur:1.000ms, clock:5.092 level:100
2024-11-13 13:05:29.466 T:5176 debug : CVideoPlayer::ProcessVideoData size:42051 dts:61.961 pts:62.003 dur:1.000ms, clock:5.092 level:100
2024-11-13 13:05:29.479 T:4314 debug : PushCecKeypress - received key e5 duration 0
2024-11-13 13:05:29.494 T:4235 debug : HandleKey: yellow (0xe5) pressed, window 12005, action is PlayerProcessInfo
2024-11-13 13:05:29.495 T:4235 debug : Activating window ID: 10116
2024-11-13 13:05:29.495 T:4235 debug : ------ Window Init (DialogPlayerProcessInfo.xml) ------
2024-11-13 13:05:29.495 T:4235 info : Loading skin file: DialogPlayerProcessInfo.xml, load type: KEEP_IN_MEMORY
2024-11-13 13:05:29.500 T:4235 error : unmatched parentheses in string.contains(videoplayer.hdrtype,hlg
2024-11-13 13:05:29.551 T:4314 debug : PushCecKeypress - received key e5 duration 75
2024-11-13 13:05:29.563 T:4235 debug : ------ Window Init (DialogSeekBar.xml) ------
2024-11-13 13:05:29.564 T:5179 debug : CVideoPlayerVideo::OutputPicture - ttd:395ms pts:5.488 Clock:5.093 Level:6
2024-11-13 13:05:29.568 T:4235 debug : ------ Window Init (Custom_1109_TopBarOverlay.xml) ------
2024-11-13 13:05:29.573 T:5176 debug : CVideoPlayer::ProcessVideoData size:87329 dts:62.003 pts:62.212 dur:1.000ms, clock:5.199 level:100
2024-11-13 13:05:29.580 T:5179 debug : CVideoPlayerVideo::OutputPicture - ttd:333ms pts:5.530 Clock:5.197 Level:6
2024-11-13 13:05:29.602 T:5179 debug : CVideoPlayerVideo::OutputPicture - ttd:360ms pts:5.572 Clock:5.211 Level:6
2024-11-13 13:05:29.631 T:5179 debug : CVideoPlayerVideo::OutputPicture - ttd:378ms pts:5.613 Clock:5.235 Level:6
2024-11-13 13:05:29.641 T:5176 debug : CVideoPlayer::ProcessVideoData size:78115 dts:62.045 pts:62.128 dur:1.000ms, clock:5.267 level:100
2024-11-13 13:05:29.678 T:5179 debug : CVideoPlayerVideo::OutputPicture - ttd:382ms pts:5.655 Clock:5.273 Level:6
2024-11-13 13:05:29.683 T:5176 debug : CVideoPlayer::ProcessVideoData size:51600 dts:62.087 pts:62.087 dur:1.000ms, clock:5.309 level:100
2024-11-13 13:05:29.715 T:5179 debug : CVideoPlayerVideo::OutputPicture - ttd:383ms pts:5.697 Clock:5.313 Level:6
2024-11-13 13:05:29.763 T:5179 debug : CVideoPlayerVideo::OutputPicture - ttd:390ms pts:5.739 Clock:5.348 Level:6
2024-11-13 13:05:29.769 T:5176 debug : CVideoPlayer::ProcessVideoData size:55652 dts:62.128 pts:62.170 dur:1.000ms, clock:5.394 level:100
2024-11-13 13:05:29.773 T:5176 debug : CVideoPlayer::ProcessVideoData size:76580 dts:62.170 pts:62.337 dur:1.000ms, clock:5.399 level:100
2024-11-13 13:05:29.797 T:5179 debug : CVideoPlayerVideo::OutputPicture - ttd:379ms pts:5.780 Clock:5.400 Level:6
2024-11-13 13:05:29.804 T:5176 debug : CVideoPlayer::ProcessVideoData size:41881 dts:62.212 pts:62.295 dur:1.000ms, clock:5.430 level:100
2024-11-13 13:05:29.849 T:5179 debug : CVideoPlayerVideo::OutputPicture - ttd:391ms pts:5.822 Clock:5.431 Level:6
2024-11-13 13:05:29.856 T:5176 debug : CVideoPlayer::ProcessVideoData size:54828 dts:62.253 pts:62.253 dur:1.000ms, clock:5.482 level:100
2024-11-13 13:05:29.882 T:5179 debug : CVideoPlayerVideo::OutputPicture - ttd:383ms pts:5.864 Clock:5.481 Level:6
2024-11-13 13:05:29.887 T:5176 debug : CVideoPlayer::ProcessVideoData size:69917 dts:62.295 pts:62.504 dur:1.000ms, clock:5.513 level:100
2024-11-13 13:05:29.935 T:5179 debug : CVideoPlayerVideo::OutputPicture - ttd:394ms pts:5.905 Clock:5.510 Level:6
2024-11-13 13:05:29.938 T:5176 debug : CVideoPlayer::ProcessVideoData size:68389 dts:62.337 pts:62.420 dur:1.000ms, clock:5.564 level:100
2024-11-13 13:05:29.965 T:5179 debug : CVideoPlayerVideo::OutputPicture - ttd:381ms pts:5.947 Clock:5.566 Level:6
2024-11-13 13:05:29.969 T:5176 debug : CVideoPlayer::ProcessVideoData size:52419 dts:62.379 pts:62.379 dur:1.000ms, clock:5.595 level:100
2024-11-13 13:05:29.969 T:5176 debug : CVideoPlayer::ProcessVideoData size:46771 dts:62.420 pts:62.462 dur:1.000ms, clock:5.595 level:100
2024-11-13 13:05:30.016 T:5179 debug : CVideoPlayerVideo::OutputPicture - ttd:395ms pts:5.989 Clock:5.593 Level:6
2024-11-13 13:05:30.023 T:5176 debug : CVideoPlayer::ProcessVideoData size:73416 dts:62.462 pts:62.587 dur:1.000ms, clock:5.648 level:100
2024-11-13 13:05:30.053 T:5179 debug : CVideoPlayerVideo::OutputPicture - ttd:381ms pts:6.031 Clock:5.650 Level:6
2024-11-13 13:05:30.057 T:5176 debug : CVideoPlayer::ProcessVideoData size:45551 dts:62.504 pts:62.545 dur:1.000ms, clock:5.683 level:100
2024-11-13 13:05:30.059 T:5176 debug : CVideoPlayer::ProcessVideoData size:89079 dts:62.545 pts:62.629 dur:1.000ms, clock:5.685 level:100
2024-11-13 13:05:30.088 T:5179 debug : CVideoPlayerVideo::OutputPicture - ttd:389ms pts:6.072 Clock:5.682 Level:6
2024-11-13 13:05:30.100 T:5176 debug : CVideoPlayer::ProcessVideoData size:66537 dts:62.587 pts:62.670 dur:1.000ms, clock:5.726 level:100
2024-11-13 13:05:30.130 T:5179 debug : CVideoPlayerVideo::OutputPicture - ttd:396ms pts:6.114 Clock:5.718 Level:6
2024-11-13 13:05:30.141 T:5176 debug : CVideoPlayer::ProcessVideoData size:58507 dts:62.629 pts:62.754 dur:1.000ms, clock:5.767 level:100
2024-11-13 13:05:30.141 T:5176 debug : CVideoPlayer::ProcessVideoData size:65505 dts:62.670 pts:62.712 dur:1.000ms, clock:5.767 level:100
2024-11-13 13:05:30.180 T:5179 debug : CVideoPlayerVideo::OutputPicture - ttd:396ms pts:6.156 Clock:5.759 Level:6
2024-11-13 13:05:30.182 T:5176 debug : CVideoPlayer::ProcessVideoData size:54510 dts:62.712 pts:62.796 dur:1.000ms, clock:5.808 level:100
2024-11-13 13:05:30.183 T:5176 debug : CVideoPlayer::ProcessVideoData size:59731 dts:62.754 pts:62.837 dur:1.000ms, clock:5.809 level:100
2024-11-13 13:05:30.218 T:5179 debug : CVideoPlayerVideo::OutputPicture - ttd:387ms pts:6.197 Clock:5.810 Level:6
2024-11-13 13:05:30.224 T:5176 debug : CVideoPlayer::ProcessVideoData size:52222 dts:62.796 pts:62.879 dur:1.000ms, clock:5.850 level:100
2024-11-13 13:05:30.224 T:5176 debug : CVideoPlayer::ProcessVideoData size:59994 dts:62.837 pts:62.962 dur:1.000ms, clock:5.850 level:100
2024-11-13 13:05:30.263 T:5179 debug : CVideoPlayerVideo::OutputPicture - ttd:391ms pts:6.239 Clock:5.847 Level:6
2024-11-13 13:05:30.266 T:5176 debug : CVideoPlayer::ProcessVideoData size:59186 dts:62.879 pts:62.921 dur:1.000ms, clock:5.892 level:100
2024-11-13 13:05:30.266 T:5176 debug : CVideoPlayer::ProcessVideoData size:40505 dts:62.921 pts:63.004 dur:1.000ms, clock:5.892 level:100
2024-11-13 13:05:30.319 T:5179 debug : CVideoPlayerVideo::OutputPicture - ttd:388ms pts:6.281 Clock:5.892 Level:6
2024-11-13 13:05:30.328 T:5176 debug : CVideoPlayer::ProcessVideoData size:56946 dts:62.962 pts:63.129 dur:1.000ms, clock:5.954 level:100
2024-11-13 13:05:30.329 T:5176 debug : CVideoPlayer::ProcessVideoData size:44619 dts:63.004 pts:63.088 dur:1.000ms, clock:5.955 level:100
2024-11-13 13:05:30.339 T:5179 debug : CVideoPlayerVideo::OutputPicture - ttd:366ms pts:6.323 Clock:5.957 Level:6
2024-11-13 13:05:30.351 T:5176 debug : CVideoPlayer::ProcessVideoData size:44184 dts:63.046 pts:63.046 dur:1.000ms, clock:5.976 level:100
2024-11-13 13:05:30.352 T:5176 debug : CVideoPlayer::ProcessVideoData size:73821 dts:63.088 pts:63.171 dur:1.000ms, clock:5.978 level:100
2024-11-13 13:05:30.353 T:5176 debug : CVideoPlayer::ProcessVideoData size:76548 dts:63.129 pts:63.254 dur:1.000ms, clock:5.979 level:100
2024-11-13 13:05:30.380 T:5179 debug : CVideoPlayerVideo::OutputPicture - ttd:384ms pts:6.364 Clock:5.979 Level:6
2024-11-13 13:05:30.384 T:5176 debug : CVideoPlayer::ProcessVideoData size:75967 dts:63.171 pts:63.213 dur:1.000ms, clock:6.010 level:100
2024-11-13 13:05:30.431 T:5179 debug : CVideoPlayerVideo::OutputPicture - ttd:382ms pts:6.406 Clock:6.023 Level:6
2024-11-13 13:05:30.435 T:5176 debug : CVideoPlayer::ProcessVideoData size:87202 dts:63.213 pts:63.338 dur:1.000ms, clock:6.061 level:100
2024-11-13 13:05:30.436 T:5176 debug : CVideoPlayer::ProcessVideoData size:55627 dts:63.254 pts:63.296 dur:1.000ms, clock:6.062 level:100
2024-11-13 13:05:30.469 T:5179 debug : CVideoPlayerVideo::OutputPicture - ttd:387ms pts:6.448 Clock:6.060 Level:6
2024-11-13 13:05:30.480 T:5176 debug : CVideoPlayer::ProcessVideoData size:87891 dts:63.296 pts:63.505 dur:1.000ms, clock:6.106 level:100
2024-11-13 13:05:30.519 T:5179 debug : CVideoPlayerVideo::OutputPicture - ttd:391ms pts:6.489 Clock:6.097 Level:6
2024-11-13 13:05:30.522 T:5176 debug : CVideoPlayer::ProcessVideoData size:64507 dts:63.338 pts:63.421 dur:1.000ms, clock:6.148 level:100
2024-11-13 13:05:30.522 T:5176 debug : CVideoPlayer::ProcessVideoData size:40264 dts:63.380 pts:63.380 dur:1.000ms, clock:6.148 level:100
2024-11-13 13:05:30.523 T:5176 debug : CVideoPlayer::ProcessVideoData size:26202 dts:63.421 pts:63.463 dur:1.000ms, clock:6.149 level:100
2024-11-13 13:05:30.550 T:5179 debug : CVideoPlayerVideo::OutputPicture - ttd:381ms pts:6.531 Clock:6.150 Level:6
2024-11-13 13:05:30.554 T:5176 debug : CVideoPlayer::ProcessVideoData size:70865 dts:63.463 pts:63.630 dur:1.000ms, clock:6.180 level:100
2024-11-13 13:05:30.554 T:5176 debug : CVideoPlayer::ProcessVideoData size:12536 dts:63.505 pts:63.588 dur:1.000ms, clock:6.180 level:100
2024-11-13 13:05:30.554 T:5176 debug : CVideoPlayer::ProcessVideoData size:23234 dts:63.546 pts:63.546 dur:1.000ms, clock:6.180 level:100
2024-11-13 13:05:30.554 T:5176 debug : CVideoPlayer::ProcessVideoData size:77207 dts:63.588 pts:63.755 dur:1.000ms, clock:6.180 level:100
2024-11-13 13:05:30.597 T:5179 debug : CVideoPlayerVideo::OutputPicture - ttd:388ms pts:6.573 Clock:6.185 Level:6
2024-11-13 13:05:30.605 T:5176 debug : CVideoPlayer::ProcessVideoData size:55558 dts:63.630 pts:63.713 dur:1.000ms, clock:6.231 level:100
2024-11-13 13:05:30.605 T:5176 debug : CVideoPlayer::ProcessVideoData size:23752 dts:63.671 pts:63.671 dur:1.000ms, clock:6.231 level:100
2024-11-13 13:05:30.632 T:5179 debug : CVideoPlayerVideo::OutputPicture - ttd:388ms pts:6.614 Clock:6.226 Level:6
2024-11-13 13:05:30.636 T:5176 debug : CVideoPlayer::ProcessVideoData size:70918 dts:63.713 pts:63.838 dur:1.000ms, clock:6.262 level:100
2024-11-13 13:05:30.636 T:5176 debug : CVideoPlayer::ProcessVideoData size:18694 dts:63.755 pts:63.797 dur:1.000ms, clock:6.262 level:100
2024-11-13 13:05:30.637 T:5176 debug : CVideoPlayer::ProcessVideoData size:61947 dts:63.797 pts:63.922 dur:1.000ms, clock:6.263 level:100
2024-11-13 13:05:30.680 T:5179 debug : CVideoPlayerVideo::OutputPicture - ttd:394ms pts:6.656 Clock:6.261 Level:6
2024-11-13 13:05:30.688 T:5176 debug : CVideoPlayer::ProcessVideoData size:12405 dts:63.838 pts:63.880 dur:1.000ms, clock:6.314 level:100
2024-11-13 13:05:30.688 T:5176 debug : CVideoPlayer::ProcessVideoData size:53013 dts:63.880 pts:64.089 dur:1.000ms, clock:6.314 level:100
2024-11-13 13:05:30.688 T:5176 debug : CVideoPlayer::ProcessVideoData size:40931 dts:63.922 pts:64.005 dur:1.000ms, clock:6.314 level:100
2024-11-13 13:05:30.713 T:5179 debug : CVideoPlayerVideo::OutputPicture - ttd:388ms pts:6.698 Clock:6.310 Level:6
2024-11-13 13:05:30.719 T:5176 debug : CVideoPlayer::ProcessVideoData size:13603 dts:63.963 pts:63.963 dur:1.000ms, clock:6.345 level:100
2024-11-13 13:05:30.719 T:5176 debug : CVideoPlayer::ProcessVideoData size:13318 dts:64.005 pts:64.047 dur:1.000ms, clock:6.345 level:100
2024-11-13 13:05:30.719 T:5176 debug : CVideoPlayer::ProcessVideoData size:36658 dts:64.047 pts:64.172 dur:1.000ms, clock:6.345 level:100
2024-11-13 13:05:30.719 T:5176 debug : CVideoPlayer::ProcessVideoData size:11980 dts:64.089 pts:64.130 dur:1.000ms, clock:6.345 level:100
2024-11-13 13:05:30.720 T:5176 debug : CVideoPlayer::ProcessVideoData size:48031 dts:64.130 pts:64.255 dur:1.000ms, clock:6.346 level:100
2024-11-13 13:05:30.764 T:5179 debug : CVideoPlayerVideo::OutputPicture - ttd:397ms pts:6.740 Clock:6.343 Level:6
2024-11-13 13:05:30.770 T:5176 debug : CVideoPlayer::ProcessVideoData size:18976 dts:64.172 pts:64.214 dur:1.000ms, clock:6.396 level:100
2024-11-13 13:05:30.771 T:5176 debug : CVideoPlayer::ProcessVideoData size:27523 dts:64.214 pts:64.297 dur:1.000ms, clock:6.397 level:100
2024-11-13 13:05:30.771 T:5176 debug : CVideoPlayer::ProcessVideoData size:34745 dts:64.255 pts:64.381 dur:1.000ms, clock:6.397 level:100
2024-11-13 13:05:30.807 T:5179 debug : CVideoPlayerVideo::OutputPicture - ttd:387ms pts:6.781 Clock:6.393 Level:6
2024-11-13 13:05:30.813 T:5176 debug : CVideoPlayer::ProcessVideoData size:4228 dts:64.297 pts:64.339 dur:1.000ms, clock:6.439 level:100
2024-11-13 13:05:30.813 T:5176 debug : CVideoPlayer::ProcessVideoData size:34665 dts:64.339 pts:64.506 dur:1.000ms, clock:6.439 level:100
2024-11-13 13:05:30.813 T:5176 debug : CVideoPlayer::ProcessVideoData size:9536 dts:64.381 pts:64.464 dur:1.000ms, clock:6.439 level:100
2024-11-13 13:05:30.813 T:5176 debug : CVideoPlayer::ProcessVideoData size:5440 dts:64.422 pts:64.422 dur:1.000ms, clock:6.439 level:100
2024-11-13 13:05:30.814 T:5176 debug : CVideoPlayer::ProcessVideoData size:35024 dts:64.464 pts:64.547 dur:1.000ms, clock:6.440 level:100
2024-11-13 13:05:30.814 T:5176 debug : CVideoPlayer::ProcessVideoData size:34902 dts:64.506 pts:64.714 dur:1.000ms, clock:6.440 level:100
2024-11-13 13:05:30.848 T:5179 debug : CVideoPlayerVideo::OutputPicture - ttd:373ms pts:6.823 Clock:6.450 Level:6
2024-11-13 13:05:30.855 T:5176 debug : CVideoPlayer::ProcessVideoData size:30524 dts:64.547 pts:64.631 dur:1.000ms, clock:6.481 level:100
2024-11-13 13:05:30.856 T:5176 debug : CVideoPlayer::ProcessVideoData size:10417 dts:64.589 pts:64.589 dur:1.000ms, clock:6.482 level:100
2024-11-13 13:05:30.856 T:5176 debug : CVideoPlayer::ProcessVideoData size:10182 dts:64.631 pts:64.672 dur:1.000ms, clock:6.482 level:100
2024-11-13 13:05:30.856 T:5176 debug : CVideoPlayer::ProcessVideoData size:29875 dts:64.672 pts:64.881 dur:1.000ms, clock:6.482 level:100
2024-11-13 13:05:30.857 T:5176 debug : CVideoPlayer::ProcessVideoData size:29808 dts:64.714 pts:64.798 dur:1.000ms, clock:6.483 level:100
2024-11-13 13:05:30.897 T:5179 debug : CVideoPlayerVideo::OutputPicture - ttd:384ms pts:6.865 Clock:6.480 Level:6
2024-11-13 13:05:30.908 T:5176 debug : CVideoPlayer::ProcessVideoData size:11326 dts:64.756 pts:64.756 dur:1.000ms, clock:6.534 level:100
2024-11-13 13:05:30.908 T:5176 debug : CVideoPlayer::ProcessVideoData size:13057 dts:64.798 pts:64.839 dur:1.000ms, clock:6.534 level:100
2024-11-13 13:05:30.908 T:5176 debug : CVideoPlayer::ProcessVideoData size:31131 dts:64.839 pts:65.048 dur:1.000ms, clock:6.534 level:100
2024-11-13 13:05:30.908 T:5176 debug : CVideoPlayer::ProcessVideoData size:26727 dts:64.881 pts:64.964 dur:1.000ms, clock:6.534 level:100
2024-11-13 13:05:30.932 T:5179 debug : CVideoPlayerVideo::OutputPicture - ttd:379ms pts:6.906 Clock:6.527 Level:6
2024-11-13 13:05:30.939 T:5176 debug : CVideoPlayer::ProcessVideoData size:13585 dts:64.923 pts:64.923 dur:1.000ms, clock:6.565 level:100
2024-11-13 13:05:30.939 T:5176 debug : CVideoPlayer::ProcessVideoData size:16248 dts:64.964 pts:65.006 dur:1.000ms, clock:6.565 level:100
2024-11-13 13:05:30.940 T:5176 debug : CVideoPlayer::ProcessVideoData size:33440 dts:65.006 pts:65.173 dur:1.000ms, clock:6.566 level:100
2024-11-13 13:05:30.940 T:5176 debug : CVideoPlayer::ProcessVideoData size:20606 dts:65.048 pts:65.131 dur:1.000ms, clock:6.566 level:100
2024-11-13 13:05:30.964 T:5179 debug : CVideoPlayerVideo::OutputPicture - ttd:380ms pts:6.948 Clock:6.567 Level:6
2024-11-13 13:05:30.970 T:5176 debug : CVideoPlayer::ProcessVideoData size:18648 dts:65.090 pts:65.090 dur:1.000ms, clock:6.596 level:100
2024-11-13 13:05:30.971 T:5176 debug : CVideoPlayer::ProcessVideoData size:32126 dts:65.131 pts:65.256 dur:1.000ms, clock:6.597 level:100
2024-11-13 13:05:30.971 T:5176 debug : CVideoPlayer::ProcessVideoData size:21124 dts:65.173 pts:65.215 dur:1.000ms, clock:6.597 level:100
2024-11-13 13:05:30.971 T:5176 debug : CVideoPlayer::ProcessVideoData size:35838 dts:65.215 pts:65.298 dur:1.000ms, clock:6.597 level:100
2024-11-13 13:05:30.971 T:5176 debug : CVideoPlayer::ProcessVideoData size:18796 dts:65.256 pts:65.340 dur:1.000ms, clock:6.597 level:100
2024-11-13 13:05:31.014 T:5179 debug : CVideoPlayerVideo::OutputPicture - ttd:394ms pts:6.990 Clock:6.595 Level:6
2024-11-13 13:05:31.026 T:5176 debug : CVideoPlayer::ProcessVideoData size:29968 dts:65.298 pts:65.423 dur:1.000ms, clock:6.652 level:100
2024-11-13 13:05:31.026 T:5176 debug : CVideoPlayer::ProcessVideoData size:16788 dts:65.340 pts:65.382 dur:1.000ms, clock:6.652 level:100
2024-11-13 13:05:31.029 T:5176 debug : CVideoPlayer::ProcessVideoData size:33210 dts:65.382 pts:65.465 dur:1.000ms, clock:6.655 level:100
2024-11-13 13:05:31.030 T:5176 debug : CVideoPlayer::ProcessVideoData size:17676 dts:65.423 pts:65.507 dur:1.000ms, clock:6.656 level:100
2024-11-13 13:05:31.034 T:5176 debug : CVideoPlayer::ProcessVideoData size:29991 dts:65.465 pts:65.548 dur:1.000ms, clock:6.660 level:100
2024-11-13 13:05:31.051 T:5179 debug : CVideoPlayerVideo::OutputPicture - ttd:372ms pts:7.032 Clock:6.660 Level:6
2024-11-13 13:05:31.055 T:5176 debug : CVideoPlayer::ProcessVideoData size:11885 dts:65.507 pts:65.590 dur:1.000ms, clock:6.681 level:100
2024-11-13 13:05:31.056 T:5176 debug : CVideoPlayer::ProcessVideoData size:33412 dts:65.548 pts:65.632 dur:1.000ms, clock:6.682 level:100
2024-11-13 13:05:31.056 T:5176 debug : CVideoPlayer::ProcessVideoData size:31569 dts:65.590 pts:65.715 dur:1.000ms, clock:6.682 level:100
2024-11-13 13:05:31.097 T:5179 debug : CVideoPlayerVideo::OutputPicture - ttd:393ms pts:7.073 Clock:6.680 Level:6
2024-11-13 13:05:31.107 T:5176 debug : CVideoPlayer::ProcessVideoData size:8925 dts:65.632 pts:65.673 dur:1.000ms, clock:6.733 level:100
2024-11-13 13:05:31.107 T:5176 debug : CVideoPlayer::ProcessVideoData size:34666 dts:65.673 pts:65.799 dur:1.000ms, clock:6.733 level:100
2024-11-13 13:05:31.107 T:5176 debug : CVideoPlayer::ProcessVideoData size:8101 dts:65.715 pts:65.757 dur:1.000ms, clock:6.733 level:100
2024-11-13 13:05:31.108 T:5176 debug : CVideoPlayer::ProcessVideoData size:35892 dts:65.757 pts:65.882 dur:1.000ms, clock:6.734 level:100
2024-11-13 13:05:31.133 T:5179 debug : CVideoPlayerVideo::OutputPicture - ttd:388ms pts:7.115 Clock:6.727 Level:6
2024-11-13 13:05:31.138 T:5176 debug : CVideoPlayer::ProcessVideoData size:4652 dts:65.799 pts:65.840 dur:1.000ms, clock:6.764 level:100
2024-11-13 13:05:31.139 T:5176 debug : CVideoPlayer::ProcessVideoData size:55761 dts:65.840 pts:65.965 dur:1.000ms, clock:6.765 level:100
2024-11-13 13:05:31.139 T:5176 debug : CVideoPlayer::ProcessVideoData size:8341 dts:65.882 pts:65.924 dur:1.000ms, clock:6.765 level:100
2024-11-13 13:05:31.140 T:5176 debug : CVideoPlayer::ProcessVideoData size:46741 dts:65.924 pts:66.049 dur:1.000ms, clock:6.766 level:100
2024-11-13 13:05:31.180 T:5179 debug : CVideoPlayerVideo::OutputPicture - ttd:395ms pts:7.157 Clock:6.762 Level:6
2024-11-13 13:05:31.190 T:5176 debug : CVideoPlayer::ProcessVideoData size:6206 dts:65.965 pts:66.007 dur:1.000ms, clock:6.816 level:100
2024-11-13 13:05:31.193 T:5176 debug : CVideoPlayer::ProcessVideoData size:31575 dts:66.007 pts:66.132 dur:1.000ms, clock:6.819 level:100
2024-11-13 13:05:31.196 T:5176 debug : CVideoPlayer::ProcessVideoData size:8653 dts:66.049 pts:66.091 dur:1.000ms, clock:6.822 level:100
2024-11-13 13:05:31.197 T:5176 debug : CVideoPlayer::ProcessVideoData size:18518 dts:66.091 pts:66.216 dur:1.000ms, clock:6.823 level:100
2024-11-13 13:05:31.202 T:5176 debug : CVideoPlayer::ProcessVideoData size:7593 dts:66.132 pts:66.174 dur:1.000ms, clock:6.828 level:100
2024-11-13 13:05:31.206 T:5176 debug : CVideoPlayer::ProcessVideoData size:19052 dts:66.174 pts:66.383 dur:1.000ms, clock:6.832 level:100
2024-11-13 13:05:31.207 T:5176 debug : CVideoPlayer::ProcessVideoData size:1936 dts:66.216 pts:66.299 dur:1.000ms, clock:6.833 level:100
2024-11-13 13:05:31.207 T:5176 debug : CVideoPlayer::ProcessVideoData size:5289 dts:66.257 pts:66.257 dur:1.000ms, clock:6.833 level:100
2024-11-13 13:05:31.207 T:5176 debug : CVideoPlayer::ProcessVideoData size:714 dts:66.299 pts:66.341 dur:1.000ms, clock:6.833 level:100
2024-11-13 13:05:31.210 T:5176 debug : CVideoPlayer::ProcessVideoData size:127998 dts:66.341 pts:66.424 dur:1.000ms, clock:6.836 level:100
2024-11-13 13:05:31.221 T:5179 debug : CVideoPlayerVideo::OutputPicture - ttd:388ms pts:7.198 Clock:6.810 Level:6
2024-11-13 13:05:31.267 T:5179 debug : CVideoPlayerVideo::OutputPicture - ttd:388ms pts:7.240 Clock:6.851 Level:6
2024-11-13 13:05:31.272 T:5176 debug : CVideoPlayer::ProcessVideoData size:17183 dts:66.383 pts:66.716 dur:1.000ms, clock:6.898 level:100
2024-11-13 13:05:31.313 T:5179 debug : CVideoPlayerVideo::OutputPicture - ttd:380ms pts:7.282 Clock:6.901 Level:6
2024-11-13 13:05:31.322 T:5176 debug : CVideoPlayer::ProcessVideoData size:1894 dts:66.424 pts:66.591 dur:1.000ms, clock:6.948 level:100
2024-11-13 13:05:31.322 T:5176 debug : CVideoPlayer::ProcessVideoData size:1532 dts:66.466 pts:66.466 dur:1.000ms, clock:6.949 level:100
2024-11-13 13:05:31.323 T:5176 debug : CVideoPlayer::ProcessVideoData size:2113 dts:66.508 pts:66.508 dur:1.000ms, clock:6.949 level:100
2024-11-13 13:05:31.323 T:5176 debug : CVideoPlayer::ProcessVideoData size:1453 dts:66.549 pts:66.549 dur:1.000ms, clock:6.949 level:100
2024-11-13 13:05:31.323 T:5176 debug : CVideoPlayer::ProcessVideoData size:745 dts:66.591 pts:66.633 dur:1.000ms, clock:6.949 level:100
2024-11-13 13:05:31.323 T:5176 debug : CVideoPlayer::ProcessVideoData size:755 dts:66.633 pts:66.674 dur:1.000ms, clock:6.949 level:100
2024-11-13 13:05:31.323 T:5176 debug : CVideoPlayer::ProcessVideoData size:64935 dts:66.674 pts:66.883 dur:1.000ms, clock:6.949 level:100
2024-11-13 13:05:31.324 T:5176 debug : CVideoPlayer::ProcessVideoData size:51375 dts:66.716 pts:66.800 dur:1.000ms, clock:6.950 level:100
2024-11-13 13:05:31.352 T:5179 debug : CVideoPlayerVideo::OutputPicture - ttd:380ms pts:7.324 Clock:6.943 Level:6
2024-11-13 13:05:31.355 T:5176 debug : CVideoPlayer::ProcessVideoData size:35659 dts:66.758 pts:66.758 dur:1.000ms, clock:6.981 level:100
2024-11-13 13:05:31.356 T:5176 debug : CVideoPlayer::ProcessVideoData size:3529 dts:66.800 pts:66.841 dur:1.000ms, clock:6.982 level:100
2024-11-13 13:05:31.356 T:5176 debug : CVideoPlayer::ProcessVideoData size:54881 dts:66.841 pts:67.092 dur:1.000ms, clock:6.982 level:100
2024-11-13 13:05:31.385 T:5179 debug : CVideoPlayerVideo::OutputPicture - ttd:383ms pts:7.365 Clock:6.981 Level:6
2024-11-13 13:05:31.389 T:5176 debug : CVideoPlayer::ProcessVideoData size:26264 dts:66.883 pts:67.008 dur:1.000ms, clock:7.016 level:100
2024-11-13 13:05:31.390 T:5176 debug : CVideoPlayer::ProcessVideoData size:29008 dts:66.925 pts:66.925 dur:1.000ms, clock:7.016 level:100
2024-11-13 13:05:31.430 T:5179 debug : CVideoPlayerVideo::OutputPicture - ttd:382ms pts:7.407 Clock:7.024 Level:6
2024-11-13 13:05:31.441 T:5176 debug : CVideoPlayer::ProcessVideoData size:1772 dts:66.966 pts:66.966 dur:1.000ms, clock:7.067 level:100
2024-11-13 13:05:31.442 T:5176 debug : CVideoPlayer::ProcessVideoData size:2947 dts:67.008 pts:67.050 dur:1.000ms, clock:7.068 level:100
2024-11-13 13:05:31.442 T:5176 debug : CVideoPlayer::ProcessVideoData size:3825 dts:67.050 pts:67.133 dur:1.000ms, clock:7.068 level:100
2024-11-13 13:05:31.446 T:5176 debug : CVideoPlayer::ProcessVideoData size:100544 dts:67.092 pts:67.175 dur:1.000ms, clock:7.072 level:100
2024-11-13 13:05:31.464 T:5179 debug : CVideoPlayerVideo::OutputPicture - ttd:376ms pts:7.449 Clock:7.073 Level:6
2024-11-13 13:05:31.467 T:5176 debug : CVideoPlayer::ProcessVideoData size:33634 dts:67.133 pts:67.258 dur:1.000ms, clock:7.093 level:100
2024-11-13 13:05:31.516 T:5179 debug : CVideoPlayerVideo::OutputPicture - ttd:395ms pts:7.490 Clock:7.095 Level:6
2024-11-13 13:05:31.528 T:5176 debug : CVideoPlayer::ProcessVideoData size:3001 dts:67.175 pts:67.217 dur:1.000ms, clock:7.154 level:100
2024-11-13 13:05:31.530 T:5176 debug : CVideoPlayer::ProcessVideoData size:41462 dts:67.217 pts:67.425 dur:1.000ms, clock:7.156 level:100
2024-11-13 13:05:31.533 T:5176 debug : CVideoPlayer::ProcessVideoData size:21658 dts:67.258 pts:67.342 dur:1.000ms, clock:7.159 level:100
2024-11-13 13:05:31.533 T:5176 debug : CVideoPlayer::ProcessVideoData size:1549 dts:67.300 pts:67.300 dur:1.000ms, clock:7.159 level:100
2024-11-13 13:05:31.533 T:5176 debug : CVideoPlayer::ProcessVideoData size:1761 dts:67.342 pts:67.384 dur:1.000ms, clock:7.159 level:100
2024-11-13 13:05:31.535 T:5176 debug : CVideoPlayer::ProcessVideoData size:37529 dts:67.384 pts:67.634 dur:1.000ms, clock:7.161 level:100
2024-11-13 13:05:31.550 T:5179 debug : CVideoPlayerVideo::OutputPicture - ttd:369ms pts:7.532 Clock:7.162 Level:6
2024-11-13 13:05:31.556 T:5176 debug : CVideoPlayer::ProcessVideoData size:17631 dts:67.425 pts:67.550 dur:1.000ms, clock:7.182 level:100
2024-11-13 13:05:31.606 T:5179 debug : CVideoPlayerVideo::OutputPicture - ttd:393ms pts:7.574 Clock:7.180 Level:6
2024-11-13 13:05:31.618 T:5176 debug : CVideoPlayer::ProcessVideoData size:2389 dts:67.467 pts:67.467 dur:1.000ms, clock:7.244 level:100
2024-11-13 13:05:31.618 T:5176 debug : CVideoPlayer::ProcessVideoData size:1875 dts:67.509 pts:67.509 dur:1.000ms, clock:7.244 level:100
2024-11-13 13:05:31.618 T:5176 debug : CVideoPlayer::ProcessVideoData size:1408 dts:67.550 pts:67.592 dur:1.000ms, clock:7.244 level:100
2024-11-13 13:05:31.619 T:5176 debug : CVideoPlayer::ProcessVideoData size:25891 dts:67.592 pts:67.842 dur:1.000ms, clock:7.245 level:100
2024-11-13 13:05:31.643 T:5179 debug : CVideoPlayerVideo::OutputPicture - ttd:378ms pts:7.615 Clock:7.237 Level:6
2024-11-13 13:05:31.650 T:5176 debug : CVideoPlayer::ProcessVideoData size:1592 dts:67.634 pts:67.759 dur:1.000ms, clock:7.276 level:100
2024-11-13 13:05:31.652 T:5176 debug : CVideoPlayer::ProcessVideoData size:14258 dts:67.675 pts:67.675 dur:1.000ms, clock:7.278 level:100
2024-11-13 13:05:31.653 T:5176 debug : CVideoPlayer::ProcessVideoData size:14108 dts:67.717 pts:67.717 dur:1.000ms, clock:7.279 level:100
2024-11-13 13:05:31.653 T:5176 debug : CVideoPlayer::ProcessVideoData size:591 dts:67.759 pts:67.801 dur:1.000ms, clock:7.279 level:100
2024-11-13 13:05:31.653 T:5176 debug : CVideoPlayer::ProcessVideoData size:2480 dts:67.801 pts:67.884 dur:1.000ms, clock:7.279 level:100
2024-11-13 13:05:31.655 T:5176 debug : CVideoPlayer::ProcessVideoData size:79541 dts:67.842 pts:67.926 dur:1.000ms, clock:7.281 level:100
2024-11-13 13:05:31.671 T:5179 debug : CVideoPlayerVideo::OutputPicture - ttd:375ms pts:7.657 Clock:7.282 Level:6
2024-11-13 13:05:31.679 T:5176 debug : CVideoPlayer::ProcessVideoData size:35369 dts:67.884 pts:68.134 dur:1.000ms, clock:7.305 level:100
2024-11-13 13:05:31.679 T:5176 debug : CVideoPlayer::ProcessVideoData size:13314 dts:67.926 pts:68.051 dur:1.000ms, clock:7.306 level:100
2024-11-13 13:05:31.680 T:5176 debug : CVideoPlayer::ProcessVideoData size:3973 dts:67.967 pts:67.967 dur:1.000ms, clock:7.306 level:100
2024-11-13 13:05:31.680 T:5176 debug : CVideoPlayer::ProcessVideoData size:1311 dts:68.009 pts:68.009 dur:1.000ms, clock:7.306 level:100
2024-11-13 13:05:31.680 T:5176 debug : CVideoPlayer::ProcessVideoData size:1611 dts:68.051 pts:68.093 dur:1.000ms, clock:7.306 level:100
2024-11-13 13:05:31.680 T:5176 debug : CVideoPlayer::ProcessVideoData size:25735 dts:68.093 pts:68.259 dur:1.000ms, clock:7.306 level:100
2024-11-13 13:05:31.730 T:5179 debug : CVideoPlayerVideo::OutputPicture - ttd:391ms pts:7.699 Clock:7.308 Level:6
2024-11-13 13:05:31.742 T:5176 debug : CVideoPlayer::ProcessVideoData size:11133 dts:68.134 pts:68.218 dur:1.000ms, clock:7.368 level:100
2024-11-13 13:05:31.742 T:5176 debug : CVideoPlayer::ProcessVideoData size:1079 dts:68.176 pts:68.176 dur:1.000ms, clock:7.368 level:100
2024-11-13 13:05:31.742 T:5176 debug : CVideoPlayer::ProcessVideoData size:12989 dts:68.218 pts:68.385 dur:1.000ms, clock:7.368 level:100
2024-11-13 13:05:31.742 T:5176 debug : CVideoPlayer::ProcessVideoData size:705 dts:68.259 pts:68.343 dur:1.000ms, clock:7.368 level:100
2024-11-13 13:05:31.742 T:5176 debug : CVideoPlayer::ProcessVideoData size:1168 dts:68.301 pts:68.301 dur:1.000ms, clock:7.368 level:100
2024-11-13 13:05:31.742 T:5176 debug : CVideoPlayer::ProcessVideoData size:33731 dts:68.343 pts:68.551 dur:1.000ms, clock:7.368 level:100
2024-11-13 13:05:31.764 T:5179 debug : CVideoPlayerVideo::OutputPicture - ttd:381ms pts:7.741 Clock:7.360 Level:6
2024-11-13 13:05:31.773 T:5176 debug : CVideoPlayer::ProcessVideoData size:8589 dts:68.385 pts:68.468 dur:1.000ms, clock:7.399 level:100
2024-11-13 13:05:31.773 T:5176 debug : CVideoPlayer::ProcessVideoData size:673 dts:68.426 pts:68.426 dur:1.000ms, clock:7.399 level:100
2024-11-13 13:05:31.773 T:5176 debug : CVideoPlayer::ProcessVideoData size:830 dts:68.468 pts:68.510 dur:1.000ms, clock:7.399 level:100
2024-11-13 13:05:31.774 T:5176 debug : CVideoPlayer::ProcessVideoData size:38108 dts:68.510 pts:68.718 dur:1.000ms, clock:7.400 level:100
2024-11-13 13:05:31.774 T:5176 debug : CVideoPlayer::ProcessVideoData size:25245 dts:68.551 pts:68.635 dur:1.000ms, clock:7.400 level:100
2024-11-13 13:05:31.797 T:5179 debug : CVideoPlayerVideo::OutputPicture - ttd:387ms pts:7.782 Clock:7.394 Level:6
2024-11-13 13:05:31.804 T:5176 debug : CVideoPlayer::ProcessVideoData size:8741 dts:68.593 pts:68.593 dur:1.000ms, clock:7.431 level:100
2024-11-13 13:05:31.805 T:5176 debug : CVideoPlayer::ProcessVideoData size:14498 dts:68.635 pts:68.676 dur:1.000ms, clock:7.431 level:100
2024-11-13 13:05:31.805 T:5176 debug : CVideoPlayer::ProcessVideoData size:37178 dts:68.676 pts:68.802 dur:1.000ms, clock:7.431 level:100
2024-11-13 13:05:31.805 T:5176 debug : CVideoPlayer::ProcessVideoData size:16706 dts:68.718 pts:68.760 dur:1.000ms, clock:7.431 level:100
2024-11-13 13:05:31.806 T:5176 debug : CVideoPlayer::ProcessVideoData size:38423 dts:68.760 pts:68.843 dur:1.000ms, clock:7.432 level:100
2024-11-13 13:05:31.851 T:5179 debug : CVideoPlayerVideo::OutputPicture - ttd:385ms pts:7.824 Clock:7.438 Level:6
2024-11-13 13:05:31.857 T:5176 debug : CVideoPlayer::ProcessVideoData size:44900 dts:68.802 pts:68.927 dur:1.000ms, clock:7.483 level:100
2024-11-13 13:05:31.897 T:5179 debug : CVideoPlayerVideo::OutputPicture - ttd:386ms pts:7.866 Clock:7.480 Level:6
2024-11-13 13:05:31.935 T:5179 debug : CVideoPlayerVideo::OutputPicture - ttd:380ms pts:7.907 Clock:7.526 Level:6
2024-11-13 13:05:31.943 T:5176 debug : CVideoPlayer::ProcessVideoData size:20430 dts:68.843 pts:68.885 dur:1.000ms, clock:7.569 level:100
2024-11-13 13:05:31.945 T:5176 debug : CVideoPlayer::ProcessVideoData size:49590 dts:68.885 pts:69.010 dur:1.000ms, clock:7.571 level:100
2024-11-13 13:05:31.970 T:5179 debug : CVideoPlayerVideo::OutputPicture - ttd:378ms pts:7.949 Clock:7.571 Level:6
2024-11-13 13:05:31.976 T:5176 debug : CVideoPlayer::ProcessVideoData size:21307 dts:68.927 pts:68.968 dur:1.000ms, clock:7.602 level:100
2024-11-13 13:05:31.979 T:5176 debug : CVideoPlayer::ProcessVideoData size:50771 dts:68.968 pts:69.177 dur:1.000ms, clock:7.605 level:100
2024-11-13 13:05:32.013 T:5179 debug : CVideoPlayerVideo::OutputPicture - ttd:382ms pts:7.991 Clock:7.609 Level:6
2024-11-13 13:05:32.063 T:5179 debug : CVideoPlayerVideo::OutputPicture - ttd:390ms pts:8.033 Clock:7.643 Level:6
2024-11-13 13:05:32.072 T:5176 debug : CVideoPlayer::ProcessVideoData size:36762 dts:69.010 pts:69.094 dur:1.000ms, clock:7.698 level:100
2024-11-13 13:05:32.097 T:5179 debug : CVideoPlayerVideo::OutputPicture - ttd:379ms pts:8.074 Clock:7.694 Level:6
2024-11-13 13:05:32.103 T:5176 debug : CVideoPlayer::ProcessVideoData size:20886 dts:69.052 pts:69.052 dur:1.000ms, clock:7.729 level:100
2024-11-13 13:05:32.133 T:5179 debug : CVideoPlayerVideo::OutputPicture - ttd:389ms pts:8.116 Clock:7.727 Level:6
2024-11-13 13:05:32.145 T:5176 debug : CVideoPlayer::ProcessVideoData size:16943 dts:69.094 pts:69.135 dur:1.000ms, clock:7.771 level:100
2024-11-13 13:05:32.147 T:5176 debug : CVideoPlayer::ProcessVideoData size:50518 dts:69.135 pts:69.344 dur:1.000ms, clock:7.773 level:100
2024-11-13 13:05:32.177 T:5179 debug : CVideoPlayerVideo::OutputPicture - ttd:395ms pts:8.158 Clock:7.763 Level:6
2024-11-13 13:05:32.233 T:5179 debug : CVideoPlayerVideo::OutputPicture - ttd:388ms pts:8.199 Clock:7.811 Level:6
2024-11-13 13:05:32.269 T:5179 debug : CVideoPlayerVideo::OutputPicture - ttd:378ms pts:8.241 Clock:7.863 Level:6
2024-11-13 13:05:32.280 T:5176 debug : CVideoPlayer::ProcessVideoData size:35082 dts:69.177 pts:69.260 dur:1.000ms, clock:7.906 level:100
2024-11-13 13:05:32.309 T:5179 debug : CVideoPlayerVideo::OutputPicture - ttd:382ms pts:8.283 Clock:7.901 Level:6
2024-11-13 13:05:32.349 T:5179 debug : CVideoPlayerVideo::OutputPicture - ttd:386ms pts:8.325 Clock:7.939 Level:6
2024-11-13 13:05:32.383 T:5179 debug : CVideoPlayerVideo::OutputPicture - ttd:382ms pts:8.366 Clock:7.984 Level:6
2024-11-13 13:05:32.433 T:5179 debug : CVideoPlayerVideo::OutputPicture - ttd:386ms pts:8.408 Clock:8.022 Level:6
2024-11-13 13:05:32.483 T:5179 debug : CVideoPlayerVideo::OutputPicture - ttd:388ms pts:8.450 Clock:8.062 Level:6
2024-11-13 13:05:32.517 T:5179 debug : CVideoPlayerVideo::OutputPicture - ttd:363ms pts:8.491 Clock:8.128 Level:6
2024-11-13 13:05:32.519 T:5176 debug : CVideoPlayer::ProcessVideoData size:18432 dts:69.219 pts:69.219 dur:1.000ms, clock:8.146 level:100
2024-11-13 13:05:32.550 T:5179 debug : CVideoPlayerVideo::OutputPicture - ttd:375ms pts:8.533 Clock:8.157 Level:6
2024-11-13 13:05:32.601 T:5179 debug : CVideoPlayerVideo::OutputPicture - ttd:392ms pts:8.575 Clock:8.183 Level:6
2024-11-13 13:05:32.633 T:5179 debug : CVideoPlayerVideo::OutputPicture - ttd:378ms pts:8.616 Clock:8.238 Level:6
2024-11-13 13:05:32.683 T:5179 debug : CVideoPlayerVideo::OutputPicture - ttd:388ms pts:8.658 Clock:8.269 Level:6
2024-11-13 13:05:32.733 T:5179 debug : CVideoPlayerVideo::OutputPicture - ttd:371ms pts:8.700 Clock:8.329 Level:6
2024-11-13 13:05:32.766 T:5179 debug : CVideoPlayerVideo::OutputPicture - ttd:371ms pts:8.742 Clock:8.370 Level:6
2024-11-13 13:05:32.799 T:5179 debug : CVideoPlayerVideo::OutputPicture - ttd:383ms pts:8.783 Clock:8.399 Level:6
2024-11-13 13:05:32.851 T:5179 debug : CVideoPlayerVideo::OutputPicture - ttd:391ms pts:8.825 Clock:8.434 Level:6
2024-11-13 13:05:32.883 T:5179 debug : CVideoPlayerVideo::OutputPicture - ttd:379ms pts:8.867 Clock:8.487 Level:6
2024-11-13 13:05:32.934 T:5179 debug : CVideoPlayerVideo::OutputPicture - ttd:389ms pts:8.908 Clock:8.518 Level:6
2024-11-13 13:05:32.966 T:5179 debug : CVideoPlayerVideo::OutputPicture - ttd:380ms pts:8.950 Clock:8.570 Level:6
2024-11-13 13:05:32.970 T:5176 debug : CVideoPlayer::ProcessVideoData size:15540 dts:69.260 pts:69.302 dur:1.000ms, clock:8.596 level:100
2024-11-13 13:05:33.016 T:5179 debug : CVideoPlayerVideo::OutputPicture - ttd:390ms pts:8.992 Clock:8.602 Level:6
2024-11-13 13:05:33.051 T:5179 debug : CVideoPlayerVideo::OutputPicture - ttd:378ms pts:9.034 Clock:8.656 Level:6
2024-11-13 13:05:33.100 T:5179 debug : CVideoPlayerVideo::OutputPicture - ttd:393ms pts:9.075 Clock:8.682 Level:6
2024-11-13 13:05:33.102 T:5176 debug : CVideoPlayer::ProcessVideoData size:47403 dts:69.302 pts:69.511 dur:1.000ms, clock:8.729 level:100
2024-11-13 13:05:33.133 T:5179 debug : CVideoPlayerVideo::OutputPicture - ttd:380ms pts:9.117 Clock:8.737 Level:6
2024-11-13 13:05:33.184 T:5179 debug : CVideoPlayerVideo::OutputPicture - ttd:388ms pts:9.159 Clock:8.770 Level:6
2024-11-13 13:05:33.233 T:5179 debug : CVideoPlayerVideo::OutputPicture - ttd:380ms pts:9.200 Clock:8.819 Level:6
2024-11-13 13:05:33.267 T:5179 debug : CVideoPlayerVideo::OutputPicture - ttd:371ms pts:9.242 Clock:8.871 Level:6
2024-11-13 13:05:33.276 T:5176 debug : CVideoPlayer::ProcessVideoData size:31552 dts:69.344 pts:69.427 dur:1.000ms, clock:8.902 level:100
2024-11-13 13:05:33.300 T:5179 debug : CVideoPlayerVideo::OutputPicture - ttd:378ms pts:9.284 Clock:8.906 Level:6
2024-11-13 13:05:33.350 T:5179 debug : CVideoPlayerVideo::OutputPicture - ttd:388ms pts:9.326 Clock:8.938 Level:6
2024-11-13 13:05:33.385 T:5179 debug : CVideoPlayerVideo::OutputPicture - ttd:387ms pts:9.367 Clock:8.979 Level:6
2024-11-13 13:05:33.390 T:5176 debug : CVideoPlayer::ProcessVideoData size:17277 dts:69.386 pts:69.386 dur:1.000ms, clock:9.016 level:100
2024-11-13 13:05:33.435 T:5179 debug : CVideoPlayerVideo::OutputPicture - ttd:395ms pts:9.409 Clock:9.014 Level:6
2024-11-13 13:05:33.464 T:5179 debug : CVideoPlayerVideo::OutputPicture - ttd:386ms pts:9.451 Clock:9.064 Level:6
2024-11-13 13:05:33.515 T:5179 debug : CVideoPlayerVideo::OutputPicture - ttd:392ms pts:9.492 Clock:9.100 Level:6
2024-11-13 13:05:33.550 T:5179 debug : CVideoPlayerVideo::OutputPicture - ttd:386ms pts:9.534 Clock:9.148 Level:6
2024-11-13 13:05:33.603 T:5179 debug : CVideoPlayerVideo::OutputPicture - ttd:395ms pts:9.576 Clock:9.180 Level:6
2024-11-13 13:05:33.605 T:5176 debug : CVideoPlayer::ProcessVideoData size:16061 dts:69.427 pts:69.469 dur:1.000ms, clock:9.231 level:100
2024-11-13 13:05:33.649 T:5179 debug : CVideoPlayerVideo::OutputPicture - ttd:385ms pts:9.617 Clock:9.232 Level:6
2024-11-13 13:05:33.683 T:5179 debug : CVideoPlayerVideo::OutputPicture - ttd:378ms pts:9.659 Clock:9.281 Level:6
2024-11-13 13:05:33.715 T:5179 debug : CVideoPlayerVideo::OutputPicture - ttd:382ms pts:9.701 Clock:9.319 Level:6
2024-11-13 13:05:33.765 T:5179 debug : CVideoPlayerVideo::OutputPicture - ttd:396ms pts:9.743 Clock:9.347 Level:6
2024-11-13 13:05:33.815 T:5179 debug : CVideoPlayerVideo::OutputPicture - ttd:389ms pts:9.784 Clock:9.394 Level:6
2024-11-13 13:05:33.852 T:5179 debug : CVideoPlayerVideo::OutputPicture - ttd:374ms pts:9.826 Clock:9.451 Level:6
2024-11-13 13:05:33.886 T:5179 debug : CVideoPlayerVideo::OutputPicture - ttd:386ms pts:9.868 Clock:9.482 Level:6
2024-11-13 13:05:33.895 T:5176 debug : CVideoPlayer::ProcessVideoData size:45758 dts:69.469 pts:69.677 dur:1.000ms, clock:9.521 level:100
2024-11-13 13:05:33.920 T:5179 debug : CVideoPlayerVideo::OutputPicture - ttd:388ms pts:9.909 Clock:9.520 Level:6
2024-11-13 13:05:33.966 T:5179 debug : CVideoPlayerVideo::OutputPicture - ttd:398ms pts:9.951 Clock:9.552 Level:6
2024-11-13 13:05:34.016 T:5179 debug : CVideoPlayerVideo::OutputPicture - ttd:397ms pts:9.993 Clock:9.595 Level:6
2024-11-13 13:05:34.065 T:5179 debug : CVideoPlayerVideo::OutputPicture - ttd:389ms pts:10.035 Clock:9.646 Level:6
2024-11-13 13:05:34.100 T:5179 debug : CVideoPlayerVideo::OutputPicture - ttd:374ms pts:10.076 Clock:9.702 Level:6
2024-11-13 13:05:34.152 T:5179 debug : CVideoPlayerVideo::OutputPicture - ttd:382ms pts:10.118 Clock:9.735 Level:6
2024-11-13 13:05:34.183 T:5179 debug : CVideoPlayerVideo::OutputPicture - ttd:379ms pts:10.160 Clock:9.781 Level:6
2024-11-13 13:05:34.215 T:5179 debug : CVideoPlayerVideo::OutputPicture - ttd:379ms pts:10.201 Clock:9.821 Level:6
2024-11-13 13:05:34.266 T:5179 debug : CVideoPlayerVideo::OutputPicture - ttd:392ms pts:10.243 Clock:9.850 Level:6
2024-11-13 13:05:34.316 T:5179 debug : CVideoPlayerVideo::OutputPicture - ttd:382ms pts:10.285 Clock:9.902 Level:6
2024-11-13 13:05:34.350 T:5179 debug : CVideoPlayerVideo::OutputPicture - ttd:377ms pts:10.327 Clock:9.949 Level:6
2024-11-13 13:05:34.377 T:4235 info : Samba is idle. Closing the remaining connections
