2024-11-15 09:44:38.505 T:4124 debug : CVideoPlayer::ProcessVideoData size:8037 dts:21.318 pts:21.318 dur:41.000ms, clock:1.085 level:100
2024-11-15 09:44:38.506 T:4124 debug : CVideoPlayer::ProcessVideoData size:5157 dts:21.360 pts:21.360 dur:41.000ms, clock:1.086 level:100
2024-11-15 09:44:38.508 T:4124 debug : CVideoPlayer::ProcessVideoData size:4417 dts:21.401 pts:21.401 dur:41.000ms, clock:1.087 level:100
2024-11-15 09:44:38.510 T:3953 debug : ActiveAE::SyncStream - average error 127.413903 above threshold of 100.000000
2024-11-15 09:44:38.510 T:4124 debug : CVideoPlayer::ProcessVideoData size:81374 dts:21.443 pts:21.443 dur:41.000ms, clock:1.090 level:100
2024-11-15 09:44:38.512 T:4124 debug : CVideoPlayer::ProcessVideoData size:21498 dts:21.485 pts:21.485 dur:41.000ms, clock:1.091 level:100
2024-11-15 09:44:38.513 T:4124 debug : CVideoPlayer::ProcessVideoData size:4369 dts:21.526 pts:21.526 dur:41.000ms, clock:1.092 level:100
2024-11-15 09:44:38.517 T:4124 debug : CVideoPlayer::ProcessVideoData size:71775 dts:21.568 pts:21.568 dur:41.000ms, clock:1.096 level:100
2024-11-15 09:44:38.522 T:4124 debug : CVideoPlayer::ProcessVideoData size:43075 dts:21.610 pts:21.610 dur:41.000ms, clock:1.101 level:100
2024-11-15 09:44:38.527 T:4124 debug : CVideoPlayer::ProcessVideoData size:9592 dts:21.652 pts:21.652 dur:41.000ms, clock:1.107 level:100
2024-11-15 09:44:38.528 T:4124 debug : CVideoPlayer::ProcessVideoData size:8763 dts:21.693 pts:21.693 dur:41.000ms, clock:1.108 level:100
2024-11-15 09:44:38.529 T:4124 debug : CVideoPlayer::ProcessVideoData size:11655 dts:21.735 pts:21.735 dur:41.000ms, clock:1.109 level:100
2024-11-15 09:44:38.531 T:4124 debug : CVideoPlayer::ProcessVideoData size:8382 dts:21.777 pts:21.777 dur:41.000ms, clock:1.110 level:100
2024-11-15 09:44:38.531 T:3919 debug : CAMLCodec::PollFrame elapsed:36.806ms
2024-11-15 09:44:38.533 T:4124 debug : CVideoPlayer::ProcessVideoData size:44348 dts:21.818 pts:21.818 dur:41.000ms, clock:1.113 level:100
2024-11-15 09:44:38.534 T:3919 debug : PrepareNextRender: frameOnScreen: 1.114 renderPts: 1.301 nextFramePts: 1.215 -> diff: 0.086 render: 1 forceNext: 0
2024-11-15 09:44:38.534 T:4128 debug : CVideoPlayerVideo::OutputPicture - ttd:432ms pts:1.506 Clock:1.074 Level:6
2024-11-15 09:44:38.534 T:4124 debug : CVideoPlayer::ProcessVideoData size:6222 dts:21.860 pts:21.860 dur:41.000ms, clock:1.114 level:100
2024-11-15 09:44:38.535 T:3919 debug : CAMLCodec::ReleaseFrame idx:29, drop:0
2024-11-15 09:44:38.536 T:4124 debug : CVideoPlayer::ProcessVideoData size:3789 dts:21.902 pts:21.902 dur:41.000ms, clock:1.115 level:100
2024-11-15 09:44:38.536 T:4128 debug : CAMLCodec::AddData: dl:4096 fl:6090752 sz:3923(4096) lv:0.1% dts:1.757 pts:1.757
2024-11-15 09:44:38.536 T:4128 debug : CAMLCodec::DequeueBuffer: pts:1.548 idx:37
2024-11-15 09:44:38.536 T:4128 debug : CAMLCodec::GetPicture: index: 37, pts: 1.548, dur:42.000ms ar:1.78 elf:41ms
2024-11-15 09:44:38.539 T:4124 debug : CVideoPlayer::ProcessVideoData size:68020 dts:21.944 pts:21.944 dur:41.000ms, clock:1.119 level:100
2024-11-15 09:44:38.541 T:4124 debug : CVideoPlayer::ProcessVideoData size:24151 dts:21.985 pts:21.985 dur:41.000ms, clock:1.120 level:100
2024-11-15 09:44:38.545 T:4124 debug : CVideoPlayer::ProcessVideoData size:108423 dts:22.027 pts:22.027 dur:41.000ms, clock:1.124 level:100
2024-11-15 09:44:38.551 T:4124 debug : CVideoPlayer::ProcessVideoData size:132998 dts:22.069 pts:22.069 dur:41.000ms, clock:1.130 level:100
2024-11-15 09:44:38.558 T:4124 debug : CVideoPlayer::ProcessVideoData size:5788 dts:22.110 pts:22.110 dur:41.000ms, clock:1.137 level:100
2024-11-15 09:44:38.559 T:4124 debug : CVideoPlayer::ProcessVideoData size:8198 dts:22.152 pts:22.152 dur:41.000ms, clock:1.138 level:100
2024-11-15 09:44:38.563 T:4124 debug : CVideoPlayer::ProcessVideoData size:29644 dts:22.194 pts:22.194 dur:41.000ms, clock:1.142 level:100
2024-11-15 09:44:38.564 T:4124 debug : CVideoPlayer::ProcessVideoData size:8443 dts:22.236 pts:22.236 dur:41.000ms, clock:1.143 level:100
2024-11-15 09:44:38.565 T:4124 debug : CVideoPlayer::ProcessVideoData size:4459 dts:22.277 pts:22.277 dur:41.000ms, clock:1.145 level:100
2024-11-15 09:44:38.566 T:4124 debug : CVideoPlayer::ProcessVideoData size:20367 dts:22.319 pts:22.319 dur:41.000ms, clock:1.146 level:100
2024-11-15 09:44:38.569 T:4124 debug : CVideoPlayer::ProcessVideoData size:4631 dts:22.361 pts:22.361 dur:41.000ms, clock:1.148 level:100
2024-11-15 09:44:38.570 T:4124 debug : CVideoPlayer::ProcessVideoData size:4340 dts:22.402 pts:22.402 dur:41.000ms, clock:1.149 level:100
2024-11-15 09:44:38.573 T:3919 debug : CAMLCodec::PollFrame elapsed:37.590ms
2024-11-15 09:44:38.574 T:4124 debug : CVideoPlayer::ProcessVideoData size:70328 dts:22.444 pts:22.444 dur:41.000ms, clock:1.154 level:100
2024-11-15 09:44:38.576 T:3919 debug : PrepareNextRender: frameOnScreen: 1.155 renderPts: 1.343 nextFramePts: 1.256 -> diff: 0.087 render: 1 forceNext: 0
2024-11-15 09:44:38.576 T:4124 debug : CVideoPlayer::ProcessVideoData size:21290 dts:22.486 pts:22.486 dur:41.000ms, clock:1.155 level:100
2024-11-15 09:44:38.576 T:4128 debug : CVideoPlayerVideo::OutputPicture - ttd:432ms pts:1.548 Clock:1.116 Level:6
2024-11-15 09:44:38.577 T:3919 debug : CAMLCodec::ReleaseFrame idx:30, drop:0
2024-11-15 09:44:38.578 T:4128 debug : CAMLCodec::AddData: dl:16320 fl:6078528 sz:16247(16320) lv:0.3% dts:1.798 pts:1.798
2024-11-15 09:44:38.578 T:4128 debug : CAMLCodec::DequeueBuffer: pts:1.590 idx:38
2024-11-15 09:44:38.578 T:4128 debug : CAMLCodec::GetPicture: index: 38, pts: 1.590, dur:42.000ms ar:1.78 elf:41ms
2024-11-15 09:44:38.586 T:4124 debug : CVideoPlayer::ProcessVideoData size:294885 dts:22.527 pts:22.527 dur:41.000ms, clock:1.165 level:100
2024-11-15 09:44:38.598 T:4124 debug : CVideoPlayer::ProcessVideoData size:58629 dts:22.569 pts:22.569 dur:41.000ms, clock:1.178 level:100
2024-11-15 09:44:38.599 T:4124 debug : CVideoPlayer::ProcessVideoData size:45064 dts:22.611 pts:22.611 dur:41.000ms, clock:1.179 level:100
2024-11-15 09:44:38.601 T:4124 debug : CVideoPlayer::ProcessVideoData size:6951 dts:22.653 pts:22.653 dur:41.000ms, clock:1.180 level:100
2024-11-15 09:44:38.602 T:4124 debug : CVideoPlayer::ProcessVideoData size:5566 dts:22.694 pts:22.694 dur:41.000ms, clock:1.181 level:100
2024-11-15 09:44:38.605 T:4124 debug : CVideoPlayer::ProcessVideoData size:10936 dts:22.736 pts:22.736 dur:41.000ms, clock:1.184 level:100
2024-11-15 09:44:38.606 T:4124 debug : CVideoPlayer::ProcessVideoData size:8108 dts:22.778 pts:22.778 dur:41.000ms, clock:1.185 level:100
2024-11-15 09:44:38.608 T:4124 debug : CVideoPlayer::ProcessVideoData size:30256 dts:22.819 pts:22.819 dur:41.000ms, clock:1.187 level:100
2024-11-15 09:44:38.609 T:4124 debug : CVideoPlayer::ProcessVideoData size:6110 dts:22.861 pts:22.861 dur:41.000ms, clock:1.188 level:100
2024-11-15 09:44:38.610 T:3953 debug : ActiveAE::SyncStream - average error 0.413903 below threshold of 30.000000
2024-11-15 09:44:38.611 T:4124 debug : CVideoPlayer::ProcessVideoData size:3827 dts:22.903 pts:22.903 dur:41.000ms, clock:1.191 level:100
2024-11-15 09:44:38.615 T:3919 debug : CAMLCodec::PollFrame elapsed:37.469ms
2024-11-15 09:44:38.616 T:4124 debug : CVideoPlayer::ProcessVideoData size:75827 dts:22.945 pts:22.945 dur:41.000ms, clock:1.196 level:100
2024-11-15 09:44:38.617 T:3919 debug : PrepareNextRender: frameOnScreen: 1.197 renderPts: 1.362 nextFramePts: 1.298 -> diff: 0.064 render: 1 forceNext: 0
2024-11-15 09:44:38.618 T:4128 debug : CVideoPlayerVideo::OutputPicture - ttd:432ms pts:1.590 Clock:1.157 Level:6
2024-11-15 09:44:38.618 T:4124 debug : CVideoPlayer::ProcessVideoData size:24611 dts:22.986 pts:22.986 dur:41.000ms, clock:1.198 level:100
2024-11-15 09:44:38.619 T:3919 debug : CAMLCodec::ReleaseFrame idx:31, drop:0
2024-11-15 09:44:38.619 T:4128 debug : CAMLCodec::AddData: dl:4096 fl:6090752 sz:2970(4096) lv:0.1% dts:1.840 pts:1.840
2024-11-15 09:44:38.620 T:4128 debug : CAMLCodec::DequeueBuffer: pts:1.632 idx:39
2024-11-15 09:44:38.620 T:4128 debug : CAMLCodec::GetPicture: index: 39, pts: 1.632, dur:42.001ms ar:1.78 elf:41ms
2024-11-15 09:44:38.622 T:4124 debug : CVideoPlayer::ProcessVideoData size:109130 dts:23.028 pts:23.028 dur:41.000ms, clock:1.201 level:100
2024-11-15 09:44:38.633 T:4124 debug : CVideoPlayer::ProcessVideoData size:132334 dts:23.070 pts:23.070 dur:41.000ms, clock:1.212 level:100
2024-11-15 09:44:38.634 T:4124 debug : CVideoPlayer::ProcessVideoData size:5815 dts:23.111 pts:23.111 dur:41.000ms, clock:1.214 level:100
2024-11-15 09:44:38.635 T:4124 debug : CVideoPlayer::ProcessVideoData size:8137 dts:23.153 pts:23.153 dur:41.000ms, clock:1.215 level:100
2024-11-15 09:44:38.636 T:4124 debug : CVideoPlayer::ProcessVideoData size:28879 dts:23.195 pts:23.195 dur:41.000ms, clock:1.216 level:100
2024-11-15 09:44:38.640 T:4124 debug : CVideoPlayer::ProcessVideoData size:8296 dts:23.237 pts:23.237 dur:41.000ms, clock:1.219 level:100
2024-11-15 09:44:38.641 T:4124 debug : CVideoPlayer::ProcessVideoData size:4412 dts:23.278 pts:23.278 dur:41.000ms, clock:1.220 level:100
2024-11-15 09:44:38.642 T:4124 debug : CVideoPlayer::ProcessVideoData size:20307 dts:23.320 pts:23.320 dur:41.000ms, clock:1.222 level:100
2024-11-15 09:44:38.643 T:4124 debug : CVideoPlayer::ProcessVideoData size:4649 dts:23.362 pts:23.362 dur:41.000ms, clock:1.223 level:100
2024-11-15 09:44:38.645 T:4124 debug : CVideoPlayer::ProcessVideoData size:4269 dts:23.403 pts:23.403 dur:41.000ms, clock:1.224 level:100
2024-11-15 09:44:38.650 T:4124 debug : CVideoPlayer::ProcessVideoData size:72063 dts:23.445 pts:23.445 dur:41.000ms, clock:1.230 level:100
2024-11-15 09:44:38.652 T:4124 debug : CVideoPlayer::ProcessVideoData size:21442 dts:23.487 pts:23.487 dur:41.000ms, clock:1.231 level:100
2024-11-15 09:44:38.656 T:3919 debug : CAMLCodec::PollFrame elapsed:37.548ms
2024-11-15 09:44:38.657 T:4124 debug : CVideoPlayer::ProcessVideoData size:4387 dts:23.528 pts:23.528 dur:41.000ms, clock:1.236 level:100
2024-11-15 09:44:38.658 T:4124 debug : CVideoPlayer::ProcessVideoData size:70306 dts:23.570 pts:23.570 dur:41.000ms, clock:1.238 level:100
2024-11-15 09:44:38.659 T:3919 debug : PrepareNextRender: frameOnScreen: 1.239 renderPts: 1.404 nextFramePts: 1.340 -> diff: 0.064 render: 1 forceNext: 0
2024-11-15 09:44:38.659 T:4128 debug : CVideoPlayerVideo::OutputPicture - ttd:432ms pts:1.632 Clock:1.199 Level:6
2024-11-15 09:44:38.661 T:3919 debug : CAMLCodec::ReleaseFrame idx:32, drop:0
2024-11-15 09:44:38.661 T:4128 debug : CAMLCodec::AddData: dl:4096 fl:6090752 sz:2726(4096) lv:0.1% dts:1.882 pts:1.882
2024-11-15 09:44:38.661 T:4128 debug : CAMLCodec::DequeueBuffer: pts:1.673 idx:40
2024-11-15 09:44:38.661 T:4128 debug : CAMLCodec::GetPicture: index: 40, pts: 1.673, dur:40.999ms ar:1.78 elf:41ms
2024-11-15 09:44:38.662 T:4124 debug : CVideoPlayer::ProcessVideoData size:42904 dts:23.612 pts:23.612 dur:41.000ms, clock:1.242 level:100
2024-11-15 09:44:38.663 T:4124 debug : CVideoPlayer::ProcessVideoData size:9352 dts:23.654 pts:23.654 dur:41.000ms, clock:1.243 level:100
2024-11-15 09:44:38.665 T:4124 debug : CVideoPlayer::ProcessVideoData size:8793 dts:23.695 pts:23.695 dur:41.000ms, clock:1.245 level:100
2024-11-15 09:44:38.666 T:4124 debug : CVideoPlayer::ProcessVideoData size:11549 dts:23.737 pts:23.737 dur:41.000ms, clock:1.246 level:100
2024-11-15 09:44:38.673 T:4124 debug : CVideoPlayer::ProcessVideoData size:252785 dts:23.779 pts:23.779 dur:41.000ms, clock:1.253 level:100
2024-11-15 09:44:38.684 T:4124 debug : CVideoPlayer::ProcessVideoData size:13179 dts:23.820 pts:23.820 dur:41.000ms, clock:1.264 level:100
2024-11-15 09:44:38.685 T:4124 debug : CVideoPlayer::ProcessVideoData size:6824 dts:23.862 pts:23.862 dur:41.000ms, clock:1.265 level:100
2024-11-15 09:44:38.687 T:4124 debug : CVideoPlayer::ProcessVideoData size:3898 dts:23.904 pts:23.904 dur:41.000ms, clock:1.266 level:100
2024-11-15 09:44:38.688 T:4124 debug : CVideoPlayer::ProcessVideoData size:94259 dts:23.946 pts:23.946 dur:41.000ms, clock:1.268 level:100
2024-11-15 09:44:38.691 T:4124 debug : CVideoPlayer::ProcessVideoData size:24822 dts:23.987 pts:23.987 dur:41.000ms, clock:1.271 level:100
2024-11-15 09:44:38.696 T:4124 debug : CVideoPlayer::ProcessVideoData size:109400 dts:24.029 pts:24.029 dur:41.000ms, clock:1.276 level:100
2024-11-15 09:44:38.698 T:3919 debug : CAMLCodec::PollFrame elapsed:37.447ms
2024-11-15 09:44:38.701 T:3919 debug : PrepareNextRender: frameOnScreen: 1.280 renderPts: 1.445 nextFramePts: 1.381 -> diff: 0.064 render: 1 forceNext: 0
2024-11-15 09:44:38.701 T:4128 debug : CVideoPlayerVideo::OutputPicture - ttd:432ms pts:1.673 Clock:1.241 Level:6
2024-11-15 09:44:38.702 T:4128 debug : CAMLCodec::AddData: dl:22848 fl:6072000 sz:22772(22848) lv:0.4% dts:1.924 pts:1.924
2024-11-15 09:44:38.702 T:4124 debug : CVideoPlayer::ProcessVideoData size:133101 dts:24.071 pts:24.071 dur:41.000ms, clock:1.282 level:100
2024-11-15 09:44:38.702 T:4128 debug : CAMLCodec::DequeueBuffer: pts:1.715 idx:41
2024-11-15 09:44:38.702 T:4128 debug : CAMLCodec::GetPicture: index: 41, pts: 1.715, dur:42.000ms ar:1.78 elf:40ms
2024-11-15 09:44:38.702 T:3919 debug : CAMLCodec::ReleaseFrame idx:33, drop:0
2024-11-15 09:44:38.704 T:4124 debug : CVideoPlayer::ProcessVideoData size:5604 dts:24.112 pts:24.112 dur:41.000ms, clock:1.283 level:100
2024-11-15 09:44:38.709 T:4124 debug : CVideoPlayer::ProcessVideoData size:8112 dts:24.154 pts:24.154 dur:41.000ms, clock:1.288 level:100
2024-11-15 09:44:38.710 T:4124 debug : CVideoPlayer::ProcessVideoData size:32552 dts:24.196 pts:24.196 dur:41.000ms, clock:1.290 level:100
2024-11-15 09:44:38.714 T:4124 debug : CVideoPlayer::ProcessVideoData size:8418 dts:24.238 pts:24.238 dur:41.000ms, clock:1.294 level:100
2024-11-15 09:44:38.715 T:4124 debug : CVideoPlayer::ProcessVideoData size:4426 dts:24.279 pts:24.279 dur:41.000ms, clock:1.295 level:100
2024-11-15 09:44:38.717 T:4124 debug : CVideoPlayer::ProcessVideoData size:21875 dts:24.321 pts:24.321 dur:41.000ms, clock:1.297 level:100
2024-11-15 09:44:38.718 T:4124 debug : CVideoPlayer::ProcessVideoData size:4676 dts:24.363 pts:24.363 dur:41.000ms, clock:1.298 level:100
2024-11-15 09:44:38.720 T:4124 debug : CVideoPlayer::ProcessVideoData size:4311 dts:24.404 pts:24.404 dur:41.000ms, clock:1.299 level:100
2024-11-15 09:44:38.722 T:4124 debug : CVideoPlayer::ProcessVideoData size:72206 dts:24.446 pts:24.446 dur:41.000ms, clock:1.301 level:100
2024-11-15 09:44:38.725 T:4124 debug : CVideoPlayer::ProcessVideoData size:21440 dts:24.488 pts:24.488 dur:41.000ms, clock:1.305 level:100
2024-11-15 09:44:38.727 T:4124 debug : CVideoPlayer::ProcessVideoData size:4455 dts:24.529 pts:24.529 dur:41.000ms, clock:1.306 level:100
2024-11-15 09:44:38.728 T:4124 debug : CVideoPlayer::ProcessVideoData size:71628 dts:24.571 pts:24.571 dur:41.000ms, clock:1.308 level:100
2024-11-15 09:44:38.732 T:4124 debug : CVideoPlayer::ProcessVideoData size:42977 dts:24.613 pts:24.613 dur:41.000ms, clock:1.311 level:100
2024-11-15 09:44:38.737 T:4124 debug : CVideoPlayer::ProcessVideoData size:9164 dts:24.655 pts:24.655 dur:41.000ms, clock:1.316 level:100
2024-11-15 09:44:38.738 T:4124 debug : CVideoPlayer::ProcessVideoData size:8414 dts:24.696 pts:24.696 dur:41.000ms, clock:1.318 level:100
2024-11-15 09:44:38.740 T:4124 debug : CVideoPlayer::ProcessVideoData size:11452 dts:24.738 pts:24.738 dur:41.000ms, clock:1.319 level:100
2024-11-15 09:44:38.740 T:3919 debug : CAMLCodec::PollFrame elapsed:37.282ms
2024-11-15 09:44:38.742 T:4124 debug : CVideoPlayer::ProcessVideoData size:8329 dts:24.780 pts:24.780 dur:41.000ms, clock:1.322 level:100
2024-11-15 09:44:38.743 T:3919 debug : PrepareNextRender: frameOnScreen: 1.322 renderPts: 1.487 nextFramePts: 1.423 -> diff: 0.064 render: 1 forceNext: 0
2024-11-15 09:44:38.743 T:4128 debug : CVideoPlayerVideo::OutputPicture - ttd:433ms pts:1.715 Clock:1.282 Level:6
2024-11-15 09:44:38.744 T:3919 debug : CAMLCodec::ReleaseFrame idx:34, drop:0
2024-11-15 09:44:38.744 T:4128 debug : CAMLCodec::AddData: dl:6976 fl:6087872 sz:6894(6976) lv:0.1% dts:1.965 pts:1.965
2024-11-15 09:44:38.744 T:4128 debug : CAMLCodec::DequeueBuffer: pts:1.757 idx:42
2024-11-15 09:44:38.744 T:4128 debug : CAMLCodec::GetPicture: index: 42, pts: 1.757, dur:42.001ms ar:1.78 elf:41ms
2024-11-15 09:44:38.744 T:4124 debug : CVideoPlayer::ProcessVideoData size:42861 dts:24.821 pts:24.821 dur:41.000ms, clock:1.324 level:100
2024-11-15 09:44:38.746 T:4124 debug : CVideoPlayer::ProcessVideoData size:6212 dts:24.863 pts:24.863 dur:41.000ms, clock:1.325 level:100
2024-11-15 09:44:38.747 T:4124 debug : CVideoPlayer::ProcessVideoData size:3843 dts:24.905 pts:24.905 dur:41.000ms, clock:1.327 level:100
2024-11-15 09:44:38.749 T:4124 debug : CVideoPlayer::ProcessVideoData size:67135 dts:24.947 pts:24.947 dur:41.000ms, clock:1.329 level:100
2024-11-15 09:44:38.751 T:4124 debug : CVideoPlayer::ProcessVideoData size:24035 dts:24.988 pts:24.988 dur:41.000ms, clock:1.330 level:100
2024-11-15 09:44:38.765 T:4124 debug : CVideoPlayer::ProcessVideoData size:277667 dts:25.030 pts:25.030 dur:41.000ms, clock:1.345 level:100
2024-11-15 09:44:38.777 T:4124 debug : CVideoPlayer::ProcessVideoData size:125156 dts:25.072 pts:25.072 dur:41.000ms, clock:1.356 level:100
2024-11-15 09:44:38.778 T:4124 debug : CVideoPlayer::ProcessVideoData size:14161 dts:25.113 pts:25.113 dur:41.000ms, clock:1.358 level:100
2024-11-15 09:44:38.780 T:4124 debug : CVideoPlayer::ProcessVideoData size:9525 dts:25.155 pts:25.155 dur:41.000ms, clock:1.359 level:100
2024-11-15 09:44:38.781 T:4124 debug : CVideoPlayer::ProcessVideoData size:43726 dts:25.197 pts:25.197 dur:41.000ms, clock:1.360 level:100
2024-11-15 09:44:38.782 T:3919 debug : CAMLCodec::PollFrame elapsed:37.455ms
2024-11-15 09:44:38.783 T:4124 debug : CVideoPlayer::ProcessVideoData size:8836 dts:25.239 pts:25.239 dur:41.000ms, clock:1.363 level:100
2024-11-15 09:44:38.784 T:3919 debug : PrepareNextRender: frameOnScreen: 1.364 renderPts: 1.529 nextFramePts: 1.465 -> diff: 0.064 render: 1 forceNext: 0
2024-11-15 09:44:38.784 T:4128 debug : CVideoPlayerVideo::OutputPicture - ttd:433ms pts:1.757 Clock:1.324 Level:6
2024-11-15 09:44:38.785 T:4124 debug : CVideoPlayer::ProcessVideoData size:4449 dts:25.280 pts:25.280 dur:41.000ms, clock:1.364 level:100
2024-11-15 09:44:38.786 T:3919 debug : CAMLCodec::ReleaseFrame idx:35, drop:0
2024-11-15 09:44:38.787 T:4124 debug : CVideoPlayer::ProcessVideoData size:34049 dts:25.322 pts:25.322 dur:41.000ms, clock:1.366 level:100
2024-11-15 09:44:38.788 T:4124 debug : CVideoPlayer::ProcessVideoData size:4695 dts:25.364 pts:25.364 dur:41.000ms, clock:1.368 level:100
2024-11-15 09:44:38.789 T:4128 debug : CAMLCodec::AddData: dl:58048 fl:6036800 sz:57978(58048) lv:1.0% dts:2.007 pts:2.007
2024-11-15 09:44:38.789 T:4128 debug : CAMLCodec::DequeueBuffer: pts:1.798 idx:43
2024-11-15 09:44:38.789 T:4128 debug : CAMLCodec::GetPicture: index: 43, pts: 1.798, dur:40.999ms ar:1.78 elf:44ms
2024-11-15 09:44:38.791 T:4124 debug : CVideoPlayer::ProcessVideoData size:4310 dts:25.405 pts:25.405 dur:41.000ms, clock:1.370 level:100
2024-11-15 09:44:38.794 T:4124 debug : CVideoPlayer::ProcessVideoData size:77722 dts:25.447 pts:25.447 dur:41.000ms, clock:1.374 level:100
2024-11-15 09:44:38.796 T:4124 debug : CVideoPlayer::ProcessVideoData size:21277 dts:25.489 pts:25.489 dur:41.000ms, clock:1.375 level:100
2024-11-15 09:44:38.797 T:4124 debug : CVideoPlayer::ProcessVideoData size:4447 dts:25.530 pts:25.530 dur:41.000ms, clock:1.376 level:100
2024-11-15 09:44:38.800 T:4124 debug : CVideoPlayer::ProcessVideoData size:71341 dts:25.572 pts:25.572 dur:41.000ms, clock:1.380 level:100
2024-11-15 09:44:38.805 T:4124 debug : CVideoPlayer::ProcessVideoData size:42980 dts:25.614 pts:25.614 dur:41.000ms, clock:1.385 level:100
2024-11-15 09:44:38.807 T:4124 debug : CVideoPlayer::ProcessVideoData size:9388 dts:25.656 pts:25.656 dur:41.000ms, clock:1.386 level:100
2024-11-15 09:44:38.811 T:4124 debug : CVideoPlayer::ProcessVideoData size:9340 dts:25.697 pts:25.697 dur:41.000ms, clock:1.391 level:100
2024-11-15 09:44:38.812 T:4124 debug : CVideoPlayer::ProcessVideoData size:11929 dts:25.739 pts:25.739 dur:41.000ms, clock:1.392 level:100
2024-11-15 09:44:38.814 T:4124 debug : CVideoPlayer::ProcessVideoData size:8456 dts:25.781 pts:25.781 dur:41.000ms, clock:1.393 level:100
2024-11-15 09:44:38.815 T:4124 debug : CVideoPlayer::ProcessVideoData size:43185 dts:25.822 pts:25.822 dur:41.000ms, clock:1.395 level:100
2024-11-15 09:44:38.818 T:4124 debug : CVideoPlayer::ProcessVideoData size:6166 dts:25.864 pts:25.864 dur:41.000ms, clock:1.397 level:100
2024-11-15 09:44:38.819 T:4124 debug : CVideoPlayer::ProcessVideoData size:3824 dts:25.906 pts:25.906 dur:41.000ms, clock:1.399 level:100
2024-11-15 09:44:38.820 T:4124 debug : CVideoPlayer::ProcessVideoData size:68031 dts:25.948 pts:25.948 dur:41.000ms, clock:1.400 level:100
2024-11-15 09:44:38.823 T:3919 debug : CAMLCodec::PollFrame elapsed:37.535ms
2024-11-15 09:44:38.826 T:3919 debug : PrepareNextRender: frameOnScreen: 1.405 renderPts: 1.570 nextFramePts: 1.506 -> diff: 0.064 render: 1 forceNext: 0
2024-11-15 09:44:38.826 T:4128 debug : CVideoPlayerVideo::OutputPicture - ttd:429ms pts:1.798 Clock:1.368 Level:6
2024-11-15 09:44:38.827 T:3919 debug : CAMLCodec::ReleaseFrame idx:36, drop:0
2024-11-15 09:44:38.829 T:4124 debug : CVideoPlayer::ProcessVideoData size:23982 dts:25.989 pts:25.989 dur:41.000ms, clock:1.408 level:100
2024-11-15 09:44:38.830 T:4128 debug : CAMLCodec::AddData: dl:82176 fl:6012672 sz:82076(82176) lv:1.3% dts:2.049 pts:2.049
2024-11-15 09:44:38.830 T:4128 debug : CAMLCodec::DequeueBuffer: pts:1.840 idx:44
2024-11-15 09:44:38.830 T:4128 debug : CAMLCodec::GetPicture: index: 44, pts: 1.840, dur:42.000ms ar:1.78 elf:40ms
2024-11-15 09:44:38.831 T:4124 debug : CVideoPlayer::ProcessVideoData size:107852 dts:26.031 pts:26.031 dur:41.000ms, clock:1.410 level:100
2024-11-15 09:44:38.840 T:4124 debug : CVideoPlayer::ProcessVideoData size:133143 dts:26.073 pts:26.073 dur:41.000ms, clock:1.420 level:100
2024-11-15 09:44:38.841 T:4124 debug : CVideoPlayer::ProcessVideoData size:5705 dts:26.114 pts:26.114 dur:41.000ms, clock:1.421 level:100
2024-11-15 09:44:38.843 T:4124 debug : CVideoPlayer::ProcessVideoData size:8161 dts:26.156 pts:26.156 dur:41.000ms, clock:1.422 level:100
2024-11-15 09:44:38.844 T:4124 debug : CVideoPlayer::ProcessVideoData size:29087 dts:26.198 pts:26.198 dur:41.000ms, clock:1.423 level:100
2024-11-15 09:44:38.845 T:4124 debug : CVideoPlayer::ProcessVideoData size:8323 dts:26.240 pts:26.240 dur:41.000ms, clock:1.425 level:100
2024-11-15 09:44:38.857 T:4124 debug : CVideoPlayer::ProcessVideoData size:282537 dts:26.281 pts:26.281 dur:41.000ms, clock:1.437 level:100
2024-11-15 09:44:38.864 T:4124 debug : CVideoPlayer::ProcessVideoData size:8037 dts:26.323 pts:26.323 dur:41.000ms, clock:1.444 level:100
2024-11-15 09:44:38.865 T:3919 debug : CAMLCodec::PollFrame elapsed:37.702ms
2024-11-15 09:44:38.865 T:4124 debug : CVideoPlayer::ProcessVideoData size:5157 dts:26.365 pts:26.365 dur:41.000ms, clock:1.445 level:100
2024-11-15 09:44:38.867 T:4124 debug : CVideoPlayer::ProcessVideoData size:4417 dts:26.406 pts:26.406 dur:41.000ms, clock:1.446 level:100
2024-11-15 09:44:38.867 T:3919 debug : PrepareNextRender: frameOnScreen: 1.447 renderPts: 1.612 nextFramePts: 1.548 -> diff: 0.064 render: 1 forceNext: 0
2024-11-15 09:44:38.867 T:4128 debug : CVideoPlayerVideo::OutputPicture - ttd:430ms pts:1.840 Clock:1.409 Level:6
2024-11-15 09:44:38.869 T:4124 debug : CVideoPlayer::ProcessVideoData size:81374 dts:26.448 pts:26.448 dur:41.000ms, clock:1.448 level:100
2024-11-15 09:44:38.869 T:4128 debug : CAMLCodec::AddData: dl:4096 fl:6090752 sz:4019(4096) lv:0.1% dts:2.090 pts:2.090
2024-11-15 09:44:38.869 T:4128 debug : CAMLCodec::DequeueBuffer: pts:1.882 idx:45
2024-11-15 09:44:38.869 T:4128 debug : CAMLCodec::GetPicture: index: 45, pts: 1.882, dur:42.001ms ar:1.78 elf:39ms
2024-11-15 09:44:38.869 T:3919 debug : CAMLCodec::ReleaseFrame idx:37, drop:0
2024-11-15 09:44:38.870 T:4124 debug : CVideoPlayer::ProcessVideoData size:21498 dts:26.490 pts:26.490 dur:41.000ms, clock:1.450 level:100
2024-11-15 09:44:38.872 T:4124 debug : CVideoPlayer::ProcessVideoData size:4369 dts:26.531 pts:26.531 dur:41.000ms, clock:1.451 level:100
2024-11-15 09:44:38.875 T:4124 debug : CVideoPlayer::ProcessVideoData size:71775 dts:26.573 pts:26.573 dur:41.000ms, clock:1.455 level:100
2024-11-15 09:44:38.881 T:4124 debug : CVideoPlayer::ProcessVideoData size:43075 dts:26.615 pts:26.615 dur:41.000ms, clock:1.460 level:100
2024-11-15 09:44:38.882 T:4124 debug : CVideoPlayer::ProcessVideoData size:9592 dts:26.657 pts:26.657 dur:41.000ms, clock:1.462 level:100
2024-11-15 09:44:38.883 T:4124 debug : CVideoPlayer::ProcessVideoData size:8763 dts:26.698 pts:26.698 dur:41.000ms, clock:1.463 level:100
2024-11-15 09:44:38.887 T:4124 debug : CVideoPlayer::ProcessVideoData size:11655 dts:26.740 pts:26.740 dur:41.000ms, clock:1.466 level:100
2024-11-15 09:44:38.888 T:4124 debug : CVideoPlayer::ProcessVideoData size:8382 dts:26.782 pts:26.782 dur:41.000ms, clock:1.467 level:100
2024-11-15 09:44:38.892 T:4124 debug : CVideoPlayer::ProcessVideoData size:44348 dts:26.823 pts:26.823 dur:41.000ms, clock:1.471 level:100
2024-11-15 09:44:38.893 T:4124 debug : CVideoPlayer::ProcessVideoData size:6222 dts:26.865 pts:26.865 dur:41.000ms, clock:1.472 level:100
2024-11-15 09:44:38.894 T:4124 debug : CVideoPlayer::ProcessVideoData size:3789 dts:26.907 pts:26.907 dur:41.000ms, clock:1.474 level:100
2024-11-15 09:44:38.897 T:4124 debug : CVideoPlayer::ProcessVideoData size:68020 dts:26.949 pts:26.949 dur:41.000ms, clock:1.477 level:100
2024-11-15 09:44:38.899 T:4124 debug : CVideoPlayer::ProcessVideoData size:24151 dts:26.990 pts:26.990 dur:41.000ms, clock:1.479 level:100
2024-11-15 09:44:38.903 T:4124 debug : CVideoPlayer::ProcessVideoData size:108423 dts:27.032 pts:27.032 dur:41.000ms, clock:1.483 level:100
2024-11-15 09:44:38.907 T:3919 debug : CAMLCodec::PollFrame elapsed:37.391ms
2024-11-15 09:44:38.909 T:4124 debug : CVideoPlayer::ProcessVideoData size:132998 dts:27.074 pts:27.074 dur:41.000ms, clock:1.489 level:100
2024-11-15 09:44:38.909 T:3919 debug : PrepareNextRender: frameOnScreen: 1.489 renderPts: 1.654 nextFramePts: 1.590 -> diff: 0.064 render: 1 forceNext: 0
2024-11-15 09:44:38.910 T:4128 debug : CVideoPlayerVideo::OutputPicture - ttd:433ms pts:1.882 Clock:1.449 Level:6
2024-11-15 09:44:38.911 T:3919 debug : CAMLCodec::ReleaseFrame idx:38, drop:0
2024-11-15 09:44:38.911 T:4128 debug : CAMLCodec::AddData: dl:4224 fl:6090624 sz:4133(4224) lv:0.1% dts:2.132 pts:2.132
2024-11-15 09:44:38.912 T:4128 debug : CAMLCodec::DequeueBuffer: pts:1.924 idx:46
2024-11-15 09:44:38.912 T:4128 debug : CAMLCodec::GetPicture: index: 46, pts: 1.924, dur:42.000ms ar:1.78 elf:42ms
2024-11-15 09:44:38.917 T:4124 debug : CVideoPlayer::ProcessVideoData size:5788 dts:27.115 pts:27.115 dur:41.000ms, clock:1.497 level:100
2024-11-15 09:44:38.919 T:4124 debug : CVideoPlayer::ProcessVideoData size:8198 dts:27.157 pts:27.157 dur:41.000ms, clock:1.498 level:100
2024-11-15 09:44:38.921 T:4124 debug : CVideoPlayer::ProcessVideoData size:29644 dts:27.199 pts:27.199 dur:41.000ms, clock:1.500 level:100
2024-11-15 09:44:38.922 T:4124 debug : CVideoPlayer::ProcessVideoData size:8443 dts:27.241 pts:27.241 dur:41.000ms, clock:1.502 level:100
2024-11-15 09:44:38.923 T:4124 debug : CVideoPlayer::ProcessVideoData size:4459 dts:27.282 pts:27.282 dur:41.000ms, clock:1.503 level:100
2024-11-15 09:44:38.925 T:4124 debug : CVideoPlayer::ProcessVideoData size:20367 dts:27.324 pts:27.324 dur:41.000ms, clock:1.504 level:100
2024-11-15 09:44:38.926 T:4124 debug : CVideoPlayer::ProcessVideoData size:4631 dts:27.366 pts:27.366 dur:41.000ms, clock:1.506 level:100
2024-11-15 09:44:38.928 T:4124 debug : CVideoPlayer::ProcessVideoData size:4340 dts:27.407 pts:27.407 dur:41.000ms, clock:1.507 level:100
2024-11-15 09:44:38.932 T:4124 debug : CVideoPlayer::ProcessVideoData size:70328 dts:27.449 pts:27.449 dur:41.000ms, clock:1.512 level:100
2024-11-15 09:44:38.933 T:4124 debug : CVideoPlayer::ProcessVideoData size:21290 dts:27.491 pts:27.491 dur:41.000ms, clock:1.513 level:100
2024-11-15 09:44:38.944 T:4124 debug : CVideoPlayer::ProcessVideoData size:294885 dts:27.532 pts:27.532 dur:41.000ms, clock:1.524 level:100
2024-11-15 09:44:38.948 T:3919 debug : CAMLCodec::PollFrame elapsed:37.408ms
2024-11-15 09:44:38.951 T:3919 debug : PrepareNextRender: frameOnScreen: 1.531 renderPts: 1.696 nextFramePts: 1.632 -> diff: 0.064 render: 1 forceNext: 0
2024-11-15 09:44:38.951 T:4128 debug : CVideoPlayerVideo::OutputPicture - ttd:432ms pts:1.924 Clock:1.491 Level:6
2024-11-15 09:44:38.952 T:3919 debug : CAMLCodec::ReleaseFrame idx:39, drop:0
2024-11-15 09:44:38.952 T:4128 debug : CAMLCodec::AddData: dl:15616 fl:6079232 sz:15492(15616) lv:0.3% dts:2.174 pts:2.174
2024-11-15 09:44:38.953 T:4128 debug : CAMLCodec::DequeueBuffer: pts:1.965 idx:47
2024-11-15 09:44:38.953 T:4128 debug : CAMLCodec::GetPicture: index: 47, pts: 1.965, dur:40.999ms ar:1.78 elf:40ms
2024-11-15 09:44:38.955 T:4124 debug : CVideoPlayer::ProcessVideoData size:58629 dts:27.574 pts:27.574 dur:41.000ms, clock:1.535 level:100
2024-11-15 09:44:38.957 T:4124 debug : CVideoPlayer::ProcessVideoData size:45064 dts:27.616 pts:27.616 dur:41.000ms, clock:1.537 level:100
2024-11-15 09:44:38.958 T:4124 debug : CVideoPlayer::ProcessVideoData size:6951 dts:27.658 pts:27.658 dur:41.000ms, clock:1.538 level:100
2024-11-15 09:44:38.960 T:4124 debug : CVideoPlayer::ProcessVideoData size:5566 dts:27.699 pts:27.699 dur:41.000ms, clock:1.539 level:100
2024-11-15 09:44:38.961 T:4124 debug : CVideoPlayer::ProcessVideoData size:10936 dts:27.741 pts:27.741 dur:41.000ms, clock:1.541 level:100
2024-11-15 09:44:38.962 T:4124 debug : CVideoPlayer::ProcessVideoData size:8108 dts:27.783 pts:27.783 dur:41.000ms, clock:1.542 level:100
2024-11-15 09:44:38.964 T:4124 debug : CVideoPlayer::ProcessVideoData size:30256 dts:27.824 pts:27.824 dur:41.000ms, clock:1.544 level:100
2024-11-15 09:44:38.965 T:4124 debug : CVideoPlayer::ProcessVideoData size:6110 dts:27.866 pts:27.866 dur:41.000ms, clock:1.545 level:100
2024-11-15 09:44:38.967 T:4124 debug : CVideoPlayer::ProcessVideoData size:3827 dts:27.908 pts:27.908 dur:41.000ms, clock:1.547 level:100
2024-11-15 09:44:38.972 T:4124 debug : CVideoPlayer::ProcessVideoData size:75827 dts:27.950 pts:27.950 dur:41.000ms, clock:1.552 level:100
2024-11-15 09:44:38.974 T:4124 debug : CVideoPlayer::ProcessVideoData size:24611 dts:27.991 pts:27.991 dur:41.000ms, clock:1.554 level:100
2024-11-15 09:44:38.978 T:4124 debug : CVideoPlayer::ProcessVideoData size:109130 dts:28.033 pts:28.033 dur:41.000ms, clock:1.558 level:100
2024-11-15 09:44:38.984 T:4124 debug : CVideoPlayer::ProcessVideoData size:132334 dts:28.075 pts:28.075 dur:41.000ms, clock:1.564 level:100
2024-11-15 09:44:38.989 T:4124 debug : CVideoPlayer::ProcessVideoData size:5815 dts:28.116 pts:28.116 dur:41.000ms, clock:1.569 level:100
2024-11-15 09:44:38.990 T:3919 debug : CAMLCodec::PollFrame elapsed:37.706ms
2024-11-15 09:44:38.991 T:4124 debug : CVideoPlayer::ProcessVideoData size:8137 dts:28.158 pts:28.158 dur:41.000ms, clock:1.571 level:100
2024-11-15 09:44:38.992 T:4124 debug : CVideoPlayer::ProcessVideoData size:28879 dts:28.200 pts:28.200 dur:41.000ms, clock:1.572 level:100
2024-11-15 09:44:38.993 T:3919 debug : PrepareNextRender: frameOnScreen: 1.573 renderPts: 1.738 nextFramePts: 1.673 -> diff: 0.065 render: 1 forceNext: 0
2024-11-15 09:44:38.993 T:4128 debug : CVideoPlayerVideo::OutputPicture - ttd:432ms pts:1.965 Clock:1.532 Level:6
2024-11-15 09:44:38.995 T:4128 debug : CAMLCodec::AddData: dl:4096 fl:6090752 sz:3993(4096) lv:0.1% dts:2.216 pts:2.216
2024-11-15 09:44:38.995 T:4128 debug : CAMLCodec::DequeueBuffer: pts:2.007 idx:48
2024-11-15 09:44:38.995 T:3919 debug : CAMLCodec::ReleaseFrame idx:40, drop:0
2024-11-15 09:44:38.995 T:4128 debug : CAMLCodec::GetPicture: index: 48, pts: 2.007, dur:42.000ms ar:1.78 elf:42ms
2024-11-15 09:44:38.996 T:4124 debug : CVideoPlayer::ProcessVideoData size:8296 dts:28.242 pts:28.242 dur:41.000ms, clock:1.576 level:100
2024-11-15 09:44:38.998 T:4124 debug : CVideoPlayer::ProcessVideoData size:4412 dts:28.283 pts:28.283 dur:41.000ms, clock:1.577 level:100
2024-11-15 09:44:38.999 T:4124 debug : CVideoPlayer::ProcessVideoData size:20307 dts:28.325 pts:28.325 dur:41.000ms, clock:1.579 level:100
2024-11-15 09:44:39.000 T:4124 debug : CVideoPlayer::ProcessVideoData size:4649 dts:28.367 pts:28.367 dur:41.000ms, clock:1.580 level:100
2024-11-15 09:44:39.002 T:4124 debug : CVideoPlayer::ProcessVideoData size:4269 dts:28.408 pts:28.408 dur:41.000ms, clock:1.581 level:100
2024-11-15 09:44:39.007 T:4124 debug : CVideoPlayer::ProcessVideoData size:72063 dts:28.450 pts:28.450 dur:41.000ms, clock:1.587 level:100
2024-11-15 09:44:39.008 T:4124 debug : CVideoPlayer::ProcessVideoData size:21442 dts:28.492 pts:28.492 dur:41.000ms, clock:1.588 level:100
2024-11-15 09:44:39.010 T:4124 debug : CVideoPlayer::ProcessVideoData size:4387 dts:28.533 pts:28.533 dur:41.000ms, clock:1.589 level:100
2024-11-15 09:44:39.013 T:4124 debug : CVideoPlayer::ProcessVideoData size:70306 dts:28.575 pts:28.575 dur:41.000ms, clock:1.592 level:100
2024-11-15 09:44:39.014 T:4124 debug : CVideoPlayer::ProcessVideoData size:42904 dts:28.617 pts:28.617 dur:41.000ms, clock:1.594 level:100
2024-11-15 09:44:39.015 T:4124 debug : CVideoPlayer::ProcessVideoData size:9352 dts:28.659 pts:28.659 dur:41.000ms, clock:1.595 level:100
2024-11-15 09:44:39.020 T:4124 debug : CVideoPlayer::ProcessVideoData size:8793 dts:28.700 pts:28.700 dur:41.000ms, clock:1.599 level:100
2024-11-15 09:44:39.021 T:4124 debug : CVideoPlayer::ProcessVideoData size:11549 dts:28.742 pts:28.742 dur:41.000ms, clock:1.600 level:100
2024-11-15 09:44:39.030 T:4124 debug : CVideoPlayer::ProcessVideoData size:252785 dts:28.784 pts:28.784 dur:41.000ms, clock:1.610 level:100
2024-11-15 09:44:39.032 T:3919 debug : CAMLCodec::PollFrame elapsed:36.236ms
2024-11-15 09:44:39.034 T:3919 debug : PrepareNextRender: frameOnScreen: 1.614 renderPts: 1.779 nextFramePts: 1.715 -> diff: 0.064 render: 1 forceNext: 0
2024-11-15 09:44:39.034 T:4128 debug : CVideoPlayerVideo::OutputPicture - ttd:431ms pts:2.007 Clock:1.575 Level:6
2024-11-15 09:44:39.036 T:3919 debug : CAMLCodec::ReleaseFrame idx:41, drop:0
2024-11-15 09:44:39.036 T:4128 debug : CAMLCodec::AddData: dl:4096 fl:6090752 sz:2760(4096) lv:0.1% dts:2.257 pts:2.257
2024-11-15 09:44:39.036 T:4128 debug : CAMLCodec::DequeueBuffer: pts:2.049 idx:49
2024-11-15 09:44:39.036 T:4128 debug : CAMLCodec::GetPicture: index: 49, pts: 2.049, dur:42.001ms ar:1.78 elf:40ms
2024-11-15 09:44:39.037 T:4124 debug : CVideoPlayer::ProcessVideoData size:13179 dts:28.825 pts:28.825 dur:41.000ms, clock:1.617 level:100
2024-11-15 09:44:39.038 T:4124 debug : CVideoPlayer::ProcessVideoData size:6824 dts:28.867 pts:28.867 dur:41.000ms, clock:1.618 level:100
2024-11-15 09:44:39.040 T:4124 debug : CVideoPlayer::ProcessVideoData size:3898 dts:28.909 pts:28.909 dur:41.000ms, clock:1.619 level:100
2024-11-15 09:44:39.043 T:4124 debug : CVideoPlayer::ProcessVideoData size:94259 dts:28.951 pts:28.951 dur:41.000ms, clock:1.622 level:100
2024-11-15 09:44:39.047 T:4124 debug : CVideoPlayer::ProcessVideoData size:24822 dts:28.992 pts:28.992 dur:41.000ms, clock:1.627 level:100
2024-11-15 09:44:39.049 T:4124 debug : CVideoPlayer::ProcessVideoData size:109400 dts:29.034 pts:29.034 dur:41.000ms, clock:1.628 level:100
2024-11-15 09:44:39.059 T:4124 debug : CVideoPlayer::ProcessVideoData size:133101 dts:29.076 pts:29.076 dur:41.000ms, clock:1.638 level:100
2024-11-15 09:44:39.060 T:4124 debug : CVideoPlayer::ProcessVideoData size:5604 dts:29.117 pts:29.117 dur:41.000ms, clock:1.640 level:100
2024-11-15 09:44:39.065 T:4124 debug : CVideoPlayer::ProcessVideoData size:8112 dts:29.159 pts:29.159 dur:41.000ms, clock:1.645 level:100
2024-11-15 09:44:39.067 T:4124 debug : CVideoPlayer::ProcessVideoData size:32552 dts:29.201 pts:29.201 dur:41.000ms, clock:1.646 level:100
2024-11-15 09:44:39.068 T:4124 debug : CVideoPlayer::ProcessVideoData size:8418 dts:29.243 pts:29.243 dur:41.000ms, clock:1.648 level:100
2024-11-15 09:44:39.069 T:4124 debug : CVideoPlayer::ProcessVideoData size:4426 dts:29.284 pts:29.284 dur:41.000ms, clock:1.649 level:100
2024-11-15 09:44:39.072 T:4124 debug : CVideoPlayer::ProcessVideoData size:21875 dts:29.326 pts:29.326 dur:41.000ms, clock:1.651 level:100
2024-11-15 09:44:39.073 T:4124 debug : CVideoPlayer::ProcessVideoData size:4676 dts:29.368 pts:29.368 dur:41.000ms, clock:1.652 level:100
2024-11-15 09:44:39.074 T:3919 debug : CAMLCodec::PollFrame elapsed:37.230ms
2024-11-15 09:44:39.075 T:4124 debug : CVideoPlayer::ProcessVideoData size:4311 dts:29.409 pts:29.409 dur:41.000ms, clock:1.654 level:100
2024-11-15 09:44:39.076 T:3919 debug : PrepareNextRender: frameOnScreen: 1.656 renderPts: 1.821 nextFramePts: 1.757 -> diff: 0.064 render: 1 forceNext: 0
2024-11-15 09:44:39.076 T:4128 debug : CVideoPlayerVideo::OutputPicture - ttd:433ms pts:2.049 Clock:1.616 Level:6
2024-11-15 09:44:39.077 T:4124 debug : CVideoPlayer::ProcessVideoData size:72206 dts:29.451 pts:29.451 dur:41.000ms, clock:1.656 level:100
2024-11-15 09:44:39.078 T:3919 debug : CAMLCodec::ReleaseFrame idx:42, drop:0
2024-11-15 09:44:39.078 T:4128 debug : CAMLCodec::AddData: dl:10944 fl:6083904 sz:10861(10944) lv:0.2% dts:2.299 pts:2.299
2024-11-15 09:44:39.078 T:4128 debug : CAMLCodec::DequeueBuffer: pts:2.090 idx:50
2024-11-15 09:44:39.078 T:4128 debug : CAMLCodec::GetPicture: index: 50, pts: 2.090, dur:40.999ms ar:1.78 elf:41ms
2024-11-15 09:44:39.082 T:4124 debug : CVideoPlayer::ProcessVideoData size:21440 dts:29.493 pts:29.493 dur:41.000ms, clock:1.661 level:100
2024-11-15 09:44:39.083 T:4124 debug : CVideoPlayer::ProcessVideoData size:4455 dts:29.534 pts:29.534 dur:41.000ms, clock:1.663 level:100
2024-11-15 09:44:39.085 T:4124 debug : CVideoPlayer::ProcessVideoData size:71628 dts:29.576 pts:29.576 dur:41.000ms, clock:1.665 level:100
2024-11-15 09:44:39.087 T:4124 debug : CVideoPlayer::ProcessVideoData size:42977 dts:29.618 pts:29.618 dur:41.000ms, clock:1.667 level:100
2024-11-15 09:44:39.094 T:4124 debug : CVideoPlayer::ProcessVideoData size:9164 dts:29.660 pts:29.660 dur:41.000ms, clock:1.673 level:100
2024-11-15 09:44:39.095 T:4124 debug : CVideoPlayer::ProcessVideoData size:8414 dts:29.701 pts:29.701 dur:41.000ms, clock:1.675 level:100
2024-11-15 09:44:39.096 T:4124 debug : CVideoPlayer::ProcessVideoData size:11452 dts:29.743 pts:29.743 dur:41.000ms, clock:1.676 level:100
2024-11-15 09:44:39.097 T:4124 debug : CVideoPlayer::ProcessVideoData size:8329 dts:29.785 pts:29.785 dur:41.000ms, clock:1.677 level:100
2024-11-15 09:44:39.099 T:4124 debug : CVideoPlayer::ProcessVideoData size:42861 dts:29.826 pts:29.826 dur:41.000ms, clock:1.679 level:100
2024-11-15 09:44:39.100 T:4124 debug : CVideoPlayer::ProcessVideoData size:6212 dts:29.868 pts:29.868 dur:41.000ms, clock:1.680 level:100
2024-11-15 09:44:39.102 T:4124 debug : CVideoPlayer::ProcessVideoData size:3843 dts:29.910 pts:29.910 dur:41.000ms, clock:1.682 level:100
2024-11-15 09:44:39.105 T:4124 debug : CVideoPlayer::ProcessVideoData size:67135 dts:29.952 pts:29.952 dur:41.000ms, clock:1.685 level:100
2024-11-15 09:44:39.107 T:4124 debug : CVideoPlayer::ProcessVideoData size:24035 dts:29.993 pts:29.993 dur:41.000ms, clock:1.686 level:100
2024-11-15 09:44:39.115 T:3919 debug : CAMLCodec::PollFrame elapsed:37.301ms
2024-11-15 09:44:39.117 T:4124 debug : CVideoPlayer::ProcessVideoData size:277667 dts:30.035 pts:30.035 dur:41.000ms, clock:1.697 level:100
2024-11-15 09:44:39.118 T:3919 debug : PrepareNextRender: frameOnScreen: 1.698 renderPts: 1.863 nextFramePts: 1.798 -> diff: 0.065 render: 1 forceNext: 0
2024-11-15 09:44:39.118 T:4128 debug : CVideoPlayerVideo::OutputPicture - ttd:432ms pts:2.090 Clock:1.658 Level:6
2024-11-15 09:44:39.119 T:3919 debug : CAMLCodec::ReleaseFrame idx:43, drop:0
2024-11-15 09:44:39.120 T:4128 debug : CAMLCodec::AddData: dl:4096 fl:6090752 sz:3213(4096) lv:0.1% dts:2.341 pts:2.341
2024-11-15 09:44:39.120 T:4128 debug : CAMLCodec::DequeueBuffer: pts:2.132 idx:51
2024-11-15 09:44:39.120 T:4128 debug : CAMLCodec::GetPicture: index: 51, pts: 2.132, dur:42.000ms ar:1.78 elf:41ms
2024-11-15 09:44:39.134 T:4124 debug : CVideoPlayer::ProcessVideoData size:125156 dts:30.077 pts:30.077 dur:41.000ms, clock:1.713 level:100
2024-11-15 09:44:39.135 T:4124 debug : CVideoPlayer::ProcessVideoData size:14161 dts:30.118 pts:30.118 dur:41.000ms, clock:1.715 level:100
2024-11-15 09:44:39.136 T:4124 debug : CVideoPlayer::ProcessVideoData size:9525 dts:30.160 pts:30.160 dur:41.000ms, clock:1.716 level:100
2024-11-15 09:44:39.138 T:4124 debug : CVideoPlayer::ProcessVideoData size:43726 dts:30.202 pts:30.202 dur:41.000ms, clock:1.717 level:100
2024-11-15 09:44:39.139 T:4124 debug : CVideoPlayer::ProcessVideoData size:8836 dts:30.244 pts:30.244 dur:41.000ms, clock:1.719 level:100
2024-11-15 09:44:39.141 T:4124 debug : CVideoPlayer::ProcessVideoData size:4449 dts:30.285 pts:30.285 dur:41.000ms, clock:1.720 level:100
2024-11-15 09:44:39.143 T:4124 debug : CVideoPlayer::ProcessVideoData size:34049 dts:30.327 pts:30.327 dur:41.000ms, clock:1.723 level:100
2024-11-15 09:44:39.146 T:4124 debug : CVideoPlayer::ProcessVideoData size:4695 dts:30.369 pts:30.369 dur:41.000ms, clock:1.725 level:100
2024-11-15 09:44:39.147 T:4124 debug : CVideoPlayer::ProcessVideoData size:4310 dts:30.410 pts:30.410 dur:41.000ms, clock:1.727 level:100
2024-11-15 09:44:39.151 T:4124 debug : CVideoPlayer::ProcessVideoData size:77722 dts:30.452 pts:30.452 dur:41.000ms, clock:1.731 level:100
2024-11-15 09:44:39.153 T:4124 debug : CVideoPlayer::ProcessVideoData size:21277 dts:30.494 pts:30.494 dur:41.000ms, clock:1.732 level:100
2024-11-15 09:44:39.154 T:4124 debug : CVideoPlayer::ProcessVideoData size:4447 dts:30.535 pts:30.535 dur:41.000ms, clock:1.733 level:100
2024-11-15 09:44:39.157 T:3919 debug : CAMLCodec::PollFrame elapsed:37.536ms
2024-11-15 09:44:39.158 T:4124 debug : CVideoPlayer::ProcessVideoData size:71341 dts:30.577 pts:30.577 dur:41.000ms, clock:1.737 level:100
2024-11-15 09:44:39.159 T:4124 debug : CVideoPlayer::ProcessVideoData size:42980 dts:30.619 pts:30.619 dur:41.000ms, clock:1.738 level:100
2024-11-15 09:44:39.159 T:3919 debug : PrepareNextRender: frameOnScreen: 1.739 renderPts: 1.904 nextFramePts: 1.840 -> diff: 0.064 render: 1 forceNext: 0
2024-11-15 09:44:39.160 T:4128 debug : CVideoPlayerVideo::OutputPicture - ttd:432ms pts:2.132 Clock:1.700 Level:6
2024-11-15 09:44:39.161 T:3919 debug : CAMLCodec::ReleaseFrame idx:44, drop:0
2024-11-15 09:44:39.161 T:4128 debug : CAMLCodec::AddData: dl:4096 fl:6090752 sz:3204(4096) lv:0.1% dts:2.382 pts:2.382
2024-11-15 09:44:39.161 T:4128 debug : CAMLCodec::DequeueBuffer: pts:2.174 idx:52
2024-11-15 09:44:39.161 T:4128 debug : CAMLCodec::GetPicture: index: 52, pts: 2.174, dur:42.001ms ar:1.78 elf:41ms
2024-11-15 09:44:39.163 T:4124 debug : CVideoPlayer::ProcessVideoData size:9388 dts:30.661 pts:30.661 dur:41.000ms, clock:1.743 level:100
2024-11-15 09:44:39.165 T:4124 debug : CVideoPlayer::ProcessVideoData size:9340 dts:30.702 pts:30.702 dur:41.000ms, clock:1.745 level:100
2024-11-15 09:44:39.168 T:4124 debug : CVideoPlayer::ProcessVideoData size:11929 dts:30.744 pts:30.744 dur:41.000ms, clock:1.748 level:100
2024-11-15 09:44:39.169 T:4124 debug : CVideoPlayer::ProcessVideoData size:8456 dts:30.786 pts:30.786 dur:41.000ms, clock:1.749 level:100
2024-11-15 09:44:39.172 T:4124 debug : CVideoPlayer::ProcessVideoData size:43185 dts:30.827 pts:30.827 dur:41.000ms, clock:1.751 level:100
2024-11-15 09:44:39.173 T:4124 debug : CVideoPlayer::ProcessVideoData size:6166 dts:30.869 pts:30.869 dur:41.000ms, clock:1.752 level:100
2024-11-15 09:44:39.174 T:4124 debug : CVideoPlayer::ProcessVideoData size:3824 dts:30.911 pts:30.911 dur:41.000ms, clock:1.754 level:100
2024-11-15 09:44:39.176 T:4124 debug : CVideoPlayer::ProcessVideoData size:68031 dts:30.953 pts:30.953 dur:41.000ms, clock:1.756 level:100
2024-11-15 09:44:39.182 T:4124 debug : CVideoPlayer::ProcessVideoData size:23982 dts:30.994 pts:30.994 dur:41.000ms, clock:1.761 level:100
2024-11-15 09:44:39.186 T:4124 debug : CVideoPlayer::ProcessVideoData size:107852 dts:31.036 pts:31.036 dur:41.000ms, clock:1.765 level:100
2024-11-15 09:44:39.192 T:4124 debug : CVideoPlayer::ProcessVideoData size:133143 dts:31.078 pts:31.078 dur:41.000ms, clock:1.771 level:100
2024-11-15 09:44:39.197 T:4124 debug : CVideoPlayer::ProcessVideoData size:5705 dts:31.119 pts:31.119 dur:41.000ms, clock:1.776 level:100
2024-11-15 09:44:39.198 T:4124 debug : CVideoPlayer::ProcessVideoData size:8161 dts:31.161 pts:31.161 dur:41.000ms, clock:1.778 level:100
2024-11-15 09:44:39.199 T:3919 debug : CAMLCodec::PollFrame elapsed:37.588ms
2024-11-15 09:44:39.200 T:4124 debug : CVideoPlayer::ProcessVideoData size:29087 dts:31.203 pts:31.203 dur:41.000ms, clock:1.779 level:100
2024-11-15 09:44:39.201 T:3919 debug : PrepareNextRender: frameOnScreen: 1.780 renderPts: 1.946 nextFramePts: 1.882 -> diff: 0.064 render: 1 forceNext: 0
2024-11-15 09:44:39.201 T:4128 debug : CVideoPlayerVideo::OutputPicture - ttd:433ms pts:2.174 Clock:1.741 Level:6
2024-11-15 09:44:39.201 T:4124 debug : CVideoPlayer::ProcessVideoData size:8323 dts:31.245 pts:31.245 dur:41.000ms, clock:1.781 level:100
2024-11-15 09:44:39.203 T:3919 debug : CAMLCodec::ReleaseFrame idx:45, drop:0
2024-11-15 09:44:39.203 T:4128 debug : CAMLCodec::AddData: dl:48960 fl:6045888 sz:48860(48960) lv:0.8% dts:2.424 pts:2.424
2024-11-15 09:44:39.203 T:4128 debug : CAMLCodec::DequeueBuffer: pts:2.216 idx:53
2024-11-15 09:44:39.203 T:4128 debug : CAMLCodec::GetPicture: index: 53, pts: 2.216, dur:41.999ms ar:1.78 elf:41ms
2024-11-15 09:44:39.210 T:4124 debug : CVideoPlayer::ProcessVideoData size:282537 dts:31.286 pts:31.286 dur:41.000ms, clock:1.789 level:100
2024-11-15 09:44:39.220 T:4124 debug : CVideoPlayer::ProcessVideoData size:8037 dts:31.328 pts:31.328 dur:41.000ms, clock:1.800 level:100
2024-11-15 09:44:39.221 T:4124 debug : CVideoPlayer::ProcessVideoData size:5157 dts:31.370 pts:31.370 dur:41.000ms, clock:1.801 level:100
2024-11-15 09:44:39.223 T:4124 debug : CVideoPlayer::ProcessVideoData size:4417 dts:31.411 pts:31.411 dur:41.000ms, clock:1.802 level:100
2024-11-15 09:44:39.226 T:4124 debug : CVideoPlayer::ProcessVideoData size:81374 dts:31.453 pts:31.453 dur:41.000ms, clock:1.805 level:100
2024-11-15 09:44:39.227 T:4124 debug : CVideoPlayer::ProcessVideoData size:21498 dts:31.495 pts:31.495 dur:41.000ms, clock:1.807 level:100
2024-11-15 09:44:39.228 T:4124 debug : CVideoPlayer::ProcessVideoData size:4369 dts:31.536 pts:31.536 dur:41.000ms, clock:1.808 level:100
2024-11-15 09:44:39.232 T:4124 debug : CVideoPlayer::ProcessVideoData size:71775 dts:31.578 pts:31.578 dur:41.000ms, clock:1.811 level:100
2024-11-15 09:44:39.233 T:4124 debug : CVideoPlayer::ProcessVideoData size:43075 dts:31.620 pts:31.620 dur:41.000ms, clock:1.813 level:100
2024-11-15 09:44:39.238 T:4124 debug : CVideoPlayer::ProcessVideoData size:9592 dts:31.662 pts:31.662 dur:41.000ms, clock:1.818 level:100
2024-11-15 09:44:39.239 T:4124 debug : CVideoPlayer::ProcessVideoData size:8763 dts:31.703 pts:31.703 dur:41.000ms, clock:1.819 level:100
2024-11-15 09:44:39.240 T:3919 debug : CAMLCodec::PollFrame elapsed:37.437ms
2024-11-15 09:44:39.241 T:4124 debug : CVideoPlayer::ProcessVideoData size:11655 dts:31.745 pts:31.745 dur:41.000ms, clock:1.820 level:100
2024-11-15 09:44:39.243 T:3919 debug : PrepareNextRender: frameOnScreen: 1.822 renderPts: 1.987 nextFramePts: 1.924 -> diff: 0.063 render: 1 forceNext: 0
2024-11-15 09:44:39.243 T:4124 debug : CVideoPlayer::ProcessVideoData size:8382 dts:31.787 pts:31.787 dur:41.000ms, clock:1.823 level:100
2024-11-15 09:44:39.243 T:4128 debug : CVideoPlayerVideo::OutputPicture - ttd:432ms pts:2.216 Clock:1.783 Level:6
2024-11-15 09:44:39.244 T:3919 debug : CAMLCodec::ReleaseFrame idx:46, drop:0
2024-11-15 09:44:39.245 T:4128 debug : CAMLCodec::AddData: dl:12608 fl:6082240 sz:12491(12608) lv:0.2% dts:2.466 pts:2.466
2024-11-15 09:44:39.245 T:4128 debug : CAMLCodec::DequeueBuffer: pts:2.257 idx:54
2024-11-15 09:44:39.245 T:4128 debug : CAMLCodec::GetPicture: index: 54, pts: 2.257, dur:41.000ms ar:1.78 elf:41ms
2024-11-15 09:44:39.246 T:4124 debug : CVideoPlayer::ProcessVideoData size:44348 dts:31.828 pts:31.828 dur:41.000ms, clock:1.826 level:100
2024-11-15 09:44:39.248 T:4124 debug : CVideoPlayer::ProcessVideoData size:6222 dts:31.870 pts:31.870 dur:41.000ms, clock:1.827 level:100
2024-11-15 09:44:39.250 T:4124 debug : CVideoPlayer::ProcessVideoData size:3789 dts:31.912 pts:31.912 dur:41.000ms, clock:1.830 level:100
2024-11-15 09:44:39.252 T:4124 debug : CVideoPlayer::ProcessVideoData size:68020 dts:31.954 pts:31.954 dur:41.000ms, clock:1.831 level:100
2024-11-15 09:44:39.255 T:4124 debug : CVideoPlayer::ProcessVideoData size:24151 dts:31.995 pts:31.995 dur:41.000ms, clock:1.835 level:100
2024-11-15 09:44:39.260 T:4124 debug : CVideoPlayer::ProcessVideoData size:108423 dts:32.037 pts:32.037 dur:41.000ms, clock:1.840 level:100
2024-11-15 09:44:39.266 T:4124 debug : CVideoPlayer::ProcessVideoData size:132998 dts:32.079 pts:32.079 dur:41.000ms, clock:1.846 level:100
2024-11-15 09:44:39.269 T:4124 debug : CVideoPlayer::ProcessVideoData size:5788 dts:32.120 pts:32.120 dur:41.000ms, clock:1.848 level:100
2024-11-15 09:44:39.273 T:4124 debug : CVideoPlayer::ProcessVideoData size:8198 dts:32.162 pts:32.162 dur:41.000ms, clock:1.852 level:100
2024-11-15 09:44:39.274 T:4124 debug : CVideoPlayer::ProcessVideoData size:29644 dts:32.204 pts:32.204 dur:41.000ms, clock:1.854 level:100
