2024-11-15 09:44:36.577 T:3919 debug : CAMLCodec::SetVideoRect:m_guiStereoView(0)
2024-11-15 09:44:36.577 T:3919 debug : CAMLCodec::PollFrame elapsed:0.012ms
2024-11-15 09:44:36.578 T:4124 debug : CVideoPlayer::ProcessVideoData size:12444 dts:0.923 pts:0.923 dur:41.000ms, clock:-0.495 level:4
2024-11-15 09:44:36.579 T:4124 debug : CVideoPlayer::ProcessVideoData size:3926 dts:0.964 pts:0.964 dur:41.000ms, clock:-0.495 level:4
2024-11-15 09:44:36.582 T:4124 debug : CVideoPlayer::ProcessVideoData size:40883 dts:1.006 pts:1.006 dur:41.000ms, clock:-0.495 level:5
2024-11-15 09:44:36.585 T:4124 debug : CVideoPlayer::ProcessVideoData size:63588 dts:1.048 pts:1.048 dur:41.000ms, clock:-0.495 level:5
2024-11-15 09:44:36.586 T:4124 debug : CVideoPlayer::ProcessVideoData size:3336 dts:1.089 pts:1.089 dur:41.000ms, clock:-0.495 level:6
2024-11-15 09:44:36.587 T:4124 debug : CVideoPlayer::ProcessVideoData size:3117 dts:1.131 pts:1.131 dur:41.000ms, clock:-0.495 level:6
2024-11-15 09:44:36.589 T:4124 debug : CVideoPlayer::ProcessVideoData size:20054 dts:1.173 pts:1.173 dur:41.000ms, clock:-0.495 level:7
2024-11-15 09:44:36.590 T:4124 debug : CVideoPlayer::ProcessVideoData size:5806 dts:1.215 pts:1.215 dur:41.000ms, clock:-0.495 level:7
2024-11-15 09:44:36.593 T:4124 debug : CVideoPlayer::ProcessVideoData size:215073 dts:1.256 pts:1.256 dur:41.000ms, clock:-0.495 level:8
2024-11-15 09:44:36.600 T:4124 debug : CVideoPlayer::ProcessVideoData size:4088 dts:1.298 pts:1.298 dur:41.000ms, clock:-0.495 level:8
2024-11-15 09:44:36.604 T:4124 debug : CVideoPlayer::ProcessVideoData size:3510 dts:1.340 pts:1.340 dur:41.000ms, clock:-0.495 level:9
2024-11-15 09:44:36.607 T:4124 debug : CVideoPlayer::ProcessVideoData size:2994 dts:1.381 pts:1.381 dur:41.000ms, clock:-0.495 level:9
2024-11-15 09:44:36.608 T:4124 debug : CVideoPlayer::ProcessVideoData size:30102 dts:1.423 pts:1.423 dur:41.000ms, clock:-0.495 level:10
2024-11-15 09:44:36.611 T:4124 debug : CVideoPlayer::ProcessVideoData size:6062 dts:1.465 pts:1.465 dur:41.000ms, clock:-0.495 level:10
2024-11-15 09:44:36.612 T:4124 debug : CVideoPlayer::ProcessVideoData size:2725 dts:1.506 pts:1.506 dur:41.000ms, clock:-0.495 level:11
2024-11-15 09:44:36.616 T:4124 debug : CVideoPlayer::ProcessVideoData size:39168 dts:1.548 pts:1.548 dur:41.000ms, clock:-0.495 level:11
2024-11-15 09:44:36.617 T:4124 debug : CVideoPlayer::ProcessVideoData size:12315 dts:1.590 pts:1.590 dur:41.000ms, clock:-0.495 level:12
2024-11-15 09:44:36.620 T:4124 debug : CVideoPlayer::ProcessVideoData size:2642 dts:1.632 pts:1.632 dur:41.000ms, clock:-0.495 level:12
2024-11-15 09:44:36.622 T:4124 debug : CVideoPlayer::ProcessVideoData size:11543 dts:1.673 pts:1.673 dur:41.000ms, clock:-0.495 level:13
2024-11-15 09:44:36.622 T:3919 debug : CAMLCodec::PollFrame elapsed:0.019ms
2024-11-15 09:44:36.623 T:4124 debug : CVideoPlayer::ProcessVideoData size:4089 dts:1.715 pts:1.715 dur:41.000ms, clock:-0.495 level:14
2024-11-15 09:44:36.625 T:4124 debug : CVideoPlayer::ProcessVideoData size:3923 dts:1.757 pts:1.757 dur:41.000ms, clock:-0.495 level:14
2024-11-15 09:44:36.628 T:4124 debug : CVideoPlayer::ProcessVideoData size:16247 dts:1.798 pts:1.798 dur:41.000ms, clock:-0.495 level:15
2024-11-15 09:44:36.630 T:4124 debug : CVideoPlayer::ProcessVideoData size:2970 dts:1.840 pts:1.840 dur:41.000ms, clock:-0.495 level:15
2024-11-15 09:44:36.631 T:4124 debug : CVideoPlayer::ProcessVideoData size:2726 dts:1.882 pts:1.882 dur:41.000ms, clock:-0.495 level:16
2024-11-15 09:44:36.633 T:4124 debug : CVideoPlayer::ProcessVideoData size:22772 dts:1.924 pts:1.924 dur:41.000ms, clock:-0.495 level:16
2024-11-15 09:44:36.636 T:4124 debug : CVideoPlayer::ProcessVideoData size:6894 dts:1.965 pts:1.965 dur:41.000ms, clock:-0.495 level:17
2024-11-15 09:44:36.639 T:4124 debug : CVideoPlayer::ProcessVideoData size:57978 dts:2.007 pts:2.007 dur:41.000ms, clock:-0.495 level:17
2024-11-15 09:44:36.642 T:4124 debug : CVideoPlayer::ProcessVideoData size:82076 dts:2.049 pts:2.049 dur:41.000ms, clock:-0.495 level:18
2024-11-15 09:44:36.643 T:3919 debug : CAMLCodec::PollFrame elapsed:1.851ms
2024-11-15 09:44:36.644 T:4124 debug : CVideoPlayer::ProcessVideoData size:4019 dts:2.090 pts:2.090 dur:41.000ms, clock:-0.495 level:18
2024-11-15 09:44:36.645 T:4124 debug : CVideoPlayer::ProcessVideoData size:4133 dts:2.132 pts:2.132 dur:41.000ms, clock:-0.495 level:19
2024-11-15 09:44:36.647 T:4124 debug : CVideoPlayer::ProcessVideoData size:15492 dts:2.174 pts:2.174 dur:41.000ms, clock:-0.495 level:19
2024-11-15 09:44:36.649 T:4124 debug : CVideoPlayer::ProcessVideoData size:3993 dts:2.216 pts:2.216 dur:41.000ms, clock:-0.495 level:20
2024-11-15 09:44:36.652 T:4124 debug : CVideoPlayer::ProcessVideoData size:2760 dts:2.257 pts:2.257 dur:41.000ms, clock:-0.495 level:20
2024-11-15 09:44:36.654 T:4124 debug : CVideoPlayer::ProcessVideoData size:10861 dts:2.299 pts:2.299 dur:41.000ms, clock:-0.495 level:21
2024-11-15 09:44:36.657 T:4124 debug : CVideoPlayer::ProcessVideoData size:3213 dts:2.341 pts:2.341 dur:41.000ms, clock:-0.495 level:21
2024-11-15 09:44:36.659 T:4124 debug : CVideoPlayer::ProcessVideoData size:3204 dts:2.382 pts:2.382 dur:41.000ms, clock:-0.495 level:22
2024-11-15 09:44:36.660 T:4124 debug : CVideoPlayer::ProcessVideoData size:48860 dts:2.424 pts:2.424 dur:41.000ms, clock:-0.495 level:22
2024-11-15 09:44:36.662 T:4124 debug : CVideoPlayer::ProcessVideoData size:12491 dts:2.466 pts:2.466 dur:41.000ms, clock:-0.495 level:23
2024-11-15 09:44:36.665 T:4124 debug : CVideoPlayer::ProcessVideoData size:257626 dts:2.507 pts:2.507 dur:41.000ms, clock:-0.495 level:23
2024-11-15 09:44:36.676 T:4124 debug : CVideoPlayer::ProcessVideoData size:34547 dts:2.549 pts:2.549 dur:41.000ms, clock:-0.495 level:24
2024-11-15 09:44:36.678 T:4124 debug : CVideoPlayer::ProcessVideoData size:24555 dts:2.591 pts:2.591 dur:41.000ms, clock:-0.495 level:24
2024-11-15 09:44:36.679 T:4124 debug : CVideoPlayer::ProcessVideoData size:3076 dts:2.633 pts:2.633 dur:41.000ms, clock:-0.495 level:25
2024-11-15 09:44:36.680 T:4124 debug : CVideoPlayer::ProcessVideoData size:4882 dts:2.674 pts:2.674 dur:41.000ms, clock:-0.495 level:26
2024-11-15 09:44:36.682 T:4124 debug : CVideoPlayer::ProcessVideoData size:6194 dts:2.716 pts:2.716 dur:41.000ms, clock:-0.495 level:26
2024-11-15 09:44:36.683 T:4124 debug : CVideoPlayer::ProcessVideoData size:5354 dts:2.758 pts:2.758 dur:41.000ms, clock:-0.495 level:27
2024-11-15 09:44:36.685 T:3919 debug : CAMLCodec::PollFrame elapsed:25.054ms
2024-11-15 09:44:36.686 T:4124 debug : CVideoPlayer::ProcessVideoData size:17691 dts:2.799 pts:2.799 dur:41.000ms, clock:-0.495 level:27
2024-11-15 09:44:36.687 T:4124 debug : CVideoPlayer::ProcessVideoData size:3969 dts:2.841 pts:2.841 dur:41.000ms, clock:-0.495 level:28
2024-11-15 09:44:36.690 T:4124 debug : CVideoPlayer::ProcessVideoData size:3110 dts:2.883 pts:2.883 dur:41.000ms, clock:-0.495 level:28
2024-11-15 09:44:36.691 T:4124 debug : CVideoPlayer::ProcessVideoData size:48534 dts:2.925 pts:2.925 dur:41.000ms, clock:-0.495 level:29
2024-11-15 09:44:36.693 T:4124 debug : CVideoPlayer::ProcessVideoData size:12907 dts:2.966 pts:2.966 dur:41.000ms, clock:-0.495 level:29
2024-11-15 09:44:36.695 T:4124 debug : CVideoPlayer::ProcessVideoData size:79481 dts:3.008 pts:3.008 dur:41.000ms, clock:-0.495 level:30
2024-11-15 09:44:36.700 T:4124 debug : CVideoPlayer::ProcessVideoData size:101187 dts:3.050 pts:3.050 dur:41.000ms, clock:-0.495 level:30
2024-11-15 09:44:36.701 T:4124 debug : CVideoPlayer::ProcessVideoData size:4682 dts:3.091 pts:3.091 dur:41.000ms, clock:-0.495 level:31
2024-11-15 09:44:36.702 T:4124 debug : CVideoPlayer::ProcessVideoData size:5752 dts:3.133 pts:3.133 dur:41.000ms, clock:-0.495 level:31
2024-11-15 09:44:36.706 T:4124 debug : CVideoPlayer::ProcessVideoData size:22026 dts:3.175 pts:3.175 dur:41.000ms, clock:-0.495 level:32
2024-11-15 09:44:36.711 T:4124 debug : CVideoPlayer::ProcessVideoData size:5695 dts:3.217 pts:3.217 dur:41.000ms, clock:-0.495 level:32
2024-11-15 09:44:36.712 T:4124 debug : CVideoPlayer::ProcessVideoData size:3378 dts:3.258 pts:3.258 dur:41.000ms, clock:-0.495 level:33
2024-11-15 09:44:36.715 T:4124 debug : CVideoPlayer::ProcessVideoData size:15079 dts:3.300 pts:3.300 dur:41.000ms, clock:-0.495 level:33
2024-11-15 09:44:36.717 T:4124 debug : CVideoPlayer::ProcessVideoData size:3679 dts:3.342 pts:3.342 dur:41.000ms, clock:-0.495 level:34
2024-11-15 09:44:36.719 T:4124 debug : CVideoPlayer::ProcessVideoData size:3477 dts:3.383 pts:3.383 dur:41.000ms, clock:-0.495 level:34
2024-11-15 09:44:36.720 T:4124 debug : CVideoPlayer::ProcessVideoData size:44617 dts:3.425 pts:3.425 dur:41.000ms, clock:-0.495 level:35
2024-11-15 09:44:36.721 T:4124 debug : CVideoPlayer::ProcessVideoData size:10901 dts:3.467 pts:3.467 dur:41.000ms, clock:-0.495 level:35
2024-11-15 09:44:36.723 T:4124 debug : CVideoPlayer::ProcessVideoData size:3142 dts:3.508 pts:3.508 dur:41.000ms, clock:-0.495 level:36
2024-11-15 09:44:36.725 T:4124 debug : CVideoPlayer::ProcessVideoData size:51795 dts:3.550 pts:3.550 dur:41.000ms, clock:-0.495 level:36
2024-11-15 09:44:36.727 T:3919 debug : CAMLCodec::PollFrame elapsed:29.580ms
2024-11-15 09:44:36.728 T:4124 debug : CVideoPlayer::ProcessVideoData size:23504 dts:3.592 pts:3.592 dur:41.000ms, clock:-0.495 level:37
2024-11-15 09:44:36.730 T:4124 debug : CVideoPlayer::ProcessVideoData size:3405 dts:3.634 pts:3.634 dur:41.000ms, clock:-0.495 level:38
2024-11-15 09:44:36.731 T:4124 debug : CVideoPlayer::ProcessVideoData size:10342 dts:3.675 pts:3.675 dur:41.000ms, clock:-0.495 level:38
2024-11-15 09:44:36.733 T:4124 debug : CVideoPlayer::ProcessVideoData size:11652 dts:3.717 pts:3.717 dur:41.000ms, clock:-0.495 level:39
2024-11-15 09:44:36.740 T:4124 debug : CVideoPlayer::ProcessVideoData size:258723 dts:3.759 pts:3.759 dur:41.000ms, clock:-0.495 level:39
2024-11-15 09:44:36.748 T:4124 debug : CVideoPlayer::ProcessVideoData size:13019 dts:3.800 pts:3.800 dur:41.000ms, clock:-0.495 level:40
2024-11-15 09:44:36.749 T:4124 debug : CVideoPlayer::ProcessVideoData size:6820 dts:3.842 pts:3.842 dur:41.000ms, clock:-0.495 level:40
2024-11-15 09:44:36.752 T:4124 debug : CVideoPlayer::ProcessVideoData size:3894 dts:3.884 pts:3.884 dur:41.000ms, clock:-0.495 level:41
2024-11-15 09:44:36.753 T:4124 debug : CVideoPlayer::ProcessVideoData size:91091 dts:3.926 pts:3.926 dur:41.000ms, clock:-0.495 level:41
2024-11-15 09:44:36.757 T:4124 debug : CVideoPlayer::ProcessVideoData size:24719 dts:3.967 pts:3.967 dur:41.000ms, clock:-0.495 level:42
2024-11-15 09:44:36.759 T:4124 debug : CVideoPlayer::ProcessVideoData size:109382 dts:4.009 pts:4.009 dur:41.000ms, clock:-0.495 level:42
2024-11-15 09:44:36.768 T:3954 debug : CActiveAESink::OpenSink - trying to open device ALSA:hdmi:CARD=AMLAUGESOUND,DEV=0
2024-11-15 09:44:36.768 T:3954 info : CAESinkALSA::Initialize - Configure simple control for "AUGESOUND"
2024-11-15 09:44:36.768 T:3954 info : CAESinkALSA - Use card "hw:0" and set codec format "DD+"
2024-11-15 09:44:36.768 T:3919 debug : CAMLCodec::PollFrame elapsed:30.129ms
2024-11-15 09:44:36.770 T:3954 info : CAESinkALSA - Set Spdif to HDMITX to "Spdif_b"
2024-11-15 09:44:36.770 T:3954 info : CAESinkALSA - Set codec for "Audio spdif_b format"
2024-11-15 09:44:36.770 T:3954 info : CAESinkALSA - Set codec for "Audio spdif format"
2024-11-15 09:44:36.770 T:3954 info : CAESinkALSA::Initialize - Attempting to open device "hdmi:CARD=AMLAUGESOUND,DEV=0"
2024-11-15 09:44:36.770 T:4124 debug : CVideoPlayer::ProcessVideoData size:132813 dts:4.051 pts:4.051 dur:41.000ms, clock:-0.495 level:43
2024-11-15 09:44:36.777 T:4124 debug : CVideoPlayer::ProcessVideoData size:5723 dts:4.092 pts:4.092 dur:41.000ms, clock:-0.495 level:43
2024-11-15 09:44:36.778 T:3954 info : CAESinkALSA::Initialize - Opened device "hdmi:CARD=AMLAUGESOUND,DEV=0,AES0=0x06,AES1=0x82,AES2=0x00,AES3=0x0e"
2024-11-15 09:44:36.778 T:3954 debug : CAESinkALSA::InitializeHW - Request: periodSize 9600, bufferSize 38400
2024-11-15 09:44:36.779 T:4124 debug : CVideoPlayer::ProcessVideoData size:8069 dts:4.134 pts:4.134 dur:41.000ms, clock:-0.495 level:44
2024-11-15 09:44:36.779 T:3954 debug : CAESinkALSA::InitializeHW - Got: periodSize 9600, bufferSize 38400
2024-11-15 09:44:36.779 T:3954 debug : CAESinkALSA::InitializeHW - Setting timeout to 200 ms
2024-11-15 09:44:36.779 T:3954 debug : CAESinkALSA::GetChannelLayout - Input Channel Count: 2 Output Channel Count: 2
2024-11-15 09:44:36.779 T:3954 debug : CAESinkALSA::GetChannelLayout - Requested Layout: RAW, RAW
2024-11-15 09:44:36.779 T:3954 debug : CAESinkALSA::GetChannelLayout - Got Layout: RAW, RAW (ALSA: none)
2024-11-15 09:44:36.780 T:3954 debug : CActiveAESink::OpenSink - ALSA Initialized:
2024-11-15 09:44:36.780 T:3954 debug : Output Device : AML-AUGESOUND
2024-11-15 09:44:36.780 T:3954 debug : Sample Rate : 192000
2024-11-15 09:44:36.780 T:3954 debug : Sample Format : AE_FMT_S16NE
2024-11-15 09:44:36.780 T:3954 debug : Channel Count : 2
2024-11-15 09:44:36.780 T:3954 debug : Channel Layout: RAW, RAW
2024-11-15 09:44:36.780 T:3954 debug : Frames : 9600
2024-11-15 09:44:36.780 T:3954 debug : Frame Size : 4
2024-11-15 09:44:36.781 T:4124 debug : CVideoPlayer::ProcessVideoData size:32410 dts:4.176 pts:4.176 dur:41.000ms, clock:-0.495 level:44
2024-11-15 09:44:36.783 T:4124 debug : CVideoPlayer::ProcessVideoData size:8447 dts:4.218 pts:4.218 dur:41.000ms, clock:-0.495 level:45
2024-11-15 09:44:36.784 T:4124 debug : CVideoPlayer::ProcessVideoData size:4391 dts:4.259 pts:4.259 dur:41.000ms, clock:-0.495 level:45
2024-11-15 09:44:36.785 T:3953 debug : CActiveAE::ClearDiscardedBuffers - buffer pool deleted
2024-11-15 09:44:36.786 T:4124 info : Skipped 1 duplicate messages..
2024-11-15 09:44:36.786 T:4124 debug : CVideoPlayer::HandleMessages - player started 1
2024-11-15 09:44:36.787 T:4124 debug : VideoPlayer::Sync - Audio - pts: 0.288, cache: 0.506, totalcache: 0.800, packets:142 level:52
2024-11-15 09:44:36.787 T:4107 debug : OnAVChange: CApplication::OnAVChange
2024-11-15 09:44:36.787 T:4124 debug : VideoPlayer::Sync - Video - pts: 0.005, cache: 0.050, totalcache: 0.100, packets:103 level:46
2024-11-15 09:44:36.787 T:4124 debug : CVideoPlayer::SetCaching - caching state 0 clock:-0.218 start pts:0.005
2024-11-15 09:44:36.787 T:4128 debug : CVideoPlayerVideo - CDVDMsg::GENERAL_RESYNC(-217705.856650)
2024-11-15 09:44:36.787 T:4124 debug : CDVDClock::SetSpeedAdjust - adjusted:0.000000
2024-11-15 09:44:36.787 T:4129 debug : CDVDAudio::Resume - resume audio stream
2024-11-15 09:44:36.787 T:4128 debug : CVideoPlayerVideo - OUTPUT_AGAIN - vfmt, interlace should be checked.
2024-11-15 09:44:36.787 T:4128 debug : CVideoPlayerVideo::CalcDropRequirement - hurry: 0
2024-11-15 09:44:36.787 T:4128 debug : CAMLCodec::AddData: dl:4096 fl:6090752 sz:2491(4096) lv:0.1% dts:0.631 pts:0.631
2024-11-15 09:44:36.787 T:4128 debug : CAMLCodec::DequeueBuffer: pts:0.047 idx:1
2024-11-15 09:44:36.787 T:4128 debug : CAMLCodec::GetPicture: index: 1, pts: 0.047, dur:42.000ms ar:1.78 elf:223ms
2024-11-15 09:44:36.787 T:4128 debug : CVideoPlayerVideo::OutputPicture - ttd:264ms pts:0.047 Clock:-0.217 Level:0
2024-11-15 09:44:36.788 T:4128 debug : CVideoPlayerVideo - CDVDMsg::DEMUXER_PACKET - checking interlace vfmt: null
2024-11-15 09:44:36.788 T:4107 debug : OnAVStarted: CApplication::OnAVStarted
2024-11-15 09:44:36.788 T:3953 debug : ActiveAE - start sync of audio stream
2024-11-15 09:44:36.789 T:4124 debug : CVideoPlayer::ProcessVideoData size:21653 dts:4.301 pts:4.301 dur:41.000ms, clock:-0.216 level:45
2024-11-15 09:44:36.789 T:4128 debug : CAMLCodec::DequeueBuffer: pts:0.088 idx:2
2024-11-15 09:44:36.789 T:4128 debug : CAMLCodec::GetPicture: index: 2, pts: 0.088, dur:41.000ms ar:1.78 elf:1ms
2024-11-15 09:44:36.789 T:4128 debug : CVideoPlayerVideo::OutputPicture - ttd:303ms pts:0.088 Clock:-0.216 Level:1
2024-11-15 09:44:36.790 T:4124 debug : CVideoPlayer::ProcessVideoData size:4629 dts:4.343 pts:4.343 dur:41.000ms, clock:-0.215 level:46
2024-11-15 09:44:36.791 T:4128 debug : CAMLCodec::DequeueBuffer: pts:0.130 idx:3
2024-11-15 09:44:36.791 T:4128 debug : CAMLCodec::GetPicture: index: 3, pts: 0.130, dur:42.000ms ar:1.78 elf:2ms
2024-11-15 09:44:36.791 T:4128 debug : CVideoPlayerVideo::OutputPicture - ttd:343ms pts:0.130 Clock:-0.214 Level:2
2024-11-15 09:44:36.791 T:4124 debug : CVideoPlayer::ProcessVideoData size:4306 dts:4.384 pts:4.384 dur:41.000ms, clock:-0.213 level:46
2024-11-15 09:44:36.793 T:4128 debug : CAMLCodec::DequeueBuffer: pts:0.172 idx:4
2024-11-15 09:44:36.793 T:4128 debug : CAMLCodec::GetPicture: index: 4, pts: 0.172, dur:42.000ms ar:1.78 elf:1ms
2024-11-15 09:44:36.793 T:4128 debug : CVideoPlayerVideo::OutputPicture - ttd:383ms pts:0.172 Clock:-0.212 Level:3
2024-11-15 09:44:36.794 T:4124 debug : CVideoPlayer::ProcessVideoData size:72159 dts:4.426 pts:4.426 dur:41.000ms, clock:-0.211 level:47
2024-11-15 09:44:36.795 T:4128 debug : SetCodecControl 4000000->0
2024-11-15 09:44:36.795 T:4128 debug : CAMLCodec::AddData: dl:8960 fl:6085888 sz:8855(8960) lv:0.1% dts:0.672 pts:0.672
2024-11-15 09:44:36.795 T:4128 debug : CAMLCodec::DequeueBuffer: pts:0.214 idx:5
2024-11-15 09:44:36.795 T:4128 debug : CAMLCodec::GetPicture: index: 5, pts: 0.214, dur:42.000ms ar:1.78 elf:2ms
2024-11-15 09:44:36.795 T:4128 debug : CVideoPlayerVideo::OutputPicture - ttd:423ms pts:0.214 Clock:-0.209 Level:4
2024-11-15 09:44:36.796 T:4124 debug : CVideoPlayer::ProcessVideoData size:21417 dts:4.468 pts:4.468 dur:41.000ms, clock:-0.209 level:47
2024-11-15 09:44:36.797 T:4124 debug : CVideoPlayer::ProcessVideoData size:4413 dts:4.509 pts:4.509 dur:41.000ms, clock:-0.208 level:47
2024-11-15 09:44:36.797 T:4128 debug : CAMLCodec::DequeueBuffer: pts:0.255 idx:6
2024-11-15 09:44:36.797 T:4128 debug : CAMLCodec::GetPicture: index: 6, pts: 0.255, dur:41.000ms ar:1.78 elf:2ms
2024-11-15 09:44:36.797 T:4128 debug : CVideoPlayerVideo::OutputPicture - ttd:462ms pts:0.255 Clock:-0.207 Level:5
2024-11-15 09:44:36.799 T:4128 debug : CAMLCodec::DequeueBuffer: pts:0.297 idx:7
2024-11-15 09:44:36.799 T:4128 debug : CAMLCodec::GetPicture: index: 7, pts: 0.297, dur:42.000ms ar:1.78 elf:1ms
2024-11-15 09:44:36.799 T:4128 debug : CVideoPlayerVideo::OutputPicture - ttd:502ms pts:0.297 Clock:-0.206 Level:6
2024-11-15 09:44:36.799 T:4124 debug : CVideoPlayer::ProcessVideoData size:71127 dts:4.551 pts:4.551 dur:41.000ms, clock:-0.205 level:48
2024-11-15 09:44:36.801 T:4128 debug : CAMLCodec::DequeueBuffer: pts:0.339 idx:8
2024-11-15 09:44:36.801 T:4128 debug : CAMLCodec::GetPicture: index: 8, pts: 0.339, dur:42.000ms ar:1.78 elf:1ms
2024-11-15 09:44:36.801 T:4124 debug : CVideoPlayer::ProcessVideoData size:43024 dts:4.593 pts:4.593 dur:41.000ms, clock:-0.204 level:48
2024-11-15 09:44:36.806 T:4124 debug : CVideoPlayer::ProcessVideoData size:9059 dts:4.635 pts:4.635 dur:41.000ms, clock:-0.198 level:49
2024-11-15 09:44:36.808 T:4124 debug : CVideoPlayer::ProcessVideoData size:8032 dts:4.676 pts:4.676 dur:41.000ms, clock:-0.197 level:50
2024-11-15 09:44:36.809 T:4124 debug : CVideoPlayer::ProcessVideoData size:11541 dts:4.718 pts:4.718 dur:41.000ms, clock:-0.196 level:50
2024-11-15 09:44:36.810 T:4124 debug : CVideoPlayer::ProcessVideoData size:8392 dts:4.760 pts:4.760 dur:41.000ms, clock:-0.195 level:51
2024-11-15 09:44:36.810 T:3919 debug : CAMLCodec::PollFrame elapsed:28.418ms
2024-11-15 09:44:36.812 T:4124 debug : CVideoPlayer::ProcessVideoData size:43452 dts:4.801 pts:4.801 dur:41.000ms, clock:-0.193 level:51
2024-11-15 09:44:36.813 T:4124 debug : CVideoPlayer::ProcessVideoData size:6167 dts:4.843 pts:4.843 dur:41.000ms, clock:-0.192 level:52
2024-11-15 09:44:36.813 T:3919 debug : Activating window ID: 12005
2024-11-15 09:44:36.815 T:3919 debug : ------ Window Deinit (MyVideoNav.xml) ------
2024-11-15 09:44:36.815 T:4124 debug : CVideoPlayer::ProcessVideoData size:3818 dts:4.885 pts:4.885 dur:41.000ms, clock:-0.189 level:52
2024-11-15 09:44:36.816 T:3919 debug : FreeVisualisation() done
2024-11-15 09:44:36.818 T:4124 debug : CVideoPlayer::ProcessVideoData size:67080 dts:4.927 pts:4.927 dur:41.000ms, clock:-0.187 level:53
2024-11-15 09:44:36.818 T:3919 debug : ------ Window Init (VideoFullScreen.xml) ------
2024-11-15 09:44:36.818 T:3919 info : Loading skin file: VideoFullScreen.xml, load type: KEEP_IN_MEMORY
2024-11-15 09:44:36.820 T:4124 debug : CVideoPlayer::ProcessVideoData size:24036 dts:4.968 pts:4.968 dur:41.000ms, clock:-0.185 level:53
2024-11-15 09:44:36.823 T:3919 info : [WHITELIST] Searching the whitelist for: width: 3840, height: 2160, fps: 23.976, 3D: false:(0x4), stereo mode: 0
2024-11-15 09:44:36.823 T:3919 debug : [WHITELIST] Searching for an exact resolution with an exact refresh rate
2024-11-15 09:44:36.824 T:3919 debug : [WHITELIST] Matched an exact resolution with an exact refresh rate 3840x2160 @ 23.98 - Full Screen, 0x4 (37)
2024-11-15 09:44:36.824 T:3919 info : Display resolution ADJUST : 3840x2160 @ 23.98 - Full Screen (37) (weight: 0.000)
2024-11-15 09:44:36.824 T:3919 debug : CWinSystemAmlogicGLESContext::CreateNewWindow: m_bWindowCreated: true, frac rate 1(1), hdrType: sdr(sdr), force mode switch: false
2024-11-15 09:44:36.824 T:3919 debug : CWinSystemAmlogicGLESContext::CreateNewWindow: cur: iWidth: 1920, iHeight: 1080, iScreenWidth: 1920, iScreenHeight: 1080, fRefreshRate: 23.98, dwFlags: 04
2024-11-15 09:44:36.825 T:3919 debug : CWinSystemAmlogicGLESContext::CreateNewWindow: res: iWidth: 1920, iHeight: 1080, iScreenWidth: 3840, iScreenHeight: 2160, fRefreshRate: 23.98, dwFlags: 04
2024-11-15 09:44:36.828 T:4124 debug : CVideoPlayer::ProcessVideoData size:277397 dts:5.010 pts:5.010 dur:41.000ms, clock:-0.176 level:54
2024-11-15 09:44:36.845 T:4124 debug : CVideoPlayer::ProcessVideoData size:125056 dts:5.052 pts:5.052 dur:41.000ms, clock:-0.159 level:54
2024-11-15 09:44:36.847 T:4124 debug : CVideoPlayer::ProcessVideoData size:14318 dts:5.093 pts:5.093 dur:41.000ms, clock:-0.158 level:55
2024-11-15 09:44:36.848 T:4124 debug : CVideoPlayer::ProcessVideoData size:9531 dts:5.135 pts:5.135 dur:41.000ms, clock:-0.157 level:55
2024-11-15 09:44:36.849 T:4124 debug : CVideoPlayer::ProcessVideoData size:43746 dts:5.177 pts:5.177 dur:41.000ms, clock:-0.155 level:56
2024-11-15 09:44:36.851 T:4124 debug : CVideoPlayer::ProcessVideoData size:8863 dts:5.219 pts:5.219 dur:41.000ms, clock:-0.154 level:56
2024-11-15 09:44:36.852 T:4124 debug : CVideoPlayer::ProcessVideoData size:4444 dts:5.260 pts:5.260 dur:41.000ms, clock:-0.152 level:57
2024-11-15 09:44:36.854 T:4124 debug : CVideoPlayer::ProcessVideoData size:33912 dts:5.302 pts:5.302 dur:41.000ms, clock:-0.150 level:57
2024-11-15 09:44:36.856 T:4124 debug : CVideoPlayer::ProcessVideoData size:4690 dts:5.344 pts:5.344 dur:41.000ms, clock:-0.149 level:58
2024-11-15 09:44:36.858 T:4124 debug : CVideoPlayer::ProcessVideoData size:4305 dts:5.385 pts:5.385 dur:41.000ms, clock:-0.147 level:58
2024-11-15 09:44:36.863 T:4124 debug : CVideoPlayer::ProcessVideoData size:77873 dts:5.427 pts:5.427 dur:41.000ms, clock:-0.142 level:59
2024-11-15 09:44:36.864 T:4124 debug : CVideoPlayer::ProcessVideoData size:21354 dts:5.469 pts:5.469 dur:41.000ms, clock:-0.141 level:59
2024-11-15 09:44:36.865 T:4124 debug : CVideoPlayer::ProcessVideoData size:4457 dts:5.510 pts:5.510 dur:41.000ms, clock:-0.139 level:60
2024-11-15 09:44:36.869 T:4124 debug : CVideoPlayer::ProcessVideoData size:70876 dts:5.552 pts:5.552 dur:41.000ms, clock:-0.135 level:60
2024-11-15 09:44:36.874 T:4124 debug : CVideoPlayer::ProcessVideoData size:42939 dts:5.594 pts:5.594 dur:41.000ms, clock:-0.131 level:61
2024-11-15 09:44:36.875 T:4124 debug : CVideoPlayer::ProcessVideoData size:9333 dts:5.636 pts:5.636 dur:41.000ms, clock:-0.129 level:61
2024-11-15 09:44:36.876 T:4124 debug : CVideoPlayer::ProcessVideoData size:9264 dts:5.677 pts:5.677 dur:41.000ms, clock:-0.128 level:62
2024-11-15 09:44:36.880 T:4124 debug : CVideoPlayer::ProcessVideoData size:11973 dts:5.719 pts:5.719 dur:41.000ms, clock:-0.124 level:63
2024-11-15 09:44:36.881 T:4124 debug : CVideoPlayer::ProcessVideoData size:8424 dts:5.761 pts:5.761 dur:41.000ms, clock:-0.123 level:63
2024-11-15 09:44:36.883 T:4124 debug : CVideoPlayer::ProcessVideoData size:43217 dts:5.802 pts:5.802 dur:41.000ms, clock:-0.121 level:64
2024-11-15 09:44:36.884 T:4124 debug : CVideoPlayer::ProcessVideoData size:6128 dts:5.844 pts:5.844 dur:41.000ms, clock:-0.120 level:64
2024-11-15 09:44:36.886 T:4124 debug : CVideoPlayer::ProcessVideoData size:3816 dts:5.886 pts:5.886 dur:41.000ms, clock:-0.119 level:65
2024-11-15 09:44:36.888 T:4124 debug : CVideoPlayer::ProcessVideoData size:68428 dts:5.928 pts:5.928 dur:41.000ms, clock:-0.117 level:65
2024-11-15 09:44:36.892 T:4124 debug : CVideoPlayer::ProcessVideoData size:24067 dts:5.969 pts:5.969 dur:41.000ms, clock:-0.113 level:66
2024-11-15 09:44:36.898 T:4124 debug : CVideoPlayer::ProcessVideoData size:107942 dts:6.011 pts:6.011 dur:41.000ms, clock:-0.106 level:66
2024-11-15 09:44:36.909 T:4124 debug : CVideoPlayer::ProcessVideoData size:133155 dts:6.053 pts:6.053 dur:41.000ms, clock:-0.096 level:67
2024-11-15 09:44:36.910 T:4124 debug : CVideoPlayer::ProcessVideoData size:5766 dts:6.094 pts:6.094 dur:41.000ms, clock:-0.095 level:67
2024-11-15 09:44:36.911 T:4124 debug : CVideoPlayer::ProcessVideoData size:8197 dts:6.136 pts:6.136 dur:41.000ms, clock:-0.093 level:68
2024-11-15 09:44:36.912 T:4124 debug : CVideoPlayer::ProcessVideoData size:28780 dts:6.178 pts:6.178 dur:41.000ms, clock:-0.092 level:68
2024-11-15 09:44:36.914 T:4124 debug : CVideoPlayer::ProcessVideoData size:8289 dts:6.220 pts:6.220 dur:41.000ms, clock:-0.091 level:69
2024-11-15 09:44:36.921 T:4124 debug : CVideoPlayer::ProcessVideoData size:282295 dts:6.261 pts:6.261 dur:41.000ms, clock:-0.084 level:69
2024-11-15 09:44:36.932 T:4124 debug : CVideoPlayer::ProcessVideoData size:8031 dts:6.303 pts:6.303 dur:41.000ms, clock:-0.072 level:70
2024-11-15 09:44:36.934 T:4124 debug : CVideoPlayer::ProcessVideoData size:5172 dts:6.345 pts:6.345 dur:41.000ms, clock:-0.071 level:70
2024-11-15 09:44:36.935 T:4124 debug : CVideoPlayer::ProcessVideoData size:4421 dts:6.386 pts:6.386 dur:41.000ms, clock:-0.070 level:71
2024-11-15 09:44:36.938 T:4124 debug : CVideoPlayer::ProcessVideoData size:81457 dts:6.428 pts:6.428 dur:41.000ms, clock:-0.067 level:71
2024-11-15 09:44:36.939 T:4124 debug : CVideoPlayer::ProcessVideoData size:21520 dts:6.470 pts:6.470 dur:41.000ms, clock:-0.066 level:72
2024-11-15 09:44:36.940 T:4124 debug : CVideoPlayer::ProcessVideoData size:4364 dts:6.511 pts:6.511 dur:41.000ms, clock:-0.065 level:72
2024-11-15 09:44:36.943 T:4124 debug : CVideoPlayer::ProcessVideoData size:72006 dts:6.553 pts:6.553 dur:41.000ms, clock:-0.061 level:73
2024-11-15 09:44:36.945 T:4124 debug : CVideoPlayer::ProcessVideoData size:43043 dts:6.595 pts:6.595 dur:41.000ms, clock:-0.060 level:73
2024-11-15 09:44:36.950 T:4124 debug : CVideoPlayer::ProcessVideoData size:9655 dts:6.637 pts:6.637 dur:41.000ms, clock:-0.054 level:74
2024-11-15 09:44:36.952 T:4124 debug : CVideoPlayer::ProcessVideoData size:8823 dts:6.678 pts:6.678 dur:41.000ms, clock:-0.053 level:75
2024-11-15 09:44:36.953 T:4124 debug : CVideoPlayer::ProcessVideoData size:11647 dts:6.720 pts:6.720 dur:41.000ms, clock:-0.052 level:75
2024-11-15 09:44:36.955 T:4124 debug : CVideoPlayer::ProcessVideoData size:8373 dts:6.762 pts:6.762 dur:41.000ms, clock:-0.050 level:76
2024-11-15 09:44:36.957 T:4124 debug : CVideoPlayer::ProcessVideoData size:44342 dts:6.803 pts:6.803 dur:41.000ms, clock:-0.048 level:76
2024-11-15 09:44:36.958 T:4124 debug : CVideoPlayer::ProcessVideoData size:6226 dts:6.845 pts:6.845 dur:41.000ms, clock:-0.046 level:77
2024-11-15 09:44:36.961 T:4124 debug : CVideoPlayer::ProcessVideoData size:3783 dts:6.887 pts:6.887 dur:41.000ms, clock:-0.043 level:77
2024-11-15 09:44:36.963 T:4124 debug : CVideoPlayer::ProcessVideoData size:67935 dts:6.929 pts:6.929 dur:41.000ms, clock:-0.042 level:78
2024-11-15 09:44:36.967 T:4124 debug : CVideoPlayer::ProcessVideoData size:24160 dts:6.970 pts:6.970 dur:41.000ms, clock:-0.038 level:78
2024-11-15 09:44:36.972 T:4124 debug : CVideoPlayer::ProcessVideoData size:108405 dts:7.012 pts:7.012 dur:41.000ms, clock:-0.032 level:79
2024-11-15 09:44:36.978 T:4124 debug : CVideoPlayer::ProcessVideoData size:133256 dts:7.054 pts:7.054 dur:41.000ms, clock:-0.026 level:79
2024-11-15 09:44:36.985 T:4124 debug : CVideoPlayer::ProcessVideoData size:5814 dts:7.095 pts:7.095 dur:41.000ms, clock:-0.020 level:80
2024-11-15 09:44:36.986 T:4124 debug : CVideoPlayer::ProcessVideoData size:8197 dts:7.137 pts:7.137 dur:41.000ms, clock:-0.019 level:80
2024-11-15 09:44:36.987 T:4124 debug : CVideoPlayer::ProcessVideoData size:29669 dts:7.179 pts:7.179 dur:41.000ms, clock:-0.018 level:81
2024-11-15 09:44:36.989 T:4124 debug : CVideoPlayer::ProcessVideoData size:8402 dts:7.221 pts:7.221 dur:41.000ms, clock:-0.015 level:81
2024-11-15 09:44:36.991 T:4124 debug : CVideoPlayer::ProcessVideoData size:4462 dts:7.262 pts:7.262 dur:41.000ms, clock:-0.014 level:82
2024-11-15 09:44:36.992 T:4124 debug : CVideoPlayer::ProcessVideoData size:20413 dts:7.304 pts:7.304 dur:41.000ms, clock:-0.013 level:82
2024-11-15 09:44:36.994 T:4124 debug : CVideoPlayer::ProcessVideoData size:4624 dts:7.346 pts:7.346 dur:41.000ms, clock:-0.011 level:83
2024-11-15 09:44:36.995 T:4124 debug : CVideoPlayer::ProcessVideoData size:4340 dts:7.387 pts:7.387 dur:41.000ms, clock:-0.010 level:83
2024-11-15 09:44:36.997 T:4124 debug : CVideoPlayer::ProcessVideoData size:70180 dts:7.429 pts:7.429 dur:41.000ms, clock:-0.008 level:84
2024-11-15 09:44:36.998 T:4124 debug : CVideoPlayer::ProcessVideoData size:21319 dts:7.471 pts:7.471 dur:41.000ms, clock:-0.006 level:84
2024-11-15 09:44:37.013 T:4124 debug : CVideoPlayer::ProcessVideoData size:294870 dts:7.512 pts:7.512 dur:41.000ms, clock:0.008 level:85
2024-11-15 09:44:37.019 T:4124 debug : CVideoPlayer::ProcessVideoData size:58637 dts:7.554 pts:7.554 dur:41.000ms, clock:0.015 level:85
2024-11-15 09:44:37.028 T:4124 debug : CVideoPlayer::ProcessVideoData size:45072 dts:7.596 pts:7.596 dur:41.000ms, clock:0.023 level:86
2024-11-15 09:44:37.029 T:4124 debug : CVideoPlayer::ProcessVideoData size:6951 dts:7.638 pts:7.638 dur:41.000ms, clock:0.024 level:87
2024-11-15 09:44:37.030 T:4124 debug : CVideoPlayer::ProcessVideoData size:5584 dts:7.679 pts:7.679 dur:41.000ms, clock:0.025 level:87
2024-11-15 09:44:37.031 T:4124 debug : CVideoPlayer::ProcessVideoData size:10940 dts:7.721 pts:7.721 dur:41.000ms, clock:0.027 level:88
2024-11-15 09:44:37.032 T:3919 info : VideoPlayer: OnLostDisplay received
2024-11-15 09:44:37.032 T:3919 debug : aml_set_display_resolution: try to set mode: 2160p24hz
2024-11-15 09:44:37.311 T:4128 debug : CVideoPlayerVideo::OutputPicture - ttd:542ms pts:0.339 Clock:-0.204 Level:-1
2024-11-15 09:44:37.311 T:4128 warning : OutputPicture - timeout waiting for buffer
2024-11-15 09:44:37.311 T:4128 debug : CVideoPlayerVideo - CDVDMsg::GENERAL_PAUSE: true
2024-11-15 09:44:37.447 T:3953 debug : CActiveAE - display reset event
2024-11-15 09:44:37.447 T:3919 info : VideoPlayer: OnResetDisplay received
2024-11-15 09:44:37.447 T:4128 debug : CVideoPlayerVideo - CDVDMsg::GENERAL_PAUSE: false
2024-11-15 09:44:37.447 T:4128 debug : CAMLCodec::AddData: dl:4096 fl:6090752 sz:2816(4096) lv:0.1% dts:0.714 pts:0.714
2024-11-15 09:44:37.447 T:4128 debug : CAMLCodec::DequeueBuffer: pts:0.380 idx:9
2024-11-15 09:44:37.447 T:4128 debug : CAMLCodec::GetPicture: index: 9, pts: 0.380, dur:41.000ms ar:1.78 elf:646ms
2024-11-15 09:44:37.447 T:3954 info : CActiveAESink::OpenSink - initialize sink
2024-11-15 09:44:37.448 T:3954 debug : CActiveAESink::OpenSink - trying to open device ALSA:hdmi:CARD=AMLAUGESOUND,DEV=0
2024-11-15 09:44:37.448 T:3954 info : CAESinkALSA::Initialize - Configure simple control for "AUGESOUND"
2024-11-15 09:44:37.448 T:3954 info : CAESinkALSA - Use card "hw:0" and set codec format "DD+"
2024-11-15 09:44:37.449 T:3954 info : CAESinkALSA - Set Spdif to HDMITX to "Spdif_b"
2024-11-15 09:44:37.449 T:3954 info : CAESinkALSA - Set codec for "Audio spdif_b format"
2024-11-15 09:44:37.449 T:3954 info : CAESinkALSA - Set codec for "Audio spdif format"
2024-11-15 09:44:37.450 T:3954 info : CAESinkALSA::Initialize - Attempting to open device "hdmi:CARD=AMLAUGESOUND,DEV=0"
2024-11-15 09:44:37.450 T:3919 info : GLES: Maximum texture width: 8192
2024-11-15 09:44:37.451 T:3919 debug : PrepareNextRender: frameOnScreen: 0.031 renderPts: 0.219 nextFramePts: 0.047 -> diff: 0.172 render: 1 forceNext: 0
2024-11-15 09:44:37.452 T:4128 debug : CVideoPlayerVideo::OutputPicture - ttd:352ms pts:0.380 Clock:0.027 Level:6
2024-11-15 09:44:37.453 T:4128 debug : CAMLCodec::DequeueBuffer: pts:0.422 idx:10
2024-11-15 09:44:37.453 T:4128 debug : CAMLCodec::GetPicture: index: 10, pts: 0.422, dur:42.000ms ar:1.78 elf:5ms
2024-11-15 09:44:37.456 T:3954 info : CAESinkALSA::Initialize - Opened device "hdmi:CARD=AMLAUGESOUND,DEV=0,AES0=0x06,AES1=0x82,AES2=0x00,AES3=0x0e"
2024-11-15 09:44:37.456 T:3919 debug : CAMLCodec::ReleaseFrame idx:1, drop:0
2024-11-15 09:44:37.456 T:3954 debug : CAESinkALSA::InitializeHW - Request: periodSize 9600, bufferSize 38400
2024-11-15 09:44:37.456 T:3919 debug : CAMLCodec::SetVideoRect:display(0,0,3840,2160)
2024-11-15 09:44:37.456 T:3919 debug : CAMLCodec::SetVideoRect:gui(0,0,1920,1080)
2024-11-15 09:44:37.456 T:3919 debug : CAMLCodec::SetVideoRect:m_dst_rect(0,0,1920,1080)
2024-11-15 09:44:37.456 T:3919 debug : CAMLCodec::SetVideoRect:dst_rect(0,0,3840,2160)
2024-11-15 09:44:37.456 T:3919 debug : CAMLCodec::SetVideoRect:m_guiStereoMode(0)
2024-11-15 09:44:37.456 T:3919 debug : CAMLCodec::SetVideoRect:m_guiStereoView(0)
2024-11-15 09:44:37.456 T:3954 debug : CAESinkALSA::InitializeHW - Got: periodSize 9600, bufferSize 38400
2024-11-15 09:44:37.456 T:3954 debug : CAESinkALSA::InitializeHW - Setting timeout to 200 ms
2024-11-15 09:44:37.457 T:3919 debug : CAMLCodec::PollFrame elapsed:0.012ms
2024-11-15 09:44:37.457 T:3954 debug : CAESinkALSA::GetChannelLayout - Input Channel Count: 2 Output Channel Count: 2
2024-11-15 09:44:37.457 T:3954 debug : CAESinkALSA::GetChannelLayout - Requested Layout: RAW, RAW
2024-11-15 09:44:37.457 T:3954 debug : CAESinkALSA::GetChannelLayout - Got Layout: RAW, RAW (ALSA: none)
2024-11-15 09:44:37.457 T:3954 debug : CActiveAESink::OpenSink - ALSA Initialized:
2024-11-15 09:44:37.458 T:3954 debug : Output Device : AML-AUGESOUND
2024-11-15 09:44:37.458 T:3954 debug : Sample Rate : 192000
2024-11-15 09:44:37.458 T:3954 debug : Sample Format : AE_FMT_S16NE
2024-11-15 09:44:37.458 T:3954 debug : Channel Count : 2
2024-11-15 09:44:37.458 T:3954 debug : Channel Layout: RAW, RAW
2024-11-15 09:44:37.458 T:3954 debug : Frames : 9600
2024-11-15 09:44:37.458 T:3954 debug : Frame Size : 4
2024-11-15 09:44:37.458 T:3919 debug : ------ Window Deinit (DialogBusy.xml) ------
2024-11-15 09:44:37.461 T:3953 debug : CActiveAE::ClearDiscardedBuffers - buffer pool deleted
2024-11-15 09:44:37.462 T:3919 info : Skipped 1 duplicate messages..
2024-11-15 09:44:37.462 T:3919 debug : PrepareNextRender: frameOnScreen: 0.042 renderPts: 0.230 nextFramePts: 0.088 -> diff: 0.142 render: 1 forceNext: 0
2024-11-15 09:44:37.462 T:3953 debug : CActiveAE::ClearDiscardedBuffers - buffer pool deleted
2024-11-15 09:44:37.463 T:4128 debug : CVideoPlayerVideo::OutputPicture - ttd:389ms pts:0.422 Clock:0.033 Level:6
2024-11-15 09:44:37.463 T:4129 debug : CVideoPlayerAudio - CDVDMsg::GENERAL_PAUSE: true
2024-11-15 09:44:37.463 T:4129 debug : CVideoPlayerAudio - CDVDMsg::GENERAL_PAUSE: false
2024-11-15 09:44:37.463 T:4129 info : CVideoPlayerAudio: display reset occurred, checking for passthrough
2024-11-15 09:44:37.464 T:4128 debug : CAMLCodec::DequeueBuffer: pts:0.464 idx:11
2024-11-15 09:44:37.464 T:4128 debug : CAMLCodec::GetPicture: index: 11, pts: 0.464, dur:42.000ms ar:1.78 elf:10ms
2024-11-15 09:44:37.464 T:3953 debug : ActiveAE::SyncStream - average error of 54.452946, start adjusting
2024-11-15 09:44:37.464 T:3953 debug : ActiveAE::SyncStream - average error 22.452946 below threshold of 30.000000
2024-11-15 09:44:37.465 T:3919 debug : CAMLCodec::ReleaseFrame idx:2, drop:0
2024-11-15 09:44:37.483 T:4107 debug : OnAVChange: CApplication::OnAVChange
2024-11-15 09:44:37.484 T:4124 debug : CVideoPlayer::ProcessVideoData size:8109 dts:7.763 pts:7.763 dur:41.000ms, clock:0.063 level:88
2024-11-15 09:44:37.486 T:4124 debug : CVideoPlayer::ProcessVideoData size:30206 dts:7.804 pts:7.804 dur:41.000ms, clock:0.066 level:88
2024-11-15 09:44:37.488 T:4124 debug : CVideoPlayer::ProcessVideoData size:6111 dts:7.846 pts:7.846 dur:41.000ms, clock:0.068 level:89
2024-11-15 09:44:37.489 T:3919 debug : CAMLCodec::PollFrame elapsed:23.929ms
2024-11-15 09:44:37.490 T:4124 debug : CVideoPlayer::ProcessVideoData size:3827 dts:7.888 pts:7.888 dur:41.000ms, clock:0.070 level:89
2024-11-15 09:44:37.494 T:4124 debug : CVideoPlayer::ProcessVideoData size:75854 dts:7.930 pts:7.930 dur:41.000ms, clock:0.073 level:90
2024-11-15 09:44:37.496 T:3919 debug : PrepareNextRender: frameOnScreen: 0.075 renderPts: 0.263 nextFramePts: 0.130 -> diff: 0.133 render: 1 forceNext: 0
2024-11-15 09:44:37.496 T:4128 debug : CVideoPlayerVideo::OutputPicture - ttd:420ms pts:0.464 Clock:0.044 Level:6
2024-11-15 09:44:37.496 T:4124 debug : CVideoPlayer::ProcessVideoData size:24609 dts:7.971 pts:7.971 dur:41.000ms, clock:0.076 level:90
2024-11-15 09:44:37.498 T:4128 debug : CAMLCodec::DequeueBuffer: pts:0.505 idx:12
2024-11-15 09:44:37.499 T:4128 debug : CAMLCodec::GetPicture: index: 12, pts: 0.505, dur:41.000ms ar:1.78 elf:33ms
2024-11-15 09:44:37.499 T:4124 debug : CVideoPlayer::ProcessVideoData size:109139 dts:8.013 pts:8.013 dur:41.000ms, clock:0.078 level:91
2024-11-15 09:44:37.498 T:3919 debug : CAMLCodec::ReleaseFrame idx:3, drop:0
2024-11-15 09:44:37.504 T:4124 debug : CVideoPlayer::ProcessVideoData size:132530 dts:8.055 pts:8.055 dur:41.000ms, clock:0.083 level:91
2024-11-15 09:44:37.505 T:4124 debug : CVideoPlayer::ProcessVideoData size:5815 dts:8.096 pts:8.096 dur:41.000ms, clock:0.084 level:92
2024-11-15 09:44:37.506 T:4124 debug : CVideoPlayer::ProcessVideoData size:8134 dts:8.138 pts:8.138 dur:41.000ms, clock:0.086 level:92
2024-11-15 09:44:37.510 T:4124 debug : CVideoPlayer::ProcessVideoData size:28787 dts:8.180 pts:8.180 dur:41.000ms, clock:0.089 level:93
2024-11-15 09:44:37.511 T:4124 debug : CVideoPlayer::ProcessVideoData size:8283 dts:8.222 pts:8.222 dur:41.000ms, clock:0.091 level:93
2024-11-15 09:44:37.512 T:4124 debug : CVideoPlayer::ProcessVideoData size:4412 dts:8.263 pts:8.263 dur:41.000ms, clock:0.092 level:94
2024-11-15 09:44:37.516 T:4124 debug : CVideoPlayer::ProcessVideoData size:20354 dts:8.305 pts:8.305 dur:41.000ms, clock:0.095 level:94
2024-11-15 09:44:37.517 T:4124 debug : CVideoPlayer::ProcessVideoData size:4649 dts:8.347 pts:8.347 dur:41.000ms, clock:0.097 level:95
2024-11-15 09:44:37.518 T:4124 debug : CVideoPlayer::ProcessVideoData size:4268 dts:8.388 pts:8.388 dur:41.000ms, clock:0.098 level:95
2024-11-15 09:44:37.526 T:4124 debug : CVideoPlayer::ProcessVideoData size:72042 dts:8.430 pts:8.430 dur:41.000ms, clock:0.106 level:96
2024-11-15 09:44:37.528 T:4124 debug : CVideoPlayer::ProcessVideoData size:21438 dts:8.472 pts:8.472 dur:41.000ms, clock:0.107 level:96
2024-11-15 09:44:37.529 T:4124 debug : CVideoPlayer::ProcessVideoData size:4383 dts:8.513 pts:8.513 dur:41.000ms, clock:0.109 level:97
2024-11-15 09:44:37.530 T:3919 debug : CAMLCodec::PollFrame elapsed:31.208ms
2024-11-15 09:44:37.532 T:4124 debug : CVideoPlayer::ProcessVideoData size:70720 dts:8.555 pts:8.555 dur:41.000ms, clock:0.112 level:97
2024-11-15 09:44:37.533 T:3919 debug : PrepareNextRender: frameOnScreen: 0.113 renderPts: 0.300 nextFramePts: 0.172 -> diff: 0.128 render: 1 forceNext: 0
2024-11-15 09:44:37.533 T:4128 debug : CVideoPlayerVideo::OutputPicture - ttd:426ms pts:0.505 Clock:0.079 Level:6
2024-11-15 09:44:37.534 T:4124 debug : CVideoPlayer::ProcessVideoData size:42933 dts:8.597 pts:8.597 dur:41.000ms, clock:0.114 level:98
2024-11-15 09:44:37.534 T:3919 debug : CAMLCodec::ReleaseFrame idx:4, drop:0
2024-11-15 09:44:37.535 T:4124 debug : CVideoPlayer::ProcessVideoData size:9345 dts:8.639 pts:8.639 dur:41.000ms, clock:0.115 level:99
2024-11-15 09:44:37.536 T:4128 debug : CAMLCodec::AddData: dl:4096 fl:6090752 sz:2843(4096) lv:0.1% dts:0.756 pts:0.756
2024-11-15 09:44:37.536 T:4128 debug : CAMLCodec::DequeueBuffer: pts:0.547 idx:13
2024-11-15 09:44:37.536 T:4128 debug : CAMLCodec::GetPicture: index: 13, pts: 0.547, dur:42.000ms ar:1.78 elf:36ms
2024-11-15 09:44:37.538 T:4124 debug : CVideoPlayer::ProcessVideoData size:8510 dts:8.680 pts:8.680 dur:41.000ms, clock:0.118 level:99
2024-11-15 09:44:37.539 T:4124 debug : CVideoPlayer::ProcessVideoData size:11543 dts:8.722 pts:8.722 dur:41.000ms, clock:0.119 level:99
2024-11-15 09:44:37.550 T:4124 debug : CVideoPlayer::ProcessVideoData size:252491 dts:8.764 pts:8.764 dur:41.000ms, clock:0.129 level:100
2024-11-15 09:44:37.557 T:4124 debug : CVideoPlayer::ProcessVideoData size:13189 dts:8.805 pts:8.805 dur:41.000ms, clock:0.137 level:100
2024-11-15 09:44:37.558 T:4124 debug : CVideoPlayer::ProcessVideoData size:6823 dts:8.847 pts:8.847 dur:41.000ms, clock:0.138 level:100
2024-11-15 09:44:37.560 T:4124 debug : CVideoPlayer::ProcessVideoData size:3901 dts:8.889 pts:8.889 dur:41.000ms, clock:0.139 level:100
2024-11-15 09:44:37.561 T:4124 debug : CVideoPlayer::ProcessVideoData size:94438 dts:8.931 pts:8.931 dur:41.000ms, clock:0.141 level:100
2024-11-15 09:44:37.563 T:4124 debug : CVideoPlayer::ProcessVideoData size:24827 dts:8.972 pts:8.972 dur:41.000ms, clock:0.142 level:100
2024-11-15 09:44:37.567 T:4124 debug : CVideoPlayer::ProcessVideoData size:109426 dts:9.014 pts:9.014 dur:41.000ms, clock:0.147 level:100
2024-11-15 09:44:37.572 T:3919 debug : CAMLCodec::PollFrame elapsed:37.363ms
2024-11-15 09:44:37.575 T:3919 debug : PrepareNextRender: frameOnScreen: 0.154 renderPts: 0.342 nextFramePts: 0.214 -> diff: 0.128 render: 1 forceNext: 0
2024-11-15 09:44:37.575 T:4128 debug : CVideoPlayerVideo::OutputPicture - ttd:431ms pts:0.547 Clock:0.115 Level:6
2024-11-15 09:44:37.576 T:3919 debug : CAMLCodec::ReleaseFrame idx:5, drop:0
2024-11-15 09:44:37.576 T:4128 debug : CAMLCodec::AddData: dl:8896 fl:6085952 sz:8774(8896) lv:0.1% dts:0.797 pts:0.797
2024-11-15 09:44:37.576 T:4128 debug : CAMLCodec::DequeueBuffer: pts:0.589 idx:14
2024-11-15 09:44:37.576 T:4128 debug : CAMLCodec::GetPicture: index: 14, pts: 0.589, dur:42.000ms ar:1.78 elf:40ms
2024-11-15 09:44:37.579 T:4124 debug : CVideoPlayer::ProcessVideoData size:133105 dts:9.056 pts:9.056 dur:41.000ms, clock:0.159 level:100
2024-11-15 09:44:37.581 T:4124 debug : CVideoPlayer::ProcessVideoData size:5608 dts:9.097 pts:9.097 dur:41.000ms, clock:0.160 level:100
2024-11-15 09:44:37.585 T:4124 debug : CVideoPlayer::ProcessVideoData size:8127 dts:9.139 pts:9.139 dur:41.000ms, clock:0.165 level:100
2024-11-15 09:44:37.586 T:4124 debug : CVideoPlayer::ProcessVideoData size:32637 dts:9.181 pts:9.181 dur:41.000ms, clock:0.166 level:100
2024-11-15 09:44:37.588 T:4124 debug : CVideoPlayer::ProcessVideoData size:8386 dts:9.223 pts:9.223 dur:41.000ms, clock:0.167 level:100
2024-11-15 09:44:37.589 T:4124 debug : CVideoPlayer::ProcessVideoData size:4432 dts:9.264 pts:9.264 dur:41.000ms, clock:0.168 level:100
2024-11-15 09:44:37.591 T:4124 debug : CVideoPlayer::ProcessVideoData size:21787 dts:9.306 pts:9.306 dur:41.000ms, clock:0.171 level:100
2024-11-15 09:44:37.592 T:4124 debug : CVideoPlayer::ProcessVideoData size:4694 dts:9.348 pts:9.348 dur:41.000ms, clock:0.172 level:100
2024-11-15 09:44:37.594 T:4124 debug : CVideoPlayer::ProcessVideoData size:4308 dts:9.389 pts:9.389 dur:41.000ms, clock:0.173 level:100
2024-11-15 09:44:37.596 T:4124 debug : CVideoPlayer::ProcessVideoData size:72116 dts:9.431 pts:9.431 dur:41.000ms, clock:0.176 level:100
2024-11-15 09:44:37.597 T:4124 debug : CVideoPlayer::ProcessVideoData size:21424 dts:9.473 pts:9.473 dur:41.000ms, clock:0.177 level:100
2024-11-15 09:44:37.598 T:4124 debug : CVideoPlayer::ProcessVideoData size:4454 dts:9.514 pts:9.514 dur:41.000ms, clock:0.178 level:100
2024-11-15 09:44:37.602 T:4124 debug : CVideoPlayer::ProcessVideoData size:71628 dts:9.556 pts:9.556 dur:41.000ms, clock:0.182 level:100
2024-11-15 09:44:37.604 T:4124 debug : CVideoPlayer::ProcessVideoData size:42946 dts:9.598 pts:9.598 dur:41.000ms, clock:0.183 level:100
2024-11-15 09:44:37.614 T:3919 debug : CAMLCodec::PollFrame elapsed:37.797ms
2024-11-15 09:44:37.614 T:4124 debug : CVideoPlayer::ProcessVideoData size:9176 dts:9.640 pts:9.640 dur:41.000ms, clock:0.194 level:100
2024-11-15 09:44:37.616 T:4124 debug : CVideoPlayer::ProcessVideoData size:8326 dts:9.681 pts:9.681 dur:41.000ms, clock:0.195 level:100
2024-11-15 09:44:37.616 T:3919 debug : PrepareNextRender: frameOnScreen: 0.196 renderPts: 0.384 nextFramePts: 0.255 -> diff: 0.129 render: 1 forceNext: 0
2024-11-15 09:44:37.616 T:4128 debug : CVideoPlayerVideo::OutputPicture - ttd:433ms pts:0.589 Clock:0.156 Level:6
2024-11-15 09:44:37.617 T:4124 debug : CVideoPlayer::ProcessVideoData size:11461 dts:9.723 pts:9.723 dur:41.000ms, clock:0.197 level:100
2024-11-15 09:44:37.617 T:3919 debug : CAMLCodec::ReleaseFrame idx:6, drop:0
2024-11-15 09:44:37.618 T:4124 debug : CVideoPlayer::ProcessVideoData size:8317 dts:9.765 pts:9.765 dur:41.000ms, clock:0.198 level:100
2024-11-15 09:44:37.619 T:4128 debug : CAMLCodec::AddData: dl:4096 fl:6090752 sz:2563(4096) lv:0.1% dts:0.839 pts:0.839
2024-11-15 09:44:37.619 T:4128 debug : CAMLCodec::DequeueBuffer: pts:0.631 idx:15
2024-11-15 09:44:37.619 T:4128 debug : CAMLCodec::GetPicture: index: 15, pts: 0.631, dur:42.000ms ar:1.78 elf:42ms
2024-11-15 09:44:37.620 T:4124 debug : CVideoPlayer::ProcessVideoData size:42854 dts:9.806 pts:9.806 dur:41.000ms, clock:0.200 level:100
2024-11-15 09:44:37.621 T:4124 debug : CVideoPlayer::ProcessVideoData size:6212 dts:9.848 pts:9.848 dur:41.000ms, clock:0.201 level:100
2024-11-15 09:44:37.623 T:4124 debug : CVideoPlayer::ProcessVideoData size:3843 dts:9.890 pts:9.890 dur:41.000ms, clock:0.203 level:100
2024-11-15 09:44:37.626 T:4124 debug : CVideoPlayer::ProcessVideoData size:67187 dts:9.932 pts:9.932 dur:41.000ms, clock:0.205 level:100
2024-11-15 09:44:37.627 T:4124 debug : CVideoPlayer::ProcessVideoData size:24043 dts:9.973 pts:9.973 dur:41.000ms, clock:0.207 level:100
2024-11-15 09:44:37.637 T:4124 debug : CVideoPlayer::ProcessVideoData size:277743 dts:10.015 pts:10.015 dur:41.000ms, clock:0.216 level:100
2024-11-15 09:44:37.648 T:4124 debug : CVideoPlayer::ProcessVideoData size:125156 dts:10.057 pts:10.057 dur:41.000ms, clock:0.228 level:100
2024-11-15 09:44:37.654 T:4124 debug : CVideoPlayer::ProcessVideoData size:14175 dts:10.098 pts:10.098 dur:41.000ms, clock:0.233 level:100
2024-11-15 09:44:37.655 T:4124 debug : CVideoPlayer::ProcessVideoData size:9517 dts:10.140 pts:10.140 dur:41.000ms, clock:0.234 level:100
2024-11-15 09:44:37.655 T:3919 debug : CAMLCodec::PollFrame elapsed:37.768ms
2024-11-15 09:44:37.657 T:4124 debug : CVideoPlayer::ProcessVideoData size:43564 dts:10.182 pts:10.182 dur:41.000ms, clock:0.236 level:100
2024-11-15 09:44:37.658 T:3919 debug : PrepareNextRender: frameOnScreen: 0.238 renderPts: 0.425 nextFramePts: 0.297 -> diff: 0.128 render: 1 forceNext: 0
2024-11-15 09:44:37.658 T:4124 debug : CVideoPlayer::ProcessVideoData size:8828 dts:10.224 pts:10.224 dur:41.000ms, clock:0.238 level:100
2024-11-15 09:44:37.659 T:4128 debug : CVideoPlayerVideo::OutputPicture - ttd:432ms pts:0.631 Clock:0.199 Level:6
2024-11-15 09:44:37.659 T:4128 debug : CVideoPlayerVideo - CDVDMsg::DEMUXER_PACKET - checking interlace vfmt: null
2024-11-15 09:44:37.660 T:4124 debug : CVideoPlayer::ProcessVideoData size:4449 dts:10.265 pts:10.265 dur:41.000ms, clock:0.239 level:100
2024-11-15 09:44:37.660 T:3919 debug : CAMLCodec::ReleaseFrame idx:7, drop:0
2024-11-15 09:44:37.661 T:4128 debug : CAMLCodec::AddData: dl:4096 fl:6090752 sz:2382(4096) lv:0.1% dts:0.881 pts:0.881
2024-11-15 09:44:37.662 T:4128 debug : CAMLCodec::DequeueBuffer: pts:0.672 idx:16
2024-11-15 09:44:37.662 T:4128 debug : CAMLCodec::GetPicture: index: 16, pts: 0.672, dur:41.000ms ar:1.78 elf:42ms
2024-11-15 09:44:37.662 T:4124 debug : CVideoPlayer::ProcessVideoData size:34184 dts:10.307 pts:10.307 dur:41.000ms, clock:0.242 level:100
2024-11-15 09:44:37.663 T:4124 debug : CVideoPlayer::ProcessVideoData size:4680 dts:10.349 pts:10.349 dur:41.000ms, clock:0.243 level:100
2024-11-15 09:44:37.666 T:4124 debug : CVideoPlayer::ProcessVideoData size:4310 dts:10.390 pts:10.390 dur:41.000ms, clock:0.246 level:100
2024-11-15 09:44:37.671 T:4124 debug : CVideoPlayer::ProcessVideoData size:77806 dts:10.432 pts:10.432 dur:41.000ms, clock:0.251 level:100
2024-11-15 09:44:37.673 T:4124 debug : CVideoPlayer::ProcessVideoData size:21281 dts:10.474 pts:10.474 dur:41.000ms, clock:0.252 level:100
2024-11-15 09:44:37.674 T:4124 debug : CVideoPlayer::ProcessVideoData size:4458 dts:10.515 pts:10.515 dur:41.000ms, clock:0.253 level:100
2024-11-15 09:44:37.677 T:4124 debug : CVideoPlayer::ProcessVideoData size:71338 dts:10.557 pts:10.557 dur:41.000ms, clock:0.257 level:100
2024-11-15 09:44:37.678 T:4124 debug : CVideoPlayer::ProcessVideoData size:42977 dts:10.599 pts:10.599 dur:41.000ms, clock:0.258 level:100
2024-11-15 09:44:37.680 T:4124 debug : CVideoPlayer::ProcessVideoData size:9410 dts:10.641 pts:10.641 dur:41.000ms, clock:0.259 level:100
2024-11-15 09:44:37.683 T:4124 debug : CVideoPlayer::ProcessVideoData size:9373 dts:10.682 pts:10.682 dur:41.000ms, clock:0.262 level:100
2024-11-15 09:44:37.684 T:4124 debug : CVideoPlayer::ProcessVideoData size:11926 dts:10.724 pts:10.724 dur:41.000ms, clock:0.264 level:100
2024-11-15 09:44:37.686 T:4124 debug : CVideoPlayer::ProcessVideoData size:8452 dts:10.766 pts:10.766 dur:41.000ms, clock:0.265 level:100
