2021-07-14 12:04:16.165 T:5153 DEBUG : CVideoPlayerVideo::OutputPicture - ttd:270ms pts:0.834 Clock:0.563 Level:2
2021-07-14 12:04:16.166 T:5153 DEBUG : CVideoPlayerVideo::OutputPicture - ttd:311ms pts:0.876 Clock:0.564 Level:3
2021-07-14 12:04:16.204 T:5153 DEBUG : CVideoPlayerVideo::OutputPicture - ttd:315ms pts:0.918 Clock:0.602 Level:3
2021-07-14 12:04:16.223 T:5146 DEBUG : CVideoPlayer::ProcessVideoData size:61210 dts:9.259 pts:9.426 dur:41.000ms, clock:0.622 level:91
2021-07-14 12:04:16.224 T:5146 DEBUG : CVideoPlayer::ProcessVideoData size:61217 dts:9.301 pts:9.343 dur:41.000ms, clock:0.622 level:92
2021-07-14 12:04:16.224 T:5146 DEBUG : CVideoPlayer::ProcessVideoData size:5178 dts:9.343 pts:9.384 dur:41.000ms, clock:0.622 level:92
2021-07-14 12:04:16.249 T:5153 DEBUG : CVideoPlayerVideo::OutputPicture - ttd:311ms pts:0.959 Clock:0.647 Level:3
2021-07-14 12:04:16.250 T:5153 DEBUG : CVideoPlayerVideo::OutputPicture - ttd:352ms pts:1.001 Clock:0.648 Level:4
2021-07-14 12:04:16.374 T:5153 DEBUG : CVideoPlayerVideo::OutputPicture - ttd:270ms pts:1.043 Clock:0.773 Level:2
2021-07-14 12:04:16.376 T:5153 DEBUG : CVideoPlayerVideo::OutputPicture - ttd:309ms pts:1.084 Clock:0.774 Level:3
2021-07-14 12:04:16.413 T:4956 DEBUG : ActiveAE::SyncStream - average error 4.799926, last average error: 356.799926
2021-07-14 12:04:16.414 T:5153 DEBUG : CVideoPlayerVideo::OutputPicture - ttd:314ms pts:1.126 Clock:0.812 Level:3
2021-07-14 12:04:16.415 T:5153 DEBUG : CVideoPlayerVideo::OutputPicture - ttd:354ms pts:1.168 Clock:0.813 Level:4
2021-07-14 12:04:16.496 T:5025 DEBUG : DatabaseUtils::GetSortFieldList: unknown field 36
2021-07-14 12:04:16.513 T:4956 DEBUG : ActiveAE::SyncStream - average error of 37.093649, start adjusting
2021-07-14 12:04:16.513 T:4956 DEBUG : ActiveAE::SyncStream - average error 5.093649 below threshold of 30.000000
2021-07-14 12:04:16.538 T:5153 DEBUG : CVideoPlayerVideo::OutputPicture - ttd:274ms pts:1.210 Clock:0.936 Level:2
2021-07-14 12:04:16.539 T:5153 DEBUG : CVideoPlayerVideo::OutputPicture - ttd:313ms pts:1.251 Clock:0.937 Level:3
2021-07-14 12:04:16.582 T:5153 DEBUG : CVideoPlayerVideo::OutputPicture - ttd:312ms pts:1.293 Clock:0.980 Level:3
2021-07-14 12:04:16.626 T:5153 DEBUG : CVideoPlayerVideo::OutputPicture - ttd:310ms pts:1.335 Clock:1.024 Level:3
2021-07-14 12:04:16.627 T:5153 DEBUG : CVideoPlayerVideo::OutputPicture - ttd:350ms pts:1.376 Clock:1.025 Level:4
2021-07-14 12:04:16.706 T:5153 DEBUG : CVideoPlayerVideo::OutputPicture - ttd:313ms pts:1.418 Clock:1.105 Level:3
2021-07-14 12:04:16.750 T:5153 DEBUG : CVideoPlayerVideo::OutputPicture - ttd:311ms pts:1.460 Clock:1.148 Level:3
2021-07-14 12:04:16.751 T:5153 DEBUG : CVideoPlayerVideo::OutputPicture - ttd:351ms pts:1.501 Clock:1.149 Level:4
2021-07-14 12:04:16.821 T:5146 DEBUG : CVideoPlayer::ProcessVideoData size:125581 dts:9.384 pts:9.593 dur:41.000ms, clock:1.220 level:85
2021-07-14 12:04:16.822 T:5146 DEBUG : CVideoPlayer::ProcessVideoData size:36246 dts:9.426 pts:9.509 dur:41.000ms, clock:1.220 level:86
2021-07-14 12:04:16.822 T:5146 DEBUG : CVideoPlayer::ProcessVideoData size:14825 dts:9.468 pts:9.468 dur:41.000ms, clock:1.221 level:87
2021-07-14 12:04:16.823 T:5146 DEBUG : CVideoPlayer::ProcessVideoData size:14381 dts:9.509 pts:9.551 dur:41.000ms, clock:1.221 level:87
2021-07-14 12:04:16.823 T:5146 DEBUG : CVideoPlayer::ProcessVideoData size:75918 dts:9.551 pts:9.801 dur:41.000ms, clock:1.222 level:88
2021-07-14 12:04:16.824 T:5146 DEBUG : CVideoPlayer::ProcessVideoData size:15474 dts:9.593 pts:9.676 dur:41.000ms, clock:1.222 level:88
2021-07-14 12:04:16.824 T:5146 DEBUG : CVideoPlayer::ProcessVideoData size:7207 dts:9.635 pts:9.635 dur:41.000ms, clock:1.222 level:89
2021-07-14 12:04:16.824 T:5146 DEBUG : CVideoPlayer::ProcessVideoData size:5681 dts:9.676 pts:9.718 dur:41.000ms, clock:1.222 level:89
2021-07-14 12:04:16.824 T:5146 DEBUG : CVideoPlayer::ProcessVideoData size:5231 dts:9.718 pts:9.760 dur:41.000ms, clock:1.223 level:90
2021-07-14 12:04:16.832 T:5153 DEBUG : CVideoPlayerVideo::OutputPicture - ttd:312ms pts:1.543 Clock:1.230 Level:3
2021-07-14 12:04:16.833 T:5153 DEBUG : CVideoPlayerVideo::OutputPicture - ttd:353ms pts:1.585 Clock:1.231 Level:4
2021-07-14 12:04:16.955 T:5153 DEBUG : CVideoPlayerVideo::OutputPicture - ttd:274ms pts:1.627 Clock:1.353 Level:2
2021-07-14 12:04:16.956 T:5153 DEBUG : CVideoPlayerVideo::OutputPicture - ttd:313ms pts:1.668 Clock:1.354 Level:3
2021-07-14 12:04:16.999 T:5153 DEBUG : CVideoPlayerVideo::OutputPicture - ttd:312ms pts:1.710 Clock:1.398 Level:3
2021-07-14 12:04:17.001 T:5153 DEBUG : CVideoPlayerVideo::OutputPicture - ttd:352ms pts:1.752 Clock:1.399 Level:4
2021-07-14 12:04:17.017 T:5146 DEBUG : CVideoPlayer::ProcessVideoData size:54376 dts:9.760 pts:9.927 dur:41.000ms, clock:1.415 level:88
2021-07-14 12:04:17.017 T:5146 DEBUG : CVideoPlayer::ProcessVideoData size:9741 dts:9.801 pts:9.843 dur:41.000ms, clock:1.415 level:88
2021-07-14 12:04:17.017 T:5146 DEBUG : CVideoPlayer::ProcessVideoData size:4039 dts:9.843 pts:9.885 dur:41.000ms, clock:1.415 level:89
2021-07-14 12:04:17.017 T:5146 DEBUG : CVideoPlayer::ProcessVideoData size:14625 dts:9.885 pts:9.968 dur:41.000ms, clock:1.416 level:89
2021-07-14 12:04:17.019 T:5146 DEBUG : CVideoPlayer::ProcessVideoData size:261309 dts:9.927 pts:10.010 dur:41.000ms, clock:1.417 level:90
2021-07-14 12:04:17.123 T:5153 DEBUG : CVideoPlayerVideo::OutputPicture - ttd:271ms pts:1.793 Clock:1.522 Level:2
2021-07-14 12:04:17.124 T:5153 DEBUG : CVideoPlayerVideo::OutputPicture - ttd:312ms pts:1.835 Clock:1.523 Level:3
2021-07-14 12:04:17.168 T:5153 DEBUG : CVideoPlayerVideo::OutputPicture - ttd:310ms pts:1.877 Clock:1.566 Level:3
2021-07-14 12:04:17.169 T:5153 DEBUG : CVideoPlayerVideo::OutputPicture - ttd:351ms pts:1.919 Clock:1.568 Level:4
2021-07-14 12:04:17.272 T:5146 DEBUG : CVideoPlayer::ProcessVideoData size:38721 dts:9.968 pts:10.052 dur:41.000ms, clock:1.671 level:87
2021-07-14 12:04:17.273 T:5146 DEBUG : CVideoPlayer::ProcessVideoData size:50143 dts:10.010 pts:10.177 dur:41.000ms, clock:1.671 level:88
2021-07-14 12:04:17.273 T:5146 DEBUG : CVideoPlayer::ProcessVideoData size:33512 dts:10.052 pts:10.093 dur:41.000ms, clock:1.671 level:88
2021-07-14 12:04:17.273 T:5146 DEBUG : CVideoPlayer::ProcessVideoData size:5489 dts:10.093 pts:10.135 dur:41.000ms, clock:1.672 level:89
2021-07-14 12:04:17.274 T:5146 DEBUG : CVideoPlayer::ProcessVideoData size:41917 dts:10.135 pts:10.260 dur:41.000ms, clock:1.672 level:89
2021-07-14 12:04:17.274 T:5146 DEBUG : CVideoPlayer::ProcessVideoData size:3315 dts:10.177 pts:10.219 dur:41.000ms, clock:1.672 level:90
2021-07-14 12:04:17.288 T:5153 DEBUG : CVideoPlayerVideo::OutputPicture - ttd:273ms pts:1.960 Clock:1.686 Level:2
2021-07-14 12:04:17.289 T:5153 DEBUG : CVideoPlayerVideo::OutputPicture - ttd:314ms pts:2.002 Clock:1.688 Level:3
2021-07-14 12:04:17.333 T:5153 DEBUG : CVideoPlayerVideo::OutputPicture - ttd:312ms pts:2.044 Clock:1.731 Level:3
2021-07-14 12:04:17.376 T:5153 DEBUG : CVideoPlayerVideo::OutputPicture - ttd:310ms pts:2.085 Clock:1.775 Level:3
2021-07-14 12:04:17.378 T:5153 DEBUG : CVideoPlayerVideo::OutputPicture - ttd:351ms pts:2.127 Clock:1.776 Level:4
2021-07-14 12:04:17.499 T:5153 DEBUG : CVideoPlayerVideo::OutputPicture - ttd:271ms pts:2.169 Clock:1.898 Level:2
2021-07-14 12:04:17.500 T:5153 DEBUG : CVideoPlayerVideo::OutputPicture - ttd:312ms pts:2.211 Clock:1.899 Level:3
2021-07-14 12:04:17.538 T:5153 DEBUG : CVideoPlayerVideo::OutputPicture - ttd:315ms pts:2.252 Clock:1.936 Level:3
2021-07-14 12:04:17.568 T:5146 DEBUG : CVideoPlayer::ProcessVideoData size:49753 dts:10.219 pts:10.469 dur:41.000ms, clock:1.966 level:87
2021-07-14 12:04:17.569 T:5146 DEBUG : CVideoPlayer::ProcessVideoData size:34041 dts:10.260 pts:10.344 dur:41.000ms, clock:1.967 level:87
2021-07-14 12:04:17.569 T:5146 DEBUG : CVideoPlayer::ProcessVideoData size:8163 dts:10.302 pts:10.302 dur:41.000ms, clock:1.967 level:88
2021-07-14 12:04:17.569 T:5146 DEBUG : CVideoPlayer::ProcessVideoData size:36074 dts:10.344 pts:10.385 dur:41.000ms, clock:1.967 level:88
2021-07-14 12:04:17.569 T:5146 DEBUG : CVideoPlayer::ProcessVideoData size:11443 dts:10.385 pts:10.427 dur:41.000ms, clock:1.968 level:89
2021-07-14 12:04:17.583 T:5153 DEBUG : CVideoPlayerVideo::OutputPicture - ttd:312ms pts:2.294 Clock:1.982 Level:3
2021-07-14 12:04:17.585 T:5153 DEBUG : CVideoPlayerVideo::OutputPicture - ttd:352ms pts:2.336 Clock:1.983 Level:4
2021-07-14 12:04:17.706 T:5153 DEBUG : CVideoPlayerVideo::OutputPicture - ttd:272ms pts:2.377 Clock:2.105 Level:2
2021-07-14 12:04:17.708 T:5153 DEBUG : CVideoPlayerVideo::OutputPicture - ttd:312ms pts:2.419 Clock:2.106 Level:3
2021-07-14 12:04:17.751 T:5153 DEBUG : CVideoPlayerVideo::OutputPicture - ttd:311ms pts:2.461 Clock:2.150 Level:3
2021-07-14 12:04:17.752 T:5153 DEBUG : CVideoPlayerVideo::OutputPicture - ttd:351ms pts:2.502 Clock:2.151 Level:4
2021-07-14 12:04:17.823 T:5146 DEBUG : CVideoPlayer::ProcessVideoData size:55860 dts:10.427 pts:10.594 dur:41.000ms, clock:2.221 level:86
2021-07-14 12:04:17.824 T:5146 DEBUG : CVideoPlayer::ProcessVideoData size:22397 dts:10.469 pts:10.510 dur:41.000ms, clock:2.222 level:87
2021-07-14 12:04:17.824 T:5146 DEBUG : CVideoPlayer::ProcessVideoData size:38402 dts:10.510 pts:10.552 dur:41.000ms, clock:2.222 level:87
2021-07-14 12:04:17.825 T:5146 DEBUG : CVideoPlayer::ProcessVideoData size:63849 dts:10.552 pts:10.719 dur:41.000ms, clock:2.223 level:88
2021-07-14 12:04:17.825 T:5146 DEBUG : CVideoPlayer::ProcessVideoData size:24271 dts:10.594 pts:10.636 dur:41.000ms, clock:2.223 level:88
2021-07-14 12:04:17.825 T:5146 DEBUG : CVideoPlayer::ProcessVideoData size:7122 dts:10.636 pts:10.677 dur:41.000ms, clock:2.224 level:89
2021-07-14 12:04:17.826 T:5146 DEBUG : CVideoPlayer::ProcessVideoData size:39250 dts:10.677 pts:10.761 dur:41.000ms, clock:2.224 level:89
2021-07-14 12:04:17.876 T:5153 DEBUG : CVideoPlayerVideo::OutputPicture - ttd:270ms pts:2.544 Clock:2.274 Level:2
2021-07-14 12:04:17.877 T:5153 DEBUG : CVideoPlayerVideo::OutputPicture - ttd:310ms pts:2.586 Clock:2.275 Level:3
2021-07-14 12:04:17.914 T:5153 DEBUG : CVideoPlayerVideo::OutputPicture - ttd:315ms pts:2.628 Clock:2.313 Level:3
2021-07-14 12:04:17.958 T:5153 DEBUG : CVideoPlayerVideo::OutputPicture - ttd:312ms pts:2.669 Clock:2.356 Level:3
2021-07-14 12:04:17.959 T:5153 DEBUG : CVideoPlayerVideo::OutputPicture - ttd:353ms pts:2.711 Clock:2.358 Level:4
2021-07-14 12:04:18.069 T:5146 DEBUG : CVideoPlayer::ProcessVideoData size:40462 dts:10.719 pts:10.928 dur:41.000ms, clock:2.468 level:87
2021-07-14 12:04:18.070 T:5146 DEBUG : CVideoPlayer::ProcessVideoData size:27636 dts:10.761 pts:10.844 dur:41.000ms, clock:2.468 level:87
2021-07-14 12:04:18.070 T:5146 DEBUG : CVideoPlayer::ProcessVideoData size:11946 dts:10.802 pts:10.802 dur:41.000ms, clock:2.468 level:88
2021-07-14 12:04:18.070 T:5146 DEBUG : CVideoPlayer::ProcessVideoData size:5792 dts:10.844 pts:10.886 dur:41.000ms, clock:2.469 level:88
2021-07-14 12:04:18.081 T:5153 DEBUG : CVideoPlayerVideo::OutputPicture - ttd:273ms pts:2.753 Clock:2.480 Level:2
2021-07-14 12:04:18.082 T:5153 DEBUG : CVideoPlayerVideo::OutputPicture - ttd:313ms pts:2.794 Clock:2.481 Level:3
2021-07-14 12:04:18.122 T:5153 DEBUG : CVideoPlayerVideo::OutputPicture - ttd:315ms pts:2.836 Clock:2.521 Level:3
2021-07-14 12:04:18.166 T:5153 DEBUG : CVideoPlayerVideo::OutputPicture - ttd:313ms pts:2.878 Clock:2.564 Level:3
2021-07-14 12:04:18.167 T:5153 DEBUG : CVideoPlayerVideo::OutputPicture - ttd:354ms pts:2.920 Clock:2.565 Level:4
2021-07-14 12:04:18.289 T:5153 DEBUG : CVideoPlayerVideo::OutputPicture - ttd:273ms pts:2.961 Clock:2.688 Level:2
2021-07-14 12:04:18.290 T:5153 DEBUG : CVideoPlayerVideo::OutputPicture - ttd:314ms pts:3.003 Clock:2.689 Level:3
2021-07-14 12:04:18.325 T:5146 DEBUG : CVideoPlayer::ProcessVideoData size:92983 dts:10.886 pts:11.136 dur:41.000ms, clock:2.723 level:85
2021-07-14 12:04:18.325 T:5146 DEBUG : CVideoPlayer::ProcessVideoData size:19128 dts:10.928 pts:11.011 dur:41.000ms, clock:2.724 level:86
2021-07-14 12:04:18.326 T:5146 DEBUG : CVideoPlayer::ProcessVideoData size:20176 dts:10.969 pts:10.969 dur:41.000ms, clock:2.724 level:87
2021-07-14 12:04:18.326 T:5146 DEBUG : CVideoPlayer::ProcessVideoData size:8131 dts:11.011 pts:11.053 dur:41.000ms, clock:2.724 level:87
2021-07-14 12:04:18.326 T:5146 DEBUG : CVideoPlayer::ProcessVideoData size:46066 dts:11.053 pts:11.094 dur:41.000ms, clock:2.725 level:88
2021-07-14 12:04:18.327 T:5146 DEBUG : CVideoPlayer::ProcessVideoData size:67130 dts:11.094 pts:11.178 dur:41.000ms, clock:2.725 level:88
2021-07-14 12:04:18.328 T:5146 DEBUG : CVideoPlayer::ProcessVideoData size:54674 dts:11.136 pts:11.220 dur:41.000ms, clock:2.726 level:89
2021-07-14 12:04:18.328 T:5146 DEBUG : CVideoPlayer::ProcessVideoData size:41321 dts:11.178 pts:11.261 dur:41.000ms, clock:2.726 level:89
2021-07-14 12:04:18.336 T:5153 DEBUG : CVideoPlayerVideo::OutputPicture - ttd:310ms pts:3.045 Clock:2.734 Level:3
2021-07-14 12:04:18.373 T:5153 DEBUG : CVideoPlayerVideo::OutputPicture - ttd:314ms pts:3.086 Clock:2.772 Level:3
2021-07-14 12:04:18.375 T:5153 DEBUG : CVideoPlayerVideo::OutputPicture - ttd:355ms pts:3.128 Clock:2.773 Level:4
2021-07-14 12:04:18.420 T:5146 DEBUG : CVideoPlayer::ProcessVideoData size:89757 dts:11.220 pts:11.303 dur:41.000ms, clock:2.818 level:89
2021-07-14 12:04:18.420 T:5146 DEBUG : CVideoPlayer::ProcessVideoData size:34044 dts:11.261 pts:11.345 dur:41.000ms, clock:2.819 level:89
2021-07-14 12:04:18.421 T:5146 DEBUG : CVideoPlayer::ProcessVideoData size:114721 dts:11.303 pts:11.386 dur:41.000ms, clock:2.819 level:90
2021-07-14 12:04:18.503 T:5153 DEBUG : CVideoPlayerVideo::OutputPicture - ttd:268ms pts:3.170 Clock:2.901 Level:2
2021-07-14 12:04:18.504 T:5153 DEBUG : CVideoPlayerVideo::OutputPicture - ttd:309ms pts:3.212 Clock:2.902 Level:3
2021-07-14 12:04:18.541 T:5153 DEBUG : CVideoPlayerVideo::OutputPicture - ttd:313ms pts:3.253 Clock:2.940 Level:3
2021-07-14 12:04:18.585 T:5153 DEBUG : CVideoPlayerVideo::OutputPicture - ttd:311ms pts:3.295 Clock:2.983 Level:3
2021-07-14 12:04:18.586 T:5153 DEBUG : CVideoPlayerVideo::OutputPicture - ttd:352ms pts:3.337 Clock:2.984 Level:4
2021-07-14 12:04:18.643 T:4973 DEBUG : CLibInputKeyboard::ProcessKey - using delay: 250ms repeat: 33ms
2021-07-14 12:04:18.644 T:5176 DEBUG : Thread Timer start, auto delete: false
2021-07-14 12:04:18.658 T:4946 DEBUG : Keyboard: scancode: 0x02, sym: 0x0031, unicode: 0x0031, modifier: 0x0
2021-07-14 12:04:18.658 T:4946 DEBUG : HandleKey: one (0xf031) pressed, action is stop
2021-07-14 12:04:18.658 T:4946 INFO : CVideoPlayer::CloseFile()
2021-07-14 12:04:18.658 T:4946 DEBUG : DeleteRenderer - deleting renderer
2021-07-14 12:04:18.659 T:4946 INFO : VideoPlayer: waiting for threads to exit
2021-07-14 12:04:18.664 T:5146 INFO : CVideoPlayer::OnExit()
2021-07-14 12:04:18.664 T:5146 INFO : Closing stream player 1
2021-07-14 12:04:18.664 T:5146 INFO : Waiting for audio thread to exit
2021-07-14 12:04:18.713 T:5154 INFO : thread end: CVideoPlayerAudio::OnExit()
2021-07-14 12:04:18.713 T:5154 DEBUG : Thread VideoPlayerAudio 3339108992 terminating
2021-07-14 12:04:18.714 T:5146 INFO : Closing audio device
2021-07-14 12:04:18.728 T:5153 DEBUG : CVideoPlayerVideo::OutputPicture - ttd:271ms pts:3.378 Clock:3.106 Level:0
2021-07-14 12:04:18.749 T:5153 DEBUG : CVideoPlayerVideo::OutputPicture - ttd:292ms pts:3.420 Clock:3.128 Level:0
2021-07-14 12:04:18.763 T:5146 DEBUG : CDVDAudio::Flush - flush audio stream
2021-07-14 12:04:18.763 T:4956 DEBUG : CActiveAE::DiscardStream - audio stream deleted
2021-07-14 12:04:18.764 T:4956 DEBUG : CActiveAE::ClearDiscardedBuffers - buffer pool deleted
2021-07-14 12:04:18.765 T:4957 INFO : Skipped 2 duplicate messages..
2021-07-14 12:04:18.765 T:4957 INFO : CActiveAESink::OpenSink - initialize sink
2021-07-14 12:04:18.765 T:5146 INFO : Deleting audio codec
2021-07-14 12:04:18.765 T:5146 INFO : Closing stream player 2
2021-07-14 12:04:18.765 T:5146 INFO : waiting for video thread to exit
2021-07-14 12:04:18.771 T:5153 DEBUG : CVideoPlayerVideo::OutputPicture - ttd:313ms pts:3.462 Clock:3.149 Level:0
2021-07-14 12:04:18.771 T:5153 INFO : thread end: video_thread
2021-07-14 12:04:18.771 T:5153 DEBUG : Thread VideoPlayerVideo 3372397184 terminating
2021-07-14 12:04:18.773 T:5146 INFO : deleting video codec
2021-07-14 12:04:18.773 T:5146 DEBUG : CAMLCodec::CloseDecoder
2021-07-14 12:04:18.777 T:5146 DEBUG : CAMLVideoBufferPool::~CAMLVideoBufferPool: Deleting 6 buffers
2021-07-14 12:04:18.777 T:5146 INFO : Closing stream player 3
2021-07-14 12:04:18.782 T:5148 DEBUG : Thread FileCache 3303514752 terminating
2021-07-14 12:04:18.788 T:5146 DEBUG : Thread VideoPlayer 3278336640 terminating
2021-07-14 12:04:18.788 T:4946 INFO : VideoPlayer: finished waiting
2021-07-14 12:04:18.788 T:4946 INFO : CVideoPlayer::CloseFile()
2021-07-14 12:04:18.788 T:4946 INFO : VideoPlayer: waiting for threads to exit
2021-07-14 12:04:18.788 T:4946 INFO : VideoPlayer: finished waiting
2021-07-14 12:04:18.790 T:4946 DEBUG : Radio UECP (RDS) Processor - delete ~CDVDRadioRDSData
2021-07-14 12:04:18.792 T:5094 DEBUG : DoWork - Saving file state for video item http://127.0.0.1:57578/tvshows/12239/13111-e1709acbe4dc426f9331c89658d66d0b-5977845-stream-Mr.Inbetween.S03E02.1080p.WEB.H264-GGEZ.mkv
2021-07-14 12:04:18.795 T:5176 DEBUG : Thread Timer 3412886144 terminating
2021-07-14 12:04:18.807 T:5009 DEBUG : OnPlayBackStopped: CApplication::OnPlayBackStopped
2021-07-14 12:04:18.810 T:4946 DEBUG : CGUIWindowManager::PreviousWindow: Deactivate
2021-07-14 12:04:18.813 T:4946 DEBUG : ------ Window Deinit (VideoFullScreen.xml) ------
2021-07-14 12:04:18.835 T:4946 DEBUG : AMLUtils::aml_handle_display_stereo_mode old mode 3doff new mode 3doff
2021-07-14 12:04:18.835 T:4946 DEBUG : AMLUtils::aml_handle_display_stereo_mode - no change needed
2021-07-14 12:04:18.836 T:4946 ERROR : GetString: error reading /sys/class/amhdmitx/amhdmitx0/custom_mode
2021-07-14 12:04:18.963 T:4957 DEBUG : CActiveAESink::OpenSink - trying to open device ALSA:hdmi:CARD=AMLAUGESOUND,DEV=0
2021-07-14 12:04:18.964 T:4957 INFO : CAESinkALSA::Initialize - Attempting to open device "hdmi:CARD=AMLAUGESOUND,DEV=0"
2021-07-14 12:04:18.972 T:4957 INFO : CAESinkALSA::Initialize - Opened device "hdmi:CARD=AMLAUGESOUND,DEV=0,AES0=0x04,AES1=0x82,AES2=0x00,AES3=0x00"
2021-07-14 12:04:18.973 T:4957 INFO : CAESinkALSA::InitializeHW - Your hardware does not support AE_FMT_FLOAT, trying other formats
2021-07-14 12:04:18.973 T:4957 INFO : CAESinkALSA::InitializeHW - Using data format AE_FMT_S16NE
2021-07-14 12:04:18.973 T:4957 DEBUG : CAESinkALSA::InitializeHW - Request: periodSize 2205, bufferSize 8820
2021-07-14 12:04:18.973 T:4957 DEBUG : CAESinkALSA::InitializeHW - Got: periodSize 2205, bufferSize 8820
2021-07-14 12:04:18.973 T:4957 DEBUG : CAESinkALSA::InitializeHW - Setting timeout to 200 ms
2021-07-14 12:04:18.974 T:4957 DEBUG : CAESinkALSA::GetChannelLayout - Input Channel Count: 2 Output Channel Count: 2
2021-07-14 12:04:18.974 T:4957 DEBUG : CAESinkALSA::GetChannelLayout - Requested Layout: FL, FR
2021-07-14 12:04:18.974 T:4957 DEBUG : CAESinkALSA::GetChannelLayout - Got Layout: FL, FR (ALSA: none)
2021-07-14 12:04:18.974 T:4957 DEBUG : CActiveAESink::OpenSink - ALSA Initialized:
2021-07-14 12:04:18.974 T:4957 DEBUG : Output Device : AML-AUGESOUND
2021-07-14 12:04:18.974 T:4957 DEBUG : Sample Rate : 44100
2021-07-14 12:04:18.974 T:4957 DEBUG : Sample Format : AE_FMT_S16NE
2021-07-14 12:04:18.974 T:4957 DEBUG : Channel Count : 2
2021-07-14 12:04:18.974 T:4957 DEBUG : Channel Layout: FL, FR
2021-07-14 12:04:18.974 T:4957 DEBUG : Frames : 2205
2021-07-14 12:04:18.974 T:4957 DEBUG : Frame Size : 4
2021-07-14 12:04:18.976 T:4956 DEBUG : CActiveAE::ClearDiscardedBuffers - buffer pool deleted
2021-07-14 12:04:18.985 T:4946 INFO : Skipped 1 duplicate messages..
2021-07-14 12:04:18.985 T:4946 DEBUG : AMLUtils::aml_handle_display_stereo_mode old mode 3doff new mode 3doff
2021-07-14 12:04:18.985 T:4946 DEBUG : AMLUtils::aml_handle_display_stereo_mode - no change needed
2021-07-14 12:04:18.985 T:4946 INFO : GLES: Maximum texture width: 8192
2021-07-14 12:04:18.990 T:4946 DEBUG : CGUIWindowManager::PreviousWindow: Activate new
2021-07-14 12:04:18.998 T:4946 DEBUG : ------ Window Init (MyVideoNav.xml) ------
2021-07-14 12:04:19.001 T:4946 DEBUG : CGUIMediaWindow::GetDirectory (videodb://tvshows/titles/27/-2/?tvshowid=27)
2021-07-14 12:04:19.001 T:4946 DEBUG : ParentPath = [videodb://tvshows/titles/27/-2/?tvshowid=27]
2021-07-14 12:04:19.013 T:4946 DEBUG : WindowVideoNav::GetDirectory
2021-07-14 12:04:19.015 T:5185 DEBUG : Thread BackgroundLoader start, auto delete: false
2021-07-14 12:04:19.027 T:4946 DEBUG : Keyboard: scancode: 0x02, sym: 0x0031, unicode: 0x0031, modifier: 0x0
2021-07-14 12:04:19.029 T:5013 DEBUG : ffmpeg[0x3119c40X]: [image2] Custom AVIOContext makes no sense and will be ignored with AVFMT_NOFILE format.
2021-07-14 12:04:19.030 T:5009 DEBUG : ffmpeg[0x212ffd8X]: [image2] Custom AVIOContext makes no sense and will be ignored with AVFMT_NOFILE format.
2021-07-14 12:04:19.031 T:5094 DEBUG : ffmpeg[0x3fb0388X]: [image2] Custom AVIOContext makes no sense and will be ignored with AVFMT_NOFILE format.
2021-07-14 12:04:19.031 T:5014 DEBUG : ffmpeg[0x3119df0X]: [image2] Custom AVIOContext makes no sense and will be ignored with AVFMT_NOFILE format.
2021-07-14 12:04:19.040 T:5185 DEBUG : Thread BackgroundLoader 3421278848 terminating
2021-07-14 12:04:19.041 T:5014 DEBUG : ffmpeg[0x3119df0X]: [image2] Custom AVIOContext makes no sense and will be ignored with AVFMT_NOFILE format.
2021-07-14 12:04:19.045 T:5009 DEBUG : ffmpeg[0x212ffd8X]: [image2] Custom AVIOContext makes no sense and will be ignored with AVFMT_NOFILE format.
2021-07-14 12:04:19.046 T:5094 DEBUG : ffmpeg[0x3fb0388X]: [image2] Custom AVIOContext makes no sense and will be ignored with AVFMT_NOFILE format.
2021-07-14 12:04:19.050 T:5014 DEBUG : ffmpeg[0x3119df0X]: [image2] Custom AVIOContext makes no sense and will be ignored with AVFMT_NOFILE format.
2021-07-14 12:04:19.051 T:5009 DEBUG : ffmpeg[0x212ffd8X]: [image2] Custom AVIOContext makes no sense and will be ignored with AVFMT_NOFILE format.
2021-07-14 12:04:19.052 T:5094 DEBUG : ffmpeg[0x3fb0388X]: [image2] Custom AVIOContext makes no sense and will be ignored with AVFMT_NOFILE format.
2021-07-14 12:04:19.115 T:5024 INFO : INFO: EMBY.hooks.player.Player: [ onPlayBackStopped ]
2021-07-14 12:04:19.115 T:5024 DEBUG : DEBUG: EMBY.hooks.player.Player: [ played info ] {'Id': '13111', 'Tracking': True, 'Type': 'episode', 'Volume': 100, 'Muted': False, 'MediaSourceId': 'e1709acbe4dc426f9331c89658d66d0b', 'EmbyServer': , 'RunTime': 15700220947, 'CurrentPosition': 0, 'Paused': False, 'library': , 'PlaySessionId': '717633583929487c98bc34658110f874'}
2021-07-14 12:04:19.115 T:5024 DEBUG : DEBUG: EMBY.core.HTTP: --->[ http ] { "params": { "ItemId": "13111", "MediaSourceId": "e1709acbe4dc426f9331c89658d66d0b", "PositionTicks": 0, "PlaySessionId": "717633583929487c98bc34658110f874" }, "type": "POST", "url": "http://192.168.1.10:8096/emby/Sessions/Playing/Stopped", "headers": { "Content-type": "application/json", "Accept-Charset": "UTF-8,*", "Accept-encoding": "gzip", "User-Agent": "Emby-Kodi/5.3.2", "Authorization": "Emby Client=Kodi, Device=Kodi (CoreELEC), DeviceId=C86BFD09CCFB4585AC3E449D31D74819, Version=5.3.2, UserId=de8aeadec54b4fa28d3772ebcf026587", "X-Emby-Token": "9cd631b3e7914b5d8ed6207750cefae7" }, "timeout": 30, "verify": true }
2021-07-14 12:04:19.125 T:5024 DEBUG : DEBUG: EMBY.core.HTTP: ---<[ http ][5 ms]
2021-07-14 12:04:19.125 T:5024 INFO : INFO: EMBY.hooks.player.Player: --<[ playback ]
2021-07-14 12:04:19.727 T:5186 INFO : INFO: EMBY.hooks.monitor.Monitor: [ UserDataChanged ] {'ServerId': '582d15c7dab04b7fb851ac18d8445893', 'UserDataList': [{'IsFavorite': False, 'ItemId': '13111', 'LastPlayedDate': '2021-07-14T02:04:15.0000000+00:00', 'PlayCount': 8, 'PlaybackPositionTicks': 0, 'Played': True}, {'IsFavorite': False, 'ItemId': '13106', 'PlayCount': 0, 'PlaybackPositionTicks': 0, 'Played': True, 'UnplayedItemCount': 0}], 'UserId': 'de8aeadec54b4fa28d3772ebcf026587', 'MonitorMethod': 'UserDataChanged'}
2021-07-14 12:04:19.727 T:5186 INFO : INFO: EMBY.hooks.monitor.Monitor: [ skip update/13111 ]
2021-07-14 12:04:19.729 T:5186 DEBUG : DEBUG: EMBY.database.database: --->[ database: emby ] 3855894640
2021-07-14 12:04:19.730 T:5186 DEBUG : DEBUG: EMBY.database.database: ---<[ database: emby ] 3855894640
2021-07-14 12:04:19.731 T:5186 INFO : INFO: EMBY.hooks.monitor.Monitor: [ skip update/13106 ]
2021-07-14 12:04:19.731 T:5186 INFO : INFO: EMBY.hooks.monitor.Monitor: [ skip reset ]
2021-07-14 12:04:20.077 T:5028 DEBUG : DatabaseUtils::GetSortFieldList: unknown field 36
2021-07-14 12:04:22.507 T:4973 INFO : Skipped 14 duplicate messages..
2021-07-14 12:04:22.507 T:4973 DEBUG : CLibInputKeyboard::ProcessKey - using delay: 250ms repeat: 33ms
2021-07-14 12:04:22.508 T:5187 DEBUG : Thread Timer start, auto delete: false
2021-07-14 12:04:22.513 T:4946 DEBUG : Keyboard: scancode: 0x6c, sym: 0x0112, unicode: 0x0000, modifier: 0x0
2021-07-14 12:04:22.514 T:4946 DEBUG : HandleKey: down (0xf081) pressed, action is Down
2021-07-14 12:04:22.683 T:5187 DEBUG : Thread Timer 3412886144 terminating
2021-07-14 12:04:22.685 T:4946 DEBUG : Keyboard: scancode: 0x6c, sym: 0x0112, unicode: 0x0000, modifier: 0x0
2021-07-14 12:04:23.043 T:4973 DEBUG : CLibInputKeyboard::ProcessKey - using delay: 250ms repeat: 33ms
2021-07-14 12:04:23.044 T:5188 DEBUG : Thread Timer start, auto delete: false
2021-07-14 12:04:23.070 T:4946 DEBUG : Keyboard: scancode: 0x1c, sym: 0x000d, unicode: 0x000d, modifier: 0x0
2021-07-14 12:04:23.139 T:5188 DEBUG : Thread Timer 3412886144 terminating
2021-07-14 12:04:23.162 T:4946 DEBUG : Keyboard: scancode: 0x1c, sym: 0x000d, unicode: 0x000d, modifier: 0x0
2021-07-14 12:04:23.162 T:4946 DEBUG : HandleKey: return (0xf00d) pressed, action is Select
2021-07-14 12:04:23.173 T:4946 DEBUG : OnPlayMedia http://127.0.0.1:57578/tvshows/12239/13116-1c61862db2ad23ea8c909448abaa9460-5837678-stream-Mr.Inbetween.S03E03.1080p.WEB.H264-PLZPROPER.mkv
2021-07-14 12:04:23.181 T:4946 DEBUG : CCurlFile::GetMimeType - http://127.0.0.1:57578/tvshows/12239/13116-1c61862db2ad23ea8c909448abaa9460-5837678-stream-Mr.Inbetween.S03E03.1080p.WEB.H264-PLZPROPER.mkv -> video/mp4
2021-07-14 12:04:23.188 T:4946 DEBUG : CPlayerCoreFactory::GetPlayers(http://127.0.0.1:57578/tvshows/12239/13116-1c61862db2ad23ea8c909448abaa9460-5837678-stream-Mr.Inbetween.S03E03.1080p.WEB.H264-PLZPROPER.mkv)
2021-07-14 12:04:23.188 T:4946 DEBUG : CPlayerSelectionRule::GetPlayers: considering rule: system rules
2021-07-14 12:04:23.188 T:4946 DEBUG : CPlayerSelectionRule::GetPlayers: matches rule: system rules
2021-07-14 12:04:23.188 T:4946 DEBUG : CPlayerSelectionRule::GetPlayers: considering rule: mms/udp
2021-07-14 12:04:23.188 T:4946 DEBUG : CPlayerSelectionRule::GetPlayers: considering rule: lastfm/shout
2021-07-14 12:04:23.188 T:4946 DEBUG : CPlayerSelectionRule::GetPlayers: considering rule: rtmp
2021-07-14 12:04:23.188 T:4946 DEBUG : CPlayerSelectionRule::GetPlayers: considering rule: rtsp
2021-07-14 12:04:23.188 T:4946 DEBUG : CPlayerSelectionRule::GetPlayers: considering rule: streams
2021-07-14 12:04:23.188 T:4946 DEBUG : CPlayerSelectionRule::GetPlayers: matches rule: streams
2021-07-14 12:04:23.188 T:4946 DEBUG : CPlayerSelectionRule::GetPlayers: considering rule: aacp/sdp
2021-07-14 12:04:23.188 T:4946 DEBUG : CPlayerSelectionRule::GetPlayers: considering rule: mp2
2021-07-14 12:04:23.188 T:4946 DEBUG : CPlayerSelectionRule::GetPlayers: considering rule: dvd
2021-07-14 12:04:23.188 T:4946 DEBUG : CPlayerSelectionRule::GetPlayers: considering rule: discimage
2021-07-14 12:04:23.188 T:4946 DEBUG : CPlayerSelectionRule::GetPlayers: considering rule: sdp/asf
2021-07-14 12:04:23.188 T:4946 DEBUG : CPlayerSelectionRule::GetPlayers: considering rule: nsv
2021-07-14 12:04:23.188 T:4946 DEBUG : CPlayerSelectionRule::GetPlayers: considering rule: radio
2021-07-14 12:04:23.188 T:4946 DEBUG : CPlayerCoreFactory::GetPlayers: matched 0 rules with players
2021-07-14 12:04:23.189 T:4946 DEBUG : CPlayerCoreFactory::GetPlayers: adding videodefaultplayer (VideoPlayer)
2021-07-14 12:04:23.189 T:4946 DEBUG : CPlayerCoreFactory::GetPlayers: for video=1, audio=0
2021-07-14 12:04:23.189 T:4946 DEBUG : CPlayerCoreFactory::GetPlayers: for video=1, audio=1
2021-07-14 12:04:23.189 T:4946 DEBUG : CPlayerCoreFactory::GetPlayers: added 1 players
2021-07-14 12:04:23.190 T:4946 DEBUG : Radio UECP (RDS) Processor - new CDVDRadioRDSData
2021-07-14 12:04:23.190 T:4946 INFO : VideoPlayer::OpenFile: http://127.0.0.1:57578/tvshows/12239/13116-1c61862db2ad23ea8c909448abaa9460-5837678-stream-Mr.Inbetween.S03E03.1080p.WEB.H264-PLZPROPER.mkv
2021-07-14 12:04:23.192 T:4946 DEBUG : CCurlFile::GetMimeType - http://127.0.0.1:57578/tvshows/12239/13116-1c61862db2ad23ea8c909448abaa9460-5837678-stream-Mr.Inbetween.S03E03.1080p.WEB.H264-PLZPROPER.mkv -> video/mp4
2021-07-14 12:04:23.192 T:5189 DEBUG : Thread VideoPlayer start, auto delete: false
2021-07-14 12:04:23.192 T:4946 DEBUG : OnPlayBackStarted: CApplication::OnPlayBackStarted
2021-07-14 12:04:23.193 T:5189 INFO : Creating InputStream
2021-07-14 12:04:23.193 T:5190 DEBUG : Thread BackgroundLoader start, auto delete: false
2021-07-14 12:04:23.193 T:5189 DEBUG : CurlFile::Open(0xc587a570) http://127.0.0.1:57578/tvshows/12239/13116-1c61862db2ad23ea8c909448abaa9460-5837678-stream-Mr.Inbetween.S03E03.1080p.WEB.H264-PLZPROPER.mkv
2021-07-14 12:04:23.194 T:5062 DEBUG : DEBUG: EMBY.hooks.player.WebserviceOnPlay: [ query IncommingData ] /tvshows/12239/13116-1c61862db2ad23ea8c909448abaa9460-5837678-stream-Mr.Inbetween.S03E03.1080p.WEB.H264-PLZPROPER.mkv
2021-07-14 12:04:23.197 T:5062 DEBUG : DEBUG: EMBY.database.database: --->[ database: emby ] 3856069080
2021-07-14 12:04:23.200 T:4946 DEBUG : CVideoGUIInfo::InitCurrentItem(http://127.0.0.1:57578/tvshows/12239/13116-1c61862db2ad23ea8c909448abaa9460-5837678-stream-Mr.Inbetween.S03E03.1080p.WEB.H264-PLZPROPER.mkv)
2021-07-14 12:04:23.200 T:4946 DEBUG : CPlayerGUIInfo::InitCurrentItem(http://127.0.0.1:57578/tvshows/12239/13116-1c61862db2ad23ea8c909448abaa9460-5837678-stream-Mr.Inbetween.S03E03.1080p.WEB.H264-PLZPROPER.mkv)
2021-07-14 12:04:23.204 T:5062 DEBUG : DEBUG: EMBY.database.database: ---<[ database: emby ] 3856069080
2021-07-14 12:04:23.208 T:5014 DEBUG : Loading settings for http://127.0.0.1:57578/tvshows/12239/13116-1c61862db2ad23ea8c909448abaa9460-5837678-stream-Mr.Inbetween.S03E03.1080p.WEB.H264-PLZPROPER.mkv
2021-07-14 12:04:23.211 T:5189 DEBUG : CCurlFile::Open - effective URL:
2021-07-14 12:04:23.211 T:5189 DEBUG : CFileCache::Open - opening
2021-07-14 12:04:23.211 T:5189 DEBUG : CurlFile::Open(0xe615ca28) http://192.168.1.10:8096/emby/videos/13116/stream?static=true&MediaSourceId=1c61862db2ad23ea8c909448abaa9460&PlaySessionId=e2577927855a4554bc0992322d45d168&DeviceId=C86BFD09CCFB4585AC3E449D31D74819&api_key=9cd631b3e7914b5d8ed6207750cefae7&Mr.Inbetween.S03E03.1080p.WEB.H264-PLZPROPER.mkv
2021-07-14 12:04:23.215 T:5189 DEBUG : CFileCache::Open - source chunk size is 0, setting cache chunk size to 131072
2021-07-14 12:04:23.215 T:5189 DEBUG : CFileCache::Open - using double memory cache each sized 10485760 bytes
2021-07-14 12:04:23.216 T:5193 DEBUG : Thread FileCache start, auto delete: false
2021-07-14 12:04:23.216 T:5189 INFO : Creating Demuxer
2021-07-14 12:04:23.216 T:5024 INFO : INFO: EMBY.hooks.player.Player: [ onPlayBackStarted ]
2021-07-14 12:04:23.216 T:5195 INFO : INFO: EMBY.hooks.player.Player: [ OnPlay ] {'item': {'id': 904, 'type': 'episode'}, 'player': {'playerid': 1, 'speed': 1}, 'MonitorMethod': 'Player.OnPlay'}
2021-07-14 12:04:23.217 T:5189 DEBUG : Open - probing detected format [matroska,webm]
2021-07-14 12:04:23.217 T:5189 DEBUG : Open - avformat_find_stream_info starting
2021-07-14 12:04:23.217 T:5195 DEBUG : DEBUG: EMBY.database.database: --->[ database: emby ] 3495745632
2021-07-14 12:04:23.218 T:5195 DEBUG : DEBUG: EMBY.database.database: ---<[ database: emby ] 3495745632
2021-07-14 12:04:23.225 T:5190 DEBUG : Thread BackgroundLoader 3421278848 terminating
2021-07-14 12:04:23.254 T:5189 DEBUG : Open - av_find_stream_info finished
2021-07-14 12:04:23.254 T:5189 INFO : ffmpeg[0x35c25b8X]: Input #0, matroska,webm, from 'http://192.168.1.10:8096/emby/videos/13116/stream?static=true&MediaSourceId=1c61862db2ad23ea8c909448abaa9460&PlaySessionId=e2577927855a4554bc0992322d45d168&DeviceId=C86BFD09CCFB4585AC3E449D31D74819&api_key=9cd631b3e7914b5d8ed6207750cefae7&Mr.Inbetween.S03E03.1080p.WEB.H264-PLZPROPER.mkv':
2021-07-14 12:04:23.254 T:5189 INFO : ffmpeg[0x35c25b8X]: Metadata:
2021-07-14 12:04:23.254 T:5189 INFO : ffmpeg[0x35c25b8X]: encoder : libebml v1.4.0 + libmatroska v1.6.1
2021-07-14 12:04:23.254 T:5189 INFO : ffmpeg[0x35c25b8X]: Duration: 00:28:10.18, start: 0.000000, bitrate: 5837 kb/s
2021-07-14 12:04:23.254 T:5189 INFO : ffmpeg[0x35c25b8X]: Stream #0:0: Video: h264 (High), yuv420p(progressive), 1920x1080 [SAR 1:1 DAR 16:9], 23.98 fps, 23.98 tbr, 1k tbn, 47.95 tbc (default)
2021-07-14 12:04:23.254 T:5189 INFO : ffmpeg[0x35c25b8X]: Stream #0:1(eng): Audio: eac3, 48000 Hz, 6 channels, fltp (default)
2021-07-14 12:04:23.254 T:5189 INFO : ffmpeg[0x35c25b8X]: Stream #0:2(eng): Subtitle: subrip
2021-07-14 12:04:23.254 T:5189 INFO : ffmpeg[0x35c25b8X]: Metadata:
2021-07-14 12:04:23.254 T:5189 INFO : ffmpeg[0x35c25b8X]: title : English
2021-07-14 12:04:23.254 T:5189 DEBUG : DVDDemuxFFmpeg::AddStream - fps:24000/1001 tbr:24000/1001 tbn:48000/1001
2021-07-14 12:04:23.254 T:5189 DEBUG : DVDDemuxFFmpeg::AddStream - fps:24000/1001p
2021-07-14 12:04:23.254 T:5189 DEBUG : CDVDDemuxFFmpeg::AddStream ID: 0
2021-07-14 12:04:23.254 T:5189 DEBUG : CDVDDemuxFFmpeg::AddStream ID: 1
2021-07-14 12:04:23.254 T:5189 DEBUG : CDVDDemuxFFmpeg::AddStream ID: 2
2021-07-14 12:04:23.255 T:5189 DEBUG : CDVDInputStreamFile::SetReadRate - set cache throttle rate to 802679 bytes per second
2021-07-14 12:04:23.255 T:5189 INFO : Opening stream: 0 source: 256
2021-07-14 12:04:23.255 T:5189 INFO : CVideoPlayerVideo::OpenStream - Creating codec: 27
2021-07-14 12:04:23.255 T:5189 DEBUG : DVDVideoCodecAmlogic::Open - codec 27 profile:100 extra_size:46 fps:24000/1001
2021-07-14 12:04:23.255 T:5189 INFO : CBitstreamConverter::Open bitstream to annexb init
2021-07-14 12:04:23.255 T:5189 INFO : DVDVideoCodecAmlogic: Opened Amlogic Codec
2021-07-14 12:04:23.255 T:5189 DEBUG : CVideoPlayerVideo::OpenStream - open stream with codec id: 27 fps:24000/1001 options:02
2021-07-14 12:04:23.255 T:5189 INFO : Creating video thread
2021-07-14 12:04:23.255 T:5196 DEBUG : Thread VideoPlayerVideo start, auto delete: false
2021-07-14 12:04:23.255 T:5189 INFO : Opening stream: 1 source: 256
2021-07-14 12:04:23.255 T:5189 INFO : Finding audio codec for: 86056
2021-07-14 12:04:23.255 T:5189 INFO : Creating audio thread
2021-07-14 12:04:23.255 T:5196 INFO : running thread: video_thread
2021-07-14 12:04:23.255 T:5196 DEBUG : CVideoPlayerVideo - CDVDMsg::GENERAL_PAUSE: 0
2021-07-14 12:04:23.255 T:5197 DEBUG : Thread VideoPlayerAudio start, auto delete: false
2021-07-14 12:04:23.255 T:5189 INFO : Opening stream: 2 source: 256
2021-07-14 12:04:23.255 T:5189 DEBUG : CDVDClock::SetSpeedAdjust - adjusted:0.000000
2021-07-14 12:04:23.256 T:5189 DEBUG : CVideoPlayer::HandleMessages - player 2 reported state: 0
2021-07-14 12:04:23.256 T:5009 DEBUG : OnAVChange: CApplication::OnAVChange
2021-07-14 12:04:23.256 T:5189 DEBUG : CVideoPlayer::ProcessVideoData size:25614 dts:18442240474082.180 pts:0.000 dur:41.000ms, clock:-0.500 level:0
2021-07-14 12:04:23.256 T:5189 DEBUG : CDVDClock::SetSpeedAdjust - adjusted:0.000000
2021-07-14 12:04:23.256 T:5189 INFO : Skipped 1 duplicate messages..
2021-07-14 12:04:23.256 T:5189 DEBUG : CVideoPlayer::ProcessVideoData size:11796 dts:18442240474082.180 pts:0.209 dur:41.000ms, clock:-0.291 level:0
2021-07-14 12:04:23.256 T:5196 DEBUG : CAMLCodec::SetSpeed, speed(0)
2021-07-14 12:04:23.256 T:5196 DEBUG : CAMLCodec::SetSpeed, speed(1000)
2021-07-14 12:04:23.256 T:5196 DEBUG : CAMLCodec::SetSpeed, speed(0)
2021-07-14 12:04:23.256 T:5196 DEBUG : CVideoPlayerVideo - Stillframe left, switching to normal playback
2021-07-14 12:04:23.256 T:5196 INFO : DVDVideoCodecAmlogic::AddData Open decoder: fps:24000/1001
2021-07-14 12:04:23.256 T:5196 DEBUG : codecid_to_vformat, id(27) -> vformat(2)
2021-07-14 12:04:23.256 T:5196 DEBUG : codec_tag_to_vdec_type, codec_tag(27) -> vdec_type(4)
2021-07-14 12:04:23.256 T:5196 DEBUG : CAMLCodec::OpenDecoder hints.width(1920), hints.height(1080), hints.codec(27), hints.codec_tag(0)
2021-07-14 12:04:23.257 T:5196 DEBUG : CAMLCodec::OpenDecoder hints.fpsrate(24000), hints.fpsscale(1001), video_rate(4004)
2021-07-14 12:04:23.257 T:5196 DEBUG : CAMLCodec::OpenDecoder hints.aspect(1.777778), video_ratio.num(1), video_ratio.den(1)
2021-07-14 12:04:23.257 T:5196 DEBUG : CAMLCodec::OpenDecoder hints.orientation(0), hints.forced_aspect(1), hints.extrasize(39)
2021-07-14 12:04:23.256 T:5197 INFO : running thread: CVideoPlayerAudio::Process()
2021-07-14 12:04:23.256 T:5189 DEBUG : CVideoPlayer::CheckContinuity - wrapback :2, prev:209000.000000, curr:0.000000, diff:-209000.000000
2021-07-14 12:04:23.260 T:5197 DEBUG : CVideoPlayerAudio - CDVDMsg::GENERAL_PAUSE: 0
2021-07-14 12:04:23.260 T:5189 DEBUG : CVideoPlayer::ProcessVideoData size:4899 dts:0.000 pts:0.083 dur:41.000ms, clock:-0.291 level:0
2021-07-14 12:04:23.260 T:5197 DEBUG : CDVDAudio::Pause - pausing audio stream
2021-07-14 12:04:23.260 T:5189 DEBUG : CVideoPlayer::HandleMessages - player 1 reported state: 0
2021-07-14 12:04:23.260 T:5197 DEBUG : CDVDAudio::Pause - pausing audio stream
2021-07-14 12:04:23.260 T:5189 DEBUG : CVideoPlayer::ProcessVideoData size:2252 dts:0.042 pts:0.042 dur:41.000ms, clock:-0.291 level:0
2021-07-14 12:04:23.260 T:5197 DEBUG : CDVDAudio::Pause - pausing audio stream
2021-07-14 12:04:23.260 T:5197 INFO : CAEStreamParser::TrySyncAC3 - E-AC3 stream detected (6 channels, 48000Hz)
2021-07-14 12:04:23.261 T:5189 DEBUG : CVideoPlayer::ProcessVideoData size:2748 dts:0.083 pts:0.125 dur:41.000ms, clock:-0.291 level:0
2021-07-14 12:04:23.261 T:5197 INFO : Creating audio stream (codec id: 86056, channels: 6, sample rate: 48000, pass-through)
2021-07-14 12:04:23.261 T:5189 DEBUG : CVideoPlayer::ProcessVideoData size:2790 dts:0.125 pts:0.167 dur:41.000ms, clock:-0.291 level:0
2021-07-14 12:04:23.261 T:5189 DEBUG : CVideoPlayer::ProcessVideoData size:7985 dts:0.167 pts:0.375 dur:41.000ms, clock:-0.291 level:0
2021-07-14 12:04:23.261 T:5189 DEBUG : CVideoPlayer::ProcessVideoData size:4924 dts:0.209 pts:0.292 dur:41.000ms, clock:-0.291 level:0
2021-07-14 12:04:23.261 T:5189 DEBUG : CVideoPlayer::ProcessVideoData size:2457 dts:0.250 pts:0.250 dur:41.000ms, clock:-0.291 level:0
2021-07-14 12:04:23.261 T:5189 DEBUG : CVideoPlayer::ProcessVideoData size:1572 dts:0.292 pts:0.334 dur:41.000ms, clock:-0.291 level:1
2021-07-14 12:04:23.261 T:5189 DEBUG : CVideoPlayer::ProcessVideoData size:2254 dts:0.334 pts:0.584 dur:41.000ms, clock:-0.291 level:2
2021-07-14 12:04:23.261 T:5189 DEBUG : CVideoPlayer::ProcessVideoData size:4530 dts:0.375 pts:0.459 dur:41.000ms, clock:-0.291 level:2
2021-07-14 12:04:23.261 T:5189 DEBUG : CVideoPlayer::ProcessVideoData size:1519 dts:0.417 pts:0.417 dur:41.000ms, clock:-0.291 level:3
2021-07-14 12:04:23.261 T:5189 DEBUG : CVideoPlayer::ProcessVideoData size:1912 dts:0.459 pts:0.500 dur:41.000ms, clock:-0.291 level:3
2021-07-14 12:04:23.261 T:5189 DEBUG : CVideoPlayer::ProcessVideoData size:1349 dts:0.500 pts:0.542 dur:41.000ms, clock:-0.291 level:4
2021-07-14 12:04:23.262 T:5189 DEBUG : CVideoPlayer::ProcessVideoData size:420 dts:0.542 pts:0.792 dur:41.000ms, clock:-0.291 level:4
2021-07-14 12:04:23.262 T:5189 DEBUG : CVideoPlayer::ProcessVideoData size:879 dts:0.584 pts:0.667 dur:41.000ms, clock:-0.291 level:5
2021-07-14 12:04:23.262 T:5189 DEBUG : CVideoPlayer::ProcessVideoData size:402 dts:0.626 pts:0.626 dur:41.000ms, clock:-0.291 level:5
2021-07-14 12:04:23.262 T:5189 DEBUG : CVideoPlayer::ProcessVideoData size:316 dts:0.667 pts:0.709 dur:41.000ms, clock:-0.291 level:6
2021-07-14 12:04:23.262 T:5189 DEBUG : CVideoPlayer::ProcessVideoData size:172 dts:0.709 pts:0.751 dur:41.000ms, clock:-0.291 level:6
2021-07-14 12:04:23.262 T:5189 DEBUG : CVideoPlayer::ProcessVideoData size:85 dts:0.751 pts:1.001 dur:41.000ms, clock:-0.291 level:7
2021-07-14 12:04:23.262 T:5189 DEBUG : CVideoPlayer::ProcessVideoData size:235 dts:0.792 pts:0.876 dur:41.000ms, clock:-0.291 level:7
2021-07-14 12:04:23.262 T:5189 DEBUG : CVideoPlayer::ProcessVideoData size:107 dts:0.834 pts:0.834 dur:41.000ms, clock:-0.291 level:8
2021-07-14 12:04:23.262 T:5189 DEBUG : CVideoPlayer::ProcessVideoData size:154 dts:0.876 pts:0.918 dur:41.000ms, clock:-0.291 level:8
2021-07-14 12:04:23.262 T:5189 DEBUG : CVideoPlayer::ProcessVideoData size:90 dts:0.918 pts:0.959 dur:41.000ms, clock:-0.291 level:9
2021-07-14 12:04:23.262 T:5189 DEBUG : CVideoPlayer::ProcessVideoData size:163769 dts:0.959 pts:1.168 dur:41.000ms, clock:-0.291 level:9
2021-07-14 12:04:23.262 T:5189 DEBUG : CVideoPlayer::ProcessVideoData size:8628 dts:1.001 pts:1.084 dur:41.000ms, clock:-0.291 level:10
2021-07-14 12:04:23.263 T:5189 DEBUG : CVideoPlayer::ProcessVideoData size:97 dts:1.043 pts:1.043 dur:41.000ms, clock:-0.291 level:10
2021-07-14 12:04:23.263 T:5189 DEBUG : CVideoPlayer::ProcessVideoData size:2229 dts:1.084 pts:1.126 dur:41.000ms, clock:-0.291 level:11
2021-07-14 12:04:23.263 T:5189 DEBUG : CVideoPlayer::ProcessVideoData size:45769 dts:1.126 pts:1.376 dur:41.000ms, clock:-0.291 level:11
2021-07-14 12:04:23.263 T:5189 DEBUG : CVideoPlayer::ProcessVideoData size:6404 dts:1.168 pts:1.251 dur:41.000ms, clock:-0.291 level:12
2021-07-14 12:04:23.263 T:5189 DEBUG : CVideoPlayer::ProcessVideoData size:3048 dts:1.210 pts:1.210 dur:41.000ms, clock:-0.291 level:12
2021-07-14 12:04:23.263 T:5189 DEBUG : CVideoPlayer::ProcessVideoData size:1896 dts:1.251 pts:1.293 dur:41.000ms, clock:-0.291 level:13
2021-07-14 12:04:23.263 T:5189 DEBUG : CVideoPlayer::ProcessVideoData size:3302 dts:1.293 pts:1.335 dur:41.000ms, clock:-0.291 level:14
2021-07-14 12:04:23.263 T:5189 DEBUG : CVideoPlayer::ProcessVideoData size:18602 dts:1.335 pts:1.501 dur:41.000ms, clock:-0.291 level:14
2021-07-14 12:04:23.263 T:5189 DEBUG : CVideoPlayer::ProcessVideoData size:7509 dts:1.376 pts:1.418 dur:41.000ms, clock:-0.291 level:15
2021-07-14 12:04:23.263 T:5189 DEBUG : CVideoPlayer::ProcessVideoData size:1999 dts:1.418 pts:1.460 dur:41.000ms, clock:-0.291 level:15
2021-07-14 12:04:23.263 T:5189 DEBUG : CVideoPlayer::ProcessVideoData size:17812 dts:1.460 pts:1.585 dur:41.000ms, clock:-0.291 level:16
2021-07-14 12:04:23.264 T:5189 DEBUG : CVideoPlayer::ProcessVideoData size:3634 dts:1.501 pts:1.543 dur:41.000ms, clock:-0.291 level:16
2021-07-14 12:04:23.264 T:5189 DEBUG : CVideoPlayer::ProcessVideoData size:36445 dts:1.543 pts:1.752 dur:41.000ms, clock:-0.291 level:17
2021-07-14 12:04:23.264 T:5189 DEBUG : CVideoPlayer::ProcessVideoData size:7606 dts:1.585 pts:1.668 dur:41.000ms, clock:-0.291 level:17
2021-07-14 12:04:23.264 T:5189 DEBUG : CVideoPlayer::ProcessVideoData size:3054 dts:1.627 pts:1.627 dur:41.000ms, clock:-0.291 level:18
2021-07-14 12:04:23.264 T:5189 DEBUG : CVideoPlayer::ProcessVideoData size:2605 dts:1.668 pts:1.710 dur:41.000ms, clock:-0.291 level:18
2021-07-14 12:04:23.264 T:5189 DEBUG : CVideoPlayer::ProcessVideoData size:24672 dts:1.710 pts:1.919 dur:41.000ms, clock:-0.291 level:19
2021-07-14 12:04:23.265 T:5197 DEBUG : CVideoPlayerAudio:: synctype set to 0: clock feedback
2021-07-14 12:04:23.265 T:5189 DEBUG : CVideoPlayer::ProcessVideoData size:6789 dts:1.752 pts:1.835 dur:41.000ms, clock:-0.291 level:19
2021-07-14 12:04:23.265 T:5189 DEBUG : CVideoPlayer::ProcessVideoData size:1632 dts:1.793 pts:1.793 dur:41.000ms, clock:-0.291 level:20
2021-07-14 12:04:23.265 T:5189 DEBUG : CVideoPlayer::ProcessVideoData size:2103 dts:1.835 pts:1.877 dur:41.000ms, clock:-0.291 level:20
2021-07-14 12:04:23.265 T:5189 DEBUG : CVideoPlayer::ProcessVideoData size:36760 dts:1.877 pts:2.127 dur:41.000ms, clock:-0.291 level:21
2021-07-14 12:04:23.265 T:5189 DEBUG : CVideoPlayer::ProcessVideoData size:8864 dts:1.919 pts:2.002 dur:41.000ms, clock:-0.291 level:21
2021-07-14 12:04:23.265 T:5189 DEBUG : CVideoPlayer::ProcessVideoData size:2102 dts:1.960 pts:1.960 dur:41.000ms, clock:-0.291 level:22
2021-07-14 12:04:23.265 T:5189 DEBUG : CVideoPlayer::ProcessVideoData size:9915 dts:2.002 pts:2.044 dur:41.000ms, clock:-0.291 level:22
2021-07-14 12:04:23.265 T:5189 DEBUG : CVideoPlayer::ProcessVideoData size:1796 dts:2.044 pts:2.085 dur:41.000ms, clock:-0.291 level:23
2021-07-14 12:04:23.266 T:5189 DEBUG : CVideoPlayer::ProcessVideoData size:46871 dts:2.085 pts:2.336 dur:41.000ms, clock:-0.291 level:23
2021-07-14 12:04:23.266 T:5189 DEBUG : CVideoPlayer::ProcessVideoData size:4695 dts:2.127 pts:2.211 dur:41.000ms, clock:-0.291 level:24
2021-07-14 12:04:23.266 T:5189 DEBUG : CVideoPlayer::ProcessVideoData size:2356 dts:2.169 pts:2.169 dur:41.000ms, clock:-0.291 level:24
2021-07-14 12:04:23.266 T:5189 DEBUG : CVideoPlayer::ProcessVideoData size:2201 dts:2.211 pts:2.252 dur:41.000ms, clock:-0.291 level:25
2021-07-14 12:04:23.266 T:5189 DEBUG : CVideoPlayer::ProcessVideoData size:3796 dts:2.252 pts:2.294 dur:41.000ms, clock:-0.291 level:26
2021-07-14 12:04:23.266 T:5189 DEBUG : CVideoPlayer::ProcessVideoData size:31744 dts:2.294 pts:2.502 dur:41.000ms, clock:-0.291 level:26
2021-07-14 12:04:23.266 T:5189 DEBUG : CVideoPlayer::ProcessVideoData size:3506 dts:2.336 pts:2.419 dur:41.000ms, clock:-0.291 level:27
2021-07-14 12:04:23.266 T:5189 DEBUG : CVideoPlayer::ProcessVideoData size:2144 dts:2.377 pts:2.377 dur:41.000ms, clock:-0.291 level:27
2021-07-14 12:04:23.266 T:5189 DEBUG : CVideoPlayer::ProcessVideoData size:2533 dts:2.419 pts:2.461 dur:41.000ms, clock:-0.291 level:28
2021-07-14 12:04:23.267 T:5189 DEBUG : CVideoPlayer::ProcessVideoData size:42994 dts:2.461 pts:2.711 dur:41.000ms, clock:-0.291 level:28
2021-07-14 12:04:23.267 T:5189 DEBUG : CVideoPlayer::ProcessVideoData size:10709 dts:2.502 pts:2.586 dur:41.000ms, clock:-0.291 level:31
2021-07-14 12:04:23.268 T:5189 DEBUG : CVideoPlayer::ProcessVideoData size:5151 dts:2.544 pts:2.544 dur:41.000ms, clock:-0.291 level:31
2021-07-14 12:04:23.268 T:5189 DEBUG : CVideoPlayer::ProcessVideoData size:6236 dts:2.586 pts:2.628 dur:41.000ms, clock:-0.291 level:31
2021-07-14 12:04:23.268 T:5189 DEBUG : CVideoPlayer::ProcessVideoData size:3014 dts:2.628 pts:2.669 dur:41.000ms, clock:-0.291 level:31
2021-07-14 12:04:23.268 T:5189 DEBUG : CVideoPlayer::ProcessVideoData size:27649 dts:2.669 pts:2.920 dur:41.000ms, clock:-0.291 level:32
2021-07-14 12:04:23.268 T:5189 DEBUG : CVideoPlayer::ProcessVideoData size:4377 dts:2.711 pts:2.794 dur:41.000ms, clock:-0.291 level:32
2021-07-14 12:04:23.268 T:5189 DEBUG : CVideoPlayer::ProcessVideoData size:1397 dts:2.753 pts:2.753 dur:41.000ms, clock:-0.291 level:33
2021-07-14 12:04:23.268 T:5189 DEBUG : CVideoPlayer::ProcessVideoData size:1838 dts:2.794 pts:2.836 dur:41.000ms, clock:-0.291 level:33
2021-07-14 12:04:23.268 T:5189 DEBUG : CVideoPlayer::ProcessVideoData size:1454 dts:2.836 pts:2.878 dur:41.000ms, clock:-0.291 level:34
2021-07-14 12:04:23.268 T:5189 DEBUG : CVideoPlayer::ProcessVideoData size:27393 dts:2.878 pts:3.128 dur:41.000ms, clock:-0.291 level:34
2021-07-14 12:04:23.269 T:5189 DEBUG : CVideoPlayer::ProcessVideoData size:14217 dts:2.920 pts:3.003 dur:41.000ms, clock:-0.291 level:35
2021-07-14 12:04:23.269 T:5189 DEBUG : CVideoPlayer::ProcessVideoData size:3612 dts:2.961 pts:2.961 dur:41.000ms, clock:-0.291 level:35
2021-07-14 12:04:23.269 T:5189 DEBUG : CVideoPlayer::ProcessVideoData size:9597 dts:3.003 pts:3.045 dur:41.000ms, clock:-0.291 level:36
2021-07-14 12:04:23.269 T:5189 DEBUG : CVideoPlayer::ProcessVideoData size:2849 dts:3.045 pts:3.086 dur:41.000ms, clock:-0.291 level:36
2021-07-14 12:04:23.269 T:5189 DEBUG : CVideoPlayer::ProcessVideoData size:27057 dts:3.086 pts:3.337 dur:41.000ms, clock:-0.291 level:37
2021-07-14 12:04:23.269 T:5189 DEBUG : CVideoPlayer::ProcessVideoData size:8133 dts:3.128 pts:3.212 dur:41.000ms, clock:-0.291 level:38
2021-07-14 12:04:23.269 T:5189 DEBUG : CVideoPlayer::ProcessVideoData size:1868 dts:3.170 pts:3.170 dur:41.000ms, clock:-0.291 level:38
2021-07-14 12:04:23.269 T:5189 DEBUG : CVideoPlayer::ProcessVideoData size:4620 dts:3.212 pts:3.253 dur:41.000ms, clock:-0.291 level:39
2021-07-14 12:04:23.269 T:5189 DEBUG : CVideoPlayer::ProcessVideoData size:1549 dts:3.253 pts:3.295 dur:41.000ms, clock:-0.291 level:39
2021-07-14 12:04:23.269 T:5189 DEBUG : CVideoPlayer::ProcessVideoData size:24831 dts:3.295 pts:3.503 dur:41.000ms, clock:-0.291 level:40
2021-07-14 12:04:23.269 T:5189 DEBUG : CVideoPlayer::ProcessVideoData size:3428 dts:3.337 pts:3.420 dur:41.000ms, clock:-0.291 level:40
2021-07-14 12:04:23.269 T:5189 DEBUG : CVideoPlayer::ProcessVideoData size:1559 dts:3.378 pts:3.378 dur:41.000ms, clock:-0.291 level:41
2021-07-14 12:04:23.269 T:5189 DEBUG : CVideoPlayer::ProcessVideoData size:1540 dts:3.420 pts:3.462 dur:41.000ms, clock:-0.291 level:41
2021-07-14 12:04:23.270 T:5189 DEBUG : CVideoPlayer::ProcessVideoData size:29694 dts:3.462 pts:3.629 dur:41.000ms, clock:-0.291 level:42
2021-07-14 12:04:23.270 T:5189 DEBUG : CVideoPlayer::ProcessVideoData size:2369 dts:3.503 pts:3.545 dur:41.000ms, clock:-0.291 level:42
2021-07-14 12:04:23.270 T:5189 DEBUG : CVideoPlayer::ProcessVideoData size:1974 dts:3.545 pts:3.587 dur:41.000ms, clock:-0.291 level:43
2021-07-14 12:04:23.270 T:5189 DEBUG : CVideoPlayer::ProcessVideoData size:30309 dts:3.587 pts:3.837 dur:41.000ms, clock:-0.291 level:43
