2021-07-14 12:05:34.036 T:5429 DEBUG : CVideoPlayer::ProcessVideoData size:2215 dts:2.377 pts:2.377 dur:41.000ms, clock:-0.291 level:27
2021-07-14 12:05:34.036 T:5429 DEBUG : CVideoPlayer::ProcessVideoData size:2580 dts:2.419 pts:2.461 dur:41.000ms, clock:-0.291 level:28
2021-07-14 12:05:34.036 T:5429 DEBUG : CVideoPlayer::ProcessVideoData size:42834 dts:2.461 pts:2.711 dur:41.000ms, clock:-0.291 level:28
2021-07-14 12:05:34.036 T:5429 DEBUG : CVideoPlayer::ProcessVideoData size:10900 dts:2.502 pts:2.586 dur:41.000ms, clock:-0.291 level:29
2021-07-14 12:05:34.036 T:5429 DEBUG : CVideoPlayer::ProcessVideoData size:5200 dts:2.544 pts:2.544 dur:41.000ms, clock:-0.291 level:29
2021-07-14 12:05:34.036 T:5429 DEBUG : CVideoPlayer::ProcessVideoData size:6240 dts:2.586 pts:2.628 dur:41.000ms, clock:-0.291 level:30
2021-07-14 12:05:34.036 T:5429 DEBUG : CVideoPlayer::ProcessVideoData size:2948 dts:2.628 pts:2.669 dur:41.000ms, clock:-0.291 level:30
2021-07-14 12:05:34.037 T:5429 DEBUG : CVideoPlayer::ProcessVideoData size:27662 dts:2.669 pts:2.920 dur:41.000ms, clock:-0.291 level:31
2021-07-14 12:05:34.037 T:5429 DEBUG : CVideoPlayer::ProcessVideoData size:4254 dts:2.711 pts:2.794 dur:41.000ms, clock:-0.291 level:31
2021-07-14 12:05:34.037 T:5429 DEBUG : CVideoPlayer::ProcessVideoData size:1294 dts:2.753 pts:2.753 dur:41.000ms, clock:-0.291 level:32
2021-07-14 12:05:34.037 T:5429 DEBUG : CVideoPlayer::ProcessVideoData size:1857 dts:2.794 pts:2.836 dur:41.000ms, clock:-0.291 level:32
2021-07-14 12:05:34.037 T:5429 DEBUG : CVideoPlayer::ProcessVideoData size:1456 dts:2.836 pts:2.878 dur:41.000ms, clock:-0.291 level:33
2021-07-14 12:05:34.037 T:5429 DEBUG : CVideoPlayer::ProcessVideoData size:27699 dts:2.878 pts:3.128 dur:41.000ms, clock:-0.291 level:33
2021-07-14 12:05:34.037 T:5429 DEBUG : CVideoPlayer::ProcessVideoData size:14113 dts:2.920 pts:3.003 dur:41.000ms, clock:-0.291 level:34
2021-07-14 12:05:34.037 T:5429 DEBUG : CVideoPlayer::ProcessVideoData size:3531 dts:2.961 pts:2.961 dur:41.000ms, clock:-0.291 level:34
2021-07-14 12:05:34.037 T:5429 DEBUG : CVideoPlayer::ProcessVideoData size:9495 dts:3.003 pts:3.045 dur:41.000ms, clock:-0.291 level:35
2021-07-14 12:05:34.037 T:5429 DEBUG : CVideoPlayer::ProcessVideoData size:2833 dts:3.045 pts:3.086 dur:41.000ms, clock:-0.291 level:35
2021-07-14 12:05:34.037 T:5433 INFO : Creating audio stream (codec id: 86056, channels: 6, sample rate: 48000, pass-through)
2021-07-14 12:05:34.038 T:5429 DEBUG : CVideoPlayer::ProcessVideoData size:27108 dts:3.086 pts:3.337 dur:41.000ms, clock:-0.291 level:36
2021-07-14 12:05:34.038 T:5429 DEBUG : CVideoPlayer::ProcessVideoData size:8096 dts:3.128 pts:3.212 dur:41.000ms, clock:-0.291 level:36
2021-07-14 12:05:34.038 T:5429 DEBUG : CVideoPlayer::ProcessVideoData size:1875 dts:3.170 pts:3.170 dur:41.000ms, clock:-0.291 level:37
2021-07-14 12:05:34.038 T:5429 DEBUG : CVideoPlayer::ProcessVideoData size:4667 dts:3.212 pts:3.253 dur:41.000ms, clock:-0.291 level:38
2021-07-14 12:05:34.038 T:5429 DEBUG : CVideoPlayer::ProcessVideoData size:1539 dts:3.253 pts:3.295 dur:41.000ms, clock:-0.291 level:38
2021-07-14 12:05:34.038 T:5429 DEBUG : CVideoPlayer::ProcessVideoData size:25202 dts:3.295 pts:3.503 dur:41.000ms, clock:-0.291 level:39
2021-07-14 12:05:34.038 T:5429 DEBUG : CVideoPlayer::ProcessVideoData size:3441 dts:3.337 pts:3.420 dur:41.000ms, clock:-0.291 level:39
2021-07-14 12:05:34.038 T:5429 DEBUG : CVideoPlayer::ProcessVideoData size:1513 dts:3.378 pts:3.378 dur:41.000ms, clock:-0.291 level:40
2021-07-14 12:05:34.038 T:5429 DEBUG : CVideoPlayer::ProcessVideoData size:1459 dts:3.420 pts:3.462 dur:41.000ms, clock:-0.291 level:40
2021-07-14 12:05:34.038 T:5433 DEBUG : CVideoPlayerAudio:: synctype set to 0: clock feedback
2021-07-14 12:05:34.039 T:5429 DEBUG : CVideoPlayer::ProcessVideoData size:30039 dts:3.462 pts:3.629 dur:41.000ms, clock:-0.291 level:41
2021-07-14 12:05:34.039 T:5429 DEBUG : CVideoPlayer::ProcessVideoData size:2380 dts:3.503 pts:3.545 dur:41.000ms, clock:-0.291 level:41
2021-07-14 12:05:34.039 T:5429 DEBUG : CVideoPlayer::ProcessVideoData size:2009 dts:3.545 pts:3.587 dur:41.000ms, clock:-0.291 level:42
2021-07-14 12:05:34.039 T:5429 DEBUG : CVideoPlayer::ProcessVideoData size:30364 dts:3.587 pts:3.837 dur:41.000ms, clock:-0.291 level:42
2021-07-14 12:05:34.039 T:5429 DEBUG : CVideoPlayer::ProcessVideoData size:9278 dts:3.629 pts:3.712 dur:41.000ms, clock:-0.291 level:43
2021-07-14 12:05:34.039 T:5429 DEBUG : CVideoPlayer::ProcessVideoData size:3300 dts:3.670 pts:3.670 dur:41.000ms, clock:-0.291 level:43
2021-07-14 12:05:34.039 T:5429 DEBUG : CVideoPlayer::ProcessVideoData size:11901 dts:3.712 pts:3.754 dur:41.000ms, clock:-0.291 level:44
2021-07-14 12:05:34.039 T:5429 DEBUG : CVideoPlayer::ProcessVideoData size:2596 dts:3.754 pts:3.795 dur:41.000ms, clock:-0.291 level:44
2021-07-14 12:05:34.039 T:5429 DEBUG : CVideoPlayer::ProcessVideoData size:26481 dts:3.795 pts:4.046 dur:41.000ms, clock:-0.291 level:45
2021-07-14 12:05:34.040 T:5429 DEBUG : CVideoPlayer::ProcessVideoData size:13221 dts:3.837 pts:3.921 dur:41.000ms, clock:-0.291 level:45
2021-07-14 12:05:34.040 T:5429 DEBUG : CVideoPlayer::ProcessVideoData size:2392 dts:3.879 pts:3.879 dur:41.000ms, clock:-0.291 level:46
2021-07-14 12:05:34.040 T:5429 DEBUG : CVideoPlayer::ProcessVideoData size:3992 dts:3.921 pts:3.962 dur:41.000ms, clock:-0.291 level:46
2021-07-14 12:05:34.040 T:5429 DEBUG : CVideoPlayer::ProcessVideoData size:2028 dts:3.962 pts:4.004 dur:41.000ms, clock:-0.291 level:47
2021-07-14 12:05:34.040 T:5429 DEBUG : CVideoPlayer::ProcessVideoData size:24533 dts:4.004 pts:4.087 dur:41.000ms, clock:-0.291 level:47
2021-07-14 12:05:34.040 T:5429 DEBUG : CVideoPlayer::ProcessVideoData size:25187 dts:4.046 pts:4.213 dur:41.000ms, clock:-0.291 level:48
2021-07-14 12:05:34.040 T:5429 DEBUG : CVideoPlayer::ProcessVideoData size:14955 dts:4.087 pts:4.129 dur:41.000ms, clock:-0.291 level:48
2021-07-14 12:05:34.040 T:5429 DEBUG : CVideoPlayer::ProcessVideoData size:2568 dts:4.129 pts:4.171 dur:41.000ms, clock:-0.291 level:49
2021-07-14 12:05:34.040 T:5429 DEBUG : CVideoPlayer::ProcessVideoData size:20281 dts:4.171 pts:4.254 dur:41.000ms, clock:-0.291 level:49
2021-07-14 12:05:34.040 T:5429 DEBUG : CVideoPlayer::ProcessVideoData size:33792 dts:4.213 pts:4.463 dur:41.000ms, clock:-0.291 level:50
2021-07-14 12:05:34.040 T:5429 DEBUG : CVideoPlayer::ProcessVideoData size:11682 dts:4.254 pts:4.338 dur:41.000ms, clock:-0.291 level:51
2021-07-14 12:05:34.040 T:5429 DEBUG : CVideoPlayer::ProcessVideoData size:3101 dts:4.296 pts:4.296 dur:41.000ms, clock:-0.291 level:51
2021-07-14 12:05:34.041 T:5429 DEBUG : CVideoPlayer::ProcessVideoData size:3504 dts:4.338 pts:4.379 dur:41.000ms, clock:-0.291 level:52
2021-07-14 12:05:34.041 T:5429 DEBUG : CVideoPlayer::ProcessVideoData size:2337 dts:4.379 pts:4.421 dur:41.000ms, clock:-0.291 level:52
2021-07-14 12:05:34.041 T:5429 DEBUG : CVideoPlayer::ProcessVideoData size:33914 dts:4.421 pts:4.588 dur:41.000ms, clock:-0.291 level:53
2021-07-14 12:05:34.041 T:5429 DEBUG : CVideoPlayer::ProcessVideoData size:2397 dts:4.463 pts:4.504 dur:41.000ms, clock:-0.291 level:53
2021-07-14 12:05:34.041 T:5429 DEBUG : CVideoPlayer::ProcessVideoData size:1997 dts:4.504 pts:4.546 dur:41.000ms, clock:-0.291 level:54
2021-07-14 12:05:34.041 T:5429 DEBUG : CVideoPlayer::ProcessVideoData size:26247 dts:4.546 pts:4.713 dur:41.000ms, clock:-0.291 level:54
2021-07-14 12:05:34.041 T:5429 DEBUG : CVideoPlayer::ProcessVideoData size:3589 dts:4.588 pts:4.630 dur:41.000ms, clock:-0.291 level:55
2021-07-14 12:05:34.041 T:5429 DEBUG : CVideoPlayer::ProcessVideoData size:1991 dts:4.630 pts:4.671 dur:41.000ms, clock:-0.291 level:55
2021-07-14 12:05:34.041 T:5429 DEBUG : CVideoPlayer::ProcessVideoData size:26114 dts:4.671 pts:4.838 dur:41.000ms, clock:-0.291 level:56
2021-07-14 12:05:34.041 T:5429 DEBUG : CVideoPlayer::ProcessVideoData size:3518 dts:4.713 pts:4.755 dur:41.000ms, clock:-0.291 level:56
2021-07-14 12:05:34.041 T:5429 DEBUG : CVideoPlayer::ProcessVideoData size:2107 dts:4.755 pts:4.796 dur:41.000ms, clock:-0.291 level:57
2021-07-14 12:05:34.041 T:5429 DEBUG : CVideoPlayer::ProcessVideoData size:26042 dts:4.796 pts:4.963 dur:41.000ms, clock:-0.291 level:57
2021-07-14 12:05:34.042 T:5429 DEBUG : CVideoPlayer::ProcessVideoData size:9521 dts:4.838 pts:4.880 dur:41.000ms, clock:-0.291 level:58
2021-07-14 12:05:34.042 T:5429 DEBUG : CVideoPlayer::ProcessVideoData size:2413 dts:4.880 pts:4.922 dur:41.000ms, clock:-0.291 level:58
2021-07-14 12:05:34.042 T:5429 DEBUG : CVideoPlayer::ProcessVideoData size:242331 dts:4.922 pts:5.005 dur:41.000ms, clock:-0.291 level:59
2021-07-14 12:05:34.042 T:5429 DEBUG : CVideoPlayer::ProcessVideoData size:20986 dts:4.963 pts:5.088 dur:41.000ms, clock:-0.291 level:59
2021-07-14 12:05:34.042 T:5429 DEBUG : CVideoPlayer::ProcessVideoData size:1809 dts:5.005 pts:5.047 dur:41.000ms, clock:-0.291 level:60
2021-07-14 12:05:34.043 T:5429 DEBUG : CVideoPlayer::ProcessVideoData size:31423 dts:5.047 pts:5.214 dur:41.000ms, clock:-0.291 level:60
2021-07-14 12:05:34.043 T:5429 DEBUG : CVideoPlayer::ProcessVideoData size:3699 dts:5.088 pts:5.130 dur:41.000ms, clock:-0.291 level:61
2021-07-14 12:05:34.043 T:5429 DEBUG : CVideoPlayer::ProcessVideoData size:8825 dts:5.130 pts:5.172 dur:41.000ms, clock:-0.291 level:61
2021-07-14 12:05:34.043 T:5429 DEBUG : CVideoPlayer::ProcessVideoData size:31548 dts:5.172 pts:5.422 dur:41.000ms, clock:-0.291 level:62
2021-07-14 12:05:34.043 T:5429 DEBUG : CVideoPlayer::ProcessVideoData size:7042 dts:5.214 pts:5.297 dur:41.000ms, clock:-0.291 level:63
2021-07-14 12:05:34.043 T:5429 DEBUG : CVideoPlayer::ProcessVideoData size:6054 dts:5.255 pts:5.255 dur:41.000ms, clock:-0.291 level:63
2021-07-14 12:05:34.043 T:5429 DEBUG : CVideoPlayer::ProcessVideoData size:9909 dts:5.297 pts:5.339 dur:41.000ms, clock:-0.291 level:64
2021-07-14 12:05:34.043 T:5429 DEBUG : CVideoPlayer::ProcessVideoData size:4761 dts:5.339 pts:5.380 dur:41.000ms, clock:-0.291 level:64
2021-07-14 12:05:34.044 T:5429 DEBUG : CVideoPlayer::ProcessVideoData size:26540 dts:5.380 pts:5.547 dur:41.000ms, clock:-0.291 level:65
2021-07-14 12:05:34.044 T:5429 DEBUG : CVideoPlayer::ProcessVideoData size:5596 dts:5.422 pts:5.464 dur:41.000ms, clock:-0.291 level:65
2021-07-14 12:05:34.044 T:5429 DEBUG : CVideoPlayer::ProcessVideoData size:2848 dts:5.464 pts:5.505 dur:41.000ms, clock:-0.291 level:66
2021-07-14 12:05:34.044 T:5429 DEBUG : CVideoPlayer::ProcessVideoData size:27615 dts:5.505 pts:5.714 dur:41.000ms, clock:-0.291 level:66
2021-07-14 12:05:34.044 T:5429 DEBUG : CVideoPlayer::ProcessVideoData size:8770 dts:5.547 pts:5.631 dur:41.000ms, clock:-0.291 level:67
2021-07-14 12:05:34.044 T:5429 DEBUG : CVideoPlayer::ProcessVideoData size:2596 dts:5.589 pts:5.589 dur:41.000ms, clock:-0.291 level:67
2021-07-14 12:05:34.044 T:5429 DEBUG : CVideoPlayer::ProcessVideoData size:2748 dts:5.631 pts:5.672 dur:41.000ms, clock:-0.291 level:68
2021-07-14 12:05:34.044 T:5429 DEBUG : CVideoPlayer::ProcessVideoData size:22710 dts:5.672 pts:5.839 dur:41.000ms, clock:-0.291 level:69
2021-07-14 12:05:34.045 T:5429 DEBUG : CVideoPlayer::ProcessVideoData size:7963 dts:5.714 pts:5.756 dur:41.000ms, clock:-0.291 level:70
2021-07-14 12:05:34.045 T:5429 DEBUG : CVideoPlayer::ProcessVideoData size:2773 dts:5.756 pts:5.797 dur:41.000ms, clock:-0.291 level:70
2021-07-14 12:05:34.045 T:5429 DEBUG : CVideoPlayer::ProcessVideoData size:21022 dts:5.797 pts:6.006 dur:41.000ms, clock:-0.291 level:71
2021-07-14 12:05:34.045 T:5429 DEBUG : CVideoPlayer::ProcessVideoData size:10434 dts:5.839 pts:5.923 dur:41.000ms, clock:-0.291 level:71
2021-07-14 12:05:34.045 T:5429 DEBUG : CVideoPlayer::ProcessVideoData size:4747 dts:5.881 pts:5.881 dur:41.000ms, clock:-0.291 level:72
2021-07-14 12:05:34.045 T:5429 DEBUG : CVideoPlayer::ProcessVideoData size:2492 dts:5.923 pts:5.964 dur:41.000ms, clock:-0.291 level:72
2021-07-14 12:05:34.056 T:4957 INFO : CActiveAESink::OpenSink - initialize sink
2021-07-14 12:05:34.056 T:5429 DEBUG : CVideoPlayer::ProcessVideoData size:23487 dts:5.964 pts:6.048 dur:41.000ms, clock:-0.291 level:72
2021-07-14 12:05:34.056 T:5429 DEBUG : CVideoPlayer::ProcessVideoData size:25276 dts:6.006 pts:6.256 dur:41.000ms, clock:-0.291 level:72
2021-07-14 12:05:34.056 T:5429 DEBUG : CVideoPlayer::ProcessVideoData size:12021 dts:6.048 pts:6.131 dur:41.000ms, clock:-0.291 level:73
2021-07-14 12:05:34.057 T:5429 DEBUG : CVideoPlayer::ProcessVideoData size:5807 dts:6.089 pts:6.089 dur:41.000ms, clock:-0.291 level:73
2021-07-14 12:05:34.057 T:5024 INFO : INFO: EMBY.hooks.player.Player: [ onPlayBackStarted ]
2021-07-14 12:05:34.057 T:5429 DEBUG : CVideoPlayer::ProcessVideoData size:6385 dts:6.131 pts:6.173 dur:41.000ms, clock:-0.291 level:74
2021-07-14 12:05:34.057 T:5429 DEBUG : CVideoPlayer::ProcessVideoData size:4238 dts:6.173 pts:6.215 dur:41.000ms, clock:-0.291 level:75
2021-07-14 12:05:34.058 T:5441 INFO : INFO: EMBY.hooks.player.Player: [ OnPlay ] {'item': {'id': 902, 'type': 'episode'}, 'player': {'playerid': 1, 'speed': 1}, 'MonitorMethod': 'Player.OnPlay'}
2021-07-14 12:05:34.059 T:5441 DEBUG : DEBUG: EMBY.database.database: --->[ database: emby ] 3856334064
2021-07-14 12:05:34.060 T:5441 DEBUG : DEBUG: EMBY.database.database: ---<[ database: emby ] 3856334064
2021-07-14 12:05:34.065 T:5429 DEBUG : CVideoPlayer::ProcessVideoData size:68476 dts:6.215 pts:6.298 dur:41.000ms, clock:-0.291 level:75
2021-07-14 12:05:34.066 T:5429 DEBUG : CVideoPlayer::ProcessVideoData size:151619 dts:6.256 pts:6.465 dur:41.000ms, clock:-0.291 level:75
2021-07-14 12:05:34.067 T:5429 DEBUG : CVideoPlayer::ProcessVideoData size:35560 dts:6.298 pts:6.381 dur:41.000ms, clock:-0.291 level:75
2021-07-14 12:05:34.067 T:5429 DEBUG : CVideoPlayer::ProcessVideoData size:26153 dts:6.340 pts:6.340 dur:41.000ms, clock:-0.291 level:76
2021-07-14 12:05:34.068 T:5429 DEBUG : CVideoPlayer::ProcessVideoData size:25355 dts:6.381 pts:6.423 dur:41.000ms, clock:-0.291 level:76
2021-07-14 12:05:34.069 T:5429 DEBUG : CVideoPlayer::ProcessVideoData size:101835 dts:6.423 pts:6.673 dur:41.000ms, clock:-0.291 level:77
2021-07-14 12:05:34.070 T:5429 DEBUG : CVideoPlayer::ProcessVideoData size:43637 dts:6.465 pts:6.548 dur:41.000ms, clock:-0.291 level:77
2021-07-14 12:05:34.070 T:5429 DEBUG : CVideoPlayer::ProcessVideoData size:6023 dts:6.506 pts:6.506 dur:41.000ms, clock:-0.291 level:78
2021-07-14 12:05:34.071 T:5429 DEBUG : CVideoPlayer::ProcessVideoData size:12071 dts:6.548 pts:6.590 dur:41.000ms, clock:-0.291 level:78
2021-07-14 12:05:34.071 T:5429 DEBUG : CVideoPlayer::ProcessVideoData size:12339 dts:6.590 pts:6.632 dur:41.000ms, clock:-0.291 level:78
2021-07-14 12:05:34.072 T:5429 DEBUG : CVideoPlayer::ProcessVideoData size:124964 dts:6.632 pts:6.882 dur:41.000ms, clock:-0.291 level:79
2021-07-14 12:05:34.073 T:5429 DEBUG : CVideoPlayer::ProcessVideoData size:34544 dts:6.673 pts:6.757 dur:41.000ms, clock:-0.291 level:79
2021-07-14 12:05:34.073 T:5429 DEBUG : CVideoPlayer::ProcessVideoData size:6806 dts:6.715 pts:6.715 dur:41.000ms, clock:-0.291 level:80
2021-07-14 12:05:34.074 T:5429 DEBUG : CVideoPlayer::ProcessVideoData size:12759 dts:6.757 pts:6.798 dur:41.000ms, clock:-0.291 level:80
2021-07-14 12:05:34.074 T:5429 DEBUG : CVideoPlayer::ProcessVideoData size:7229 dts:6.798 pts:6.840 dur:41.000ms, clock:-0.291 level:81
2021-07-14 12:05:34.075 T:5429 DEBUG : CVideoPlayer::ProcessVideoData size:57132 dts:6.840 pts:7.049 dur:41.000ms, clock:-0.291 level:81
2021-07-14 12:05:34.075 T:5429 DEBUG : CVideoPlayer::ProcessVideoData size:25634 dts:6.882 pts:6.965 dur:41.000ms, clock:-0.291 level:82
2021-07-14 12:05:34.076 T:5429 DEBUG : CVideoPlayer::ProcessVideoData size:19622 dts:6.924 pts:6.924 dur:41.000ms, clock:-0.291 level:82
2021-07-14 12:05:34.076 T:5429 DEBUG : CVideoPlayer::ProcessVideoData size:5114 dts:6.965 pts:7.007 dur:41.000ms, clock:-0.291 level:82
2021-07-14 12:05:34.076 T:5432 DEBUG : CRenderManager::Configure - change configuration. 1920x1080. display: 1920x1080. framerate: 23.98.
2021-07-14 12:05:34.077 T:5429 DEBUG : CVideoPlayer::ProcessVideoData size:61753 dts:7.007 pts:7.174 dur:41.000ms, clock:-0.291 level:83
2021-07-14 12:05:34.077 T:5429 DEBUG : CVideoPlayer::ProcessVideoData size:6164 dts:7.049 pts:7.090 dur:41.000ms, clock:-0.291 level:83
2021-07-14 12:05:34.078 T:5429 DEBUG : CVideoPlayer::ProcessVideoData size:5007 dts:7.090 pts:7.132 dur:41.000ms, clock:-0.291 level:84
2021-07-14 12:05:34.079 T:5429 DEBUG : CVideoPlayer::ProcessVideoData size:79499 dts:7.132 pts:7.299 dur:41.000ms, clock:-0.291 level:84
2021-07-14 12:05:34.079 T:5429 DEBUG : CVideoPlayer::ProcessVideoData size:31000 dts:7.174 pts:7.216 dur:41.000ms, clock:-0.291 level:85
2021-07-14 12:05:34.080 T:5429 DEBUG : CVideoPlayer::ProcessVideoData size:42662 dts:7.216 pts:7.257 dur:41.000ms, clock:-0.291 level:85
2021-07-14 12:05:34.081 T:4946 DEBUG : ------ Window Init (DialogBusy.xml) ------
2021-07-14 12:05:34.081 T:5429 DEBUG : CVideoPlayer::ProcessVideoData size:78931 dts:7.257 pts:7.466 dur:41.000ms, clock:-0.291 level:86
2021-07-14 12:05:34.082 T:5429 DEBUG : CVideoPlayer::ProcessVideoData size:47541 dts:7.299 pts:7.382 dur:41.000ms, clock:-0.291 level:87
2021-07-14 12:05:34.082 T:5429 DEBUG : CVideoPlayer::ProcessVideoData size:10574 dts:7.341 pts:7.341 dur:41.000ms, clock:-0.291 level:87
2021-07-14 12:05:34.083 T:5429 DEBUG : CVideoPlayer::ProcessVideoData size:16198 dts:7.382 pts:7.424 dur:41.000ms, clock:-0.291 level:88
2021-07-14 12:05:34.083 T:4946 DEBUG : CheckIdle - Closing session to http://192.168.1.10 (easy=0xeafad210, multi=0xd048f6a8)
2021-07-14 12:05:34.083 T:5429 DEBUG : CVideoPlayer::ProcessVideoData size:79359 dts:7.424 pts:7.507 dur:41.000ms, clock:-0.291 level:88
2021-07-14 12:05:34.084 T:5429 DEBUG : CVideoPlayer::ProcessVideoData size:85261 dts:7.466 pts:7.716 dur:41.000ms, clock:-0.291 level:89
2021-07-14 12:05:34.084 T:5429 DEBUG : CVideoPlayer::ProcessVideoData size:16976 dts:7.507 pts:7.591 dur:41.000ms, clock:-0.291 level:89
2021-07-14 12:05:34.085 T:5429 DEBUG : CVideoPlayer::ProcessVideoData size:8677 dts:7.549 pts:7.549 dur:41.000ms, clock:-0.291 level:90
2021-07-14 12:05:34.085 T:5429 DEBUG : CVideoPlayer::ProcessVideoData size:9513 dts:7.591 pts:7.633 dur:41.000ms, clock:-0.291 level:90
2021-07-14 12:05:34.085 T:5429 DEBUG : CVideoPlayer::ProcessVideoData size:6985 dts:7.633 pts:7.674 dur:41.000ms, clock:-0.291 level:91
2021-07-14 12:05:34.085 T:5429 DEBUG : CVideoPlayer::ProcessVideoData size:103349 dts:7.674 pts:7.925 dur:41.000ms, clock:-0.291 level:91
2021-07-14 12:05:34.085 T:5429 DEBUG : CVideoPlayer::ProcessVideoData size:34802 dts:7.716 pts:7.799 dur:41.000ms, clock:-0.291 level:92
2021-07-14 12:05:34.085 T:5429 DEBUG : CVideoPlayer::ProcessVideoData size:24045 dts:7.758 pts:7.758 dur:41.000ms, clock:-0.291 level:92
2021-07-14 12:05:34.085 T:5429 DEBUG : CVideoPlayer::ProcessVideoData size:24852 dts:7.799 pts:7.841 dur:41.000ms, clock:-0.291 level:93
2021-07-14 12:05:34.086 T:5429 DEBUG : CVideoPlayer::ProcessVideoData size:18203 dts:7.841 pts:7.883 dur:41.000ms, clock:-0.291 level:93
2021-07-14 12:05:34.087 T:4946 DEBUG : DeleteRenderer - deleting renderer
2021-07-14 12:05:34.087 T:4946 DEBUG : LinuxRendererGLES: Cleaning up GLES resources
2021-07-14 12:05:34.087 T:4946 INFO : Constructing CRendererAML
2021-07-14 12:05:34.087 T:4946 DEBUG : CRenderManager::Configure - 8
2021-07-14 12:05:34.087 T:5432 DEBUG : CVideoPlayerVideo::OutputPicture - ttd:291ms pts:0.000 Clock:-0.291 Level:0
2021-07-14 12:05:34.091 T:4946 DEBUG : CAMLCodec::SetVideoRect:display(0,0,1920,1080)
2021-07-14 12:05:34.091 T:4946 DEBUG : CAMLCodec::SetVideoRect:gui(0,0,1920,1080)
2021-07-14 12:05:34.091 T:4946 DEBUG : CAMLCodec::SetVideoRect:m_dst_rect(0,0,1920,1080)
2021-07-14 12:05:34.091 T:4946 DEBUG : CAMLCodec::SetVideoRect:dst_rect(0,0,1920,1080)
2021-07-14 12:05:34.091 T:4946 DEBUG : CAMLCodec::SetVideoRect:m_guiStereoMode(0)
2021-07-14 12:05:34.091 T:4946 DEBUG : CAMLCodec::SetVideoRect:m_guiStereoView(0)
2021-07-14 12:05:34.096 T:5429 DEBUG : CVideoPlayer::HandleMessages - player started 2
2021-07-14 12:05:34.096 T:5013 DEBUG : OnAVChange: CApplication::OnAVChange
2021-07-14 12:05:34.161 T:5024 INFO : INFO: EMBY.hooks.player.Player: [ onAVChange ]
2021-07-14 12:05:34.249 T:4957 INFO : Skipped 1 duplicate messages..
2021-07-14 12:05:34.249 T:4957 DEBUG : CActiveAESink::OpenSink - trying to open device ALSA:hdmi:CARD=AMLAUGESOUND,DEV=0
2021-07-14 12:05:34.249 T:4957 INFO : CAESinkALSA::Initialize - Attempting to open device "hdmi:CARD=AMLAUGESOUND,DEV=0"
2021-07-14 12:05:34.260 T:4957 INFO : CAESinkALSA::Initialize - Opened device "hdmi:CARD=AMLAUGESOUND,DEV=0,AES0=0x06,AES1=0x82,AES2=0x00,AES3=0x0e"
2021-07-14 12:05:34.261 T:4957 DEBUG : CAESinkALSA::InitializeHW - Request: periodSize 9600, bufferSize 38400
2021-07-14 12:05:34.261 T:4957 DEBUG : CAESinkALSA::InitializeHW - Got: periodSize 9600, bufferSize 38400
2021-07-14 12:05:34.261 T:4957 DEBUG : CAESinkALSA::InitializeHW - Setting timeout to 200 ms
2021-07-14 12:05:34.261 T:4957 DEBUG : CAESinkALSA::GetChannelLayout - Input Channel Count: 2 Output Channel Count: 2
2021-07-14 12:05:34.261 T:4957 DEBUG : CAESinkALSA::GetChannelLayout - Requested Layout: RAW, RAW
2021-07-14 12:05:34.262 T:4957 DEBUG : CAESinkALSA::GetChannelLayout - Got Layout: RAW, RAW (ALSA: none)
2021-07-14 12:05:34.262 T:4957 DEBUG : CActiveAESink::OpenSink - ALSA Initialized:
2021-07-14 12:05:34.262 T:4957 DEBUG : Output Device : AML-AUGESOUND
2021-07-14 12:05:34.262 T:4957 DEBUG : Sample Rate : 192000
2021-07-14 12:05:34.262 T:4957 DEBUG : Sample Format : AE_FMT_S16NE
2021-07-14 12:05:34.262 T:4957 DEBUG : Channel Count : 2
2021-07-14 12:05:34.262 T:4957 DEBUG : Channel Layout: RAW, RAW
2021-07-14 12:05:34.262 T:4957 DEBUG : Frames : 9600
2021-07-14 12:05:34.262 T:4957 DEBUG : Frame Size : 4
2021-07-14 12:05:34.273 T:4956 DEBUG : CActiveAE::ClearDiscardedBuffers - buffer pool deleted
2021-07-14 12:05:34.279 T:5429 INFO : Skipped 1 duplicate messages..
2021-07-14 12:05:34.279 T:5429 DEBUG : CVideoPlayer::HandleMessages - player started 1
2021-07-14 12:05:34.279 T:5094 DEBUG : OnAVChange: CApplication::OnAVChange
2021-07-14 12:05:34.279 T:5429 DEBUG : CDVDClock::SetSpeedAdjust - adjusted:0.000000
2021-07-14 12:05:34.279 T:5429 INFO : Skipped 1 duplicate messages..
2021-07-14 12:05:34.279 T:5429 DEBUG : VideoPlayer::Sync - Audio - pts: 0.294, cache: 0.509, totalcache: 0.800, packets:250 level:96
2021-07-14 12:05:34.279 T:5429 DEBUG : VideoPlayer::Sync - Video - pts: 0.000, cache: 0.050, totalcache: 0.100, packets:191 level:94
2021-07-14 12:05:34.279 T:5432 DEBUG : CVideoPlayerVideo - CDVDMsg::GENERAL_RESYNC(-215141.772983)
2021-07-14 12:05:34.279 T:5432 DEBUG : CVideoPlayerVideo - OUTPUT_AGAIN - vfmt, interlace should be checked.
2021-07-14 12:05:34.279 T:5433 DEBUG : CDVDAudio::Resume - resume audio stream
2021-07-14 12:05:34.279 T:5432 DEBUG : CVideoPlayerVideo - CDVDMsg::DEMUXER_PACKET - checking interlace vfmt: progressive
2021-07-14 12:05:34.280 T:5432 DEBUG : CVideoPlayerVideo::OutputPicture - ttd:256ms pts:0.042 Clock:-0.214 Level:0
2021-07-14 12:05:34.280 T:4956 DEBUG : ActiveAE - start sync of audio stream
2021-07-14 12:05:34.281 T:5432 DEBUG : CVideoPlayerVideo::OutputPicture - ttd:295ms pts:0.083 Clock:-0.213 Level:1
2021-07-14 12:05:34.282 T:5013 DEBUG : OnAVStarted: CApplication::OnAVStarted
2021-07-14 12:05:34.283 T:5432 DEBUG : CVideoPlayerVideo::OutputPicture - ttd:336ms pts:0.125 Clock:-0.212 Level:2
2021-07-14 12:05:34.283 T:5429 DEBUG : CVideoPlayer::ProcessVideoData size:67449 dts:7.883 pts:8.133 dur:41.000ms, clock:-0.211 level:92
2021-07-14 12:05:34.284 T:4946 DEBUG : Activating window ID: 12005
2021-07-14 12:05:34.284 T:5429 DEBUG : CVideoPlayer::ProcessVideoData size:14622 dts:7.925 pts:8.008 dur:41.000ms, clock:-0.210 level:93
2021-07-14 12:05:34.285 T:5432 DEBUG : CVideoPlayerVideo::OutputPicture - ttd:376ms pts:0.167 Clock:-0.210 Level:3
2021-07-14 12:05:34.285 T:5429 DEBUG : CVideoPlayer::ProcessVideoData size:3236 dts:7.966 pts:7.966 dur:41.000ms, clock:-0.210 level:93
2021-07-14 12:05:34.285 T:4946 DEBUG : ------ Window Deinit (MyVideoNav.xml) ------
2021-07-14 12:05:34.285 T:5429 DEBUG : CVideoPlayer::ProcessVideoData size:5201 dts:8.008 pts:8.050 dur:41.000ms, clock:-0.209 level:94
2021-07-14 12:05:34.286 T:5429 DEBUG : CVideoPlayer::ProcessVideoData size:4675 dts:8.050 pts:8.091 dur:41.000ms, clock:-0.209 level:94
2021-07-14 12:05:34.286 T:4946 DEBUG : FreeVisualisation() done
2021-07-14 12:05:34.287 T:5432 DEBUG : CVideoPlayerVideo::OutputPicture - ttd:416ms pts:0.209 Clock:-0.207 Level:4
2021-07-14 12:05:34.288 T:4946 DEBUG : ------ Window Init (VideoFullScreen.xml) ------
2021-07-14 12:05:34.289 T:4946 INFO : [WHITELIST] Searching the whitelist for: width: 1920, height: 1080, fps: 23.976, 3D: false
2021-07-14 12:05:34.289 T:4946 DEBUG : [WHITELIST] Using the default whitelist because the user whitelist is empty
2021-07-14 12:05:34.289 T:4946 DEBUG : [WHITELIST] Searching for an exact resolution with an exact refresh rate
2021-07-14 12:05:34.289 T:4946 DEBUG : [WHITELIST] Matched an exact resolution with an exact refresh rate 1920x1080 @ 23.98 - Full Screen (32)
2021-07-14 12:05:34.289 T:4946 DEBUG : [WHITELIST] Searching for an exact resolution with double the refresh rate
2021-07-14 12:05:34.289 T:4946 INFO : Display resolution ADJUST : 1920x1080 @ 23.98 - Full Screen (32) (weight: -43988080698009883508736.000)
2021-07-14 12:05:34.290 T:4946 INFO : VideoPlayer: OnLostDisplay received
2021-07-14 12:05:34.290 T:4946 DEBUG : AMLUtils::aml_handle_display_stereo_mode old mode 3doff new mode 3doff
2021-07-14 12:05:34.290 T:4946 DEBUG : AMLUtils::aml_handle_display_stereo_mode - no change needed
2021-07-14 12:05:34.290 T:4946 ERROR : GetString: error reading /sys/class/amhdmitx/amhdmitx0/custom_mode
2021-07-14 12:05:34.294 T:5432 DEBUG : CVideoPlayerVideo - CDVDMsg::GENERAL_PAUSE: 1
2021-07-14 12:05:34.363 T:5024 INFO : INFO: EMBY.hooks.player.Player: [ onAVChange ]
2021-07-14 12:05:34.365 T:5024 INFO : INFO: EMBY.hooks.player.Player: [ onAVStarted ]
2021-07-14 12:05:34.365 T:5450 INFO : INFO: EMBY.hooks.player.Player: [ ThreadAVStarted ]
2021-07-14 12:05:34.366 T:5450 INFO : INFO: EMBY.hooks.player.Player: -->[ play/13107 ] {'Id': '13107', 'Tracking': True, 'Type': 'episode', 'Volume': 100, 'Muted': False, 'MediaSourceId': '95ecd528caf58d3ad07addab3677c44e', 'EmbyServer': , 'RunTime': 0, 'CurrentPosition': 0, 'Paused': False, 'library': , 'PlaySessionId': '000679a5730747b6b3bb90eb9011c0c0'}
2021-07-14 12:05:34.366 T:5450 DEBUG : DEBUG: EMBY.core.HTTP: --->[ http ] { "params": { "ItemId": "13107", "MediaSourceId": "95ecd528caf58d3ad07addab3677c44e", "PlaySessionId": "000679a5730747b6b3bb90eb9011c0c0" }, "type": "POST", "url": "http://192.168.1.10:8096/emby/Sessions/Playing", "headers": { "Content-type": "application/json", "Accept-Charset": "UTF-8,*", "Accept-encoding": "gzip", "User-Agent": "Emby-Kodi/5.3.2", "Authorization": "Emby Client=Kodi, Device=Kodi (CoreELEC), DeviceId=C86BFD09CCFB4585AC3E449D31D74819, Version=5.3.2, UserId=de8aeadec54b4fa28d3772ebcf026587", "X-Emby-Token": "9cd631b3e7914b5d8ed6207750cefae7" }, "timeout": 30, "verify": true }
2021-07-14 12:05:34.372 T:5433 DEBUG : CVideoPlayerAudio - CDVDMsg::GENERAL_PAUSE: 1
2021-07-14 12:05:34.381 T:5450 DEBUG : DEBUG: EMBY.core.HTTP: ---<[ http ][9 ms]
2021-07-14 12:05:34.381 T:5450 DEBUG : DEBUG: EMBY.core.HTTP: --->[ http ] { "params": { "ItemId": "13107", "MediaSourceId": "95ecd528caf58d3ad07addab3677c44e", "PositionTicks": 0, "RunTimeTicks": 16350781250, "CanSeek": true, "QueueableMediaTypes": "Video,Audio", "VolumeLevel": 100, "IsPaused": false, "IsMuted": false, "PlaySessionId": "000679a5730747b6b3bb90eb9011c0c0" }, "type": "POST", "url": "http://192.168.1.10:8096/emby/Sessions/Playing/Progress", "headers": { "Content-type": "application/json", "Accept-Charset": "UTF-8,*", "Accept-encoding": "gzip", "User-Agent": "Emby-Kodi/5.3.2", "Authorization": "Emby Client=Kodi, Device=Kodi (CoreELEC), DeviceId=C86BFD09CCFB4585AC3E449D31D74819, Version=5.3.2, UserId=de8aeadec54b4fa28d3772ebcf026587", "X-Emby-Token": "9cd631b3e7914b5d8ed6207750cefae7" }, "timeout": 30, "verify": true }
2021-07-14 12:05:34.390 T:5450 DEBUG : DEBUG: EMBY.core.HTTP: ---<[ http ][4 ms]
2021-07-14 12:05:34.422 T:4956 DEBUG : ActiveAE::SyncStream - average error of 59.480055, start adjusting
2021-07-14 12:05:34.422 T:4956 DEBUG : ActiveAE::SyncStream - average error 27.480055 below threshold of 30.000000
2021-07-14 12:05:34.537 T:4946 DEBUG : AMLUtils::aml_handle_display_stereo_mode old mode 3doff new mode 3doff
2021-07-14 12:05:34.537 T:4946 DEBUG : AMLUtils::aml_handle_display_stereo_mode - no change needed
2021-07-14 12:05:34.537 T:4946 INFO : VideoPlayer: OnResetDisplay received
2021-07-14 12:05:34.538 T:4946 INFO : GLES: Maximum texture width: 8192
2021-07-14 12:05:34.539 T:5433 DEBUG : CVideoPlayerAudio - CDVDMsg::GENERAL_PAUSE: 0
2021-07-14 12:05:34.540 T:5432 DEBUG : CVideoPlayerVideo - CDVDMsg::GENERAL_PAUSE: 0
2021-07-14 12:05:34.545 T:4946 DEBUG : ------ Window Deinit (DialogBusy.xml) ------
2021-07-14 12:05:34.547 T:5094 DEBUG : OnAVChange: CApplication::OnAVChange
2021-07-14 12:05:34.549 T:5429 DEBUG : CVideoPlayer::ProcessVideoData size:67138 dts:8.091 pts:8.342 dur:41.000ms, clock:-0.193 level:94
2021-07-14 12:05:34.549 T:5429 DEBUG : CVideoPlayer::ProcessVideoData size:54808 dts:8.133 pts:8.217 dur:41.000ms, clock:-0.193 level:94
2021-07-14 12:05:34.550 T:5429 DEBUG : CVideoPlayer::ProcessVideoData size:13014 dts:8.175 pts:8.175 dur:41.000ms, clock:-0.192 level:95
2021-07-14 12:05:34.551 T:5429 DEBUG : CVideoPlayer::ProcessVideoData size:36816 dts:8.217 pts:8.258 dur:41.000ms, clock:-0.191 level:95
2021-07-14 12:05:34.551 T:5429 DEBUG : CVideoPlayer::ProcessVideoData size:19824 dts:8.258 pts:8.300 dur:41.000ms, clock:-0.191 level:95
2021-07-14 12:05:34.555 T:5432 DEBUG : CVideoPlayerVideo - CDVDMsg::DEMUXER_PACKET - checking interlace vfmt: progressive
2021-07-14 12:05:34.568 T:5453 DEBUG : DEBUG: EMBY.core.HTTP: --->[ http ] { "params": { "ItemId": "13107", "MediaSourceId": "95ecd528caf58d3ad07addab3677c44e", "PositionTicks": 0, "RunTimeTicks": 16350781250, "CanSeek": true, "QueueableMediaTypes": "Video,Audio", "VolumeLevel": 100, "IsPaused": false, "IsMuted": false, "PlaySessionId": "000679a5730747b6b3bb90eb9011c0c0" }, "type": "POST", "url": "http://192.168.1.10:8096/emby/Sessions/Playing/Progress", "headers": { "Content-type": "application/json", "Accept-Charset": "UTF-8,*", "Accept-encoding": "gzip", "User-Agent": "Emby-Kodi/5.3.2", "Authorization": "Emby Client=Kodi, Device=Kodi (CoreELEC), DeviceId=C86BFD09CCFB4585AC3E449D31D74819, Version=5.3.2, UserId=de8aeadec54b4fa28d3772ebcf026587", "X-Emby-Token": "9cd631b3e7914b5d8ed6207750cefae7" }, "timeout": 30, "verify": true }
2021-07-14 12:05:34.582 T:5432 DEBUG : CVideoPlayerVideo - CDVDMsg::DEMUXER_PACKET - checking interlace vfmt: progressive
2021-07-14 12:05:34.584 T:5453 DEBUG : DEBUG: EMBY.core.HTTP: ---<[ http ][9 ms]
2021-07-14 12:05:34.584 T:4946 DEBUG : CAMLCodec::SetVideoRect:display(0,0,1920,1080)
2021-07-14 12:05:34.584 T:4946 DEBUG : CAMLCodec::SetVideoRect:gui(0,0,1920,1080)
2021-07-14 12:05:34.584 T:4946 DEBUG : CAMLCodec::SetVideoRect:m_dst_rect(0,0,1920,1080)
2021-07-14 12:05:34.584 T:4946 DEBUG : CAMLCodec::SetVideoRect:dst_rect(0,0,1920,1080)
2021-07-14 12:05:34.584 T:4946 DEBUG : CAMLCodec::SetVideoRect:m_guiStereoMode(0)
2021-07-14 12:05:34.584 T:4946 DEBUG : CAMLCodec::SetVideoRect:m_guiStereoView(0)
2021-07-14 12:05:34.610 T:5432 DEBUG : CVideoPlayerVideo - CDVDMsg::DEMUXER_PACKET - checking interlace vfmt: progressive
2021-07-14 12:05:34.624 T:5429 DEBUG : CVideoPlayer::ProcessVideoData size:64959 dts:8.300 pts:8.550 dur:41.000ms, clock:-0.118 level:89
2021-07-14 12:05:34.624 T:5429 DEBUG : CVideoPlayer::ProcessVideoData size:19413 dts:8.342 pts:8.425 dur:41.000ms, clock:-0.118 level:90
2021-07-14 12:05:34.625 T:5429 DEBUG : CVideoPlayer::ProcessVideoData size:13510 dts:8.383 pts:8.383 dur:41.000ms, clock:-0.117 level:90
2021-07-14 12:05:34.625 T:5429 DEBUG : CVideoPlayer::ProcessVideoData size:25592 dts:8.425 pts:8.467 dur:41.000ms, clock:-0.117 level:91
2021-07-14 12:05:34.625 T:5429 DEBUG : CVideoPlayer::ProcessVideoData size:5054 dts:8.467 pts:8.508 dur:41.000ms, clock:-0.117 level:91
2021-07-14 12:05:34.626 T:5429 DEBUG : CVideoPlayer::ProcessVideoData size:55719 dts:8.508 pts:8.675 dur:41.000ms, clock:-0.116 level:92
2021-07-14 12:05:34.626 T:5429 DEBUG : CVideoPlayer::ProcessVideoData size:5654 dts:8.550 pts:8.592 dur:41.000ms, clock:-0.116 level:92
2021-07-14 12:05:34.626 T:5429 DEBUG : CVideoPlayer::ProcessVideoData size:3759 dts:8.592 pts:8.634 dur:41.000ms, clock:-0.116 level:93
2021-07-14 12:05:34.669 T:5024 INFO : INFO: EMBY.hooks.player.Player: [ onAVChange ]
2021-07-14 12:05:34.676 T:5432 DEBUG : CVideoPlayerVideo::OutputPicture - ttd:315ms pts:0.250 Clock:-0.066 Level:3
2021-07-14 12:05:34.678 T:5432 DEBUG : CVideoPlayerVideo::OutputPicture - ttd:356ms pts:0.292 Clock:-0.064 Level:4
2021-07-14 12:05:34.759 T:5432 DEBUG : CVideoPlayerVideo::OutputPicture - ttd:317ms pts:0.334 Clock:0.017 Level:3
2021-07-14 12:05:34.760 T:5432 DEBUG : CVideoPlayerVideo::OutputPicture - ttd:357ms pts:0.375 Clock:0.018 Level:4
2021-07-14 12:05:34.880 T:5429 DEBUG : CVideoPlayer::ProcessVideoData size:74715 dts:8.634 pts:8.842 dur:41.000ms, clock:0.138 level:90
2021-07-14 12:05:34.880 T:5429 DEBUG : CVideoPlayer::ProcessVideoData size:13606 dts:8.675 pts:8.759 dur:41.000ms, clock:0.139 level:90
2021-07-14 12:05:34.881 T:5429 DEBUG : CVideoPlayer::ProcessVideoData size:3496 dts:8.717 pts:8.717 dur:41.000ms, clock:0.139 level:91
2021-07-14 12:05:34.881 T:5429 DEBUG : CVideoPlayer::ProcessVideoData size:4969 dts:8.759 pts:8.800 dur:41.000ms, clock:0.139 level:91
2021-07-14 12:05:34.882 T:5432 DEBUG : CVideoPlayerVideo::OutputPicture - ttd:276ms pts:0.417 Clock:0.140 Level:2
2021-07-14 12:05:34.883 T:5432 DEBUG : CVideoPlayerVideo::OutputPicture - ttd:317ms pts:0.459 Clock:0.141 Level:3
2021-07-14 12:05:34.921 T:5432 DEBUG : CVideoPlayerVideo::OutputPicture - ttd:321ms pts:0.500 Clock:0.179 Level:3
2021-07-14 12:05:34.950 T:5454 INFO : INFO: EMBY.hooks.monitor.Monitor: [ UserDataChanged ] {'ServerId': '582d15c7dab04b7fb851ac18d8445893', 'UserDataList': [{'IsFavorite': False, 'ItemId': '13107', 'LastPlayedDate': '2021-07-14T02:05:34.0000000+00:00', 'PlayCount': 11, 'PlaybackPositionTicks': 0, 'Played': True}], 'UserId': 'de8aeadec54b4fa28d3772ebcf026587', 'MonitorMethod': 'UserDataChanged'}
2021-07-14 12:05:34.950 T:5454 INFO : INFO: EMBY.hooks.monitor.Monitor: [ skip update/13107 ]
2021-07-14 12:05:34.965 T:5432 DEBUG : CVideoPlayerVideo::OutputPicture - ttd:319ms pts:0.542 Clock:0.223 Level:3
2021-07-14 12:05:34.966 T:5432 DEBUG : CVideoPlayerVideo::OutputPicture - ttd:360ms pts:0.584 Clock:0.224 Level:4
2021-07-14 12:05:34.982 T:5429 DEBUG : CVideoPlayer::ProcessVideoData size:68667 dts:8.800 pts:9.051 dur:41.000ms, clock:0.241 level:90
2021-07-14 12:05:34.983 T:5429 DEBUG : CVideoPlayer::ProcessVideoData size:30571 dts:8.842 pts:8.926 dur:41.000ms, clock:0.241 level:91
2021-07-14 12:05:34.983 T:5429 DEBUG : CVideoPlayer::ProcessVideoData size:30770 dts:8.884 pts:8.884 dur:41.000ms, clock:0.241 level:91
2021-07-14 12:05:34.984 T:5429 DEBUG : CVideoPlayer::ProcessVideoData size:48799 dts:8.926 pts:8.967 dur:41.000ms, clock:0.242 level:92
2021-07-14 12:05:34.984 T:5429 DEBUG : CVideoPlayer::ProcessVideoData size:19673 dts:8.967 pts:9.009 dur:41.000ms, clock:0.242 level:92
2021-07-14 12:05:35.088 T:5432 DEBUG : CVideoPlayerVideo::OutputPicture - ttd:279ms pts:0.626 Clock:0.346 Level:2
2021-07-14 12:05:35.090 T:5432 DEBUG : CVideoPlayerVideo::OutputPicture - ttd:319ms pts:0.667 Clock:0.348 Level:3
2021-07-14 12:05:35.133 T:5432 DEBUG : CVideoPlayerVideo::OutputPicture - ttd:317ms pts:0.709 Clock:0.391 Level:3
2021-07-14 12:05:35.170 T:5432 DEBUG : CVideoPlayerVideo::OutputPicture - ttd:322ms pts:0.751 Clock:0.428 Level:3
2021-07-14 12:05:35.172 T:5432 DEBUG : CVideoPlayerVideo::OutputPicture - ttd:362ms pts:0.792 Clock:0.430 Level:4
2021-07-14 12:05:35.278 T:5429 DEBUG : CVideoPlayer::ProcessVideoData size:59231 dts:9.009 pts:9.259 dur:41.000ms, clock:0.536 level:89
2021-07-14 12:05:35.278 T:5429 DEBUG : CVideoPlayer::ProcessVideoData size:53938 dts:9.051 pts:9.134 dur:41.000ms, clock:0.536 level:90
2021-07-14 12:05:35.279 T:5429 DEBUG : CVideoPlayer::ProcessVideoData size:6260 dts:9.092 pts:9.092 dur:41.000ms, clock:0.537 level:90
2021-07-14 12:05:35.279 T:5429 DEBUG : CVideoPlayer::ProcessVideoData size:14143 dts:9.134 pts:9.176 dur:41.000ms, clock:0.537 level:91
2021-07-14 12:05:35.279 T:5429 DEBUG : CVideoPlayer::ProcessVideoData size:6466 dts:9.176 pts:9.218 dur:41.000ms, clock:0.537 level:91
2021-07-14 12:05:35.279 T:5429 DEBUG : CVideoPlayer::ProcessVideoData size:64167 dts:9.218 pts:9.301 dur:41.000ms, clock:0.538 level:92
2021-07-14 12:05:35.300 T:5432 DEBUG : CVideoPlayerVideo::OutputPicture - ttd:276ms pts:0.834 Clock:0.558 Level:2
2021-07-14 12:05:35.301 T:5432 DEBUG : CVideoPlayerVideo::OutputPicture - ttd:317ms pts:0.876 Clock:0.559 Level:3
2021-07-14 12:05:35.338 T:5432 DEBUG : CVideoPlayerVideo::OutputPicture - ttd:321ms pts:0.918 Clock:0.596 Level:4
2021-07-14 12:05:35.360 T:5025 DEBUG : DatabaseUtils::GetSortFieldList: unknown field 36
2021-07-14 12:05:35.382 T:5432 DEBUG : CVideoPlayerVideo::OutputPicture - ttd:318ms pts:0.959 Clock:0.640 Level:3
2021-07-14 12:05:35.383 T:5432 DEBUG : CVideoPlayerVideo::OutputPicture - ttd:359ms pts:1.001 Clock:0.641 Level:4
2021-07-14 12:05:35.422 T:4956 DEBUG : ActiveAE::SyncStream - average error 215.529755 above threshold of 100.000000
2021-07-14 12:05:35.505 T:5432 DEBUG : CVideoPlayerVideo::OutputPicture - ttd:279ms pts:1.043 Clock:0.763 Level:2
2021-07-14 12:05:35.506 T:5432 DEBUG : CVideoPlayerVideo::OutputPicture - ttd:319ms pts:1.084 Clock:0.764 Level:3
2021-07-14 12:05:35.523 T:5429 DEBUG : CVideoPlayer::ProcessVideoData size:62928 dts:9.259 pts:9.426 dur:41.000ms, clock:0.781 level:89
2021-07-14 12:05:35.523 T:5429 DEBUG : CVideoPlayer::ProcessVideoData size:60767 dts:9.301 pts:9.343 dur:41.000ms, clock:0.781 level:90
2021-07-14 12:05:35.524 T:5429 DEBUG : CVideoPlayer::ProcessVideoData size:5349 dts:9.343 pts:9.384 dur:41.000ms, clock:0.782 level:90
2021-07-14 12:05:35.550 T:5432 DEBUG : CVideoPlayerVideo::OutputPicture - ttd:318ms pts:1.126 Clock:0.808 Level:3
2021-07-14 12:05:35.551 T:5432 DEBUG : CVideoPlayerVideo::OutputPicture - ttd:358ms pts:1.168 Clock:0.809 Level:4
2021-07-14 12:05:35.572 T:4956 DEBUG : ActiveAE::SyncStream - average error 23.529755, last average error: 215.529755
2021-07-14 12:05:35.672 T:4956 DEBUG : ActiveAE::SyncStream - average error of 28.668731, start adjusting
2021-07-14 12:05:35.672 T:4956 DEBUG : ActiveAE::SyncStream - average error 0.668731 below threshold of 30.000000
2021-07-14 12:05:35.673 T:5432 DEBUG : CVideoPlayerVideo::OutputPicture - ttd:278ms pts:1.210 Clock:0.931 Level:2
2021-07-14 12:05:35.674 T:5432 DEBUG : CVideoPlayerVideo::OutputPicture - ttd:318ms pts:1.251 Clock:0.932 Level:3
2021-07-14 12:05:35.718 T:5432 DEBUG : CVideoPlayerVideo::OutputPicture - ttd:317ms pts:1.293 Clock:0.976 Level:3
2021-07-14 12:05:35.756 T:5432 DEBUG : CVideoPlayerVideo::OutputPicture - ttd:321ms pts:1.335 Clock:1.014 Level:3
2021-07-14 12:05:35.757 T:5432 DEBUG : CVideoPlayerVideo::OutputPicture - ttd:361ms pts:1.376 Clock:1.015 Level:4
2021-07-14 12:05:35.842 T:5432 DEBUG : CVideoPlayerVideo::OutputPicture - ttd:317ms pts:1.418 Clock:1.100 Level:3
2021-07-14 12:05:35.880 T:5432 DEBUG : CVideoPlayerVideo::OutputPicture - ttd:322ms pts:1.460 Clock:1.138 Level:3
2021-07-14 12:05:35.881 T:5432 DEBUG : CVideoPlayerVideo::OutputPicture - ttd:361ms pts:1.501 Clock:1.139 Level:4
2021-07-14 12:05:35.967 T:5432 DEBUG : CVideoPlayerVideo::OutputPicture - ttd:318ms pts:1.543 Clock:1.225 Level:3
2021-07-14 12:05:35.968 T:5432 DEBUG : CVideoPlayerVideo::OutputPicture - ttd:359ms pts:1.585 Clock:1.226 Level:4
2021-07-14 12:05:35.979 T:5429 DEBUG : CVideoPlayer::ProcessVideoData size:125166 dts:9.384 pts:9.593 dur:41.000ms, clock:1.237 level:85
2021-07-14 12:05:35.979 T:5429 DEBUG : CVideoPlayer::ProcessVideoData size:35508 dts:9.426 pts:9.509 dur:41.000ms, clock:1.237 level:85
2021-07-14 12:05:35.980 T:5429 DEBUG : CVideoPlayer::ProcessVideoData size:14949 dts:9.468 pts:9.468 dur:41.000ms, clock:1.238 level:86
2021-07-14 12:05:35.980 T:5429 DEBUG : CVideoPlayer::ProcessVideoData size:14479 dts:9.509 pts:9.551 dur:41.000ms, clock:1.238 level:87
2021-07-14 12:05:35.981 T:5429 DEBUG : CVideoPlayer::ProcessVideoData size:76030 dts:9.551 pts:9.801 dur:41.000ms, clock:1.239 level:87
2021-07-14 12:05:35.982 T:5429 DEBUG : CVideoPlayer::ProcessVideoData size:15426 dts:9.593 pts:9.676 dur:41.000ms, clock:1.240 level:88
2021-07-14 12:05:35.982 T:5429 DEBUG : CVideoPlayer::ProcessVideoData size:7205 dts:9.635 pts:9.635 dur:41.000ms, clock:1.240 level:88
2021-07-14 12:05:35.983 T:5429 DEBUG : CVideoPlayer::ProcessVideoData size:5653 dts:9.676 pts:9.718 dur:41.000ms, clock:1.241 level:89
2021-07-14 12:05:35.983 T:5429 DEBUG : CVideoPlayer::ProcessVideoData size:5211 dts:9.718 pts:9.760 dur:41.000ms, clock:1.241 level:89
2021-07-14 12:05:36.093 T:5432 DEBUG : CVideoPlayerVideo::OutputPicture - ttd:275ms pts:1.627 Clock:1.351 Level:2
2021-07-14 12:05:36.095 T:5432 DEBUG : CVideoPlayerVideo::OutputPicture - ttd:315ms pts:1.668 Clock:1.353 Level:3
2021-07-14 12:05:36.132 T:5432 DEBUG : CVideoPlayerVideo::OutputPicture - ttd:320ms pts:1.710 Clock:1.390 Level:3
2021-07-14 12:05:36.133 T:5432 DEBUG : CVideoPlayerVideo::OutputPicture - ttd:360ms pts:1.752 Clock:1.391 Level:4
2021-07-14 12:05:36.176 T:5429 DEBUG : CVideoPlayer::ProcessVideoData size:55139 dts:9.760 pts:9.927 dur:41.000ms, clock:1.434 level:88
2021-07-14 12:05:36.177 T:5429 DEBUG : CVideoPlayer::ProcessVideoData size:9788 dts:9.801 pts:9.843 dur:41.000ms, clock:1.435 level:88
2021-07-14 12:05:36.177 T:5429 DEBUG : CVideoPlayer::ProcessVideoData size:4134 dts:9.843 pts:9.885 dur:41.000ms, clock:1.435 level:89
2021-07-14 12:05:36.177 T:5429 DEBUG : CVideoPlayer::ProcessVideoData size:14325 dts:9.885 pts:9.968 dur:41.000ms, clock:1.435 level:89
2021-07-14 12:05:36.178 T:5429 DEBUG : CVideoPlayer::ProcessVideoData size:271525 dts:9.927 pts:10.010 dur:41.000ms, clock:1.436 level:90
2021-07-14 12:05:36.255 T:5432 DEBUG : CVideoPlayerVideo::OutputPicture - ttd:279ms pts:1.793 Clock:1.513 Level:2
2021-07-14 12:05:36.256 T:5432 DEBUG : CVideoPlayerVideo::OutputPicture - ttd:320ms pts:1.835 Clock:1.514 Level:3
2021-07-14 12:05:36.300 T:5432 DEBUG : CVideoPlayerVideo::OutputPicture - ttd:319ms pts:1.877 Clock:1.558 Level:3
2021-07-14 12:05:36.301 T:5432 DEBUG : CVideoPlayerVideo::OutputPicture - ttd:359ms pts:1.919 Clock:1.559 Level:4
2021-07-14 12:05:36.425 T:5432 DEBUG : CVideoPlayerVideo::OutputPicture - ttd:277ms pts:1.960 Clock:1.683 Level:2
2021-07-14 12:05:36.426 T:5432 DEBUG : CVideoPlayerVideo::OutputPicture - ttd:318ms pts:2.002 Clock:1.684 Level:3
2021-07-14 12:05:36.432 T:5429 DEBUG : CVideoPlayer::ProcessVideoData size:38377 dts:9.968 pts:10.052 dur:41.000ms, clock:1.690 level:87
2021-07-14 12:05:36.432 T:5429 DEBUG : CVideoPlayer::ProcessVideoData size:50989 dts:10.010 pts:10.177 dur:41.000ms, clock:1.690 level:88
2021-07-14 12:05:36.433 T:5429 DEBUG : CVideoPlayer::ProcessVideoData size:33539 dts:10.052 pts:10.093 dur:41.000ms, clock:1.691 level:88
2021-07-14 12:05:36.433 T:5429 DEBUG : CVideoPlayer::ProcessVideoData size:5255 dts:10.093 pts:10.135 dur:41.000ms, clock:1.691 level:88
2021-07-14 12:05:36.434 T:5429 DEBUG : CVideoPlayer::ProcessVideoData size:42520 dts:10.135 pts:10.260 dur:41.000ms, clock:1.692 level:89
2021-07-14 12:05:36.434 T:5429 DEBUG : CVideoPlayer::ProcessVideoData size:3323 dts:10.177 pts:10.219 dur:41.000ms, clock:1.692 level:89
2021-07-14 12:05:36.464 T:5432 DEBUG : CVideoPlayerVideo::OutputPicture - ttd:321ms pts:2.044 Clock:1.722 Level:3
2021-07-14 12:05:36.508 T:5432 DEBUG : CVideoPlayerVideo::OutputPicture - ttd:319ms pts:2.085 Clock:1.766 Level:3
2021-07-14 12:05:36.509 T:5432 DEBUG : CVideoPlayerVideo::OutputPicture - ttd:360ms pts:2.127 Clock:1.767 Level:4
2021-07-14 12:05:36.632 T:5432 DEBUG : CVideoPlayerVideo::OutputPicture - ttd:279ms pts:2.169 Clock:1.890 Level:2
2021-07-14 12:05:36.633 T:5432 DEBUG : CVideoPlayerVideo::OutputPicture - ttd:319ms pts:2.211 Clock:1.891 Level:3
2021-07-14 12:05:36.676 T:5432 DEBUG : CVideoPlayerVideo::OutputPicture - ttd:317ms pts:2.252 Clock:1.934 Level:3
2021-07-14 12:05:36.678 T:5429 DEBUG : CVideoPlayer::ProcessVideoData size:51494 dts:10.219 pts:10.469 dur:41.000ms, clock:1.936 level:87
2021-07-14 12:05:36.678 T:5429 DEBUG : CVideoPlayer::ProcessVideoData size:34325 dts:10.260 pts:10.344 dur:41.000ms, clock:1.936 level:88
2021-07-14 12:05:36.678 T:5429 DEBUG : CVideoPlayer::ProcessVideoData size:8177 dts:10.302 pts:10.302 dur:41.000ms, clock:1.936 level:88
2021-07-14 12:05:36.679 T:5429 DEBUG : CVideoPlayer::ProcessVideoData size:35794 dts:10.344 pts:10.385 dur:41.000ms, clock:1.937 level:89
2021-07-14 12:05:36.679 T:5429 DEBUG : CVideoPlayer::ProcessVideoData size:11431 dts:10.385 pts:10.427 dur:41.000ms, clock:1.937 level:89
2021-07-14 12:05:36.680 T:5429 DEBUG : CVideoPlayer::ProcessVideoData size:56762 dts:10.427 pts:10.510 dur:41.000ms, clock:1.938 level:90
2021-07-14 12:05:36.720 T:5432 DEBUG : CVideoPlayerVideo::OutputPicture - ttd:316ms pts:2.294 Clock:1.978 Level:3
2021-07-14 12:05:36.721 T:5432 DEBUG : CVideoPlayerVideo::OutputPicture - ttd:356ms pts:2.336 Clock:1.979 Level:4
2021-07-14 12:05:36.843 T:5432 DEBUG : CVideoPlayerVideo::OutputPicture - ttd:276ms pts:2.377 Clock:2.101 Level:2
2021-07-14 12:05:36.844 T:5432 DEBUG : CVideoPlayerVideo::OutputPicture - ttd:317ms pts:2.419 Clock:2.102 Level:3
2021-07-14 12:05:36.881 T:5432 DEBUG : CVideoPlayerVideo::OutputPicture - ttd:321ms pts:2.461 Clock:2.139 Level:3
2021-07-14 12:05:36.882 T:5432 DEBUG : CVideoPlayerVideo::OutputPicture - ttd:361ms pts:2.502 Clock:2.140 Level:4
2021-07-14 12:05:36.923 T:5429 DEBUG : CVideoPlayer::ProcessVideoData size:54459 dts:10.469 pts:10.719 dur:41.000ms, clock:2.181 level:87
2021-07-14 12:05:36.924 T:5429 DEBUG : CVideoPlayer::ProcessVideoData size:22338 dts:10.510 pts:10.594 dur:41.000ms, clock:2.182 level:88
2021-07-14 12:05:36.924 T:5429 DEBUG : CVideoPlayer::ProcessVideoData size:33623 dts:10.552 pts:10.552 dur:41.000ms, clock:2.182 level:88
2021-07-14 12:05:36.925 T:5429 DEBUG : CVideoPlayer::ProcessVideoData size:23450 dts:10.594 pts:10.636 dur:41.000ms, clock:2.183 level:89
2021-07-14 12:05:36.925 T:5429 DEBUG : CVideoPlayer::ProcessVideoData size:8771 dts:10.636 pts:10.677 dur:41.000ms, clock:2.183 level:89
2021-07-14 12:05:36.926 T:5429 DEBUG : CVideoPlayer::ProcessVideoData size:37612 dts:10.677 pts:10.761 dur:41.000ms, clock:2.184 level:90
2021-07-14 12:05:37.011 T:5432 DEBUG : CVideoPlayerVideo::OutputPicture - ttd:274ms pts:2.544 Clock:2.269 Level:2
2021-07-14 12:05:37.013 T:5432 DEBUG : CVideoPlayerVideo::OutputPicture - ttd:315ms pts:2.586 Clock:2.271 Level:3
2021-07-14 12:05:37.050 T:5432 DEBUG : CVideoPlayerVideo::OutputPicture - ttd:319ms pts:2.628 Clock:2.308 Level:3
2021-07-14 12:05:37.067 T:4973 DEBUG : CLibInputKeyboard::ProcessKey - using delay: 250ms repeat: 33ms
2021-07-14 12:05:37.068 T:5455 DEBUG : Thread Timer start, auto delete: false
2021-07-14 12:05:37.082 T:4946 DEBUG : Keyboard: scancode: 0x02, sym: 0x0031, unicode: 0x0031, modifier: 0x0
2021-07-14 12:05:37.083 T:4946 DEBUG : HandleKey: one (0xf031) pressed, action is stop
2021-07-14 12:05:37.083 T:4946 INFO : CVideoPlayer::CloseFile()
2021-07-14 12:05:37.083 T:4946 DEBUG : DeleteRenderer - deleting renderer
2021-07-14 12:05:37.083 T:4946 INFO : VideoPlayer: waiting for threads to exit
2021-07-14 12:05:37.088 T:5429 INFO : CVideoPlayer::OnExit()
2021-07-14 12:05:37.088 T:5429 INFO : Closing stream player 1
2021-07-14 12:05:37.088 T:5429 INFO : Waiting for audio thread to exit
2021-07-14 12:05:37.114 T:5432 DEBUG : CVideoPlayerVideo::OutputPicture - ttd:317ms pts:2.669 Clock:2.352 Level:0
2021-07-14 12:05:37.122 T:5433 INFO : thread end: CVideoPlayerAudio::OnExit()
2021-07-14 12:05:37.122 T:5433 DEBUG : Thread VideoPlayerAudio 3372577408 terminating
2021-07-14 12:05:37.122 T:5429 INFO : Closing audio device
2021-07-14 12:05:37.135 T:5432 DEBUG : CVideoPlayerVideo::OutputPicture - ttd:337ms pts:2.711 Clock:2.373 Level:0
2021-07-14 12:05:37.167 T:5432 DEBUG : CVideoPlayerVideo::OutputPicture - ttd:348ms pts:2.753 Clock:2.405 Level:0
2021-07-14 12:05:37.172 T:5429 DEBUG : CDVDAudio::Flush - flush audio stream
2021-07-14 12:05:37.172 T:4956 DEBUG : CActiveAE::DiscardStream - audio stream deleted
2021-07-14 12:05:37.172 T:4956 DEBUG : CActiveAE::ClearDiscardedBuffers - buffer pool deleted
2021-07-14 12:05:37.173 T:4957 INFO : Skipped 2 duplicate messages..
2021-07-14 12:05:37.173 T:4957 INFO : CActiveAESink::OpenSink - initialize sink
2021-07-14 12:05:37.174 T:5429 INFO : Deleting audio codec
2021-07-14 12:05:37.174 T:5429 INFO : Closing stream player 2
2021-07-14 12:05:37.174 T:5429 INFO : waiting for video thread to exit
2021-07-14 12:05:37.188 T:5432 DEBUG : CVideoPlayerVideo::OutputPicture - ttd:367ms pts:2.794 Clock:2.426 Level:0
2021-07-14 12:05:37.188 T:5432 INFO : thread end: video_thread
2021-07-14 12:05:37.189 T:5432 DEBUG : Thread VideoPlayerVideo 3315389056 terminating
2021-07-14 12:05:37.190 T:5429 INFO : deleting video codec
2021-07-14 12:05:37.191 T:5429 DEBUG : CAMLCodec::CloseDecoder
2021-07-14 12:05:37.198 T:5429 DEBUG : CAMLVideoBufferPool::~CAMLVideoBufferPool: Deleting 6 buffers
2021-07-14 12:05:37.199 T:5429 INFO : Closing stream player 3
