2021-07-14 12:05:44.049 T:4956 DEBUG : CActiveAE::ClearDiscardedBuffers - buffer pool deleted
2021-07-14 12:05:44.058 T:5470 INFO : Skipped 1 duplicate messages..
2021-07-14 12:05:44.058 T:5470 DEBUG : CVideoPlayer::HandleMessages - player started 1
2021-07-14 12:05:44.058 T:5013 DEBUG : OnAVChange: CApplication::OnAVChange
2021-07-14 12:05:44.058 T:5470 DEBUG : CDVDClock::SetSpeedAdjust - adjusted:0.000000
2021-07-14 12:05:44.059 T:5470 INFO : Skipped 1 duplicate messages..
2021-07-14 12:05:44.059 T:5470 DEBUG : VideoPlayer::Sync - Audio - pts: 0.294, cache: 0.504, totalcache: 0.800, packets:250 level:96
2021-07-14 12:05:44.059 T:5470 DEBUG : VideoPlayer::Sync - Video - pts: 0.000, cache: 0.050, totalcache: 0.100, packets:191 level:94
2021-07-14 12:05:44.059 T:5473 DEBUG : CVideoPlayerVideo - CDVDMsg::GENERAL_RESYNC(-209632.355316)
2021-07-14 12:05:44.059 T:5473 DEBUG : CVideoPlayerVideo - OUTPUT_AGAIN - vfmt, interlace should be checked.
2021-07-14 12:05:44.059 T:5473 DEBUG : CVideoPlayerVideo - CDVDMsg::DEMUXER_PACKET - checking interlace vfmt: progressive
2021-07-14 12:05:44.059 T:5473 DEBUG : CVideoPlayerVideo::OutputPicture - ttd:251ms pts:0.042 Clock:-0.209 Level:0
2021-07-14 12:05:44.059 T:5014 DEBUG : OnAVStarted: CApplication::OnAVStarted
2021-07-14 12:05:44.060 T:5473 DEBUG : CVideoPlayerVideo::OutputPicture - ttd:290ms pts:0.083 Clock:-0.208 Level:1
2021-07-14 12:05:44.061 T:5470 DEBUG : CVideoPlayer::ProcessVideoData size:66715 dts:7.883 pts:8.133 dur:41.000ms, clock:-0.207 level:92
2021-07-14 12:05:44.061 T:5470 DEBUG : CVideoPlayer::ProcessVideoData size:14754 dts:7.925 pts:8.008 dur:41.000ms, clock:-0.207 level:93
2021-07-14 12:05:44.061 T:5470 DEBUG : CVideoPlayer::ProcessVideoData size:3218 dts:7.966 pts:7.966 dur:41.000ms, clock:-0.207 level:93
2021-07-14 12:05:44.062 T:5470 DEBUG : CVideoPlayer::ProcessVideoData size:5218 dts:8.008 pts:8.050 dur:41.000ms, clock:-0.207 level:94
2021-07-14 12:05:44.062 T:5470 DEBUG : CVideoPlayer::ProcessVideoData size:4660 dts:8.050 pts:8.091 dur:41.000ms, clock:-0.206 level:94
2021-07-14 12:05:44.062 T:5474 DEBUG : CDVDAudio::Resume - resume audio stream
2021-07-14 12:05:44.063 T:4956 DEBUG : ActiveAE - start sync of audio stream
2021-07-14 12:05:44.063 T:5473 DEBUG : CVideoPlayerVideo::OutputPicture - ttd:330ms pts:0.125 Clock:-0.205 Level:2
2021-07-14 12:05:44.064 T:5473 DEBUG : CVideoPlayerVideo::OutputPicture - ttd:370ms pts:0.167 Clock:-0.204 Level:3
2021-07-14 12:05:44.066 T:5473 DEBUG : CVideoPlayerVideo::OutputPicture - ttd:411ms pts:0.209 Clock:-0.203 Level:4
2021-07-14 12:05:44.070 T:4946 DEBUG : Activating window ID: 12005
2021-07-14 12:05:44.071 T:4946 DEBUG : ------ Window Deinit (MyVideoNav.xml) ------
2021-07-14 12:05:44.072 T:4946 DEBUG : FreeVisualisation() done
2021-07-14 12:05:44.074 T:4946 DEBUG : ------ Window Init (VideoFullScreen.xml) ------
2021-07-14 12:05:44.075 T:4946 INFO : [WHITELIST] Searching the whitelist for: width: 1920, height: 1080, fps: 23.976, 3D: false
2021-07-14 12:05:44.075 T:4946 DEBUG : [WHITELIST] Using the default whitelist because the user whitelist is empty
2021-07-14 12:05:44.075 T:4946 DEBUG : [WHITELIST] Searching for an exact resolution with an exact refresh rate
2021-07-14 12:05:44.075 T:4946 DEBUG : [WHITELIST] Matched an exact resolution with an exact refresh rate 1920x1080 @ 23.98 - Full Screen (32)
2021-07-14 12:05:44.075 T:4946 DEBUG : [WHITELIST] Searching for an exact resolution with double the refresh rate
2021-07-14 12:05:44.075 T:4946 INFO : Display resolution ADJUST : 1920x1080 @ 23.98 - Full Screen (32) (weight: -4525491597834111111878557158080512.000)
2021-07-14 12:05:44.075 T:4946 INFO : VideoPlayer: OnLostDisplay received
2021-07-14 12:05:44.075 T:4946 DEBUG : AMLUtils::aml_handle_display_stereo_mode old mode 3doff new mode 3doff
2021-07-14 12:05:44.075 T:4946 DEBUG : AMLUtils::aml_handle_display_stereo_mode - no change needed
2021-07-14 12:05:44.076 T:4946 ERROR : GetString: error reading /sys/class/amhdmitx/amhdmitx0/custom_mode
2021-07-14 12:05:44.077 T:5473 DEBUG : CVideoPlayerVideo - CDVDMsg::GENERAL_PAUSE: 1
2021-07-14 12:05:44.145 T:5474 DEBUG : CVideoPlayerAudio - CDVDMsg::GENERAL_PAUSE: 1
2021-07-14 12:05:44.154 T:5024 INFO : INFO: EMBY.hooks.player.Player: [ onAVChange ]
2021-07-14 12:05:44.154 T:5024 INFO : INFO: EMBY.hooks.player.Player: [ onAVStarted ]
2021-07-14 12:05:44.155 T:5489 INFO : INFO: EMBY.hooks.player.Player: [ ThreadAVStarted ]
2021-07-14 12:05:44.155 T:5489 INFO : INFO: EMBY.hooks.player.Player: -->[ play/13111 ] {'Id': '13111', 'Tracking': True, 'Type': 'episode', 'Volume': 100, 'Muted': False, 'MediaSourceId': 'e1709acbe4dc426f9331c89658d66d0b', 'EmbyServer': , 'RunTime': 0, 'CurrentPosition': 0, 'Paused': False, 'library': , 'PlaySessionId': 'ea28b4a20e4946418ae1ade46cba16f5'}
2021-07-14 12:05:44.155 T:5489 DEBUG : DEBUG: EMBY.core.HTTP: --->[ http ] { "params": { "ItemId": "13111", "MediaSourceId": "e1709acbe4dc426f9331c89658d66d0b", "PlaySessionId": "ea28b4a20e4946418ae1ade46cba16f5" }, "type": "POST", "url": "http://192.168.1.10:8096/emby/Sessions/Playing", "headers": { "Content-type": "application/json", "Accept-Charset": "UTF-8,*", "Accept-encoding": "gzip", "User-Agent": "Emby-Kodi/5.3.2", "Authorization": "Emby Client=Kodi, Device=Kodi (CoreELEC), DeviceId=C86BFD09CCFB4585AC3E449D31D74819, Version=5.3.2, UserId=de8aeadec54b4fa28d3772ebcf026587", "X-Emby-Token": "9cd631b3e7914b5d8ed6207750cefae7" }, "timeout": 30, "verify": true }
2021-07-14 12:05:44.170 T:5489 DEBUG : DEBUG: EMBY.core.HTTP: ---<[ http ][8 ms]
2021-07-14 12:05:44.171 T:5489 DEBUG : DEBUG: EMBY.core.HTTP: --->[ http ] { "params": { "ItemId": "13111", "MediaSourceId": "e1709acbe4dc426f9331c89658d66d0b", "PositionTicks": 0, "RunTimeTicks": 15700220947, "CanSeek": true, "QueueableMediaTypes": "Video,Audio", "VolumeLevel": 100, "IsPaused": false, "IsMuted": false, "PlaySessionId": "ea28b4a20e4946418ae1ade46cba16f5" }, "type": "POST", "url": "http://192.168.1.10:8096/emby/Sessions/Playing/Progress", "headers": { "Content-type": "application/json", "Accept-Charset": "UTF-8,*", "Accept-encoding": "gzip", "User-Agent": "Emby-Kodi/5.3.2", "Authorization": "Emby Client=Kodi, Device=Kodi (CoreELEC), DeviceId=C86BFD09CCFB4585AC3E449D31D74819, Version=5.3.2, UserId=de8aeadec54b4fa28d3772ebcf026587", "X-Emby-Token": "9cd631b3e7914b5d8ed6207750cefae7" }, "timeout": 30, "verify": true }
2021-07-14 12:05:44.184 T:5489 DEBUG : DEBUG: EMBY.core.HTTP: ---<[ http ][7 ms]
2021-07-14 12:05:44.195 T:4956 DEBUG : ActiveAE::SyncStream - average error of 56.321957, start adjusting
2021-07-14 12:05:44.195 T:4956 DEBUG : ActiveAE::SyncStream - average error 24.321957 below threshold of 30.000000
2021-07-14 12:05:44.325 T:4946 DEBUG : AMLUtils::aml_handle_display_stereo_mode old mode 3doff new mode 3doff
2021-07-14 12:05:44.325 T:4946 DEBUG : AMLUtils::aml_handle_display_stereo_mode - no change needed
2021-07-14 12:05:44.325 T:4946 INFO : VideoPlayer: OnResetDisplay received
2021-07-14 12:05:44.325 T:5474 DEBUG : CVideoPlayerAudio - CDVDMsg::GENERAL_PAUSE: 0
2021-07-14 12:05:44.325 T:5473 DEBUG : CVideoPlayerVideo - CDVDMsg::GENERAL_PAUSE: 0
2021-07-14 12:05:44.326 T:4946 INFO : GLES: Maximum texture width: 8192
2021-07-14 12:05:44.332 T:4946 DEBUG : ------ Window Deinit (DialogBusy.xml) ------
2021-07-14 12:05:44.333 T:5009 DEBUG : OnAVChange: CApplication::OnAVChange
2021-07-14 12:05:44.334 T:5470 DEBUG : CVideoPlayer::ProcessVideoData size:66793 dts:8.091 pts:8.342 dur:41.000ms, clock:-0.184 level:93
2021-07-14 12:05:44.334 T:5470 DEBUG : CVideoPlayer::ProcessVideoData size:54762 dts:8.133 pts:8.217 dur:41.000ms, clock:-0.183 level:94
2021-07-14 12:05:44.335 T:5470 DEBUG : CVideoPlayer::ProcessVideoData size:13040 dts:8.175 pts:8.175 dur:41.000ms, clock:-0.183 level:94
2021-07-14 12:05:44.335 T:5470 DEBUG : CVideoPlayer::ProcessVideoData size:36747 dts:8.217 pts:8.258 dur:41.000ms, clock:-0.183 level:95
2021-07-14 12:05:44.335 T:5470 DEBUG : CVideoPlayer::ProcessVideoData size:19784 dts:8.258 pts:8.300 dur:41.000ms, clock:-0.183 level:95
2021-07-14 12:05:44.336 T:5473 DEBUG : CVideoPlayerVideo - CDVDMsg::DEMUXER_PACKET - checking interlace vfmt: progressive
2021-07-14 12:05:44.357 T:5492 DEBUG : DEBUG: EMBY.core.HTTP: --->[ http ] { "params": { "ItemId": "13111", "MediaSourceId": "e1709acbe4dc426f9331c89658d66d0b", "PositionTicks": 0, "RunTimeTicks": 15700220947, "CanSeek": true, "QueueableMediaTypes": "Video,Audio", "VolumeLevel": 100, "IsPaused": false, "IsMuted": false, "PlaySessionId": "ea28b4a20e4946418ae1ade46cba16f5" }, "type": "POST", "url": "http://192.168.1.10:8096/emby/Sessions/Playing/Progress", "headers": { "Content-type": "application/json", "Accept-Charset": "UTF-8,*", "Accept-encoding": "gzip", "User-Agent": "Emby-Kodi/5.3.2", "Authorization": "Emby Client=Kodi, Device=Kodi (CoreELEC), DeviceId=C86BFD09CCFB4585AC3E449D31D74819, Version=5.3.2, UserId=de8aeadec54b4fa28d3772ebcf026587", "X-Emby-Token": "9cd631b3e7914b5d8ed6207750cefae7" }, "timeout": 30, "verify": true }
2021-07-14 12:05:44.361 T:5473 DEBUG : CVideoPlayerVideo - CDVDMsg::DEMUXER_PACKET - checking interlace vfmt: progressive
2021-07-14 12:05:44.371 T:4946 DEBUG : CAMLCodec::SetVideoRect:display(0,0,1920,1080)
2021-07-14 12:05:44.371 T:4946 DEBUG : CAMLCodec::SetVideoRect:gui(0,0,1920,1080)
2021-07-14 12:05:44.371 T:4946 DEBUG : CAMLCodec::SetVideoRect:m_dst_rect(0,0,1920,1080)
2021-07-14 12:05:44.371 T:4946 DEBUG : CAMLCodec::SetVideoRect:dst_rect(0,0,1920,1080)
2021-07-14 12:05:44.371 T:4946 DEBUG : CAMLCodec::SetVideoRect:m_guiStereoMode(0)
2021-07-14 12:05:44.371 T:4946 DEBUG : CAMLCodec::SetVideoRect:m_guiStereoView(0)
2021-07-14 12:05:44.372 T:5492 DEBUG : DEBUG: EMBY.core.HTTP: ---<[ http ][9 ms]
2021-07-14 12:05:44.390 T:5473 DEBUG : CVideoPlayerVideo - CDVDMsg::DEMUXER_PACKET - checking interlace vfmt: progressive
2021-07-14 12:05:44.397 T:5470 DEBUG : CVideoPlayer::ProcessVideoData size:64356 dts:8.300 pts:8.550 dur:41.000ms, clock:-0.121 level:90
2021-07-14 12:05:44.397 T:5470 DEBUG : CVideoPlayer::ProcessVideoData size:19496 dts:8.342 pts:8.425 dur:41.000ms, clock:-0.121 level:90
2021-07-14 12:05:44.397 T:5470 DEBUG : CVideoPlayer::ProcessVideoData size:13514 dts:8.383 pts:8.383 dur:41.000ms, clock:-0.121 level:91
2021-07-14 12:05:44.398 T:5470 DEBUG : CVideoPlayer::ProcessVideoData size:25365 dts:8.425 pts:8.467 dur:41.000ms, clock:-0.120 level:91
2021-07-14 12:05:44.398 T:5470 DEBUG : CVideoPlayer::ProcessVideoData size:4975 dts:8.467 pts:8.508 dur:41.000ms, clock:-0.120 level:92
2021-07-14 12:05:44.458 T:5024 INFO : INFO: EMBY.hooks.player.Player: [ onAVChange ]
2021-07-14 12:05:44.460 T:5473 DEBUG : CVideoPlayerVideo::OutputPicture - ttd:307ms pts:0.250 Clock:-0.058 Level:3
2021-07-14 12:05:44.461 T:5473 DEBUG : CVideoPlayerVideo::OutputPicture - ttd:348ms pts:0.292 Clock:-0.057 Level:4
2021-07-14 12:05:44.542 T:5473 DEBUG : CVideoPlayerVideo::OutputPicture - ttd:310ms pts:0.334 Clock:0.024 Level:3
2021-07-14 12:05:44.543 T:5473 DEBUG : CVideoPlayerVideo::OutputPicture - ttd:349ms pts:0.375 Clock:0.025 Level:4
2021-07-14 12:05:44.651 T:5470 DEBUG : CVideoPlayer::ProcessVideoData size:58717 dts:8.508 pts:8.759 dur:41.000ms, clock:0.133 level:88
2021-07-14 12:05:44.652 T:5470 DEBUG : CVideoPlayer::ProcessVideoData size:15164 dts:8.550 pts:8.634 dur:41.000ms, clock:0.134 level:89
2021-07-14 12:05:44.652 T:5470 DEBUG : CVideoPlayer::ProcessVideoData size:3292 dts:8.592 pts:8.592 dur:41.000ms, clock:0.134 level:89
2021-07-14 12:05:44.652 T:5470 DEBUG : CVideoPlayer::ProcessVideoData size:5283 dts:8.634 pts:8.675 dur:41.000ms, clock:0.134 level:90
2021-07-14 12:05:44.652 T:5470 DEBUG : CVideoPlayer::ProcessVideoData size:4705 dts:8.675 pts:8.717 dur:41.000ms, clock:0.134 level:90
2021-07-14 12:05:44.652 T:5470 DEBUG : CVideoPlayer::ProcessVideoData size:59377 dts:8.717 pts:8.842 dur:41.000ms, clock:0.134 level:91
2021-07-14 12:05:44.653 T:5470 DEBUG : CVideoPlayer::ProcessVideoData size:4432 dts:8.759 pts:8.800 dur:41.000ms, clock:0.135 level:91
2021-07-14 12:05:44.672 T:5473 DEBUG : CVideoPlayerVideo::OutputPicture - ttd:262ms pts:0.417 Clock:0.155 Level:2
2021-07-14 12:05:44.674 T:5473 DEBUG : CVideoPlayerVideo::OutputPicture - ttd:303ms pts:0.459 Clock:0.156 Level:3
2021-07-14 12:05:44.711 T:5473 DEBUG : CVideoPlayerVideo::OutputPicture - ttd:306ms pts:0.500 Clock:0.193 Level:3
2021-07-14 12:05:44.749 T:5473 DEBUG : CVideoPlayerVideo::OutputPicture - ttd:311ms pts:0.542 Clock:0.231 Level:4
2021-07-14 12:05:44.750 T:5473 DEBUG : CVideoPlayerVideo::OutputPicture - ttd:351ms pts:0.584 Clock:0.232 Level:4
2021-07-14 12:05:44.754 T:5470 DEBUG : CVideoPlayer::ProcessVideoData size:67632 dts:8.800 pts:9.051 dur:41.000ms, clock:0.237 level:91
2021-07-14 12:05:44.755 T:5470 DEBUG : CVideoPlayer::ProcessVideoData size:30477 dts:8.842 pts:8.926 dur:41.000ms, clock:0.237 level:91
2021-07-14 12:05:44.755 T:5470 DEBUG : CVideoPlayer::ProcessVideoData size:30844 dts:8.884 pts:8.884 dur:41.000ms, clock:0.237 level:92
2021-07-14 12:05:44.756 T:5470 DEBUG : CVideoPlayer::ProcessVideoData size:49013 dts:8.926 pts:8.967 dur:41.000ms, clock:0.238 level:92
2021-07-14 12:05:44.756 T:5470 DEBUG : CVideoPlayer::ProcessVideoData size:19363 dts:8.967 pts:9.009 dur:41.000ms, clock:0.238 level:93
2021-07-14 12:05:44.759 T:5493 INFO : INFO: EMBY.hooks.monitor.Monitor: [ UserDataChanged ] {'ServerId': '582d15c7dab04b7fb851ac18d8445893', 'UserDataList': [{'IsFavorite': False, 'ItemId': '13111', 'LastPlayedDate': '2021-07-14T02:05:44.0000000+00:00', 'PlayCount': 9, 'PlaybackPositionTicks': 0, 'Played': True}], 'UserId': 'de8aeadec54b4fa28d3772ebcf026587', 'MonitorMethod': 'UserDataChanged'}
2021-07-14 12:05:44.759 T:5493 INFO : INFO: EMBY.hooks.monitor.Monitor: [ skip update/13111 ]
2021-07-14 12:05:44.878 T:5473 DEBUG : CVideoPlayerVideo::OutputPicture - ttd:266ms pts:0.626 Clock:0.360 Level:2
2021-07-14 12:05:44.879 T:5473 DEBUG : CVideoPlayerVideo::OutputPicture - ttd:305ms pts:0.667 Clock:0.361 Level:3
2021-07-14 12:05:44.917 T:5473 DEBUG : CVideoPlayerVideo::OutputPicture - ttd:310ms pts:0.709 Clock:0.399 Level:3
2021-07-14 12:05:44.960 T:5473 DEBUG : CVideoPlayerVideo::OutputPicture - ttd:308ms pts:0.751 Clock:0.442 Level:3
2021-07-14 12:05:44.962 T:5473 DEBUG : CVideoPlayerVideo::OutputPicture - ttd:348ms pts:0.792 Clock:0.444 Level:4
2021-07-14 12:05:45.050 T:5470 DEBUG : CVideoPlayer::ProcessVideoData size:57419 dts:9.009 pts:9.259 dur:41.000ms, clock:0.532 level:90
2021-07-14 12:05:45.051 T:5470 DEBUG : CVideoPlayer::ProcessVideoData size:53941 dts:9.051 pts:9.134 dur:41.000ms, clock:0.533 level:90
2021-07-14 12:05:45.051 T:5470 DEBUG : CVideoPlayer::ProcessVideoData size:6362 dts:9.092 pts:9.092 dur:41.000ms, clock:0.533 level:91
2021-07-14 12:05:45.051 T:5470 DEBUG : CVideoPlayer::ProcessVideoData size:14275 dts:9.134 pts:9.176 dur:41.000ms, clock:0.533 level:91
2021-07-14 12:05:45.051 T:5470 DEBUG : CVideoPlayer::ProcessVideoData size:6559 dts:9.176 pts:9.218 dur:41.000ms, clock:0.533 level:92
2021-07-14 12:05:45.052 T:5470 DEBUG : CVideoPlayer::ProcessVideoData size:62916 dts:9.218 pts:9.301 dur:41.000ms, clock:0.534 level:92
2021-07-14 12:05:45.084 T:5473 DEBUG : CVideoPlayerVideo::OutputPicture - ttd:268ms pts:0.834 Clock:0.566 Level:2
2021-07-14 12:05:45.085 T:5473 DEBUG : CVideoPlayerVideo::OutputPicture - ttd:309ms pts:0.876 Clock:0.567 Level:3
2021-07-14 12:05:45.128 T:5473 DEBUG : CVideoPlayerVideo::OutputPicture - ttd:307ms pts:0.918 Clock:0.610 Level:3
2021-07-14 12:05:45.174 T:5473 DEBUG : CVideoPlayerVideo::OutputPicture - ttd:303ms pts:0.959 Clock:0.656 Level:3
2021-07-14 12:05:45.175 T:5473 DEBUG : CVideoPlayerVideo::OutputPicture - ttd:343ms pts:1.001 Clock:0.657 Level:4
2021-07-14 12:05:45.195 T:4956 DEBUG : ActiveAE::SyncStream - average error 216.867782 above threshold of 100.000000
2021-07-14 12:05:45.200 T:5025 DEBUG : DatabaseUtils::GetSortFieldList: unknown field 36
2021-07-14 12:05:45.292 T:5473 DEBUG : CVideoPlayerVideo::OutputPicture - ttd:268ms pts:1.043 Clock:0.774 Level:2
2021-07-14 12:05:45.293 T:5473 DEBUG : CVideoPlayerVideo::OutputPicture - ttd:308ms pts:1.084 Clock:0.776 Level:3
2021-07-14 12:05:45.295 T:5470 DEBUG : CVideoPlayer::ProcessVideoData size:61210 dts:9.259 pts:9.426 dur:41.000ms, clock:0.777 level:90
2021-07-14 12:05:45.296 T:5470 DEBUG : CVideoPlayer::ProcessVideoData size:61217 dts:9.301 pts:9.343 dur:41.000ms, clock:0.778 level:90
2021-07-14 12:05:45.296 T:5470 DEBUG : CVideoPlayer::ProcessVideoData size:5178 dts:9.343 pts:9.384 dur:41.000ms, clock:0.778 level:91
2021-07-14 12:05:45.337 T:5473 DEBUG : CVideoPlayerVideo::OutputPicture - ttd:307ms pts:1.126 Clock:0.819 Level:3
2021-07-14 12:05:45.338 T:5473 DEBUG : CVideoPlayerVideo::OutputPicture - ttd:347ms pts:1.168 Clock:0.820 Level:4
2021-07-14 12:05:45.345 T:4956 DEBUG : ActiveAE::SyncStream - average error 24.867782, last average error: 216.867782
2021-07-14 12:05:45.445 T:4956 DEBUG : ActiveAE::SyncStream - average error of 31.973410, start adjusting
2021-07-14 12:05:45.445 T:4956 DEBUG : ActiveAE::SyncStream - average error 0.973410 below threshold of 30.000000
2021-07-14 12:05:45.460 T:5473 DEBUG : CVideoPlayerVideo::OutputPicture - ttd:268ms pts:1.210 Clock:0.942 Level:2
2021-07-14 12:05:45.461 T:5473 DEBUG : CVideoPlayerVideo::OutputPicture - ttd:308ms pts:1.251 Clock:0.943 Level:3
2021-07-14 12:05:45.504 T:5473 DEBUG : CVideoPlayerVideo::OutputPicture - ttd:306ms pts:1.293 Clock:0.986 Level:3
2021-07-14 12:05:45.541 T:5473 DEBUG : CVideoPlayerVideo::OutputPicture - ttd:311ms pts:1.335 Clock:1.024 Level:3
2021-07-14 12:05:45.543 T:5473 DEBUG : CVideoPlayerVideo::OutputPicture - ttd:351ms pts:1.376 Clock:1.025 Level:4
2021-07-14 12:05:45.628 T:5473 DEBUG : CVideoPlayerVideo::OutputPicture - ttd:308ms pts:1.418 Clock:1.110 Level:3
2021-07-14 12:05:45.671 T:5473 DEBUG : CVideoPlayerVideo::OutputPicture - ttd:306ms pts:1.460 Clock:1.153 Level:3
2021-07-14 12:05:45.672 T:5473 DEBUG : CVideoPlayerVideo::OutputPicture - ttd:346ms pts:1.501 Clock:1.154 Level:4
2021-07-14 12:05:45.751 T:5470 DEBUG : CVideoPlayer::ProcessVideoData size:125581 dts:9.384 pts:9.593 dur:41.000ms, clock:1.233 level:85
2021-07-14 12:05:45.752 T:5470 DEBUG : CVideoPlayer::ProcessVideoData size:36246 dts:9.426 pts:9.509 dur:41.000ms, clock:1.234 level:86
2021-07-14 12:05:45.752 T:5470 DEBUG : CVideoPlayer::ProcessVideoData size:14825 dts:9.468 pts:9.468 dur:41.000ms, clock:1.234 level:87
2021-07-14 12:05:45.752 T:5470 DEBUG : CVideoPlayer::ProcessVideoData size:14381 dts:9.509 pts:9.551 dur:41.000ms, clock:1.234 level:87
2021-07-14 12:05:45.753 T:5470 DEBUG : CVideoPlayer::ProcessVideoData size:75918 dts:9.551 pts:9.801 dur:41.000ms, clock:1.235 level:88
2021-07-14 12:05:45.753 T:5470 DEBUG : CVideoPlayer::ProcessVideoData size:15474 dts:9.593 pts:9.676 dur:41.000ms, clock:1.235 level:88
2021-07-14 12:05:45.753 T:5470 DEBUG : CVideoPlayer::ProcessVideoData size:7207 dts:9.635 pts:9.635 dur:41.000ms, clock:1.235 level:89
2021-07-14 12:05:45.753 T:5470 DEBUG : CVideoPlayer::ProcessVideoData size:5681 dts:9.676 pts:9.718 dur:41.000ms, clock:1.236 level:89
2021-07-14 12:05:45.753 T:5470 DEBUG : CVideoPlayer::ProcessVideoData size:5231 dts:9.718 pts:9.760 dur:41.000ms, clock:1.236 level:90
2021-07-14 12:05:45.755 T:5473 DEBUG : CVideoPlayerVideo::OutputPicture - ttd:306ms pts:1.543 Clock:1.237 Level:3
2021-07-14 12:05:45.756 T:5473 DEBUG : CVideoPlayerVideo::OutputPicture - ttd:346ms pts:1.585 Clock:1.238 Level:4
2021-07-14 12:05:45.877 T:5473 DEBUG : CVideoPlayerVideo::OutputPicture - ttd:267ms pts:1.627 Clock:1.359 Level:2
2021-07-14 12:05:45.878 T:5473 DEBUG : CVideoPlayerVideo::OutputPicture - ttd:307ms pts:1.668 Clock:1.361 Level:3
2021-07-14 12:05:45.922 T:5473 DEBUG : CVideoPlayerVideo::OutputPicture - ttd:306ms pts:1.710 Clock:1.404 Level:3
2021-07-14 12:05:45.923 T:5473 DEBUG : CVideoPlayerVideo::OutputPicture - ttd:346ms pts:1.752 Clock:1.405 Level:4
2021-07-14 12:05:45.946 T:5470 DEBUG : CVideoPlayer::ProcessVideoData size:54376 dts:9.760 pts:9.927 dur:41.000ms, clock:1.428 level:88
2021-07-14 12:05:45.946 T:5470 DEBUG : CVideoPlayer::ProcessVideoData size:9741 dts:9.801 pts:9.843 dur:41.000ms, clock:1.428 level:88
2021-07-14 12:05:45.946 T:5470 DEBUG : CVideoPlayer::ProcessVideoData size:4039 dts:9.843 pts:9.885 dur:41.000ms, clock:1.429 level:89
2021-07-14 12:05:45.947 T:5470 DEBUG : CVideoPlayer::ProcessVideoData size:14625 dts:9.885 pts:9.968 dur:41.000ms, clock:1.429 level:89
2021-07-14 12:05:45.948 T:5470 DEBUG : CVideoPlayer::ProcessVideoData size:261309 dts:9.927 pts:10.010 dur:41.000ms, clock:1.430 level:90
2021-07-14 12:05:46.046 T:5473 DEBUG : CVideoPlayerVideo::OutputPicture - ttd:265ms pts:1.793 Clock:1.528 Level:2
2021-07-14 12:05:46.047 T:5473 DEBUG : CVideoPlayerVideo::OutputPicture - ttd:305ms pts:1.835 Clock:1.529 Level:3
2021-07-14 12:05:46.090 T:5473 DEBUG : CVideoPlayerVideo::OutputPicture - ttd:304ms pts:1.877 Clock:1.572 Level:3
2021-07-14 12:05:46.091 T:5473 DEBUG : CVideoPlayerVideo::OutputPicture - ttd:345ms pts:1.919 Clock:1.574 Level:4
2021-07-14 12:05:46.201 T:5470 DEBUG : CVideoPlayer::ProcessVideoData size:38721 dts:9.968 pts:10.052 dur:41.000ms, clock:1.684 level:87
2021-07-14 12:05:46.202 T:5470 DEBUG : CVideoPlayer::ProcessVideoData size:50143 dts:10.010 pts:10.177 dur:41.000ms, clock:1.684 level:88
2021-07-14 12:05:46.202 T:5470 DEBUG : CVideoPlayer::ProcessVideoData size:33512 dts:10.052 pts:10.093 dur:41.000ms, clock:1.684 level:88
2021-07-14 12:05:46.202 T:5470 DEBUG : CVideoPlayer::ProcessVideoData size:5489 dts:10.093 pts:10.135 dur:41.000ms, clock:1.685 level:89
2021-07-14 12:05:46.203 T:5470 DEBUG : CVideoPlayer::ProcessVideoData size:41917 dts:10.135 pts:10.260 dur:41.000ms, clock:1.685 level:89
2021-07-14 12:05:46.203 T:5470 DEBUG : CVideoPlayer::ProcessVideoData size:3315 dts:10.177 pts:10.219 dur:41.000ms, clock:1.685 level:90
2021-07-14 12:05:46.213 T:5473 DEBUG : CVideoPlayerVideo::OutputPicture - ttd:265ms pts:1.960 Clock:1.695 Level:2
2021-07-14 12:05:46.214 T:5473 DEBUG : CVideoPlayerVideo::OutputPicture - ttd:305ms pts:2.002 Clock:1.696 Level:3
2021-07-14 12:05:46.251 T:5473 DEBUG : CVideoPlayerVideo::OutputPicture - ttd:310ms pts:2.044 Clock:1.733 Level:4
2021-07-14 12:05:46.295 T:5473 DEBUG : CVideoPlayerVideo::OutputPicture - ttd:307ms pts:2.085 Clock:1.777 Level:3
2021-07-14 12:05:46.296 T:5473 DEBUG : CVideoPlayerVideo::OutputPicture - ttd:348ms pts:2.127 Clock:1.778 Level:4
2021-07-14 12:05:46.418 T:5473 DEBUG : CVideoPlayerVideo::OutputPicture - ttd:268ms pts:2.169 Clock:1.900 Level:2
2021-07-14 12:05:46.420 T:5473 DEBUG : CVideoPlayerVideo::OutputPicture - ttd:309ms pts:2.211 Clock:1.902 Level:3
2021-07-14 12:05:46.446 T:5470 DEBUG : CVideoPlayer::ProcessVideoData size:49753 dts:10.219 pts:10.469 dur:41.000ms, clock:1.929 level:87
2021-07-14 12:05:46.447 T:5470 DEBUG : CVideoPlayer::ProcessVideoData size:34041 dts:10.260 pts:10.344 dur:41.000ms, clock:1.929 level:88
2021-07-14 12:05:46.447 T:5470 DEBUG : CVideoPlayer::ProcessVideoData size:8163 dts:10.302 pts:10.302 dur:41.000ms, clock:1.929 level:88
2021-07-14 12:05:46.448 T:5470 DEBUG : CVideoPlayer::ProcessVideoData size:36074 dts:10.344 pts:10.385 dur:41.000ms, clock:1.930 level:89
2021-07-14 12:05:46.448 T:5470 DEBUG : CVideoPlayer::ProcessVideoData size:11443 dts:10.385 pts:10.427 dur:41.000ms, clock:1.930 level:89
2021-07-14 12:05:46.463 T:5473 DEBUG : CVideoPlayerVideo::OutputPicture - ttd:306ms pts:2.252 Clock:1.945 Level:3
2021-07-14 12:05:46.506 T:5473 DEBUG : CVideoPlayerVideo::OutputPicture - ttd:305ms pts:2.294 Clock:1.988 Level:3
2021-07-14 12:05:46.507 T:5473 DEBUG : CVideoPlayerVideo::OutputPicture - ttd:346ms pts:2.336 Clock:1.990 Level:4
2021-07-14 12:05:46.630 T:5473 DEBUG : CVideoPlayerVideo::OutputPicture - ttd:265ms pts:2.377 Clock:2.112 Level:2
2021-07-14 12:05:46.631 T:5473 DEBUG : CVideoPlayerVideo::OutputPicture - ttd:305ms pts:2.419 Clock:2.113 Level:3
2021-07-14 12:05:46.668 T:5473 DEBUG : CVideoPlayerVideo::OutputPicture - ttd:310ms pts:2.461 Clock:2.150 Level:3
2021-07-14 12:05:46.669 T:5473 DEBUG : CVideoPlayerVideo::OutputPicture - ttd:350ms pts:2.502 Clock:2.151 Level:4
2021-07-14 12:05:46.701 T:5470 DEBUG : CVideoPlayer::ProcessVideoData size:55860 dts:10.427 pts:10.594 dur:41.000ms, clock:2.183 level:87
2021-07-14 12:05:46.702 T:5470 DEBUG : CVideoPlayer::ProcessVideoData size:22397 dts:10.469 pts:10.510 dur:41.000ms, clock:2.184 level:87
2021-07-14 12:05:46.703 T:5470 DEBUG : CVideoPlayer::ProcessVideoData size:38402 dts:10.510 pts:10.552 dur:41.000ms, clock:2.186 level:88
2021-07-14 12:05:46.705 T:5470 DEBUG : CVideoPlayer::ProcessVideoData size:63849 dts:10.552 pts:10.719 dur:41.000ms, clock:2.187 level:88
2021-07-14 12:05:46.705 T:5470 DEBUG : CVideoPlayer::ProcessVideoData size:24271 dts:10.594 pts:10.636 dur:41.000ms, clock:2.187 level:89
2021-07-14 12:05:46.706 T:5470 DEBUG : CVideoPlayer::ProcessVideoData size:7122 dts:10.636 pts:10.677 dur:41.000ms, clock:2.188 level:89
2021-07-14 12:05:46.708 T:5470 DEBUG : CVideoPlayer::ProcessVideoData size:39250 dts:10.677 pts:10.761 dur:41.000ms, clock:2.190 level:90
2021-07-14 12:05:46.798 T:5473 DEBUG : CVideoPlayerVideo::OutputPicture - ttd:263ms pts:2.544 Clock:2.280 Level:2
2021-07-14 12:05:46.799 T:5473 DEBUG : CVideoPlayerVideo::OutputPicture - ttd:304ms pts:2.586 Clock:2.281 Level:3
2021-07-14 12:05:46.837 T:5473 DEBUG : CVideoPlayerVideo::OutputPicture - ttd:309ms pts:2.628 Clock:2.319 Level:3
2021-07-14 12:05:46.880 T:5473 DEBUG : CVideoPlayerVideo::OutputPicture - ttd:306ms pts:2.669 Clock:2.362 Level:3
2021-07-14 12:05:46.881 T:5473 DEBUG : CVideoPlayerVideo::OutputPicture - ttd:347ms pts:2.711 Clock:2.363 Level:4
2021-07-14 12:05:47.002 T:5470 DEBUG : CVideoPlayer::ProcessVideoData size:40462 dts:10.719 pts:10.928 dur:41.000ms, clock:2.484 level:87
2021-07-14 12:05:47.002 T:5470 DEBUG : CVideoPlayer::ProcessVideoData size:27636 dts:10.761 pts:10.844 dur:41.000ms, clock:2.485 level:87
2021-07-14 12:05:47.003 T:5470 DEBUG : CVideoPlayer::ProcessVideoData size:11946 dts:10.802 pts:10.802 dur:41.000ms, clock:2.485 level:88
2021-07-14 12:05:47.003 T:5470 DEBUG : CVideoPlayer::ProcessVideoData size:5792 dts:10.844 pts:10.886 dur:41.000ms, clock:2.485 level:88
2021-07-14 12:05:47.004 T:5473 DEBUG : CVideoPlayerVideo::OutputPicture - ttd:266ms pts:2.753 Clock:2.486 Level:2
2021-07-14 12:05:47.006 T:5473 DEBUG : CVideoPlayerVideo::OutputPicture - ttd:306ms pts:2.794 Clock:2.488 Level:3
2021-07-14 12:05:47.043 T:5473 DEBUG : CVideoPlayerVideo::OutputPicture - ttd:310ms pts:2.836 Clock:2.525 Level:3
2021-07-14 12:05:47.087 T:5473 DEBUG : CVideoPlayerVideo::OutputPicture - ttd:309ms pts:2.878 Clock:2.569 Level:3
2021-07-14 12:05:47.088 T:5473 DEBUG : CVideoPlayerVideo::OutputPicture - ttd:349ms pts:2.920 Clock:2.570 Level:4
2021-07-14 12:05:47.216 T:5473 DEBUG : CVideoPlayerVideo::OutputPicture - ttd:263ms pts:2.961 Clock:2.698 Level:2
2021-07-14 12:05:47.217 T:5473 DEBUG : CVideoPlayerVideo::OutputPicture - ttd:303ms pts:3.003 Clock:2.699 Level:3
2021-07-14 12:05:47.247 T:5470 DEBUG : CVideoPlayer::ProcessVideoData size:92983 dts:10.886 pts:11.136 dur:41.000ms, clock:2.729 level:85
2021-07-14 12:05:47.247 T:5470 DEBUG : CVideoPlayer::ProcessVideoData size:19128 dts:10.928 pts:11.011 dur:41.000ms, clock:2.729 level:86
2021-07-14 12:05:47.248 T:5470 DEBUG : CVideoPlayer::ProcessVideoData size:20176 dts:10.969 pts:10.969 dur:41.000ms, clock:2.730 level:87
2021-07-14 12:05:47.248 T:5470 DEBUG : CVideoPlayer::ProcessVideoData size:8131 dts:11.011 pts:11.053 dur:41.000ms, clock:2.730 level:87
2021-07-14 12:05:47.249 T:5470 DEBUG : CVideoPlayer::ProcessVideoData size:46066 dts:11.053 pts:11.094 dur:41.000ms, clock:2.731 level:88
2021-07-14 12:05:47.250 T:5470 DEBUG : CVideoPlayer::ProcessVideoData size:67130 dts:11.094 pts:11.178 dur:41.000ms, clock:2.732 level:88
2021-07-14 12:05:47.250 T:5470 DEBUG : CVideoPlayer::ProcessVideoData size:54674 dts:11.136 pts:11.220 dur:41.000ms, clock:2.733 level:89
2021-07-14 12:05:47.251 T:5470 DEBUG : CVideoPlayer::ProcessVideoData size:41321 dts:11.178 pts:11.261 dur:41.000ms, clock:2.733 level:89
2021-07-14 12:05:47.253 T:5473 DEBUG : CVideoPlayerVideo::OutputPicture - ttd:310ms pts:3.045 Clock:2.735 Level:3
2021-07-14 12:05:47.296 T:5473 DEBUG : CVideoPlayerVideo::OutputPicture - ttd:307ms pts:3.086 Clock:2.779 Level:3
2021-07-14 12:05:47.298 T:5473 DEBUG : CVideoPlayerVideo::OutputPicture - ttd:348ms pts:3.128 Clock:2.780 Level:4
2021-07-14 12:05:47.353 T:5470 DEBUG : CVideoPlayer::ProcessVideoData size:89757 dts:11.220 pts:11.303 dur:41.000ms, clock:2.835 level:88
2021-07-14 12:05:47.354 T:5470 DEBUG : CVideoPlayer::ProcessVideoData size:34044 dts:11.261 pts:11.345 dur:41.000ms, clock:2.836 level:89
2021-07-14 12:05:47.354 T:5470 DEBUG : CVideoPlayer::ProcessVideoData size:114721 dts:11.303 pts:11.386 dur:41.000ms, clock:2.836 level:89
2021-07-14 12:05:47.420 T:5473 DEBUG : CVideoPlayerVideo::OutputPicture - ttd:267ms pts:3.170 Clock:2.902 Level:2
2021-07-14 12:05:47.421 T:5473 DEBUG : CVideoPlayerVideo::OutputPicture - ttd:308ms pts:3.212 Clock:2.903 Level:3
2021-07-14 12:05:47.465 T:5473 DEBUG : CVideoPlayerVideo::OutputPicture - ttd:306ms pts:3.253 Clock:2.947 Level:3
2021-07-14 12:05:47.508 T:5473 DEBUG : CVideoPlayerVideo::OutputPicture - ttd:304ms pts:3.295 Clock:2.991 Level:3
2021-07-14 12:05:47.510 T:5473 DEBUG : CVideoPlayerVideo::OutputPicture - ttd:345ms pts:3.337 Clock:2.992 Level:4
2021-07-14 12:05:47.599 T:5470 DEBUG : CVideoPlayer::ProcessVideoData size:98424 dts:11.345 pts:11.553 dur:41.000ms, clock:3.081 level:87
2021-07-14 12:05:47.600 T:5470 DEBUG : CVideoPlayer::ProcessVideoData size:75370 dts:11.386 pts:11.470 dur:41.000ms, clock:3.082 level:87
2021-07-14 12:05:47.600 T:5470 DEBUG : CVideoPlayer::ProcessVideoData size:61995 dts:11.428 pts:11.428 dur:41.000ms, clock:3.082 level:88
2021-07-14 12:05:47.601 T:5470 DEBUG : CVideoPlayer::ProcessVideoData size:62967 dts:11.470 pts:11.511 dur:41.000ms, clock:3.083 level:88
2021-07-14 12:05:47.627 T:5473 DEBUG : CVideoPlayerVideo::OutputPicture - ttd:268ms pts:3.378 Clock:3.109 Level:2
2021-07-14 12:05:47.628 T:5473 DEBUG : CVideoPlayerVideo::OutputPicture - ttd:309ms pts:3.420 Clock:3.111 Level:3
2021-07-14 12:05:47.672 T:5473 DEBUG : CVideoPlayerVideo::OutputPicture - ttd:307ms pts:3.462 Clock:3.154 Level:3
2021-07-14 12:05:47.673 T:5473 DEBUG : CVideoPlayerVideo::OutputPicture - ttd:347ms pts:3.503 Clock:3.155 Level:4
2021-07-14 12:05:47.753 T:5473 DEBUG : CVideoPlayerVideo::OutputPicture - ttd:310ms pts:3.545 Clock:3.235 Level:3
2021-07-14 12:05:47.796 T:5473 DEBUG : CVideoPlayerVideo::OutputPicture - ttd:308ms pts:3.587 Clock:3.279 Level:3
2021-07-14 12:05:47.798 T:5473 DEBUG : CVideoPlayerVideo::OutputPicture - ttd:349ms pts:3.629 Clock:3.280 Level:4
2021-07-14 12:05:47.855 T:5470 DEBUG : CVideoPlayer::ProcessVideoData size:106730 dts:11.511 pts:11.762 dur:41.000ms, clock:3.337 level:85
2021-07-14 12:05:47.856 T:5470 DEBUG : CVideoPlayer::ProcessVideoData size:89372 dts:11.553 pts:11.637 dur:41.000ms, clock:3.338 level:86
2021-07-14 12:05:47.856 T:5470 DEBUG : CVideoPlayer::ProcessVideoData size:67169 dts:11.595 pts:11.595 dur:41.000ms, clock:3.338 level:87
2021-07-14 12:05:47.857 T:5470 DEBUG : CVideoPlayer::ProcessVideoData size:66647 dts:11.637 pts:11.678 dur:41.000ms, clock:3.339 level:87
2021-07-14 12:05:47.857 T:5470 DEBUG : CVideoPlayer::ProcessVideoData size:63989 dts:11.678 pts:11.720 dur:41.000ms, clock:3.339 level:88
2021-07-14 12:05:47.920 T:5473 DEBUG : CVideoPlayerVideo::OutputPicture - ttd:267ms pts:3.670 Clock:3.402 Level:2
2021-07-14 12:05:47.921 T:5473 DEBUG : CVideoPlayerVideo::OutputPicture - ttd:308ms pts:3.712 Clock:3.404 Level:3
2021-07-14 12:05:47.965 T:5473 DEBUG : CVideoPlayerVideo::OutputPicture - ttd:306ms pts:3.754 Clock:3.447 Level:3
2021-07-14 12:05:48.008 T:5473 DEBUG : CVideoPlayerVideo::OutputPicture - ttd:304ms pts:3.795 Clock:3.490 Level:3
2021-07-14 12:05:48.010 T:5473 DEBUG : CVideoPlayerVideo::OutputPicture - ttd:345ms pts:3.837 Clock:3.492 Level:4
2021-07-14 12:05:48.101 T:5470 DEBUG : CVideoPlayer::ProcessVideoData size:61734 dts:11.720 pts:11.970 dur:41.000ms, clock:3.583 level:85
2021-07-14 12:05:48.101 T:5470 DEBUG : CVideoPlayer::ProcessVideoData size:50872 dts:11.762 pts:11.845 dur:41.000ms, clock:3.584 level:85
2021-07-14 12:05:48.102 T:5470 DEBUG : CVideoPlayer::ProcessVideoData size:42220 dts:11.803 pts:11.803 dur:41.000ms, clock:3.584 level:86
2021-07-14 12:05:48.102 T:5470 DEBUG : CVideoPlayer::ProcessVideoData size:44433 dts:11.845 pts:11.887 dur:41.000ms, clock:3.585 level:87
2021-07-14 12:05:48.103 T:5470 DEBUG : CVideoPlayer::ProcessVideoData size:47036 dts:11.887 pts:11.929 dur:41.000ms, clock:3.585 level:87
2021-07-14 12:05:48.131 T:5473 DEBUG : CVideoPlayerVideo::OutputPicture - ttd:265ms pts:3.879 Clock:3.613 Level:2
2021-07-14 12:05:48.133 T:5473 DEBUG : CVideoPlayerVideo::OutputPicture - ttd:306ms pts:3.921 Clock:3.615 Level:3
2021-07-14 12:05:48.173 T:5473 DEBUG : CVideoPlayerVideo::OutputPicture - ttd:307ms pts:3.962 Clock:3.655 Level:3
2021-07-14 12:05:48.216 T:5473 DEBUG : CVideoPlayerVideo::OutputPicture - ttd:305ms pts:4.004 Clock:3.698 Level:3
2021-07-14 12:05:48.217 T:5473 DEBUG : CVideoPlayerVideo::OutputPicture - ttd:346ms pts:4.046 Clock:3.700 Level:4
2021-07-14 12:05:48.255 T:5473 DEBUG : CVideoPlayerVideo::OutputPicture - ttd:350ms pts:4.087 Clock:3.737 Level:4
2021-07-14 12:05:48.340 T:5473 DEBUG : CVideoPlayerVideo::OutputPicture - ttd:306ms pts:4.129 Clock:3.822 Level:3
2021-07-14 12:05:48.347 T:5470 DEBUG : CVideoPlayer::ProcessVideoData size:27005 dts:11.929 pts:12.179 dur:41.000ms, clock:3.829 level:85
2021-07-14 12:05:48.347 T:5470 DEBUG : CVideoPlayer::ProcessVideoData size:12950 dts:11.970 pts:12.054 dur:41.000ms, clock:3.829 level:85
2021-07-14 12:05:48.347 T:5470 DEBUG : CVideoPlayer::ProcessVideoData size:6238 dts:12.012 pts:12.012 dur:41.000ms, clock:3.829 level:86
2021-07-14 12:05:48.347 T:5470 DEBUG : CVideoPlayer::ProcessVideoData size:8683 dts:12.054 pts:12.095 dur:41.000ms, clock:3.829 level:87
2021-07-14 12:05:48.348 T:5470 DEBUG : CVideoPlayer::ProcessVideoData size:8868 dts:12.095 pts:12.137 dur:41.000ms, clock:3.830 level:87
2021-07-14 12:05:48.348 T:5470 DEBUG : CVideoPlayer::ProcessVideoData size:22148 dts:12.137 pts:12.346 dur:41.000ms, clock:3.830 level:87
2021-07-14 12:05:48.348 T:5470 DEBUG : CVideoPlayer::ProcessVideoData size:12409 dts:12.179 pts:12.262 dur:41.000ms, clock:3.830 level:88
2021-07-14 12:05:48.349 T:5470 DEBUG : CVideoPlayer::ProcessVideoData size:6853 dts:12.221 pts:12.221 dur:41.000ms, clock:3.831 level:88
2021-07-14 12:05:48.349 T:5470 DEBUG : CVideoPlayer::ProcessVideoData size:7184 dts:12.262 pts:12.304 dur:41.000ms, clock:3.831 level:89
2021-07-14 12:05:48.379 T:5473 DEBUG : CVideoPlayerVideo::OutputPicture - ttd:310ms pts:4.171 Clock:3.861 Level:3
2021-07-14 12:05:48.380 T:5473 DEBUG : CVideoPlayerVideo::OutputPicture - ttd:350ms pts:4.213 Clock:3.862 Level:4
2021-07-14 12:05:48.423 T:5473 DEBUG : CVideoPlayerVideo::OutputPicture - ttd:348ms pts:4.254 Clock:3.906 Level:4
2021-07-14 12:05:48.545 T:5473 DEBUG : CVideoPlayerVideo::OutputPicture - ttd:268ms pts:4.296 Clock:4.027 Level:2
2021-07-14 12:05:48.546 T:5473 DEBUG : CVideoPlayerVideo::OutputPicture - ttd:309ms pts:4.338 Clock:4.028 Level:3
2021-07-14 12:05:48.589 T:5473 DEBUG : CVideoPlayerVideo::OutputPicture - ttd:307ms pts:4.379 Clock:4.072 Level:3
2021-07-14 12:05:48.602 T:5470 DEBUG : CVideoPlayer::ProcessVideoData size:27887 dts:12.304 pts:12.554 dur:41.000ms, clock:4.084 level:86
2021-07-14 12:05:48.602 T:5470 DEBUG : CVideoPlayer::ProcessVideoData size:13260 dts:12.346 pts:12.429 dur:41.000ms, clock:4.084 level:87
2021-07-14 12:05:48.602 T:5470 DEBUG : CVideoPlayer::ProcessVideoData size:7152 dts:12.387 pts:12.387 dur:41.000ms, clock:4.085 level:87
2021-07-14 12:05:48.603 T:5470 DEBUG : CVideoPlayer::ProcessVideoData size:7615 dts:12.429 pts:12.471 dur:41.000ms, clock:4.085 level:88
2021-07-14 12:05:48.603 T:5470 DEBUG : CVideoPlayer::ProcessVideoData size:7575 dts:12.471 pts:12.512 dur:41.000ms, clock:4.085 level:88
2021-07-14 12:05:48.629 T:5473 DEBUG : CVideoPlayerVideo::OutputPicture - ttd:309ms pts:4.421 Clock:4.111 Level:3
2021-07-14 12:05:48.630 T:5473 DEBUG : CVideoPlayerVideo::OutputPicture - ttd:350ms pts:4.463 Clock:4.112 Level:4
2021-07-14 12:05:48.716 T:5473 DEBUG : CVideoPlayerVideo::OutputPicture - ttd:306ms pts:4.504 Clock:4.198 Level:3
2021-07-14 12:05:48.753 T:5473 DEBUG : CVideoPlayerVideo::OutputPicture - ttd:310ms pts:4.546 Clock:4.235 Level:3
2021-07-14 12:05:48.754 T:5473 DEBUG : CVideoPlayerVideo::OutputPicture - ttd:351ms pts:4.588 Clock:4.236 Level:4
2021-07-14 12:05:48.840 T:5473 DEBUG : CVideoPlayerVideo::OutputPicture - ttd:308ms pts:4.630 Clock:4.322 Level:3
2021-07-14 12:05:48.846 T:5470 DEBUG : CVideoPlayer::ProcessVideoData size:56467 dts:12.512 pts:12.721 dur:41.000ms, clock:4.328 level:86
2021-07-14 12:05:48.847 T:5470 DEBUG : CVideoPlayer::ProcessVideoData size:17358 dts:12.554 pts:12.638 dur:41.000ms, clock:4.329 level:87
2021-07-14 12:05:48.847 T:5470 DEBUG : CVideoPlayer::ProcessVideoData size:11780 dts:12.596 pts:12.596 dur:41.000ms, clock:4.329 level:87
2021-07-14 12:05:48.847 T:5470 DEBUG : CVideoPlayer::ProcessVideoData size:12213 dts:12.638 pts:12.679 dur:41.000ms, clock:4.329 level:88
2021-07-14 12:05:48.848 T:5470 DEBUG : CVideoPlayer::ProcessVideoData size:76812 dts:12.679 pts:12.930 dur:41.000ms, clock:4.330 level:88
2021-07-14 12:05:48.848 T:5470 DEBUG : CVideoPlayer::ProcessVideoData size:47680 dts:12.721 pts:12.804 dur:41.000ms, clock:4.330 level:89
2021-07-14 12:05:48.849 T:5470 DEBUG : CVideoPlayer::ProcessVideoData size:37117 dts:12.763 pts:12.763 dur:41.000ms, clock:4.331 level:89
2021-07-14 12:05:48.849 T:5470 DEBUG : CVideoPlayer::ProcessVideoData size:37595 dts:12.804 pts:12.846 dur:41.000ms, clock:4.331 level:90
2021-07-14 12:05:48.849 T:5470 DEBUG : CVideoPlayer::ProcessVideoData size:38288 dts:12.846 pts:12.888 dur:41.000ms, clock:4.331 level:90
2021-07-14 12:05:48.881 T:5473 DEBUG : CVideoPlayerVideo::OutputPicture - ttd:307ms pts:4.671 Clock:4.363 Level:3
2021-07-14 12:05:48.882 T:5473 DEBUG : CVideoPlayerVideo::OutputPicture - ttd:348ms pts:4.713 Clock:4.364 Level:4
2021-07-14 12:05:48.968 T:5473 DEBUG : CVideoPlayerVideo::OutputPicture - ttd:305ms pts:4.755 Clock:4.450 Level:3
2021-07-14 12:05:49.005 T:5473 DEBUG : CVideoPlayerVideo::OutputPicture - ttd:308ms pts:4.796 Clock:4.487 Level:3
2021-07-14 12:05:49.006 T:5473 DEBUG : CVideoPlayerVideo::OutputPicture - ttd:349ms pts:4.838 Clock:4.488 Level:4
2021-07-14 12:05:49.092 T:5473 DEBUG : CVideoPlayerVideo::OutputPicture - ttd:306ms pts:4.880 Clock:4.574 Level:3
2021-07-14 12:05:49.135 T:5473 DEBUG : CVideoPlayerVideo::OutputPicture - ttd:304ms pts:4.922 Clock:4.617 Level:3
2021-07-14 12:05:49.136 T:5473 DEBUG : CVideoPlayerVideo::OutputPicture - ttd:344ms pts:4.963 Clock:4.619 Level:4
2021-07-14 12:05:49.153 T:5470 DEBUG : CVideoPlayer::ProcessVideoData size:83835 dts:12.888 pts:13.138 dur:41.000ms, clock:4.636 level:87
2021-07-14 12:05:49.154 T:5470 DEBUG : CVideoPlayer::ProcessVideoData size:67318 dts:12.930 pts:13.013 dur:41.000ms, clock:4.636 level:87
2021-07-14 12:05:49.155 T:5470 DEBUG : CVideoPlayer::ProcessVideoData size:52187 dts:12.971 pts:12.971 dur:41.000ms, clock:4.637 level:88
2021-07-14 12:05:49.155 T:5470 DEBUG : CVideoPlayer::ProcessVideoData size:53048 dts:13.013 pts:13.055 dur:41.000ms, clock:4.637 level:88
2021-07-14 12:05:49.156 T:5470 DEBUG : CVideoPlayer::ProcessVideoData size:53717 dts:13.055 pts:13.096 dur:41.000ms, clock:4.638 level:89
2021-07-14 12:05:49.185 T:5490 DEBUG : DEBUG: EMBY.core.HTTP: --->[ http ] { "params": { "ItemId": "13111", "MediaSourceId": "e1709acbe4dc426f9331c89658d66d0b", "PositionTicks": 45130000, "RunTimeTicks": 15700220947, "CanSeek": true, "QueueableMediaTypes": "Video,Audio", "VolumeLevel": 100, "IsPaused": false, "IsMuted": false, "PlaySessionId": "ea28b4a20e4946418ae1ade46cba16f5" }, "type": "POST", "url": "http://192.168.1.10:8096/emby/Sessions/Playing/Progress", "headers": { "Content-type": "application/json", "Accept-Charset": "UTF-8,*", "Accept-encoding": "gzip", "User-Agent": "Emby-Kodi/5.3.2", "Authorization": "Emby Client=Kodi, Device=Kodi (CoreELEC), DeviceId=C86BFD09CCFB4585AC3E449D31D74819, Version=5.3.2, UserId=de8aeadec54b4fa28d3772ebcf026587", "X-Emby-Token": "9cd631b3e7914b5d8ed6207750cefae7" }, "timeout": 30, "verify": true }
2021-07-14 12:05:49.200 T:5490 DEBUG : DEBUG: EMBY.core.HTTP: ---<[ http ][8 ms]
2021-07-14 12:05:49.296 T:5473 DEBUG : CVideoPlayerVideo::OutputPicture - ttd:226ms pts:5.005 Clock:4.778 Level:1
2021-07-14 12:05:49.297 T:5473 DEBUG : CPtsTracker: detected pattern of length 1: 41708.33, frameduration: 41708.333333
2021-07-14 12:05:49.297 T:5473 DEBUG : CVideoPlayerVideo::OutputPicture - ttd:267ms pts:5.047 Clock:4.780 Level:2
2021-07-14 12:05:49.299 T:5473 DEBUG : CVideoPlayerVideo::OutputPicture - ttd:307ms pts:5.088 Clock:4.781 Level:3
2021-07-14 12:05:49.342 T:5473 DEBUG : CVideoPlayerVideo::OutputPicture - ttd:305ms pts:5.130 Clock:4.824 Level:3
2021-07-14 12:05:49.379 T:5473 DEBUG : CVideoPlayerVideo::OutputPicture - ttd:310ms pts:5.172 Clock:4.861 Level:3
2021-07-14 12:05:49.381 T:5473 DEBUG : CVideoPlayerVideo::OutputPicture - ttd:351ms pts:5.214 Clock:4.863 Level:4
2021-07-14 12:05:49.399 T:5470 DEBUG : CVideoPlayer::ProcessVideoData size:64370 dts:13.096 pts:13.347 dur:41.000ms, clock:4.881 level:86
2021-07-14 12:05:49.400 T:5470 DEBUG : CVideoPlayer::ProcessVideoData size:57170 dts:13.138 pts:13.222 dur:41.000ms, clock:4.882 level:87
2021-07-14 12:05:49.400 T:5470 DEBUG : CVideoPlayer::ProcessVideoData size:44053 dts:13.180 pts:13.180 dur:41.000ms, clock:4.882 level:87
2021-07-14 12:05:49.401 T:5470 DEBUG : CVideoPlayer::ProcessVideoData size:43639 dts:13.222 pts:13.263 dur:41.000ms, clock:4.883 level:88
2021-07-14 12:05:49.401 T:5470 DEBUG : CVideoPlayer::ProcessVideoData size:45391 dts:13.263 pts:13.305 dur:41.000ms, clock:4.883 level:88
2021-07-14 12:05:49.401 T:5470 DEBUG : CVideoPlayer::ProcessVideoData size:35982 dts:13.305 pts:13.472 dur:41.000ms, clock:4.884 level:89
2021-07-14 12:05:49.402 T:5470 DEBUG : CVideoPlayer::ProcessVideoData size:31998 dts:13.347 pts:13.388 dur:41.000ms, clock:4.884 level:89
2021-07-14 12:05:49.402 T:5470 DEBUG : CVideoPlayer::ProcessVideoData size:32181 dts:13.388 pts:13.430 dur:41.000ms, clock:4.884 level:90
2021-07-14 12:05:49.505 T:5473 DEBUG : CVideoPlayerVideo::OutputPicture - ttd:267ms pts:5.255 Clock:4.987 Level:2
2021-07-14 12:05:49.506 T:5473 DEBUG : CVideoPlayerVideo::OutputPicture - ttd:308ms pts:5.297 Clock:4.989 Level:3
2021-07-14 12:05:49.550 T:5473 DEBUG : CVideoPlayerVideo::OutputPicture - ttd:306ms pts:5.339 Clock:5.032 Level:3
2021-07-14 12:05:49.593 T:5473 DEBUG : CVideoPlayerVideo::OutputPicture - ttd:304ms pts:5.380 Clock:5.076 Level:3
2021-07-14 12:05:49.595 T:5473 DEBUG : CVideoPlayerVideo::OutputPicture - ttd:345ms pts:5.422 Clock:5.077 Level:4
2021-07-14 12:05:49.645 T:5470 DEBUG : CVideoPlayer::ProcessVideoData size:19525 dts:13.430 pts:13.639 dur:41.000ms, clock:5.128 level:87
2021-07-14 12:05:49.646 T:5470 DEBUG : CVideoPlayer::ProcessVideoData size:11983 dts:13.472 pts:13.555 dur:41.000ms, clock:5.128 level:88
2021-07-14 12:05:49.646 T:5470 DEBUG : CVideoPlayer::ProcessVideoData size:9545 dts:13.513 pts:13.513 dur:41.000ms, clock:5.128 level:88
2021-07-14 12:05:49.646 T:5470 DEBUG : CVideoPlayer::ProcessVideoData size:9919 dts:13.555 pts:13.597 dur:41.000ms, clock:5.128 level:89
2021-07-14 12:05:49.672 T:5473 DEBUG : CVideoPlayerVideo::OutputPicture - ttd:309ms pts:5.464 Clock:5.155 Level:3
2021-07-14 12:05:49.716 T:5473 DEBUG : CVideoPlayerVideo::OutputPicture - ttd:307ms pts:5.505 Clock:5.198 Level:3
2021-07-14 12:05:49.717 T:5473 DEBUG : CVideoPlayerVideo::OutputPicture - ttd:347ms pts:5.547 Clock:5.199 Level:4
2021-07-14 12:05:49.841 T:5473 DEBUG : CVideoPlayerVideo::OutputPicture - ttd:265ms pts:5.589 Clock:5.323 Level:2
2021-07-14 12:05:49.842 T:5473 DEBUG : CVideoPlayerVideo::OutputPicture - ttd:306ms pts:5.631 Clock:5.324 Level:3
2021-07-14 12:05:49.879 T:5473 DEBUG : CVideoPlayerVideo::OutputPicture - ttd:310ms pts:5.672 Clock:5.362 Level:3
2021-07-14 12:05:49.881 T:5473 DEBUG : CVideoPlayerVideo::OutputPicture - ttd:351ms pts:5.714 Clock:5.363 Level:4
2021-07-14 12:05:49.900 T:5470 DEBUG : CVideoPlayer::ProcessVideoData size:19531 dts:13.597 pts:13.847 dur:41.000ms, clock:5.382 level:86
2021-07-14 12:05:49.900 T:5470 DEBUG : CVideoPlayer::ProcessVideoData size:11847 dts:13.639 pts:13.722 dur:41.000ms, clock:5.382 level:87
2021-07-14 12:05:49.900 T:5470 DEBUG : CVideoPlayer::ProcessVideoData size:9872 dts:13.680 pts:13.680 dur:41.000ms, clock:5.382 level:87
2021-07-14 12:05:49.900 T:5470 DEBUG : CVideoPlayer::ProcessVideoData size:8672 dts:13.722 pts:13.764 dur:41.000ms, clock:5.382 level:88
2021-07-14 12:05:49.901 T:5470 DEBUG : CVideoPlayer::ProcessVideoData size:8860 dts:13.764 pts:13.805 dur:41.000ms, clock:5.383 level:88
2021-07-14 12:05:50.011 T:5473 DEBUG : CVideoPlayerVideo::OutputPicture - ttd:262ms pts:5.756 Clock:5.493 Level:2
2021-07-14 12:05:50.012 T:5473 DEBUG : CVideoPlayerVideo::OutputPicture - ttd:302ms pts:5.797 Clock:5.494 Level:3
2021-07-14 12:05:50.050 T:5473 DEBUG : CVideoPlayerVideo::OutputPicture - ttd:307ms pts:5.839 Clock:5.532 Level:3
2021-07-14 12:05:50.051 T:5473 DEBUG : CVideoPlayerVideo::OutputPicture - ttd:347ms pts:5.881 Clock:5.533 Level:4
2021-07-14 12:05:50.175 T:5473 DEBUG : CVideoPlayerVideo::OutputPicture - ttd:266ms pts:5.923 Clock:5.657 Level:2
2021-07-14 12:05:50.176 T:5473 DEBUG : CVideoPlayerVideo::OutputPicture - ttd:305ms pts:5.964 Clock:5.658 Level:3
2021-07-14 12:05:50.204 T:5470 DEBUG : CVideoPlayer::ProcessVideoData size:34611 dts:13.805 pts:14.014 dur:41.000ms, clock:5.687 level:85
2021-07-14 12:05:50.205 T:5470 DEBUG : CVideoPlayer::ProcessVideoData size:12096 dts:13.847 pts:13.931 dur:41.000ms, clock:5.687 level:85
2021-07-14 12:05:50.205 T:5470 DEBUG : CVideoPlayer::ProcessVideoData size:9289 dts:13.889 pts:13.889 dur:41.000ms, clock:5.687 level:86
2021-07-14 12:05:50.205 T:5470 DEBUG : CVideoPlayer::ProcessVideoData size:9657 dts:13.931 pts:13.972 dur:41.000ms, clock:5.687 level:87
2021-07-14 12:05:50.206 T:5470 DEBUG : CVideoPlayer::ProcessVideoData size:119125 dts:13.972 pts:14.223 dur:41.000ms, clock:5.688 level:87
2021-07-14 12:05:50.206 T:5470 DEBUG : CVideoPlayer::ProcessVideoData size:19070 dts:14.014 pts:14.097 dur:41.000ms, clock:5.689 level:88
2021-07-14 12:05:50.207 T:5470 DEBUG : CVideoPlayer::ProcessVideoData size:15748 dts:14.056 pts:14.056 dur:41.000ms, clock:5.689 level:88
2021-07-14 12:05:50.207 T:5470 DEBUG : CVideoPlayer::ProcessVideoData size:7664 dts:14.097 pts:14.139 dur:41.000ms, clock:5.689 level:89
2021-07-14 12:05:50.207 T:5470 DEBUG : CVideoPlayer::ProcessVideoData size:7360 dts:14.139 pts:14.181 dur:41.000ms, clock:5.689 level:89
2021-07-14 12:05:50.215 T:5473 DEBUG : CVideoPlayerVideo::OutputPicture - ttd:308ms pts:6.006 Clock:5.697 Level:3
2021-07-14 12:05:50.261 T:5473 DEBUG : CVideoPlayerVideo::OutputPicture - ttd:305ms pts:6.048 Clock:5.743 Level:3
2021-07-14 12:05:50.262 T:5473 DEBUG : CVideoPlayerVideo::OutputPicture - ttd:344ms pts:6.089 Clock:5.744 Level:4
2021-07-14 12:05:50.380 T:5473 DEBUG : CVideoPlayerVideo::OutputPicture - ttd:269ms pts:6.131 Clock:5.862 Level:2
2021-07-14 12:05:50.381 T:5473 DEBUG : CVideoPlayerVideo::OutputPicture - ttd:310ms pts:6.173 Clock:5.863 Level:3
2021-07-14 12:05:50.424 T:5473 DEBUG : CVideoPlayerVideo::OutputPicture - ttd:308ms pts:6.215 Clock:5.906 Level:3
2021-07-14 12:05:50.425 T:5473 DEBUG : CVideoPlayerVideo::OutputPicture - ttd:348ms pts:6.256 Clock:5.908 Level:4
2021-07-14 12:05:50.451 T:5470 DEBUG : CVideoPlayer::ProcessVideoData size:89222 dts:14.181 pts:14.431 dur:41.000ms, clock:5.933 level:87
2021-07-14 12:05:50.451 T:5470 DEBUG : CVideoPlayer::ProcessVideoData size:25714 dts:14.223 pts:14.306 dur:41.000ms, clock:5.933 level:87
2021-07-14 12:05:50.451 T:5470 DEBUG : CVideoPlayer::ProcessVideoData size:14094 dts:14.264 pts:14.264 dur:41.000ms, clock:5.933 level:88
2021-07-14 12:05:50.452 T:5470 DEBUG : CVideoPlayer::ProcessVideoData size:14387 dts:14.306 pts:14.348 dur:41.000ms, clock:5.934 level:88
2021-07-14 12:05:50.452 T:5470 DEBUG : CVideoPlayer::ProcessVideoData size:15327 dts:14.348 pts:14.389 dur:41.000ms, clock:5.934 level:89
2021-07-14 12:05:50.469 T:5473 DEBUG : CVideoPlayerVideo::OutputPicture - ttd:346ms pts:6.298 Clock:5.951 Level:4
2021-07-14 12:05:50.593 T:5473 DEBUG : CVideoPlayerVideo::OutputPicture - ttd:265ms pts:6.340 Clock:6.075 Level:2
2021-07-14 12:05:50.594 T:5473 DEBUG : CVideoPlayerVideo::OutputPicture - ttd:304ms pts:6.381 Clock:6.076 Level:3
2021-07-14 12:05:50.631 T:5473 DEBUG : CVideoPlayerVideo::OutputPicture - ttd:309ms pts:6.423 Clock:6.113 Level:3
2021-07-14 12:05:50.632 T:5473 DEBUG : CVideoPlayerVideo::OutputPicture - ttd:350ms pts:6.465 Clock:6.115 Level:4
2021-07-14 12:05:50.696 T:5470 DEBUG : CVideoPlayer::ProcessVideoData size:100980 dts:14.389 pts:14.640 dur:41.000ms, clock:6.178 level:86
2021-07-14 12:05:50.696 T:5470 DEBUG : CVideoPlayer::ProcessVideoData size:44480 dts:14.431 pts:14.514 dur:41.000ms, clock:6.178 level:87
2021-07-14 12:05:50.697 T:5470 DEBUG : CVideoPlayer::ProcessVideoData size:27352 dts:14.473 pts:14.473 dur:41.000ms, clock:6.179 level:87
2021-07-14 12:05:50.697 T:5470 DEBUG : CVideoPlayer::ProcessVideoData size:21298 dts:14.514 pts:14.556 dur:41.000ms, clock:6.179 level:88
2021-07-14 12:05:50.697 T:5470 DEBUG : CVideoPlayer::ProcessVideoData size:23081 dts:14.556 pts:14.598 dur:41.000ms, clock:6.179 level:88
