2021-07-14 12:04:36.019 T:5250 DEBUG : DEBUG: EMBY.core.HTTP: --->[ http ] { "params": { "ItemId": "13115", "MediaSourceId": "f8ba5ecf11801bf1396b63d2937b1492", "PlaySessionId": "926fc14928c04cbd864dafdc0171d369" }, "type": "POST", "url": "http://192.168.1.10:8096/emby/Sessions/Playing", "headers": { "Content-type": "application/json", "Accept-Charset": "UTF-8,*", "Accept-encoding": "gzip", "User-Agent": "Emby-Kodi/5.3.2", "Authorization": "Emby Client=Kodi, Device=Kodi (CoreELEC), DeviceId=C86BFD09CCFB4585AC3E449D31D74819, Version=5.3.2, UserId=de8aeadec54b4fa28d3772ebcf026587", "X-Emby-Token": "9cd631b3e7914b5d8ed6207750cefae7" }, "timeout": 30, "verify": true }
2021-07-14 12:04:36.026 T:5232 DEBUG : CVideoPlayerAudio - CDVDMsg::GENERAL_PAUSE: 1
2021-07-14 12:04:36.036 T:5250 DEBUG : DEBUG: EMBY.core.HTTP: ---<[ http ][9 ms]
2021-07-14 12:04:36.036 T:5250 DEBUG : DEBUG: EMBY.core.HTTP: --->[ http ] { "params": { "ItemId": "13115", "MediaSourceId": "f8ba5ecf11801bf1396b63d2937b1492", "PositionTicks": 0, "RunTimeTicks": 16251260986, "CanSeek": true, "QueueableMediaTypes": "Video,Audio", "VolumeLevel": 100, "IsPaused": false, "IsMuted": false, "PlaySessionId": "926fc14928c04cbd864dafdc0171d369" }, "type": "POST", "url": "http://192.168.1.10:8096/emby/Sessions/Playing/Progress", "headers": { "Content-type": "application/json", "Accept-Charset": "UTF-8,*", "Accept-encoding": "gzip", "User-Agent": "Emby-Kodi/5.3.2", "Authorization": "Emby Client=Kodi, Device=Kodi (CoreELEC), DeviceId=C86BFD09CCFB4585AC3E449D31D74819, Version=5.3.2, UserId=de8aeadec54b4fa28d3772ebcf026587", "X-Emby-Token": "9cd631b3e7914b5d8ed6207750cefae7" }, "timeout": 30, "verify": true }
2021-07-14 12:04:36.045 T:5250 DEBUG : DEBUG: EMBY.core.HTTP: ---<[ http ][6 ms]
2021-07-14 12:04:36.075 T:4956 DEBUG : ActiveAE::SyncStream - average error of 53.775888, start adjusting
2021-07-14 12:04:36.076 T:4956 DEBUG : ActiveAE::SyncStream - average error 21.775888 below threshold of 30.000000
2021-07-14 12:04:36.336 T:4946 DEBUG : AMLUtils::aml_handle_display_stereo_mode old mode 3doff new mode 3doff
2021-07-14 12:04:36.336 T:4946 DEBUG : AMLUtils::aml_handle_display_stereo_mode - no change needed
2021-07-14 12:04:36.336 T:4946 INFO : VideoPlayer: OnResetDisplay received
2021-07-14 12:04:36.336 T:4946 INFO : GLES: Maximum texture width: 8192
2021-07-14 12:04:36.338 T:5232 DEBUG : CVideoPlayerAudio - CDVDMsg::GENERAL_PAUSE: 0
2021-07-14 12:04:36.338 T:5231 DEBUG : CVideoPlayerVideo - CDVDMsg::GENERAL_PAUSE: 0
2021-07-14 12:04:36.344 T:4946 DEBUG : ------ Window Deinit (DialogBusy.xml) ------
2021-07-14 12:04:36.354 T:5231 DEBUG : CVideoPlayerVideo - CDVDMsg::DEMUXER_PACKET - checking interlace vfmt: progressive
2021-07-14 12:04:36.370 T:5013 DEBUG : OnAVChange: CApplication::OnAVChange
2021-07-14 12:04:36.370 T:5228 DEBUG : CVideoPlayer::ProcessVideoData size:67665 dts:8.091 pts:8.342 dur:41.000ms, clock:-0.152 level:90
2021-07-14 12:04:36.371 T:5228 DEBUG : CVideoPlayer::ProcessVideoData size:55031 dts:8.133 pts:8.217 dur:41.000ms, clock:-0.152 level:90
2021-07-14 12:04:36.371 T:5228 DEBUG : CVideoPlayer::ProcessVideoData size:13187 dts:8.175 pts:8.175 dur:41.000ms, clock:-0.151 level:91
2021-07-14 12:04:36.372 T:5228 DEBUG : CVideoPlayer::ProcessVideoData size:36809 dts:8.217 pts:8.258 dur:41.000ms, clock:-0.150 level:91
2021-07-14 12:04:36.372 T:5228 DEBUG : CVideoPlayer::ProcessVideoData size:19899 dts:8.258 pts:8.300 dur:41.000ms, clock:-0.150 level:92
2021-07-14 12:04:36.373 T:5228 DEBUG : CVideoPlayer::ProcessVideoData size:64942 dts:8.300 pts:8.550 dur:41.000ms, clock:-0.149 level:92
2021-07-14 12:04:36.374 T:5228 DEBUG : CVideoPlayer::ProcessVideoData size:19420 dts:8.342 pts:8.425 dur:41.000ms, clock:-0.149 level:93
2021-07-14 12:04:36.374 T:5228 DEBUG : CVideoPlayer::ProcessVideoData size:13499 dts:8.383 pts:8.383 dur:41.000ms, clock:-0.148 level:93
2021-07-14 12:04:36.374 T:5228 DEBUG : CVideoPlayer::ProcessVideoData size:25489 dts:8.425 pts:8.467 dur:41.000ms, clock:-0.148 level:94
2021-07-14 12:04:36.374 T:5228 DEBUG : CVideoPlayer::ProcessVideoData size:5024 dts:8.467 pts:8.508 dur:41.000ms, clock:-0.148 level:94
2021-07-14 12:04:36.375 T:5228 DEBUG : CVideoPlayer::ProcessVideoData size:55845 dts:8.508 pts:8.675 dur:41.000ms, clock:-0.148 level:95
2021-07-14 12:04:36.375 T:5228 DEBUG : CVideoPlayer::ProcessVideoData size:5619 dts:8.550 pts:8.592 dur:41.000ms, clock:-0.147 level:95
2021-07-14 12:04:36.375 T:5228 DEBUG : CVideoPlayer::ProcessVideoData size:3767 dts:8.592 pts:8.634 dur:41.000ms, clock:-0.147 level:95
2021-07-14 12:04:36.381 T:5231 DEBUG : CVideoPlayerVideo - CDVDMsg::DEMUXER_PACKET - checking interlace vfmt: progressive
2021-07-14 12:04:36.382 T:4946 DEBUG : CAMLCodec::SetVideoRect:display(0,0,1920,1080)
2021-07-14 12:04:36.382 T:4946 DEBUG : CAMLCodec::SetVideoRect:gui(0,0,1920,1080)
2021-07-14 12:04:36.382 T:4946 DEBUG : CAMLCodec::SetVideoRect:m_dst_rect(0,0,1920,1080)
2021-07-14 12:04:36.382 T:4946 DEBUG : CAMLCodec::SetVideoRect:dst_rect(0,0,1920,1080)
2021-07-14 12:04:36.382 T:4946 DEBUG : CAMLCodec::SetVideoRect:m_guiStereoMode(0)
2021-07-14 12:04:36.382 T:4946 DEBUG : CAMLCodec::SetVideoRect:m_guiStereoView(0)
2021-07-14 12:04:36.410 T:5231 DEBUG : CVideoPlayerVideo - CDVDMsg::DEMUXER_PACKET - checking interlace vfmt: progressive
2021-07-14 12:04:36.425 T:5253 DEBUG : DEBUG: EMBY.core.HTTP: --->[ http ] { "params": { "ItemId": "13115", "MediaSourceId": "f8ba5ecf11801bf1396b63d2937b1492", "PositionTicks": 0, "RunTimeTicks": 16251260986, "CanSeek": true, "QueueableMediaTypes": "Video,Audio", "VolumeLevel": 100, "IsPaused": false, "IsMuted": false, "PlaySessionId": "926fc14928c04cbd864dafdc0171d369" }, "type": "POST", "url": "http://192.168.1.10:8096/emby/Sessions/Playing/Progress", "headers": { "Content-type": "application/json", "Accept-Charset": "UTF-8,*", "Accept-encoding": "gzip", "User-Agent": "Emby-Kodi/5.3.2", "Authorization": "Emby Client=Kodi, Device=Kodi (CoreELEC), DeviceId=C86BFD09CCFB4585AC3E449D31D74819, Version=5.3.2, UserId=de8aeadec54b4fa28d3772ebcf026587", "X-Emby-Token": "9cd631b3e7914b5d8ed6207750cefae7" }, "timeout": 30, "verify": true }
2021-07-14 12:04:36.426 T:5024 INFO : INFO: EMBY.hooks.player.Player: [ onAVChange ]
2021-07-14 12:04:36.440 T:5253 DEBUG : DEBUG: EMBY.core.HTTP: ---<[ http ][9 ms]
2021-07-14 12:04:36.472 T:5231 DEBUG : CVideoPlayerVideo::OutputPicture - ttd:300ms pts:0.250 Clock:-0.050 Level:3
2021-07-14 12:04:36.473 T:5231 DEBUG : CVideoPlayerVideo::OutputPicture - ttd:341ms pts:0.292 Clock:-0.049 Level:4
2021-07-14 12:04:36.528 T:5228 DEBUG : CVideoPlayer::ProcessVideoData size:75001 dts:8.634 pts:8.842 dur:41.000ms, clock:0.006 level:91
2021-07-14 12:04:36.528 T:5228 DEBUG : CVideoPlayer::ProcessVideoData size:13667 dts:8.675 pts:8.759 dur:41.000ms, clock:0.006 level:92
2021-07-14 12:04:36.528 T:5228 DEBUG : CVideoPlayer::ProcessVideoData size:3566 dts:8.717 pts:8.717 dur:41.000ms, clock:0.006 level:92
2021-07-14 12:04:36.529 T:5228 DEBUG : CVideoPlayer::ProcessVideoData size:4924 dts:8.759 pts:8.800 dur:41.000ms, clock:0.006 level:93
2021-07-14 12:04:36.555 T:5231 DEBUG : CVideoPlayerVideo::OutputPicture - ttd:300ms pts:0.334 Clock:0.033 Level:3
2021-07-14 12:04:36.557 T:5231 DEBUG : CVideoPlayerVideo::OutputPicture - ttd:340ms pts:0.375 Clock:0.034 Level:4
2021-07-14 12:04:36.627 T:5254 INFO : INFO: EMBY.hooks.monitor.Monitor: [ UserDataChanged ] {'ServerId': '582d15c7dab04b7fb851ac18d8445893', 'UserDataList': [{'IsFavorite': False, 'ItemId': '13115', 'LastPlayedDate': '2021-07-14T02:04:36.0000000+00:00', 'PlayCount': 8, 'PlaybackPositionTicks': 0, 'Played': True}], 'UserId': 'de8aeadec54b4fa28d3772ebcf026587', 'MonitorMethod': 'UserDataChanged'}
2021-07-14 12:04:36.627 T:5254 INFO : INFO: EMBY.hooks.monitor.Monitor: [ skip update/13115 ]
2021-07-14 12:04:36.632 T:5228 DEBUG : CVideoPlayer::ProcessVideoData size:68838 dts:8.800 pts:9.051 dur:41.000ms, clock:0.110 level:92
2021-07-14 12:04:36.632 T:5228 DEBUG : CVideoPlayer::ProcessVideoData size:30593 dts:8.842 pts:8.926 dur:41.000ms, clock:0.110 level:93
2021-07-14 12:04:36.633 T:5228 DEBUG : CVideoPlayer::ProcessVideoData size:30742 dts:8.884 pts:8.884 dur:41.000ms, clock:0.110 level:93
2021-07-14 12:04:36.633 T:5228 DEBUG : CVideoPlayer::ProcessVideoData size:48480 dts:8.926 pts:8.967 dur:41.000ms, clock:0.111 level:94
2021-07-14 12:04:36.633 T:5228 DEBUG : CVideoPlayer::ProcessVideoData size:19601 dts:8.967 pts:9.009 dur:41.000ms, clock:0.111 level:94
2021-07-14 12:04:36.677 T:5231 DEBUG : CVideoPlayerVideo::OutputPicture - ttd:261ms pts:0.417 Clock:0.155 Level:2
2021-07-14 12:04:36.679 T:5231 DEBUG : CVideoPlayerVideo::OutputPicture - ttd:302ms pts:0.459 Clock:0.156 Level:3
2021-07-14 12:04:36.722 T:5231 DEBUG : CVideoPlayerVideo::OutputPicture - ttd:299ms pts:0.500 Clock:0.200 Level:3
2021-07-14 12:04:36.766 T:5231 DEBUG : CVideoPlayerVideo::OutputPicture - ttd:298ms pts:0.542 Clock:0.244 Level:3
2021-07-14 12:04:36.767 T:5231 DEBUG : CVideoPlayerVideo::OutputPicture - ttd:338ms pts:0.584 Clock:0.245 Level:4
2021-07-14 12:04:36.890 T:5231 DEBUG : CVideoPlayerVideo::OutputPicture - ttd:258ms pts:0.626 Clock:0.367 Level:2
2021-07-14 12:04:36.891 T:5231 DEBUG : CVideoPlayerVideo::OutputPicture - ttd:298ms pts:0.667 Clock:0.369 Level:3
2021-07-14 12:04:36.928 T:5228 DEBUG : CVideoPlayer::ProcessVideoData size:58966 dts:9.009 pts:9.259 dur:41.000ms, clock:0.406 level:91
2021-07-14 12:04:36.929 T:5228 DEBUG : CVideoPlayer::ProcessVideoData size:53688 dts:9.051 pts:9.134 dur:41.000ms, clock:0.407 level:92
2021-07-14 12:04:36.929 T:5228 DEBUG : CVideoPlayer::ProcessVideoData size:6278 dts:9.092 pts:9.092 dur:41.000ms, clock:0.407 level:92
2021-07-14 12:04:36.929 T:5228 DEBUG : CVideoPlayer::ProcessVideoData size:14503 dts:9.134 pts:9.176 dur:41.000ms, clock:0.407 level:93
2021-07-14 12:04:36.930 T:5228 DEBUG : CVideoPlayer::ProcessVideoData size:6498 dts:9.176 pts:9.218 dur:41.000ms, clock:0.407 level:93
2021-07-14 12:04:36.930 T:5228 DEBUG : CVideoPlayer::ProcessVideoData size:64772 dts:9.218 pts:9.301 dur:41.000ms, clock:0.408 level:94
2021-07-14 12:04:36.932 T:5231 DEBUG : CVideoPlayerVideo::OutputPicture - ttd:299ms pts:0.709 Clock:0.410 Level:3
2021-07-14 12:04:36.970 T:5231 DEBUG : CVideoPlayerVideo::OutputPicture - ttd:303ms pts:0.751 Clock:0.447 Level:3
2021-07-14 12:04:36.971 T:5231 DEBUG : CVideoPlayerVideo::OutputPicture - ttd:343ms pts:0.792 Clock:0.449 Level:4
2021-07-14 12:04:37.017 T:5025 DEBUG : DatabaseUtils::GetSortFieldList: unknown field 36
2021-07-14 12:04:37.076 T:4956 DEBUG : ActiveAE::SyncStream - average error 320.047006 above threshold of 100.000000
2021-07-14 12:04:37.100 T:5231 DEBUG : CVideoPlayerVideo::OutputPicture - ttd:256ms pts:0.834 Clock:0.578 Level:2
2021-07-14 12:04:37.101 T:5231 DEBUG : CVideoPlayerVideo::OutputPicture - ttd:297ms pts:0.876 Clock:0.579 Level:3
2021-07-14 12:04:37.138 T:5231 DEBUG : CVideoPlayerVideo::OutputPicture - ttd:301ms pts:0.918 Clock:0.616 Level:3
2021-07-14 12:04:37.182 T:5231 DEBUG : CVideoPlayerVideo::OutputPicture - ttd:299ms pts:0.959 Clock:0.660 Level:3
2021-07-14 12:04:37.183 T:5231 DEBUG : CVideoPlayerVideo::OutputPicture - ttd:340ms pts:1.001 Clock:0.661 Level:4
2021-07-14 12:04:37.184 T:5228 DEBUG : CVideoPlayer::ProcessVideoData size:62610 dts:9.259 pts:9.426 dur:41.000ms, clock:0.662 level:91
2021-07-14 12:04:37.185 T:5228 DEBUG : CVideoPlayer::ProcessVideoData size:61279 dts:9.301 pts:9.343 dur:41.000ms, clock:0.663 level:92
2021-07-14 12:04:37.185 T:5228 DEBUG : CVideoPlayer::ProcessVideoData size:5451 dts:9.343 pts:9.384 dur:41.000ms, clock:0.663 level:92
2021-07-14 12:04:37.307 T:5231 DEBUG : CVideoPlayerVideo::OutputPicture - ttd:258ms pts:1.043 Clock:0.785 Level:2
2021-07-14 12:04:37.308 T:5231 DEBUG : CVideoPlayerVideo::OutputPicture - ttd:298ms pts:1.084 Clock:0.786 Level:3
2021-07-14 12:04:37.326 T:4956 DEBUG : ActiveAE::SyncStream - average error 0.047006, last average error: 320.047006
2021-07-14 12:04:37.345 T:5231 DEBUG : CVideoPlayerVideo::OutputPicture - ttd:302ms pts:1.126 Clock:0.823 Level:3
2021-07-14 12:04:37.347 T:5231 DEBUG : CVideoPlayerVideo::OutputPicture - ttd:343ms pts:1.168 Clock:0.824 Level:4
2021-07-14 12:04:37.425 T:4956 DEBUG : ActiveAE::SyncStream - average error of 27.562168, start adjusting
2021-07-14 12:04:37.426 T:4956 DEBUG : ActiveAE::SyncStream - average error 0.562168 below threshold of 30.000000
2021-07-14 12:04:37.475 T:5231 DEBUG : CVideoPlayerVideo::OutputPicture - ttd:257ms pts:1.210 Clock:0.953 Level:2
2021-07-14 12:04:37.476 T:5231 DEBUG : CVideoPlayerVideo::OutputPicture - ttd:297ms pts:1.251 Clock:0.954 Level:3
2021-07-14 12:04:37.513 T:5231 DEBUG : CVideoPlayerVideo::OutputPicture - ttd:301ms pts:1.293 Clock:0.991 Level:3
2021-07-14 12:04:37.557 T:5231 DEBUG : CVideoPlayerVideo::OutputPicture - ttd:300ms pts:1.335 Clock:1.035 Level:3
2021-07-14 12:04:37.558 T:5231 DEBUG : CVideoPlayerVideo::OutputPicture - ttd:340ms pts:1.376 Clock:1.036 Level:4
2021-07-14 12:04:37.638 T:5231 DEBUG : CVideoPlayerVideo::OutputPicture - ttd:302ms pts:1.418 Clock:1.116 Level:3
2021-07-14 12:04:37.681 T:5231 DEBUG : CVideoPlayerVideo::OutputPicture - ttd:301ms pts:1.460 Clock:1.159 Level:3
2021-07-14 12:04:37.682 T:5231 DEBUG : CVideoPlayerVideo::OutputPicture - ttd:340ms pts:1.501 Clock:1.160 Level:4
2021-07-14 12:04:37.762 T:5231 DEBUG : CVideoPlayerVideo::OutputPicture - ttd:302ms pts:1.543 Clock:1.240 Level:3
2021-07-14 12:04:37.764 T:5231 DEBUG : CVideoPlayerVideo::OutputPicture - ttd:343ms pts:1.585 Clock:1.241 Level:4
2021-07-14 12:04:37.782 T:5228 DEBUG : CVideoPlayer::ProcessVideoData size:125394 dts:9.384 pts:9.593 dur:41.000ms, clock:1.260 level:85
2021-07-14 12:04:37.783 T:5228 DEBUG : CVideoPlayer::ProcessVideoData size:35570 dts:9.426 pts:9.509 dur:41.000ms, clock:1.261 level:85
2021-07-14 12:04:37.783 T:5228 DEBUG : CVideoPlayer::ProcessVideoData size:14804 dts:9.468 pts:9.468 dur:41.000ms, clock:1.261 level:86
2021-07-14 12:04:37.783 T:5228 DEBUG : CVideoPlayer::ProcessVideoData size:14537 dts:9.509 pts:9.551 dur:41.000ms, clock:1.261 level:87
2021-07-14 12:04:37.784 T:5228 DEBUG : CVideoPlayer::ProcessVideoData size:76217 dts:9.551 pts:9.801 dur:41.000ms, clock:1.262 level:87
2021-07-14 12:04:37.784 T:5228 DEBUG : CVideoPlayer::ProcessVideoData size:15523 dts:9.593 pts:9.676 dur:41.000ms, clock:1.262 level:88
2021-07-14 12:04:37.785 T:5228 DEBUG : CVideoPlayer::ProcessVideoData size:7223 dts:9.635 pts:9.635 dur:41.000ms, clock:1.262 level:88
2021-07-14 12:04:37.785 T:5228 DEBUG : CVideoPlayer::ProcessVideoData size:5713 dts:9.676 pts:9.718 dur:41.000ms, clock:1.262 level:89
2021-07-14 12:04:37.785 T:5228 DEBUG : CVideoPlayer::ProcessVideoData size:5146 dts:9.718 pts:9.760 dur:41.000ms, clock:1.263 level:89
2021-07-14 12:04:37.892 T:5231 DEBUG : CVideoPlayerVideo::OutputPicture - ttd:257ms pts:1.627 Clock:1.370 Level:2
2021-07-14 12:04:37.893 T:5231 DEBUG : CVideoPlayerVideo::OutputPicture - ttd:297ms pts:1.668 Clock:1.371 Level:3
2021-07-14 12:04:37.931 T:5231 DEBUG : CVideoPlayerVideo::OutputPicture - ttd:301ms pts:1.710 Clock:1.408 Level:3
2021-07-14 12:04:37.932 T:5231 DEBUG : CVideoPlayerVideo::OutputPicture - ttd:342ms pts:1.752 Clock:1.410 Level:4
2021-07-14 12:04:37.977 T:5228 DEBUG : CVideoPlayer::ProcessVideoData size:55139 dts:9.760 pts:9.927 dur:41.000ms, clock:1.455 level:88
2021-07-14 12:04:37.978 T:5228 DEBUG : CVideoPlayer::ProcessVideoData size:9839 dts:9.801 pts:9.843 dur:41.000ms, clock:1.456 level:88
2021-07-14 12:04:37.978 T:5228 DEBUG : CVideoPlayer::ProcessVideoData size:4143 dts:9.843 pts:9.885 dur:41.000ms, clock:1.456 level:89
2021-07-14 12:04:37.978 T:5228 DEBUG : CVideoPlayer::ProcessVideoData size:14388 dts:9.885 pts:9.968 dur:41.000ms, clock:1.456 level:89
2021-07-14 12:04:37.980 T:5228 DEBUG : CVideoPlayer::ProcessVideoData size:274026 dts:9.927 pts:10.010 dur:41.000ms, clock:1.457 level:90
2021-07-14 12:04:38.054 T:5231 DEBUG : CVideoPlayerVideo::OutputPicture - ttd:261ms pts:1.793 Clock:1.532 Level:2
2021-07-14 12:04:38.055 T:5231 DEBUG : CVideoPlayerVideo::OutputPicture - ttd:301ms pts:1.835 Clock:1.533 Level:3
2021-07-14 12:04:38.099 T:5231 DEBUG : CVideoPlayerVideo::OutputPicture - ttd:300ms pts:1.877 Clock:1.577 Level:3
2021-07-14 12:04:38.100 T:5231 DEBUG : CVideoPlayerVideo::OutputPicture - ttd:340ms pts:1.919 Clock:1.578 Level:4
2021-07-14 12:04:38.222 T:5231 DEBUG : CVideoPlayerVideo::OutputPicture - ttd:260ms pts:1.960 Clock:1.700 Level:2
2021-07-14 12:04:38.223 T:5231 DEBUG : CVideoPlayerVideo::OutputPicture - ttd:300ms pts:2.002 Clock:1.701 Level:3
2021-07-14 12:04:38.233 T:5228 DEBUG : CVideoPlayer::ProcessVideoData size:38079 dts:9.968 pts:10.052 dur:41.000ms, clock:1.711 level:87
2021-07-14 12:04:38.234 T:5228 DEBUG : CVideoPlayer::ProcessVideoData size:50569 dts:10.010 pts:10.177 dur:41.000ms, clock:1.711 level:87
2021-07-14 12:04:38.234 T:5228 DEBUG : CVideoPlayer::ProcessVideoData size:33441 dts:10.052 pts:10.093 dur:41.000ms, clock:1.712 level:88
2021-07-14 12:04:38.234 T:5228 DEBUG : CVideoPlayer::ProcessVideoData size:5222 dts:10.093 pts:10.135 dur:41.000ms, clock:1.712 level:88
2021-07-14 12:04:38.235 T:5228 DEBUG : CVideoPlayer::ProcessVideoData size:42716 dts:10.135 pts:10.260 dur:41.000ms, clock:1.713 level:89
2021-07-14 12:04:38.235 T:5228 DEBUG : CVideoPlayer::ProcessVideoData size:3284 dts:10.177 pts:10.219 dur:41.000ms, clock:1.713 level:89
2021-07-14 12:04:38.268 T:5231 DEBUG : CVideoPlayerVideo::OutputPicture - ttd:298ms pts:2.044 Clock:1.746 Level:3
2021-07-14 12:04:38.305 T:5231 DEBUG : CVideoPlayerVideo::OutputPicture - ttd:302ms pts:2.085 Clock:1.783 Level:3
2021-07-14 12:04:38.306 T:5231 DEBUG : CVideoPlayerVideo::OutputPicture - ttd:342ms pts:2.127 Clock:1.784 Level:4
2021-07-14 12:04:38.428 T:5231 DEBUG : CVideoPlayerVideo::OutputPicture - ttd:263ms pts:2.169 Clock:1.906 Level:2
2021-07-14 12:04:38.429 T:5231 DEBUG : CVideoPlayerVideo::OutputPicture - ttd:303ms pts:2.211 Clock:1.907 Level:3
2021-07-14 12:04:38.473 T:5231 DEBUG : CVideoPlayerVideo::OutputPicture - ttd:301ms pts:2.252 Clock:1.951 Level:3
2021-07-14 12:04:38.479 T:5228 DEBUG : CVideoPlayer::ProcessVideoData size:51546 dts:10.219 pts:10.469 dur:41.000ms, clock:1.957 level:87
2021-07-14 12:04:38.480 T:5228 DEBUG : CVideoPlayer::ProcessVideoData size:34579 dts:10.260 pts:10.344 dur:41.000ms, clock:1.957 level:87
2021-07-14 12:04:38.480 T:5228 DEBUG : CVideoPlayer::ProcessVideoData size:8141 dts:10.302 pts:10.302 dur:41.000ms, clock:1.958 level:88
2021-07-14 12:04:38.480 T:5228 DEBUG : CVideoPlayer::ProcessVideoData size:35832 dts:10.344 pts:10.385 dur:41.000ms, clock:1.958 level:88
2021-07-14 12:04:38.480 T:5228 DEBUG : CVideoPlayer::ProcessVideoData size:11224 dts:10.385 pts:10.427 dur:41.000ms, clock:1.958 level:89
2021-07-14 12:04:38.481 T:5228 DEBUG : CVideoPlayer::ProcessVideoData size:57186 dts:10.427 pts:10.510 dur:41.000ms, clock:1.959 level:89
2021-07-14 12:04:38.517 T:5231 DEBUG : CVideoPlayerVideo::OutputPicture - ttd:298ms pts:2.294 Clock:1.995 Level:3
2021-07-14 12:04:38.519 T:5231 DEBUG : CVideoPlayerVideo::OutputPicture - ttd:339ms pts:2.336 Clock:1.996 Level:4
2021-07-14 12:04:38.640 T:5231 DEBUG : CVideoPlayerVideo::OutputPicture - ttd:259ms pts:2.377 Clock:2.118 Level:2
2021-07-14 12:04:38.641 T:5231 DEBUG : CVideoPlayerVideo::OutputPicture - ttd:299ms pts:2.419 Clock:2.119 Level:3
2021-07-14 12:04:38.685 T:5231 DEBUG : CVideoPlayerVideo::OutputPicture - ttd:298ms pts:2.461 Clock:2.163 Level:3
2021-07-14 12:04:38.686 T:5231 DEBUG : CVideoPlayerVideo::OutputPicture - ttd:338ms pts:2.502 Clock:2.164 Level:4
2021-07-14 12:04:38.735 T:5228 DEBUG : CVideoPlayer::ProcessVideoData size:54463 dts:10.469 pts:10.719 dur:41.000ms, clock:2.212 level:87
2021-07-14 12:04:38.735 T:5228 DEBUG : CVideoPlayer::ProcessVideoData size:22964 dts:10.510 pts:10.594 dur:41.000ms, clock:2.213 level:87
2021-07-14 12:04:38.736 T:5228 DEBUG : CVideoPlayer::ProcessVideoData size:33931 dts:10.552 pts:10.552 dur:41.000ms, clock:2.213 level:88
2021-07-14 12:04:38.736 T:5228 DEBUG : CVideoPlayer::ProcessVideoData size:23635 dts:10.594 pts:10.636 dur:41.000ms, clock:2.214 level:88
2021-07-14 12:04:38.736 T:5228 DEBUG : CVideoPlayer::ProcessVideoData size:8803 dts:10.636 pts:10.677 dur:41.000ms, clock:2.214 level:89
2021-07-14 12:04:38.737 T:5228 DEBUG : CVideoPlayer::ProcessVideoData size:37436 dts:10.677 pts:10.761 dur:41.000ms, clock:2.214 level:89
2021-07-14 12:04:38.805 T:5231 DEBUG : CVideoPlayerVideo::OutputPicture - ttd:261ms pts:2.544 Clock:2.283 Level:2
2021-07-14 12:04:38.806 T:5231 DEBUG : CVideoPlayerVideo::OutputPicture - ttd:301ms pts:2.586 Clock:2.284 Level:3
2021-07-14 12:04:38.850 T:5231 DEBUG : CVideoPlayerVideo::OutputPicture - ttd:300ms pts:2.628 Clock:2.328 Level:3
2021-07-14 12:04:38.894 T:5231 DEBUG : CVideoPlayerVideo::OutputPicture - ttd:297ms pts:2.669 Clock:2.371 Level:3
2021-07-14 12:04:38.895 T:5231 DEBUG : CVideoPlayerVideo::OutputPicture - ttd:338ms pts:2.711 Clock:2.373 Level:4
2021-07-14 12:04:38.980 T:5228 DEBUG : CVideoPlayer::ProcessVideoData size:39595 dts:10.719 pts:10.928 dur:41.000ms, clock:2.458 level:87
2021-07-14 12:04:38.981 T:5228 DEBUG : CVideoPlayer::ProcessVideoData size:28331 dts:10.761 pts:10.844 dur:41.000ms, clock:2.458 level:87
2021-07-14 12:04:38.981 T:5228 DEBUG : CVideoPlayer::ProcessVideoData size:11868 dts:10.802 pts:10.802 dur:41.000ms, clock:2.459 level:88
2021-07-14 12:04:38.981 T:5228 DEBUG : CVideoPlayer::ProcessVideoData size:5726 dts:10.844 pts:10.886 dur:41.000ms, clock:2.459 level:88
2021-07-14 12:04:39.016 T:5231 DEBUG : CVideoPlayerVideo::OutputPicture - ttd:258ms pts:2.753 Clock:2.494 Level:2
2021-07-14 12:04:39.018 T:5231 DEBUG : CVideoPlayerVideo::OutputPicture - ttd:298ms pts:2.794 Clock:2.496 Level:3
2021-07-14 12:04:39.055 T:5231 DEBUG : CVideoPlayerVideo::OutputPicture - ttd:303ms pts:2.836 Clock:2.533 Level:3
2021-07-14 12:04:39.099 T:5231 DEBUG : CVideoPlayerVideo::OutputPicture - ttd:301ms pts:2.878 Clock:2.576 Level:3
2021-07-14 12:04:39.100 T:5231 DEBUG : CVideoPlayerVideo::OutputPicture - ttd:342ms pts:2.920 Clock:2.578 Level:4
2021-07-14 12:04:39.228 T:5231 DEBUG : CVideoPlayerVideo::OutputPicture - ttd:255ms pts:2.961 Clock:2.705 Level:2
2021-07-14 12:04:39.229 T:5231 DEBUG : CVideoPlayerVideo::OutputPicture - ttd:296ms pts:3.003 Clock:2.707 Level:3
2021-07-14 12:04:39.235 T:5228 DEBUG : CVideoPlayer::ProcessVideoData size:74441 dts:10.886 pts:11.094 dur:41.000ms, clock:2.712 level:86
2021-07-14 12:04:39.235 T:5228 DEBUG : CVideoPlayer::ProcessVideoData size:20257 dts:10.928 pts:11.011 dur:41.000ms, clock:2.713 level:87
2021-07-14 12:04:39.236 T:5228 DEBUG : CVideoPlayer::ProcessVideoData size:21314 dts:10.969 pts:10.969 dur:41.000ms, clock:2.713 level:87
2021-07-14 12:04:39.236 T:5228 DEBUG : CVideoPlayer::ProcessVideoData size:8760 dts:11.011 pts:11.053 dur:41.000ms, clock:2.714 level:87
2021-07-14 12:04:39.236 T:5228 DEBUG : CVideoPlayer::ProcessVideoData size:45070 dts:11.053 pts:11.136 dur:41.000ms, clock:2.714 level:88
2021-07-14 12:04:39.237 T:5228 DEBUG : CVideoPlayer::ProcessVideoData size:65169 dts:11.094 pts:11.178 dur:41.000ms, clock:2.715 level:88
2021-07-14 12:04:39.238 T:5228 DEBUG : CVideoPlayer::ProcessVideoData size:55580 dts:11.136 pts:11.261 dur:41.000ms, clock:2.715 level:89
2021-07-14 12:04:39.238 T:5228 DEBUG : CVideoPlayer::ProcessVideoData size:27484 dts:11.178 pts:11.220 dur:41.000ms, clock:2.716 level:89
2021-07-14 12:04:39.266 T:5231 DEBUG : CVideoPlayerVideo::OutputPicture - ttd:300ms pts:3.045 Clock:2.744 Level:3
2021-07-14 12:04:39.310 T:5231 DEBUG : CVideoPlayerVideo::OutputPicture - ttd:298ms pts:3.086 Clock:2.788 Level:3
2021-07-14 12:04:39.311 T:5231 DEBUG : CVideoPlayerVideo::OutputPicture - ttd:338ms pts:3.128 Clock:2.789 Level:4
2021-07-14 12:04:39.330 T:5228 DEBUG : CVideoPlayer::ProcessVideoData size:78638 dts:11.220 pts:11.303 dur:41.000ms, clock:2.807 level:89
2021-07-14 12:04:39.330 T:5228 DEBUG : CVideoPlayer::ProcessVideoData size:39039 dts:11.261 pts:11.345 dur:41.000ms, clock:2.808 level:89
2021-07-14 12:04:39.331 T:5228 DEBUG : CVideoPlayer::ProcessVideoData size:128202 dts:11.303 pts:11.386 dur:41.000ms, clock:2.809 level:90
2021-07-14 12:04:39.436 T:5231 DEBUG : CVideoPlayerVideo::OutputPicture - ttd:256ms pts:3.170 Clock:2.913 Level:2
2021-07-14 12:04:39.437 T:5231 DEBUG : CVideoPlayerVideo::OutputPicture - ttd:297ms pts:3.212 Clock:2.915 Level:3
2021-07-14 12:04:39.475 T:5231 DEBUG : CVideoPlayerVideo::OutputPicture - ttd:300ms pts:3.253 Clock:2.952 Level:3
2021-07-14 12:04:39.518 T:5231 DEBUG : CVideoPlayerVideo::OutputPicture - ttd:299ms pts:3.295 Clock:2.996 Level:3
2021-07-14 12:04:39.519 T:5231 DEBUG : CVideoPlayerVideo::OutputPicture - ttd:339ms pts:3.337 Clock:2.997 Level:4
2021-07-14 12:04:39.585 T:5228 DEBUG : CVideoPlayer::ProcessVideoData size:82707 dts:11.345 pts:11.511 dur:41.000ms, clock:3.062 level:87
2021-07-14 12:04:39.585 T:5228 DEBUG : CVideoPlayer::ProcessVideoData size:41643 dts:11.386 pts:11.428 dur:41.000ms, clock:3.063 level:88
2021-07-14 12:04:39.586 T:5228 DEBUG : CVideoPlayer::ProcessVideoData size:24858 dts:11.428 pts:11.470 dur:41.000ms, clock:3.063 level:88
2021-07-14 12:04:39.642 T:5231 DEBUG : CVideoPlayerVideo::OutputPicture - ttd:258ms pts:3.378 Clock:3.120 Level:2
2021-07-14 12:04:39.643 T:5231 DEBUG : CVideoPlayerVideo::OutputPicture - ttd:299ms pts:3.420 Clock:3.121 Level:3
2021-07-14 12:04:39.681 T:5231 DEBUG : CVideoPlayerVideo::OutputPicture - ttd:303ms pts:3.462 Clock:3.158 Level:3
2021-07-14 12:04:39.682 T:5231 DEBUG : CVideoPlayerVideo::OutputPicture - ttd:343ms pts:3.503 Clock:3.160 Level:4
2021-07-14 12:04:39.767 T:5231 DEBUG : CVideoPlayerVideo::OutputPicture - ttd:299ms pts:3.545 Clock:3.245 Level:3
2021-07-14 12:04:39.811 T:5231 DEBUG : CVideoPlayerVideo::OutputPicture - ttd:298ms pts:3.587 Clock:3.289 Level:3
2021-07-14 12:04:39.812 T:5231 DEBUG : CVideoPlayerVideo::OutputPicture - ttd:339ms pts:3.629 Clock:3.290 Level:4
2021-07-14 12:04:39.829 T:5228 DEBUG : CVideoPlayer::ProcessVideoData size:76859 dts:11.470 pts:11.720 dur:41.000ms, clock:3.307 level:85
2021-07-14 12:04:39.830 T:5228 DEBUG : CVideoPlayer::ProcessVideoData size:37517 dts:11.511 pts:11.595 dur:41.000ms, clock:3.308 level:86
2021-07-14 12:04:39.830 T:5228 DEBUG : CVideoPlayer::ProcessVideoData size:24636 dts:11.553 pts:11.553 dur:41.000ms, clock:3.308 level:87
2021-07-14 12:04:39.830 T:5228 DEBUG : CVideoPlayer::ProcessVideoData size:22814 dts:11.595 pts:11.637 dur:41.000ms, clock:3.308 level:87
2021-07-14 12:04:39.831 T:5228 DEBUG : CVideoPlayer::ProcessVideoData size:24838 dts:11.637 pts:11.678 dur:41.000ms, clock:3.309 level:88
2021-07-14 12:04:39.935 T:5231 DEBUG : CVideoPlayerVideo::OutputPicture - ttd:256ms pts:3.670 Clock:3.413 Level:2
2021-07-14 12:04:39.937 T:5231 DEBUG : CVideoPlayerVideo::OutputPicture - ttd:297ms pts:3.712 Clock:3.414 Level:3
2021-07-14 12:04:39.974 T:5231 DEBUG : CVideoPlayerVideo::OutputPicture - ttd:302ms pts:3.754 Clock:3.452 Level:3
2021-07-14 12:04:40.017 T:5231 DEBUG : CVideoPlayerVideo::OutputPicture - ttd:300ms pts:3.795 Clock:3.495 Level:3
2021-07-14 12:04:40.019 T:5231 DEBUG : CVideoPlayerVideo::OutputPicture - ttd:340ms pts:3.837 Clock:3.496 Level:4
2021-07-14 12:04:40.084 T:5228 DEBUG : CVideoPlayer::ProcessVideoData size:74277 dts:11.678 pts:11.929 dur:41.000ms, clock:3.562 level:85
2021-07-14 12:04:40.085 T:5228 DEBUG : CVideoPlayer::ProcessVideoData size:37482 dts:11.720 pts:11.803 dur:41.000ms, clock:3.563 level:85
2021-07-14 12:04:40.085 T:5228 DEBUG : CVideoPlayer::ProcessVideoData size:25824 dts:11.762 pts:11.762 dur:41.000ms, clock:3.563 level:86
2021-07-14 12:04:40.086 T:5228 DEBUG : CVideoPlayer::ProcessVideoData size:24816 dts:11.803 pts:11.845 dur:41.000ms, clock:3.563 level:87
2021-07-14 12:04:40.086 T:5228 DEBUG : CVideoPlayer::ProcessVideoData size:24509 dts:11.845 pts:11.887 dur:41.000ms, clock:3.564 level:87
2021-07-14 12:04:40.086 T:5228 DEBUG : CVideoPlayer::ProcessVideoData size:74084 dts:11.887 pts:12.137 dur:41.000ms, clock:3.564 level:88
2021-07-14 12:04:40.087 T:5228 DEBUG : CVideoPlayer::ProcessVideoData size:37531 dts:11.929 pts:12.012 dur:41.000ms, clock:3.565 level:88
2021-07-14 12:04:40.088 T:5228 DEBUG : CVideoPlayer::ProcessVideoData size:24783 dts:11.970 pts:11.970 dur:41.000ms, clock:3.566 level:89
2021-07-14 12:04:40.091 T:5228 DEBUG : CVideoPlayer::ProcessVideoData size:24774 dts:12.012 pts:12.054 dur:41.000ms, clock:3.568 level:89
2021-07-14 12:04:40.091 T:5228 DEBUG : CVideoPlayer::ProcessVideoData size:24535 dts:12.054 pts:12.095 dur:41.000ms, clock:3.569 level:90
2021-07-14 12:04:40.145 T:5231 DEBUG : CVideoPlayerVideo::OutputPicture - ttd:256ms pts:3.879 Clock:3.623 Level:2
2021-07-14 12:04:40.146 T:5231 DEBUG : CVideoPlayerVideo::OutputPicture - ttd:297ms pts:3.921 Clock:3.624 Level:3
2021-07-14 12:04:40.186 T:5231 DEBUG : CVideoPlayerVideo::OutputPicture - ttd:298ms pts:3.962 Clock:3.664 Level:3
2021-07-14 12:04:40.224 T:5231 DEBUG : CVideoPlayerVideo::OutputPicture - ttd:302ms pts:4.004 Clock:3.701 Level:3
2021-07-14 12:04:40.225 T:5231 DEBUG : CVideoPlayerVideo::OutputPicture - ttd:343ms pts:4.046 Clock:3.703 Level:4
2021-07-14 12:04:40.270 T:5231 DEBUG : CVideoPlayerVideo::OutputPicture - ttd:339ms pts:4.087 Clock:3.747 Level:4
2021-07-14 12:04:40.349 T:5231 DEBUG : CVideoPlayerVideo::OutputPicture - ttd:301ms pts:4.129 Clock:3.827 Level:3
2021-07-14 12:04:40.385 T:5228 DEBUG : CVideoPlayer::ProcessVideoData size:73961 dts:12.095 pts:12.346 dur:41.000ms, clock:3.863 level:87
2021-07-14 12:04:40.385 T:5228 DEBUG : CVideoPlayer::ProcessVideoData size:36863 dts:12.137 pts:12.221 dur:41.000ms, clock:3.863 level:87
2021-07-14 12:04:40.386 T:5228 DEBUG : CVideoPlayer::ProcessVideoData size:25835 dts:12.179 pts:12.179 dur:41.000ms, clock:3.864 level:88
2021-07-14 12:04:40.386 T:5228 DEBUG : CVideoPlayer::ProcessVideoData size:24864 dts:12.221 pts:12.262 dur:41.000ms, clock:3.864 level:88
2021-07-14 12:04:40.386 T:5228 DEBUG : CVideoPlayer::ProcessVideoData size:24264 dts:12.262 pts:12.304 dur:41.000ms, clock:3.864 level:89
2021-07-14 12:04:40.394 T:5231 DEBUG : CVideoPlayerVideo::OutputPicture - ttd:299ms pts:4.171 Clock:3.872 Level:3
2021-07-14 12:04:40.395 T:5231 DEBUG : CVideoPlayerVideo::OutputPicture - ttd:339ms pts:4.213 Clock:3.873 Level:4
2021-07-14 12:04:40.433 T:5231 DEBUG : CVideoPlayerVideo::OutputPicture - ttd:343ms pts:4.254 Clock:3.911 Level:4
2021-07-14 12:04:40.561 T:5231 DEBUG : CVideoPlayerVideo::OutputPicture - ttd:257ms pts:4.296 Clock:4.038 Level:2
2021-07-14 12:04:40.562 T:5231 DEBUG : CVideoPlayerVideo::OutputPicture - ttd:298ms pts:4.338 Clock:4.040 Level:3
2021-07-14 12:04:40.599 T:5231 DEBUG : CVideoPlayerVideo::OutputPicture - ttd:302ms pts:4.379 Clock:4.077 Level:3
2021-07-14 12:04:40.630 T:5228 DEBUG : CVideoPlayer::ProcessVideoData size:73849 dts:12.304 pts:12.554 dur:41.000ms, clock:4.108 level:86
2021-07-14 12:04:40.631 T:5228 DEBUG : CVideoPlayer::ProcessVideoData size:37691 dts:12.346 pts:12.429 dur:41.000ms, clock:4.109 level:87
2021-07-14 12:04:40.631 T:5228 DEBUG : CVideoPlayer::ProcessVideoData size:25858 dts:12.387 pts:12.387 dur:41.000ms, clock:4.109 level:87
2021-07-14 12:04:40.631 T:5228 DEBUG : CVideoPlayer::ProcessVideoData size:24675 dts:12.429 pts:12.471 dur:41.000ms, clock:4.109 level:88
2021-07-14 12:04:40.632 T:5228 DEBUG : CVideoPlayer::ProcessVideoData size:24824 dts:12.471 pts:12.512 dur:41.000ms, clock:4.110 level:88
2021-07-14 12:04:40.643 T:5231 DEBUG : CVideoPlayerVideo::OutputPicture - ttd:300ms pts:4.421 Clock:4.121 Level:3
2021-07-14 12:04:40.644 T:5231 DEBUG : CVideoPlayerVideo::OutputPicture - ttd:341ms pts:4.463 Clock:4.122 Level:4
2021-07-14 12:04:40.707 T:4973 DEBUG : CLibInputKeyboard::ProcessKey - using delay: 250ms repeat: 33ms
2021-07-14 12:04:40.708 T:5256 DEBUG : Thread Timer start, auto delete: false
2021-07-14 12:04:40.716 T:4946 DEBUG : Keyboard: scancode: 0x02, sym: 0x0031, unicode: 0x0031, modifier: 0x0
2021-07-14 12:04:40.717 T:4946 DEBUG : HandleKey: one (0xf031) pressed, action is stop
2021-07-14 12:04:40.717 T:4946 INFO : CVideoPlayer::CloseFile()
2021-07-14 12:04:40.717 T:4946 DEBUG : DeleteRenderer - deleting renderer
2021-07-14 12:04:40.717 T:4946 INFO : VideoPlayer: waiting for threads to exit
2021-07-14 12:04:40.723 T:5228 INFO : CVideoPlayer::OnExit()
2021-07-14 12:04:40.723 T:5228 INFO : Closing stream player 1
2021-07-14 12:04:40.723 T:5228 INFO : Waiting for audio thread to exit
2021-07-14 12:04:40.726 T:5232 INFO : thread end: CVideoPlayerAudio::OnExit()
2021-07-14 12:04:40.726 T:5232 DEBUG : Thread VideoPlayerAudio 3376235136 terminating
2021-07-14 12:04:40.726 T:5228 INFO : Closing audio device
2021-07-14 12:04:40.744 T:5231 DEBUG : CVideoPlayerVideo::OutputPicture - ttd:302ms pts:4.504 Clock:4.201 Level:0
2021-07-14 12:04:40.775 T:5228 DEBUG : CDVDAudio::Flush - flush audio stream
2021-07-14 12:04:40.776 T:4956 DEBUG : CActiveAE::DiscardStream - audio stream deleted
2021-07-14 12:04:40.776 T:4956 DEBUG : CActiveAE::ClearDiscardedBuffers - buffer pool deleted
2021-07-14 12:04:40.777 T:5228 INFO : Skipped 2 duplicate messages..
2021-07-14 12:04:40.777 T:5228 INFO : Deleting audio codec
2021-07-14 12:04:40.777 T:5228 INFO : Closing stream player 2
2021-07-14 12:04:40.777 T:5228 INFO : waiting for video thread to exit
2021-07-14 12:04:40.777 T:4957 INFO : CActiveAESink::OpenSink - initialize sink
2021-07-14 12:04:40.788 T:5231 DEBUG : CVideoPlayerVideo::OutputPicture - ttd:299ms pts:4.546 Clock:4.247 Level:0
2021-07-14 12:04:40.788 T:5231 INFO : thread end: video_thread
2021-07-14 12:04:40.788 T:5231 DEBUG : Thread VideoPlayerVideo 3314004608 terminating
2021-07-14 12:04:40.790 T:5228 INFO : deleting video codec
2021-07-14 12:04:40.790 T:5228 DEBUG : CAMLCodec::CloseDecoder
2021-07-14 12:04:40.798 T:5228 DEBUG : CAMLVideoBufferPool::~CAMLVideoBufferPool: Deleting 6 buffers
2021-07-14 12:04:40.798 T:5228 INFO : Closing stream player 3
2021-07-14 12:04:40.802 T:5230 DEBUG : Thread FileCache 3278336640 terminating
2021-07-14 12:04:40.806 T:5228 DEBUG : Thread VideoPlayer 3367842432 terminating
2021-07-14 12:04:40.809 T:4946 INFO : VideoPlayer: finished waiting
2021-07-14 12:04:40.809 T:4946 INFO : CVideoPlayer::CloseFile()
2021-07-14 12:04:40.809 T:4946 INFO : VideoPlayer: waiting for threads to exit
2021-07-14 12:04:40.809 T:4946 INFO : VideoPlayer: finished waiting
2021-07-14 12:04:40.810 T:4946 DEBUG : Radio UECP (RDS) Processor - delete ~CDVDRadioRDSData
2021-07-14 12:04:40.811 T:5014 DEBUG : DoWork - Saving file state for video item http://127.0.0.1:57578/tvshows/12239/13115-f8ba5ecf11801bf1396b63d2937b1492-5873449-stream-Mr.Inbetween.S03E04.1080p.WEB.H264-PLZPROPER.mkv
2021-07-14 12:04:40.826 T:5009 DEBUG : OnPlayBackStopped: CApplication::OnPlayBackStopped
2021-07-14 12:04:40.831 T:4946 DEBUG : CGUIWindowManager::PreviousWindow: Deactivate
2021-07-14 12:04:40.833 T:4946 DEBUG : ------ Window Deinit (VideoFullScreen.xml) ------
2021-07-14 12:04:40.856 T:4946 DEBUG : AMLUtils::aml_handle_display_stereo_mode old mode 3doff new mode 3doff
2021-07-14 12:04:40.856 T:4946 DEBUG : AMLUtils::aml_handle_display_stereo_mode - no change needed
2021-07-14 12:04:40.857 T:4946 ERROR : GetString: error reading /sys/class/amhdmitx/amhdmitx0/custom_mode
2021-07-14 12:04:40.867 T:5256 DEBUG : Thread Timer 3412886144 terminating
2021-07-14 12:04:40.976 T:4957 DEBUG : CActiveAESink::OpenSink - trying to open device ALSA:hdmi:CARD=AMLAUGESOUND,DEV=0
2021-07-14 12:04:40.976 T:4957 INFO : CAESinkALSA::Initialize - Attempting to open device "hdmi:CARD=AMLAUGESOUND,DEV=0"
2021-07-14 12:04:40.985 T:4957 INFO : CAESinkALSA::Initialize - Opened device "hdmi:CARD=AMLAUGESOUND,DEV=0,AES0=0x04,AES1=0x82,AES2=0x00,AES3=0x00"
2021-07-14 12:04:40.985 T:4957 INFO : CAESinkALSA::InitializeHW - Your hardware does not support AE_FMT_FLOAT, trying other formats
2021-07-14 12:04:40.985 T:4957 INFO : CAESinkALSA::InitializeHW - Using data format AE_FMT_S16NE
2021-07-14 12:04:40.985 T:4957 DEBUG : CAESinkALSA::InitializeHW - Request: periodSize 2205, bufferSize 8820
2021-07-14 12:04:40.986 T:4957 DEBUG : CAESinkALSA::InitializeHW - Got: periodSize 2205, bufferSize 8820
2021-07-14 12:04:40.986 T:4957 DEBUG : CAESinkALSA::InitializeHW - Setting timeout to 200 ms
2021-07-14 12:04:40.986 T:4957 DEBUG : CAESinkALSA::GetChannelLayout - Input Channel Count: 2 Output Channel Count: 2
2021-07-14 12:04:40.986 T:4957 DEBUG : CAESinkALSA::GetChannelLayout - Requested Layout: FL, FR
2021-07-14 12:04:40.986 T:4957 DEBUG : CAESinkALSA::GetChannelLayout - Got Layout: FL, FR (ALSA: none)
2021-07-14 12:04:40.986 T:4957 DEBUG : CActiveAESink::OpenSink - ALSA Initialized:
2021-07-14 12:04:40.986 T:4957 DEBUG : Output Device : AML-AUGESOUND
2021-07-14 12:04:40.986 T:4957 DEBUG : Sample Rate : 44100
2021-07-14 12:04:40.986 T:4957 DEBUG : Sample Format : AE_FMT_S16NE
2021-07-14 12:04:40.986 T:4957 DEBUG : Channel Count : 2
2021-07-14 12:04:40.986 T:4957 DEBUG : Channel Layout: FL, FR
2021-07-14 12:04:40.986 T:4957 DEBUG : Frames : 2205
2021-07-14 12:04:40.986 T:4957 DEBUG : Frame Size : 4
2021-07-14 12:04:40.988 T:4956 DEBUG : CActiveAE::ClearDiscardedBuffers - buffer pool deleted
2021-07-14 12:04:41.071 T:4946 INFO : Skipped 1 duplicate messages..
2021-07-14 12:04:41.071 T:4946 DEBUG : AMLUtils::aml_handle_display_stereo_mode old mode 3doff new mode 3doff
2021-07-14 12:04:41.071 T:4946 DEBUG : AMLUtils::aml_handle_display_stereo_mode - no change needed
2021-07-14 12:04:41.072 T:4946 INFO : GLES: Maximum texture width: 8192
2021-07-14 12:04:41.076 T:4946 DEBUG : CGUIWindowManager::PreviousWindow: Activate new
2021-07-14 12:04:41.084 T:4946 DEBUG : ------ Window Init (MyVideoNav.xml) ------
2021-07-14 12:04:41.087 T:4946 DEBUG : CGUIMediaWindow::GetDirectory (videodb://tvshows/titles/27/-2/?tvshowid=27)
2021-07-14 12:04:41.087 T:4946 DEBUG : ParentPath = [videodb://tvshows/titles/27/-2/?tvshowid=27]
2021-07-14 12:04:41.108 T:4946 DEBUG : WindowVideoNav::GetDirectory
2021-07-14 12:04:41.110 T:5266 DEBUG : Thread BackgroundLoader start, auto delete: false
2021-07-14 12:04:41.121 T:4946 DEBUG : Keyboard: scancode: 0x02, sym: 0x0031, unicode: 0x0031, modifier: 0x0
2021-07-14 12:04:41.124 T:5013 DEBUG : ffmpeg[0x3119c40X]: [image2] Custom AVIOContext makes no sense and will be ignored with AVFMT_NOFILE format.
2021-07-14 12:04:41.134 T:5024 INFO : INFO: EMBY.hooks.player.Player: [ onPlayBackStopped ]
2021-07-14 12:04:41.134 T:5024 DEBUG : DEBUG: EMBY.hooks.player.Player: [ played info ] {'Id': '13115', 'Tracking': True, 'Type': 'episode', 'Volume': 100, 'Muted': False, 'MediaSourceId': 'f8ba5ecf11801bf1396b63d2937b1492', 'EmbyServer': , 'RunTime': 16251260986, 'CurrentPosition': 0, 'Paused': False, 'library': , 'PlaySessionId': '926fc14928c04cbd864dafdc0171d369'}
2021-07-14 12:04:41.135 T:5024 DEBUG : DEBUG: EMBY.core.HTTP: --->[ http ] { "params": { "ItemId": "13115", "MediaSourceId": "f8ba5ecf11801bf1396b63d2937b1492", "PositionTicks": 0, "PlaySessionId": "926fc14928c04cbd864dafdc0171d369" }, "type": "POST", "url": "http://192.168.1.10:8096/emby/Sessions/Playing/Stopped", "headers": { "Content-type": "application/json", "Accept-Charset": "UTF-8,*", "Accept-encoding": "gzip", "User-Agent": "Emby-Kodi/5.3.2", "Authorization": "Emby Client=Kodi, Device=Kodi (CoreELEC), DeviceId=C86BFD09CCFB4585AC3E449D31D74819, Version=5.3.2, UserId=de8aeadec54b4fa28d3772ebcf026587", "X-Emby-Token": "9cd631b3e7914b5d8ed6207750cefae7" }, "timeout": 30, "verify": true }
2021-07-14 12:04:41.138 T:5266 DEBUG : Thread BackgroundLoader 3421278848 terminating
2021-07-14 12:04:41.142 T:5094 DEBUG : ffmpeg[0x3fb0388X]: [image2] Custom AVIOContext makes no sense and will be ignored with AVFMT_NOFILE format.
2021-07-14 12:04:41.143 T:5014 DEBUG : ffmpeg[0x3119df0X]: [image2] Custom AVIOContext makes no sense and will be ignored with AVFMT_NOFILE format.
2021-07-14 12:04:41.147 T:5009 DEBUG : ffmpeg[0x212ffd8X]: [image2] Custom AVIOContext makes no sense and will be ignored with AVFMT_NOFILE format.
2021-07-14 12:04:41.152 T:5024 DEBUG : DEBUG: EMBY.core.HTTP: ---<[ http ][12 ms]
2021-07-14 12:04:41.152 T:5024 INFO : INFO: EMBY.hooks.player.Player: --<[ playback ]
2021-07-14 12:04:41.156 T:5014 DEBUG : ffmpeg[0x3119df0X]: [image2] Custom AVIOContext makes no sense and will be ignored with AVFMT_NOFILE format.
2021-07-14 12:04:41.158 T:5009 DEBUG : ffmpeg[0x212ffd8X]: [image2] Custom AVIOContext makes no sense and will be ignored with AVFMT_NOFILE format.
2021-07-14 12:04:41.164 T:5014 DEBUG : ffmpeg[0x3119df0X]: [image2] Custom AVIOContext makes no sense and will be ignored with AVFMT_NOFILE format.
2021-07-14 12:04:41.167 T:5009 DEBUG : ffmpeg[0x212ffd8X]: [image2] Custom AVIOContext makes no sense and will be ignored with AVFMT_NOFILE format.
2021-07-14 12:04:41.655 T:5267 INFO : INFO: EMBY.hooks.monitor.Monitor: [ UserDataChanged ] {'ServerId': '582d15c7dab04b7fb851ac18d8445893', 'UserDataList': [{'IsFavorite': False, 'ItemId': '13115', 'LastPlayedDate': '2021-07-14T02:04:36.0000000+00:00', 'PlayCount': 8, 'PlaybackPositionTicks': 0, 'Played': True}, {'IsFavorite': False, 'ItemId': '13106', 'PlayCount': 0, 'PlaybackPositionTicks': 0, 'Played': True, 'UnplayedItemCount': 0}], 'UserId': 'de8aeadec54b4fa28d3772ebcf026587', 'MonitorMethod': 'UserDataChanged'}
2021-07-14 12:04:41.655 T:5267 INFO : INFO: EMBY.hooks.monitor.Monitor: [ skip update/13115 ]
2021-07-14 12:04:41.657 T:5267 DEBUG : DEBUG: EMBY.database.database: --->[ database: emby ] 3856011320
2021-07-14 12:04:41.657 T:5267 DEBUG : DEBUG: EMBY.database.database: ---<[ database: emby ] 3856011320
2021-07-14 12:04:41.658 T:5267 INFO : INFO: EMBY.hooks.monitor.Monitor: [ skip update/13106 ]
2021-07-14 12:04:41.658 T:5267 INFO : INFO: EMBY.hooks.monitor.Monitor: [ skip reset ]
2021-07-14 12:04:42.207 T:5028 DEBUG : DatabaseUtils::GetSortFieldList: unknown field 36
2021-07-14 12:04:49.243 T:4973 INFO : Skipped 14 duplicate messages..
2021-07-14 12:04:49.243 T:4973 DEBUG : CLibInputKeyboard::ProcessKey - using delay: 250ms repeat: 33ms
2021-07-14 12:04:49.244 T:5268 DEBUG : Thread Timer start, auto delete: false
2021-07-14 12:04:49.257 T:4946 DEBUG : Keyboard: scancode: 0x6c, sym: 0x0112, unicode: 0x0000, modifier: 0x0
2021-07-14 12:04:49.257 T:4946 DEBUG : HandleKey: down (0xf081) pressed, action is Down
2021-07-14 12:04:49.411 T:5268 DEBUG : Thread Timer 3412886144 terminating
2021-07-14 12:04:49.422 T:4946 DEBUG : Keyboard: scancode: 0x6c, sym: 0x0112, unicode: 0x0000, modifier: 0x0
2021-07-14 12:04:50.755 T:4973 DEBUG : CLibInputKeyboard::ProcessKey - using delay: 250ms repeat: 33ms
2021-07-14 12:04:50.756 T:5269 DEBUG : Thread Timer start, auto delete: false
2021-07-14 12:04:50.796 T:4946 DEBUG : Keyboard: scancode: 0x1c, sym: 0x000d, unicode: 0x000d, modifier: 0x0
2021-07-14 12:04:50.875 T:5269 DEBUG : Thread Timer 3412886144 terminating
2021-07-14 12:04:50.901 T:4946 DEBUG : Keyboard: scancode: 0x1c, sym: 0x000d, unicode: 0x000d, modifier: 0x0
2021-07-14 12:04:50.901 T:4946 DEBUG : HandleKey: return (0xf00d) pressed, action is Select
2021-07-14 12:04:50.912 T:4946 DEBUG : OnPlayMedia http://127.0.0.1:57578/tvshows/12239/13119-fe1e5bd8ffc4b5cacf8878b286f4d671-6089703-stream-Mr.Inbetween.S03E05.1080p.WEB.H264-PLZPROPER.mkv
2021-07-14 12:04:50.921 T:4946 DEBUG : CCurlFile::GetMimeType - http://127.0.0.1:57578/tvshows/12239/13119-fe1e5bd8ffc4b5cacf8878b286f4d671-6089703-stream-Mr.Inbetween.S03E05.1080p.WEB.H264-PLZPROPER.mkv -> video/mp4
2021-07-14 12:04:50.928 T:4946 DEBUG : CPlayerCoreFactory::GetPlayers(http://127.0.0.1:57578/tvshows/12239/13119-fe1e5bd8ffc4b5cacf8878b286f4d671-6089703-stream-Mr.Inbetween.S03E05.1080p.WEB.H264-PLZPROPER.mkv)
2021-07-14 12:04:50.928 T:4946 DEBUG : CPlayerSelectionRule::GetPlayers: considering rule: system rules
2021-07-14 12:04:50.928 T:4946 DEBUG : CPlayerSelectionRule::GetPlayers: matches rule: system rules
2021-07-14 12:04:50.928 T:4946 DEBUG : CPlayerSelectionRule::GetPlayers: considering rule: mms/udp
2021-07-14 12:04:50.929 T:4946 DEBUG : CPlayerSelectionRule::GetPlayers: considering rule: lastfm/shout
2021-07-14 12:04:50.929 T:4946 DEBUG : CPlayerSelectionRule::GetPlayers: considering rule: rtmp
2021-07-14 12:04:50.929 T:4946 DEBUG : CPlayerSelectionRule::GetPlayers: considering rule: rtsp
2021-07-14 12:04:50.929 T:4946 DEBUG : CPlayerSelectionRule::GetPlayers: considering rule: streams
2021-07-14 12:04:50.929 T:4946 DEBUG : CPlayerSelectionRule::GetPlayers: matches rule: streams
2021-07-14 12:04:50.929 T:4946 DEBUG : CPlayerSelectionRule::GetPlayers: considering rule: aacp/sdp
2021-07-14 12:04:50.929 T:4946 DEBUG : CPlayerSelectionRule::GetPlayers: considering rule: mp2
2021-07-14 12:04:50.929 T:4946 DEBUG : CPlayerSelectionRule::GetPlayers: considering rule: dvd
2021-07-14 12:04:50.929 T:4946 DEBUG : CPlayerSelectionRule::GetPlayers: considering rule: discimage
2021-07-14 12:04:50.929 T:4946 DEBUG : CPlayerSelectionRule::GetPlayers: considering rule: sdp/asf
2021-07-14 12:04:50.929 T:4946 DEBUG : CPlayerSelectionRule::GetPlayers: considering rule: nsv
2021-07-14 12:04:50.929 T:4946 DEBUG : CPlayerSelectionRule::GetPlayers: considering rule: radio
2021-07-14 12:04:50.929 T:4946 DEBUG : CPlayerCoreFactory::GetPlayers: matched 0 rules with players
2021-07-14 12:04:50.929 T:4946 DEBUG : CPlayerCoreFactory::GetPlayers: adding videodefaultplayer (VideoPlayer)
2021-07-14 12:04:50.929 T:4946 DEBUG : CPlayerCoreFactory::GetPlayers: for video=1, audio=0
2021-07-14 12:04:50.929 T:4946 DEBUG : CPlayerCoreFactory::GetPlayers: for video=1, audio=1
2021-07-14 12:04:50.929 T:4946 DEBUG : CPlayerCoreFactory::GetPlayers: added 1 players
2021-07-14 12:04:50.930 T:4946 DEBUG : Radio UECP (RDS) Processor - new CDVDRadioRDSData
2021-07-14 12:04:50.930 T:4946 INFO : VideoPlayer::OpenFile: http://127.0.0.1:57578/tvshows/12239/13119-fe1e5bd8ffc4b5cacf8878b286f4d671-6089703-stream-Mr.Inbetween.S03E05.1080p.WEB.H264-PLZPROPER.mkv
2021-07-14 12:04:50.932 T:4946 DEBUG : CCurlFile::GetMimeType - http://127.0.0.1:57578/tvshows/12239/13119-fe1e5bd8ffc4b5cacf8878b286f4d671-6089703-stream-Mr.Inbetween.S03E05.1080p.WEB.H264-PLZPROPER.mkv -> video/mp4
2021-07-14 12:04:50.932 T:5270 DEBUG : Thread VideoPlayer start, auto delete: false
2021-07-14 12:04:50.932 T:4946 DEBUG : OnPlayBackStarted: CApplication::OnPlayBackStarted
2021-07-14 12:04:50.933 T:5270 INFO : Creating InputStream
2021-07-14 12:04:50.933 T:5270 DEBUG : CurlFile::Open(0xc83d1570) http://127.0.0.1:57578/tvshows/12239/13119-fe1e5bd8ffc4b5cacf8878b286f4d671-6089703-stream-Mr.Inbetween.S03E05.1080p.WEB.H264-PLZPROPER.mkv
2021-07-14 12:04:50.934 T:5271 DEBUG : Thread BackgroundLoader start, auto delete: false
2021-07-14 12:04:50.936 T:5062 DEBUG : DEBUG: EMBY.hooks.player.WebserviceOnPlay: [ query IncommingData ] /tvshows/12239/13119-fe1e5bd8ffc4b5cacf8878b286f4d671-6089703-stream-Mr.Inbetween.S03E05.1080p.WEB.H264-PLZPROPER.mkv
2021-07-14 12:04:50.940 T:5062 DEBUG : DEBUG: EMBY.database.database: --->[ database: emby ] 3855807776
2021-07-14 12:04:50.942 T:5014 DEBUG : Loading settings for http://127.0.0.1:57578/tvshows/12239/13119-fe1e5bd8ffc4b5cacf8878b286f4d671-6089703-stream-Mr.Inbetween.S03E05.1080p.WEB.H264-PLZPROPER.mkv
2021-07-14 12:04:50.942 T:4946 DEBUG : CVideoGUIInfo::InitCurrentItem(http://127.0.0.1:57578/tvshows/12239/13119-fe1e5bd8ffc4b5cacf8878b286f4d671-6089703-stream-Mr.Inbetween.S03E05.1080p.WEB.H264-PLZPROPER.mkv)
2021-07-14 12:04:50.942 T:4946 DEBUG : CPlayerGUIInfo::InitCurrentItem(http://127.0.0.1:57578/tvshows/12239/13119-fe1e5bd8ffc4b5cacf8878b286f4d671-6089703-stream-Mr.Inbetween.S03E05.1080p.WEB.H264-PLZPROPER.mkv)
2021-07-14 12:04:50.952 T:5062 DEBUG : DEBUG: EMBY.database.database: ---<[ database: emby ] 3855807776
2021-07-14 12:04:50.954 T:5271 DEBUG : Thread BackgroundLoader 3421278848 terminating
2021-07-14 12:04:50.957 T:5270 DEBUG : CCurlFile::Open - effective URL:
2021-07-14 12:04:50.958 T:5270 DEBUG : CFileCache::Open - opening
2021-07-14 12:04:50.959 T:5270 DEBUG : CurlFile::Open(0xe615ca28) http://192.168.1.10:8096/emby/videos/13119/stream?static=true&MediaSourceId=fe1e5bd8ffc4b5cacf8878b286f4d671&PlaySessionId=790dcc54e93a472ab4220497c4ffde0b&DeviceId=C86BFD09CCFB4585AC3E449D31D74819&api_key=9cd631b3e7914b5d8ed6207750cefae7&Mr.Inbetween.S03E05.1080p.WEB.H264-PLZPROPER.mkv
2021-07-14 12:04:50.962 T:5270 DEBUG : CFileCache::Open - source chunk size is 0, setting cache chunk size to 131072
2021-07-14 12:04:50.962 T:5270 DEBUG : CFileCache::Open - using double memory cache each sized 10485760 bytes
2021-07-14 12:04:50.963 T:5274 DEBUG : Thread FileCache start, auto delete: false
2021-07-14 12:04:50.963 T:5270 INFO : Creating Demuxer
2021-07-14 12:04:50.964 T:5270 DEBUG : Open - probing detected format [matroska,webm]
2021-07-14 12:04:50.965 T:5270 DEBUG : Open - avformat_find_stream_info starting
2021-07-14 12:04:50.991 T:5270 DEBUG : Open - av_find_stream_info finished
2021-07-14 12:04:50.991 T:5270 INFO : ffmpeg[0x38c8d80X]: Input #0, matroska,webm, from 'http://192.168.1.10:8096/emby/videos/13119/stream?static=true&MediaSourceId=fe1e5bd8ffc4b5cacf8878b286f4d671&PlaySessionId=790dcc54e93a472ab4220497c4ffde0b&DeviceId=C86BFD09CCFB4585AC3E449D31D74819&api_key=9cd631b3e7914b5d8ed6207750cefae7&Mr.Inbetween.S03E05.1080p.WEB.H264-PLZPROPER.mkv':
2021-07-14 12:04:50.991 T:5270 INFO : ffmpeg[0x38c8d80X]: Metadata:
2021-07-14 12:04:50.991 T:5270 INFO : ffmpeg[0x38c8d80X]: encoder : libebml v1.4.0 + libmatroska v1.6.1
2021-07-14 12:04:50.991 T:5270 INFO : ffmpeg[0x38c8d80X]: Duration: 00:28:47.30, start: 0.000000, bitrate: 6089 kb/s
2021-07-14 12:04:50.991 T:5270 INFO : ffmpeg[0x38c8d80X]: Stream #0:0: Video: h264 (High), yuv420p(progressive), 1920x1080 [SAR 1:1 DAR 16:9], 23.98 fps, 23.98 tbr, 1k tbn, 47.95 tbc (default)
