2021-07-14 12:05:50.759 T:5473 DEBUG : CVideoPlayerVideo::OutputPicture - ttd:264ms pts:6.506 Clock:6.241 Level:2
2021-07-14 12:05:50.761 T:5473 DEBUG : CVideoPlayerVideo::OutputPicture - ttd:305ms pts:6.548 Clock:6.243 Level:3
2021-07-14 12:05:50.799 T:5470 DEBUG : CVideoPlayer::ProcessVideoData size:93838 dts:14.598 pts:14.848 dur:41.000ms, clock:6.281 level:88
2021-07-14 12:05:50.800 T:5470 DEBUG : CVideoPlayer::ProcessVideoData size:37338 dts:14.640 pts:14.723 dur:41.000ms, clock:6.282 level:88
2021-07-14 12:05:50.800 T:5470 DEBUG : CVideoPlayer::ProcessVideoData size:21638 dts:14.681 pts:14.681 dur:41.000ms, clock:6.282 level:89
2021-07-14 12:05:50.800 T:5470 DEBUG : CVideoPlayer::ProcessVideoData size:21359 dts:14.723 pts:14.765 dur:41.000ms, clock:6.282 level:89
2021-07-14 12:05:50.801 T:5470 DEBUG : CVideoPlayer::ProcessVideoData size:21910 dts:14.765 pts:14.806 dur:41.000ms, clock:6.283 level:90
2021-07-14 12:05:50.804 T:5473 DEBUG : CVideoPlayerVideo::OutputPicture - ttd:303ms pts:6.590 Clock:6.286 Level:3
2021-07-14 12:05:50.806 T:5473 DEBUG : CVideoPlayerVideo::OutputPicture - ttd:344ms pts:6.632 Clock:6.288 Level:4
2021-07-14 12:05:50.924 T:5473 DEBUG : CVideoPlayerVideo::OutputPicture - ttd:266ms pts:6.673 Clock:6.406 Level:2
2021-07-14 12:05:50.925 T:5473 DEBUG : CVideoPlayerVideo::OutputPicture - ttd:307ms pts:6.715 Clock:6.407 Level:3
2021-07-14 12:05:50.969 T:5473 DEBUG : CVideoPlayerVideo::OutputPicture - ttd:306ms pts:6.757 Clock:6.451 Level:3
2021-07-14 12:05:51.003 T:5470 DEBUG : CVideoPlayer::ProcessVideoData size:51544 dts:14.806 pts:14.973 dur:41.000ms, clock:6.485 level:88
2021-07-14 12:05:51.004 T:5470 DEBUG : CVideoPlayer::ProcessVideoData size:79460 dts:14.848 pts:14.890 dur:41.000ms, clock:6.486 level:88
2021-07-14 12:05:51.004 T:5470 DEBUG : CVideoPlayer::ProcessVideoData size:24346 dts:14.890 pts:14.932 dur:41.000ms, clock:6.487 level:89
2021-07-14 12:05:51.005 T:5470 DEBUG : CVideoPlayer::ProcessVideoData size:182467 dts:14.932 pts:15.015 dur:41.000ms, clock:6.488 level:89
2021-07-14 12:05:51.007 T:5473 DEBUG : CVideoPlayerVideo::OutputPicture - ttd:309ms pts:6.798 Clock:6.489 Level:3
2021-07-14 12:05:51.008 T:5473 DEBUG : CVideoPlayerVideo::OutputPicture - ttd:349ms pts:6.840 Clock:6.491 Level:4
2021-07-14 12:05:51.052 T:5473 DEBUG : CVideoPlayerVideo::OutputPicture - ttd:347ms pts:6.882 Clock:6.534 Level:4
2021-07-14 12:05:51.176 T:5473 DEBUG : CVideoPlayerVideo::OutputPicture - ttd:265ms pts:6.924 Clock:6.658 Level:2
2021-07-14 12:05:51.178 T:5473 DEBUG : CVideoPlayerVideo::OutputPicture - ttd:305ms pts:6.965 Clock:6.660 Level:3
2021-07-14 12:05:51.221 T:5473 DEBUG : CVideoPlayerVideo::OutputPicture - ttd:303ms pts:7.007 Clock:6.703 Level:3
2021-07-14 12:05:51.222 T:5473 DEBUG : CVideoPlayerVideo::OutputPicture - ttd:344ms pts:7.049 Clock:6.705 Level:4
2021-07-14 12:05:51.250 T:5470 DEBUG : CVideoPlayer::ProcessVideoData size:69772 dts:14.973 pts:15.224 dur:41.000ms, clock:6.732 level:87
2021-07-14 12:05:51.250 T:5470 DEBUG : CVideoPlayer::ProcessVideoData size:22641 dts:15.015 pts:15.098 dur:41.000ms, clock:6.732 level:87
2021-07-14 12:05:51.251 T:5470 DEBUG : CVideoPlayer::ProcessVideoData size:12157 dts:15.057 pts:15.057 dur:41.000ms, clock:6.733 level:88
2021-07-14 12:05:51.251 T:5470 DEBUG : CVideoPlayer::ProcessVideoData size:12974 dts:15.098 pts:15.140 dur:41.000ms, clock:6.734 level:88
2021-07-14 12:05:51.252 T:5470 DEBUG : CVideoPlayer::ProcessVideoData size:13642 dts:15.140 pts:15.182 dur:41.000ms, clock:6.734 level:89
2021-07-14 12:05:51.302 T:5473 DEBUG : CVideoPlayerVideo::OutputPicture - ttd:305ms pts:7.090 Clock:6.784 Level:3
2021-07-14 12:05:51.342 T:5473 DEBUG : CVideoPlayerVideo::OutputPicture - ttd:308ms pts:7.132 Clock:6.824 Level:3
2021-07-14 12:05:51.343 T:5473 DEBUG : CVideoPlayerVideo::OutputPicture - ttd:348ms pts:7.174 Clock:6.825 Level:4
2021-07-14 12:05:51.425 T:5473 DEBUG : CVideoPlayerVideo::OutputPicture - ttd:309ms pts:7.216 Clock:6.907 Level:3
2021-07-14 12:05:51.468 T:5473 DEBUG : CVideoPlayerVideo::OutputPicture - ttd:306ms pts:7.257 Clock:6.950 Level:3
2021-07-14 12:05:51.469 T:5473 DEBUG : CVideoPlayerVideo::OutputPicture - ttd:347ms pts:7.299 Clock:6.952 Level:4
2021-07-14 12:05:51.497 T:5470 DEBUG : CVideoPlayer::ProcessVideoData size:73330 dts:15.182 pts:15.432 dur:41.000ms, clock:6.979 level:86
2021-07-14 12:05:51.497 T:5470 DEBUG : CVideoPlayer::ProcessVideoData size:23498 dts:15.224 pts:15.307 dur:41.000ms, clock:6.979 level:87
2021-07-14 12:05:51.497 T:5470 DEBUG : CVideoPlayer::ProcessVideoData size:12142 dts:15.265 pts:15.265 dur:41.000ms, clock:6.979 level:87
2021-07-14 12:05:51.497 T:5470 DEBUG : CVideoPlayer::ProcessVideoData size:11594 dts:15.307 pts:15.349 dur:41.000ms, clock:6.979 level:88
2021-07-14 12:05:51.497 T:5470 DEBUG : CVideoPlayer::ProcessVideoData size:12979 dts:15.349 pts:15.390 dur:41.000ms, clock:6.979 level:88
2021-07-14 12:05:51.593 T:5473 DEBUG : CVideoPlayerVideo::OutputPicture - ttd:265ms pts:7.341 Clock:7.075 Level:2
2021-07-14 12:05:51.594 T:5473 DEBUG : CVideoPlayerVideo::OutputPicture - ttd:305ms pts:7.382 Clock:7.077 Level:3
2021-07-14 12:05:51.638 T:5473 DEBUG : CVideoPlayerVideo::OutputPicture - ttd:303ms pts:7.424 Clock:7.120 Level:3
2021-07-14 12:05:51.640 T:5473 DEBUG : CVideoPlayerVideo::OutputPicture - ttd:344ms pts:7.466 Clock:7.122 Level:4
2021-07-14 12:05:51.677 T:5473 DEBUG : CVideoPlayerVideo::OutputPicture - ttd:347ms pts:7.507 Clock:7.159 Level:4
2021-07-14 12:05:51.752 T:5470 DEBUG : CVideoPlayer::ProcessVideoData size:49819 dts:15.390 pts:15.641 dur:41.000ms, clock:7.235 level:85
2021-07-14 12:05:51.753 T:5470 DEBUG : CVideoPlayer::ProcessVideoData size:18036 dts:15.432 pts:15.515 dur:41.000ms, clock:7.235 level:86
2021-07-14 12:05:51.753 T:5470 DEBUG : CVideoPlayer::ProcessVideoData size:8824 dts:15.474 pts:15.474 dur:41.000ms, clock:7.235 level:87
2021-07-14 12:05:51.753 T:5470 DEBUG : CVideoPlayer::ProcessVideoData size:8734 dts:15.515 pts:15.557 dur:41.000ms, clock:7.235 level:87
2021-07-14 12:05:51.753 T:5470 DEBUG : CVideoPlayer::ProcessVideoData size:7911 dts:15.557 pts:15.599 dur:41.000ms, clock:7.236 level:88
2021-07-14 12:05:51.803 T:5473 DEBUG : CVideoPlayerVideo::OutputPicture - ttd:263ms pts:7.549 Clock:7.285 Level:2
2021-07-14 12:05:51.804 T:5473 DEBUG : CVideoPlayerVideo::OutputPicture - ttd:304ms pts:7.591 Clock:7.287 Level:3
2021-07-14 12:05:51.842 T:5473 DEBUG : CVideoPlayerVideo::OutputPicture - ttd:309ms pts:7.633 Clock:7.324 Level:3
2021-07-14 12:05:51.885 T:5473 DEBUG : CVideoPlayerVideo::OutputPicture - ttd:306ms pts:7.674 Clock:7.367 Level:3
2021-07-14 12:05:51.886 T:5473 DEBUG : CVideoPlayerVideo::OutputPicture - ttd:347ms pts:7.716 Clock:7.369 Level:4
2021-07-14 12:05:51.997 T:5470 DEBUG : CVideoPlayer::ProcessVideoData size:74297 dts:15.599 pts:15.849 dur:41.000ms, clock:7.479 level:85
2021-07-14 12:05:51.997 T:5470 DEBUG : CVideoPlayer::ProcessVideoData size:14571 dts:15.641 pts:15.724 dur:41.000ms, clock:7.480 level:85
2021-07-14 12:05:51.998 T:5470 DEBUG : CVideoPlayer::ProcessVideoData size:8183 dts:15.682 pts:15.682 dur:41.000ms, clock:7.480 level:86
2021-07-14 12:05:51.998 T:5470 DEBUG : CVideoPlayer::ProcessVideoData size:8071 dts:15.724 pts:15.766 dur:41.000ms, clock:7.480 level:87
2021-07-14 12:05:51.998 T:5470 DEBUG : CVideoPlayer::ProcessVideoData size:7328 dts:15.766 pts:15.807 dur:41.000ms, clock:7.480 level:87
2021-07-14 12:05:51.999 T:5470 DEBUG : CVideoPlayer::ProcessVideoData size:77771 dts:15.807 pts:16.058 dur:41.000ms, clock:7.481 level:88
2021-07-14 12:05:52.002 T:5470 DEBUG : CVideoPlayer::ProcessVideoData size:42467 dts:15.849 pts:15.933 dur:41.000ms, clock:7.484 level:88
2021-07-14 12:05:52.003 T:5470 DEBUG : CVideoPlayer::ProcessVideoData size:23380 dts:15.891 pts:15.891 dur:41.000ms, clock:7.485 level:89
2021-07-14 12:05:52.004 T:5470 DEBUG : CVideoPlayer::ProcessVideoData size:19696 dts:15.933 pts:15.974 dur:41.000ms, clock:7.486 level:89
2021-07-14 12:05:52.005 T:5470 DEBUG : CVideoPlayer::ProcessVideoData size:19733 dts:15.974 pts:16.016 dur:41.000ms, clock:7.487 level:90
2021-07-14 12:05:52.007 T:5473 DEBUG : CVideoPlayerVideo::OutputPicture - ttd:268ms pts:7.758 Clock:7.489 Level:2
2021-07-14 12:05:52.008 T:5473 DEBUG : CVideoPlayerVideo::OutputPicture - ttd:308ms pts:7.799 Clock:7.491 Level:3
2021-07-14 12:05:52.048 T:5473 DEBUG : CVideoPlayerVideo::OutputPicture - ttd:310ms pts:7.841 Clock:7.530 Level:3
2021-07-14 12:05:52.092 T:5473 DEBUG : CVideoPlayerVideo::OutputPicture - ttd:309ms pts:7.883 Clock:7.574 Level:3
2021-07-14 12:05:52.093 T:5473 DEBUG : CVideoPlayerVideo::OutputPicture - ttd:349ms pts:7.925 Clock:7.575 Level:4
2021-07-14 12:05:52.221 T:5473 DEBUG : CVideoPlayerVideo::OutputPicture - ttd:262ms pts:7.966 Clock:7.703 Level:2
2021-07-14 12:05:52.222 T:5473 DEBUG : CVideoPlayerVideo::OutputPicture - ttd:303ms pts:8.008 Clock:7.705 Level:3
2021-07-14 12:05:52.249 T:5470 DEBUG : CVideoPlayer::ProcessVideoData size:65591 dts:16.016 pts:16.266 dur:41.000ms, clock:7.731 level:87
2021-07-14 12:05:52.250 T:5470 DEBUG : CVideoPlayer::ProcessVideoData size:35562 dts:16.058 pts:16.141 dur:41.000ms, clock:7.732 level:88
2021-07-14 12:05:52.250 T:5470 DEBUG : CVideoPlayer::ProcessVideoData size:20247 dts:16.099 pts:16.099 dur:41.000ms, clock:7.732 level:88
2021-07-14 12:05:52.250 T:5470 DEBUG : CVideoPlayer::ProcessVideoData size:20386 dts:16.141 pts:16.183 dur:41.000ms, clock:7.732 level:89
2021-07-14 12:05:52.251 T:5470 DEBUG : CVideoPlayer::ProcessVideoData size:20880 dts:16.183 pts:16.225 dur:41.000ms, clock:7.733 level:89
2021-07-14 12:05:52.258 T:5473 DEBUG : CVideoPlayerVideo::OutputPicture - ttd:309ms pts:8.050 Clock:7.740 Level:3
2021-07-14 12:05:52.304 T:5473 DEBUG : CVideoPlayerVideo::OutputPicture - ttd:304ms pts:8.091 Clock:7.786 Level:3
2021-07-14 12:05:52.305 T:5473 DEBUG : CVideoPlayerVideo::OutputPicture - ttd:345ms pts:8.133 Clock:7.787 Level:4
2021-07-14 12:05:52.427 T:5473 DEBUG : CVideoPlayerVideo::OutputPicture - ttd:266ms pts:8.175 Clock:7.909 Level:2
2021-07-14 12:05:52.428 T:5473 DEBUG : CVideoPlayerVideo::OutputPicture - ttd:306ms pts:8.217 Clock:7.910 Level:3
2021-07-14 12:05:52.468 T:5473 DEBUG : CVideoPlayerVideo::OutputPicture - ttd:308ms pts:8.258 Clock:7.950 Level:3
2021-07-14 12:05:52.504 T:5470 DEBUG : CVideoPlayer::ProcessVideoData size:37598 dts:16.225 pts:16.433 dur:41.000ms, clock:7.986 level:87
2021-07-14 12:05:52.505 T:5470 DEBUG : CVideoPlayer::ProcessVideoData size:37291 dts:16.266 pts:16.350 dur:41.000ms, clock:7.987 level:87
2021-07-14 12:05:52.505 T:5470 DEBUG : CVideoPlayer::ProcessVideoData size:25156 dts:16.308 pts:16.308 dur:41.000ms, clock:7.987 level:88
2021-07-14 12:05:52.505 T:5470 DEBUG : CVideoPlayer::ProcessVideoData size:24370 dts:16.350 pts:16.391 dur:41.000ms, clock:7.988 level:88
2021-07-14 12:05:52.506 T:5470 DEBUG : CVideoPlayer::ProcessVideoData size:68218 dts:16.391 pts:16.516 dur:41.000ms, clock:7.988 level:89
2021-07-14 12:05:52.506 T:5470 DEBUG : CVideoPlayer::ProcessVideoData size:26077 dts:16.433 pts:16.475 dur:41.000ms, clock:7.989 level:89
2021-07-14 12:05:52.508 T:5473 DEBUG : CVideoPlayerVideo::OutputPicture - ttd:309ms pts:8.300 Clock:7.990 Level:3
2021-07-14 12:05:52.509 T:5473 DEBUG : CVideoPlayerVideo::OutputPicture - ttd:350ms pts:8.342 Clock:7.991 Level:4
2021-07-14 12:05:52.635 T:5473 DEBUG : CVideoPlayerVideo::OutputPicture - ttd:265ms pts:8.383 Clock:8.118 Level:2
2021-07-14 12:05:52.637 T:5473 DEBUG : CVideoPlayerVideo::OutputPicture - ttd:306ms pts:8.425 Clock:8.119 Level:3
2021-07-14 12:05:52.680 T:5473 DEBUG : CVideoPlayerVideo::OutputPicture - ttd:304ms pts:8.467 Clock:8.163 Level:3
2021-07-14 12:05:52.718 T:5473 DEBUG : CVideoPlayerVideo::OutputPicture - ttd:308ms pts:8.508 Clock:8.200 Level:3
2021-07-14 12:05:52.719 T:5473 DEBUG : CVideoPlayerVideo::OutputPicture - ttd:348ms pts:8.550 Clock:8.201 Level:4
2021-07-14 12:05:52.750 T:5470 DEBUG : CVideoPlayer::ProcessVideoData size:84907 dts:16.475 pts:16.725 dur:41.000ms, clock:8.233 level:87
2021-07-14 12:05:52.751 T:5470 DEBUG : CVideoPlayer::ProcessVideoData size:42944 dts:16.516 pts:16.600 dur:41.000ms, clock:8.233 level:87
2021-07-14 12:05:52.751 T:5470 DEBUG : CVideoPlayer::ProcessVideoData size:28644 dts:16.558 pts:16.558 dur:41.000ms, clock:8.234 level:88
2021-07-14 12:05:52.752 T:5470 DEBUG : CVideoPlayer::ProcessVideoData size:31853 dts:16.600 pts:16.642 dur:41.000ms, clock:8.234 level:88
2021-07-14 12:05:52.752 T:5470 DEBUG : CVideoPlayer::ProcessVideoData size:30697 dts:16.642 pts:16.683 dur:41.000ms, clock:8.234 level:89
2021-07-14 12:05:52.841 T:5473 DEBUG : CVideoPlayerVideo::OutputPicture - ttd:269ms pts:8.592 Clock:8.323 Level:2
2021-07-14 12:05:52.842 T:5473 DEBUG : CVideoPlayerVideo::OutputPicture - ttd:309ms pts:8.634 Clock:8.324 Level:3
2021-07-14 12:05:52.855 T:5470 DEBUG : CVideoPlayer::ProcessVideoData size:95558 dts:16.683 pts:16.934 dur:41.000ms, clock:8.337 level:88
2021-07-14 12:05:52.855 T:5470 DEBUG : CVideoPlayer::ProcessVideoData size:67979 dts:16.725 pts:16.808 dur:41.000ms, clock:8.338 level:88
2021-07-14 12:05:52.856 T:5470 DEBUG : CVideoPlayer::ProcessVideoData size:46870 dts:16.767 pts:16.767 dur:41.000ms, clock:8.338 level:89
2021-07-14 12:05:52.857 T:5470 DEBUG : CVideoPlayer::ProcessVideoData size:56001 dts:16.808 pts:16.850 dur:41.000ms, clock:8.339 level:89
2021-07-14 12:05:52.857 T:5470 DEBUG : CVideoPlayer::ProcessVideoData size:57273 dts:16.850 pts:16.892 dur:41.000ms, clock:8.339 level:90
2021-07-14 12:05:52.886 T:5473 DEBUG : CVideoPlayerVideo::OutputPicture - ttd:307ms pts:8.675 Clock:8.368 Level:3
2021-07-14 12:05:52.929 T:5473 DEBUG : CVideoPlayerVideo::OutputPicture - ttd:305ms pts:8.717 Clock:8.411 Level:3
2021-07-14 12:05:52.931 T:5473 DEBUG : CVideoPlayerVideo::OutputPicture - ttd:346ms pts:8.759 Clock:8.413 Level:4
2021-07-14 12:05:53.012 T:5473 DEBUG : CVideoPlayerVideo::OutputPicture - ttd:305ms pts:8.800 Clock:8.494 Level:3
2021-07-14 12:05:53.013 T:5473 DEBUG : CVideoPlayerVideo::OutputPicture - ttd:346ms pts:8.842 Clock:8.496 Level:4
2021-07-14 12:05:53.101 T:5470 DEBUG : CVideoPlayer::ProcessVideoData size:61470 dts:16.892 pts:17.142 dur:41.000ms, clock:8.583 level:87
2021-07-14 12:05:53.101 T:5470 DEBUG : CVideoPlayer::ProcessVideoData size:45298 dts:16.934 pts:17.017 dur:41.000ms, clock:8.583 level:88
2021-07-14 12:05:53.102 T:5470 DEBUG : CVideoPlayer::ProcessVideoData size:33143 dts:16.975 pts:16.975 dur:41.000ms, clock:8.584 level:88
2021-07-14 12:05:53.102 T:5470 DEBUG : CVideoPlayer::ProcessVideoData size:30328 dts:17.017 pts:17.059 dur:41.000ms, clock:8.584 level:89
2021-07-14 12:05:53.102 T:5470 DEBUG : CVideoPlayer::ProcessVideoData size:28729 dts:17.059 pts:17.100 dur:41.000ms, clock:8.585 level:89
2021-07-14 12:05:53.135 T:5473 DEBUG : CVideoPlayerVideo::OutputPicture - ttd:266ms pts:8.884 Clock:8.617 Level:2
2021-07-14 12:05:53.137 T:5473 DEBUG : CVideoPlayerVideo::OutputPicture - ttd:307ms pts:8.926 Clock:8.619 Level:3
2021-07-14 12:05:53.177 T:5473 DEBUG : CVideoPlayerVideo::OutputPicture - ttd:308ms pts:8.967 Clock:8.659 Level:3
2021-07-14 12:05:53.220 T:5473 DEBUG : CVideoPlayerVideo::OutputPicture - ttd:306ms pts:9.009 Clock:8.702 Level:3
2021-07-14 12:05:53.221 T:5473 DEBUG : CVideoPlayerVideo::OutputPicture - ttd:347ms pts:9.051 Clock:8.704 Level:4
2021-07-14 12:05:53.345 T:5473 DEBUG : CVideoPlayerVideo::OutputPicture - ttd:264ms pts:9.092 Clock:8.827 Level:2
2021-07-14 12:05:53.346 T:5473 DEBUG : CVideoPlayerVideo::OutputPicture - ttd:305ms pts:9.134 Clock:8.829 Level:3
2021-07-14 12:05:53.384 T:5473 DEBUG : CVideoPlayerVideo::OutputPicture - ttd:309ms pts:9.176 Clock:8.866 Level:3
2021-07-14 12:05:53.397 T:5470 DEBUG : CVideoPlayer::ProcessVideoData size:30332 dts:17.100 pts:17.351 dur:41.000ms, clock:8.879 level:86
2021-07-14 12:05:53.397 T:5470 DEBUG : CVideoPlayer::ProcessVideoData size:19486 dts:17.142 pts:17.226 dur:41.000ms, clock:8.879 level:87
2021-07-14 12:05:53.397 T:5470 DEBUG : CVideoPlayer::ProcessVideoData size:13968 dts:17.184 pts:17.184 dur:41.000ms, clock:8.879 level:87
2021-07-14 12:05:53.397 T:5470 DEBUG : CVideoPlayer::ProcessVideoData size:14661 dts:17.226 pts:17.267 dur:41.000ms, clock:8.880 level:88
2021-07-14 12:05:53.398 T:5470 DEBUG : CVideoPlayer::ProcessVideoData size:14796 dts:17.267 pts:17.309 dur:41.000ms, clock:8.880 level:88
2021-07-14 12:05:53.430 T:5473 DEBUG : CVideoPlayerVideo::OutputPicture - ttd:305ms pts:9.218 Clock:8.912 Level:3
2021-07-14 12:05:53.431 T:5473 DEBUG : CVideoPlayerVideo::OutputPicture - ttd:345ms pts:9.259 Clock:8.913 Level:4
2021-07-14 12:05:53.469 T:5473 DEBUG : CVideoPlayerVideo::OutputPicture - ttd:350ms pts:9.301 Clock:8.951 Level:4
2021-07-14 12:05:53.554 T:5473 DEBUG : CVideoPlayerVideo::OutputPicture - ttd:306ms pts:9.343 Clock:9.036 Level:3
2021-07-14 12:05:53.598 T:5473 DEBUG : CVideoPlayerVideo::OutputPicture - ttd:304ms pts:9.384 Clock:9.080 Level:3
2021-07-14 12:05:53.599 T:5473 DEBUG : CVideoPlayerVideo::OutputPicture - ttd:345ms pts:9.426 Clock:9.081 Level:4
2021-07-14 12:05:53.651 T:5470 DEBUG : CVideoPlayer::ProcessVideoData size:15750 dts:17.309 pts:17.559 dur:41.000ms, clock:9.133 level:85
2021-07-14 12:05:53.651 T:5470 DEBUG : CVideoPlayer::ProcessVideoData size:7800 dts:17.351 pts:17.434 dur:41.000ms, clock:9.133 level:86
2021-07-14 12:05:53.651 T:5470 DEBUG : CVideoPlayer::ProcessVideoData size:5664 dts:17.392 pts:17.392 dur:41.000ms, clock:9.133 level:87
2021-07-14 12:05:53.651 T:5470 DEBUG : CVideoPlayer::ProcessVideoData size:6395 dts:17.434 pts:17.476 dur:41.000ms, clock:9.134 level:87
2021-07-14 12:05:53.652 T:5470 DEBUG : CVideoPlayer::ProcessVideoData size:5724 dts:17.476 pts:17.517 dur:41.000ms, clock:9.134 level:88
2021-07-14 12:05:53.716 T:5473 DEBUG : CVideoPlayerVideo::OutputPicture - ttd:269ms pts:9.468 Clock:9.199 Level:2
2021-07-14 12:05:53.718 T:5473 DEBUG : CVideoPlayerVideo::OutputPicture - ttd:309ms pts:9.509 Clock:9.200 Level:3
2021-07-14 12:05:53.761 T:5473 DEBUG : CVideoPlayerVideo::OutputPicture - ttd:307ms pts:9.551 Clock:9.243 Level:3
2021-07-14 12:05:53.762 T:5473 DEBUG : CVideoPlayerVideo::OutputPicture - ttd:348ms pts:9.593 Clock:9.245 Level:4
2021-07-14 12:05:53.886 T:5473 DEBUG : CVideoPlayerVideo::OutputPicture - ttd:266ms pts:9.635 Clock:9.368 Level:2
2021-07-14 12:05:53.887 T:5473 DEBUG : CVideoPlayerVideo::OutputPicture - ttd:306ms pts:9.676 Clock:9.370 Level:3
2021-07-14 12:05:53.905 T:5470 DEBUG : CVideoPlayer::ProcessVideoData size:27262 dts:17.517 pts:17.768 dur:41.000ms, clock:9.387 level:85
2021-07-14 12:05:53.905 T:5470 DEBUG : CVideoPlayer::ProcessVideoData size:9282 dts:17.559 pts:17.643 dur:41.000ms, clock:9.387 level:85
2021-07-14 12:05:53.905 T:5470 DEBUG : CVideoPlayer::ProcessVideoData size:5998 dts:17.601 pts:17.601 dur:41.000ms, clock:9.388 level:86
2021-07-14 12:05:53.906 T:5470 DEBUG : CVideoPlayer::ProcessVideoData size:7600 dts:17.643 pts:17.684 dur:41.000ms, clock:9.388 level:87
2021-07-14 12:05:53.906 T:5470 DEBUG : CVideoPlayer::ProcessVideoData size:7681 dts:17.684 pts:17.726 dur:41.000ms, clock:9.388 level:87
2021-07-14 12:05:53.906 T:5470 DEBUG : CVideoPlayer::ProcessVideoData size:53662 dts:17.726 pts:17.935 dur:41.000ms, clock:9.388 level:88
2021-07-14 12:05:53.906 T:5470 DEBUG : CVideoPlayer::ProcessVideoData size:14669 dts:17.768 pts:17.851 dur:41.000ms, clock:9.389 level:88
2021-07-14 12:05:53.907 T:5470 DEBUG : CVideoPlayer::ProcessVideoData size:11263 dts:17.809 pts:17.809 dur:41.000ms, clock:9.389 level:89
2021-07-14 12:05:53.907 T:5470 DEBUG : CVideoPlayer::ProcessVideoData size:10642 dts:17.851 pts:17.893 dur:41.000ms, clock:9.389 level:89
2021-07-14 12:05:53.927 T:5473 DEBUG : CVideoPlayerVideo::OutputPicture - ttd:308ms pts:9.718 Clock:9.409 Level:3
2021-07-14 12:05:53.971 T:5473 DEBUG : CVideoPlayerVideo::OutputPicture - ttd:307ms pts:9.760 Clock:9.453 Level:3
2021-07-14 12:05:53.972 T:5473 DEBUG : CVideoPlayerVideo::OutputPicture - ttd:346ms pts:9.801 Clock:9.454 Level:4
2021-07-14 12:05:54.052 T:5473 DEBUG : CVideoPlayerVideo::OutputPicture - ttd:308ms pts:9.843 Clock:9.534 Level:3
2021-07-14 12:05:54.095 T:5473 DEBUG : CVideoPlayerVideo::OutputPicture - ttd:307ms pts:9.885 Clock:9.578 Level:3
2021-07-14 12:05:54.097 T:5473 DEBUG : CVideoPlayerVideo::OutputPicture - ttd:348ms pts:9.927 Clock:9.579 Level:4
2021-07-14 12:05:54.142 T:5473 DEBUG : CVideoPlayerVideo::OutputPicture - ttd:343ms pts:9.968 Clock:9.625 Level:4
2021-07-14 12:05:54.150 T:5470 DEBUG : CVideoPlayer::ProcessVideoData size:62888 dts:17.893 pts:18.143 dur:41.000ms, clock:9.632 level:87
2021-07-14 12:05:54.151 T:5470 DEBUG : CVideoPlayer::ProcessVideoData size:36955 dts:17.935 pts:18.018 dur:41.000ms, clock:9.633 level:87
2021-07-14 12:05:54.151 T:5470 DEBUG : CVideoPlayer::ProcessVideoData size:23318 dts:17.976 pts:17.976 dur:41.000ms, clock:9.633 level:88
2021-07-14 12:05:54.152 T:5470 DEBUG : CVideoPlayer::ProcessVideoData size:23895 dts:18.018 pts:18.060 dur:41.000ms, clock:9.634 level:88
2021-07-14 12:05:54.152 T:5470 DEBUG : CVideoPlayer::ProcessVideoData size:23732 dts:18.060 pts:18.101 dur:41.000ms, clock:9.634 level:89
2021-07-14 12:05:54.201 T:5490 DEBUG : DEBUG: EMBY.core.HTTP: --->[ http ] { "params": { "ItemId": "13111", "MediaSourceId": "e1709acbe4dc426f9331c89658d66d0b", "PositionTicks": 96210002, "RunTimeTicks": 15700220947, "CanSeek": true, "QueueableMediaTypes": "Video,Audio", "VolumeLevel": 100, "IsPaused": false, "IsMuted": false, "PlaySessionId": "ea28b4a20e4946418ae1ade46cba16f5" }, "type": "POST", "url": "http://192.168.1.10:8096/emby/Sessions/Playing/Progress", "headers": { "Content-type": "application/json", "Accept-Charset": "UTF-8,*", "Accept-encoding": "gzip", "User-Agent": "Emby-Kodi/5.3.2", "Authorization": "Emby Client=Kodi, Device=Kodi (CoreELEC), DeviceId=C86BFD09CCFB4585AC3E449D31D74819, Version=5.3.2, UserId=de8aeadec54b4fa28d3772ebcf026587", "X-Emby-Token": "9cd631b3e7914b5d8ed6207750cefae7" }, "timeout": 30, "verify": true }
2021-07-14 12:05:54.220 T:5490 DEBUG : DEBUG: EMBY.core.HTTP: ---<[ http ][13 ms]
2021-07-14 12:05:54.302 T:5473 DEBUG : CVideoPlayerVideo::OutputPicture - ttd:225ms pts:10.010 Clock:9.784 Level:1
2021-07-14 12:05:54.303 T:5473 DEBUG : CVideoPlayerVideo::OutputPicture - ttd:266ms pts:10.052 Clock:9.785 Level:2
2021-07-14 12:05:54.304 T:5473 DEBUG : CVideoPlayerVideo::OutputPicture - ttd:306ms pts:10.093 Clock:9.787 Level:3
2021-07-14 12:05:54.344 T:5473 DEBUG : CVideoPlayerVideo::OutputPicture - ttd:309ms pts:10.135 Clock:9.826 Level:3
2021-07-14 12:05:54.345 T:5473 DEBUG : CVideoPlayerVideo::OutputPicture - ttd:349ms pts:10.177 Clock:9.827 Level:4
2021-07-14 12:05:54.396 T:5470 DEBUG : CVideoPlayer::ProcessVideoData size:57357 dts:18.101 pts:18.352 dur:41.000ms, clock:9.878 level:86
2021-07-14 12:05:54.397 T:5470 DEBUG : CVideoPlayer::ProcessVideoData size:41626 dts:18.143 pts:18.227 dur:41.000ms, clock:9.879 level:87
2021-07-14 12:05:54.397 T:5470 DEBUG : CVideoPlayer::ProcessVideoData size:27771 dts:18.185 pts:18.185 dur:41.000ms, clock:9.879 level:87
2021-07-14 12:05:54.397 T:5470 DEBUG : CVideoPlayer::ProcessVideoData size:28349 dts:18.227 pts:18.268 dur:41.000ms, clock:9.880 level:88
2021-07-14 12:05:54.398 T:5470 DEBUG : CVideoPlayer::ProcessVideoData size:28836 dts:18.268 pts:18.310 dur:41.000ms, clock:9.880 level:88
2021-07-14 12:05:54.431 T:5473 DEBUG : CVideoPlayerVideo::OutputPicture - ttd:306ms pts:10.219 Clock:9.913 Level:3
2021-07-14 12:05:54.432 T:5473 DEBUG : CVideoPlayerVideo::OutputPicture - ttd:345ms pts:10.260 Clock:9.914 Level:4
2021-07-14 12:05:54.552 T:5473 DEBUG : CVideoPlayerVideo::OutputPicture - ttd:267ms pts:10.302 Clock:10.034 Level:2
2021-07-14 12:05:54.553 T:5473 DEBUG : CVideoPlayerVideo::OutputPicture - ttd:308ms pts:10.344 Clock:10.036 Level:3
2021-07-14 12:05:54.593 T:5473 DEBUG : CVideoPlayerVideo::OutputPicture - ttd:309ms pts:10.385 Clock:10.075 Level:3
2021-07-14 12:05:54.639 T:5473 DEBUG : CVideoPlayerVideo::OutputPicture - ttd:306ms pts:10.427 Clock:10.121 Level:3
2021-07-14 12:05:54.640 T:5473 DEBUG : CVideoPlayerVideo::OutputPicture - ttd:346ms pts:10.469 Clock:10.122 Level:4
2021-07-14 12:05:54.652 T:5470 DEBUG : CVideoPlayer::ProcessVideoData size:80870 dts:18.310 pts:18.560 dur:41.000ms, clock:10.134 level:85
2021-07-14 12:05:54.653 T:5470 DEBUG : CVideoPlayer::ProcessVideoData size:41183 dts:18.352 pts:18.435 dur:41.000ms, clock:10.135 level:86
2021-07-14 12:05:54.653 T:5470 DEBUG : CVideoPlayer::ProcessVideoData size:29181 dts:18.393 pts:18.393 dur:41.000ms, clock:10.135 level:87
2021-07-14 12:05:54.653 T:5470 DEBUG : CVideoPlayer::ProcessVideoData size:30977 dts:18.435 pts:18.477 dur:41.000ms, clock:10.136 level:87
2021-07-14 12:05:54.654 T:5470 DEBUG : CVideoPlayer::ProcessVideoData size:30737 dts:18.477 pts:18.518 dur:41.000ms, clock:10.136 level:88
2021-07-14 12:05:54.695 T:5470 DEBUG : CVideoPlayer::ProcessVideoData size:60628 dts:18.518 pts:18.769 dur:41.000ms, clock:10.178 level:88
2021-07-14 12:05:54.696 T:5470 DEBUG : CVideoPlayer::ProcessVideoData size:43351 dts:18.560 pts:18.644 dur:41.000ms, clock:10.178 level:88
2021-07-14 12:05:54.696 T:5470 DEBUG : CVideoPlayer::ProcessVideoData size:36136 dts:18.602 pts:18.602 dur:41.000ms, clock:10.179 level:89
2021-07-14 12:05:54.697 T:5470 DEBUG : CVideoPlayer::ProcessVideoData size:29716 dts:18.644 pts:18.685 dur:41.000ms, clock:10.179 level:89
2021-07-14 12:05:54.697 T:5470 DEBUG : CVideoPlayer::ProcessVideoData size:30176 dts:18.685 pts:18.727 dur:41.000ms, clock:10.179 level:90
2021-07-14 12:05:54.719 T:5473 DEBUG : CVideoPlayerVideo::OutputPicture - ttd:308ms pts:10.510 Clock:10.201 Level:3
2021-07-14 12:05:54.765 T:5473 DEBUG : CVideoPlayerVideo::OutputPicture - ttd:305ms pts:10.552 Clock:10.247 Level:3
2021-07-14 12:05:54.766 T:5473 DEBUG : CVideoPlayerVideo::OutputPicture - ttd:345ms pts:10.594 Clock:10.248 Level:4
2021-07-14 12:05:54.850 T:5473 DEBUG : CVideoPlayerVideo::OutputPicture - ttd:304ms pts:10.636 Clock:10.332 Level:3
2021-07-14 12:05:54.889 T:5473 DEBUG : CVideoPlayerVideo::OutputPicture - ttd:305ms pts:10.677 Clock:10.371 Level:3
2021-07-14 12:05:54.890 T:5473 DEBUG : CVideoPlayerVideo::OutputPicture - ttd:346ms pts:10.719 Clock:10.373 Level:4
2021-07-14 12:05:54.930 T:5473 DEBUG : CVideoPlayerVideo::OutputPicture - ttd:349ms pts:10.761 Clock:10.412 Level:4
2021-07-14 12:05:55.001 T:5470 DEBUG : CVideoPlayer::ProcessVideoData size:51947 dts:18.727 pts:18.977 dur:41.000ms, clock:10.483 level:87
2021-07-14 12:05:55.002 T:5470 DEBUG : CVideoPlayer::ProcessVideoData size:36840 dts:18.769 pts:18.852 dur:41.000ms, clock:10.484 level:87
2021-07-14 12:05:55.002 T:5470 DEBUG : CVideoPlayer::ProcessVideoData size:23885 dts:18.810 pts:18.810 dur:41.000ms, clock:10.485 level:88
2021-07-14 12:05:55.003 T:5470 DEBUG : CVideoPlayer::ProcessVideoData size:23799 dts:18.852 pts:18.894 dur:41.000ms, clock:10.485 level:88
2021-07-14 12:05:55.003 T:5470 DEBUG : CVideoPlayer::ProcessVideoData size:23497 dts:18.894 pts:18.936 dur:41.000ms, clock:10.485 level:89
2021-07-14 12:05:55.056 T:5473 DEBUG : CVideoPlayerVideo::OutputPicture - ttd:263ms pts:10.802 Clock:10.538 Level:2
2021-07-14 12:05:55.057 T:5473 DEBUG : CVideoPlayerVideo::OutputPicture - ttd:304ms pts:10.844 Clock:10.539 Level:3
2021-07-14 12:05:55.095 T:5473 DEBUG : CVideoPlayerVideo::OutputPicture - ttd:309ms pts:10.886 Clock:10.577 Level:3
2021-07-14 12:05:55.096 T:5473 DEBUG : CVideoPlayerVideo::OutputPicture - ttd:349ms pts:10.928 Clock:10.578 Level:4
2021-07-14 12:05:55.224 T:5473 DEBUG : CVideoPlayerVideo::OutputPicture - ttd:262ms pts:10.969 Clock:10.706 Level:2
2021-07-14 12:05:55.225 T:5473 DEBUG : CVideoPlayerVideo::OutputPicture - ttd:303ms pts:11.011 Clock:10.707 Level:3
2021-07-14 12:05:55.247 T:5470 DEBUG : CVideoPlayer::ProcessVideoData size:36232 dts:18.936 pts:19.186 dur:41.000ms, clock:10.729 level:86
2021-07-14 12:05:55.247 T:5470 DEBUG : CVideoPlayer::ProcessVideoData size:24330 dts:18.977 pts:19.061 dur:41.000ms, clock:10.729 level:87
2021-07-14 12:05:55.247 T:5470 DEBUG : CVideoPlayer::ProcessVideoData size:15738 dts:19.019 pts:19.019 dur:41.000ms, clock:10.729 level:87
2021-07-14 12:05:55.248 T:5470 DEBUG : CVideoPlayer::ProcessVideoData size:16921 dts:19.061 pts:19.102 dur:41.000ms, clock:10.730 level:88
2021-07-14 12:05:55.248 T:5470 DEBUG : CVideoPlayer::ProcessVideoData size:16499 dts:19.102 pts:19.144 dur:41.000ms, clock:10.730 level:88
2021-07-14 12:05:55.262 T:5473 DEBUG : CVideoPlayerVideo::OutputPicture - ttd:308ms pts:11.053 Clock:10.744 Level:3
2021-07-14 12:05:55.306 T:5473 DEBUG : CVideoPlayerVideo::OutputPicture - ttd:306ms pts:11.094 Clock:10.788 Level:3
2021-07-14 12:05:55.307 T:5473 DEBUG : CVideoPlayerVideo::OutputPicture - ttd:346ms pts:11.136 Clock:10.789 Level:4
2021-07-14 12:05:55.345 T:5473 DEBUG : CVideoPlayerVideo::OutputPicture - ttd:351ms pts:11.178 Clock:10.827 Level:4
2021-07-14 12:05:55.388 T:5473 DEBUG : CVideoPlayerVideo::OutputPicture - ttd:349ms pts:11.220 Clock:10.870 Level:4
2021-07-14 12:05:55.432 T:5473 DEBUG : CVideoPlayerVideo::OutputPicture - ttd:347ms pts:11.261 Clock:10.914 Level:4
2021-07-14 12:05:55.475 T:5473 DEBUG : CVideoPlayerVideo::OutputPicture - ttd:345ms pts:11.303 Clock:10.957 Level:4
2021-07-14 12:05:55.502 T:5470 DEBUG : CVideoPlayer::ProcessVideoData size:37089 dts:19.144 pts:19.394 dur:41.000ms, clock:10.984 level:85
2021-07-14 12:05:55.502 T:5470 DEBUG : CVideoPlayer::ProcessVideoData size:27614 dts:19.186 pts:19.269 dur:41.000ms, clock:10.984 level:86
2021-07-14 12:05:55.503 T:5470 DEBUG : CVideoPlayer::ProcessVideoData size:18052 dts:19.228 pts:19.228 dur:41.000ms, clock:10.985 level:87
2021-07-14 12:05:55.503 T:5470 DEBUG : CVideoPlayer::ProcessVideoData size:19507 dts:19.269 pts:19.311 dur:41.000ms, clock:10.985 level:87
2021-07-14 12:05:55.504 T:5470 DEBUG : CVideoPlayer::ProcessVideoData size:19596 dts:19.311 pts:19.353 dur:41.000ms, clock:10.986 level:88
2021-07-14 12:05:55.513 T:5473 DEBUG : CVideoPlayerVideo::OutputPicture - ttd:350ms pts:11.345 Clock:10.995 Level:4
2021-07-14 12:05:55.556 T:5473 DEBUG : CVideoPlayerVideo::OutputPicture - ttd:347ms pts:11.386 Clock:11.039 Level:4
2021-07-14 12:05:55.678 T:5473 DEBUG : CVideoPlayerVideo::OutputPicture - ttd:267ms pts:11.428 Clock:11.160 Level:2
2021-07-14 12:05:55.679 T:5473 DEBUG : CVideoPlayerVideo::OutputPicture - ttd:308ms pts:11.470 Clock:11.162 Level:3
2021-07-14 12:05:55.723 T:5473 DEBUG : CVideoPlayerVideo::OutputPicture - ttd:306ms pts:11.511 Clock:11.205 Level:3
2021-07-14 12:05:55.724 T:5473 DEBUG : CVideoPlayerVideo::OutputPicture - ttd:346ms pts:11.553 Clock:11.206 Level:4
2021-07-14 12:05:55.747 T:5470 DEBUG : CVideoPlayer::ProcessVideoData size:70735 dts:19.353 pts:19.603 dur:41.000ms, clock:11.229 level:85
2021-07-14 12:05:55.748 T:5470 DEBUG : CVideoPlayer::ProcessVideoData size:26491 dts:19.394 pts:19.478 dur:41.000ms, clock:11.230 level:85
2021-07-14 12:05:55.748 T:5470 DEBUG : CVideoPlayer::ProcessVideoData size:16854 dts:19.436 pts:19.436 dur:41.000ms, clock:11.230 level:86
2021-07-14 12:05:55.748 T:5470 DEBUG : CVideoPlayer::ProcessVideoData size:18898 dts:19.478 pts:19.519 dur:41.000ms, clock:11.230 level:87
2021-07-14 12:05:55.748 T:5470 DEBUG : CVideoPlayer::ProcessVideoData size:22142 dts:19.519 pts:19.561 dur:41.000ms, clock:11.231 level:87
2021-07-14 12:05:55.749 T:5470 DEBUG : CVideoPlayer::ProcessVideoData size:68754 dts:19.561 pts:19.811 dur:41.000ms, clock:11.231 level:88
2021-07-14 12:05:55.749 T:5470 DEBUG : CVideoPlayer::ProcessVideoData size:45368 dts:19.603 pts:19.686 dur:41.000ms, clock:11.232 level:88
2021-07-14 12:05:55.750 T:5470 DEBUG : CVideoPlayer::ProcessVideoData size:31469 dts:19.645 pts:19.645 dur:41.000ms, clock:11.232 level:89
2021-07-14 12:05:55.750 T:5470 DEBUG : CVideoPlayer::ProcessVideoData size:30217 dts:19.686 pts:19.728 dur:41.000ms, clock:11.232 level:89
2021-07-14 12:05:55.750 T:5470 DEBUG : CVideoPlayer::ProcessVideoData size:29075 dts:19.728 pts:19.770 dur:41.000ms, clock:11.233 level:90
2021-07-14 12:05:55.849 T:5473 DEBUG : CVideoPlayerVideo::OutputPicture - ttd:264ms pts:11.595 Clock:11.331 Level:2
2021-07-14 12:05:55.850 T:5473 DEBUG : CVideoPlayerVideo::OutputPicture - ttd:304ms pts:11.637 Clock:11.332 Level:3
2021-07-14 12:05:55.887 T:5473 DEBUG : CVideoPlayerVideo::OutputPicture - ttd:308ms pts:11.678 Clock:11.369 Level:3
2021-07-14 12:05:55.933 T:5473 DEBUG : CVideoPlayerVideo::OutputPicture - ttd:305ms pts:11.720 Clock:11.415 Level:3
2021-07-14 12:05:55.934 T:5473 DEBUG : CVideoPlayerVideo::OutputPicture - ttd:345ms pts:11.762 Clock:11.416 Level:4
2021-07-14 12:05:55.953 T:5470 DEBUG : CVideoPlayer::ProcessVideoData size:72241 dts:19.770 pts:19.978 dur:41.000ms, clock:11.436 level:88
2021-07-14 12:05:55.954 T:5470 DEBUG : CVideoPlayer::ProcessVideoData size:45432 dts:19.811 pts:19.895 dur:41.000ms, clock:11.436 level:88
2021-07-14 12:05:55.954 T:5470 DEBUG : CVideoPlayer::ProcessVideoData size:30424 dts:19.853 pts:19.853 dur:41.000ms, clock:11.436 level:89
2021-07-14 12:05:55.955 T:5470 DEBUG : CVideoPlayer::ProcessVideoData size:31102 dts:19.895 pts:19.937 dur:41.000ms, clock:11.437 level:89
2021-07-14 12:05:55.956 T:5470 DEBUG : CVideoPlayer::ProcessVideoData size:197575 dts:19.937 pts:20.020 dur:41.000ms, clock:11.438 level:90
2021-07-14 12:05:56.057 T:5473 DEBUG : CVideoPlayerVideo::OutputPicture - ttd:264ms pts:11.803 Clock:11.539 Level:2
2021-07-14 12:05:56.058 T:5473 DEBUG : CVideoPlayerVideo::OutputPicture - ttd:304ms pts:11.845 Clock:11.540 Level:3
2021-07-14 12:05:56.095 T:5473 DEBUG : CVideoPlayerVideo::OutputPicture - ttd:309ms pts:11.887 Clock:11.578 Level:3
2021-07-14 12:05:56.141 T:5473 DEBUG : CVideoPlayerVideo::OutputPicture - ttd:305ms pts:11.929 Clock:11.623 Level:3
2021-07-14 12:05:56.142 T:5473 DEBUG : CVideoPlayerVideo::OutputPicture - ttd:345ms pts:11.970 Clock:11.624 Level:4
2021-07-14 12:05:56.250 T:5470 DEBUG : CVideoPlayer::ProcessVideoData size:63896 dts:19.978 pts:20.229 dur:41.000ms, clock:11.732 level:87
2021-07-14 12:05:56.250 T:5470 DEBUG : CVideoPlayer::ProcessVideoData size:49942 dts:20.020 pts:20.103 dur:41.000ms, clock:11.732 level:87
2021-07-14 12:05:56.251 T:5470 DEBUG : CVideoPlayer::ProcessVideoData size:33272 dts:20.062 pts:20.062 dur:41.000ms, clock:11.733 level:88
2021-07-14 12:05:56.251 T:5470 DEBUG : CVideoPlayer::ProcessVideoData size:33505 dts:20.103 pts:20.145 dur:41.000ms, clock:11.733 level:88
2021-07-14 12:05:56.251 T:5470 DEBUG : CVideoPlayer::ProcessVideoData size:33697 dts:20.145 pts:20.187 dur:41.000ms, clock:11.734 level:89
2021-07-14 12:05:56.265 T:5473 DEBUG : CVideoPlayerVideo::OutputPicture - ttd:264ms pts:12.012 Clock:11.748 Level:2
2021-07-14 12:05:56.267 T:5473 DEBUG : CVideoPlayerVideo::OutputPicture - ttd:305ms pts:12.054 Clock:11.749 Level:3
2021-07-14 12:05:56.306 T:5473 DEBUG : CVideoPlayerVideo::OutputPicture - ttd:306ms pts:12.095 Clock:11.788 Level:3
2021-07-14 12:05:56.352 T:5473 DEBUG : CVideoPlayerVideo::OutputPicture - ttd:303ms pts:12.137 Clock:11.834 Level:3
2021-07-14 12:05:56.353 T:5473 DEBUG : CVideoPlayerVideo::OutputPicture - ttd:343ms pts:12.179 Clock:11.835 Level:4
2021-07-14 12:05:56.471 T:5473 DEBUG : CVideoPlayerVideo::OutputPicture - ttd:267ms pts:12.221 Clock:11.953 Level:2
2021-07-14 12:05:56.472 T:5473 DEBUG : CVideoPlayerVideo::OutputPicture - ttd:307ms pts:12.262 Clock:11.954 Level:3
2021-07-14 12:05:56.505 T:5470 DEBUG : CVideoPlayer::ProcessVideoData size:38855 dts:20.187 pts:20.437 dur:41.000ms, clock:11.987 level:86
2021-07-14 12:05:56.506 T:5470 DEBUG : CVideoPlayer::ProcessVideoData size:25627 dts:20.229 pts:20.312 dur:41.000ms, clock:11.988 level:87
2021-07-14 12:05:56.506 T:5470 DEBUG : CVideoPlayer::ProcessVideoData size:16644 dts:20.270 pts:20.270 dur:41.000ms, clock:11.988 level:87
2021-07-14 12:05:56.506 T:5470 DEBUG : CVideoPlayer::ProcessVideoData size:18162 dts:20.312 pts:20.354 dur:41.000ms, clock:11.988 level:88
2021-07-14 12:05:56.506 T:5470 DEBUG : CVideoPlayer::ProcessVideoData size:18649 dts:20.354 pts:20.395 dur:41.000ms, clock:11.989 level:88
2021-07-14 12:05:56.516 T:5473 DEBUG : CVideoPlayerVideo::OutputPicture - ttd:305ms pts:12.304 Clock:11.998 Level:3
2021-07-14 12:05:56.517 T:5473 DEBUG : CVideoPlayerVideo::OutputPicture - ttd:346ms pts:12.346 Clock:11.999 Level:4
2021-07-14 12:05:56.639 T:5473 DEBUG : CVideoPlayerVideo::OutputPicture - ttd:265ms pts:12.387 Clock:12.121 Level:2
2021-07-14 12:05:56.640 T:5473 DEBUG : CVideoPlayerVideo::OutputPicture - ttd:306ms pts:12.429 Clock:12.122 Level:3
2021-07-14 12:05:56.678 T:5473 DEBUG : CVideoPlayerVideo::OutputPicture - ttd:311ms pts:12.471 Clock:12.160 Level:3
2021-07-14 12:05:56.683 T:4973 DEBUG : CLibInputKeyboard::ProcessKey - using delay: 250ms repeat: 33ms
2021-07-14 12:05:56.684 T:5494 DEBUG : Thread Timer start, auto delete: false
2021-07-14 12:05:56.713 T:4946 DEBUG : Keyboard: scancode: 0x02, sym: 0x0031, unicode: 0x0031, modifier: 0x0
2021-07-14 12:05:56.713 T:4946 DEBUG : HandleKey: one (0xf031) pressed, action is stop
2021-07-14 12:05:56.713 T:4946 INFO : CVideoPlayer::CloseFile()
2021-07-14 12:05:56.714 T:4946 DEBUG : DeleteRenderer - deleting renderer
2021-07-14 12:05:56.714 T:4946 INFO : VideoPlayer: waiting for threads to exit
2021-07-14 12:05:56.719 T:5470 INFO : CVideoPlayer::OnExit()
2021-07-14 12:05:56.719 T:5470 INFO : Closing stream player 1
2021-07-14 12:05:56.719 T:5470 INFO : Waiting for audio thread to exit
2021-07-14 12:05:56.741 T:5473 DEBUG : CVideoPlayerVideo::OutputPicture - ttd:308ms pts:12.512 Clock:12.203 Level:0
2021-07-14 12:05:56.745 T:5474 INFO : thread end: CVideoPlayerAudio::OnExit()
2021-07-14 12:05:56.745 T:5474 DEBUG : Thread VideoPlayerAudio 3376235136 terminating
2021-07-14 12:05:56.745 T:5470 INFO : Closing audio device
2021-07-14 12:05:56.762 T:5473 DEBUG : CVideoPlayerVideo::OutputPicture - ttd:329ms pts:12.554 Clock:12.225 Level:0
2021-07-14 12:05:56.795 T:5470 DEBUG : CDVDAudio::Flush - flush audio stream
2021-07-14 12:05:56.795 T:4956 DEBUG : CActiveAE::DiscardStream - audio stream deleted
2021-07-14 12:05:56.795 T:4956 DEBUG : CActiveAE::ClearDiscardedBuffers - buffer pool deleted
2021-07-14 12:05:56.796 T:5470 INFO : Skipped 2 duplicate messages..
2021-07-14 12:05:56.796 T:5470 INFO : Deleting audio codec
2021-07-14 12:05:56.796 T:5470 INFO : Closing stream player 2
2021-07-14 12:05:56.796 T:5470 INFO : waiting for video thread to exit
2021-07-14 12:05:56.796 T:4957 INFO : CActiveAESink::OpenSink - initialize sink
2021-07-14 12:05:56.798 T:5473 DEBUG : CVideoPlayerVideo::OutputPicture - ttd:335ms pts:12.596 Clock:12.261 Level:0
2021-07-14 12:05:56.798 T:5473 INFO : thread end: video_thread
2021-07-14 12:05:56.798 T:5473 DEBUG : Thread VideoPlayerVideo 3342664320 terminating
2021-07-14 12:05:56.800 T:5470 INFO : deleting video codec
2021-07-14 12:05:56.800 T:5470 DEBUG : CAMLCodec::CloseDecoder
2021-07-14 12:05:56.812 T:5470 DEBUG : CAMLVideoBufferPool::~CAMLVideoBufferPool: Deleting 6 buffers
2021-07-14 12:05:56.812 T:5470 INFO : Closing stream player 3
2021-07-14 12:05:56.821 T:5472 DEBUG : Thread FileCache 3334271616 terminating
2021-07-14 12:05:56.824 T:5470 DEBUG : Thread VideoPlayer 3359449728 terminating
2021-07-14 12:05:56.824 T:4946 INFO : VideoPlayer: finished waiting
2021-07-14 12:05:56.824 T:4946 INFO : CVideoPlayer::CloseFile()
2021-07-14 12:05:56.824 T:4946 INFO : VideoPlayer: waiting for threads to exit
2021-07-14 12:05:56.824 T:4946 INFO : VideoPlayer: finished waiting
2021-07-14 12:05:56.825 T:5014 DEBUG : DoWork - Saving file state for video item http://127.0.0.1:57578/tvshows/12239/13111-e1709acbe4dc426f9331c89658d66d0b-5977845-stream-Mr.Inbetween.S03E02.1080p.WEB.H264-GGEZ.mkv
2021-07-14 12:05:56.826 T:4946 DEBUG : Radio UECP (RDS) Processor - delete ~CDVDRadioRDSData
2021-07-14 12:05:56.841 T:5094 DEBUG : OnPlayBackStopped: CApplication::OnPlayBackStopped
2021-07-14 12:05:56.846 T:4946 DEBUG : CGUIWindowManager::PreviousWindow: Deactivate
2021-07-14 12:05:56.848 T:4946 DEBUG : ------ Window Deinit (VideoFullScreen.xml) ------
2021-07-14 12:05:56.859 T:5494 DEBUG : Thread Timer 3412886144 terminating
2021-07-14 12:05:56.869 T:4946 DEBUG : AMLUtils::aml_handle_display_stereo_mode old mode 3doff new mode 3doff
2021-07-14 12:05:56.869 T:4946 DEBUG : AMLUtils::aml_handle_display_stereo_mode - no change needed
2021-07-14 12:05:56.869 T:4946 ERROR : GetString: error reading /sys/class/amhdmitx/amhdmitx0/custom_mode
2021-07-14 12:05:56.995 T:4957 DEBUG : CActiveAESink::OpenSink - trying to open device ALSA:hdmi:CARD=AMLAUGESOUND,DEV=0
2021-07-14 12:05:56.995 T:4957 INFO : CAESinkALSA::Initialize - Attempting to open device "hdmi:CARD=AMLAUGESOUND,DEV=0"
2021-07-14 12:05:57.000 T:4946 DEBUG : AMLUtils::aml_handle_display_stereo_mode old mode 3doff new mode 3doff
2021-07-14 12:05:57.000 T:4946 DEBUG : AMLUtils::aml_handle_display_stereo_mode - no change needed
2021-07-14 12:05:57.000 T:4946 INFO : GLES: Maximum texture width: 8192
2021-07-14 12:05:57.004 T:4957 INFO : CAESinkALSA::Initialize - Opened device "hdmi:CARD=AMLAUGESOUND,DEV=0,AES0=0x04,AES1=0x82,AES2=0x00,AES3=0x00"
2021-07-14 12:05:57.005 T:4946 DEBUG : CGUIWindowManager::PreviousWindow: Activate new
2021-07-14 12:05:57.005 T:4957 INFO : CAESinkALSA::InitializeHW - Your hardware does not support AE_FMT_FLOAT, trying other formats
2021-07-14 12:05:57.005 T:4957 INFO : CAESinkALSA::InitializeHW - Using data format AE_FMT_S16NE
2021-07-14 12:05:57.005 T:4957 DEBUG : CAESinkALSA::InitializeHW - Request: periodSize 2205, bufferSize 8820
2021-07-14 12:05:57.006 T:4957 DEBUG : CAESinkALSA::InitializeHW - Got: periodSize 2205, bufferSize 8820
2021-07-14 12:05:57.006 T:4957 DEBUG : CAESinkALSA::InitializeHW - Setting timeout to 200 ms
2021-07-14 12:05:57.006 T:4957 DEBUG : CAESinkALSA::GetChannelLayout - Input Channel Count: 2 Output Channel Count: 2
2021-07-14 12:05:57.006 T:4957 DEBUG : CAESinkALSA::GetChannelLayout - Requested Layout: FL, FR
2021-07-14 12:05:57.006 T:4957 DEBUG : CAESinkALSA::GetChannelLayout - Got Layout: FL, FR (ALSA: none)
2021-07-14 12:05:57.006 T:4957 DEBUG : CActiveAESink::OpenSink - ALSA Initialized:
2021-07-14 12:05:57.006 T:4957 DEBUG : Output Device : AML-AUGESOUND
2021-07-14 12:05:57.006 T:4957 DEBUG : Sample Rate : 44100
2021-07-14 12:05:57.006 T:4957 DEBUG : Sample Format : AE_FMT_S16NE
2021-07-14 12:05:57.006 T:4957 DEBUG : Channel Count : 2
2021-07-14 12:05:57.006 T:4957 DEBUG : Channel Layout: FL, FR
2021-07-14 12:05:57.006 T:4957 DEBUG : Frames : 2205
2021-07-14 12:05:57.006 T:4957 DEBUG : Frame Size : 4
2021-07-14 12:05:57.010 T:4956 DEBUG : CActiveAE::ClearDiscardedBuffers - buffer pool deleted
2021-07-14 12:05:57.016 T:4946 INFO : Skipped 1 duplicate messages..
2021-07-14 12:05:57.016 T:4946 DEBUG : ------ Window Init (MyVideoNav.xml) ------
2021-07-14 12:05:57.020 T:4946 DEBUG : CGUIMediaWindow::GetDirectory (videodb://tvshows/titles/27/-2/?tvshowid=27)
2021-07-14 12:05:57.020 T:4946 DEBUG : ParentPath = [videodb://tvshows/titles/27/-2/?tvshowid=27]
2021-07-14 12:05:57.033 T:4946 DEBUG : WindowVideoNav::GetDirectory
2021-07-14 12:05:57.036 T:5504 DEBUG : Thread BackgroundLoader start, auto delete: false
2021-07-14 12:05:57.048 T:4946 DEBUG : Keyboard: scancode: 0x02, sym: 0x0031, unicode: 0x0031, modifier: 0x0
2021-07-14 12:05:57.050 T:5094 DEBUG : ffmpeg[0x3fb0388X]: [image2] Custom AVIOContext makes no sense and will be ignored with AVFMT_NOFILE format.
2021-07-14 12:05:57.054 T:5009 DEBUG : ffmpeg[0x212ffd8X]: [image2] Custom AVIOContext makes no sense and will be ignored with AVFMT_NOFILE format.
2021-07-14 12:05:57.054 T:5014 DEBUG : ffmpeg[0x3119df0X]: [image2] Custom AVIOContext makes no sense and will be ignored with AVFMT_NOFILE format.
2021-07-14 12:05:57.055 T:5013 DEBUG : ffmpeg[0x3119c40X]: [image2] Custom AVIOContext makes no sense and will be ignored with AVFMT_NOFILE format.
2021-07-14 12:05:57.057 T:5504 DEBUG : Thread BackgroundLoader 3421278848 terminating
2021-07-14 12:05:57.067 T:5013 DEBUG : ffmpeg[0x3119c40X]: [image2] Custom AVIOContext makes no sense and will be ignored with AVFMT_NOFILE format.
2021-07-14 12:05:57.074 T:5009 INFO : Skipped 1 duplicate messages..
2021-07-14 12:05:57.074 T:5009 DEBUG : ffmpeg[0x212ffd8X]: [image2] Custom AVIOContext makes no sense and will be ignored with AVFMT_NOFILE format.
2021-07-14 12:05:57.152 T:5024 INFO : Skipped 1 duplicate messages..
2021-07-14 12:05:57.152 T:5024 INFO : INFO: EMBY.hooks.player.Player: [ onPlayBackStopped ]
2021-07-14 12:05:57.153 T:5024 DEBUG : DEBUG: EMBY.hooks.player.Player: [ played info ] {'Id': '13111', 'Tracking': True, 'Type': 'episode', 'Volume': 100, 'Muted': False, 'MediaSourceId': 'e1709acbe4dc426f9331c89658d66d0b', 'EmbyServer': , 'RunTime': 15700220947, 'CurrentPosition': 96210002, 'Paused': False, 'library': , 'PlaySessionId': 'ea28b4a20e4946418ae1ade46cba16f5'}
2021-07-14 12:05:57.154 T:5024 DEBUG : DEBUG: EMBY.core.HTTP: --->[ http ] { "params": { "ItemId": "13111", "MediaSourceId": "e1709acbe4dc426f9331c89658d66d0b", "PositionTicks": 96210002, "PlaySessionId": "ea28b4a20e4946418ae1ade46cba16f5" }, "type": "POST", "url": "http://192.168.1.10:8096/emby/Sessions/Playing/Stopped", "headers": { "Content-type": "application/json", "Accept-Charset": "UTF-8,*", "Accept-encoding": "gzip", "User-Agent": "Emby-Kodi/5.3.2", "Authorization": "Emby Client=Kodi, Device=Kodi (CoreELEC), DeviceId=C86BFD09CCFB4585AC3E449D31D74819, Version=5.3.2, UserId=de8aeadec54b4fa28d3772ebcf026587", "X-Emby-Token": "9cd631b3e7914b5d8ed6207750cefae7" }, "timeout": 30, "verify": true }
2021-07-14 12:05:57.162 T:5024 DEBUG : DEBUG: EMBY.core.HTTP: ---<[ http ][6 ms]
2021-07-14 12:05:57.163 T:5024 INFO : INFO: EMBY.hooks.player.Player: --<[ playback ]
2021-07-14 12:05:57.764 T:5505 INFO : INFO: EMBY.hooks.monitor.Monitor: [ UserDataChanged ] {'ServerId': '582d15c7dab04b7fb851ac18d8445893', 'UserDataList': [{'IsFavorite': False, 'ItemId': '13111', 'LastPlayedDate': '2021-07-14T02:05:44.0000000+00:00', 'PlayCount': 9, 'PlaybackPositionTicks': 0, 'Played': True}, {'IsFavorite': False, 'ItemId': '13106', 'PlayCount': 0, 'PlaybackPositionTicks': 0, 'Played': True, 'UnplayedItemCount': 0}], 'UserId': 'de8aeadec54b4fa28d3772ebcf026587', 'MonitorMethod': 'UserDataChanged'}
2021-07-14 12:05:57.764 T:5505 INFO : INFO: EMBY.hooks.monitor.Monitor: [ skip update/13111 ]
2021-07-14 12:05:57.767 T:5505 DEBUG : DEBUG: EMBY.database.database: --->[ database: emby ] 3858858184
2021-07-14 12:05:57.767 T:5505 DEBUG : DEBUG: EMBY.database.database: ---<[ database: emby ] 3858858184
2021-07-14 12:05:57.768 T:5505 INFO : INFO: EMBY.hooks.monitor.Monitor: [ skip update/13106 ]
2021-07-14 12:05:57.769 T:5505 INFO : INFO: EMBY.hooks.monitor.Monitor: [ skip reset ]
2021-07-14 12:05:58.172 T:5028 DEBUG : DatabaseUtils::GetSortFieldList: unknown field 36
2021-07-14 12:06:04.308 T:5094 INFO : Skipped 14 duplicate messages..
2021-07-14 12:06:04.308 T:5094 DEBUG : ffmpeg[0x3fb0388X]: [image2] Custom AVIOContext makes no sense and will be ignored with AVFMT_NOFILE format.