2021-07-14 12:04:50.991 T:5270 INFO : ffmpeg[0x38c8d80X]: Stream #0:1(eng): Audio: eac3, 48000 Hz, 6 channels, fltp (default)
2021-07-14 12:04:50.991 T:5270 INFO : ffmpeg[0x38c8d80X]: Stream #0:2(eng): Subtitle: subrip
2021-07-14 12:04:50.991 T:5270 INFO : ffmpeg[0x38c8d80X]: Metadata:
2021-07-14 12:04:50.991 T:5270 INFO : ffmpeg[0x38c8d80X]: title : English
2021-07-14 12:04:50.991 T:5270 DEBUG : DVDDemuxFFmpeg::AddStream - fps:24000/1001 tbr:24000/1001 tbn:48000/1001
2021-07-14 12:04:50.991 T:5270 DEBUG : DVDDemuxFFmpeg::AddStream - fps:24000/1001p
2021-07-14 12:04:50.991 T:5270 DEBUG : CDVDDemuxFFmpeg::AddStream ID: 0
2021-07-14 12:04:50.991 T:5270 DEBUG : CDVDDemuxFFmpeg::AddStream ID: 1
2021-07-14 12:04:50.991 T:5270 DEBUG : CDVDDemuxFFmpeg::AddStream ID: 2
2021-07-14 12:04:50.992 T:5270 DEBUG : CDVDInputStreamFile::SetReadRate - set cache throttle rate to 837333 bytes per second
2021-07-14 12:04:50.992 T:5270 INFO : Opening stream: 0 source: 256
2021-07-14 12:04:50.992 T:5270 INFO : CVideoPlayerVideo::OpenStream - Creating codec: 27
2021-07-14 12:04:50.992 T:5270 DEBUG : DVDVideoCodecAmlogic::Open - codec 27 profile:100 extra_size:46 fps:24000/1001
2021-07-14 12:04:50.992 T:5270 INFO : CBitstreamConverter::Open bitstream to annexb init
2021-07-14 12:04:50.992 T:5270 INFO : DVDVideoCodecAmlogic: Opened Amlogic Codec
2021-07-14 12:04:50.992 T:5270 DEBUG : CVideoPlayerVideo::OpenStream - open stream with codec id: 27 fps:24000/1001 options:02
2021-07-14 12:04:50.992 T:5270 INFO : Creating video thread
2021-07-14 12:04:50.998 T:5275 DEBUG : Thread VideoPlayerVideo start, auto delete: false
2021-07-14 12:04:50.998 T:5275 INFO : running thread: video_thread
2021-07-14 12:04:50.998 T:5275 DEBUG : CVideoPlayerVideo - CDVDMsg::GENERAL_PAUSE: 0
2021-07-14 12:04:50.998 T:5270 INFO : Opening stream: 1 source: 256
2021-07-14 12:04:50.998 T:5270 INFO : Finding audio codec for: 86056
2021-07-14 12:04:50.998 T:5270 INFO : Creating audio thread
2021-07-14 12:04:51.000 T:5276 DEBUG : Thread VideoPlayerAudio start, auto delete: false
2021-07-14 12:04:51.000 T:5276 INFO : running thread: CVideoPlayerAudio::Process()
2021-07-14 12:04:51.000 T:5270 INFO : Opening stream: 2 source: 256
2021-07-14 12:04:51.000 T:5276 DEBUG : CVideoPlayerAudio - CDVDMsg::GENERAL_PAUSE: 0
2021-07-14 12:04:51.000 T:5270 DEBUG : CDVDClock::SetSpeedAdjust - adjusted:0.000000
2021-07-14 12:04:51.000 T:5275 DEBUG : CAMLCodec::SetSpeed, speed(0)
2021-07-14 12:04:51.000 T:5270 DEBUG : CVideoPlayer::HandleMessages - player 2 reported state: 0
2021-07-14 12:04:51.000 T:5275 DEBUG : CAMLCodec::SetSpeed, speed(1000)
2021-07-14 12:04:51.001 T:5270 DEBUG : CVideoPlayer::HandleMessages - player 1 reported state: 0
2021-07-14 12:04:51.001 T:5270 DEBUG : CVideoPlayer::ProcessVideoData size:25614 dts:18442240474082.180 pts:0.000 dur:41.000ms, clock:-0.500 level:0
2021-07-14 12:04:51.001 T:5094 DEBUG : OnAVChange: CApplication::OnAVChange
2021-07-14 12:04:51.001 T:5270 DEBUG : CDVDClock::SetSpeedAdjust - adjusted:0.000000
2021-07-14 12:04:51.001 T:5270 INFO : Skipped 1 duplicate messages..
2021-07-14 12:04:51.001 T:5270 DEBUG : CVideoPlayer::ProcessVideoData size:11796 dts:18442240474082.180 pts:0.209 dur:41.000ms, clock:-0.291 level:0
2021-07-14 12:04:51.001 T:5275 DEBUG : CAMLCodec::SetSpeed, speed(0)
2021-07-14 12:04:51.001 T:5270 DEBUG : CVideoPlayer::CheckContinuity - wrapback :2, prev:209000.000000, curr:0.000000, diff:-209000.000000
2021-07-14 12:04:51.001 T:5275 DEBUG : CVideoPlayerVideo - Stillframe left, switching to normal playback
2021-07-14 12:04:51.001 T:5270 DEBUG : CVideoPlayer::ProcessVideoData size:4899 dts:0.000 pts:0.083 dur:41.000ms, clock:-0.291 level:0
2021-07-14 12:04:51.001 T:5270 DEBUG : CVideoPlayer::ProcessVideoData size:2252 dts:0.042 pts:0.042 dur:41.000ms, clock:-0.291 level:0
2021-07-14 12:04:51.002 T:5270 DEBUG : CVideoPlayer::ProcessVideoData size:2748 dts:0.083 pts:0.125 dur:41.000ms, clock:-0.291 level:0
2021-07-14 12:04:51.002 T:5270 DEBUG : CVideoPlayer::ProcessVideoData size:2790 dts:0.125 pts:0.167 dur:41.000ms, clock:-0.291 level:0
2021-07-14 12:04:51.001 T:5275 INFO : DVDVideoCodecAmlogic::AddData Open decoder: fps:24000/1001
2021-07-14 12:04:51.002 T:5270 DEBUG : CVideoPlayer::ProcessVideoData size:7985 dts:0.167 pts:0.375 dur:41.000ms, clock:-0.291 level:0
2021-07-14 12:04:51.002 T:5270 DEBUG : CVideoPlayer::ProcessVideoData size:4924 dts:0.209 pts:0.292 dur:41.000ms, clock:-0.291 level:0
2021-07-14 12:04:51.002 T:5270 DEBUG : CVideoPlayer::ProcessVideoData size:2457 dts:0.250 pts:0.250 dur:41.000ms, clock:-0.291 level:0
2021-07-14 12:04:51.002 T:5270 DEBUG : CVideoPlayer::ProcessVideoData size:1572 dts:0.292 pts:0.334 dur:41.000ms, clock:-0.291 level:1
2021-07-14 12:04:51.002 T:5275 DEBUG : codecid_to_vformat, id(27) -> vformat(2)
2021-07-14 12:04:51.002 T:5275 DEBUG : codec_tag_to_vdec_type, codec_tag(27) -> vdec_type(4)
2021-07-14 12:04:51.002 T:5275 DEBUG : CAMLCodec::OpenDecoder hints.width(1920), hints.height(1080), hints.codec(27), hints.codec_tag(0)
2021-07-14 12:04:51.002 T:5270 DEBUG : CVideoPlayer::ProcessVideoData size:2254 dts:0.334 pts:0.584 dur:41.000ms, clock:-0.291 level:2
2021-07-14 12:04:51.002 T:5270 DEBUG : CVideoPlayer::ProcessVideoData size:4530 dts:0.375 pts:0.459 dur:41.000ms, clock:-0.291 level:2
2021-07-14 12:04:51.002 T:5270 DEBUG : CVideoPlayer::ProcessVideoData size:1519 dts:0.417 pts:0.417 dur:41.000ms, clock:-0.291 level:3
2021-07-14 12:04:51.002 T:5270 DEBUG : CVideoPlayer::ProcessVideoData size:1912 dts:0.459 pts:0.500 dur:41.000ms, clock:-0.291 level:3
2021-07-14 12:04:51.002 T:5275 DEBUG : CAMLCodec::OpenDecoder hints.fpsrate(24000), hints.fpsscale(1001), video_rate(4004)
2021-07-14 12:04:51.002 T:5270 DEBUG : CVideoPlayer::ProcessVideoData size:1349 dts:0.500 pts:0.542 dur:41.000ms, clock:-0.291 level:4
2021-07-14 12:04:51.002 T:5275 DEBUG : CAMLCodec::OpenDecoder hints.aspect(1.777778), video_ratio.num(1), video_ratio.den(1)
2021-07-14 12:04:51.002 T:5275 DEBUG : CAMLCodec::OpenDecoder hints.orientation(0), hints.forced_aspect(1), hints.extrasize(39)
2021-07-14 12:04:51.002 T:5270 DEBUG : CVideoPlayer::ProcessVideoData size:420 dts:0.542 pts:0.792 dur:41.000ms, clock:-0.291 level:4
2021-07-14 12:04:51.002 T:5270 DEBUG : CVideoPlayer::ProcessVideoData size:879 dts:0.584 pts:0.667 dur:41.000ms, clock:-0.291 level:5
2021-07-14 12:04:51.002 T:5270 DEBUG : CVideoPlayer::ProcessVideoData size:402 dts:0.626 pts:0.626 dur:41.000ms, clock:-0.291 level:5
2021-07-14 12:04:51.002 T:5270 DEBUG : CVideoPlayer::ProcessVideoData size:316 dts:0.667 pts:0.709 dur:41.000ms, clock:-0.291 level:6
2021-07-14 12:04:51.003 T:5270 DEBUG : CVideoPlayer::ProcessVideoData size:172 dts:0.709 pts:0.751 dur:41.000ms, clock:-0.291 level:6
2021-07-14 12:04:51.003 T:5270 DEBUG : CVideoPlayer::ProcessVideoData size:85 dts:0.751 pts:1.001 dur:41.000ms, clock:-0.291 level:7
2021-07-14 12:04:51.003 T:5270 DEBUG : CVideoPlayer::ProcessVideoData size:235 dts:0.792 pts:0.876 dur:41.000ms, clock:-0.291 level:7
2021-07-14 12:04:51.003 T:5270 DEBUG : CVideoPlayer::ProcessVideoData size:107 dts:0.834 pts:0.834 dur:41.000ms, clock:-0.291 level:8
2021-07-14 12:04:51.003 T:5270 DEBUG : CVideoPlayer::ProcessVideoData size:154 dts:0.876 pts:0.918 dur:41.000ms, clock:-0.291 level:8
2021-07-14 12:04:51.003 T:5270 DEBUG : CVideoPlayer::ProcessVideoData size:90 dts:0.918 pts:0.959 dur:41.000ms, clock:-0.291 level:9
2021-07-14 12:04:51.003 T:5270 DEBUG : CVideoPlayer::ProcessVideoData size:163990 dts:0.959 pts:1.168 dur:41.000ms, clock:-0.291 level:9
2021-07-14 12:04:51.003 T:5270 DEBUG : CVideoPlayer::ProcessVideoData size:8640 dts:1.001 pts:1.084 dur:41.000ms, clock:-0.291 level:10
2021-07-14 12:04:51.003 T:5270 DEBUG : CVideoPlayer::ProcessVideoData size:97 dts:1.043 pts:1.043 dur:41.000ms, clock:-0.291 level:10
2021-07-14 12:04:51.003 T:5270 DEBUG : CVideoPlayer::ProcessVideoData size:2107 dts:1.084 pts:1.126 dur:41.000ms, clock:-0.291 level:11
2021-07-14 12:04:51.004 T:5270 DEBUG : CVideoPlayer::ProcessVideoData size:45579 dts:1.126 pts:1.376 dur:41.000ms, clock:-0.291 level:11
2021-07-14 12:04:51.004 T:5270 DEBUG : CVideoPlayer::ProcessVideoData size:6289 dts:1.168 pts:1.251 dur:41.000ms, clock:-0.291 level:12
2021-07-14 12:04:51.004 T:5270 DEBUG : CVideoPlayer::ProcessVideoData size:3096 dts:1.210 pts:1.210 dur:41.000ms, clock:-0.291 level:12
2021-07-14 12:04:51.004 T:5270 DEBUG : CVideoPlayer::ProcessVideoData size:2074 dts:1.251 pts:1.293 dur:41.000ms, clock:-0.291 level:13
2021-07-14 12:04:51.004 T:5270 DEBUG : CVideoPlayer::ProcessVideoData size:3432 dts:1.293 pts:1.335 dur:41.000ms, clock:-0.291 level:14
2021-07-14 12:04:51.004 T:5270 DEBUG : CVideoPlayer::ProcessVideoData size:18501 dts:1.335 pts:1.501 dur:41.000ms, clock:-0.291 level:14
2021-07-14 12:04:51.004 T:5270 DEBUG : CVideoPlayer::ProcessVideoData size:7476 dts:1.376 pts:1.418 dur:41.000ms, clock:-0.291 level:15
2021-07-14 12:04:51.004 T:5270 DEBUG : CVideoPlayer::ProcessVideoData size:1866 dts:1.418 pts:1.460 dur:41.000ms, clock:-0.291 level:15
2021-07-14 12:04:51.004 T:5270 DEBUG : CVideoPlayer::ProcessVideoData size:17787 dts:1.460 pts:1.585 dur:41.000ms, clock:-0.291 level:16
2021-07-14 12:04:51.004 T:5270 DEBUG : CVideoPlayer::ProcessVideoData size:3611 dts:1.501 pts:1.543 dur:41.000ms, clock:-0.291 level:16
2021-07-14 12:04:51.004 T:5270 DEBUG : CVideoPlayer::ProcessVideoData size:36433 dts:1.543 pts:1.752 dur:41.000ms, clock:-0.291 level:17
2021-07-14 12:04:51.004 T:5270 DEBUG : CVideoPlayer::ProcessVideoData size:7517 dts:1.585 pts:1.668 dur:41.000ms, clock:-0.291 level:17
2021-07-14 12:04:51.004 T:5270 DEBUG : CVideoPlayer::ProcessVideoData size:3039 dts:1.627 pts:1.627 dur:41.000ms, clock:-0.291 level:18
2021-07-14 12:04:51.004 T:5270 DEBUG : CVideoPlayer::ProcessVideoData size:2471 dts:1.668 pts:1.710 dur:41.000ms, clock:-0.291 level:18
2021-07-14 12:04:51.005 T:5270 DEBUG : CVideoPlayer::ProcessVideoData size:24896 dts:1.710 pts:1.919 dur:41.000ms, clock:-0.291 level:19
2021-07-14 12:04:51.005 T:5270 DEBUG : CVideoPlayer::ProcessVideoData size:6804 dts:1.752 pts:1.835 dur:41.000ms, clock:-0.291 level:19
2021-07-14 12:04:51.005 T:5270 DEBUG : CVideoPlayer::ProcessVideoData size:1679 dts:1.793 pts:1.793 dur:41.000ms, clock:-0.291 level:20
2021-07-14 12:04:51.005 T:5270 DEBUG : CVideoPlayer::ProcessVideoData size:2161 dts:1.835 pts:1.877 dur:41.000ms, clock:-0.291 level:20
2021-07-14 12:04:51.005 T:5270 DEBUG : CVideoPlayer::ProcessVideoData size:36085 dts:1.877 pts:2.127 dur:41.000ms, clock:-0.291 level:21
2021-07-14 12:04:51.005 T:5270 DEBUG : CVideoPlayer::ProcessVideoData size:8839 dts:1.919 pts:2.002 dur:41.000ms, clock:-0.291 level:21
2021-07-14 12:04:51.005 T:5270 DEBUG : CVideoPlayer::ProcessVideoData size:2090 dts:1.960 pts:1.960 dur:41.000ms, clock:-0.291 level:22
2021-07-14 12:04:51.005 T:5270 DEBUG : CVideoPlayer::ProcessVideoData size:9931 dts:2.002 pts:2.044 dur:41.000ms, clock:-0.291 level:22
2021-07-14 12:04:51.005 T:5270 DEBUG : CVideoPlayer::ProcessVideoData size:1762 dts:2.044 pts:2.085 dur:41.000ms, clock:-0.291 level:23
2021-07-14 12:04:51.005 T:5270 DEBUG : CVideoPlayer::ProcessVideoData size:46555 dts:2.085 pts:2.336 dur:41.000ms, clock:-0.291 level:23
2021-07-14 12:04:51.005 T:5270 DEBUG : CVideoPlayer::ProcessVideoData size:4721 dts:2.127 pts:2.211 dur:41.000ms, clock:-0.291 level:24
2021-07-14 12:04:51.005 T:5270 DEBUG : CVideoPlayer::ProcessVideoData size:2334 dts:2.169 pts:2.169 dur:41.000ms, clock:-0.291 level:24
2021-07-14 12:04:51.005 T:5270 DEBUG : CVideoPlayer::ProcessVideoData size:2182 dts:2.211 pts:2.252 dur:41.000ms, clock:-0.291 level:25
2021-07-14 12:04:51.005 T:5270 DEBUG : CVideoPlayer::ProcessVideoData size:3941 dts:2.252 pts:2.294 dur:41.000ms, clock:-0.291 level:26
2021-07-14 12:04:51.006 T:5270 DEBUG : CVideoPlayer::ProcessVideoData size:32220 dts:2.294 pts:2.502 dur:41.000ms, clock:-0.291 level:26
2021-07-14 12:04:51.006 T:5270 DEBUG : CVideoPlayer::ProcessVideoData size:3375 dts:2.336 pts:2.419 dur:41.000ms, clock:-0.291 level:27
2021-07-14 12:04:51.006 T:5270 DEBUG : CVideoPlayer::ProcessVideoData size:2160 dts:2.377 pts:2.377 dur:41.000ms, clock:-0.291 level:27
2021-07-14 12:04:51.006 T:5270 DEBUG : CVideoPlayer::ProcessVideoData size:2611 dts:2.419 pts:2.461 dur:41.000ms, clock:-0.291 level:28
2021-07-14 12:04:51.006 T:5270 DEBUG : CVideoPlayer::ProcessVideoData size:43195 dts:2.461 pts:2.711 dur:41.000ms, clock:-0.291 level:28
2021-07-14 12:04:51.006 T:5270 DEBUG : CVideoPlayer::ProcessVideoData size:10590 dts:2.502 pts:2.586 dur:41.000ms, clock:-0.291 level:29
2021-07-14 12:04:51.006 T:5270 DEBUG : CVideoPlayer::ProcessVideoData size:5050 dts:2.544 pts:2.544 dur:41.000ms, clock:-0.291 level:29
2021-07-14 12:04:51.006 T:5270 DEBUG : CVideoPlayer::ProcessVideoData size:6369 dts:2.586 pts:2.628 dur:41.000ms, clock:-0.291 level:30
2021-07-14 12:04:51.006 T:5270 DEBUG : CVideoPlayer::ProcessVideoData size:3034 dts:2.628 pts:2.669 dur:41.000ms, clock:-0.291 level:30
2021-07-14 12:04:51.006 T:5270 DEBUG : CVideoPlayer::ProcessVideoData size:27788 dts:2.669 pts:2.920 dur:41.000ms, clock:-0.291 level:31
2021-07-14 12:04:51.006 T:5270 DEBUG : CVideoPlayer::ProcessVideoData size:4314 dts:2.711 pts:2.794 dur:41.000ms, clock:-0.291 level:31
2021-07-14 12:04:51.006 T:5270 DEBUG : CVideoPlayer::ProcessVideoData size:1350 dts:2.753 pts:2.753 dur:41.000ms, clock:-0.291 level:32
2021-07-14 12:04:51.007 T:5270 DEBUG : CVideoPlayer::ProcessVideoData size:1861 dts:2.794 pts:2.836 dur:41.000ms, clock:-0.291 level:32
2021-07-14 12:04:51.007 T:5270 DEBUG : CVideoPlayer::ProcessVideoData size:1470 dts:2.836 pts:2.878 dur:41.000ms, clock:-0.291 level:33
2021-07-14 12:04:51.007 T:5270 DEBUG : CVideoPlayer::ProcessVideoData size:27435 dts:2.878 pts:3.128 dur:41.000ms, clock:-0.291 level:33
2021-07-14 12:04:51.007 T:5270 DEBUG : CVideoPlayer::ProcessVideoData size:14301 dts:2.920 pts:3.003 dur:41.000ms, clock:-0.291 level:34
2021-07-14 12:04:51.007 T:5270 DEBUG : CVideoPlayer::ProcessVideoData size:3546 dts:2.961 pts:2.961 dur:41.000ms, clock:-0.291 level:34
2021-07-14 12:04:51.007 T:5270 DEBUG : CVideoPlayer::ProcessVideoData size:9624 dts:3.003 pts:3.045 dur:41.000ms, clock:-0.291 level:35
2021-07-14 12:04:51.007 T:5270 DEBUG : CVideoPlayer::ProcessVideoData size:2846 dts:3.045 pts:3.086 dur:41.000ms, clock:-0.291 level:35
2021-07-14 12:04:51.007 T:5270 DEBUG : CVideoPlayer::ProcessVideoData size:27141 dts:3.086 pts:3.337 dur:41.000ms, clock:-0.291 level:36
2021-07-14 12:04:51.007 T:5270 DEBUG : CVideoPlayer::ProcessVideoData size:8155 dts:3.128 pts:3.212 dur:41.000ms, clock:-0.291 level:36
2021-07-14 12:04:51.007 T:5270 DEBUG : CVideoPlayer::ProcessVideoData size:1819 dts:3.170 pts:3.170 dur:41.000ms, clock:-0.291 level:37
2021-07-14 12:04:51.007 T:5270 DEBUG : CVideoPlayer::ProcessVideoData size:4419 dts:3.212 pts:3.253 dur:41.000ms, clock:-0.291 level:38
2021-07-14 12:04:51.008 T:5270 DEBUG : CVideoPlayer::ProcessVideoData size:1503 dts:3.253 pts:3.295 dur:41.000ms, clock:-0.291 level:38
2021-07-14 12:04:51.008 T:5270 DEBUG : CVideoPlayer::ProcessVideoData size:24940 dts:3.295 pts:3.503 dur:41.000ms, clock:-0.291 level:39
2021-07-14 12:04:51.008 T:5270 DEBUG : CVideoPlayer::ProcessVideoData size:3521 dts:3.337 pts:3.420 dur:41.000ms, clock:-0.291 level:39
2021-07-14 12:04:51.008 T:5270 DEBUG : CVideoPlayer::ProcessVideoData size:1490 dts:3.378 pts:3.378 dur:41.000ms, clock:-0.291 level:40
2021-07-14 12:04:51.008 T:5270 DEBUG : CVideoPlayer::ProcessVideoData size:1455 dts:3.420 pts:3.462 dur:41.000ms, clock:-0.291 level:40
2021-07-14 12:04:51.008 T:5270 DEBUG : CVideoPlayer::ProcessVideoData size:29579 dts:3.462 pts:3.629 dur:41.000ms, clock:-0.291 level:41
2021-07-14 12:04:51.008 T:5270 DEBUG : CVideoPlayer::ProcessVideoData size:2362 dts:3.503 pts:3.545 dur:41.000ms, clock:-0.291 level:41
2021-07-14 12:04:51.008 T:5270 DEBUG : CVideoPlayer::ProcessVideoData size:2006 dts:3.545 pts:3.587 dur:41.000ms, clock:-0.291 level:42
2021-07-14 12:04:51.008 T:5270 DEBUG : CVideoPlayer::ProcessVideoData size:30376 dts:3.587 pts:3.837 dur:41.000ms, clock:-0.291 level:42
2021-07-14 12:04:51.008 T:5270 DEBUG : CVideoPlayer::ProcessVideoData size:9189 dts:3.629 pts:3.712 dur:41.000ms, clock:-0.291 level:43
2021-07-14 12:04:51.008 T:5270 DEBUG : CVideoPlayer::ProcessVideoData size:3173 dts:3.670 pts:3.670 dur:41.000ms, clock:-0.291 level:43
2021-07-14 12:04:51.008 T:5270 DEBUG : CVideoPlayer::ProcessVideoData size:11956 dts:3.712 pts:3.754 dur:41.000ms, clock:-0.291 level:44
2021-07-14 12:04:51.008 T:5270 DEBUG : CVideoPlayer::ProcessVideoData size:2689 dts:3.754 pts:3.795 dur:41.000ms, clock:-0.291 level:44
2021-07-14 12:04:51.009 T:5270 DEBUG : CVideoPlayer::ProcessVideoData size:26982 dts:3.795 pts:4.046 dur:41.000ms, clock:-0.291 level:45
2021-07-14 12:04:51.009 T:5270 DEBUG : CVideoPlayer::ProcessVideoData size:13187 dts:3.837 pts:3.921 dur:41.000ms, clock:-0.291 level:45
2021-07-14 12:04:51.009 T:5270 DEBUG : CVideoPlayer::ProcessVideoData size:2448 dts:3.879 pts:3.879 dur:41.000ms, clock:-0.291 level:46
2021-07-14 12:04:51.009 T:5270 DEBUG : CVideoPlayer::ProcessVideoData size:4058 dts:3.921 pts:3.962 dur:41.000ms, clock:-0.291 level:46
2021-07-14 12:04:51.009 T:5270 DEBUG : CVideoPlayer::ProcessVideoData size:2089 dts:3.962 pts:4.004 dur:41.000ms, clock:-0.291 level:47
2021-07-14 12:04:51.009 T:5270 DEBUG : CVideoPlayer::ProcessVideoData size:23997 dts:4.004 pts:4.087 dur:41.000ms, clock:-0.291 level:47
2021-07-14 12:04:51.009 T:5270 DEBUG : CVideoPlayer::ProcessVideoData size:25262 dts:4.046 pts:4.213 dur:41.000ms, clock:-0.291 level:48
2021-07-14 12:04:51.009 T:5270 DEBUG : CVideoPlayer::ProcessVideoData size:15050 dts:4.087 pts:4.129 dur:41.000ms, clock:-0.291 level:48
2021-07-14 12:04:51.009 T:5270 DEBUG : CVideoPlayer::ProcessVideoData size:2397 dts:4.129 pts:4.171 dur:41.000ms, clock:-0.291 level:49
2021-07-14 12:04:51.010 T:5270 DEBUG : CVideoPlayer::ProcessVideoData size:19959 dts:4.171 pts:4.254 dur:41.000ms, clock:-0.291 level:49
2021-07-14 12:04:51.010 T:5270 DEBUG : CVideoPlayer::ProcessVideoData size:33776 dts:4.213 pts:4.463 dur:41.000ms, clock:-0.291 level:50
2021-07-14 12:04:51.010 T:5270 DEBUG : CVideoPlayer::ProcessVideoData size:11779 dts:4.254 pts:4.338 dur:41.000ms, clock:-0.291 level:51
2021-07-14 12:04:51.010 T:5270 DEBUG : CVideoPlayer::ProcessVideoData size:3056 dts:4.296 pts:4.296 dur:41.000ms, clock:-0.291 level:51
2021-07-14 12:04:51.010 T:5270 DEBUG : CVideoPlayer::ProcessVideoData size:3447 dts:4.338 pts:4.379 dur:41.000ms, clock:-0.291 level:52
2021-07-14 12:04:51.010 T:5270 DEBUG : CVideoPlayer::ProcessVideoData size:2402 dts:4.379 pts:4.421 dur:41.000ms, clock:-0.291 level:52
2021-07-14 12:04:51.010 T:5270 DEBUG : CVideoPlayer::ProcessVideoData size:34602 dts:4.421 pts:4.588 dur:41.000ms, clock:-0.291 level:53
2021-07-14 12:04:51.010 T:5270 DEBUG : CVideoPlayer::ProcessVideoData size:2411 dts:4.463 pts:4.504 dur:41.000ms, clock:-0.291 level:53
2021-07-14 12:04:51.010 T:5270 DEBUG : CVideoPlayer::ProcessVideoData size:1903 dts:4.504 pts:4.546 dur:41.000ms, clock:-0.291 level:54
2021-07-14 12:04:51.010 T:5270 DEBUG : CVideoPlayer::ProcessVideoData size:26210 dts:4.546 pts:4.713 dur:41.000ms, clock:-0.291 level:54
2021-07-14 12:04:51.011 T:5270 DEBUG : CVideoPlayer::ProcessVideoData size:3699 dts:4.588 pts:4.630 dur:41.000ms, clock:-0.291 level:55
2021-07-14 12:04:51.011 T:5276 DEBUG : CDVDAudio::Pause - pausing audio stream
2021-07-14 12:04:51.011 T:5270 DEBUG : CVideoPlayer::ProcessVideoData size:2036 dts:4.630 pts:4.671 dur:41.000ms, clock:-0.291 level:55
2021-07-14 12:04:51.011 T:5276 DEBUG : CDVDAudio::Pause - pausing audio stream
2021-07-14 12:04:51.011 T:5270 DEBUG : CVideoPlayer::ProcessVideoData size:25797 dts:4.671 pts:4.838 dur:41.000ms, clock:-0.291 level:56
2021-07-14 12:04:51.011 T:5270 DEBUG : CVideoPlayer::ProcessVideoData size:3458 dts:4.713 pts:4.755 dur:41.000ms, clock:-0.291 level:56
2021-07-14 12:04:51.011 T:5276 DEBUG : CDVDAudio::Pause - pausing audio stream
2021-07-14 12:04:51.011 T:5276 INFO : CAEStreamParser::TrySyncAC3 - E-AC3 stream detected (6 channels, 48000Hz)
2021-07-14 12:04:51.011 T:5270 DEBUG : CVideoPlayer::ProcessVideoData size:2062 dts:4.755 pts:4.796 dur:41.000ms, clock:-0.291 level:57
2021-07-14 12:04:51.011 T:5270 DEBUG : CVideoPlayer::ProcessVideoData size:25994 dts:4.796 pts:4.963 dur:41.000ms, clock:-0.291 level:57
2021-07-14 12:04:51.011 T:5276 INFO : Creating audio stream (codec id: 86056, channels: 6, sample rate: 48000, pass-through)
2021-07-14 12:04:51.011 T:5270 DEBUG : CVideoPlayer::ProcessVideoData size:9383 dts:4.838 pts:4.880 dur:41.000ms, clock:-0.291 level:58
2021-07-14 12:04:51.011 T:5270 DEBUG : CVideoPlayer::ProcessVideoData size:2419 dts:4.880 pts:4.922 dur:41.000ms, clock:-0.291 level:58
2021-07-14 12:04:51.012 T:5276 DEBUG : CVideoPlayerAudio:: synctype set to 0: clock feedback
2021-07-14 12:04:51.012 T:5270 DEBUG : CVideoPlayer::ProcessVideoData size:242626 dts:4.922 pts:5.005 dur:41.000ms, clock:-0.291 level:59
2021-07-14 12:04:51.013 T:5270 DEBUG : CVideoPlayer::ProcessVideoData size:36974 dts:4.963 pts:5.214 dur:41.000ms, clock:-0.291 level:59
2021-07-14 12:04:51.013 T:5270 DEBUG : CVideoPlayer::ProcessVideoData size:12212 dts:5.005 pts:5.088 dur:41.000ms, clock:-0.291 level:60
2021-07-14 12:04:51.013 T:5270 DEBUG : CVideoPlayer::ProcessVideoData size:1922 dts:5.047 pts:5.047 dur:41.000ms, clock:-0.291 level:60
2021-07-14 12:04:51.013 T:5270 DEBUG : CVideoPlayer::ProcessVideoData size:3148 dts:5.088 pts:5.130 dur:41.000ms, clock:-0.291 level:61
2021-07-14 12:04:51.013 T:5270 DEBUG : CVideoPlayer::ProcessVideoData size:8940 dts:5.130 pts:5.172 dur:41.000ms, clock:-0.291 level:61
2021-07-14 12:04:51.013 T:5270 DEBUG : CVideoPlayer::ProcessVideoData size:31465 dts:5.172 pts:5.422 dur:41.000ms, clock:-0.291 level:62
2021-07-14 12:04:51.013 T:5270 DEBUG : CVideoPlayer::ProcessVideoData size:7021 dts:5.214 pts:5.297 dur:41.000ms, clock:-0.291 level:63
2021-07-14 12:04:51.013 T:5270 DEBUG : CVideoPlayer::ProcessVideoData size:6174 dts:5.255 pts:5.255 dur:41.000ms, clock:-0.291 level:63
2021-07-14 12:04:51.013 T:5270 DEBUG : CVideoPlayer::ProcessVideoData size:9959 dts:5.297 pts:5.339 dur:41.000ms, clock:-0.291 level:64
2021-07-14 12:04:51.014 T:5270 DEBUG : CVideoPlayer::ProcessVideoData size:4758 dts:5.339 pts:5.380 dur:41.000ms, clock:-0.291 level:64
2021-07-14 12:04:51.014 T:5270 DEBUG : CVideoPlayer::ProcessVideoData size:26510 dts:5.380 pts:5.547 dur:41.000ms, clock:-0.291 level:65
2021-07-14 12:04:51.014 T:5270 DEBUG : CVideoPlayer::ProcessVideoData size:5602 dts:5.422 pts:5.464 dur:41.000ms, clock:-0.291 level:65
2021-07-14 12:04:51.014 T:5270 DEBUG : CVideoPlayer::ProcessVideoData size:2887 dts:5.464 pts:5.505 dur:41.000ms, clock:-0.291 level:66
2021-07-14 12:04:51.014 T:5270 DEBUG : CVideoPlayer::ProcessVideoData size:27739 dts:5.505 pts:5.714 dur:41.000ms, clock:-0.291 level:66
2021-07-14 12:04:51.014 T:5270 DEBUG : CVideoPlayer::ProcessVideoData size:8913 dts:5.547 pts:5.631 dur:41.000ms, clock:-0.291 level:67
2021-07-14 12:04:51.014 T:5270 DEBUG : CVideoPlayer::ProcessVideoData size:2638 dts:5.589 pts:5.589 dur:41.000ms, clock:-0.291 level:67
2021-07-14 12:04:51.014 T:5270 DEBUG : CVideoPlayer::ProcessVideoData size:2717 dts:5.631 pts:5.672 dur:41.000ms, clock:-0.291 level:68
2021-07-14 12:04:51.015 T:5270 DEBUG : CVideoPlayer::ProcessVideoData size:27112 dts:5.672 pts:5.881 dur:41.000ms, clock:-0.291 level:68
2021-07-14 12:04:51.015 T:5270 DEBUG : CVideoPlayer::ProcessVideoData size:6360 dts:5.714 pts:5.797 dur:41.000ms, clock:-0.291 level:69
2021-07-14 12:04:51.015 T:5270 DEBUG : CVideoPlayer::ProcessVideoData size:7324 dts:5.756 pts:5.756 dur:41.000ms, clock:-0.291 level:69
2021-07-14 12:04:51.015 T:5270 DEBUG : CVideoPlayer::ProcessVideoData size:2403 dts:5.797 pts:5.839 dur:41.000ms, clock:-0.291 level:70
2021-07-14 12:04:51.015 T:5270 DEBUG : CVideoPlayer::ProcessVideoData size:22896 dts:5.839 pts:6.089 dur:41.000ms, clock:-0.291 level:70
2021-07-14 12:04:51.015 T:5270 DEBUG : CVideoPlayer::ProcessVideoData size:16150 dts:5.881 pts:5.964 dur:41.000ms, clock:-0.291 level:71
2021-07-14 12:04:51.015 T:5270 DEBUG : CVideoPlayer::ProcessVideoData size:2719 dts:5.923 pts:5.923 dur:41.000ms, clock:-0.291 level:71
2021-07-14 12:04:51.015 T:5270 DEBUG : CVideoPlayer::ProcessVideoData size:2834 dts:5.964 pts:6.006 dur:41.000ms, clock:-0.291 level:72
2021-07-14 12:04:51.015 T:5270 DEBUG : CVideoPlayer::ProcessVideoData size:6632 dts:6.006 pts:6.048 dur:41.000ms, clock:-0.291 level:72
2021-07-14 12:04:51.015 T:5270 DEBUG : CVideoPlayer::ProcessVideoData size:24645 dts:6.048 pts:6.256 dur:41.000ms, clock:-0.291 level:73
2021-07-14 12:04:51.015 T:5270 DEBUG : CVideoPlayer::ProcessVideoData size:13450 dts:6.089 pts:6.173 dur:41.000ms, clock:-0.291 level:73
2021-07-14 12:04:51.015 T:5270 DEBUG : CVideoPlayer::ProcessVideoData size:2878 dts:6.131 pts:6.131 dur:41.000ms, clock:-0.291 level:74
2021-07-14 12:04:51.015 T:5270 DEBUG : CVideoPlayer::ProcessVideoData size:4682 dts:6.173 pts:6.215 dur:41.000ms, clock:-0.291 level:75
2021-07-14 12:04:51.016 T:5270 DEBUG : CVideoPlayer::ProcessVideoData size:67027 dts:6.215 pts:6.298 dur:41.000ms, clock:-0.291 level:75
2021-07-14 12:04:51.016 T:5270 DEBUG : CVideoPlayer::ProcessVideoData size:135690 dts:6.256 pts:6.465 dur:41.000ms, clock:-0.291 level:76
2021-07-14 12:04:51.016 T:5270 DEBUG : CVideoPlayer::ProcessVideoData size:35643 dts:6.298 pts:6.381 dur:41.000ms, clock:-0.291 level:76
2021-07-14 12:04:51.016 T:5270 DEBUG : CVideoPlayer::ProcessVideoData size:26206 dts:6.340 pts:6.340 dur:41.000ms, clock:-0.291 level:77
2021-07-14 12:04:51.016 T:5270 DEBUG : CVideoPlayer::ProcessVideoData size:25684 dts:6.381 pts:6.423 dur:41.000ms, clock:-0.291 level:77
2021-07-14 12:04:51.017 T:5270 DEBUG : CVideoPlayer::ProcessVideoData size:113041 dts:6.423 pts:6.548 dur:41.000ms, clock:-0.291 level:78
2021-07-14 12:04:51.017 T:5270 DEBUG : CVideoPlayer::ProcessVideoData size:6518 dts:6.465 pts:6.506 dur:41.000ms, clock:-0.291 level:78
2021-07-14 12:04:51.017 T:5270 DEBUG : CVideoPlayer::ProcessVideoData size:57255 dts:6.506 pts:6.632 dur:41.000ms, clock:-0.291 level:79
2021-07-14 12:04:51.017 T:5270 DEBUG : CVideoPlayer::ProcessVideoData size:18331 dts:6.548 pts:6.590 dur:41.000ms, clock:-0.291 level:79
2021-07-14 12:04:51.018 T:5270 DEBUG : CVideoPlayer::ProcessVideoData size:88341 dts:6.590 pts:6.840 dur:41.000ms, clock:-0.291 level:80
2021-07-14 12:04:51.018 T:5270 DEBUG : CVideoPlayer::ProcessVideoData size:46849 dts:6.632 pts:6.715 dur:41.000ms, clock:-0.291 level:80
2021-07-14 12:04:51.018 T:5270 DEBUG : CVideoPlayer::ProcessVideoData size:3940 dts:6.673 pts:6.673 dur:41.000ms, clock:-0.291 level:81
2021-07-14 12:04:51.018 T:5270 DEBUG : CVideoPlayer::ProcessVideoData size:23097 dts:6.715 pts:6.757 dur:41.000ms, clock:-0.291 level:81
2021-07-14 12:04:51.018 T:5270 DEBUG : CVideoPlayer::ProcessVideoData size:22820 dts:6.757 pts:6.798 dur:41.000ms, clock:-0.291 level:82
2021-07-14 12:04:51.018 T:5270 DEBUG : CVideoPlayer::ProcessVideoData size:49250 dts:6.798 pts:6.882 dur:41.000ms, clock:-0.291 level:82
2021-07-14 12:04:51.018 T:5270 DEBUG : CVideoPlayer::ProcessVideoData size:56060 dts:6.840 pts:7.049 dur:41.000ms, clock:-0.291 level:83
2021-07-14 12:04:51.018 T:5270 DEBUG : CVideoPlayer::ProcessVideoData size:26462 dts:6.882 pts:6.965 dur:41.000ms, clock:-0.291 level:83
2021-07-14 12:04:51.019 T:5270 DEBUG : CVideoPlayer::ProcessVideoData size:19713 dts:6.924 pts:6.924 dur:41.000ms, clock:-0.291 level:84
2021-07-14 12:04:51.019 T:5270 DEBUG : CVideoPlayer::ProcessVideoData size:5077 dts:6.965 pts:7.007 dur:41.000ms, clock:-0.291 level:84
2021-07-14 12:04:51.020 T:5270 DEBUG : CVideoPlayer::ProcessVideoData size:56239 dts:7.007 pts:7.174 dur:41.000ms, clock:-0.291 level:85
2021-07-14 12:04:51.020 T:5270 DEBUG : CVideoPlayer::ProcessVideoData size:6143 dts:7.049 pts:7.090 dur:41.000ms, clock:-0.291 level:85
2021-07-14 12:04:51.020 T:5270 DEBUG : CVideoPlayer::ProcessVideoData size:5111 dts:7.090 pts:7.132 dur:41.000ms, clock:-0.291 level:86
2021-07-14 12:04:51.023 T:5270 DEBUG : CVideoPlayer::ProcessVideoData size:82345 dts:7.132 pts:7.299 dur:41.000ms, clock:-0.291 level:88
2021-07-14 12:04:51.025 T:5270 DEBUG : CVideoPlayer::ProcessVideoData size:31066 dts:7.174 pts:7.216 dur:41.000ms, clock:-0.291 level:88
2021-07-14 12:04:51.026 T:5270 DEBUG : CVideoPlayer::ProcessVideoData size:43036 dts:7.216 pts:7.257 dur:41.000ms, clock:-0.291 level:89
2021-07-14 12:04:51.030 T:5270 DEBUG : CVideoPlayer::ProcessVideoData size:101666 dts:7.257 pts:7.507 dur:41.000ms, clock:-0.291 level:89
2021-07-14 12:04:51.032 T:5270 DEBUG : CVideoPlayer::ProcessVideoData size:52247 dts:7.299 pts:7.382 dur:41.000ms, clock:-0.291 level:89
2021-07-14 12:04:51.033 T:5270 DEBUG : CVideoPlayer::ProcessVideoData size:10930 dts:7.341 pts:7.341 dur:41.000ms, clock:-0.291 level:90
2021-07-14 12:04:51.033 T:4957 INFO : CActiveAESink::OpenSink - initialize sink
2021-07-14 12:04:51.033 T:5270 DEBUG : CVideoPlayer::ProcessVideoData size:13668 dts:7.382 pts:7.424 dur:41.000ms, clock:-0.291 level:90
2021-07-14 12:04:51.034 T:5270 DEBUG : CVideoPlayer::ProcessVideoData size:13253 dts:7.424 pts:7.466 dur:41.000ms, clock:-0.291 level:90
2021-07-14 12:04:51.036 T:5270 DEBUG : CVideoPlayer::ProcessVideoData size:83912 dts:7.466 pts:7.716 dur:41.000ms, clock:-0.291 level:91
2021-07-14 12:04:51.036 T:5270 DEBUG : CVideoPlayer::ProcessVideoData size:15974 dts:7.507 pts:7.591 dur:41.000ms, clock:-0.291 level:91
2021-07-14 12:04:51.036 T:5270 DEBUG : CVideoPlayer::ProcessVideoData size:8333 dts:7.549 pts:7.549 dur:41.000ms, clock:-0.291 level:92
2021-07-14 12:04:51.036 T:5270 DEBUG : CVideoPlayer::ProcessVideoData size:9627 dts:7.591 pts:7.633 dur:41.000ms, clock:-0.291 level:92
2021-07-14 12:04:51.037 T:5270 DEBUG : CVideoPlayer::ProcessVideoData size:6893 dts:7.633 pts:7.674 dur:41.000ms, clock:-0.291 level:93
2021-07-14 12:04:51.038 T:5024 INFO : INFO: EMBY.hooks.player.Player: [ onPlayBackStarted ]
2021-07-14 12:04:51.042 T:4946 DEBUG : ------ Window Init (DialogBusy.xml) ------
2021-07-14 12:04:51.044 T:5270 DEBUG : CVideoPlayer::ProcessVideoData size:105189 dts:7.674 pts:7.925 dur:41.000ms, clock:-0.291 level:93
2021-07-14 12:04:51.044 T:5270 DEBUG : CVideoPlayer::ProcessVideoData size:35083 dts:7.716 pts:7.799 dur:41.000ms, clock:-0.291 level:93
2021-07-14 12:04:51.045 T:5270 DEBUG : CVideoPlayer::ProcessVideoData size:23880 dts:7.758 pts:7.758 dur:41.000ms, clock:-0.291 level:93
2021-07-14 12:04:51.045 T:5270 DEBUG : CVideoPlayer::ProcessVideoData size:25158 dts:7.799 pts:7.841 dur:41.000ms, clock:-0.291 level:94
2021-07-14 12:04:51.046 T:5270 DEBUG : CVideoPlayer::ProcessVideoData size:18038 dts:7.841 pts:7.883 dur:41.000ms, clock:-0.291 level:94
2021-07-14 12:04:51.047 T:5282 INFO : INFO: EMBY.hooks.player.Player: [ OnPlay ] {'item': {'id': 906, 'type': 'episode'}, 'player': {'playerid': 1, 'speed': 1}, 'MonitorMethod': 'Player.OnPlay'}
2021-07-14 12:04:51.053 T:5024 INFO : INFO: EMBY.hooks.player.Player: [ onAVChange ]
2021-07-14 12:04:51.054 T:5282 DEBUG : DEBUG: EMBY.database.database: --->[ database: emby ] 59456472
2021-07-14 12:04:51.060 T:5282 DEBUG : DEBUG: EMBY.database.database: ---<[ database: emby ] 59456472
2021-07-14 12:04:51.062 T:5275 DEBUG : CRenderManager::Configure - change configuration. 1920x1080. display: 1920x1080. framerate: 23.98.
2021-07-14 12:04:51.077 T:4946 DEBUG : DeleteRenderer - deleting renderer
2021-07-14 12:04:51.077 T:4946 DEBUG : LinuxRendererGLES: Cleaning up GLES resources
2021-07-14 12:04:51.077 T:4946 INFO : Constructing CRendererAML
2021-07-14 12:04:51.077 T:4946 DEBUG : CRenderManager::Configure - 8
2021-07-14 12:04:51.078 T:5275 DEBUG : CVideoPlayerVideo::OutputPicture - ttd:291ms pts:0.000 Clock:-0.291 Level:0
2021-07-14 12:04:51.081 T:4946 DEBUG : CAMLCodec::SetVideoRect:display(0,0,1920,1080)
2021-07-14 12:04:51.081 T:4946 DEBUG : CAMLCodec::SetVideoRect:gui(0,0,1920,1080)
2021-07-14 12:04:51.081 T:4946 DEBUG : CAMLCodec::SetVideoRect:m_dst_rect(0,0,1920,1080)
2021-07-14 12:04:51.081 T:4946 DEBUG : CAMLCodec::SetVideoRect:dst_rect(0,0,1920,1080)
2021-07-14 12:04:51.081 T:4946 DEBUG : CAMLCodec::SetVideoRect:m_guiStereoMode(0)
2021-07-14 12:04:51.081 T:4946 DEBUG : CAMLCodec::SetVideoRect:m_guiStereoView(0)
2021-07-14 12:04:51.087 T:5270 DEBUG : CVideoPlayer::HandleMessages - player started 2
2021-07-14 12:04:51.087 T:5013 DEBUG : OnAVChange: CApplication::OnAVChange
2021-07-14 12:04:51.155 T:5024 INFO : INFO: EMBY.hooks.player.Player: [ onAVChange ]
2021-07-14 12:04:51.233 T:4957 DEBUG : CActiveAESink::OpenSink - trying to open device ALSA:hdmi:CARD=AMLAUGESOUND,DEV=0
2021-07-14 12:04:51.234 T:4957 INFO : CAESinkALSA::Initialize - Attempting to open device "hdmi:CARD=AMLAUGESOUND,DEV=0"
2021-07-14 12:04:51.244 T:4957 INFO : CAESinkALSA::Initialize - Opened device "hdmi:CARD=AMLAUGESOUND,DEV=0,AES0=0x06,AES1=0x82,AES2=0x00,AES3=0x0e"
2021-07-14 12:04:51.244 T:4957 DEBUG : CAESinkALSA::InitializeHW - Request: periodSize 9600, bufferSize 38400
2021-07-14 12:04:51.245 T:4957 DEBUG : CAESinkALSA::InitializeHW - Got: periodSize 9600, bufferSize 38400
2021-07-14 12:04:51.245 T:4957 DEBUG : CAESinkALSA::InitializeHW - Setting timeout to 200 ms
2021-07-14 12:04:51.245 T:4957 DEBUG : CAESinkALSA::GetChannelLayout - Input Channel Count: 2 Output Channel Count: 2
2021-07-14 12:04:51.245 T:4957 DEBUG : CAESinkALSA::GetChannelLayout - Requested Layout: RAW, RAW
2021-07-14 12:04:51.245 T:4957 DEBUG : CAESinkALSA::GetChannelLayout - Got Layout: RAW, RAW (ALSA: none)
2021-07-14 12:04:51.245 T:4957 DEBUG : CActiveAESink::OpenSink - ALSA Initialized:
2021-07-14 12:04:51.245 T:4957 DEBUG : Output Device : AML-AUGESOUND
2021-07-14 12:04:51.245 T:4957 DEBUG : Sample Rate : 192000
2021-07-14 12:04:51.245 T:4957 DEBUG : Sample Format : AE_FMT_S16NE
2021-07-14 12:04:51.246 T:4957 DEBUG : Channel Count : 2
2021-07-14 12:04:51.246 T:4957 DEBUG : Channel Layout: RAW, RAW
2021-07-14 12:04:51.246 T:4957 DEBUG : Frames : 9600
2021-07-14 12:04:51.246 T:4957 DEBUG : Frame Size : 4
2021-07-14 12:04:51.250 T:4956 DEBUG : CActiveAE::ClearDiscardedBuffers - buffer pool deleted
2021-07-14 12:04:51.253 T:5270 DEBUG : CVideoPlayer::HandleMessages - player started 1
2021-07-14 12:04:51.253 T:5013 DEBUG : OnAVChange: CApplication::OnAVChange
2021-07-14 12:04:51.253 T:5270 DEBUG : CDVDClock::SetSpeedAdjust - adjusted:0.000000
2021-07-14 12:04:51.253 T:5270 INFO : Skipped 1 duplicate messages..
2021-07-14 12:04:51.253 T:5270 DEBUG : VideoPlayer::Sync - Audio - pts: 0.294, cache: 0.383, totalcache: 0.800, packets:250 level:96
2021-07-14 12:04:51.254 T:5270 DEBUG : VideoPlayer::Sync - Video - pts: 0.000, cache: 0.050, totalcache: 0.100, packets:191 level:93
2021-07-14 12:04:51.254 T:5276 DEBUG : CDVDAudio::Resume - resume audio stream
2021-07-14 12:04:51.254 T:5275 DEBUG : CVideoPlayerVideo - CDVDMsg::GENERAL_RESYNC(-100000.000000)
2021-07-14 12:04:51.254 T:5275 DEBUG : CVideoPlayerVideo - OUTPUT_AGAIN - vfmt, interlace should be checked.
2021-07-14 12:04:51.254 T:4956 DEBUG : CActiveAE::ClearDiscardedBuffers - buffer pool deleted
2021-07-14 12:04:51.254 T:5275 DEBUG : CVideoPlayerVideo - CDVDMsg::DEMUXER_PACKET - checking interlace vfmt: progressive
2021-07-14 12:04:51.254 T:5275 DEBUG : CVideoPlayerVideo::OutputPicture - ttd:141ms pts:0.042 Clock:-0.099 Level:0
2021-07-14 12:04:51.254 T:4956 DEBUG : ActiveAE - start sync of audio stream
2021-07-14 12:04:51.255 T:5270 DEBUG : CVideoPlayer::ProcessVideoData size:66632 dts:7.883 pts:8.133 dur:41.000ms, clock:-0.099 level:92
2021-07-14 12:04:51.255 T:5014 DEBUG : OnAVStarted: CApplication::OnAVStarted
2021-07-14 12:04:51.256 T:5275 DEBUG : CVideoPlayerVideo::OutputPicture - ttd:180ms pts:0.083 Clock:-0.097 Level:1
2021-07-14 12:04:51.257 T:5270 DEBUG : CVideoPlayer::ProcessVideoData size:14694 dts:7.925 pts:8.008 dur:41.000ms, clock:-0.096 level:93
2021-07-14 12:04:51.258 T:5270 DEBUG : CVideoPlayer::ProcessVideoData size:3287 dts:7.966 pts:7.966 dur:41.000ms, clock:-0.096 level:93
2021-07-14 12:04:51.258 T:5270 DEBUG : CVideoPlayer::ProcessVideoData size:5223 dts:8.008 pts:8.050 dur:41.000ms, clock:-0.095 level:94
2021-07-14 12:04:51.259 T:5270 DEBUG : CVideoPlayer::ProcessVideoData size:4650 dts:8.050 pts:8.091 dur:41.000ms, clock:-0.095 level:94
2021-07-14 12:04:51.260 T:4946 DEBUG : Activating window ID: 12005
2021-07-14 12:04:51.261 T:5275 DEBUG : CVideoPlayerVideo::OutputPicture - ttd:217ms pts:0.125 Clock:-0.093 Level:2
2021-07-14 12:04:51.262 T:4946 DEBUG : ------ Window Deinit (MyVideoNav.xml) ------
2021-07-14 12:04:51.262 T:5275 DEBUG : CVideoPlayerVideo::OutputPicture - ttd:258ms pts:0.167 Clock:-0.092 Level:3
2021-07-14 12:04:51.263 T:5024 INFO : INFO: EMBY.hooks.player.Player: [ onAVChange ]
2021-07-14 12:04:51.263 T:4946 DEBUG : FreeVisualisation() done
2021-07-14 12:04:51.263 T:5024 INFO : INFO: EMBY.hooks.player.Player: [ onAVStarted ]
2021-07-14 12:04:51.264 T:5275 DEBUG : CVideoPlayerVideo::OutputPicture - ttd:299ms pts:0.209 Clock:-0.090 Level:4
2021-07-14 12:04:51.264 T:5288 INFO : INFO: EMBY.hooks.player.Player: [ ThreadAVStarted ]
2021-07-14 12:04:51.264 T:5288 INFO : INFO: EMBY.hooks.player.Player: -->[ play/13119 ] {'Id': '13119', 'Tracking': True, 'Type': 'episode', 'Volume': 100, 'Muted': False, 'MediaSourceId': 'fe1e5bd8ffc4b5cacf8878b286f4d671', 'EmbyServer': , 'RunTime': 0, 'CurrentPosition': 0, 'Paused': False, 'library': , 'PlaySessionId': '790dcc54e93a472ab4220497c4ffde0b'}
2021-07-14 12:04:51.265 T:4946 DEBUG : ------ Window Init (VideoFullScreen.xml) ------
2021-07-14 12:04:51.265 T:5288 DEBUG : DEBUG: EMBY.core.HTTP: --->[ http ] { "params": { "ItemId": "13119", "MediaSourceId": "fe1e5bd8ffc4b5cacf8878b286f4d671", "PlaySessionId": "790dcc54e93a472ab4220497c4ffde0b" }, "type": "POST", "url": "http://192.168.1.10:8096/emby/Sessions/Playing", "headers": { "Content-type": "application/json", "Accept-Charset": "UTF-8,*", "Accept-encoding": "gzip", "User-Agent": "Emby-Kodi/5.3.2", "Authorization": "Emby Client=Kodi, Device=Kodi (CoreELEC), DeviceId=C86BFD09CCFB4585AC3E449D31D74819, Version=5.3.2, UserId=de8aeadec54b4fa28d3772ebcf026587", "X-Emby-Token": "9cd631b3e7914b5d8ed6207750cefae7" }, "timeout": 30, "verify": true }
2021-07-14 12:04:51.266 T:4946 INFO : [WHITELIST] Searching the whitelist for: width: 1920, height: 1080, fps: 23.976, 3D: false
2021-07-14 12:04:51.266 T:4946 DEBUG : [WHITELIST] Using the default whitelist because the user whitelist is empty
2021-07-14 12:04:51.266 T:4946 DEBUG : [WHITELIST] Searching for an exact resolution with an exact refresh rate
2021-07-14 12:04:51.266 T:4946 DEBUG : [WHITELIST] Matched an exact resolution with an exact refresh rate 1920x1080 @ 23.98 - Full Screen (32)
2021-07-14 12:04:51.266 T:4946 DEBUG : [WHITELIST] Searching for an exact resolution with double the refresh rate
2021-07-14 12:04:51.266 T:4946 INFO : Display resolution ADJUST : 1920x1080 @ 23.98 - Full Screen (32) (weight: -188888102073728357105664.000)
2021-07-14 12:04:51.266 T:4946 INFO : VideoPlayer: OnLostDisplay received
2021-07-14 12:04:51.266 T:4946 DEBUG : AMLUtils::aml_handle_display_stereo_mode old mode 3doff new mode 3doff
2021-07-14 12:04:51.266 T:4946 DEBUG : AMLUtils::aml_handle_display_stereo_mode - no change needed
2021-07-14 12:04:51.266 T:4946 ERROR : GetString: error reading /sys/class/amhdmitx/amhdmitx0/custom_mode
2021-07-14 12:04:51.270 T:5275 DEBUG : CVideoPlayerVideo - CDVDMsg::GENERAL_PAUSE: 1
2021-07-14 12:04:51.281 T:5288 DEBUG : DEBUG: EMBY.core.HTTP: ---<[ http ][8 ms]
2021-07-14 12:04:51.282 T:5288 DEBUG : DEBUG: EMBY.core.HTTP: --->[ http ] { "params": { "ItemId": "13119", "MediaSourceId": "fe1e5bd8ffc4b5cacf8878b286f4d671", "PositionTicks": 0, "RunTimeTicks": 17273021240, "CanSeek": true, "QueueableMediaTypes": "Video,Audio", "VolumeLevel": 100, "IsPaused": false, "IsMuted": false, "PlaySessionId": "790dcc54e93a472ab4220497c4ffde0b" }, "type": "POST", "url": "http://192.168.1.10:8096/emby/Sessions/Playing/Progress", "headers": { "Content-type": "application/json", "Accept-Charset": "UTF-8,*", "Accept-encoding": "gzip", "User-Agent": "Emby-Kodi/5.3.2", "Authorization": "Emby Client=Kodi, Device=Kodi (CoreELEC), DeviceId=C86BFD09CCFB4585AC3E449D31D74819, Version=5.3.2, UserId=de8aeadec54b4fa28d3772ebcf026587", "X-Emby-Token": "9cd631b3e7914b5d8ed6207750cefae7" }, "timeout": 30, "verify": true }
2021-07-14 12:04:51.290 T:5288 DEBUG : DEBUG: EMBY.core.HTTP: ---<[ http ][4 ms]
2021-07-14 12:04:51.352 T:5276 DEBUG : CVideoPlayerAudio - CDVDMsg::GENERAL_PAUSE: 1
2021-07-14 12:04:51.402 T:4956 DEBUG : ActiveAE::SyncStream - average error of -59.919055, start adjusting
2021-07-14 12:04:51.402 T:4956 DEBUG : ActiveAE::SyncStream - average error -27.919055 below threshold of 30.000000
2021-07-14 12:04:51.513 T:4946 DEBUG : AMLUtils::aml_handle_display_stereo_mode old mode 3doff new mode 3doff
2021-07-14 12:04:51.513 T:4946 DEBUG : AMLUtils::aml_handle_display_stereo_mode - no change needed
2021-07-14 12:04:51.513 T:4946 INFO : VideoPlayer: OnResetDisplay received
2021-07-14 12:04:51.513 T:4946 INFO : GLES: Maximum texture width: 8192
2021-07-14 12:04:51.515 T:5275 DEBUG : CVideoPlayerVideo - CDVDMsg::GENERAL_PAUSE: 0
2021-07-14 12:04:51.516 T:5276 DEBUG : CVideoPlayerAudio - CDVDMsg::GENERAL_PAUSE: 0
2021-07-14 12:04:51.519 T:4946 DEBUG : CAMLCodec::SetVideoRect:display(0,0,1920,1080)
2021-07-14 12:04:51.519 T:4946 DEBUG : CAMLCodec::SetVideoRect:gui(0,0,1920,1080)
2021-07-14 12:04:51.519 T:4946 DEBUG : CAMLCodec::SetVideoRect:m_dst_rect(0,0,1920,1080)
2021-07-14 12:04:51.519 T:4946 DEBUG : CAMLCodec::SetVideoRect:dst_rect(0,0,1920,1080)
2021-07-14 12:04:51.519 T:4946 DEBUG : CAMLCodec::SetVideoRect:m_guiStereoMode(0)
2021-07-14 12:04:51.519 T:4946 DEBUG : CAMLCodec::SetVideoRect:m_guiStereoView(0)
2021-07-14 12:04:51.520 T:4946 DEBUG : ------ Window Deinit (DialogBusy.xml) ------
2021-07-14 12:04:51.521 T:5009 DEBUG : OnAVChange: CApplication::OnAVChange
2021-07-14 12:04:51.522 T:5270 DEBUG : CVideoPlayer::ProcessVideoData size:67039 dts:8.091 pts:8.342 dur:41.000ms, clock:-0.078 level:94
2021-07-14 12:04:51.523 T:5270 DEBUG : CVideoPlayer::ProcessVideoData size:54649 dts:8.133 pts:8.217 dur:41.000ms, clock:-0.077 level:94
2021-07-14 12:04:51.524 T:5270 DEBUG : CVideoPlayer::ProcessVideoData size:12992 dts:8.175 pts:8.175 dur:41.000ms, clock:-0.076 level:95
2021-07-14 12:04:51.524 T:5270 DEBUG : CVideoPlayer::ProcessVideoData size:36694 dts:8.217 pts:8.258 dur:41.000ms, clock:-0.076 level:95
2021-07-14 12:04:51.526 T:5270 DEBUG : CVideoPlayer::ProcessVideoData size:19866 dts:8.258 pts:8.300 dur:41.000ms, clock:-0.074 level:96
2021-07-14 12:04:51.536 T:5275 DEBUG : CVideoPlayerVideo - CDVDMsg::DEMUXER_PACKET - checking interlace vfmt: progressive
2021-07-14 12:04:51.568 T:5294 INFO : Skipped 1 duplicate messages..
2021-07-14 12:04:51.568 T:5294 DEBUG : DEBUG: EMBY.core.HTTP: --->[ http ] { "params": { "ItemId": "13119", "MediaSourceId": "fe1e5bd8ffc4b5cacf8878b286f4d671", "PositionTicks": 0, "RunTimeTicks": 17273021240, "CanSeek": true, "QueueableMediaTypes": "Video,Audio", "VolumeLevel": 100, "IsPaused": false, "IsMuted": false, "PlaySessionId": "790dcc54e93a472ab4220497c4ffde0b" }, "type": "POST", "url": "http://192.168.1.10:8096/emby/Sessions/Playing/Progress", "headers": { "Content-type": "application/json", "Accept-Charset": "UTF-8,*", "Accept-encoding": "gzip", "User-Agent": "Emby-Kodi/5.3.2", "Authorization": "Emby Client=Kodi, Device=Kodi (CoreELEC), DeviceId=C86BFD09CCFB4585AC3E449D31D74819, Version=5.3.2, UserId=de8aeadec54b4fa28d3772ebcf026587", "X-Emby-Token": "9cd631b3e7914b5d8ed6207750cefae7" }, "timeout": 30, "verify": true }
2021-07-14 12:04:51.568 T:5275 DEBUG : CVideoPlayerVideo::OutputPicture - ttd:282ms pts:0.250 Clock:-0.032 Level:2
2021-07-14 12:04:51.568 T:5024 INFO : INFO: EMBY.hooks.player.Player: [ onAVChange ]
2021-07-14 12:04:51.569 T:5275 DEBUG : CVideoPlayerVideo::OutputPicture - ttd:323ms pts:0.292 Clock:-0.031 Level:3
2021-07-14 12:04:51.583 T:5294 DEBUG : DEBUG: EMBY.core.HTTP: ---<[ http ][9 ms]
2021-07-14 12:04:51.598 T:5275 DEBUG : CVideoPlayerVideo - CDVDMsg::DEMUXER_PACKET - checking interlace vfmt: progressive
2021-07-14 12:04:51.608 T:5270 DEBUG : CVideoPlayer::ProcessVideoData size:64036 dts:8.300 pts:8.550 dur:41.000ms, clock:0.008 level:89
2021-07-14 12:04:51.609 T:5270 DEBUG : CVideoPlayer::ProcessVideoData size:19593 dts:8.342 pts:8.425 dur:41.000ms, clock:0.009 level:89
2021-07-14 12:04:51.609 T:5275 DEBUG : CVideoPlayerVideo::OutputPicture - ttd:325ms pts:0.334 Clock:0.009 Level:4
2021-07-14 12:04:51.609 T:5270 DEBUG : CVideoPlayer::ProcessVideoData size:13344 dts:8.383 pts:8.383 dur:41.000ms, clock:0.009 level:90
2021-07-14 12:04:51.610 T:5270 DEBUG : CVideoPlayer::ProcessVideoData size:25636 dts:8.425 pts:8.467 dur:41.000ms, clock:0.009 level:90
2021-07-14 12:04:51.610 T:5270 DEBUG : CVideoPlayer::ProcessVideoData size:5066 dts:8.467 pts:8.508 dur:41.000ms, clock:0.010 level:91
2021-07-14 12:04:51.611 T:5270 DEBUG : CVideoPlayer::ProcessVideoData size:53742 dts:8.508 pts:8.675 dur:41.000ms, clock:0.010 level:91
2021-07-14 12:04:51.611 T:5270 DEBUG : CVideoPlayer::ProcessVideoData size:5663 dts:8.550 pts:8.592 dur:41.000ms, clock:0.011 level:92
2021-07-14 12:04:51.611 T:5270 DEBUG : CVideoPlayer::ProcessVideoData size:3822 dts:8.592 pts:8.634 dur:41.000ms, clock:0.011 level:92
2021-07-14 12:04:51.612 T:5275 DEBUG : CVideoPlayerVideo::OutputPicture - ttd:363ms pts:0.375 Clock:0.012 Level:5
2021-07-14 12:04:51.774 T:5275 DEBUG : CVideoPlayerVideo::OutputPicture - ttd:243ms pts:0.417 Clock:0.174 Level:2
2021-07-14 12:04:51.775 T:5275 DEBUG : CVideoPlayerVideo::OutputPicture - ttd:284ms pts:0.459 Clock:0.175 Level:3
2021-07-14 12:04:51.804 T:5270 DEBUG : CVideoPlayer::ProcessVideoData size:51260 dts:8.634 pts:8.800 dur:41.000ms, clock:0.204 level:89
2021-07-14 12:04:51.804 T:5270 DEBUG : CVideoPlayer::ProcessVideoData size:5755 dts:8.675 pts:8.717 dur:41.000ms, clock:0.204 level:90
2021-07-14 12:04:51.805 T:5270 DEBUG : CVideoPlayer::ProcessVideoData size:3621 dts:8.717 pts:8.759 dur:41.000ms, clock:0.204 level:90
2021-07-14 12:04:51.805 T:5270 DEBUG : CVideoPlayer::ProcessVideoData size:55882 dts:8.759 pts:8.842 dur:41.000ms, clock:0.205 level:91
2021-07-14 12:04:51.813 T:5275 DEBUG : CVideoPlayerVideo::OutputPicture - ttd:287ms pts:0.500 Clock:0.212 Level:3
2021-07-14 12:04:51.856 T:5275 DEBUG : CVideoPlayerVideo::OutputPicture - ttd:286ms pts:0.542 Clock:0.256 Level:3
2021-07-14 12:04:51.857 T:5275 DEBUG : CVideoPlayerVideo::OutputPicture - ttd:326ms pts:0.584 Clock:0.257 Level:4
2021-07-14 12:04:51.869 T:5295 INFO : INFO: EMBY.hooks.monitor.Monitor: [ UserDataChanged ] {'ServerId': '582d15c7dab04b7fb851ac18d8445893', 'UserDataList': [{'IsFavorite': False, 'ItemId': '13119', 'LastPlayedDate': '2021-07-14T02:04:51.0000000+00:00', 'PlayCount': 7, 'PlaybackPositionTicks': 0, 'Played': True}], 'UserId': 'de8aeadec54b4fa28d3772ebcf026587', 'MonitorMethod': 'UserDataChanged'}
2021-07-14 12:04:51.870 T:5295 INFO : INFO: EMBY.hooks.monitor.Monitor: [ skip update/13119 ]
2021-07-14 12:04:51.907 T:5270 DEBUG : CVideoPlayer::ProcessVideoData size:78622 dts:8.800 pts:9.051 dur:41.000ms, clock:0.306 level:90
2021-07-14 12:04:51.907 T:5270 DEBUG : CVideoPlayer::ProcessVideoData size:30855 dts:8.842 pts:8.926 dur:41.000ms, clock:0.307 level:90
2021-07-14 12:04:51.907 T:5270 DEBUG : CVideoPlayer::ProcessVideoData size:31090 dts:8.884 pts:8.884 dur:41.000ms, clock:0.307 level:91
2021-07-14 12:04:51.908 T:5270 DEBUG : CVideoPlayer::ProcessVideoData size:48679 dts:8.926 pts:8.967 dur:41.000ms, clock:0.308 level:91
2021-07-14 12:04:51.908 T:5270 DEBUG : CVideoPlayer::ProcessVideoData size:19462 dts:8.967 pts:9.009 dur:41.000ms, clock:0.308 level:92
2021-07-14 12:04:51.979 T:5275 DEBUG : CVideoPlayerVideo::OutputPicture - ttd:247ms pts:0.626 Clock:0.379 Level:2
2021-07-14 12:04:51.980 T:5275 DEBUG : CVideoPlayerVideo::OutputPicture - ttd:287ms pts:0.667 Clock:0.380 Level:3
2021-07-14 12:04:52.023 T:5275 DEBUG : CVideoPlayerVideo::OutputPicture - ttd:285ms pts:0.709 Clock:0.423 Level:3
2021-07-14 12:04:52.067 T:5275 DEBUG : CVideoPlayerVideo::OutputPicture - ttd:284ms pts:0.751 Clock:0.467 Level:3
2021-07-14 12:04:52.068 T:5275 DEBUG : CVideoPlayerVideo::OutputPicture - ttd:324ms pts:0.792 Clock:0.468 Level:4
2021-07-14 12:04:52.162 T:5270 DEBUG : CVideoPlayer::ProcessVideoData size:64708 dts:9.009 pts:9.259 dur:41.000ms, clock:0.561 level:89
2021-07-14 12:04:52.162 T:5270 DEBUG : CVideoPlayer::ProcessVideoData size:53686 dts:9.051 pts:9.134 dur:41.000ms, clock:0.562 level:90
2021-07-14 12:04:52.162 T:5270 DEBUG : CVideoPlayer::ProcessVideoData size:6358 dts:9.092 pts:9.092 dur:41.000ms, clock:0.562 level:90
2021-07-14 12:04:52.162 T:5270 DEBUG : CVideoPlayer::ProcessVideoData size:14482 dts:9.134 pts:9.176 dur:41.000ms, clock:0.562 level:91
2021-07-14 12:04:52.163 T:5270 DEBUG : CVideoPlayer::ProcessVideoData size:6527 dts:9.176 pts:9.218 dur:41.000ms, clock:0.562 level:91
2021-07-14 12:04:52.190 T:5275 DEBUG : CVideoPlayerVideo::OutputPicture - ttd:244ms pts:0.834 Clock:0.590 Level:2
2021-07-14 12:04:52.191 T:5275 DEBUG : CVideoPlayerVideo::OutputPicture - ttd:285ms pts:0.876 Clock:0.591 Level:3
2021-07-14 12:04:52.235 T:5275 DEBUG : CVideoPlayerVideo::OutputPicture - ttd:283ms pts:0.918 Clock:0.634 Level:3
2021-07-14 12:04:52.272 T:5275 DEBUG : CVideoPlayerVideo::OutputPicture - ttd:287ms pts:0.959 Clock:0.672 Level:3
2021-07-14 12:04:52.274 T:5275 DEBUG : CVideoPlayerVideo::OutputPicture - ttd:327ms pts:1.001 Clock:0.673 Level:4
2021-07-14 12:04:52.396 T:5275 DEBUG : CVideoPlayerVideo::OutputPicture - ttd:247ms pts:1.043 Clock:0.796 Level:2
2021-07-14 12:04:52.396 T:5025 DEBUG : DatabaseUtils::GetSortFieldList: unknown field 36
