2021-07-14 12:05:21.944 T:5413 DEBUG : DEBUG: EMBY.core.HTTP: --->[ http ] { "params": { "ItemId": "13333", "MediaSourceId": "4436c541d9395479ead4292914cfbc87", "PositionTicks": 0, "RunTimeTicks": 15545020751, "CanSeek": true, "QueueableMediaTypes": "Video,Audio", "VolumeLevel": 100, "IsPaused": false, "IsMuted": false, "PlaySessionId": "583acda9420c4a2f90d0f1171c43acf7" }, "type": "POST", "url": "http://192.168.1.10:8096/emby/Sessions/Playing/Progress", "headers": { "Content-type": "application/json", "Accept-Charset": "UTF-8,*", "Accept-encoding": "gzip", "User-Agent": "Emby-Kodi/5.3.2", "Authorization": "Emby Client=Kodi, Device=Kodi (CoreELEC), DeviceId=C86BFD09CCFB4585AC3E449D31D74819, Version=5.3.2, UserId=de8aeadec54b4fa28d3772ebcf026587", "X-Emby-Token": "9cd631b3e7914b5d8ed6207750cefae7" }, "timeout": 30, "verify": true }
2021-07-14 12:05:21.944 T:5024 INFO : INFO: EMBY.hooks.player.Player: [ onAVChange ]
2021-07-14 12:05:21.959 T:5413 DEBUG : DEBUG: EMBY.core.HTTP: ---<[ http ][8 ms]
2021-07-14 12:05:21.959 T:5396 DEBUG : CVideoPlayerVideo - CDVDMsg::DEMUXER_PACKET - checking interlace vfmt: progressive
2021-07-14 12:05:22.022 T:5396 DEBUG : CVideoPlayerVideo::OutputPicture - ttd:306ms pts:0.250 Clock:-0.056 Level:3
2021-07-14 12:05:22.023 T:5396 DEBUG : CVideoPlayerVideo::OutputPicture - ttd:346ms pts:0.292 Clock:-0.055 Level:4
2021-07-14 12:05:22.104 T:5396 DEBUG : CVideoPlayerVideo::OutputPicture - ttd:308ms pts:0.334 Clock:0.026 Level:3
2021-07-14 12:05:22.145 T:5389 DEBUG : CVideoPlayer::ProcessVideoData size:68849 dts:8.717 pts:8.967 dur:41.000ms, clock:0.066 level:92
2021-07-14 12:05:22.145 T:5389 DEBUG : CVideoPlayer::ProcessVideoData size:30873 dts:8.759 pts:8.842 dur:41.000ms, clock:0.067 level:92
2021-07-14 12:05:22.145 T:5389 DEBUG : CVideoPlayer::ProcessVideoData size:30866 dts:8.800 pts:8.800 dur:41.000ms, clock:0.067 level:93
2021-07-14 12:05:22.146 T:5414 INFO : INFO: EMBY.hooks.monitor.Monitor: [ UserDataChanged ] {'ServerId': '582d15c7dab04b7fb851ac18d8445893', 'UserDataList': [{'IsFavorite': False, 'ItemId': '13333', 'LastPlayedDate': '2021-07-14T02:05:21.0000000+00:00', 'PlayCount': 6, 'PlaybackPositionTicks': 0, 'Played': True}], 'UserId': 'de8aeadec54b4fa28d3772ebcf026587', 'MonitorMethod': 'UserDataChanged'}
2021-07-14 12:05:22.146 T:5414 INFO : INFO: EMBY.hooks.monitor.Monitor: [ skip update/13333 ]
2021-07-14 12:05:22.146 T:5389 DEBUG : CVideoPlayer::ProcessVideoData size:48852 dts:8.842 pts:8.884 dur:41.000ms, clock:0.068 level:93
2021-07-14 12:05:22.146 T:5389 DEBUG : CVideoPlayer::ProcessVideoData size:19436 dts:8.884 pts:8.926 dur:41.000ms, clock:0.068 level:94
2021-07-14 12:05:22.148 T:5396 DEBUG : CVideoPlayerVideo::OutputPicture - ttd:305ms pts:0.375 Clock:0.070 Level:3
2021-07-14 12:05:22.149 T:5396 DEBUG : CVideoPlayerVideo::OutputPicture - ttd:346ms pts:0.417 Clock:0.071 Level:4
2021-07-14 12:05:22.277 T:5396 DEBUG : CVideoPlayerVideo::OutputPicture - ttd:260ms pts:0.459 Clock:0.199 Level:2
2021-07-14 12:05:22.278 T:5396 DEBUG : CVideoPlayerVideo::OutputPicture - ttd:300ms pts:0.500 Clock:0.200 Level:3
2021-07-14 12:05:22.299 T:5389 DEBUG : CVideoPlayer::ProcessVideoData size:59028 dts:8.926 pts:9.176 dur:41.000ms, clock:0.220 level:92
2021-07-14 12:05:22.299 T:5389 DEBUG : CVideoPlayer::ProcessVideoData size:53957 dts:8.967 pts:9.051 dur:41.000ms, clock:0.221 level:93
2021-07-14 12:05:22.299 T:5389 DEBUG : CVideoPlayer::ProcessVideoData size:6299 dts:9.009 pts:9.009 dur:41.000ms, clock:0.221 level:93
2021-07-14 12:05:22.300 T:5389 DEBUG : CVideoPlayer::ProcessVideoData size:14508 dts:9.051 pts:9.092 dur:41.000ms, clock:0.221 level:94
2021-07-14 12:05:22.300 T:5389 DEBUG : CVideoPlayer::ProcessVideoData size:6551 dts:9.092 pts:9.134 dur:41.000ms, clock:0.221 level:94
2021-07-14 12:05:22.315 T:5396 DEBUG : CVideoPlayerVideo::OutputPicture - ttd:304ms pts:0.542 Clock:0.237 Level:3
2021-07-14 12:05:22.317 T:5396 DEBUG : CVideoPlayerVideo::OutputPicture - ttd:345ms pts:0.584 Clock:0.238 Level:4
2021-07-14 12:05:22.438 T:5396 DEBUG : CVideoPlayerVideo::OutputPicture - ttd:266ms pts:0.626 Clock:0.360 Level:2
2021-07-14 12:05:22.440 T:5396 DEBUG : CVideoPlayerVideo::OutputPicture - ttd:305ms pts:0.667 Clock:0.361 Level:3
2021-07-14 12:05:22.483 T:5396 DEBUG : CVideoPlayerVideo::OutputPicture - ttd:304ms pts:0.709 Clock:0.405 Level:3
2021-07-14 12:05:22.484 T:5396 DEBUG : CVideoPlayerVideo::OutputPicture - ttd:345ms pts:0.751 Clock:0.406 Level:4
2021-07-14 12:05:22.543 T:5389 DEBUG : CVideoPlayer::ProcessVideoData size:64694 dts:9.134 pts:9.218 dur:41.000ms, clock:0.465 level:92
2021-07-14 12:05:22.543 T:5389 DEBUG : CVideoPlayer::ProcessVideoData size:63019 dts:9.176 pts:9.343 dur:41.000ms, clock:0.465 level:92
2021-07-14 12:05:22.544 T:5389 DEBUG : CVideoPlayer::ProcessVideoData size:61121 dts:9.218 pts:9.259 dur:41.000ms, clock:0.466 level:93
2021-07-14 12:05:22.544 T:5389 DEBUG : CVideoPlayer::ProcessVideoData size:5380 dts:9.259 pts:9.301 dur:41.000ms, clock:0.466 level:93
2021-07-14 12:05:22.562 T:5025 DEBUG : DatabaseUtils::GetSortFieldList: unknown field 36
2021-07-14 12:05:22.590 T:4956 DEBUG : ActiveAE::SyncStream - average error 355.286642 above threshold of 100.000000
2021-07-14 12:05:22.607 T:5396 DEBUG : CVideoPlayerVideo::OutputPicture - ttd:263ms pts:0.792 Clock:0.528 Level:2
2021-07-14 12:05:22.608 T:5396 DEBUG : CVideoPlayerVideo::OutputPicture - ttd:304ms pts:0.834 Clock:0.530 Level:3
2021-07-14 12:05:22.652 T:5396 DEBUG : CVideoPlayerVideo::OutputPicture - ttd:302ms pts:0.876 Clock:0.573 Level:3
2021-07-14 12:05:22.689 T:5396 DEBUG : CVideoPlayerVideo::OutputPicture - ttd:307ms pts:0.918 Clock:0.611 Level:3
2021-07-14 12:05:22.690 T:5396 DEBUG : CVideoPlayerVideo::OutputPicture - ttd:347ms pts:0.959 Clock:0.612 Level:4
2021-07-14 12:05:22.776 T:5396 DEBUG : CVideoPlayerVideo::OutputPicture - ttd:303ms pts:1.001 Clock:0.698 Level:3
2021-07-14 12:05:22.813 T:5396 DEBUG : CVideoPlayerVideo::OutputPicture - ttd:307ms pts:1.043 Clock:0.735 Level:3
2021-07-14 12:05:22.815 T:5396 DEBUG : CVideoPlayerVideo::OutputPicture - ttd:347ms pts:1.084 Clock:0.736 Level:4
2021-07-14 12:05:22.890 T:4956 DEBUG : ActiveAE::SyncStream - average error 3.286642, last average error: 355.286642
2021-07-14 12:05:22.942 T:5396 DEBUG : CVideoPlayerVideo::OutputPicture - ttd:262ms pts:1.126 Clock:0.864 Level:2
2021-07-14 12:05:22.943 T:5396 DEBUG : CVideoPlayerVideo::OutputPicture - ttd:303ms pts:1.168 Clock:0.865 Level:3
2021-07-14 12:05:22.980 T:5396 DEBUG : CVideoPlayerVideo::OutputPicture - ttd:307ms pts:1.210 Clock:0.902 Level:3
2021-07-14 12:05:23.024 T:5396 DEBUG : CVideoPlayerVideo::OutputPicture - ttd:305ms pts:1.251 Clock:0.945 Level:3
2021-07-14 12:05:23.025 T:5396 DEBUG : CVideoPlayerVideo::OutputPicture - ttd:346ms pts:1.293 Clock:0.947 Level:4
2021-07-14 12:05:23.040 T:4956 DEBUG : ActiveAE::SyncStream - average error of 36.771886, start adjusting
2021-07-14 12:05:23.040 T:4956 DEBUG : ActiveAE::SyncStream - average error 4.771886 below threshold of 30.000000
2021-07-14 12:05:23.105 T:5396 DEBUG : CVideoPlayerVideo::OutputPicture - ttd:308ms pts:1.335 Clock:1.026 Level:3
2021-07-14 12:05:23.148 T:5396 DEBUG : CVideoPlayerVideo::OutputPicture - ttd:306ms pts:1.376 Clock:1.070 Level:3
2021-07-14 12:05:23.149 T:5396 DEBUG : CVideoPlayerVideo::OutputPicture - ttd:347ms pts:1.418 Clock:1.071 Level:4
2021-07-14 12:05:23.151 T:5389 DEBUG : CVideoPlayer::ProcessVideoData size:125335 dts:9.301 pts:9.509 dur:41.000ms, clock:1.073 level:87
2021-07-14 12:05:23.152 T:5389 DEBUG : CVideoPlayer::ProcessVideoData size:35557 dts:9.343 pts:9.426 dur:41.000ms, clock:1.073 level:87
2021-07-14 12:05:23.152 T:5389 DEBUG : CVideoPlayer::ProcessVideoData size:14785 dts:9.384 pts:9.384 dur:41.000ms, clock:1.073 level:88
2021-07-14 12:05:23.152 T:5389 DEBUG : CVideoPlayer::ProcessVideoData size:14827 dts:9.426 pts:9.468 dur:41.000ms, clock:1.074 level:88
2021-07-14 12:05:23.236 T:5396 DEBUG : CVideoPlayerVideo::OutputPicture - ttd:302ms pts:1.460 Clock:1.158 Level:3
2021-07-14 12:05:23.237 T:5396 DEBUG : CVideoPlayerVideo::OutputPicture - ttd:342ms pts:1.501 Clock:1.159 Level:4
2021-07-14 12:05:23.358 T:5396 DEBUG : CVideoPlayerVideo::OutputPicture - ttd:262ms pts:1.543 Clock:1.280 Level:2
2021-07-14 12:05:23.360 T:5396 DEBUG : CVideoPlayerVideo::OutputPicture - ttd:303ms pts:1.585 Clock:1.281 Level:3
2021-07-14 12:05:23.397 T:5396 DEBUG : CVideoPlayerVideo::OutputPicture - ttd:308ms pts:1.627 Clock:1.319 Level:3
2021-07-14 12:05:23.398 T:5396 DEBUG : CVideoPlayerVideo::OutputPicture - ttd:348ms pts:1.668 Clock:1.320 Level:4
2021-07-14 12:05:23.446 T:5389 DEBUG : CVideoPlayer::ProcessVideoData size:75978 dts:9.468 pts:9.718 dur:41.000ms, clock:1.367 level:85
2021-07-14 12:05:23.446 T:5389 DEBUG : CVideoPlayer::ProcessVideoData size:15699 dts:9.509 pts:9.593 dur:41.000ms, clock:1.368 level:85
2021-07-14 12:05:23.446 T:5389 DEBUG : CVideoPlayer::ProcessVideoData size:7273 dts:9.551 pts:9.551 dur:41.000ms, clock:1.368 level:86
2021-07-14 12:05:23.446 T:5389 DEBUG : CVideoPlayer::ProcessVideoData size:5678 dts:9.593 pts:9.635 dur:41.000ms, clock:1.368 level:87
2021-07-14 12:05:23.446 T:5389 DEBUG : CVideoPlayer::ProcessVideoData size:5178 dts:9.635 pts:9.676 dur:41.000ms, clock:1.368 level:87
2021-07-14 12:05:23.446 T:5389 DEBUG : CVideoPlayer::ProcessVideoData size:55246 dts:9.676 pts:9.843 dur:41.000ms, clock:1.368 level:88
2021-07-14 12:05:23.447 T:5389 DEBUG : CVideoPlayer::ProcessVideoData size:9900 dts:9.718 pts:9.760 dur:41.000ms, clock:1.368 level:88
2021-07-14 12:05:23.447 T:5389 DEBUG : CVideoPlayer::ProcessVideoData size:4127 dts:9.760 pts:9.801 dur:41.000ms, clock:1.368 level:89
2021-07-14 12:05:23.498 T:5389 DEBUG : CVideoPlayer::ProcessVideoData size:53796 dts:9.801 pts:9.968 dur:41.000ms, clock:1.419 level:88
2021-07-14 12:05:23.498 T:5389 DEBUG : CVideoPlayer::ProcessVideoData size:13933 dts:9.843 pts:9.885 dur:41.000ms, clock:1.419 level:89
2021-07-14 12:05:23.498 T:5389 DEBUG : CVideoPlayer::ProcessVideoData size:4246 dts:9.885 pts:9.927 dur:41.000ms, clock:1.419 level:89
2021-07-14 12:05:23.499 T:5389 DEBUG : CVideoPlayer::ProcessVideoData size:236576 dts:9.927 pts:10.010 dur:41.000ms, clock:1.421 level:90
2021-07-14 12:05:23.526 T:5396 DEBUG : CVideoPlayerVideo::OutputPicture - ttd:262ms pts:1.710 Clock:1.448 Level:2
2021-07-14 12:05:23.527 T:5396 DEBUG : CVideoPlayerVideo::OutputPicture - ttd:303ms pts:1.752 Clock:1.449 Level:3
2021-07-14 12:05:23.564 T:5396 DEBUG : CVideoPlayerVideo::OutputPicture - ttd:307ms pts:1.793 Clock:1.486 Level:3
2021-07-14 12:05:23.566 T:5396 DEBUG : CVideoPlayerVideo::OutputPicture - ttd:347ms pts:1.835 Clock:1.487 Level:4
2021-07-14 12:05:23.689 T:5396 DEBUG : CVideoPlayerVideo::OutputPicture - ttd:266ms pts:1.877 Clock:1.610 Level:2
2021-07-14 12:05:23.690 T:5396 DEBUG : CVideoPlayerVideo::OutputPicture - ttd:307ms pts:1.919 Clock:1.612 Level:3
2021-07-14 12:05:23.733 T:5396 DEBUG : CVideoPlayerVideo::OutputPicture - ttd:304ms pts:1.960 Clock:1.655 Level:3
2021-07-14 12:05:23.743 T:5389 DEBUG : CVideoPlayer::ProcessVideoData size:48461 dts:9.968 pts:10.052 dur:41.000ms, clock:1.665 level:87
2021-07-14 12:05:23.744 T:5389 DEBUG : CVideoPlayer::ProcessVideoData size:72114 dts:10.010 pts:10.093 dur:41.000ms, clock:1.666 level:88
2021-07-14 12:05:23.744 T:5389 DEBUG : CVideoPlayer::ProcessVideoData size:47166 dts:10.052 pts:10.177 dur:41.000ms, clock:1.666 level:88
2021-07-14 12:05:23.745 T:5389 DEBUG : CVideoPlayer::ProcessVideoData size:3352 dts:10.093 pts:10.135 dur:41.000ms, clock:1.666 level:89
2021-07-14 12:05:23.777 T:5396 DEBUG : CVideoPlayerVideo::OutputPicture - ttd:303ms pts:2.002 Clock:1.699 Level:3
2021-07-14 12:05:23.778 T:5396 DEBUG : CVideoPlayerVideo::OutputPicture - ttd:343ms pts:2.044 Clock:1.700 Level:4
2021-07-14 12:05:23.900 T:5396 DEBUG : CVideoPlayerVideo::OutputPicture - ttd:263ms pts:2.085 Clock:1.822 Level:2
2021-07-14 12:05:23.901 T:5396 DEBUG : CVideoPlayerVideo::OutputPicture - ttd:303ms pts:2.127 Clock:1.823 Level:3
2021-07-14 12:05:23.945 T:5396 DEBUG : CVideoPlayerVideo::OutputPicture - ttd:302ms pts:2.169 Clock:1.867 Level:3
2021-07-14 12:05:23.982 T:5396 DEBUG : CVideoPlayerVideo::OutputPicture - ttd:306ms pts:2.211 Clock:1.904 Level:3
2021-07-14 12:05:23.984 T:5396 DEBUG : CVideoPlayerVideo::OutputPicture - ttd:346ms pts:2.252 Clock:1.905 Level:4
2021-07-14 12:05:24.048 T:5389 DEBUG : CVideoPlayer::ProcessVideoData size:51583 dts:10.135 pts:10.385 dur:41.000ms, clock:1.970 level:85
2021-07-14 12:05:24.049 T:5389 DEBUG : CVideoPlayer::ProcessVideoData size:27520 dts:10.177 pts:10.260 dur:41.000ms, clock:1.970 level:86
2021-07-14 12:05:24.049 T:5389 DEBUG : CVideoPlayer::ProcessVideoData size:8226 dts:10.219 pts:10.219 dur:41.000ms, clock:1.971 level:87
2021-07-14 12:05:24.049 T:5389 DEBUG : CVideoPlayer::ProcessVideoData size:33975 dts:10.260 pts:10.302 dur:41.000ms, clock:1.971 level:87
2021-07-14 12:05:24.049 T:5389 DEBUG : CVideoPlayer::ProcessVideoData size:11903 dts:10.302 pts:10.344 dur:41.000ms, clock:1.971 level:88
2021-07-14 12:05:24.050 T:5389 DEBUG : CVideoPlayer::ProcessVideoData size:55610 dts:10.344 pts:10.427 dur:41.000ms, clock:1.971 level:88
2021-07-14 12:05:24.106 T:5396 DEBUG : CVideoPlayerVideo::OutputPicture - ttd:266ms pts:2.294 Clock:2.028 Level:2
2021-07-14 12:05:24.107 T:5396 DEBUG : CVideoPlayerVideo::OutputPicture - ttd:306ms pts:2.336 Clock:2.029 Level:3
2021-07-14 12:05:24.151 T:5396 DEBUG : CVideoPlayerVideo::OutputPicture - ttd:304ms pts:2.377 Clock:2.072 Level:3
2021-07-14 12:05:24.152 T:5396 DEBUG : CVideoPlayerVideo::OutputPicture - ttd:345ms pts:2.419 Clock:2.074 Level:4
2021-07-14 12:05:24.274 T:5396 DEBUG : CVideoPlayerVideo::OutputPicture - ttd:265ms pts:2.461 Clock:2.195 Level:2
2021-07-14 12:05:24.275 T:5396 DEBUG : CVideoPlayerVideo::OutputPicture - ttd:305ms pts:2.502 Clock:2.197 Level:3
2021-07-14 12:05:24.293 T:5389 DEBUG : CVideoPlayer::ProcessVideoData size:54472 dts:10.385 pts:10.636 dur:41.000ms, clock:2.215 level:85
2021-07-14 12:05:24.293 T:5389 DEBUG : CVideoPlayer::ProcessVideoData size:22151 dts:10.427 pts:10.510 dur:41.000ms, clock:2.215 level:86
2021-07-14 12:05:24.294 T:5389 DEBUG : CVideoPlayer::ProcessVideoData size:32745 dts:10.469 pts:10.469 dur:41.000ms, clock:2.215 level:87
2021-07-14 12:05:24.294 T:5389 DEBUG : CVideoPlayer::ProcessVideoData size:23629 dts:10.510 pts:10.552 dur:41.000ms, clock:2.216 level:87
2021-07-14 12:05:24.294 T:5389 DEBUG : CVideoPlayer::ProcessVideoData size:8630 dts:10.552 pts:10.594 dur:41.000ms, clock:2.216 level:88
2021-07-14 12:05:24.295 T:5389 DEBUG : CVideoPlayer::ProcessVideoData size:37833 dts:10.594 pts:10.677 dur:41.000ms, clock:2.216 level:88
2021-07-14 12:05:24.315 T:5396 DEBUG : CVideoPlayerVideo::OutputPicture - ttd:307ms pts:2.544 Clock:2.236 Level:3
2021-07-14 12:05:24.358 T:5396 DEBUG : CVideoPlayerVideo::OutputPicture - ttd:306ms pts:2.586 Clock:2.280 Level:3
2021-07-14 12:05:24.359 T:5396 DEBUG : CVideoPlayerVideo::OutputPicture - ttd:346ms pts:2.628 Clock:2.281 Level:4
2021-07-14 12:05:24.481 T:5396 DEBUG : CVideoPlayerVideo::OutputPicture - ttd:265ms pts:2.669 Clock:2.403 Level:2
2021-07-14 12:05:24.483 T:5396 DEBUG : CVideoPlayerVideo::OutputPicture - ttd:306ms pts:2.711 Clock:2.404 Level:3
2021-07-14 12:05:24.526 T:5396 DEBUG : CVideoPlayerVideo::OutputPicture - ttd:305ms pts:2.753 Clock:2.448 Level:3
2021-07-14 12:05:24.548 T:5389 DEBUG : CVideoPlayer::ProcessVideoData size:39884 dts:10.636 pts:10.844 dur:41.000ms, clock:2.470 level:85
2021-07-14 12:05:24.548 T:5389 DEBUG : CVideoPlayer::ProcessVideoData size:28261 dts:10.677 pts:10.761 dur:41.000ms, clock:2.470 level:86
2021-07-14 12:05:24.548 T:5389 DEBUG : CVideoPlayer::ProcessVideoData size:12116 dts:10.719 pts:10.719 dur:41.000ms, clock:2.470 level:87
2021-07-14 12:05:24.549 T:5389 DEBUG : CVideoPlayer::ProcessVideoData size:5790 dts:10.761 pts:10.802 dur:41.000ms, clock:2.470 level:87
2021-07-14 12:05:24.549 T:5389 DEBUG : CVideoPlayer::ProcessVideoData size:20892 dts:10.802 pts:10.928 dur:41.000ms, clock:2.470 level:88
2021-07-14 12:05:24.549 T:5389 DEBUG : CVideoPlayer::ProcessVideoData size:19688 dts:10.844 pts:10.886 dur:41.000ms, clock:2.471 level:88
2021-07-14 12:05:24.570 T:5396 DEBUG : CVideoPlayerVideo::OutputPicture - ttd:302ms pts:2.794 Clock:2.491 Level:3
2021-07-14 12:05:24.571 T:5396 DEBUG : CVideoPlayerVideo::OutputPicture - ttd:343ms pts:2.836 Clock:2.493 Level:4
2021-07-14 12:05:24.692 T:5396 DEBUG : CVideoPlayerVideo::OutputPicture - ttd:263ms pts:2.878 Clock:2.614 Level:2
2021-07-14 12:05:24.694 T:5396 DEBUG : CVideoPlayerVideo::OutputPicture - ttd:304ms pts:2.920 Clock:2.615 Level:3
2021-07-14 12:05:24.731 T:5396 DEBUG : CVideoPlayerVideo::OutputPicture - ttd:308ms pts:2.961 Clock:2.653 Level:3
2021-07-14 12:05:24.742 T:5389 DEBUG : CVideoPlayer::ProcessVideoData size:134856 dts:10.886 pts:11.094 dur:41.000ms, clock:2.664 level:86
2021-07-14 12:05:24.743 T:5389 DEBUG : CVideoPlayer::ProcessVideoData size:105307 dts:10.928 pts:11.011 dur:41.000ms, clock:2.665 level:87
2021-07-14 12:05:24.744 T:5389 DEBUG : CVideoPlayer::ProcessVideoData size:7375 dts:10.969 pts:10.969 dur:41.000ms, clock:2.665 level:87
2021-07-14 12:05:24.744 T:5389 DEBUG : CVideoPlayer::ProcessVideoData size:28711 dts:11.011 pts:11.053 dur:41.000ms, clock:2.666 level:88
2021-07-14 12:05:24.745 T:5389 DEBUG : CVideoPlayer::ProcessVideoData size:56152 dts:11.053 pts:11.178 dur:41.000ms, clock:2.666 level:88
2021-07-14 12:05:24.745 T:5389 DEBUG : CVideoPlayer::ProcessVideoData size:16515 dts:11.094 pts:11.136 dur:41.000ms, clock:2.667 level:89
2021-07-14 12:05:24.748 T:5389 DEBUG : CVideoPlayer::ProcessVideoData size:228146 dts:11.136 pts:11.220 dur:41.000ms, clock:2.669 level:89
2021-07-14 12:05:24.778 T:5396 DEBUG : CVideoPlayerVideo::OutputPicture - ttd:302ms pts:3.003 Clock:2.700 Level:3
2021-07-14 12:05:24.780 T:5396 DEBUG : CVideoPlayerVideo::OutputPicture - ttd:343ms pts:3.045 Clock:2.701 Level:4
2021-07-14 12:05:24.891 T:4973 DEBUG : CLibInputKeyboard::ProcessKey - using delay: 250ms repeat: 33ms
2021-07-14 12:05:24.893 T:4946 DEBUG : Keyboard: scancode: 0x02, sym: 0x0031, unicode: 0x0031, modifier: 0x0
2021-07-14 12:05:24.893 T:4946 DEBUG : HandleKey: one (0xf031) pressed, action is stop
2021-07-14 12:05:24.893 T:4946 INFO : CVideoPlayer::CloseFile()
2021-07-14 12:05:24.893 T:4946 DEBUG : DeleteRenderer - deleting renderer
2021-07-14 12:05:24.893 T:4946 INFO : VideoPlayer: waiting for threads to exit
2021-07-14 12:05:24.893 T:5415 DEBUG : Thread Timer start, auto delete: false
2021-07-14 12:05:24.901 T:5389 INFO : CVideoPlayer::OnExit()
2021-07-14 12:05:24.901 T:5389 INFO : Closing stream player 1
2021-07-14 12:05:24.901 T:5389 INFO : Waiting for audio thread to exit
2021-07-14 12:05:24.921 T:5396 DEBUG : CVideoPlayerVideo::OutputPicture - ttd:262ms pts:3.086 Clock:2.823 Level:0
2021-07-14 12:05:24.940 T:5397 INFO : thread end: CVideoPlayerAudio::OnExit()
2021-07-14 12:05:24.941 T:5397 DEBUG : Thread VideoPlayerAudio 3367842432 terminating
2021-07-14 12:05:24.941 T:5389 INFO : Closing audio device
2021-07-14 12:05:24.943 T:5396 DEBUG : CVideoPlayerVideo::OutputPicture - ttd:283ms pts:3.128 Clock:2.844 Level:0
2021-07-14 12:05:24.964 T:5396 DEBUG : CVideoPlayerVideo::OutputPicture - ttd:304ms pts:3.170 Clock:2.866 Level:0
2021-07-14 12:05:24.985 T:5396 DEBUG : CVideoPlayerVideo::OutputPicture - ttd:324ms pts:3.212 Clock:2.887 Level:0
2021-07-14 12:05:24.990 T:5389 DEBUG : CDVDAudio::Flush - flush audio stream
2021-07-14 12:05:24.990 T:4956 DEBUG : CActiveAE::DiscardStream - audio stream deleted
2021-07-14 12:05:24.991 T:4956 DEBUG : CActiveAE::ClearDiscardedBuffers - buffer pool deleted
2021-07-14 12:05:24.992 T:5389 INFO : Skipped 2 duplicate messages..
2021-07-14 12:05:24.992 T:5389 INFO : Deleting audio codec
2021-07-14 12:05:24.992 T:5389 INFO : Closing stream player 2
2021-07-14 12:05:24.992 T:5389 INFO : waiting for video thread to exit
2021-07-14 12:05:24.992 T:4957 INFO : CActiveAESink::OpenSink - initialize sink
2021-07-14 12:05:25.007 T:5396 DEBUG : CVideoPlayerVideo::OutputPicture - ttd:344ms pts:3.253 Clock:2.908 Level:0
2021-07-14 12:05:25.007 T:5396 INFO : thread end: video_thread
2021-07-14 12:05:25.007 T:5396 DEBUG : Thread VideoPlayerVideo 3351057024 terminating
2021-07-14 12:05:25.009 T:5389 INFO : deleting video codec
2021-07-14 12:05:25.009 T:5389 DEBUG : CAMLCodec::CloseDecoder
2021-07-14 12:05:25.017 T:5389 DEBUG : CAMLVideoBufferPool::~CAMLVideoBufferPool: Deleting 6 buffers
2021-07-14 12:05:25.018 T:5389 INFO : Closing stream player 3
2021-07-14 12:05:25.029 T:5014 DEBUG : DoWork - Saving file state for video item http://127.0.0.1:57578/tvshows/12239/13333-4436c541d9395479ead4292914cfbc87-6025219-stream-Mr.Inbetween.S03E08.1080p.WEB.H264-GGEZ.mkv
2021-07-14 12:05:25.034 T:5391 DEBUG : Thread FileCache 3315389056 terminating
2021-07-14 12:05:25.037 T:5389 DEBUG : Thread VideoPlayer 3359449728 terminating
2021-07-14 12:05:25.037 T:4946 INFO : VideoPlayer: finished waiting
2021-07-14 12:05:25.038 T:4946 INFO : CVideoPlayer::CloseFile()
2021-07-14 12:05:25.038 T:4946 INFO : VideoPlayer: waiting for threads to exit
2021-07-14 12:05:25.038 T:4946 INFO : VideoPlayer: finished waiting
2021-07-14 12:05:25.039 T:4946 DEBUG : Radio UECP (RDS) Processor - delete ~CDVDRadioRDSData
2021-07-14 12:05:25.048 T:5009 DEBUG : OnPlayBackStopped: CApplication::OnPlayBackStopped
2021-07-14 12:05:25.050 T:4946 DEBUG : CGUIWindowManager::PreviousWindow: Deactivate
2021-07-14 12:05:25.051 T:5415 DEBUG : Thread Timer 3412886144 terminating
2021-07-14 12:05:25.052 T:4946 DEBUG : ------ Window Deinit (VideoFullScreen.xml) ------
2021-07-14 12:05:25.076 T:4946 DEBUG : AMLUtils::aml_handle_display_stereo_mode old mode 3doff new mode 3doff
2021-07-14 12:05:25.076 T:4946 DEBUG : AMLUtils::aml_handle_display_stereo_mode - no change needed
2021-07-14 12:05:25.076 T:4946 ERROR : GetString: error reading /sys/class/amhdmitx/amhdmitx0/custom_mode
2021-07-14 12:05:25.191 T:4957 DEBUG : CActiveAESink::OpenSink - trying to open device ALSA:hdmi:CARD=AMLAUGESOUND,DEV=0
2021-07-14 12:05:25.191 T:4957 INFO : CAESinkALSA::Initialize - Attempting to open device "hdmi:CARD=AMLAUGESOUND,DEV=0"
2021-07-14 12:05:25.195 T:4957 INFO : CAESinkALSA::Initialize - Opened device "hdmi:CARD=AMLAUGESOUND,DEV=0,AES0=0x04,AES1=0x82,AES2=0x00,AES3=0x00"
2021-07-14 12:05:25.195 T:4957 INFO : CAESinkALSA::InitializeHW - Your hardware does not support AE_FMT_FLOAT, trying other formats
2021-07-14 12:05:25.195 T:4957 INFO : CAESinkALSA::InitializeHW - Using data format AE_FMT_S16NE
2021-07-14 12:05:25.195 T:4957 DEBUG : CAESinkALSA::InitializeHW - Request: periodSize 2205, bufferSize 8820
2021-07-14 12:05:25.197 T:4957 DEBUG : CAESinkALSA::InitializeHW - Got: periodSize 2205, bufferSize 8820
2021-07-14 12:05:25.197 T:4957 DEBUG : CAESinkALSA::InitializeHW - Setting timeout to 200 ms
2021-07-14 12:05:25.197 T:4957 DEBUG : CAESinkALSA::GetChannelLayout - Input Channel Count: 2 Output Channel Count: 2
2021-07-14 12:05:25.197 T:4957 DEBUG : CAESinkALSA::GetChannelLayout - Requested Layout: FL, FR
2021-07-14 12:05:25.197 T:4957 DEBUG : CAESinkALSA::GetChannelLayout - Got Layout: FL, FR (ALSA: none)
2021-07-14 12:05:25.197 T:4957 DEBUG : CActiveAESink::OpenSink - ALSA Initialized:
2021-07-14 12:05:25.197 T:4957 DEBUG : Output Device : AML-AUGESOUND
2021-07-14 12:05:25.197 T:4957 DEBUG : Sample Rate : 44100
2021-07-14 12:05:25.197 T:4957 DEBUG : Sample Format : AE_FMT_S16NE
2021-07-14 12:05:25.197 T:4957 DEBUG : Channel Count : 2
2021-07-14 12:05:25.197 T:4957 DEBUG : Channel Layout: FL, FR
2021-07-14 12:05:25.197 T:4957 DEBUG : Frames : 2205
2021-07-14 12:05:25.197 T:4957 DEBUG : Frame Size : 4
2021-07-14 12:05:25.199 T:4956 DEBUG : CActiveAE::ClearDiscardedBuffers - buffer pool deleted
2021-07-14 12:05:25.295 T:4946 INFO : Skipped 1 duplicate messages..
2021-07-14 12:05:25.295 T:4946 DEBUG : AMLUtils::aml_handle_display_stereo_mode old mode 3doff new mode 3doff
2021-07-14 12:05:25.295 T:4946 DEBUG : AMLUtils::aml_handle_display_stereo_mode - no change needed
2021-07-14 12:05:25.296 T:4946 INFO : GLES: Maximum texture width: 8192
2021-07-14 12:05:25.300 T:4946 DEBUG : CGUIWindowManager::PreviousWindow: Activate new
2021-07-14 12:05:25.308 T:4946 DEBUG : ------ Window Init (MyVideoNav.xml) ------
2021-07-14 12:05:25.311 T:4946 DEBUG : CGUIMediaWindow::GetDirectory (videodb://tvshows/titles/27/-2/?tvshowid=27)
2021-07-14 12:05:25.311 T:4946 DEBUG : ParentPath = [videodb://tvshows/titles/27/-2/?tvshowid=27]
2021-07-14 12:05:25.330 T:4946 DEBUG : WindowVideoNav::GetDirectory
2021-07-14 12:05:25.332 T:5424 DEBUG : Thread BackgroundLoader start, auto delete: false
2021-07-14 12:05:25.343 T:4946 DEBUG : Keyboard: scancode: 0x02, sym: 0x0031, unicode: 0x0031, modifier: 0x0
2021-07-14 12:05:25.346 T:5013 DEBUG : ffmpeg[0x3119c40X]: [image2] Custom AVIOContext makes no sense and will be ignored with AVFMT_NOFILE format.
2021-07-14 12:05:25.358 T:5424 DEBUG : Thread BackgroundLoader 3421278848 terminating
2021-07-14 12:05:25.362 T:5009 DEBUG : ffmpeg[0x212ffd8X]: [image2] Custom AVIOContext makes no sense and will be ignored with AVFMT_NOFILE format.
2021-07-14 12:05:25.363 T:5014 DEBUG : ffmpeg[0x3119df0X]: [image2] Custom AVIOContext makes no sense and will be ignored with AVFMT_NOFILE format.
2021-07-14 12:05:25.363 T:5094 DEBUG : ffmpeg[0x3fb0388X]: [image2] Custom AVIOContext makes no sense and will be ignored with AVFMT_NOFILE format.
2021-07-14 12:05:25.379 T:5014 DEBUG : ffmpeg[0x3119df0X]: [image2] Custom AVIOContext makes no sense and will be ignored with AVFMT_NOFILE format.
2021-07-14 12:05:25.380 T:5094 DEBUG : ffmpeg[0x3fb0388X]: [image2] Custom AVIOContext makes no sense and will be ignored with AVFMT_NOFILE format.
2021-07-14 12:05:25.388 T:5014 DEBUG : ffmpeg[0x3119df0X]: [image2] Custom AVIOContext makes no sense and will be ignored with AVFMT_NOFILE format.
2021-07-14 12:05:25.390 T:5094 DEBUG : ffmpeg[0x3fb0388X]: [image2] Custom AVIOContext makes no sense and will be ignored with AVFMT_NOFILE format.
2021-07-14 12:05:25.395 T:5013 DEBUG : ffmpeg[0x3119c40X]: [image2] Custom AVIOContext makes no sense and will be ignored with AVFMT_NOFILE format.
2021-07-14 12:05:25.448 T:5024 INFO : INFO: EMBY.hooks.player.Player: [ onPlayBackStopped ]
2021-07-14 12:05:25.448 T:5024 DEBUG : DEBUG: EMBY.hooks.player.Player: [ played info ] {'Id': '13333', 'Tracking': True, 'Type': 'episode', 'Volume': 100, 'Muted': False, 'MediaSourceId': '4436c541d9395479ead4292914cfbc87', 'EmbyServer': , 'RunTime': 15545020751, 'CurrentPosition': 0, 'Paused': False, 'library': , 'PlaySessionId': '583acda9420c4a2f90d0f1171c43acf7'}
2021-07-14 12:05:25.449 T:5024 DEBUG : DEBUG: EMBY.core.HTTP: --->[ http ] { "params": { "ItemId": "13333", "MediaSourceId": "4436c541d9395479ead4292914cfbc87", "PositionTicks": 0, "PlaySessionId": "583acda9420c4a2f90d0f1171c43acf7" }, "type": "POST", "url": "http://192.168.1.10:8096/emby/Sessions/Playing/Stopped", "headers": { "Content-type": "application/json", "Accept-Charset": "UTF-8,*", "Accept-encoding": "gzip", "User-Agent": "Emby-Kodi/5.3.2", "Authorization": "Emby Client=Kodi, Device=Kodi (CoreELEC), DeviceId=C86BFD09CCFB4585AC3E449D31D74819, Version=5.3.2, UserId=de8aeadec54b4fa28d3772ebcf026587", "X-Emby-Token": "9cd631b3e7914b5d8ed6207750cefae7" }, "timeout": 30, "verify": true }
2021-07-14 12:05:25.462 T:5024 DEBUG : DEBUG: EMBY.core.HTTP: ---<[ http ][7 ms]
2021-07-14 12:05:25.462 T:5024 INFO : INFO: EMBY.hooks.player.Player: --<[ playback ]
2021-07-14 12:05:26.046 T:5425 INFO : INFO: EMBY.hooks.monitor.Monitor: [ UserDataChanged ] {'ServerId': '582d15c7dab04b7fb851ac18d8445893', 'UserDataList': [{'IsFavorite': False, 'ItemId': '13333', 'LastPlayedDate': '2021-07-14T02:05:21.0000000+00:00', 'PlayCount': 6, 'PlaybackPositionTicks': 0, 'Played': True}, {'IsFavorite': False, 'ItemId': '13106', 'PlayCount': 0, 'PlaybackPositionTicks': 0, 'Played': True, 'UnplayedItemCount': 0}], 'UserId': 'de8aeadec54b4fa28d3772ebcf026587', 'MonitorMethod': 'UserDataChanged'}
2021-07-14 12:05:26.046 T:5425 INFO : INFO: EMBY.hooks.monitor.Monitor: [ skip update/13333 ]
2021-07-14 12:05:26.048 T:5425 DEBUG : DEBUG: EMBY.database.database: --->[ database: emby ] 3856334064
2021-07-14 12:05:26.049 T:5425 DEBUG : DEBUG: EMBY.database.database: ---<[ database: emby ] 3856334064
2021-07-14 12:05:26.050 T:5425 INFO : INFO: EMBY.hooks.monitor.Monitor: [ skip update/13106 ]
2021-07-14 12:05:26.050 T:5425 INFO : INFO: EMBY.hooks.monitor.Monitor: [ skip reset ]
2021-07-14 12:05:26.478 T:5028 DEBUG : DatabaseUtils::GetSortFieldList: unknown field 36
2021-07-14 12:05:28.843 T:4973 INFO : Skipped 14 duplicate messages..
2021-07-14 12:05:28.843 T:4973 DEBUG : CLibInputKeyboard::ProcessKey - using delay: 250ms repeat: 33ms
2021-07-14 12:05:28.844 T:5426 DEBUG : Thread Timer start, auto delete: false
2021-07-14 12:05:28.860 T:4946 DEBUG : Keyboard: scancode: 0x6c, sym: 0x0112, unicode: 0x0000, modifier: 0x0
2021-07-14 12:05:28.860 T:4946 DEBUG : HandleKey: down (0xf081) pressed, action is Down
2021-07-14 12:05:28.871 T:5009 DEBUG : ffmpeg[0x212ffd8X]: [image2] Custom AVIOContext makes no sense and will be ignored with AVFMT_NOFILE format.
2021-07-14 12:05:28.871 T:5094 DEBUG : ffmpeg[0x3fb0388X]: [image2] Custom AVIOContext makes no sense and will be ignored with AVFMT_NOFILE format.
2021-07-14 12:05:28.995 T:5426 DEBUG : Thread Timer 3412886144 terminating
2021-07-14 12:05:28.996 T:4946 DEBUG : Keyboard: scancode: 0x6c, sym: 0x0112, unicode: 0x0000, modifier: 0x0
2021-07-14 12:05:29.891 T:4973 DEBUG : CLibInputKeyboard::ProcessKey - using delay: 250ms repeat: 33ms
2021-07-14 12:05:29.892 T:5427 DEBUG : Thread Timer start, auto delete: false
2021-07-14 12:05:29.904 T:4946 DEBUG : Keyboard: scancode: 0x6c, sym: 0x0112, unicode: 0x0000, modifier: 0x0
2021-07-14 12:05:29.904 T:4946 DEBUG : HandleKey: down (0xf081) pressed, action is Down
2021-07-14 12:05:29.907 T:5013 DEBUG : ffmpeg[0x3119c40X]: [image2] Custom AVIOContext makes no sense and will be ignored with AVFMT_NOFILE format.
2021-07-14 12:05:30.019 T:5427 DEBUG : Thread Timer 3412886144 terminating
2021-07-14 12:05:30.029 T:4946 DEBUG : Keyboard: scancode: 0x6c, sym: 0x0112, unicode: 0x0000, modifier: 0x0
2021-07-14 12:05:33.779 T:4973 DEBUG : CLibInputKeyboard::ProcessKey - using delay: 250ms repeat: 33ms
2021-07-14 12:05:33.780 T:5428 DEBUG : Thread Timer start, auto delete: false
2021-07-14 12:05:33.805 T:4946 DEBUG : Keyboard: scancode: 0x1c, sym: 0x000d, unicode: 0x000d, modifier: 0x0
2021-07-14 12:05:33.923 T:5428 DEBUG : Thread Timer 3412886144 terminating
2021-07-14 12:05:33.938 T:4946 DEBUG : Keyboard: scancode: 0x1c, sym: 0x000d, unicode: 0x000d, modifier: 0x0
2021-07-14 12:05:33.938 T:4946 DEBUG : HandleKey: return (0xf00d) pressed, action is Select
2021-07-14 12:05:33.949 T:4946 DEBUG : OnPlayMedia http://127.0.0.1:57578/tvshows/12239/13107-95ecd528caf58d3ad07addab3677c44e-6002362-stream-Mr.Inbetween.S03E01.1080p.WEB.H264-GGEZ.mkv
2021-07-14 12:05:33.957 T:4946 DEBUG : CCurlFile::GetMimeType - http://127.0.0.1:57578/tvshows/12239/13107-95ecd528caf58d3ad07addab3677c44e-6002362-stream-Mr.Inbetween.S03E01.1080p.WEB.H264-GGEZ.mkv -> video/mp4
2021-07-14 12:05:33.967 T:4946 DEBUG : CPlayerCoreFactory::GetPlayers(http://127.0.0.1:57578/tvshows/12239/13107-95ecd528caf58d3ad07addab3677c44e-6002362-stream-Mr.Inbetween.S03E01.1080p.WEB.H264-GGEZ.mkv)
2021-07-14 12:05:33.967 T:4946 DEBUG : CPlayerSelectionRule::GetPlayers: considering rule: system rules
2021-07-14 12:05:33.967 T:4946 DEBUG : CPlayerSelectionRule::GetPlayers: matches rule: system rules
2021-07-14 12:05:33.967 T:4946 DEBUG : CPlayerSelectionRule::GetPlayers: considering rule: mms/udp
2021-07-14 12:05:33.967 T:4946 DEBUG : CPlayerSelectionRule::GetPlayers: considering rule: lastfm/shout
2021-07-14 12:05:33.967 T:4946 DEBUG : CPlayerSelectionRule::GetPlayers: considering rule: rtmp
2021-07-14 12:05:33.967 T:4946 DEBUG : CPlayerSelectionRule::GetPlayers: considering rule: rtsp
2021-07-14 12:05:33.967 T:4946 DEBUG : CPlayerSelectionRule::GetPlayers: considering rule: streams
2021-07-14 12:05:33.967 T:4946 DEBUG : CPlayerSelectionRule::GetPlayers: matches rule: streams
2021-07-14 12:05:33.967 T:4946 DEBUG : CPlayerSelectionRule::GetPlayers: considering rule: aacp/sdp
2021-07-14 12:05:33.967 T:4946 DEBUG : CPlayerSelectionRule::GetPlayers: considering rule: mp2
2021-07-14 12:05:33.967 T:4946 DEBUG : CPlayerSelectionRule::GetPlayers: considering rule: dvd
2021-07-14 12:05:33.967 T:4946 DEBUG : CPlayerSelectionRule::GetPlayers: considering rule: discimage
2021-07-14 12:05:33.967 T:4946 DEBUG : CPlayerSelectionRule::GetPlayers: considering rule: sdp/asf
2021-07-14 12:05:33.967 T:4946 DEBUG : CPlayerSelectionRule::GetPlayers: considering rule: nsv
2021-07-14 12:05:33.967 T:4946 DEBUG : CPlayerSelectionRule::GetPlayers: considering rule: radio
2021-07-14 12:05:33.967 T:4946 DEBUG : CPlayerCoreFactory::GetPlayers: matched 0 rules with players
2021-07-14 12:05:33.967 T:4946 DEBUG : CPlayerCoreFactory::GetPlayers: adding videodefaultplayer (VideoPlayer)
2021-07-14 12:05:33.967 T:4946 DEBUG : CPlayerCoreFactory::GetPlayers: for video=1, audio=0
2021-07-14 12:05:33.967 T:4946 DEBUG : CPlayerCoreFactory::GetPlayers: for video=1, audio=1
2021-07-14 12:05:33.967 T:4946 DEBUG : CPlayerCoreFactory::GetPlayers: added 1 players
2021-07-14 12:05:33.969 T:4946 DEBUG : Radio UECP (RDS) Processor - new CDVDRadioRDSData
2021-07-14 12:05:33.969 T:4946 INFO : VideoPlayer::OpenFile: http://127.0.0.1:57578/tvshows/12239/13107-95ecd528caf58d3ad07addab3677c44e-6002362-stream-Mr.Inbetween.S03E01.1080p.WEB.H264-GGEZ.mkv
2021-07-14 12:05:33.970 T:4946 DEBUG : CCurlFile::GetMimeType - http://127.0.0.1:57578/tvshows/12239/13107-95ecd528caf58d3ad07addab3677c44e-6002362-stream-Mr.Inbetween.S03E01.1080p.WEB.H264-GGEZ.mkv -> video/mp4
2021-07-14 12:05:33.971 T:5429 DEBUG : Thread VideoPlayer start, auto delete: false
2021-07-14 12:05:33.971 T:4946 DEBUG : OnPlayBackStarted: CApplication::OnPlayBackStarted
2021-07-14 12:05:33.971 T:5429 INFO : Creating InputStream
2021-07-14 12:05:33.972 T:5430 DEBUG : Thread BackgroundLoader start, auto delete: false
2021-07-14 12:05:33.972 T:5429 DEBUG : CurlFile::Open(0xc73cf570) http://127.0.0.1:57578/tvshows/12239/13107-95ecd528caf58d3ad07addab3677c44e-6002362-stream-Mr.Inbetween.S03E01.1080p.WEB.H264-GGEZ.mkv
2021-07-14 12:05:33.973 T:5062 DEBUG : DEBUG: EMBY.hooks.player.WebserviceOnPlay: [ query IncommingData ] /tvshows/12239/13107-95ecd528caf58d3ad07addab3677c44e-6002362-stream-Mr.Inbetween.S03E01.1080p.WEB.H264-GGEZ.mkv
2021-07-14 12:05:33.975 T:5062 DEBUG : DEBUG: EMBY.database.database: --->[ database: emby ] 3856095072
2021-07-14 12:05:33.980 T:4946 DEBUG : CVideoGUIInfo::InitCurrentItem(http://127.0.0.1:57578/tvshows/12239/13107-95ecd528caf58d3ad07addab3677c44e-6002362-stream-Mr.Inbetween.S03E01.1080p.WEB.H264-GGEZ.mkv)
2021-07-14 12:05:33.980 T:4946 DEBUG : CPlayerGUIInfo::InitCurrentItem(http://127.0.0.1:57578/tvshows/12239/13107-95ecd528caf58d3ad07addab3677c44e-6002362-stream-Mr.Inbetween.S03E01.1080p.WEB.H264-GGEZ.mkv)
2021-07-14 12:05:33.984 T:5062 DEBUG : DEBUG: EMBY.database.database: ---<[ database: emby ] 3856095072
2021-07-14 12:05:33.984 T:5014 DEBUG : Loading settings for http://127.0.0.1:57578/tvshows/12239/13107-95ecd528caf58d3ad07addab3677c44e-6002362-stream-Mr.Inbetween.S03E01.1080p.WEB.H264-GGEZ.mkv
2021-07-14 12:05:33.992 T:5429 DEBUG : CCurlFile::Open - effective URL:
2021-07-14 12:05:33.992 T:5429 DEBUG : CFileCache::Open - opening
2021-07-14 12:05:33.993 T:5429 DEBUG : CurlFile::Open(0xe51345c8) http://192.168.1.10:8096/emby/videos/13107/stream?static=true&MediaSourceId=95ecd528caf58d3ad07addab3677c44e&PlaySessionId=000679a5730747b6b3bb90eb9011c0c0&DeviceId=C86BFD09CCFB4585AC3E449D31D74819&api_key=9cd631b3e7914b5d8ed6207750cefae7&Mr.Inbetween.S03E01.1080p.WEB.H264-GGEZ.mkv
2021-07-14 12:05:33.999 T:5429 DEBUG : CFileCache::Open - source chunk size is 0, setting cache chunk size to 131072
2021-07-14 12:05:33.999 T:5429 DEBUG : CFileCache::Open - using double memory cache each sized 10485760 bytes
2021-07-14 12:05:33.999 T:5431 DEBUG : Thread FileCache start, auto delete: false
2021-07-14 12:05:33.999 T:5429 INFO : Creating Demuxer
2021-07-14 12:05:34.000 T:5429 DEBUG : Open - probing detected format [matroska,webm]
2021-07-14 12:05:34.000 T:5429 DEBUG : Open - avformat_find_stream_info starting
2021-07-14 12:05:34.006 T:5430 DEBUG : Thread BackgroundLoader 3421278848 terminating
2021-07-14 12:05:34.029 T:5429 DEBUG : Open - av_find_stream_info finished
2021-07-14 12:05:34.030 T:5429 INFO : ffmpeg[0x3707140X]: Input #0, matroska,webm, from 'http://192.168.1.10:8096/emby/videos/13107/stream?static=true&MediaSourceId=95ecd528caf58d3ad07addab3677c44e&PlaySessionId=000679a5730747b6b3bb90eb9011c0c0&DeviceId=C86BFD09CCFB4585AC3E449D31D74819&api_key=9cd631b3e7914b5d8ed6207750cefae7&Mr.Inbetween.S03E01.1080p.WEB.H264-GGEZ.mkv':
2021-07-14 12:05:34.030 T:5429 INFO : ffmpeg[0x3707140X]: Metadata:
2021-07-14 12:05:34.030 T:5429 INFO : ffmpeg[0x3707140X]: encoder : libebml v1.4.0 + libmatroska v1.6.1
2021-07-14 12:05:34.030 T:5429 INFO : ffmpeg[0x3707140X]: Duration: 00:27:15.08, start: 0.000000, bitrate: 6002 kb/s
2021-07-14 12:05:34.030 T:5429 INFO : ffmpeg[0x3707140X]: Stream #0:0: Video: h264 (High), yuv420p(progressive), 1920x1080 [SAR 1:1 DAR 16:9], 23.98 fps, 23.98 tbr, 1k tbn, 47.95 tbc (default)
2021-07-14 12:05:34.030 T:5429 INFO : ffmpeg[0x3707140X]: Stream #0:1(eng): Audio: eac3, 48000 Hz, 6 channels, fltp (default)
2021-07-14 12:05:34.030 T:5429 INFO : ffmpeg[0x3707140X]: Stream #0:2(eng): Subtitle: subrip
2021-07-14 12:05:34.030 T:5429 INFO : ffmpeg[0x3707140X]: Metadata:
2021-07-14 12:05:34.030 T:5429 INFO : ffmpeg[0x3707140X]: title : English
2021-07-14 12:05:34.030 T:5429 DEBUG : DVDDemuxFFmpeg::AddStream - fps:24000/1001 tbr:24000/1001 tbn:48000/1001
2021-07-14 12:05:34.030 T:5429 DEBUG : DVDDemuxFFmpeg::AddStream - fps:24000/1001p
2021-07-14 12:05:34.030 T:5429 DEBUG : CDVDDemuxFFmpeg::AddStream ID: 0
2021-07-14 12:05:34.030 T:5429 DEBUG : CDVDDemuxFFmpeg::AddStream ID: 1
2021-07-14 12:05:34.030 T:5429 DEBUG : CDVDDemuxFFmpeg::AddStream ID: 2
2021-07-14 12:05:34.030 T:5429 DEBUG : CDVDInputStreamFile::SetReadRate - set cache throttle rate to 825324 bytes per second
2021-07-14 12:05:34.030 T:5429 INFO : Opening stream: 0 source: 256
2021-07-14 12:05:34.030 T:5429 INFO : CVideoPlayerVideo::OpenStream - Creating codec: 27
2021-07-14 12:05:34.030 T:5429 DEBUG : DVDVideoCodecAmlogic::Open - codec 27 profile:100 extra_size:46 fps:24000/1001
2021-07-14 12:05:34.030 T:5429 INFO : CBitstreamConverter::Open bitstream to annexb init
2021-07-14 12:05:34.030 T:5429 INFO : DVDVideoCodecAmlogic: Opened Amlogic Codec
2021-07-14 12:05:34.030 T:5429 DEBUG : CVideoPlayerVideo::OpenStream - open stream with codec id: 27 fps:24000/1001 options:02
2021-07-14 12:05:34.030 T:5429 INFO : Creating video thread
2021-07-14 12:05:34.031 T:5432 DEBUG : Thread VideoPlayerVideo start, auto delete: false
2021-07-14 12:05:34.031 T:5429 INFO : Opening stream: 1 source: 256
2021-07-14 12:05:34.031 T:5429 INFO : Finding audio codec for: 86056
2021-07-14 12:05:34.031 T:5429 INFO : Creating audio thread
2021-07-14 12:05:34.031 T:5432 INFO : running thread: video_thread
2021-07-14 12:05:34.031 T:5432 DEBUG : CVideoPlayerVideo - CDVDMsg::GENERAL_PAUSE: 0
2021-07-14 12:05:34.031 T:5433 DEBUG : Thread VideoPlayerAudio start, auto delete: false
2021-07-14 12:05:34.031 T:5429 INFO : Opening stream: 2 source: 256
2021-07-14 12:05:34.031 T:5429 DEBUG : CDVDClock::SetSpeedAdjust - adjusted:0.000000
2021-07-14 12:05:34.031 T:5429 DEBUG : CVideoPlayer::HandleMessages - player 2 reported state: 0
2021-07-14 12:05:34.031 T:5013 DEBUG : OnAVChange: CApplication::OnAVChange
2021-07-14 12:05:34.031 T:5429 DEBUG : CVideoPlayer::ProcessVideoData size:26137 dts:18442240474082.180 pts:0.000 dur:41.000ms, clock:-0.500 level:0
2021-07-14 12:05:34.031 T:5429 DEBUG : CDVDClock::SetSpeedAdjust - adjusted:0.000000
2021-07-14 12:05:34.031 T:5429 INFO : Skipped 1 duplicate messages..
2021-07-14 12:05:34.031 T:5429 DEBUG : CVideoPlayer::ProcessVideoData size:12062 dts:18442240474082.180 pts:0.209 dur:41.000ms, clock:-0.291 level:0
2021-07-14 12:05:34.031 T:5429 DEBUG : CVideoPlayer::CheckContinuity - wrapback :2, prev:209000.000000, curr:0.000000, diff:-209000.000000
2021-07-14 12:05:34.031 T:5429 DEBUG : CVideoPlayer::ProcessVideoData size:4900 dts:0.000 pts:0.083 dur:41.000ms, clock:-0.291 level:3
2021-07-14 12:05:34.031 T:5429 DEBUG : CVideoPlayer::ProcessVideoData size:2305 dts:0.042 pts:0.042 dur:41.000ms, clock:-0.291 level:0
2021-07-14 12:05:34.031 T:5432 DEBUG : CAMLCodec::SetSpeed, speed(0)
2021-07-14 12:05:34.031 T:5429 DEBUG : CVideoPlayer::ProcessVideoData size:2722 dts:0.083 pts:0.125 dur:41.000ms, clock:-0.291 level:1
2021-07-14 12:05:34.032 T:5432 DEBUG : CAMLCodec::SetSpeed, speed(1000)
2021-07-14 12:05:34.032 T:5432 DEBUG : CAMLCodec::SetSpeed, speed(0)
2021-07-14 12:05:34.031 T:5433 INFO : running thread: CVideoPlayerAudio::Process()
2021-07-14 12:05:34.032 T:5433 DEBUG : CVideoPlayerAudio - CDVDMsg::GENERAL_PAUSE: 0
2021-07-14 12:05:34.032 T:5429 DEBUG : CVideoPlayer::ProcessVideoData size:2887 dts:0.125 pts:0.167 dur:41.000ms, clock:-0.291 level:2
2021-07-14 12:05:34.032 T:5433 DEBUG : CDVDAudio::Pause - pausing audio stream
2021-07-14 12:05:34.032 T:5433 INFO : Skipped 2 duplicate messages..
2021-07-14 12:05:34.032 T:5433 INFO : CAEStreamParser::TrySyncAC3 - E-AC3 stream detected (6 channels, 48000Hz)
2021-07-14 12:05:34.032 T:5429 DEBUG : CVideoPlayer::HandleMessages - player 1 reported state: 0
2021-07-14 12:05:34.032 T:5432 DEBUG : CVideoPlayerVideo - Stillframe left, switching to normal playback
2021-07-14 12:05:34.032 T:5432 INFO : DVDVideoCodecAmlogic::AddData Open decoder: fps:24000/1001
2021-07-14 12:05:34.032 T:5429 DEBUG : CVideoPlayer::ProcessVideoData size:8011 dts:0.167 pts:0.375 dur:41.000ms, clock:-0.291 level:0
2021-07-14 12:05:34.032 T:5429 DEBUG : CVideoPlayer::ProcessVideoData size:4871 dts:0.209 pts:0.292 dur:41.000ms, clock:-0.291 level:0
2021-07-14 12:05:34.032 T:5429 DEBUG : CVideoPlayer::ProcessVideoData size:2574 dts:0.250 pts:0.250 dur:41.000ms, clock:-0.291 level:0
2021-07-14 12:05:34.032 T:5429 DEBUG : CVideoPlayer::ProcessVideoData size:1510 dts:0.292 pts:0.334 dur:41.000ms, clock:-0.291 level:1
2021-07-14 12:05:34.032 T:5432 DEBUG : codecid_to_vformat, id(27) -> vformat(2)
2021-07-14 12:05:34.032 T:5429 DEBUG : CVideoPlayer::ProcessVideoData size:2088 dts:0.334 pts:0.584 dur:41.000ms, clock:-0.291 level:2
2021-07-14 12:05:34.032 T:5432 DEBUG : codec_tag_to_vdec_type, codec_tag(27) -> vdec_type(4)
2021-07-14 12:05:34.032 T:5429 DEBUG : CVideoPlayer::ProcessVideoData size:4313 dts:0.375 pts:0.459 dur:41.000ms, clock:-0.291 level:2
2021-07-14 12:05:34.032 T:5432 DEBUG : CAMLCodec::OpenDecoder hints.width(1920), hints.height(1080), hints.codec(27), hints.codec_tag(0)
2021-07-14 12:05:34.032 T:5429 DEBUG : CVideoPlayer::ProcessVideoData size:1768 dts:0.417 pts:0.417 dur:41.000ms, clock:-0.291 level:3
2021-07-14 12:05:34.032 T:5432 DEBUG : CAMLCodec::OpenDecoder hints.fpsrate(24000), hints.fpsscale(1001), video_rate(4004)
2021-07-14 12:05:34.032 T:5429 DEBUG : CVideoPlayer::ProcessVideoData size:1870 dts:0.459 pts:0.500 dur:41.000ms, clock:-0.291 level:3
2021-07-14 12:05:34.032 T:5432 DEBUG : CAMLCodec::OpenDecoder hints.aspect(1.777778), video_ratio.num(1), video_ratio.den(1)
2021-07-14 12:05:34.032 T:5429 DEBUG : CVideoPlayer::ProcessVideoData size:1406 dts:0.500 pts:0.542 dur:41.000ms, clock:-0.291 level:4
2021-07-14 12:05:34.032 T:5432 DEBUG : CAMLCodec::OpenDecoder hints.orientation(0), hints.forced_aspect(1), hints.extrasize(39)
2021-07-14 12:05:34.033 T:5429 DEBUG : CVideoPlayer::ProcessVideoData size:412 dts:0.542 pts:0.792 dur:41.000ms, clock:-0.291 level:4
2021-07-14 12:05:34.033 T:5429 DEBUG : CVideoPlayer::ProcessVideoData size:911 dts:0.584 pts:0.667 dur:41.000ms, clock:-0.291 level:5
2021-07-14 12:05:34.033 T:5429 DEBUG : CVideoPlayer::ProcessVideoData size:399 dts:0.626 pts:0.626 dur:41.000ms, clock:-0.291 level:5
2021-07-14 12:05:34.033 T:5429 DEBUG : CVideoPlayer::ProcessVideoData size:353 dts:0.667 pts:0.709 dur:41.000ms, clock:-0.291 level:6
2021-07-14 12:05:34.033 T:5429 DEBUG : CVideoPlayer::ProcessVideoData size:172 dts:0.709 pts:0.751 dur:41.000ms, clock:-0.291 level:6
2021-07-14 12:05:34.033 T:5429 DEBUG : CVideoPlayer::ProcessVideoData size:85 dts:0.751 pts:1.001 dur:41.000ms, clock:-0.291 level:7
2021-07-14 12:05:34.033 T:5429 DEBUG : CVideoPlayer::ProcessVideoData size:236 dts:0.792 pts:0.876 dur:41.000ms, clock:-0.291 level:7
2021-07-14 12:05:34.033 T:5429 DEBUG : CVideoPlayer::ProcessVideoData size:104 dts:0.834 pts:0.834 dur:41.000ms, clock:-0.291 level:8
2021-07-14 12:05:34.033 T:5429 DEBUG : CVideoPlayer::ProcessVideoData size:163 dts:0.876 pts:0.918 dur:41.000ms, clock:-0.291 level:8
2021-07-14 12:05:34.033 T:5429 DEBUG : CVideoPlayer::ProcessVideoData size:91 dts:0.918 pts:0.959 dur:41.000ms, clock:-0.291 level:9
2021-07-14 12:05:34.033 T:5429 DEBUG : CVideoPlayer::ProcessVideoData size:163942 dts:0.959 pts:1.168 dur:41.000ms, clock:-0.291 level:9
2021-07-14 12:05:34.033 T:5429 DEBUG : CVideoPlayer::ProcessVideoData size:8557 dts:1.001 pts:1.084 dur:41.000ms, clock:-0.291 level:10
2021-07-14 12:05:34.033 T:5429 DEBUG : CVideoPlayer::ProcessVideoData size:97 dts:1.043 pts:1.043 dur:41.000ms, clock:-0.291 level:10
2021-07-14 12:05:34.033 T:5429 DEBUG : CVideoPlayer::ProcessVideoData size:2232 dts:1.084 pts:1.126 dur:41.000ms, clock:-0.291 level:11
2021-07-14 12:05:34.034 T:5429 DEBUG : CVideoPlayer::ProcessVideoData size:45710 dts:1.126 pts:1.376 dur:41.000ms, clock:-0.291 level:11
2021-07-14 12:05:34.034 T:5429 DEBUG : CVideoPlayer::ProcessVideoData size:6330 dts:1.168 pts:1.251 dur:41.000ms, clock:-0.291 level:12
2021-07-14 12:05:34.034 T:5429 DEBUG : CVideoPlayer::ProcessVideoData size:3053 dts:1.210 pts:1.210 dur:41.000ms, clock:-0.291 level:12
2021-07-14 12:05:34.034 T:5429 DEBUG : CVideoPlayer::ProcessVideoData size:2039 dts:1.251 pts:1.293 dur:41.000ms, clock:-0.291 level:13
2021-07-14 12:05:34.034 T:5429 DEBUG : CVideoPlayer::ProcessVideoData size:3314 dts:1.293 pts:1.335 dur:41.000ms, clock:-0.291 level:14
2021-07-14 12:05:34.034 T:5429 DEBUG : CVideoPlayer::ProcessVideoData size:18564 dts:1.335 pts:1.501 dur:41.000ms, clock:-0.291 level:14
2021-07-14 12:05:34.034 T:5429 DEBUG : CVideoPlayer::ProcessVideoData size:7310 dts:1.376 pts:1.418 dur:41.000ms, clock:-0.291 level:15
2021-07-14 12:05:34.034 T:5429 DEBUG : CVideoPlayer::ProcessVideoData size:1925 dts:1.418 pts:1.460 dur:41.000ms, clock:-0.291 level:15
2021-07-14 12:05:34.034 T:5429 DEBUG : CVideoPlayer::ProcessVideoData size:17997 dts:1.460 pts:1.585 dur:41.000ms, clock:-0.291 level:16
2021-07-14 12:05:34.034 T:5429 DEBUG : CVideoPlayer::ProcessVideoData size:3676 dts:1.501 pts:1.543 dur:41.000ms, clock:-0.291 level:16
2021-07-14 12:05:34.034 T:5429 DEBUG : CVideoPlayer::ProcessVideoData size:36559 dts:1.543 pts:1.752 dur:41.000ms, clock:-0.291 level:17
2021-07-14 12:05:34.034 T:5429 DEBUG : CVideoPlayer::ProcessVideoData size:7632 dts:1.585 pts:1.668 dur:41.000ms, clock:-0.291 level:17
2021-07-14 12:05:34.034 T:5429 DEBUG : CVideoPlayer::ProcessVideoData size:3039 dts:1.627 pts:1.627 dur:41.000ms, clock:-0.291 level:18
2021-07-14 12:05:34.034 T:5429 DEBUG : CVideoPlayer::ProcessVideoData size:2763 dts:1.668 pts:1.710 dur:41.000ms, clock:-0.291 level:18
2021-07-14 12:05:34.035 T:5429 DEBUG : CVideoPlayer::ProcessVideoData size:25328 dts:1.710 pts:1.919 dur:41.000ms, clock:-0.291 level:19
2021-07-14 12:05:34.035 T:5429 DEBUG : CVideoPlayer::ProcessVideoData size:6824 dts:1.752 pts:1.835 dur:41.000ms, clock:-0.291 level:19
2021-07-14 12:05:34.035 T:5429 DEBUG : CVideoPlayer::ProcessVideoData size:1728 dts:1.793 pts:1.793 dur:41.000ms, clock:-0.291 level:20
2021-07-14 12:05:34.035 T:5429 DEBUG : CVideoPlayer::ProcessVideoData size:2120 dts:1.835 pts:1.877 dur:41.000ms, clock:-0.291 level:20
2021-07-14 12:05:34.035 T:5429 DEBUG : CVideoPlayer::ProcessVideoData size:36311 dts:1.877 pts:2.127 dur:41.000ms, clock:-0.291 level:21
2021-07-14 12:05:34.035 T:5429 DEBUG : CVideoPlayer::ProcessVideoData size:8896 dts:1.919 pts:2.002 dur:41.000ms, clock:-0.291 level:21
2021-07-14 12:05:34.035 T:5429 DEBUG : CVideoPlayer::ProcessVideoData size:2120 dts:1.960 pts:1.960 dur:41.000ms, clock:-0.291 level:22
2021-07-14 12:05:34.035 T:5429 DEBUG : CVideoPlayer::ProcessVideoData size:10024 dts:2.002 pts:2.044 dur:41.000ms, clock:-0.291 level:22
2021-07-14 12:05:34.035 T:5429 DEBUG : CVideoPlayer::ProcessVideoData size:1782 dts:2.044 pts:2.085 dur:41.000ms, clock:-0.291 level:23
2021-07-14 12:05:34.036 T:5429 DEBUG : CVideoPlayer::ProcessVideoData size:46573 dts:2.085 pts:2.336 dur:41.000ms, clock:-0.291 level:23
2021-07-14 12:05:34.036 T:5429 DEBUG : CVideoPlayer::ProcessVideoData size:4714 dts:2.127 pts:2.211 dur:41.000ms, clock:-0.291 level:24
2021-07-14 12:05:34.036 T:5429 DEBUG : CVideoPlayer::ProcessVideoData size:2328 dts:2.169 pts:2.169 dur:41.000ms, clock:-0.291 level:24
2021-07-14 12:05:34.036 T:5429 DEBUG : CVideoPlayer::ProcessVideoData size:2146 dts:2.211 pts:2.252 dur:41.000ms, clock:-0.291 level:25
2021-07-14 12:05:34.036 T:5429 DEBUG : CVideoPlayer::ProcessVideoData size:3862 dts:2.252 pts:2.294 dur:41.000ms, clock:-0.291 level:26
2021-07-14 12:05:34.036 T:5429 DEBUG : CVideoPlayer::ProcessVideoData size:32197 dts:2.294 pts:2.502 dur:41.000ms, clock:-0.291 level:26
2021-07-14 12:05:34.036 T:5429 DEBUG : CVideoPlayer::ProcessVideoData size:3549 dts:2.336 pts:2.419 dur:41.000ms, clock:-0.291 level:27
