2021-07-14 12:04:23.270 T:5189 DEBUG : CVideoPlayer::ProcessVideoData size:9055 dts:3.629 pts:3.712 dur:41.000ms, clock:-0.291 level:44
2021-07-14 12:04:23.270 T:5189 DEBUG : CVideoPlayer::ProcessVideoData size:3270 dts:3.670 pts:3.670 dur:41.000ms, clock:-0.291 level:44
2021-07-14 12:04:23.270 T:5189 DEBUG : CVideoPlayer::ProcessVideoData size:11678 dts:3.712 pts:3.754 dur:41.000ms, clock:-0.291 level:45
2021-07-14 12:04:23.270 T:5189 DEBUG : CVideoPlayer::ProcessVideoData size:2650 dts:3.754 pts:3.795 dur:41.000ms, clock:-0.291 level:45
2021-07-14 12:04:23.270 T:5189 DEBUG : CVideoPlayer::ProcessVideoData size:27180 dts:3.795 pts:4.046 dur:41.000ms, clock:-0.291 level:46
2021-07-14 12:04:23.271 T:5189 DEBUG : CVideoPlayer::ProcessVideoData size:13196 dts:3.837 pts:3.921 dur:41.000ms, clock:-0.291 level:46
2021-07-14 12:04:23.271 T:5189 DEBUG : CVideoPlayer::ProcessVideoData size:2406 dts:3.879 pts:3.879 dur:41.000ms, clock:-0.291 level:47
2021-07-14 12:04:23.271 T:5189 DEBUG : CVideoPlayer::ProcessVideoData size:3981 dts:3.921 pts:3.962 dur:41.000ms, clock:-0.291 level:47
2021-07-14 12:04:23.271 T:5189 DEBUG : CVideoPlayer::ProcessVideoData size:2041 dts:3.962 pts:4.004 dur:41.000ms, clock:-0.291 level:48
2021-07-14 12:04:23.271 T:5189 DEBUG : CVideoPlayer::ProcessVideoData size:24038 dts:4.004 pts:4.087 dur:41.000ms, clock:-0.291 level:48
2021-07-14 12:04:23.271 T:5189 DEBUG : CVideoPlayer::ProcessVideoData size:24932 dts:4.046 pts:4.213 dur:41.000ms, clock:-0.291 level:49
2021-07-14 12:04:23.271 T:5189 DEBUG : CVideoPlayer::ProcessVideoData size:15292 dts:4.087 pts:4.129 dur:41.000ms, clock:-0.291 level:50
2021-07-14 12:04:23.271 T:5189 DEBUG : CVideoPlayer::ProcessVideoData size:2502 dts:4.129 pts:4.171 dur:41.000ms, clock:-0.291 level:50
2021-07-14 12:04:23.271 T:5189 DEBUG : CVideoPlayer::ProcessVideoData size:20435 dts:4.171 pts:4.254 dur:41.000ms, clock:-0.291 level:51
2021-07-14 12:04:23.272 T:5189 DEBUG : CVideoPlayer::ProcessVideoData size:33630 dts:4.213 pts:4.463 dur:41.000ms, clock:-0.291 level:51
2021-07-14 12:04:23.272 T:5189 DEBUG : CVideoPlayer::ProcessVideoData size:11756 dts:4.254 pts:4.338 dur:41.000ms, clock:-0.291 level:52
2021-07-14 12:04:23.272 T:5189 DEBUG : CVideoPlayer::ProcessVideoData size:3109 dts:4.296 pts:4.296 dur:41.000ms, clock:-0.291 level:52
2021-07-14 12:04:23.272 T:5189 DEBUG : CVideoPlayer::ProcessVideoData size:3476 dts:4.338 pts:4.379 dur:41.000ms, clock:-0.291 level:53
2021-07-14 12:04:23.272 T:5189 DEBUG : CVideoPlayer::ProcessVideoData size:2471 dts:4.379 pts:4.421 dur:41.000ms, clock:-0.291 level:53
2021-07-14 12:04:23.272 T:5189 DEBUG : CVideoPlayer::ProcessVideoData size:34276 dts:4.421 pts:4.588 dur:41.000ms, clock:-0.291 level:54
2021-07-14 12:04:23.272 T:5189 DEBUG : CVideoPlayer::ProcessVideoData size:2378 dts:4.463 pts:4.504 dur:41.000ms, clock:-0.291 level:54
2021-07-14 12:04:23.272 T:5189 DEBUG : CVideoPlayer::ProcessVideoData size:1927 dts:4.504 pts:4.546 dur:41.000ms, clock:-0.291 level:55
2021-07-14 12:04:23.272 T:5189 DEBUG : CVideoPlayer::ProcessVideoData size:25891 dts:4.546 pts:4.713 dur:41.000ms, clock:-0.291 level:55
2021-07-14 12:04:23.272 T:5189 DEBUG : CVideoPlayer::ProcessVideoData size:3664 dts:4.588 pts:4.630 dur:41.000ms, clock:-0.291 level:56
2021-07-14 12:04:23.273 T:5189 DEBUG : CVideoPlayer::ProcessVideoData size:2065 dts:4.630 pts:4.671 dur:41.000ms, clock:-0.291 level:56
2021-07-14 12:04:23.273 T:5189 DEBUG : CVideoPlayer::ProcessVideoData size:25888 dts:4.671 pts:4.838 dur:41.000ms, clock:-0.291 level:57
2021-07-14 12:04:23.273 T:5189 DEBUG : CVideoPlayer::ProcessVideoData size:3430 dts:4.713 pts:4.755 dur:41.000ms, clock:-0.291 level:57
2021-07-14 12:04:23.273 T:5189 DEBUG : CVideoPlayer::ProcessVideoData size:2106 dts:4.755 pts:4.796 dur:41.000ms, clock:-0.291 level:58
2021-07-14 12:04:23.273 T:5189 DEBUG : CVideoPlayer::ProcessVideoData size:25885 dts:4.796 pts:4.963 dur:41.000ms, clock:-0.291 level:58
2021-07-14 12:04:23.273 T:5189 DEBUG : CVideoPlayer::ProcessVideoData size:9484 dts:4.838 pts:4.880 dur:41.000ms, clock:-0.291 level:59
2021-07-14 12:04:23.273 T:5189 DEBUG : CVideoPlayer::ProcessVideoData size:2420 dts:4.880 pts:4.922 dur:41.000ms, clock:-0.291 level:59
2021-07-14 12:04:23.274 T:5189 DEBUG : CVideoPlayer::ProcessVideoData size:242166 dts:4.922 pts:5.005 dur:41.000ms, clock:-0.291 level:60
2021-07-14 12:04:23.274 T:5189 DEBUG : CVideoPlayer::ProcessVideoData size:37019 dts:4.963 pts:5.214 dur:41.000ms, clock:-0.291 level:60
2021-07-14 12:04:23.274 T:5189 DEBUG : CVideoPlayer::ProcessVideoData size:12268 dts:5.005 pts:5.088 dur:41.000ms, clock:-0.291 level:61
2021-07-14 12:04:23.274 T:5189 DEBUG : CVideoPlayer::ProcessVideoData size:1933 dts:5.047 pts:5.047 dur:41.000ms, clock:-0.291 level:61
2021-07-14 12:04:23.274 T:5189 DEBUG : CVideoPlayer::ProcessVideoData size:3118 dts:5.088 pts:5.130 dur:41.000ms, clock:-0.291 level:62
2021-07-14 12:04:23.274 T:5189 DEBUG : CVideoPlayer::ProcessVideoData size:8809 dts:5.130 pts:5.172 dur:41.000ms, clock:-0.291 level:63
2021-07-14 12:04:23.274 T:5189 DEBUG : CVideoPlayer::ProcessVideoData size:31498 dts:5.172 pts:5.422 dur:41.000ms, clock:-0.291 level:63
2021-07-14 12:04:23.274 T:5189 DEBUG : CVideoPlayer::ProcessVideoData size:7142 dts:5.214 pts:5.297 dur:41.000ms, clock:-0.291 level:64
2021-07-14 12:04:23.275 T:5189 DEBUG : CVideoPlayer::ProcessVideoData size:6245 dts:5.255 pts:5.255 dur:41.000ms, clock:-0.291 level:64
2021-07-14 12:04:23.275 T:5189 DEBUG : CVideoPlayer::ProcessVideoData size:9818 dts:5.297 pts:5.339 dur:41.000ms, clock:-0.291 level:65
2021-07-14 12:04:23.275 T:5189 DEBUG : CVideoPlayer::ProcessVideoData size:4756 dts:5.339 pts:5.380 dur:41.000ms, clock:-0.291 level:65
2021-07-14 12:04:23.275 T:5189 DEBUG : CVideoPlayer::ProcessVideoData size:26587 dts:5.380 pts:5.547 dur:41.000ms, clock:-0.291 level:66
2021-07-14 12:04:23.275 T:5189 DEBUG : CVideoPlayer::ProcessVideoData size:5685 dts:5.422 pts:5.464 dur:41.000ms, clock:-0.291 level:66
2021-07-14 12:04:23.275 T:5189 DEBUG : CVideoPlayer::ProcessVideoData size:2846 dts:5.464 pts:5.505 dur:41.000ms, clock:-0.291 level:67
2021-07-14 12:04:23.275 T:4957 INFO : CActiveAESink::OpenSink - initialize sink
2021-07-14 12:04:23.275 T:5189 DEBUG : CVideoPlayer::ProcessVideoData size:27454 dts:5.505 pts:5.714 dur:41.000ms, clock:-0.291 level:67
2021-07-14 12:04:23.275 T:5189 DEBUG : CVideoPlayer::ProcessVideoData size:8791 dts:5.547 pts:5.631 dur:41.000ms, clock:-0.291 level:68
2021-07-14 12:04:23.275 T:5189 DEBUG : CVideoPlayer::ProcessVideoData size:2574 dts:5.589 pts:5.589 dur:41.000ms, clock:-0.291 level:68
2021-07-14 12:04:23.275 T:5189 DEBUG : CVideoPlayer::ProcessVideoData size:2768 dts:5.631 pts:5.672 dur:41.000ms, clock:-0.291 level:69
2021-07-14 12:04:23.275 T:5189 DEBUG : CVideoPlayer::ProcessVideoData size:26896 dts:5.672 pts:5.881 dur:41.000ms, clock:-0.291 level:69
2021-07-14 12:04:23.275 T:5189 DEBUG : CVideoPlayer::ProcessVideoData size:6401 dts:5.714 pts:5.797 dur:41.000ms, clock:-0.291 level:70
2021-07-14 12:04:23.276 T:5189 DEBUG : CVideoPlayer::ProcessVideoData size:7345 dts:5.756 pts:5.756 dur:41.000ms, clock:-0.291 level:70
2021-07-14 12:04:23.276 T:5189 DEBUG : CVideoPlayer::ProcessVideoData size:2338 dts:5.797 pts:5.839 dur:41.000ms, clock:-0.291 level:71
2021-07-14 12:04:23.276 T:5189 DEBUG : CVideoPlayer::ProcessVideoData size:23232 dts:5.839 pts:6.089 dur:41.000ms, clock:-0.291 level:71
2021-07-14 12:04:23.276 T:5189 DEBUG : CVideoPlayer::ProcessVideoData size:16372 dts:5.881 pts:5.964 dur:41.000ms, clock:-0.291 level:72
2021-07-14 12:04:23.276 T:5189 DEBUG : CVideoPlayer::ProcessVideoData size:2757 dts:5.923 pts:5.923 dur:41.000ms, clock:-0.291 level:72
2021-07-14 12:04:23.276 T:5189 DEBUG : CVideoPlayer::ProcessVideoData size:2727 dts:5.964 pts:6.006 dur:41.000ms, clock:-0.291 level:73
2021-07-14 12:04:23.276 T:5189 DEBUG : CVideoPlayer::ProcessVideoData size:6705 dts:6.006 pts:6.048 dur:41.000ms, clock:-0.291 level:73
2021-07-14 12:04:23.276 T:5189 DEBUG : CVideoPlayer::ProcessVideoData size:24408 dts:6.048 pts:6.256 dur:41.000ms, clock:-0.291 level:74
2021-07-14 12:04:23.276 T:5189 DEBUG : CVideoPlayer::ProcessVideoData size:13300 dts:6.089 pts:6.173 dur:41.000ms, clock:-0.291 level:75
2021-07-14 12:04:23.276 T:5189 DEBUG : CVideoPlayer::ProcessVideoData size:2962 dts:6.131 pts:6.131 dur:41.000ms, clock:-0.291 level:75
2021-07-14 12:04:23.276 T:5189 DEBUG : CVideoPlayer::ProcessVideoData size:4710 dts:6.173 pts:6.215 dur:41.000ms, clock:-0.291 level:76
2021-07-14 12:04:23.277 T:5189 DEBUG : CVideoPlayer::ProcessVideoData size:65670 dts:6.215 pts:6.298 dur:41.000ms, clock:-0.291 level:76
2021-07-14 12:04:23.277 T:5189 DEBUG : CVideoPlayer::ProcessVideoData size:135458 dts:6.256 pts:6.465 dur:41.000ms, clock:-0.291 level:77
2021-07-14 12:04:23.277 T:5189 DEBUG : CVideoPlayer::ProcessVideoData size:35716 dts:6.298 pts:6.381 dur:41.000ms, clock:-0.291 level:77
2021-07-14 12:04:23.277 T:5189 DEBUG : CVideoPlayer::ProcessVideoData size:26287 dts:6.340 pts:6.340 dur:41.000ms, clock:-0.291 level:78
2021-07-14 12:04:23.277 T:5189 DEBUG : CVideoPlayer::ProcessVideoData size:25542 dts:6.381 pts:6.423 dur:41.000ms, clock:-0.291 level:78
2021-07-14 12:04:23.278 T:5189 DEBUG : CVideoPlayer::ProcessVideoData size:125751 dts:6.423 pts:6.632 dur:41.000ms, clock:-0.291 level:79
2021-07-14 12:04:23.278 T:5189 DEBUG : CVideoPlayer::ProcessVideoData size:20262 dts:6.465 pts:6.548 dur:41.000ms, clock:-0.291 level:79
2021-07-14 12:04:23.278 T:5189 DEBUG : CVideoPlayer::ProcessVideoData size:6120 dts:6.506 pts:6.506 dur:41.000ms, clock:-0.291 level:80
2021-07-14 12:04:23.278 T:5189 DEBUG : CVideoPlayer::ProcessVideoData size:19668 dts:6.548 pts:6.590 dur:41.000ms, clock:-0.291 level:80
2021-07-14 12:04:23.278 T:5189 DEBUG : CVideoPlayer::ProcessVideoData size:86010 dts:6.590 pts:6.840 dur:41.000ms, clock:-0.291 level:81
2021-07-14 12:04:23.279 T:5189 DEBUG : CVideoPlayer::ProcessVideoData size:46772 dts:6.632 pts:6.715 dur:41.000ms, clock:-0.291 level:81
2021-07-14 12:04:23.279 T:5189 DEBUG : CVideoPlayer::ProcessVideoData size:4287 dts:6.673 pts:6.673 dur:41.000ms, clock:-0.291 level:82
2021-07-14 12:04:23.279 T:5189 DEBUG : CVideoPlayer::ProcessVideoData size:23384 dts:6.715 pts:6.757 dur:41.000ms, clock:-0.291 level:82
2021-07-14 12:04:23.279 T:5189 DEBUG : CVideoPlayer::ProcessVideoData size:22836 dts:6.757 pts:6.798 dur:41.000ms, clock:-0.291 level:83
2021-07-14 12:04:23.279 T:5189 DEBUG : CVideoPlayer::ProcessVideoData size:49356 dts:6.798 pts:6.882 dur:41.000ms, clock:-0.291 level:83
2021-07-14 12:04:23.279 T:5189 DEBUG : CVideoPlayer::ProcessVideoData size:55314 dts:6.840 pts:7.049 dur:41.000ms, clock:-0.291 level:84
2021-07-14 12:04:23.279 T:5189 DEBUG : CVideoPlayer::ProcessVideoData size:26536 dts:6.882 pts:6.965 dur:41.000ms, clock:-0.291 level:84
2021-07-14 12:04:23.279 T:5189 DEBUG : CVideoPlayer::ProcessVideoData size:19677 dts:6.924 pts:6.924 dur:41.000ms, clock:-0.291 level:85
2021-07-14 12:04:23.280 T:5189 DEBUG : CVideoPlayer::ProcessVideoData size:5170 dts:6.965 pts:7.007 dur:41.000ms, clock:-0.291 level:85
2021-07-14 12:04:23.280 T:5189 DEBUG : CVideoPlayer::ProcessVideoData size:55944 dts:7.007 pts:7.174 dur:41.000ms, clock:-0.291 level:86
2021-07-14 12:04:23.280 T:5189 DEBUG : CVideoPlayer::ProcessVideoData size:6100 dts:7.049 pts:7.090 dur:41.000ms, clock:-0.291 level:87
2021-07-14 12:04:23.280 T:5189 DEBUG : CVideoPlayer::ProcessVideoData size:5203 dts:7.090 pts:7.132 dur:41.000ms, clock:-0.291 level:87
2021-07-14 12:04:23.280 T:5189 DEBUG : CVideoPlayer::ProcessVideoData size:79301 dts:7.132 pts:7.299 dur:41.000ms, clock:-0.291 level:88
2021-07-14 12:04:23.280 T:5189 DEBUG : CVideoPlayer::ProcessVideoData size:30965 dts:7.174 pts:7.216 dur:41.000ms, clock:-0.291 level:88
2021-07-14 12:04:23.281 T:5189 DEBUG : CVideoPlayer::ProcessVideoData size:42506 dts:7.216 pts:7.257 dur:41.000ms, clock:-0.291 level:89
2021-07-14 12:04:23.281 T:5189 DEBUG : CVideoPlayer::ProcessVideoData size:72521 dts:7.257 pts:7.466 dur:41.000ms, clock:-0.291 level:89
2021-07-14 12:04:23.281 T:5189 DEBUG : CVideoPlayer::ProcessVideoData size:48115 dts:7.299 pts:7.382 dur:41.000ms, clock:-0.291 level:90
2021-07-14 12:04:23.281 T:5189 DEBUG : CVideoPlayer::ProcessVideoData size:10711 dts:7.341 pts:7.341 dur:41.000ms, clock:-0.291 level:90
2021-07-14 12:04:23.281 T:5189 DEBUG : CVideoPlayer::ProcessVideoData size:16135 dts:7.382 pts:7.424 dur:41.000ms, clock:-0.291 level:91
2021-07-14 12:04:23.281 T:5189 DEBUG : CVideoPlayer::ProcessVideoData size:81870 dts:7.424 pts:7.507 dur:41.000ms, clock:-0.291 level:91
2021-07-14 12:04:23.282 T:5189 DEBUG : CVideoPlayer::ProcessVideoData size:83619 dts:7.466 pts:7.716 dur:41.000ms, clock:-0.291 level:92
2021-07-14 12:04:23.282 T:5189 DEBUG : CVideoPlayer::ProcessVideoData size:17320 dts:7.507 pts:7.591 dur:41.000ms, clock:-0.291 level:92
2021-07-14 12:04:23.282 T:5189 DEBUG : CVideoPlayer::ProcessVideoData size:8525 dts:7.549 pts:7.549 dur:41.000ms, clock:-0.291 level:93
2021-07-14 12:04:23.282 T:5189 DEBUG : CVideoPlayer::ProcessVideoData size:9452 dts:7.591 pts:7.633 dur:41.000ms, clock:-0.291 level:93
2021-07-14 12:04:23.282 T:5189 DEBUG : CVideoPlayer::ProcessVideoData size:6854 dts:7.633 pts:7.674 dur:41.000ms, clock:-0.291 level:94
2021-07-14 12:04:23.282 T:5189 DEBUG : CVideoPlayer::ProcessVideoData size:105678 dts:7.674 pts:7.925 dur:41.000ms, clock:-0.291 level:94
2021-07-14 12:04:23.283 T:5189 DEBUG : CVideoPlayer::ProcessVideoData size:35000 dts:7.716 pts:7.799 dur:41.000ms, clock:-0.291 level:95
2021-07-14 12:04:23.283 T:5189 DEBUG : CVideoPlayer::ProcessVideoData size:23986 dts:7.758 pts:7.758 dur:41.000ms, clock:-0.291 level:95
2021-07-14 12:04:23.283 T:5189 DEBUG : CVideoPlayer::ProcessVideoData size:24812 dts:7.799 pts:7.841 dur:41.000ms, clock:-0.291 level:96
2021-07-14 12:04:23.283 T:5189 DEBUG : CVideoPlayer::ProcessVideoData size:18085 dts:7.841 pts:7.883 dur:41.000ms, clock:-0.291 level:96
2021-07-14 12:04:23.301 T:4946 DEBUG : ------ Window Init (DialogBusy.xml) ------
2021-07-14 12:04:23.305 T:5196 DEBUG : CRenderManager::Configure - change configuration. 1920x1080. display: 1920x1080. framerate: 23.98.
2021-07-14 12:04:23.306 T:4946 DEBUG : DeleteRenderer - deleting renderer
2021-07-14 12:04:23.306 T:4946 DEBUG : LinuxRendererGLES: Cleaning up GLES resources
2021-07-14 12:04:23.306 T:4946 INFO : Constructing CRendererAML
2021-07-14 12:04:23.306 T:4946 DEBUG : CRenderManager::Configure - 8
2021-07-14 12:04:23.306 T:5196 DEBUG : CVideoPlayerVideo::OutputPicture - ttd:291ms pts:0.000 Clock:-0.291 Level:0
2021-07-14 12:04:23.313 T:5189 DEBUG : CVideoPlayer::HandleMessages - player started 2
2021-07-14 12:04:23.313 T:5014 DEBUG : OnAVChange: CApplication::OnAVChange
2021-07-14 12:04:23.318 T:5024 INFO : INFO: EMBY.hooks.player.Player: [ onAVChange ]
2021-07-14 12:04:23.324 T:4946 DEBUG : CAMLCodec::SetVideoRect:display(0,0,1920,1080)
2021-07-14 12:04:23.324 T:4946 DEBUG : CAMLCodec::SetVideoRect:gui(0,0,1920,1080)
2021-07-14 12:04:23.324 T:4946 DEBUG : CAMLCodec::SetVideoRect:m_dst_rect(0,0,1920,1080)
2021-07-14 12:04:23.325 T:4946 DEBUG : CAMLCodec::SetVideoRect:dst_rect(0,0,1920,1080)
2021-07-14 12:04:23.325 T:4946 DEBUG : CAMLCodec::SetVideoRect:m_guiStereoMode(0)
2021-07-14 12:04:23.325 T:4946 DEBUG : CAMLCodec::SetVideoRect:m_guiStereoView(0)
2021-07-14 12:04:23.419 T:5024 INFO : INFO: EMBY.hooks.player.Player: [ onAVChange ]
2021-07-14 12:04:23.476 T:4957 DEBUG : CActiveAESink::OpenSink - trying to open device ALSA:hdmi:CARD=AMLAUGESOUND,DEV=0
2021-07-14 12:04:23.476 T:4957 INFO : CAESinkALSA::Initialize - Attempting to open device "hdmi:CARD=AMLAUGESOUND,DEV=0"
2021-07-14 12:04:23.487 T:4957 INFO : CAESinkALSA::Initialize - Opened device "hdmi:CARD=AMLAUGESOUND,DEV=0,AES0=0x06,AES1=0x82,AES2=0x00,AES3=0x0e"
2021-07-14 12:04:23.490 T:4957 DEBUG : CAESinkALSA::InitializeHW - Request: periodSize 9600, bufferSize 38400
2021-07-14 12:04:23.491 T:4957 DEBUG : CAESinkALSA::InitializeHW - Got: periodSize 9600, bufferSize 38400
2021-07-14 12:04:23.491 T:4957 DEBUG : CAESinkALSA::InitializeHW - Setting timeout to 200 ms
2021-07-14 12:04:23.494 T:4957 DEBUG : CAESinkALSA::GetChannelLayout - Input Channel Count: 2 Output Channel Count: 2
2021-07-14 12:04:23.494 T:4957 DEBUG : CAESinkALSA::GetChannelLayout - Requested Layout: RAW, RAW
2021-07-14 12:04:23.494 T:4957 DEBUG : CAESinkALSA::GetChannelLayout - Got Layout: RAW, RAW (ALSA: none)
2021-07-14 12:04:23.494 T:4957 DEBUG : CActiveAESink::OpenSink - ALSA Initialized:
2021-07-14 12:04:23.494 T:4957 DEBUG : Output Device : AML-AUGESOUND
2021-07-14 12:04:23.494 T:4957 DEBUG : Sample Rate : 192000
2021-07-14 12:04:23.494 T:4957 DEBUG : Sample Format : AE_FMT_S16NE
2021-07-14 12:04:23.494 T:4957 DEBUG : Channel Count : 2
2021-07-14 12:04:23.494 T:4957 DEBUG : Channel Layout: RAW, RAW
2021-07-14 12:04:23.494 T:4957 DEBUG : Frames : 9600
2021-07-14 12:04:23.494 T:4957 DEBUG : Frame Size : 4
2021-07-14 12:04:23.500 T:4956 DEBUG : CActiveAE::ClearDiscardedBuffers - buffer pool deleted
2021-07-14 12:04:23.503 T:5189 INFO : Skipped 1 duplicate messages..
2021-07-14 12:04:23.503 T:5189 DEBUG : CVideoPlayer::HandleMessages - player started 1
2021-07-14 12:04:23.503 T:5013 DEBUG : OnAVChange: CApplication::OnAVChange
2021-07-14 12:04:23.503 T:5189 DEBUG : CDVDClock::SetSpeedAdjust - adjusted:0.000000
2021-07-14 12:04:23.503 T:5189 INFO : Skipped 1 duplicate messages..
2021-07-14 12:04:23.503 T:5189 DEBUG : VideoPlayer::Sync - Audio - pts: 0.294, cache: 0.320, totalcache: 0.800, packets:250 level:96
2021-07-14 12:04:23.503 T:5189 DEBUG : VideoPlayer::Sync - Video - pts: 0.000, cache: 0.050, totalcache: 0.100, packets:191 level:94
2021-07-14 12:04:23.503 T:5197 DEBUG : CDVDAudio::Resume - resume audio stream
2021-07-14 12:04:23.503 T:5196 DEBUG : CVideoPlayerVideo - CDVDMsg::GENERAL_RESYNC(-100000.000000)
2021-07-14 12:04:23.503 T:5196 DEBUG : CVideoPlayerVideo - OUTPUT_AGAIN - vfmt, interlace should be checked.
2021-07-14 12:04:23.503 T:5196 DEBUG : CVideoPlayerVideo - CDVDMsg::DEMUXER_PACKET - checking interlace vfmt: progressive
2021-07-14 12:04:23.503 T:5094 DEBUG : OnAVStarted: CApplication::OnAVStarted
2021-07-14 12:04:23.503 T:5196 DEBUG : CVideoPlayerVideo::OutputPicture - ttd:141ms pts:0.042 Clock:-0.099 Level:0
2021-07-14 12:04:23.504 T:4956 DEBUG : ActiveAE - start sync of audio stream
2021-07-14 12:04:23.505 T:5196 DEBUG : CVideoPlayerVideo::OutputPicture - ttd:181ms pts:0.083 Clock:-0.098 Level:1
2021-07-14 12:04:23.506 T:5189 DEBUG : CVideoPlayer::ProcessVideoData size:66715 dts:7.883 pts:8.133 dur:41.000ms, clock:-0.097 level:92
2021-07-14 12:04:23.508 T:4946 DEBUG : Activating window ID: 12005
2021-07-14 12:04:23.508 T:5189 DEBUG : CVideoPlayer::ProcessVideoData size:14754 dts:7.925 pts:8.008 dur:41.000ms, clock:-0.096 level:93
2021-07-14 12:04:23.508 T:5196 DEBUG : CVideoPlayerVideo::OutputPicture - ttd:220ms pts:0.125 Clock:-0.095 Level:2
2021-07-14 12:04:23.508 T:5189 DEBUG : CVideoPlayer::ProcessVideoData size:3218 dts:7.966 pts:7.966 dur:41.000ms, clock:-0.095 level:93
2021-07-14 12:04:23.509 T:5189 DEBUG : CVideoPlayer::ProcessVideoData size:5218 dts:8.008 pts:8.050 dur:41.000ms, clock:-0.094 level:94
2021-07-14 12:04:23.509 T:4946 DEBUG : ------ Window Deinit (MyVideoNav.xml) ------
2021-07-14 12:04:23.509 T:5189 DEBUG : CVideoPlayer::ProcessVideoData size:4660 dts:8.050 pts:8.091 dur:41.000ms, clock:-0.094 level:94
2021-07-14 12:04:23.510 T:5189 DEBUG : CVideoPlayer::ProcessVideoData size:66793 dts:8.091 pts:8.342 dur:41.000ms, clock:-0.093 level:95
2021-07-14 12:04:23.511 T:5196 DEBUG : CVideoPlayerVideo::OutputPicture - ttd:259ms pts:0.167 Clock:-0.092 Level:3
2021-07-14 12:04:23.511 T:5189 DEBUG : CVideoPlayer::ProcessVideoData size:54762 dts:8.133 pts:8.217 dur:41.000ms, clock:-0.092 level:95
2021-07-14 12:04:23.512 T:5189 DEBUG : CVideoPlayer::ProcessVideoData size:13040 dts:8.175 pts:8.175 dur:41.000ms, clock:-0.091 level:96
2021-07-14 12:04:23.512 T:4946 DEBUG : FreeVisualisation() done
2021-07-14 12:04:23.512 T:5189 DEBUG : CVideoPlayer::ProcessVideoData size:36747 dts:8.217 pts:8.258 dur:41.000ms, clock:-0.090 level:96
2021-07-14 12:04:23.513 T:5189 DEBUG : CVideoPlayer::ProcessVideoData size:19784 dts:8.258 pts:8.300 dur:41.000ms, clock:-0.090 level:97
2021-07-14 12:04:23.514 T:5196 DEBUG : CVideoPlayerVideo::OutputPicture - ttd:297ms pts:0.209 Clock:-0.088 Level:4
2021-07-14 12:04:23.515 T:4946 DEBUG : ------ Window Init (VideoFullScreen.xml) ------
2021-07-14 12:04:23.517 T:4946 INFO : [WHITELIST] Searching the whitelist for: width: 1920, height: 1080, fps: 23.976, 3D: false
2021-07-14 12:04:23.517 T:4946 DEBUG : [WHITELIST] Using the default whitelist because the user whitelist is empty
2021-07-14 12:04:23.517 T:4946 DEBUG : [WHITELIST] Searching for an exact resolution with an exact refresh rate
2021-07-14 12:04:23.517 T:4946 DEBUG : [WHITELIST] Matched an exact resolution with an exact refresh rate 1920x1080 @ 23.98 - Full Screen (32)
2021-07-14 12:04:23.518 T:4946 DEBUG : [WHITELIST] Searching for an exact resolution with double the refresh rate
2021-07-14 12:04:23.518 T:4946 INFO : Display resolution ADJUST : 1920x1080 @ 23.98 - Full Screen (32) (weight: -179638212842267623817216.000)
2021-07-14 12:04:23.518 T:4946 INFO : VideoPlayer: OnLostDisplay received
2021-07-14 12:04:23.518 T:4946 DEBUG : AMLUtils::aml_handle_display_stereo_mode old mode 3doff new mode 3doff
2021-07-14 12:04:23.518 T:4946 DEBUG : AMLUtils::aml_handle_display_stereo_mode - no change needed
2021-07-14 12:04:23.518 T:4946 ERROR : GetString: error reading /sys/class/amhdmitx/amhdmitx0/custom_mode
2021-07-14 12:04:23.521 T:5196 DEBUG : CVideoPlayerVideo - CDVDMsg::GENERAL_PAUSE: 1
2021-07-14 12:04:23.523 T:5024 INFO : INFO: EMBY.hooks.player.Player: [ onAVChange ]
2021-07-14 12:04:23.523 T:5024 INFO : INFO: EMBY.hooks.player.Player: [ onAVStarted ]
2021-07-14 12:04:23.524 T:5210 INFO : INFO: EMBY.hooks.player.Player: [ ThreadAVStarted ]
2021-07-14 12:04:23.524 T:5210 INFO : INFO: EMBY.hooks.player.Player: -->[ play/13116 ] {'Id': '13116', 'Tracking': True, 'Type': 'episode', 'Volume': 100, 'Muted': False, 'MediaSourceId': '1c61862db2ad23ea8c909448abaa9460', 'EmbyServer': , 'RunTime': 0, 'CurrentPosition': 0, 'Paused': False, 'library': , 'PlaySessionId': 'e2577927855a4554bc0992322d45d168'}
2021-07-14 12:04:23.525 T:5210 DEBUG : DEBUG: EMBY.core.HTTP: --->[ http ] { "params": { "ItemId": "13116", "MediaSourceId": "1c61862db2ad23ea8c909448abaa9460", "PlaySessionId": "e2577927855a4554bc0992322d45d168" }, "type": "POST", "url": "http://192.168.1.10:8096/emby/Sessions/Playing", "headers": { "Content-type": "application/json", "Accept-Charset": "UTF-8,*", "Accept-encoding": "gzip", "User-Agent": "Emby-Kodi/5.3.2", "Authorization": "Emby Client=Kodi, Device=Kodi (CoreELEC), DeviceId=C86BFD09CCFB4585AC3E449D31D74819, Version=5.3.2, UserId=de8aeadec54b4fa28d3772ebcf026587", "X-Emby-Token": "9cd631b3e7914b5d8ed6207750cefae7" }, "timeout": 30, "verify": true }
2021-07-14 12:04:23.538 T:5210 DEBUG : DEBUG: EMBY.core.HTTP: ---<[ http ][8 ms]
2021-07-14 12:04:23.539 T:5210 DEBUG : DEBUG: EMBY.core.HTTP: --->[ http ] { "params": { "ItemId": "13116", "MediaSourceId": "1c61862db2ad23ea8c909448abaa9460", "PositionTicks": 0, "RunTimeTicks": 16901821289, "CanSeek": true, "QueueableMediaTypes": "Video,Audio", "VolumeLevel": 100, "IsPaused": false, "IsMuted": false, "PlaySessionId": "e2577927855a4554bc0992322d45d168" }, "type": "POST", "url": "http://192.168.1.10:8096/emby/Sessions/Playing/Progress", "headers": { "Content-type": "application/json", "Accept-Charset": "UTF-8,*", "Accept-encoding": "gzip", "User-Agent": "Emby-Kodi/5.3.2", "Authorization": "Emby Client=Kodi, Device=Kodi (CoreELEC), DeviceId=C86BFD09CCFB4585AC3E449D31D74819, Version=5.3.2, UserId=de8aeadec54b4fa28d3772ebcf026587", "X-Emby-Token": "9cd631b3e7914b5d8ed6207750cefae7" }, "timeout": 30, "verify": true }
2021-07-14 12:04:23.549 T:5210 DEBUG : DEBUG: EMBY.core.HTTP: ---<[ http ][4 ms]
2021-07-14 12:04:23.552 T:5197 DEBUG : CVideoPlayerAudio - CDVDMsg::GENERAL_PAUSE: 1
2021-07-14 12:04:23.652 T:4956 DEBUG : ActiveAE::SyncStream - average error of 7.724139, start adjusting
2021-07-14 12:04:23.652 T:4956 DEBUG : ActiveAE::SyncStream - average error 0.724139 below threshold of 30.000000
2021-07-14 12:04:23.765 T:4946 DEBUG : AMLUtils::aml_handle_display_stereo_mode old mode 3doff new mode 3doff
2021-07-14 12:04:23.765 T:4946 DEBUG : AMLUtils::aml_handle_display_stereo_mode - no change needed
2021-07-14 12:04:23.765 T:4946 INFO : VideoPlayer: OnResetDisplay received
2021-07-14 12:04:23.765 T:5197 DEBUG : CVideoPlayerAudio - CDVDMsg::GENERAL_PAUSE: 0
2021-07-14 12:04:23.765 T:5196 DEBUG : CVideoPlayerVideo - CDVDMsg::GENERAL_PAUSE: 0
2021-07-14 12:04:23.766 T:4946 INFO : GLES: Maximum texture width: 8192
2021-07-14 12:04:23.771 T:4946 DEBUG : CAMLCodec::SetVideoRect:display(0,0,1920,1080)
2021-07-14 12:04:23.771 T:4946 DEBUG : CAMLCodec::SetVideoRect:gui(0,0,1920,1080)
2021-07-14 12:04:23.771 T:4946 DEBUG : CAMLCodec::SetVideoRect:m_dst_rect(0,0,1920,1080)
2021-07-14 12:04:23.771 T:4946 DEBUG : CAMLCodec::SetVideoRect:dst_rect(0,0,1920,1080)
2021-07-14 12:04:23.771 T:4946 DEBUG : CAMLCodec::SetVideoRect:m_guiStereoMode(0)
2021-07-14 12:04:23.771 T:4946 DEBUG : CAMLCodec::SetVideoRect:m_guiStereoView(0)
2021-07-14 12:04:23.772 T:4946 DEBUG : ------ Window Deinit (DialogBusy.xml) ------
2021-07-14 12:04:23.774 T:5094 DEBUG : OnAVChange: CApplication::OnAVChange
2021-07-14 12:04:23.776 T:5196 DEBUG : CVideoPlayerVideo - CDVDMsg::DEMUXER_PACKET - checking interlace vfmt: progressive
2021-07-14 12:04:23.776 T:5189 DEBUG : CVideoPlayer::ProcessVideoData size:64356 dts:8.300 pts:8.550 dur:41.000ms, clock:-0.074 level:96
2021-07-14 12:04:23.777 T:5189 DEBUG : CVideoPlayer::ProcessVideoData size:19496 dts:8.342 pts:8.425 dur:41.000ms, clock:-0.073 level:96
2021-07-14 12:04:23.777 T:5189 DEBUG : CVideoPlayer::ProcessVideoData size:13514 dts:8.383 pts:8.383 dur:41.000ms, clock:-0.073 level:97
2021-07-14 12:04:23.777 T:5189 DEBUG : CVideoPlayer::ProcessVideoData size:25365 dts:8.425 pts:8.467 dur:41.000ms, clock:-0.073 level:97
2021-07-14 12:04:23.778 T:5189 DEBUG : CVideoPlayer::ProcessVideoData size:4975 dts:8.467 pts:8.508 dur:41.000ms, clock:-0.072 level:98
2021-07-14 12:04:23.802 T:5196 DEBUG : CVideoPlayerVideo - CDVDMsg::DEMUXER_PACKET - checking interlace vfmt: progressive
2021-07-14 12:04:23.818 T:5196 DEBUG : CVideoPlayerVideo::OutputPicture - ttd:282ms pts:0.250 Clock:-0.032 Level:2
2021-07-14 12:04:23.819 T:5196 DEBUG : CVideoPlayerVideo::OutputPicture - ttd:323ms pts:0.292 Clock:-0.031 Level:3
2021-07-14 12:04:23.827 T:5213 DEBUG : DEBUG: EMBY.core.HTTP: --->[ http ] { "params": { "ItemId": "13116", "MediaSourceId": "1c61862db2ad23ea8c909448abaa9460", "PositionTicks": 0, "RunTimeTicks": 16901821289, "CanSeek": true, "QueueableMediaTypes": "Video,Audio", "VolumeLevel": 100, "IsPaused": false, "IsMuted": false, "PlaySessionId": "e2577927855a4554bc0992322d45d168" }, "type": "POST", "url": "http://192.168.1.10:8096/emby/Sessions/Playing/Progress", "headers": { "Content-type": "application/json", "Accept-Charset": "UTF-8,*", "Accept-encoding": "gzip", "User-Agent": "Emby-Kodi/5.3.2", "Authorization": "Emby Client=Kodi, Device=Kodi (CoreELEC), DeviceId=C86BFD09CCFB4585AC3E449D31D74819, Version=5.3.2, UserId=de8aeadec54b4fa28d3772ebcf026587", "X-Emby-Token": "9cd631b3e7914b5d8ed6207750cefae7" }, "timeout": 30, "verify": true }
2021-07-14 12:04:23.828 T:5024 INFO : INFO: EMBY.hooks.player.Player: [ onAVChange ]
2021-07-14 12:04:23.833 T:5196 DEBUG : CVideoPlayerVideo - CDVDMsg::DEMUXER_PACKET - checking interlace vfmt: progressive
2021-07-14 12:04:23.842 T:5213 DEBUG : DEBUG: EMBY.core.HTTP: ---<[ http ][9 ms]
2021-07-14 12:04:23.860 T:5196 DEBUG : CVideoPlayerVideo::OutputPicture - ttd:324ms pts:0.334 Clock:0.010 Level:3
2021-07-14 12:04:23.861 T:5196 DEBUG : CVideoPlayerVideo::OutputPicture - ttd:364ms pts:0.375 Clock:0.011 Level:4
2021-07-14 12:04:23.981 T:5196 DEBUG : CVideoPlayerVideo::OutputPicture - ttd:285ms pts:0.417 Clock:0.131 Level:2
2021-07-14 12:04:23.983 T:5196 DEBUG : CVideoPlayerVideo::OutputPicture - ttd:326ms pts:0.459 Clock:0.133 Level:3
2021-07-14 12:04:24.011 T:5189 DEBUG : CVideoPlayer::ProcessVideoData size:58698 dts:8.508 pts:8.759 dur:41.000ms, clock:0.161 level:88
2021-07-14 12:04:24.012 T:5189 DEBUG : CVideoPlayer::ProcessVideoData size:15168 dts:8.550 pts:8.634 dur:41.000ms, clock:0.162 level:88
2021-07-14 12:04:24.012 T:5189 DEBUG : CVideoPlayer::ProcessVideoData size:3299 dts:8.592 pts:8.592 dur:41.000ms, clock:0.162 level:89
2021-07-14 12:04:24.012 T:5189 DEBUG : CVideoPlayer::ProcessVideoData size:5239 dts:8.634 pts:8.675 dur:41.000ms, clock:0.162 level:89
2021-07-14 12:04:24.012 T:5189 DEBUG : CVideoPlayer::ProcessVideoData size:4734 dts:8.675 pts:8.717 dur:41.000ms, clock:0.162 level:90
2021-07-14 12:04:24.013 T:5189 DEBUG : CVideoPlayer::ProcessVideoData size:59395 dts:8.717 pts:8.842 dur:41.000ms, clock:0.163 level:90
2021-07-14 12:04:24.013 T:5189 DEBUG : CVideoPlayer::ProcessVideoData size:4479 dts:8.759 pts:8.800 dur:41.000ms, clock:0.163 level:91
2021-07-14 12:04:24.027 T:5196 DEBUG : CVideoPlayerVideo::OutputPicture - ttd:323ms pts:0.500 Clock:0.177 Level:3
2021-07-14 12:04:24.064 T:5196 DEBUG : CVideoPlayerVideo::OutputPicture - ttd:327ms pts:0.542 Clock:0.214 Level:3
2021-07-14 12:04:24.065 T:5196 DEBUG : CVideoPlayerVideo::OutputPicture - ttd:368ms pts:0.584 Clock:0.215 Level:4
2021-07-14 12:04:24.105 T:5189 DEBUG : CVideoPlayer::ProcessVideoData size:67556 dts:8.800 pts:9.051 dur:41.000ms, clock:0.255 level:90
2021-07-14 12:04:24.105 T:5189 DEBUG : CVideoPlayer::ProcessVideoData size:30530 dts:8.842 pts:8.926 dur:41.000ms, clock:0.255 level:91
2021-07-14 12:04:24.105 T:5189 DEBUG : CVideoPlayer::ProcessVideoData size:31015 dts:8.884 pts:8.884 dur:41.000ms, clock:0.255 level:91
2021-07-14 12:04:24.106 T:5189 DEBUG : CVideoPlayer::ProcessVideoData size:49028 dts:8.926 pts:8.967 dur:41.000ms, clock:0.256 level:92
2021-07-14 12:04:24.106 T:5189 DEBUG : CVideoPlayer::ProcessVideoData size:19332 dts:8.967 pts:9.009 dur:41.000ms, clock:0.256 level:92
2021-07-14 12:04:24.116 T:5214 INFO : INFO: EMBY.hooks.monitor.Monitor: [ UserDataChanged ] {'ServerId': '582d15c7dab04b7fb851ac18d8445893', 'UserDataList': [{'IsFavorite': False, 'ItemId': '13116', 'LastPlayedDate': '2021-07-14T02:04:23.0000000+00:00', 'PlayCount': 8, 'PlaybackPositionTicks': 0, 'Played': True}], 'UserId': 'de8aeadec54b4fa28d3772ebcf026587', 'MonitorMethod': 'UserDataChanged'}
2021-07-14 12:04:24.116 T:5214 INFO : INFO: EMBY.hooks.monitor.Monitor: [ skip update/13116 ]
2021-07-14 12:04:24.194 T:5196 DEBUG : CVideoPlayerVideo::OutputPicture - ttd:282ms pts:0.626 Clock:0.344 Level:2
2021-07-14 12:04:24.195 T:5196 DEBUG : CVideoPlayerVideo::OutputPicture - ttd:321ms pts:0.667 Clock:0.345 Level:3
2021-07-14 12:04:24.232 T:5196 DEBUG : CVideoPlayerVideo::OutputPicture - ttd:326ms pts:0.709 Clock:0.382 Level:3
2021-07-14 12:04:24.276 T:5196 DEBUG : CVideoPlayerVideo::OutputPicture - ttd:325ms pts:0.751 Clock:0.426 Level:3
2021-07-14 12:04:24.277 T:5196 DEBUG : CVideoPlayerVideo::OutputPicture - ttd:364ms pts:0.792 Clock:0.427 Level:4
2021-07-14 12:04:24.360 T:5189 DEBUG : CVideoPlayer::ProcessVideoData size:57631 dts:9.009 pts:9.259 dur:41.000ms, clock:0.510 level:90
2021-07-14 12:04:24.361 T:5189 DEBUG : CVideoPlayer::ProcessVideoData size:53878 dts:9.051 pts:9.134 dur:41.000ms, clock:0.511 level:90
2021-07-14 12:04:24.361 T:5189 DEBUG : CVideoPlayer::ProcessVideoData size:6354 dts:9.092 pts:9.092 dur:41.000ms, clock:0.511 level:91
2021-07-14 12:04:24.361 T:5189 DEBUG : CVideoPlayer::ProcessVideoData size:14261 dts:9.134 pts:9.176 dur:41.000ms, clock:0.511 level:91
2021-07-14 12:04:24.361 T:5189 DEBUG : CVideoPlayer::ProcessVideoData size:6563 dts:9.176 pts:9.218 dur:41.000ms, clock:0.511 level:92
2021-07-14 12:04:24.362 T:5189 DEBUG : CVideoPlayer::ProcessVideoData size:62852 dts:9.218 pts:9.301 dur:41.000ms, clock:0.512 level:92
2021-07-14 12:04:24.400 T:5196 DEBUG : CVideoPlayerVideo::OutputPicture - ttd:284ms pts:0.834 Clock:0.550 Level:2
2021-07-14 12:04:24.401 T:5196 DEBUG : CVideoPlayerVideo::OutputPicture - ttd:324ms pts:0.876 Clock:0.551 Level:3
2021-07-14 12:04:24.445 T:5196 DEBUG : CVideoPlayerVideo::OutputPicture - ttd:323ms pts:0.918 Clock:0.595 Level:3
2021-07-14 12:04:24.489 T:5196 DEBUG : CVideoPlayerVideo::OutputPicture - ttd:320ms pts:0.959 Clock:0.639 Level:3
2021-07-14 12:04:24.490 T:5196 DEBUG : CVideoPlayerVideo::OutputPicture - ttd:361ms pts:1.001 Clock:0.640 Level:4
2021-07-14 12:04:24.606 T:5189 DEBUG : CVideoPlayer::ProcessVideoData size:61277 dts:9.259 pts:9.426 dur:41.000ms, clock:0.755 level:90
2021-07-14 12:04:24.606 T:5189 DEBUG : CVideoPlayer::ProcessVideoData size:61087 dts:9.301 pts:9.343 dur:41.000ms, clock:0.756 level:90
2021-07-14 12:04:24.606 T:5189 DEBUG : CVideoPlayer::ProcessVideoData size:5340 dts:9.343 pts:9.384 dur:41.000ms, clock:0.756 level:91
2021-07-14 12:04:24.608 T:5196 DEBUG : CVideoPlayerVideo::OutputPicture - ttd:285ms pts:1.043 Clock:0.758 Level:2
2021-07-14 12:04:24.609 T:5196 DEBUG : CVideoPlayerVideo::OutputPicture - ttd:324ms pts:1.084 Clock:0.759 Level:3
2021-07-14 12:04:24.639 T:5025 DEBUG : DatabaseUtils::GetSortFieldList: unknown field 36
2021-07-14 12:04:24.652 T:4956 DEBUG : ActiveAE::SyncStream - average error 211.196611 above threshold of 100.000000
2021-07-14 12:04:24.654 T:5196 DEBUG : CVideoPlayerVideo::OutputPicture - ttd:322ms pts:1.126 Clock:0.804 Level:3
2021-07-14 12:04:24.655 T:5196 DEBUG : CVideoPlayerVideo::OutputPicture - ttd:363ms pts:1.168 Clock:0.805 Level:4
2021-07-14 12:04:24.777 T:5196 DEBUG : CVideoPlayerVideo::OutputPicture - ttd:283ms pts:1.210 Clock:0.927 Level:2
2021-07-14 12:04:24.778 T:5196 DEBUG : CVideoPlayerVideo::OutputPicture - ttd:322ms pts:1.251 Clock:0.928 Level:3
2021-07-14 12:04:24.802 T:4956 DEBUG : ActiveAE::SyncStream - average error 19.196611, last average error: 211.196611
2021-07-14 12:04:24.816 T:5196 DEBUG : CVideoPlayerVideo::OutputPicture - ttd:327ms pts:1.293 Clock:0.966 Level:3
2021-07-14 12:04:24.859 T:5196 DEBUG : CVideoPlayerVideo::OutputPicture - ttd:325ms pts:1.335 Clock:1.009 Level:3
2021-07-14 12:04:24.861 T:5196 DEBUG : CVideoPlayerVideo::OutputPicture - ttd:365ms pts:1.376 Clock:1.011 Level:4
2021-07-14 12:04:24.902 T:4956 DEBUG : ActiveAE::SyncStream - average error of 27.857458, start adjusting
2021-07-14 12:04:24.902 T:4956 DEBUG : ActiveAE::SyncStream - average error 0.857458 below threshold of 30.000000
2021-07-14 12:04:24.941 T:5196 DEBUG : CVideoPlayerVideo::OutputPicture - ttd:327ms pts:1.418 Clock:1.091 Level:3
2021-07-14 12:04:24.984 T:5196 DEBUG : CVideoPlayerVideo::OutputPicture - ttd:325ms pts:1.460 Clock:1.134 Level:3
2021-07-14 12:04:24.985 T:5196 DEBUG : CVideoPlayerVideo::OutputPicture - ttd:365ms pts:1.501 Clock:1.135 Level:4
2021-07-14 12:04:25.062 T:5189 DEBUG : CVideoPlayer::ProcessVideoData size:126131 dts:9.384 pts:9.593 dur:41.000ms, clock:1.212 level:85
2021-07-14 12:04:25.063 T:5189 DEBUG : CVideoPlayer::ProcessVideoData size:36006 dts:9.426 pts:9.509 dur:41.000ms, clock:1.213 level:86
2021-07-14 12:04:25.063 T:5189 DEBUG : CVideoPlayer::ProcessVideoData size:14821 dts:9.468 pts:9.468 dur:41.000ms, clock:1.213 level:87
2021-07-14 12:04:25.064 T:5189 DEBUG : CVideoPlayer::ProcessVideoData size:14397 dts:9.509 pts:9.551 dur:41.000ms, clock:1.214 level:87
2021-07-14 12:04:25.064 T:5189 DEBUG : CVideoPlayer::ProcessVideoData size:75643 dts:9.551 pts:9.801 dur:41.000ms, clock:1.214 level:88
2021-07-14 12:04:25.065 T:5189 DEBUG : CVideoPlayer::ProcessVideoData size:15540 dts:9.593 pts:9.676 dur:41.000ms, clock:1.215 level:88
2021-07-14 12:04:25.065 T:5189 DEBUG : CVideoPlayer::ProcessVideoData size:7290 dts:9.635 pts:9.635 dur:41.000ms, clock:1.215 level:89
2021-07-14 12:04:25.065 T:5189 DEBUG : CVideoPlayer::ProcessVideoData size:5610 dts:9.676 pts:9.718 dur:41.000ms, clock:1.215 level:89
2021-07-14 12:04:25.065 T:5189 DEBUG : CVideoPlayer::ProcessVideoData size:5181 dts:9.718 pts:9.760 dur:41.000ms, clock:1.215 level:90
2021-07-14 12:04:25.066 T:5196 DEBUG : CVideoPlayerVideo::OutputPicture - ttd:326ms pts:1.543 Clock:1.216 Level:3
2021-07-14 12:04:25.068 T:5196 DEBUG : CVideoPlayerVideo::OutputPicture - ttd:367ms pts:1.585 Clock:1.218 Level:4
2021-07-14 12:04:25.195 T:5196 DEBUG : CVideoPlayerVideo::OutputPicture - ttd:281ms pts:1.627 Clock:1.345 Level:2
2021-07-14 12:04:25.197 T:5196 DEBUG : CVideoPlayerVideo::OutputPicture - ttd:321ms pts:1.668 Clock:1.346 Level:3
2021-07-14 12:04:25.234 T:5196 DEBUG : CVideoPlayerVideo::OutputPicture - ttd:326ms pts:1.710 Clock:1.384 Level:3
2021-07-14 12:04:25.235 T:5196 DEBUG : CVideoPlayerVideo::OutputPicture - ttd:366ms pts:1.752 Clock:1.385 Level:4
2021-07-14 12:04:25.309 T:5189 DEBUG : CVideoPlayer::ProcessVideoData size:54164 dts:9.760 pts:9.927 dur:41.000ms, clock:1.458 level:87
2021-07-14 12:04:25.309 T:5189 DEBUG : CVideoPlayer::ProcessVideoData size:9834 dts:9.801 pts:9.843 dur:41.000ms, clock:1.459 level:88
2021-07-14 12:04:25.309 T:5189 DEBUG : CVideoPlayer::ProcessVideoData size:4084 dts:9.843 pts:9.885 dur:41.000ms, clock:1.459 level:88
2021-07-14 12:04:25.309 T:5189 DEBUG : CVideoPlayer::ProcessVideoData size:14439 dts:9.885 pts:9.968 dur:41.000ms, clock:1.459 level:89
2021-07-14 12:04:25.311 T:5189 DEBUG : CVideoPlayer::ProcessVideoData size:272992 dts:9.927 pts:10.010 dur:41.000ms, clock:1.461 level:89
2021-07-14 12:04:25.361 T:5196 DEBUG : CVideoPlayerVideo::OutputPicture - ttd:282ms pts:1.793 Clock:1.511 Level:2
2021-07-14 12:04:25.362 T:5196 DEBUG : CVideoPlayerVideo::OutputPicture - ttd:323ms pts:1.835 Clock:1.512 Level:3
2021-07-14 12:04:25.399 T:5196 DEBUG : CVideoPlayerVideo::OutputPicture - ttd:327ms pts:1.877 Clock:1.549 Level:3
2021-07-14 12:04:25.400 T:5196 DEBUG : CVideoPlayerVideo::OutputPicture - ttd:368ms pts:1.919 Clock:1.550 Level:4
2021-07-14 12:04:25.528 T:5196 DEBUG : CVideoPlayerVideo::OutputPicture - ttd:281ms pts:1.960 Clock:1.678 Level:2
2021-07-14 12:04:25.529 T:5196 DEBUG : CVideoPlayerVideo::OutputPicture - ttd:322ms pts:2.002 Clock:1.679 Level:3
2021-07-14 12:04:25.554 T:5189 DEBUG : CVideoPlayer::ProcessVideoData size:37857 dts:9.968 pts:10.052 dur:41.000ms, clock:1.704 level:87
2021-07-14 12:04:25.555 T:5189 DEBUG : CVideoPlayer::ProcessVideoData size:49812 dts:10.010 pts:10.177 dur:41.000ms, clock:1.705 level:87
2021-07-14 12:04:25.555 T:5189 DEBUG : CVideoPlayer::ProcessVideoData size:33807 dts:10.052 pts:10.093 dur:41.000ms, clock:1.705 level:88
2021-07-14 12:04:25.556 T:5189 DEBUG : CVideoPlayer::ProcessVideoData size:5353 dts:10.093 pts:10.135 dur:41.000ms, clock:1.706 level:88
2021-07-14 12:04:25.556 T:5189 DEBUG : CVideoPlayer::ProcessVideoData size:41402 dts:10.135 pts:10.260 dur:41.000ms, clock:1.706 level:89
2021-07-14 12:04:25.556 T:5189 DEBUG : CVideoPlayer::ProcessVideoData size:3299 dts:10.177 pts:10.219 dur:41.000ms, clock:1.706 level:89
2021-07-14 12:04:25.570 T:5196 DEBUG : CVideoPlayerVideo::OutputPicture - ttd:323ms pts:2.044 Clock:1.720 Level:3
2021-07-14 12:04:25.608 T:5196 DEBUG : CVideoPlayerVideo::OutputPicture - ttd:327ms pts:2.085 Clock:1.758 Level:3
2021-07-14 12:04:25.609 T:5196 DEBUG : CVideoPlayerVideo::OutputPicture - ttd:368ms pts:2.127 Clock:1.759 Level:4
2021-07-14 12:04:25.737 T:5196 DEBUG : CVideoPlayerVideo::OutputPicture - ttd:281ms pts:2.169 Clock:1.887 Level:2
2021-07-14 12:04:25.738 T:5196 DEBUG : CVideoPlayerVideo::OutputPicture - ttd:322ms pts:2.211 Clock:1.888 Level:3
2021-07-14 12:04:25.776 T:5196 DEBUG : CVideoPlayerVideo::OutputPicture - ttd:326ms pts:2.252 Clock:1.926 Level:3
2021-07-14 12:04:25.810 T:5189 DEBUG : CVideoPlayer::ProcessVideoData size:49721 dts:10.219 pts:10.469 dur:41.000ms, clock:1.960 level:87
2021-07-14 12:04:25.811 T:5189 DEBUG : CVideoPlayer::ProcessVideoData size:33819 dts:10.260 pts:10.344 dur:41.000ms, clock:1.961 level:87
2021-07-14 12:04:25.811 T:5189 DEBUG : CVideoPlayer::ProcessVideoData size:8073 dts:10.302 pts:10.302 dur:41.000ms, clock:1.961 level:88
2021-07-14 12:04:25.812 T:5189 DEBUG : CVideoPlayer::ProcessVideoData size:35909 dts:10.344 pts:10.385 dur:41.000ms, clock:1.962 level:88
2021-07-14 12:04:25.812 T:5189 DEBUG : CVideoPlayer::ProcessVideoData size:11208 dts:10.385 pts:10.427 dur:41.000ms, clock:1.962 level:89
2021-07-14 12:04:25.820 T:5196 DEBUG : CVideoPlayerVideo::OutputPicture - ttd:324ms pts:2.294 Clock:1.970 Level:3
2021-07-14 12:04:25.821 T:5196 DEBUG : CVideoPlayerVideo::OutputPicture - ttd:365ms pts:2.336 Clock:1.971 Level:4
2021-07-14 12:04:25.943 T:5196 DEBUG : CVideoPlayerVideo::OutputPicture - ttd:284ms pts:2.377 Clock:2.093 Level:2
2021-07-14 12:04:25.944 T:5196 DEBUG : CVideoPlayerVideo::OutputPicture - ttd:324ms pts:2.419 Clock:2.094 Level:3
2021-07-14 12:04:25.988 T:5196 DEBUG : CVideoPlayerVideo::OutputPicture - ttd:323ms pts:2.461 Clock:2.138 Level:3
2021-07-14 12:04:25.989 T:5196 DEBUG : CVideoPlayerVideo::OutputPicture - ttd:363ms pts:2.502 Clock:2.139 Level:4
2021-07-14 12:04:26.011 T:4973 DEBUG : CLibInputKeyboard::ProcessKey - using delay: 250ms repeat: 33ms
2021-07-14 12:04:26.012 T:5215 DEBUG : Thread Timer start, auto delete: false
2021-07-14 12:04:26.018 T:4946 DEBUG : Keyboard: scancode: 0x02, sym: 0x0031, unicode: 0x0031, modifier: 0x0
2021-07-14 12:04:26.018 T:4946 DEBUG : HandleKey: one (0xf031) pressed, action is stop
2021-07-14 12:04:26.019 T:4946 INFO : CVideoPlayer::CloseFile()
2021-07-14 12:04:26.019 T:4946 DEBUG : DeleteRenderer - deleting renderer
2021-07-14 12:04:26.019 T:4946 INFO : VideoPlayer: waiting for threads to exit
2021-07-14 12:04:26.025 T:5189 INFO : CVideoPlayer::OnExit()
2021-07-14 12:04:26.025 T:5189 INFO : Closing stream player 1
2021-07-14 12:04:26.025 T:5189 INFO : Waiting for audio thread to exit
2021-07-14 12:04:26.052 T:5197 INFO : thread end: CVideoPlayerAudio::OnExit()
2021-07-14 12:04:26.052 T:5197 DEBUG : Thread VideoPlayerAudio 3376235136 terminating
2021-07-14 12:04:26.052 T:5189 INFO : Closing audio device
2021-07-14 12:04:26.094 T:5196 DEBUG : CVideoPlayerVideo::OutputPicture - ttd:319ms pts:2.544 Clock:2.224 Level:0
2021-07-14 12:04:26.102 T:5189 DEBUG : CDVDAudio::Flush - flush audio stream
2021-07-14 12:04:26.102 T:4956 DEBUG : CActiveAE::DiscardStream - audio stream deleted
2021-07-14 12:04:26.102 T:4956 DEBUG : CActiveAE::ClearDiscardedBuffers - buffer pool deleted
2021-07-14 12:04:26.103 T:5189 INFO : Skipped 2 duplicate messages..
2021-07-14 12:04:26.103 T:5189 INFO : Deleting audio codec
2021-07-14 12:04:26.103 T:5189 INFO : Closing stream player 2
2021-07-14 12:04:26.103 T:5189 INFO : waiting for video thread to exit
2021-07-14 12:04:26.104 T:4957 INFO : CActiveAESink::OpenSink - initialize sink
2021-07-14 12:04:26.116 T:5196 DEBUG : CVideoPlayerVideo::OutputPicture - ttd:340ms pts:2.586 Clock:2.245 Level:0
2021-07-14 12:04:26.116 T:5196 INFO : thread end: video_thread
2021-07-14 12:04:26.116 T:5196 DEBUG : Thread VideoPlayerVideo 3303514752 terminating
2021-07-14 12:04:26.118 T:5189 INFO : deleting video codec
2021-07-14 12:04:26.118 T:5189 DEBUG : CAMLCodec::CloseDecoder
2021-07-14 12:04:26.129 T:5189 DEBUG : CAMLVideoBufferPool::~CAMLVideoBufferPool: Deleting 7 buffers
2021-07-14 12:04:26.129 T:5189 INFO : Closing stream player 3
2021-07-14 12:04:26.136 T:5193 DEBUG : easy_acquire - Created session to http://192.168.1.10
2021-07-14 12:04:26.140 T:5215 DEBUG : Thread Timer 3412886144 terminating
2021-07-14 12:04:26.142 T:5014 DEBUG : DoWork - Saving file state for video item http://127.0.0.1:57578/tvshows/12239/13116-1c61862db2ad23ea8c909448abaa9460-5837678-stream-Mr.Inbetween.S03E03.1080p.WEB.H264-PLZPROPER.mkv
2021-07-14 12:04:26.143 T:5193 DEBUG : Thread FileCache 3278336640 terminating
2021-07-14 12:04:26.145 T:5189 DEBUG : Thread VideoPlayer 3314004608 terminating
2021-07-14 12:04:26.148 T:4946 INFO : VideoPlayer: finished waiting
2021-07-14 12:04:26.148 T:4946 INFO : CVideoPlayer::CloseFile()
2021-07-14 12:04:26.148 T:4946 INFO : VideoPlayer: waiting for threads to exit
2021-07-14 12:04:26.148 T:4946 INFO : VideoPlayer: finished waiting
2021-07-14 12:04:26.149 T:4946 DEBUG : Radio UECP (RDS) Processor - delete ~CDVDRadioRDSData
2021-07-14 12:04:26.161 T:5013 DEBUG : OnPlayBackStopped: CApplication::OnPlayBackStopped
2021-07-14 12:04:26.170 T:4946 DEBUG : CGUIWindowManager::PreviousWindow: Deactivate
2021-07-14 12:04:26.171 T:4946 DEBUG : ------ Window Deinit (VideoFullScreen.xml) ------
2021-07-14 12:04:26.195 T:4946 DEBUG : AMLUtils::aml_handle_display_stereo_mode old mode 3doff new mode 3doff
2021-07-14 12:04:26.195 T:4946 DEBUG : AMLUtils::aml_handle_display_stereo_mode - no change needed
2021-07-14 12:04:26.195 T:4946 ERROR : GetString: error reading /sys/class/amhdmitx/amhdmitx0/custom_mode
2021-07-14 12:04:26.302 T:4957 DEBUG : CActiveAESink::OpenSink - trying to open device ALSA:hdmi:CARD=AMLAUGESOUND,DEV=0
2021-07-14 12:04:26.302 T:4957 INFO : CAESinkALSA::Initialize - Attempting to open device "hdmi:CARD=AMLAUGESOUND,DEV=0"
2021-07-14 12:04:26.310 T:4957 INFO : CAESinkALSA::Initialize - Opened device "hdmi:CARD=AMLAUGESOUND,DEV=0,AES0=0x04,AES1=0x82,AES2=0x00,AES3=0x00"
2021-07-14 12:04:26.310 T:4957 INFO : CAESinkALSA::InitializeHW - Your hardware does not support AE_FMT_FLOAT, trying other formats
2021-07-14 12:04:26.310 T:4957 INFO : CAESinkALSA::InitializeHW - Using data format AE_FMT_S16NE
2021-07-14 12:04:26.310 T:4957 DEBUG : CAESinkALSA::InitializeHW - Request: periodSize 2205, bufferSize 8820
2021-07-14 12:04:26.311 T:4957 DEBUG : CAESinkALSA::InitializeHW - Got: periodSize 2205, bufferSize 8820
2021-07-14 12:04:26.311 T:4957 DEBUG : CAESinkALSA::InitializeHW - Setting timeout to 200 ms
2021-07-14 12:04:26.311 T:4957 DEBUG : CAESinkALSA::GetChannelLayout - Input Channel Count: 2 Output Channel Count: 2
2021-07-14 12:04:26.312 T:4957 DEBUG : CAESinkALSA::GetChannelLayout - Requested Layout: FL, FR
2021-07-14 12:04:26.312 T:4957 DEBUG : CAESinkALSA::GetChannelLayout - Got Layout: FL, FR (ALSA: none)
2021-07-14 12:04:26.312 T:4957 DEBUG : CActiveAESink::OpenSink - ALSA Initialized:
2021-07-14 12:04:26.312 T:4957 DEBUG : Output Device : AML-AUGESOUND
2021-07-14 12:04:26.312 T:4957 DEBUG : Sample Rate : 44100
2021-07-14 12:04:26.312 T:4957 DEBUG : Sample Format : AE_FMT_S16NE
2021-07-14 12:04:26.312 T:4957 DEBUG : Channel Count : 2
2021-07-14 12:04:26.312 T:4957 DEBUG : Channel Layout: FL, FR
2021-07-14 12:04:26.312 T:4957 DEBUG : Frames : 2205
2021-07-14 12:04:26.312 T:4957 DEBUG : Frame Size : 4
2021-07-14 12:04:26.314 T:4956 DEBUG : CActiveAE::ClearDiscardedBuffers - buffer pool deleted
2021-07-14 12:04:26.344 T:4946 INFO : Skipped 1 duplicate messages..
2021-07-14 12:04:26.344 T:4946 DEBUG : AMLUtils::aml_handle_display_stereo_mode old mode 3doff new mode 3doff
2021-07-14 12:04:26.344 T:4946 DEBUG : AMLUtils::aml_handle_display_stereo_mode - no change needed
2021-07-14 12:04:26.345 T:4946 INFO : GLES: Maximum texture width: 8192
2021-07-14 12:04:26.349 T:4946 DEBUG : CGUIWindowManager::PreviousWindow: Activate new
2021-07-14 12:04:26.357 T:4946 DEBUG : ------ Window Init (MyVideoNav.xml) ------
2021-07-14 12:04:26.360 T:4946 DEBUG : CGUIMediaWindow::GetDirectory (videodb://tvshows/titles/27/-2/?tvshowid=27)
2021-07-14 12:04:26.360 T:4946 DEBUG : ParentPath = [videodb://tvshows/titles/27/-2/?tvshowid=27]
2021-07-14 12:04:26.373 T:4946 DEBUG : WindowVideoNav::GetDirectory
2021-07-14 12:04:26.376 T:5224 DEBUG : Thread BackgroundLoader start, auto delete: false
2021-07-14 12:04:26.394 T:5224 DEBUG : Thread BackgroundLoader 3421278848 terminating
2021-07-14 12:04:26.395 T:4946 DEBUG : Keyboard: scancode: 0x02, sym: 0x0031, unicode: 0x0031, modifier: 0x0
2021-07-14 12:04:26.397 T:5013 DEBUG : ffmpeg[0x3119c40X]: [image2] Custom AVIOContext makes no sense and will be ignored with AVFMT_NOFILE format.
2021-07-14 12:04:26.398 T:5009 DEBUG : ffmpeg[0x212ffd8X]: [image2] Custom AVIOContext makes no sense and will be ignored with AVFMT_NOFILE format.
2021-07-14 12:04:26.399 T:5094 DEBUG : ffmpeg[0x3fb0388X]: [image2] Custom AVIOContext makes no sense and will be ignored with AVFMT_NOFILE format.
2021-07-14 12:04:26.400 T:5014 DEBUG : ffmpeg[0x3119df0X]: [image2] Custom AVIOContext makes no sense and will be ignored with AVFMT_NOFILE format.
2021-07-14 12:04:26.409 T:5009 INFO : Skipped 1 duplicate messages..
2021-07-14 12:04:26.409 T:5009 DEBUG : ffmpeg[0x212ffd8X]: [image2] Custom AVIOContext makes no sense and will be ignored with AVFMT_NOFILE format.
2021-07-14 12:04:26.413 T:5094 DEBUG : ffmpeg[0x3fb0388X]: [image2] Custom AVIOContext makes no sense and will be ignored with AVFMT_NOFILE format.
2021-07-14 12:04:26.417 T:5024 INFO : INFO: EMBY.hooks.player.Player: [ onPlayBackStopped ]
2021-07-14 12:04:26.417 T:5024 DEBUG : DEBUG: EMBY.hooks.player.Player: [ played info ] {'Id': '13116', 'Tracking': True, 'Type': 'episode', 'Volume': 100, 'Muted': False, 'MediaSourceId': '1c61862db2ad23ea8c909448abaa9460', 'EmbyServer': , 'RunTime': 16901821289, 'CurrentPosition': 0, 'Paused': False, 'library': , 'PlaySessionId': 'e2577927855a4554bc0992322d45d168'}
