2021-07-14 12:05:00.336 T:5311 DEBUG : CVideoPlayer::ProcessVideoData size:9949 dts:4.043 pts:4.084 dur:41.000ms, clock:0.665 level:36
2021-07-14 12:05:00.336 T:5311 DEBUG : CVideoPlayer::ProcessVideoData size:24196 dts:4.084 pts:4.293 dur:41.000ms, clock:0.665 level:37
2021-07-14 12:05:00.337 T:5311 DEBUG : CVideoPlayer::ProcessVideoData size:20114 dts:4.126 pts:4.210 dur:41.000ms, clock:0.665 level:38
2021-07-14 12:05:00.337 T:5311 DEBUG : CVideoPlayer::ProcessVideoData size:8128 dts:4.168 pts:4.168 dur:41.000ms, clock:0.665 level:38
2021-07-14 12:05:00.337 T:5311 DEBUG : CVideoPlayer::ProcessVideoData size:12227 dts:4.210 pts:4.251 dur:41.000ms, clock:0.665 level:39
2021-07-14 12:05:00.337 T:5311 DEBUG : CVideoPlayer::ProcessVideoData size:18783 dts:4.251 pts:4.418 dur:41.000ms, clock:0.665 level:39
2021-07-14 12:05:00.337 T:5311 DEBUG : CVideoPlayer::ProcessVideoData size:10677 dts:4.293 pts:4.335 dur:41.000ms, clock:0.665 level:40
2021-07-14 12:05:00.337 T:5311 DEBUG : CVideoPlayer::ProcessVideoData size:7048 dts:4.335 pts:4.376 dur:41.000ms, clock:0.665 level:40
2021-07-14 12:05:00.337 T:5311 DEBUG : CVideoPlayer::ProcessVideoData size:25839 dts:4.376 pts:4.585 dur:41.000ms, clock:0.665 level:41
2021-07-14 12:05:00.337 T:5311 DEBUG : CVideoPlayer::ProcessVideoData size:11657 dts:4.418 pts:4.502 dur:41.000ms, clock:0.665 level:41
2021-07-14 12:05:00.337 T:5311 DEBUG : CVideoPlayer::ProcessVideoData size:7495 dts:4.460 pts:4.460 dur:41.000ms, clock:0.665 level:42
2021-07-14 12:05:00.337 T:5311 DEBUG : CVideoPlayer::ProcessVideoData size:9877 dts:4.502 pts:4.543 dur:41.000ms, clock:0.665 level:42
2021-07-14 12:05:00.338 T:5311 DEBUG : CVideoPlayer::ProcessVideoData size:23210 dts:4.543 pts:4.752 dur:41.000ms, clock:0.665 level:43
2021-07-14 12:05:00.338 T:5311 DEBUG : CVideoPlayer::ProcessVideoData size:13837 dts:4.585 pts:4.668 dur:41.000ms, clock:0.665 level:43
2021-07-14 12:05:00.338 T:5311 DEBUG : CVideoPlayer::ProcessVideoData size:7777 dts:4.627 pts:4.627 dur:41.000ms, clock:0.665 level:44
2021-07-14 12:05:00.338 T:5311 DEBUG : CVideoPlayer::ProcessVideoData size:7040 dts:4.668 pts:4.710 dur:41.000ms, clock:0.665 level:44
2021-07-14 12:05:00.338 T:5311 DEBUG : CVideoPlayer::ProcessVideoData size:21394 dts:4.710 pts:4.877 dur:41.000ms, clock:0.665 level:44
2021-07-14 12:05:00.338 T:5311 DEBUG : CVideoPlayer::ProcessVideoData size:19930 dts:4.752 pts:4.793 dur:41.000ms, clock:0.665 level:45
2021-07-14 12:05:00.338 T:5311 DEBUG : CVideoPlayer::ProcessVideoData size:9621 dts:4.793 pts:4.835 dur:41.000ms, clock:0.665 level:45
2021-07-14 12:05:00.338 T:5311 DEBUG : CVideoPlayer::ProcessVideoData size:17091 dts:4.835 pts:4.960 dur:41.000ms, clock:0.665 level:46
2021-07-14 12:05:00.338 T:5311 DEBUG : CVideoPlayer::ProcessVideoData size:6905 dts:4.877 pts:4.919 dur:41.000ms, clock:0.665 level:46
2021-07-14 12:05:00.339 T:5311 DEBUG : CVideoPlayer::ProcessVideoData size:118547 dts:4.919 pts:5.002 dur:41.000ms, clock:0.665 level:47
2021-07-14 12:05:00.339 T:5311 DEBUG : CVideoPlayer::ProcessVideoData size:23249 dts:4.960 pts:5.169 dur:41.000ms, clock:0.665 level:47
2021-07-14 12:05:00.340 T:5311 DEBUG : CVideoPlayer::ProcessVideoData size:26732 dts:5.002 pts:5.085 dur:41.000ms, clock:0.665 level:48
2021-07-14 12:05:00.340 T:5311 DEBUG : CVideoPlayer::ProcessVideoData size:9845 dts:5.044 pts:5.044 dur:41.000ms, clock:0.665 level:48
2021-07-14 12:05:00.340 T:5311 DEBUG : CVideoPlayer::ProcessVideoData size:9448 dts:5.085 pts:5.127 dur:41.000ms, clock:0.665 level:49
2021-07-14 12:05:00.340 T:5311 DEBUG : CVideoPlayer::ProcessVideoData size:24732 dts:5.127 pts:5.294 dur:41.000ms, clock:0.665 level:49
2021-07-14 12:05:00.340 T:5311 DEBUG : CVideoPlayer::ProcessVideoData size:11951 dts:5.169 pts:5.211 dur:41.000ms, clock:0.665 level:50
2021-07-14 12:05:00.340 T:5311 DEBUG : CVideoPlayer::ProcessVideoData size:22656 dts:5.211 pts:5.252 dur:41.000ms, clock:0.665 level:51
2021-07-14 12:05:00.340 T:5311 DEBUG : CVideoPlayer::ProcessVideoData size:26128 dts:5.252 pts:5.461 dur:41.000ms, clock:0.665 level:51
2021-07-14 12:05:00.340 T:5311 DEBUG : CVideoPlayer::ProcessVideoData size:15489 dts:5.294 pts:5.377 dur:41.000ms, clock:0.665 level:52
2021-07-14 12:05:00.340 T:5311 DEBUG : CVideoPlayer::ProcessVideoData size:9546 dts:5.336 pts:5.336 dur:41.000ms, clock:0.665 level:52
2021-07-14 12:05:00.340 T:5311 DEBUG : CVideoPlayer::ProcessVideoData size:9062 dts:5.377 pts:5.419 dur:41.000ms, clock:0.665 level:53
2021-07-14 12:05:00.341 T:5311 DEBUG : CVideoPlayer::ProcessVideoData size:25650 dts:5.419 pts:5.628 dur:41.000ms, clock:0.665 level:53
2021-07-14 12:05:00.341 T:5311 DEBUG : CVideoPlayer::ProcessVideoData size:15012 dts:5.461 pts:5.544 dur:41.000ms, clock:0.665 level:54
2021-07-14 12:05:00.341 T:5311 DEBUG : CVideoPlayer::ProcessVideoData size:8761 dts:5.503 pts:5.503 dur:41.000ms, clock:0.665 level:54
2021-07-14 12:05:00.341 T:5311 DEBUG : CVideoPlayer::ProcessVideoData size:9583 dts:5.544 pts:5.586 dur:41.000ms, clock:0.665 level:55
2021-07-14 12:05:00.341 T:5311 DEBUG : CVideoPlayer::ProcessVideoData size:23024 dts:5.586 pts:5.753 dur:41.000ms, clock:0.665 level:55
2021-07-14 12:05:00.341 T:5311 DEBUG : CVideoPlayer::ProcessVideoData size:19695 dts:5.628 pts:5.669 dur:41.000ms, clock:0.665 level:56
2021-07-14 12:05:00.341 T:5311 DEBUG : CVideoPlayer::ProcessVideoData size:9725 dts:5.669 pts:5.711 dur:41.000ms, clock:0.665 level:56
2021-07-14 12:05:00.341 T:5311 DEBUG : CVideoPlayer::ProcessVideoData size:25917 dts:5.711 pts:5.920 dur:41.000ms, clock:0.665 level:57
2021-07-14 12:05:00.342 T:5311 DEBUG : CVideoPlayer::ProcessVideoData size:19661 dts:5.753 pts:5.836 dur:41.000ms, clock:0.665 level:57
2021-07-14 12:05:00.342 T:5311 DEBUG : CVideoPlayer::ProcessVideoData size:14275 dts:5.794 pts:5.794 dur:41.000ms, clock:0.665 level:58
2021-07-14 12:05:00.342 T:5311 DEBUG : CVideoPlayer::ProcessVideoData size:8254 dts:5.836 pts:5.878 dur:41.000ms, clock:0.665 level:58
2021-07-14 12:05:00.342 T:5311 DEBUG : CVideoPlayer::ProcessVideoData size:26141 dts:5.878 pts:6.003 dur:41.000ms, clock:0.665 level:59
2021-07-14 12:05:00.342 T:5311 DEBUG : CVideoPlayer::ProcessVideoData size:17317 dts:5.920 pts:5.961 dur:41.000ms, clock:0.665 level:59
2021-07-14 12:05:00.342 T:5311 DEBUG : CVideoPlayer::ProcessVideoData size:45381 dts:5.961 pts:6.170 dur:41.000ms, clock:0.665 level:60
2021-07-14 12:05:00.342 T:5311 DEBUG : CVideoPlayer::ProcessVideoData size:22485 dts:6.003 pts:6.086 dur:41.000ms, clock:0.665 level:60
2021-07-14 12:05:00.343 T:5311 DEBUG : CVideoPlayer::ProcessVideoData size:9852 dts:6.045 pts:6.045 dur:41.000ms, clock:0.665 level:61
2021-07-14 12:05:00.343 T:5311 DEBUG : CVideoPlayer::ProcessVideoData size:11447 dts:6.086 pts:6.128 dur:41.000ms, clock:0.665 level:61
2021-07-14 12:05:00.343 T:5311 DEBUG : CVideoPlayer::ProcessVideoData size:104857 dts:6.128 pts:6.212 dur:41.000ms, clock:0.665 level:62
2021-07-14 12:05:00.344 T:5311 DEBUG : CVideoPlayer::ProcessVideoData size:173220 dts:6.170 pts:6.378 dur:41.000ms, clock:0.665 level:62
2021-07-14 12:05:00.344 T:5311 DEBUG : CVideoPlayer::ProcessVideoData size:53570 dts:6.212 pts:6.295 dur:41.000ms, clock:0.665 level:63
2021-07-14 12:05:00.344 T:5311 DEBUG : CVideoPlayer::ProcessVideoData size:49263 dts:6.253 pts:6.253 dur:41.000ms, clock:0.665 level:63
2021-07-14 12:05:00.344 T:5311 DEBUG : CVideoPlayer::ProcessVideoData size:47773 dts:6.295 pts:6.337 dur:41.000ms, clock:0.665 level:64
2021-07-14 12:05:00.345 T:5311 DEBUG : CVideoPlayer::ProcessVideoData size:59228 dts:6.337 pts:6.420 dur:41.000ms, clock:0.665 level:64
2021-07-14 12:05:00.345 T:5024 INFO : INFO: EMBY.hooks.player.Player: [ onPlayBackStarted ]
2021-07-14 12:05:00.345 T:5311 DEBUG : CVideoPlayer::ProcessVideoData size:68352 dts:6.378 pts:6.587 dur:41.000ms, clock:0.665 level:65
2021-07-14 12:05:00.345 T:5311 DEBUG : CVideoPlayer::ProcessVideoData size:32645 dts:6.420 pts:6.504 dur:41.000ms, clock:0.665 level:65
2021-07-14 12:05:00.346 T:5311 DEBUG : CVideoPlayer::ProcessVideoData size:43715 dts:6.462 pts:6.462 dur:41.000ms, clock:0.665 level:66
2021-07-14 12:05:00.346 T:5311 DEBUG : CVideoPlayer::ProcessVideoData size:43451 dts:6.504 pts:6.545 dur:41.000ms, clock:0.665 level:66
2021-07-14 12:05:00.346 T:5311 DEBUG : CVideoPlayer::ProcessVideoData size:98474 dts:6.545 pts:6.754 dur:41.000ms, clock:0.665 level:67
2021-07-14 12:05:00.346 T:5311 DEBUG : CVideoPlayer::ProcessVideoData size:80320 dts:6.587 pts:6.670 dur:41.000ms, clock:0.665 level:67
2021-07-14 12:05:00.346 T:5311 DEBUG : CVideoPlayer::ProcessVideoData size:15705 dts:6.629 pts:6.629 dur:41.000ms, clock:0.665 level:68
2021-07-14 12:05:00.346 T:5321 INFO : INFO: EMBY.hooks.player.Player: [ OnPlay ] {'item': {'id': 907, 'type': 'episode'}, 'player': {'playerid': 1, 'speed': 1}, 'MonitorMethod': 'Player.OnPlay'}
2021-07-14 12:05:00.347 T:5311 DEBUG : CVideoPlayer::ProcessVideoData size:30281 dts:6.670 pts:6.712 dur:41.000ms, clock:0.665 level:68
2021-07-14 12:05:00.347 T:5311 DEBUG : CVideoPlayer::ProcessVideoData size:38497 dts:6.712 pts:6.795 dur:41.000ms, clock:0.665 level:69
2021-07-14 12:05:00.348 T:5311 DEBUG : CVideoPlayer::ProcessVideoData size:55284 dts:6.754 pts:6.962 dur:41.000ms, clock:0.665 level:69
2021-07-14 12:05:00.348 T:5311 DEBUG : CVideoPlayer::ProcessVideoData size:49079 dts:6.795 pts:6.879 dur:41.000ms, clock:0.665 level:70
2021-07-14 12:05:00.348 T:5311 DEBUG : CVideoPlayer::ProcessVideoData size:40746 dts:6.837 pts:6.837 dur:41.000ms, clock:0.665 level:70
2021-07-14 12:05:00.348 T:5311 DEBUG : CVideoPlayer::ProcessVideoData size:14312 dts:6.879 pts:6.921 dur:41.000ms, clock:0.665 level:70
2021-07-14 12:05:00.349 T:5321 DEBUG : DEBUG: EMBY.database.database: --->[ database: emby ] 58037192
2021-07-14 12:05:00.349 T:5311 DEBUG : CVideoPlayer::ProcessVideoData size:226473 dts:6.921 pts:7.004 dur:41.000ms, clock:0.665 level:71
2021-07-14 12:05:00.350 T:5311 DEBUG : CVideoPlayer::ProcessVideoData size:49275 dts:6.962 pts:7.087 dur:41.000ms, clock:0.665 level:71
2021-07-14 12:05:00.350 T:5311 DEBUG : CVideoPlayer::ProcessVideoData size:11058 dts:7.004 pts:7.046 dur:41.000ms, clock:0.665 level:72
2021-07-14 12:05:00.350 T:5321 DEBUG : DEBUG: EMBY.database.database: ---<[ database: emby ] 58037192
2021-07-14 12:05:00.351 T:5311 DEBUG : CVideoPlayer::ProcessVideoData size:69742 dts:7.046 pts:7.213 dur:41.000ms, clock:0.665 level:72
2021-07-14 12:05:00.351 T:5311 DEBUG : CVideoPlayer::ProcessVideoData size:57599 dts:7.087 pts:7.129 dur:41.000ms, clock:0.665 level:73
2021-07-14 12:05:00.352 T:5311 DEBUG : CVideoPlayer::ProcessVideoData size:65581 dts:7.129 pts:7.171 dur:41.000ms, clock:0.665 level:73
2021-07-14 12:05:00.353 T:5311 DEBUG : CVideoPlayer::ProcessVideoData size:70162 dts:7.171 pts:7.379 dur:41.000ms, clock:0.665 level:74
2021-07-14 12:05:00.354 T:5311 DEBUG : CVideoPlayer::ProcessVideoData size:65491 dts:7.213 pts:7.296 dur:41.000ms, clock:0.665 level:74
2021-07-14 12:05:00.354 T:5311 DEBUG : CVideoPlayer::ProcessVideoData size:19317 dts:7.254 pts:7.254 dur:41.000ms, clock:0.665 level:75
2021-07-14 12:05:00.354 T:5311 DEBUG : CVideoPlayer::ProcessVideoData size:26670 dts:7.296 pts:7.338 dur:41.000ms, clock:0.665 level:75
2021-07-14 12:05:00.355 T:5311 DEBUG : CVideoPlayer::ProcessVideoData size:54696 dts:7.338 pts:7.421 dur:41.000ms, clock:0.665 level:76
2021-07-14 12:05:00.355 T:5311 DEBUG : CVideoPlayer::ProcessVideoData size:59914 dts:7.379 pts:7.588 dur:41.000ms, clock:0.665 level:76
2021-07-14 12:05:00.356 T:5311 DEBUG : CVideoPlayer::ProcessVideoData size:21430 dts:7.421 pts:7.505 dur:41.000ms, clock:0.665 level:77
2021-07-14 12:05:00.356 T:5311 DEBUG : CVideoPlayer::ProcessVideoData size:18663 dts:7.463 pts:7.463 dur:41.000ms, clock:0.665 level:77
2021-07-14 12:05:00.356 T:5311 DEBUG : CVideoPlayer::ProcessVideoData size:17340 dts:7.505 pts:7.546 dur:41.000ms, clock:0.665 level:78
2021-07-14 12:05:00.357 T:5311 DEBUG : CVideoPlayer::ProcessVideoData size:41769 dts:7.546 pts:7.630 dur:41.000ms, clock:0.665 level:78
2021-07-14 12:05:00.362 T:4946 DEBUG : ------ Window Init (DialogBusy.xml) ------
2021-07-14 12:05:00.363 T:4957 INFO : CActiveAESink::OpenSink - initialize sink
2021-07-14 12:05:00.376 T:5314 DEBUG : CRenderManager::Configure - change configuration. 1920x1080. display: 1920x1080. framerate: 23.98.
2021-07-14 12:05:00.380 T:4946 DEBUG : DeleteRenderer - deleting renderer
2021-07-14 12:05:00.380 T:4946 DEBUG : LinuxRendererGLES: Cleaning up GLES resources
2021-07-14 12:05:00.380 T:4946 INFO : Constructing CRendererAML
2021-07-14 12:05:00.380 T:4946 DEBUG : CRenderManager::Configure - 8
2021-07-14 12:05:00.380 T:5314 DEBUG : CVideoPlayerVideo::OutputPicture - ttd:333ms pts:0.998 Clock:0.665 Level:0
2021-07-14 12:05:00.385 T:4946 DEBUG : CAMLCodec::SetVideoRect:display(0,0,1920,1080)
2021-07-14 12:05:00.385 T:4946 DEBUG : CAMLCodec::SetVideoRect:gui(0,0,1920,1080)
2021-07-14 12:05:00.385 T:4946 DEBUG : CAMLCodec::SetVideoRect:m_dst_rect(0,0,1920,1080)
2021-07-14 12:05:00.385 T:4946 DEBUG : CAMLCodec::SetVideoRect:dst_rect(0,0,1920,1080)
2021-07-14 12:05:00.385 T:4946 DEBUG : CAMLCodec::SetVideoRect:m_guiStereoMode(0)
2021-07-14 12:05:00.385 T:4946 DEBUG : CAMLCodec::SetVideoRect:m_guiStereoView(0)
2021-07-14 12:05:00.387 T:5311 DEBUG : CVideoPlayer::HandleMessages - player started 2
2021-07-14 12:05:00.387 T:5014 DEBUG : OnAVChange: CApplication::OnAVChange
2021-07-14 12:05:00.449 T:5024 INFO : INFO: EMBY.hooks.player.Player: [ onAVChange ]
2021-07-14 12:05:00.562 T:4957 INFO : Skipped 1 duplicate messages..
2021-07-14 12:05:00.562 T:4957 DEBUG : CActiveAESink::OpenSink - trying to open device ALSA:hdmi:CARD=AMLAUGESOUND,DEV=0
2021-07-14 12:05:00.562 T:4957 INFO : CAESinkALSA::Initialize - Attempting to open device "hdmi:CARD=AMLAUGESOUND,DEV=0"
2021-07-14 12:05:00.575 T:4957 INFO : CAESinkALSA::Initialize - Opened device "hdmi:CARD=AMLAUGESOUND,DEV=0,AES0=0x06,AES1=0x82,AES2=0x00,AES3=0x0e"
2021-07-14 12:05:00.576 T:4957 DEBUG : CAESinkALSA::InitializeHW - Request: periodSize 9600, bufferSize 38400
2021-07-14 12:05:00.577 T:4957 DEBUG : CAESinkALSA::InitializeHW - Got: periodSize 9600, bufferSize 38400
2021-07-14 12:05:00.577 T:4957 DEBUG : CAESinkALSA::InitializeHW - Setting timeout to 200 ms
2021-07-14 12:05:00.577 T:4957 DEBUG : CAESinkALSA::GetChannelLayout - Input Channel Count: 2 Output Channel Count: 2
2021-07-14 12:05:00.577 T:4957 DEBUG : CAESinkALSA::GetChannelLayout - Requested Layout: RAW, RAW
2021-07-14 12:05:00.577 T:4957 DEBUG : CAESinkALSA::GetChannelLayout - Got Layout: RAW, RAW (ALSA: none)
2021-07-14 12:05:00.577 T:4957 DEBUG : CActiveAESink::OpenSink - ALSA Initialized:
2021-07-14 12:05:00.577 T:4957 DEBUG : Output Device : AML-AUGESOUND
2021-07-14 12:05:00.577 T:4957 DEBUG : Sample Rate : 192000
2021-07-14 12:05:00.577 T:4957 DEBUG : Sample Format : AE_FMT_S16NE
2021-07-14 12:05:00.577 T:4957 DEBUG : Channel Count : 2
2021-07-14 12:05:00.577 T:4957 DEBUG : Channel Layout: RAW, RAW
2021-07-14 12:05:00.577 T:4957 DEBUG : Frames : 9600
2021-07-14 12:05:00.577 T:4957 DEBUG : Frame Size : 4
2021-07-14 12:05:00.587 T:4956 DEBUG : CActiveAE::ClearDiscardedBuffers - buffer pool deleted
2021-07-14 12:05:00.593 T:5311 INFO : Skipped 1 duplicate messages..
2021-07-14 12:05:00.593 T:5311 DEBUG : CVideoPlayer::HandleMessages - player started 1
2021-07-14 12:05:00.593 T:5014 DEBUG : OnAVChange: CApplication::OnAVChange
2021-07-14 12:05:00.593 T:5311 DEBUG : CDVDClock::SetSpeedAdjust - adjusted:0.000000
2021-07-14 12:05:00.593 T:5311 INFO : Skipped 1 duplicate messages..
2021-07-14 12:05:00.593 T:5311 DEBUG : VideoPlayer::Sync - Audio - pts: 0.288, cache: 0.509, totalcache: 0.800, packets:250 level:96
2021-07-14 12:05:00.593 T:5311 DEBUG : VideoPlayer::Sync - Video - pts: 0.998, cache: 0.050, totalcache: 0.100, packets:160 level:77
2021-07-14 12:05:00.593 T:5014 DEBUG : OnAVStarted: CApplication::OnAVStarted
2021-07-14 12:05:00.594 T:5314 DEBUG : CVideoPlayerVideo - CDVDMsg::GENERAL_RESYNC(898000.000000)
2021-07-14 12:05:00.594 T:5314 DEBUG : CVideoPlayerVideo - OUTPUT_AGAIN - vfmt, interlace should be checked.
2021-07-14 12:05:00.594 T:5314 DEBUG : CVideoPlayerVideo::OutputPicture - ttd:140ms pts:1.040 Clock:0.899 Level:0
2021-07-14 12:05:00.594 T:5314 DEBUG : CVideoPlayerVideo - CDVDMsg::DEMUXER_PACKET - checking interlace vfmt: progressive
2021-07-14 12:05:00.595 T:5311 DEBUG : CVideoPlayer::ProcessVideoData size:81997 dts:7.588 pts:7.796 dur:41.000ms, clock:0.900 level:76
2021-07-14 12:05:00.597 T:5311 DEBUG : CVideoPlayer::ProcessVideoData size:37736 dts:7.630 pts:7.713 dur:41.000ms, clock:0.902 level:77
2021-07-14 12:05:00.598 T:4946 DEBUG : Activating window ID: 12005
2021-07-14 12:05:00.599 T:5311 DEBUG : CVideoPlayer::ProcessVideoData size:43818 dts:7.671 pts:7.671 dur:41.000ms, clock:0.904 level:77
2021-07-14 12:05:00.600 T:4946 DEBUG : ------ Window Deinit (MyVideoNav.xml) ------
2021-07-14 12:05:00.600 T:5311 DEBUG : CVideoPlayer::ProcessVideoData size:36616 dts:7.713 pts:7.755 dur:41.000ms, clock:0.905 level:78
2021-07-14 12:05:00.601 T:5311 DEBUG : CVideoPlayer::ProcessVideoData size:51725 dts:7.755 pts:7.838 dur:41.000ms, clock:0.906 level:78
2021-07-14 12:05:00.601 T:4946 DEBUG : FreeVisualisation() done
2021-07-14 12:05:00.601 T:5311 DEBUG : CVideoPlayer::ProcessVideoData size:57300 dts:7.796 pts:8.005 dur:41.000ms, clock:0.906 level:79
2021-07-14 12:05:00.602 T:5311 DEBUG : CVideoPlayer::ProcessVideoData size:20683 dts:7.838 pts:7.922 dur:41.000ms, clock:0.907 level:79
2021-07-14 12:05:00.602 T:5311 DEBUG : CVideoPlayer::ProcessVideoData size:10544 dts:7.880 pts:7.880 dur:41.000ms, clock:0.907 level:80
2021-07-14 12:05:00.602 T:4946 DEBUG : ------ Window Init (VideoFullScreen.xml) ------
2021-07-14 12:05:00.603 T:5311 DEBUG : CVideoPlayer::ProcessVideoData size:9583 dts:7.922 pts:7.963 dur:41.000ms, clock:0.908 level:80
2021-07-14 12:05:00.604 T:4946 INFO : [WHITELIST] Searching the whitelist for: width: 1920, height: 1080, fps: 23.976, 3D: false
2021-07-14 12:05:00.604 T:4946 DEBUG : [WHITELIST] Using the default whitelist because the user whitelist is empty
2021-07-14 12:05:00.604 T:4946 DEBUG : [WHITELIST] Searching for an exact resolution with an exact refresh rate
2021-07-14 12:05:00.604 T:5311 DEBUG : CVideoPlayer::ProcessVideoData size:57061 dts:7.963 pts:8.088 dur:41.000ms, clock:0.909 level:81
2021-07-14 12:05:00.604 T:4946 DEBUG : [WHITELIST] Matched an exact resolution with an exact refresh rate 1920x1080 @ 23.98 - Full Screen (32)
2021-07-14 12:05:00.604 T:4946 DEBUG : [WHITELIST] Searching for an exact resolution with double the refresh rate
2021-07-14 12:05:00.604 T:4946 INFO : Display resolution ADJUST : 1920x1080 @ 23.98 - Full Screen (32) (weight: -27100526770428360743976960.000)
2021-07-14 12:05:00.604 T:5311 DEBUG : CVideoPlayer::ProcessVideoData size:13695 dts:8.005 pts:8.047 dur:41.000ms, clock:0.909 level:81
2021-07-14 12:05:00.604 T:4946 INFO : VideoPlayer: OnLostDisplay received
2021-07-14 12:05:00.604 T:4946 DEBUG : AMLUtils::aml_handle_display_stereo_mode old mode 3doff new mode 3doff
2021-07-14 12:05:00.604 T:4946 DEBUG : AMLUtils::aml_handle_display_stereo_mode - no change needed
2021-07-14 12:05:00.604 T:5314 DEBUG : CVideoPlayerVideo - CDVDMsg::GENERAL_PAUSE: 1
2021-07-14 12:05:00.604 T:4946 ERROR : GetString: error reading /sys/class/amhdmitx/amhdmitx0/custom_mode
2021-07-14 12:05:00.606 T:5311 DEBUG : CVideoPlayer::ProcessVideoData size:58600 dts:8.047 pts:8.255 dur:41.000ms, clock:0.909 level:82
2021-07-14 12:05:00.635 T:5315 DEBUG : CDVDAudio::Flush - flush audio stream
2021-07-14 12:05:00.635 T:5315 DEBUG : CDVDAudio::Resume - resume audio stream
2021-07-14 12:05:00.635 T:5315 DEBUG : CVideoPlayerAudio - CDVDMsg::GENERAL_PAUSE: 1
2021-07-14 12:05:00.664 T:5024 INFO : INFO: EMBY.hooks.player.Player: [ onAVChange ]
2021-07-14 12:05:00.664 T:5024 INFO : INFO: EMBY.hooks.player.Player: [ onAVStarted ]
2021-07-14 12:05:00.664 T:5330 INFO : INFO: EMBY.hooks.player.Player: [ ThreadAVStarted ]
2021-07-14 12:05:00.664 T:5330 INFO : INFO: EMBY.hooks.player.Player: -->[ play/13120 ] {'Id': '13120', 'Tracking': True, 'Type': 'episode', 'Volume': 100, 'Muted': False, 'MediaSourceId': '0689dd12b8e68e10a282658a0d1f24c1', 'EmbyServer': , 'RunTime': 0, 'CurrentPosition': 0, 'Paused': False, 'library': , 'PlaySessionId': '92f87fc46a9e45eabacebe0106b160bf'}
2021-07-14 12:05:00.665 T:5330 DEBUG : DEBUG: EMBY.core.HTTP: --->[ http ] { "params": { "ItemId": "13120", "MediaSourceId": "0689dd12b8e68e10a282658a0d1f24c1", "PlaySessionId": "92f87fc46a9e45eabacebe0106b160bf" }, "type": "POST", "url": "http://192.168.1.10:8096/emby/Sessions/Playing", "headers": { "Content-type": "application/json", "Accept-Charset": "UTF-8,*", "Accept-encoding": "gzip", "User-Agent": "Emby-Kodi/5.3.2", "Authorization": "Emby Client=Kodi, Device=Kodi (CoreELEC), DeviceId=C86BFD09CCFB4585AC3E449D31D74819, Version=5.3.2, UserId=de8aeadec54b4fa28d3772ebcf026587", "X-Emby-Token": "9cd631b3e7914b5d8ed6207750cefae7" }, "timeout": 30, "verify": true }
2021-07-14 12:05:00.680 T:5330 DEBUG : DEBUG: EMBY.core.HTTP: ---<[ http ][9 ms]
2021-07-14 12:05:00.680 T:5330 DEBUG : DEBUG: EMBY.core.HTTP: --->[ http ] { "params": { "ItemId": "13120", "MediaSourceId": "0689dd12b8e68e10a282658a0d1f24c1", "PositionTicks": 0, "RunTimeTicks": 17347520751, "CanSeek": true, "QueueableMediaTypes": "Video,Audio", "VolumeLevel": 100, "IsPaused": false, "IsMuted": false, "PlaySessionId": "92f87fc46a9e45eabacebe0106b160bf" }, "type": "POST", "url": "http://192.168.1.10:8096/emby/Sessions/Playing/Progress", "headers": { "Content-type": "application/json", "Accept-Charset": "UTF-8,*", "Accept-encoding": "gzip", "User-Agent": "Emby-Kodi/5.3.2", "Authorization": "Emby Client=Kodi, Device=Kodi (CoreELEC), DeviceId=C86BFD09CCFB4585AC3E449D31D74819, Version=5.3.2, UserId=de8aeadec54b4fa28d3772ebcf026587", "X-Emby-Token": "9cd631b3e7914b5d8ed6207750cefae7" }, "timeout": 30, "verify": true }
2021-07-14 12:05:00.686 T:5330 DEBUG : DEBUG: EMBY.core.HTTP: ---<[ http ][4 ms]
2021-07-14 12:05:01.023 T:4946 DEBUG : AMLUtils::aml_handle_display_stereo_mode old mode 3doff new mode 3doff
2021-07-14 12:05:01.023 T:4946 DEBUG : AMLUtils::aml_handle_display_stereo_mode - no change needed
2021-07-14 12:05:01.023 T:4946 INFO : VideoPlayer: OnResetDisplay received
2021-07-14 12:05:01.023 T:5315 DEBUG : CVideoPlayerAudio - CDVDMsg::GENERAL_PAUSE: 0
2021-07-14 12:05:01.023 T:5314 DEBUG : CVideoPlayerVideo - CDVDMsg::GENERAL_PAUSE: 0
2021-07-14 12:05:01.024 T:5314 DEBUG : CVideoPlayerVideo::OutputPicture - ttd:171ms pts:1.081 Clock:0.909 Level:1
2021-07-14 12:05:01.024 T:4956 DEBUG : ActiveAE - start sync of audio stream
2021-07-14 12:05:01.024 T:4946 INFO : GLES: Maximum texture width: 8192
2021-07-14 12:05:01.025 T:5314 DEBUG : CVideoPlayerVideo::OutputPicture - ttd:212ms pts:1.123 Clock:0.910 Level:2
2021-07-14 12:05:01.026 T:5314 DEBUG : CVideoPlayerVideo::OutputPicture - ttd:253ms pts:1.165 Clock:0.912 Level:2
2021-07-14 12:05:01.026 T:4946 DEBUG : CAMLCodec::SetVideoRect:display(0,0,1920,1080)
2021-07-14 12:05:01.027 T:4946 DEBUG : CAMLCodec::SetVideoRect:gui(0,0,1920,1080)
2021-07-14 12:05:01.027 T:4946 DEBUG : CAMLCodec::SetVideoRect:m_dst_rect(0,0,1920,1080)
2021-07-14 12:05:01.027 T:4946 DEBUG : CAMLCodec::SetVideoRect:dst_rect(0,0,1920,1080)
2021-07-14 12:05:01.027 T:4946 DEBUG : CAMLCodec::SetVideoRect:m_guiStereoMode(0)
2021-07-14 12:05:01.027 T:4946 DEBUG : CAMLCodec::SetVideoRect:m_guiStereoView(0)
2021-07-14 12:05:01.028 T:5314 DEBUG : CVideoPlayerVideo::OutputPicture - ttd:293ms pts:1.207 Clock:0.913 Level:3
2021-07-14 12:05:01.029 T:5314 DEBUG : CVideoPlayerVideo::OutputPicture - ttd:333ms pts:1.248 Clock:0.915 Level:4
2021-07-14 12:05:01.030 T:5314 DEBUG : CVideoPlayerVideo::OutputPicture - ttd:374ms pts:1.290 Clock:0.916 Level:5
2021-07-14 12:05:01.036 T:4946 DEBUG : ------ Window Deinit (DialogBusy.xml) ------
2021-07-14 12:05:01.056 T:5094 DEBUG : OnAVChange: CApplication::OnAVChange
2021-07-14 12:05:01.057 T:5311 DEBUG : CVideoPlayer::ProcessVideoData size:72405 dts:8.088 pts:8.172 dur:41.000ms, clock:0.942 level:80
2021-07-14 12:05:01.057 T:5311 DEBUG : CVideoPlayer::ProcessVideoData size:12076 dts:8.130 pts:8.130 dur:41.000ms, clock:0.942 level:80
2021-07-14 12:05:01.057 T:5311 DEBUG : CVideoPlayer::ProcessVideoData size:18890 dts:8.172 pts:8.214 dur:41.000ms, clock:0.943 level:81
2021-07-14 12:05:01.057 T:5311 DEBUG : CVideoPlayer::ProcessVideoData size:55217 dts:8.214 pts:8.422 dur:41.000ms, clock:0.943 level:81
2021-07-14 12:05:01.057 T:5311 DEBUG : CVideoPlayer::ProcessVideoData size:33208 dts:8.255 pts:8.339 dur:41.000ms, clock:0.943 level:82
2021-07-14 12:05:01.057 T:5311 DEBUG : CVideoPlayer::ProcessVideoData size:31307 dts:8.297 pts:8.297 dur:41.000ms, clock:0.943 level:82
2021-07-14 12:05:01.057 T:5311 DEBUG : CVideoPlayer::ProcessVideoData size:49101 dts:8.339 pts:8.380 dur:41.000ms, clock:0.943 level:83
2021-07-14 12:05:01.058 T:5314 DEBUG : CVideoPlayerVideo - CDVDMsg::DEMUXER_PACKET - checking interlace vfmt: progressive
2021-07-14 12:05:01.058 T:5311 DEBUG : CVideoPlayer::ProcessVideoData size:56097 dts:8.380 pts:8.589 dur:41.000ms, clock:0.944 level:83
2021-07-14 12:05:01.058 T:5311 DEBUG : CVideoPlayer::ProcessVideoData size:20598 dts:8.422 pts:8.506 dur:41.000ms, clock:0.944 level:83
2021-07-14 12:05:01.058 T:5311 DEBUG : CVideoPlayer::ProcessVideoData size:9816 dts:8.464 pts:8.464 dur:41.000ms, clock:0.944 level:84
2021-07-14 12:05:01.058 T:5311 DEBUG : CVideoPlayer::ProcessVideoData size:8910 dts:8.506 pts:8.547 dur:41.000ms, clock:0.944 level:84
2021-07-14 12:05:01.058 T:5311 DEBUG : CVideoPlayer::ProcessVideoData size:69161 dts:8.547 pts:8.756 dur:41.000ms, clock:0.944 level:85
2021-07-14 12:05:01.058 T:5311 DEBUG : CVideoPlayer::ProcessVideoData size:26921 dts:8.589 pts:8.672 dur:41.000ms, clock:0.944 level:85
2021-07-14 12:05:01.058 T:5311 DEBUG : CVideoPlayer::ProcessVideoData size:9400 dts:8.631 pts:8.631 dur:41.000ms, clock:0.944 level:86
2021-07-14 12:05:01.058 T:5311 DEBUG : CVideoPlayer::ProcessVideoData size:13751 dts:8.672 pts:8.714 dur:41.000ms, clock:0.944 level:87
2021-07-14 12:05:01.084 T:5314 DEBUG : CVideoPlayerVideo - CDVDMsg::DEMUXER_PACKET - checking interlace vfmt: progressive
2021-07-14 12:05:01.116 T:5314 INFO : Skipped 1 duplicate messages..
2021-07-14 12:05:01.116 T:5314 DEBUG : CVideoPlayerVideo::OutputPicture - ttd:330ms pts:1.332 Clock:1.001 Level:4
2021-07-14 12:05:01.135 T:4956 DEBUG : ActiveAE::SyncStream - average error of -737.063657, start adjusting
2021-07-14 12:05:01.140 T:5333 DEBUG : DEBUG: EMBY.core.HTTP: --->[ http ] { "params": { "ItemId": "13120", "MediaSourceId": "0689dd12b8e68e10a282658a0d1f24c1", "PositionTicks": 9420000, "RunTimeTicks": 17347520751, "CanSeek": true, "QueueableMediaTypes": "Video,Audio", "VolumeLevel": 100, "IsPaused": false, "IsMuted": false, "PlaySessionId": "92f87fc46a9e45eabacebe0106b160bf" }, "type": "POST", "url": "http://192.168.1.10:8096/emby/Sessions/Playing/Progress", "headers": { "Content-type": "application/json", "Accept-Charset": "UTF-8,*", "Accept-encoding": "gzip", "User-Agent": "Emby-Kodi/5.3.2", "Authorization": "Emby Client=Kodi, Device=Kodi (CoreELEC), DeviceId=C86BFD09CCFB4585AC3E449D31D74819, Version=5.3.2, UserId=de8aeadec54b4fa28d3772ebcf026587", "X-Emby-Token": "9cd631b3e7914b5d8ed6207750cefae7" }, "timeout": 30, "verify": true }
2021-07-14 12:05:01.141 T:5024 INFO : INFO: EMBY.hooks.player.Player: [ onAVChange ]
2021-07-14 12:05:01.158 T:5314 DEBUG : CVideoPlayerVideo::OutputPicture - ttd:329ms pts:1.373 Clock:1.043 Level:4
2021-07-14 12:05:01.158 T:5333 DEBUG : DEBUG: EMBY.core.HTTP: ---<[ http ][12 ms]
2021-07-14 12:05:01.159 T:5314 DEBUG : CVideoPlayerVideo::OutputPicture - ttd:370ms pts:1.415 Clock:1.045 Level:5
2021-07-14 12:05:01.242 T:5334 INFO : INFO: EMBY.hooks.monitor.Monitor: [ UserDataChanged ] {'ServerId': '582d15c7dab04b7fb851ac18d8445893', 'UserDataList': [{'IsFavorite': False, 'ItemId': '13120', 'LastPlayedDate': '2021-07-14T02:05:00.0000000+00:00', 'PlayCount': 6, 'PlaybackPositionTicks': 0, 'Played': True}], 'UserId': 'de8aeadec54b4fa28d3772ebcf026587', 'MonitorMethod': 'UserDataChanged'}
2021-07-14 12:05:01.242 T:5334 INFO : INFO: EMBY.hooks.monitor.Monitor: [ skip update/13120 ]
2021-07-14 12:05:01.283 T:5314 DEBUG : CVideoPlayerVideo::OutputPicture - ttd:288ms pts:1.457 Clock:1.169 Level:3
2021-07-14 12:05:01.284 T:5314 DEBUG : CVideoPlayerVideo::OutputPicture - ttd:329ms pts:1.499 Clock:1.170 Level:4
2021-07-14 12:05:01.293 T:5311 DEBUG : CVideoPlayer::ProcessVideoData size:80087 dts:8.714 pts:8.923 dur:41.000ms, clock:1.178 level:78
2021-07-14 12:05:01.293 T:5311 DEBUG : CVideoPlayer::ProcessVideoData size:30536 dts:8.756 pts:8.839 dur:41.000ms, clock:1.179 level:78
2021-07-14 12:05:01.294 T:5311 DEBUG : CVideoPlayer::ProcessVideoData size:64332 dts:8.797 pts:8.797 dur:41.000ms, clock:1.179 level:79
2021-07-14 12:05:01.294 T:5311 DEBUG : CVideoPlayer::ProcessVideoData size:79495 dts:8.839 pts:8.881 dur:41.000ms, clock:1.180 level:79
2021-07-14 12:05:01.295 T:5311 DEBUG : CVideoPlayer::ProcessVideoData size:42688 dts:8.881 pts:8.964 dur:41.000ms, clock:1.180 level:80
2021-07-14 12:05:01.296 T:5311 DEBUG : CVideoPlayer::ProcessVideoData size:234643 dts:8.923 pts:9.006 dur:41.000ms, clock:1.182 level:80
2021-07-14 12:05:01.299 T:5311 DEBUG : CVideoPlayer::ProcessVideoData size:48913 dts:8.964 pts:9.131 dur:41.000ms, clock:1.185 level:81
2021-07-14 12:05:01.302 T:5311 DEBUG : CVideoPlayer::ProcessVideoData size:72953 dts:9.006 pts:9.048 dur:41.000ms, clock:1.187 level:81
2021-07-14 12:05:01.303 T:5311 DEBUG : CVideoPlayer::ProcessVideoData size:33748 dts:9.048 pts:9.089 dur:41.000ms, clock:1.189 level:82
2021-07-14 12:05:01.304 T:5311 DEBUG : CVideoPlayer::ProcessVideoData size:65242 dts:9.089 pts:9.215 dur:41.000ms, clock:1.190 level:82
2021-07-14 12:05:01.305 T:5311 DEBUG : CVideoPlayer::ProcessVideoData size:17783 dts:9.131 pts:9.173 dur:41.000ms, clock:1.190 level:83
2021-07-14 12:05:01.337 T:4956 DEBUG : ActiveAE::SyncStream - average error -2.576183 below threshold of 30.000000
2021-07-14 12:05:01.346 T:5311 DEBUG : CVideoPlayer::ProcessVideoData size:51626 dts:9.173 pts:9.340 dur:41.000ms, clock:1.232 level:83
2021-07-14 12:05:01.347 T:5311 DEBUG : CVideoPlayer::ProcessVideoData size:71014 dts:9.215 pts:9.256 dur:41.000ms, clock:1.232 level:83
2021-07-14 12:05:01.347 T:5311 DEBUG : CVideoPlayer::ProcessVideoData size:10959 dts:9.256 pts:9.298 dur:41.000ms, clock:1.233 level:84
2021-07-14 12:05:01.348 T:5311 DEBUG : CVideoPlayer::ProcessVideoData size:83244 dts:9.298 pts:9.507 dur:41.000ms, clock:1.234 level:84
2021-07-14 12:05:01.349 T:5311 DEBUG : CVideoPlayer::ProcessVideoData size:64117 dts:9.340 pts:9.423 dur:41.000ms, clock:1.234 level:85
2021-07-14 12:05:01.349 T:5311 DEBUG : CVideoPlayer::ProcessVideoData size:31660 dts:9.381 pts:9.381 dur:41.000ms, clock:1.235 level:85
2021-07-14 12:05:01.350 T:5311 DEBUG : CVideoPlayer::ProcessVideoData size:34057 dts:9.423 pts:9.465 dur:41.000ms, clock:1.235 level:86
2021-07-14 12:05:01.391 T:5311 DEBUG : CVideoPlayer::ProcessVideoData size:63052 dts:9.465 pts:9.673 dur:41.000ms, clock:1.277 level:86
2021-07-14 12:05:01.392 T:5311 DEBUG : CVideoPlayer::ProcessVideoData size:22671 dts:9.507 pts:9.590 dur:41.000ms, clock:1.277 level:87
2021-07-14 12:05:01.392 T:5311 DEBUG : CVideoPlayer::ProcessVideoData size:17042 dts:9.548 pts:9.548 dur:41.000ms, clock:1.278 level:87
2021-07-14 12:05:01.392 T:5311 DEBUG : CVideoPlayer::ProcessVideoData size:11425 dts:9.590 pts:9.632 dur:41.000ms, clock:1.278 level:88
2021-07-14 12:05:01.409 T:5314 DEBUG : CVideoPlayerVideo::OutputPicture - ttd:245ms pts:1.540 Clock:1.295 Level:2
2021-07-14 12:05:01.410 T:5314 DEBUG : CVideoPlayerVideo::OutputPicture - ttd:286ms pts:1.582 Clock:1.296 Level:3
2021-07-14 12:05:01.448 T:5314 DEBUG : CVideoPlayerVideo::OutputPicture - ttd:290ms pts:1.624 Clock:1.333 Level:3
2021-07-14 12:05:01.449 T:5314 DEBUG : CVideoPlayerVideo::OutputPicture - ttd:330ms pts:1.665 Clock:1.334 Level:4
2021-07-14 12:05:01.577 T:5314 DEBUG : CVideoPlayerVideo::OutputPicture - ttd:244ms pts:1.707 Clock:1.462 Level:2
2021-07-14 12:05:01.578 T:5314 DEBUG : CVideoPlayerVideo::OutputPicture - ttd:285ms pts:1.749 Clock:1.463 Level:3
2021-07-14 12:05:01.587 T:5311 DEBUG : CVideoPlayer::ProcessVideoData size:58148 dts:9.632 pts:9.840 dur:41.000ms, clock:1.473 level:85
2021-07-14 12:05:01.588 T:5311 DEBUG : CVideoPlayer::ProcessVideoData size:26208 dts:9.673 pts:9.757 dur:41.000ms, clock:1.473 level:86
2021-07-14 12:05:01.588 T:5311 DEBUG : CVideoPlayer::ProcessVideoData size:11049 dts:9.715 pts:9.715 dur:41.000ms, clock:1.474 level:87
2021-07-14 12:05:01.588 T:5311 DEBUG : CVideoPlayer::ProcessVideoData size:10037 dts:9.757 pts:9.798 dur:41.000ms, clock:1.474 level:87
2021-07-14 12:05:01.589 T:5311 DEBUG : CVideoPlayer::ProcessVideoData size:52054 dts:9.798 pts:9.965 dur:41.000ms, clock:1.475 level:88
2021-07-14 12:05:01.589 T:5311 DEBUG : CVideoPlayer::ProcessVideoData size:33161 dts:9.840 pts:9.882 dur:41.000ms, clock:1.475 level:88
2021-07-14 12:05:01.590 T:5311 DEBUG : CVideoPlayer::ProcessVideoData size:13982 dts:9.882 pts:9.924 dur:41.000ms, clock:1.475 level:89
2021-07-14 12:05:01.616 T:5314 DEBUG : CVideoPlayerVideo::OutputPicture - ttd:288ms pts:1.790 Clock:1.501 Level:3
2021-07-14 12:05:01.617 T:5314 DEBUG : CVideoPlayerVideo::OutputPicture - ttd:329ms pts:1.832 Clock:1.503 Level:4
2021-07-14 12:05:01.720 T:5025 DEBUG : DatabaseUtils::GetSortFieldList: unknown field 36
2021-07-14 12:05:01.746 T:5314 DEBUG : CVideoPlayerVideo::OutputPicture - ttd:242ms pts:1.874 Clock:1.632 Level:2
2021-07-14 12:05:01.747 T:5314 DEBUG : CVideoPlayerVideo::OutputPicture - ttd:283ms pts:1.916 Clock:1.633 Level:3
2021-07-14 12:05:01.787 T:5314 DEBUG : CVideoPlayerVideo::OutputPicture - ttd:284ms pts:1.957 Clock:1.672 Level:3
2021-07-14 12:05:01.788 T:5314 DEBUG : CVideoPlayerVideo::OutputPicture - ttd:325ms pts:1.999 Clock:1.674 Level:4
2021-07-14 12:05:01.844 T:5311 DEBUG : CVideoPlayer::ProcessVideoData size:51464 dts:9.924 pts:10.090 dur:41.000ms, clock:1.729 level:86
2021-07-14 12:05:01.844 T:5311 DEBUG : CVideoPlayer::ProcessVideoData size:63361 dts:9.965 pts:10.007 dur:41.000ms, clock:1.730 level:87
2021-07-14 12:05:01.845 T:5311 DEBUG : CVideoPlayer::ProcessVideoData size:20501 dts:10.007 pts:10.049 dur:41.000ms, clock:1.730 level:87
2021-07-14 12:05:01.845 T:5311 DEBUG : CVideoPlayer::ProcessVideoData size:78539 dts:10.049 pts:10.257 dur:41.000ms, clock:1.731 level:88
2021-07-14 12:05:01.846 T:5311 DEBUG : CVideoPlayer::ProcessVideoData size:32947 dts:10.090 pts:10.174 dur:41.000ms, clock:1.731 level:88
2021-07-14 12:05:01.846 T:5311 DEBUG : CVideoPlayer::ProcessVideoData size:10470 dts:10.132 pts:10.132 dur:41.000ms, clock:1.732 level:89
2021-07-14 12:05:01.846 T:5311 DEBUG : CVideoPlayer::ProcessVideoData size:21480 dts:10.174 pts:10.216 dur:41.000ms, clock:1.732 level:89
2021-07-14 12:05:01.868 T:5314 DEBUG : CVideoPlayerVideo::OutputPicture - ttd:287ms pts:2.041 Clock:1.753 Level:3
2021-07-14 12:05:01.911 T:5314 DEBUG : CVideoPlayerVideo::OutputPicture - ttd:285ms pts:2.082 Clock:1.797 Level:3
2021-07-14 12:05:01.912 T:5314 DEBUG : CVideoPlayerVideo::OutputPicture - ttd:325ms pts:2.124 Clock:1.798 Level:4
2021-07-14 12:05:01.992 T:5314 DEBUG : CVideoPlayerVideo::OutputPicture - ttd:288ms pts:2.166 Clock:1.878 Level:3
2021-07-14 12:05:02.036 T:5314 DEBUG : CVideoPlayerVideo::OutputPicture - ttd:286ms pts:2.208 Clock:1.921 Level:3
2021-07-14 12:05:02.037 T:5314 DEBUG : CVideoPlayerVideo::OutputPicture - ttd:326ms pts:2.249 Clock:1.923 Level:4
2021-07-14 12:05:02.090 T:5311 DEBUG : CVideoPlayer::ProcessVideoData size:65080 dts:10.216 pts:10.424 dur:41.000ms, clock:1.975 level:87
2021-07-14 12:05:02.090 T:5311 DEBUG : CVideoPlayer::ProcessVideoData size:49521 dts:10.257 pts:10.341 dur:41.000ms, clock:1.976 level:87
2021-07-14 12:05:02.091 T:5311 DEBUG : CVideoPlayer::ProcessVideoData size:58807 dts:10.299 pts:10.299 dur:41.000ms, clock:1.976 level:88
2021-07-14 12:05:02.091 T:5311 DEBUG : CVideoPlayer::ProcessVideoData size:45192 dts:10.341 pts:10.382 dur:41.000ms, clock:1.977 level:88
2021-07-14 12:05:02.092 T:5311 DEBUG : CVideoPlayer::ProcessVideoData size:55895 dts:10.382 pts:10.508 dur:41.000ms, clock:1.977 level:89
2021-07-14 12:05:02.092 T:5311 DEBUG : CVideoPlayer::ProcessVideoData size:70793 dts:10.424 pts:10.466 dur:41.000ms, clock:1.978 level:89
2021-07-14 12:05:02.161 T:5314 DEBUG : CVideoPlayerVideo::OutputPicture - ttd:244ms pts:2.291 Clock:2.047 Level:2
2021-07-14 12:05:02.162 T:5314 DEBUG : CVideoPlayerVideo::OutputPicture - ttd:285ms pts:2.333 Clock:2.048 Level:3
2021-07-14 12:05:02.199 T:5314 DEBUG : CVideoPlayerVideo::OutputPicture - ttd:289ms pts:2.374 Clock:2.085 Level:3
2021-07-14 12:05:02.201 T:5314 DEBUG : CVideoPlayerVideo::OutputPicture - ttd:329ms pts:2.416 Clock:2.086 Level:4
2021-07-14 12:05:02.328 T:5314 DEBUG : CVideoPlayerVideo::OutputPicture - ttd:244ms pts:2.458 Clock:2.214 Level:2
2021-07-14 12:05:02.329 T:5314 DEBUG : CVideoPlayerVideo::OutputPicture - ttd:285ms pts:2.500 Clock:2.215 Level:3
2021-07-14 12:05:02.336 T:5311 DEBUG : CVideoPlayer::ProcessVideoData size:64754 dts:10.466 pts:10.674 dur:41.000ms, clock:2.222 level:87
2021-07-14 12:05:02.337 T:5311 DEBUG : CVideoPlayer::ProcessVideoData size:35227 dts:10.508 pts:10.591 dur:41.000ms, clock:2.223 level:87
2021-07-14 12:05:02.337 T:5311 DEBUG : CVideoPlayer::ProcessVideoData size:46592 dts:10.549 pts:10.549 dur:41.000ms, clock:2.223 level:88
2021-07-14 12:05:02.338 T:5311 DEBUG : CVideoPlayer::ProcessVideoData size:28822 dts:10.591 pts:10.633 dur:41.000ms, clock:2.223 level:88
2021-07-14 12:05:02.367 T:5314 DEBUG : CVideoPlayerVideo::OutputPicture - ttd:288ms pts:2.541 Clock:2.252 Level:3
2021-07-14 12:05:02.368 T:5314 DEBUG : CVideoPlayerVideo::OutputPicture - ttd:329ms pts:2.583 Clock:2.253 Level:4
2021-07-14 12:05:02.385 T:5315 DEBUG : CDVDClock::ErrorAdjust - CVideoPlayerAudio::OutputPacket - error:-15862.784675, adjusted:-15862.784675
2021-07-14 12:05:02.453 T:5314 DEBUG : CVideoPlayerVideo::OutputPicture - ttd:301ms pts:2.625 Clock:2.323 Level:3
2021-07-14 12:05:02.497 T:5314 DEBUG : CVideoPlayerVideo::OutputPicture - ttd:299ms pts:2.666 Clock:2.367 Level:3
2021-07-14 12:05:02.498 T:5314 DEBUG : CVideoPlayerVideo::OutputPicture - ttd:340ms pts:2.708 Clock:2.368 Level:4
2021-07-14 12:05:02.541 T:5311 DEBUG : CVideoPlayer::ProcessVideoData size:56465 dts:10.633 pts:10.841 dur:41.000ms, clock:2.411 level:87
2021-07-14 12:05:02.541 T:5311 DEBUG : CVideoPlayer::ProcessVideoData size:45859 dts:10.674 pts:10.758 dur:41.000ms, clock:2.411 level:87
2021-07-14 12:05:02.542 T:5311 DEBUG : CVideoPlayer::ProcessVideoData size:28755 dts:10.716 pts:10.716 dur:41.000ms, clock:2.412 level:87
2021-07-14 12:05:02.542 T:5311 DEBUG : CVideoPlayer::ProcessVideoData size:17485 dts:10.758 pts:10.799 dur:41.000ms, clock:2.412 level:88
2021-07-14 12:05:02.542 T:5311 DEBUG : CVideoPlayer::ProcessVideoData size:35287 dts:10.799 pts:10.966 dur:41.000ms, clock:2.412 level:88
2021-07-14 12:05:02.543 T:5311 DEBUG : CVideoPlayer::ProcessVideoData size:46440 dts:10.841 pts:10.883 dur:41.000ms, clock:2.413 level:89
2021-07-14 12:05:02.543 T:5311 DEBUG : CVideoPlayer::ProcessVideoData size:19625 dts:10.883 pts:10.925 dur:41.000ms, clock:2.413 level:89
2021-07-14 12:05:02.546 T:5311 DEBUG : CVideoPlayer::ProcessVideoData size:238303 dts:10.925 pts:11.008 dur:41.000ms, clock:2.416 level:90
2021-07-14 12:05:02.621 T:5314 DEBUG : CVideoPlayerVideo::OutputPicture - ttd:259ms pts:2.750 Clock:2.491 Level:2
2021-07-14 12:05:02.622 T:5314 DEBUG : CVideoPlayerVideo::OutputPicture - ttd:298ms pts:2.791 Clock:2.492 Level:3
2021-07-14 12:05:02.660 T:5314 DEBUG : CVideoPlayerVideo::OutputPicture - ttd:303ms pts:2.833 Clock:2.529 Level:3
2021-07-14 12:05:02.661 T:5314 DEBUG : CVideoPlayerVideo::OutputPicture - ttd:344ms pts:2.875 Clock:2.531 Level:4
2021-07-14 12:05:02.747 T:5314 DEBUG : CVideoPlayerVideo::OutputPicture - ttd:300ms pts:2.917 Clock:2.617 Level:3
2021-07-14 12:05:02.748 T:5314 DEBUG : CVideoPlayerVideo::OutputPicture - ttd:340ms pts:2.958 Clock:2.618 Level:4
2021-07-14 12:05:02.794 T:5311 DEBUG : CVideoPlayer::ProcessVideoData size:140202 dts:10.966 pts:11.091 dur:41.000ms, clock:2.664 level:88
2021-07-14 12:05:02.795 T:5311 DEBUG : CVideoPlayer::ProcessVideoData size:37268 dts:11.008 pts:11.050 dur:41.000ms, clock:2.665 level:88
2021-07-14 12:05:02.796 T:5311 DEBUG : CVideoPlayer::ProcessVideoData size:78006 dts:11.050 pts:11.175 dur:41.000ms, clock:2.666 level:88
2021-07-14 12:05:02.796 T:5311 DEBUG : CVideoPlayer::ProcessVideoData size:16941 dts:11.091 pts:11.133 dur:41.000ms, clock:2.666 level:89
2021-07-14 12:05:02.797 T:5311 DEBUG : CVideoPlayer::ProcessVideoData size:177264 dts:11.133 pts:11.217 dur:41.000ms, clock:2.667 level:89
2021-07-14 12:05:02.911 T:5314 DEBUG : CVideoPlayerVideo::OutputPicture - ttd:219ms pts:3.000 Clock:2.781 Level:1
2021-07-14 12:05:02.912 T:5314 DEBUG : CVideoPlayerVideo::OutputPicture - ttd:260ms pts:3.042 Clock:2.782 Level:2
2021-07-14 12:05:02.913 T:5314 DEBUG : CVideoPlayerVideo::OutputPicture - ttd:299ms pts:3.083 Clock:2.783 Level:3
2021-07-14 12:05:02.914 T:5314 DEBUG : CVideoPlayerVideo::OutputPicture - ttd:340ms pts:3.125 Clock:2.784 Level:4
2021-07-14 12:05:03.036 T:5314 DEBUG : CVideoPlayerVideo::OutputPicture - ttd:261ms pts:3.167 Clock:2.906 Level:2
2021-07-14 12:05:03.037 T:5314 DEBUG : CVideoPlayerVideo::OutputPicture - ttd:301ms pts:3.209 Clock:2.907 Level:3
2021-07-14 12:05:03.075 T:5314 DEBUG : CVideoPlayerVideo::OutputPicture - ttd:305ms pts:3.250 Clock:2.945 Level:3
2021-07-14 12:05:03.076 T:5314 DEBUG : CVideoPlayerVideo::OutputPicture - ttd:346ms pts:3.292 Clock:2.946 Level:4
2021-07-14 12:05:03.094 T:5311 DEBUG : CVideoPlayer::ProcessVideoData size:112275 dts:11.175 pts:11.383 dur:41.000ms, clock:2.964 level:86
2021-07-14 12:05:03.095 T:5311 DEBUG : CVideoPlayer::ProcessVideoData size:23911 dts:11.217 pts:11.300 dur:41.000ms, clock:2.965 level:87
2021-07-14 12:05:03.095 T:5311 DEBUG : CVideoPlayer::ProcessVideoData size:77570 dts:11.258 pts:11.258 dur:41.000ms, clock:2.965 level:87
2021-07-14 12:05:03.096 T:5311 DEBUG : CVideoPlayer::ProcessVideoData size:20367 dts:11.300 pts:11.342 dur:41.000ms, clock:2.966 level:88
2021-07-14 12:05:03.201 T:5314 DEBUG : CVideoPlayerVideo::OutputPicture - ttd:262ms pts:3.334 Clock:3.071 Level:2
2021-07-14 12:05:03.202 T:5314 DEBUG : CVideoPlayerVideo::OutputPicture - ttd:302ms pts:3.375 Clock:3.072 Level:3
2021-07-14 12:05:03.246 T:5314 DEBUG : CVideoPlayerVideo::OutputPicture - ttd:301ms pts:3.417 Clock:3.116 Level:3
2021-07-14 12:05:03.247 T:5314 DEBUG : CVideoPlayerVideo::OutputPicture - ttd:342ms pts:3.459 Clock:3.117 Level:4
2021-07-14 12:05:03.340 T:5311 DEBUG : CVideoPlayer::ProcessVideoData size:93519 dts:11.342 pts:11.550 dur:41.000ms, clock:3.210 level:85
2021-07-14 12:05:03.340 T:5311 DEBUG : CVideoPlayer::ProcessVideoData size:40665 dts:11.383 pts:11.467 dur:41.000ms, clock:3.210 level:85
2021-07-14 12:05:03.341 T:5311 DEBUG : CVideoPlayer::ProcessVideoData size:34604 dts:11.425 pts:11.425 dur:41.000ms, clock:3.210 level:86
2021-07-14 12:05:03.341 T:5311 DEBUG : CVideoPlayer::ProcessVideoData size:32697 dts:11.467 pts:11.509 dur:41.000ms, clock:3.211 level:87
2021-07-14 12:05:03.342 T:5311 DEBUG : CVideoPlayer::ProcessVideoData size:98132 dts:11.509 pts:11.717 dur:41.000ms, clock:3.211 level:87
2021-07-14 12:05:03.342 T:5311 DEBUG : CVideoPlayer::ProcessVideoData size:45905 dts:11.550 pts:11.634 dur:41.000ms, clock:3.212 level:88
2021-07-14 12:05:03.342 T:5311 DEBUG : CVideoPlayer::ProcessVideoData size:36897 dts:11.592 pts:11.592 dur:41.000ms, clock:3.212 level:88
2021-07-14 12:05:03.343 T:5311 DEBUG : CVideoPlayer::ProcessVideoData size:36366 dts:11.634 pts:11.675 dur:41.000ms, clock:3.213 level:89
2021-07-14 12:05:03.369 T:5314 DEBUG : CVideoPlayerVideo::OutputPicture - ttd:261ms pts:3.501 Clock:3.239 Level:2
2021-07-14 12:05:03.371 T:5314 DEBUG : CVideoPlayerVideo::OutputPicture - ttd:301ms pts:3.542 Clock:3.241 Level:3
2021-07-14 12:05:03.414 T:5314 DEBUG : CVideoPlayerVideo::OutputPicture - ttd:299ms pts:3.584 Clock:3.284 Level:3
2021-07-14 12:05:03.415 T:5314 DEBUG : CVideoPlayerVideo::OutputPicture - ttd:340ms pts:3.626 Clock:3.285 Level:4
2021-07-14 12:05:03.436 T:5311 DEBUG : CVideoPlayer::ProcessVideoData size:101578 dts:11.675 pts:11.884 dur:41.000ms, clock:3.306 level:88
2021-07-14 12:05:03.437 T:5311 DEBUG : CVideoPlayer::ProcessVideoData size:49065 dts:11.717 pts:11.800 dur:41.000ms, clock:3.307 level:89
2021-07-14 12:05:03.437 T:5311 DEBUG : CVideoPlayer::ProcessVideoData size:39462 dts:11.759 pts:11.759 dur:41.000ms, clock:3.307 level:89
2021-07-14 12:05:03.438 T:5311 DEBUG : CVideoPlayer::ProcessVideoData size:37135 dts:11.800 pts:11.842 dur:41.000ms, clock:3.307 level:90
2021-07-14 12:05:03.537 T:5314 DEBUG : CVideoPlayerVideo::OutputPicture - ttd:260ms pts:3.667 Clock:3.407 Level:2
2021-07-14 12:05:03.538 T:5314 DEBUG : CVideoPlayerVideo::OutputPicture - ttd:300ms pts:3.709 Clock:3.408 Level:3
2021-07-14 12:05:03.576 T:5314 DEBUG : CVideoPlayerVideo::OutputPicture - ttd:305ms pts:3.751 Clock:3.445 Level:3
2021-07-14 12:05:03.577 T:5314 DEBUG : CVideoPlayerVideo::OutputPicture - ttd:345ms pts:3.792 Clock:3.447 Level:4
2021-07-14 12:05:03.663 T:5314 DEBUG : CVideoPlayerVideo::OutputPicture - ttd:301ms pts:3.834 Clock:3.532 Level:3
2021-07-14 12:05:03.692 T:5311 DEBUG : CVideoPlayer::ProcessVideoData size:97201 dts:11.842 pts:12.051 dur:41.000ms, clock:3.562 level:87
2021-07-14 12:05:03.692 T:5311 DEBUG : CVideoPlayer::ProcessVideoData size:48865 dts:11.884 pts:11.967 dur:41.000ms, clock:3.562 level:88
2021-07-14 12:05:03.693 T:5311 DEBUG : CVideoPlayer::ProcessVideoData size:40268 dts:11.926 pts:11.926 dur:41.000ms, clock:3.563 level:88
2021-07-14 12:05:03.694 T:5311 DEBUG : CVideoPlayer::ProcessVideoData size:39907 dts:11.967 pts:12.009 dur:41.000ms, clock:3.563 level:89
2021-07-14 12:05:03.701 T:5314 DEBUG : CVideoPlayerVideo::OutputPicture - ttd:304ms pts:3.876 Clock:3.571 Level:3
2021-07-14 12:05:03.703 T:5314 DEBUG : CVideoPlayerVideo::OutputPicture - ttd:345ms pts:3.918 Clock:3.573 Level:4
2021-07-14 12:05:03.785 T:5314 DEBUG : CVideoPlayerVideo::OutputPicture - ttd:304ms pts:3.959 Clock:3.655 Level:3
2021-07-14 12:05:03.786 T:5314 DEBUG : CVideoPlayerVideo::OutputPicture - ttd:344ms pts:4.001 Clock:3.656 Level:4
2021-07-14 12:05:03.859 T:4973 DEBUG : CLibInputKeyboard::ProcessKey - using delay: 250ms repeat: 33ms
2021-07-14 12:05:03.861 T:4946 DEBUG : Keyboard: scancode: 0x02, sym: 0x0031, unicode: 0x0031, modifier: 0x0
2021-07-14 12:05:03.861 T:4946 DEBUG : HandleKey: one (0xf031) pressed, action is stop
2021-07-14 12:05:03.862 T:4946 INFO : CVideoPlayer::CloseFile()
2021-07-14 12:05:03.862 T:4946 DEBUG : DeleteRenderer - deleting renderer
2021-07-14 12:05:03.862 T:4946 INFO : VideoPlayer: waiting for threads to exit
2021-07-14 12:05:03.862 T:5335 DEBUG : Thread Timer start, auto delete: false
2021-07-14 12:05:03.866 T:5311 INFO : CVideoPlayer::OnExit()
2021-07-14 12:05:03.866 T:5311 INFO : Closing stream player 1
2021-07-14 12:05:03.866 T:5311 INFO : Waiting for audio thread to exit
2021-07-14 12:05:03.885 T:5315 INFO : thread end: CVideoPlayerAudio::OnExit()
2021-07-14 12:05:03.885 T:5315 DEBUG : Thread VideoPlayerAudio 3332174464 terminating
2021-07-14 12:05:03.885 T:5311 INFO : Closing audio device
2021-07-14 12:05:03.892 T:5314 DEBUG : CVideoPlayerVideo::OutputPicture - ttd:300ms pts:4.043 Clock:3.742 Level:0
2021-07-14 12:05:03.931 T:5314 DEBUG : CVideoPlayerVideo::OutputPicture - ttd:302ms pts:4.084 Clock:3.781 Level:0
2021-07-14 12:05:03.935 T:5311 DEBUG : CDVDAudio::Flush - flush audio stream
2021-07-14 12:05:03.935 T:4956 DEBUG : CActiveAE::DiscardStream - audio stream deleted
2021-07-14 12:05:03.936 T:4956 DEBUG : CActiveAE::ClearDiscardedBuffers - buffer pool deleted
2021-07-14 12:05:03.936 T:4957 INFO : Skipped 2 duplicate messages..
2021-07-14 12:05:03.936 T:4957 INFO : CActiveAESink::OpenSink - initialize sink
2021-07-14 12:05:03.936 T:5311 INFO : Deleting audio codec
2021-07-14 12:05:03.937 T:5311 INFO : Closing stream player 2
2021-07-14 12:05:03.937 T:5311 INFO : waiting for video thread to exit
2021-07-14 12:05:03.953 T:5314 DEBUG : CVideoPlayerVideo::OutputPicture - ttd:323ms pts:4.126 Clock:3.802 Level:0
2021-07-14 12:05:03.953 T:5314 INFO : thread end: video_thread
2021-07-14 12:05:03.953 T:5314 DEBUG : Thread VideoPlayerVideo 3359449728 terminating
2021-07-14 12:05:03.956 T:5311 INFO : deleting video codec
2021-07-14 12:05:03.956 T:5311 DEBUG : CAMLCodec::CloseDecoder
2021-07-14 12:05:03.965 T:5311 DEBUG : CAMLVideoBufferPool::~CAMLVideoBufferPool: Deleting 7 buffers
2021-07-14 12:05:03.965 T:5311 INFO : Closing stream player 3
2021-07-14 12:05:03.967 T:5313 DEBUG : Thread FileCache 3367842432 terminating
2021-07-14 12:05:03.976 T:5311 DEBUG : Thread VideoPlayer 3351057024 terminating
2021-07-14 12:05:03.979 T:4946 INFO : VideoPlayer: finished waiting
2021-07-14 12:05:03.980 T:4946 INFO : CVideoPlayer::CloseFile()
2021-07-14 12:05:03.980 T:4946 INFO : VideoPlayer: waiting for threads to exit
2021-07-14 12:05:03.980 T:4946 INFO : VideoPlayer: finished waiting
2021-07-14 12:05:03.981 T:4946 DEBUG : Radio UECP (RDS) Processor - delete ~CDVDRadioRDSData
2021-07-14 12:05:03.986 T:5094 DEBUG : DoWork - Saving file state for video item http://127.0.0.1:57578/tvshows/12239/13120-0689dd12b8e68e10a282658a0d1f24c1-10112147-stream-Mr.Inbetween.S03E06.1080p.WEB.h264-GOSSIP.mkv
2021-07-14 12:05:04.002 T:5014 DEBUG : OnPlayBackStopped: CApplication::OnPlayBackStopped
2021-07-14 12:05:04.012 T:4946 DEBUG : CGUIWindowManager::PreviousWindow: Deactivate
2021-07-14 12:05:04.014 T:4946 DEBUG : ------ Window Deinit (VideoFullScreen.xml) ------
