2021-07-14 12:04:52.397 T:5275 DEBUG : CVideoPlayerVideo::OutputPicture - ttd:287ms pts:1.084 Clock:0.797 Level:3
2021-07-14 12:04:52.402 T:4956 DEBUG : ActiveAE::SyncStream - average error 153.745562 above threshold of 100.000000
2021-07-14 12:04:52.407 T:5270 DEBUG : CVideoPlayer::ProcessVideoData size:75915 dts:9.218 pts:9.468 dur:41.000ms, clock:0.807 level:89
2021-07-14 12:04:52.408 T:5270 DEBUG : CVideoPlayer::ProcessVideoData size:75056 dts:9.259 pts:9.343 dur:41.000ms, clock:0.807 level:89
2021-07-14 12:04:52.408 T:5270 DEBUG : CVideoPlayer::ProcessVideoData size:20146 dts:9.301 pts:9.301 dur:41.000ms, clock:0.808 level:90
2021-07-14 12:04:52.408 T:5270 DEBUG : CVideoPlayer::ProcessVideoData size:10867 dts:9.343 pts:9.384 dur:41.000ms, clock:0.808 level:90
2021-07-14 12:04:52.408 T:5270 DEBUG : CVideoPlayer::ProcessVideoData size:14823 dts:9.384 pts:9.426 dur:41.000ms, clock:0.808 level:91
2021-07-14 12:04:52.441 T:5275 DEBUG : CVideoPlayerVideo::OutputPicture - ttd:285ms pts:1.126 Clock:0.841 Level:3
2021-07-14 12:04:52.442 T:5275 DEBUG : CVideoPlayerVideo::OutputPicture - ttd:326ms pts:1.168 Clock:0.842 Level:4
2021-07-14 12:04:52.502 T:4956 DEBUG : ActiveAE::SyncStream - average error 25.745562 below threshold of 30.000000
2021-07-14 12:04:52.564 T:5275 DEBUG : CVideoPlayerVideo::OutputPicture - ttd:245ms pts:1.210 Clock:0.964 Level:2
2021-07-14 12:04:52.566 T:5275 DEBUG : CVideoPlayerVideo::OutputPicture - ttd:285ms pts:1.251 Clock:0.965 Level:3
2021-07-14 12:04:52.609 T:5275 DEBUG : CVideoPlayerVideo::OutputPicture - ttd:284ms pts:1.293 Clock:1.009 Level:3
2021-07-14 12:04:52.647 T:5275 DEBUG : CVideoPlayerVideo::OutputPicture - ttd:288ms pts:1.335 Clock:1.046 Level:3
2021-07-14 12:04:52.648 T:5275 DEBUG : CVideoPlayerVideo::OutputPicture - ttd:328ms pts:1.376 Clock:1.048 Level:4
2021-07-14 12:04:52.734 T:5275 DEBUG : CVideoPlayerVideo::OutputPicture - ttd:284ms pts:1.418 Clock:1.133 Level:3
2021-07-14 12:04:52.771 T:5275 DEBUG : CVideoPlayerVideo::OutputPicture - ttd:288ms pts:1.460 Clock:1.171 Level:3
2021-07-14 12:04:52.773 T:5275 DEBUG : CVideoPlayerVideo::OutputPicture - ttd:328ms pts:1.501 Clock:1.172 Level:4
2021-07-14 12:04:52.804 T:5270 DEBUG : CVideoPlayer::ProcessVideoData size:68169 dts:9.426 pts:9.593 dur:41.000ms, clock:1.203 level:87
2021-07-14 12:04:52.804 T:5270 DEBUG : CVideoPlayer::ProcessVideoData size:37144 dts:9.468 pts:9.509 dur:41.000ms, clock:1.204 level:87
2021-07-14 12:04:52.804 T:5270 DEBUG : CVideoPlayer::ProcessVideoData size:14584 dts:9.509 pts:9.551 dur:41.000ms, clock:1.204 level:88
2021-07-14 12:04:52.805 T:5270 DEBUG : CVideoPlayer::ProcessVideoData size:75029 dts:9.551 pts:9.801 dur:41.000ms, clock:1.205 level:88
2021-07-14 12:04:52.805 T:5270 DEBUG : CVideoPlayer::ProcessVideoData size:15256 dts:9.593 pts:9.676 dur:41.000ms, clock:1.205 level:89
2021-07-14 12:04:52.805 T:5270 DEBUG : CVideoPlayer::ProcessVideoData size:7082 dts:9.635 pts:9.635 dur:41.000ms, clock:1.205 level:89
2021-07-14 12:04:52.806 T:5270 DEBUG : CVideoPlayer::ProcessVideoData size:5498 dts:9.676 pts:9.718 dur:41.000ms, clock:1.205 level:90
2021-07-14 12:04:52.806 T:5270 DEBUG : CVideoPlayer::ProcessVideoData size:5148 dts:9.718 pts:9.760 dur:41.000ms, clock:1.206 level:90
2021-07-14 12:04:52.856 T:5275 DEBUG : CVideoPlayerVideo::OutputPicture - ttd:287ms pts:1.543 Clock:1.256 Level:3
2021-07-14 12:04:52.857 T:5275 DEBUG : CVideoPlayerVideo::OutputPicture - ttd:327ms pts:1.585 Clock:1.257 Level:4
2021-07-14 12:04:52.985 T:5275 DEBUG : CVideoPlayerVideo::OutputPicture - ttd:242ms pts:1.627 Clock:1.385 Level:2
2021-07-14 12:04:52.986 T:5275 DEBUG : CVideoPlayerVideo::OutputPicture - ttd:282ms pts:1.668 Clock:1.386 Level:3
2021-07-14 12:04:53.009 T:5270 DEBUG : CVideoPlayer::ProcessVideoData size:54044 dts:9.760 pts:9.927 dur:41.000ms, clock:1.409 level:88
2021-07-14 12:04:53.009 T:5270 DEBUG : CVideoPlayer::ProcessVideoData size:9703 dts:9.801 pts:9.843 dur:41.000ms, clock:1.409 level:89
2021-07-14 12:04:53.009 T:5270 DEBUG : CVideoPlayer::ProcessVideoData size:4010 dts:9.843 pts:9.885 dur:41.000ms, clock:1.409 level:89
2021-07-14 12:04:53.009 T:5270 DEBUG : CVideoPlayer::ProcessVideoData size:14466 dts:9.885 pts:9.968 dur:41.000ms, clock:1.409 level:90
2021-07-14 12:04:53.011 T:5270 DEBUG : CVideoPlayer::ProcessVideoData size:272738 dts:9.927 pts:10.010 dur:41.000ms, clock:1.411 level:90
2021-07-14 12:04:53.023 T:5275 DEBUG : CVideoPlayerVideo::OutputPicture - ttd:286ms pts:1.710 Clock:1.423 Level:3
2021-07-14 12:04:53.025 T:5275 DEBUG : CVideoPlayerVideo::OutputPicture - ttd:327ms pts:1.752 Clock:1.424 Level:4
2021-07-14 12:04:53.146 T:5275 DEBUG : CVideoPlayerVideo::OutputPicture - ttd:247ms pts:1.793 Clock:1.546 Level:2
2021-07-14 12:04:53.147 T:5275 DEBUG : CVideoPlayerVideo::OutputPicture - ttd:287ms pts:1.835 Clock:1.547 Level:3
2021-07-14 12:04:53.191 T:5275 DEBUG : CVideoPlayerVideo::OutputPicture - ttd:286ms pts:1.877 Clock:1.591 Level:3
2021-07-14 12:04:53.192 T:5275 DEBUG : CVideoPlayerVideo::OutputPicture - ttd:327ms pts:1.919 Clock:1.592 Level:4
2021-07-14 12:04:53.254 T:5270 DEBUG : CVideoPlayer::ProcessVideoData size:37962 dts:9.968 pts:10.052 dur:41.000ms, clock:1.654 level:88
2021-07-14 12:04:53.255 T:5270 DEBUG : CVideoPlayer::ProcessVideoData size:49926 dts:10.010 pts:10.177 dur:41.000ms, clock:1.655 level:88
2021-07-14 12:04:53.255 T:5270 DEBUG : CVideoPlayer::ProcessVideoData size:33442 dts:10.052 pts:10.093 dur:41.000ms, clock:1.655 level:89
2021-07-14 12:04:53.256 T:5270 DEBUG : CVideoPlayer::ProcessVideoData size:5234 dts:10.093 pts:10.135 dur:41.000ms, clock:1.655 level:89
2021-07-14 12:04:53.256 T:5270 DEBUG : CVideoPlayer::ProcessVideoData size:41546 dts:10.135 pts:10.260 dur:41.000ms, clock:1.656 level:90
2021-07-14 12:04:53.256 T:5270 DEBUG : CVideoPlayer::ProcessVideoData size:3278 dts:10.177 pts:10.219 dur:41.000ms, clock:1.656 level:90
2021-07-14 12:04:53.320 T:5275 DEBUG : CVideoPlayerVideo::OutputPicture - ttd:240ms pts:1.960 Clock:1.720 Level:2
2021-07-14 12:04:53.321 T:5275 DEBUG : CVideoPlayerVideo::OutputPicture - ttd:281ms pts:2.002 Clock:1.721 Level:3
2021-07-14 12:04:53.358 T:5275 DEBUG : CVideoPlayerVideo::OutputPicture - ttd:285ms pts:2.044 Clock:1.758 Level:3
2021-07-14 12:04:53.402 T:5275 DEBUG : CVideoPlayerVideo::OutputPicture - ttd:283ms pts:2.085 Clock:1.802 Level:3
2021-07-14 12:04:53.403 T:5275 DEBUG : CVideoPlayerVideo::OutputPicture - ttd:323ms pts:2.127 Clock:1.803 Level:4
2021-07-14 12:04:53.510 T:5270 DEBUG : CVideoPlayer::ProcessVideoData size:49865 dts:10.219 pts:10.469 dur:41.000ms, clock:1.910 level:88
2021-07-14 12:04:53.510 T:5270 DEBUG : CVideoPlayer::ProcessVideoData size:34252 dts:10.260 pts:10.344 dur:41.000ms, clock:1.910 level:88
2021-07-14 12:04:53.510 T:5270 DEBUG : CVideoPlayer::ProcessVideoData size:8038 dts:10.302 pts:10.302 dur:41.000ms, clock:1.910 level:89
2021-07-14 12:04:53.511 T:5270 DEBUG : CVideoPlayer::ProcessVideoData size:35577 dts:10.344 pts:10.385 dur:41.000ms, clock:1.911 level:89
2021-07-14 12:04:53.511 T:5270 DEBUG : CVideoPlayer::ProcessVideoData size:11207 dts:10.385 pts:10.427 dur:41.000ms, clock:1.911 level:90
2021-07-14 12:04:53.525 T:5275 DEBUG : CVideoPlayerVideo::OutputPicture - ttd:244ms pts:2.169 Clock:1.925 Level:2
2021-07-14 12:04:53.527 T:5275 DEBUG : CVideoPlayerVideo::OutputPicture - ttd:284ms pts:2.211 Clock:1.926 Level:3
2021-07-14 12:04:53.552 T:5276 DEBUG : CDVDClock::ErrorAdjust - CVideoPlayerAudio::OutputPacket - error:35197.735510, adjusted:35197.735510
2021-07-14 12:04:53.570 T:5275 DEBUG : CVideoPlayerVideo::OutputPicture - ttd:247ms pts:2.252 Clock:2.005 Level:3
2021-07-14 12:04:53.607 T:5275 DEBUG : CVideoPlayerVideo::OutputPicture - ttd:251ms pts:2.294 Clock:2.042 Level:3
2021-07-14 12:04:53.609 T:5275 DEBUG : CVideoPlayerVideo::OutputPicture - ttd:292ms pts:2.336 Clock:2.044 Level:4
2021-07-14 12:04:53.736 T:5275 DEBUG : CVideoPlayerVideo::OutputPicture - ttd:205ms pts:2.377 Clock:2.171 Level:2
2021-07-14 12:04:53.738 T:5275 DEBUG : CVideoPlayerVideo::OutputPicture - ttd:246ms pts:2.419 Clock:2.172 Level:3
2021-07-14 12:04:53.755 T:5270 DEBUG : CVideoPlayer::ProcessVideoData size:56153 dts:10.427 pts:10.594 dur:41.000ms, clock:2.190 level:87
2021-07-14 12:04:53.755 T:5270 DEBUG : CVideoPlayer::ProcessVideoData size:22296 dts:10.469 pts:10.510 dur:41.000ms, clock:2.190 level:88
2021-07-14 12:04:53.756 T:5270 DEBUG : CVideoPlayer::ProcessVideoData size:38447 dts:10.510 pts:10.552 dur:41.000ms, clock:2.190 level:88
2021-07-14 12:04:53.756 T:5270 DEBUG : CVideoPlayer::ProcessVideoData size:63278 dts:10.552 pts:10.719 dur:41.000ms, clock:2.191 level:89
2021-07-14 12:04:53.756 T:5270 DEBUG : CVideoPlayer::ProcessVideoData size:24314 dts:10.594 pts:10.636 dur:41.000ms, clock:2.191 level:89
2021-07-14 12:04:53.757 T:5270 DEBUG : CVideoPlayer::ProcessVideoData size:7177 dts:10.636 pts:10.677 dur:41.000ms, clock:2.192 level:90
2021-07-14 12:04:53.757 T:5270 DEBUG : CVideoPlayer::ProcessVideoData size:39317 dts:10.677 pts:10.761 dur:41.000ms, clock:2.192 level:90
2021-07-14 12:04:53.777 T:5275 DEBUG : CVideoPlayerVideo::OutputPicture - ttd:249ms pts:2.461 Clock:2.212 Level:3
2021-07-14 12:04:53.778 T:5275 DEBUG : CVideoPlayerVideo::OutputPicture - ttd:288ms pts:2.502 Clock:2.213 Level:4
2021-07-14 12:04:53.900 T:5275 DEBUG : CVideoPlayerVideo::OutputPicture - ttd:209ms pts:2.544 Clock:2.335 Level:2
2021-07-14 12:04:53.901 T:5275 DEBUG : CVideoPlayerVideo::OutputPicture - ttd:250ms pts:2.586 Clock:2.336 Level:3
2021-07-14 12:04:53.944 T:5275 DEBUG : CVideoPlayerVideo::OutputPicture - ttd:248ms pts:2.628 Clock:2.379 Level:3
2021-07-14 12:04:53.988 T:5275 DEBUG : CVideoPlayerVideo::OutputPicture - ttd:246ms pts:2.669 Clock:2.423 Level:3
2021-07-14 12:04:53.989 T:5275 DEBUG : CVideoPlayerVideo::OutputPicture - ttd:286ms pts:2.711 Clock:2.424 Level:4
2021-07-14 12:04:54.010 T:5270 DEBUG : CVideoPlayer::ProcessVideoData size:39999 dts:10.719 pts:10.928 dur:41.000ms, clock:2.445 level:88
2021-07-14 12:04:54.011 T:5270 DEBUG : CVideoPlayer::ProcessVideoData size:27709 dts:10.761 pts:10.844 dur:41.000ms, clock:2.446 level:88
2021-07-14 12:04:54.011 T:5270 DEBUG : CVideoPlayer::ProcessVideoData size:11944 dts:10.802 pts:10.802 dur:41.000ms, clock:2.446 level:89
2021-07-14 12:04:54.011 T:5270 DEBUG : CVideoPlayer::ProcessVideoData size:5861 dts:10.844 pts:10.886 dur:41.000ms, clock:2.446 level:89
2021-07-14 12:04:54.110 T:5275 DEBUG : CVideoPlayerVideo::OutputPicture - ttd:207ms pts:2.753 Clock:2.545 Level:2
2021-07-14 12:04:54.112 T:5275 DEBUG : CVideoPlayerVideo::OutputPicture - ttd:247ms pts:2.794 Clock:2.547 Level:3
2021-07-14 12:04:54.149 T:5275 DEBUG : CVideoPlayerVideo::OutputPicture - ttd:252ms pts:2.836 Clock:2.584 Level:3
2021-07-14 12:04:54.192 T:5275 DEBUG : CVideoPlayerVideo::OutputPicture - ttd:250ms pts:2.878 Clock:2.627 Level:3
2021-07-14 12:04:54.194 T:5275 DEBUG : CVideoPlayerVideo::OutputPicture - ttd:291ms pts:2.920 Clock:2.629 Level:4
2021-07-14 12:04:54.255 T:5270 DEBUG : CVideoPlayer::ProcessVideoData size:96864 dts:10.886 pts:11.094 dur:41.000ms, clock:2.690 level:87
2021-07-14 12:04:54.255 T:5270 DEBUG : CVideoPlayer::ProcessVideoData size:20155 dts:10.928 pts:11.011 dur:41.000ms, clock:2.690 level:87
2021-07-14 12:04:54.256 T:5270 DEBUG : CVideoPlayer::ProcessVideoData size:20896 dts:10.969 pts:10.969 dur:41.000ms, clock:2.691 level:88
2021-07-14 12:04:54.256 T:5270 DEBUG : CVideoPlayer::ProcessVideoData size:8556 dts:11.011 pts:11.053 dur:41.000ms, clock:2.691 level:88
2021-07-14 12:04:54.257 T:5270 DEBUG : CVideoPlayer::ProcessVideoData size:84186 dts:11.053 pts:11.178 dur:41.000ms, clock:2.691 level:89
2021-07-14 12:04:54.257 T:5270 DEBUG : CVideoPlayer::ProcessVideoData size:34242 dts:11.094 pts:11.136 dur:41.000ms, clock:2.692 level:89
2021-07-14 12:04:54.257 T:5270 DEBUG : CVideoPlayer::ProcessVideoData size:40926 dts:11.136 pts:11.261 dur:41.000ms, clock:2.692 level:90
2021-07-14 12:04:54.258 T:5270 DEBUG : CVideoPlayer::ProcessVideoData size:27524 dts:11.178 pts:11.220 dur:41.000ms, clock:2.693 level:90
2021-07-14 12:04:54.320 T:5275 DEBUG : CVideoPlayerVideo::OutputPicture - ttd:206ms pts:2.961 Clock:2.755 Level:2
2021-07-14 12:04:54.321 T:5275 DEBUG : CVideoPlayerVideo::OutputPicture - ttd:246ms pts:3.003 Clock:2.756 Level:3
2021-07-14 12:04:54.359 T:5275 DEBUG : CVideoPlayerVideo::OutputPicture - ttd:251ms pts:3.045 Clock:2.794 Level:3
2021-07-14 12:04:54.402 T:5275 DEBUG : CVideoPlayerVideo::OutputPicture - ttd:249ms pts:3.086 Clock:2.837 Level:3
2021-07-14 12:04:54.403 T:5275 DEBUG : CVideoPlayerVideo::OutputPicture - ttd:289ms pts:3.128 Clock:2.838 Level:4
2021-07-14 12:04:54.512 T:5270 DEBUG : CVideoPlayer::ProcessVideoData size:120677 dts:11.220 pts:11.303 dur:41.000ms, clock:2.947 level:88
2021-07-14 12:04:54.513 T:5270 DEBUG : CVideoPlayer::ProcessVideoData size:122685 dts:11.261 pts:11.511 dur:41.000ms, clock:2.948 level:88
2021-07-14 12:04:54.513 T:5270 DEBUG : CVideoPlayer::ProcessVideoData size:52306 dts:11.303 pts:11.386 dur:41.000ms, clock:2.948 level:89
2021-07-14 12:04:54.514 T:5270 DEBUG : CVideoPlayer::ProcessVideoData size:69802 dts:11.345 pts:11.345 dur:41.000ms, clock:2.949 level:89
2021-07-14 12:04:54.514 T:5270 DEBUG : CVideoPlayer::ProcessVideoData size:29336 dts:11.386 pts:11.428 dur:41.000ms, clock:2.949 level:90
2021-07-14 12:04:54.515 T:5270 DEBUG : CVideoPlayer::ProcessVideoData size:28216 dts:11.428 pts:11.470 dur:41.000ms, clock:2.950 level:90
2021-07-14 12:04:54.529 T:5275 DEBUG : CVideoPlayerVideo::OutputPicture - ttd:206ms pts:3.170 Clock:2.963 Level:2
2021-07-14 12:04:54.530 T:5275 DEBUG : CVideoPlayerVideo::OutputPicture - ttd:247ms pts:3.212 Clock:2.965 Level:3
2021-07-14 12:04:54.567 T:5275 DEBUG : CVideoPlayerVideo::OutputPicture - ttd:250ms pts:3.253 Clock:3.002 Level:3
2021-07-14 12:04:54.611 T:5275 DEBUG : CVideoPlayerVideo::OutputPicture - ttd:249ms pts:3.295 Clock:3.046 Level:3
2021-07-14 12:04:54.612 T:5275 DEBUG : CVideoPlayerVideo::OutputPicture - ttd:290ms pts:3.337 Clock:3.047 Level:4
2021-07-14 12:04:54.659 T:4973 DEBUG : CLibInputKeyboard::ProcessKey - using delay: 250ms repeat: 33ms
2021-07-14 12:04:54.660 T:5296 DEBUG : Thread Timer start, auto delete: false
2021-07-14 12:04:54.684 T:4946 DEBUG : Keyboard: scancode: 0x02, sym: 0x0031, unicode: 0x0031, modifier: 0x0
2021-07-14 12:04:54.684 T:4946 DEBUG : HandleKey: one (0xf031) pressed, action is stop
2021-07-14 12:04:54.684 T:4946 INFO : CVideoPlayer::CloseFile()
2021-07-14 12:04:54.684 T:4946 DEBUG : DeleteRenderer - deleting renderer
2021-07-14 12:04:54.684 T:4946 INFO : VideoPlayer: waiting for threads to exit
2021-07-14 12:04:54.687 T:5270 INFO : CVideoPlayer::OnExit()
2021-07-14 12:04:54.687 T:5270 INFO : Closing stream player 1
2021-07-14 12:04:54.687 T:5270 INFO : Waiting for audio thread to exit
2021-07-14 12:04:54.702 T:5276 INFO : thread end: CVideoPlayerAudio::OnExit()
2021-07-14 12:04:54.702 T:5276 DEBUG : Thread VideoPlayerAudio 3376235136 terminating
2021-07-14 12:04:54.702 T:5270 INFO : Closing audio device
2021-07-14 12:04:54.752 T:5270 DEBUG : CDVDAudio::Flush - flush audio stream
2021-07-14 12:04:54.752 T:4956 DEBUG : CActiveAE::DiscardStream - audio stream deleted
2021-07-14 12:04:54.752 T:4956 DEBUG : CActiveAE::ClearDiscardedBuffers - buffer pool deleted
2021-07-14 12:04:54.753 T:4957 INFO : Skipped 2 duplicate messages..
2021-07-14 12:04:54.753 T:4957 INFO : CActiveAESink::OpenSink - initialize sink
2021-07-14 12:04:54.753 T:5270 INFO : Deleting audio codec
2021-07-14 12:04:54.754 T:5270 INFO : Closing stream player 2
2021-07-14 12:04:54.754 T:5270 INFO : waiting for video thread to exit
2021-07-14 12:04:54.754 T:5275 DEBUG : CVideoPlayerVideo::OutputPicture - ttd:208ms pts:3.378 Clock:3.169 Level:0
2021-07-14 12:04:54.754 T:5275 INFO : thread end: video_thread
2021-07-14 12:04:54.754 T:5275 DEBUG : Thread VideoPlayerVideo 3278336640 terminating
2021-07-14 12:04:54.757 T:5270 INFO : deleting video codec
2021-07-14 12:04:54.757 T:5270 DEBUG : CAMLCodec::CloseDecoder
2021-07-14 12:04:54.763 T:5270 DEBUG : CAMLVideoBufferPool::~CAMLVideoBufferPool: Deleting 7 buffers
2021-07-14 12:04:54.763 T:5270 INFO : Closing stream player 3
2021-07-14 12:04:54.773 T:5009 DEBUG : DoWork - Saving file state for video item http://127.0.0.1:57578/tvshows/12239/13119-fe1e5bd8ffc4b5cacf8878b286f4d671-6089703-stream-Mr.Inbetween.S03E05.1080p.WEB.H264-PLZPROPER.mkv
2021-07-14 12:04:54.778 T:5274 DEBUG : Thread FileCache 3367842432 terminating
2021-07-14 12:04:54.781 T:5270 DEBUG : Thread VideoPlayer 3359449728 terminating
2021-07-14 12:04:54.781 T:4946 INFO : VideoPlayer: finished waiting
2021-07-14 12:04:54.782 T:4946 INFO : CVideoPlayer::CloseFile()
2021-07-14 12:04:54.782 T:4946 INFO : VideoPlayer: waiting for threads to exit
2021-07-14 12:04:54.782 T:4946 INFO : VideoPlayer: finished waiting
2021-07-14 12:04:54.783 T:4946 DEBUG : Radio UECP (RDS) Processor - delete ~CDVDRadioRDSData
2021-07-14 12:04:54.793 T:5094 DEBUG : OnPlayBackStopped: CApplication::OnPlayBackStopped
2021-07-14 12:04:54.804 T:4946 DEBUG : CGUIWindowManager::PreviousWindow: Deactivate
2021-07-14 12:04:54.806 T:4946 DEBUG : ------ Window Deinit (VideoFullScreen.xml) ------
2021-07-14 12:04:54.827 T:4946 DEBUG : AMLUtils::aml_handle_display_stereo_mode old mode 3doff new mode 3doff
2021-07-14 12:04:54.827 T:4946 DEBUG : AMLUtils::aml_handle_display_stereo_mode - no change needed
2021-07-14 12:04:54.827 T:4946 ERROR : GetString: error reading /sys/class/amhdmitx/amhdmitx0/custom_mode
2021-07-14 12:04:54.835 T:5296 DEBUG : Thread Timer 3412886144 terminating
2021-07-14 12:04:54.952 T:4957 DEBUG : CActiveAESink::OpenSink - trying to open device ALSA:hdmi:CARD=AMLAUGESOUND,DEV=0
2021-07-14 12:04:54.952 T:4957 INFO : CAESinkALSA::Initialize - Attempting to open device "hdmi:CARD=AMLAUGESOUND,DEV=0"
2021-07-14 12:04:54.961 T:4957 INFO : CAESinkALSA::Initialize - Opened device "hdmi:CARD=AMLAUGESOUND,DEV=0,AES0=0x04,AES1=0x82,AES2=0x00,AES3=0x00"
2021-07-14 12:04:54.961 T:4957 INFO : CAESinkALSA::InitializeHW - Your hardware does not support AE_FMT_FLOAT, trying other formats
2021-07-14 12:04:54.961 T:4957 INFO : CAESinkALSA::InitializeHW - Using data format AE_FMT_S16NE
2021-07-14 12:04:54.961 T:4957 DEBUG : CAESinkALSA::InitializeHW - Request: periodSize 2205, bufferSize 8820
2021-07-14 12:04:54.962 T:4957 DEBUG : CAESinkALSA::InitializeHW - Got: periodSize 2205, bufferSize 8820
2021-07-14 12:04:54.962 T:4957 DEBUG : CAESinkALSA::InitializeHW - Setting timeout to 200 ms
2021-07-14 12:04:54.962 T:4957 DEBUG : CAESinkALSA::GetChannelLayout - Input Channel Count: 2 Output Channel Count: 2
2021-07-14 12:04:54.962 T:4957 DEBUG : CAESinkALSA::GetChannelLayout - Requested Layout: FL, FR
2021-07-14 12:04:54.962 T:4957 DEBUG : CAESinkALSA::GetChannelLayout - Got Layout: FL, FR (ALSA: none)
2021-07-14 12:04:54.962 T:4957 DEBUG : CActiveAESink::OpenSink - ALSA Initialized:
2021-07-14 12:04:54.962 T:4957 DEBUG : Output Device : AML-AUGESOUND
2021-07-14 12:04:54.962 T:4957 DEBUG : Sample Rate : 44100
2021-07-14 12:04:54.962 T:4957 DEBUG : Sample Format : AE_FMT_S16NE
2021-07-14 12:04:54.962 T:4957 DEBUG : Channel Count : 2
2021-07-14 12:04:54.962 T:4957 DEBUG : Channel Layout: FL, FR
2021-07-14 12:04:54.963 T:4957 DEBUG : Frames : 2205
2021-07-14 12:04:54.963 T:4957 DEBUG : Frame Size : 4
2021-07-14 12:04:54.964 T:4956 DEBUG : CActiveAE::ClearDiscardedBuffers - buffer pool deleted
2021-07-14 12:04:55.026 T:4946 INFO : Skipped 1 duplicate messages..
2021-07-14 12:04:55.026 T:4946 DEBUG : AMLUtils::aml_handle_display_stereo_mode old mode 3doff new mode 3doff
2021-07-14 12:04:55.026 T:4946 DEBUG : AMLUtils::aml_handle_display_stereo_mode - no change needed
2021-07-14 12:04:55.027 T:4946 INFO : GLES: Maximum texture width: 8192
2021-07-14 12:04:55.031 T:4946 DEBUG : CGUIWindowManager::PreviousWindow: Activate new
2021-07-14 12:04:55.038 T:4946 DEBUG : ------ Window Init (MyVideoNav.xml) ------
2021-07-14 12:04:55.040 T:4946 DEBUG : CGUIMediaWindow::GetDirectory (videodb://tvshows/titles/27/-2/?tvshowid=27)
2021-07-14 12:04:55.041 T:4946 DEBUG : ParentPath = [videodb://tvshows/titles/27/-2/?tvshowid=27]
2021-07-14 12:04:55.053 T:4946 DEBUG : WindowVideoNav::GetDirectory
2021-07-14 12:04:55.056 T:5305 DEBUG : Thread BackgroundLoader start, auto delete: false
2021-07-14 12:04:55.068 T:4946 DEBUG : Keyboard: scancode: 0x02, sym: 0x0031, unicode: 0x0031, modifier: 0x0
2021-07-14 12:04:55.070 T:5094 DEBUG : ffmpeg[0x3fb0388X]: [image2] Custom AVIOContext makes no sense and will be ignored with AVFMT_NOFILE format.
2021-07-14 12:04:55.071 T:5014 DEBUG : ffmpeg[0x3119df0X]: [image2] Custom AVIOContext makes no sense and will be ignored with AVFMT_NOFILE format.
2021-07-14 12:04:55.072 T:5013 DEBUG : ffmpeg[0x3119c40X]: [image2] Custom AVIOContext makes no sense and will be ignored with AVFMT_NOFILE format.
2021-07-14 12:04:55.077 T:5009 DEBUG : ffmpeg[0x212ffd8X]: [image2] Custom AVIOContext makes no sense and will be ignored with AVFMT_NOFILE format.
2021-07-14 12:04:55.077 T:5014 DEBUG : ffmpeg[0x3119df0X]: [image2] Custom AVIOContext makes no sense and will be ignored with AVFMT_NOFILE format.
2021-07-14 12:04:55.079 T:5013 DEBUG : ffmpeg[0x3119c40X]: [image2] Custom AVIOContext makes no sense and will be ignored with AVFMT_NOFILE format.
2021-07-14 12:04:55.084 T:5305 DEBUG : Thread BackgroundLoader 3421278848 terminating
2021-07-14 12:04:55.086 T:5009 DEBUG : ffmpeg[0x212ffd8X]: [image2] Custom AVIOContext makes no sense and will be ignored with AVFMT_NOFILE format.
2021-07-14 12:04:55.089 T:5013 DEBUG : ffmpeg[0x3119c40X]: [image2] Custom AVIOContext makes no sense and will be ignored with AVFMT_NOFILE format.
2021-07-14 12:04:55.092 T:5009 DEBUG : ffmpeg[0x212ffd8X]: [image2] Custom AVIOContext makes no sense and will be ignored with AVFMT_NOFILE format.
2021-07-14 12:04:55.139 T:5024 INFO : INFO: EMBY.hooks.player.Player: [ onPlayBackStopped ]
2021-07-14 12:04:55.139 T:5024 DEBUG : DEBUG: EMBY.hooks.player.Player: [ played info ] {'Id': '13119', 'Tracking': True, 'Type': 'episode', 'Volume': 100, 'Muted': False, 'MediaSourceId': 'fe1e5bd8ffc4b5cacf8878b286f4d671', 'EmbyServer': , 'RunTime': 17273021240, 'CurrentPosition': 0, 'Paused': False, 'library': , 'PlaySessionId': '790dcc54e93a472ab4220497c4ffde0b'}
2021-07-14 12:04:55.140 T:5024 DEBUG : DEBUG: EMBY.core.HTTP: --->[ http ] { "params": { "ItemId": "13119", "MediaSourceId": "fe1e5bd8ffc4b5cacf8878b286f4d671", "PositionTicks": 0, "PlaySessionId": "790dcc54e93a472ab4220497c4ffde0b" }, "type": "POST", "url": "http://192.168.1.10:8096/emby/Sessions/Playing/Stopped", "headers": { "Content-type": "application/json", "Accept-Charset": "UTF-8,*", "Accept-encoding": "gzip", "User-Agent": "Emby-Kodi/5.3.2", "Authorization": "Emby Client=Kodi, Device=Kodi (CoreELEC), DeviceId=C86BFD09CCFB4585AC3E449D31D74819, Version=5.3.2, UserId=de8aeadec54b4fa28d3772ebcf026587", "X-Emby-Token": "9cd631b3e7914b5d8ed6207750cefae7" }, "timeout": 30, "verify": true }
2021-07-14 12:04:55.150 T:5024 DEBUG : DEBUG: EMBY.core.HTTP: ---<[ http ][6 ms]
2021-07-14 12:04:55.150 T:5024 INFO : INFO: EMBY.hooks.player.Player: --<[ playback ]
2021-07-14 12:04:55.752 T:5306 INFO : INFO: EMBY.hooks.monitor.Monitor: [ UserDataChanged ] {'ServerId': '582d15c7dab04b7fb851ac18d8445893', 'UserDataList': [{'IsFavorite': False, 'ItemId': '13119', 'LastPlayedDate': '2021-07-14T02:04:51.0000000+00:00', 'PlayCount': 7, 'PlaybackPositionTicks': 0, 'Played': True}, {'IsFavorite': False, 'ItemId': '13106', 'PlayCount': 0, 'PlaybackPositionTicks': 0, 'Played': True, 'UnplayedItemCount': 0}], 'UserId': 'de8aeadec54b4fa28d3772ebcf026587', 'MonitorMethod': 'UserDataChanged'}
2021-07-14 12:04:55.752 T:5306 INFO : INFO: EMBY.hooks.monitor.Monitor: [ skip update/13119 ]
2021-07-14 12:04:55.754 T:5306 DEBUG : DEBUG: EMBY.database.database: --->[ database: emby ] 3855855952
2021-07-14 12:04:55.755 T:5306 DEBUG : DEBUG: EMBY.database.database: ---<[ database: emby ] 3855855952
2021-07-14 12:04:55.756 T:5306 INFO : INFO: EMBY.hooks.monitor.Monitor: [ skip update/13106 ]
2021-07-14 12:04:55.756 T:5306 INFO : INFO: EMBY.hooks.monitor.Monitor: [ skip reset ]
2021-07-14 12:04:56.221 T:5028 DEBUG : DatabaseUtils::GetSortFieldList: unknown field 36
2021-07-14 12:04:56.259 T:4946 INFO : Skipped 3 duplicate messages..
2021-07-14 12:04:56.259 T:4946 DEBUG : CheckIdle - Closing session to http://192.168.1.10 (easy=0xeaf83338, multi=0xd04883d8)
2021-07-14 12:04:56.266 T:5028 DEBUG : DatabaseUtils::GetSortFieldList: unknown field 36
2021-07-14 12:04:58.771 T:4973 INFO : Skipped 10 duplicate messages..
2021-07-14 12:04:58.771 T:4973 DEBUG : CLibInputKeyboard::ProcessKey - using delay: 250ms repeat: 33ms
2021-07-14 12:04:58.776 T:4946 DEBUG : Keyboard: scancode: 0x6c, sym: 0x0112, unicode: 0x0000, modifier: 0x0
2021-07-14 12:04:58.777 T:4946 DEBUG : HandleKey: down (0xf081) pressed, action is Down
2021-07-14 12:04:58.777 T:5307 DEBUG : Thread Timer start, auto delete: false
2021-07-14 12:04:58.923 T:5307 DEBUG : Thread Timer 3412886144 terminating
2021-07-14 12:04:58.927 T:4946 DEBUG : Keyboard: scancode: 0x6c, sym: 0x0112, unicode: 0x0000, modifier: 0x0
2021-07-14 12:05:00.059 T:4973 DEBUG : CLibInputKeyboard::ProcessKey - using delay: 250ms repeat: 33ms
2021-07-14 12:05:00.060 T:5308 DEBUG : Thread Timer start, auto delete: false
2021-07-14 12:05:00.060 T:4946 DEBUG : Keyboard: scancode: 0x1c, sym: 0x000d, unicode: 0x000d, modifier: 0x0
2021-07-14 12:05:00.187 T:5308 DEBUG : Thread Timer 3412886144 terminating
2021-07-14 12:05:00.217 T:4946 DEBUG : Keyboard: scancode: 0x1c, sym: 0x000d, unicode: 0x000d, modifier: 0x0
2021-07-14 12:05:00.217 T:4946 DEBUG : HandleKey: return (0xf00d) pressed, action is Select
2021-07-14 12:05:00.228 T:4946 DEBUG : OnPlayMedia http://127.0.0.1:57578/tvshows/12239/13120-0689dd12b8e68e10a282658a0d1f24c1-10112147-stream-Mr.Inbetween.S03E06.1080p.WEB.h264-GOSSIP.mkv
2021-07-14 12:05:00.237 T:4946 DEBUG : CCurlFile::GetMimeType - http://127.0.0.1:57578/tvshows/12239/13120-0689dd12b8e68e10a282658a0d1f24c1-10112147-stream-Mr.Inbetween.S03E06.1080p.WEB.h264-GOSSIP.mkv -> video/mp4
2021-07-14 12:05:00.247 T:4946 DEBUG : CPlayerCoreFactory::GetPlayers(http://127.0.0.1:57578/tvshows/12239/13120-0689dd12b8e68e10a282658a0d1f24c1-10112147-stream-Mr.Inbetween.S03E06.1080p.WEB.h264-GOSSIP.mkv)
2021-07-14 12:05:00.247 T:4946 DEBUG : CPlayerSelectionRule::GetPlayers: considering rule: system rules
2021-07-14 12:05:00.247 T:4946 DEBUG : CPlayerSelectionRule::GetPlayers: matches rule: system rules
2021-07-14 12:05:00.248 T:4946 DEBUG : CPlayerSelectionRule::GetPlayers: considering rule: mms/udp
2021-07-14 12:05:00.248 T:4946 DEBUG : CPlayerSelectionRule::GetPlayers: considering rule: lastfm/shout
2021-07-14 12:05:00.248 T:4946 DEBUG : CPlayerSelectionRule::GetPlayers: considering rule: rtmp
2021-07-14 12:05:00.248 T:4946 DEBUG : CPlayerSelectionRule::GetPlayers: considering rule: rtsp
2021-07-14 12:05:00.248 T:4946 DEBUG : CPlayerSelectionRule::GetPlayers: considering rule: streams
2021-07-14 12:05:00.248 T:4946 DEBUG : CPlayerSelectionRule::GetPlayers: matches rule: streams
2021-07-14 12:05:00.248 T:4946 DEBUG : CPlayerSelectionRule::GetPlayers: considering rule: aacp/sdp
2021-07-14 12:05:00.248 T:4946 DEBUG : CPlayerSelectionRule::GetPlayers: considering rule: mp2
2021-07-14 12:05:00.248 T:4946 DEBUG : CPlayerSelectionRule::GetPlayers: considering rule: dvd
2021-07-14 12:05:00.248 T:4946 DEBUG : CPlayerSelectionRule::GetPlayers: considering rule: discimage
2021-07-14 12:05:00.248 T:4946 DEBUG : CPlayerSelectionRule::GetPlayers: considering rule: sdp/asf
2021-07-14 12:05:00.248 T:4946 DEBUG : CPlayerSelectionRule::GetPlayers: considering rule: nsv
2021-07-14 12:05:00.248 T:4946 DEBUG : CPlayerSelectionRule::GetPlayers: considering rule: radio
2021-07-14 12:05:00.248 T:4946 DEBUG : CPlayerCoreFactory::GetPlayers: matched 0 rules with players
2021-07-14 12:05:00.248 T:4946 DEBUG : CPlayerCoreFactory::GetPlayers: adding videodefaultplayer (VideoPlayer)
2021-07-14 12:05:00.248 T:4946 DEBUG : CPlayerCoreFactory::GetPlayers: for video=1, audio=0
2021-07-14 12:05:00.248 T:4946 DEBUG : CPlayerCoreFactory::GetPlayers: for video=1, audio=1
2021-07-14 12:05:00.248 T:4946 DEBUG : CPlayerCoreFactory::GetPlayers: added 1 players
2021-07-14 12:05:00.249 T:4946 DEBUG : Radio UECP (RDS) Processor - new CDVDRadioRDSData
2021-07-14 12:05:00.249 T:4946 INFO : VideoPlayer::OpenFile: http://127.0.0.1:57578/tvshows/12239/13120-0689dd12b8e68e10a282658a0d1f24c1-10112147-stream-Mr.Inbetween.S03E06.1080p.WEB.h264-GOSSIP.mkv
2021-07-14 12:05:00.251 T:4946 DEBUG : CCurlFile::GetMimeType - http://127.0.0.1:57578/tvshows/12239/13120-0689dd12b8e68e10a282658a0d1f24c1-10112147-stream-Mr.Inbetween.S03E06.1080p.WEB.h264-GOSSIP.mkv -> video/mp4
2021-07-14 12:05:00.251 T:5311 DEBUG : Thread VideoPlayer start, auto delete: false
2021-07-14 12:05:00.251 T:4946 DEBUG : OnPlayBackStarted: CApplication::OnPlayBackStarted
2021-07-14 12:05:00.252 T:5311 INFO : Creating InputStream
2021-07-14 12:05:00.252 T:5311 DEBUG : CurlFile::Open(0xc7bd0570) http://127.0.0.1:57578/tvshows/12239/13120-0689dd12b8e68e10a282658a0d1f24c1-10112147-stream-Mr.Inbetween.S03E06.1080p.WEB.h264-GOSSIP.mkv
2021-07-14 12:05:00.253 T:5062 DEBUG : DEBUG: EMBY.hooks.player.WebserviceOnPlay: [ query IncommingData ] /tvshows/12239/13120-0689dd12b8e68e10a282658a0d1f24c1-10112147-stream-Mr.Inbetween.S03E06.1080p.WEB.h264-GOSSIP.mkv
2021-07-14 12:05:00.254 T:5312 DEBUG : Thread BackgroundLoader start, auto delete: false
2021-07-14 12:05:00.256 T:5062 DEBUG : DEBUG: EMBY.database.database: --->[ database: emby ] 3856095072
2021-07-14 12:05:00.257 T:5013 DEBUG : Loading settings for http://127.0.0.1:57578/tvshows/12239/13120-0689dd12b8e68e10a282658a0d1f24c1-10112147-stream-Mr.Inbetween.S03E06.1080p.WEB.h264-GOSSIP.mkv
2021-07-14 12:05:00.260 T:5062 DEBUG : DEBUG: EMBY.database.database: ---<[ database: emby ] 3856095072
2021-07-14 12:05:00.261 T:4946 DEBUG : CVideoGUIInfo::InitCurrentItem(http://127.0.0.1:57578/tvshows/12239/13120-0689dd12b8e68e10a282658a0d1f24c1-10112147-stream-Mr.Inbetween.S03E06.1080p.WEB.h264-GOSSIP.mkv)
2021-07-14 12:05:00.262 T:4946 DEBUG : CPlayerGUIInfo::InitCurrentItem(http://127.0.0.1:57578/tvshows/12239/13120-0689dd12b8e68e10a282658a0d1f24c1-10112147-stream-Mr.Inbetween.S03E06.1080p.WEB.h264-GOSSIP.mkv)
2021-07-14 12:05:00.269 T:5311 DEBUG : CCurlFile::Open - effective URL:
2021-07-14 12:05:00.270 T:5311 DEBUG : CFileCache::Open - opening
2021-07-14 12:05:00.270 T:5311 DEBUG : CurlFile::Open(0xe9b953d0) http://192.168.1.10:8096/emby/videos/13120/stream?static=true&MediaSourceId=0689dd12b8e68e10a282658a0d1f24c1&PlaySessionId=92f87fc46a9e45eabacebe0106b160bf&DeviceId=C86BFD09CCFB4585AC3E449D31D74819&api_key=9cd631b3e7914b5d8ed6207750cefae7&Mr.Inbetween.S03E06.1080p.WEB.h264-GOSSIP.mkv
2021-07-14 12:05:00.274 T:5311 DEBUG : CFileCache::Open - source chunk size is 0, setting cache chunk size to 131072
2021-07-14 12:05:00.274 T:5311 DEBUG : CFileCache::Open - using double memory cache each sized 10485760 bytes
2021-07-14 12:05:00.274 T:5313 DEBUG : Thread FileCache start, auto delete: false
2021-07-14 12:05:00.275 T:5311 INFO : Creating Demuxer
2021-07-14 12:05:00.276 T:5311 DEBUG : Open - probing detected format [matroska,webm]
2021-07-14 12:05:00.277 T:5313 DEBUG : easy_acquire - Created session to http://192.168.1.10
2021-07-14 12:05:00.277 T:5313 DEBUG : CurlFile::CReadState::Connect - Resume from position 2192627397
2021-07-14 12:05:00.280 T:5313 DEBUG : CFileCache::Process - cache completely reset for seek to position 2192627397
2021-07-14 12:05:00.281 T:5311 DEBUG : CFileCache::Seek - waiting for position 2192757341
2021-07-14 12:05:00.283 T:5312 DEBUG : Thread BackgroundLoader 3421278848 terminating
2021-07-14 12:05:00.285 T:5311 DEBUG : Open - avformat_find_stream_info starting
2021-07-14 12:05:00.321 T:5311 DEBUG : Open - av_find_stream_info finished
2021-07-14 12:05:00.321 T:5311 INFO : ffmpeg[0x38d22a8X]: Input #0, matroska,webm, from 'http://192.168.1.10:8096/emby/videos/13120/stream?static=true&MediaSourceId=0689dd12b8e68e10a282658a0d1f24c1&PlaySessionId=92f87fc46a9e45eabacebe0106b160bf&DeviceId=C86BFD09CCFB4585AC3E449D31D74819&api_key=9cd631b3e7914b5d8ed6207750cefae7&Mr.Inbetween.S03E06.1080p.WEB.h264-GOSSIP.mkv':
2021-07-14 12:05:00.321 T:5311 INFO : ffmpeg[0x38d22a8X]: Metadata:
2021-07-14 12:05:00.321 T:5311 INFO : ffmpeg[0x38d22a8X]: COMPATIBLE_BRANDS: dashiso6
2021-07-14 12:05:00.321 T:5311 INFO : ffmpeg[0x38d22a8X]: MAJOR_BRAND : dash
2021-07-14 12:05:00.321 T:5311 INFO : ffmpeg[0x38d22a8X]: MINOR_VERSION : 0
2021-07-14 12:05:00.321 T:5311 INFO : ffmpeg[0x38d22a8X]: ENCODER : Lavf58.20.100
2021-07-14 12:05:00.321 T:5311 INFO : ffmpeg[0x38d22a8X]: Duration: 00:28:54.75, start: 0.024000, bitrate: 10112 kb/s
2021-07-14 12:05:00.321 T:5311 INFO : ffmpeg[0x38d22a8X]: Stream #0:0: Video: h264 (High), yuv420p(tv, bt709, progressive), 1920x1080 [SAR 1:1 DAR 16:9], 23.98 fps, 23.98 tbr, 1k tbn, 47.95 tbc (default)
2021-07-14 12:05:00.321 T:5311 INFO : ffmpeg[0x38d22a8X]: Metadata:
2021-07-14 12:05:00.321 T:5311 INFO : ffmpeg[0x38d22a8X]: HANDLER_NAME : USP Video Handler
2021-07-14 12:05:00.321 T:5311 INFO : ffmpeg[0x38d22a8X]: ENCODER : AVC Coding
2021-07-14 12:05:00.321 T:5311 INFO : ffmpeg[0x38d22a8X]: BPS : 9475520
2021-07-14 12:05:00.321 T:5311 INFO : ffmpeg[0x38d22a8X]: DURATION : 00:28:53.732000000
2021-07-14 12:05:00.321 T:5311 INFO : ffmpeg[0x38d22a8X]: NUMBER_OF_FRAMES: 41568
2021-07-14 12:05:00.321 T:5311 INFO : ffmpeg[0x38d22a8X]: NUMBER_OF_BYTES : 2053501619
2021-07-14 12:05:00.321 T:5311 INFO : ffmpeg[0x38d22a8X]: _STATISTICS_WRITING_APP: mkvmerge v57.0.0 ('Till The End') 64-bit
2021-07-14 12:05:00.321 T:5311 INFO : ffmpeg[0x38d22a8X]: _STATISTICS_TAGS: BPS DURATION NUMBER_OF_FRAMES NUMBER_OF_BYTES
2021-07-14 12:05:00.321 T:5311 INFO : ffmpeg[0x38d22a8X]: Stream #0:1(eng): Audio: eac3, 48000 Hz, 6 channels, fltp (default)
2021-07-14 12:05:00.321 T:5311 INFO : ffmpeg[0x38d22a8X]: Metadata:
2021-07-14 12:05:00.321 T:5311 INFO : ffmpeg[0x38d22a8X]: HANDLER_NAME : USP Sound Handler
2021-07-14 12:05:00.321 T:5311 INFO : ffmpeg[0x38d22a8X]: BPS : 640000
2021-07-14 12:05:00.322 T:5311 INFO : ffmpeg[0x38d22a8X]: DURATION : 00:28:54.752000000
2021-07-14 12:05:00.322 T:5311 INFO : ffmpeg[0x38d22a8X]: NUMBER_OF_FRAMES: 54211
2021-07-14 12:05:00.322 T:5311 INFO : ffmpeg[0x38d22a8X]: NUMBER_OF_BYTES : 138780160
2021-07-14 12:05:00.322 T:5311 INFO : ffmpeg[0x38d22a8X]: _STATISTICS_WRITING_APP: mkvmerge v57.0.0 ('Till The End') 64-bit
2021-07-14 12:05:00.322 T:5311 INFO : ffmpeg[0x38d22a8X]: _STATISTICS_TAGS: BPS DURATION NUMBER_OF_FRAMES NUMBER_OF_BYTES
2021-07-14 12:05:00.322 T:5311 INFO : ffmpeg[0x38d22a8X]: Stream #0:2(eng): Subtitle: subrip
2021-07-14 12:05:00.322 T:5311 INFO : ffmpeg[0x38d22a8X]: Metadata:
2021-07-14 12:05:00.322 T:5311 INFO : ffmpeg[0x38d22a8X]: title : English
2021-07-14 12:05:00.322 T:5311 INFO : ffmpeg[0x38d22a8X]: BPS : 64
2021-07-14 12:05:00.322 T:5311 INFO : ffmpeg[0x38d22a8X]: DURATION : 00:28:45.463000000
2021-07-14 12:05:00.322 T:5311 INFO : ffmpeg[0x38d22a8X]: NUMBER_OF_FRAMES: 497
2021-07-14 12:05:00.322 T:5311 INFO : ffmpeg[0x38d22a8X]: NUMBER_OF_BYTES : 13820
2021-07-14 12:05:00.322 T:5311 INFO : ffmpeg[0x38d22a8X]: _STATISTICS_WRITING_APP: mkvmerge v57.0.0 ('Till The End') 64-bit
2021-07-14 12:05:00.322 T:5311 INFO : ffmpeg[0x38d22a8X]: _STATISTICS_TAGS: BPS DURATION NUMBER_OF_FRAMES NUMBER_OF_BYTES
2021-07-14 12:05:00.322 T:5311 DEBUG : DVDDemuxFFmpeg::AddStream - fps:24000/1001 tbr:24000/1001 tbn:48000/1001
2021-07-14 12:05:00.322 T:5311 DEBUG : DVDDemuxFFmpeg::AddStream - fps:24000/1001p
2021-07-14 12:05:00.322 T:5311 DEBUG : CDVDDemuxFFmpeg::AddStream ID: 0
2021-07-14 12:05:00.322 T:5311 DEBUG : CDVDDemuxFFmpeg::AddStream ID: 1
2021-07-14 12:05:00.322 T:5311 DEBUG : CDVDDemuxFFmpeg::AddStream ID: 2
2021-07-14 12:05:00.322 T:5311 DEBUG : CDVDInputStreamFile::SetReadRate - set cache throttle rate to 1390419 bytes per second
2021-07-14 12:05:00.322 T:5311 INFO : Opening stream: 0 source: 256
2021-07-14 12:05:00.322 T:5311 INFO : CVideoPlayerVideo::OpenStream - Creating codec: 27
2021-07-14 12:05:00.322 T:5311 DEBUG : DVDVideoCodecAmlogic::Open - codec 27 profile:100 extra_size:58 fps:24000/1001
2021-07-14 12:05:00.322 T:5311 INFO : CBitstreamConverter::Open bitstream to annexb init
2021-07-14 12:05:00.322 T:5311 INFO : DVDVideoCodecAmlogic: Opened Amlogic Codec
2021-07-14 12:05:00.322 T:5311 DEBUG : CVideoPlayerVideo::OpenStream - open stream with codec id: 27 fps:24000/1001 options:02
2021-07-14 12:05:00.322 T:5311 INFO : Creating video thread
2021-07-14 12:05:00.322 T:5314 DEBUG : Thread VideoPlayerVideo start, auto delete: false
2021-07-14 12:05:00.322 T:5311 INFO : Opening stream: 1 source: 256
2021-07-14 12:05:00.322 T:5311 INFO : Finding audio codec for: 86056
2021-07-14 12:05:00.323 T:5311 INFO : Creating audio thread
2021-07-14 12:05:00.323 T:5314 INFO : running thread: video_thread
2021-07-14 12:05:00.323 T:5314 DEBUG : CVideoPlayerVideo - CDVDMsg::GENERAL_PAUSE: 0
2021-07-14 12:05:00.323 T:5315 DEBUG : Thread VideoPlayerAudio start, auto delete: false
2021-07-14 12:05:00.323 T:5311 INFO : Opening stream: 2 source: 256
2021-07-14 12:05:00.323 T:5311 DEBUG : CDVDClock::SetSpeedAdjust - adjusted:0.000000
2021-07-14 12:05:00.323 T:5311 DEBUG : CVideoPlayer::HandleMessages - player 2 reported state: 0
2021-07-14 12:05:00.323 T:5094 DEBUG : OnAVChange: CApplication::OnAVChange
2021-07-14 12:05:00.323 T:5311 DEBUG : CDVDClock::SetSpeedAdjust - adjusted:0.000000
2021-07-14 12:05:00.323 T:5315 INFO : running thread: CVideoPlayerAudio::Process()
2021-07-14 12:05:00.323 T:5314 DEBUG : CAMLCodec::SetSpeed, speed(0)
2021-07-14 12:05:00.323 T:5315 DEBUG : CVideoPlayerAudio - CDVDMsg::GENERAL_PAUSE: 0
2021-07-14 12:05:00.323 T:5314 DEBUG : CAMLCodec::SetSpeed, speed(1000)
2021-07-14 12:05:00.323 T:5311 DEBUG : CDVDClock::SetSpeedAdjust - adjusted:0.000000
2021-07-14 12:05:00.323 T:5315 DEBUG : CDVDAudio::Pause - pausing audio stream
2021-07-14 12:05:00.323 T:5314 DEBUG : CAMLCodec::SetSpeed, speed(0)
2021-07-14 12:05:00.323 T:5311 DEBUG : CVideoPlayer::HandleMessages - player 1 reported state: 0
2021-07-14 12:05:00.324 T:5311 DEBUG : CVideoPlayer::ProcessVideoData size:82692 dts:18442240474082.180 pts:0.998 dur:41.000ms, clock:0.498 level:0
2021-07-14 12:05:00.324 T:5314 DEBUG : CVideoPlayerVideo - Stillframe left, switching to normal playback
2021-07-14 12:05:00.324 T:5315 DEBUG : CDVDAudio::Pause - pausing audio stream
2021-07-14 12:05:00.324 T:5315 INFO : Skipped 1 duplicate messages..
2021-07-14 12:05:00.324 T:5315 INFO : CAEStreamParser::TrySyncAC3 - E-AC3 stream detected (6 channels, 48000Hz)
2021-07-14 12:05:00.324 T:5315 INFO : Creating audio stream (codec id: 86056, channels: 6, sample rate: 48000, pass-through)
2021-07-14 12:05:00.324 T:5311 DEBUG : CVideoPlayer::ProcessVideoData size:35874 dts:18442240474082.180 pts:1.165 dur:41.000ms, clock:0.665 level:0
2021-07-14 12:05:00.324 T:5314 INFO : DVDVideoCodecAmlogic::AddData Open decoder: fps:24000/1001
2021-07-14 12:05:00.324 T:5311 DEBUG : CVideoPlayer::CheckContinuity - wrapback :2, prev:1165000.000000, curr:998000.000000, diff:-167000.000000
2021-07-14 12:05:00.324 T:5311 DEBUG : CVideoPlayer::ProcessVideoData size:10131 dts:0.998 pts:1.081 dur:41.000ms, clock:0.665 level:0
2021-07-14 12:05:00.324 T:5311 DEBUG : CVideoPlayer::ProcessVideoData size:7692 dts:1.040 pts:1.040 dur:41.000ms, clock:0.665 level:0
2021-07-14 12:05:00.324 T:5314 DEBUG : codecid_to_vformat, id(27) -> vformat(2)
2021-07-14 12:05:00.324 T:5315 DEBUG : CVideoPlayerAudio:: synctype set to 0: clock feedback
2021-07-14 12:05:00.324 T:5314 DEBUG : codec_tag_to_vdec_type, codec_tag(27) -> vdec_type(4)
2021-07-14 12:05:00.324 T:5311 DEBUG : CVideoPlayer::ProcessVideoData size:8799 dts:1.081 pts:1.123 dur:41.000ms, clock:0.665 level:0
2021-07-14 12:05:00.324 T:5314 DEBUG : CAMLCodec::OpenDecoder hints.width(1920), hints.height(1080), hints.codec(27), hints.codec_tag(0)
2021-07-14 12:05:00.324 T:5314 DEBUG : CAMLCodec::OpenDecoder hints.fpsrate(24000), hints.fpsscale(1001), video_rate(4004)
2021-07-14 12:05:00.324 T:5314 DEBUG : CAMLCodec::OpenDecoder hints.aspect(1.777778), video_ratio.num(1), video_ratio.den(1)
2021-07-14 12:05:00.324 T:5314 DEBUG : CAMLCodec::OpenDecoder hints.orientation(0), hints.forced_aspect(1), hints.extrasize(55)
2021-07-14 12:05:00.326 T:5311 DEBUG : CVideoPlayer::ProcessVideoData size:36409 dts:1.123 pts:1.290 dur:41.000ms, clock:0.665 level:0
2021-07-14 12:05:00.327 T:5311 DEBUG : CVideoPlayer::ProcessVideoData size:6386 dts:1.165 pts:1.207 dur:41.000ms, clock:0.665 level:0
2021-07-14 12:05:00.327 T:5311 DEBUG : CVideoPlayer::ProcessVideoData size:9319 dts:1.207 pts:1.248 dur:41.000ms, clock:0.665 level:0
2021-07-14 12:05:00.327 T:5311 DEBUG : CVideoPlayer::ProcessVideoData size:12752 dts:1.248 pts:1.415 dur:41.000ms, clock:0.665 level:1
2021-07-14 12:05:00.327 T:5311 DEBUG : CVideoPlayer::ProcessVideoData size:15581 dts:1.290 pts:1.332 dur:41.000ms, clock:0.665 level:2
2021-07-14 12:05:00.327 T:5311 DEBUG : CVideoPlayer::ProcessVideoData size:7264 dts:1.332 pts:1.373 dur:41.000ms, clock:0.665 level:2
2021-07-14 12:05:00.327 T:5311 DEBUG : CVideoPlayer::ProcessVideoData size:12813 dts:1.373 pts:1.499 dur:41.000ms, clock:0.665 level:3
2021-07-14 12:05:00.327 T:5311 DEBUG : CVideoPlayer::ProcessVideoData size:9854 dts:1.415 pts:1.457 dur:41.000ms, clock:0.665 level:3
2021-07-14 12:05:00.327 T:5311 DEBUG : CVideoPlayer::ProcessVideoData size:25277 dts:1.457 pts:1.665 dur:41.000ms, clock:0.665 level:4
2021-07-14 12:05:00.327 T:5311 DEBUG : CVideoPlayer::ProcessVideoData size:14498 dts:1.499 pts:1.582 dur:41.000ms, clock:0.665 level:4
2021-07-14 12:05:00.327 T:5311 DEBUG : CVideoPlayer::ProcessVideoData size:9908 dts:1.540 pts:1.540 dur:41.000ms, clock:0.665 level:5
2021-07-14 12:05:00.327 T:5311 DEBUG : CVideoPlayer::ProcessVideoData size:8808 dts:1.582 pts:1.624 dur:41.000ms, clock:0.665 level:5
2021-07-14 12:05:00.328 T:5311 DEBUG : CVideoPlayer::ProcessVideoData size:18023 dts:1.624 pts:1.832 dur:41.000ms, clock:0.665 level:6
2021-07-14 12:05:00.328 T:5311 DEBUG : CVideoPlayer::ProcessVideoData size:13765 dts:1.665 pts:1.749 dur:41.000ms, clock:0.665 level:6
2021-07-14 12:05:00.328 T:5311 DEBUG : CVideoPlayer::ProcessVideoData size:6902 dts:1.707 pts:1.707 dur:41.000ms, clock:0.665 level:7
2021-07-14 12:05:00.328 T:5311 DEBUG : CVideoPlayer::ProcessVideoData size:7664 dts:1.749 pts:1.790 dur:41.000ms, clock:0.665 level:7
2021-07-14 12:05:00.328 T:5311 DEBUG : CVideoPlayer::ProcessVideoData size:23425 dts:1.790 pts:1.999 dur:41.000ms, clock:0.665 level:8
2021-07-14 12:05:00.328 T:5311 DEBUG : CVideoPlayer::ProcessVideoData size:16731 dts:1.832 pts:1.916 dur:41.000ms, clock:0.665 level:8
2021-07-14 12:05:00.329 T:5311 DEBUG : CVideoPlayer::ProcessVideoData size:7918 dts:1.874 pts:1.874 dur:41.000ms, clock:0.665 level:9
2021-07-14 12:05:00.329 T:5311 DEBUG : CVideoPlayer::ProcessVideoData size:21090 dts:1.916 pts:1.957 dur:41.000ms, clock:0.665 level:9
2021-07-14 12:05:00.329 T:5311 DEBUG : CVideoPlayer::ProcessVideoData size:19807 dts:1.957 pts:2.124 dur:41.000ms, clock:0.665 level:10
2021-07-14 12:05:00.329 T:5311 DEBUG : CVideoPlayer::ProcessVideoData size:6434 dts:1.999 pts:2.041 dur:41.000ms, clock:0.665 level:10
2021-07-14 12:05:00.329 T:5311 DEBUG : CVideoPlayer::ProcessVideoData size:8692 dts:2.041 pts:2.082 dur:41.000ms, clock:0.665 level:11
2021-07-14 12:05:00.329 T:5311 DEBUG : CVideoPlayer::ProcessVideoData size:29056 dts:2.082 pts:2.249 dur:41.000ms, clock:0.665 level:11
2021-07-14 12:05:00.329 T:5311 DEBUG : CVideoPlayer::ProcessVideoData size:8490 dts:2.124 pts:2.166 dur:41.000ms, clock:0.665 level:12
2021-07-14 12:05:00.330 T:5311 DEBUG : CVideoPlayer::ProcessVideoData size:12164 dts:2.166 pts:2.208 dur:41.000ms, clock:0.665 level:12
2021-07-14 12:05:00.330 T:5311 DEBUG : CVideoPlayer::ProcessVideoData size:21413 dts:2.208 pts:2.416 dur:41.000ms, clock:0.665 level:13
2021-07-14 12:05:00.330 T:5311 DEBUG : CVideoPlayer::ProcessVideoData size:10405 dts:2.249 pts:2.333 dur:41.000ms, clock:0.665 level:14
2021-07-14 12:05:00.330 T:5311 DEBUG : CVideoPlayer::ProcessVideoData size:8827 dts:2.291 pts:2.291 dur:41.000ms, clock:0.665 level:14
2021-07-14 12:05:00.330 T:5311 DEBUG : CVideoPlayer::ProcessVideoData size:9136 dts:2.333 pts:2.374 dur:41.000ms, clock:0.665 level:15
2021-07-14 12:05:00.331 T:5311 DEBUG : CVideoPlayer::ProcessVideoData size:23204 dts:2.374 pts:2.583 dur:41.000ms, clock:0.665 level:15
2021-07-14 12:05:00.331 T:5311 DEBUG : CVideoPlayer::ProcessVideoData size:12141 dts:2.416 pts:2.500 dur:41.000ms, clock:0.665 level:16
2021-07-14 12:05:00.331 T:5311 DEBUG : CVideoPlayer::ProcessVideoData size:12953 dts:2.458 pts:2.458 dur:41.000ms, clock:0.665 level:16
2021-07-14 12:05:00.331 T:5311 DEBUG : CVideoPlayer::ProcessVideoData size:13674 dts:2.500 pts:2.541 dur:41.000ms, clock:0.665 level:17
2021-07-14 12:05:00.331 T:5311 DEBUG : CVideoPlayer::ProcessVideoData size:21940 dts:2.541 pts:2.708 dur:41.000ms, clock:0.665 level:17
2021-07-14 12:05:00.331 T:5311 DEBUG : CVideoPlayer::ProcessVideoData size:8746 dts:2.583 pts:2.625 dur:41.000ms, clock:0.665 level:18
2021-07-14 12:05:00.332 T:5311 DEBUG : CVideoPlayer::ProcessVideoData size:4652 dts:2.625 pts:2.666 dur:41.000ms, clock:0.665 level:18
2021-07-14 12:05:00.332 T:5311 DEBUG : CVideoPlayer::ProcessVideoData size:20795 dts:2.666 pts:2.875 dur:41.000ms, clock:0.665 level:19
2021-07-14 12:05:00.332 T:5311 DEBUG : CVideoPlayer::ProcessVideoData size:9566 dts:2.708 pts:2.791 dur:41.000ms, clock:0.665 level:19
2021-07-14 12:05:00.332 T:5311 DEBUG : CVideoPlayer::ProcessVideoData size:5237 dts:2.750 pts:2.750 dur:41.000ms, clock:0.665 level:20
2021-07-14 12:05:00.332 T:5311 DEBUG : CVideoPlayer::ProcessVideoData size:5996 dts:2.791 pts:2.833 dur:41.000ms, clock:0.665 level:20
2021-07-14 12:05:00.332 T:5311 DEBUG : CVideoPlayer::ProcessVideoData size:35965 dts:2.833 pts:2.958 dur:41.000ms, clock:0.665 level:21
2021-07-14 12:05:00.332 T:5311 DEBUG : CVideoPlayer::ProcessVideoData size:9513 dts:2.875 pts:2.917 dur:41.000ms, clock:0.665 level:21
2021-07-14 12:05:00.333 T:5311 DEBUG : CVideoPlayer::ProcessVideoData size:101675 dts:2.917 pts:3.000 dur:41.000ms, clock:0.665 level:22
2021-07-14 12:05:00.333 T:5311 DEBUG : CVideoPlayer::ProcessVideoData size:26903 dts:2.958 pts:3.125 dur:41.000ms, clock:0.665 level:23
2021-07-14 12:05:00.333 T:5311 DEBUG : CVideoPlayer::ProcessVideoData size:16244 dts:3.000 pts:3.042 dur:41.000ms, clock:0.665 level:23
2021-07-14 12:05:00.333 T:5311 DEBUG : CVideoPlayer::ProcessVideoData size:7354 dts:3.042 pts:3.083 dur:41.000ms, clock:0.665 level:24
2021-07-14 12:05:00.333 T:5311 DEBUG : CVideoPlayer::ProcessVideoData size:21098 dts:3.083 pts:3.292 dur:41.000ms, clock:0.665 level:24
2021-07-14 12:05:00.333 T:5311 DEBUG : CVideoPlayer::ProcessVideoData size:9595 dts:3.125 pts:3.209 dur:41.000ms, clock:0.665 level:25
2021-07-14 12:05:00.334 T:5311 DEBUG : CVideoPlayer::ProcessVideoData size:11436 dts:3.167 pts:3.167 dur:41.000ms, clock:0.665 level:26
2021-07-14 12:05:00.334 T:5311 DEBUG : CVideoPlayer::ProcessVideoData size:6004 dts:3.209 pts:3.250 dur:41.000ms, clock:0.665 level:26
2021-07-14 12:05:00.334 T:5311 DEBUG : CVideoPlayer::ProcessVideoData size:18759 dts:3.250 pts:3.459 dur:41.000ms, clock:0.665 level:27
2021-07-14 12:05:00.334 T:5311 DEBUG : CVideoPlayer::ProcessVideoData size:8403 dts:3.292 pts:3.375 dur:41.000ms, clock:0.665 level:27
2021-07-14 12:05:00.334 T:5311 DEBUG : CVideoPlayer::ProcessVideoData size:5377 dts:3.334 pts:3.334 dur:41.000ms, clock:0.665 level:28
2021-07-14 12:05:00.334 T:5311 DEBUG : CVideoPlayer::ProcessVideoData size:4839 dts:3.375 pts:3.417 dur:41.000ms, clock:0.665 level:28
2021-07-14 12:05:00.334 T:5311 DEBUG : CVideoPlayer::ProcessVideoData size:28486 dts:3.417 pts:3.626 dur:41.000ms, clock:0.665 level:29
2021-07-14 12:05:00.335 T:5311 DEBUG : CVideoPlayer::ProcessVideoData size:11078 dts:3.459 pts:3.542 dur:41.000ms, clock:0.665 level:29
2021-07-14 12:05:00.335 T:5311 DEBUG : CVideoPlayer::ProcessVideoData size:7125 dts:3.501 pts:3.501 dur:41.000ms, clock:0.665 level:30
2021-07-14 12:05:00.335 T:5311 DEBUG : CVideoPlayer::ProcessVideoData size:10669 dts:3.542 pts:3.584 dur:41.000ms, clock:0.665 level:30
2021-07-14 12:05:00.335 T:5311 DEBUG : CVideoPlayer::ProcessVideoData size:21553 dts:3.584 pts:3.792 dur:41.000ms, clock:0.665 level:31
2021-07-14 12:05:00.335 T:5311 DEBUG : CVideoPlayer::ProcessVideoData size:9791 dts:3.626 pts:3.709 dur:41.000ms, clock:0.665 level:31
2021-07-14 12:05:00.335 T:5311 DEBUG : CVideoPlayer::ProcessVideoData size:23698 dts:3.667 pts:3.667 dur:41.000ms, clock:0.665 level:32
2021-07-14 12:05:00.335 T:5311 DEBUG : CVideoPlayer::ProcessVideoData size:8352 dts:3.709 pts:3.751 dur:41.000ms, clock:0.665 level:32
2021-07-14 12:05:00.335 T:5311 DEBUG : CVideoPlayer::ProcessVideoData size:18735 dts:3.751 pts:3.918 dur:41.000ms, clock:0.665 level:33
2021-07-14 12:05:00.335 T:5311 DEBUG : CVideoPlayer::ProcessVideoData size:18924 dts:3.792 pts:3.834 dur:41.000ms, clock:0.665 level:33
2021-07-14 12:05:00.336 T:5311 DEBUG : CVideoPlayer::ProcessVideoData size:11758 dts:3.834 pts:3.876 dur:41.000ms, clock:0.665 level:34
2021-07-14 12:05:00.336 T:5311 DEBUG : CVideoPlayer::ProcessVideoData size:21966 dts:3.876 pts:4.001 dur:41.000ms, clock:0.665 level:34
2021-07-14 12:05:00.336 T:5311 DEBUG : CVideoPlayer::ProcessVideoData size:8241 dts:3.918 pts:3.959 dur:41.000ms, clock:0.665 level:35
2021-07-14 12:05:00.336 T:5311 DEBUG : CVideoPlayer::ProcessVideoData size:18816 dts:3.959 pts:4.126 dur:41.000ms, clock:0.665 level:35
2021-07-14 12:05:00.336 T:5311 DEBUG : CVideoPlayer::ProcessVideoData size:29755 dts:4.001 pts:4.043 dur:41.000ms, clock:0.665 level:36
