2021-07-14 12:04:06.634 T:4957 DEBUG : CAESinkALSA::InitializeHW - Request: periodSize 9600, bufferSize 38400
2021-07-14 12:04:06.635 T:4957 DEBUG : CAESinkALSA::InitializeHW - Got: periodSize 9600, bufferSize 38400
2021-07-14 12:04:06.635 T:4957 DEBUG : CAESinkALSA::InitializeHW - Setting timeout to 200 ms
2021-07-14 12:04:06.638 T:4957 DEBUG : CAESinkALSA::GetChannelLayout - Input Channel Count: 2 Output Channel Count: 2
2021-07-14 12:04:06.638 T:4957 DEBUG : CAESinkALSA::GetChannelLayout - Requested Layout: RAW, RAW
2021-07-14 12:04:06.638 T:4957 DEBUG : CAESinkALSA::GetChannelLayout - Got Layout: RAW, RAW (ALSA: none)
2021-07-14 12:04:06.638 T:4957 DEBUG : CActiveAESink::OpenSink - ALSA Initialized:
2021-07-14 12:04:06.638 T:4957 DEBUG : Output Device : AML-AUGESOUND
2021-07-14 12:04:06.638 T:4957 DEBUG : Sample Rate : 192000
2021-07-14 12:04:06.638 T:4957 DEBUG : Sample Format : AE_FMT_S16NE
2021-07-14 12:04:06.638 T:4957 DEBUG : Channel Count : 2
2021-07-14 12:04:06.638 T:4957 DEBUG : Channel Layout: RAW, RAW
2021-07-14 12:04:06.638 T:4957 DEBUG : Frames : 9600
2021-07-14 12:04:06.638 T:4957 DEBUG : Frame Size : 4
2021-07-14 12:04:06.644 T:4956 DEBUG : CActiveAE::ClearDiscardedBuffers - buffer pool deleted
2021-07-14 12:04:06.649 T:5106 INFO : Skipped 1 duplicate messages..
2021-07-14 12:04:06.649 T:5106 DEBUG : CVideoPlayer::HandleMessages - player started 1
2021-07-14 12:04:06.649 T:5106 DEBUG : CDVDClock::SetSpeedAdjust - adjusted:0.000000
2021-07-14 12:04:06.649 T:5106 INFO : Skipped 1 duplicate messages..
2021-07-14 12:04:06.649 T:5106 DEBUG : VideoPlayer::Sync - Audio - pts: 0.294, cache: 0.510, totalcache: 0.800, packets:250 level:96
2021-07-14 12:04:06.650 T:5106 DEBUG : VideoPlayer::Sync - Video - pts: 0.000, cache: 0.050, totalcache: 0.100, packets:191 level:93
2021-07-14 12:04:06.650 T:5110 DEBUG : CDVDAudio::Resume - resume audio stream
2021-07-14 12:04:06.650 T:5109 DEBUG : CVideoPlayerVideo - CDVDMsg::GENERAL_RESYNC(-216251.772316)
2021-07-14 12:04:06.650 T:5109 DEBUG : CVideoPlayerVideo - OUTPUT_AGAIN - vfmt, interlace should be checked.
2021-07-14 12:04:06.651 T:5109 DEBUG : CVideoPlayerVideo::OutputPicture - ttd:256ms pts:0.042 Clock:-0.215 Level:0
2021-07-14 12:04:06.651 T:5109 DEBUG : CVideoPlayerVideo - CDVDMsg::DEMUXER_PACKET - checking interlace vfmt: progressive
2021-07-14 12:04:06.653 T:4956 DEBUG : ActiveAE - start sync of audio stream
2021-07-14 12:04:06.650 T:5009 DEBUG : OnAVChange: CApplication::OnAVChange
2021-07-14 12:04:06.654 T:5014 DEBUG : OnAVStarted: CApplication::OnAVStarted
2021-07-14 12:04:06.654 T:5109 DEBUG : CVideoPlayerVideo::OutputPicture - ttd:294ms pts:0.083 Clock:-0.212 Level:1
2021-07-14 12:04:06.655 T:5106 DEBUG : CVideoPlayer::ProcessVideoData size:67449 dts:7.883 pts:8.133 dur:41.000ms, clock:-0.211 level:92
2021-07-14 12:04:06.655 T:5106 DEBUG : CVideoPlayer::ProcessVideoData size:14622 dts:7.925 pts:8.008 dur:41.000ms, clock:-0.211 level:93
2021-07-14 12:04:06.656 T:5106 DEBUG : CVideoPlayer::ProcessVideoData size:3236 dts:7.966 pts:7.966 dur:41.000ms, clock:-0.210 level:93
2021-07-14 12:04:06.656 T:5106 DEBUG : CVideoPlayer::ProcessVideoData size:5201 dts:8.008 pts:8.050 dur:41.000ms, clock:-0.210 level:94
2021-07-14 12:04:06.656 T:5106 DEBUG : CVideoPlayer::ProcessVideoData size:4675 dts:8.050 pts:8.091 dur:41.000ms, clock:-0.210 level:94
2021-07-14 12:04:06.657 T:5109 DEBUG : CVideoPlayerVideo::OutputPicture - ttd:333ms pts:0.125 Clock:-0.209 Level:2
2021-07-14 12:04:06.659 T:5109 DEBUG : CVideoPlayerVideo::OutputPicture - ttd:374ms pts:0.167 Clock:-0.207 Level:3
2021-07-14 12:04:06.660 T:5109 DEBUG : CVideoPlayerVideo::OutputPicture - ttd:414ms pts:0.209 Clock:-0.206 Level:4
2021-07-14 12:04:06.672 T:4946 DEBUG : Activating window ID: 12005
2021-07-14 12:04:06.674 T:4946 DEBUG : ------ Window Deinit (MyVideoNav.xml) ------
2021-07-14 12:04:06.677 T:4946 DEBUG : FreeVisualisation() done
2021-07-14 12:04:06.680 T:4946 DEBUG : ------ Window Init (VideoFullScreen.xml) ------
2021-07-14 12:04:06.681 T:4946 INFO : Loading skin file: VideoFullScreen.xml, load type: KEEP_IN_MEMORY
2021-07-14 12:04:06.684 T:4946 INFO : [WHITELIST] Searching the whitelist for: width: 1920, height: 1080, fps: 23.976, 3D: false
2021-07-14 12:04:06.684 T:4946 DEBUG : [WHITELIST] Using the default whitelist because the user whitelist is empty
2021-07-14 12:04:06.684 T:4946 DEBUG : [WHITELIST] Searching for an exact resolution with an exact refresh rate
2021-07-14 12:04:06.685 T:4946 DEBUG : [WHITELIST] Matched an exact resolution with an exact refresh rate 1920x1080 @ 23.98 - Full Screen (32)
2021-07-14 12:04:06.685 T:4946 DEBUG : [WHITELIST] Searching for an exact resolution with double the refresh rate
2021-07-14 12:04:06.685 T:4946 INFO : Display resolution ADJUST : 1920x1080 @ 23.98 - Full Screen (32) (weight: -4525491597834111111878557158080512.000)
2021-07-14 12:04:06.685 T:4946 INFO : VideoPlayer: OnLostDisplay received
2021-07-14 12:04:06.685 T:4946 DEBUG : AMLUtils::aml_handle_display_stereo_mode old mode 3doff new mode 3doff
2021-07-14 12:04:06.685 T:4946 DEBUG : AMLUtils::aml_handle_display_stereo_mode - no change needed
2021-07-14 12:04:06.685 T:4946 ERROR : GetString: error reading /sys/class/amhdmitx/amhdmitx0/custom_mode
2021-07-14 12:04:06.690 T:5109 DEBUG : CVideoPlayerVideo - CDVDMsg::GENERAL_PAUSE: 1
2021-07-14 12:04:06.706 T:5024 INFO : INFO: EMBY.hooks.player.Player: [ onAVChange ]
2021-07-14 12:04:06.706 T:5024 INFO : INFO: EMBY.hooks.player.Player: [ onAVStarted ]
2021-07-14 12:04:06.707 T:5125 INFO : INFO: EMBY.hooks.player.Player: [ ThreadAVStarted ]
2021-07-14 12:04:06.707 T:5125 INFO : INFO: EMBY.hooks.player.Player: -->[ play/13107 ] {'Id': '13107', 'Tracking': True, 'Type': 'episode', 'Volume': 100, 'Muted': False, 'MediaSourceId': '95ecd528caf58d3ad07addab3677c44e', 'EmbyServer': , 'RunTime': 0, 'CurrentPosition': 0, 'Paused': False, 'library': , 'PlaySessionId': '666a43dfaa844914b6f5fdb1a951b27d'}
2021-07-14 12:04:06.708 T:5125 DEBUG : DEBUG: EMBY.core.HTTP: --->[ http ] { "params": { "ItemId": "13107", "MediaSourceId": "95ecd528caf58d3ad07addab3677c44e", "PlaySessionId": "666a43dfaa844914b6f5fdb1a951b27d" }, "type": "POST", "url": "http://192.168.1.10:8096/emby/Sessions/Playing", "headers": { "Content-type": "application/json", "Accept-Charset": "UTF-8,*", "Accept-encoding": "gzip", "User-Agent": "Emby-Kodi/5.3.2", "Authorization": "Emby Client=Kodi, Device=Kodi (CoreELEC), DeviceId=C86BFD09CCFB4585AC3E449D31D74819, Version=5.3.2, UserId=de8aeadec54b4fa28d3772ebcf026587", "X-Emby-Token": "9cd631b3e7914b5d8ed6207750cefae7" }, "timeout": 30, "verify": true }
2021-07-14 12:04:06.723 T:5125 DEBUG : DEBUG: EMBY.core.HTTP: ---<[ http ][9 ms]
2021-07-14 12:04:06.724 T:5125 DEBUG : DEBUG: EMBY.core.HTTP: --->[ http ] { "params": { "ItemId": "13107", "MediaSourceId": "95ecd528caf58d3ad07addab3677c44e", "PositionTicks": 0, "RunTimeTicks": 16350781250, "CanSeek": true, "QueueableMediaTypes": "Video,Audio", "VolumeLevel": 100, "IsPaused": false, "IsMuted": false, "PlaySessionId": "666a43dfaa844914b6f5fdb1a951b27d" }, "type": "POST", "url": "http://192.168.1.10:8096/emby/Sessions/Playing/Progress", "headers": { "Content-type": "application/json", "Accept-Charset": "UTF-8,*", "Accept-encoding": "gzip", "User-Agent": "Emby-Kodi/5.3.2", "Authorization": "Emby Client=Kodi, Device=Kodi (CoreELEC), DeviceId=C86BFD09CCFB4585AC3E449D31D74819, Version=5.3.2, UserId=de8aeadec54b4fa28d3772ebcf026587", "X-Emby-Token": "9cd631b3e7914b5d8ed6207750cefae7" }, "timeout": 30, "verify": true }
2021-07-14 12:04:06.738 T:5125 DEBUG : DEBUG: EMBY.core.HTTP: ---<[ http ][8 ms]
2021-07-14 12:04:06.744 T:5110 DEBUG : CVideoPlayerAudio - CDVDMsg::GENERAL_PAUSE: 1
2021-07-14 12:04:06.794 T:4956 DEBUG : ActiveAE::SyncStream - average error of 51.294142, start adjusting
2021-07-14 12:04:06.794 T:4956 DEBUG : ActiveAE::SyncStream - average error 19.294142 below threshold of 30.000000
2021-07-14 12:04:06.891 T:4946 DEBUG : AMLUtils::aml_handle_display_stereo_mode old mode 3doff new mode 3doff
2021-07-14 12:04:06.891 T:4946 DEBUG : AMLUtils::aml_handle_display_stereo_mode - no change needed
2021-07-14 12:04:06.891 T:4946 INFO : VideoPlayer: OnResetDisplay received
2021-07-14 12:04:06.891 T:5110 DEBUG : CVideoPlayerAudio - CDVDMsg::GENERAL_PAUSE: 0
2021-07-14 12:04:06.891 T:5109 DEBUG : CVideoPlayerVideo - CDVDMsg::GENERAL_PAUSE: 0
2021-07-14 12:04:06.892 T:4946 INFO : GLES: Maximum texture width: 8192
2021-07-14 12:04:06.897 T:5109 DEBUG : CVideoPlayerVideo - CDVDMsg::DEMUXER_PACKET - checking interlace vfmt: progressive
2021-07-14 12:04:06.900 T:4946 DEBUG : ------ Window Deinit (DialogBusy.xml) ------
2021-07-14 12:04:06.923 T:5109 DEBUG : CVideoPlayerVideo - CDVDMsg::DEMUXER_PACKET - checking interlace vfmt: progressive
2021-07-14 12:04:06.937 T:4946 DEBUG : CAMLCodec::SetVideoRect:display(0,0,1920,1080)
2021-07-14 12:04:06.937 T:4946 DEBUG : CAMLCodec::SetVideoRect:gui(0,0,1920,1080)
2021-07-14 12:04:06.937 T:4946 DEBUG : CAMLCodec::SetVideoRect:m_dst_rect(0,0,1920,1080)
2021-07-14 12:04:06.937 T:4946 DEBUG : CAMLCodec::SetVideoRect:dst_rect(0,0,1920,1080)
2021-07-14 12:04:06.937 T:4946 DEBUG : CAMLCodec::SetVideoRect:m_guiStereoMode(0)
2021-07-14 12:04:06.937 T:4946 DEBUG : CAMLCodec::SetVideoRect:m_guiStereoView(0)
2021-07-14 12:04:06.937 T:5014 DEBUG : OnAVChange: CApplication::OnAVChange
2021-07-14 12:04:06.938 T:5106 DEBUG : CVideoPlayer::ProcessVideoData size:67138 dts:8.091 pts:8.342 dur:41.000ms, clock:-0.135 level:88
2021-07-14 12:04:06.939 T:5106 DEBUG : CVideoPlayer::ProcessVideoData size:54808 dts:8.133 pts:8.217 dur:41.000ms, clock:-0.134 level:89
2021-07-14 12:04:06.939 T:5106 DEBUG : CVideoPlayer::ProcessVideoData size:13014 dts:8.175 pts:8.175 dur:41.000ms, clock:-0.134 level:89
2021-07-14 12:04:06.939 T:5106 DEBUG : CVideoPlayer::ProcessVideoData size:36816 dts:8.217 pts:8.258 dur:41.000ms, clock:-0.133 level:90
2021-07-14 12:04:06.940 T:5106 DEBUG : CVideoPlayer::ProcessVideoData size:19824 dts:8.258 pts:8.300 dur:41.000ms, clock:-0.133 level:90
2021-07-14 12:04:06.951 T:5109 DEBUG : CVideoPlayerVideo - CDVDMsg::DEMUXER_PACKET - checking interlace vfmt: progressive
2021-07-14 12:04:06.999 T:5129 DEBUG : DEBUG: EMBY.core.HTTP: --->[ http ] { "params": { "ItemId": "13107", "MediaSourceId": "95ecd528caf58d3ad07addab3677c44e", "PositionTicks": 0, "RunTimeTicks": 16350781250, "CanSeek": true, "QueueableMediaTypes": "Video,Audio", "VolumeLevel": 100, "IsPaused": false, "IsMuted": false, "PlaySessionId": "666a43dfaa844914b6f5fdb1a951b27d" }, "type": "POST", "url": "http://192.168.1.10:8096/emby/Sessions/Playing/Progress", "headers": { "Content-type": "application/json", "Accept-Charset": "UTF-8,*", "Accept-encoding": "gzip", "User-Agent": "Emby-Kodi/5.3.2", "Authorization": "Emby Client=Kodi, Device=Kodi (CoreELEC), DeviceId=C86BFD09CCFB4585AC3E449D31D74819, Version=5.3.2, UserId=de8aeadec54b4fa28d3772ebcf026587", "X-Emby-Token": "9cd631b3e7914b5d8ed6207750cefae7" }, "timeout": 30, "verify": true }
2021-07-14 12:04:07.000 T:5024 INFO : INFO: EMBY.hooks.player.Player: [ onAVChange ]
2021-07-14 12:04:07.001 T:5106 DEBUG : CVideoPlayer::ProcessVideoData size:64959 dts:8.300 pts:8.550 dur:41.000ms, clock:-0.072 level:88
2021-07-14 12:04:07.001 T:5106 DEBUG : CVideoPlayer::ProcessVideoData size:19413 dts:8.342 pts:8.425 dur:41.000ms, clock:-0.071 level:88
2021-07-14 12:04:07.002 T:5106 DEBUG : CVideoPlayer::ProcessVideoData size:13510 dts:8.383 pts:8.383 dur:41.000ms, clock:-0.071 level:89
2021-07-14 12:04:07.002 T:5106 DEBUG : CVideoPlayer::ProcessVideoData size:25592 dts:8.425 pts:8.467 dur:41.000ms, clock:-0.071 level:89
2021-07-14 12:04:07.002 T:5106 DEBUG : CVideoPlayer::ProcessVideoData size:5054 dts:8.467 pts:8.508 dur:41.000ms, clock:-0.070 level:90
2021-07-14 12:04:07.003 T:5106 DEBUG : CVideoPlayer::ProcessVideoData size:55719 dts:8.508 pts:8.675 dur:41.000ms, clock:-0.070 level:90
2021-07-14 12:04:07.003 T:5106 DEBUG : CVideoPlayer::ProcessVideoData size:5654 dts:8.550 pts:8.592 dur:41.000ms, clock:-0.070 level:91
2021-07-14 12:04:07.003 T:5106 DEBUG : CVideoPlayer::ProcessVideoData size:3759 dts:8.592 pts:8.634 dur:41.000ms, clock:-0.070 level:91
2021-07-14 12:04:07.018 T:5129 DEBUG : DEBUG: EMBY.core.HTTP: ---<[ http ][9 ms]
2021-07-14 12:04:07.029 T:5109 DEBUG : CVideoPlayerVideo::OutputPicture - ttd:293ms pts:0.250 Clock:-0.043 Level:3
2021-07-14 12:04:07.031 T:5109 DEBUG : CVideoPlayerVideo::OutputPicture - ttd:334ms pts:0.292 Clock:-0.042 Level:4
2021-07-14 12:04:07.112 T:5109 DEBUG : CVideoPlayerVideo::OutputPicture - ttd:294ms pts:0.334 Clock:0.039 Level:3
2021-07-14 12:04:07.113 T:5109 DEBUG : CVideoPlayerVideo::OutputPicture - ttd:334ms pts:0.375 Clock:0.041 Level:4
2021-07-14 12:04:07.235 T:5109 DEBUG : CVideoPlayerVideo::OutputPicture - ttd:254ms pts:0.417 Clock:0.163 Level:2
2021-07-14 12:04:07.236 T:5109 DEBUG : CVideoPlayerVideo::OutputPicture - ttd:295ms pts:0.459 Clock:0.164 Level:3
2021-07-14 12:04:07.246 T:5106 DEBUG : CVideoPlayer::ProcessVideoData size:74715 dts:8.634 pts:8.842 dur:41.000ms, clock:0.174 level:89
2021-07-14 12:04:07.247 T:5106 DEBUG : CVideoPlayer::ProcessVideoData size:13606 dts:8.675 pts:8.759 dur:41.000ms, clock:0.174 level:90
2021-07-14 12:04:07.247 T:5106 DEBUG : CVideoPlayer::ProcessVideoData size:3496 dts:8.717 pts:8.717 dur:41.000ms, clock:0.174 level:90
2021-07-14 12:04:07.247 T:5106 DEBUG : CVideoPlayer::ProcessVideoData size:4969 dts:8.759 pts:8.800 dur:41.000ms, clock:0.175 level:91
2021-07-14 12:04:07.274 T:5109 DEBUG : CVideoPlayerVideo::OutputPicture - ttd:298ms pts:0.500 Clock:0.201 Level:3
2021-07-14 12:04:07.317 T:5109 DEBUG : CVideoPlayerVideo::OutputPicture - ttd:297ms pts:0.542 Clock:0.245 Level:3
2021-07-14 12:04:07.319 T:5109 DEBUG : CVideoPlayerVideo::OutputPicture - ttd:337ms pts:0.584 Clock:0.246 Level:4
2021-07-14 12:04:07.349 T:5106 DEBUG : CVideoPlayer::ProcessVideoData size:68667 dts:8.800 pts:9.051 dur:41.000ms, clock:0.276 level:90
2021-07-14 12:04:07.349 T:5106 DEBUG : CVideoPlayer::ProcessVideoData size:30571 dts:8.842 pts:8.926 dur:41.000ms, clock:0.277 level:91
2021-07-14 12:04:07.350 T:5106 DEBUG : CVideoPlayer::ProcessVideoData size:30770 dts:8.884 pts:8.884 dur:41.000ms, clock:0.277 level:91
2021-07-14 12:04:07.352 T:5106 DEBUG : CVideoPlayer::ProcessVideoData size:48799 dts:8.926 pts:8.967 dur:41.000ms, clock:0.279 level:92
2021-07-14 12:04:07.353 T:5106 DEBUG : CVideoPlayer::ProcessVideoData size:19673 dts:8.967 pts:9.009 dur:41.000ms, clock:0.280 level:92
2021-07-14 12:04:07.442 T:5109 DEBUG : CVideoPlayerVideo::OutputPicture - ttd:256ms pts:0.626 Clock:0.369 Level:2
2021-07-14 12:04:07.443 T:5109 DEBUG : CVideoPlayerVideo::OutputPicture - ttd:296ms pts:0.667 Clock:0.371 Level:3
2021-07-14 12:04:07.487 T:5109 DEBUG : CVideoPlayerVideo::OutputPicture - ttd:295ms pts:0.709 Clock:0.414 Level:3
2021-07-14 12:04:07.524 T:5109 DEBUG : CVideoPlayerVideo::OutputPicture - ttd:299ms pts:0.751 Clock:0.452 Level:3
2021-07-14 12:04:07.525 T:5109 DEBUG : CVideoPlayerVideo::OutputPicture - ttd:339ms pts:0.792 Clock:0.453 Level:4
2021-07-14 12:04:07.647 T:5106 DEBUG : CVideoPlayer::ProcessVideoData size:59231 dts:9.009 pts:9.259 dur:41.000ms, clock:0.574 level:89
2021-07-14 12:04:07.647 T:5106 DEBUG : CVideoPlayer::ProcessVideoData size:53938 dts:9.051 pts:9.134 dur:41.000ms, clock:0.575 level:90
2021-07-14 12:04:07.648 T:5106 DEBUG : CVideoPlayer::ProcessVideoData size:6260 dts:9.092 pts:9.092 dur:41.000ms, clock:0.575 level:90
2021-07-14 12:04:07.648 T:5106 DEBUG : CVideoPlayer::ProcessVideoData size:14143 dts:9.134 pts:9.176 dur:41.000ms, clock:0.575 level:91
2021-07-14 12:04:07.648 T:5106 DEBUG : CVideoPlayer::ProcessVideoData size:6466 dts:9.176 pts:9.218 dur:41.000ms, clock:0.576 level:91
2021-07-14 12:04:07.649 T:5106 DEBUG : CVideoPlayer::ProcessVideoData size:64167 dts:9.218 pts:9.301 dur:41.000ms, clock:0.576 level:92
2021-07-14 12:04:07.650 T:5109 DEBUG : CVideoPlayerVideo::OutputPicture - ttd:256ms pts:0.834 Clock:0.577 Level:2
2021-07-14 12:04:07.651 T:5109 DEBUG : CVideoPlayerVideo::OutputPicture - ttd:297ms pts:0.876 Clock:0.579 Level:3
2021-07-14 12:04:07.695 T:5109 DEBUG : CVideoPlayerVideo::OutputPicture - ttd:295ms pts:0.918 Clock:0.623 Level:3
2021-07-14 12:04:07.715 T:5025 DEBUG : DatabaseUtils::GetSortFieldList: unknown field 36
2021-07-14 12:04:07.739 T:5109 DEBUG : CVideoPlayerVideo::OutputPicture - ttd:292ms pts:0.959 Clock:0.666 Level:3
2021-07-14 12:04:07.740 T:5109 DEBUG : CVideoPlayerVideo::OutputPicture - ttd:333ms pts:1.001 Clock:0.668 Level:4
2021-07-14 12:04:07.794 T:4956 DEBUG : ActiveAE::SyncStream - average error 176.509708 above threshold of 100.000000
2021-07-14 12:04:07.862 T:5109 DEBUG : CVideoPlayerVideo::OutputPicture - ttd:253ms pts:1.043 Clock:0.789 Level:2
2021-07-14 12:04:07.863 T:5109 DEBUG : CVideoPlayerVideo::OutputPicture - ttd:293ms pts:1.084 Clock:0.791 Level:3
2021-07-14 12:04:07.894 T:4956 DEBUG : ActiveAE::SyncStream - average error 16.509708 below threshold of 30.000000
2021-07-14 12:04:07.901 T:5109 DEBUG : CVideoPlayerVideo::OutputPicture - ttd:297ms pts:1.126 Clock:0.828 Level:3
2021-07-14 12:04:07.902 T:5109 DEBUG : CVideoPlayerVideo::OutputPicture - ttd:338ms pts:1.168 Clock:0.829 Level:4
2021-07-14 12:04:07.902 T:5106 DEBUG : CVideoPlayer::ProcessVideoData size:62928 dts:9.259 pts:9.426 dur:41.000ms, clock:0.830 level:89
2021-07-14 12:04:07.903 T:5106 DEBUG : CVideoPlayer::ProcessVideoData size:60767 dts:9.301 pts:9.343 dur:41.000ms, clock:0.830 level:90
2021-07-14 12:04:07.903 T:5106 DEBUG : CVideoPlayer::ProcessVideoData size:5349 dts:9.343 pts:9.384 dur:41.000ms, clock:0.831 level:90
2021-07-14 12:04:08.025 T:5109 DEBUG : CVideoPlayerVideo::OutputPicture - ttd:257ms pts:1.210 Clock:0.952 Level:2
2021-07-14 12:04:08.026 T:5109 DEBUG : CVideoPlayerVideo::OutputPicture - ttd:297ms pts:1.251 Clock:0.954 Level:3
2021-07-14 12:04:08.070 T:5109 DEBUG : CVideoPlayerVideo::OutputPicture - ttd:295ms pts:1.293 Clock:0.997 Level:3
2021-07-14 12:04:08.113 T:5109 DEBUG : CVideoPlayerVideo::OutputPicture - ttd:294ms pts:1.335 Clock:1.041 Level:3
2021-07-14 12:04:08.115 T:5109 DEBUG : CVideoPlayerVideo::OutputPicture - ttd:334ms pts:1.376 Clock:1.042 Level:4
2021-07-14 12:04:08.194 T:5109 DEBUG : CVideoPlayerVideo::OutputPicture - ttd:296ms pts:1.418 Clock:1.122 Level:3
2021-07-14 12:04:08.237 T:5109 DEBUG : CVideoPlayerVideo::OutputPicture - ttd:295ms pts:1.460 Clock:1.165 Level:3
2021-07-14 12:04:08.239 T:5109 DEBUG : CVideoPlayerVideo::OutputPicture - ttd:334ms pts:1.501 Clock:1.166 Level:4
2021-07-14 12:04:08.299 T:5106 DEBUG : CVideoPlayer::ProcessVideoData size:125166 dts:9.384 pts:9.593 dur:41.000ms, clock:1.226 level:85
2021-07-14 12:04:08.299 T:5106 DEBUG : CVideoPlayer::ProcessVideoData size:35508 dts:9.426 pts:9.509 dur:41.000ms, clock:1.227 level:86
2021-07-14 12:04:08.300 T:5106 DEBUG : CVideoPlayer::ProcessVideoData size:14949 dts:9.468 pts:9.468 dur:41.000ms, clock:1.227 level:87
2021-07-14 12:04:08.301 T:5106 DEBUG : CVideoPlayer::ProcessVideoData size:14479 dts:9.509 pts:9.551 dur:41.000ms, clock:1.228 level:87
2021-07-14 12:04:08.302 T:5106 DEBUG : CVideoPlayer::ProcessVideoData size:76030 dts:9.551 pts:9.801 dur:41.000ms, clock:1.230 level:88
2021-07-14 12:04:08.303 T:5106 DEBUG : CVideoPlayer::ProcessVideoData size:15426 dts:9.593 pts:9.676 dur:41.000ms, clock:1.231 level:88
2021-07-14 12:04:08.304 T:5106 DEBUG : CVideoPlayer::ProcessVideoData size:7205 dts:9.635 pts:9.635 dur:41.000ms, clock:1.231 level:89
2021-07-14 12:04:08.304 T:5106 DEBUG : CVideoPlayer::ProcessVideoData size:5653 dts:9.676 pts:9.718 dur:41.000ms, clock:1.231 level:89
2021-07-14 12:04:08.304 T:5106 DEBUG : CVideoPlayer::ProcessVideoData size:5211 dts:9.718 pts:9.760 dur:41.000ms, clock:1.231 level:90
2021-07-14 12:04:08.321 T:5109 DEBUG : CVideoPlayerVideo::OutputPicture - ttd:294ms pts:1.543 Clock:1.248 Level:3
2021-07-14 12:04:08.322 T:5109 DEBUG : CVideoPlayerVideo::OutputPicture - ttd:335ms pts:1.585 Clock:1.249 Level:4
2021-07-14 12:04:08.443 T:5109 DEBUG : CVideoPlayerVideo::OutputPicture - ttd:256ms pts:1.627 Clock:1.371 Level:2
2021-07-14 12:04:08.445 T:5109 DEBUG : CVideoPlayerVideo::OutputPicture - ttd:295ms pts:1.668 Clock:1.372 Level:3
2021-07-14 12:04:08.488 T:5109 DEBUG : CVideoPlayerVideo::OutputPicture - ttd:294ms pts:1.710 Clock:1.416 Level:3
2021-07-14 12:04:08.489 T:5109 DEBUG : CVideoPlayerVideo::OutputPicture - ttd:335ms pts:1.752 Clock:1.417 Level:4
2021-07-14 12:04:08.496 T:5106 DEBUG : CVideoPlayer::ProcessVideoData size:55139 dts:9.760 pts:9.927 dur:41.000ms, clock:1.424 level:88
2021-07-14 12:04:08.497 T:5106 DEBUG : CVideoPlayer::ProcessVideoData size:9788 dts:9.801 pts:9.843 dur:41.000ms, clock:1.424 level:88
2021-07-14 12:04:08.497 T:5106 DEBUG : CVideoPlayer::ProcessVideoData size:4134 dts:9.843 pts:9.885 dur:41.000ms, clock:1.424 level:89
2021-07-14 12:04:08.497 T:5106 DEBUG : CVideoPlayer::ProcessVideoData size:14325 dts:9.885 pts:9.968 dur:41.000ms, clock:1.425 level:89
2021-07-14 12:04:08.498 T:5106 DEBUG : CVideoPlayer::ProcessVideoData size:271525 dts:9.927 pts:10.010 dur:41.000ms, clock:1.426 level:90
2021-07-14 12:04:08.611 T:5109 DEBUG : CVideoPlayerVideo::OutputPicture - ttd:254ms pts:1.793 Clock:1.539 Level:2
2021-07-14 12:04:08.612 T:5109 DEBUG : CVideoPlayerVideo::OutputPicture - ttd:295ms pts:1.835 Clock:1.540 Level:3
2021-07-14 12:04:08.650 T:5109 DEBUG : CVideoPlayerVideo::OutputPicture - ttd:299ms pts:1.877 Clock:1.577 Level:3
2021-07-14 12:04:08.651 T:5109 DEBUG : CVideoPlayerVideo::OutputPicture - ttd:340ms pts:1.919 Clock:1.578 Level:4
2021-07-14 12:04:08.752 T:5106 DEBUG : CVideoPlayer::ProcessVideoData size:38377 dts:9.968 pts:10.052 dur:41.000ms, clock:1.679 level:87
2021-07-14 12:04:08.752 T:5106 DEBUG : CVideoPlayer::ProcessVideoData size:50989 dts:10.010 pts:10.177 dur:41.000ms, clock:1.680 level:88
2021-07-14 12:04:08.753 T:5106 DEBUG : CVideoPlayer::ProcessVideoData size:33539 dts:10.052 pts:10.093 dur:41.000ms, clock:1.680 level:88
2021-07-14 12:04:08.753 T:5106 DEBUG : CVideoPlayer::ProcessVideoData size:5255 dts:10.093 pts:10.135 dur:41.000ms, clock:1.680 level:89
2021-07-14 12:04:08.753 T:5106 DEBUG : CVideoPlayer::ProcessVideoData size:42520 dts:10.135 pts:10.260 dur:41.000ms, clock:1.681 level:89
2021-07-14 12:04:08.753 T:5106 DEBUG : CVideoPlayer::ProcessVideoData size:3323 dts:10.177 pts:10.219 dur:41.000ms, clock:1.681 level:90
2021-07-14 12:04:08.780 T:5109 DEBUG : CVideoPlayerVideo::OutputPicture - ttd:252ms pts:1.960 Clock:1.707 Level:2
2021-07-14 12:04:08.781 T:5109 DEBUG : CVideoPlayerVideo::OutputPicture - ttd:293ms pts:2.002 Clock:1.708 Level:3
2021-07-14 12:04:08.819 T:5109 DEBUG : CVideoPlayerVideo::OutputPicture - ttd:298ms pts:2.044 Clock:1.746 Level:3
2021-07-14 12:04:08.862 T:5109 DEBUG : CVideoPlayerVideo::OutputPicture - ttd:295ms pts:2.085 Clock:1.790 Level:3
2021-07-14 12:04:08.863 T:5109 DEBUG : CVideoPlayerVideo::OutputPicture - ttd:336ms pts:2.127 Clock:1.791 Level:4
2021-07-14 12:04:08.944 T:5110 DEBUG : CDVDClock::ErrorAdjust - CVideoPlayerAudio::OutputPacket - error:19563.328241, adjusted:19563.328241
2021-07-14 12:04:08.987 T:5109 DEBUG : CVideoPlayerVideo::OutputPicture - ttd:235ms pts:2.169 Clock:1.934 Level:2
2021-07-14 12:04:08.988 T:5109 DEBUG : CVideoPlayerVideo::OutputPicture - ttd:275ms pts:2.211 Clock:1.935 Level:3
2021-07-14 12:04:08.997 T:5106 DEBUG : CVideoPlayer::ProcessVideoData size:51494 dts:10.219 pts:10.469 dur:41.000ms, clock:1.944 level:87
2021-07-14 12:04:08.997 T:5106 DEBUG : CVideoPlayer::ProcessVideoData size:34325 dts:10.260 pts:10.344 dur:41.000ms, clock:1.944 level:88
2021-07-14 12:04:08.997 T:5106 DEBUG : CVideoPlayer::ProcessVideoData size:8177 dts:10.302 pts:10.302 dur:41.000ms, clock:1.944 level:88
2021-07-14 12:04:08.998 T:5106 DEBUG : CVideoPlayer::ProcessVideoData size:35794 dts:10.344 pts:10.385 dur:41.000ms, clock:1.945 level:89
2021-07-14 12:04:08.998 T:5106 DEBUG : CVideoPlayer::ProcessVideoData size:11431 dts:10.385 pts:10.427 dur:41.000ms, clock:1.945 level:89
2021-07-14 12:04:08.998 T:5106 DEBUG : CVideoPlayer::ProcessVideoData size:56762 dts:10.427 pts:10.510 dur:41.000ms, clock:1.945 level:90
2021-07-14 12:04:09.026 T:5109 DEBUG : CVideoPlayerVideo::OutputPicture - ttd:279ms pts:2.252 Clock:1.973 Level:3
2021-07-14 12:04:09.069 T:5109 DEBUG : CVideoPlayerVideo::OutputPicture - ttd:277ms pts:2.294 Clock:2.016 Level:3
2021-07-14 12:04:09.070 T:5109 DEBUG : CVideoPlayerVideo::OutputPicture - ttd:318ms pts:2.336 Clock:2.017 Level:4
2021-07-14 12:04:09.193 T:5109 DEBUG : CVideoPlayerVideo::OutputPicture - ttd:237ms pts:2.377 Clock:2.140 Level:2
2021-07-14 12:04:09.194 T:5109 DEBUG : CVideoPlayerVideo::OutputPicture - ttd:277ms pts:2.419 Clock:2.141 Level:3
2021-07-14 12:04:09.237 T:5109 DEBUG : CVideoPlayerVideo::OutputPicture - ttd:276ms pts:2.461 Clock:2.184 Level:3
2021-07-14 12:04:09.239 T:5109 DEBUG : CVideoPlayerVideo::OutputPicture - ttd:316ms pts:2.502 Clock:2.186 Level:4
2021-07-14 12:04:09.252 T:5106 DEBUG : CVideoPlayer::ProcessVideoData size:54459 dts:10.469 pts:10.719 dur:41.000ms, clock:2.199 level:87
2021-07-14 12:04:09.252 T:5106 DEBUG : CVideoPlayer::ProcessVideoData size:22338 dts:10.510 pts:10.594 dur:41.000ms, clock:2.199 level:88
2021-07-14 12:04:09.253 T:5106 DEBUG : CVideoPlayer::ProcessVideoData size:33623 dts:10.552 pts:10.552 dur:41.000ms, clock:2.200 level:88
2021-07-14 12:04:09.253 T:5106 DEBUG : CVideoPlayer::ProcessVideoData size:23450 dts:10.594 pts:10.636 dur:41.000ms, clock:2.200 level:89
2021-07-14 12:04:09.253 T:5106 DEBUG : CVideoPlayer::ProcessVideoData size:8771 dts:10.636 pts:10.677 dur:41.000ms, clock:2.200 level:89
2021-07-14 12:04:09.254 T:5106 DEBUG : CVideoPlayer::ProcessVideoData size:37612 dts:10.677 pts:10.761 dur:41.000ms, clock:2.201 level:90
2021-07-14 12:04:09.361 T:5109 DEBUG : CVideoPlayerVideo::OutputPicture - ttd:236ms pts:2.544 Clock:2.308 Level:2
2021-07-14 12:04:09.362 T:5109 DEBUG : CVideoPlayerVideo::OutputPicture - ttd:277ms pts:2.586 Clock:2.309 Level:3
2021-07-14 12:04:09.405 T:5109 DEBUG : CVideoPlayerVideo::OutputPicture - ttd:275ms pts:2.628 Clock:2.352 Level:3
2021-07-14 12:04:09.443 T:5109 DEBUG : CVideoPlayerVideo::OutputPicture - ttd:279ms pts:2.669 Clock:2.390 Level:3
2021-07-14 12:04:09.444 T:5109 DEBUG : CVideoPlayerVideo::OutputPicture - ttd:319ms pts:2.711 Clock:2.391 Level:4
2021-07-14 12:04:09.497 T:5106 DEBUG : CVideoPlayer::ProcessVideoData size:39713 dts:10.719 pts:10.928 dur:41.000ms, clock:2.444 level:87
2021-07-14 12:04:09.497 T:5106 DEBUG : CVideoPlayer::ProcessVideoData size:28098 dts:10.761 pts:10.844 dur:41.000ms, clock:2.444 level:88
2021-07-14 12:04:09.498 T:5106 DEBUG : CVideoPlayer::ProcessVideoData size:12111 dts:10.802 pts:10.802 dur:41.000ms, clock:2.445 level:88
2021-07-14 12:04:09.498 T:5106 DEBUG : CVideoPlayer::ProcessVideoData size:5890 dts:10.844 pts:10.886 dur:41.000ms, clock:2.445 level:89
2021-07-14 12:04:09.572 T:5109 DEBUG : CVideoPlayerVideo::OutputPicture - ttd:234ms pts:2.753 Clock:2.519 Level:2
2021-07-14 12:04:09.573 T:5109 DEBUG : CVideoPlayerVideo::OutputPicture - ttd:273ms pts:2.794 Clock:2.520 Level:3
2021-07-14 12:04:09.611 T:5109 DEBUG : CVideoPlayerVideo::OutputPicture - ttd:278ms pts:2.836 Clock:2.558 Level:3
2021-07-14 12:04:09.654 T:5109 DEBUG : CVideoPlayerVideo::OutputPicture - ttd:276ms pts:2.878 Clock:2.601 Level:3
2021-07-14 12:04:09.655 T:5109 DEBUG : CVideoPlayerVideo::OutputPicture - ttd:317ms pts:2.920 Clock:2.602 Level:4
2021-07-14 12:04:09.751 T:5106 DEBUG : CVideoPlayer::ProcessVideoData size:57186 dts:10.886 pts:11.094 dur:41.000ms, clock:2.698 level:86
2021-07-14 12:04:09.752 T:5106 DEBUG : CVideoPlayer::ProcessVideoData size:20007 dts:10.928 pts:11.011 dur:41.000ms, clock:2.699 level:87
2021-07-14 12:04:09.752 T:5106 DEBUG : CVideoPlayer::ProcessVideoData size:21102 dts:10.969 pts:10.969 dur:41.000ms, clock:2.699 level:87
2021-07-14 12:04:09.752 T:5106 DEBUG : CVideoPlayer::ProcessVideoData size:8501 dts:11.011 pts:11.053 dur:41.000ms, clock:2.699 level:88
2021-07-14 12:04:09.753 T:5106 DEBUG : CVideoPlayer::ProcessVideoData size:45318 dts:11.053 pts:11.136 dur:41.000ms, clock:2.700 level:88
2021-07-14 12:04:09.753 T:5106 DEBUG : CVideoPlayer::ProcessVideoData size:67573 dts:11.094 pts:11.178 dur:41.000ms, clock:2.700 level:89
2021-07-14 12:04:09.779 T:5109 DEBUG : CVideoPlayerVideo::OutputPicture - ttd:234ms pts:2.961 Clock:2.726 Level:2
2021-07-14 12:04:09.781 T:5109 DEBUG : CVideoPlayerVideo::OutputPicture - ttd:275ms pts:3.003 Clock:2.728 Level:3
2021-07-14 12:04:09.818 T:5109 DEBUG : CVideoPlayerVideo::OutputPicture - ttd:279ms pts:3.045 Clock:2.765 Level:3
2021-07-14 12:04:09.862 T:5109 DEBUG : CVideoPlayerVideo::OutputPicture - ttd:277ms pts:3.086 Clock:2.809 Level:3
2021-07-14 12:04:09.863 T:5109 DEBUG : CVideoPlayerVideo::OutputPicture - ttd:318ms pts:3.128 Clock:2.810 Level:4
2021-07-14 12:04:09.985 T:5109 DEBUG : CVideoPlayerVideo::OutputPicture - ttd:237ms pts:3.170 Clock:2.932 Level:2
2021-07-14 12:04:09.986 T:5109 DEBUG : CVideoPlayerVideo::OutputPicture - ttd:278ms pts:3.212 Clock:2.933 Level:3
2021-07-14 12:04:09.998 T:5106 DEBUG : CVideoPlayer::ProcessVideoData size:149090 dts:11.136 pts:11.303 dur:41.000ms, clock:2.945 level:86
2021-07-14 12:04:09.999 T:5106 DEBUG : CVideoPlayer::ProcessVideoData size:64002 dts:11.178 pts:11.220 dur:41.000ms, clock:2.946 level:87
2021-07-14 12:04:10.000 T:5106 DEBUG : CVideoPlayer::ProcessVideoData size:56085 dts:11.220 pts:11.261 dur:41.000ms, clock:2.947 level:87
2021-07-14 12:04:10.001 T:5106 DEBUG : CVideoPlayer::ProcessVideoData size:96576 dts:11.261 pts:11.511 dur:41.000ms, clock:2.948 level:88
2021-07-14 12:04:10.001 T:5106 DEBUG : CVideoPlayer::ProcessVideoData size:53444 dts:11.303 pts:11.386 dur:41.000ms, clock:2.948 level:88
2021-07-14 12:04:10.002 T:5106 DEBUG : CVideoPlayer::ProcessVideoData size:62137 dts:11.345 pts:11.345 dur:41.000ms, clock:2.949 level:89
2021-07-14 12:04:10.004 T:5106 DEBUG : CVideoPlayer::ProcessVideoData size:33208 dts:11.386 pts:11.428 dur:41.000ms, clock:2.951 level:89
2021-07-14 12:04:10.005 T:5106 DEBUG : CVideoPlayer::ProcessVideoData size:33241 dts:11.428 pts:11.470 dur:41.000ms, clock:2.952 level:90
2021-07-14 12:04:10.028 T:5109 DEBUG : CVideoPlayerVideo::OutputPicture - ttd:277ms pts:3.253 Clock:2.975 Level:3
2021-07-14 12:04:10.072 T:5109 DEBUG : CVideoPlayerVideo::OutputPicture - ttd:276ms pts:3.295 Clock:3.019 Level:3
2021-07-14 12:04:10.073 T:5109 DEBUG : CVideoPlayerVideo::OutputPicture - ttd:316ms pts:3.337 Clock:3.020 Level:4
2021-07-14 12:04:10.195 T:5109 DEBUG : CVideoPlayerVideo::OutputPicture - ttd:236ms pts:3.378 Clock:3.142 Level:2
2021-07-14 12:04:10.196 T:5109 DEBUG : CVideoPlayerVideo::OutputPicture - ttd:277ms pts:3.420 Clock:3.143 Level:3
2021-07-14 12:04:10.241 T:5109 DEBUG : CVideoPlayerVideo::OutputPicture - ttd:274ms pts:3.462 Clock:3.188 Level:3
2021-07-14 12:04:10.243 T:5109 DEBUG : CVideoPlayerVideo::OutputPicture - ttd:313ms pts:3.503 Clock:3.190 Level:4
2021-07-14 12:04:10.250 T:5106 DEBUG : CVideoPlayer::ProcessVideoData size:98998 dts:11.470 pts:11.720 dur:41.000ms, clock:3.197 level:88
2021-07-14 12:04:10.251 T:5106 DEBUG : CVideoPlayer::ProcessVideoData size:51740 dts:11.511 pts:11.595 dur:41.000ms, clock:3.198 level:88
2021-07-14 12:04:10.251 T:5106 DEBUG : CVideoPlayer::ProcessVideoData size:30206 dts:11.553 pts:11.553 dur:41.000ms, clock:3.198 level:89
2021-07-14 12:04:10.252 T:5106 DEBUG : CVideoPlayer::ProcessVideoData size:29001 dts:11.595 pts:11.637 dur:41.000ms, clock:3.199 level:89
2021-07-14 12:04:10.252 T:5106 DEBUG : CVideoPlayer::ProcessVideoData size:29900 dts:11.637 pts:11.678 dur:41.000ms, clock:3.199 level:89
2021-07-14 12:04:10.319 T:5109 DEBUG : CVideoPlayerVideo::OutputPicture - ttd:278ms pts:3.545 Clock:3.266 Level:3
2021-07-14 12:04:10.363 T:5109 DEBUG : CVideoPlayerVideo::OutputPicture - ttd:277ms pts:3.587 Clock:3.310 Level:3
2021-07-14 12:04:10.364 T:5109 DEBUG : CVideoPlayerVideo::OutputPicture - ttd:318ms pts:3.629 Clock:3.311 Level:4
2021-07-14 12:04:10.371 T:4973 DEBUG : CLibInputKeyboard::ProcessKey - using delay: 250ms repeat: 33ms
2021-07-14 12:04:10.372 T:5132 DEBUG : Thread Timer start, auto delete: false
2021-07-14 12:04:10.396 T:4946 DEBUG : Keyboard: scancode: 0x02, sym: 0x0031, unicode: 0x0031, modifier: 0x0
2021-07-14 12:04:10.396 T:4946 DEBUG : HandleKey: one (0xf031) pressed, action is stop
2021-07-14 12:04:10.397 T:4946 INFO : CVideoPlayer::CloseFile()
2021-07-14 12:04:10.397 T:4946 DEBUG : DeleteRenderer - deleting renderer
2021-07-14 12:04:10.397 T:4946 INFO : VideoPlayer: waiting for threads to exit
2021-07-14 12:04:10.406 T:5106 INFO : CVideoPlayer::OnExit()
2021-07-14 12:04:10.406 T:5106 INFO : Closing stream player 1
2021-07-14 12:04:10.406 T:5106 INFO : Waiting for audio thread to exit
2021-07-14 12:04:10.444 T:5110 INFO : thread end: CVideoPlayerAudio::OnExit()
2021-07-14 12:04:10.444 T:5110 DEBUG : Thread VideoPlayerAudio 3286729344 terminating
2021-07-14 12:04:10.444 T:5106 INFO : Closing audio device
2021-07-14 12:04:10.476 T:5109 DEBUG : CVideoPlayerVideo::OutputPicture - ttd:267ms pts:3.670 Clock:3.403 Level:0
2021-07-14 12:04:10.494 T:5106 DEBUG : CDVDAudio::Flush - flush audio stream
2021-07-14 12:04:10.494 T:4956 DEBUG : CActiveAE::DiscardStream - audio stream deleted
2021-07-14 12:04:10.494 T:4956 DEBUG : CActiveAE::ClearDiscardedBuffers - buffer pool deleted
2021-07-14 12:04:10.495 T:5106 INFO : Skipped 2 duplicate messages..
2021-07-14 12:04:10.495 T:5106 INFO : Deleting audio codec
2021-07-14 12:04:10.495 T:5106 INFO : Closing stream player 2
2021-07-14 12:04:10.495 T:5106 INFO : waiting for video thread to exit
2021-07-14 12:04:10.496 T:4957 INFO : CActiveAESink::OpenSink - initialize sink
2021-07-14 12:04:10.497 T:5109 DEBUG : CVideoPlayerVideo::OutputPicture - ttd:287ms pts:3.712 Clock:3.424 Level:0
2021-07-14 12:04:10.497 T:5109 INFO : thread end: video_thread
2021-07-14 12:04:10.497 T:5109 DEBUG : Thread VideoPlayerVideo 3295122048 terminating
2021-07-14 12:04:10.500 T:5106 INFO : deleting video codec
2021-07-14 12:04:10.500 T:5106 DEBUG : CAMLCodec::CloseDecoder
2021-07-14 12:04:10.506 T:5106 DEBUG : CAMLVideoBufferPool::~CAMLVideoBufferPool: Deleting 6 buffers
2021-07-14 12:04:10.506 T:5106 INFO : Closing stream player 3
2021-07-14 12:04:10.511 T:5132 DEBUG : Thread Timer 3412886144 terminating
2021-07-14 12:04:10.517 T:5108 DEBUG : Thread FileCache 3303514752 terminating
2021-07-14 12:04:10.517 T:5094 DEBUG : DoWork - Saving file state for video item http://127.0.0.1:57578/tvshows/12239/13107-95ecd528caf58d3ad07addab3677c44e-6002362-stream-Mr.Inbetween.S03E01.1080p.WEB.H264-GGEZ.mkv
2021-07-14 12:04:10.526 T:5106 DEBUG : Thread VideoPlayer 3339108992 terminating
2021-07-14 12:04:10.527 T:4946 INFO : VideoPlayer: finished waiting
2021-07-14 12:04:10.527 T:4946 INFO : CVideoPlayer::CloseFile()
2021-07-14 12:04:10.527 T:4946 INFO : VideoPlayer: waiting for threads to exit
2021-07-14 12:04:10.527 T:4946 INFO : VideoPlayer: finished waiting
2021-07-14 12:04:10.529 T:4946 DEBUG : Radio UECP (RDS) Processor - delete ~CDVDRadioRDSData
2021-07-14 12:04:10.535 T:5014 DEBUG : OnPlayBackStopped: CApplication::OnPlayBackStopped
2021-07-14 12:04:10.539 T:4946 DEBUG : CGUIWindowManager::PreviousWindow: Deactivate
2021-07-14 12:04:10.541 T:4946 DEBUG : ------ Window Deinit (VideoFullScreen.xml) ------
2021-07-14 12:04:10.564 T:4946 DEBUG : AMLUtils::aml_handle_display_stereo_mode old mode 3doff new mode 3doff
2021-07-14 12:04:10.564 T:4946 DEBUG : AMLUtils::aml_handle_display_stereo_mode - no change needed
2021-07-14 12:04:10.564 T:4946 ERROR : GetString: error reading /sys/class/amhdmitx/amhdmitx0/custom_mode
2021-07-14 12:04:10.694 T:4957 DEBUG : CActiveAESink::OpenSink - trying to open device ALSA:hdmi:CARD=AMLAUGESOUND,DEV=0
2021-07-14 12:04:10.694 T:4957 INFO : CAESinkALSA::Initialize - Attempting to open device "hdmi:CARD=AMLAUGESOUND,DEV=0"
2021-07-14 12:04:10.697 T:4946 DEBUG : AMLUtils::aml_handle_display_stereo_mode old mode 3doff new mode 3doff
2021-07-14 12:04:10.697 T:4946 DEBUG : AMLUtils::aml_handle_display_stereo_mode - no change needed
2021-07-14 12:04:10.697 T:4946 INFO : GLES: Maximum texture width: 8192
2021-07-14 12:04:10.698 T:4957 INFO : CAESinkALSA::Initialize - Opened device "hdmi:CARD=AMLAUGESOUND,DEV=0,AES0=0x04,AES1=0x82,AES2=0x00,AES3=0x00"
2021-07-14 12:04:10.698 T:4957 INFO : CAESinkALSA::InitializeHW - Your hardware does not support AE_FMT_FLOAT, trying other formats
2021-07-14 12:04:10.698 T:4957 INFO : CAESinkALSA::InitializeHW - Using data format AE_FMT_S16NE
2021-07-14 12:04:10.698 T:4957 DEBUG : CAESinkALSA::InitializeHW - Request: periodSize 2205, bufferSize 8820
2021-07-14 12:04:10.699 T:4957 DEBUG : CAESinkALSA::InitializeHW - Got: periodSize 2205, bufferSize 8820
2021-07-14 12:04:10.699 T:4957 DEBUG : CAESinkALSA::InitializeHW - Setting timeout to 200 ms
2021-07-14 12:04:10.699 T:4957 DEBUG : CAESinkALSA::GetChannelLayout - Input Channel Count: 2 Output Channel Count: 2
2021-07-14 12:04:10.699 T:4957 DEBUG : CAESinkALSA::GetChannelLayout - Requested Layout: FL, FR
2021-07-14 12:04:10.699 T:4957 DEBUG : CAESinkALSA::GetChannelLayout - Got Layout: FL, FR (ALSA: none)
2021-07-14 12:04:10.699 T:4957 DEBUG : CActiveAESink::OpenSink - ALSA Initialized:
2021-07-14 12:04:10.699 T:4957 DEBUG : Output Device : AML-AUGESOUND
2021-07-14 12:04:10.699 T:4957 DEBUG : Sample Rate : 44100
2021-07-14 12:04:10.699 T:4957 DEBUG : Sample Format : AE_FMT_S16NE
2021-07-14 12:04:10.699 T:4957 DEBUG : Channel Count : 2
2021-07-14 12:04:10.699 T:4957 DEBUG : Channel Layout: FL, FR
2021-07-14 12:04:10.699 T:4957 DEBUG : Frames : 2205
2021-07-14 12:04:10.699 T:4957 DEBUG : Frame Size : 4
2021-07-14 12:04:10.702 T:4956 DEBUG : CActiveAE::ClearDiscardedBuffers - buffer pool deleted
2021-07-14 12:04:10.706 T:4946 INFO : Skipped 1 duplicate messages..
2021-07-14 12:04:10.706 T:4946 DEBUG : CGUIWindowManager::PreviousWindow: Activate new
2021-07-14 12:04:10.713 T:4946 DEBUG : ------ Window Init (MyVideoNav.xml) ------
2021-07-14 12:04:10.716 T:4946 DEBUG : CGUIMediaWindow::GetDirectory (videodb://tvshows/titles/27/-2/?tvshowid=27)
2021-07-14 12:04:10.716 T:4946 DEBUG : ParentPath = [videodb://tvshows/titles/27/-2/?tvshowid=27]
2021-07-14 12:04:10.731 T:4946 DEBUG : WindowVideoNav::GetDirectory
2021-07-14 12:04:10.733 T:5141 DEBUG : Thread BackgroundLoader start, auto delete: false
2021-07-14 12:04:10.745 T:4946 DEBUG : Keyboard: scancode: 0x02, sym: 0x0031, unicode: 0x0031, modifier: 0x0
2021-07-14 12:04:10.749 T:5009 DEBUG : ffmpeg[0x212ffd8X]: [image2] Custom AVIOContext makes no sense and will be ignored with AVFMT_NOFILE format.
2021-07-14 12:04:10.755 T:5141 DEBUG : Thread BackgroundLoader 3421278848 terminating
2021-07-14 12:04:10.757 T:5013 DEBUG : ffmpeg[0x3119c40X]: [image2] Custom AVIOContext makes no sense and will be ignored with AVFMT_NOFILE format.
2021-07-14 12:04:10.758 T:5014 DEBUG : ffmpeg[0x3119df0X]: [image2] Custom AVIOContext makes no sense and will be ignored with AVFMT_NOFILE format.
2021-07-14 12:04:10.761 T:5094 DEBUG : ffmpeg[0x3fb0388X]: [image2] Custom AVIOContext makes no sense and will be ignored with AVFMT_NOFILE format.
2021-07-14 12:04:10.762 T:5013 DEBUG : ffmpeg[0x3119c40X]: [image2] Custom AVIOContext makes no sense and will be ignored with AVFMT_NOFILE format.
2021-07-14 12:04:10.767 T:5014 INFO : Skipped 1 duplicate messages..
2021-07-14 12:04:10.767 T:5014 DEBUG : ffmpeg[0x3119df0X]: [image2] Custom AVIOContext makes no sense and will be ignored with AVFMT_NOFILE format.
2021-07-14 12:04:10.768 T:5094 DEBUG : ffmpeg[0x3fb0388X]: [image2] Custom AVIOContext makes no sense and will be ignored with AVFMT_NOFILE format.
2021-07-14 12:04:10.771 T:5013 DEBUG : ffmpeg[0x3119c40X]: [image2] Custom AVIOContext makes no sense and will be ignored with AVFMT_NOFILE format.
2021-07-14 12:04:10.776 T:5094 DEBUG : ffmpeg[0x3fb0388X]: [image2] Custom AVIOContext makes no sense and will be ignored with AVFMT_NOFILE format.
2021-07-14 12:04:10.801 T:5024 INFO : INFO: EMBY.hooks.player.Player: [ onPlayBackStopped ]
2021-07-14 12:04:10.802 T:5024 DEBUG : DEBUG: EMBY.hooks.player.Player: [ played info ] {'Id': '13107', 'Tracking': True, 'Type': 'episode', 'Volume': 100, 'Muted': False, 'MediaSourceId': '95ecd528caf58d3ad07addab3677c44e', 'EmbyServer': , 'RunTime': 16350781250, 'CurrentPosition': 0, 'Paused': False, 'library': , 'PlaySessionId': '666a43dfaa844914b6f5fdb1a951b27d'}
2021-07-14 12:04:10.803 T:5024 DEBUG : DEBUG: EMBY.core.HTTP: --->[ http ] { "params": { "ItemId": "13107", "MediaSourceId": "95ecd528caf58d3ad07addab3677c44e", "PositionTicks": 0, "PlaySessionId": "666a43dfaa844914b6f5fdb1a951b27d" }, "type": "POST", "url": "http://192.168.1.10:8096/emby/Sessions/Playing/Stopped", "headers": { "Content-type": "application/json", "Accept-Charset": "UTF-8,*", "Accept-encoding": "gzip", "User-Agent": "Emby-Kodi/5.3.2", "Authorization": "Emby Client=Kodi, Device=Kodi (CoreELEC), DeviceId=C86BFD09CCFB4585AC3E449D31D74819, Version=5.3.2, UserId=de8aeadec54b4fa28d3772ebcf026587", "X-Emby-Token": "9cd631b3e7914b5d8ed6207750cefae7" }, "timeout": 30, "verify": true }
2021-07-14 12:04:10.813 T:5024 DEBUG : DEBUG: EMBY.core.HTTP: ---<[ http ][6 ms]
2021-07-14 12:04:10.813 T:5024 INFO : INFO: EMBY.hooks.player.Player: --<[ playback ]
2021-07-14 12:04:11.401 T:5142 INFO : INFO: EMBY.hooks.monitor.Monitor: [ UserDataChanged ] {'ServerId': '582d15c7dab04b7fb851ac18d8445893', 'UserDataList': [{'IsFavorite': False, 'ItemId': '13107', 'LastPlayedDate': '2021-07-14T02:04:06.0000000+00:00', 'PlayCount': 10, 'PlaybackPositionTicks': 0, 'Played': True}, {'IsFavorite': False, 'ItemId': '13106', 'PlayCount': 0, 'PlaybackPositionTicks': 0, 'Played': True, 'UnplayedItemCount': 0}], 'UserId': 'de8aeadec54b4fa28d3772ebcf026587', 'MonitorMethod': 'UserDataChanged'}
2021-07-14 12:04:11.401 T:5142 INFO : INFO: EMBY.hooks.monitor.Monitor: [ skip update/13107 ]
2021-07-14 12:04:11.403 T:5142 DEBUG : DEBUG: EMBY.database.database: --->[ database: emby ] 62124680
2021-07-14 12:04:11.404 T:5142 DEBUG : DEBUG: EMBY.database.database: ---<[ database: emby ] 62124680
2021-07-14 12:04:11.405 T:5142 INFO : INFO: EMBY.hooks.monitor.Monitor: [ skip update/13106 ]
2021-07-14 12:04:11.405 T:5142 INFO : INFO: EMBY.hooks.monitor.Monitor: [ skip reset ]
2021-07-14 12:04:11.798 T:5028 DEBUG : DatabaseUtils::GetSortFieldList: unknown field 36
2021-07-14 12:04:12.885 T:5009 INFO : Skipped 14 duplicate messages..
2021-07-14 12:04:12.885 T:5009 DEBUG : ffmpeg[0x212ffd8X]: [image2] Custom AVIOContext makes no sense and will be ignored with AVFMT_NOFILE format.
2021-07-14 12:04:13.963 T:4973 DEBUG : CLibInputKeyboard::ProcessKey - using delay: 250ms repeat: 33ms
2021-07-14 12:04:13.964 T:5144 DEBUG : Thread Timer start, auto delete: false
2021-07-14 12:04:13.990 T:4946 DEBUG : Keyboard: scancode: 0x6c, sym: 0x0112, unicode: 0x0000, modifier: 0x0
2021-07-14 12:04:13.991 T:4946 DEBUG : HandleKey: down (0xf081) pressed, action is Down
2021-07-14 12:04:14.132 T:5144 DEBUG : Thread Timer 3412886144 terminating
2021-07-14 12:04:14.146 T:4946 DEBUG : Keyboard: scancode: 0x6c, sym: 0x0112, unicode: 0x0000, modifier: 0x0
2021-07-14 12:04:14.475 T:4973 DEBUG : CLibInputKeyboard::ProcessKey - using delay: 250ms repeat: 33ms
2021-07-14 12:04:14.481 T:4946 DEBUG : Keyboard: scancode: 0x1c, sym: 0x000d, unicode: 0x000d, modifier: 0x0
2021-07-14 12:04:14.483 T:5145 DEBUG : Thread Timer start, auto delete: false
2021-07-14 12:04:14.643 T:5145 DEBUG : Thread Timer 3412886144 terminating
2021-07-14 12:04:14.647 T:4946 DEBUG : Keyboard: scancode: 0x1c, sym: 0x000d, unicode: 0x000d, modifier: 0x0
2021-07-14 12:04:14.647 T:4946 DEBUG : HandleKey: return (0xf00d) pressed, action is Select
2021-07-14 12:04:14.659 T:4946 DEBUG : OnPlayMedia http://127.0.0.1:57578/tvshows/12239/13111-e1709acbe4dc426f9331c89658d66d0b-5977845-stream-Mr.Inbetween.S03E02.1080p.WEB.H264-GGEZ.mkv
2021-07-14 12:04:14.665 T:4946 DEBUG : CCurlFile::GetMimeType - http://127.0.0.1:57578/tvshows/12239/13111-e1709acbe4dc426f9331c89658d66d0b-5977845-stream-Mr.Inbetween.S03E02.1080p.WEB.H264-GGEZ.mkv -> video/mp4
2021-07-14 12:04:14.671 T:4946 DEBUG : CPlayerCoreFactory::GetPlayers(http://127.0.0.1:57578/tvshows/12239/13111-e1709acbe4dc426f9331c89658d66d0b-5977845-stream-Mr.Inbetween.S03E02.1080p.WEB.H264-GGEZ.mkv)
2021-07-14 12:04:14.671 T:4946 DEBUG : CPlayerSelectionRule::GetPlayers: considering rule: system rules
2021-07-14 12:04:14.671 T:4946 DEBUG : CPlayerSelectionRule::GetPlayers: matches rule: system rules
2021-07-14 12:04:14.671 T:4946 DEBUG : CPlayerSelectionRule::GetPlayers: considering rule: mms/udp
2021-07-14 12:04:14.671 T:4946 DEBUG : CPlayerSelectionRule::GetPlayers: considering rule: lastfm/shout
2021-07-14 12:04:14.671 T:4946 DEBUG : CPlayerSelectionRule::GetPlayers: considering rule: rtmp
2021-07-14 12:04:14.672 T:4946 DEBUG : CPlayerSelectionRule::GetPlayers: considering rule: rtsp
2021-07-14 12:04:14.672 T:4946 DEBUG : CPlayerSelectionRule::GetPlayers: considering rule: streams
2021-07-14 12:04:14.672 T:4946 DEBUG : CPlayerSelectionRule::GetPlayers: matches rule: streams
2021-07-14 12:04:14.672 T:4946 DEBUG : CPlayerSelectionRule::GetPlayers: considering rule: aacp/sdp
2021-07-14 12:04:14.672 T:4946 DEBUG : CPlayerSelectionRule::GetPlayers: considering rule: mp2
2021-07-14 12:04:14.672 T:4946 DEBUG : CPlayerSelectionRule::GetPlayers: considering rule: dvd
2021-07-14 12:04:14.672 T:4946 DEBUG : CPlayerSelectionRule::GetPlayers: considering rule: discimage
2021-07-14 12:04:14.672 T:4946 DEBUG : CPlayerSelectionRule::GetPlayers: considering rule: sdp/asf
2021-07-14 12:04:14.672 T:4946 DEBUG : CPlayerSelectionRule::GetPlayers: considering rule: nsv
2021-07-14 12:04:14.672 T:4946 DEBUG : CPlayerSelectionRule::GetPlayers: considering rule: radio
2021-07-14 12:04:14.672 T:4946 DEBUG : CPlayerCoreFactory::GetPlayers: matched 0 rules with players
2021-07-14 12:04:14.672 T:4946 DEBUG : CPlayerCoreFactory::GetPlayers: adding videodefaultplayer (VideoPlayer)
2021-07-14 12:04:14.672 T:4946 DEBUG : CPlayerCoreFactory::GetPlayers: for video=1, audio=0
2021-07-14 12:04:14.672 T:4946 DEBUG : CPlayerCoreFactory::GetPlayers: for video=1, audio=1
2021-07-14 12:04:14.672 T:4946 DEBUG : CPlayerCoreFactory::GetPlayers: added 1 players
2021-07-14 12:04:14.673 T:4946 DEBUG : Radio UECP (RDS) Processor - new CDVDRadioRDSData
2021-07-14 12:04:14.673 T:4946 INFO : VideoPlayer::OpenFile: http://127.0.0.1:57578/tvshows/12239/13111-e1709acbe4dc426f9331c89658d66d0b-5977845-stream-Mr.Inbetween.S03E02.1080p.WEB.H264-GGEZ.mkv
2021-07-14 12:04:14.675 T:4946 DEBUG : CCurlFile::GetMimeType - http://127.0.0.1:57578/tvshows/12239/13111-e1709acbe4dc426f9331c89658d66d0b-5977845-stream-Mr.Inbetween.S03E02.1080p.WEB.H264-GGEZ.mkv -> video/mp4
2021-07-14 12:04:14.675 T:5146 DEBUG : Thread VideoPlayer start, auto delete: false
2021-07-14 12:04:14.675 T:4946 DEBUG : OnPlayBackStarted: CApplication::OnPlayBackStarted
2021-07-14 12:04:14.676 T:5146 INFO : Creating InputStream
2021-07-14 12:04:14.676 T:5146 DEBUG : CurlFile::Open(0xc3676570) http://127.0.0.1:57578/tvshows/12239/13111-e1709acbe4dc426f9331c89658d66d0b-5977845-stream-Mr.Inbetween.S03E02.1080p.WEB.H264-GGEZ.mkv
2021-07-14 12:04:14.677 T:5062 DEBUG : DEBUG: EMBY.hooks.player.WebserviceOnPlay: [ query IncommingData ] /tvshows/12239/13111-e1709acbe4dc426f9331c89658d66d0b-5977845-stream-Mr.Inbetween.S03E02.1080p.WEB.H264-GGEZ.mkv
2021-07-14 12:04:14.678 T:5147 DEBUG : Thread BackgroundLoader start, auto delete: false
2021-07-14 12:04:14.684 T:5062 DEBUG : DEBUG: EMBY.database.database: --->[ database: emby ] 3855807776
2021-07-14 12:04:14.685 T:5094 DEBUG : Loading settings for http://127.0.0.1:57578/tvshows/12239/13111-e1709acbe4dc426f9331c89658d66d0b-5977845-stream-Mr.Inbetween.S03E02.1080p.WEB.H264-GGEZ.mkv
2021-07-14 12:04:14.686 T:4946 DEBUG : CVideoGUIInfo::InitCurrentItem(http://127.0.0.1:57578/tvshows/12239/13111-e1709acbe4dc426f9331c89658d66d0b-5977845-stream-Mr.Inbetween.S03E02.1080p.WEB.H264-GGEZ.mkv)
2021-07-14 12:04:14.686 T:4946 DEBUG : CPlayerGUIInfo::InitCurrentItem(http://127.0.0.1:57578/tvshows/12239/13111-e1709acbe4dc426f9331c89658d66d0b-5977845-stream-Mr.Inbetween.S03E02.1080p.WEB.H264-GGEZ.mkv)
2021-07-14 12:04:14.690 T:5062 DEBUG : DEBUG: EMBY.database.database: ---<[ database: emby ] 3855807776
2021-07-14 12:04:14.696 T:5146 DEBUG : CCurlFile::Open - effective URL:
2021-07-14 12:04:14.697 T:5146 DEBUG : CFileCache::Open - opening
2021-07-14 12:04:14.697 T:5146 DEBUG : CurlFile::Open(0xe5f866d8) http://192.168.1.10:8096/emby/videos/13111/stream?static=true&MediaSourceId=e1709acbe4dc426f9331c89658d66d0b&PlaySessionId=717633583929487c98bc34658110f874&DeviceId=C86BFD09CCFB4585AC3E449D31D74819&api_key=9cd631b3e7914b5d8ed6207750cefae7&Mr.Inbetween.S03E02.1080p.WEB.H264-GGEZ.mkv
2021-07-14 12:04:14.700 T:5146 DEBUG : CFileCache::Open - source chunk size is 0, setting cache chunk size to 131072
2021-07-14 12:04:14.700 T:5146 DEBUG : CFileCache::Open - using double memory cache each sized 10485760 bytes
2021-07-14 12:04:14.705 T:5147 DEBUG : Thread BackgroundLoader 3421278848 terminating
2021-07-14 12:04:14.705 T:5148 DEBUG : Thread FileCache start, auto delete: false
2021-07-14 12:04:14.705 T:5146 INFO : Creating Demuxer
2021-07-14 12:04:14.706 T:5146 DEBUG : Open - probing detected format [matroska,webm]
2021-07-14 12:04:14.706 T:5146 DEBUG : Open - avformat_find_stream_info starting
2021-07-14 12:04:14.722 T:5024 INFO : INFO: EMBY.hooks.player.Player: [ onPlayBackStarted ]
2021-07-14 12:04:14.725 T:5152 INFO : INFO: EMBY.hooks.player.Player: [ OnPlay ] {'item': {'id': 903, 'type': 'episode'}, 'player': {'playerid': 1, 'speed': 1}, 'MonitorMethod': 'Player.OnPlay'}
2021-07-14 12:04:14.729 T:5152 DEBUG : DEBUG: EMBY.database.database: --->[ database: emby ] 3492721088
