2021-07-14 12:05:09.977 T:4956 DEBUG : ActiveAE - start sync of audio stream
2021-07-14 12:05:09.977 T:5351 DEBUG : CVideoPlayerVideo - CDVDMsg::GENERAL_RESYNC(-211705.147316)
2021-07-14 12:05:09.978 T:5351 DEBUG : CVideoPlayerVideo - OUTPUT_AGAIN - vfmt, interlace should be checked.
2021-07-14 12:05:09.978 T:5351 DEBUG : CVideoPlayerVideo::OutputPicture - ttd:250ms pts:0.042 Clock:-0.208 Level:0
2021-07-14 12:05:09.979 T:5351 DEBUG : CVideoPlayerVideo - CDVDMsg::DEMUXER_PACKET - checking interlace vfmt: progressive
2021-07-14 12:05:09.979 T:5013 DEBUG : OnAVStarted: CApplication::OnAVStarted
2021-07-14 12:05:09.980 T:5351 DEBUG : CVideoPlayerVideo::OutputPicture - ttd:289ms pts:0.083 Clock:-0.207 Level:1
2021-07-14 12:05:09.981 T:5348 DEBUG : CVideoPlayer::ProcessVideoData size:67962 dts:7.883 pts:8.133 dur:41.000ms, clock:-0.206 level:92
2021-07-14 12:05:09.981 T:5348 DEBUG : CVideoPlayer::ProcessVideoData size:14800 dts:7.925 pts:8.008 dur:41.000ms, clock:-0.205 level:93
2021-07-14 12:05:09.982 T:5348 DEBUG : CVideoPlayer::ProcessVideoData size:3258 dts:7.966 pts:7.966 dur:41.000ms, clock:-0.205 level:93
2021-07-14 12:05:09.982 T:5348 DEBUG : CVideoPlayer::ProcessVideoData size:5257 dts:8.008 pts:8.050 dur:41.000ms, clock:-0.205 level:94
2021-07-14 12:05:09.982 T:5348 DEBUG : CVideoPlayer::ProcessVideoData size:4635 dts:8.050 pts:8.091 dur:41.000ms, clock:-0.205 level:94
2021-07-14 12:05:09.983 T:5351 DEBUG : CVideoPlayerVideo::OutputPicture - ttd:328ms pts:0.125 Clock:-0.203 Level:2
2021-07-14 12:05:09.985 T:5351 DEBUG : CVideoPlayerVideo::OutputPicture - ttd:369ms pts:0.167 Clock:-0.202 Level:3
2021-07-14 12:05:09.986 T:5351 DEBUG : CVideoPlayerVideo::OutputPicture - ttd:409ms pts:0.209 Clock:-0.201 Level:4
2021-07-14 12:05:09.992 T:4946 DEBUG : Activating window ID: 12005
2021-07-14 12:05:09.995 T:4946 DEBUG : ------ Window Deinit (MyVideoNav.xml) ------
2021-07-14 12:05:09.996 T:4946 DEBUG : FreeVisualisation() done
2021-07-14 12:05:09.998 T:4946 DEBUG : ------ Window Init (VideoFullScreen.xml) ------
2021-07-14 12:05:09.999 T:4946 INFO : [WHITELIST] Searching the whitelist for: width: 1920, height: 1080, fps: 23.976, 3D: false
2021-07-14 12:05:09.999 T:4946 DEBUG : [WHITELIST] Using the default whitelist because the user whitelist is empty
2021-07-14 12:05:09.999 T:4946 DEBUG : [WHITELIST] Searching for an exact resolution with an exact refresh rate
2021-07-14 12:05:09.999 T:4946 DEBUG : [WHITELIST] Matched an exact resolution with an exact refresh rate 1920x1080 @ 23.98 - Full Screen (32)
2021-07-14 12:05:09.999 T:4946 DEBUG : [WHITELIST] Searching for an exact resolution with double the refresh rate
2021-07-14 12:05:09.999 T:4946 INFO : Display resolution ADJUST : 1920x1080 @ 23.98 - Full Screen (32) (weight: -4525491597834111111878557158080512.000)
2021-07-14 12:05:09.999 T:4946 INFO : VideoPlayer: OnLostDisplay received
2021-07-14 12:05:09.999 T:4946 DEBUG : AMLUtils::aml_handle_display_stereo_mode old mode 3doff new mode 3doff
2021-07-14 12:05:10.000 T:4946 DEBUG : AMLUtils::aml_handle_display_stereo_mode - no change needed
2021-07-14 12:05:10.000 T:4946 ERROR : GetString: error reading /sys/class/amhdmitx/amhdmitx0/custom_mode
2021-07-14 12:05:10.003 T:5351 DEBUG : CVideoPlayerVideo - CDVDMsg::GENERAL_PAUSE: 1
2021-07-14 12:05:10.040 T:5024 INFO : INFO: EMBY.hooks.player.Player: [ onAVChange ]
2021-07-14 12:05:10.041 T:5024 INFO : INFO: EMBY.hooks.player.Player: [ onAVStarted ]
2021-07-14 12:05:10.042 T:5369 INFO : INFO: EMBY.hooks.player.Player: [ ThreadAVStarted ]
2021-07-14 12:05:10.042 T:5369 INFO : INFO: EMBY.hooks.player.Player: -->[ play/13127 ] {'Id': '13127', 'Tracking': True, 'Type': 'episode', 'Volume': 100, 'Muted': False, 'MediaSourceId': 'cad471adcb720a884cb2bf97fff172cb', 'EmbyServer': , 'RunTime': 0, 'CurrentPosition': 0, 'Paused': False, 'library': , 'PlaySessionId': '624a2c05d06347929251bc70ee349d84'}
2021-07-14 12:05:10.042 T:5369 DEBUG : DEBUG: EMBY.core.HTTP: --->[ http ] { "params": { "ItemId": "13127", "MediaSourceId": "cad471adcb720a884cb2bf97fff172cb", "PlaySessionId": "624a2c05d06347929251bc70ee349d84" }, "type": "POST", "url": "http://192.168.1.10:8096/emby/Sessions/Playing", "headers": { "Content-type": "application/json", "Accept-Charset": "UTF-8,*", "Accept-encoding": "gzip", "User-Agent": "Emby-Kodi/5.3.2", "Authorization": "Emby Client=Kodi, Device=Kodi (CoreELEC), DeviceId=C86BFD09CCFB4585AC3E449D31D74819, Version=5.3.2, UserId=de8aeadec54b4fa28d3772ebcf026587", "X-Emby-Token": "9cd631b3e7914b5d8ed6207750cefae7" }, "timeout": 30, "verify": true }
2021-07-14 12:05:10.056 T:5369 DEBUG : DEBUG: EMBY.core.HTTP: ---<[ http ][8 ms]
2021-07-14 12:05:10.057 T:5369 DEBUG : DEBUG: EMBY.core.HTTP: --->[ http ] { "params": { "ItemId": "13127", "MediaSourceId": "cad471adcb720a884cb2bf97fff172cb", "PositionTicks": 0, "RunTimeTicks": 14649660644, "CanSeek": true, "QueueableMediaTypes": "Video,Audio", "VolumeLevel": 100, "IsPaused": false, "IsMuted": false, "PlaySessionId": "624a2c05d06347929251bc70ee349d84" }, "type": "POST", "url": "http://192.168.1.10:8096/emby/Sessions/Playing/Progress", "headers": { "Content-type": "application/json", "Accept-Charset": "UTF-8,*", "Accept-encoding": "gzip", "User-Agent": "Emby-Kodi/5.3.2", "Authorization": "Emby Client=Kodi, Device=Kodi (CoreELEC), DeviceId=C86BFD09CCFB4585AC3E449D31D74819, Version=5.3.2, UserId=de8aeadec54b4fa28d3772ebcf026587", "X-Emby-Token": "9cd631b3e7914b5d8ed6207750cefae7" }, "timeout": 30, "verify": true }
2021-07-14 12:05:10.064 T:5352 DEBUG : CVideoPlayerAudio - CDVDMsg::GENERAL_PAUSE: 1
2021-07-14 12:05:10.067 T:5369 DEBUG : DEBUG: EMBY.core.HTTP: ---<[ http ][5 ms]
2021-07-14 12:05:10.114 T:4956 DEBUG : ActiveAE::SyncStream - average error of 53.829620, start adjusting
2021-07-14 12:05:10.114 T:4956 DEBUG : ActiveAE::SyncStream - average error 21.829620 below threshold of 30.000000
2021-07-14 12:05:10.415 T:4946 DEBUG : AMLUtils::aml_handle_display_stereo_mode old mode 3doff new mode 3doff
2021-07-14 12:05:10.416 T:4946 DEBUG : AMLUtils::aml_handle_display_stereo_mode - no change needed
2021-07-14 12:05:10.416 T:4946 INFO : VideoPlayer: OnResetDisplay received
2021-07-14 12:05:10.416 T:5352 DEBUG : CVideoPlayerAudio - CDVDMsg::GENERAL_PAUSE: 0
2021-07-14 12:05:10.417 T:5351 DEBUG : CVideoPlayerVideo - CDVDMsg::GENERAL_PAUSE: 0
2021-07-14 12:05:10.418 T:4946 INFO : GLES: Maximum texture width: 8192
2021-07-14 12:05:10.434 T:5351 DEBUG : CVideoPlayerVideo - CDVDMsg::DEMUXER_PACKET - checking interlace vfmt: progressive
2021-07-14 12:05:10.438 T:4946 DEBUG : ------ Window Deinit (DialogBusy.xml) ------
2021-07-14 12:05:10.444 T:4946 DEBUG : CAMLCodec::SetVideoRect:display(0,0,1920,1080)
2021-07-14 12:05:10.444 T:4946 DEBUG : CAMLCodec::SetVideoRect:gui(0,0,1920,1080)
2021-07-14 12:05:10.444 T:4946 DEBUG : CAMLCodec::SetVideoRect:m_dst_rect(0,0,1920,1080)
2021-07-14 12:05:10.445 T:4946 DEBUG : CAMLCodec::SetVideoRect:dst_rect(0,0,1920,1080)
2021-07-14 12:05:10.445 T:4946 DEBUG : CAMLCodec::SetVideoRect:m_guiStereoMode(0)
2021-07-14 12:05:10.445 T:4946 DEBUG : CAMLCodec::SetVideoRect:m_guiStereoView(0)
2021-07-14 12:05:10.454 T:5094 DEBUG : OnAVChange: CApplication::OnAVChange
2021-07-14 12:05:10.454 T:5348 DEBUG : CVideoPlayer::ProcessVideoData size:68089 dts:8.091 pts:8.342 dur:41.000ms, clock:-0.150 level:90
2021-07-14 12:05:10.455 T:5348 DEBUG : CVideoPlayer::ProcessVideoData size:54976 dts:8.133 pts:8.217 dur:41.000ms, clock:-0.150 level:91
2021-07-14 12:05:10.455 T:5348 DEBUG : CVideoPlayer::ProcessVideoData size:13031 dts:8.175 pts:8.175 dur:41.000ms, clock:-0.149 level:91
2021-07-14 12:05:10.456 T:5348 DEBUG : CVideoPlayer::ProcessVideoData size:36652 dts:8.217 pts:8.258 dur:41.000ms, clock:-0.149 level:92
2021-07-14 12:05:10.456 T:5348 DEBUG : CVideoPlayer::ProcessVideoData size:19805 dts:8.258 pts:8.300 dur:41.000ms, clock:-0.148 level:92
2021-07-14 12:05:10.458 T:5348 DEBUG : CVideoPlayer::ProcessVideoData size:64938 dts:8.300 pts:8.550 dur:41.000ms, clock:-0.147 level:92
2021-07-14 12:05:10.458 T:5348 DEBUG : CVideoPlayer::ProcessVideoData size:19342 dts:8.342 pts:8.425 dur:41.000ms, clock:-0.146 level:93
2021-07-14 12:05:10.459 T:5348 DEBUG : CVideoPlayer::ProcessVideoData size:13326 dts:8.383 pts:8.383 dur:41.000ms, clock:-0.146 level:93
2021-07-14 12:05:10.459 T:5348 DEBUG : CVideoPlayer::ProcessVideoData size:25246 dts:8.425 pts:8.467 dur:41.000ms, clock:-0.145 level:94
2021-07-14 12:05:10.460 T:5348 DEBUG : CVideoPlayer::ProcessVideoData size:4997 dts:8.467 pts:8.508 dur:41.000ms, clock:-0.145 level:94
2021-07-14 12:05:10.460 T:5348 DEBUG : CVideoPlayer::ProcessVideoData size:55254 dts:8.508 pts:8.675 dur:41.000ms, clock:-0.144 level:95
2021-07-14 12:05:10.461 T:5348 DEBUG : CVideoPlayer::ProcessVideoData size:5731 dts:8.550 pts:8.592 dur:41.000ms, clock:-0.144 level:95
2021-07-14 12:05:10.461 T:5348 DEBUG : CVideoPlayer::ProcessVideoData size:3767 dts:8.592 pts:8.634 dur:41.000ms, clock:-0.144 level:96
2021-07-14 12:05:10.461 T:5351 DEBUG : CVideoPlayerVideo - CDVDMsg::DEMUXER_PACKET - checking interlace vfmt: progressive
2021-07-14 12:05:10.512 T:5351 INFO : Skipped 1 duplicate messages..
2021-07-14 12:05:10.512 T:5351 DEBUG : CVideoPlayerVideo::OutputPicture - ttd:343ms pts:0.250 Clock:-0.093 Level:3
2021-07-14 12:05:10.513 T:5351 DEBUG : CVideoPlayerVideo::OutputPicture - ttd:383ms pts:0.292 Clock:-0.092 Level:4
2021-07-14 12:05:10.547 T:5372 DEBUG : DEBUG: EMBY.core.HTTP: --->[ http ] { "params": { "ItemId": "13127", "MediaSourceId": "cad471adcb720a884cb2bf97fff172cb", "PositionTicks": 0, "RunTimeTicks": 14649660644, "CanSeek": true, "QueueableMediaTypes": "Video,Audio", "VolumeLevel": 100, "IsPaused": false, "IsMuted": false, "PlaySessionId": "624a2c05d06347929251bc70ee349d84" }, "type": "POST", "url": "http://192.168.1.10:8096/emby/Sessions/Playing/Progress", "headers": { "Content-type": "application/json", "Accept-Charset": "UTF-8,*", "Accept-encoding": "gzip", "User-Agent": "Emby-Kodi/5.3.2", "Authorization": "Emby Client=Kodi, Device=Kodi (CoreELEC), DeviceId=C86BFD09CCFB4585AC3E449D31D74819, Version=5.3.2, UserId=de8aeadec54b4fa28d3772ebcf026587", "X-Emby-Token": "9cd631b3e7914b5d8ed6207750cefae7" }, "timeout": 30, "verify": true }
2021-07-14 12:05:10.548 T:5024 INFO : INFO: EMBY.hooks.player.Player: [ onAVChange ]
2021-07-14 12:05:10.561 T:5372 DEBUG : DEBUG: EMBY.core.HTTP: ---<[ http ][8 ms]
2021-07-14 12:05:10.573 T:5348 DEBUG : CVideoPlayer::ProcessVideoData size:78013 dts:8.634 pts:8.842 dur:41.000ms, clock:-0.031 level:91
2021-07-14 12:05:10.574 T:5348 DEBUG : CVideoPlayer::ProcessVideoData size:13649 dts:8.675 pts:8.759 dur:41.000ms, clock:-0.031 level:92
2021-07-14 12:05:10.574 T:5348 DEBUG : CVideoPlayer::ProcessVideoData size:3559 dts:8.717 pts:8.717 dur:41.000ms, clock:-0.031 level:92
2021-07-14 12:05:10.574 T:5348 DEBUG : CVideoPlayer::ProcessVideoData size:5070 dts:8.759 pts:8.800 dur:41.000ms, clock:-0.031 level:93
2021-07-14 12:05:10.594 T:5351 DEBUG : CVideoPlayerVideo::OutputPicture - ttd:344ms pts:0.334 Clock:-0.011 Level:4
2021-07-14 12:05:10.595 T:5351 DEBUG : CVideoPlayerVideo::OutputPicture - ttd:384ms pts:0.375 Clock:-0.010 Level:5
2021-07-14 12:05:10.649 T:5373 INFO : INFO: EMBY.hooks.monitor.Monitor: [ UserDataChanged ] {'ServerId': '582d15c7dab04b7fb851ac18d8445893', 'UserDataList': [{'IsFavorite': False, 'ItemId': '13127', 'LastPlayedDate': '2021-07-14T02:05:10.0000000+00:00', 'PlayCount': 6, 'PlaybackPositionTicks': 0, 'Played': True}], 'UserId': 'de8aeadec54b4fa28d3772ebcf026587', 'MonitorMethod': 'UserDataChanged'}
2021-07-14 12:05:10.649 T:5373 INFO : INFO: EMBY.hooks.monitor.Monitor: [ skip update/13127 ]
2021-07-14 12:05:10.665 T:5348 DEBUG : CVideoPlayer::ProcessVideoData size:79733 dts:8.800 pts:9.051 dur:41.000ms, clock:0.061 level:93
2021-07-14 12:05:10.666 T:5348 DEBUG : CVideoPlayer::ProcessVideoData size:30028 dts:8.842 pts:8.926 dur:41.000ms, clock:0.061 level:93
2021-07-14 12:05:10.667 T:5348 DEBUG : CVideoPlayer::ProcessVideoData size:30917 dts:8.884 pts:8.884 dur:41.000ms, clock:0.062 level:94
2021-07-14 12:05:10.668 T:5348 DEBUG : CVideoPlayer::ProcessVideoData size:49018 dts:8.926 pts:8.967 dur:41.000ms, clock:0.063 level:94
2021-07-14 12:05:10.668 T:5348 DEBUG : CVideoPlayer::ProcessVideoData size:19509 dts:8.967 pts:9.009 dur:41.000ms, clock:0.063 level:95
2021-07-14 12:05:10.761 T:5351 DEBUG : CVideoPlayerVideo::OutputPicture - ttd:260ms pts:0.417 Clock:0.156 Level:2
2021-07-14 12:05:10.762 T:5351 DEBUG : CVideoPlayerVideo::OutputPicture - ttd:301ms pts:0.459 Clock:0.158 Level:3
2021-07-14 12:05:10.800 T:5351 DEBUG : CVideoPlayerVideo::OutputPicture - ttd:304ms pts:0.500 Clock:0.195 Level:3
2021-07-14 12:05:10.843 T:5351 DEBUG : CVideoPlayerVideo::OutputPicture - ttd:303ms pts:0.542 Clock:0.239 Level:3
2021-07-14 12:05:10.844 T:5351 DEBUG : CVideoPlayerVideo::OutputPicture - ttd:344ms pts:0.584 Clock:0.240 Level:4
2021-07-14 12:05:10.966 T:5351 DEBUG : CVideoPlayerVideo::OutputPicture - ttd:264ms pts:0.626 Clock:0.362 Level:2
2021-07-14 12:05:10.968 T:5351 DEBUG : CVideoPlayerVideo::OutputPicture - ttd:303ms pts:0.667 Clock:0.363 Level:3
2021-07-14 12:05:10.972 T:5348 DEBUG : CVideoPlayer::ProcessVideoData size:64522 dts:9.009 pts:9.259 dur:41.000ms, clock:0.367 level:92
2021-07-14 12:05:10.973 T:5348 DEBUG : CVideoPlayer::ProcessVideoData size:53834 dts:9.051 pts:9.134 dur:41.000ms, clock:0.368 level:92
2021-07-14 12:05:10.973 T:5348 DEBUG : CVideoPlayer::ProcessVideoData size:6399 dts:9.092 pts:9.092 dur:41.000ms, clock:0.368 level:93
2021-07-14 12:05:10.973 T:5348 DEBUG : CVideoPlayer::ProcessVideoData size:14418 dts:9.134 pts:9.176 dur:41.000ms, clock:0.368 level:93
2021-07-14 12:05:10.973 T:5348 DEBUG : CVideoPlayer::ProcessVideoData size:6453 dts:9.176 pts:9.218 dur:41.000ms, clock:0.368 level:94
2021-07-14 12:05:11.011 T:5351 DEBUG : CVideoPlayerVideo::OutputPicture - ttd:302ms pts:0.709 Clock:0.406 Level:3
2021-07-14 12:05:11.048 T:5351 DEBUG : CVideoPlayerVideo::OutputPicture - ttd:307ms pts:0.751 Clock:0.444 Level:3
2021-07-14 12:05:11.050 T:5351 DEBUG : CVideoPlayerVideo::OutputPicture - ttd:346ms pts:0.792 Clock:0.445 Level:4
2021-07-14 12:05:11.103 T:5025 DEBUG : DatabaseUtils::GetSortFieldList: unknown field 36
2021-07-14 12:05:11.114 T:4956 DEBUG : ActiveAE::SyncStream - average error 356.890615 above threshold of 100.000000
2021-07-14 12:05:11.178 T:5351 DEBUG : CVideoPlayerVideo::OutputPicture - ttd:260ms pts:0.834 Clock:0.574 Level:2
2021-07-14 12:05:11.180 T:5351 DEBUG : CVideoPlayerVideo::OutputPicture - ttd:301ms pts:0.876 Clock:0.575 Level:3
2021-07-14 12:05:11.217 T:5348 DEBUG : CVideoPlayer::ProcessVideoData size:75766 dts:9.218 pts:9.468 dur:41.000ms, clock:0.613 level:91
2021-07-14 12:05:11.218 T:5348 DEBUG : CVideoPlayer::ProcessVideoData size:75152 dts:9.259 pts:9.343 dur:41.000ms, clock:0.613 level:92
2021-07-14 12:05:11.218 T:5348 DEBUG : CVideoPlayer::ProcessVideoData size:20203 dts:9.301 pts:9.301 dur:41.000ms, clock:0.613 level:92
2021-07-14 12:05:11.218 T:5348 DEBUG : CVideoPlayer::ProcessVideoData size:10748 dts:9.343 pts:9.384 dur:41.000ms, clock:0.614 level:93
2021-07-14 12:05:11.218 T:5348 DEBUG : CVideoPlayer::ProcessVideoData size:14635 dts:9.384 pts:9.426 dur:41.000ms, clock:0.614 level:93
2021-07-14 12:05:11.220 T:5351 DEBUG : CVideoPlayerVideo::OutputPicture - ttd:302ms pts:0.918 Clock:0.615 Level:3
2021-07-14 12:05:11.263 T:5351 DEBUG : CVideoPlayerVideo::OutputPicture - ttd:300ms pts:0.959 Clock:0.659 Level:3
2021-07-14 12:05:11.265 T:5351 DEBUG : CVideoPlayerVideo::OutputPicture - ttd:340ms pts:1.001 Clock:0.660 Level:4
2021-07-14 12:05:11.386 T:5351 DEBUG : CVideoPlayerVideo::OutputPicture - ttd:261ms pts:1.043 Clock:0.782 Level:2
2021-07-14 12:05:11.388 T:5351 DEBUG : CVideoPlayerVideo::OutputPicture - ttd:300ms pts:1.084 Clock:0.783 Level:3
2021-07-14 12:05:11.414 T:4956 DEBUG : ActiveAE::SyncStream - average error 4.890615, last average error: 356.890615
2021-07-14 12:05:11.425 T:5351 DEBUG : CVideoPlayerVideo::OutputPicture - ttd:305ms pts:1.126 Clock:0.821 Level:3
2021-07-14 12:05:11.426 T:5351 DEBUG : CVideoPlayerVideo::OutputPicture - ttd:346ms pts:1.168 Clock:0.822 Level:4
2021-07-14 12:05:11.514 T:4956 DEBUG : ActiveAE::SyncStream - average error of 39.327008, start adjusting
2021-07-14 12:05:11.514 T:4956 DEBUG : ActiveAE::SyncStream - average error 7.327008 below threshold of 30.000000
2021-07-14 12:05:11.555 T:5351 DEBUG : CVideoPlayerVideo::OutputPicture - ttd:259ms pts:1.210 Clock:0.950 Level:2
2021-07-14 12:05:11.556 T:5351 DEBUG : CVideoPlayerVideo::OutputPicture - ttd:299ms pts:1.251 Clock:0.952 Level:3
2021-07-14 12:05:11.593 T:5351 DEBUG : CVideoPlayerVideo::OutputPicture - ttd:304ms pts:1.293 Clock:0.989 Level:3
2021-07-14 12:05:11.637 T:5351 DEBUG : CVideoPlayerVideo::OutputPicture - ttd:302ms pts:1.335 Clock:1.032 Level:3
2021-07-14 12:05:11.638 T:5351 DEBUG : CVideoPlayerVideo::OutputPicture - ttd:342ms pts:1.376 Clock:1.034 Level:4
2021-07-14 12:05:11.718 T:5351 DEBUG : CVideoPlayerVideo::OutputPicture - ttd:304ms pts:1.418 Clock:1.113 Level:3
2021-07-14 12:05:11.761 T:5351 DEBUG : CVideoPlayerVideo::OutputPicture - ttd:303ms pts:1.460 Clock:1.157 Level:3
2021-07-14 12:05:11.762 T:5351 DEBUG : CVideoPlayerVideo::OutputPicture - ttd:343ms pts:1.501 Clock:1.158 Level:4
2021-07-14 12:05:11.816 T:5348 DEBUG : CVideoPlayer::ProcessVideoData size:67892 dts:9.426 pts:9.593 dur:41.000ms, clock:1.211 level:86
2021-07-14 12:05:11.816 T:5348 DEBUG : CVideoPlayer::ProcessVideoData size:37303 dts:9.468 pts:9.509 dur:41.000ms, clock:1.211 level:87
2021-07-14 12:05:11.816 T:5348 DEBUG : CVideoPlayer::ProcessVideoData size:14349 dts:9.509 pts:9.551 dur:41.000ms, clock:1.211 level:87
2021-07-14 12:05:11.817 T:5348 DEBUG : CVideoPlayer::ProcessVideoData size:74176 dts:9.551 pts:9.801 dur:41.000ms, clock:1.212 level:88
2021-07-14 12:05:11.817 T:5348 DEBUG : CVideoPlayer::ProcessVideoData size:15125 dts:9.593 pts:9.676 dur:41.000ms, clock:1.212 level:88
2021-07-14 12:05:11.817 T:5348 DEBUG : CVideoPlayer::ProcessVideoData size:7056 dts:9.635 pts:9.635 dur:41.000ms, clock:1.212 level:89
2021-07-14 12:05:11.817 T:5348 DEBUG : CVideoPlayer::ProcessVideoData size:5538 dts:9.676 pts:9.718 dur:41.000ms, clock:1.213 level:89
2021-07-14 12:05:11.817 T:5348 DEBUG : CVideoPlayer::ProcessVideoData size:5240 dts:9.718 pts:9.760 dur:41.000ms, clock:1.213 level:90
2021-07-14 12:05:11.843 T:5351 DEBUG : CVideoPlayerVideo::OutputPicture - ttd:304ms pts:1.543 Clock:1.239 Level:3
2021-07-14 12:05:11.845 T:5351 DEBUG : CVideoPlayerVideo::OutputPicture - ttd:344ms pts:1.585 Clock:1.240 Level:4
2021-07-14 12:05:11.973 T:5351 DEBUG : CVideoPlayerVideo::OutputPicture - ttd:258ms pts:1.627 Clock:1.368 Level:2
2021-07-14 12:05:11.974 T:5351 DEBUG : CVideoPlayerVideo::OutputPicture - ttd:298ms pts:1.668 Clock:1.369 Level:3
2021-07-14 12:05:12.011 T:5351 DEBUG : CVideoPlayerVideo::OutputPicture - ttd:303ms pts:1.710 Clock:1.407 Level:3
2021-07-14 12:05:12.013 T:5351 DEBUG : CVideoPlayerVideo::OutputPicture - ttd:343ms pts:1.752 Clock:1.408 Level:4
2021-07-14 12:05:12.020 T:5348 DEBUG : CVideoPlayer::ProcessVideoData size:53691 dts:9.760 pts:9.927 dur:41.000ms, clock:1.416 level:88
2021-07-14 12:05:12.020 T:5348 DEBUG : CVideoPlayer::ProcessVideoData size:9673 dts:9.801 pts:9.843 dur:41.000ms, clock:1.416 level:88
2021-07-14 12:05:12.020 T:5348 DEBUG : CVideoPlayer::ProcessVideoData size:4086 dts:9.843 pts:9.885 dur:41.000ms, clock:1.416 level:89
2021-07-14 12:05:12.021 T:5348 DEBUG : CVideoPlayer::ProcessVideoData size:14661 dts:9.885 pts:9.968 dur:41.000ms, clock:1.416 level:89
2021-07-14 12:05:12.022 T:5348 DEBUG : CVideoPlayer::ProcessVideoData size:271375 dts:9.927 pts:10.010 dur:41.000ms, clock:1.417 level:90
2021-07-14 12:05:12.135 T:5351 DEBUG : CVideoPlayerVideo::OutputPicture - ttd:262ms pts:1.793 Clock:1.530 Level:2
2021-07-14 12:05:12.136 T:5351 DEBUG : CVideoPlayerVideo::OutputPicture - ttd:303ms pts:1.835 Clock:1.532 Level:3
2021-07-14 12:05:12.180 T:5351 DEBUG : CVideoPlayerVideo::OutputPicture - ttd:301ms pts:1.877 Clock:1.576 Level:3
2021-07-14 12:05:12.181 T:5351 DEBUG : CVideoPlayerVideo::OutputPicture - ttd:342ms pts:1.919 Clock:1.577 Level:4
2021-07-14 12:05:12.219 T:5351 DEBUG : CVideoPlayerVideo::OutputPicture - ttd:345ms pts:1.960 Clock:1.614 Level:4
2021-07-14 12:05:12.265 T:5348 DEBUG : CVideoPlayer::ProcessVideoData size:37369 dts:9.968 pts:10.052 dur:41.000ms, clock:1.661 level:88
2021-07-14 12:05:12.266 T:5348 DEBUG : CVideoPlayer::ProcessVideoData size:48964 dts:10.010 pts:10.177 dur:41.000ms, clock:1.661 level:88
2021-07-14 12:05:12.266 T:5348 DEBUG : CVideoPlayer::ProcessVideoData size:33710 dts:10.052 pts:10.093 dur:41.000ms, clock:1.661 level:89
2021-07-14 12:05:12.266 T:5348 DEBUG : CVideoPlayer::ProcessVideoData size:5508 dts:10.093 pts:10.135 dur:41.000ms, clock:1.662 level:89
2021-07-14 12:05:12.267 T:5348 DEBUG : CVideoPlayer::ProcessVideoData size:39969 dts:10.135 pts:10.260 dur:41.000ms, clock:1.662 level:90
2021-07-14 12:05:12.267 T:5348 DEBUG : CVideoPlayer::ProcessVideoData size:3242 dts:10.177 pts:10.219 dur:41.000ms, clock:1.662 level:90
2021-07-14 12:05:12.347 T:5351 DEBUG : CVideoPlayerVideo::OutputPicture - ttd:259ms pts:2.002 Clock:1.742 Level:2
2021-07-14 12:05:12.348 T:5351 DEBUG : CVideoPlayerVideo::OutputPicture - ttd:300ms pts:2.044 Clock:1.744 Level:3
2021-07-14 12:05:12.386 T:5351 DEBUG : CVideoPlayerVideo::OutputPicture - ttd:303ms pts:2.085 Clock:1.781 Level:3
2021-07-14 12:05:12.387 T:5351 DEBUG : CVideoPlayerVideo::OutputPicture - ttd:344ms pts:2.127 Clock:1.782 Level:4
2021-07-14 12:05:12.509 T:5351 DEBUG : CVideoPlayerVideo::OutputPicture - ttd:264ms pts:2.169 Clock:1.904 Level:2
2021-07-14 12:05:12.510 T:5351 DEBUG : CVideoPlayerVideo::OutputPicture - ttd:305ms pts:2.211 Clock:1.906 Level:3
2021-07-14 12:05:12.554 T:5351 DEBUG : CVideoPlayerVideo::OutputPicture - ttd:302ms pts:2.252 Clock:1.949 Level:3
2021-07-14 12:05:12.571 T:5348 DEBUG : CVideoPlayer::ProcessVideoData size:45970 dts:10.219 pts:10.469 dur:41.000ms, clock:1.967 level:87
2021-07-14 12:05:12.572 T:5348 DEBUG : CVideoPlayer::ProcessVideoData size:34425 dts:10.260 pts:10.344 dur:41.000ms, clock:1.967 level:87
2021-07-14 12:05:12.572 T:5348 DEBUG : CVideoPlayer::ProcessVideoData size:8161 dts:10.302 pts:10.302 dur:41.000ms, clock:1.967 level:88
2021-07-14 12:05:12.572 T:5348 DEBUG : CVideoPlayer::ProcessVideoData size:36073 dts:10.344 pts:10.385 dur:41.000ms, clock:1.968 level:88
2021-07-14 12:05:12.573 T:5348 DEBUG : CVideoPlayer::ProcessVideoData size:11515 dts:10.385 pts:10.427 dur:41.000ms, clock:1.968 level:89
2021-07-14 12:05:12.573 T:5348 DEBUG : CVideoPlayer::ProcessVideoData size:59768 dts:10.427 pts:10.510 dur:41.000ms, clock:1.968 level:89
2021-07-14 12:05:12.593 T:5351 DEBUG : CVideoPlayerVideo::OutputPicture - ttd:305ms pts:2.294 Clock:1.989 Level:3
2021-07-14 12:05:12.594 T:5351 DEBUG : CVideoPlayerVideo::OutputPicture - ttd:346ms pts:2.336 Clock:1.990 Level:4
2021-07-14 12:05:12.722 T:5351 DEBUG : CVideoPlayerVideo::OutputPicture - ttd:259ms pts:2.377 Clock:2.118 Level:2
2021-07-14 12:05:12.724 T:5351 DEBUG : CVideoPlayerVideo::OutputPicture - ttd:299ms pts:2.419 Clock:2.119 Level:3
2021-07-14 12:05:12.761 T:5351 DEBUG : CVideoPlayerVideo::OutputPicture - ttd:304ms pts:2.461 Clock:2.156 Level:3
2021-07-14 12:05:12.762 T:5351 DEBUG : CVideoPlayerVideo::OutputPicture - ttd:344ms pts:2.502 Clock:2.158 Level:4
2021-07-14 12:05:12.817 T:5348 DEBUG : CVideoPlayer::ProcessVideoData size:53978 dts:10.469 pts:10.719 dur:41.000ms, clock:2.212 level:87
2021-07-14 12:05:12.817 T:5348 DEBUG : CVideoPlayer::ProcessVideoData size:22937 dts:10.510 pts:10.594 dur:41.000ms, clock:2.213 level:87
2021-07-14 12:05:12.818 T:5348 DEBUG : CVideoPlayer::ProcessVideoData size:33561 dts:10.552 pts:10.552 dur:41.000ms, clock:2.213 level:88
2021-07-14 12:05:12.818 T:5348 DEBUG : CVideoPlayer::ProcessVideoData size:23704 dts:10.594 pts:10.636 dur:41.000ms, clock:2.213 level:88
2021-07-14 12:05:12.818 T:5348 DEBUG : CVideoPlayer::ProcessVideoData size:8739 dts:10.636 pts:10.677 dur:41.000ms, clock:2.213 level:89
2021-07-14 12:05:12.819 T:5348 DEBUG : CVideoPlayer::ProcessVideoData size:37526 dts:10.677 pts:10.761 dur:41.000ms, clock:2.214 level:89
2021-07-14 12:05:12.887 T:5351 DEBUG : CVideoPlayerVideo::OutputPicture - ttd:261ms pts:2.544 Clock:2.282 Level:2
2021-07-14 12:05:12.888 T:5351 DEBUG : CVideoPlayerVideo::OutputPicture - ttd:302ms pts:2.586 Clock:2.284 Level:3
2021-07-14 12:05:12.926 T:5351 DEBUG : CVideoPlayerVideo::OutputPicture - ttd:306ms pts:2.628 Clock:2.321 Level:3
2021-07-14 12:05:12.969 T:5351 DEBUG : CVideoPlayerVideo::OutputPicture - ttd:304ms pts:2.669 Clock:2.365 Level:3
2021-07-14 12:05:12.971 T:5351 DEBUG : CVideoPlayerVideo::OutputPicture - ttd:345ms pts:2.711 Clock:2.366 Level:4
2021-07-14 12:05:13.072 T:5348 DEBUG : CVideoPlayer::ProcessVideoData size:39618 dts:10.719 pts:10.928 dur:41.000ms, clock:2.467 level:87
2021-07-14 12:05:13.072 T:5348 DEBUG : CVideoPlayer::ProcessVideoData size:28018 dts:10.761 pts:10.844 dur:41.000ms, clock:2.468 level:87
2021-07-14 12:05:13.073 T:5348 DEBUG : CVideoPlayer::ProcessVideoData size:12158 dts:10.802 pts:10.802 dur:41.000ms, clock:2.468 level:88
2021-07-14 12:05:13.073 T:5348 DEBUG : CVideoPlayer::ProcessVideoData size:5783 dts:10.844 pts:10.886 dur:41.000ms, clock:2.468 level:88
2021-07-14 12:05:13.093 T:5351 DEBUG : CVideoPlayerVideo::OutputPicture - ttd:264ms pts:2.753 Clock:2.488 Level:2
2021-07-14 12:05:13.094 T:5351 DEBUG : CVideoPlayerVideo::OutputPicture - ttd:304ms pts:2.794 Clock:2.490 Level:3
2021-07-14 12:05:13.138 T:5351 DEBUG : CVideoPlayerVideo::OutputPicture - ttd:302ms pts:2.836 Clock:2.533 Level:3
2021-07-14 12:05:13.175 T:5351 DEBUG : CVideoPlayerVideo::OutputPicture - ttd:307ms pts:2.878 Clock:2.570 Level:3
2021-07-14 12:05:13.176 T:5351 DEBUG : CVideoPlayerVideo::OutputPicture - ttd:348ms pts:2.920 Clock:2.572 Level:4
2021-07-14 12:05:13.304 T:5351 DEBUG : CVideoPlayerVideo::OutputPicture - ttd:261ms pts:2.961 Clock:2.699 Level:2
2021-07-14 12:05:13.305 T:5351 DEBUG : CVideoPlayerVideo::OutputPicture - ttd:302ms pts:3.003 Clock:2.701 Level:3
2021-07-14 12:05:13.316 T:5348 DEBUG : CVideoPlayer::ProcessVideoData size:79691 dts:10.886 pts:11.094 dur:41.000ms, clock:2.712 level:85
2021-07-14 12:05:13.317 T:5348 DEBUG : CVideoPlayer::ProcessVideoData size:20804 dts:10.928 pts:11.011 dur:41.000ms, clock:2.712 level:86
2021-07-14 12:05:13.317 T:5348 DEBUG : CVideoPlayer::ProcessVideoData size:21191 dts:10.969 pts:10.969 dur:41.000ms, clock:2.713 level:87
2021-07-14 12:05:13.318 T:5348 DEBUG : CVideoPlayer::ProcessVideoData size:8459 dts:11.011 pts:11.053 dur:41.000ms, clock:2.713 level:87
2021-07-14 12:05:13.318 T:5348 DEBUG : CVideoPlayer::ProcessVideoData size:59792 dts:11.053 pts:11.178 dur:41.000ms, clock:2.714 level:88
2021-07-14 12:05:13.319 T:5348 DEBUG : CVideoPlayer::ProcessVideoData size:27477 dts:11.094 pts:11.136 dur:41.000ms, clock:2.714 level:88
2021-07-14 12:05:13.319 T:5348 DEBUG : CVideoPlayer::ProcessVideoData size:24241 dts:11.136 pts:11.261 dur:41.000ms, clock:2.714 level:89
2021-07-14 12:05:13.319 T:5348 DEBUG : CVideoPlayer::ProcessVideoData size:12359 dts:11.178 pts:11.220 dur:41.000ms, clock:2.715 level:89
2021-07-14 12:05:13.346 T:5351 DEBUG : CVideoPlayerVideo::OutputPicture - ttd:304ms pts:3.045 Clock:2.741 Level:3
2021-07-14 12:05:13.389 T:5351 DEBUG : CVideoPlayerVideo::OutputPicture - ttd:301ms pts:3.086 Clock:2.784 Level:3
2021-07-14 12:05:13.390 T:5351 DEBUG : CVideoPlayerVideo::OutputPicture - ttd:342ms pts:3.128 Clock:2.786 Level:4
2021-07-14 12:05:13.512 T:5351 DEBUG : CVideoPlayerVideo::OutputPicture - ttd:262ms pts:3.170 Clock:2.908 Level:2
2021-07-14 12:05:13.514 T:5351 DEBUG : CVideoPlayerVideo::OutputPicture - ttd:303ms pts:3.212 Clock:2.909 Level:3
2021-07-14 12:05:13.557 T:5351 DEBUG : CVideoPlayerVideo::OutputPicture - ttd:300ms pts:3.253 Clock:2.953 Level:3
2021-07-14 12:05:13.573 T:5348 DEBUG : CVideoPlayer::ProcessVideoData size:58005 dts:11.220 pts:11.303 dur:41.000ms, clock:2.969 level:87
2021-07-14 12:05:13.574 T:5348 DEBUG : CVideoPlayer::ProcessVideoData size:38328 dts:11.261 pts:11.470 dur:41.000ms, clock:2.969 level:87
2021-07-14 12:05:13.574 T:5348 DEBUG : CVideoPlayer::ProcessVideoData size:12058 dts:11.303 pts:11.386 dur:41.000ms, clock:2.969 level:88
2021-07-14 12:05:13.574 T:5348 DEBUG : CVideoPlayer::ProcessVideoData size:34210 dts:11.345 pts:11.345 dur:41.000ms, clock:2.970 level:88
2021-07-14 12:05:13.575 T:5348 DEBUG : CVideoPlayer::ProcessVideoData size:7597 dts:11.386 pts:11.428 dur:41.000ms, clock:2.970 level:89
2021-07-14 12:05:13.595 T:5351 DEBUG : CVideoPlayerVideo::OutputPicture - ttd:304ms pts:3.295 Clock:2.990 Level:3
2021-07-14 12:05:13.596 T:5351 DEBUG : CVideoPlayerVideo::OutputPicture - ttd:345ms pts:3.337 Clock:2.991 Level:4
2021-07-14 12:05:13.681 T:5351 DEBUG : CVideoPlayerVideo::OutputPicture - ttd:301ms pts:3.378 Clock:3.077 Level:3
2021-07-14 12:05:13.719 T:5351 DEBUG : CVideoPlayerVideo::OutputPicture - ttd:305ms pts:3.420 Clock:3.114 Level:3
2021-07-14 12:05:13.720 T:5351 DEBUG : CVideoPlayerVideo::OutputPicture - ttd:346ms pts:3.462 Clock:3.115 Level:4
2021-07-14 12:05:13.818 T:5348 DEBUG : CVideoPlayer::ProcessVideoData size:32789 dts:11.428 pts:11.637 dur:41.000ms, clock:3.213 level:86
2021-07-14 12:05:13.818 T:5348 DEBUG : CVideoPlayer::ProcessVideoData size:12100 dts:11.470 pts:11.553 dur:41.000ms, clock:3.213 level:87
2021-07-14 12:05:13.818 T:5348 DEBUG : CVideoPlayer::ProcessVideoData size:8737 dts:11.511 pts:11.511 dur:41.000ms, clock:3.214 level:87
2021-07-14 12:05:13.818 T:5348 DEBUG : CVideoPlayer::ProcessVideoData size:7346 dts:11.553 pts:11.595 dur:41.000ms, clock:3.214 level:88
2021-07-14 12:05:13.819 T:5348 DEBUG : CVideoPlayer::ProcessVideoData size:30286 dts:11.595 pts:11.803 dur:41.000ms, clock:3.214 level:88
2021-07-14 12:05:13.819 T:5348 DEBUG : CVideoPlayer::ProcessVideoData size:11228 dts:11.637 pts:11.720 dur:41.000ms, clock:3.214 level:89
2021-07-14 12:05:13.819 T:5348 DEBUG : CVideoPlayer::ProcessVideoData size:6880 dts:11.678 pts:11.678 dur:41.000ms, clock:3.214 level:89
2021-07-14 12:05:13.819 T:5348 DEBUG : CVideoPlayer::ProcessVideoData size:6346 dts:11.720 pts:11.762 dur:41.000ms, clock:3.214 level:90
2021-07-14 12:05:13.848 T:5351 DEBUG : CVideoPlayerVideo::OutputPicture - ttd:259ms pts:3.503 Clock:3.243 Level:2
2021-07-14 12:05:13.849 T:5351 DEBUG : CVideoPlayerVideo::OutputPicture - ttd:300ms pts:3.545 Clock:3.245 Level:3
2021-07-14 12:05:13.887 T:5351 DEBUG : CVideoPlayerVideo::OutputPicture - ttd:304ms pts:3.587 Clock:3.282 Level:3
2021-07-14 12:05:13.888 T:5351 DEBUG : CVideoPlayerVideo::OutputPicture - ttd:345ms pts:3.629 Clock:3.283 Level:4
2021-07-14 12:05:14.016 T:5351 DEBUG : CVideoPlayerVideo::OutputPicture - ttd:258ms pts:3.670 Clock:3.411 Level:2
2021-07-14 12:05:14.017 T:5351 DEBUG : CVideoPlayerVideo::OutputPicture - ttd:299ms pts:3.712 Clock:3.413 Level:3
2021-07-14 12:05:14.055 T:5351 DEBUG : CVideoPlayerVideo::OutputPicture - ttd:304ms pts:3.754 Clock:3.450 Level:3
2021-07-14 12:05:14.073 T:5348 DEBUG : CVideoPlayer::ProcessVideoData size:29016 dts:11.762 pts:12.012 dur:41.000ms, clock:3.468 level:87
2021-07-14 12:05:14.073 T:5348 DEBUG : CVideoPlayer::ProcessVideoData size:10436 dts:11.803 pts:11.887 dur:41.000ms, clock:3.468 level:88
2021-07-14 12:05:14.073 T:5348 DEBUG : CVideoPlayer::ProcessVideoData size:6124 dts:11.845 pts:11.845 dur:41.000ms, clock:3.469 level:88
2021-07-14 12:05:14.073 T:5348 DEBUG : CVideoPlayer::ProcessVideoData size:4589 dts:11.887 pts:11.929 dur:41.000ms, clock:3.469 level:89
2021-07-14 12:05:14.073 T:5348 DEBUG : CVideoPlayer::ProcessVideoData size:5294 dts:11.929 pts:11.970 dur:41.000ms, clock:3.469 level:89
2021-07-14 12:05:14.100 T:5351 DEBUG : CVideoPlayerVideo::OutputPicture - ttd:300ms pts:3.795 Clock:3.495 Level:3
2021-07-14 12:05:14.101 T:5351 DEBUG : CVideoPlayerVideo::OutputPicture - ttd:340ms pts:3.837 Clock:3.496 Level:4
2021-07-14 12:05:14.222 T:5351 DEBUG : CVideoPlayerVideo::OutputPicture - ttd:261ms pts:3.879 Clock:3.618 Level:2
2021-07-14 12:05:14.224 T:5351 DEBUG : CVideoPlayerVideo::OutputPicture - ttd:301ms pts:3.921 Clock:3.619 Level:3
2021-07-14 12:05:14.265 T:5351 DEBUG : CVideoPlayerVideo::OutputPicture - ttd:301ms pts:3.962 Clock:3.661 Level:3
2021-07-14 12:05:14.303 T:5351 DEBUG : CVideoPlayerVideo::OutputPicture - ttd:305ms pts:4.004 Clock:3.698 Level:3
2021-07-14 12:05:14.304 T:5351 DEBUG : CVideoPlayerVideo::OutputPicture - ttd:346ms pts:4.046 Clock:3.699 Level:4
2021-07-14 12:05:14.317 T:5348 DEBUG : CVideoPlayer::ProcessVideoData size:28489 dts:11.970 pts:12.221 dur:41.000ms, clock:3.712 level:87
2021-07-14 12:05:14.317 T:5348 DEBUG : CVideoPlayer::ProcessVideoData size:9833 dts:12.012 pts:12.095 dur:41.000ms, clock:3.712 level:87
2021-07-14 12:05:14.317 T:5348 DEBUG : CVideoPlayer::ProcessVideoData size:6156 dts:12.054 pts:12.054 dur:41.000ms, clock:3.713 level:88
2021-07-14 12:05:14.317 T:5348 DEBUG : CVideoPlayer::ProcessVideoData size:5399 dts:12.095 pts:12.137 dur:41.000ms, clock:3.713 level:88
2021-07-14 12:05:14.317 T:5348 DEBUG : CVideoPlayer::ProcessVideoData size:5572 dts:12.137 pts:12.179 dur:41.000ms, clock:3.713 level:89
2021-07-14 12:05:14.344 T:5351 DEBUG : CVideoPlayerVideo::OutputPicture - ttd:347ms pts:4.087 Clock:3.739 Level:4
2021-07-14 12:05:14.429 T:5351 DEBUG : CVideoPlayerVideo::OutputPicture - ttd:304ms pts:4.129 Clock:3.825 Level:3
2021-07-14 12:05:14.473 T:5351 DEBUG : CVideoPlayerVideo::OutputPicture - ttd:303ms pts:4.171 Clock:3.868 Level:3
2021-07-14 12:05:14.474 T:5351 DEBUG : CVideoPlayerVideo::OutputPicture - ttd:343ms pts:4.213 Clock:3.869 Level:4
2021-07-14 12:05:14.511 T:5351 DEBUG : CVideoPlayerVideo::OutputPicture - ttd:347ms pts:4.254 Clock:3.907 Level:4
2021-07-14 12:05:14.571 T:5348 DEBUG : CVideoPlayer::ProcessVideoData size:30594 dts:12.179 pts:12.429 dur:41.000ms, clock:3.966 level:86
2021-07-14 12:05:14.571 T:5348 DEBUG : CVideoPlayer::ProcessVideoData size:8901 dts:12.221 pts:12.304 dur:41.000ms, clock:3.966 level:87
2021-07-14 12:05:14.571 T:5348 DEBUG : CVideoPlayer::ProcessVideoData size:6651 dts:12.262 pts:12.262 dur:41.000ms, clock:3.967 level:87
2021-07-14 12:05:14.571 T:5348 DEBUG : CVideoPlayer::ProcessVideoData size:5255 dts:12.304 pts:12.346 dur:41.000ms, clock:3.967 level:88
2021-07-14 12:05:14.571 T:5348 DEBUG : CVideoPlayer::ProcessVideoData size:5699 dts:12.346 pts:12.387 dur:41.000ms, clock:3.967 level:88
2021-07-14 12:05:14.640 T:5351 DEBUG : CVideoPlayerVideo::OutputPicture - ttd:260ms pts:4.296 Clock:4.035 Level:2
2021-07-14 12:05:14.641 T:5351 DEBUG : CVideoPlayerVideo::OutputPicture - ttd:301ms pts:4.338 Clock:4.036 Level:3
2021-07-14 12:05:14.679 T:5351 DEBUG : CVideoPlayerVideo::OutputPicture - ttd:305ms pts:4.379 Clock:4.074 Level:3
2021-07-14 12:05:14.722 T:5351 DEBUG : CVideoPlayerVideo::OutputPicture - ttd:303ms pts:4.421 Clock:4.117 Level:3
2021-07-14 12:05:14.723 T:5351 DEBUG : CVideoPlayerVideo::OutputPicture - ttd:344ms pts:4.463 Clock:4.119 Level:4
2021-07-14 12:05:14.803 T:5351 DEBUG : CVideoPlayerVideo::OutputPicture - ttd:305ms pts:4.504 Clock:4.198 Level:3
2021-07-14 12:05:14.815 T:5348 DEBUG : CVideoPlayer::ProcessVideoData size:30135 dts:12.387 pts:12.638 dur:41.000ms, clock:4.210 level:85
2021-07-14 12:05:14.815 T:5348 DEBUG : CVideoPlayer::ProcessVideoData size:9429 dts:12.429 pts:12.512 dur:41.000ms, clock:4.211 level:86
2021-07-14 12:05:14.816 T:5348 DEBUG : CVideoPlayer::ProcessVideoData size:5969 dts:12.471 pts:12.471 dur:41.000ms, clock:4.211 level:87
2021-07-14 12:05:14.816 T:5348 DEBUG : CVideoPlayer::ProcessVideoData size:5406 dts:12.512 pts:12.554 dur:41.000ms, clock:4.211 level:87
2021-07-14 12:05:14.816 T:5348 DEBUG : CVideoPlayer::ProcessVideoData size:5922 dts:12.554 pts:12.596 dur:41.000ms, clock:4.211 level:88
2021-07-14 12:05:14.848 T:5351 DEBUG : CVideoPlayerVideo::OutputPicture - ttd:302ms pts:4.546 Clock:4.243 Level:3
2021-07-14 12:05:14.849 T:5351 DEBUG : CVideoPlayerVideo::OutputPicture - ttd:343ms pts:4.588 Clock:4.245 Level:4
2021-07-14 12:05:14.929 T:5351 DEBUG : CVideoPlayerVideo::OutputPicture - ttd:305ms pts:4.630 Clock:4.324 Level:3
2021-07-14 12:05:14.955 T:4973 DEBUG : CLibInputKeyboard::ProcessKey - using delay: 250ms repeat: 33ms
2021-07-14 12:05:14.956 T:5374 DEBUG : Thread Timer start, auto delete: false
2021-07-14 12:05:14.963 T:4946 DEBUG : Keyboard: scancode: 0x02, sym: 0x0031, unicode: 0x0031, modifier: 0x0
2021-07-14 12:05:14.963 T:4946 DEBUG : HandleKey: one (0xf031) pressed, action is stop
2021-07-14 12:05:14.963 T:4946 INFO : CVideoPlayer::CloseFile()
2021-07-14 12:05:14.963 T:4946 DEBUG : DeleteRenderer - deleting renderer
2021-07-14 12:05:14.964 T:4946 INFO : VideoPlayer: waiting for threads to exit
2021-07-14 12:05:14.968 T:5348 INFO : CVideoPlayer::OnExit()
2021-07-14 12:05:14.968 T:5348 INFO : Closing stream player 1
2021-07-14 12:05:14.968 T:5348 INFO : Waiting for audio thread to exit
2021-07-14 12:05:14.993 T:5351 DEBUG : CVideoPlayerVideo::OutputPicture - ttd:303ms pts:4.671 Clock:4.368 Level:0
2021-07-14 12:05:15.013 T:5351 DEBUG : CVideoPlayerVideo::OutputPicture - ttd:323ms pts:4.713 Clock:4.389 Level:0
2021-07-14 12:05:15.014 T:5352 INFO : thread end: CVideoPlayerAudio::OnExit()
2021-07-14 12:05:15.014 T:5352 DEBUG : Thread VideoPlayerAudio 3376235136 terminating
2021-07-14 12:05:15.014 T:5348 INFO : Closing audio device
2021-07-14 12:05:15.039 T:5351 DEBUG : CVideoPlayerVideo::OutputPicture - ttd:339ms pts:4.755 Clock:4.415 Level:0
2021-07-14 12:05:15.059 T:5351 DEBUG : CVideoPlayerVideo::OutputPicture - ttd:360ms pts:4.796 Clock:4.436 Level:0
2021-07-14 12:05:15.064 T:5348 DEBUG : CDVDAudio::Flush - flush audio stream
2021-07-14 12:05:15.064 T:4956 DEBUG : CActiveAE::DiscardStream - audio stream deleted
2021-07-14 12:05:15.064 T:4956 DEBUG : CActiveAE::ClearDiscardedBuffers - buffer pool deleted
2021-07-14 12:05:15.065 T:4957 INFO : Skipped 2 duplicate messages..
2021-07-14 12:05:15.065 T:4957 INFO : CActiveAESink::OpenSink - initialize sink
2021-07-14 12:05:15.065 T:5348 INFO : Deleting audio codec
2021-07-14 12:05:15.066 T:5348 INFO : Closing stream player 2
2021-07-14 12:05:15.066 T:5348 INFO : waiting for video thread to exit
2021-07-14 12:05:15.067 T:5370 ERROR : EXCEPTION: XBMC is not playing any media file
2021-07-14 12:05:15.067 T:5370 INFO : INFO: EMBY.hooks.player.Player: [ skip progress update, no position info ]
2021-07-14 12:05:15.080 T:5351 DEBUG : CVideoPlayerVideo::OutputPicture - ttd:381ms pts:4.838 Clock:4.456 Level:0
2021-07-14 12:05:15.080 T:5351 INFO : thread end: video_thread
2021-07-14 12:05:15.080 T:5351 DEBUG : Thread VideoPlayerVideo 3351057024 terminating
2021-07-14 12:05:15.082 T:5348 INFO : deleting video codec
2021-07-14 12:05:15.082 T:5348 DEBUG : CAMLCodec::CloseDecoder
2021-07-14 12:05:15.088 T:5348 DEBUG : CAMLVideoBufferPool::~CAMLVideoBufferPool: Deleting 7 buffers
2021-07-14 12:05:15.088 T:5348 INFO : Closing stream player 3
2021-07-14 12:05:15.091 T:5350 DEBUG : Thread FileCache 3367842432 terminating
2021-07-14 12:05:15.094 T:5348 DEBUG : Thread VideoPlayer 3315389056 terminating
2021-07-14 12:05:15.095 T:4946 INFO : VideoPlayer: finished waiting
2021-07-14 12:05:15.095 T:4946 INFO : CVideoPlayer::CloseFile()
2021-07-14 12:05:15.095 T:4946 INFO : VideoPlayer: waiting for threads to exit
2021-07-14 12:05:15.095 T:4946 INFO : VideoPlayer: finished waiting
2021-07-14 12:05:15.097 T:4946 DEBUG : Radio UECP (RDS) Processor - delete ~CDVDRadioRDSData
2021-07-14 12:05:15.105 T:5014 DEBUG : DoWork - Saving file state for video item http://127.0.0.1:57578/tvshows/12239/13127-cad471adcb720a884cb2bf97fff172cb-5295645-stream-Mr.Inbetween.S03E07.1080p.WEB.H264-PLZPROPER.mkv
2021-07-14 12:05:15.107 T:5374 DEBUG : Thread Timer 3412886144 terminating
2021-07-14 12:05:15.117 T:5013 DEBUG : OnPlayBackStopped: CApplication::OnPlayBackStopped
2021-07-14 12:05:15.127 T:4946 DEBUG : CGUIWindowManager::PreviousWindow: Deactivate
2021-07-14 12:05:15.129 T:4946 DEBUG : ------ Window Deinit (VideoFullScreen.xml) ------
2021-07-14 12:05:15.149 T:4946 DEBUG : AMLUtils::aml_handle_display_stereo_mode old mode 3doff new mode 3doff
2021-07-14 12:05:15.149 T:4946 DEBUG : AMLUtils::aml_handle_display_stereo_mode - no change needed
2021-07-14 12:05:15.149 T:4946 ERROR : GetString: error reading /sys/class/amhdmitx/amhdmitx0/custom_mode
2021-07-14 12:05:15.265 T:4957 DEBUG : CActiveAESink::OpenSink - trying to open device ALSA:hdmi:CARD=AMLAUGESOUND,DEV=0
2021-07-14 12:05:15.265 T:4957 INFO : CAESinkALSA::Initialize - Attempting to open device "hdmi:CARD=AMLAUGESOUND,DEV=0"
2021-07-14 12:05:15.274 T:4957 INFO : CAESinkALSA::Initialize - Opened device "hdmi:CARD=AMLAUGESOUND,DEV=0,AES0=0x04,AES1=0x82,AES2=0x00,AES3=0x00"
2021-07-14 12:05:15.274 T:4957 INFO : CAESinkALSA::InitializeHW - Your hardware does not support AE_FMT_FLOAT, trying other formats
2021-07-14 12:05:15.274 T:4957 INFO : CAESinkALSA::InitializeHW - Using data format AE_FMT_S16NE
2021-07-14 12:05:15.274 T:4957 DEBUG : CAESinkALSA::InitializeHW - Request: periodSize 2205, bufferSize 8820
2021-07-14 12:05:15.275 T:4957 DEBUG : CAESinkALSA::InitializeHW - Got: periodSize 2205, bufferSize 8820
2021-07-14 12:05:15.275 T:4957 DEBUG : CAESinkALSA::InitializeHW - Setting timeout to 200 ms
2021-07-14 12:05:15.275 T:4957 DEBUG : CAESinkALSA::GetChannelLayout - Input Channel Count: 2 Output Channel Count: 2
2021-07-14 12:05:15.275 T:4957 DEBUG : CAESinkALSA::GetChannelLayout - Requested Layout: FL, FR
2021-07-14 12:05:15.275 T:4957 DEBUG : CAESinkALSA::GetChannelLayout - Got Layout: FL, FR (ALSA: none)
2021-07-14 12:05:15.275 T:4957 DEBUG : CActiveAESink::OpenSink - ALSA Initialized:
2021-07-14 12:05:15.275 T:4957 DEBUG : Output Device : AML-AUGESOUND
2021-07-14 12:05:15.275 T:4957 DEBUG : Sample Rate : 44100
2021-07-14 12:05:15.275 T:4957 DEBUG : Sample Format : AE_FMT_S16NE
2021-07-14 12:05:15.275 T:4957 DEBUG : Channel Count : 2
2021-07-14 12:05:15.275 T:4957 DEBUG : Channel Layout: FL, FR
2021-07-14 12:05:15.275 T:4957 DEBUG : Frames : 2205
2021-07-14 12:05:15.275 T:4957 DEBUG : Frame Size : 4
2021-07-14 12:05:15.279 T:4956 DEBUG : CActiveAE::ClearDiscardedBuffers - buffer pool deleted
2021-07-14 12:05:15.280 T:4946 INFO : Skipped 1 duplicate messages..
2021-07-14 12:05:15.280 T:4946 DEBUG : AMLUtils::aml_handle_display_stereo_mode old mode 3doff new mode 3doff
2021-07-14 12:05:15.280 T:4946 DEBUG : AMLUtils::aml_handle_display_stereo_mode - no change needed
2021-07-14 12:05:15.281 T:4946 INFO : GLES: Maximum texture width: 8192
2021-07-14 12:05:15.286 T:4946 DEBUG : CGUIWindowManager::PreviousWindow: Activate new
2021-07-14 12:05:15.292 T:4946 DEBUG : ------ Window Init (MyVideoNav.xml) ------
2021-07-14 12:05:15.295 T:4946 DEBUG : CGUIMediaWindow::GetDirectory (videodb://tvshows/titles/27/-2/?tvshowid=27)
2021-07-14 12:05:15.295 T:4946 DEBUG : ParentPath = [videodb://tvshows/titles/27/-2/?tvshowid=27]
2021-07-14 12:05:15.311 T:4946 DEBUG : WindowVideoNav::GetDirectory
2021-07-14 12:05:15.313 T:5384 DEBUG : Thread BackgroundLoader start, auto delete: false
2021-07-14 12:05:15.325 T:4946 DEBUG : Keyboard: scancode: 0x02, sym: 0x0031, unicode: 0x0031, modifier: 0x0
2021-07-14 12:05:15.327 T:5014 DEBUG : ffmpeg[0x3119df0X]: [image2] Custom AVIOContext makes no sense and will be ignored with AVFMT_NOFILE format.
2021-07-14 12:05:15.338 T:5384 DEBUG : Thread BackgroundLoader 3421278848 terminating
2021-07-14 12:05:15.344 T:5009 DEBUG : ffmpeg[0x212ffd8X]: [image2] Custom AVIOContext makes no sense and will be ignored with AVFMT_NOFILE format.
2021-07-14 12:05:15.345 T:5013 DEBUG : ffmpeg[0x3119c40X]: [image2] Custom AVIOContext makes no sense and will be ignored with AVFMT_NOFILE format.
2021-07-14 12:05:15.345 T:5024 INFO : INFO: EMBY.hooks.player.Player: [ onPlayBackStopped ]
2021-07-14 12:05:15.345 T:5024 DEBUG : DEBUG: EMBY.hooks.player.Player: [ played info ] {'Id': '13127', 'Tracking': True, 'Type': 'episode', 'Volume': 100, 'Muted': False, 'MediaSourceId': 'cad471adcb720a884cb2bf97fff172cb', 'EmbyServer': , 'RunTime': 14649660644, 'CurrentPosition': 0, 'Paused': False, 'library': , 'PlaySessionId': '624a2c05d06347929251bc70ee349d84'}
2021-07-14 12:05:15.345 T:5024 DEBUG : DEBUG: EMBY.core.HTTP: --->[ http ] { "params": { "ItemId": "13127", "MediaSourceId": "cad471adcb720a884cb2bf97fff172cb", "PositionTicks": 0, "PlaySessionId": "624a2c05d06347929251bc70ee349d84" }, "type": "POST", "url": "http://192.168.1.10:8096/emby/Sessions/Playing/Stopped", "headers": { "Content-type": "application/json", "Accept-Charset": "UTF-8,*", "Accept-encoding": "gzip", "User-Agent": "Emby-Kodi/5.3.2", "Authorization": "Emby Client=Kodi, Device=Kodi (CoreELEC), DeviceId=C86BFD09CCFB4585AC3E449D31D74819, Version=5.3.2, UserId=de8aeadec54b4fa28d3772ebcf026587", "X-Emby-Token": "9cd631b3e7914b5d8ed6207750cefae7" }, "timeout": 30, "verify": true }
2021-07-14 12:05:15.347 T:5094 DEBUG : ffmpeg[0x3fb0388X]: [image2] Custom AVIOContext makes no sense and will be ignored with AVFMT_NOFILE format.
2021-07-14 12:05:15.355 T:5013 DEBUG : ffmpeg[0x3119c40X]: [image2] Custom AVIOContext makes no sense and will be ignored with AVFMT_NOFILE format.
2021-07-14 12:05:15.360 T:5094 DEBUG : ffmpeg[0x3fb0388X]: [image2] Custom AVIOContext makes no sense and will be ignored with AVFMT_NOFILE format.
2021-07-14 12:05:15.360 T:5013 DEBUG : ffmpeg[0x3119c40X]: [image2] Custom AVIOContext makes no sense and will be ignored with AVFMT_NOFILE format.
2021-07-14 12:05:15.370 T:5014 INFO : Skipped 1 duplicate messages..
2021-07-14 12:05:15.370 T:5014 DEBUG : ffmpeg[0x3119df0X]: [image2] Custom AVIOContext makes no sense and will be ignored with AVFMT_NOFILE format.
2021-07-14 12:05:15.377 T:5024 DEBUG : DEBUG: EMBY.core.HTTP: ---<[ http ][26 ms]
2021-07-14 12:05:15.378 T:5024 INFO : INFO: EMBY.hooks.player.Player: --<[ playback ]
2021-07-14 12:05:15.940 T:5386 INFO : INFO: EMBY.hooks.monitor.Monitor: [ UserDataChanged ] {'ServerId': '582d15c7dab04b7fb851ac18d8445893', 'UserDataList': [{'IsFavorite': False, 'ItemId': '13127', 'LastPlayedDate': '2021-07-14T02:05:10.0000000+00:00', 'PlayCount': 6, 'PlaybackPositionTicks': 0, 'Played': True}, {'IsFavorite': False, 'ItemId': '13106', 'PlayCount': 0, 'PlaybackPositionTicks': 0, 'Played': True, 'UnplayedItemCount': 0}], 'UserId': 'de8aeadec54b4fa28d3772ebcf026587', 'MonitorMethod': 'UserDataChanged'}
2021-07-14 12:05:15.941 T:5386 INFO : INFO: EMBY.hooks.monitor.Monitor: [ skip update/13127 ]
2021-07-14 12:05:15.945 T:5386 DEBUG : DEBUG: EMBY.database.database: --->[ database: emby ] 3856011320
2021-07-14 12:05:15.945 T:5386 DEBUG : DEBUG: EMBY.database.database: ---<[ database: emby ] 3856011320
2021-07-14 12:05:15.946 T:5386 INFO : INFO: EMBY.hooks.monitor.Monitor: [ skip update/13106 ]
2021-07-14 12:05:15.947 T:5386 INFO : INFO: EMBY.hooks.monitor.Monitor: [ skip reset ]
2021-07-14 12:05:16.407 T:5028 DEBUG : DatabaseUtils::GetSortFieldList: unknown field 36
2021-07-14 12:05:18.739 T:4973 INFO : Skipped 14 duplicate messages..
2021-07-14 12:05:18.739 T:4973 DEBUG : CLibInputKeyboard::ProcessKey - using delay: 250ms repeat: 33ms
2021-07-14 12:05:18.740 T:5387 DEBUG : Thread Timer start, auto delete: false
2021-07-14 12:05:18.752 T:4946 DEBUG : Keyboard: scancode: 0x6c, sym: 0x0112, unicode: 0x0000, modifier: 0x0
2021-07-14 12:05:18.752 T:4946 DEBUG : HandleKey: down (0xf081) pressed, action is Down
2021-07-14 12:05:18.757 T:5014 DEBUG : ffmpeg[0x3119df0X]: [image2] Custom AVIOContext makes no sense and will be ignored with AVFMT_NOFILE format.
2021-07-14 12:05:18.819 T:5387 DEBUG : Thread Timer 3412886144 terminating
2021-07-14 12:05:18.830 T:4946 DEBUG : Keyboard: scancode: 0x6c, sym: 0x0112, unicode: 0x0000, modifier: 0x0
2021-07-14 12:05:20.915 T:4973 DEBUG : CLibInputKeyboard::ProcessKey - using delay: 250ms repeat: 33ms
2021-07-14 12:05:20.916 T:5388 DEBUG : Thread Timer start, auto delete: false
2021-07-14 12:05:20.952 T:4946 DEBUG : Keyboard: scancode: 0x1c, sym: 0x000d, unicode: 0x000d, modifier: 0x0
2021-07-14 12:05:21.083 T:5388 DEBUG : Thread Timer 3412886144 terminating
2021-07-14 12:05:21.084 T:4946 DEBUG : Keyboard: scancode: 0x1c, sym: 0x000d, unicode: 0x000d, modifier: 0x0
2021-07-14 12:05:21.084 T:4946 DEBUG : HandleKey: return (0xf00d) pressed, action is Select
2021-07-14 12:05:21.096 T:4946 DEBUG : OnPlayMedia http://127.0.0.1:57578/tvshows/12239/13333-4436c541d9395479ead4292914cfbc87-6025219-stream-Mr.Inbetween.S03E08.1080p.WEB.H264-GGEZ.mkv
2021-07-14 12:05:21.104 T:4946 DEBUG : CCurlFile::GetMimeType - http://127.0.0.1:57578/tvshows/12239/13333-4436c541d9395479ead4292914cfbc87-6025219-stream-Mr.Inbetween.S03E08.1080p.WEB.H264-GGEZ.mkv -> video/mp4
2021-07-14 12:05:21.110 T:4946 DEBUG : CPlayerCoreFactory::GetPlayers(http://127.0.0.1:57578/tvshows/12239/13333-4436c541d9395479ead4292914cfbc87-6025219-stream-Mr.Inbetween.S03E08.1080p.WEB.H264-GGEZ.mkv)
2021-07-14 12:05:21.110 T:4946 DEBUG : CPlayerSelectionRule::GetPlayers: considering rule: system rules
2021-07-14 12:05:21.110 T:4946 DEBUG : CPlayerSelectionRule::GetPlayers: matches rule: system rules
2021-07-14 12:05:21.110 T:4946 DEBUG : CPlayerSelectionRule::GetPlayers: considering rule: mms/udp
2021-07-14 12:05:21.110 T:4946 DEBUG : CPlayerSelectionRule::GetPlayers: considering rule: lastfm/shout
2021-07-14 12:05:21.110 T:4946 DEBUG : CPlayerSelectionRule::GetPlayers: considering rule: rtmp
2021-07-14 12:05:21.110 T:4946 DEBUG : CPlayerSelectionRule::GetPlayers: considering rule: rtsp
2021-07-14 12:05:21.110 T:4946 DEBUG : CPlayerSelectionRule::GetPlayers: considering rule: streams
2021-07-14 12:05:21.110 T:4946 DEBUG : CPlayerSelectionRule::GetPlayers: matches rule: streams
2021-07-14 12:05:21.110 T:4946 DEBUG : CPlayerSelectionRule::GetPlayers: considering rule: aacp/sdp
