2021-01-16 05:30:15.029 T:3608322944 DEBUG: CAMLCodec::GetTimeSize: len:24 dl:513721 fs:513721 front:21833
2021-01-16 05:30:15.055 T:4090851344 DEBUG: Previous line repeats 3 times.
2021-01-16 05:30:15.056 T:4090851344 DEBUG: CAMLCodec::PollFrame elapsed:36.332ms
2021-01-16 05:30:15.057 T:3608322944 DEBUG: CAMLCodec::GetTimeSize: len:24 dl:513721 fs:513721 front:21833
2021-01-16 05:30:15.057 T:3608322944 DEBUG: CAMLCodec::DequeueBuffer: pts:327.869 idx:532
2021-01-16 05:30:15.057 T:3608322944 DEBUG: CAMLCodec::GetPicture: index: 532, pts: 327.869, dur:42ms ar:1.67
2021-01-16 05:30:15.058 T:3608322944 DEBUG: CVideoPlayerVideo::OutputPicture - ttd:212ms pts:327.869 Clock:327.656 Level:4
2021-01-16 05:30:15.059 T:3608322944 DEBUG: CAMLCodec::GetTimeSize: len:24 dl:513721 fs:513721 front:21833
2021-01-16 05:30:15.059 T:4090851344 DEBUG: PrepareNextRender: frameOnScreen: 327.658 renderPts: 327.783 nextFramePts: 327.702 -> diff: 0.081 render: 1 forceNext: 0
2021-01-16 05:30:15.061 T:4090851344 DEBUG: CAMLCodec::ReleaseFrame idx:528, drop:0
2021-01-16 05:30:15.066 T:3608322944 DEBUG: CAMLCodec::GetTimeSize: len:24 dl:491888 fs:513721 front:21833
2021-01-16 05:30:15.066 T:3608322944 DEBUG: CAMLCodec::GetTimeSize: len:23 dl:491888 fs:491888 front:9976
2021-01-16 05:30:15.072 T:3608322944 DEBUG: CAMLCodec::AddData: dl:498586 sum:498586 sz:6698 dts:328.912 pts:328.912 overflow:0
2021-01-16 05:30:15.072 T:3608322944 DEBUG: CAMLCodec::GetTimeSize: len:24 dl:498586 fs:498586 front:9976
2021-01-16 05:30:15.096 T:4090851344 DEBUG: Previous line repeats 3 times.
2021-01-16 05:30:15.096 T:4090851344 DEBUG: CAMLCodec::PollFrame elapsed:33.886ms
2021-01-16 05:30:15.100 T:3608322944 DEBUG: CAMLCodec::GetTimeSize: len:24 dl:498586 fs:498586 front:9976
2021-01-16 05:30:15.101 T:3608322944 DEBUG: CAMLCodec::DequeueBuffer: pts:327.911 idx:533
2021-01-16 05:30:15.102 T:4090851344 DEBUG: PrepareNextRender: frameOnScreen: 327.700 renderPts: 327.826 nextFramePts: 327.744 -> diff: 0.082 render: 1 forceNext: 0
2021-01-16 05:30:15.103 T:3608322944 DEBUG: CAMLCodec::GetPicture: index: 533, pts: 327.911, dur:42ms ar:1.67
2021-01-16 05:30:15.103 T:3608322944 DEBUG: CVideoPlayerVideo::OutputPicture - ttd:208ms pts:327.911 Clock:327.702 Level:3
2021-01-16 05:30:15.105 T:3608322944 DEBUG: CAMLCodec::GetTimeSize: len:24 dl:488610 fs:498586 front:9976
2021-01-16 05:30:15.105 T:3608322944 DEBUG: CAMLCodec::GetTimeSize: len:23 dl:488610 fs:488610 front:8688
2021-01-16 05:30:15.106 T:4090851344 DEBUG: CAMLCodec::ReleaseFrame idx:529, drop:0
2021-01-16 05:30:15.111 T:3608322944 DEBUG: CAMLCodec::AddData: dl:495517 sum:495517 sz:6907 dts:328.954 pts:328.954 overflow:0
2021-01-16 05:30:15.111 T:3608322944 DEBUG: CAMLCodec::GetTimeSize: len:24 dl:495517 fs:495517 front:8688
2021-01-16 05:30:15.139 T:4090851344 DEBUG: Previous line repeats 3 times.
2021-01-16 05:30:15.139 T:4090851344 DEBUG: CAMLCodec::PollFrame elapsed:31.397ms
2021-01-16 05:30:15.139 T:3608322944 DEBUG: CAMLCodec::GetTimeSize: len:24 dl:495517 fs:495517 front:8688
2021-01-16 05:30:15.140 T:3608322944 DEBUG: CAMLCodec::DequeueBuffer: pts:327.953 idx:534
2021-01-16 05:30:15.141 T:3608322944 DEBUG: CAMLCodec::GetPicture: index: 534, pts: 327.953, dur:42ms ar:1.67
2021-01-16 05:30:15.141 T:3608322944 DEBUG: CVideoPlayerVideo::OutputPicture - ttd:213ms pts:327.953 Clock:327.740 Level:4
2021-01-16 05:30:15.143 T:3608322944 DEBUG: CAMLCodec::GetTimeSize: len:24 dl:495517 fs:495517 front:8688
2021-01-16 05:30:15.146 T:4090851344 DEBUG: PrepareNextRender: frameOnScreen: 327.745 renderPts: 327.870 nextFramePts: 327.786 -> diff: 0.084 render: 1 forceNext: 0
2021-01-16 05:30:15.150 T:4090851344 DEBUG: CAMLCodec::ReleaseFrame idx:530, drop:0
2021-01-16 05:30:15.150 T:3608322944 DEBUG: CAMLCodec::GetTimeSize: len:24 dl:486829 fs:495517 front:8688
2021-01-16 05:30:15.150 T:3608322944 DEBUG: CAMLCodec::GetTimeSize: len:23 dl:486829 fs:486829 front:57771
2021-01-16 05:30:15.154 T:3581182848 DEBUG: CVideoPlayer::ProcessVideoData size:99316 dts:336.086 pts:336.378 dur:41.000ms, clock:327.753 level:89
2021-01-16 05:30:15.155 T:3581182848 DEBUG: CVideoPlayer::ProcessVideoData size:33357 dts:336.127 pts:336.253 dur:41.000ms, clock:327.754 level:89
2021-01-16 05:30:15.155 T:3581182848 DEBUG: CVideoPlayer::ProcessVideoData size:5632 dts:336.169 pts:336.169 dur:41.000ms, clock:327.754 level:90
2021-01-16 05:30:15.156 T:3608322944 DEBUG: CAMLCodec::AddData: dl:490773 sum:490773 sz:3944 dts:328.995 pts:329.037 overflow:0
2021-01-16 05:30:15.156 T:3581182848 DEBUG: CVideoPlayer::ProcessVideoData size:5675 dts:336.211 pts:336.211 dur:41.000ms, clock:327.755 level:90
2021-01-16 05:30:15.156 T:3608322944 DEBUG: CAMLCodec::GetTimeSize: len:24 dl:490773 fs:490773 front:57771
2021-01-16 05:30:15.156 T:3581182848 DEBUG: CVideoPlayer::ProcessVideoData size:7858 dts:336.253 pts:336.294 dur:41.000ms, clock:327.755 level:90
2021-01-16 05:30:15.157 T:3581182848 DEBUG: CVideoPlayer::ProcessVideoData size:4293 dts:336.294 pts:336.336 dur:41.000ms, clock:327.756 level:91
2021-01-16 05:30:15.163 T:3608322944 DEBUG: CAMLCodec::GetTimeSize: len:24 dl:490773 fs:490773 front:57771
2021-01-16 05:30:15.179 T:4090851344 DEBUG: Previous line repeats 2 times.
2021-01-16 05:30:15.179 T:4090851344 DEBUG: CAMLCodec::PollFrame elapsed:29.081ms
2021-01-16 05:30:15.184 T:3608322944 DEBUG: CAMLCodec::GetTimeSize: len:24 dl:490773 fs:490773 front:57771
2021-01-16 05:30:15.185 T:4090851344 DEBUG: PrepareNextRender: frameOnScreen: 327.783 renderPts: 327.908 nextFramePts: 327.827 -> diff: 0.081 render: 1 forceNext: 0
2021-01-16 05:30:15.185 T:3608322944 DEBUG: CAMLCodec::DequeueBuffer: pts:327.994 idx:535
2021-01-16 05:30:15.185 T:3608322944 DEBUG: CAMLCodec::GetPicture: index: 535, pts: 327.994, dur:41ms ar:1.67
2021-01-16 05:30:15.186 T:3608322944 DEBUG: CVideoPlayerVideo::OutputPicture - ttd:209ms pts:327.994 Clock:327.785 Level:3
2021-01-16 05:30:15.187 T:3608322944 DEBUG: CAMLCodec::GetTimeSize: len:24 dl:433002 fs:490773 front:57771
2021-01-16 05:30:15.188 T:3608322944 DEBUG: CAMLCodec::GetTimeSize: len:23 dl:433002 fs:433002 front:27492
2021-01-16 05:30:15.188 T:4090851344 DEBUG: CAMLCodec::ReleaseFrame idx:531, drop:0
2021-01-16 05:30:15.193 T:3608322944 DEBUG: CAMLCodec::AddData: dl:437254 sum:437254 sz:4252 dts:329.037 pts:329.079 overflow:0
2021-01-16 05:30:15.194 T:3608322944 DEBUG: CAMLCodec::GetTimeSize: len:24 dl:437254 fs:437254 front:27492
2021-01-16 05:30:15.222 T:4090851344 DEBUG: Previous line repeats 3 times.
2021-01-16 05:30:15.222 T:4090851344 DEBUG: CAMLCodec::PollFrame elapsed:32.621ms
2021-01-16 05:30:15.223 T:3608322944 DEBUG: CAMLCodec::GetTimeSize: len:24 dl:437254 fs:437254 front:27492
2021-01-16 05:30:15.224 T:3608322944 DEBUG: CAMLCodec::DequeueBuffer: pts:328.036 idx:536
2021-01-16 05:30:15.224 T:3608322944 DEBUG: CAMLCodec::GetPicture: index: 536, pts: 328.036, dur:42ms ar:1.67
2021-01-16 05:30:15.225 T:3608322944 DEBUG: CVideoPlayerVideo::OutputPicture - ttd:212ms pts:328.036 Clock:327.824 Level:4
2021-01-16 05:30:15.227 T:3608322944 DEBUG: CAMLCodec::GetTimeSize: len:24 dl:409762 fs:437254 front:27492
2021-01-16 05:30:15.228 T:3608322944 DEBUG: CAMLCodec::GetTimeSize: len:23 dl:409762 fs:409762 front:10575
2021-01-16 05:30:15.229 T:4090851344 DEBUG: PrepareNextRender: frameOnScreen: 327.827 renderPts: 327.952 nextFramePts: 327.869 -> diff: 0.083 render: 1 forceNext: 0
2021-01-16 05:30:15.232 T:4090851344 DEBUG: CAMLCodec::ReleaseFrame idx:532, drop:0
2021-01-16 05:30:15.235 T:3608322944 DEBUG: CAMLCodec::AddData: dl:485920 sum:485920 sz:76158 dts:329.079 pts:329.412 overflow:0
2021-01-16 05:30:15.236 T:3608322944 DEBUG: CAMLCodec::GetTimeSize: len:24 dl:485920 fs:485920 front:10575
2021-01-16 05:30:15.264 T:4090851344 DEBUG: Previous line repeats 3 times.
2021-01-16 05:30:15.264 T:4090851344 DEBUG: CAMLCodec::PollFrame elapsed:29.834ms
2021-01-16 05:30:15.265 T:3608322944 DEBUG: CAMLCodec::GetTimeSize: len:24 dl:485920 fs:485920 front:10575
2021-01-16 05:30:15.265 T:3608322944 DEBUG: CAMLCodec::DequeueBuffer: pts:328.078 idx:537
2021-01-16 05:30:15.266 T:3608322944 DEBUG: CAMLCodec::GetPicture: index: 537, pts: 328.078, dur:42ms ar:1.67
2021-01-16 05:30:15.267 T:3608322944 DEBUG: CVideoPlayerVideo::OutputPicture - ttd:212ms pts:328.078 Clock:327.866 Level:4
2021-01-16 05:30:15.269 T:3608322944 DEBUG: CAMLCodec::GetTimeSize: len:24 dl:475345 fs:485920 front:10575
2021-01-16 05:30:15.269 T:3608322944 DEBUG: CAMLCodec::GetTimeSize: len:23 dl:475345 fs:475345 front:11702
2021-01-16 05:30:15.270 T:4090851344 DEBUG: PrepareNextRender: frameOnScreen: 327.868 renderPts: 327.994 nextFramePts: 327.911 -> diff: 0.083 render: 1 forceNext: 0
2021-01-16 05:30:15.273 T:4090851344 DEBUG: CAMLCodec::ReleaseFrame idx:533, drop:0
2021-01-16 05:30:15.275 T:3608322944 DEBUG: CAMLCodec::AddData: dl:490429 sum:490429 sz:15084 dts:329.120 pts:329.287 overflow:0
2021-01-16 05:30:15.275 T:3608322944 DEBUG: CAMLCodec::GetTimeSize: len:24 dl:490429 fs:490429 front:11702
2021-01-16 05:30:15.305 T:4090851344 DEBUG: Previous line repeats 4 times.
2021-01-16 05:30:15.306 T:4090851344 DEBUG: CAMLCodec::PollFrame elapsed:31.460ms
2021-01-16 05:30:15.311 T:4090851344 DEBUG: PrepareNextRender: frameOnScreen: 327.910 renderPts: 328.035 nextFramePts: 327.953 -> diff: 0.082 render: 1 forceNext: 0
2021-01-16 05:30:15.312 T:3608322944 DEBUG: CAMLCodec::GetTimeSize: len:24 dl:478727 fs:490429 front:11702
2021-01-16 05:30:15.312 T:3608322944 DEBUG: CAMLCodec::GetTimeSize: len:23 dl:478727 fs:478727 front:8239
2021-01-16 05:30:15.313 T:3608322944 DEBUG: CAMLCodec::DequeueBuffer: pts:328.119 idx:538
2021-01-16 05:30:15.313 T:3608322944 DEBUG: CAMLCodec::GetPicture: index: 538, pts: 328.119, dur:41ms ar:1.67
2021-01-16 05:30:15.313 T:3608322944 DEBUG: CVideoPlayerVideo::OutputPicture - ttd:206ms pts:328.119 Clock:327.912 Level:3
2021-01-16 05:30:15.314 T:4090851344 DEBUG: CAMLCodec::ReleaseFrame idx:534, drop:0
2021-01-16 05:30:15.315 T:3608322944 DEBUG: CAMLCodec::GetTimeSize: len:23 dl:478727 fs:478727 front:8239
2021-01-16 05:30:15.320 T:3608322944 DEBUG: CAMLCodec::AddData: dl:484281 sum:484281 sz:5554 dts:329.162 pts:329.162 overflow:0
2021-01-16 05:30:15.321 T:3608322944 DEBUG: CAMLCodec::GetTimeSize: len:24 dl:484281 fs:484281 front:8239
2021-01-16 05:30:15.347 T:4090851344 DEBUG: Previous line repeats 3 times.
2021-01-16 05:30:15.348 T:4090851344 DEBUG: CAMLCodec::PollFrame elapsed:32.917ms
2021-01-16 05:30:15.349 T:3608322944 DEBUG: CAMLCodec::GetTimeSize: len:24 dl:484281 fs:484281 front:8239
2021-01-16 05:30:15.349 T:3608322944 DEBUG: CAMLCodec::DequeueBuffer: pts:328.161 idx:539
2021-01-16 05:30:15.350 T:3608322944 DEBUG: CAMLCodec::GetPicture: index: 539, pts: 328.161, dur:42ms ar:1.67
2021-01-16 05:30:15.351 T:3608322944 DEBUG: CVideoPlayerVideo::OutputPicture - ttd:211ms pts:328.161 Clock:327.950 Level:4
2021-01-16 05:30:15.353 T:3608322944 DEBUG: CAMLCodec::GetTimeSize: len:24 dl:476042 fs:484281 front:8239
2021-01-16 05:30:15.353 T:3608322944 DEBUG: CAMLCodec::GetTimeSize: len:23 dl:476042 fs:476042 front:8929
2021-01-16 05:30:15.354 T:4090851344 DEBUG: PrepareNextRender: frameOnScreen: 327.952 renderPts: 328.078 nextFramePts: 327.994 -> diff: 0.084 render: 1 forceNext: 0
2021-01-16 05:30:15.357 T:4090851344 DEBUG: CAMLCodec::ReleaseFrame idx:535, drop:0
2021-01-16 05:30:15.359 T:3608322944 DEBUG: CAMLCodec::AddData: dl:481686 sum:481686 sz:5644 dts:329.204 pts:329.204 overflow:0
2021-01-16 05:30:15.359 T:3608322944 DEBUG: CAMLCodec::GetTimeSize: len:24 dl:481686 fs:481686 front:8929
2021-01-16 05:30:15.387 T:4090851344 DEBUG: Previous line repeats 4 times.
2021-01-16 05:30:15.388 T:4090851344 DEBUG: CAMLCodec::PollFrame elapsed:29.720ms
2021-01-16 05:30:15.393 T:4090851344 DEBUG: PrepareNextRender: frameOnScreen: 327.991 renderPts: 328.117 nextFramePts: 328.036 -> diff: 0.081 render: 1 forceNext: 0
2021-01-16 05:30:15.393 T:3608322944 DEBUG: CAMLCodec::GetTimeSize: len:24 dl:472757 fs:481686 front:8929
2021-01-16 05:30:15.394 T:3608322944 DEBUG: CAMLCodec::GetTimeSize: len:23 dl:472757 fs:472757 front:72205
2021-01-16 05:30:15.394 T:3608322944 DEBUG: CAMLCodec::DequeueBuffer: pts:328.203 idx:540
2021-01-16 05:30:15.395 T:3608322944 DEBUG: CAMLCodec::GetPicture: index: 540, pts: 328.203, dur:42ms ar:1.67
2021-01-16 05:30:15.395 T:3608322944 DEBUG: CVideoPlayerVideo::OutputPicture - ttd:209ms pts:328.203 Clock:327.994 Level:3
2021-01-16 05:30:15.396 T:4090851344 DEBUG: CAMLCodec::ReleaseFrame idx:536, drop:0
2021-01-16 05:30:15.396 T:3608322944 DEBUG: CAMLCodec::GetTimeSize: len:23 dl:472757 fs:472757 front:72205
2021-01-16 05:30:15.402 T:3608322944 DEBUG: CAMLCodec::AddData: dl:480049 sum:480049 sz:7292 dts:329.246 pts:329.246 overflow:0
2021-01-16 05:30:15.402 T:3608322944 DEBUG: CAMLCodec::GetTimeSize: len:24 dl:480049 fs:480049 front:72205
2021-01-16 05:30:15.411 T:3581182848 DEBUG: Previous line repeats 1 times.
2021-01-16 05:30:15.411 T:3581182848 DEBUG: CVideoPlayer::ProcessVideoData size:68133 dts:336.336 pts:336.461 dur:41.000ms, clock:328.009 level:88
2021-01-16 05:30:15.412 T:3581182848 DEBUG: CVideoPlayer::ProcessVideoData size:2990 dts:336.378 pts:336.419 dur:41.000ms, clock:328.011 level:89
2021-01-16 05:30:15.416 T:3608322944 DEBUG: CAMLCodec::GetTimeSize: len:24 dl:480049 fs:480049 front:72205
2021-01-16 05:30:15.429 T:4090851344 DEBUG: Previous line repeats 1 times.
2021-01-16 05:30:15.430 T:4090851344 DEBUG: CAMLCodec::PollFrame elapsed:33.197ms
2021-01-16 05:30:15.430 T:3608322944 DEBUG: CAMLCodec::GetTimeSize: len:24 dl:480049 fs:480049 front:72205
2021-01-16 05:30:15.435 T:4090851344 DEBUG: PrepareNextRender: frameOnScreen: 328.033 renderPts: 328.158 nextFramePts: 328.078 -> diff: 0.080 render: 1 forceNext: 0
2021-01-16 05:30:15.438 T:4090851344 DEBUG: CAMLCodec::ReleaseFrame idx:537, drop:0
2021-01-16 05:30:15.438 T:3608322944 DEBUG: CAMLCodec::GetTimeSize: len:24 dl:407844 fs:480049 front:72205
2021-01-16 05:30:15.439 T:3608322944 DEBUG: CAMLCodec::GetTimeSize: len:23 dl:407844 fs:407844 front:18011
2021-01-16 05:30:15.439 T:3608322944 DEBUG: CAMLCodec::DequeueBuffer: pts:328.245 idx:541
2021-01-16 05:30:15.439 T:3608322944 DEBUG: CAMLCodec::GetPicture: index: 541, pts: 328.245, dur:42ms ar:1.67
2021-01-16 05:30:15.439 T:3608322944 DEBUG: CVideoPlayerVideo::OutputPicture - ttd:206ms pts:328.245 Clock:328.038 Level:3
2021-01-16 05:30:15.441 T:3608322944 DEBUG: CAMLCodec::GetTimeSize: len:23 dl:407844 fs:407844 front:18011
2021-01-16 05:30:15.446 T:3608322944 DEBUG: CAMLCodec::AddData: dl:415187 sum:415187 sz:7343 dts:329.287 pts:329.329 overflow:0
2021-01-16 05:30:15.446 T:3608322944 DEBUG: CAMLCodec::GetTimeSize: len:24 dl:415187 fs:415187 front:18011
2021-01-16 05:30:15.472 T:4090851344 DEBUG: Previous line repeats 3 times.
2021-01-16 05:30:15.472 T:4090851344 DEBUG: CAMLCodec::PollFrame elapsed:32.481ms
2021-01-16 05:30:15.474 T:3608322944 DEBUG: CAMLCodec::GetTimeSize: len:24 dl:415187 fs:415187 front:18011
2021-01-16 05:30:15.476 T:4090851344 DEBUG: PrepareNextRender: frameOnScreen: 328.075 renderPts: 328.200 nextFramePts: 328.119 -> diff: 0.081 render: 1 forceNext: 0
2021-01-16 05:30:15.477 T:3608322944 DEBUG: CAMLCodec::DequeueBuffer: pts:328.286 idx:542
2021-01-16 05:30:15.477 T:3608322944 DEBUG: CAMLCodec::GetPicture: index: 542, pts: 328.286, dur:41ms ar:1.67
2021-01-16 05:30:15.477 T:3608322944 DEBUG: CVideoPlayerVideo::OutputPicture - ttd:209ms pts:328.286 Clock:328.076 Level:3
2021-01-16 05:30:15.479 T:3608322944 DEBUG: CAMLCodec::GetTimeSize: len:24 dl:397176 fs:415187 front:18011
2021-01-16 05:30:15.479 T:4090851344 DEBUG: CAMLCodec::ReleaseFrame idx:538, drop:0
2021-01-16 05:30:15.479 T:3608322944 DEBUG: CAMLCodec::GetTimeSize: len:23 dl:397176 fs:397176 front:9964
2021-01-16 05:30:15.485 T:3608322944 DEBUG: CAMLCodec::AddData: dl:404728 sum:404728 sz:7552 dts:329.329 pts:329.371 overflow:0
2021-01-16 05:30:15.485 T:3608322944 DEBUG: CAMLCodec::GetTimeSize: len:24 dl:404728 fs:404728 front:9964
2021-01-16 05:30:15.514 T:4090851344 DEBUG: Previous line repeats 3 times.
2021-01-16 05:30:15.514 T:4090851344 DEBUG: CAMLCodec::PollFrame elapsed:33.214ms
2021-01-16 05:30:15.515 T:3608322944 DEBUG: CAMLCodec::GetTimeSize: len:24 dl:404728 fs:404728 front:9964
2021-01-16 05:30:15.516 T:3608322944 DEBUG: CAMLCodec::DequeueBuffer: pts:328.328 idx:543
2021-01-16 05:30:15.516 T:3608322944 DEBUG: CAMLCodec::GetPicture: index: 543, pts: 328.328, dur:42ms ar:1.67
2021-01-16 05:30:15.517 T:3608322944 DEBUG: CVideoPlayerVideo::OutputPicture - ttd:212ms pts:328.328 Clock:328.116 Level:4
2021-01-16 05:30:15.519 T:3608322944 DEBUG: CAMLCodec::GetTimeSize: len:24 dl:404728 fs:404728 front:9964
2021-01-16 05:30:15.520 T:4090851344 DEBUG: PrepareNextRender: frameOnScreen: 328.119 renderPts: 328.244 nextFramePts: 328.161 -> diff: 0.083 render: 1 forceNext: 0
2021-01-16 05:30:15.524 T:4090851344 DEBUG: CAMLCodec::ReleaseFrame idx:539, drop:0
2021-01-16 05:30:15.526 T:3608322944 DEBUG: CAMLCodec::GetTimeSize: len:24 dl:394764 fs:404728 front:9964
2021-01-16 05:30:15.526 T:3608322944 DEBUG: CAMLCodec::GetTimeSize: len:23 dl:394764 fs:394764 front:12546
2021-01-16 05:30:15.534 T:3608322944 DEBUG: CAMLCodec::AddData: dl:470337 sum:470337 sz:75573 dts:329.371 pts:329.621 overflow:0
2021-01-16 05:30:15.534 T:3608322944 DEBUG: CAMLCodec::GetTimeSize: len:24 dl:470337 fs:470337 front:12546
2021-01-16 05:30:15.555 T:4090851344 DEBUG: Previous line repeats 2 times.
2021-01-16 05:30:15.555 T:4090851344 DEBUG: CAMLCodec::PollFrame elapsed:30.434ms
2021-01-16 05:30:15.556 T:3608322944 DEBUG: CAMLCodec::GetTimeSize: len:24 dl:470337 fs:470337 front:12546
2021-01-16 05:30:15.561 T:4090851344 DEBUG: PrepareNextRender: frameOnScreen: 328.159 renderPts: 328.284 nextFramePts: 328.203 -> diff: 0.081 render: 1 forceNext: 0
2021-01-16 05:30:15.563 T:3608322944 DEBUG: CAMLCodec::GetTimeSize: len:24 dl:457791 fs:470337 front:12546
2021-01-16 05:30:15.564 T:3608322944 DEBUG: CAMLCodec::GetTimeSize: len:23 dl:457791 fs:457791 front:8784
2021-01-16 05:30:15.565 T:4090851344 DEBUG: CAMLCodec::ReleaseFrame idx:540, drop:0
2021-01-16 05:30:15.565 T:3608322944 DEBUG: CAMLCodec::DequeueBuffer: pts:328.370 idx:544
2021-01-16 05:30:15.566 T:3608322944 DEBUG: CAMLCodec::GetPicture: index: 544, pts: 328.370, dur:42ms ar:1.67
2021-01-16 05:30:15.566 T:3608322944 DEBUG: CVideoPlayerVideo::OutputPicture - ttd:205ms pts:328.370 Clock:328.165 Level:3
2021-01-16 05:30:15.567 T:3608322944 DEBUG: CAMLCodec::GetTimeSize: len:23 dl:457791 fs:457791 front:8784
2021-01-16 05:30:15.573 T:3608322944 DEBUG: CAMLCodec::AddData: dl:484494 sum:484494 sz:26703 dts:329.412 pts:329.538 overflow:0
2021-01-16 05:30:15.573 T:3608322944 DEBUG: CAMLCodec::GetTimeSize: len:24 dl:484494 fs:484494 front:8784
2021-01-16 05:30:15.596 T:4090851344 DEBUG: Previous line repeats 3 times.
2021-01-16 05:30:15.598 T:4090851344 DEBUG: CAMLCodec::PollFrame elapsed:30.976ms
2021-01-16 05:30:15.601 T:3608322944 DEBUG: CAMLCodec::GetTimeSize: len:24 dl:484494 fs:484494 front:8784
2021-01-16 05:30:15.603 T:3608322944 DEBUG: CAMLCodec::DequeueBuffer: pts:328.411 idx:545
2021-01-16 05:30:15.603 T:3608322944 DEBUG: CAMLCodec::GetPicture: index: 545, pts: 328.411, dur:41ms ar:1.67
2021-01-16 05:30:15.604 T:3608322944 DEBUG: CVideoPlayerVideo::OutputPicture - ttd:208ms pts:328.411 Clock:328.203 Level:4
2021-01-16 05:30:15.604 T:4090851344 DEBUG: PrepareNextRender: frameOnScreen: 328.203 renderPts: 328.328 nextFramePts: 328.245 -> diff: 0.083 render: 1 forceNext: 0
2021-01-16 05:30:15.607 T:3608322944 DEBUG: CAMLCodec::GetTimeSize: len:24 dl:475710 fs:484494 front:8784
2021-01-16 05:30:15.607 T:3608322944 DEBUG: CAMLCodec::GetTimeSize: len:23 dl:475710 fs:475710 front:8190
2021-01-16 05:30:15.607 T:4090851344 DEBUG: CAMLCodec::ReleaseFrame idx:541, drop:0
2021-01-16 05:30:15.612 T:3608322944 DEBUG: CAMLCodec::AddData: dl:480491 sum:480491 sz:4781 dts:329.454 pts:329.454 overflow:0
2021-01-16 05:30:15.613 T:3608322944 DEBUG: CAMLCodec::GetTimeSize: len:24 dl:480491 fs:480491 front:8190
2021-01-16 05:30:15.638 T:4090851344 DEBUG: Previous line repeats 3 times.
2021-01-16 05:30:15.638 T:4090851344 DEBUG: CAMLCodec::PollFrame elapsed:30.356ms
2021-01-16 05:30:15.640 T:3608322944 DEBUG: CAMLCodec::GetTimeSize: len:24 dl:480491 fs:480491 front:8190
2021-01-16 05:30:15.642 T:4090851344 DEBUG: PrepareNextRender: frameOnScreen: 328.241 renderPts: 328.366 nextFramePts: 328.286 -> diff: 0.080 render: 1 forceNext: 0
2021-01-16 05:30:15.645 T:4090851344 DEBUG: CAMLCodec::ReleaseFrame idx:542, drop:0
2021-01-16 05:30:15.647 T:3608322944 DEBUG: CAMLCodec::GetTimeSize: len:24 dl:472301 fs:480491 front:8190
2021-01-16 05:30:15.647 T:3608322944 DEBUG: CAMLCodec::GetTimeSize: len:23 dl:472301 fs:472301 front:74099
2021-01-16 05:30:15.647 T:3608322944 DEBUG: CAMLCodec::DequeueBuffer: pts:328.453 idx:546
2021-01-16 05:30:15.648 T:3608322944 DEBUG: CAMLCodec::GetPicture: index: 546, pts: 328.453, dur:42ms ar:1.67
2021-01-16 05:30:15.648 T:3608322944 DEBUG: CVideoPlayerVideo::OutputPicture - ttd:206ms pts:328.453 Clock:328.247 Level:3
2021-01-16 05:30:15.649 T:3608322944 DEBUG: CAMLCodec::GetTimeSize: len:23 dl:472301 fs:472301 front:74099
2021-01-16 05:30:15.655 T:3608322944 DEBUG: CAMLCodec::AddData: dl:477571 sum:477571 sz:5270 dts:329.496 pts:329.496 overflow:0
2021-01-16 05:30:15.655 T:3608322944 DEBUG: CAMLCodec::GetTimeSize: len:24 dl:477571 fs:477571 front:74099
2021-01-16 05:30:15.667 T:3581182848 DEBUG: Previous line repeats 1 times.
2021-01-16 05:30:15.667 T:3581182848 DEBUG: CVideoPlayer::ProcessVideoData size:105349 dts:336.419 pts:336.711 dur:41.000ms, clock:328.266 level:86
2021-01-16 05:30:15.669 T:3581182848 DEBUG: CVideoPlayer::ProcessVideoData size:37405 dts:336.461 pts:336.586 dur:41.000ms, clock:328.268 level:87
2021-01-16 05:30:15.669 T:3608322944 DEBUG: CAMLCodec::GetTimeSize: len:24 dl:477571 fs:477571 front:74099
2021-01-16 05:30:15.669 T:3581182848 DEBUG: CVideoPlayer::ProcessVideoData size:4732 dts:336.503 pts:336.503 dur:41.000ms, clock:328.268 level:87
2021-01-16 05:30:15.670 T:3581182848 DEBUG: CVideoPlayer::ProcessVideoData size:5950 dts:336.545 pts:336.545 dur:41.000ms, clock:328.269 level:88
2021-01-16 05:30:15.672 T:3581182848 DEBUG: CVideoPlayer::ProcessVideoData size:5391 dts:336.586 pts:336.628 dur:41.000ms, clock:328.270 level:88
2021-01-16 05:30:15.673 T:3581182848 DEBUG: CVideoPlayer::ProcessVideoData size:4956 dts:336.628 pts:336.670 dur:41.000ms, clock:328.271 level:89
2021-01-16 05:30:15.676 T:3608322944 DEBUG: CAMLCodec::GetTimeSize: len:24 dl:477571 fs:477571 front:74099
2021-01-16 05:30:15.679 T:4090851344 DEBUG: CAMLCodec::PollFrame elapsed:34.027ms
2021-01-16 05:30:15.683 T:3608322944 DEBUG: CAMLCodec::GetTimeSize: len:24 dl:477571 fs:477571 front:74099
2021-01-16 05:30:15.684 T:3608322944 DEBUG: CAMLCodec::DequeueBuffer: pts:328.495 idx:547
2021-01-16 05:30:15.685 T:4090851344 DEBUG: PrepareNextRender: frameOnScreen: 328.283 renderPts: 328.408 nextFramePts: 328.328 -> diff: 0.080 render: 1 forceNext: 0
2021-01-16 05:30:15.686 T:3608322944 DEBUG: CAMLCodec::GetPicture: index: 547, pts: 328.495, dur:42ms ar:1.67
2021-01-16 05:30:15.686 T:3608322944 DEBUG: CVideoPlayerVideo::OutputPicture - ttd:209ms pts:328.495 Clock:328.285 Level:3
2021-01-16 05:30:15.688 T:4090851344 DEBUG: CAMLCodec::ReleaseFrame idx:543, drop:0
2021-01-16 05:30:15.688 T:3608322944 DEBUG: CAMLCodec::GetTimeSize: len:24 dl:403472 fs:477571 front:74099
2021-01-16 05:30:15.688 T:3608322944 DEBUG: CAMLCodec::GetTimeSize: len:23 dl:403472 fs:403472 front:15975
2021-01-16 05:30:15.694 T:3608322944 DEBUG: CAMLCodec::AddData: dl:407848 sum:407848 sz:4376 dts:329.538 pts:329.579 overflow:0
2021-01-16 05:30:15.694 T:3608322944 DEBUG: CAMLCodec::GetTimeSize: len:24 dl:407848 fs:407848 front:15975
2021-01-16 05:30:15.721 T:4090851344 DEBUG: Previous line repeats 3 times.
2021-01-16 05:30:15.722 T:4090851344 DEBUG: CAMLCodec::PollFrame elapsed:33.329ms
2021-01-16 05:30:15.722 T:3608322944 DEBUG: CAMLCodec::GetTimeSize: len:24 dl:407848 fs:407848 front:15975
2021-01-16 05:30:15.729 T:4090851344 DEBUG: PrepareNextRender: frameOnScreen: 328.328 renderPts: 328.453 nextFramePts: 328.370 -> diff: 0.083 render: 1 forceNext: 0
2021-01-16 05:30:15.730 T:3608322944 DEBUG: CAMLCodec::GetTimeSize: len:24 dl:391873 fs:407848 front:15975
2021-01-16 05:30:15.730 T:3608322944 DEBUG: CAMLCodec::GetTimeSize: len:23 dl:391873 fs:391873 front:7761
2021-01-16 05:30:15.731 T:3608322944 DEBUG: CAMLCodec::DequeueBuffer: pts:328.537 idx:548
2021-01-16 05:30:15.731 T:3608322944 DEBUG: CAMLCodec::GetPicture: index: 548, pts: 328.537, dur:42ms ar:1.67
2021-01-16 05:30:15.731 T:3608322944 DEBUG: CVideoPlayerVideo::OutputPicture - ttd:206ms pts:328.537 Clock:328.330 Level:3
2021-01-16 05:30:15.732 T:4090851344 DEBUG: CAMLCodec::ReleaseFrame idx:544, drop:0
2021-01-16 05:30:15.733 T:3608322944 DEBUG: CAMLCodec::GetTimeSize: len:23 dl:391873 fs:391873 front:7761
2021-01-16 05:30:15.740 T:3608322944 DEBUG: CAMLCodec::AddData: dl:474611 sum:474611 sz:82738 dts:329.579 pts:329.871 overflow:0
2021-01-16 05:30:15.741 T:3608322944 DEBUG: CAMLCodec::GetTimeSize: len:24 dl:474611 fs:474611 front:7761
2021-01-16 05:30:15.761 T:3581182848 DEBUG: Previous line repeats 2 times.
2021-01-16 05:30:15.761 T:3581182848 DEBUG: CVideoPlayer::ProcessVideoData size:105684 dts:336.670 pts:336.962 dur:41.000ms, clock:328.359 level:88
2021-01-16 05:30:15.762 T:3581182848 DEBUG: CVideoPlayer::ProcessVideoData size:40949 dts:336.711 pts:336.836 dur:41.000ms, clock:328.361 level:89
2021-01-16 05:30:15.763 T:3608322944 DEBUG: CAMLCodec::GetTimeSize: len:24 dl:474611 fs:474611 front:7761
2021-01-16 05:30:15.764 T:3581182848 DEBUG: CVideoPlayer::ProcessVideoData size:4971 dts:336.753 pts:336.753 dur:41.000ms, clock:328.362 level:89
2021-01-16 05:30:15.765 T:4090851344 DEBUG: CAMLCodec::PollFrame elapsed:31.260ms
2021-01-16 05:30:15.765 T:3608322944 DEBUG: CAMLCodec::DequeueBuffer: pts:328.578 idx:549
2021-01-16 05:30:15.766 T:3581182848 DEBUG: CVideoPlayer::ProcessVideoData size:5438 dts:336.795 pts:336.795 dur:41.000ms, clock:328.364 level:90
2021-01-16 05:30:15.768 T:3608322944 DEBUG: CAMLCodec::GetPicture: index: 549, pts: 328.578, dur:41ms ar:1.67
2021-01-16 05:30:15.768 T:3608322944 DEBUG: CVideoPlayerVideo::OutputPicture - ttd:210ms pts:328.578 Clock:328.367 Level:4
2021-01-16 05:30:15.769 T:3581182848 DEBUG: CVideoPlayer::ProcessVideoData size:4197 dts:336.836 pts:336.878 dur:41.000ms, clock:328.368 level:90
2021-01-16 05:30:15.770 T:3581182848 DEBUG: CVideoPlayer::ProcessVideoData size:4899 dts:336.878 pts:336.920 dur:41.000ms, clock:328.369 level:91
2021-01-16 05:30:15.771 T:4090851344 DEBUG: PrepareNextRender: frameOnScreen: 328.369 renderPts: 328.494 nextFramePts: 328.411 -> diff: 0.083 render: 1 forceNext: 0
2021-01-16 05:30:15.772 T:3608322944 DEBUG: CAMLCodec::GetTimeSize: len:24 dl:466850 fs:474611 front:7761
2021-01-16 05:30:15.773 T:3608322944 DEBUG: CAMLCodec::GetTimeSize: len:23 dl:466850 fs:466850 front:8326
2021-01-16 05:30:15.774 T:4090851344 DEBUG: CAMLCodec::ReleaseFrame idx:545, drop:0
2021-01-16 05:30:15.779 T:3608322944 DEBUG: CAMLCodec::AddData: dl:485054 sum:485054 sz:18204 dts:329.621 pts:329.746 overflow:0
2021-01-16 05:30:15.779 T:3608322944 DEBUG: CAMLCodec::GetTimeSize: len:24 dl:485054 fs:485054 front:8326
2021-01-16 05:30:15.805 T:4090851344 DEBUG: Previous line repeats 3 times.
2021-01-16 05:30:15.806 T:4090851344 DEBUG: CAMLCodec::PollFrame elapsed:30.846ms
2021-01-16 05:30:15.807 T:3608322944 DEBUG: CAMLCodec::GetTimeSize: len:24 dl:485054 fs:485054 front:8326
2021-01-16 05:30:15.808 T:3608322944 DEBUG: CAMLCodec::DequeueBuffer: pts:328.620 idx:550
2021-01-16 05:30:15.809 T:3608322944 DEBUG: CAMLCodec::GetPicture: index: 550, pts: 328.620, dur:42ms ar:1.67
2021-01-16 05:30:15.810 T:3608322944 DEBUG: CVideoPlayerVideo::OutputPicture - ttd:211ms pts:328.620 Clock:328.409 Level:4
2021-01-16 05:30:15.813 T:3608322944 DEBUG: CAMLCodec::GetTimeSize: len:24 dl:476728 fs:485054 front:8326
2021-01-16 05:30:15.813 T:4090851344 DEBUG: PrepareNextRender: frameOnScreen: 328.411 renderPts: 328.536 nextFramePts: 328.453 -> diff: 0.083 render: 1 forceNext: 0
2021-01-16 05:30:15.814 T:3608322944 DEBUG: CAMLCodec::GetTimeSize: len:23 dl:476728 fs:476728 front:9843
2021-01-16 05:30:15.816 T:4090851344 DEBUG: CAMLCodec::ReleaseFrame idx:546, drop:0
2021-01-16 05:30:15.819 T:3608322944 DEBUG: CAMLCodec::AddData: dl:483399 sum:483399 sz:6671 dts:329.663 pts:329.663 overflow:0
2021-01-16 05:30:15.819 T:3608322944 DEBUG: CAMLCodec::GetTimeSize: len:24 dl:483399 fs:483399 front:9843
2021-01-16 05:30:15.847 T:4090851344 DEBUG: Previous line repeats 4 times.
2021-01-16 05:30:15.847 T:4090851344 DEBUG: CAMLCodec::PollFrame elapsed:30.478ms
2021-01-16 05:30:15.852 T:4090851344 DEBUG: PrepareNextRender: frameOnScreen: 328.451 renderPts: 328.576 nextFramePts: 328.495 -> diff: 0.081 render: 1 forceNext: 0
2021-01-16 05:30:15.854 T:3608322944 DEBUG: CAMLCodec::GetTimeSize: len:24 dl:473556 fs:483399 front:9843
2021-01-16 05:30:15.855 T:3608322944 DEBUG: CAMLCodec::GetTimeSize: len:23 dl:473556 fs:473556 front:5785
2021-01-16 05:30:15.855 T:4090851344 DEBUG: CAMLCodec::ReleaseFrame idx:547, drop:0
2021-01-16 05:30:15.856 T:3608322944 DEBUG: CAMLCodec::DequeueBuffer: pts:328.662 idx:551
2021-01-16 05:30:15.856 T:3608322944 DEBUG: CAMLCodec::GetPicture: index: 551, pts: 328.662, dur:42ms ar:1.67
2021-01-16 05:30:15.856 T:3608322944 DEBUG: CVideoPlayerVideo::OutputPicture - ttd:206ms pts:328.662 Clock:328.455 Level:3
2021-01-16 05:30:15.858 T:3608322944 DEBUG: CAMLCodec::GetTimeSize: len:23 dl:473556 fs:473556 front:5785
2021-01-16 05:30:15.863 T:3608322944 DEBUG: CAMLCodec::AddData: dl:480482 sum:480482 sz:6926 dts:329.704 pts:329.704 overflow:0
2021-01-16 05:30:15.863 T:3608322944 DEBUG: CAMLCodec::GetTimeSize: len:24 dl:480482 fs:480482 front:5785
2021-01-16 05:30:15.889 T:4090851344 DEBUG: Previous line repeats 3 times.
2021-01-16 05:30:15.889 T:4090851344 DEBUG: CAMLCodec::PollFrame elapsed:32.763ms
2021-01-16 05:30:15.891 T:3608322944 DEBUG: CAMLCodec::GetTimeSize: len:24 dl:480482 fs:480482 front:5785
2021-01-16 05:30:15.892 T:3608322944 DEBUG: CAMLCodec::DequeueBuffer: pts:328.703 idx:552
2021-01-16 05:30:15.893 T:3608322944 DEBUG: CAMLCodec::GetPicture: index: 552, pts: 328.703, dur:41ms ar:1.67
2021-01-16 05:30:15.893 T:3608322944 DEBUG: CVideoPlayerVideo::OutputPicture - ttd:210ms pts:328.703 Clock:328.492 Level:4
2021-01-16 05:30:15.895 T:4090851344 DEBUG: PrepareNextRender: frameOnScreen: 328.494 renderPts: 328.619 nextFramePts: 328.537 -> diff: 0.082 render: 1 forceNext: 0
2021-01-16 05:30:15.896 T:3608322944 DEBUG: CAMLCodec::GetTimeSize: len:24 dl:474697 fs:480482 front:5785
2021-01-16 05:30:15.896 T:3608322944 DEBUG: CAMLCodec::GetTimeSize: len:23 dl:474697 fs:474697 front:7407
2021-01-16 05:30:15.898 T:4090851344 DEBUG: CAMLCodec::ReleaseFrame idx:548, drop:0
2021-01-16 05:30:15.902 T:3608322944 DEBUG: CAMLCodec::AddData: dl:480404 sum:480404 sz:5707 dts:329.746 pts:329.788 overflow:0
2021-01-16 05:30:15.902 T:3608322944 DEBUG: CAMLCodec::GetTimeSize: len:24 dl:480404 fs:480404 front:7407
2021-01-16 05:30:15.930 T:4090851344 DEBUG: Previous line repeats 4 times.
2021-01-16 05:30:15.931 T:4090851344 DEBUG: CAMLCodec::PollFrame elapsed:31.588ms
2021-01-16 05:30:15.937 T:4090851344 DEBUG: PrepareNextRender: frameOnScreen: 328.536 renderPts: 328.661 nextFramePts: 328.578 -> diff: 0.083 render: 1 forceNext: 0
2021-01-16 05:30:15.938 T:3608322944 DEBUG: CAMLCodec::GetTimeSize: len:24 dl:472997 fs:480404 front:7407
2021-01-16 05:30:15.938 T:3608322944 DEBUG: CAMLCodec::GetTimeSize: len:23 dl:472997 fs:472997 front:67283
2021-01-16 05:30:15.939 T:3608322944 DEBUG: CAMLCodec::DequeueBuffer: pts:328.745 idx:553
2021-01-16 05:30:15.939 T:3608322944 DEBUG: CAMLCodec::GetPicture: index: 553, pts: 328.745, dur:42ms ar:1.67
2021-01-16 05:30:15.940 T:3608322944 DEBUG: CVideoPlayerVideo::OutputPicture - ttd:206ms pts:328.745 Clock:328.539 Level:3
2021-01-16 05:30:15.940 T:4090851344 DEBUG: CAMLCodec::ReleaseFrame idx:549, drop:0
2021-01-16 05:30:15.941 T:3608322944 DEBUG: CAMLCodec::GetTimeSize: len:23 dl:472997 fs:472997 front:67283
2021-01-16 05:30:15.947 T:3608322944 DEBUG: CAMLCodec::AddData: dl:481130 sum:481130 sz:8133 dts:329.788 pts:329.829 overflow:0
2021-01-16 05:30:15.947 T:3608322944 DEBUG: CAMLCodec::GetTimeSize: len:24 dl:481130 fs:481130 front:67283
2021-01-16 05:30:15.973 T:4090851344 DEBUG: Previous line repeats 3 times.
2021-01-16 05:30:15.973 T:4090851344 DEBUG: CAMLCodec::PollFrame elapsed:31.684ms
2021-01-16 05:30:15.975 T:3608322944 DEBUG: CAMLCodec::GetTimeSize: len:24 dl:481130 fs:481130 front:67283
2021-01-16 05:30:15.976 T:3608322944 DEBUG: CAMLCodec::DequeueBuffer: pts:328.787 idx:554
2021-01-16 05:30:15.977 T:3608322944 DEBUG: CAMLCodec::GetPicture: index: 554, pts: 328.787, dur:42ms ar:1.67
2021-01-16 05:30:15.978 T:3608322944 DEBUG: CVideoPlayerVideo::OutputPicture - ttd:210ms pts:328.787 Clock:328.576 Level:4
2021-01-16 05:30:15.979 T:4090851344 DEBUG: PrepareNextRender: frameOnScreen: 328.577 renderPts: 328.702 nextFramePts: 328.620 -> diff: 0.082 render: 1 forceNext: 0
2021-01-16 05:30:15.980 T:3608322944 DEBUG: CAMLCodec::GetTimeSize: len:24 dl:413847 fs:481130 front:67283
2021-01-16 05:30:15.980 T:3608322944 DEBUG: CAMLCodec::GetTimeSize: len:23 dl:413847 fs:413847 front:22337
2021-01-16 05:30:15.982 T:4090851344 DEBUG: CAMLCodec::ReleaseFrame idx:550, drop:0
2021-01-16 05:30:15.988 T:3608322944 DEBUG: CAMLCodec::AddData: dl:482134 sum:482134 sz:68287 dts:329.829 pts:330.163 overflow:0
2021-01-16 05:30:15.988 T:3608322944 DEBUG: CAMLCodec::GetTimeSize: len:24 dl:482134 fs:482134 front:22337
2021-01-16 05:30:16.013 T:4090851344 DEBUG: Previous line repeats 3 times.
2021-01-16 05:30:16.014 T:4090851344 DEBUG: CAMLCodec::PollFrame elapsed:31.134ms
2021-01-16 05:30:16.017 T:3608322944 DEBUG: CAMLCodec::GetTimeSize: len:24 dl:482134 fs:482134 front:22337
2021-01-16 05:30:16.018 T:3608322944 DEBUG: CAMLCodec::DequeueBuffer: pts:328.828 idx:555
2021-01-16 05:30:16.019 T:3608322944 DEBUG: CAMLCodec::GetPicture: index: 555, pts: 328.828, dur:41ms ar:1.67
2021-01-16 05:30:16.020 T:3608322944 DEBUG: CVideoPlayerVideo::OutputPicture - ttd:209ms pts:328.828 Clock:328.619 Level:4
2021-01-16 05:30:16.021 T:4090851344 DEBUG: PrepareNextRender: frameOnScreen: 328.620 renderPts: 328.745 nextFramePts: 328.662 -> diff: 0.083 render: 1 forceNext: 0
2021-01-16 05:30:16.023 T:3608322944 DEBUG: CAMLCodec::GetTimeSize: len:24 dl:459797 fs:482134 front:22337
2021-01-16 05:30:16.023 T:3608322944 DEBUG: CAMLCodec::GetTimeSize: len:23 dl:459797 fs:459797 front:6698
2021-01-16 05:30:16.024 T:4090851344 DEBUG: CAMLCodec::ReleaseFrame idx:551, drop:0
2021-01-16 05:30:16.029 T:3608322944 DEBUG: CAMLCodec::AddData: dl:472444 sum:472444 sz:12647 dts:329.871 pts:330.038 overflow:0
2021-01-16 05:30:16.029 T:3608322944 DEBUG: CAMLCodec::GetTimeSize: len:24 dl:472444 fs:472444 front:6698
2021-01-16 05:30:16.055 T:4090851344 DEBUG: Previous line repeats 3 times.
2021-01-16 05:30:16.055 T:4090851344 DEBUG: CAMLCodec::PollFrame elapsed:30.402ms
2021-01-16 05:30:16.056 T:3608322944 DEBUG: CAMLCodec::GetTimeSize: len:24 dl:472444 fs:472444 front:6698
2021-01-16 05:30:16.061 T:4090851344 DEBUG: PrepareNextRender: frameOnScreen: 328.659 renderPts: 328.785 nextFramePts: 328.703 -> diff: 0.082 render: 1 forceNext: 0
2021-01-16 05:30:16.064 T:4090851344 DEBUG: CAMLCodec::ReleaseFrame idx:552, drop:0
2021-01-16 05:30:16.064 T:3608322944 DEBUG: CAMLCodec::GetTimeSize: len:24 dl:465746 fs:472444 front:6698
2021-01-16 05:30:16.064 T:3608322944 DEBUG: CAMLCodec::GetTimeSize: len:23 dl:465746 fs:465746 front:6907
2021-01-16 05:30:16.064 T:3608322944 DEBUG: CAMLCodec::DequeueBuffer: pts:328.870 idx:556
2021-01-16 05:30:16.064 T:3608322944 DEBUG: CAMLCodec::GetPicture: index: 556, pts: 328.870, dur:42ms ar:1.67
2021-01-16 05:30:16.065 T:3608322944 DEBUG: CVideoPlayerVideo::OutputPicture - ttd:206ms pts:328.870 Clock:328.664 Level:3
2021-01-16 05:30:16.066 T:3608322944 DEBUG: CAMLCodec::GetTimeSize: len:23 dl:465746 fs:465746 front:6907
2021-01-16 05:30:16.071 T:3608322944 DEBUG: CAMLCodec::AddData: dl:471086 sum:471086 sz:5340 dts:329.913 pts:329.913 overflow:0
2021-01-16 05:30:16.072 T:3608322944 DEBUG: CAMLCodec::GetTimeSize: len:24 dl:471086 fs:471086 front:6907
2021-01-16 05:30:16.097 T:4090851344 DEBUG: Previous line repeats 3 times.
2021-01-16 05:30:16.097 T:4090851344 DEBUG: CAMLCodec::PollFrame elapsed:32.911ms
2021-01-16 05:30:16.100 T:3608322944 DEBUG: CAMLCodec::GetTimeSize: len:24 dl:471086 fs:471086 front:6907
2021-01-16 05:30:16.101 T:3608322944 DEBUG: CAMLCodec::DequeueBuffer: pts:328.912 idx:557
2021-01-16 05:30:16.101 T:3608322944 DEBUG: CAMLCodec::GetPicture: index: 557, pts: 328.912, dur:42ms ar:1.67
2021-01-16 05:30:16.102 T:3608322944 DEBUG: CVideoPlayerVideo::OutputPicture - ttd:211ms pts:328.912 Clock:328.701 Level:4
2021-01-16 05:30:16.102 T:4090851344 DEBUG: PrepareNextRender: frameOnScreen: 328.701 renderPts: 328.826 nextFramePts: 328.745 -> diff: 0.081 render: 1 forceNext: 0
2021-01-16 05:30:16.105 T:3608322944 DEBUG: CAMLCodec::GetTimeSize: len:24 dl:464179 fs:471086 front:6907
2021-01-16 05:30:16.106 T:4090851344 DEBUG: CAMLCodec::ReleaseFrame idx:553, drop:0
2021-01-16 05:30:16.106 T:3608322944 DEBUG: CAMLCodec::GetTimeSize: len:23 dl:464179 fs:464179 front:3944
2021-01-16 05:30:16.112 T:3608322944 DEBUG: CAMLCodec::AddData: dl:469772 sum:469772 sz:5593 dts:329.955 pts:329.955 overflow:0
2021-01-16 05:30:16.112 T:3608322944 DEBUG: CAMLCodec::GetTimeSize: len:24 dl:469772 fs:469772 front:3944
2021-01-16 05:30:16.139 T:4090851344 DEBUG: Previous line repeats 3 times.
2021-01-16 05:30:16.139 T:4090851344 DEBUG: CAMLCodec::PollFrame elapsed:32.373ms
2021-01-16 05:30:16.142 T:3608322944 DEBUG: CAMLCodec::GetTimeSize: len:24 dl:469772 fs:469772 front:3944
2021-01-16 05:30:16.143 T:3608322944 DEBUG: CAMLCodec::DequeueBuffer: pts:328.954 idx:558
2021-01-16 05:30:16.144 T:3608322944 DEBUG: CAMLCodec::GetPicture: index: 558, pts: 328.954, dur:42ms ar:1.67
2021-01-16 05:30:16.145 T:3608322944 DEBUG: CVideoPlayerVideo::OutputPicture - ttd:210ms pts:328.954 Clock:328.743 Level:4
2021-01-16 05:30:16.145 T:4090851344 DEBUG: PrepareNextRender: frameOnScreen: 328.743 renderPts: 328.869 nextFramePts: 328.787 -> diff: 0.082 render: 1 forceNext: 0
2021-01-16 05:30:16.147 T:3608322944 DEBUG: CAMLCodec::GetTimeSize: len:24 dl:465828 fs:469772 front:3944
2021-01-16 05:30:16.147 T:3608322944 DEBUG: CAMLCodec::GetTimeSize: len:23 dl:465828 fs:465828 front:4252
2021-01-16 05:30:16.148 T:4090851344 DEBUG: CAMLCodec::ReleaseFrame idx:554, drop:0
2021-01-16 05:30:16.153 T:3608322944 DEBUG: CAMLCodec::AddData: dl:469932 sum:469932 sz:4104 dts:329.996 pts:329.996 overflow:0
2021-01-16 05:30:16.153 T:3608322944 DEBUG: CAMLCodec::GetTimeSize: len:24 dl:469932 fs:469932 front:4252
2021-01-16 05:30:16.180 T:4090851344 DEBUG: Previous line repeats 3 times.
2021-01-16 05:30:16.180 T:4090851344 DEBUG: CAMLCodec::PollFrame elapsed:31.646ms
2021-01-16 05:30:16.180 T:3608322944 DEBUG: CAMLCodec::GetTimeSize: len:24 dl:469932 fs:469932 front:4252
2021-01-16 05:30:16.185 T:4090851344 DEBUG: PrepareNextRender: frameOnScreen: 328.783 renderPts: 328.909 nextFramePts: 328.828 -> diff: 0.081 render: 1 forceNext: 0
2021-01-16 05:30:16.187 T:4090851344 DEBUG: CAMLCodec::ReleaseFrame idx:555, drop:0
2021-01-16 05:30:16.188 T:3608322944 DEBUG: CAMLCodec::GetTimeSize: len:24 dl:465680 fs:469932 front:4252
2021-01-16 05:30:16.188 T:3608322944 DEBUG: CAMLCodec::GetTimeSize: len:23 dl:465680 fs:465680 front:76158
2021-01-16 05:30:16.188 T:3608322944 DEBUG: CAMLCodec::DequeueBuffer: pts:328.995 idx:559
2021-01-16 05:30:16.189 T:3608322944 DEBUG: CAMLCodec::GetPicture: index: 559, pts: 328.995, dur:41ms ar:1.67
2021-01-16 05:30:16.189 T:3608322944 DEBUG: CVideoPlayerVideo::OutputPicture - ttd:207ms pts:328.995 Clock:328.788 Level:3
2021-01-16 05:30:16.190 T:3608322944 DEBUG: CAMLCodec::GetTimeSize: len:23 dl:465680 fs:465680 front:76158
2021-01-16 05:30:16.196 T:3608322944 DEBUG: CAMLCodec::AddData: dl:472085 sum:472085 sz:6405 dts:330.038 pts:330.080 overflow:0
2021-01-16 05:30:16.196 T:3608322944 DEBUG: CAMLCodec::GetTimeSize: len:24 dl:472085 fs:472085 front:76158
2021-01-16 05:30:16.222 T:4090851344 DEBUG: Previous line repeats 3 times.
2021-01-16 05:30:16.224 T:4090851344 DEBUG: CAMLCodec::PollFrame elapsed:33.689ms
2021-01-16 05:30:16.224 T:3608322944 DEBUG: CAMLCodec::GetTimeSize: len:24 dl:472085 fs:472085 front:76158
2021-01-16 05:30:16.225 T:3608322944 DEBUG: CAMLCodec::DequeueBuffer: pts:329.037 idx:560
2021-01-16 05:30:16.225 T:3608322944 DEBUG: CAMLCodec::GetPicture: index: 560, pts: 329.037, dur:42ms ar:1.67
2021-01-16 05:30:16.226 T:3608322944 DEBUG: CVideoPlayerVideo::OutputPicture - ttd:212ms pts:329.037 Clock:328.824 Level:4
2021-01-16 05:30:16.227 T:3608322944 DEBUG: CAMLCodec::GetTimeSize: len:24 dl:472085 fs:472085 front:76158
2021-01-16 05:30:16.231 T:4090851344 DEBUG: PrepareNextRender: frameOnScreen: 328.829 renderPts: 328.955 nextFramePts: 328.870 -> diff: 0.085 render: 1 forceNext: 0
2021-01-16 05:30:16.232 T:4090851344 DEBUG: CAMLCodec::ReleaseFrame idx:556, drop:0
2021-01-16 05:30:16.234 T:3608322944 DEBUG: CAMLCodec::GetTimeSize: len:24 dl:395927 fs:472085 front:76158
2021-01-16 05:30:16.235 T:3608322944 DEBUG: CAMLCodec::GetTimeSize: len:23 dl:395927 fs:395927 front:15084
2021-01-16 05:30:16.240 T:3608322944 DEBUG: CAMLCodec::AddData: dl:402048 sum:402048 sz:6121 dts:330.080 pts:330.121 overflow:0
2021-01-16 05:30:16.241 T:3608322944 DEBUG: CAMLCodec::GetTimeSize: len:24 dl:402048 fs:402048 front:15084
2021-01-16 05:30:16.265 T:4090851344 DEBUG: Previous line repeats 3 times.
2021-01-16 05:30:16.265 T:4090851344 DEBUG: CAMLCodec::PollFrame elapsed:31.859ms
2021-01-16 05:30:16.270 T:3608322944 DEBUG: CAMLCodec::GetTimeSize: len:24 dl:386964 fs:402048 front:15084
2021-01-16 05:30:16.270 T:3608322944 DEBUG: CAMLCodec::GetTimeSize: len:23 dl:386964 fs:386964 front:5554
2021-01-16 05:30:16.271 T:4090851344 DEBUG: PrepareNextRender: frameOnScreen: 328.869 renderPts: 328.994 nextFramePts: 328.912 -> diff: 0.082 render: 1 forceNext: 0
2021-01-16 05:30:16.272 T:3608322944 DEBUG: CAMLCodec::DequeueBuffer: pts:329.079 idx:561
2021-01-16 05:30:16.273 T:3608322944 DEBUG: CAMLCodec::GetPicture: index: 561, pts: 329.079, dur:42ms ar:1.67
2021-01-16 05:30:16.273 T:3608322944 DEBUG: CVideoPlayerVideo::OutputPicture - ttd:207ms pts:329.079 Clock:328.872 Level:3
2021-01-16 05:30:16.274 T:4090851344 DEBUG: CAMLCodec::ReleaseFrame idx:557, drop:0
2021-01-16 05:30:16.274 T:3581182848 DEBUG: CVideoPlayer::ProcessVideoData size:100664 dts:336.920 pts:337.254 dur:41.000ms, clock:328.872 level:85
2021-01-16 05:30:16.275 T:3581182848 DEBUG: CVideoPlayer::ProcessVideoData size:16805 dts:336.962 pts:337.128 dur:41.000ms, clock:328.874 level:85
2021-01-16 05:30:16.275 T:3581182848 DEBUG: CVideoPlayer::ProcessVideoData size:5862 dts:337.003 pts:337.003 dur:41.000ms, clock:328.874 level:86
2021-01-16 05:30:16.276 T:3581182848 DEBUG: CVideoPlayer::ProcessVideoData size:7941 dts:337.045 pts:337.045 dur:41.000ms, clock:328.875 level:87
2021-01-16 05:30:16.276 T:3581182848 DEBUG: CVideoPlayer::ProcessVideoData size:9213 dts:337.087 pts:337.087 dur:41.000ms, clock:328.875 level:87
2021-01-16 05:30:16.277 T:3581182848 DEBUG: CVideoPlayer::ProcessVideoData size:7656 dts:337.128 pts:337.170 dur:41.000ms, clock:328.876 level:88
2021-01-16 05:30:16.278 T:3581182848 DEBUG: CVideoPlayer::ProcessVideoData size:7977 dts:337.170 pts:337.212 dur:41.000ms, clock:328.877 level:88
2021-01-16 05:30:16.279 T:3608322944 DEBUG: CAMLCodec::GetTimeSize: len:23 dl:386964 fs:386964 front:5554
2021-01-16 05:30:16.287 T:3608322944 DEBUG: CAMLCodec::AddData: dl:457678 sum:457678 sz:70714 dts:330.121 pts:330.372 overflow:0
2021-01-16 05:30:16.287 T:3608322944 DEBUG: CAMLCodec::GetTimeSize: len:24 dl:457678 fs:457678 front:5554
2021-01-16 05:30:16.307 T:4090851344 DEBUG: Previous line repeats 2 times.
2021-01-16 05:30:16.307 T:4090851344 DEBUG: CAMLCodec::PollFrame elapsed:31.546ms
2021-01-16 05:30:16.307 T:3608322944 DEBUG: CAMLCodec::GetTimeSize: len:24 dl:457678 fs:457678 front:5554
2021-01-16 05:30:16.308 T:3608322944 DEBUG: CAMLCodec::DequeueBuffer: pts:329.120 idx:562
2021-01-16 05:30:16.309 T:3608322944 DEBUG: CAMLCodec::GetPicture: index: 562, pts: 329.120, dur:41ms ar:1.67
2021-01-16 05:30:16.310 T:3608322944 DEBUG: CVideoPlayerVideo::OutputPicture - ttd:211ms pts:329.120 Clock:328.908 Level:4
2021-01-16 05:30:16.311 T:3608322944 DEBUG: CAMLCodec::GetTimeSize: len:24 dl:457678 fs:457678 front:5554
2021-01-16 05:30:16.313 T:4090851344 DEBUG: PrepareNextRender: frameOnScreen: 328.912 renderPts: 329.037 nextFramePts: 328.954 -> diff: 0.083 render: 1 forceNext: 0
2021-01-16 05:30:16.315 T:4090851344 DEBUG: CAMLCodec::ReleaseFrame idx:558, drop:0
2021-01-16 05:30:16.319 T:3608322944 DEBUG: CAMLCodec::GetTimeSize: len:24 dl:452124 fs:457678 front:5554
2021-01-16 05:30:16.319 T:3608322944 DEBUG: CAMLCodec::GetTimeSize: len:23 dl:452124 fs:452124 front:5644
2021-01-16 05:30:16.324 T:3608322944 DEBUG: CAMLCodec::AddData: dl:476726 sum:476726 sz:24602 dts:330.163 pts:330.288 overflow:0
2021-01-16 05:30:16.325 T:3608322944 DEBUG: CAMLCodec::GetTimeSize: len:24 dl:476726 fs:476726 front:5644
2021-01-16 05:30:16.347 T:4090851344 DEBUG: Previous line repeats 3 times.
2021-01-16 05:30:16.348 T:4090851344 DEBUG: CAMLCodec::PollFrame elapsed:31.893ms
2021-01-16 05:30:16.352 T:4090851344 DEBUG: PrepareNextRender: frameOnScreen: 328.950 renderPts: 329.076 nextFramePts: 328.995 -> diff: 0.081 render: 1 forceNext: 0
2021-01-16 05:30:16.352 T:3608322944 DEBUG: CAMLCodec::GetTimeSize: len:24 dl:476726 fs:476726 front:5644
2021-01-16 05:30:16.353 T:3608322944 DEBUG: CAMLCodec::DequeueBuffer: pts:329.162 idx:563
2021-01-16 05:30:16.353 T:3608322944 DEBUG: CAMLCodec::GetPicture: index: 563, pts: 329.162, dur:42ms ar:1.67
2021-01-16 05:30:16.353 T:3608322944 DEBUG: CVideoPlayerVideo::OutputPicture - ttd:209ms pts:329.162 Clock:328.952 Level:3
2021-01-16 05:30:16.354 T:4090851344 DEBUG: CAMLCodec::ReleaseFrame idx:559, drop:0
2021-01-16 05:30:16.355 T:3608322944 DEBUG: CAMLCodec::GetTimeSize: len:24 dl:471082 fs:476726 front:5644
2021-01-16 05:30:16.355 T:3608322944 DEBUG: CAMLCodec::GetTimeSize: len:23 dl:471082 fs:471082 front:7292
2021-01-16 05:30:16.360 T:3608322944 DEBUG: CAMLCodec::AddData: dl:475733 sum:475733 sz:4651 dts:330.205 pts:330.205 overflow:0
2021-01-16 05:30:16.361 T:3608322944 DEBUG: CAMLCodec::GetTimeSize: len:24 dl:475733 fs:475733 front:7292
2021-01-16 05:30:16.389 T:4090851344 DEBUG: Previous line repeats 3 times.
2021-01-16 05:30:16.389 T:4090851344 DEBUG: CAMLCodec::PollFrame elapsed:33.923ms
2021-01-16 05:30:16.389 T:3608322944 DEBUG: CAMLCodec::GetTimeSize: len:24 dl:475733 fs:475733 front:7292
2021-01-16 05:30:16.395 T:4090851344 DEBUG: PrepareNextRender: frameOnScreen: 328.994 renderPts: 329.119 nextFramePts: 329.037 -> diff: 0.082 render: 1 forceNext: 0
2021-01-16 05:30:16.396 T:4090851344 DEBUG: CAMLCodec::ReleaseFrame idx:560, drop:0
2021-01-16 05:30:16.397 T:3608322944 DEBUG: CAMLCodec::GetTimeSize: len:24 dl:468441 fs:475733 front:7292
2021-01-16 05:30:16.397 T:3608322944 DEBUG: CAMLCodec::GetTimeSize: len:23 dl:468441 fs:468441 front:7343
2021-01-16 05:30:16.398 T:3608322944 DEBUG: CAMLCodec::DequeueBuffer: pts:329.204 idx:564
2021-01-16 05:30:16.398 T:3608322944 DEBUG: CAMLCodec::GetPicture: index: 564, pts: 329.204, dur:42ms ar:1.67
2021-01-16 05:30:16.398 T:3608322944 DEBUG: CVideoPlayerVideo::OutputPicture - ttd:206ms pts:329.204 Clock:328.997 Level:3
2021-01-16 05:30:16.400 T:3608322944 DEBUG: CAMLCodec::GetTimeSize: len:23 dl:468441 fs:468441 front:7343
2021-01-16 05:30:16.405 T:3608322944 DEBUG: CAMLCodec::AddData: dl:473833 sum:473833 sz:5392 dts:330.247 pts:330.247 overflow:0
2021-01-16 05:30:16.405 T:3608322944 DEBUG: CAMLCodec::GetTimeSize: len:24 dl:473833 fs:473833 front:7343
2021-01-16 05:30:16.431 T:4090851344 DEBUG: Previous line repeats 3 times.
2021-01-16 05:30:16.431 T:4090851344 DEBUG: CAMLCodec::PollFrame elapsed:33.859ms
2021-01-16 05:30:16.433 T:3608322944 DEBUG: CAMLCodec::GetTimeSize: len:24 dl:473833 fs:473833 front:7343
2021-01-16 05:30:16.433 T:3608322944 DEBUG: CAMLCodec::DequeueBuffer: pts:329.246 idx:565
2021-01-16 05:30:16.434 T:4090851344 DEBUG: PrepareNextRender: frameOnScreen: 329.032 renderPts: 329.157 nextFramePts: 329.079 -> diff: 0.078 render: 1 forceNext: 0
2021-01-16 05:30:16.434 T:3608322944 DEBUG: CAMLCodec::GetPicture: index: 565, pts: 329.246, dur:42ms ar:1.67
2021-01-16 05:30:16.435 T:4090851344 DEBUG: CAMLCodec::ReleaseFrame idx:561, drop:0
2021-01-16 05:30:16.435 T:3608322944 DEBUG: CVideoPlayerVideo::OutputPicture - ttd:212ms pts:329.246 Clock:329.034 Level:3
2021-01-16 05:30:16.437 T:3608322944 DEBUG: CAMLCodec::GetTimeSize: len:24 dl:466490 fs:473833 front:7343
2021-01-16 05:30:16.437 T:3608322944 DEBUG: CAMLCodec::GetTimeSize: len:23 dl:466490 fs:466490 front:7552
2021-01-16 05:30:16.442 T:3608322944 DEBUG: CAMLCodec::AddData: dl:469532 sum:469532 sz:3042 dts:330.288 pts:330.330 overflow:0
2021-01-16 05:30:16.443 T:3608322944 DEBUG: CAMLCodec::GetTimeSize: len:24 dl:469532 fs:469532 front:7552
2021-01-16 05:30:16.472 T:4090851344 DEBUG: Previous line repeats 4 times.
2021-01-16 05:30:16.473 T:4090851344 DEBUG: CAMLCodec::PollFrame elapsed:36.867ms
2021-01-16 05:30:16.477 T:4090851344 DEBUG: PrepareNextRender: frameOnScreen: 329.075 renderPts: 329.201 nextFramePts: 329.120 -> diff: 0.081 render: 1 forceNext: 0
2021-01-16 05:30:16.477 T:4090851344 DEBUG: CAMLCodec::ReleaseFrame idx:562, drop:0
2021-01-16 05:30:16.478 T:3608322944 DEBUG: CAMLCodec::GetTimeSize: len:24 dl:461980 fs:469532 front:7552
