2021-01-16 05:30:23.729 T:4090851344 DEBUG: CAMLCodec::PollFrame elapsed:33.110ms
2021-01-16 05:30:23.731 T:3608322944 DEBUG: CAMLCodec::AddData: dl:581844 sum:581844 sz:98692 dts:337.504 pts:337.837 overflow:0
2021-01-16 05:30:23.732 T:3608322944 DEBUG: CAMLCodec::GetTimeSize: len:24 dl:581844 fs:581844 front:5950
2021-01-16 05:30:23.732 T:3608322944 DEBUG: CAMLCodec::DequeueBuffer: pts:336.503 idx:739
2021-01-16 05:30:23.733 T:3608322944 DEBUG: CAMLCodec::GetPicture: index: 739, pts: 336.503, dur:42ms ar:1.67
2021-01-16 05:30:23.733 T:4090851344 DEBUG: PrepareNextRender: frameOnScreen: 336.332 renderPts: 336.457 nextFramePts: 336.336 -> diff: 0.121 render: 1 forceNext: 0
2021-01-16 05:30:23.734 T:3608322944 DEBUG: CVideoPlayerVideo::OutputPicture - ttd:171ms pts:336.503 Clock:336.332 Level:3
2021-01-16 05:30:23.736 T:3608322944 DEBUG: CAMLCodec::GetTimeSize: len:24 dl:581844 fs:581844 front:5950
2021-01-16 05:30:23.736 T:4090851344 DEBUG: CAMLCodec::ReleaseFrame idx:735, drop:0
2021-01-16 05:30:23.743 T:3608322944 DEBUG: CAMLCodec::GetTimeSize: len:24 dl:575894 fs:581844 front:5950
2021-01-16 05:30:23.743 T:3608322944 DEBUG: CAMLCodec::GetTimeSize: len:23 dl:575894 fs:575894 front:5391
2021-01-16 05:30:23.748 T:3608322944 DEBUG: SetCodecControl 10000000->0
2021-01-16 05:30:23.748 T:3608322944 DEBUG: CAMLCodec::AddData: dl:594101 sum:594101 sz:18207 dts:337.546 pts:337.712 overflow:0
2021-01-16 05:30:23.749 T:3608322944 DEBUG: CAMLCodec::GetTimeSize: len:24 dl:594101 fs:594101 front:5391
2021-01-16 05:30:23.771 T:4090851344 DEBUG: Previous line repeats 3 times.
2021-01-16 05:30:23.771 T:4090851344 DEBUG: CAMLCodec::PollFrame elapsed:33.911ms
2021-01-16 05:30:23.775 T:3608322944 DEBUG: CAMLCodec::GetTimeSize: len:24 dl:594101 fs:594101 front:5391
2021-01-16 05:30:23.776 T:4090851344 DEBUG: PrepareNextRender: frameOnScreen: 336.374 renderPts: 336.500 nextFramePts: 336.378 -> diff: 0.122 render: 1 forceNext: 0
2021-01-16 05:30:23.776 T:3608322944 DEBUG: CAMLCodec::DequeueBuffer: pts:336.545 idx:740
2021-01-16 05:30:23.777 T:3608322944 DEBUG: CAMLCodec::GetPicture: index: 740, pts: 336.545, dur:42ms ar:1.67
2021-01-16 05:30:23.777 T:3608322944 DEBUG: CVideoPlayerVideo::OutputPicture - ttd:169ms pts:336.545 Clock:336.376 Level:3
2021-01-16 05:30:23.779 T:3608322944 DEBUG: CAMLCodec::GetTimeSize: len:24 dl:588710 fs:594101 front:5391
2021-01-16 05:30:23.779 T:4090851344 DEBUG: CAMLCodec::ReleaseFrame idx:736, drop:0
2021-01-16 05:30:23.779 T:3608322944 DEBUG: CAMLCodec::GetTimeSize: len:23 dl:588710 fs:588710 front:4956
2021-01-16 05:30:23.785 T:3608322944 DEBUG: CAMLCodec::AddData: dl:594960 sum:594960 sz:6250 dts:337.587 pts:337.587 overflow:0
2021-01-16 05:30:23.785 T:3608322944 DEBUG: CAMLCodec::GetTimeSize: len:24 dl:594960 fs:594960 front:4956
2021-01-16 05:30:23.790 T:3581182848 DEBUG: CVideoPlayer::ProcessVideoData size:78770 dts:344.469 pts:344.803 dur:41.000ms, clock:336.389 level:85
2021-01-16 05:30:23.790 T:3581182848 DEBUG: CVideoPlayer::ProcessVideoData size:17361 dts:344.511 pts:344.678 dur:41.000ms, clock:336.389 level:86
2021-01-16 05:30:23.791 T:3581182848 DEBUG: CVideoPlayer::ProcessVideoData size:6229 dts:344.553 pts:344.553 dur:41.000ms, clock:336.390 level:87
2021-01-16 05:30:23.792 T:3581182848 DEBUG: CVideoPlayer::ProcessVideoData size:9055 dts:344.594 pts:344.594 dur:41.000ms, clock:336.391 level:87
2021-01-16 05:30:23.792 T:3581182848 DEBUG: CVideoPlayer::ProcessVideoData size:8747 dts:344.636 pts:344.636 dur:41.000ms, clock:336.391 level:88
2021-01-16 05:30:23.793 T:3581182848 DEBUG: CVideoPlayer::ProcessVideoData size:9141 dts:344.678 pts:344.719 dur:41.000ms, clock:336.392 level:88
2021-01-16 05:30:23.793 T:3581182848 DEBUG: CVideoPlayer::ProcessVideoData size:7283 dts:344.719 pts:344.761 dur:41.000ms, clock:336.392 level:89
2021-01-16 05:30:23.794 T:3581182848 DEBUG: CVideoPlayer::ProcessVideoData size:75228 dts:344.761 pts:345.011 dur:41.000ms, clock:336.393 level:89
2021-01-16 05:30:23.795 T:3581182848 DEBUG: CVideoPlayer::ProcessVideoData size:33846 dts:344.803 pts:344.928 dur:41.000ms, clock:336.394 level:90
2021-01-16 05:30:23.796 T:3581182848 DEBUG: CVideoPlayer::ProcessVideoData size:8442 dts:344.844 pts:344.844 dur:41.000ms, clock:336.395 level:90
2021-01-16 05:30:23.796 T:3581182848 DEBUG: CVideoPlayer::ProcessVideoData size:8299 dts:344.886 pts:344.886 dur:41.000ms, clock:336.395 level:91
2021-01-16 05:30:23.797 T:3581182848 DEBUG: CVideoPlayer::ProcessVideoData size:6803 dts:344.928 pts:344.970 dur:41.000ms, clock:336.396 level:91
2021-01-16 05:30:23.798 T:3608322944 DEBUG: CAMLCodec::GetTimeSize: len:24 dl:594960 fs:594960 front:4956
2021-01-16 05:30:23.812 T:4090851344 DEBUG: Previous line repeats 2 times.
2021-01-16 05:30:23.813 T:4090851344 DEBUG: CAMLCodec::PollFrame elapsed:33.075ms
2021-01-16 05:30:23.816 T:4090851344 DEBUG: PrepareNextRender: frameOnScreen: 336.415 renderPts: 336.540 nextFramePts: 336.419 -> diff: 0.121 render: 1 forceNext: 0
2021-01-16 05:30:23.820 T:3608322944 DEBUG: CAMLCodec::GetTimeSize: len:24 dl:594960 fs:594960 front:4956
2021-01-16 05:30:23.820 T:4090851344 DEBUG: CAMLCodec::ReleaseFrame idx:737, drop:0
2021-01-16 05:30:23.821 T:3608322944 DEBUG: CAMLCodec::DequeueBuffer: pts:336.586 idx:741
2021-01-16 05:30:23.822 T:3608322944 DEBUG: CAMLCodec::GetPicture: index: 741, pts: 336.586, dur:41ms ar:1.67
2021-01-16 05:30:23.822 T:3608322944 DEBUG: CVideoPlayerVideo::OutputPicture - ttd:165ms pts:336.586 Clock:336.421 Level:3
2021-01-16 05:30:23.824 T:3608322944 DEBUG: CAMLCodec::GetTimeSize: len:24 dl:590004 fs:594960 front:4956
2021-01-16 05:30:23.824 T:3608322944 DEBUG: CAMLCodec::GetTimeSize: len:23 dl:590004 fs:590004 front:105684
2021-01-16 05:30:23.829 T:3608322944 DEBUG: CAMLCodec::AddData: dl:596531 sum:596531 sz:6527 dts:337.629 pts:337.629 overflow:0
2021-01-16 05:30:23.829 T:3608322944 DEBUG: CAMLCodec::GetTimeSize: len:24 dl:596531 fs:596531 front:105684
2021-01-16 05:30:23.854 T:4090851344 DEBUG: Previous line repeats 3 times.
2021-01-16 05:30:23.855 T:4090851344 DEBUG: CAMLCodec::PollFrame elapsed:33.227ms
2021-01-16 05:30:23.855 T:3608322944 DEBUG: CAMLCodec::GetTimeSize: len:24 dl:596531 fs:596531 front:105684
2021-01-16 05:30:23.856 T:3608322944 DEBUG: CAMLCodec::DequeueBuffer: pts:336.628 idx:742
2021-01-16 05:30:23.856 T:3608322944 DEBUG: CAMLCodec::GetPicture: index: 742, pts: 336.628, dur:42ms ar:1.67
2021-01-16 05:30:23.857 T:3608322944 DEBUG: CVideoPlayerVideo::OutputPicture - ttd:172ms pts:336.628 Clock:336.456 Level:4
2021-01-16 05:30:23.859 T:3608322944 DEBUG: CAMLCodec::GetTimeSize: len:24 dl:596531 fs:596531 front:105684
2021-01-16 05:30:23.860 T:4090851344 DEBUG: PrepareNextRender: frameOnScreen: 336.458 renderPts: 336.583 nextFramePts: 336.461 -> diff: 0.122 render: 1 forceNext: 0
2021-01-16 05:30:23.862 T:4090851344 DEBUG: CAMLCodec::ReleaseFrame idx:738, drop:0
2021-01-16 05:30:23.866 T:3608322944 DEBUG: CAMLCodec::GetTimeSize: len:24 dl:490847 fs:596531 front:105684
2021-01-16 05:30:23.866 T:3608322944 DEBUG: CAMLCodec::GetTimeSize: len:23 dl:490847 fs:490847 front:40949
2021-01-16 05:30:23.871 T:3608322944 DEBUG: CAMLCodec::AddData: dl:497838 sum:497838 sz:6991 dts:337.671 pts:337.671 overflow:0
2021-01-16 05:30:23.871 T:3608322944 DEBUG: CAMLCodec::GetTimeSize: len:24 dl:497838 fs:497838 front:40949
2021-01-16 05:30:23.896 T:4090851344 DEBUG: Previous line repeats 3 times.
2021-01-16 05:30:23.896 T:4090851344 DEBUG: CAMLCodec::PollFrame elapsed:33.814ms
2021-01-16 05:30:23.897 T:3608322944 DEBUG: CAMLCodec::GetTimeSize: len:24 dl:497838 fs:497838 front:40949
2021-01-16 05:30:23.900 T:4090851344 DEBUG: PrepareNextRender: frameOnScreen: 336.498 renderPts: 336.624 nextFramePts: 336.503 -> diff: 0.121 render: 1 forceNext: 0
2021-01-16 05:30:23.903 T:4090851344 DEBUG: CAMLCodec::ReleaseFrame idx:739, drop:0
2021-01-16 05:30:23.905 T:3608322944 DEBUG: CAMLCodec::GetTimeSize: len:24 dl:456889 fs:497838 front:40949
2021-01-16 05:30:23.905 T:3608322944 DEBUG: CAMLCodec::GetTimeSize: len:23 dl:456889 fs:456889 front:4971
2021-01-16 05:30:23.905 T:3608322944 DEBUG: CAMLCodec::DequeueBuffer: pts:336.670 idx:743
2021-01-16 05:30:23.905 T:3608322944 DEBUG: CAMLCodec::GetPicture: index: 743, pts: 336.670, dur:42ms ar:1.67
2021-01-16 05:30:23.905 T:3608322944 DEBUG: CVideoPlayerVideo::OutputPicture - ttd:165ms pts:336.670 Clock:336.504 Level:3
2021-01-16 05:30:23.907 T:3608322944 DEBUG: CAMLCodec::GetTimeSize: len:23 dl:456889 fs:456889 front:4971
2021-01-16 05:30:23.912 T:3608322944 DEBUG: CAMLCodec::AddData: dl:463540 sum:463540 sz:6651 dts:337.712 pts:337.754 overflow:0
2021-01-16 05:30:23.912 T:3608322944 DEBUG: CAMLCodec::GetTimeSize: len:24 dl:463540 fs:463540 front:4971
2021-01-16 05:30:23.938 T:4090851344 DEBUG: Previous line repeats 3 times.
2021-01-16 05:30:23.938 T:4090851344 DEBUG: CAMLCodec::PollFrame elapsed:33.848ms
2021-01-16 05:30:23.938 T:3608322944 DEBUG: CAMLCodec::GetTimeSize: len:24 dl:463540 fs:463540 front:4971
2021-01-16 05:30:23.943 T:4090851344 DEBUG: PrepareNextRender: frameOnScreen: 336.541 renderPts: 336.666 nextFramePts: 336.545 -> diff: 0.121 render: 1 forceNext: 0
2021-01-16 05:30:23.945 T:4090851344 DEBUG: CAMLCodec::ReleaseFrame idx:740, drop:0
2021-01-16 05:30:23.945 T:3608322944 DEBUG: CAMLCodec::GetTimeSize: len:24 dl:458569 fs:463540 front:4971
2021-01-16 05:30:23.946 T:3608322944 DEBUG: CAMLCodec::GetTimeSize: len:23 dl:458569 fs:458569 front:5438
2021-01-16 05:30:23.946 T:3608322944 DEBUG: CAMLCodec::DequeueBuffer: pts:336.711 idx:744
2021-01-16 05:30:23.946 T:3608322944 DEBUG: CAMLCodec::GetPicture: index: 744, pts: 336.711, dur:41ms ar:1.67
2021-01-16 05:30:23.947 T:3608322944 DEBUG: CVideoPlayerVideo::OutputPicture - ttd:165ms pts:336.711 Clock:336.546 Level:3
2021-01-16 05:30:23.948 T:3608322944 DEBUG: CAMLCodec::GetTimeSize: len:23 dl:458569 fs:458569 front:5438
2021-01-16 05:30:23.954 T:3608322944 DEBUG: CAMLCodec::AddData: dl:464390 sum:464390 sz:5821 dts:337.754 pts:337.796 overflow:0
2021-01-16 05:30:23.954 T:3608322944 DEBUG: CAMLCodec::GetTimeSize: len:24 dl:464390 fs:464390 front:5438
2021-01-16 05:30:23.980 T:4090851344 DEBUG: Previous line repeats 3 times.
2021-01-16 05:30:23.980 T:4090851344 DEBUG: CAMLCodec::PollFrame elapsed:33.655ms
2021-01-16 05:30:23.980 T:3608322944 DEBUG: CAMLCodec::GetTimeSize: len:24 dl:464390 fs:464390 front:5438
2021-01-16 05:30:23.987 T:4090851344 DEBUG: PrepareNextRender: frameOnScreen: 336.586 renderPts: 336.711 nextFramePts: 336.586 -> diff: 0.125 render: 1 forceNext: 0
2021-01-16 05:30:23.988 T:3608322944 DEBUG: CAMLCodec::GetTimeSize: len:24 dl:458952 fs:464390 front:5438
2021-01-16 05:30:23.989 T:3608322944 DEBUG: CAMLCodec::GetTimeSize: len:23 dl:458952 fs:458952 front:4197
2021-01-16 05:30:23.989 T:3608322944 DEBUG: CAMLCodec::DequeueBuffer: pts:336.753 idx:745
2021-01-16 05:30:23.989 T:3608322944 DEBUG: CAMLCodec::GetPicture: index: 745, pts: 336.753, dur:42ms ar:1.67
2021-01-16 05:30:23.990 T:3608322944 DEBUG: CVideoPlayerVideo::OutputPicture - ttd:164ms pts:336.753 Clock:336.589 Level:3
2021-01-16 05:30:23.991 T:4090851344 DEBUG: CAMLCodec::ReleaseFrame idx:741, drop:0
2021-01-16 05:30:23.992 T:3608322944 DEBUG: CAMLCodec::GetTimeSize: len:23 dl:458952 fs:458952 front:4197
2021-01-16 05:30:23.999 T:3608322944 DEBUG: CAMLCodec::AddData: dl:554757 sum:554757 sz:95805 dts:337.796 pts:338.129 overflow:0
2021-01-16 05:30:24.000 T:3608322944 DEBUG: CAMLCodec::GetTimeSize: len:24 dl:554757 fs:554757 front:4197
2021-01-16 05:30:24.022 T:4090851344 DEBUG: Previous line repeats 3 times.
2021-01-16 05:30:24.023 T:4090851344 DEBUG: CAMLCodec::PollFrame elapsed:31.174ms
2021-01-16 05:30:24.027 T:3608322944 DEBUG: CAMLCodec::GetTimeSize: len:24 dl:554757 fs:554757 front:4197
2021-01-16 05:30:24.028 T:3608322944 DEBUG: CAMLCodec::DequeueBuffer: pts:336.795 idx:746
2021-01-16 05:30:24.028 T:3608322944 DEBUG: CAMLCodec::GetPicture: index: 746, pts: 336.795, dur:42ms ar:1.67
2021-01-16 05:30:24.029 T:4090851344 DEBUG: PrepareNextRender: frameOnScreen: 336.628 renderPts: 336.753 nextFramePts: 336.628 -> diff: 0.125 render: 1 forceNext: 0
2021-01-16 05:30:24.030 T:3608322944 DEBUG: CVideoPlayerVideo::OutputPicture - ttd:167ms pts:336.795 Clock:336.628 Level:3
2021-01-16 05:30:24.032 T:3608322944 DEBUG: CAMLCodec::GetTimeSize: len:24 dl:550560 fs:554757 front:4197
2021-01-16 05:30:24.032 T:3608322944 DEBUG: CAMLCodec::GetTimeSize: len:23 dl:550560 fs:550560 front:4899
2021-01-16 05:30:24.033 T:4090851344 DEBUG: CAMLCodec::ReleaseFrame idx:742, drop:0
2021-01-16 05:30:24.038 T:3608322944 DEBUG: CAMLCodec::AddData: dl:567892 sum:567892 sz:17332 dts:337.837 pts:338.004 overflow:0
2021-01-16 05:30:24.038 T:3608322944 DEBUG: CAMLCodec::GetTimeSize: len:24 dl:567892 fs:567892 front:4899
2021-01-16 05:30:24.047 T:3581182848 DEBUG: Previous line repeats 1 times.
2021-01-16 05:30:24.047 T:3581182848 DEBUG: CVideoPlayer::ProcessVideoData size:73402 dts:344.970 pts:345.262 dur:41.000ms, clock:336.646 level:89
2021-01-16 05:30:24.049 T:3581182848 DEBUG: CVideoPlayer::ProcessVideoData size:32450 dts:345.011 pts:345.136 dur:41.000ms, clock:336.648 level:89
2021-01-16 05:30:24.050 T:3581182848 DEBUG: CVideoPlayer::ProcessVideoData size:7139 dts:345.053 pts:345.053 dur:41.000ms, clock:336.649 level:90
2021-01-16 05:30:24.050 T:3581182848 DEBUG: CVideoPlayer::ProcessVideoData size:7976 dts:345.095 pts:345.095 dur:41.000ms, clock:336.649 level:90
2021-01-16 05:30:24.051 T:3581182848 DEBUG: CVideoPlayer::ProcessVideoData size:8723 dts:345.136 pts:345.178 dur:41.000ms, clock:336.650 level:91
2021-01-16 05:30:24.053 T:3581182848 DEBUG: CVideoPlayer::ProcessVideoData size:9554 dts:345.178 pts:345.220 dur:41.000ms, clock:336.651 level:91
2021-01-16 05:30:24.053 T:3608322944 DEBUG: CAMLCodec::GetTimeSize: len:24 dl:567892 fs:567892 front:4899
2021-01-16 05:30:24.063 T:4090851344 DEBUG: Previous line repeats 1 times.
2021-01-16 05:30:24.064 T:4090851344 DEBUG: CAMLCodec::PollFrame elapsed:29.613ms
2021-01-16 05:30:24.067 T:3608322944 DEBUG: CAMLCodec::GetTimeSize: len:24 dl:567892 fs:567892 front:4899
2021-01-16 05:30:24.068 T:3608322944 DEBUG: CAMLCodec::DequeueBuffer: pts:336.836 idx:747
2021-01-16 05:30:24.068 T:4090851344 DEBUG: PrepareNextRender: frameOnScreen: 336.667 renderPts: 336.792 nextFramePts: 336.670 -> diff: 0.122 render: 1 forceNext: 0
2021-01-16 05:30:24.068 T:3608322944 DEBUG: CAMLCodec::GetPicture: index: 747, pts: 336.836, dur:41ms ar:1.67
2021-01-16 05:30:24.069 T:3608322944 DEBUG: CVideoPlayerVideo::OutputPicture - ttd:168ms pts:336.836 Clock:336.668 Level:3
2021-01-16 05:30:24.070 T:4090851344 DEBUG: CAMLCodec::ReleaseFrame idx:743, drop:0
2021-01-16 05:30:24.071 T:3608322944 DEBUG: CAMLCodec::GetTimeSize: len:24 dl:562993 fs:567892 front:4899
2021-01-16 05:30:24.071 T:3608322944 DEBUG: CAMLCodec::GetTimeSize: len:23 dl:562993 fs:562993 front:100664
2021-01-16 05:30:24.077 T:3608322944 DEBUG: CAMLCodec::AddData: dl:568047 sum:568047 sz:5054 dts:337.879 pts:337.879 overflow:0
2021-01-16 05:30:24.077 T:3608322944 DEBUG: CAMLCodec::GetTimeSize: len:24 dl:568047 fs:568047 front:100664
2021-01-16 05:30:24.105 T:4090851344 DEBUG: Previous line repeats 4 times.
2021-01-16 05:30:24.105 T:4090851344 DEBUG: CAMLCodec::PollFrame elapsed:33.451ms
2021-01-16 05:30:24.109 T:4090851344 DEBUG: PrepareNextRender: frameOnScreen: 336.708 renderPts: 336.833 nextFramePts: 336.711 -> diff: 0.122 render: 1 forceNext: 0
2021-01-16 05:30:24.111 T:3608322944 DEBUG: CAMLCodec::GetTimeSize: len:24 dl:467383 fs:568047 front:100664
2021-01-16 05:30:24.111 T:3608322944 DEBUG: CAMLCodec::GetTimeSize: len:23 dl:467383 fs:467383 front:16805
2021-01-16 05:30:24.112 T:3608322944 DEBUG: CAMLCodec::DequeueBuffer: pts:336.878 idx:748
2021-01-16 05:30:24.112 T:3608322944 DEBUG: CAMLCodec::GetPicture: index: 748, pts: 336.878, dur:42ms ar:1.67
2021-01-16 05:30:24.112 T:4090851344 DEBUG: CAMLCodec::ReleaseFrame idx:744, drop:0
2021-01-16 05:30:24.113 T:3608322944 DEBUG: CVideoPlayerVideo::OutputPicture - ttd:166ms pts:336.878 Clock:336.711 Level:3
2021-01-16 05:30:24.114 T:3608322944 DEBUG: CAMLCodec::GetTimeSize: len:23 dl:467383 fs:467383 front:16805
2021-01-16 05:30:24.120 T:3608322944 DEBUG: CAMLCodec::AddData: dl:475859 sum:475859 sz:8476 dts:337.921 pts:337.921 overflow:0
2021-01-16 05:30:24.120 T:3608322944 DEBUG: CAMLCodec::GetTimeSize: len:24 dl:475859 fs:475859 front:16805
2021-01-16 05:30:24.146 T:4090851344 DEBUG: Previous line repeats 3 times.
2021-01-16 05:30:24.146 T:4090851344 DEBUG: CAMLCodec::PollFrame elapsed:33.317ms
2021-01-16 05:30:24.149 T:3608322944 DEBUG: CAMLCodec::GetTimeSize: len:24 dl:475859 fs:475859 front:16805
2021-01-16 05:30:24.149 T:3608322944 DEBUG: CAMLCodec::DequeueBuffer: pts:336.920 idx:749
2021-01-16 05:30:24.150 T:3608322944 DEBUG: CAMLCodec::GetPicture: index: 749, pts: 336.920, dur:42ms ar:1.67
2021-01-16 05:30:24.150 T:4090851344 DEBUG: PrepareNextRender: frameOnScreen: 336.749 renderPts: 336.874 nextFramePts: 336.753 -> diff: 0.121 render: 1 forceNext: 0
2021-01-16 05:30:24.151 T:3608322944 DEBUG: CVideoPlayerVideo::OutputPicture - ttd:171ms pts:336.920 Clock:336.749 Level:3
2021-01-16 05:30:24.153 T:4090851344 DEBUG: CAMLCodec::ReleaseFrame idx:745, drop:0
2021-01-16 05:30:24.153 T:3608322944 DEBUG: CAMLCodec::GetTimeSize: len:24 dl:459054 fs:475859 front:16805
2021-01-16 05:30:24.153 T:3608322944 DEBUG: CAMLCodec::GetTimeSize: len:23 dl:459054 fs:459054 front:5862
2021-01-16 05:30:24.159 T:3608322944 DEBUG: CAMLCodec::AddData: dl:469363 sum:469363 sz:10309 dts:337.963 pts:337.963 overflow:0
2021-01-16 05:30:24.159 T:3608322944 DEBUG: CAMLCodec::GetTimeSize: len:24 dl:469363 fs:469363 front:5862
2021-01-16 05:30:24.189 T:4090851344 DEBUG: Previous line repeats 4 times.
2021-01-16 05:30:24.190 T:4090851344 DEBUG: CAMLCodec::PollFrame elapsed:34.910ms
2021-01-16 05:30:24.194 T:3608322944 DEBUG: CAMLCodec::GetTimeSize: len:24 dl:463501 fs:469363 front:5862
2021-01-16 05:30:24.194 T:3608322944 DEBUG: CAMLCodec::GetTimeSize: len:23 dl:463501 fs:463501 front:7941
2021-01-16 05:30:24.195 T:4090851344 DEBUG: PrepareNextRender: frameOnScreen: 336.793 renderPts: 336.919 nextFramePts: 336.795 -> diff: 0.124 render: 1 forceNext: 0
2021-01-16 05:30:24.195 T:3608322944 DEBUG: CAMLCodec::DequeueBuffer: pts:336.962 idx:750
2021-01-16 05:30:24.196 T:3608322944 DEBUG: CAMLCodec::GetPicture: index: 750, pts: 336.962, dur:42ms ar:1.67
2021-01-16 05:30:24.197 T:3608322944 DEBUG: CVideoPlayerVideo::OutputPicture - ttd:166ms pts:336.962 Clock:336.796 Level:3
2021-01-16 05:30:24.197 T:4090851344 DEBUG: CAMLCodec::ReleaseFrame idx:746, drop:0
2021-01-16 05:30:24.198 T:3608322944 DEBUG: CAMLCodec::GetTimeSize: len:23 dl:463501 fs:463501 front:7941
2021-01-16 05:30:24.204 T:3608322944 DEBUG: CAMLCodec::AddData: dl:470909 sum:470909 sz:7408 dts:338.004 pts:338.046 overflow:0
2021-01-16 05:30:24.204 T:3608322944 DEBUG: CAMLCodec::GetTimeSize: len:24 dl:470909 fs:470909 front:7941
2021-01-16 05:30:24.230 T:4090851344 DEBUG: Previous line repeats 3 times.
2021-01-16 05:30:24.231 T:4090851344 DEBUG: CAMLCodec::PollFrame elapsed:32.138ms
2021-01-16 05:30:24.232 T:3608322944 DEBUG: CAMLCodec::GetTimeSize: len:24 dl:470909 fs:470909 front:7941
2021-01-16 05:30:24.233 T:3608322944 DEBUG: CAMLCodec::DequeueBuffer: pts:337.003 idx:751
2021-01-16 05:30:24.233 T:3608322944 DEBUG: CAMLCodec::GetPicture: index: 751, pts: 337.003, dur:41ms ar:1.67
2021-01-16 05:30:24.234 T:3608322944 DEBUG: CVideoPlayerVideo::OutputPicture - ttd:170ms pts:337.003 Clock:336.833 Level:4
2021-01-16 05:30:24.236 T:4090851344 DEBUG: PrepareNextRender: frameOnScreen: 336.835 renderPts: 336.960 nextFramePts: 336.836 -> diff: 0.124 render: 1 forceNext: 0
2021-01-16 05:30:24.237 T:3608322944 DEBUG: CAMLCodec::GetTimeSize: len:24 dl:462968 fs:470909 front:7941
2021-01-16 05:30:24.237 T:3608322944 DEBUG: CAMLCodec::GetTimeSize: len:23 dl:462968 fs:462968 front:9213
2021-01-16 05:30:24.238 T:4090851344 DEBUG: CAMLCodec::ReleaseFrame idx:747, drop:0
2021-01-16 05:30:24.243 T:3608322944 DEBUG: CAMLCodec::AddData: dl:470098 sum:470098 sz:7130 dts:338.046 pts:338.088 overflow:0
2021-01-16 05:30:24.243 T:3608322944 DEBUG: CAMLCodec::GetTimeSize: len:24 dl:470098 fs:470098 front:9213
2021-01-16 05:30:24.272 T:4090851344 DEBUG: Previous line repeats 4 times.
2021-01-16 05:30:24.272 T:4090851344 DEBUG: CAMLCodec::PollFrame elapsed:32.760ms
2021-01-16 05:30:24.278 T:3608322944 DEBUG: CAMLCodec::GetTimeSize: len:24 dl:470098 fs:470098 front:9213
2021-01-16 05:30:24.278 T:3608322944 DEBUG: CAMLCodec::DequeueBuffer: pts:337.045 idx:752
2021-01-16 05:30:24.279 T:3608322944 DEBUG: CAMLCodec::GetPicture: index: 752, pts: 337.045, dur:42ms ar:1.67
2021-01-16 05:30:24.279 T:4090851344 DEBUG: PrepareNextRender: frameOnScreen: 336.878 renderPts: 337.003 nextFramePts: 336.878 -> diff: 0.125 render: 1 forceNext: 0
2021-01-16 05:30:24.280 T:3608322944 DEBUG: CVideoPlayerVideo::OutputPicture - ttd:166ms pts:337.045 Clock:336.878 Level:3
2021-01-16 05:30:24.281 T:3608322944 DEBUG: CAMLCodec::GetTimeSize: len:24 dl:460885 fs:470098 front:9213
2021-01-16 05:30:24.281 T:4090851344 DEBUG: CAMLCodec::ReleaseFrame idx:748, drop:0
2021-01-16 05:30:24.281 T:3608322944 DEBUG: CAMLCodec::GetTimeSize: len:23 dl:460885 fs:460885 front:7656
2021-01-16 05:30:24.290 T:3608322944 DEBUG: CAMLCodec::AddData: dl:552896 sum:552896 sz:92011 dts:338.088 pts:338.380 overflow:0
2021-01-16 05:30:24.290 T:3608322944 DEBUG: CAMLCodec::GetTimeSize: len:24 dl:552896 fs:552896 front:7656
2021-01-16 05:30:24.309 T:3581182848 DEBUG: Previous line repeats 2 times.
2021-01-16 05:30:24.309 T:3581182848 DEBUG: CVideoPlayer::ProcessVideoData size:72121 dts:345.220 pts:345.470 dur:41.000ms, clock:336.908 level:89
2021-01-16 05:30:24.310 T:3581182848 DEBUG: CVideoPlayer::ProcessVideoData size:14840 dts:345.262 pts:345.387 dur:41.000ms, clock:336.909 level:89
2021-01-16 05:30:24.311 T:3581182848 DEBUG: CVideoPlayer::ProcessVideoData size:8879 dts:345.303 pts:345.303 dur:41.000ms, clock:336.910 level:90
2021-01-16 05:30:24.312 T:3581182848 DEBUG: CVideoPlayer::ProcessVideoData size:6663 dts:345.345 pts:345.345 dur:41.000ms, clock:336.911 level:90
2021-01-16 05:30:24.313 T:3581182848 DEBUG: CVideoPlayer::ProcessVideoData size:4880 dts:345.387 pts:345.428 dur:41.000ms, clock:336.912 level:91
2021-01-16 05:30:24.313 T:4090851344 DEBUG: CAMLCodec::PollFrame elapsed:31.370ms
2021-01-16 05:30:24.315 T:3608322944 DEBUG: CAMLCodec::GetTimeSize: len:24 dl:552896 fs:552896 front:7656
2021-01-16 05:30:24.317 T:4090851344 DEBUG: PrepareNextRender: frameOnScreen: 336.915 renderPts: 337.041 nextFramePts: 336.920 -> diff: 0.121 render: 1 forceNext: 0
2021-01-16 05:30:24.320 T:4090851344 DEBUG: CAMLCodec::ReleaseFrame idx:749, drop:0
2021-01-16 05:30:24.322 T:3608322944 DEBUG: CAMLCodec::GetTimeSize: len:24 dl:545240 fs:552896 front:7656
2021-01-16 05:30:24.322 T:3608322944 DEBUG: CAMLCodec::GetTimeSize: len:23 dl:545240 fs:545240 front:7977
2021-01-16 05:30:24.322 T:3608322944 DEBUG: CAMLCodec::DequeueBuffer: pts:337.087 idx:753
2021-01-16 05:30:24.323 T:3608322944 DEBUG: CAMLCodec::GetPicture: index: 753, pts: 337.087, dur:42ms ar:1.67
2021-01-16 05:30:24.323 T:3608322944 DEBUG: CVideoPlayerVideo::OutputPicture - ttd:165ms pts:337.087 Clock:336.922 Level:3
2021-01-16 05:30:24.324 T:3608322944 DEBUG: CAMLCodec::GetTimeSize: len:23 dl:545240 fs:545240 front:7977
2021-01-16 05:30:24.330 T:3608322944 DEBUG: CAMLCodec::AddData: dl:581306 sum:581306 sz:36066 dts:338.129 pts:338.255 overflow:0
2021-01-16 05:30:24.330 T:3608322944 DEBUG: CAMLCodec::GetTimeSize: len:24 dl:581306 fs:581306 front:7977
2021-01-16 05:30:24.355 T:4090851344 DEBUG: Previous line repeats 3 times.
2021-01-16 05:30:24.356 T:4090851344 DEBUG: CAMLCodec::PollFrame elapsed:34.249ms
2021-01-16 05:30:24.359 T:3608322944 DEBUG: CAMLCodec::GetTimeSize: len:24 dl:581306 fs:581306 front:7977
2021-01-16 05:30:24.359 T:3608322944 DEBUG: CAMLCodec::DequeueBuffer: pts:337.128 idx:754
2021-01-16 05:30:24.360 T:3608322944 DEBUG: CAMLCodec::GetPicture: index: 754, pts: 337.128, dur:41ms ar:1.67
2021-01-16 05:30:24.360 T:3608322944 DEBUG: CVideoPlayerVideo::OutputPicture - ttd:168ms pts:337.128 Clock:336.959 Level:4
2021-01-16 05:30:24.362 T:3608322944 DEBUG: CAMLCodec::GetTimeSize: len:24 dl:573329 fs:581306 front:7977
2021-01-16 05:30:24.362 T:4090851344 DEBUG: PrepareNextRender: frameOnScreen: 336.961 renderPts: 337.086 nextFramePts: 336.962 -> diff: 0.124 render: 1 forceNext: 0
2021-01-16 05:30:24.363 T:3608322944 DEBUG: CAMLCodec::GetTimeSize: len:23 dl:573329 fs:573329 front:96577
2021-01-16 05:30:24.364 T:4090851344 DEBUG: CAMLCodec::ReleaseFrame idx:750, drop:0
2021-01-16 05:30:24.369 T:3608322944 DEBUG: CAMLCodec::AddData: dl:580948 sum:580948 sz:7619 dts:338.171 pts:338.171 overflow:0
2021-01-16 05:30:24.369 T:3608322944 DEBUG: CAMLCodec::GetTimeSize: len:24 dl:580948 fs:580948 front:96577
2021-01-16 05:30:24.398 T:4090851344 DEBUG: Previous line repeats 4 times.
2021-01-16 05:30:24.398 T:4090851344 DEBUG: CAMLCodec::PollFrame elapsed:33.050ms
2021-01-16 05:30:24.403 T:4090851344 DEBUG: PrepareNextRender: frameOnScreen: 337.002 renderPts: 337.127 nextFramePts: 337.003 -> diff: 0.124 render: 1 forceNext: 0
2021-01-16 05:30:24.404 T:3608322944 DEBUG: CAMLCodec::GetTimeSize: len:24 dl:484371 fs:580948 front:96577
2021-01-16 05:30:24.404 T:3608322944 DEBUG: CAMLCodec::GetTimeSize: len:23 dl:484371 fs:484371 front:14116
2021-01-16 05:30:24.404 T:3608322944 DEBUG: CAMLCodec::DequeueBuffer: pts:337.170 idx:755
2021-01-16 05:30:24.405 T:3608322944 DEBUG: CAMLCodec::GetPicture: index: 755, pts: 337.170, dur:42ms ar:1.67
2021-01-16 05:30:24.405 T:4090851344 DEBUG: CAMLCodec::ReleaseFrame idx:751, drop:0
2021-01-16 05:30:24.405 T:3608322944 DEBUG: CVideoPlayerVideo::OutputPicture - ttd:166ms pts:337.170 Clock:337.004 Level:3
2021-01-16 05:30:24.407 T:3608322944 DEBUG: CAMLCodec::GetTimeSize: len:23 dl:484371 fs:484371 front:14116
2021-01-16 05:30:24.412 T:3608322944 DEBUG: CAMLCodec::AddData: dl:493203 sum:493203 sz:8832 dts:338.213 pts:338.213 overflow:0
2021-01-16 05:30:24.412 T:3608322944 DEBUG: CAMLCodec::GetTimeSize: len:24 dl:493203 fs:493203 front:14116
2021-01-16 05:30:24.439 T:4090851344 DEBUG: Previous line repeats 3 times.
2021-01-16 05:30:24.439 T:4090851344 DEBUG: CAMLCodec::PollFrame elapsed:33.013ms
2021-01-16 05:30:24.439 T:3608322944 DEBUG: CAMLCodec::GetTimeSize: len:24 dl:493203 fs:493203 front:14116
2021-01-16 05:30:24.440 T:3608322944 DEBUG: CAMLCodec::DequeueBuffer: pts:337.212 idx:756
2021-01-16 05:30:24.440 T:3608322944 DEBUG: CAMLCodec::GetPicture: index: 756, pts: 337.212, dur:42ms ar:1.67
2021-01-16 05:30:24.440 T:3608322944 DEBUG: CVideoPlayerVideo::OutputPicture - ttd:172ms pts:337.212 Clock:337.039 Level:4
2021-01-16 05:30:24.442 T:3608322944 DEBUG: CAMLCodec::GetTimeSize: len:24 dl:493203 fs:493203 front:14116
2021-01-16 05:30:24.444 T:4090851344 DEBUG: PrepareNextRender: frameOnScreen: 337.043 renderPts: 337.168 nextFramePts: 337.045 -> diff: 0.123 render: 1 forceNext: 0
2021-01-16 05:30:24.447 T:4090851344 DEBUG: CAMLCodec::ReleaseFrame idx:752, drop:0
2021-01-16 05:30:24.448 T:3608322944 DEBUG: CAMLCodec::GetTimeSize: len:24 dl:479087 fs:493203 front:14116
2021-01-16 05:30:24.449 T:3608322944 DEBUG: CAMLCodec::GetTimeSize: len:23 dl:479087 fs:479087 front:7326
2021-01-16 05:30:24.454 T:3608322944 DEBUG: CAMLCodec::AddData: dl:487152 sum:487152 sz:8065 dts:338.255 pts:338.296 overflow:0
2021-01-16 05:30:24.454 T:3608322944 DEBUG: CAMLCodec::GetTimeSize: len:24 dl:487152 fs:487152 front:7326
2021-01-16 05:30:24.480 T:4090851344 DEBUG: Previous line repeats 3 times.
2021-01-16 05:30:24.482 T:4090851344 DEBUG: CAMLCodec::PollFrame elapsed:33.081ms
2021-01-16 05:30:24.483 T:3608322944 DEBUG: CAMLCodec::GetTimeSize: len:24 dl:487152 fs:487152 front:7326
2021-01-16 05:30:24.484 T:3608322944 DEBUG: CAMLCodec::DequeueBuffer: pts:337.254 idx:757
2021-01-16 05:30:24.485 T:3608322944 DEBUG: CAMLCodec::GetPicture: index: 757, pts: 337.254, dur:42ms ar:1.67
2021-01-16 05:30:24.485 T:3608322944 DEBUG: CVideoPlayerVideo::OutputPicture - ttd:169ms pts:337.254 Clock:337.084 Level:4
2021-01-16 05:30:24.486 T:4090851344 DEBUG: PrepareNextRender: frameOnScreen: 337.085 renderPts: 337.210 nextFramePts: 337.087 -> diff: 0.123 render: 1 forceNext: 0
2021-01-16 05:30:24.487 T:3608322944 DEBUG: CAMLCodec::GetTimeSize: len:24 dl:479826 fs:487152 front:7326
2021-01-16 05:30:24.487 T:3608322944 DEBUG: CAMLCodec::GetTimeSize: len:23 dl:479826 fs:479826 front:8901
2021-01-16 05:30:24.489 T:4090851344 DEBUG: CAMLCodec::ReleaseFrame idx:753, drop:0
2021-01-16 05:30:24.493 T:3608322944 DEBUG: CAMLCodec::AddData: dl:485002 sum:485002 sz:5176 dts:338.296 pts:338.338 overflow:0
2021-01-16 05:30:24.493 T:3608322944 DEBUG: CAMLCodec::GetTimeSize: len:24 dl:485002 fs:485002 front:8901
2021-01-16 05:30:24.522 T:4090851344 DEBUG: Previous line repeats 4 times.
2021-01-16 05:30:24.523 T:4090851344 DEBUG: CAMLCodec::PollFrame elapsed:32.428ms
2021-01-16 05:30:24.526 T:4090851344 DEBUG: PrepareNextRender: frameOnScreen: 337.124 renderPts: 337.250 nextFramePts: 337.128 -> diff: 0.122 render: 1 forceNext: 0
2021-01-16 05:30:24.527 T:3608322944 DEBUG: CAMLCodec::GetTimeSize: len:24 dl:476101 fs:485002 front:8901
2021-01-16 05:30:24.527 T:3608322944 DEBUG: CAMLCodec::GetTimeSize: len:23 dl:476101 fs:476101 front:6936
2021-01-16 05:30:24.528 T:3608322944 DEBUG: CAMLCodec::DequeueBuffer: pts:337.295 idx:758
2021-01-16 05:30:24.528 T:3608322944 DEBUG: CAMLCodec::GetPicture: index: 758, pts: 337.295, dur:41ms ar:1.67
2021-01-16 05:30:24.528 T:4090851344 DEBUG: CAMLCodec::ReleaseFrame idx:754, drop:0
2021-01-16 05:30:24.529 T:3608322944 DEBUG: CVideoPlayerVideo::OutputPicture - ttd:167ms pts:337.295 Clock:337.127 Level:3
2021-01-16 05:30:24.531 T:3608322944 DEBUG: CAMLCodec::GetTimeSize: len:23 dl:476101 fs:476101 front:6936
2021-01-16 05:30:24.539 T:3608322944 DEBUG: CAMLCodec::AddData: dl:548958 sum:548958 sz:72857 dts:338.338 pts:338.463 overflow:0
2021-01-16 05:30:24.539 T:3608322944 DEBUG: CAMLCodec::GetTimeSize: len:24 dl:548958 fs:548958 front:6936
2021-01-16 05:30:24.563 T:3581182848 DEBUG: Previous line repeats 3 times.
2021-01-16 05:30:24.564 T:3581182848 DEBUG: CVideoPlayer::ProcessVideoData size:83723 dts:345.428 pts:345.720 dur:41.000ms, clock:337.162 level:88
2021-01-16 05:30:24.565 T:4090851344 DEBUG: CAMLCodec::PollFrame elapsed:34.894ms
2021-01-16 05:30:24.566 T:3581182848 DEBUG: CVideoPlayer::ProcessVideoData size:21456 dts:345.470 pts:345.595 dur:41.000ms, clock:337.165 level:89
2021-01-16 05:30:24.569 T:3581182848 DEBUG: CVideoPlayer::ProcessVideoData size:9184 dts:345.512 pts:345.512 dur:41.000ms, clock:337.168 level:89
2021-01-16 05:30:24.570 T:3581182848 DEBUG: CVideoPlayer::ProcessVideoData size:9643 dts:345.554 pts:345.554 dur:41.000ms, clock:337.169 level:90
2021-01-16 05:30:24.570 T:4090851344 DEBUG: PrepareNextRender: frameOnScreen: 337.169 renderPts: 337.294 nextFramePts: 337.170 -> diff: 0.124 render: 1 forceNext: 0
2021-01-16 05:30:24.571 T:3581182848 DEBUG: CVideoPlayer::ProcessVideoData size:7703 dts:345.595 pts:345.637 dur:41.000ms, clock:337.170 level:90
2021-01-16 05:30:24.572 T:3608322944 DEBUG: CAMLCodec::GetTimeSize: len:24 dl:542022 fs:548958 front:6936
2021-01-16 05:30:24.573 T:3608322944 DEBUG: CAMLCodec::GetTimeSize: len:23 dl:542022 fs:542022 front:5352
2021-01-16 05:30:24.573 T:4090851344 DEBUG: CAMLCodec::ReleaseFrame idx:755, drop:0
2021-01-16 05:30:24.574 T:3608322944 DEBUG: CAMLCodec::DequeueBuffer: pts:337.337 idx:759
2021-01-16 05:30:24.574 T:3581182848 DEBUG: CVideoPlayer::ProcessVideoData size:8153 dts:345.637 pts:345.679 dur:41.000ms, clock:337.172 level:91
2021-01-16 05:30:24.575 T:3608322944 DEBUG: CAMLCodec::GetPicture: index: 759, pts: 337.337, dur:42ms ar:1.67
2021-01-16 05:30:24.575 T:3608322944 DEBUG: CVideoPlayerVideo::OutputPicture - ttd:163ms pts:337.337 Clock:337.174 Level:3
2021-01-16 05:30:24.576 T:3608322944 DEBUG: CAMLCodec::GetTimeSize: len:23 dl:542022 fs:542022 front:5352
2021-01-16 05:30:24.582 T:3608322944 DEBUG: CAMLCodec::AddData: dl:545404 sum:545404 sz:3382 dts:338.380 pts:338.421 overflow:0
2021-01-16 05:30:24.582 T:3608322944 DEBUG: CAMLCodec::GetTimeSize: len:24 dl:545404 fs:545404 front:5352
2021-01-16 05:30:24.605 T:4090851344 DEBUG: Previous line repeats 3 times.
2021-01-16 05:30:24.607 T:4090851344 DEBUG: CAMLCodec::PollFrame elapsed:31.355ms
2021-01-16 05:30:24.610 T:3608322944 DEBUG: CAMLCodec::GetTimeSize: len:24 dl:545404 fs:545404 front:5352
2021-01-16 05:30:24.610 T:3608322944 DEBUG: CAMLCodec::DequeueBuffer: pts:337.379 idx:760
2021-01-16 05:30:24.611 T:3608322944 DEBUG: CAMLCodec::GetPicture: index: 760, pts: 337.379, dur:42ms ar:1.67
2021-01-16 05:30:24.612 T:4090851344 DEBUG: PrepareNextRender: frameOnScreen: 337.210 renderPts: 337.336 nextFramePts: 337.212 -> diff: 0.124 render: 1 forceNext: 0
2021-01-16 05:30:24.612 T:3608322944 DEBUG: CVideoPlayerVideo::OutputPicture - ttd:168ms pts:337.379 Clock:337.211 Level:3
2021-01-16 05:30:24.613 T:3608322944 DEBUG: CAMLCodec::GetTimeSize: len:24 dl:540052 fs:545404 front:5352
2021-01-16 05:30:24.614 T:3608322944 DEBUG: CAMLCodec::GetTimeSize: len:23 dl:540052 fs:540052 front:5391
2021-01-16 05:30:24.614 T:4090851344 DEBUG: CAMLCodec::ReleaseFrame idx:756, drop:0
2021-01-16 05:30:24.622 T:3608322944 DEBUG: CAMLCodec::AddData: dl:649408 sum:649408 sz:109356 dts:338.421 pts:338.713 overflow:0
2021-01-16 05:30:24.622 T:3608322944 DEBUG: CAMLCodec::GetTimeSize: len:24 dl:649408 fs:649408 front:5391
2021-01-16 05:30:24.648 T:4090851344 DEBUG: Previous line repeats 3 times.
2021-01-16 05:30:24.648 T:4090851344 DEBUG: CAMLCodec::PollFrame elapsed:33.067ms
2021-01-16 05:30:24.650 T:3608322944 DEBUG: CAMLCodec::GetTimeSize: len:24 dl:649408 fs:649408 front:5391
2021-01-16 05:30:24.650 T:3608322944 DEBUG: CAMLCodec::DequeueBuffer: pts:337.420 idx:761
2021-01-16 05:30:24.651 T:3608322944 DEBUG: CAMLCodec::GetPicture: index: 761, pts: 337.420, dur:41ms ar:1.67
2021-01-16 05:30:24.651 T:3608322944 DEBUG: CVideoPlayerVideo::OutputPicture - ttd:169ms pts:337.420 Clock:337.250 Level:4
2021-01-16 05:30:24.652 T:4090851344 DEBUG: PrepareNextRender: frameOnScreen: 337.251 renderPts: 337.376 nextFramePts: 337.254 -> diff: 0.122 render: 1 forceNext: 0
2021-01-16 05:30:24.653 T:3608322944 DEBUG: CAMLCodec::GetTimeSize: len:24 dl:644017 fs:649408 front:5391
2021-01-16 05:30:24.653 T:3608322944 DEBUG: CAMLCodec::GetTimeSize: len:23 dl:644017 fs:644017 front:98692
2021-01-16 05:30:24.654 T:4090851344 DEBUG: CAMLCodec::ReleaseFrame idx:757, drop:0
2021-01-16 05:30:24.659 T:3608322944 DEBUG: CAMLCodec::AddData: dl:679528 sum:679528 sz:35511 dts:338.463 pts:338.588 overflow:0
2021-01-16 05:30:24.659 T:3608322944 DEBUG: CAMLCodec::GetTimeSize: len:24 dl:679528 fs:679528 front:98692
2021-01-16 05:30:24.688 T:4090851344 DEBUG: Previous line repeats 4 times.
2021-01-16 05:30:24.689 T:4090851344 DEBUG: CAMLCodec::PollFrame elapsed:33.494ms
2021-01-16 05:30:24.693 T:4090851344 DEBUG: PrepareNextRender: frameOnScreen: 337.292 renderPts: 337.417 nextFramePts: 337.295 -> diff: 0.122 render: 1 forceNext: 0
2021-01-16 05:30:24.694 T:3608322944 DEBUG: CAMLCodec::GetTimeSize: len:24 dl:679528 fs:679528 front:98692
2021-01-16 05:30:24.694 T:3608322944 DEBUG: CAMLCodec::DequeueBuffer: pts:337.462 idx:762
2021-01-16 05:30:24.695 T:3608322944 DEBUG: CAMLCodec::GetPicture: index: 762, pts: 337.462, dur:42ms ar:1.67
2021-01-16 05:30:24.695 T:3608322944 DEBUG: CVideoPlayerVideo::OutputPicture - ttd:167ms pts:337.462 Clock:337.294 Level:3
2021-01-16 05:30:24.696 T:4090851344 DEBUG: CAMLCodec::ReleaseFrame idx:758, drop:0
2021-01-16 05:30:24.697 T:3608322944 DEBUG: CAMLCodec::GetTimeSize: len:24 dl:580836 fs:679528 front:98692
2021-01-16 05:30:24.697 T:3608322944 DEBUG: CAMLCodec::GetTimeSize: len:23 dl:580836 fs:580836 front:18207
2021-01-16 05:30:24.702 T:3608322944 DEBUG: CAMLCodec::AddData: dl:586552 sum:586552 sz:5716 dts:338.505 pts:338.505 overflow:0
2021-01-16 05:30:24.702 T:3608322944 DEBUG: CAMLCodec::GetTimeSize: len:24 dl:586552 fs:586552 front:18207
2021-01-16 05:30:24.731 T:4090851344 DEBUG: Previous line repeats 4 times.
2021-01-16 05:30:24.732 T:4090851344 DEBUG: CAMLCodec::PollFrame elapsed:34.120ms
2021-01-16 05:30:24.737 T:3608322944 DEBUG: CAMLCodec::GetTimeSize: len:24 dl:568345 fs:586552 front:18207
2021-01-16 05:30:24.737 T:3608322944 DEBUG: CAMLCodec::GetTimeSize: len:23 dl:568345 fs:568345 front:6250
2021-01-16 05:30:24.738 T:3608322944 DEBUG: CAMLCodec::DequeueBuffer: pts:337.504 idx:763
2021-01-16 05:30:24.738 T:3608322944 DEBUG: CAMLCodec::GetPicture: index: 763, pts: 337.504, dur:42ms ar:1.67
2021-01-16 05:30:24.739 T:4090851344 DEBUG: PrepareNextRender: frameOnScreen: 337.337 renderPts: 337.463 nextFramePts: 337.337 -> diff: 0.126 render: 1 forceNext: 0
2021-01-16 05:30:24.740 T:3608322944 DEBUG: CVideoPlayerVideo::OutputPicture - ttd:166ms pts:337.504 Clock:337.338 Level:3
2021-01-16 05:30:24.743 T:4090851344 DEBUG: CAMLCodec::ReleaseFrame idx:759, drop:0
2021-01-16 05:30:24.743 T:3608322944 DEBUG: CAMLCodec::GetTimeSize: len:23 dl:568345 fs:568345 front:6250
2021-01-16 05:30:24.749 T:3608322944 DEBUG: CAMLCodec::AddData: dl:574293 sum:574293 sz:5948 dts:338.547 pts:338.547 overflow:0
2021-01-16 05:30:24.749 T:3608322944 DEBUG: CAMLCodec::GetTimeSize: len:24 dl:574293 fs:574293 front:6250
2021-01-16 05:30:24.772 T:4090851344 DEBUG: Previous line repeats 3 times.
2021-01-16 05:30:24.773 T:4090851344 DEBUG: CAMLCodec::PollFrame elapsed:28.996ms
2021-01-16 05:30:24.777 T:3608322944 DEBUG: CAMLCodec::GetTimeSize: len:24 dl:574293 fs:574293 front:6250
2021-01-16 05:30:24.777 T:3608322944 DEBUG: CAMLCodec::DequeueBuffer: pts:337.546 idx:764
2021-01-16 05:30:24.778 T:3608322944 DEBUG: CAMLCodec::GetPicture: index: 764, pts: 337.546, dur:42ms ar:1.67
2021-01-16 05:30:24.780 T:4090851344 DEBUG: PrepareNextRender: frameOnScreen: 337.378 renderPts: 337.503 nextFramePts: 337.379 -> diff: 0.124 render: 1 forceNext: 0
2021-01-16 05:30:24.781 T:3608322944 DEBUG: CVideoPlayerVideo::OutputPicture - ttd:167ms pts:337.546 Clock:337.378 Level:3
2021-01-16 05:30:24.783 T:3608322944 DEBUG: CAMLCodec::GetTimeSize: len:24 dl:568043 fs:574293 front:6250
2021-01-16 05:30:24.784 T:3608322944 DEBUG: CAMLCodec::GetTimeSize: len:23 dl:568043 fs:568043 front:6527
2021-01-16 05:30:24.784 T:4090851344 DEBUG: CAMLCodec::ReleaseFrame idx:760, drop:0
2021-01-16 05:30:24.789 T:3608322944 DEBUG: CAMLCodec::AddData: dl:572046 sum:572046 sz:4003 dts:338.588 pts:338.630 overflow:0
2021-01-16 05:30:24.790 T:3608322944 DEBUG: CAMLCodec::GetTimeSize: len:24 dl:572046 fs:572046 front:6527
2021-01-16 05:30:24.814 T:4090851344 DEBUG: Previous line repeats 3 times.
2021-01-16 05:30:24.814 T:4090851344 DEBUG: CAMLCodec::PollFrame elapsed:29.152ms
2021-01-16 05:30:24.817 T:3581182848 DEBUG: CVideoPlayer::ProcessVideoData size:86988 dts:345.679 pts:345.971 dur:41.000ms, clock:337.415 level:88
2021-01-16 05:30:24.819 T:4090851344 DEBUG: PrepareNextRender: frameOnScreen: 337.417 renderPts: 337.542 nextFramePts: 337.420 -> diff: 0.122 render: 1 forceNext: 0
2021-01-16 05:30:24.819 T:3608322944 DEBUG: CAMLCodec::GetTimeSize: len:24 dl:572046 fs:572046 front:6527
2021-01-16 05:30:24.820 T:3581182848 DEBUG: CVideoPlayer::ProcessVideoData size:38348 dts:345.720 pts:345.845 dur:41.000ms, clock:337.418 level:89
2021-01-16 05:30:24.821 T:3608322944 DEBUG: CAMLCodec::DequeueBuffer: pts:337.587 idx:765
2021-01-16 05:30:24.821 T:3581182848 DEBUG: CVideoPlayer::ProcessVideoData size:9950 dts:345.762 pts:345.762 dur:41.000ms, clock:337.420 level:89
2021-01-16 05:30:24.822 T:3608322944 DEBUG: CAMLCodec::GetPicture: index: 765, pts: 337.587, dur:41ms ar:1.67
2021-01-16 05:30:24.824 T:4090851344 DEBUG: CAMLCodec::ReleaseFrame idx:761, drop:0
2021-01-16 05:30:24.824 T:3608322944 DEBUG: CVideoPlayerVideo::OutputPicture - ttd:166ms pts:337.587 Clock:337.421 Level:3
2021-01-16 05:30:24.824 T:3581182848 DEBUG: CVideoPlayer::ProcessVideoData size:11143 dts:345.804 pts:345.804 dur:41.000ms, clock:337.423 level:90
2021-01-16 05:30:24.825 T:3581182848 DEBUG: CVideoPlayer::ProcessVideoData size:7477 dts:345.845 pts:345.887 dur:41.000ms, clock:337.424 level:90
2021-01-16 05:30:24.825 T:3581182848 DEBUG: CVideoPlayer::ProcessVideoData size:7666 dts:345.887 pts:345.929 dur:41.000ms, clock:337.424 level:91
2021-01-16 05:30:24.827 T:3608322944 DEBUG: CAMLCodec::GetTimeSize: len:24 dl:565519 fs:572046 front:6527
2021-01-16 05:30:24.827 T:3608322944 DEBUG: CAMLCodec::GetTimeSize: len:23 dl:565519 fs:565519 front:6991
2021-01-16 05:30:24.833 T:3608322944 DEBUG: CAMLCodec::AddData: dl:570531 sum:570531 sz:5012 dts:338.630 pts:338.672 overflow:0
2021-01-16 05:30:24.833 T:3608322944 DEBUG: CAMLCodec::GetTimeSize: len:24 dl:570531 fs:570531 front:6991
2021-01-16 05:30:24.857 T:4090851344 DEBUG: Previous line repeats 3 times.
2021-01-16 05:30:24.857 T:4090851344 DEBUG: CAMLCodec::PollFrame elapsed:32.588ms
2021-01-16 05:30:24.860 T:3608322944 DEBUG: CAMLCodec::GetTimeSize: len:24 dl:570531 fs:570531 front:6991
2021-01-16 05:30:24.861 T:3608322944 DEBUG: CAMLCodec::DequeueBuffer: pts:337.629 idx:766
2021-01-16 05:30:24.862 T:3608322944 DEBUG: CAMLCodec::GetPicture: index: 766, pts: 337.629, dur:42ms ar:1.67
2021-01-16 05:30:24.862 T:3608322944 DEBUG: CVideoPlayerVideo::OutputPicture - ttd:168ms pts:337.629 Clock:337.461 Level:4
2021-01-16 05:30:24.863 T:4090851344 DEBUG: PrepareNextRender: frameOnScreen: 337.462 renderPts: 337.587 nextFramePts: 337.462 -> diff: 0.125 render: 1 forceNext: 0
2021-01-16 05:30:24.864 T:3608322944 DEBUG: CAMLCodec::GetTimeSize: len:24 dl:563540 fs:570531 front:6991
2021-01-16 05:30:24.864 T:3608322944 DEBUG: CAMLCodec::GetTimeSize: len:23 dl:563540 fs:563540 front:6651
2021-01-16 05:30:24.865 T:4090851344 DEBUG: CAMLCodec::ReleaseFrame idx:762, drop:0
2021-01-16 05:30:24.872 T:3608322944 DEBUG: CAMLCodec::AddData: dl:657179 sum:657179 sz:93639 dts:338.672 pts:338.964 overflow:0
2021-01-16 05:30:24.872 T:3608322944 DEBUG: CAMLCodec::GetTimeSize: len:24 dl:657179 fs:657179 front:6651
2021-01-16 05:30:24.897 T:4090851344 DEBUG: Previous line repeats 3 times.
2021-01-16 05:30:24.898 T:4090851344 DEBUG: CAMLCodec::PollFrame elapsed:31.735ms
2021-01-16 05:30:24.901 T:3608322944 DEBUG: CAMLCodec::GetTimeSize: len:24 dl:657179 fs:657179 front:6651
2021-01-16 05:30:24.903 T:3608322944 DEBUG: CAMLCodec::DequeueBuffer: pts:337.671 idx:767
2021-01-16 05:30:24.903 T:4090851344 DEBUG: PrepareNextRender: frameOnScreen: 337.502 renderPts: 337.627 nextFramePts: 337.504 -> diff: 0.123 render: 1 forceNext: 0
2021-01-16 05:30:24.904 T:3608322944 DEBUG: CAMLCodec::GetPicture: index: 767, pts: 337.671, dur:42ms ar:1.67
2021-01-16 05:30:24.905 T:3608322944 DEBUG: CVideoPlayerVideo::OutputPicture - ttd:167ms pts:337.671 Clock:337.503 Level:3
2021-01-16 05:30:24.906 T:4090851344 DEBUG: CAMLCodec::ReleaseFrame idx:763, drop:0
2021-01-16 05:30:24.907 T:3608322944 DEBUG: CAMLCodec::GetTimeSize: len:24 dl:650528 fs:657179 front:6651
2021-01-16 05:30:24.907 T:3608322944 DEBUG: CAMLCodec::GetTimeSize: len:23 dl:650528 fs:650528 front:5821
2021-01-16 05:30:24.912 T:3608322944 DEBUG: CAMLCodec::AddData: dl:692630 sum:692630 sz:42102 dts:338.713 pts:338.838 overflow:0
2021-01-16 05:30:24.912 T:3608322944 DEBUG: CAMLCodec::GetTimeSize: len:24 dl:692630 fs:692630 front:5821
2021-01-16 05:30:24.939 T:4090851344 DEBUG: Previous line repeats 3 times.
2021-01-16 05:30:24.939 T:4090851344 DEBUG: CAMLCodec::PollFrame elapsed:32.014ms
2021-01-16 05:30:24.940 T:3608322944 DEBUG: CAMLCodec::GetTimeSize: len:24 dl:692630 fs:692630 front:5821
2021-01-16 05:30:24.943 T:4090851344 DEBUG: PrepareNextRender: frameOnScreen: 337.542 renderPts: 337.667 nextFramePts: 337.546 -> diff: 0.121 render: 1 forceNext: 0
2021-01-16 05:30:24.945 T:4090851344 DEBUG: CAMLCodec::ReleaseFrame idx:764, drop:0
2021-01-16 05:30:24.948 T:3608322944 DEBUG: CAMLCodec::GetTimeSize: len:24 dl:686809 fs:692630 front:5821
2021-01-16 05:30:24.948 T:3608322944 DEBUG: CAMLCodec::GetTimeSize: len:23 dl:686809 fs:686809 front:95805
2021-01-16 05:30:24.948 T:3608322944 DEBUG: CAMLCodec::DequeueBuffer: pts:337.712 idx:768
2021-01-16 05:30:24.948 T:3608322944 DEBUG: CAMLCodec::GetPicture: index: 768, pts: 337.712, dur:41ms ar:1.67
2021-01-16 05:30:24.948 T:3608322944 DEBUG: CVideoPlayerVideo::OutputPicture - ttd:164ms pts:337.712 Clock:337.547 Level:3
2021-01-16 05:30:24.949 T:3608322944 DEBUG: CAMLCodec::GetTimeSize: len:23 dl:686809 fs:686809 front:95805
2021-01-16 05:30:24.955 T:3608322944 DEBUG: CAMLCodec::AddData: dl:692651 sum:692651 sz:5842 dts:338.755 pts:338.755 overflow:0
2021-01-16 05:30:24.955 T:3608322944 DEBUG: CAMLCodec::GetTimeSize: len:24 dl:692651 fs:692651 front:95805
2021-01-16 05:30:24.982 T:4090851344 DEBUG: Previous line repeats 3 times.
2021-01-16 05:30:24.983 T:4090851344 DEBUG: CAMLCodec::PollFrame elapsed:35.206ms
2021-01-16 05:30:24.983 T:3608322944 DEBUG: CAMLCodec::GetTimeSize: len:24 dl:692651 fs:692651 front:95805
2021-01-16 05:30:24.984 T:3608322944 DEBUG: CAMLCodec::DequeueBuffer: pts:337.754 idx:769
2021-01-16 05:30:24.984 T:3608322944 DEBUG: CAMLCodec::GetPicture: index: 769, pts: 337.754, dur:42ms ar:1.67
2021-01-16 05:30:24.985 T:3608322944 DEBUG: CVideoPlayerVideo::OutputPicture - ttd:170ms pts:337.754 Clock:337.584 Level:4
2021-01-16 05:30:24.987 T:3608322944 DEBUG: CAMLCodec::GetTimeSize: len:24 dl:596846 fs:692651 front:95805
2021-01-16 05:30:24.987 T:3608322944 DEBUG: CAMLCodec::GetTimeSize: len:23 dl:596846 fs:596846 front:17332
2021-01-16 05:30:24.990 T:4090851344 DEBUG: PrepareNextRender: frameOnScreen: 337.589 renderPts: 337.714 nextFramePts: 337.587 -> diff: 0.127 render: 1 forceNext: 0
2021-01-16 05:30:24.991 T:4090851344 DEBUG: CAMLCodec::ReleaseFrame idx:765, drop:0
2021-01-16 05:30:24.993 T:3608322944 DEBUG: CAMLCodec::AddData: dl:603401 sum:603401 sz:6555 dts:338.797 pts:338.797 overflow:0
2021-01-16 05:30:24.993 T:3608322944 DEBUG: CAMLCodec::GetTimeSize: len:24 dl:603401 fs:603401 front:17332
2021-01-16 05:30:25.005 T:3581182848 DEBUG: Previous line repeats 1 times.
2021-01-16 05:30:25.005 T:3581182848 DEBUG: CVideoPlayer::ProcessVideoData size:80332 dts:345.929 pts:346.221 dur:41.000ms, clock:337.603 level:89
2021-01-16 05:30:25.006 T:3581182848 DEBUG: CVideoPlayer::ProcessVideoData size:41547 dts:345.971 pts:346.096 dur:41.000ms, clock:337.605 level:89
2021-01-16 05:30:25.007 T:3608322944 DEBUG: CAMLCodec::GetTimeSize: len:24 dl:603401 fs:603401 front:17332
2021-01-16 05:30:25.007 T:3581182848 DEBUG: CVideoPlayer::ProcessVideoData size:8539 dts:346.012 pts:346.012 dur:41.000ms, clock:337.606 level:90
2021-01-16 05:30:25.008 T:3581182848 DEBUG: CVideoPlayer::ProcessVideoData size:9024 dts:346.054 pts:346.054 dur:41.000ms, clock:337.607 level:90
2021-01-16 05:30:25.009 T:3581182848 DEBUG: CVideoPlayer::ProcessVideoData size:7226 dts:346.096 pts:346.137 dur:41.000ms, clock:337.608 level:91
2021-01-16 05:30:25.010 T:3581182848 DEBUG: CVideoPlayer::ProcessVideoData size:6148 dts:346.137 pts:346.179 dur:41.000ms, clock:337.609 level:91
2021-01-16 05:30:25.014 T:3608322944 DEBUG: CAMLCodec::GetTimeSize: len:24 dl:603401 fs:603401 front:17332
2021-01-16 05:30:25.022 T:4090851344 DEBUG: Previous line repeats 1 times.
2021-01-16 05:30:25.023 T:4090851344 DEBUG: CAMLCodec::PollFrame elapsed:30.544ms
2021-01-16 05:30:25.028 T:4090851344 DEBUG: PrepareNextRender: frameOnScreen: 337.627 renderPts: 337.752 nextFramePts: 337.629 -> diff: 0.123 render: 1 forceNext: 0
2021-01-16 05:30:25.030 T:3608322944 DEBUG: CAMLCodec::GetTimeSize: len:24 dl:586069 fs:603401 front:17332
2021-01-16 05:30:25.031 T:4090851344 DEBUG: CAMLCodec::ReleaseFrame idx:766, drop:0
2021-01-16 05:30:25.032 T:3608322944 DEBUG: CAMLCodec::GetTimeSize: len:23 dl:586069 fs:586069 front:5054
2021-01-16 05:30:25.032 T:3608322944 DEBUG: CAMLCodec::DequeueBuffer: pts:337.796 idx:770
2021-01-16 05:30:25.032 T:3608322944 DEBUG: CAMLCodec::GetPicture: index: 770, pts: 337.796, dur:42ms ar:1.67
2021-01-16 05:30:25.032 T:3608322944 DEBUG: CVideoPlayerVideo::OutputPicture - ttd:164ms pts:337.796 Clock:337.631 Level:3
2021-01-16 05:30:25.034 T:3608322944 DEBUG: CAMLCodec::GetTimeSize: len:23 dl:586069 fs:586069 front:5054
2021-01-16 05:30:25.039 T:3608322944 DEBUG: CAMLCodec::AddData: dl:591030 sum:591030 sz:4961 dts:338.838 pts:338.880 overflow:0
2021-01-16 05:30:25.039 T:3608322944 DEBUG: CAMLCodec::GetTimeSize: len:24 dl:591030 fs:591030 front:5054
2021-01-16 05:30:25.064 T:4090851344 DEBUG: Previous line repeats 3 times.
2021-01-16 05:30:25.066 T:4090851344 DEBUG: CAMLCodec::PollFrame elapsed:32.270ms
2021-01-16 05:30:25.067 T:3608322944 DEBUG: CAMLCodec::GetTimeSize: len:24 dl:591030 fs:591030 front:5054
2021-01-16 05:30:25.068 T:3608322944 DEBUG: CAMLCodec::DequeueBuffer: pts:337.837 idx:771
2021-01-16 05:30:25.069 T:3608322944 DEBUG: CAMLCodec::GetPicture: index: 771, pts: 337.837, dur:41ms ar:1.67
2021-01-16 05:30:25.069 T:3608322944 DEBUG: CVideoPlayerVideo::OutputPicture - ttd:168ms pts:337.837 Clock:337.668 Level:4
2021-01-16 05:30:25.071 T:4090851344 DEBUG: PrepareNextRender: frameOnScreen: 337.670 renderPts: 337.795 nextFramePts: 337.671 -> diff: 0.124 render: 1 forceNext: 0
2021-01-16 05:30:25.071 T:3608322944 DEBUG: CAMLCodec::GetTimeSize: len:24 dl:585976 fs:591030 front:5054
2021-01-16 05:30:25.072 T:3608322944 DEBUG: CAMLCodec::GetTimeSize: len:23 dl:585976 fs:585976 front:8476
2021-01-16 05:30:25.074 T:4090851344 DEBUG: CAMLCodec::ReleaseFrame idx:767, drop:0
2021-01-16 05:30:25.077 T:3608322944 DEBUG: CAMLCodec::AddData: dl:591768 sum:591768 sz:5792 dts:338.880 pts:338.922 overflow:0
2021-01-16 05:30:25.078 T:3608322944 DEBUG: CAMLCodec::GetTimeSize: len:24 dl:591768 fs:591768 front:8476
2021-01-16 05:30:25.106 T:4090851344 DEBUG: Previous line repeats 4 times.
