2021-01-16 05:29:58.070 T:3581182848 DEBUG: CVideoPlayer::ProcessVideoData size:12031 dts:318.985 pts:319.027 dur:41.000ms, clock:310.669 level:88
2021-01-16 05:29:58.071 T:3608322944 DEBUG: CAMLCodec::GetTimeSize: len:24 dl:614832 fs:614832 front:8455
2021-01-16 05:29:58.079 T:4090851344 DEBUG: Previous line repeats 1 times.
2021-01-16 05:29:58.079 T:4090851344 DEBUG: CAMLCodec::PollFrame elapsed:33.767ms
2021-01-16 05:29:58.083 T:4090851344 DEBUG: PrepareNextRender: frameOnScreen: 310.682 renderPts: 310.807 nextFramePts: 310.727 -> diff: 0.080 render: 1 forceNext: 0
2021-01-16 05:29:58.085 T:3608322944 DEBUG: CAMLCodec::GetTimeSize: len:24 dl:606377 fs:614832 front:8455
2021-01-16 05:29:58.085 T:3608322944 DEBUG: CAMLCodec::GetTimeSize: len:23 dl:606377 fs:606377 front:5715
2021-01-16 05:29:58.086 T:4090851344 DEBUG: CAMLCodec::ReleaseFrame idx:121, drop:0
2021-01-16 05:29:58.086 T:3608322944 DEBUG: CAMLCodec::DequeueBuffer: pts:310.894 idx:125
2021-01-16 05:29:58.086 T:3608322944 DEBUG: CAMLCodec::GetPicture: index: 125, pts: 310.894, dur:42ms ar:1.67
2021-01-16 05:29:58.087 T:3608322944 DEBUG: CVideoPlayerVideo::OutputPicture - ttd:208ms pts:310.894 Clock:310.686 Level:3
2021-01-16 05:29:58.088 T:3608322944 DEBUG: CAMLCodec::GetTimeSize: len:23 dl:606377 fs:606377 front:5715
2021-01-16 05:29:58.094 T:3608322944 DEBUG: CAMLCodec::AddData: dl:623340 sum:623340 sz:16963 dts:311.937 pts:312.103 overflow:0
2021-01-16 05:29:58.094 T:3608322944 DEBUG: CAMLCodec::GetTimeSize: len:24 dl:623340 fs:623340 front:5715
2021-01-16 05:29:58.120 T:4090851344 DEBUG: Previous line repeats 3 times.
2021-01-16 05:29:58.120 T:4090851344 DEBUG: CAMLCodec::PollFrame elapsed:34.085ms
2021-01-16 05:29:58.121 T:3608322944 DEBUG: CAMLCodec::GetTimeSize: len:24 dl:623340 fs:623340 front:5715
2021-01-16 05:29:58.124 T:4090851344 DEBUG: PrepareNextRender: frameOnScreen: 310.723 renderPts: 310.848 nextFramePts: 310.769 -> diff: 0.079 render: 1 forceNext: 0
2021-01-16 05:29:58.128 T:4090851344 DEBUG: CAMLCodec::ReleaseFrame idx:122, drop:0
2021-01-16 05:29:58.128 T:3608322944 DEBUG: CAMLCodec::GetTimeSize: len:24 dl:617625 fs:623340 front:5715
2021-01-16 05:29:58.128 T:3608322944 DEBUG: CAMLCodec::GetTimeSize: len:23 dl:617625 fs:617625 front:80372
2021-01-16 05:29:58.129 T:3608322944 DEBUG: CAMLCodec::DequeueBuffer: pts:310.936 idx:126
2021-01-16 05:29:58.129 T:3608322944 DEBUG: CAMLCodec::GetPicture: index: 126, pts: 310.936, dur:42ms ar:1.67
2021-01-16 05:29:58.129 T:3608322944 DEBUG: CVideoPlayerVideo::OutputPicture - ttd:207ms pts:310.936 Clock:310.728 Level:3
2021-01-16 05:29:58.130 T:3608322944 DEBUG: CAMLCodec::GetTimeSize: len:23 dl:617625 fs:617625 front:80372
2021-01-16 05:29:58.136 T:3608322944 DEBUG: CAMLCodec::AddData: dl:623319 sum:623319 sz:5694 dts:311.978 pts:311.978 overflow:0
2021-01-16 05:29:58.136 T:3608322944 DEBUG: CAMLCodec::GetTimeSize: len:24 dl:623319 fs:623319 front:80372
2021-01-16 05:29:58.162 T:4090851344 DEBUG: Previous line repeats 3 times.
2021-01-16 05:29:58.162 T:4090851344 DEBUG: CAMLCodec::PollFrame elapsed:33.711ms
2021-01-16 05:29:58.163 T:3608322944 DEBUG: CAMLCodec::GetTimeSize: len:24 dl:623319 fs:623319 front:80372
2021-01-16 05:29:58.164 T:3608322944 DEBUG: CAMLCodec::DequeueBuffer: pts:310.977 idx:127
2021-01-16 05:29:58.165 T:3608322944 DEBUG: CAMLCodec::GetPicture: index: 127, pts: 310.977, dur:41ms ar:1.67
2021-01-16 05:29:58.165 T:3608322944 DEBUG: CVideoPlayerVideo::OutputPicture - ttd:212ms pts:310.977 Clock:310.764 Level:4
2021-01-16 05:29:58.166 T:4090851344 DEBUG: PrepareNextRender: frameOnScreen: 310.765 renderPts: 310.890 nextFramePts: 310.810 -> diff: 0.080 render: 1 forceNext: 0
2021-01-16 05:29:58.167 T:3608322944 DEBUG: CAMLCodec::GetTimeSize: len:24 dl:623319 fs:623319 front:80372
2021-01-16 05:29:58.169 T:4090851344 DEBUG: CAMLCodec::ReleaseFrame idx:123, drop:0
2021-01-16 05:29:58.174 T:3608322944 DEBUG: CAMLCodec::GetTimeSize: len:24 dl:542947 fs:623319 front:80372
2021-01-16 05:29:58.174 T:3608322944 DEBUG: CAMLCodec::GetTimeSize: len:23 dl:542947 fs:542947 front:20762
2021-01-16 05:29:58.180 T:3608322944 DEBUG: CAMLCodec::AddData: dl:549889 sum:549889 sz:6942 dts:312.020 pts:312.020 overflow:0
2021-01-16 05:29:58.180 T:3608322944 DEBUG: CAMLCodec::GetTimeSize: len:24 dl:549889 fs:549889 front:20762
2021-01-16 05:29:58.204 T:4090851344 DEBUG: Previous line repeats 3 times.
2021-01-16 05:29:58.204 T:4090851344 DEBUG: CAMLCodec::PollFrame elapsed:34.137ms
2021-01-16 05:29:58.208 T:4090851344 DEBUG: PrepareNextRender: frameOnScreen: 310.807 renderPts: 310.932 nextFramePts: 310.852 -> diff: 0.080 render: 1 forceNext: 0
2021-01-16 05:29:58.209 T:3608322944 DEBUG: CAMLCodec::GetTimeSize: len:24 dl:549889 fs:549889 front:20762
2021-01-16 05:29:58.209 T:3608322944 DEBUG: CAMLCodec::DequeueBuffer: pts:311.019 idx:128
2021-01-16 05:29:58.210 T:3608322944 DEBUG: CAMLCodec::GetPicture: index: 128, pts: 311.019, dur:42ms ar:1.67
2021-01-16 05:29:58.210 T:3608322944 DEBUG: CVideoPlayerVideo::OutputPicture - ttd:210ms pts:311.019 Clock:310.809 Level:3
2021-01-16 05:29:58.211 T:4090851344 DEBUG: CAMLCodec::ReleaseFrame idx:124, drop:0
2021-01-16 05:29:58.212 T:3608322944 DEBUG: CAMLCodec::GetTimeSize: len:24 dl:529127 fs:549889 front:20762
2021-01-16 05:29:58.212 T:3608322944 DEBUG: CAMLCodec::GetTimeSize: len:23 dl:529127 fs:529127 front:7222
2021-01-16 05:29:58.218 T:3608322944 DEBUG: CAMLCodec::AddData: dl:539158 sum:539158 sz:10031 dts:312.062 pts:312.062 overflow:0
2021-01-16 05:29:58.218 T:3608322944 DEBUG: CAMLCodec::GetTimeSize: len:24 dl:539158 fs:539158 front:7222
2021-01-16 05:29:58.245 T:4090851344 DEBUG: Previous line repeats 4 times.
2021-01-16 05:29:58.246 T:4090851344 DEBUG: CAMLCodec::PollFrame elapsed:33.543ms
2021-01-16 05:29:58.249 T:4090851344 DEBUG: PrepareNextRender: frameOnScreen: 310.848 renderPts: 310.973 nextFramePts: 310.894 -> diff: 0.079 render: 1 forceNext: 0
2021-01-16 05:29:58.252 T:3608322944 DEBUG: CAMLCodec::GetTimeSize: len:24 dl:531936 fs:539158 front:7222
2021-01-16 05:29:58.253 T:4090851344 DEBUG: CAMLCodec::ReleaseFrame idx:125, drop:0
2021-01-16 05:29:58.253 T:3608322944 DEBUG: CAMLCodec::GetTimeSize: len:23 dl:531936 fs:531936 front:10003
2021-01-16 05:29:58.253 T:3608322944 DEBUG: CAMLCodec::DequeueBuffer: pts:311.061 idx:129
2021-01-16 05:29:58.254 T:3608322944 DEBUG: CAMLCodec::GetPicture: index: 129, pts: 311.061, dur:42ms ar:1.67
2021-01-16 05:29:58.254 T:3608322944 DEBUG: CVideoPlayerVideo::OutputPicture - ttd:207ms pts:311.061 Clock:310.853 Level:3
2021-01-16 05:29:58.256 T:3608322944 DEBUG: CAMLCodec::GetTimeSize: len:23 dl:531936 fs:531936 front:10003
2021-01-16 05:29:58.261 T:3608322944 DEBUG: CAMLCodec::AddData: dl:539513 sum:539513 sz:7577 dts:312.103 pts:312.145 overflow:0
2021-01-16 05:29:58.261 T:3608322944 DEBUG: CAMLCodec::GetTimeSize: len:24 dl:539513 fs:539513 front:10003
2021-01-16 05:29:58.287 T:4090851344 DEBUG: Previous line repeats 3 times.
2021-01-16 05:29:58.287 T:4090851344 DEBUG: CAMLCodec::PollFrame elapsed:33.789ms
2021-01-16 05:29:58.288 T:3608322944 DEBUG: CAMLCodec::GetTimeSize: len:24 dl:539513 fs:539513 front:10003
2021-01-16 05:29:58.291 T:4090851344 DEBUG: PrepareNextRender: frameOnScreen: 310.890 renderPts: 311.015 nextFramePts: 310.936 -> diff: 0.079 render: 1 forceNext: 0
2021-01-16 05:29:58.294 T:4090851344 DEBUG: CAMLCodec::ReleaseFrame idx:126, drop:0
2021-01-16 05:29:58.296 T:3608322944 DEBUG: CAMLCodec::GetTimeSize: len:24 dl:529510 fs:539513 front:10003
2021-01-16 05:29:58.296 T:3608322944 DEBUG: CAMLCodec::GetTimeSize: len:23 dl:529510 fs:529510 front:11539
2021-01-16 05:29:58.296 T:3608322944 DEBUG: CAMLCodec::DequeueBuffer: pts:311.102 idx:130
2021-01-16 05:29:58.296 T:3608322944 DEBUG: CAMLCodec::GetPicture: index: 130, pts: 311.102, dur:41ms ar:1.67
2021-01-16 05:29:58.297 T:3608322944 DEBUG: CVideoPlayerVideo::OutputPicture - ttd:206ms pts:311.102 Clock:310.896 Level:3
2021-01-16 05:29:58.298 T:3608322944 DEBUG: CAMLCodec::GetTimeSize: len:23 dl:529510 fs:529510 front:11539
2021-01-16 05:29:58.304 T:3608322944 DEBUG: CAMLCodec::AddData: dl:537574 sum:537574 sz:8064 dts:312.145 pts:312.187 overflow:0
2021-01-16 05:29:58.304 T:3608322944 DEBUG: CAMLCodec::GetTimeSize: len:24 dl:537574 fs:537574 front:11539
2021-01-16 05:29:58.322 T:3581182848 DEBUG: Previous line repeats 2 times.
2021-01-16 05:29:58.323 T:3581182848 DEBUG: CVideoPlayer::ProcessVideoData size:86204 dts:319.027 pts:319.361 dur:41.000ms, clock:310.921 level:85
2021-01-16 05:29:58.323 T:3581182848 DEBUG: CVideoPlayer::ProcessVideoData size:21804 dts:319.069 pts:319.236 dur:41.000ms, clock:310.922 level:86
2021-01-16 05:29:58.324 T:3581182848 DEBUG: CVideoPlayer::ProcessVideoData size:12277 dts:319.110 pts:319.110 dur:41.000ms, clock:310.923 level:87
2021-01-16 05:29:58.325 T:3581182848 DEBUG: CVideoPlayer::ProcessVideoData size:12984 dts:319.152 pts:319.152 dur:41.000ms, clock:310.924 level:87
2021-01-16 05:29:58.325 T:3581182848 DEBUG: CVideoPlayer::ProcessVideoData size:10966 dts:319.194 pts:319.194 dur:41.000ms, clock:310.924 level:88
2021-01-16 05:29:58.327 T:3581182848 DEBUG: CVideoPlayer::ProcessVideoData size:13392 dts:319.236 pts:319.277 dur:41.000ms, clock:310.925 level:88
2021-01-16 05:29:58.327 T:3608322944 DEBUG: CAMLCodec::GetTimeSize: len:24 dl:537574 fs:537574 front:11539
2021-01-16 05:29:58.327 T:3581182848 DEBUG: CVideoPlayer::ProcessVideoData size:10960 dts:319.277 pts:319.319 dur:41.000ms, clock:310.926 level:89
2021-01-16 05:29:58.329 T:4090851344 DEBUG: CAMLCodec::PollFrame elapsed:33.722ms
2021-01-16 05:29:58.332 T:4090851344 DEBUG: PrepareNextRender: frameOnScreen: 310.931 renderPts: 311.056 nextFramePts: 310.977 -> diff: 0.079 render: 1 forceNext: 0
2021-01-16 05:29:58.334 T:3608322944 DEBUG: CAMLCodec::GetTimeSize: len:24 dl:537574 fs:537574 front:11539
2021-01-16 05:29:58.335 T:3608322944 DEBUG: CAMLCodec::DequeueBuffer: pts:311.144 idx:131
2021-01-16 05:29:58.335 T:4090851344 DEBUG: CAMLCodec::ReleaseFrame idx:127, drop:0
2021-01-16 05:29:58.336 T:3608322944 DEBUG: CAMLCodec::GetPicture: index: 131, pts: 311.144, dur:42ms ar:1.67
2021-01-16 05:29:58.337 T:3608322944 DEBUG: CVideoPlayerVideo::OutputPicture - ttd:208ms pts:311.144 Clock:310.935 Level:3
2021-01-16 05:29:58.338 T:3608322944 DEBUG: CAMLCodec::GetTimeSize: len:24 dl:526035 fs:537574 front:11539
2021-01-16 05:29:58.338 T:3608322944 DEBUG: CAMLCodec::GetTimeSize: len:23 dl:526035 fs:526035 front:8480
2021-01-16 05:29:58.346 T:3608322944 DEBUG: CAMLCodec::AddData: dl:587038 sum:587038 sz:61003 dts:312.187 pts:312.521 overflow:0
2021-01-16 05:29:58.346 T:3608322944 DEBUG: CAMLCodec::GetTimeSize: len:24 dl:587038 fs:587038 front:8480
2021-01-16 05:29:58.371 T:4090851344 DEBUG: Previous line repeats 3 times.
2021-01-16 05:29:58.371 T:4090851344 DEBUG: CAMLCodec::PollFrame elapsed:34.354ms
2021-01-16 05:29:58.373 T:3608322944 DEBUG: CAMLCodec::GetTimeSize: len:24 dl:587038 fs:587038 front:8480
2021-01-16 05:29:58.374 T:3608322944 DEBUG: CAMLCodec::DequeueBuffer: pts:311.186 idx:132
2021-01-16 05:29:58.375 T:3608322944 DEBUG: CAMLCodec::GetPicture: index: 132, pts: 311.186, dur:42ms ar:1.67
2021-01-16 05:29:58.375 T:4090851344 DEBUG: PrepareNextRender: frameOnScreen: 310.974 renderPts: 311.099 nextFramePts: 311.019 -> diff: 0.080 render: 1 forceNext: 0
2021-01-16 05:29:58.376 T:3608322944 DEBUG: CVideoPlayerVideo::OutputPicture - ttd:211ms pts:311.186 Clock:310.974 Level:3
2021-01-16 05:29:58.378 T:3608322944 DEBUG: CAMLCodec::GetTimeSize: len:24 dl:578558 fs:587038 front:8480
2021-01-16 05:29:58.379 T:3608322944 DEBUG: CAMLCodec::GetTimeSize: len:23 dl:578558 fs:578558 front:7060
2021-01-16 05:29:58.380 T:4090851344 DEBUG: CAMLCodec::ReleaseFrame idx:128, drop:0
2021-01-16 05:29:58.385 T:3608322944 DEBUG: CAMLCodec::AddData: dl:595536 sum:595536 sz:16978 dts:312.229 pts:312.395 overflow:0
2021-01-16 05:29:58.385 T:3608322944 DEBUG: CAMLCodec::GetTimeSize: len:24 dl:595536 fs:595536 front:7060
2021-01-16 05:29:58.412 T:4090851344 DEBUG: Previous line repeats 4 times.
2021-01-16 05:29:58.412 T:4090851344 DEBUG: CAMLCodec::PollFrame elapsed:32.097ms
2021-01-16 05:29:58.417 T:4090851344 DEBUG: PrepareNextRender: frameOnScreen: 311.015 renderPts: 311.141 nextFramePts: 311.061 -> diff: 0.080 render: 1 forceNext: 0
2021-01-16 05:29:58.419 T:3608322944 DEBUG: CAMLCodec::GetTimeSize: len:24 dl:588476 fs:595536 front:7060
2021-01-16 05:29:58.419 T:3608322944 DEBUG: CAMLCodec::GetTimeSize: len:23 dl:588476 fs:588476 front:88737
2021-01-16 05:29:58.420 T:3608322944 DEBUG: CAMLCodec::DequeueBuffer: pts:311.228 idx:133
2021-01-16 05:29:58.420 T:3608322944 DEBUG: CAMLCodec::GetPicture: index: 133, pts: 311.228, dur:42ms ar:1.67
2021-01-16 05:29:58.420 T:4090851344 DEBUG: CAMLCodec::ReleaseFrame idx:129, drop:0
2021-01-16 05:29:58.421 T:3608322944 DEBUG: CVideoPlayerVideo::OutputPicture - ttd:208ms pts:311.228 Clock:311.020 Level:3
2021-01-16 05:29:58.422 T:3608322944 DEBUG: CAMLCodec::GetTimeSize: len:23 dl:588476 fs:588476 front:88737
2021-01-16 05:29:58.427 T:3608322944 DEBUG: CAMLCodec::AddData: dl:595201 sum:595201 sz:6725 dts:312.270 pts:312.270 overflow:0
2021-01-16 05:29:58.428 T:3608322944 DEBUG: CAMLCodec::GetTimeSize: len:24 dl:595201 fs:595201 front:88737
2021-01-16 05:29:58.454 T:4090851344 DEBUG: Previous line repeats 3 times.
2021-01-16 05:29:58.454 T:4090851344 DEBUG: CAMLCodec::PollFrame elapsed:32.962ms
2021-01-16 05:29:58.454 T:3608322944 DEBUG: CAMLCodec::GetTimeSize: len:24 dl:595201 fs:595201 front:88737
2021-01-16 05:29:58.457 T:4090851344 DEBUG: PrepareNextRender: frameOnScreen: 311.056 renderPts: 311.181 nextFramePts: 311.102 -> diff: 0.079 render: 1 forceNext: 0
2021-01-16 05:29:58.460 T:4090851344 DEBUG: CAMLCodec::ReleaseFrame idx:130, drop:0
2021-01-16 05:29:58.462 T:3608322944 DEBUG: CAMLCodec::GetTimeSize: len:24 dl:506464 fs:595201 front:88737
2021-01-16 05:29:58.462 T:3608322944 DEBUG: CAMLCodec::GetTimeSize: len:23 dl:506464 fs:506464 front:21148
2021-01-16 05:29:58.462 T:3608322944 DEBUG: CAMLCodec::DequeueBuffer: pts:311.269 idx:134
2021-01-16 05:29:58.463 T:3608322944 DEBUG: CAMLCodec::GetPicture: index: 134, pts: 311.269, dur:41ms ar:1.67
2021-01-16 05:29:58.463 T:3608322944 DEBUG: CVideoPlayerVideo::OutputPicture - ttd:207ms pts:311.269 Clock:311.062 Level:3
2021-01-16 05:29:58.464 T:3608322944 DEBUG: CAMLCodec::GetTimeSize: len:23 dl:506464 fs:506464 front:21148
2021-01-16 05:29:58.470 T:3608322944 DEBUG: CAMLCodec::AddData: dl:515562 sum:515562 sz:9098 dts:312.312 pts:312.312 overflow:0
2021-01-16 05:29:58.470 T:3608322944 DEBUG: CAMLCodec::GetTimeSize: len:24 dl:515562 fs:515562 front:21148
2021-01-16 05:29:58.496 T:4090851344 DEBUG: Previous line repeats 3 times.
2021-01-16 05:29:58.496 T:4090851344 DEBUG: CAMLCodec::PollFrame elapsed:34.587ms
2021-01-16 05:29:58.497 T:3608322944 DEBUG: CAMLCodec::GetTimeSize: len:24 dl:515562 fs:515562 front:21148
2021-01-16 05:29:58.498 T:3608322944 DEBUG: CAMLCodec::DequeueBuffer: pts:311.311 idx:135
2021-01-16 05:29:58.498 T:3608322944 DEBUG: CAMLCodec::GetPicture: index: 135, pts: 311.311, dur:42ms ar:1.67
2021-01-16 05:29:58.499 T:3608322944 DEBUG: CVideoPlayerVideo::OutputPicture - ttd:213ms pts:311.311 Clock:311.098 Level:4
2021-01-16 05:29:58.500 T:4090851344 DEBUG: PrepareNextRender: frameOnScreen: 311.098 renderPts: 311.224 nextFramePts: 311.144 -> diff: 0.080 render: 1 forceNext: 0
2021-01-16 05:29:58.501 T:3608322944 DEBUG: CAMLCodec::GetTimeSize: len:24 dl:515562 fs:515562 front:21148
2021-01-16 05:29:58.502 T:4090851344 DEBUG: CAMLCodec::ReleaseFrame idx:131, drop:0
2021-01-16 05:29:58.507 T:3608322944 DEBUG: CAMLCodec::GetTimeSize: len:24 dl:494414 fs:515562 front:21148
2021-01-16 05:29:58.508 T:3608322944 DEBUG: CAMLCodec::GetTimeSize: len:23 dl:494414 fs:494414 front:8516
2021-01-16 05:29:58.513 T:3608322944 DEBUG: CAMLCodec::AddData: dl:502038 sum:502038 sz:7624 dts:312.354 pts:312.354 overflow:0
2021-01-16 05:29:58.514 T:3608322944 DEBUG: CAMLCodec::GetTimeSize: len:24 dl:502038 fs:502038 front:8516
2021-01-16 05:29:58.537 T:4090851344 DEBUG: Previous line repeats 3 times.
2021-01-16 05:29:58.538 T:4090851344 DEBUG: CAMLCodec::PollFrame elapsed:34.368ms
2021-01-16 05:29:58.541 T:3608322944 DEBUG: CAMLCodec::GetTimeSize: len:24 dl:502038 fs:502038 front:8516
2021-01-16 05:29:58.542 T:4090851344 DEBUG: PrepareNextRender: frameOnScreen: 311.140 renderPts: 311.265 nextFramePts: 311.186 -> diff: 0.079 render: 1 forceNext: 0
2021-01-16 05:29:58.542 T:3608322944 DEBUG: CAMLCodec::DequeueBuffer: pts:311.353 idx:136
2021-01-16 05:29:58.543 T:3608322944 DEBUG: CAMLCodec::GetPicture: index: 136, pts: 311.353, dur:42ms ar:1.67
2021-01-16 05:29:58.543 T:3608322944 DEBUG: CVideoPlayerVideo::OutputPicture - ttd:210ms pts:311.353 Clock:311.142 Level:3
2021-01-16 05:29:58.545 T:4090851344 DEBUG: CAMLCodec::ReleaseFrame idx:132, drop:0
2021-01-16 05:29:58.545 T:3608322944 DEBUG: CAMLCodec::GetTimeSize: len:24 dl:493522 fs:502038 front:8516
2021-01-16 05:29:58.546 T:3608322944 DEBUG: CAMLCodec::GetTimeSize: len:23 dl:493522 fs:493522 front:7981
2021-01-16 05:29:58.551 T:3608322944 DEBUG: CAMLCodec::AddData: dl:503089 sum:503089 sz:9567 dts:312.395 pts:312.437 overflow:0
2021-01-16 05:29:58.551 T:3608322944 DEBUG: CAMLCodec::GetTimeSize: len:24 dl:503089 fs:503089 front:7981
2021-01-16 05:29:58.579 T:3581182848 DEBUG: Previous line repeats 4 times.
2021-01-16 05:29:58.579 T:3581182848 DEBUG: CVideoPlayer::ProcessVideoData size:83514 dts:319.319 pts:319.653 dur:41.000ms, clock:311.178 level:86
2021-01-16 05:29:58.579 T:4090851344 DEBUG: CAMLCodec::PollFrame elapsed:33.499ms
2021-01-16 05:29:58.581 T:3581182848 DEBUG: CVideoPlayer::ProcessVideoData size:16549 dts:319.361 pts:319.528 dur:41.000ms, clock:311.180 level:87
2021-01-16 05:29:58.583 T:4090851344 DEBUG: PrepareNextRender: frameOnScreen: 311.182 renderPts: 311.307 nextFramePts: 311.228 -> diff: 0.079 render: 1 forceNext: 0
2021-01-16 05:29:58.585 T:3581182848 DEBUG: CVideoPlayer::ProcessVideoData size:8394 dts:319.402 pts:319.402 dur:41.000ms, clock:311.183 level:87
2021-01-16 05:29:58.586 T:3608322944 DEBUG: CAMLCodec::GetTimeSize: len:24 dl:495108 fs:503089 front:7981
2021-01-16 05:29:58.587 T:4090851344 DEBUG: CAMLCodec::ReleaseFrame idx:133, drop:0
2021-01-16 05:29:58.587 T:3608322944 DEBUG: CAMLCodec::GetTimeSize: len:23 dl:495108 fs:495108 front:86968
2021-01-16 05:29:58.588 T:3608322944 DEBUG: CAMLCodec::DequeueBuffer: pts:311.394 idx:137
2021-01-16 05:29:58.588 T:3608322944 DEBUG: CAMLCodec::GetPicture: index: 137, pts: 311.394, dur:41ms ar:1.67
2021-01-16 05:29:58.589 T:3581182848 DEBUG: CVideoPlayer::ProcessVideoData size:9582 dts:319.444 pts:319.444 dur:41.000ms, clock:311.188 level:88
2021-01-16 05:29:58.589 T:3608322944 DEBUG: CVideoPlayerVideo::OutputPicture - ttd:206ms pts:311.394 Clock:311.188 Level:3
2021-01-16 05:29:58.590 T:3581182848 DEBUG: CVideoPlayer::ProcessVideoData size:11852 dts:319.486 pts:319.486 dur:41.000ms, clock:311.189 level:88
2021-01-16 05:29:58.591 T:3581182848 DEBUG: CVideoPlayer::ProcessVideoData size:3226 dts:319.528 pts:319.569 dur:41.000ms, clock:311.190 level:89
2021-01-16 05:29:58.591 T:3608322944 DEBUG: CAMLCodec::GetTimeSize: len:23 dl:495108 fs:495108 front:86968
2021-01-16 05:29:58.592 T:3581182848 DEBUG: CVideoPlayer::ProcessVideoData size:3142 dts:319.569 pts:319.611 dur:41.000ms, clock:311.191 level:89
2021-01-16 05:29:58.597 T:3608322944 DEBUG: CAMLCodec::AddData: dl:502988 sum:502988 sz:7880 dts:312.437 pts:312.479 overflow:0
2021-01-16 05:29:58.597 T:3608322944 DEBUG: CAMLCodec::GetTimeSize: len:24 dl:502988 fs:502988 front:86968
2021-01-16 05:29:58.621 T:4090851344 DEBUG: Previous line repeats 3 times.
2021-01-16 05:29:58.621 T:4090851344 DEBUG: CAMLCodec::PollFrame elapsed:33.373ms
2021-01-16 05:29:58.624 T:3608322944 DEBUG: CAMLCodec::GetTimeSize: len:24 dl:502988 fs:502988 front:86968
2021-01-16 05:29:58.625 T:3608322944 DEBUG: CAMLCodec::DequeueBuffer: pts:311.436 idx:138
2021-01-16 05:29:58.625 T:3608322944 DEBUG: CAMLCodec::GetPicture: index: 138, pts: 311.436, dur:42ms ar:1.67
2021-01-16 05:29:58.626 T:4090851344 DEBUG: PrepareNextRender: frameOnScreen: 311.224 renderPts: 311.349 nextFramePts: 311.269 -> diff: 0.080 render: 1 forceNext: 0
2021-01-16 05:29:58.627 T:3608322944 DEBUG: CVideoPlayerVideo::OutputPicture - ttd:211ms pts:311.436 Clock:311.225 Level:3
2021-01-16 05:29:58.628 T:3608322944 DEBUG: CAMLCodec::GetTimeSize: len:24 dl:416020 fs:502988 front:86968
2021-01-16 05:29:58.629 T:4090851344 DEBUG: CAMLCodec::ReleaseFrame idx:134, drop:0
2021-01-16 05:29:58.629 T:3608322944 DEBUG: CAMLCodec::GetTimeSize: len:23 dl:416020 fs:416020 front:29708
2021-01-16 05:29:58.635 T:3608322944 DEBUG: CAMLCodec::AddData: dl:453433 sum:453433 sz:37413 dts:312.479 pts:312.646 overflow:0
2021-01-16 05:29:58.635 T:3608322944 DEBUG: CAMLCodec::GetTimeSize: len:24 dl:453433 fs:453433 front:29708
2021-01-16 05:29:58.663 T:4090851344 DEBUG: Previous line repeats 4 times.
2021-01-16 05:29:58.663 T:4090851344 DEBUG: CAMLCodec::PollFrame elapsed:33.350ms
2021-01-16 05:29:58.668 T:4090851344 DEBUG: PrepareNextRender: frameOnScreen: 311.267 renderPts: 311.392 nextFramePts: 311.311 -> diff: 0.081 render: 1 forceNext: 0
2021-01-16 05:29:58.670 T:3608322944 DEBUG: CAMLCodec::GetTimeSize: len:24 dl:423725 fs:453433 front:29708
2021-01-16 05:29:58.672 T:4090851344 DEBUG: CAMLCodec::ReleaseFrame idx:135, drop:0
2021-01-16 05:29:58.672 T:3608322944 DEBUG: CAMLCodec::GetTimeSize: len:23 dl:423725 fs:423725 front:6683
2021-01-16 05:29:58.673 T:3608322944 DEBUG: CAMLCodec::DequeueBuffer: pts:311.478 idx:139
2021-01-16 05:29:58.674 T:3608322944 DEBUG: CAMLCodec::GetPicture: index: 139, pts: 311.478, dur:42ms ar:1.67
2021-01-16 05:29:58.674 T:3608322944 DEBUG: CVideoPlayerVideo::OutputPicture - ttd:205ms pts:311.478 Clock:311.273 Level:3
2021-01-16 05:29:58.675 T:3608322944 DEBUG: CAMLCodec::GetTimeSize: len:23 dl:423725 fs:423725 front:6683
2021-01-16 05:29:58.681 T:3608322944 DEBUG: CAMLCodec::AddData: dl:452971 sum:452971 sz:29246 dts:312.521 pts:312.604 overflow:0
2021-01-16 05:29:58.681 T:3608322944 DEBUG: CAMLCodec::GetTimeSize: len:24 dl:452971 fs:452971 front:6683
2021-01-16 05:29:58.704 T:4090851344 DEBUG: Previous line repeats 3 times.
2021-01-16 05:29:58.704 T:4090851344 DEBUG: CAMLCodec::PollFrame elapsed:31.819ms
2021-01-16 05:29:58.709 T:4090851344 DEBUG: PrepareNextRender: frameOnScreen: 311.307 renderPts: 311.433 nextFramePts: 311.353 -> diff: 0.080 render: 1 forceNext: 0
2021-01-16 05:29:58.710 T:3608322944 DEBUG: CAMLCodec::GetTimeSize: len:24 dl:452971 fs:452971 front:6683
2021-01-16 05:29:58.711 T:3608322944 DEBUG: CAMLCodec::DequeueBuffer: pts:311.520 idx:140
2021-01-16 05:29:58.712 T:3608322944 DEBUG: CAMLCodec::GetPicture: index: 140, pts: 311.520, dur:42ms ar:1.67
2021-01-16 05:29:58.712 T:3608322944 DEBUG: CVideoPlayerVideo::OutputPicture - ttd:209ms pts:311.520 Clock:311.311 Level:3
2021-01-16 05:29:58.713 T:4090851344 DEBUG: CAMLCodec::ReleaseFrame idx:136, drop:0
2021-01-16 05:29:58.714 T:3608322944 DEBUG: CAMLCodec::GetTimeSize: len:24 dl:446288 fs:452971 front:6683
2021-01-16 05:29:58.714 T:3608322944 DEBUG: CAMLCodec::GetTimeSize: len:23 dl:446288 fs:446288 front:10000
2021-01-16 05:29:58.719 T:3608322944 DEBUG: CAMLCodec::AddData: dl:453509 sum:453509 sz:7221 dts:312.562 pts:312.562 overflow:0
2021-01-16 05:29:58.720 T:3608322944 DEBUG: CAMLCodec::GetTimeSize: len:24 dl:453509 fs:453509 front:10000
2021-01-16 05:29:58.746 T:4090851344 DEBUG: Previous line repeats 3 times.
2021-01-16 05:29:58.746 T:4090851344 DEBUG: CAMLCodec::PollFrame elapsed:32.595ms
2021-01-16 05:29:58.746 T:3608322944 DEBUG: CAMLCodec::GetTimeSize: len:24 dl:453509 fs:453509 front:10000
2021-01-16 05:29:58.751 T:4090851344 DEBUG: PrepareNextRender: frameOnScreen: 311.349 renderPts: 311.474 nextFramePts: 311.394 -> diff: 0.080 render: 1 forceNext: 0
2021-01-16 05:29:58.754 T:4090851344 DEBUG: CAMLCodec::ReleaseFrame idx:137, drop:0
2021-01-16 05:29:58.754 T:3608322944 DEBUG: CAMLCodec::GetTimeSize: len:24 dl:443509 fs:453509 front:10000
2021-01-16 05:29:58.754 T:3608322944 DEBUG: CAMLCodec::GetTimeSize: len:23 dl:443509 fs:443509 front:93383
2021-01-16 05:29:58.755 T:3608322944 DEBUG: CAMLCodec::DequeueBuffer: pts:311.561 idx:141
2021-01-16 05:29:58.755 T:3608322944 DEBUG: CAMLCodec::GetPicture: index: 141, pts: 311.561, dur:41ms ar:1.67
2021-01-16 05:29:58.755 T:3608322944 DEBUG: CVideoPlayerVideo::OutputPicture - ttd:206ms pts:311.561 Clock:311.354 Level:3
2021-01-16 05:29:58.757 T:3608322944 DEBUG: CAMLCodec::GetTimeSize: len:23 dl:443509 fs:443509 front:93383
2021-01-16 05:29:58.765 T:3608322944 DEBUG: CAMLCodec::AddData: dl:563575 sum:563575 sz:120066 dts:312.604 pts:312.687 overflow:0
2021-01-16 05:29:58.765 T:3608322944 DEBUG: CAMLCodec::GetTimeSize: len:24 dl:563575 fs:563575 front:93383
2021-01-16 05:29:58.788 T:4090851344 DEBUG: Previous line repeats 3 times.
2021-01-16 05:29:58.788 T:4090851344 DEBUG: CAMLCodec::PollFrame elapsed:33.367ms
2021-01-16 05:29:58.792 T:4090851344 DEBUG: PrepareNextRender: frameOnScreen: 311.390 renderPts: 311.515 nextFramePts: 311.436 -> diff: 0.079 render: 1 forceNext: 0
2021-01-16 05:29:58.792 T:3608322944 DEBUG: CAMLCodec::GetTimeSize: len:24 dl:563575 fs:563575 front:93383
2021-01-16 05:29:58.793 T:3608322944 DEBUG: CAMLCodec::DequeueBuffer: pts:311.603 idx:142
2021-01-16 05:29:58.794 T:3608322944 DEBUG: CAMLCodec::GetPicture: index: 142, pts: 311.603, dur:42ms ar:1.67
2021-01-16 05:29:58.794 T:3608322944 DEBUG: CVideoPlayerVideo::OutputPicture - ttd:210ms pts:311.603 Clock:311.393 Level:3
2021-01-16 05:29:58.795 T:4090851344 DEBUG: CAMLCodec::ReleaseFrame idx:138, drop:0
2021-01-16 05:29:58.796 T:3608322944 DEBUG: CAMLCodec::GetTimeSize: len:24 dl:470192 fs:563575 front:93383
2021-01-16 05:29:58.796 T:3608322944 DEBUG: CAMLCodec::GetTimeSize: len:23 dl:470192 fs:470192 front:11508
2021-01-16 05:29:58.804 T:3608322944 DEBUG: CAMLCodec::AddData: dl:536539 sum:536539 sz:66347 dts:312.646 pts:312.812 overflow:0
2021-01-16 05:29:58.805 T:3608322944 DEBUG: CAMLCodec::GetTimeSize: len:24 dl:536539 fs:536539 front:11508
2021-01-16 05:29:58.829 T:4090851344 DEBUG: Previous line repeats 3 times.
2021-01-16 05:29:58.830 T:4090851344 DEBUG: CAMLCodec::PollFrame elapsed:33.666ms
2021-01-16 05:29:58.832 T:3608322944 DEBUG: CAMLCodec::GetTimeSize: len:24 dl:536539 fs:536539 front:11508
2021-01-16 05:29:58.833 T:3608322944 DEBUG: CAMLCodec::DequeueBuffer: pts:311.645 idx:143
2021-01-16 05:29:58.834 T:4090851344 DEBUG: PrepareNextRender: frameOnScreen: 311.432 renderPts: 311.558 nextFramePts: 311.478 -> diff: 0.080 render: 1 forceNext: 0
2021-01-16 05:29:58.836 T:3608322944 DEBUG: CAMLCodec::GetPicture: index: 143, pts: 311.645, dur:42ms ar:1.67
2021-01-16 05:29:58.837 T:3608322944 DEBUG: CVideoPlayerVideo::OutputPicture - ttd:209ms pts:311.645 Clock:311.435 Level:3
2021-01-16 05:29:58.838 T:3581182848 DEBUG: CVideoPlayer::ProcessVideoData size:86697 dts:319.611 pts:319.903 dur:41.000ms, clock:311.436 level:87
2021-01-16 05:29:58.838 T:4090851344 DEBUG: CAMLCodec::ReleaseFrame idx:139, drop:0
2021-01-16 05:29:58.840 T:3608322944 DEBUG: CAMLCodec::GetTimeSize: len:24 dl:525031 fs:536539 front:11508
2021-01-16 05:29:58.841 T:3581182848 DEBUG: CVideoPlayer::ProcessVideoData size:33069 dts:319.653 pts:319.778 dur:41.000ms, clock:311.439 level:87
2021-01-16 05:29:58.841 T:3608322944 DEBUG: CAMLCodec::GetTimeSize: len:23 dl:525031 fs:525031 front:3029
2021-01-16 05:29:58.842 T:3581182848 DEBUG: CVideoPlayer::ProcessVideoData size:5635 dts:319.694 pts:319.694 dur:41.000ms, clock:311.441 level:88
2021-01-16 05:29:58.842 T:3581182848 DEBUG: CVideoPlayer::ProcessVideoData size:5687 dts:319.736 pts:319.736 dur:41.000ms, clock:311.441 level:88
2021-01-16 05:29:58.843 T:3581182848 DEBUG: CVideoPlayer::ProcessVideoData size:4883 dts:319.778 pts:319.819 dur:41.000ms, clock:311.442 level:89
2021-01-16 05:29:58.843 T:3581182848 DEBUG: CVideoPlayer::ProcessVideoData size:5680 dts:319.819 pts:319.861 dur:41.000ms, clock:311.442 level:89
2021-01-16 05:29:58.847 T:3608322944 DEBUG: CAMLCodec::AddData: dl:566818 sum:566818 sz:41787 dts:312.687 pts:312.771 overflow:0
2021-01-16 05:29:58.847 T:3608322944 DEBUG: CAMLCodec::GetTimeSize: len:24 dl:566818 fs:566818 front:3029
2021-01-16 05:29:58.871 T:4090851344 DEBUG: Previous line repeats 3 times.
2021-01-16 05:29:58.871 T:4090851344 DEBUG: CAMLCodec::PollFrame elapsed:31.899ms
2021-01-16 05:29:58.875 T:3608322944 DEBUG: CAMLCodec::GetTimeSize: len:24 dl:566818 fs:566818 front:3029
2021-01-16 05:29:58.875 T:4090851344 DEBUG: PrepareNextRender: frameOnScreen: 311.474 renderPts: 311.599 nextFramePts: 311.520 -> diff: 0.079 render: 1 forceNext: 0
2021-01-16 05:29:58.876 T:3608322944 DEBUG: CAMLCodec::DequeueBuffer: pts:311.686 idx:144
2021-01-16 05:29:58.877 T:3608322944 DEBUG: CAMLCodec::GetPicture: index: 144, pts: 311.686, dur:41ms ar:1.67
2021-01-16 05:29:58.878 T:3608322944 DEBUG: CVideoPlayerVideo::OutputPicture - ttd:209ms pts:311.686 Clock:311.477 Level:3
2021-01-16 05:29:58.880 T:3608322944 DEBUG: CAMLCodec::GetTimeSize: len:24 dl:563789 fs:566818 front:3029
2021-01-16 05:29:58.881 T:4090851344 DEBUG: CAMLCodec::ReleaseFrame idx:140, drop:0
2021-01-16 05:29:58.881 T:3608322944 DEBUG: CAMLCodec::GetTimeSize: len:23 dl:563789 fs:563789 front:4143
2021-01-16 05:29:58.887 T:3608322944 DEBUG: CAMLCodec::AddData: dl:592212 sum:592212 sz:28423 dts:312.729 pts:312.729 overflow:0
2021-01-16 05:29:58.887 T:3608322944 DEBUG: CAMLCodec::GetTimeSize: len:24 dl:592212 fs:592212 front:4143
2021-01-16 05:29:58.913 T:4090851344 DEBUG: Previous line repeats 3 times.
2021-01-16 05:29:58.913 T:4090851344 DEBUG: CAMLCodec::PollFrame elapsed:31.560ms
2021-01-16 05:29:58.913 T:3608322944 DEBUG: CAMLCodec::GetTimeSize: len:24 dl:592212 fs:592212 front:4143
2021-01-16 05:29:58.917 T:4090851344 DEBUG: PrepareNextRender: frameOnScreen: 311.515 renderPts: 311.641 nextFramePts: 311.561 -> diff: 0.080 render: 1 forceNext: 0
2021-01-16 05:29:58.920 T:4090851344 DEBUG: CAMLCodec::ReleaseFrame idx:141, drop:0
2021-01-16 05:29:58.921 T:3608322944 DEBUG: CAMLCodec::GetTimeSize: len:24 dl:588069 fs:592212 front:4143
2021-01-16 05:29:58.921 T:3608322944 DEBUG: CAMLCodec::GetTimeSize: len:23 dl:588069 fs:588069 front:3440
2021-01-16 05:29:58.921 T:3608322944 DEBUG: CAMLCodec::DequeueBuffer: pts:311.728 idx:145
2021-01-16 05:29:58.921 T:3608322944 DEBUG: CAMLCodec::GetPicture: index: 145, pts: 311.728, dur:42ms ar:1.67
2021-01-16 05:29:58.921 T:3608322944 DEBUG: CVideoPlayerVideo::OutputPicture - ttd:207ms pts:311.728 Clock:311.520 Level:3
2021-01-16 05:29:58.923 T:3608322944 DEBUG: CAMLCodec::GetTimeSize: len:23 dl:588069 fs:588069 front:3440
2021-01-16 05:29:58.931 T:3608322944 DEBUG: CAMLCodec::AddData: dl:650397 sum:650397 sz:62328 dts:312.771 pts:312.854 overflow:0
2021-01-16 05:29:58.931 T:3608322944 DEBUG: CAMLCodec::GetTimeSize: len:24 dl:650397 fs:650397 front:3440
2021-01-16 05:29:58.954 T:4090851344 DEBUG: Previous line repeats 3 times.
2021-01-16 05:29:58.955 T:4090851344 DEBUG: CAMLCodec::PollFrame elapsed:33.590ms
2021-01-16 05:29:58.958 T:3608322944 DEBUG: CAMLCodec::GetTimeSize: len:24 dl:650397 fs:650397 front:3440
2021-01-16 05:29:58.959 T:4090851344 DEBUG: PrepareNextRender: frameOnScreen: 311.557 renderPts: 311.682 nextFramePts: 311.603 -> diff: 0.079 render: 1 forceNext: 0
2021-01-16 05:29:58.959 T:3608322944 DEBUG: CAMLCodec::DequeueBuffer: pts:311.770 idx:146
2021-01-16 05:29:58.960 T:3608322944 DEBUG: CAMLCodec::GetPicture: index: 146, pts: 311.770, dur:42ms ar:1.67
2021-01-16 05:29:58.960 T:3608322944 DEBUG: CVideoPlayerVideo::OutputPicture - ttd:210ms pts:311.770 Clock:311.559 Level:3
2021-01-16 05:29:58.962 T:3608322944 DEBUG: CAMLCodec::GetTimeSize: len:24 dl:646957 fs:650397 front:3440
2021-01-16 05:29:58.962 T:4090851344 DEBUG: CAMLCodec::ReleaseFrame idx:142, drop:0
2021-01-16 05:29:58.963 T:3608322944 DEBUG: CAMLCodec::GetTimeSize: len:23 dl:646957 fs:646957 front:4692
2021-01-16 05:29:58.971 T:3608322944 DEBUG: CAMLCodec::AddData: dl:713686 sum:713686 sz:66729 dts:312.812 pts:312.896 overflow:0
2021-01-16 05:29:58.971 T:3608322944 DEBUG: CAMLCodec::GetTimeSize: len:24 dl:713686 fs:713686 front:4692
2021-01-16 05:29:58.996 T:4090851344 DEBUG: Previous line repeats 3 times.
2021-01-16 05:29:58.996 T:4090851344 DEBUG: CAMLCodec::PollFrame elapsed:33.146ms
2021-01-16 05:29:58.998 T:3608322944 DEBUG: CAMLCodec::GetTimeSize: len:24 dl:713686 fs:713686 front:4692
2021-01-16 05:29:58.999 T:3608322944 DEBUG: CAMLCodec::DequeueBuffer: pts:311.811 idx:147
2021-01-16 05:29:58.999 T:3608322944 DEBUG: CAMLCodec::GetPicture: index: 147, pts: 311.811, dur:41ms ar:1.67
2021-01-16 05:29:59.000 T:3608322944 DEBUG: CVideoPlayerVideo::OutputPicture - ttd:212ms pts:311.811 Clock:311.599 Level:4
2021-01-16 05:29:59.001 T:4090851344 DEBUG: PrepareNextRender: frameOnScreen: 311.599 renderPts: 311.724 nextFramePts: 311.645 -> diff: 0.079 render: 1 forceNext: 0
2021-01-16 05:29:59.001 T:3608322944 DEBUG: CAMLCodec::GetTimeSize: len:24 dl:713686 fs:713686 front:4692
2021-01-16 05:29:59.004 T:4090851344 DEBUG: CAMLCodec::ReleaseFrame idx:143, drop:0
2021-01-16 05:29:59.008 T:3608322944 DEBUG: CAMLCodec::GetTimeSize: len:24 dl:708994 fs:713686 front:4692
2021-01-16 05:29:59.008 T:3608322944 DEBUG: CAMLCodec::GetTimeSize: len:23 dl:708994 fs:708994 front:75288
2021-01-16 05:29:59.016 T:3608322944 DEBUG: CAMLCodec::AddData: dl:779362 sum:779362 sz:70368 dts:312.854 pts:312.938 overflow:0
2021-01-16 05:29:59.016 T:3608322944 DEBUG: CAMLCodec::GetTimeSize: len:24 dl:779362 fs:779362 front:75288
2021-01-16 05:29:59.038 T:4090851344 DEBUG: Previous line repeats 3 times.
2021-01-16 05:29:59.038 T:4090851344 DEBUG: CAMLCodec::PollFrame elapsed:33.589ms
2021-01-16 05:29:59.042 T:4090851344 DEBUG: PrepareNextRender: frameOnScreen: 311.640 renderPts: 311.766 nextFramePts: 311.686 -> diff: 0.080 render: 1 forceNext: 0
2021-01-16 05:29:59.044 T:3608322944 DEBUG: CAMLCodec::GetTimeSize: len:24 dl:779362 fs:779362 front:75288
2021-01-16 05:29:59.046 T:4090851344 DEBUG: CAMLCodec::ReleaseFrame idx:144, drop:0
2021-01-16 05:29:59.046 T:3608322944 DEBUG: CAMLCodec::DequeueBuffer: pts:311.853 idx:148
2021-01-16 05:29:59.046 T:3608322944 DEBUG: CAMLCodec::GetPicture: index: 148, pts: 311.853, dur:42ms ar:1.67
2021-01-16 05:29:59.047 T:3608322944 DEBUG: CVideoPlayerVideo::OutputPicture - ttd:207ms pts:311.853 Clock:311.646 Level:3
2021-01-16 05:29:59.048 T:3608322944 DEBUG: CAMLCodec::GetTimeSize: len:24 dl:704074 fs:779362 front:75288
2021-01-16 05:29:59.049 T:3608322944 DEBUG: CAMLCodec::GetTimeSize: len:23 dl:704074 fs:704074 front:16963
2021-01-16 05:29:59.056 T:3608322944 DEBUG: CAMLCodec::AddData: dl:778456 sum:778456 sz:74382 dts:312.896 pts:313.104 overflow:0
2021-01-16 05:29:59.057 T:3608322944 DEBUG: CAMLCodec::GetTimeSize: len:24 dl:778456 fs:778456 front:16963
2021-01-16 05:29:59.080 T:4090851344 DEBUG: Previous line repeats 3 times.
2021-01-16 05:29:59.080 T:4090851344 DEBUG: CAMLCodec::PollFrame elapsed:33.456ms
2021-01-16 05:29:59.084 T:3608322944 DEBUG: CAMLCodec::GetTimeSize: len:24 dl:778456 fs:778456 front:16963
2021-01-16 05:29:59.085 T:4090851344 DEBUG: PrepareNextRender: frameOnScreen: 311.683 renderPts: 311.808 nextFramePts: 311.728 -> diff: 0.080 render: 1 forceNext: 0
2021-01-16 05:29:59.085 T:3608322944 DEBUG: CAMLCodec::DequeueBuffer: pts:311.895 idx:149
2021-01-16 05:29:59.086 T:3608322944 DEBUG: CAMLCodec::GetPicture: index: 149, pts: 311.895, dur:42ms ar:1.67
2021-01-16 05:29:59.087 T:3608322944 DEBUG: CVideoPlayerVideo::OutputPicture - ttd:209ms pts:311.895 Clock:311.686 Level:3
2021-01-16 05:29:59.088 T:4090851344 DEBUG: CAMLCodec::ReleaseFrame idx:145, drop:0
2021-01-16 05:29:59.089 T:3608322944 DEBUG: CAMLCodec::GetTimeSize: len:24 dl:761493 fs:778456 front:16963
2021-01-16 05:29:59.089 T:3608322944 DEBUG: CAMLCodec::GetTimeSize: len:23 dl:761493 fs:761493 front:5694
2021-01-16 05:29:59.094 T:3608322944 DEBUG: CAMLCodec::AddData: dl:807079 sum:807079 sz:45586 dts:312.938 pts:313.021 overflow:0
2021-01-16 05:29:59.095 T:3581182848 DEBUG: CVideoPlayer::ProcessVideoData size:86373 dts:319.861 pts:320.153 dur:41.000ms, clock:311.694 level:86
2021-01-16 05:29:59.095 T:3608322944 DEBUG: CAMLCodec::GetTimeSize: len:24 dl:807079 fs:807079 front:5694
2021-01-16 05:29:59.096 T:3581182848 DEBUG: CVideoPlayer::ProcessVideoData size:37819 dts:319.903 pts:320.028 dur:41.000ms, clock:311.694 level:87
2021-01-16 05:29:59.096 T:3581182848 DEBUG: CVideoPlayer::ProcessVideoData size:5627 dts:319.945 pts:319.945 dur:41.000ms, clock:311.695 level:87
2021-01-16 05:29:59.097 T:3581182848 DEBUG: CVideoPlayer::ProcessVideoData size:6138 dts:319.986 pts:319.986 dur:41.000ms, clock:311.696 level:88
2021-01-16 05:29:59.097 T:3581182848 DEBUG: CVideoPlayer::ProcessVideoData size:5068 dts:320.028 pts:320.070 dur:41.000ms, clock:311.696 level:88
2021-01-16 05:29:59.098 T:3581182848 DEBUG: CVideoPlayer::ProcessVideoData size:5540 dts:320.070 pts:320.111 dur:41.000ms, clock:311.697 level:89
2021-01-16 05:29:59.102 T:3608322944 DEBUG: CAMLCodec::GetTimeSize: len:24 dl:807079 fs:807079 front:5694
2021-01-16 05:29:59.121 T:4090851344 DEBUG: Previous line repeats 2 times.
2021-01-16 05:29:59.122 T:4090851344 DEBUG: CAMLCodec::PollFrame elapsed:32.514ms
2021-01-16 05:29:59.122 T:3608322944 DEBUG: CAMLCodec::GetTimeSize: len:24 dl:807079 fs:807079 front:5694
2021-01-16 05:29:59.126 T:4090851344 DEBUG: PrepareNextRender: frameOnScreen: 311.725 renderPts: 311.850 nextFramePts: 311.770 -> diff: 0.080 render: 1 forceNext: 0
2021-01-16 05:29:59.129 T:4090851344 DEBUG: CAMLCodec::ReleaseFrame idx:146, drop:0
2021-01-16 05:29:59.130 T:3608322944 DEBUG: CAMLCodec::GetTimeSize: len:24 dl:801385 fs:807079 front:5694
2021-01-16 05:29:59.130 T:3608322944 DEBUG: CAMLCodec::GetTimeSize: len:23 dl:801385 fs:801385 front:6942
2021-01-16 05:29:59.130 T:3608322944 DEBUG: CAMLCodec::DequeueBuffer: pts:311.937 idx:150
2021-01-16 05:29:59.131 T:3608322944 DEBUG: CAMLCodec::GetPicture: index: 150, pts: 311.937, dur:42ms ar:1.67
2021-01-16 05:29:59.131 T:3608322944 DEBUG: CVideoPlayerVideo::OutputPicture - ttd:206ms pts:311.937 Clock:311.730 Level:3
2021-01-16 05:29:59.133 T:3608322944 DEBUG: CAMLCodec::GetTimeSize: len:23 dl:801385 fs:801385 front:6942
2021-01-16 05:29:59.138 T:3608322944 DEBUG: CAMLCodec::AddData: dl:831263 sum:831263 sz:29878 dts:312.979 pts:312.979 overflow:0
2021-01-16 05:29:59.138 T:3608322944 DEBUG: CAMLCodec::GetTimeSize: len:24 dl:831263 fs:831263 front:6942
2021-01-16 05:29:59.163 T:4090851344 DEBUG: Previous line repeats 3 times.
2021-01-16 05:29:59.163 T:4090851344 DEBUG: CAMLCodec::PollFrame elapsed:33.193ms
2021-01-16 05:29:59.166 T:3608322944 DEBUG: CAMLCodec::GetTimeSize: len:24 dl:831263 fs:831263 front:6942
2021-01-16 05:29:59.167 T:3608322944 DEBUG: CAMLCodec::DequeueBuffer: pts:311.978 idx:151
2021-01-16 05:29:59.167 T:4090851344 DEBUG: PrepareNextRender: frameOnScreen: 311.766 renderPts: 311.891 nextFramePts: 311.811 -> diff: 0.080 render: 1 forceNext: 0
2021-01-16 05:29:59.168 T:3608322944 DEBUG: CAMLCodec::GetPicture: index: 151, pts: 311.978, dur:41ms ar:1.67
2021-01-16 05:29:59.168 T:3608322944 DEBUG: CVideoPlayerVideo::OutputPicture - ttd:210ms pts:311.978 Clock:311.767 Level:3
2021-01-16 05:29:59.170 T:3608322944 DEBUG: CAMLCodec::GetTimeSize: len:24 dl:824321 fs:831263 front:6942
2021-01-16 05:29:59.171 T:4090851344 DEBUG: CAMLCodec::ReleaseFrame idx:147, drop:0
2021-01-16 05:29:59.171 T:3608322944 DEBUG: CAMLCodec::GetTimeSize: len:23 dl:824321 fs:824321 front:10031
2021-01-16 05:29:59.177 T:3608322944 DEBUG: CAMLCodec::AddData: dl:837052 sum:837052 sz:12731 dts:313.021 pts:313.063 overflow:0
2021-01-16 05:29:59.177 T:3608322944 DEBUG: CAMLCodec::GetTimeSize: len:24 dl:837052 fs:837052 front:10031
2021-01-16 05:29:59.205 T:4090851344 DEBUG: Previous line repeats 4 times.
2021-01-16 05:29:59.205 T:4090851344 DEBUG: CAMLCodec::PollFrame elapsed:33.312ms
2021-01-16 05:29:59.209 T:4090851344 DEBUG: PrepareNextRender: frameOnScreen: 311.807 renderPts: 311.933 nextFramePts: 311.853 -> diff: 0.080 render: 1 forceNext: 0
2021-01-16 05:29:59.211 T:3608322944 DEBUG: CAMLCodec::GetTimeSize: len:24 dl:837052 fs:837052 front:10031
2021-01-16 05:29:59.212 T:3608322944 DEBUG: CAMLCodec::DequeueBuffer: pts:312.020 idx:152
2021-01-16 05:29:59.213 T:3608322944 DEBUG: CAMLCodec::GetPicture: index: 152, pts: 312.020, dur:42ms ar:1.67
2021-01-16 05:29:59.214 T:4090851344 DEBUG: CAMLCodec::ReleaseFrame idx:148, drop:0
2021-01-16 05:29:59.214 T:3608322944 DEBUG: CVideoPlayerVideo::OutputPicture - ttd:207ms pts:312.020 Clock:311.813 Level:3
2021-01-16 05:29:59.216 T:3608322944 DEBUG: CAMLCodec::GetTimeSize: len:24 dl:827021 fs:837052 front:10031
2021-01-16 05:29:59.216 T:3608322944 DEBUG: CAMLCodec::GetTimeSize: len:23 dl:827021 fs:827021 front:7577
2021-01-16 05:29:59.224 T:3608322944 DEBUG: CAMLCodec::AddData: dl:877664 sum:877664 sz:50643 dts:313.063 pts:313.313 overflow:0
2021-01-16 05:29:59.224 T:3608322944 DEBUG: CAMLCodec::GetTimeSize: len:24 dl:877664 fs:877664 front:7577
2021-01-16 05:29:59.246 T:4090851344 DEBUG: Previous line repeats 3 times.
2021-01-16 05:29:59.247 T:4090851344 DEBUG: CAMLCodec::PollFrame elapsed:32.263ms
2021-01-16 05:29:59.250 T:4090851344 DEBUG: PrepareNextRender: frameOnScreen: 311.849 renderPts: 311.974 nextFramePts: 311.895 -> diff: 0.079 render: 1 forceNext: 0
2021-01-16 05:29:59.251 T:3608322944 DEBUG: CAMLCodec::GetTimeSize: len:24 dl:877664 fs:877664 front:7577
2021-01-16 05:29:59.252 T:3608322944 DEBUG: CAMLCodec::DequeueBuffer: pts:312.062 idx:153
2021-01-16 05:29:59.253 T:3608322944 DEBUG: CAMLCodec::GetPicture: index: 153, pts: 312.062, dur:42ms ar:1.67
2021-01-16 05:29:59.253 T:3608322944 DEBUG: CVideoPlayerVideo::OutputPicture - ttd:209ms pts:312.062 Clock:311.852 Level:3
2021-01-16 05:29:59.254 T:4090851344 DEBUG: CAMLCodec::ReleaseFrame idx:149, drop:0
2021-01-16 05:29:59.255 T:3608322944 DEBUG: CAMLCodec::GetTimeSize: len:24 dl:870087 fs:877664 front:7577
2021-01-16 05:29:59.255 T:3608322944 DEBUG: CAMLCodec::GetTimeSize: len:23 dl:870087 fs:870087 front:8064
2021-01-16 05:29:59.261 T:3608322944 DEBUG: CAMLCodec::AddData: dl:898113 sum:898113 sz:28026 dts:313.104 pts:313.230 overflow:0
2021-01-16 05:29:59.261 T:3608322944 DEBUG: CAMLCodec::GetTimeSize: len:24 dl:898113 fs:898113 front:8064
2021-01-16 05:29:59.288 T:4090851344 DEBUG: Previous line repeats 4 times.
2021-01-16 05:29:59.288 T:4090851344 DEBUG: CAMLCodec::PollFrame elapsed:33.355ms
2021-01-16 05:29:59.293 T:4090851344 DEBUG: PrepareNextRender: frameOnScreen: 311.892 renderPts: 312.017 nextFramePts: 311.937 -> diff: 0.080 render: 1 forceNext: 0
2021-01-16 05:29:59.295 T:3608322944 DEBUG: CAMLCodec::GetTimeSize: len:24 dl:898113 fs:898113 front:8064
2021-01-16 05:29:59.295 T:3608322944 DEBUG: CAMLCodec::DequeueBuffer: pts:312.103 idx:154
2021-01-16 05:29:59.296 T:3608322944 DEBUG: CAMLCodec::GetPicture: index: 154, pts: 312.103, dur:41ms ar:1.67
2021-01-16 05:29:59.296 T:3608322944 DEBUG: CVideoPlayerVideo::OutputPicture - ttd:207ms pts:312.103 Clock:311.895 Level:3
2021-01-16 05:29:59.297 T:4090851344 DEBUG: CAMLCodec::ReleaseFrame idx:150, drop:0
2021-01-16 05:29:59.298 T:3608322944 DEBUG: CAMLCodec::GetTimeSize: len:24 dl:890049 fs:898113 front:8064
2021-01-16 05:29:59.298 T:3608322944 DEBUG: CAMLCodec::GetTimeSize: len:23 dl:890049 fs:890049 front:61003
2021-01-16 05:29:59.304 T:3608322944 DEBUG: CAMLCodec::AddData: dl:902821 sum:902821 sz:12772 dts:313.146 pts:313.146 overflow:0
2021-01-16 05:29:59.304 T:3608322944 DEBUG: CAMLCodec::GetTimeSize: len:24 dl:902821 fs:902821 front:61003
2021-01-16 05:29:59.330 T:4090851344 DEBUG: Previous line repeats 3 times.
2021-01-16 05:29:59.330 T:4090851344 DEBUG: CAMLCodec::PollFrame elapsed:32.326ms
2021-01-16 05:29:59.332 T:3608322944 DEBUG: CAMLCodec::GetTimeSize: len:24 dl:902821 fs:902821 front:61003
2021-01-16 05:29:59.333 T:3608322944 DEBUG: CAMLCodec::DequeueBuffer: pts:312.145 idx:155
2021-01-16 05:29:59.333 T:3608322944 DEBUG: CAMLCodec::GetPicture: index: 155, pts: 312.145, dur:42ms ar:1.67
2021-01-16 05:29:59.334 T:4090851344 DEBUG: PrepareNextRender: frameOnScreen: 311.933 renderPts: 312.058 nextFramePts: 311.978 -> diff: 0.080 render: 1 forceNext: 0
2021-01-16 05:29:59.335 T:3608322944 DEBUG: CVideoPlayerVideo::OutputPicture - ttd:212ms pts:312.145 Clock:311.933 Level:3
2021-01-16 05:29:59.337 T:3608322944 DEBUG: CAMLCodec::GetTimeSize: len:24 dl:841818 fs:902821 front:61003
2021-01-16 05:29:59.338 T:3608322944 DEBUG: CAMLCodec::GetTimeSize: len:23 dl:841818 fs:841818 front:16978
2021-01-16 05:29:59.338 T:4090851344 DEBUG: CAMLCodec::ReleaseFrame idx:151, drop:0
2021-01-16 05:29:59.340 T:3581182848 DEBUG: CVideoPlayer::ProcessVideoData size:88255 dts:320.111 pts:320.445 dur:41.000ms, clock:311.939 level:87
2021-01-16 05:29:59.341 T:3581182848 DEBUG: CVideoPlayer::ProcessVideoData size:18422 dts:320.153 pts:320.320 dur:41.000ms, clock:311.940 level:87
2021-01-16 05:29:59.342 T:3581182848 DEBUG: CVideoPlayer::ProcessVideoData size:7311 dts:320.195 pts:320.195 dur:41.000ms, clock:311.941 level:88
2021-01-16 05:29:59.343 T:3581182848 DEBUG: CVideoPlayer::ProcessVideoData size:7534 dts:320.237 pts:320.237 dur:41.000ms, clock:311.942 level:88
2021-01-16 05:29:59.343 T:3608322944 DEBUG: CAMLCodec::AddData: dl:855073 sum:855073 sz:13255 dts:313.188 pts:313.188 overflow:0
2021-01-16 05:29:59.344 T:3608322944 DEBUG: CAMLCodec::GetTimeSize: len:24 dl:855073 fs:855073 front:16978
2021-01-16 05:29:59.344 T:3581182848 DEBUG: CVideoPlayer::ProcessVideoData size:9097 dts:320.278 pts:320.278 dur:41.000ms, clock:311.943 level:88
2021-01-16 05:29:59.345 T:3581182848 DEBUG: CVideoPlayer::ProcessVideoData size:7300 dts:320.320 pts:320.362 dur:41.000ms, clock:311.944 level:89
2021-01-16 05:29:59.345 T:3581182848 DEBUG: CVideoPlayer::ProcessVideoData size:8287 dts:320.362 pts:320.403 dur:41.000ms, clock:311.944 level:89
2021-01-16 05:29:59.350 T:3608322944 DEBUG: CAMLCodec::GetTimeSize: len:24 dl:855073 fs:855073 front:16978
2021-01-16 05:29:59.371 T:4090851344 DEBUG: Previous line repeats 3 times.
2021-01-16 05:29:59.372 T:4090851344 DEBUG: CAMLCodec::PollFrame elapsed:32.662ms
2021-01-16 05:29:59.376 T:4090851344 DEBUG: PrepareNextRender: frameOnScreen: 311.974 renderPts: 312.099 nextFramePts: 312.020 -> diff: 0.079 render: 1 forceNext: 0
2021-01-16 05:29:59.378 T:3608322944 DEBUG: CAMLCodec::GetTimeSize: len:24 dl:855073 fs:855073 front:16978
2021-01-16 05:29:59.379 T:3608322944 DEBUG: CAMLCodec::DequeueBuffer: pts:312.187 idx:156
2021-01-16 05:29:59.379 T:4090851344 DEBUG: CAMLCodec::ReleaseFrame idx:152, drop:0
2021-01-16 05:29:59.380 T:3608322944 DEBUG: CAMLCodec::GetPicture: index: 156, pts: 312.187, dur:42ms ar:1.67
2021-01-16 05:29:59.380 T:3608322944 DEBUG: CVideoPlayerVideo::OutputPicture - ttd:207ms pts:312.187 Clock:311.979 Level:3
2021-01-16 05:29:59.382 T:3608322944 DEBUG: CAMLCodec::GetTimeSize: len:24 dl:838095 fs:855073 front:16978
2021-01-16 05:29:59.382 T:3608322944 DEBUG: CAMLCodec::GetTimeSize: len:23 dl:838095 fs:838095 front:6725
2021-01-16 05:29:59.387 T:3608322944 DEBUG: CAMLCodec::AddData: dl:846818 sum:846818 sz:8723 dts:313.230 pts:313.271 overflow:0
2021-01-16 05:29:59.387 T:3608322944 DEBUG: CAMLCodec::GetTimeSize: len:24 dl:846818 fs:846818 front:6725
2021-01-16 05:29:59.413 T:4090851344 DEBUG: Previous line repeats 3 times.
2021-01-16 05:29:59.413 T:4090851344 DEBUG: CAMLCodec::PollFrame elapsed:33.216ms
2021-01-16 05:29:59.415 T:3608322944 DEBUG: CAMLCodec::GetTimeSize: len:24 dl:846818 fs:846818 front:6725
2021-01-16 05:29:59.416 T:3608322944 DEBUG: CAMLCodec::DequeueBuffer: pts:312.229 idx:157
2021-01-16 05:29:59.417 T:3608322944 DEBUG: CAMLCodec::GetPicture: index: 157, pts: 312.229, dur:42ms ar:1.67
2021-01-16 05:29:59.418 T:4090851344 DEBUG: PrepareNextRender: frameOnScreen: 312.016 renderPts: 312.142 nextFramePts: 312.062 -> diff: 0.080 render: 1 forceNext: 0
2021-01-16 05:29:59.419 T:3608322944 DEBUG: CVideoPlayerVideo::OutputPicture - ttd:212ms pts:312.229 Clock:312.017 Level:3
2021-01-16 05:29:59.421 T:3608322944 DEBUG: CAMLCodec::GetTimeSize: len:24 dl:840093 fs:846818 front:6725
2021-01-16 05:29:59.422 T:4090851344 DEBUG: CAMLCodec::ReleaseFrame idx:153, drop:0
2021-01-16 05:29:59.422 T:3608322944 DEBUG: CAMLCodec::GetTimeSize: len:23 dl:840093 fs:840093 front:9098
2021-01-16 05:29:59.427 T:3608322944 DEBUG: CAMLCodec::AddData: dl:885016 sum:885016 sz:44923 dts:313.271 pts:313.438 overflow:0
2021-01-16 05:29:59.428 T:3608322944 DEBUG: CAMLCodec::GetTimeSize: len:24 dl:885016 fs:885016 front:9098
2021-01-16 05:29:59.441 T:3581182848 DEBUG: Previous line repeats 2 times.
2021-01-16 05:29:59.441 T:3581182848 DEBUG: CVideoPlayer::ProcessVideoData size:79992 dts:320.403 pts:320.654 dur:41.000ms, clock:312.040 level:89
2021-01-16 05:29:59.443 T:3581182848 DEBUG: CVideoPlayer::ProcessVideoData size:24160 dts:320.445 pts:320.570 dur:41.000ms, clock:312.041 level:89
2021-01-16 05:29:59.444 T:3581182848 DEBUG: CVideoPlayer::ProcessVideoData size:7390 dts:320.487 pts:320.487 dur:41.000ms, clock:312.042 level:90
2021-01-16 05:29:59.445 T:3581182848 DEBUG: CVideoPlayer::ProcessVideoData size:4731 dts:320.529 pts:320.529 dur:41.000ms, clock:312.043 level:90
2021-01-16 05:29:59.445 T:3581182848 DEBUG: CVideoPlayer::ProcessVideoData size:3005 dts:320.570 pts:320.612 dur:41.000ms, clock:312.044 level:91
2021-01-16 05:29:59.448 T:3608322944 DEBUG: CAMLCodec::GetTimeSize: len:24 dl:885016 fs:885016 front:9098
2021-01-16 05:29:59.455 T:4090851344 DEBUG: CAMLCodec::PollFrame elapsed:32.857ms
2021-01-16 05:29:59.455 T:3608322944 DEBUG: CAMLCodec::GetTimeSize: len:24 dl:885016 fs:885016 front:9098
2021-01-16 05:29:59.459 T:4090851344 DEBUG: PrepareNextRender: frameOnScreen: 312.058 renderPts: 312.183 nextFramePts: 312.103 -> diff: 0.080 render: 1 forceNext: 0
