2021-01-16 05:30:20.690 T:4090851344 DEBUG: PrepareNextRender: frameOnScreen: 333.288 renderPts: 333.413 nextFramePts: 333.333 -> diff: 0.080 render: 1 forceNext: 0
2021-01-16 05:30:20.690 T:3608322944 DEBUG: CAMLCodec::GetTimeSize: len:24 dl:430082 fs:430082 front:30034
2021-01-16 05:30:20.691 T:3608322944 DEBUG: CAMLCodec::DequeueBuffer: pts:333.500 idx:667
2021-01-16 05:30:20.691 T:3608322944 DEBUG: CAMLCodec::GetPicture: index: 667, pts: 333.500, dur:42ms ar:1.67
2021-01-16 05:30:20.691 T:3608322944 DEBUG: CVideoPlayerVideo::OutputPicture - ttd:209ms pts:333.500 Clock:333.290 Level:3
2021-01-16 05:30:20.692 T:4090851344 DEBUG: CAMLCodec::ReleaseFrame idx:663, drop:0
2021-01-16 05:30:20.693 T:3608322944 DEBUG: CAMLCodec::GetTimeSize: len:24 dl:400048 fs:430082 front:30034
2021-01-16 05:30:20.693 T:3608322944 DEBUG: CAMLCodec::GetTimeSize: len:23 dl:400048 fs:400048 front:6622
2021-01-16 05:30:20.701 T:3608322944 DEBUG: CAMLCodec::AddData: dl:471343 sum:471343 sz:71295 dts:334.543 pts:334.793 overflow:0
2021-01-16 05:30:20.701 T:3608322944 DEBUG: CAMLCodec::GetTimeSize: len:24 dl:471343 fs:471343 front:6622
2021-01-16 05:30:20.726 T:4090851344 DEBUG: Previous line repeats 3 times.
2021-01-16 05:30:20.726 T:4090851344 DEBUG: CAMLCodec::PollFrame elapsed:33.830ms
2021-01-16 05:30:20.728 T:3608322944 DEBUG: CAMLCodec::GetTimeSize: len:24 dl:471343 fs:471343 front:6622
2021-01-16 05:30:20.729 T:3608322944 DEBUG: CAMLCodec::DequeueBuffer: pts:333.542 idx:668
2021-01-16 05:30:20.729 T:3608322944 DEBUG: CAMLCodec::GetPicture: index: 668, pts: 333.542, dur:42ms ar:1.67
2021-01-16 05:30:20.730 T:3608322944 DEBUG: CVideoPlayerVideo::OutputPicture - ttd:213ms pts:333.542 Clock:333.329 Level:4
2021-01-16 05:30:20.730 T:4090851344 DEBUG: PrepareNextRender: frameOnScreen: 333.329 renderPts: 333.454 nextFramePts: 333.375 -> diff: 0.079 render: 1 forceNext: 0
2021-01-16 05:30:20.732 T:3608322944 DEBUG: CAMLCodec::GetTimeSize: len:24 dl:471343 fs:471343 front:6622
2021-01-16 05:30:20.733 T:4090851344 DEBUG: CAMLCodec::ReleaseFrame idx:664, drop:0
2021-01-16 05:30:20.739 T:3608322944 DEBUG: CAMLCodec::GetTimeSize: len:24 dl:464721 fs:471343 front:6622
2021-01-16 05:30:20.739 T:3608322944 DEBUG: CAMLCodec::GetTimeSize: len:23 dl:464721 fs:464721 front:7747
2021-01-16 05:30:20.745 T:3608322944 DEBUG: CAMLCodec::AddData: dl:497303 sum:497303 sz:32582 dts:334.584 pts:334.709 overflow:0
2021-01-16 05:30:20.745 T:3608322944 DEBUG: CAMLCodec::GetTimeSize: len:24 dl:497303 fs:497303 front:7747
2021-01-16 05:30:20.768 T:4090851344 DEBUG: Previous line repeats 3 times.
2021-01-16 05:30:20.769 T:4090851344 DEBUG: CAMLCodec::PollFrame elapsed:34.894ms
2021-01-16 05:30:20.774 T:3608322944 DEBUG: CAMLCodec::GetTimeSize: len:24 dl:497303 fs:497303 front:7747
2021-01-16 05:30:20.775 T:4090851344 DEBUG: PrepareNextRender: frameOnScreen: 333.373 renderPts: 333.498 nextFramePts: 333.416 -> diff: 0.082 render: 1 forceNext: 0
2021-01-16 05:30:20.777 T:3608322944 DEBUG: CAMLCodec::DequeueBuffer: pts:333.583 idx:669
2021-01-16 05:30:20.777 T:4090851344 DEBUG: CAMLCodec::ReleaseFrame idx:665, drop:0
2021-01-16 05:30:20.778 T:3608322944 DEBUG: CAMLCodec::GetPicture: index: 669, pts: 333.583, dur:41ms ar:1.67
2021-01-16 05:30:20.778 T:3608322944 DEBUG: CVideoPlayerVideo::OutputPicture - ttd:206ms pts:333.583 Clock:333.377 Level:3
2021-01-16 05:30:20.779 T:3608322944 DEBUG: CAMLCodec::GetTimeSize: len:24 dl:489556 fs:497303 front:7747
2021-01-16 05:30:20.779 T:3608322944 DEBUG: CAMLCodec::GetTimeSize: len:23 dl:489556 fs:489556 front:5817
2021-01-16 05:30:20.785 T:3608322944 DEBUG: CAMLCodec::AddData: dl:495806 sum:495806 sz:6250 dts:334.626 pts:334.626 overflow:0
2021-01-16 05:30:20.785 T:3608322944 DEBUG: CAMLCodec::GetTimeSize: len:24 dl:495806 fs:495806 front:5817
2021-01-16 05:30:20.810 T:4090851344 DEBUG: Previous line repeats 3 times.
2021-01-16 05:30:20.810 T:4090851344 DEBUG: CAMLCodec::PollFrame elapsed:32.166ms
2021-01-16 05:30:20.813 T:3608322944 DEBUG: CAMLCodec::GetTimeSize: len:24 dl:495806 fs:495806 front:5817
2021-01-16 05:30:20.814 T:3608322944 DEBUG: CAMLCodec::DequeueBuffer: pts:333.625 idx:670
2021-01-16 05:30:20.815 T:3608322944 DEBUG: CAMLCodec::GetPicture: index: 670, pts: 333.625, dur:42ms ar:1.67
2021-01-16 05:30:20.816 T:3608322944 DEBUG: CVideoPlayerVideo::OutputPicture - ttd:210ms pts:333.625 Clock:333.415 Level:4
2021-01-16 05:30:20.817 T:4090851344 DEBUG: PrepareNextRender: frameOnScreen: 333.416 renderPts: 333.541 nextFramePts: 333.458 -> diff: 0.083 render: 1 forceNext: 0
2021-01-16 05:30:20.817 T:3608322944 DEBUG: CAMLCodec::GetTimeSize: len:24 dl:495806 fs:495806 front:5817
2021-01-16 05:30:20.819 T:4090851344 DEBUG: CAMLCodec::ReleaseFrame idx:666, drop:0
2021-01-16 05:30:20.824 T:3608322944 DEBUG: CAMLCodec::GetTimeSize: len:24 dl:489989 fs:495806 front:5817
2021-01-16 05:30:20.824 T:3608322944 DEBUG: CAMLCodec::GetTimeSize: len:23 dl:489989 fs:489989 front:6171
2021-01-16 05:30:20.830 T:3608322944 DEBUG: CAMLCodec::AddData: dl:495263 sum:495263 sz:5274 dts:334.668 pts:334.668 overflow:0
2021-01-16 05:30:20.830 T:3608322944 DEBUG: CAMLCodec::GetTimeSize: len:24 dl:495263 fs:495263 front:6171
2021-01-16 05:30:20.851 T:4090851344 DEBUG: Previous line repeats 2 times.
2021-01-16 05:30:20.852 T:4090851344 DEBUG: CAMLCodec::PollFrame elapsed:31.597ms
2021-01-16 05:30:20.852 T:3608322944 DEBUG: CAMLCodec::GetTimeSize: len:24 dl:495263 fs:495263 front:6171
2021-01-16 05:30:20.855 T:4090851344 DEBUG: PrepareNextRender: frameOnScreen: 333.454 renderPts: 333.579 nextFramePts: 333.500 -> diff: 0.079 render: 1 forceNext: 0
2021-01-16 05:30:20.856 T:4090851344 DEBUG: CAMLCodec::ReleaseFrame idx:667, drop:0
2021-01-16 05:30:20.859 T:3608322944 DEBUG: CAMLCodec::GetTimeSize: len:24 dl:489092 fs:495263 front:6171
2021-01-16 05:30:20.859 T:3608322944 DEBUG: CAMLCodec::GetTimeSize: len:23 dl:489092 fs:489092 front:73347
2021-01-16 05:30:20.859 T:3608322944 DEBUG: CAMLCodec::DequeueBuffer: pts:333.667 idx:671
2021-01-16 05:30:20.860 T:3608322944 DEBUG: CAMLCodec::GetPicture: index: 671, pts: 333.667, dur:42ms ar:1.67
2021-01-16 05:30:20.860 T:3608322944 DEBUG: CVideoPlayerVideo::OutputPicture - ttd:208ms pts:333.667 Clock:333.459 Level:3
2021-01-16 05:30:20.861 T:3608322944 DEBUG: CAMLCodec::GetTimeSize: len:23 dl:489092 fs:489092 front:73347
2021-01-16 05:30:20.867 T:3608322944 DEBUG: CAMLCodec::AddData: dl:495110 sum:495110 sz:6018 dts:334.709 pts:334.751 overflow:0
2021-01-16 05:30:20.867 T:3608322944 DEBUG: CAMLCodec::GetTimeSize: len:24 dl:495110 fs:495110 front:73347
2021-01-16 05:30:20.881 T:3581182848 DEBUG: Previous line repeats 2 times.
2021-01-16 05:30:20.881 T:3581182848 DEBUG: CVideoPlayer::ProcessVideoData size:72661 dts:341.550 pts:341.883 dur:41.000ms, clock:333.480 level:85
2021-01-16 05:30:20.883 T:3581182848 DEBUG: CVideoPlayer::ProcessVideoData size:18560 dts:341.591 pts:341.758 dur:41.000ms, clock:333.482 level:85
2021-01-16 05:30:20.885 T:3581182848 DEBUG: CVideoPlayer::ProcessVideoData size:5245 dts:341.633 pts:341.633 dur:41.000ms, clock:333.483 level:86
2021-01-16 05:30:20.886 T:3581182848 DEBUG: CVideoPlayer::ProcessVideoData size:8958 dts:341.675 pts:341.675 dur:41.000ms, clock:333.485 level:87
2021-01-16 05:30:20.888 T:3581182848 DEBUG: CVideoPlayer::ProcessVideoData size:12176 dts:341.716 pts:341.716 dur:41.000ms, clock:333.487 level:87
2021-01-16 05:30:20.889 T:3581182848 DEBUG: CVideoPlayer::ProcessVideoData size:7337 dts:341.758 pts:341.800 dur:41.000ms, clock:333.488 level:88
2021-01-16 05:30:20.890 T:3581182848 DEBUG: CVideoPlayer::ProcessVideoData size:6573 dts:341.800 pts:341.841 dur:41.000ms, clock:333.489 level:88
2021-01-16 05:30:20.891 T:3608322944 DEBUG: CAMLCodec::GetTimeSize: len:24 dl:495110 fs:495110 front:73347
2021-01-16 05:30:20.893 T:4090851344 DEBUG: CAMLCodec::PollFrame elapsed:36.306ms
2021-01-16 05:30:20.895 T:4090851344 DEBUG: PrepareNextRender: frameOnScreen: 333.494 renderPts: 333.619 nextFramePts: 333.542 -> diff: 0.077 render: 1 forceNext: 0
2021-01-16 05:30:20.898 T:4090851344 DEBUG: CAMLCodec::ReleaseFrame idx:668, drop:0
2021-01-16 05:30:20.899 T:3608322944 DEBUG: CAMLCodec::GetTimeSize: len:24 dl:495110 fs:495110 front:73347
2021-01-16 05:30:20.899 T:3608322944 DEBUG: CAMLCodec::DequeueBuffer: pts:333.708 idx:672
2021-01-16 05:30:20.899 T:3608322944 DEBUG: CAMLCodec::GetPicture: index: 672, pts: 333.708, dur:41ms ar:1.67
2021-01-16 05:30:20.899 T:3608322944 DEBUG: CVideoPlayerVideo::OutputPicture - ttd:209ms pts:333.708 Clock:333.498 Level:3
2021-01-16 05:30:20.901 T:3608322944 DEBUG: CAMLCodec::GetTimeSize: len:24 dl:421763 fs:495110 front:73347
2021-01-16 05:30:20.901 T:3608322944 DEBUG: CAMLCodec::GetTimeSize: len:23 dl:421763 fs:421763 front:13281
2021-01-16 05:30:20.909 T:3608322944 DEBUG: CAMLCodec::AddData: dl:487965 sum:487965 sz:66202 dts:334.751 pts:335.001 overflow:0
2021-01-16 05:30:20.909 T:3608322944 DEBUG: CAMLCodec::GetTimeSize: len:24 dl:487965 fs:487965 front:13281
2021-01-16 05:30:20.935 T:4090851344 DEBUG: Previous line repeats 3 times.
2021-01-16 05:30:20.935 T:4090851344 DEBUG: CAMLCodec::PollFrame elapsed:36.327ms
2021-01-16 05:30:20.937 T:3608322944 DEBUG: CAMLCodec::GetTimeSize: len:24 dl:487965 fs:487965 front:13281
2021-01-16 05:30:20.938 T:3608322944 DEBUG: CAMLCodec::DequeueBuffer: pts:333.750 idx:673
2021-01-16 05:30:20.938 T:3608322944 DEBUG: CAMLCodec::GetPicture: index: 673, pts: 333.750, dur:42ms ar:1.67
2021-01-16 05:30:20.939 T:3608322944 DEBUG: CVideoPlayerVideo::OutputPicture - ttd:211ms pts:333.750 Clock:333.538 Level:4
2021-01-16 05:30:20.940 T:4090851344 DEBUG: PrepareNextRender: frameOnScreen: 333.539 renderPts: 333.664 nextFramePts: 333.583 -> diff: 0.081 render: 1 forceNext: 0
2021-01-16 05:30:20.941 T:3608322944 DEBUG: CAMLCodec::GetTimeSize: len:24 dl:487965 fs:487965 front:13281
2021-01-16 05:30:20.943 T:4090851344 DEBUG: CAMLCodec::ReleaseFrame idx:669, drop:0
2021-01-16 05:30:20.949 T:3608322944 DEBUG: CAMLCodec::GetTimeSize: len:24 dl:474684 fs:487965 front:13281
2021-01-16 05:30:20.949 T:3608322944 DEBUG: CAMLCodec::GetTimeSize: len:23 dl:474684 fs:474684 front:11276
2021-01-16 05:30:20.954 T:3608322944 DEBUG: CAMLCodec::AddData: dl:484745 sum:484745 sz:10061 dts:334.793 pts:334.918 overflow:0
2021-01-16 05:30:20.955 T:3608322944 DEBUG: CAMLCodec::GetTimeSize: len:24 dl:484745 fs:484745 front:11276
2021-01-16 05:30:20.977 T:4090851344 DEBUG: Previous line repeats 3 times.
2021-01-16 05:30:20.977 T:4090851344 DEBUG: CAMLCodec::PollFrame elapsed:33.174ms
2021-01-16 05:30:20.982 T:4090851344 DEBUG: PrepareNextRender: frameOnScreen: 333.581 renderPts: 333.706 nextFramePts: 333.625 -> diff: 0.081 render: 1 forceNext: 0
2021-01-16 05:30:20.984 T:3608322944 DEBUG: CAMLCodec::GetTimeSize: len:24 dl:484745 fs:484745 front:11276
2021-01-16 05:30:20.985 T:3608322944 DEBUG: CAMLCodec::DequeueBuffer: pts:333.792 idx:674
2021-01-16 05:30:20.985 T:4090851344 DEBUG: CAMLCodec::ReleaseFrame idx:670, drop:0
2021-01-16 05:30:20.985 T:3608322944 DEBUG: CAMLCodec::GetPicture: index: 674, pts: 333.792, dur:42ms ar:1.67
2021-01-16 05:30:20.986 T:3608322944 DEBUG: CVideoPlayerVideo::OutputPicture - ttd:207ms pts:333.792 Clock:333.585 Level:3
2021-01-16 05:30:20.987 T:3608322944 DEBUG: CAMLCodec::GetTimeSize: len:24 dl:473469 fs:484745 front:11276
2021-01-16 05:30:20.987 T:3608322944 DEBUG: CAMLCodec::GetTimeSize: len:23 dl:473469 fs:473469 front:9559
2021-01-16 05:30:20.993 T:3608322944 DEBUG: CAMLCodec::AddData: dl:482325 sum:482325 sz:8856 dts:334.834 pts:334.834 overflow:0
2021-01-16 05:30:20.993 T:3608322944 DEBUG: CAMLCodec::GetTimeSize: len:24 dl:482325 fs:482325 front:9559
2021-01-16 05:30:21.018 T:4090851344 DEBUG: Previous line repeats 3 times.
2021-01-16 05:30:21.018 T:4090851344 DEBUG: CAMLCodec::PollFrame elapsed:32.426ms
2021-01-16 05:30:21.021 T:3608322944 DEBUG: CAMLCodec::GetTimeSize: len:24 dl:482325 fs:482325 front:9559
2021-01-16 05:30:21.022 T:3608322944 DEBUG: CAMLCodec::DequeueBuffer: pts:333.833 idx:675
2021-01-16 05:30:21.023 T:3608322944 DEBUG: CAMLCodec::GetPicture: index: 675, pts: 333.833, dur:41ms ar:1.67
2021-01-16 05:30:21.023 T:4090851344 DEBUG: PrepareNextRender: frameOnScreen: 333.622 renderPts: 333.747 nextFramePts: 333.667 -> diff: 0.080 render: 1 forceNext: 0
2021-01-16 05:30:21.024 T:3608322944 DEBUG: CVideoPlayerVideo::OutputPicture - ttd:210ms pts:333.833 Clock:333.622 Level:3
2021-01-16 05:30:21.025 T:3608322944 DEBUG: CAMLCodec::GetTimeSize: len:24 dl:472766 fs:482325 front:9559
2021-01-16 05:30:21.026 T:3608322944 DEBUG: CAMLCodec::GetTimeSize: len:23 dl:472766 fs:472766 front:4352
2021-01-16 05:30:21.026 T:4090851344 DEBUG: CAMLCodec::ReleaseFrame idx:671, drop:0
2021-01-16 05:30:21.031 T:3608322944 DEBUG: CAMLCodec::AddData: dl:479541 sum:479541 sz:6775 dts:334.876 pts:334.876 overflow:0
2021-01-16 05:30:21.032 T:3608322944 DEBUG: CAMLCodec::GetTimeSize: len:24 dl:479541 fs:479541 front:4352
2021-01-16 05:30:21.060 T:4090851344 DEBUG: Previous line repeats 4 times.
2021-01-16 05:30:21.061 T:4090851344 DEBUG: CAMLCodec::PollFrame elapsed:33.545ms
2021-01-16 05:30:21.066 T:4090851344 DEBUG: PrepareNextRender: frameOnScreen: 333.664 renderPts: 333.790 nextFramePts: 333.708 -> diff: 0.082 render: 1 forceNext: 0
2021-01-16 05:30:21.067 T:3608322944 DEBUG: CAMLCodec::GetTimeSize: len:24 dl:475189 fs:479541 front:4352
2021-01-16 05:30:21.068 T:3608322944 DEBUG: CAMLCodec::GetTimeSize: len:23 dl:475189 fs:475189 front:73229
2021-01-16 05:30:21.068 T:3608322944 DEBUG: CAMLCodec::DequeueBuffer: pts:333.875 idx:676
2021-01-16 05:30:21.068 T:4090851344 DEBUG: CAMLCodec::ReleaseFrame idx:672, drop:0
2021-01-16 05:30:21.068 T:3608322944 DEBUG: CAMLCodec::GetPicture: index: 676, pts: 333.875, dur:42ms ar:1.67
2021-01-16 05:30:21.069 T:3608322944 DEBUG: CVideoPlayerVideo::OutputPicture - ttd:207ms pts:333.875 Clock:333.668 Level:3
2021-01-16 05:30:21.070 T:3608322944 DEBUG: CAMLCodec::GetTimeSize: len:23 dl:475189 fs:475189 front:73229
2021-01-16 05:30:21.076 T:3608322944 DEBUG: CAMLCodec::AddData: dl:477597 sum:477597 sz:2408 dts:334.918 pts:334.960 overflow:0
2021-01-16 05:30:21.076 T:3608322944 DEBUG: CAMLCodec::GetTimeSize: len:24 dl:477597 fs:477597 front:73229
2021-01-16 05:30:21.102 T:4090851344 DEBUG: Previous line repeats 3 times.
2021-01-16 05:30:21.102 T:4090851344 DEBUG: CAMLCodec::PollFrame elapsed:32.857ms
2021-01-16 05:30:21.103 T:3608322944 DEBUG: CAMLCodec::GetTimeSize: len:24 dl:477597 fs:477597 front:73229
2021-01-16 05:30:21.106 T:4090851344 DEBUG: PrepareNextRender: frameOnScreen: 333.705 renderPts: 333.830 nextFramePts: 333.750 -> diff: 0.080 render: 1 forceNext: 0
2021-01-16 05:30:21.110 T:4090851344 DEBUG: CAMLCodec::ReleaseFrame idx:673, drop:0
2021-01-16 05:30:21.110 T:3608322944 DEBUG: CAMLCodec::GetTimeSize: len:24 dl:404368 fs:477597 front:73229
2021-01-16 05:30:21.111 T:3608322944 DEBUG: CAMLCodec::GetTimeSize: len:23 dl:404368 fs:404368 front:16489
2021-01-16 05:30:21.111 T:3608322944 DEBUG: CAMLCodec::DequeueBuffer: pts:333.917 idx:677
2021-01-16 05:30:21.111 T:3608322944 DEBUG: CAMLCodec::GetPicture: index: 677, pts: 333.917, dur:42ms ar:1.67
2021-01-16 05:30:21.111 T:3608322944 DEBUG: CVideoPlayerVideo::OutputPicture - ttd:206ms pts:333.917 Clock:333.710 Level:3
2021-01-16 05:30:21.112 T:3608322944 DEBUG: CAMLCodec::GetTimeSize: len:23 dl:404368 fs:404368 front:16489
2021-01-16 05:30:21.118 T:3608322944 DEBUG: CAMLCodec::AddData: dl:440133 sum:440133 sz:35765 dts:334.960 pts:335.293 overflow:0
2021-01-16 05:30:21.118 T:3608322944 DEBUG: CAMLCodec::GetTimeSize: len:24 dl:440133 fs:440133 front:16489
2021-01-16 05:30:21.134 T:3581182848 DEBUG: Previous line repeats 2 times.
2021-01-16 05:30:21.135 T:3581182848 DEBUG: CVideoPlayer::ProcessVideoData size:78184 dts:341.841 pts:342.175 dur:41.000ms, clock:333.733 level:85
2021-01-16 05:30:21.138 T:3581182848 DEBUG: CVideoPlayer::ProcessVideoData size:20141 dts:341.883 pts:342.050 dur:41.000ms, clock:333.736 level:86
2021-01-16 05:30:21.139 T:3581182848 DEBUG: CVideoPlayer::ProcessVideoData size:10521 dts:341.925 pts:341.925 dur:41.000ms, clock:333.738 level:87
2021-01-16 05:30:21.140 T:3581182848 DEBUG: CVideoPlayer::ProcessVideoData size:11964 dts:341.967 pts:341.967 dur:41.000ms, clock:333.739 level:87
2021-01-16 05:30:21.141 T:3581182848 DEBUG: CVideoPlayer::ProcessVideoData size:7798 dts:342.008 pts:342.008 dur:41.000ms, clock:333.740 level:88
2021-01-16 05:30:21.141 T:3581182848 DEBUG: CVideoPlayer::ProcessVideoData size:11545 dts:342.050 pts:342.092 dur:41.000ms, clock:333.740 level:88
2021-01-16 05:30:21.142 T:3581182848 DEBUG: CVideoPlayer::ProcessVideoData size:9932 dts:342.092 pts:342.133 dur:41.000ms, clock:333.741 level:89
2021-01-16 05:30:21.143 T:4090851344 DEBUG: CAMLCodec::PollFrame elapsed:33.147ms
2021-01-16 05:30:21.143 T:3608322944 DEBUG: CAMLCodec::GetTimeSize: len:24 dl:440133 fs:440133 front:16489
2021-01-16 05:30:21.148 T:4090851344 DEBUG: PrepareNextRender: frameOnScreen: 333.746 renderPts: 333.871 nextFramePts: 333.792 -> diff: 0.079 render: 1 forceNext: 0
2021-01-16 05:30:21.151 T:3608322944 DEBUG: CAMLCodec::GetTimeSize: len:24 dl:423644 fs:440133 front:16489
2021-01-16 05:30:21.151 T:4090851344 DEBUG: CAMLCodec::ReleaseFrame idx:674, drop:0
2021-01-16 05:30:21.151 T:3608322944 DEBUG: CAMLCodec::GetTimeSize: len:23 dl:423644 fs:423644 front:4559
2021-01-16 05:30:21.152 T:3608322944 DEBUG: CAMLCodec::DequeueBuffer: pts:333.959 idx:678
2021-01-16 05:30:21.152 T:3608322944 DEBUG: CAMLCodec::GetPicture: index: 678, pts: 333.959, dur:42ms ar:1.67
2021-01-16 05:30:21.152 T:3608322944 DEBUG: CVideoPlayerVideo::OutputPicture - ttd:207ms pts:333.959 Clock:333.751 Level:3
2021-01-16 05:30:21.153 T:3608322944 DEBUG: CAMLCodec::GetTimeSize: len:23 dl:423644 fs:423644 front:4559
2021-01-16 05:30:21.159 T:3608322944 DEBUG: CAMLCodec::AddData: dl:438273 sum:438273 sz:14629 dts:335.001 pts:335.168 overflow:0
2021-01-16 05:30:21.159 T:3608322944 DEBUG: CAMLCodec::GetTimeSize: len:24 dl:438273 fs:438273 front:4559
2021-01-16 05:30:21.185 T:4090851344 DEBUG: Previous line repeats 3 times.
2021-01-16 05:30:21.186 T:4090851344 DEBUG: CAMLCodec::PollFrame elapsed:33.527ms
2021-01-16 05:30:21.187 T:3608322944 DEBUG: CAMLCodec::GetTimeSize: len:24 dl:438273 fs:438273 front:4559
2021-01-16 05:30:21.188 T:3608322944 DEBUG: CAMLCodec::DequeueBuffer: pts:334.000 idx:679
2021-01-16 05:30:21.189 T:3608322944 DEBUG: CAMLCodec::GetPicture: index: 679, pts: 334.000, dur:41ms ar:1.67
2021-01-16 05:30:21.189 T:3608322944 DEBUG: CVideoPlayerVideo::OutputPicture - ttd:212ms pts:334.000 Clock:333.788 Level:4
2021-01-16 05:30:21.192 T:3608322944 DEBUG: CAMLCodec::GetTimeSize: len:24 dl:438273 fs:438273 front:4559
2021-01-16 05:30:21.192 T:4090851344 DEBUG: PrepareNextRender: frameOnScreen: 333.790 renderPts: 333.915 nextFramePts: 333.833 -> diff: 0.082 render: 1 forceNext: 0
2021-01-16 05:30:21.195 T:4090851344 DEBUG: CAMLCodec::ReleaseFrame idx:675, drop:0
2021-01-16 05:30:21.199 T:3608322944 DEBUG: CAMLCodec::GetTimeSize: len:24 dl:433714 fs:438273 front:4559
2021-01-16 05:30:21.199 T:3608322944 DEBUG: CAMLCodec::GetTimeSize: len:23 dl:433714 fs:433714 front:8644
2021-01-16 05:30:21.204 T:3608322944 DEBUG: CAMLCodec::AddData: dl:438627 sum:438627 sz:4913 dts:335.043 pts:335.043 overflow:0
2021-01-16 05:30:21.205 T:3608322944 DEBUG: CAMLCodec::GetTimeSize: len:24 dl:438627 fs:438627 front:8644
2021-01-16 05:30:21.227 T:4090851344 DEBUG: Previous line repeats 3 times.
2021-01-16 05:30:21.227 T:4090851344 DEBUG: CAMLCodec::PollFrame elapsed:31.395ms
2021-01-16 05:30:21.233 T:3608322944 DEBUG: CAMLCodec::GetTimeSize: len:24 dl:438627 fs:438627 front:8644
2021-01-16 05:30:21.234 T:4090851344 DEBUG: PrepareNextRender: frameOnScreen: 333.832 renderPts: 333.957 nextFramePts: 333.875 -> diff: 0.082 render: 1 forceNext: 0
2021-01-16 05:30:21.234 T:3608322944 DEBUG: CAMLCodec::DequeueBuffer: pts:334.042 idx:680
2021-01-16 05:30:21.235 T:3608322944 DEBUG: CAMLCodec::GetPicture: index: 680, pts: 334.042, dur:42ms ar:1.67
2021-01-16 05:30:21.236 T:3608322944 DEBUG: CVideoPlayerVideo::OutputPicture - ttd:207ms pts:334.042 Clock:333.835 Level:3
2021-01-16 05:30:21.237 T:4090851344 DEBUG: CAMLCodec::ReleaseFrame idx:676, drop:0
2021-01-16 05:30:21.237 T:3608322944 DEBUG: CAMLCodec::GetTimeSize: len:24 dl:429983 fs:438627 front:8644
2021-01-16 05:30:21.237 T:3608322944 DEBUG: CAMLCodec::GetTimeSize: len:23 dl:429983 fs:429983 front:9422
2021-01-16 05:30:21.243 T:3608322944 DEBUG: CAMLCodec::AddData: dl:435663 sum:435663 sz:5680 dts:335.085 pts:335.085 overflow:0
2021-01-16 05:30:21.243 T:3608322944 DEBUG: CAMLCodec::GetTimeSize: len:24 dl:435663 fs:435663 front:9422
2021-01-16 05:30:21.269 T:4090851344 DEBUG: Previous line repeats 3 times.
2021-01-16 05:30:21.269 T:4090851344 DEBUG: CAMLCodec::PollFrame elapsed:31.602ms
2021-01-16 05:30:21.271 T:3608322944 DEBUG: CAMLCodec::GetTimeSize: len:24 dl:435663 fs:435663 front:9422
2021-01-16 05:30:21.272 T:3608322944 DEBUG: CAMLCodec::DequeueBuffer: pts:334.084 idx:681
2021-01-16 05:30:21.273 T:3608322944 DEBUG: CAMLCodec::GetPicture: index: 681, pts: 334.084, dur:42ms ar:1.67
2021-01-16 05:30:21.273 T:3608322944 DEBUG: CVideoPlayerVideo::OutputPicture - ttd:211ms pts:334.084 Clock:333.872 Level:4
2021-01-16 05:30:21.275 T:3608322944 DEBUG: CAMLCodec::GetTimeSize: len:24 dl:435663 fs:435663 front:9422
2021-01-16 05:30:21.276 T:4090851344 DEBUG: PrepareNextRender: frameOnScreen: 333.874 renderPts: 333.999 nextFramePts: 333.917 -> diff: 0.082 render: 1 forceNext: 0
2021-01-16 05:30:21.278 T:4090851344 DEBUG: CAMLCodec::ReleaseFrame idx:677, drop:0
2021-01-16 05:30:21.282 T:3608322944 DEBUG: CAMLCodec::GetTimeSize: len:24 dl:426241 fs:435663 front:9422
2021-01-16 05:30:21.282 T:3608322944 DEBUG: CAMLCodec::GetTimeSize: len:23 dl:426241 fs:426241 front:6183
2021-01-16 05:30:21.288 T:3608322944 DEBUG: CAMLCodec::AddData: dl:433742 sum:433742 sz:7501 dts:335.126 pts:335.126 overflow:0
2021-01-16 05:30:21.288 T:3608322944 DEBUG: CAMLCodec::GetTimeSize: len:24 dl:433742 fs:433742 front:6183
2021-01-16 05:30:21.310 T:4090851344 DEBUG: Previous line repeats 3 times.
2021-01-16 05:30:21.311 T:4090851344 DEBUG: CAMLCodec::PollFrame elapsed:31.463ms
2021-01-16 05:30:21.316 T:3608322944 DEBUG: CAMLCodec::GetTimeSize: len:24 dl:433742 fs:433742 front:6183
2021-01-16 05:30:21.317 T:4090851344 DEBUG: PrepareNextRender: frameOnScreen: 333.915 renderPts: 334.040 nextFramePts: 333.959 -> diff: 0.081 render: 1 forceNext: 0
2021-01-16 05:30:21.317 T:3608322944 DEBUG: CAMLCodec::DequeueBuffer: pts:334.125 idx:682
2021-01-16 05:30:21.318 T:3608322944 DEBUG: CAMLCodec::GetPicture: index: 682, pts: 334.125, dur:41ms ar:1.67
2021-01-16 05:30:21.319 T:3608322944 DEBUG: CVideoPlayerVideo::OutputPicture - ttd:207ms pts:334.125 Clock:333.918 Level:3
2021-01-16 05:30:21.320 T:4090851344 DEBUG: CAMLCodec::ReleaseFrame idx:678, drop:0
2021-01-16 05:30:21.320 T:3608322944 DEBUG: CAMLCodec::GetTimeSize: len:24 dl:427559 fs:433742 front:6183
2021-01-16 05:30:21.321 T:3608322944 DEBUG: CAMLCodec::GetTimeSize: len:23 dl:427559 fs:427559 front:5914
2021-01-16 05:30:21.326 T:3608322944 DEBUG: CAMLCodec::AddData: dl:434044 sum:434044 sz:6485 dts:335.168 pts:335.210 overflow:0
2021-01-16 05:30:21.326 T:3608322944 DEBUG: CAMLCodec::GetTimeSize: len:24 dl:434044 fs:434044 front:5914
2021-01-16 05:30:21.352 T:4090851344 DEBUG: Previous line repeats 3 times.
2021-01-16 05:30:21.353 T:4090851344 DEBUG: CAMLCodec::PollFrame elapsed:31.665ms
2021-01-16 05:30:21.355 T:3608322944 DEBUG: CAMLCodec::GetTimeSize: len:24 dl:434044 fs:434044 front:5914
2021-01-16 05:30:21.356 T:3608322944 DEBUG: CAMLCodec::DequeueBuffer: pts:334.167 idx:683
2021-01-16 05:30:21.357 T:3608322944 DEBUG: CAMLCodec::GetPicture: index: 683, pts: 334.167, dur:42ms ar:1.67
2021-01-16 05:30:21.357 T:3608322944 DEBUG: CVideoPlayerVideo::OutputPicture - ttd:211ms pts:334.167 Clock:333.956 Level:4
2021-01-16 05:30:21.358 T:4090851344 DEBUG: PrepareNextRender: frameOnScreen: 333.956 renderPts: 334.082 nextFramePts: 334.000 -> diff: 0.082 render: 1 forceNext: 0
2021-01-16 05:30:21.360 T:3608322944 DEBUG: CAMLCodec::GetTimeSize: len:24 dl:428130 fs:434044 front:5914
2021-01-16 05:30:21.360 T:3608322944 DEBUG: CAMLCodec::GetTimeSize: len:23 dl:428130 fs:428130 front:77751
2021-01-16 05:30:21.361 T:4090851344 DEBUG: CAMLCodec::ReleaseFrame idx:679, drop:0
2021-01-16 05:30:21.366 T:3608322944 DEBUG: CAMLCodec::AddData: dl:436789 sum:436789 sz:8659 dts:335.210 pts:335.252 overflow:0
2021-01-16 05:30:21.366 T:3608322944 DEBUG: CAMLCodec::GetTimeSize: len:24 dl:436789 fs:436789 front:77751
2021-01-16 05:30:21.394 T:4090851344 DEBUG: Previous line repeats 3 times.
2021-01-16 05:30:21.394 T:4090851344 DEBUG: CAMLCodec::PollFrame elapsed:32.230ms
2021-01-16 05:30:21.394 T:3608322944 DEBUG: CAMLCodec::GetTimeSize: len:24 dl:436789 fs:436789 front:77751
2021-01-16 05:30:21.394 T:3581182848 DEBUG: CVideoPlayer::ProcessVideoData size:74402 dts:342.133 pts:342.467 dur:41.000ms, clock:333.993 level:86
2021-01-16 05:30:21.395 T:4090851344 INFO: CheckIdle - Closing session to https://image.tmdb.org (easy=0xf0ba66c8, multi=0xe31bd168)
2021-01-16 05:30:21.396 T:3608322944 DEBUG: CAMLCodec::DequeueBuffer: pts:334.209 idx:684
2021-01-16 05:30:21.397 T:3581182848 DEBUG: CVideoPlayer::ProcessVideoData size:16377 dts:342.175 pts:342.342 dur:41.000ms, clock:333.995 level:87
2021-01-16 05:30:21.399 T:3608322944 DEBUG: CAMLCodec::GetPicture: index: 684, pts: 334.209, dur:42ms ar:1.67
2021-01-16 05:30:21.399 T:3581182848 DEBUG: CVideoPlayer::ProcessVideoData size:7679 dts:342.217 pts:342.217 dur:41.000ms, clock:333.997 level:87
2021-01-16 05:30:21.401 T:3608322944 DEBUG: CVideoPlayerVideo::OutputPicture - ttd:209ms pts:334.209 Clock:333.999 Level:4
2021-01-16 05:30:21.401 T:3581182848 DEBUG: CVideoPlayer::ProcessVideoData size:9005 dts:342.259 pts:342.259 dur:41.000ms, clock:334.000 level:88
2021-01-16 05:30:21.403 T:3581182848 DEBUG: CVideoPlayer::ProcessVideoData size:11944 dts:342.300 pts:342.300 dur:41.000ms, clock:334.002 level:88
2021-01-16 05:30:21.404 T:3581182848 DEBUG: CVideoPlayer::ProcessVideoData size:4501 dts:342.342 pts:342.384 dur:41.000ms, clock:334.003 level:89
2021-01-16 05:30:21.405 T:3581182848 DEBUG: CVideoPlayer::ProcessVideoData size:4348 dts:342.384 pts:342.425 dur:41.000ms, clock:334.004 level:89
2021-01-16 05:30:21.407 T:3608322944 DEBUG: CAMLCodec::GetTimeSize: len:24 dl:359038 fs:436789 front:77751
2021-01-16 05:30:21.407 T:3608322944 DEBUG: CAMLCodec::GetTimeSize: len:23 dl:359038 fs:359038 front:17163
2021-01-16 05:30:21.415 T:3608322944 DEBUG: CAMLCodec::AddData: dl:597872 sum:597872 sz:238834 dts:335.252 pts:335.335 overflow:0
2021-01-16 05:30:21.415 T:3608322944 DEBUG: CAMLCodec::GetTimeSize: len:24 dl:597872 fs:597872 front:17163
2021-01-16 05:30:21.416 T:4090851344 INFO: CheckIdle - Closing session to https://image.tmdb.org (easy=0xf016de60, multi=0xe4504e28)
2021-01-16 05:30:21.423 T:3608322944 DEBUG: CAMLCodec::GetTimeSize: len:24 dl:597872 fs:597872 front:17163
2021-01-16 05:30:21.429 T:4090851344 DEBUG: PrepareNextRender: frameOnScreen: 334.028 renderPts: 334.153 nextFramePts: 334.042 -> diff: 0.111 render: 1 forceNext: 0
2021-01-16 05:30:21.429 T:3608322944 DEBUG: CAMLCodec::GetTimeSize: len:24 dl:597872 fs:597872 front:17163
2021-01-16 05:30:21.430 T:4090851344 DEBUG: CAMLCodec::ReleaseFrame idx:680, drop:0
2021-01-16 05:30:21.435 T:4090851344 DEBUG: CAMLCodec::PollFrame elapsed:4.401ms
2021-01-16 05:30:21.436 T:3608322944 DEBUG: CAMLCodec::GetTimeSize: len:24 dl:597872 fs:597872 front:17163
2021-01-16 05:30:21.437 T:4090851344 DEBUG: PrepareNextRender: frameOnScreen: 334.036 renderPts: 334.161 nextFramePts: 334.084 -> diff: 0.077 render: 1 forceNext: 0
2021-01-16 05:30:21.440 T:4090851344 DEBUG: CAMLCodec::ReleaseFrame idx:681, drop:0
2021-01-16 05:30:21.443 T:3608322944 DEBUG: CAMLCodec::GetTimeSize: len:24 dl:580709 fs:597872 front:17163
2021-01-16 05:30:21.443 T:3608322944 DEBUG: CAMLCodec::GetTimeSize: len:23 dl:580709 fs:580709 front:8049
2021-01-16 05:30:21.443 T:3608322944 DEBUG: CAMLCodec::DequeueBuffer: pts:334.251 idx:685
2021-01-16 05:30:21.444 T:3608322944 DEBUG: CAMLCodec::GetPicture: index: 685, pts: 334.251, dur:42ms ar:1.67
2021-01-16 05:30:21.444 T:3608322944 DEBUG: CVideoPlayerVideo::OutputPicture - ttd:208ms pts:334.251 Clock:334.043 Level:3
2021-01-16 05:30:21.445 T:3608322944 DEBUG: CAMLCodec::GetTimeSize: len:23 dl:580709 fs:580709 front:8049
2021-01-16 05:30:21.453 T:3608322944 DEBUG: CAMLCodec::AddData: dl:711472 sum:711472 sz:130763 dts:335.293 pts:335.585 overflow:0
2021-01-16 05:30:21.453 T:3608322944 DEBUG: CAMLCodec::GetTimeSize: len:24 dl:711472 fs:711472 front:8049
2021-01-16 05:30:21.477 T:4090851344 DEBUG: Previous line repeats 3 times.
2021-01-16 05:30:21.478 T:4090851344 DEBUG: CAMLCodec::PollFrame elapsed:36.903ms
2021-01-16 05:30:21.481 T:3608322944 DEBUG: CAMLCodec::GetTimeSize: len:24 dl:711472 fs:711472 front:8049
2021-01-16 05:30:21.482 T:3608322944 DEBUG: CAMLCodec::DequeueBuffer: pts:334.292 idx:686
2021-01-16 05:30:21.483 T:3608322944 DEBUG: CAMLCodec::GetPicture: index: 686, pts: 334.292, dur:41ms ar:1.67
2021-01-16 05:30:21.484 T:3608322944 DEBUG: CVideoPlayerVideo::OutputPicture - ttd:209ms pts:334.292 Clock:334.082 Level:4
2021-01-16 05:30:21.484 T:4090851344 DEBUG: PrepareNextRender: frameOnScreen: 334.082 renderPts: 334.208 nextFramePts: 334.125 -> diff: 0.083 render: 1 forceNext: 0
2021-01-16 05:30:21.486 T:3608322944 DEBUG: CAMLCodec::GetTimeSize: len:24 dl:703423 fs:711472 front:8049
2021-01-16 05:30:21.487 T:3608322944 DEBUG: CAMLCodec::GetTimeSize: len:23 dl:703423 fs:703423 front:9138
2021-01-16 05:30:21.487 T:4090851344 DEBUG: CAMLCodec::ReleaseFrame idx:682, drop:0
2021-01-16 05:30:21.492 T:3608322944 DEBUG: CAMLCodec::AddData: dl:740374 sum:740374 sz:36951 dts:335.335 pts:335.460 overflow:0
2021-01-16 05:30:21.493 T:3608322944 DEBUG: CAMLCodec::GetTimeSize: len:24 dl:740374 fs:740374 front:9138
2021-01-16 05:30:21.519 T:4090851344 DEBUG: Previous line repeats 3 times.
2021-01-16 05:30:21.519 T:4090851344 DEBUG: CAMLCodec::PollFrame elapsed:31.207ms
2021-01-16 05:30:21.521 T:3608322944 DEBUG: CAMLCodec::GetTimeSize: len:24 dl:740374 fs:740374 front:9138
2021-01-16 05:30:21.521 T:3608322944 DEBUG: CAMLCodec::DequeueBuffer: pts:334.334 idx:687
2021-01-16 05:30:21.522 T:3608322944 DEBUG: CAMLCodec::GetPicture: index: 687, pts: 334.334, dur:42ms ar:1.67
2021-01-16 05:30:21.522 T:3608322944 DEBUG: CVideoPlayerVideo::OutputPicture - ttd:213ms pts:334.334 Clock:334.121 Level:4
2021-01-16 05:30:21.523 T:4090851344 DEBUG: PrepareNextRender: frameOnScreen: 334.122 renderPts: 334.247 nextFramePts: 334.167 -> diff: 0.080 render: 1 forceNext: 0
2021-01-16 05:30:21.524 T:3608322944 DEBUG: CAMLCodec::GetTimeSize: len:24 dl:731236 fs:740374 front:9138
2021-01-16 05:30:21.524 T:3608322944 DEBUG: CAMLCodec::GetTimeSize: len:23 dl:731236 fs:731236 front:6869
2021-01-16 05:30:21.525 T:4090851344 DEBUG: CAMLCodec::ReleaseFrame idx:683, drop:0
2021-01-16 05:30:21.530 T:3608322944 DEBUG: CAMLCodec::AddData: dl:738240 sum:738240 sz:7004 dts:335.377 pts:335.377 overflow:0
2021-01-16 05:30:21.530 T:3608322944 DEBUG: CAMLCodec::GetTimeSize: len:24 dl:738240 fs:738240 front:6869
2021-01-16 05:30:21.561 T:4090851344 DEBUG: Previous line repeats 4 times.
2021-01-16 05:30:21.561 T:4090851344 DEBUG: CAMLCodec::PollFrame elapsed:35.267ms
2021-01-16 05:30:21.564 T:3608322944 DEBUG: CAMLCodec::GetTimeSize: len:24 dl:738240 fs:738240 front:6869
2021-01-16 05:30:21.565 T:3608322944 DEBUG: CAMLCodec::DequeueBuffer: pts:334.376 idx:688
2021-01-16 05:30:21.565 T:3608322944 DEBUG: CAMLCodec::GetPicture: index: 688, pts: 334.376, dur:42ms ar:1.67
2021-01-16 05:30:21.566 T:3608322944 DEBUG: CVideoPlayerVideo::OutputPicture - ttd:211ms pts:334.376 Clock:334.165 Level:4
2021-01-16 05:30:21.567 T:4090851344 DEBUG: PrepareNextRender: frameOnScreen: 334.165 renderPts: 334.291 nextFramePts: 334.209 -> diff: 0.082 render: 1 forceNext: 0
2021-01-16 05:30:21.567 T:3608322944 DEBUG: CAMLCodec::GetTimeSize: len:24 dl:731371 fs:738240 front:6869
2021-01-16 05:30:21.568 T:3608322944 DEBUG: CAMLCodec::GetTimeSize: len:23 dl:731371 fs:731371 front:9716
2021-01-16 05:30:21.570 T:4090851344 DEBUG: CAMLCodec::ReleaseFrame idx:684, drop:0
2021-01-16 05:30:21.573 T:3608322944 DEBUG: CAMLCodec::AddData: dl:738070 sum:738070 sz:6699 dts:335.418 pts:335.418 overflow:0
2021-01-16 05:30:21.573 T:3608322944 DEBUG: CAMLCodec::GetTimeSize: len:24 dl:738070 fs:738070 front:9716
2021-01-16 05:30:21.602 T:4090851344 DEBUG: Previous line repeats 4 times.
2021-01-16 05:30:21.603 T:4090851344 DEBUG: CAMLCodec::PollFrame elapsed:31.655ms
2021-01-16 05:30:21.608 T:4090851344 DEBUG: PrepareNextRender: frameOnScreen: 334.206 renderPts: 334.331 nextFramePts: 334.251 -> diff: 0.080 render: 1 forceNext: 0
2021-01-16 05:30:21.608 T:3608322944 DEBUG: CAMLCodec::GetTimeSize: len:24 dl:728354 fs:738070 front:9716
2021-01-16 05:30:21.609 T:3608322944 DEBUG: CAMLCodec::GetTimeSize: len:23 dl:728354 fs:728354 front:8750
2021-01-16 05:30:21.609 T:3608322944 DEBUG: CAMLCodec::DequeueBuffer: pts:334.417 idx:689
2021-01-16 05:30:21.610 T:3608322944 DEBUG: CAMLCodec::GetPicture: index: 689, pts: 334.417, dur:41ms ar:1.67
2021-01-16 05:30:21.611 T:3608322944 DEBUG: CVideoPlayerVideo::OutputPicture - ttd:207ms pts:334.417 Clock:334.209 Level:3
2021-01-16 05:30:21.611 T:4090851344 DEBUG: CAMLCodec::ReleaseFrame idx:685, drop:0
2021-01-16 05:30:21.612 T:3608322944 DEBUG: CAMLCodec::GetTimeSize: len:23 dl:728354 fs:728354 front:8750
2021-01-16 05:30:21.618 T:3608322944 DEBUG: CAMLCodec::AddData: dl:738441 sum:738441 sz:10087 dts:335.460 pts:335.502 overflow:0
2021-01-16 05:30:21.618 T:3608322944 DEBUG: CAMLCodec::GetTimeSize: len:24 dl:738441 fs:738441 front:8750
2021-01-16 05:30:21.644 T:4090851344 DEBUG: Previous line repeats 3 times.
2021-01-16 05:30:21.644 T:4090851344 DEBUG: CAMLCodec::PollFrame elapsed:32.132ms
2021-01-16 05:30:21.645 T:3608322944 DEBUG: CAMLCodec::GetTimeSize: len:24 dl:738441 fs:738441 front:8750
2021-01-16 05:30:21.646 T:3608322944 DEBUG: CAMLCodec::DequeueBuffer: pts:334.459 idx:690
2021-01-16 05:30:21.647 T:3608322944 DEBUG: CAMLCodec::GetPicture: index: 690, pts: 334.459, dur:42ms ar:1.67
2021-01-16 05:30:21.648 T:4090851344 DEBUG: PrepareNextRender: frameOnScreen: 334.246 renderPts: 334.371 nextFramePts: 334.292 -> diff: 0.079 render: 1 forceNext: 0
2021-01-16 05:30:21.648 T:3608322944 DEBUG: CVideoPlayerVideo::OutputPicture - ttd:212ms pts:334.459 Clock:334.247 Level:3
2021-01-16 05:30:21.649 T:3581182848 DEBUG: CVideoPlayer::ProcessVideoData size:80383 dts:342.425 pts:342.717 dur:41.000ms, clock:334.248 level:87
2021-01-16 05:30:21.650 T:4090851344 DEBUG: CAMLCodec::ReleaseFrame idx:686, drop:0
2021-01-16 05:30:21.651 T:3608322944 DEBUG: CAMLCodec::GetTimeSize: len:24 dl:729691 fs:738441 front:8750
2021-01-16 05:30:21.651 T:3608322944 DEBUG: CAMLCodec::GetTimeSize: len:23 dl:729691 fs:729691 front:71295
2021-01-16 05:30:21.653 T:3581182848 DEBUG: CVideoPlayer::ProcessVideoData size:34309 dts:342.467 pts:342.592 dur:41.000ms, clock:334.252 level:87
2021-01-16 05:30:21.654 T:3581182848 DEBUG: CVideoPlayer::ProcessVideoData size:6802 dts:342.509 pts:342.509 dur:41.000ms, clock:334.253 level:88
2021-01-16 05:30:21.654 T:3581182848 DEBUG: CVideoPlayer::ProcessVideoData size:7101 dts:342.551 pts:342.551 dur:41.000ms, clock:334.253 level:88
2021-01-16 05:30:21.655 T:3581182848 DEBUG: CVideoPlayer::ProcessVideoData size:4321 dts:342.592 pts:342.634 dur:41.000ms, clock:334.254 level:89
2021-01-16 05:30:21.655 T:3581182848 DEBUG: CVideoPlayer::ProcessVideoData size:9000 dts:342.634 pts:342.676 dur:41.000ms, clock:334.254 level:89
2021-01-16 05:30:21.657 T:3608322944 DEBUG: CAMLCodec::AddData: dl:739353 sum:739353 sz:9662 dts:335.502 pts:335.544 overflow:0
2021-01-16 05:30:21.657 T:3608322944 DEBUG: CAMLCodec::GetTimeSize: len:24 dl:739353 fs:739353 front:71295
2021-01-16 05:30:21.686 T:4090851344 DEBUG: Previous line repeats 4 times.
2021-01-16 05:30:21.686 T:4090851344 DEBUG: CAMLCodec::PollFrame elapsed:34.891ms
2021-01-16 05:30:21.693 T:3608322944 DEBUG: CAMLCodec::GetTimeSize: len:24 dl:668058 fs:739353 front:71295
2021-01-16 05:30:21.693 T:4090851344 DEBUG: PrepareNextRender: frameOnScreen: 334.292 renderPts: 334.417 nextFramePts: 334.334 -> diff: 0.083 render: 1 forceNext: 0
2021-01-16 05:30:21.695 T:3608322944 DEBUG: CAMLCodec::GetTimeSize: len:23 dl:668058 fs:668058 front:32582
2021-01-16 05:30:21.695 T:3608322944 DEBUG: CAMLCodec::DequeueBuffer: pts:334.501 idx:691
2021-01-16 05:30:21.696 T:3608322944 DEBUG: CAMLCodec::GetPicture: index: 691, pts: 334.501, dur:42ms ar:1.67
2021-01-16 05:30:21.696 T:3608322944 DEBUG: CVideoPlayerVideo::OutputPicture - ttd:206ms pts:334.501 Clock:334.295 Level:3
2021-01-16 05:30:21.696 T:4090851344 DEBUG: CAMLCodec::ReleaseFrame idx:687, drop:0
2021-01-16 05:30:21.697 T:3608322944 DEBUG: CAMLCodec::GetTimeSize: len:23 dl:668058 fs:668058 front:32582
2021-01-16 05:30:21.705 T:3608322944 DEBUG: CAMLCodec::AddData: dl:812988 sum:812988 sz:144930 dts:335.544 pts:335.835 overflow:0
2021-01-16 05:30:21.706 T:3608322944 DEBUG: CAMLCodec::GetTimeSize: len:24 dl:812988 fs:812988 front:32582
2021-01-16 05:30:21.727 T:4090851344 DEBUG: Previous line repeats 3 times.
2021-01-16 05:30:21.728 T:4090851344 DEBUG: CAMLCodec::PollFrame elapsed:30.718ms
2021-01-16 05:30:21.734 T:4090851344 DEBUG: PrepareNextRender: frameOnScreen: 334.332 renderPts: 334.458 nextFramePts: 334.376 -> diff: 0.082 render: 1 forceNext: 0
2021-01-16 05:30:21.736 T:3608322944 DEBUG: CAMLCodec::GetTimeSize: len:24 dl:812988 fs:812988 front:32582
2021-01-16 05:30:21.737 T:3608322944 DEBUG: CAMLCodec::DequeueBuffer: pts:334.543 idx:692
2021-01-16 05:30:21.737 T:3608322944 DEBUG: CAMLCodec::GetPicture: index: 692, pts: 334.543, dur:42ms ar:1.67
2021-01-16 05:30:21.738 T:3608322944 DEBUG: CVideoPlayerVideo::OutputPicture - ttd:206ms pts:334.543 Clock:334.336 Level:3
2021-01-16 05:30:21.739 T:4090851344 DEBUG: CAMLCodec::ReleaseFrame idx:688, drop:0
2021-01-16 05:30:21.739 T:3608322944 DEBUG: CAMLCodec::GetTimeSize: len:24 dl:780406 fs:812988 front:32582
2021-01-16 05:30:21.740 T:3608322944 DEBUG: CAMLCodec::GetTimeSize: len:23 dl:780406 fs:780406 front:6250
2021-01-16 05:30:21.747 T:3608322944 DEBUG: CAMLCodec::AddData: dl:842462 sum:842462 sz:62056 dts:335.585 pts:335.710 overflow:0
2021-01-16 05:30:21.748 T:3608322944 DEBUG: CAMLCodec::GetTimeSize: len:24 dl:842462 fs:842462 front:6250
2021-01-16 05:30:21.769 T:4090851344 DEBUG: Previous line repeats 2 times.
2021-01-16 05:30:21.770 T:4090851344 DEBUG: CAMLCodec::PollFrame elapsed:29.443ms
2021-01-16 05:30:21.770 T:3608322944 DEBUG: CAMLCodec::GetTimeSize: len:24 dl:842462 fs:842462 front:6250
2021-01-16 05:30:21.775 T:4090851344 DEBUG: PrepareNextRender: frameOnScreen: 334.373 renderPts: 334.498 nextFramePts: 334.417 -> diff: 0.081 render: 1 forceNext: 0
2021-01-16 05:30:21.778 T:4090851344 DEBUG: CAMLCodec::ReleaseFrame idx:689, drop:0
2021-01-16 05:30:21.779 T:3608322944 DEBUG: CAMLCodec::GetTimeSize: len:24 dl:836212 fs:842462 front:6250
2021-01-16 05:30:21.780 T:3608322944 DEBUG: CAMLCodec::GetTimeSize: len:23 dl:836212 fs:836212 front:5274
2021-01-16 05:30:21.780 T:3608322944 DEBUG: CAMLCodec::DequeueBuffer: pts:334.584 idx:693
2021-01-16 05:30:21.780 T:3608322944 DEBUG: CAMLCodec::GetPicture: index: 693, pts: 334.584, dur:41ms ar:1.67
2021-01-16 05:30:21.781 T:3608322944 DEBUG: CVideoPlayerVideo::OutputPicture - ttd:204ms pts:334.584 Clock:334.380 Level:3
2021-01-16 05:30:21.782 T:3608322944 DEBUG: CAMLCodec::GetTimeSize: len:23 dl:836212 fs:836212 front:5274
2021-01-16 05:30:21.787 T:3608322944 DEBUG: CAMLCodec::AddData: dl:845740 sum:845740 sz:9528 dts:335.627 pts:335.627 overflow:0
2021-01-16 05:30:21.788 T:3608322944 DEBUG: CAMLCodec::GetTimeSize: len:24 dl:845740 fs:845740 front:5274
2021-01-16 05:30:21.811 T:4090851344 DEBUG: Previous line repeats 3 times.
2021-01-16 05:30:21.812 T:4090851344 DEBUG: CAMLCodec::PollFrame elapsed:32.094ms
2021-01-16 05:30:21.816 T:3608322944 DEBUG: CAMLCodec::GetTimeSize: len:24 dl:840466 fs:845740 front:5274
2021-01-16 05:30:21.817 T:4090851344 DEBUG: PrepareNextRender: frameOnScreen: 334.415 renderPts: 334.540 nextFramePts: 334.459 -> diff: 0.081 render: 1 forceNext: 0
2021-01-16 05:30:21.817 T:3608322944 DEBUG: CAMLCodec::GetTimeSize: len:23 dl:840466 fs:840466 front:6018
2021-01-16 05:30:21.817 T:3608322944 DEBUG: CAMLCodec::DequeueBuffer: pts:334.626 idx:694
2021-01-16 05:30:21.817 T:3608322944 DEBUG: CAMLCodec::GetPicture: index: 694, pts: 334.626, dur:42ms ar:1.67
2021-01-16 05:30:21.818 T:3608322944 DEBUG: CVideoPlayerVideo::OutputPicture - ttd:209ms pts:334.626 Clock:334.417 Level:3
2021-01-16 05:30:21.819 T:3608322944 DEBUG: CAMLCodec::GetTimeSize: len:23 dl:840466 fs:840466 front:6018
2021-01-16 05:30:21.819 T:4090851344 DEBUG: CAMLCodec::ReleaseFrame idx:690, drop:0
2021-01-16 05:30:21.825 T:3608322944 DEBUG: CAMLCodec::AddData: dl:852534 sum:852534 sz:12068 dts:335.669 pts:335.669 overflow:0
2021-01-16 05:30:21.825 T:3608322944 DEBUG: CAMLCodec::GetTimeSize: len:24 dl:852534 fs:852534 front:6018
2021-01-16 05:30:21.854 T:4090851344 DEBUG: Previous line repeats 4 times.
2021-01-16 05:30:21.855 T:4090851344 DEBUG: CAMLCodec::PollFrame elapsed:34.136ms
2021-01-16 05:30:21.858 T:4090851344 DEBUG: PrepareNextRender: frameOnScreen: 334.457 renderPts: 334.582 nextFramePts: 334.501 -> diff: 0.081 render: 1 forceNext: 0
2021-01-16 05:30:21.860 T:3608322944 DEBUG: CAMLCodec::GetTimeSize: len:24 dl:846516 fs:852534 front:6018
2021-01-16 05:30:21.860 T:3608322944 DEBUG: CAMLCodec::GetTimeSize: len:23 dl:846516 fs:846516 front:66202
2021-01-16 05:30:21.860 T:3608322944 DEBUG: CAMLCodec::DequeueBuffer: pts:334.668 idx:695
2021-01-16 05:30:21.861 T:4090851344 DEBUG: CAMLCodec::ReleaseFrame idx:691, drop:0
2021-01-16 05:30:21.861 T:3608322944 DEBUG: CAMLCodec::GetPicture: index: 695, pts: 334.668, dur:42ms ar:1.67
2021-01-16 05:30:21.861 T:3608322944 DEBUG: CVideoPlayerVideo::OutputPicture - ttd:207ms pts:334.668 Clock:334.460 Level:3
2021-01-16 05:30:21.863 T:3608322944 DEBUG: CAMLCodec::GetTimeSize: len:23 dl:846516 fs:846516 front:66202
2021-01-16 05:30:21.868 T:3608322944 DEBUG: CAMLCodec::AddData: dl:858260 sum:858260 sz:11744 dts:335.710 pts:335.752 overflow:0
2021-01-16 05:30:21.868 T:3608322944 DEBUG: CAMLCodec::GetTimeSize: len:24 dl:858260 fs:858260 front:66202
2021-01-16 05:30:21.896 T:4090851344 DEBUG: Previous line repeats 3 times.
2021-01-16 05:30:21.897 T:4090851344 DEBUG: CAMLCodec::PollFrame elapsed:32.875ms
2021-01-16 05:30:21.897 T:3608322944 DEBUG: CAMLCodec::GetTimeSize: len:24 dl:858260 fs:858260 front:66202
2021-01-16 05:30:21.898 T:3608322944 DEBUG: CAMLCodec::DequeueBuffer: pts:334.709 idx:696
2021-01-16 05:30:21.898 T:3608322944 DEBUG: CAMLCodec::GetPicture: index: 696, pts: 334.709, dur:41ms ar:1.67
2021-01-16 05:30:21.899 T:3608322944 DEBUG: CVideoPlayerVideo::OutputPicture - ttd:211ms pts:334.709 Clock:334.498 Level:4
2021-01-16 05:30:21.901 T:3608322944 DEBUG: CAMLCodec::GetTimeSize: len:24 dl:792058 fs:858260 front:66202
2021-01-16 05:30:21.901 T:3608322944 DEBUG: CAMLCodec::GetTimeSize: len:23 dl:792058 fs:792058 front:10061
2021-01-16 05:30:21.903 T:4090851344 DEBUG: PrepareNextRender: frameOnScreen: 334.501 renderPts: 334.626 nextFramePts: 334.543 -> diff: 0.083 render: 1 forceNext: 0
2021-01-16 05:30:21.903 T:3581182848 DEBUG: CVideoPlayer::ProcessVideoData size:85108 dts:342.676 pts:342.968 dur:41.000ms, clock:334.502 level:87
2021-01-16 05:30:21.905 T:3581182848 DEBUG: CVideoPlayer::ProcessVideoData size:38868 dts:342.717 pts:342.842 dur:41.000ms, clock:334.504 level:87
2021-01-16 05:30:21.906 T:4090851344 DEBUG: CAMLCodec::ReleaseFrame idx:692, drop:0
2021-01-16 05:30:21.906 T:3581182848 DEBUG: CVideoPlayer::ProcessVideoData size:9750 dts:342.759 pts:342.759 dur:41.000ms, clock:334.505 level:88
2021-01-16 05:30:21.907 T:3608322944 DEBUG: CAMLCodec::AddData: dl:803902 sum:803902 sz:11844 dts:335.752 pts:335.794 overflow:0
2021-01-16 05:30:21.907 T:3608322944 DEBUG: CAMLCodec::GetTimeSize: len:24 dl:803902 fs:803902 front:10061
2021-01-16 05:30:21.908 T:3581182848 DEBUG: CVideoPlayer::ProcessVideoData size:10615 dts:342.801 pts:342.801 dur:41.000ms, clock:334.507 level:88
2021-01-16 05:30:21.908 T:3581182848 DEBUG: CVideoPlayer::ProcessVideoData size:8645 dts:342.842 pts:342.884 dur:41.000ms, clock:334.507 level:88
2021-01-16 05:30:21.909 T:3581182848 DEBUG: CVideoPlayer::ProcessVideoData size:7504 dts:342.884 pts:342.926 dur:41.000ms, clock:334.508 level:89
2021-01-16 05:30:21.914 T:3608322944 DEBUG: CAMLCodec::GetTimeSize: len:24 dl:803902 fs:803902 front:10061
2021-01-16 05:30:21.936 T:4090851344 DEBUG: Previous line repeats 3 times.
2021-01-16 05:30:21.936 T:4090851344 DEBUG: CAMLCodec::PollFrame elapsed:29.483ms
2021-01-16 05:30:21.941 T:3608322944 DEBUG: CAMLCodec::GetTimeSize: len:24 dl:803902 fs:803902 front:10061
2021-01-16 05:30:21.942 T:4090851344 DEBUG: PrepareNextRender: frameOnScreen: 334.540 renderPts: 334.666 nextFramePts: 334.584 -> diff: 0.082 render: 1 forceNext: 0
2021-01-16 05:30:21.942 T:3608322944 DEBUG: CAMLCodec::DequeueBuffer: pts:334.751 idx:697
2021-01-16 05:30:21.942 T:3608322944 DEBUG: CAMLCodec::GetPicture: index: 697, pts: 334.751, dur:42ms ar:1.67
2021-01-16 05:30:21.943 T:3608322944 DEBUG: CVideoPlayerVideo::OutputPicture - ttd:209ms pts:334.751 Clock:334.542 Level:3
2021-01-16 05:30:21.944 T:3608322944 DEBUG: CAMLCodec::GetTimeSize: len:24 dl:793841 fs:803902 front:10061
2021-01-16 05:30:21.945 T:3608322944 DEBUG: CAMLCodec::GetTimeSize: len:23 dl:793841 fs:793841 front:8856
2021-01-16 05:30:21.945 T:4090851344 DEBUG: CAMLCodec::ReleaseFrame idx:693, drop:0
2021-01-16 05:30:21.952 T:3608322944 DEBUG: CAMLCodec::AddData: dl:897614 sum:897614 sz:103773 dts:335.794 pts:336.127 overflow:0
2021-01-16 05:30:21.953 T:3608322944 DEBUG: CAMLCodec::GetTimeSize: len:24 dl:897614 fs:897614 front:8856
2021-01-16 05:30:21.977 T:4090851344 DEBUG: Previous line repeats 3 times.
2021-01-16 05:30:21.978 T:4090851344 DEBUG: CAMLCodec::PollFrame elapsed:32.360ms
2021-01-16 05:30:21.981 T:3608322944 DEBUG: CAMLCodec::GetTimeSize: len:24 dl:897614 fs:897614 front:8856
2021-01-16 05:30:21.982 T:3608322944 DEBUG: CAMLCodec::DequeueBuffer: pts:334.793 idx:698
2021-01-16 05:30:21.982 T:4090851344 DEBUG: PrepareNextRender: frameOnScreen: 334.580 renderPts: 334.706 nextFramePts: 334.626 -> diff: 0.080 render: 1 forceNext: 0
2021-01-16 05:30:21.982 T:3608322944 DEBUG: CAMLCodec::GetPicture: index: 698, pts: 334.793, dur:42ms ar:1.67
2021-01-16 05:30:21.983 T:3608322944 DEBUG: CVideoPlayerVideo::OutputPicture - ttd:210ms pts:334.793 Clock:334.582 Level:3
2021-01-16 05:30:21.985 T:4090851344 DEBUG: CAMLCodec::ReleaseFrame idx:694, drop:0
2021-01-16 05:30:21.985 T:3608322944 DEBUG: CAMLCodec::GetTimeSize: len:24 dl:888758 fs:897614 front:8856
2021-01-16 05:30:21.985 T:3608322944 DEBUG: CAMLCodec::GetTimeSize: len:23 dl:888758 fs:888758 front:6775
2021-01-16 05:30:21.991 T:3608322944 DEBUG: CAMLCodec::AddData: dl:909860 sum:909860 sz:21102 dts:335.835 pts:336.002 overflow:0
2021-01-16 05:30:21.991 T:3608322944 DEBUG: CAMLCodec::GetTimeSize: len:24 dl:909860 fs:909860 front:6775
2021-01-16 05:30:22.019 T:4090851344 DEBUG: Previous line repeats 4 times.
2021-01-16 05:30:22.019 T:4090851344 DEBUG: CAMLCodec::PollFrame elapsed:33.918ms
2021-01-16 05:30:22.022 T:4090851344 DEBUG: PrepareNextRender: frameOnScreen: 334.620 renderPts: 334.746 nextFramePts: 334.668 -> diff: 0.078 render: 1 forceNext: 0
2021-01-16 05:30:22.025 T:4090851344 DEBUG: CAMLCodec::ReleaseFrame idx:695, drop:0
2021-01-16 05:30:22.026 T:3608322944 DEBUG: CAMLCodec::GetTimeSize: len:24 dl:903085 fs:909860 front:6775
2021-01-16 05:30:22.027 T:3608322944 DEBUG: CAMLCodec::GetTimeSize: len:23 dl:903085 fs:903085 front:2408
2021-01-16 05:30:22.027 T:3608322944 DEBUG: CAMLCodec::DequeueBuffer: pts:334.834 idx:699
2021-01-16 05:30:22.027 T:3608322944 DEBUG: CAMLCodec::GetPicture: index: 699, pts: 334.834, dur:41ms ar:1.67
2021-01-16 05:30:22.027 T:3608322944 DEBUG: CVideoPlayerVideo::OutputPicture - ttd:207ms pts:334.834 Clock:334.626 Level:3
2021-01-16 05:30:22.029 T:3608322944 DEBUG: CAMLCodec::GetTimeSize: len:23 dl:903085 fs:903085 front:2408
2021-01-16 05:30:22.034 T:3608322944 DEBUG: CAMLCodec::AddData: dl:913724 sum:913724 sz:10639 dts:335.877 pts:335.877 overflow:0
2021-01-16 05:30:22.035 T:3608322944 DEBUG: CAMLCodec::GetTimeSize: len:24 dl:913724 fs:913724 front:2408
2021-01-16 05:30:22.061 T:4090851344 DEBUG: Previous line repeats 3 times.
2021-01-16 05:30:22.061 T:4090851344 DEBUG: CAMLCodec::PollFrame elapsed:35.075ms
2021-01-16 05:30:22.064 T:3608322944 DEBUG: CAMLCodec::GetTimeSize: len:24 dl:913724 fs:913724 front:2408
2021-01-16 05:30:22.064 T:3608322944 DEBUG: CAMLCodec::DequeueBuffer: pts:334.876 idx:700
2021-01-16 05:30:22.065 T:3608322944 DEBUG: CAMLCodec::GetPicture: index: 700, pts: 334.876, dur:42ms ar:1.67
2021-01-16 05:30:22.065 T:3608322944 DEBUG: CVideoPlayerVideo::OutputPicture - ttd:211ms pts:334.876 Clock:334.664 Level:4
2021-01-16 05:30:22.067 T:3608322944 DEBUG: CAMLCodec::GetTimeSize: len:24 dl:913724 fs:913724 front:2408
2021-01-16 05:30:22.067 T:4090851344 DEBUG: PrepareNextRender: frameOnScreen: 334.665 renderPts: 334.790 nextFramePts: 334.709 -> diff: 0.081 render: 1 forceNext: 0
2021-01-16 05:30:22.069 T:4090851344 DEBUG: CAMLCodec::ReleaseFrame idx:696, drop:0
2021-01-16 05:30:22.074 T:3608322944 DEBUG: CAMLCodec::GetTimeSize: len:24 dl:911316 fs:913724 front:2408
2021-01-16 05:30:22.074 T:3608322944 DEBUG: CAMLCodec::GetTimeSize: len:23 dl:911316 fs:911316 front:35765
2021-01-16 05:30:22.079 T:3608322944 DEBUG: CAMLCodec::AddData: dl:924252 sum:924252 sz:12936 dts:335.919 pts:335.919 overflow:0
