2021-01-16 05:29:40.931 T:3970184064 DEBUG: CCurlFile::GetMimeType - https://image.tmdb.org/t/p/original/gtFy6ZT0sOPrRsOCnKiRKHAFO0q.jpg -> image/jpeg
2021-01-16 05:29:40.935 T:3746550656 DEBUG: ffmpeg[DF4FD380]: [swscaler] No accelerated colorspace conversion found from yuv420p to bgra.
2021-01-16 05:29:40.943 T:3961791360 DEBUG: ffmpeg[EC242380]: [mjpeg] marker=d8 avail_size_in_buf=73710
2021-01-16 05:29:40.944 T:3961791360 DEBUG: ffmpeg[EC242380]: [mjpeg] marker parser used 0 bytes (0 bits)
2021-01-16 05:29:40.945 T:3961791360 DEBUG: ffmpeg[EC242380]: [mjpeg] marker=fe avail_size_in_buf=73708
2021-01-16 05:29:40.945 T:3961791360 DEBUG: ffmpeg[EC242380]: [mjpeg] marker parser used 16 bytes (128 bits)
2021-01-16 05:29:40.946 T:3961791360 DEBUG: ffmpeg[EC242380]: [mjpeg] marker=db avail_size_in_buf=73690
2021-01-16 05:29:40.946 T:3961791360 DEBUG: ffmpeg[EC242380]: [mjpeg] index=0
2021-01-16 05:29:40.946 T:3961791360 DEBUG: ffmpeg[EC242380]: [mjpeg] qscale[0]: 2
2021-01-16 05:29:40.946 T:3961791360 DEBUG: ffmpeg[EC242380]: [mjpeg] marker parser used 67 bytes (536 bits)
2021-01-16 05:29:40.946 T:3961791360 DEBUG: ffmpeg[EC242380]: [mjpeg] marker=c4 avail_size_in_buf=73621
2021-01-16 05:29:40.946 T:3961791360 DEBUG: ffmpeg[EC242380]: [mjpeg] class=0 index=0 nb_codes=9
2021-01-16 05:29:40.946 T:3961791360 DEBUG: ffmpeg[EC242380]: [mjpeg] class=0 index=1 nb_codes=7
2021-01-16 05:29:40.946 T:3961791360 DEBUG: ffmpeg[EC242380]: [mjpeg] class=1 index=0 nb_codes=242
2021-01-16 05:29:40.946 T:3961791360 DEBUG: ffmpeg[EC242380]: [mjpeg] class=1 index=1 nb_codes=242
2021-01-16 05:29:40.947 T:3961791360 DEBUG: ffmpeg[EC242380]: [mjpeg] marker parser used 191 bytes (1528 bits)
2021-01-16 05:29:40.947 T:3961791360 DEBUG: ffmpeg[EC242380]: [mjpeg] marker=c0 avail_size_in_buf=73428
2021-01-16 05:29:40.947 T:3961791360 DEBUG: ffmpeg[EC242380]: [mjpeg] Changing bps from 0 to 8
2021-01-16 05:29:40.947 T:3961791360 DEBUG: ffmpeg[EC242380]: [mjpeg] sof0: picture: 480x720
2021-01-16 05:29:40.947 T:3961791360 DEBUG: ffmpeg[EC242380]: [mjpeg] component 0 2:2 id: 0 quant:0
2021-01-16 05:29:40.947 T:3961791360 DEBUG: ffmpeg[EC242380]: [mjpeg] component 1 1:1 id: 1 quant:0
2021-01-16 05:29:40.947 T:3961791360 DEBUG: ffmpeg[EC242380]: [mjpeg] component 2 1:1 id: 2 quant:0
2021-01-16 05:29:40.948 T:3961791360 DEBUG: ffmpeg[EC242380]: [mjpeg] pix fmt id 22111100
2021-01-16 05:29:40.948 T:3961791360 DEBUG: ffmpeg[EC242380]: [mjpeg] Format yuvj420p chosen by get_format().
2021-01-16 05:29:40.950 T:3961791360 DEBUG: ffmpeg[EC242380]: [mjpeg] marker parser used 17 bytes (136 bits)
2021-01-16 05:29:40.951 T:3961791360 DEBUG: ffmpeg[EC242380]: [mjpeg] escaping removed 239 bytes
2021-01-16 05:29:40.951 T:3961791360 DEBUG: ffmpeg[EC242380]: [mjpeg] marker=da avail_size_in_buf=73409
2021-01-16 05:29:40.952 T:3961791360 DEBUG: ffmpeg[EC242380]: [mjpeg] component: 0
2021-01-16 05:29:40.952 T:3961791360 DEBUG: ffmpeg[EC242380]: [mjpeg] component: 1
2021-01-16 05:29:40.952 T:3961791360 DEBUG: ffmpeg[EC242380]: [mjpeg] component: 2
2021-01-16 05:29:40.956 T:3978576768 DEBUG: CCurlFile::GetMimeType - https://image.tmdb.org/t/p/original/4safCKbRhhEW83OmUrEyXwXybJn.jpg -> image/jpeg
2021-01-16 05:29:40.961 T:3746550656 DEBUG: ffmpeg[DF4FD380]: [mjpeg] marker=d8 avail_size_in_buf=100398
2021-01-16 05:29:40.962 T:3746550656 DEBUG: ffmpeg[DF4FD380]: [mjpeg] marker parser used 0 bytes (0 bits)
2021-01-16 05:29:40.962 T:3746550656 DEBUG: ffmpeg[DF4FD380]: [mjpeg] marker=fe avail_size_in_buf=100396
2021-01-16 05:29:40.962 T:3746550656 DEBUG: ffmpeg[DF4FD380]: [mjpeg] marker parser used 16 bytes (128 bits)
2021-01-16 05:29:40.962 T:3746550656 DEBUG: ffmpeg[DF4FD380]: [mjpeg] marker=db avail_size_in_buf=100378
2021-01-16 05:29:40.962 T:3746550656 DEBUG: ffmpeg[DF4FD380]: [mjpeg] index=0
2021-01-16 05:29:40.962 T:3746550656 DEBUG: ffmpeg[DF4FD380]: [mjpeg] qscale[0]: 2
2021-01-16 05:29:40.963 T:3746550656 DEBUG: ffmpeg[DF4FD380]: [mjpeg] marker parser used 67 bytes (536 bits)
2021-01-16 05:29:40.963 T:3746550656 DEBUG: ffmpeg[DF4FD380]: [mjpeg] marker=c4 avail_size_in_buf=100309
2021-01-16 05:29:40.963 T:3746550656 DEBUG: ffmpeg[DF4FD380]: [mjpeg] class=0 index=0 nb_codes=9
2021-01-16 05:29:40.963 T:3746550656 DEBUG: ffmpeg[DF4FD380]: [mjpeg] class=0 index=1 nb_codes=7
2021-01-16 05:29:40.963 T:3746550656 DEBUG: ffmpeg[DF4FD380]: [mjpeg] class=1 index=0 nb_codes=242
2021-01-16 05:29:40.963 T:3746550656 DEBUG: ffmpeg[DF4FD380]: [mjpeg] class=1 index=1 nb_codes=242
2021-01-16 05:29:40.963 T:3746550656 DEBUG: ffmpeg[DF4FD380]: [mjpeg] marker parser used 220 bytes (1760 bits)
2021-01-16 05:29:40.963 T:3746550656 DEBUG: ffmpeg[DF4FD380]: [mjpeg] marker=c0 avail_size_in_buf=100087
2021-01-16 05:29:40.963 T:3746550656 DEBUG: ffmpeg[DF4FD380]: [mjpeg] Changing bps from 0 to 8
2021-01-16 05:29:40.964 T:3746550656 DEBUG: ffmpeg[DF4FD380]: [mjpeg] sof0: picture: 480x720
2021-01-16 05:29:40.964 T:3746550656 DEBUG: ffmpeg[DF4FD380]: [mjpeg] component 0 2:2 id: 0 quant:0
2021-01-16 05:29:40.964 T:3746550656 DEBUG: ffmpeg[DF4FD380]: [mjpeg] component 1 1:1 id: 1 quant:0
2021-01-16 05:29:40.964 T:3746550656 DEBUG: ffmpeg[DF4FD380]: [mjpeg] component 2 1:1 id: 2 quant:0
2021-01-16 05:29:40.964 T:3746550656 DEBUG: ffmpeg[DF4FD380]: [mjpeg] pix fmt id 22111100
2021-01-16 05:29:40.964 T:3746550656 DEBUG: ffmpeg[DF4FD380]: [mjpeg] Format yuvj420p chosen by get_format().
2021-01-16 05:29:40.965 T:3746550656 DEBUG: ffmpeg[DF4FD380]: [mjpeg] marker parser used 17 bytes (136 bits)
2021-01-16 05:29:40.966 T:3746550656 DEBUG: ffmpeg[DF4FD380]: [mjpeg] escaping removed 354 bytes
2021-01-16 05:29:40.966 T:3746550656 DEBUG: ffmpeg[DF4FD380]: [mjpeg] marker=da avail_size_in_buf=100068
2021-01-16 05:29:40.966 T:3746550656 DEBUG: ffmpeg[DF4FD380]: [mjpeg] component: 0
2021-01-16 05:29:40.967 T:3961791360 DEBUG: ffmpeg[EC242380]: [mjpeg] marker parser used 73169 bytes (585348 bits)
2021-01-16 05:29:40.967 T:3746550656 DEBUG: ffmpeg[DF4FD380]: [mjpeg] component: 1
2021-01-16 05:29:40.968 T:3961791360 DEBUG: ffmpeg[EC242380]: [mjpeg] marker=d9 avail_size_in_buf=0
2021-01-16 05:29:40.968 T:3746550656 DEBUG: ffmpeg[DF4FD380]: [mjpeg] component: 2
2021-01-16 05:29:40.968 T:3961791360 DEBUG: ffmpeg[EC242380]: [mjpeg] decode frame unused 0 bytes
2021-01-16 05:29:40.972 T:3970184064 DEBUG: CCurlFile::GetMimeType - https://image.tmdb.org/t/p/original/5CsR8E8rwNDfzzzaoamjbzoWnNI.jpg -> image/jpeg
2021-01-16 05:29:40.975 T:3961791360 DEBUG: ffmpeg[EC242380]: [swscaler] No accelerated colorspace conversion found from yuv420p to bgra.
2021-01-16 05:29:40.985 T:3746550656 DEBUG: ffmpeg[DF4FD380]: [mjpeg] marker parser used 99713 bytes (797700 bits)
2021-01-16 05:29:40.986 T:3746550656 DEBUG: ffmpeg[DF4FD380]: [mjpeg] marker=d9 avail_size_in_buf=0
2021-01-16 05:29:40.986 T:3746550656 DEBUG: ffmpeg[DF4FD380]: [mjpeg] decode frame unused 0 bytes
2021-01-16 05:29:40.991 T:3746550656 DEBUG: ffmpeg[DF4FD380]: [swscaler] No accelerated colorspace conversion found from yuv420p to bgra.
2021-01-16 05:29:40.996 T:3978576768 DEBUG: CCurlFile::GetMimeType - https://image.tmdb.org/t/p/original/82UUrEsI3FQBwTOmZXZ4SaI2iOJ.jpg -> image/jpeg
2021-01-16 05:29:41.009 T:3970184064 DEBUG: CCurlFile::GetMimeType - https://image.tmdb.org/t/p/original/nuf6coNcsDGmiG9L6XJiVB2S3Ml.jpg -> image/jpeg
2021-01-16 05:29:41.027 T:3978576768 DEBUG: CCurlFile::GetMimeType - https://image.tmdb.org/t/p/original/9lDN7cud7uFi3hO2h7jFJzOCCjt.jpg -> image/jpeg
2021-01-16 05:29:41.040 T:3970184064 DEBUG: CCurlFile::GetMimeType - https://image.tmdb.org/t/p/original/zZHGPh9RQYQfeuA1dJRPy6JCJSP.jpg -> image/jpeg
2021-01-16 05:29:41.058 T:3978576768 DEBUG: CCurlFile::GetMimeType - https://image.tmdb.org/t/p/original/bsjiAVTA6ml59BcQGcANosSzDXw.jpg -> image/jpeg
2021-01-16 05:29:41.078 T:3970184064 DEBUG: CCurlFile::GetMimeType - https://image.tmdb.org/t/p/original/pQ2OTWsNYxKPme41LtNRx36qcyP.jpg -> image/jpeg
2021-01-16 05:29:41.106 T:3978576768 DEBUG: CCurlFile::GetMimeType - https://image.tmdb.org/t/p/original/jjJTzDMtv9JUH6TqbqJkdyXbELg.jpg -> image/jpeg
2021-01-16 05:29:41.130 T:3970184064 DEBUG: CCurlFile::GetMimeType - https://image.tmdb.org/t/p/original/hmqR1ic1VSxhETjObl1EhGW0AJb.jpg -> image/jpeg
2021-01-16 05:29:41.162 T:3978576768 DEBUG: CCurlFile::GetMimeType - https://image.tmdb.org/t/p/original/wMJ9B8ZCY7yxOgwbKS6NBr1UW05.jpg -> image/jpeg
2021-01-16 05:29:41.186 T:3970184064 DEBUG: CCurlFile::GetMimeType - https://image.tmdb.org/t/p/original/qH70PBE89tCisYhmRlTTjlXc2HC.jpg -> image/jpeg
2021-01-16 05:29:41.217 T:3961791360 DEBUG: CCurlFile::GetMimeType - https://image.tmdb.org/t/p/original/omcuhvtWzxg8A9pYKd8y0SeYJw6.jpg -> image/jpeg
2021-01-16 05:29:41.218 T:3961791360 DEBUG: CurlFile::Open(0xe3417108) https://image.tmdb.org/t/p/original/omcuhvtWzxg8A9pYKd8y0SeYJw6.jpg
2021-01-16 05:29:41.251 T:3978576768 DEBUG: CCurlFile::GetMimeType - https://image.tmdb.org/t/p/original/oLyhQeHWCaIxSdycqY73fdvuEET.jpg -> image/jpeg
2021-01-16 05:29:41.251 T:3978576768 DEBUG: CurlFile::Open(0xe31adab0) https://image.tmdb.org/t/p/original/oLyhQeHWCaIxSdycqY73fdvuEET.jpg
2021-01-16 05:29:41.255 T:3970184064 DEBUG: CCurlFile::GetMimeType - https://image.tmdb.org/t/p/original/pGWZNNBPv0lYmxOKnv7NBBbhQhv.jpg -> image/jpeg
2021-01-16 05:29:41.272 T:3970184064 DEBUG: ffmpeg[ECA43380]: [mjpeg] marker=d8 avail_size_in_buf=114097
2021-01-16 05:29:41.273 T:3970184064 DEBUG: ffmpeg[ECA43380]: [mjpeg] marker parser used 0 bytes (0 bits)
2021-01-16 05:29:41.273 T:3970184064 DEBUG: ffmpeg[ECA43380]: [mjpeg] marker=fe avail_size_in_buf=114095
2021-01-16 05:29:41.273 T:3970184064 DEBUG: ffmpeg[ECA43380]: [mjpeg] marker parser used 16 bytes (128 bits)
2021-01-16 05:29:41.273 T:3970184064 DEBUG: ffmpeg[ECA43380]: [mjpeg] marker=db avail_size_in_buf=114077
2021-01-16 05:29:41.273 T:3970184064 DEBUG: ffmpeg[ECA43380]: [mjpeg] index=0
2021-01-16 05:29:41.273 T:3970184064 DEBUG: ffmpeg[ECA43380]: [mjpeg] qscale[0]: 2
2021-01-16 05:29:41.273 T:3970184064 DEBUG: ffmpeg[ECA43380]: [mjpeg] marker parser used 67 bytes (536 bits)
2021-01-16 05:29:41.273 T:3970184064 DEBUG: ffmpeg[ECA43380]: [mjpeg] marker=c4 avail_size_in_buf=114008
2021-01-16 05:29:41.273 T:3970184064 DEBUG: ffmpeg[ECA43380]: [mjpeg] class=0 index=0 nb_codes=9
2021-01-16 05:29:41.274 T:3970184064 DEBUG: ffmpeg[ECA43380]: [mjpeg] class=0 index=1 nb_codes=8
2021-01-16 05:29:41.274 T:3970184064 DEBUG: ffmpeg[ECA43380]: [mjpeg] class=1 index=0 nb_codes=242
2021-01-16 05:29:41.274 T:3970184064 DEBUG: ffmpeg[ECA43380]: [mjpeg] class=1 index=1 nb_codes=242
2021-01-16 05:29:41.274 T:3970184064 DEBUG: ffmpeg[ECA43380]: [mjpeg] marker parser used 251 bytes (2008 bits)
2021-01-16 05:29:41.275 T:3970184064 DEBUG: ffmpeg[ECA43380]: [mjpeg] marker=c0 avail_size_in_buf=113755
2021-01-16 05:29:41.275 T:3970184064 DEBUG: ffmpeg[ECA43380]: [mjpeg] Changing bps from 0 to 8
2021-01-16 05:29:41.275 T:3970184064 DEBUG: ffmpeg[ECA43380]: [mjpeg] sof0: picture: 510x720
2021-01-16 05:29:41.275 T:3970184064 DEBUG: ffmpeg[ECA43380]: [mjpeg] component 0 2:2 id: 0 quant:0
2021-01-16 05:29:41.275 T:3970184064 DEBUG: ffmpeg[ECA43380]: [mjpeg] component 1 1:1 id: 1 quant:0
2021-01-16 05:29:41.275 T:3970184064 DEBUG: ffmpeg[ECA43380]: [mjpeg] component 2 1:1 id: 2 quant:0
2021-01-16 05:29:41.275 T:3970184064 DEBUG: ffmpeg[ECA43380]: [mjpeg] pix fmt id 22111100
2021-01-16 05:29:41.275 T:3970184064 DEBUG: ffmpeg[ECA43380]: [mjpeg] Format yuvj420p chosen by get_format().
2021-01-16 05:29:41.277 T:3970184064 DEBUG: ffmpeg[ECA43380]: [mjpeg] marker parser used 17 bytes (136 bits)
2021-01-16 05:29:41.279 T:3970184064 DEBUG: ffmpeg[ECA43380]: [mjpeg] escaping removed 402 bytes
2021-01-16 05:29:41.279 T:3970184064 DEBUG: ffmpeg[ECA43380]: [mjpeg] marker=da avail_size_in_buf=113736
2021-01-16 05:29:41.279 T:3970184064 DEBUG: ffmpeg[ECA43380]: [mjpeg] component: 0
2021-01-16 05:29:41.280 T:3970184064 DEBUG: ffmpeg[ECA43380]: [mjpeg] component: 1
2021-01-16 05:29:41.280 T:3970184064 DEBUG: ffmpeg[ECA43380]: [mjpeg] component: 2
2021-01-16 05:29:41.301 T:3970184064 DEBUG: ffmpeg[ECA43380]: [mjpeg] marker parser used 113333 bytes (906659 bits)
2021-01-16 05:29:41.301 T:3970184064 DEBUG: ffmpeg[ECA43380]: [mjpeg] marker=d9 avail_size_in_buf=0
2021-01-16 05:29:41.302 T:3970184064 DEBUG: ffmpeg[ECA43380]: [mjpeg] decode frame unused 0 bytes
2021-01-16 05:29:41.317 T:3970184064 DEBUG: ffmpeg[ECA43380]: [swscaler] No accelerated colorspace conversion found from yuv420p to bgra.
2021-01-16 05:29:41.366 T:3970184064 DEBUG: DoWork - took 108 ms to load special://masterprofile/Thumbnails/b/b542a847.jpg
2021-01-16 05:29:41.418 T:3970184064 DEBUG: CCurlFile::GetMimeType - https://image.tmdb.org/t/p/original/zOUSzIiGhfB05ZBI2SnMyu68ChP.jpg -> image/jpeg
2021-01-16 05:29:41.419 T:3970184064 DEBUG: CurlFile::Open(0xe07a0d60) https://image.tmdb.org/t/p/original/zOUSzIiGhfB05ZBI2SnMyu68ChP.jpg
2021-01-16 05:29:41.540 T:3961791360 DEBUG: ffmpeg[EC242380]: [mjpeg] marker=d8 avail_size_in_buf=427527
2021-01-16 05:29:41.541 T:3961791360 DEBUG: ffmpeg[EC242380]: [mjpeg] marker parser used 0 bytes (0 bits)
2021-01-16 05:29:41.541 T:3961791360 DEBUG: ffmpeg[EC242380]: [mjpeg] marker=e0 avail_size_in_buf=427525
2021-01-16 05:29:41.541 T:3961791360 DEBUG: ffmpeg[EC242380]: [mjpeg] marker parser used 16 bytes (128 bits)
2021-01-16 05:29:41.541 T:3961791360 DEBUG: ffmpeg[EC242380]: [mjpeg] marker=db avail_size_in_buf=427507
2021-01-16 05:29:41.541 T:3961791360 DEBUG: ffmpeg[EC242380]: [mjpeg] index=0
2021-01-16 05:29:41.541 T:3961791360 DEBUG: ffmpeg[EC242380]: [mjpeg] qscale[0]: 3
2021-01-16 05:29:41.541 T:3961791360 DEBUG: ffmpeg[EC242380]: [mjpeg] index=1
2021-01-16 05:29:41.541 T:3961791360 DEBUG: ffmpeg[EC242380]: [mjpeg] qscale[1]: 3
2021-01-16 05:29:41.542 T:3961791360 DEBUG: ffmpeg[EC242380]: [mjpeg] marker parser used 132 bytes (1056 bits)
2021-01-16 05:29:41.542 T:3961791360 DEBUG: ffmpeg[EC242380]: [mjpeg] marker=c2 avail_size_in_buf=427373
2021-01-16 05:29:41.542 T:3961791360 DEBUG: ffmpeg[EC242380]: [mjpeg] Changing bps from 0 to 8
2021-01-16 05:29:41.542 T:3961791360 DEBUG: ffmpeg[EC242380]: [mjpeg] sof0: picture: 1600x2253
2021-01-16 05:29:41.542 T:3961791360 DEBUG: ffmpeg[EC242380]: [mjpeg] component 0 2:2 id: 0 quant:0
2021-01-16 05:29:41.542 T:3961791360 DEBUG: ffmpeg[EC242380]: [mjpeg] component 1 1:1 id: 1 quant:1
2021-01-16 05:29:41.542 T:3961791360 DEBUG: ffmpeg[EC242380]: [mjpeg] component 2 1:1 id: 2 quant:1
2021-01-16 05:29:41.543 T:3961791360 DEBUG: ffmpeg[EC242380]: [mjpeg] pix fmt id 22111100
2021-01-16 05:29:41.543 T:3961791360 DEBUG: ffmpeg[EC242380]: [mjpeg] Format yuvj420p chosen by get_format().
2021-01-16 05:29:41.609 T:3961791360 DEBUG: ffmpeg[EC242380]: [mjpeg] marker parser used 17 bytes (136 bits)
2021-01-16 05:29:41.610 T:3961791360 DEBUG: ffmpeg[EC242380]: [mjpeg] marker=c4 avail_size_in_buf=427354
2021-01-16 05:29:41.610 T:3961791360 DEBUG: ffmpeg[EC242380]: [mjpeg] class=0 index=0 nb_codes=10
2021-01-16 05:29:41.610 T:3961791360 DEBUG: ffmpeg[EC242380]: [mjpeg] marker parser used 29 bytes (232 bits)
2021-01-16 05:29:41.610 T:3961791360 DEBUG: ffmpeg[EC242380]: [mjpeg] escaping removed 387532 bytes
2021-01-16 05:29:41.611 T:3961791360 DEBUG: ffmpeg[EC242380]: [mjpeg] marker=da avail_size_in_buf=427323
2021-01-16 05:29:41.611 T:3961791360 DEBUG: ffmpeg[EC242380]: [mjpeg] component: 0
2021-01-16 05:29:41.633 T:3961791360 DEBUG: ffmpeg[EC242380]: [mjpeg] marker parser used 39790 bytes (318320 bits)
2021-01-16 05:29:41.633 T:3961791360 DEBUG: ffmpeg[EC242380]: [mjpeg] marker=c4 avail_size_in_buf=387453
2021-01-16 05:29:41.634 T:3961791360 DEBUG: ffmpeg[EC242380]: [mjpeg] class=0 index=1 nb_codes=9
2021-01-16 05:29:41.634 T:3961791360 DEBUG: ffmpeg[EC242380]: [mjpeg] marker parser used 28 bytes (224 bits)
2021-01-16 05:29:41.635 T:3961791360 DEBUG: ffmpeg[EC242380]: [mjpeg] escaping removed 378038 bytes
2021-01-16 05:29:41.635 T:3961791360 DEBUG: ffmpeg[EC242380]: [mjpeg] marker=da avail_size_in_buf=387423
2021-01-16 05:29:41.636 T:3961791360 DEBUG: ffmpeg[EC242380]: [mjpeg] component: 1
2021-01-16 05:29:41.641 T:3961791360 DEBUG: ffmpeg[EC242380]: [mjpeg] marker parser used 9384 bytes (75066 bits)
2021-01-16 05:29:41.642 T:3961791360 DEBUG: ffmpeg[EC242380]: [mjpeg] marker=c4 avail_size_in_buf=378022
2021-01-16 05:29:41.642 T:3961791360 DEBUG: ffmpeg[EC242380]: [mjpeg] class=0 index=1 nb_codes=8
2021-01-16 05:29:41.642 T:3961791360 DEBUG: ffmpeg[EC242380]: [mjpeg] marker parser used 27 bytes (216 bits)
2021-01-16 05:29:41.645 T:3961791360 DEBUG: ffmpeg[EC242380]: [mjpeg] escaping removed 369160 bytes
2021-01-16 05:29:41.646 T:3961791360 DEBUG: ffmpeg[EC242380]: [mjpeg] marker=da avail_size_in_buf=377993
2021-01-16 05:29:41.646 T:3961791360 DEBUG: ffmpeg[EC242380]: [mjpeg] component: 2
2021-01-16 05:29:41.651 T:3961791360 DEBUG: ffmpeg[EC242380]: [mjpeg] marker parser used 8832 bytes (70655 bits)
2021-01-16 05:29:41.651 T:3961791360 DEBUG: ffmpeg[EC242380]: [mjpeg] marker=c4 avail_size_in_buf=369151
2021-01-16 05:29:41.651 T:3961791360 DEBUG: ffmpeg[EC242380]: [mjpeg] class=1 index=0 nb_codes=242
2021-01-16 05:29:41.651 T:3961791360 DEBUG: ffmpeg[EC242380]: [mjpeg] marker parser used 76 bytes (608 bits)
2021-01-16 05:29:41.652 T:3961791360 DEBUG: ffmpeg[EC242380]: [mjpeg] escaping removed 279007 bytes
2021-01-16 05:29:41.652 T:3961791360 DEBUG: ffmpeg[EC242380]: [mjpeg] marker=da avail_size_in_buf=369073
2021-01-16 05:29:41.652 T:3961791360 DEBUG: ffmpeg[EC242380]: [mjpeg] component: 0
2021-01-16 05:29:41.660 T:3961791360 DEBUG: ffmpeg[EC242380]: [mjpeg] marker parser used 90065 bytes (720516 bits)
2021-01-16 05:29:41.661 T:3961791360 DEBUG: ffmpeg[EC242380]: [mjpeg] marker=c4 avail_size_in_buf=278553
2021-01-16 05:29:41.661 T:3961791360 DEBUG: ffmpeg[EC242380]: [mjpeg] class=1 index=0 nb_codes=242
2021-01-16 05:29:41.661 T:3961791360 DEBUG: ffmpeg[EC242380]: [mjpeg] marker parser used 45 bytes (360 bits)
2021-01-16 05:29:41.662 T:3961791360 DEBUG: ffmpeg[EC242380]: [mjpeg] escaping removed 206164 bytes
2021-01-16 05:29:41.662 T:3961791360 DEBUG: ffmpeg[EC242380]: [mjpeg] marker=da avail_size_in_buf=278506
2021-01-16 05:29:41.666 T:3961791360 DEBUG: ffmpeg[EC242380]: [mjpeg] component: 0
2021-01-16 05:29:41.687 T:3961791360 DEBUG: ffmpeg[EC242380]: [mjpeg] marker parser used 72341 bytes (578723 bits)
2021-01-16 05:29:41.687 T:3961791360 DEBUG: ffmpeg[EC242380]: [mjpeg] marker=c4 avail_size_in_buf=206016
2021-01-16 05:29:41.688 T:3961791360 DEBUG: ffmpeg[EC242380]: [mjpeg] class=1 index=0 nb_codes=242
2021-01-16 05:29:41.688 T:3961791360 DEBUG: ffmpeg[EC242380]: [mjpeg] marker parser used 44 bytes (352 bits)
2021-01-16 05:29:41.689 T:3961791360 DEBUG: ffmpeg[EC242380]: [mjpeg] escaping removed 74064 bytes
2021-01-16 05:29:41.689 T:3961791360 DEBUG: ffmpeg[EC242380]: [mjpeg] marker=da avail_size_in_buf=205970
2021-01-16 05:29:41.689 T:3961791360 DEBUG: ffmpeg[EC242380]: [mjpeg] component: 0
2021-01-16 05:29:41.728 T:3961791360 DEBUG: ffmpeg[EC242380]: [mjpeg] marker parser used 131905 bytes (1055234 bits)
2021-01-16 05:29:41.729 T:3961791360 DEBUG: ffmpeg[EC242380]: [mjpeg] marker=c4 avail_size_in_buf=73700
2021-01-16 05:29:41.729 T:3961791360 DEBUG: ffmpeg[EC242380]: [mjpeg] class=1 index=1 nb_codes=129
2021-01-16 05:29:41.730 T:3978576768 DEBUG: ffmpeg[ED244380]: [mjpeg] marker=d8 avail_size_in_buf=960473
2021-01-16 05:29:41.731 T:3961791360 DEBUG: ffmpeg[EC242380]: [mjpeg] marker parser used 58 bytes (464 bits)
2021-01-16 05:29:41.732 T:3978576768 DEBUG: ffmpeg[ED244380]: [mjpeg] marker parser used 0 bytes (0 bits)
2021-01-16 05:29:41.732 T:3961791360 DEBUG: ffmpeg[EC242380]: [mjpeg] escaping removed 40518 bytes
2021-01-16 05:29:41.733 T:3978576768 DEBUG: ffmpeg[ED244380]: [mjpeg] marker=e0 avail_size_in_buf=960471
2021-01-16 05:29:41.734 T:3961791360 DEBUG: ffmpeg[EC242380]: [mjpeg] marker=da avail_size_in_buf=73640
2021-01-16 05:29:41.735 T:3978576768 DEBUG: ffmpeg[ED244380]: [mjpeg] marker parser used 16 bytes (128 bits)
2021-01-16 05:29:41.736 T:3961791360 DEBUG: ffmpeg[EC242380]: [mjpeg] component: 1
2021-01-16 05:29:41.740 T:3978576768 DEBUG: ffmpeg[ED244380]: [mjpeg] marker=db avail_size_in_buf=960453
2021-01-16 05:29:41.741 T:3961791360 DEBUG: ffmpeg[EC242380]: [mjpeg] marker parser used 33121 bytes (264965 bits)
2021-01-16 05:29:41.741 T:3978576768 DEBUG: ffmpeg[ED244380]: [mjpeg] index=0
2021-01-16 05:29:41.741 T:3978576768 DEBUG: ffmpeg[ED244380]: [mjpeg] qscale[0]: 3
2021-01-16 05:29:41.742 T:3978576768 DEBUG: ffmpeg[ED244380]: [mjpeg] index=1
2021-01-16 05:29:41.742 T:3978576768 DEBUG: ffmpeg[ED244380]: [mjpeg] qscale[1]: 3
2021-01-16 05:29:41.742 T:3978576768 DEBUG: ffmpeg[ED244380]: [mjpeg] marker parser used 132 bytes (1056 bits)
2021-01-16 05:29:41.742 T:3978576768 DEBUG: ffmpeg[ED244380]: [mjpeg] marker=c2 avail_size_in_buf=960319
2021-01-16 05:29:41.742 T:3978576768 DEBUG: ffmpeg[ED244380]: [mjpeg] Changing bps from 0 to 8
2021-01-16 05:29:41.742 T:3978576768 DEBUG: ffmpeg[ED244380]: [mjpeg] sof0: picture: 1516x2124
2021-01-16 05:29:41.742 T:3978576768 DEBUG: ffmpeg[ED244380]: [mjpeg] component 0 2:2 id: 0 quant:0
2021-01-16 05:29:41.742 T:3978576768 DEBUG: ffmpeg[ED244380]: [mjpeg] component 1 1:1 id: 1 quant:1
2021-01-16 05:29:41.742 T:3978576768 DEBUG: ffmpeg[ED244380]: [mjpeg] component 2 1:1 id: 2 quant:1
2021-01-16 05:29:41.743 T:3978576768 DEBUG: ffmpeg[ED244380]: [mjpeg] pix fmt id 22111100
2021-01-16 05:29:41.743 T:3978576768 DEBUG: ffmpeg[ED244380]: [mjpeg] Format yuvj420p chosen by get_format().
2021-01-16 05:29:41.743 T:3961791360 DEBUG: ffmpeg[EC242380]: [mjpeg] marker=c4 avail_size_in_buf=40430
2021-01-16 05:29:41.743 T:3961791360 DEBUG: ffmpeg[EC242380]: [mjpeg] class=1 index=1 nb_codes=179
2021-01-16 05:29:41.744 T:3961791360 DEBUG: ffmpeg[EC242380]: [mjpeg] marker parser used 62 bytes (496 bits)
2021-01-16 05:29:41.745 T:3961791360 DEBUG: ffmpeg[EC242380]: [mjpeg] escaping removed 33028 bytes
2021-01-16 05:29:41.745 T:3961791360 DEBUG: ffmpeg[EC242380]: [mjpeg] marker=da avail_size_in_buf=40366
2021-01-16 05:29:41.745 T:3961791360 DEBUG: ffmpeg[EC242380]: [mjpeg] component: 1
2021-01-16 05:29:41.748 T:3961791360 DEBUG: ffmpeg[EC242380]: [mjpeg] marker parser used 7337 bytes (58690 bits)
2021-01-16 05:29:41.749 T:3961791360 DEBUG: ffmpeg[EC242380]: [mjpeg] marker=c4 avail_size_in_buf=33004
2021-01-16 05:29:41.749 T:3961791360 DEBUG: ffmpeg[EC242380]: [mjpeg] class=1 index=1 nb_codes=115
2021-01-16 05:29:41.750 T:3961791360 DEBUG: ffmpeg[EC242380]: [mjpeg] marker parser used 56 bytes (448 bits)
2021-01-16 05:29:41.750 T:3961791360 DEBUG: ffmpeg[EC242380]: [mjpeg] escaping removed 3641 bytes
2021-01-16 05:29:41.751 T:3961791360 DEBUG: ffmpeg[EC242380]: [mjpeg] marker=da avail_size_in_buf=32946
2021-01-16 05:29:41.751 T:3961791360 DEBUG: ffmpeg[EC242380]: [mjpeg] component: 2
2021-01-16 05:29:41.754 T:3961791360 DEBUG: ffmpeg[EC242380]: [mjpeg] marker parser used 29304 bytes (234432 bits)
2021-01-16 05:29:41.754 T:3961791360 DEBUG: ffmpeg[EC242380]: [mjpeg] marker=c4 avail_size_in_buf=3547
2021-01-16 05:29:41.755 T:3961791360 DEBUG: ffmpeg[EC242380]: [mjpeg] class=1 index=1 nb_codes=145
2021-01-16 05:29:41.755 T:3961791360 DEBUG: ffmpeg[EC242380]: [mjpeg] marker parser used 50 bytes (400 bits)
2021-01-16 05:29:41.756 T:3961791360 DEBUG: ffmpeg[EC242380]: [mjpeg] escaping removed 8 bytes
2021-01-16 05:29:41.756 T:3961791360 DEBUG: ffmpeg[EC242380]: [mjpeg] marker=da avail_size_in_buf=3495
2021-01-16 05:29:41.756 T:3961791360 DEBUG: ffmpeg[EC242380]: [mjpeg] component: 2
2021-01-16 05:29:41.757 T:3961791360 DEBUG: ffmpeg[EC242380]: [mjpeg] marker parser used 3486 bytes (27887 bits)
2021-01-16 05:29:41.757 T:3961791360 DEBUG: ffmpeg[EC242380]: [mjpeg] marker=d9 avail_size_in_buf=0
2021-01-16 05:29:41.764 T:3970184064 DEBUG: ffmpeg[ECA43380]: [mjpeg] marker=d8 avail_size_in_buf=262308
2021-01-16 05:29:41.765 T:3970184064 DEBUG: ffmpeg[ECA43380]: [mjpeg] marker parser used 0 bytes (0 bits)
2021-01-16 05:29:41.765 T:3970184064 DEBUG: ffmpeg[ECA43380]: [mjpeg] marker=e0 avail_size_in_buf=262306
2021-01-16 05:29:41.765 T:3970184064 DEBUG: ffmpeg[ECA43380]: [mjpeg] marker parser used 16 bytes (128 bits)
2021-01-16 05:29:41.766 T:3970184064 DEBUG: ffmpeg[ECA43380]: [mjpeg] marker=db avail_size_in_buf=262288
2021-01-16 05:29:41.766 T:3970184064 DEBUG: ffmpeg[ECA43380]: [mjpeg] index=0
2021-01-16 05:29:41.766 T:3970184064 DEBUG: ffmpeg[ECA43380]: [mjpeg] qscale[0]: 3
2021-01-16 05:29:41.766 T:3970184064 DEBUG: ffmpeg[ECA43380]: [mjpeg] index=1
2021-01-16 05:29:41.766 T:3970184064 DEBUG: ffmpeg[ECA43380]: [mjpeg] qscale[1]: 3
2021-01-16 05:29:41.766 T:3970184064 DEBUG: ffmpeg[ECA43380]: [mjpeg] marker parser used 132 bytes (1056 bits)
2021-01-16 05:29:41.766 T:3970184064 DEBUG: ffmpeg[ECA43380]: [mjpeg] marker=c2 avail_size_in_buf=262154
2021-01-16 05:29:41.766 T:3970184064 DEBUG: ffmpeg[ECA43380]: [mjpeg] Changing bps from 0 to 8
2021-01-16 05:29:41.766 T:3970184064 DEBUG: ffmpeg[ECA43380]: [mjpeg] sof0: picture: 1000x1500
2021-01-16 05:29:41.766 T:3970184064 DEBUG: ffmpeg[ECA43380]: [mjpeg] component 0 2:2 id: 0 quant:0
2021-01-16 05:29:41.767 T:3970184064 DEBUG: ffmpeg[ECA43380]: [mjpeg] component 1 1:1 id: 1 quant:1
2021-01-16 05:29:41.767 T:3970184064 DEBUG: ffmpeg[ECA43380]: [mjpeg] component 2 1:1 id: 2 quant:1
2021-01-16 05:29:41.767 T:3970184064 DEBUG: ffmpeg[ECA43380]: [mjpeg] pix fmt id 22111100
2021-01-16 05:29:41.767 T:3970184064 DEBUG: ffmpeg[ECA43380]: [mjpeg] Format yuvj420p chosen by get_format().
2021-01-16 05:29:41.787 T:3903042432 INFO: ## CoreELEC Addon ## system::set_hostname ## CoreELEC-W95
2021-01-16 05:29:41.810 T:3970184064 DEBUG: ffmpeg[ECA43380]: [mjpeg] marker parser used 17 bytes (136 bits)
2021-01-16 05:29:41.810 T:3970184064 DEBUG: ffmpeg[ECA43380]: [mjpeg] marker=c4 avail_size_in_buf=262135
2021-01-16 05:29:41.810 T:3970184064 DEBUG: ffmpeg[ECA43380]: [mjpeg] class=0 index=0 nb_codes=10
2021-01-16 05:29:41.811 T:3903042432 INFO: ## CoreELEC Addon ## system::set_keyboard_layout ## us
2021-01-16 05:29:41.811 T:3970184064 DEBUG: ffmpeg[ECA43380]: [mjpeg] marker parser used 29 bytes (232 bits)
2021-01-16 05:29:41.813 T:3903042432 INFO: ## CoreELEC Addon ## system::set_keyboard_layout ## loadkmap < `ls -1 /usr/lib/keymaps/*/us.bmap`
2021-01-16 05:29:41.816 T:3970184064 DEBUG: ffmpeg[ECA43380]: [mjpeg] escaping removed 242216 bytes
2021-01-16 05:29:41.827 T:3961791360 DEBUG: ffmpeg[EC242380]: [mjpeg] decode frame unused 0 bytes
2021-01-16 05:29:41.830 T:3970184064 DEBUG: ffmpeg[ECA43380]: [mjpeg] marker=da avail_size_in_buf=262104
2021-01-16 05:29:41.830 T:3970184064 DEBUG: ffmpeg[ECA43380]: [mjpeg] component: 0
2021-01-16 05:29:41.843 T:3970184064 DEBUG: ffmpeg[ECA43380]: [mjpeg] marker parser used 19887 bytes (159095 bits)
2021-01-16 05:29:41.843 T:3970184064 DEBUG: ffmpeg[ECA43380]: [mjpeg] marker=c4 avail_size_in_buf=242179
2021-01-16 05:29:41.844 T:3970184064 DEBUG: ffmpeg[ECA43380]: [mjpeg] class=0 index=1 nb_codes=9
2021-01-16 05:29:41.844 T:3970184064 DEBUG: ffmpeg[ECA43380]: [mjpeg] marker parser used 28 bytes (224 bits)
2021-01-16 05:29:41.845 T:3970184064 DEBUG: ffmpeg[ECA43380]: [mjpeg] escaping removed 237998 bytes
2021-01-16 05:29:41.845 T:3970184064 DEBUG: ffmpeg[ECA43380]: [mjpeg] marker=da avail_size_in_buf=242149
2021-01-16 05:29:41.845 T:3970184064 DEBUG: ffmpeg[ECA43380]: [mjpeg] component: 1
2021-01-16 05:29:41.860 T:3970184064 DEBUG: ffmpeg[ECA43380]: [mjpeg] marker parser used 4150 bytes (33198 bits)
2021-01-16 05:29:41.860 T:3970184064 DEBUG: ffmpeg[ECA43380]: [mjpeg] marker=c4 avail_size_in_buf=237992
2021-01-16 05:29:41.861 T:3970184064 DEBUG: ffmpeg[ECA43380]: [mjpeg] class=0 index=1 nb_codes=8
2021-01-16 05:29:41.862 T:3970184064 DEBUG: ffmpeg[ECA43380]: [mjpeg] marker parser used 27 bytes (216 bits)
2021-01-16 05:29:41.863 T:3970184064 DEBUG: ffmpeg[ECA43380]: [mjpeg] escaping removed 233934 bytes
2021-01-16 05:29:41.863 T:3970184064 DEBUG: ffmpeg[ECA43380]: [mjpeg] marker=da avail_size_in_buf=237963
2021-01-16 05:29:41.864 T:3970184064 DEBUG: ffmpeg[ECA43380]: [mjpeg] component: 2
2021-01-16 05:29:41.865 T:3978576768 DEBUG: ffmpeg[ED244380]: [mjpeg] marker parser used 17 bytes (136 bits)
2021-01-16 05:29:41.865 T:3978576768 DEBUG: ffmpeg[ED244380]: [mjpeg] marker=c4 avail_size_in_buf=960300
2021-01-16 05:29:41.867 T:3978576768 DEBUG: ffmpeg[ED244380]: [mjpeg] class=0 index=0 nb_codes=9
2021-01-16 05:29:41.867 T:3978576768 DEBUG: ffmpeg[ED244380]: [mjpeg] marker parser used 28 bytes (224 bits)
2021-01-16 05:29:41.867 T:3978576768 DEBUG: ffmpeg[ED244380]: [mjpeg] escaping removed 926390 bytes
2021-01-16 05:29:41.871 T:3970184064 DEBUG: ffmpeg[ECA43380]: [mjpeg] marker parser used 4028 bytes (32219 bits)
2021-01-16 05:29:41.879 T:3978576768 DEBUG: ffmpeg[ED244380]: [mjpeg] marker=da avail_size_in_buf=960270
2021-01-16 05:29:41.879 T:3970184064 DEBUG: ffmpeg[ECA43380]: [mjpeg] marker=c4 avail_size_in_buf=233923
2021-01-16 05:29:41.887 T:3978576768 DEBUG: ffmpeg[ED244380]: [mjpeg] component: 0
2021-01-16 05:29:41.887 T:3970184064 DEBUG: ffmpeg[ECA43380]: [mjpeg] class=1 index=0 nb_codes=243
2021-01-16 05:29:41.888 T:3970184064 DEBUG: ffmpeg[ECA43380]: [mjpeg] marker parser used 82 bytes (656 bits)
2021-01-16 05:29:41.889 T:3970184064 DEBUG: ffmpeg[ECA43380]: [mjpeg] escaping removed 168954 bytes
2021-01-16 05:29:41.890 T:3970184064 DEBUG: ffmpeg[ECA43380]: [mjpeg] marker=da avail_size_in_buf=233839
2021-01-16 05:29:41.891 T:3970184064 DEBUG: ffmpeg[ECA43380]: [mjpeg] component: 0
2021-01-16 05:29:41.898 T:3970184064 DEBUG: ffmpeg[ECA43380]: [mjpeg] marker parser used 64884 bytes (519067 bits)
2021-01-16 05:29:41.909 T:3970184064 DEBUG: ffmpeg[ECA43380]: [mjpeg] marker=c4 avail_size_in_buf=168663
2021-01-16 05:29:41.910 T:3970184064 DEBUG: ffmpeg[ECA43380]: [mjpeg] class=1 index=0 nb_codes=242
2021-01-16 05:29:41.910 T:3970184064 DEBUG: ffmpeg[ECA43380]: [mjpeg] marker parser used 42 bytes (336 bits)
2021-01-16 05:29:41.911 T:3970184064 DEBUG: ffmpeg[ECA43380]: [mjpeg] escaping removed 120308 bytes
2021-01-16 05:29:41.911 T:3970184064 DEBUG: ffmpeg[ECA43380]: [mjpeg] marker=da avail_size_in_buf=168619
2021-01-16 05:29:41.912 T:3970184064 DEBUG: ffmpeg[ECA43380]: [mjpeg] component: 0
2021-01-16 05:29:41.925 T:3970184064 DEBUG: ffmpeg[ECA43380]: [mjpeg] marker parser used 48310 bytes (386473 bits)
2021-01-16 05:29:41.926 T:3970184064 DEBUG: ffmpeg[ECA43380]: [mjpeg] marker=c4 avail_size_in_buf=120186
2021-01-16 05:29:41.926 T:3970184064 DEBUG: ffmpeg[ECA43380]: [mjpeg] class=1 index=0 nb_codes=242
2021-01-16 05:29:41.927 T:3970184064 DEBUG: ffmpeg[ECA43380]: [mjpeg] marker parser used 40 bytes (320 bits)
2021-01-16 05:29:41.927 T:3970184064 DEBUG: ffmpeg[ECA43380]: [mjpeg] escaping removed 36085 bytes
2021-01-16 05:29:41.928 T:3970184064 DEBUG: ffmpeg[ECA43380]: [mjpeg] marker=da avail_size_in_buf=120144
2021-01-16 05:29:41.928 T:3970184064 DEBUG: ffmpeg[ECA43380]: [mjpeg] component: 0
2021-01-16 05:29:41.934 T:3978576768 DEBUG: ffmpeg[ED244380]: [mjpeg] marker parser used 33879 bytes (271029 bits)
2021-01-16 05:29:41.935 T:3978576768 DEBUG: ffmpeg[ED244380]: [mjpeg] marker=c4 avail_size_in_buf=926312
2021-01-16 05:29:41.936 T:3978576768 DEBUG: ffmpeg[ED244380]: [mjpeg] class=0 index=1 nb_codes=8
2021-01-16 05:29:41.936 T:3978576768 DEBUG: ffmpeg[ED244380]: [mjpeg] marker parser used 27 bytes (216 bits)
2021-01-16 05:29:41.936 T:3978576768 DEBUG: ffmpeg[ED244380]: [mjpeg] escaping removed 919025 bytes
2021-01-16 05:29:41.936 T:3978576768 DEBUG: ffmpeg[ED244380]: [mjpeg] marker=da avail_size_in_buf=926283
2021-01-16 05:29:41.936 T:3978576768 DEBUG: ffmpeg[ED244380]: [mjpeg] component: 1
2021-01-16 05:29:41.940 T:3978576768 DEBUG: ffmpeg[ED244380]: [mjpeg] marker parser used 7257 bytes (58050 bits)
2021-01-16 05:29:41.940 T:3978576768 DEBUG: ffmpeg[ED244380]: [mjpeg] marker=c4 avail_size_in_buf=919005
2021-01-16 05:29:41.940 T:3978576768 DEBUG: ffmpeg[ED244380]: [mjpeg] class=0 index=1 nb_codes=8
2021-01-16 05:29:41.940 T:3978576768 DEBUG: ffmpeg[ED244380]: [mjpeg] marker parser used 27 bytes (216 bits)
2021-01-16 05:29:41.940 T:3978576768 DEBUG: ffmpeg[ED244380]: [mjpeg] escaping removed 910899 bytes
2021-01-16 05:29:41.940 T:3978576768 DEBUG: ffmpeg[ED244380]: [mjpeg] marker=da avail_size_in_buf=918976
2021-01-16 05:29:41.941 T:3978576768 DEBUG: ffmpeg[ED244380]: [mjpeg] component: 2
2021-01-16 05:29:41.945 T:3978576768 DEBUG: ffmpeg[ED244380]: [mjpeg] marker parser used 8076 bytes (64602 bits)
2021-01-16 05:29:41.945 T:3978576768 DEBUG: ffmpeg[ED244380]: [mjpeg] marker=c4 avail_size_in_buf=910888
2021-01-16 05:29:41.946 T:3970184064 DEBUG: ffmpeg[ECA43380]: [mjpeg] marker parser used 84058 bytes (672459 bits)
2021-01-16 05:29:41.946 T:3978576768 DEBUG: ffmpeg[ED244380]: [mjpeg] class=1 index=0 nb_codes=162
2021-01-16 05:29:41.947 T:3970184064 DEBUG: ffmpeg[ECA43380]: [mjpeg] marker=c4 avail_size_in_buf=35918
2021-01-16 05:29:41.947 T:3978576768 DEBUG: ffmpeg[ED244380]: [mjpeg] marker parser used 64 bytes (512 bits)
2021-01-16 05:29:41.948 T:3970184064 DEBUG: ffmpeg[ECA43380]: [mjpeg] class=1 index=1 nb_codes=33
2021-01-16 05:29:41.949 T:3970184064 DEBUG: ffmpeg[ECA43380]: [mjpeg] marker parser used 35 bytes (280 bits)
2021-01-16 05:29:41.949 T:3970184064 DEBUG: ffmpeg[ECA43380]: [mjpeg] escaping removed 29722 bytes
2021-01-16 05:29:41.950 T:3970184064 DEBUG: ffmpeg[ECA43380]: [mjpeg] marker=da avail_size_in_buf=35881
2021-01-16 05:29:41.950 T:3970184064 DEBUG: ffmpeg[ECA43380]: [mjpeg] component: 1
2021-01-16 05:29:41.951 T:3970184064 DEBUG: ffmpeg[ECA43380]: [mjpeg] marker parser used 6158 bytes (49262 bits)
2021-01-16 05:29:41.951 T:3970184064 DEBUG: ffmpeg[ECA43380]: [mjpeg] marker=c4 avail_size_in_buf=29705
2021-01-16 05:29:41.951 T:3970184064 DEBUG: ffmpeg[ECA43380]: [mjpeg] class=1 index=1 nb_codes=178
2021-01-16 05:29:41.952 T:3970184064 DEBUG: ffmpeg[ECA43380]: [mjpeg] marker parser used 61 bytes (488 bits)
2021-01-16 05:29:41.952 T:3970184064 DEBUG: ffmpeg[ECA43380]: [mjpeg] escaping removed 17577 bytes
2021-01-16 05:29:41.952 T:3970184064 DEBUG: ffmpeg[ECA43380]: [mjpeg] marker=da avail_size_in_buf=29642
2021-01-16 05:29:41.952 T:3970184064 DEBUG: ffmpeg[ECA43380]: [mjpeg] component: 1
2021-01-16 05:29:41.953 T:3970184064 DEBUG: ffmpeg[ECA43380]: [mjpeg] marker parser used 12064 bytes (96511 bits)
2021-01-16 05:29:41.954 T:3970184064 DEBUG: ffmpeg[ECA43380]: [mjpeg] marker=c4 avail_size_in_buf=17529
2021-01-16 05:29:41.954 T:3970184064 DEBUG: ffmpeg[ECA43380]: [mjpeg] class=1 index=1 nb_codes=65
2021-01-16 05:29:41.955 T:3970184064 DEBUG: ffmpeg[ECA43380]: [mjpeg] marker parser used 37 bytes (296 bits)
2021-01-16 05:29:41.955 T:3970184064 DEBUG: ffmpeg[ECA43380]: [mjpeg] escaping removed 11599 bytes
2021-01-16 05:29:41.956 T:3970184064 DEBUG: ffmpeg[ECA43380]: [mjpeg] marker=da avail_size_in_buf=17490
2021-01-16 05:29:41.956 T:3970184064 DEBUG: ffmpeg[ECA43380]: [mjpeg] component: 2
2021-01-16 05:29:41.957 T:3978576768 DEBUG: ffmpeg[ED244380]: [mjpeg] escaping removed 637812 bytes
2021-01-16 05:29:41.957 T:3978576768 DEBUG: ffmpeg[ED244380]: [mjpeg] marker=da avail_size_in_buf=910822
2021-01-16 05:29:41.970 T:3970184064 DEBUG: ffmpeg[ECA43380]: [mjpeg] marker parser used 5890 bytes (47118 bits)
2021-01-16 05:29:41.970 T:3978576768 DEBUG: ffmpeg[ED244380]: [mjpeg] component: 0
2021-01-16 05:29:41.971 T:3970184064 DEBUG: ffmpeg[ECA43380]: [mjpeg] marker=c4 avail_size_in_buf=11575
2021-01-16 05:29:41.971 T:3970184064 DEBUG: ffmpeg[ECA43380]: [mjpeg] class=1 index=1 nb_codes=194
2021-01-16 05:29:41.972 T:3970184064 DEBUG: ffmpeg[ECA43380]: [mjpeg] marker parser used 64 bytes (512 bits)
2021-01-16 05:29:41.972 T:3970184064 DEBUG: ffmpeg[ECA43380]: [mjpeg] escaping removed 36 bytes
2021-01-16 05:29:41.972 T:3970184064 DEBUG: ffmpeg[ECA43380]: [mjpeg] marker=da avail_size_in_buf=11509
2021-01-16 05:29:41.973 T:3970184064 DEBUG: ffmpeg[ECA43380]: [mjpeg] component: 2
2021-01-16 05:29:41.976 T:3970184064 DEBUG: ffmpeg[ECA43380]: [mjpeg] marker parser used 11472 bytes (91772 bits)
2021-01-16 05:29:41.976 T:3970184064 DEBUG: ffmpeg[ECA43380]: [mjpeg] marker=d9 avail_size_in_buf=0
2021-01-16 05:29:42.024 T:3978576768 DEBUG: ffmpeg[ED244380]: [mjpeg] marker parser used 273009 bytes (2184065 bits)
2021-01-16 05:29:42.025 T:3978576768 DEBUG: ffmpeg[ED244380]: [mjpeg] marker=c4 avail_size_in_buf=636940
2021-01-16 05:29:42.025 T:3978576768 DEBUG: ffmpeg[ED244380]: [mjpeg] class=1 index=0 nb_codes=243
2021-01-16 05:29:42.027 T:3978576768 DEBUG: ffmpeg[ED244380]: [mjpeg] marker parser used 80 bytes (640 bits)
2021-01-16 05:29:42.034 T:3978576768 DEBUG: ffmpeg[ED244380]: [mjpeg] escaping removed 92028 bytes
2021-01-16 05:29:42.034 T:3978576768 DEBUG: ffmpeg[ED244380]: [mjpeg] marker=da avail_size_in_buf=636858
2021-01-16 05:29:42.035 T:3978576768 DEBUG: ffmpeg[ED244380]: [mjpeg] component: 0
2021-01-16 05:29:42.044 T:3970184064 DEBUG: ffmpeg[ECA43380]: [mjpeg] decode frame unused 0 bytes
2021-01-16 05:29:42.053 T:3970184064 DEBUG: ffmpeg[ECA43380]: [swscaler] No accelerated colorspace conversion found from yuv420p to bgra.
2021-01-16 05:29:42.107 T:3978576768 DEBUG: ffmpeg[ED244380]: [mjpeg] marker parser used 544829 bytes (4358628 bits)
2021-01-16 05:29:42.108 T:3978576768 DEBUG: ffmpeg[ED244380]: [mjpeg] marker=c4 avail_size_in_buf=90032
2021-01-16 05:29:42.108 T:3978576768 DEBUG: ffmpeg[ED244380]: [mjpeg] class=1 index=1 nb_codes=226
2021-01-16 05:29:42.108 T:3978576768 DEBUG: ffmpeg[ED244380]: [mjpeg] marker parser used 59 bytes (472 bits)
2021-01-16 05:29:42.108 T:3978576768 DEBUG: ffmpeg[ED244380]: [mjpeg] escaping removed 75528 bytes
2021-01-16 05:29:42.108 T:3978576768 DEBUG: ffmpeg[ED244380]: [mjpeg] marker=da avail_size_in_buf=89971
2021-01-16 05:29:42.108 T:3978576768 DEBUG: ffmpeg[ED244380]: [mjpeg] component: 1
2021-01-16 05:29:42.113 T:3978576768 DEBUG: ffmpeg[ED244380]: [mjpeg] marker parser used 14442 bytes (115529 bits)
2021-01-16 05:29:42.113 T:3978576768 DEBUG: ffmpeg[ED244380]: [mjpeg] marker=c4 avail_size_in_buf=75468
2021-01-16 05:29:42.113 T:3978576768 DEBUG: ffmpeg[ED244380]: [mjpeg] class=1 index=1 nb_codes=242
2021-01-16 05:29:42.116 T:3978576768 DEBUG: ffmpeg[ED244380]: [mjpeg] marker parser used 63 bytes (504 bits)
2021-01-16 05:29:42.117 T:3978576768 DEBUG: ffmpeg[ED244380]: [mjpeg] escaping removed 55752 bytes
2021-01-16 05:29:42.117 T:3978576768 DEBUG: ffmpeg[ED244380]: [mjpeg] marker=da avail_size_in_buf=75403
2021-01-16 05:29:42.117 T:3978576768 DEBUG: ffmpeg[ED244380]: [mjpeg] component: 2
2021-01-16 05:29:42.126 T:3970184064 DEBUG: Caching image 'https://image.tmdb.org/t/p/original/zOUSzIiGhfB05ZBI2SnMyu68ChP.jpg' to '7/7ebf4af7.jpg':
2021-01-16 05:29:42.127 T:3978576768 DEBUG: ffmpeg[ED244380]: [mjpeg] marker parser used 19650 bytes (157200 bits)
2021-01-16 05:29:42.127 T:3978576768 DEBUG: ffmpeg[ED244380]: [mjpeg] marker=c4 avail_size_in_buf=55681
2021-01-16 05:29:42.128 T:3970184064 DEBUG: ffmpeg[ECA43380]: [swscaler] Forcing full internal H chroma due to input having non subsampled chroma
2021-01-16 05:29:42.134 T:3978576768 DEBUG: ffmpeg[ED244380]: [mjpeg] class=1 index=1 nb_codes=242
2021-01-16 05:29:42.135 T:3978576768 DEBUG: ffmpeg[ED244380]: [mjpeg] marker parser used 40 bytes (320 bits)
2021-01-16 05:29:42.135 T:3978576768 DEBUG: ffmpeg[ED244380]: [mjpeg] escaping removed 29020 bytes
2021-01-16 05:29:42.135 T:3978576768 DEBUG: ffmpeg[ED244380]: [mjpeg] marker=da avail_size_in_buf=55639
2021-01-16 05:29:42.135 T:3978576768 DEBUG: ffmpeg[ED244380]: [mjpeg] component: 1
2021-01-16 05:29:42.140 T:3978576768 DEBUG: ffmpeg[ED244380]: [mjpeg] marker parser used 26618 bytes (212942 bits)
2021-01-16 05:29:42.140 T:3978576768 DEBUG: ffmpeg[ED244380]: [mjpeg] marker=c4 avail_size_in_buf=28927
2021-01-16 05:29:42.140 T:3978576768 DEBUG: ffmpeg[ED244380]: [mjpeg] class=1 index=1 nb_codes=242
2021-01-16 05:29:42.141 T:3978576768 DEBUG: ffmpeg[ED244380]: [mjpeg] marker parser used 40 bytes (320 bits)
2021-01-16 05:29:42.141 T:3978576768 DEBUG: ffmpeg[ED244380]: [mjpeg] escaping removed 49 bytes
2021-01-16 05:29:42.141 T:3978576768 DEBUG: ffmpeg[ED244380]: [mjpeg] marker=da avail_size_in_buf=28885
2021-01-16 05:29:42.141 T:3978576768 DEBUG: ffmpeg[ED244380]: [mjpeg] component: 2
2021-01-16 05:29:42.149 T:3978576768 DEBUG: ffmpeg[ED244380]: [mjpeg] marker parser used 28835 bytes (230678 bits)
2021-01-16 05:29:42.150 T:3978576768 DEBUG: ffmpeg[ED244380]: [mjpeg] marker=d9 avail_size_in_buf=0
2021-01-16 05:29:42.197 T:3978576768 DEBUG: ffmpeg[ED244380]: [mjpeg] decode frame unused 0 bytes
2021-01-16 05:29:42.219 T:3978576768 DEBUG: ffmpeg[ED244380]: [swscaler] No accelerated colorspace conversion found from yuv420p to bgra.
2021-01-16 05:29:42.354 T:3978576768 DEBUG: Caching image 'https://image.tmdb.org/t/p/original/oLyhQeHWCaIxSdycqY73fdvuEET.jpg' to 'c/c72e4038.jpg':
2021-01-16 05:29:42.357 T:3978576768 DEBUG: ffmpeg[ED244380]: [swscaler] Forcing full internal H chroma due to input having non subsampled chroma
2021-01-16 05:29:42.562 T:3961791360 DEBUG: Caching image 'https://image.tmdb.org/t/p/original/omcuhvtWzxg8A9pYKd8y0SeYJw6.jpg' to '1/1f4191c1.jpg':
2021-01-16 05:29:42.563 T:3961791360 DEBUG: ffmpeg[EC242380]: [swscaler] Forcing full internal H chroma due to odd output size
2021-01-16 05:29:42.563 T:3961791360 DEBUG: ffmpeg[EC242380]: [swscaler] Forcing full internal H chroma due to input having non subsampled chroma
2021-01-16 05:29:42.629 T:3903042432 INFO: ## CoreELEC Addon ## updates::updateThread ## Started
2021-01-16 05:29:42.677 T:3746550656 DEBUG: CCurlFile::GetMimeType - https://image.tmdb.org/t/p/original/uyaIIL6Jld5m3vhHSFl2n2BeGBr.jpg -> image/jpeg
2021-01-16 05:29:42.679 T:3746550656 DEBUG: CurlFile::Open(0x38ba0b0) https://image.tmdb.org/t/p/original/uyaIIL6Jld5m3vhHSFl2n2BeGBr.jpg
2021-01-16 05:29:42.727 T:3970184064 DEBUG: cached image 'special://masterprofile/Thumbnails/7/7ebf4af7.jpg' size 480x720
2021-01-16 05:29:42.730 T:3970184064 DEBUG: ffmpeg[ECA43380]: [mjpeg] intra_quant_bias = 96 inter_quant_bias = 0
2021-01-16 05:29:43.092 T:3746550656 DEBUG: ffmpeg[DF4FD380]: [mjpeg] marker=d8 avail_size_in_buf=288050
2021-01-16 05:29:43.092 T:3746550656 DEBUG: ffmpeg[DF4FD380]: [mjpeg] marker parser used 0 bytes (0 bits)
2021-01-16 05:29:43.093 T:3746550656 DEBUG: ffmpeg[DF4FD380]: [mjpeg] marker=e0 avail_size_in_buf=288048
2021-01-16 05:29:43.093 T:3746550656 DEBUG: ffmpeg[DF4FD380]: [mjpeg] marker parser used 16 bytes (128 bits)
2021-01-16 05:29:43.093 T:3746550656 DEBUG: ffmpeg[DF4FD380]: [mjpeg] marker=db avail_size_in_buf=288030
2021-01-16 05:29:43.093 T:3746550656 DEBUG: ffmpeg[DF4FD380]: [mjpeg] index=0
2021-01-16 05:29:43.093 T:3746550656 DEBUG: ffmpeg[DF4FD380]: [mjpeg] qscale[0]: 3
2021-01-16 05:29:43.093 T:3746550656 DEBUG: ffmpeg[DF4FD380]: [mjpeg] index=1
2021-01-16 05:29:43.093 T:3746550656 DEBUG: ffmpeg[DF4FD380]: [mjpeg] qscale[1]: 3
2021-01-16 05:29:43.093 T:3746550656 DEBUG: ffmpeg[DF4FD380]: [mjpeg] marker parser used 132 bytes (1056 bits)
2021-01-16 05:29:43.093 T:3746550656 DEBUG: ffmpeg[DF4FD380]: [mjpeg] marker=c2 avail_size_in_buf=287896
2021-01-16 05:29:43.093 T:3746550656 DEBUG: ffmpeg[DF4FD380]: [mjpeg] Changing bps from 0 to 8
2021-01-16 05:29:43.093 T:3746550656 DEBUG: ffmpeg[DF4FD380]: [mjpeg] sof0: picture: 1000x1500
2021-01-16 05:29:43.094 T:3746550656 DEBUG: ffmpeg[DF4FD380]: [mjpeg] component 0 2:2 id: 0 quant:0
2021-01-16 05:29:43.094 T:3746550656 DEBUG: ffmpeg[DF4FD380]: [mjpeg] component 1 1:1 id: 1 quant:1
2021-01-16 05:29:43.094 T:3746550656 DEBUG: ffmpeg[DF4FD380]: [mjpeg] component 2 1:1 id: 2 quant:1
2021-01-16 05:29:43.094 T:3746550656 DEBUG: ffmpeg[DF4FD380]: [mjpeg] pix fmt id 22111100
2021-01-16 05:29:43.094 T:3746550656 DEBUG: ffmpeg[DF4FD380]: [mjpeg] Format yuvj420p chosen by get_format().
2021-01-16 05:29:43.117 T:3903042432 INFO: ## CoreELEC Addon ## updates::set_auto_update ## auto
2021-01-16 05:29:43.129 T:3746550656 DEBUG: ffmpeg[DF4FD380]: [mjpeg] marker parser used 17 bytes (136 bits)
2021-01-16 05:29:43.129 T:3746550656 DEBUG: ffmpeg[DF4FD380]: [mjpeg] marker=c4 avail_size_in_buf=287877
2021-01-16 05:29:43.129 T:3746550656 DEBUG: ffmpeg[DF4FD380]: [mjpeg] class=0 index=0 nb_codes=10
2021-01-16 05:29:43.130 T:3746550656 DEBUG: ffmpeg[DF4FD380]: [mjpeg] marker parser used 29 bytes (232 bits)
2021-01-16 05:29:43.131 T:3746550656 DEBUG: ffmpeg[DF4FD380]: [mjpeg] escaping removed 268788 bytes
2021-01-16 05:29:43.131 T:3746550656 DEBUG: ffmpeg[DF4FD380]: [mjpeg] marker=da avail_size_in_buf=287846
2021-01-16 05:29:43.131 T:3746550656 DEBUG: ffmpeg[DF4FD380]: [mjpeg] component: 0
2021-01-16 05:29:43.141 T:3746550656 DEBUG: ffmpeg[DF4FD380]: [mjpeg] marker parser used 19057 bytes (152451 bits)
2021-01-16 05:29:43.142 T:3746550656 DEBUG: ffmpeg[DF4FD380]: [mjpeg] marker=c4 avail_size_in_buf=268761
2021-01-16 05:29:43.142 T:3746550656 DEBUG: ffmpeg[DF4FD380]: [mjpeg] class=0 index=1 nb_codes=8
2021-01-16 05:29:43.143 T:3746550656 DEBUG: ffmpeg[DF4FD380]: [mjpeg] marker parser used 27 bytes (216 bits)
2021-01-16 05:29:43.143 T:3746550656 DEBUG: ffmpeg[DF4FD380]: [mjpeg] escaping removed 264731 bytes
2021-01-16 05:29:43.144 T:3746550656 DEBUG: ffmpeg[DF4FD380]: [mjpeg] marker=da avail_size_in_buf=268732
2021-01-16 05:29:43.144 T:3746550656 DEBUG: ffmpeg[DF4FD380]: [mjpeg] component: 1
2021-01-16 05:29:43.147 T:3746550656 DEBUG: ffmpeg[DF4FD380]: [mjpeg] marker parser used 4000 bytes (31997 bits)
2021-01-16 05:29:43.148 T:3746550656 DEBUG: ffmpeg[DF4FD380]: [mjpeg] marker=c4 avail_size_in_buf=264727
2021-01-16 05:29:43.148 T:3746550656 DEBUG: ffmpeg[DF4FD380]: [mjpeg] class=0 index=1 nb_codes=8
2021-01-16 05:29:43.148 T:3746550656 DEBUG: ffmpeg[DF4FD380]: [mjpeg] marker parser used 27 bytes (216 bits)
2021-01-16 05:29:43.148 T:3746550656 DEBUG: ffmpeg[DF4FD380]: [mjpeg] escaping removed 260834 bytes
2021-01-16 05:29:43.149 T:3746550656 DEBUG: ffmpeg[DF4FD380]: [mjpeg] marker=da avail_size_in_buf=264698
2021-01-16 05:29:43.149 T:3746550656 DEBUG: ffmpeg[DF4FD380]: [mjpeg] component: 2
2021-01-16 05:29:43.156 T:3746550656 DEBUG: ffmpeg[DF4FD380]: [mjpeg] marker parser used 3863 bytes (30903 bits)
2021-01-16 05:29:43.157 T:3746550656 DEBUG: ffmpeg[DF4FD380]: [mjpeg] marker=c4 avail_size_in_buf=260823
2021-01-16 05:29:43.157 T:3746550656 DEBUG: ffmpeg[DF4FD380]: [mjpeg] class=1 index=0 nb_codes=210
2021-01-16 05:29:43.157 T:3746550656 DEBUG: ffmpeg[DF4FD380]: [mjpeg] marker parser used 61 bytes (488 bits)
2021-01-16 05:29:43.157 T:3746550656 DEBUG: ffmpeg[DF4FD380]: [mjpeg] escaping removed 236820 bytes
2021-01-16 05:29:43.158 T:3746550656 DEBUG: ffmpeg[DF4FD380]: [mjpeg] marker=da avail_size_in_buf=260760
2021-01-16 05:29:43.158 T:3746550656 DEBUG: ffmpeg[DF4FD380]: [mjpeg] component: 0
2021-01-16 05:29:43.161 T:3746550656 DEBUG: ffmpeg[DF4FD380]: [mjpeg] marker parser used 23939 bytes (191505 bits)
2021-01-16 05:29:43.161 T:3746550656 DEBUG: ffmpeg[DF4FD380]: [mjpeg] marker=c4 avail_size_in_buf=236718
2021-01-16 05:29:43.162 T:3746550656 DEBUG: ffmpeg[DF4FD380]: [mjpeg] class=1 index=0 nb_codes=242
2021-01-16 05:29:43.162 T:3746550656 DEBUG: ffmpeg[DF4FD380]: [mjpeg] marker parser used 42 bytes (336 bits)
2021-01-16 05:29:43.162 T:3746550656 DEBUG: ffmpeg[DF4FD380]: [mjpeg] escaping removed 211647 bytes
2021-01-16 05:29:43.162 T:3746550656 DEBUG: ffmpeg[DF4FD380]: [mjpeg] marker=da avail_size_in_buf=236674
2021-01-16 05:29:43.162 T:3746550656 DEBUG: ffmpeg[DF4FD380]: [mjpeg] component: 0
2021-01-16 05:29:43.174 T:3746550656 DEBUG: ffmpeg[DF4FD380]: [mjpeg] marker parser used 25026 bytes (200202 bits)
2021-01-16 05:29:43.175 T:3746550656 DEBUG: ffmpeg[DF4FD380]: [mjpeg] marker=c4 avail_size_in_buf=211575
2021-01-16 05:29:43.175 T:3746550656 DEBUG: ffmpeg[DF4FD380]: [mjpeg] class=1 index=0 nb_codes=242
2021-01-16 05:29:43.175 T:3746550656 DEBUG: ffmpeg[DF4FD380]: [mjpeg] marker parser used 40 bytes (320 bits)
2021-01-16 05:29:43.176 T:3746550656 DEBUG: ffmpeg[DF4FD380]: [mjpeg] escaping removed 157798 bytes
2021-01-16 05:29:43.176 T:3746550656 DEBUG: ffmpeg[DF4FD380]: [mjpeg] marker=da avail_size_in_buf=211533
2021-01-16 05:29:43.176 T:3746550656 DEBUG: ffmpeg[DF4FD380]: [mjpeg] component: 0
2021-01-16 05:29:43.198 T:3746550656 DEBUG: ffmpeg[DF4FD380]: [mjpeg] marker parser used 53734 bytes (429868 bits)
2021-01-16 05:29:43.199 T:3746550656 DEBUG: ffmpeg[DF4FD380]: [mjpeg] marker=c4 avail_size_in_buf=157661
2021-01-16 05:29:43.199 T:3746550656 DEBUG: ffmpeg[DF4FD380]: [mjpeg] class=1 index=1 nb_codes=241
2021-01-16 05:29:43.200 T:3746550656 DEBUG: ffmpeg[DF4FD380]: [mjpeg] marker parser used 63 bytes (504 bits)
2021-01-16 05:29:43.200 T:3746550656 DEBUG: ffmpeg[DF4FD380]: [mjpeg] escaping removed 143832 bytes
2021-01-16 05:29:43.200 T:3746550656 DEBUG: ffmpeg[DF4FD380]: [mjpeg] marker=da avail_size_in_buf=157596
2021-01-16 05:29:43.200 T:3746550656 DEBUG: ffmpeg[DF4FD380]: [mjpeg] component: 1
2021-01-16 05:29:43.202 T:3746550656 DEBUG: ffmpeg[DF4FD380]: [mjpeg] marker parser used 13763 bytes (110100 bits)
2021-01-16 05:29:43.202 T:3746550656 DEBUG: ffmpeg[DF4FD380]: [mjpeg] marker=c4 avail_size_in_buf=143778
2021-01-16 05:29:43.203 T:3746550656 DEBUG: ffmpeg[DF4FD380]: [mjpeg] class=1 index=1 nb_codes=241
2021-01-16 05:29:43.203 T:3746550656 DEBUG: ffmpeg[DF4FD380]: [mjpeg] marker parser used 56 bytes (448 bits)
2021-01-16 05:29:43.204 T:3746550656 DEBUG: ffmpeg[DF4FD380]: [mjpeg] escaping removed 130094 bytes
2021-01-16 05:29:43.204 T:3746550656 DEBUG: ffmpeg[DF4FD380]: [mjpeg] marker=da avail_size_in_buf=143720
2021-01-16 05:29:43.204 T:3746550656 DEBUG: ffmpeg[DF4FD380]: [mjpeg] component: 2
2021-01-16 05:29:43.206 T:3746550656 DEBUG: ffmpeg[DF4FD380]: [mjpeg] marker parser used 13625 bytes (108993 bits)
2021-01-16 05:29:43.207 T:3746550656 DEBUG: ffmpeg[DF4FD380]: [mjpeg] marker=c4 avail_size_in_buf=130022
2021-01-16 05:29:43.207 T:3746550656 DEBUG: ffmpeg[DF4FD380]: [mjpeg] class=1 index=0 nb_codes=242
2021-01-16 05:29:43.207 T:3746550656 DEBUG: ffmpeg[DF4FD380]: [mjpeg] marker parser used 38 bytes (304 bits)
