2021-01-16 05:29:52.424 T:3581182848 INFO: ffmpeg[D5748380]: Metadata:
2021-01-16 05:29:52.424 T:3581182848 INFO: ffmpeg[D5748380]: title : Chapter 08
2021-01-16 05:29:52.424 T:3581182848 INFO: ffmpeg[D5748380]: Chapter #0:8: start 1674.673000, end 1850.306792
2021-01-16 05:29:52.424 T:3581182848 INFO: ffmpeg[D5748380]: Metadata:
2021-01-16 05:29:52.424 T:3581182848 INFO: ffmpeg[D5748380]: title : Chapter 09
2021-01-16 05:29:52.425 T:3581182848 INFO: ffmpeg[D5748380]: Chapter #0:9: start 1850.306792, end 2283.864917
2021-01-16 05:29:52.425 T:3581182848 INFO: ffmpeg[D5748380]: Metadata:
2021-01-16 05:29:52.425 T:3581182848 INFO: ffmpeg[D5748380]: title : Chapter 10
2021-01-16 05:29:52.425 T:3581182848 INFO: ffmpeg[D5748380]: Chapter #0:10: start 2283.864917, end 2607.813542
2021-01-16 05:29:52.425 T:3581182848 INFO: ffmpeg[D5748380]: Metadata:
2021-01-16 05:29:52.425 T:3581182848 INFO: ffmpeg[D5748380]: title : Chapter 11
2021-01-16 05:29:52.425 T:3581182848 INFO: ffmpeg[D5748380]: Chapter #0:11: start 2607.813542, end 2904.192958
2021-01-16 05:29:52.425 T:3581182848 INFO: ffmpeg[D5748380]: Metadata:
2021-01-16 05:29:52.425 T:3581182848 INFO: ffmpeg[D5748380]: title : Chapter 12
2021-01-16 05:29:52.425 T:3581182848 INFO: ffmpeg[D5748380]: Chapter #0:12: start 2904.192958, end 3055.260542
2021-01-16 05:29:52.425 T:3581182848 INFO: ffmpeg[D5748380]: Metadata:
2021-01-16 05:29:52.425 T:3581182848 INFO: ffmpeg[D5748380]: title : Chapter 13
2021-01-16 05:29:52.425 T:3581182848 INFO: ffmpeg[D5748380]: Chapter #0:13: start 3055.260542, end 3470.467000
2021-01-16 05:29:52.425 T:3581182848 INFO: ffmpeg[D5748380]: Metadata:
2021-01-16 05:29:52.425 T:3581182848 INFO: ffmpeg[D5748380]: title : Chapter 14
2021-01-16 05:29:52.425 T:3581182848 INFO: ffmpeg[D5748380]: Chapter #0:14: start 3470.467000, end 3692.522167
2021-01-16 05:29:52.425 T:3581182848 INFO: ffmpeg[D5748380]: Metadata:
2021-01-16 05:29:52.425 T:3581182848 INFO: ffmpeg[D5748380]: title : Chapter 15
2021-01-16 05:29:52.426 T:3581182848 INFO: ffmpeg[D5748380]: Chapter #0:15: start 3692.522167, end 3910.531625
2021-01-16 05:29:52.426 T:3581182848 INFO: ffmpeg[D5748380]: Metadata:
2021-01-16 05:29:52.426 T:3581182848 INFO: ffmpeg[D5748380]: title : Chapter 16
2021-01-16 05:29:52.426 T:3581182848 INFO: ffmpeg[D5748380]: Chapter #0:16: start 3910.531625, end 4107.603500
2021-01-16 05:29:52.426 T:3581182848 INFO: ffmpeg[D5748380]: Metadata:
2021-01-16 05:29:52.426 T:3581182848 INFO: ffmpeg[D5748380]: title : Chapter 17
2021-01-16 05:29:52.426 T:3581182848 INFO: ffmpeg[D5748380]: Chapter #0:17: start 4107.603500, end 4441.937500
2021-01-16 05:29:52.426 T:3581182848 INFO: ffmpeg[D5748380]: Metadata:
2021-01-16 05:29:52.426 T:3581182848 INFO: ffmpeg[D5748380]: title : Chapter 18
2021-01-16 05:29:52.426 T:3581182848 INFO: ffmpeg[D5748380]: Chapter #0:18: start 4441.937500, end 4630.917958
2021-01-16 05:29:52.426 T:3581182848 INFO: ffmpeg[D5748380]: Metadata:
2021-01-16 05:29:52.426 T:3581182848 INFO: ffmpeg[D5748380]: title : Chapter 19
2021-01-16 05:29:52.426 T:3581182848 INFO: ffmpeg[D5748380]: Chapter #0:19: start 4630.917958, end 4983.616000
2021-01-16 05:29:52.426 T:3581182848 INFO: ffmpeg[D5748380]: Metadata:
2021-01-16 05:29:52.426 T:3581182848 INFO: ffmpeg[D5748380]: title : Chapter 20
2021-01-16 05:29:52.427 T:3581182848 INFO: ffmpeg[D5748380]: Stream #0:0, 3, 1/1000: Video: hevc (Main 10), yuv420p10le(tv), 1800x1080, SAR 1:1 DAR 5:3, 23.98 fps, 23.98 tbr, 1k tbn, 23.98 tbc (default)
2021-01-16 05:29:52.427 T:3581182848 INFO: ffmpeg[D5748380]: Metadata:
2021-01-16 05:29:52.427 T:3581182848 INFO: ffmpeg[D5748380]: BPS-eng : 4898922
2021-01-16 05:29:52.427 T:3581182848 INFO: ffmpeg[D5748380]: DURATION-eng : 01:22:54.595000000
2021-01-16 05:29:52.427 T:3581182848 INFO: ffmpeg[D5748380]: NUMBER_OF_FRAMES-eng: 119271
2021-01-16 05:29:52.427 T:3581182848 INFO: ffmpeg[D5748380]: NUMBER_OF_BYTES-eng: 3046269590
2021-01-16 05:29:52.427 T:3581182848 INFO: ffmpeg[D5748380]: _STATISTICS_WRITING_APP-eng: mkvmerge v51.0.0 ('I Wish') 64-bit
2021-01-16 05:29:52.427 T:3581182848 INFO: ffmpeg[D5748380]: _STATISTICS_WRITING_DATE_UTC-eng:
2020-12-06 12:30:41
2021-01-16 05:29:52.428 T:3581182848 INFO: ffmpeg[D5748380]: _STATISTICS_TAGS-eng: BPS DURATION NUMBER_OF_FRAMES NUMBER_OF_BYTES
2021-01-16 05:29:52.428 T:3581182848 INFO: ffmpeg[D5748380]: Stream #0:1(ger), 15, 1/1000: Audio: ac3, 48000 Hz, 5.1(side), fltp, 640 kb/s
2021-01-16 05:29:52.428 T:3581182848 INFO: ffmpeg[D5748380]: Metadata:
2021-01-16 05:29:52.428 T:3581182848 INFO: ffmpeg[D5748380]: title : Surround 5.1
2021-01-16 05:29:52.428 T:3581182848 INFO: ffmpeg[D5748380]: BPS-eng : 640000
2021-01-16 05:29:52.428 T:3581182848 INFO: ffmpeg[D5748380]: DURATION-eng : 01:23:03.648000000
2021-01-16 05:29:52.429 T:3581182848 INFO: ffmpeg[D5748380]: NUMBER_OF_FRAMES-eng: 155739
2021-01-16 05:29:52.429 T:3581182848 INFO: ffmpeg[D5748380]: NUMBER_OF_BYTES-eng: 398691840
2021-01-16 05:29:52.429 T:3581182848 INFO: ffmpeg[D5748380]: _STATISTICS_WRITING_APP-eng: mkvmerge v51.0.0 ('I Wish') 64-bit
2021-01-16 05:29:52.429 T:3581182848 INFO: ffmpeg[D5748380]: _STATISTICS_WRITING_DATE_UTC-eng:
2020-12-06 12:30:41
2021-01-16 05:29:52.429 T:3581182848 INFO: ffmpeg[D5748380]: _STATISTICS_TAGS-eng: BPS DURATION NUMBER_OF_FRAMES NUMBER_OF_BYTES
2021-01-16 05:29:52.429 T:3581182848 DEBUG: DVDDemuxFFmpeg::AddStream - fps:24000/1001 tbr:24000/1001 tbn:24000/1001
2021-01-16 05:29:52.429 T:3581182848 DEBUG: DVDDemuxFFmpeg::AddStream - fps:24000/1001p
2021-01-16 05:29:52.430 T:3581182848 DEBUG: CDVDDemuxFFmpeg::AddStream ID: 0
2021-01-16 05:29:52.430 T:3581182848 DEBUG: CDVDDemuxFFmpeg::AddStream ID: 1
2021-01-16 05:29:52.430 T:3581182848 DEBUG: CDVDInputStreamFile::SetReadRate - set cache throttle rate to 760628 bytes per second
2021-01-16 05:29:52.431 T:3581182848 NOTICE: Opening stream: 0 source: 256
2021-01-16 05:29:52.431 T:3581182848 NOTICE: CVideoPlayerVideo::OpenStream - Creating codec: 173
2021-01-16 05:29:52.431 T:3581182848 DEBUG: DVDVideoCodecAmlogic::Open - codec 173 profile:2 extra_size:2436 fps:24000/1001
2021-01-16 05:29:52.432 T:3581182848 INFO: CBitstreamConverter::Open bitstream to annexb init
2021-01-16 05:29:52.433 T:3581182848 DEBUG: SECTION:LoadDLL(libamcodec.so)
2021-01-16 05:29:52.436 T:3581182848 DEBUG: Loading: libamcodec.so
2021-01-16 05:29:52.443 T:3581182848 INFO: DVDVideoCodecAmlogic: Opened Amlogic Codec
2021-01-16 05:29:52.443 T:3581182848 DEBUG: CVideoPlayerVideo::OpenStream - open stream with codec id: 173 fps:24000/1001 options:02
2021-01-16 05:29:52.443 T:3581182848 NOTICE: Creating video thread
2021-01-16 05:29:52.444 T:3608322944 DEBUG: Thread VideoPlayerVideo start, auto delete: false
2021-01-16 05:29:52.444 T:3608322944 NOTICE: running thread: video_thread
2021-01-16 05:29:52.444 T:3608322944 DEBUG: CVideoPlayerVideo - CDVDMsg::GENERAL_PAUSE: 0
2021-01-16 05:29:52.444 T:3581182848 DEBUG: ReadEditDecisionLists - Checking for edit decision lists (EDL) on local drive or remote share for: nfs://192.168.178.9/export/Video/[Trick-Animation]/Cap und Capper (1981)/Cap.und.Capper.1981.German.AC3.1080p.BluRay.x265-own.mkv
2021-01-16 05:29:52.445 T:3746550656 DEBUG: CCurlFile::GetMimeType - https://image.tmdb.org/t/p/original/6OBLxmCseaeLwpKO9wN3oqPMDHQ.jpg -> image/jpeg
2021-01-16 05:29:52.446 T:3581182848 NOTICE: Opening stream: 1 source: 256
2021-01-16 05:29:52.447 T:3581182848 NOTICE: Finding audio codec for: 86019
2021-01-16 05:29:52.447 T:3581182848 NOTICE: Creating audio thread
2021-01-16 05:29:52.448 T:3269096320 DEBUG: Thread VideoPlayerAudio start, auto delete: false
2021-01-16 05:29:52.448 T:3269096320 NOTICE: running thread: CVideoPlayerAudio::Process()
2021-01-16 05:29:52.449 T:3581182848 DEBUG: Prepare - Start position set to last stopped position: 310000
2021-01-16 05:29:52.450 T:3269096320 DEBUG: CVideoPlayerAudio - CDVDMsg::GENERAL_PAUSE: 0
2021-01-16 05:29:52.469 T:4090851344 DEBUG: ------ Window Init (DialogBusy.xml) ------
2021-01-16 05:29:52.471 T:4090851344 DEBUG: CDirectoryProvider[library://video/movies/]: refreshing..
2021-01-16 05:29:52.472 T:4090851344 DEBUG: CDirectoryProvider[special://skin/playlists/inprogress_movies.xsp]: refreshing..
2021-01-16 05:29:52.472 T:4090851344 DEBUG: CDirectoryProvider[special://skin/playlists/recent_unwatched_movies.xsp]: refreshing..
2021-01-16 05:29:52.472 T:4090851344 DEBUG: CDirectoryProvider[special://skin/playlists/unwatched_movies.xsp]: refreshing..
2021-01-16 05:29:52.472 T:4090851344 DEBUG: CDirectoryProvider[special://skin/playlists/random_movies.xsp]: refreshing..
2021-01-16 05:29:52.473 T:4090851344 DEBUG: CDirectoryProvider[videodb://movies/genres/]: refreshing..
2021-01-16 05:29:52.475 T:3704460160 INFO: CFileCache::Process - Source read didn't return any data! Hit eof(?)
2021-01-16 05:29:52.477 T:3581182848 DEBUG: Seek - waiting for position 3446074610.
2021-01-16 05:29:52.488 T:3608322944 DEBUG: CVideoPlayerVideo - video decoder returned error
2021-01-16 05:29:52.507 T:3746550656 DEBUG: CCurlFile::GetMimeType - https://image.tmdb.org/t/p/original/eaHkOeGsaznmgru8z3ECiosZAAh.jpg -> image/jpeg
2021-01-16 05:29:52.529 T:3608322944 DEBUG: CVideoPlayerVideo - video decoder returned error
2021-01-16 05:29:52.534 T:3581182848 DEBUG: SeekTime - seek ended up on time 305.680
2021-01-16 05:29:52.534 T:3581182848 DEBUG: Prepare - starting demuxer from: 310000
2021-01-16 05:29:52.535 T:3581182848 DEBUG: CVideoPlayer::SetCaching - caching state 1 clock:310.000 start pts:-1.000
2021-01-16 05:29:52.536 T:3581182848 DEBUG: CDVDClock::SetSpeedAdjust - adjusted:0.000000
2021-01-16 05:29:52.536 T:3608322944 DEBUG: CAMLCodec::SetSpeed, speed(0)
2021-01-16 05:29:52.537 T:3581182848 DEBUG: CVideoPlayer::HandleMessages - player 2 reported state: 0
2021-01-16 05:29:52.538 T:3608322944 DEBUG: CAMLCodec::SetSpeed, speed(1000)
2021-01-16 05:29:52.539 T:3581182848 DEBUG: CVideoPlayer::HandleMessages - player 1 reported state: 0
2021-01-16 05:29:52.540 T:3978576768 DEBUG: OnAVChange: CApplication::OnAVChange
2021-01-16 05:29:52.542 T:3269096320 DEBUG: CDVDAudio::Pause - pausing audio stream
2021-01-16 05:29:52.547 T:3970184064 DEBUG: cached image 'special://masterprofile/Thumbnails/c/c6db6767.jpg' size 480x720
2021-01-16 05:29:52.548 T:3970184064 DEBUG: ffmpeg[ECA43380]: [mjpeg] intra_quant_bias = 96 inter_quant_bias = 0
2021-01-16 05:29:52.576 T:3746550656 DEBUG: CCurlFile::GetMimeType - https://image.tmdb.org/t/p/original/5b6eUi2w12ao24ug8cL5QqJFKig.jpg -> image/jpeg
2021-01-16 05:29:52.580 T:3608322944 DEBUG: CVideoPlayerVideo - video decoder returned error
2021-01-16 05:29:52.590 T:3581182848 DEBUG: CVideoPlayer::ProcessVideoData size:215054 dts:18442240474082.180 pts:305.680 dur:41.000ms, clock:305.180 level:0
2021-01-16 05:29:52.590 T:3608322944 INFO: CVideoPlayerVideo - Stillframe left, switching to normal playback
2021-01-16 05:29:52.591 T:3581182848 DEBUG: CVideoPlayer::SetCaching - caching state 1 clock:305.181 start pts:-1.000
2021-01-16 05:29:52.591 T:3608322944 DEBUG: CVideoPlayerVideo::CalcDropRequirement - hurry: 0
2021-01-16 05:29:52.591 T:3608322944 DEBUG: SetCodecControl 0->4000000
2021-01-16 05:29:52.592 T:3608322944 INFO: DVDVideoCodecAmlogic::AddData Open decoder: fps:24000/1001
2021-01-16 05:29:52.596 T:3608322944 DEBUG: codecid_to_vformat, id(173) -> vformat(11)
2021-01-16 05:29:52.597 T:3608322944 DEBUG: codec_tag_to_vdec_type, codec_tag(173) -> vdec_type(15)
2021-01-16 05:29:52.597 T:3608322944 DEBUG: CAMLCodec::OpenDecoder hints.width(1800), hints.height(1080), hints.codec(173), hints.codec_tag(0)
2021-01-16 05:29:52.597 T:3608322944 DEBUG: CAMLCodec::OpenDecoder hints.fpsrate(24000), hints.fpsscale(1001), video_rate(4004)
2021-01-16 05:29:52.598 T:3608322944 DEBUG: CAMLCodec::OpenDecoder hints.aspect(1.666667), video_ratio.num(1), video_ratio.den(1)
2021-01-16 05:29:52.603 T:3581182848 DEBUG: CDVDClock::SetSpeedAdjust - adjusted:0.000000
2021-01-16 05:29:52.606 T:3608322944 DEBUG: CAMLCodec::OpenDecoder hints.orientation(0), hints.forced_aspect(1), hints.extrasize(86)
2021-01-16 05:29:52.608 T:3269096320 DEBUG: CDVDAudio::Pause - pausing audio stream
2021-01-16 05:29:52.613 T:3581182848 DEBUG: CVideoPlayer::ProcessVideoData size:84591 dts:18442240474082.180 pts:305.931 dur:41.000ms, clock:305.431 level:0
2021-01-16 05:29:52.613 T:3269096320 INFO: CAEStreamParser::TrySyncAC3 - AC3 stream detected (6 channels, 48000Hz)
2021-01-16 05:29:52.616 T:3581182848 DEBUG: CVideoPlayer::CheckContinuity - wrapback :2, prev:305931000.000000, curr:305680000.000000, diff:-251000.000000
2021-01-16 05:29:52.617 T:3269096320 NOTICE: Creating audio stream (codec id: 86019, channels: 6, sample rate: 48000, pass-through)
2021-01-16 05:29:52.619 T:3581182848 DEBUG: CVideoPlayer::ProcessVideoData size:28717 dts:305.680 pts:305.805 dur:41.000ms, clock:305.431 level:0
2021-01-16 05:29:52.620 T:3581182848 DEBUG: CVideoPlayer::ProcessVideoData size:2665 dts:305.722 pts:305.722 dur:41.000ms, clock:305.431 level:0
2021-01-16 05:29:52.620 T:3581182848 DEBUG: CVideoPlayer::ProcessVideoData size:2946 dts:305.764 pts:305.764 dur:41.000ms, clock:305.431 level:0
2021-01-16 05:29:52.621 T:3581182848 DEBUG: CVideoPlayer::ProcessVideoData size:4595 dts:305.805 pts:305.847 dur:41.000ms, clock:305.431 level:0
2021-01-16 05:29:52.622 T:4068807552 DEBUG: ffmpeg[F2851380]: [SWR] Using fltp internally between filters
2021-01-16 05:29:52.622 T:3581182848 DEBUG: CVideoPlayer::ProcessVideoData size:5470 dts:305.847 pts:305.889 dur:41.000ms, clock:305.431 level:0
2021-01-16 05:29:52.626 T:3581182848 DEBUG: CVideoPlayer::ProcessVideoData size:92554 dts:305.889 pts:306.181 dur:41.000ms, clock:305.431 level:0
2021-01-16 05:29:52.628 T:3581182848 DEBUG: CVideoPlayer::ProcessVideoData size:46437 dts:305.931 pts:306.056 dur:41.000ms, clock:305.431 level:0
2021-01-16 05:29:52.629 T:4059034496 INFO: CActiveAESink::OpenSink - initialize sink
2021-01-16 05:29:52.630 T:4059034496 DEBUG: CActiveAESink::OpenSink - trying to open device ALSA:hdmi:CARD=AMLMESONAUDIO,DEV=0
2021-01-16 05:29:52.633 T:4059034496 INFO: CAESinkALSA::Initialize - Attempting to open device "hdmi:CARD=AMLMESONAUDIO,DEV=0"
2021-01-16 05:29:52.633 T:3746550656 DEBUG: CCurlFile::GetMimeType - https://image.tmdb.org/t/p/original/pVTafj1pKhXh5aGZItOSDtgBZuc.jpg -> image/jpeg
2021-01-16 05:29:52.642 T:3269096320 DEBUG: CVideoPlayerAudio:: synctype set to 0: clock feedback
2021-01-16 05:29:52.643 T:3269096320 ERROR: CAEStreamInfo::GetDuration - invalid stream type
2021-01-16 05:29:52.644 T:4059034496 ERROR: Previous line repeats 1 times.
2021-01-16 05:29:52.645 T:4059034496 INFO: CAESinkALSA::Initialize - Opened device "hdmi:CARD=AMLMESONAUDIO,DEV=0,AES0=0x06,AES1=0x82,AES2=0x00,AES3=0x02"
2021-01-16 05:29:52.645 T:4059034496 DEBUG: CAESinkALSA::InitializeHW - Request: periodSize 2400, bufferSize 9600
2021-01-16 05:29:52.649 T:3581182848 DEBUG: CVideoPlayer::ProcessVideoData size:5550 dts:305.972 pts:305.972 dur:41.000ms, clock:305.431 level:0
2021-01-16 05:29:52.649 T:4059034496 DEBUG: CAESinkALSA::InitializeHW - Got: periodSize 128, bufferSize 9600
2021-01-16 05:29:52.650 T:3581182848 DEBUG: CVideoPlayer::SetCaching - caching state 2 clock:305.431 start pts:-1.000
2021-01-16 05:29:52.650 T:3581182848 DEBUG: CDVDClock::SetSpeedAdjust - adjusted:0.000000
2021-01-16 05:29:52.653 T:3581182848 DEBUG: CVideoPlayer::ProcessVideoData size:8902 dts:306.014 pts:306.014 dur:41.000ms, clock:305.431 level:1
2021-01-16 05:29:52.655 T:3581182848 DEBUG: CVideoPlayer::ProcessVideoData size:9176 dts:306.056 pts:306.097 dur:41.000ms, clock:305.431 level:2
2021-01-16 05:29:52.655 T:3581182848 DEBUG: CVideoPlayer::ProcessVideoData size:8950 dts:306.097 pts:306.139 dur:41.000ms, clock:305.431 level:2
2021-01-16 05:29:52.658 T:4059034496 DEBUG: Audio Driver reports too low periodSize 128 - will use 2 fragments
2021-01-16 05:29:52.658 T:4059034496 DEBUG: CAESinkALSA::InitializeHW - Setting timeout to 200 ms
2021-01-16 05:29:52.659 T:4059034496 DEBUG: CAESinkALSA::GetChannelLayout - Input Channel Count: 2 Output Channel Count: 2
2021-01-16 05:29:52.660 T:4059034496 DEBUG: CAESinkALSA::GetChannelLayout - Requested Layout: RAW, RAW
2021-01-16 05:29:52.661 T:4059034496 DEBUG: CAESinkALSA::GetChannelLayout - Got Layout: RAW, RAW (ALSA: none)
2021-01-16 05:29:52.661 T:4059034496 DEBUG: CActiveAESink::OpenSink - ALSA Initialized:
2021-01-16 05:29:52.662 T:4059034496 DEBUG: Output Device : AML-MESONAUDIO
2021-01-16 05:29:52.662 T:4059034496 DEBUG: Sample Rate : 48000
2021-01-16 05:29:52.662 T:4059034496 DEBUG: Sample Format : AE_FMT_S16NE
2021-01-16 05:29:52.662 T:4059034496 DEBUG: Channel Count : 2
2021-01-16 05:29:52.662 T:4059034496 DEBUG: Channel Layout: RAW, RAW
2021-01-16 05:29:52.662 T:4059034496 DEBUG: Frames : 256
2021-01-16 05:29:52.662 T:4059034496 DEBUG: Frame Size : 4
2021-01-16 05:29:52.678 T:3746550656 DEBUG: CCurlFile::GetMimeType - https://image.tmdb.org/t/p/original/shIFxmFySt9CtGXMTXWBipsNOIs.jpg -> image/jpeg
2021-01-16 05:29:52.684 T:3581182848 DEBUG: CVideoPlayer::ProcessVideoData size:66443 dts:306.139 pts:306.431 dur:41.000ms, clock:305.431 level:3
2021-01-16 05:29:52.689 T:3581182848 DEBUG: CVideoPlayer::ProcessVideoData size:44640 dts:306.181 pts:306.306 dur:41.000ms, clock:305.431 level:3
2021-01-16 05:29:52.690 T:3608322944 DEBUG: CAMLCodec::AddData: dl:215136 sum:215050 sz:215050 dts:18442240474082.180 pts:305.680 overflow:0
2021-01-16 05:29:52.691 T:3608322944 DEBUG: CAMLCodec::GetTimeSize: len:1 dl:215136 fs:215050 front:215050
2021-01-16 05:29:52.692 T:3608322944 DEBUG: CAMLCodec::SetSpeed, speed(0)
2021-01-16 05:29:52.692 T:3608322944 DEBUG: CVideoPlayerVideo::CalcDropRequirement - hurry: 0
2021-01-16 05:29:52.694 T:3581182848 DEBUG: CVideoPlayer::ProcessVideoData size:8318 dts:306.223 pts:306.223 dur:41.000ms, clock:305.431 level:7
2021-01-16 05:29:52.696 T:3581182848 DEBUG: CVideoPlayer::ProcessVideoData size:10764 dts:306.264 pts:306.264 dur:41.000ms, clock:305.431 level:7
2021-01-16 05:29:52.699 T:3608322944 DEBUG: CAMLCodec::AddData: dl:299641 sum:299641 sz:84591 dts:18442240474082.180 pts:305.931 overflow:0
2021-01-16 05:29:52.699 T:3608322944 DEBUG: CAMLCodec::GetTimeSize: len:2 dl:299641 fs:299641 front:215050
2021-01-16 05:29:52.700 T:3581182848 DEBUG: CVideoPlayer::ProcessVideoData size:12307 dts:306.306 pts:306.348 dur:41.000ms, clock:305.431 level:8
2021-01-16 05:29:52.700 T:3608322944 DEBUG: CVideoPlayerVideo::CalcDropRequirement - hurry: 0
2021-01-16 05:29:52.701 T:3608322944 DEBUG: CAMLCodec::AddData: dl:328358 sum:328358 sz:28717 dts:305.680 pts:305.805 overflow:0
2021-01-16 05:29:52.701 T:3608322944 DEBUG: CAMLCodec::GetTimeSize: len:3 dl:328358 fs:328358 front:215050
2021-01-16 05:29:52.702 T:3608322944 DEBUG: CVideoPlayerVideo::CalcDropRequirement - hurry: 0
2021-01-16 05:29:52.703 T:3608322944 DEBUG: CAMLCodec::AddData: dl:331023 sum:331023 sz:2665 dts:305.722 pts:305.722 overflow:0
2021-01-16 05:29:52.704 T:3608322944 DEBUG: CAMLCodec::GetTimeSize: len:4 dl:331023 fs:331023 front:215050
2021-01-16 05:29:52.704 T:3608322944 DEBUG: CVideoPlayerVideo::CalcDropRequirement - hurry: 0
2021-01-16 05:29:52.705 T:3608322944 DEBUG: CAMLCodec::AddData: dl:333969 sum:333969 sz:2946 dts:305.764 pts:305.764 overflow:0
2021-01-16 05:29:52.706 T:3608322944 DEBUG: CAMLCodec::GetTimeSize: len:5 dl:333969 fs:333969 front:215050
2021-01-16 05:29:52.716 T:3608322944 DEBUG: CVideoPlayerVideo::CalcDropRequirement - hurry: 0
2021-01-16 05:29:52.718 T:3608322944 DEBUG: CAMLCodec::AddData: dl:338564 sum:338564 sz:4595 dts:305.805 pts:305.847 overflow:0
2021-01-16 05:29:52.718 T:3608322944 DEBUG: CAMLCodec::GetTimeSize: len:6 dl:338564 fs:338564 front:215050
2021-01-16 05:29:52.721 T:3581182848 DEBUG: CVideoPlayer::ProcessVideoData size:12115 dts:306.348 pts:306.389 dur:41.000ms, clock:305.431 level:6
2021-01-16 05:29:52.725 T:3608322944 DEBUG: CVideoPlayerVideo::CalcDropRequirement - hurry: 0
2021-01-16 05:29:52.727 T:3608322944 DEBUG: CAMLCodec::AddData: dl:344034 sum:344034 sz:5470 dts:305.847 pts:305.889 overflow:0
2021-01-16 05:29:52.728 T:3608322944 DEBUG: CAMLCodec::GetTimeSize: len:7 dl:344034 fs:344034 front:215050
2021-01-16 05:29:52.731 T:3581182848 DEBUG: CVideoPlayer::ProcessVideoData size:68425 dts:306.389 pts:306.556 dur:41.000ms, clock:305.431 level:6
2021-01-16 05:29:52.735 T:3608322944 DEBUG: CVideoPlayerVideo::CalcDropRequirement - hurry: 0
2021-01-16 05:29:52.740 T:3581182848 DEBUG: CVideoPlayer::ProcessVideoData size:24132 dts:306.431 pts:306.515 dur:41.000ms, clock:305.431 level:6
2021-01-16 05:29:52.745 T:3608322944 DEBUG: CAMLCodec::AddData: dl:221538 sum:436588 sz:92554 dts:305.889 pts:306.181 overflow:0
2021-01-16 05:29:52.752 T:3581182848 DEBUG: CVideoPlayer::ProcessVideoData size:12874 dts:306.473 pts:306.473 dur:41.000ms, clock:305.431 level:7
2021-01-16 05:29:52.756 T:3608322944 DEBUG: CAMLCodec::GetTimeSize: len:8 dl:108230 fs:436588 front:215050
2021-01-16 05:29:52.757 T:3608322944 DEBUG: CAMLCodec::GetTimeSize: len:7 dl:108230 fs:221538 front:84591
2021-01-16 05:29:52.758 T:3608322944 DEBUG: CAMLCodec::GetTimeSize: len:6 dl:108230 fs:136947 front:28717
2021-01-16 05:29:52.758 T:3608322944 DEBUG: CAMLCodec::GetTimeSize: len:5 dl:108230 fs:108230 front:2665
2021-01-16 05:29:52.759 T:3608322944 DEBUG: CAMLCodec::DequeueBuffer: pts:305.680 idx:0
2021-01-16 05:29:52.771 T:4068807552 DEBUG: CActiveAE::ClearDiscardedBuffers - buffer pool deleted
2021-01-16 05:29:52.771 T:3581182848 DEBUG: CVideoPlayer::ProcessVideoData size:65049 dts:306.515 pts:306.681 dur:41.000ms, clock:305.431 level:7
2021-01-16 05:29:52.774 T:3608322944 DEBUG: CAMLCodec::GetPicture: index: 0, pts: 305.680, dur:42ms ar:1.67
2021-01-16 05:29:52.774 T:4068807552 DEBUG: ffmpeg[F2851380]: [SWR] Using fltp internally between filters
2021-01-16 05:29:52.775 T:3581182848 DEBUG: CVideoPlayer::ProcessVideoData size:22876 dts:306.556 pts:306.640 dur:41.000ms, clock:305.431 level:8
2021-01-16 05:29:52.775 T:3608322944 DEBUG: CRenderManager::Configure - change configuration. 1800x1080. display: 1800x1080. framerate: 23.98.
2021-01-16 05:29:52.777 T:4090851344 DEBUG: DeleteRenderer - deleting renderer
2021-01-16 05:29:52.777 T:4090851344 DEBUG: LinuxRendererGLES: Cleaning up GLES resources
2021-01-16 05:29:52.779 T:4068807552 DEBUG: ffmpeg[F2851380]: [SWR] Using fltp internally between filters
2021-01-16 05:29:52.780 T:3581182848 DEBUG: CVideoPlayer::ProcessVideoData size:12316 dts:306.598 pts:306.598 dur:41.000ms, clock:305.431 level:8
2021-01-16 05:29:52.782 T:4068807552 DEBUG: CActiveAE::ClearDiscardedBuffers - buffer pool deleted
2021-01-16 05:29:52.785 T:3269096320 DEBUG: CDVDAudio::Pause - pausing audio stream
2021-01-16 05:29:52.790 T:3581182848 DEBUG: CVideoPlayer::HandleMessages - player started 1
2021-01-16 05:29:52.790 T:3978576768 DEBUG: OnAVChange: CApplication::OnAVChange
2021-01-16 05:29:52.796 T:3581182848 DEBUG: CVideoPlayer::ProcessVideoData size:40092 dts:306.640 pts:306.723 dur:41.000ms, clock:305.431 level:9
2021-01-16 05:29:52.799 T:3746550656 DEBUG: CCurlFile::GetMimeType - https://image.tmdb.org/t/p/original/7GhSiFhXOg81AevNQWrX6DOEL1U.jpg -> image/jpeg
2021-01-16 05:29:52.800 T:3581182848 DEBUG: CVideoPlayer::ProcessVideoData size:72519 dts:306.681 pts:306.890 dur:41.000ms, clock:305.431 level:9
2021-01-16 05:29:52.802 T:3581182848 DEBUG: CVideoPlayer::ProcessVideoData size:29758 dts:306.723 pts:306.806 dur:41.000ms, clock:305.431 level:10
2021-01-16 05:29:52.803 T:4090851344 INFO: Constructing CRendererAML
2021-01-16 05:29:52.803 T:4090851344 DEBUG: CRenderManager::Configure - 8
2021-01-16 05:29:52.803 T:3581182848 DEBUG: CVideoPlayer::ProcessVideoData size:10595 dts:306.765 pts:306.765 dur:41.000ms, clock:305.431 level:10
2021-01-16 05:29:52.804 T:3608322944 DEBUG: CVideoPlayerVideo::OutputPicture - ttd:249ms pts:305.680 Clock:305.431 Level:0
2021-01-16 05:29:52.804 T:3978576768 DEBUG: OnAVChange: CApplication::OnAVChange
2021-01-16 05:29:52.804 T:4090851344 DEBUG: PrepareNextRender: frameOnScreen: 305.431 renderPts: 305.481 nextFramePts: 305.680 -> diff: -0.199 render: 0 forceNext: 1
2021-01-16 05:29:52.804 T:3581182848 DEBUG: CVideoPlayer::ProcessVideoData size:12670 dts:306.806 pts:306.848 dur:41.000ms, clock:305.431 level:11
2021-01-16 05:29:52.805 T:3581182848 DEBUG: CVideoPlayer::HandleMessages - player started 2
2021-01-16 05:29:52.805 T:3581182848 DEBUG: CVideoPlayer::SetCaching - caching state 3 clock:305.431 start pts:305.680
2021-01-16 05:29:52.805 T:3608322944 DEBUG: CAMLCodec::SetSpeed, speed(1000)
2021-01-16 05:29:52.806 T:3581182848 DEBUG: CDVDClock::SetSpeedAdjust - adjusted:0.000000
2021-01-16 05:29:52.806 T:3581182848 DEBUG: CVideoPlayer::SetCaching - caching state 0 clock:305.432 start pts:305.680
2021-01-16 05:29:52.806 T:3581182848 DEBUG: CDVDClock::SetSpeedAdjust - adjusted:0.000000
2021-01-16 05:29:52.807 T:3581182848 DEBUG: VideoPlayer::Sync - Audio - pts: 305.984, cache: 0.500, totalcache: 0.800, packets:39 level:11
2021-01-16 05:29:52.807 T:3581182848 DEBUG: VideoPlayer::Sync - Video - pts: 305.680, cache: 0.050, totalcache: 0.100, packets:30 level:11
2021-01-16 05:29:52.807 T:3269096320 DEBUG: CDVDAudio::Resume - resume audio stream
2021-01-16 05:29:52.808 T:3978576768 DEBUG: OnAVStarted: CApplication::OnAVStarted
2021-01-16 05:29:52.808 T:3608322944 DEBUG: CVideoPlayerVideo - CDVDMsg::GENERAL_RESYNC(305484317.603017)
2021-01-16 05:29:52.809 T:4068807552 DEBUG: ActiveAE - start sync of audio stream
2021-01-16 05:29:52.809 T:3608322944 DEBUG: CVideoPlayerVideo::CalcDropRequirement - hurry: 0
2021-01-16 05:29:52.810 T:3608322944 DEBUG: CAMLCodec::AddData: dl:46437 sum:154667 sz:46437 dts:305.931 pts:306.056 overflow:0
2021-01-16 05:29:52.810 T:3608322944 DEBUG: CAMLCodec::GetTimeSize: len:6 dl:46437 fs:154667 front:2665
2021-01-16 05:29:52.811 T:3608322944 DEBUG: CAMLCodec::GetTimeSize: len:5 dl:46437 fs:152002 front:2946
2021-01-16 05:29:52.812 T:3608322944 DEBUG: CAMLCodec::GetTimeSize: len:4 dl:46437 fs:149056 front:4595
2021-01-16 05:29:52.812 T:4090851344 DEBUG: CAMLCodec::ReleaseFrame idx:0, drop:0
2021-01-16 05:29:52.815 T:3581182848 DEBUG: CVideoPlayer::ProcessVideoData size:70859 dts:306.848 pts:306.973 dur:41.000ms, clock:305.489 level:11
2021-01-16 05:29:52.816 T:3608322944 DEBUG: CAMLCodec::GetTimeSize: len:3 dl:46437 fs:144461 front:5470
2021-01-16 05:29:52.816 T:4090851344 DEBUG: CAMLCodec::SetVideoRect:display(0,0,1920,1080)
2021-01-16 05:29:52.816 T:3608322944 DEBUG: CAMLCodec::GetTimeSize: len:2 dl:46437 fs:138991 front:92554
2021-01-16 05:29:52.816 T:4090851344 DEBUG: CAMLCodec::SetVideoRect:gui(0,0,1920,1080)
2021-01-16 05:29:52.816 T:3608322944 DEBUG: CAMLCodec::GetTimeSize: len:1 dl:46437 fs:46437 front:46437
2021-01-16 05:29:52.816 T:4090851344 DEBUG: CAMLCodec::SetVideoRect:m_dst_rect(60,0,1800,1080)
2021-01-16 05:29:52.816 T:4090851344 DEBUG: CAMLCodec::SetVideoRect:dst_rect(60,0,1800,1080)
2021-01-16 05:29:52.817 T:3581182848 DEBUG: CVideoPlayer::ProcessVideoData size:13117 dts:306.890 pts:306.932 dur:41.000ms, clock:305.494 level:11
2021-01-16 05:29:52.817 T:3608322944 DEBUG: CVideoPlayerVideo::CalcDropRequirement - hurry: 0
2021-01-16 05:29:52.817 T:4090851344 DEBUG: CAMLCodec::SetVideoRect:m_guiStereoMode(0)
2021-01-16 05:29:52.817 T:4090851344 DEBUG: CAMLCodec::SetVideoRect:m_guiStereoView(0)
2021-01-16 05:29:52.818 T:3608322944 DEBUG: CAMLCodec::AddData: dl:5550 sum:51987 sz:5550 dts:305.972 pts:305.972 overflow:0
2021-01-16 05:29:52.819 T:3608322944 DEBUG: CAMLCodec::GetTimeSize: len:2 dl:5550 fs:51987 front:46437
2021-01-16 05:29:52.819 T:4090851344 DEBUG: CAMLCodec::PollFrame elapsed:0.104ms
2021-01-16 05:29:52.819 T:3608322944 DEBUG: CAMLCodec::GetTimeSize: len:1 dl:5550 fs:5550 front:5550
2021-01-16 05:29:52.820 T:3608322944 DEBUG: CVideoPlayerVideo::CalcDropRequirement - hurry: 0
2021-01-16 05:29:52.822 T:3608322944 DEBUG: CAMLCodec::AddData: dl:14452 sum:14452 sz:8902 dts:306.014 pts:306.014 overflow:0
2021-01-16 05:29:52.823 T:3608322944 DEBUG: CAMLCodec::GetTimeSize: len:2 dl:14452 fs:14452 front:5550
2021-01-16 05:29:52.823 T:3608322944 DEBUG: CVideoPlayerVideo::CalcDropRequirement - hurry: 0
2021-01-16 05:29:52.825 T:3608322944 DEBUG: CAMLCodec::AddData: dl:18078 sum:23628 sz:9176 dts:306.056 pts:306.097 overflow:0
2021-01-16 05:29:52.825 T:3608322944 DEBUG: CAMLCodec::GetTimeSize: len:3 dl:18078 fs:23628 front:5550
2021-01-16 05:29:52.825 T:3608322944 DEBUG: CAMLCodec::GetTimeSize: len:2 dl:18078 fs:18078 front:8902
2021-01-16 05:29:52.826 T:3608322944 DEBUG: CVideoPlayerVideo::CalcDropRequirement - hurry: 0
2021-01-16 05:29:52.827 T:4090851344 DEBUG: Activating window ID: 12005
2021-01-16 05:29:52.827 T:3608322944 DEBUG: CAMLCodec::AddData: dl:27028 sum:27028 sz:8950 dts:306.097 pts:306.139 overflow:0
2021-01-16 05:29:52.828 T:3581182848 DEBUG: CVideoPlayer::ProcessVideoData size:72890 dts:306.932 pts:307.057 dur:41.000ms, clock:305.504 level:10
2021-01-16 05:29:52.828 T:4090851344 DEBUG: ------ Window Deinit (Home.xml) ------
2021-01-16 05:29:52.829 T:3608322944 DEBUG: CAMLCodec::GetTimeSize: len:3 dl:27028 fs:27028 front:8902
2021-01-16 05:29:52.829 T:4090851344 DEBUG: FreeVisualisation() done
2021-01-16 05:29:52.830 T:3581182848 DEBUG: CVideoPlayer::ProcessVideoData size:13378 dts:306.973 pts:307.015 dur:41.000ms, clock:305.507 level:10
2021-01-16 05:29:52.830 T:3608322944 DEBUG: CVideoPlayerVideo::CalcDropRequirement - hurry: 0
2021-01-16 05:29:52.832 T:4090851344 DEBUG: ------ Window Init (VideoFullScreen.xml) ------
2021-01-16 05:29:52.833 T:4090851344 INFO: Loading skin file: VideoFullScreen.xml, load type: KEEP_IN_MEMORY
2021-01-16 05:29:52.833 T:3608322944 DEBUG: CAMLCodec::AddData: dl:93471 sum:93471 sz:66443 dts:306.139 pts:306.431 overflow:0
2021-01-16 05:29:52.834 T:3608322944 DEBUG: CAMLCodec::GetTimeSize: len:4 dl:93471 fs:93471 front:8902
2021-01-16 05:29:52.838 T:3581182848 DEBUG: CVideoPlayer::ProcessVideoData size:73741 dts:307.015 pts:307.140 dur:41.000ms, clock:305.510 level:10
2021-01-16 05:29:52.840 T:3608322944 DEBUG: CVideoPlayerVideo::CalcDropRequirement - hurry: 0
2021-01-16 05:29:52.841 T:3581182848 DEBUG: CVideoPlayer::ProcessVideoData size:12651 dts:307.057 pts:307.098 dur:41.000ms, clock:305.517 level:10
2021-01-16 05:29:52.844 T:3608322944 DEBUG: CAMLCodec::AddData: dl:138111 sum:138111 sz:44640 dts:306.181 pts:306.306 overflow:0
2021-01-16 05:29:52.845 T:3608322944 DEBUG: CAMLCodec::GetTimeSize: len:5 dl:138111 fs:138111 front:8902
2021-01-16 05:29:52.846 T:3608322944 DEBUG: CAMLCodec::DequeueBuffer: pts:305.722 idx:1
2021-01-16 05:29:52.847 T:3581182848 DEBUG: CVideoPlayer::ProcessVideoData size:74058 dts:307.098 pts:307.224 dur:41.000ms, clock:305.524 level:11
2021-01-16 05:29:52.847 T:3608322944 DEBUG: CAMLCodec::GetPicture: index: 1, pts: 305.722, dur:42ms ar:1.67
2021-01-16 05:29:52.847 T:3608322944 DEBUG: CVideoPlayerVideo::OutputPicture - ttd:197ms pts:305.722 Clock:305.525 Level:0
2021-01-16 05:29:52.848 T:3581182848 DEBUG: CVideoPlayer::ProcessVideoData size:12460 dts:307.140 pts:307.182 dur:41.000ms, clock:305.525 level:11
2021-01-16 05:29:52.850 T:3608322944 DEBUG: CAMLCodec::GetTimeSize: len:5 dl:138111 fs:138111 front:8902
2021-01-16 05:29:52.850 T:3608322944 DEBUG: CAMLCodec::DequeueBuffer: pts:305.764 idx:2
2021-01-16 05:29:52.850 T:4090851344 NOTICE: Whitelist search for: width: 1800, height: 1080, fps: 23.976, 3D: false
2021-01-16 05:29:52.850 T:3608322944 DEBUG: CAMLCodec::GetPicture: index: 2, pts: 305.764, dur:42ms ar:1.67
2021-01-16 05:29:52.851 T:4090851344 DEBUG: Whitelist is empty using default one
2021-01-16 05:29:52.851 T:3608322944 DEBUG: CVideoPlayerVideo::OutputPicture - ttd:236ms pts:305.764 Clock:305.528 Level:1
2021-01-16 05:29:52.851 T:4090851344 DEBUG: Trying to find exact refresh rate
2021-01-16 05:29:52.851 T:4090851344 DEBUG: Matched exact whitelisted Resolution 1920x1080 @ 23.98 - Full Screen (35)
2021-01-16 05:29:52.852 T:4090851344 NOTICE: Display resolution ADJUST : 1920x1080 @ 23.98 - Full Screen (35) (weight: 0.000)
2021-01-16 05:29:52.852 T:3608322944 DEBUG: CAMLCodec::GetTimeSize: len:5 dl:138111 fs:138111 front:8902
2021-01-16 05:29:52.853 T:3608322944 DEBUG: CAMLCodec::DequeueBuffer: pts:305.805 idx:3
2021-01-16 05:29:52.853 T:3608322944 DEBUG: CAMLCodec::GetPicture: index: 3, pts: 305.805, dur:41ms ar:1.67
2021-01-16 05:29:52.853 T:3608322944 DEBUG: CVideoPlayerVideo::OutputPicture - ttd:274ms pts:305.805 Clock:305.530 Level:2
2021-01-16 05:29:52.853 T:3581182848 DEBUG: CVideoPlayer::ProcessVideoData size:87587 dts:307.182 pts:307.432 dur:41.000ms, clock:305.530 level:12
2021-01-16 05:29:52.855 T:3581182848 DEBUG: CVideoPlayer::ProcessVideoData size:29248 dts:307.224 pts:307.349 dur:41.000ms, clock:305.532 level:12
2021-01-16 05:29:52.855 T:3608322944 DEBUG: CAMLCodec::GetTimeSize: len:5 dl:138111 fs:138111 front:8902
2021-01-16 05:29:52.855 T:3608322944 DEBUG: CAMLCodec::DequeueBuffer: pts:305.847 idx:4
2021-01-16 05:29:52.855 T:3608322944 DEBUG: CAMLCodec::GetPicture: index: 4, pts: 305.847, dur:42ms ar:1.67
2021-01-16 05:29:52.855 T:3608322944 DEBUG: CVideoPlayerVideo::OutputPicture - ttd:314ms pts:305.847 Clock:305.533 Level:3
2021-01-16 05:29:52.856 T:3581182848 DEBUG: CVideoPlayer::ProcessVideoData size:13836 dts:307.265 pts:307.265 dur:41.000ms, clock:305.533 level:13
2021-01-16 05:29:52.857 T:3581182848 DEBUG: CVideoPlayer::ProcessVideoData size:15175 dts:307.307 pts:307.307 dur:41.000ms, clock:305.534 level:14
2021-01-16 05:29:52.858 T:3581182848 DEBUG: CVideoPlayer::ProcessVideoData size:12317 dts:307.349 pts:307.390 dur:41.000ms, clock:305.535 level:14
2021-01-16 05:29:52.859 T:3608322944 DEBUG: CAMLCodec::GetTimeSize: len:5 dl:138111 fs:138111 front:8902
2021-01-16 05:29:52.859 T:3608322944 DEBUG: CAMLCodec::DequeueBuffer: pts:305.889 idx:5
2021-01-16 05:29:52.860 T:3608322944 DEBUG: CAMLCodec::GetPicture: index: 5, pts: 305.889, dur:42ms ar:1.67
2021-01-16 05:29:52.860 T:3608322944 DEBUG: CVideoPlayerVideo::OutputPicture - ttd:352ms pts:305.889 Clock:305.537 Level:4
2021-01-16 05:29:52.861 T:3608322944 DEBUG: CAMLCodec::GetTimeSize: len:5 dl:138111 fs:138111 front:8902
2021-01-16 05:29:52.861 T:3608322944 DEBUG: CAMLCodec::DequeueBuffer: pts:305.931 idx:6
2021-01-16 05:29:52.861 T:3608322944 DEBUG: CAMLCodec::GetPicture: index: 6, pts: 305.931, dur:42ms ar:1.67
2021-01-16 05:29:52.862 T:3608322944 DEBUG: CVideoPlayerVideo::OutputPicture - ttd:392ms pts:305.931 Clock:305.539 Level:5
2021-01-16 05:29:52.862 T:3581182848 DEBUG: CVideoPlayer::ProcessVideoData size:92808 dts:307.390 pts:307.599 dur:41.000ms, clock:305.540 level:15
2021-01-16 05:29:52.864 T:3581182848 DEBUG: CVideoPlayer::ProcessVideoData size:35130 dts:307.432 pts:307.516 dur:41.000ms, clock:305.541 level:15
2021-01-16 05:29:52.865 T:3581182848 DEBUG: CVideoPlayer::ProcessVideoData size:12563 dts:307.474 pts:307.474 dur:41.000ms, clock:305.542 level:16
2021-01-16 05:29:52.865 T:3581182848 DEBUG: CVideoPlayer::ProcessVideoData size:11623 dts:307.516 pts:307.557 dur:41.000ms, clock:305.543 level:16
2021-01-16 05:29:52.867 T:3608322944 DEBUG: CAMLCodec::GetTimeSize: len:5 dl:138111 fs:138111 front:8902
2021-01-16 05:29:52.870 T:3581182848 DEBUG: CVideoPlayer::ProcessVideoData size:84387 dts:307.557 pts:307.766 dur:41.000ms, clock:305.547 level:17
2021-01-16 05:29:52.872 T:3581182848 DEBUG: CVideoPlayer::ProcessVideoData size:29221 dts:307.599 pts:307.682 dur:41.000ms, clock:305.549 level:17
2021-01-16 05:29:52.873 T:3608322944 DEBUG: SetCodecControl 4000000->0
2021-01-16 05:29:52.873 T:3608322944 DEBUG: CAMLCodec::AddData: dl:146429 sum:146429 sz:8318 dts:306.223 pts:306.223 overflow:0
2021-01-16 05:29:52.874 T:3608322944 DEBUG: CAMLCodec::GetTimeSize: len:6 dl:146429 fs:146429 front:8902
2021-01-16 05:29:52.874 T:3581182848 DEBUG: CVideoPlayer::ProcessVideoData size:12119 dts:307.641 pts:307.641 dur:41.000ms, clock:305.551 level:17
2021-01-16 05:29:52.875 T:3581182848 DEBUG: CVideoPlayer::ProcessVideoData size:6567 dts:307.682 pts:307.724 dur:41.000ms, clock:305.552 level:18
2021-01-16 05:29:52.876 T:3581182848 DEBUG: CVideoPlayer::ProcessVideoData size:85191 dts:307.724 pts:307.933 dur:41.000ms, clock:305.553 level:18
2021-01-16 05:29:52.877 T:3581182848 DEBUG: CVideoPlayer::ProcessVideoData size:28380 dts:307.766 pts:307.849 dur:41.000ms, clock:305.554 level:19
2021-01-16 05:29:52.878 T:3581182848 DEBUG: CVideoPlayer::ProcessVideoData size:8808 dts:307.807 pts:307.807 dur:41.000ms, clock:305.555 level:19
2021-01-16 05:29:52.879 T:3581182848 DEBUG: CVideoPlayer::ProcessVideoData size:6175 dts:307.849 pts:307.891 dur:41.000ms, clock:305.556 level:20
2021-01-16 05:29:52.879 T:3608322944 DEBUG: CAMLCodec::AddData: dl:157193 sum:157193 sz:10764 dts:306.264 pts:306.264 overflow:0
2021-01-16 05:29:52.880 T:3608322944 DEBUG: CAMLCodec::GetTimeSize: len:7 dl:157193 fs:157193 front:8902
2021-01-16 05:29:52.884 T:3581182848 DEBUG: CVideoPlayer::ProcessVideoData size:78554 dts:307.891 pts:308.016 dur:41.000ms, clock:305.561 level:20
2021-01-16 05:29:52.884 T:3581182848 DEBUG: CVideoPlayer::ProcessVideoData size:5403 dts:307.933 pts:307.974 dur:41.000ms, clock:305.562 level:20
2021-01-16 05:29:52.885 T:3608322944 DEBUG: CAMLCodec::AddData: dl:169500 sum:169500 sz:12307 dts:306.306 pts:306.348 overflow:0
2021-01-16 05:29:52.885 T:3608322944 DEBUG: CAMLCodec::GetTimeSize: len:8 dl:169500 fs:169500 front:8902
2021-01-16 05:29:52.886 T:3581182848 DEBUG: CVideoPlayer::ProcessVideoData size:86978 dts:307.974 pts:308.183 dur:41.000ms, clock:305.563 level:20
2021-01-16 05:29:52.887 T:3581182848 DEBUG: CVideoPlayer::ProcessVideoData size:24854 dts:308.016 pts:308.099 dur:41.000ms, clock:305.564 level:21
2021-01-16 05:29:52.888 T:3581182848 DEBUG: CVideoPlayer::ProcessVideoData size:4931 dts:308.058 pts:308.058 dur:41.000ms, clock:305.565 level:21
2021-01-16 05:29:52.889 T:3581182848 DEBUG: CVideoPlayer::ProcessVideoData size:5671 dts:308.099 pts:308.141 dur:41.000ms, clock:305.566 level:22
2021-01-16 05:29:52.891 T:3608322944 DEBUG: CAMLCodec::AddData: dl:181615 sum:181615 sz:12115 dts:306.348 pts:306.389 overflow:0
2021-01-16 05:29:52.891 T:3608322944 DEBUG: CAMLCodec::GetTimeSize: len:9 dl:181615 fs:181615 front:8902
2021-01-16 05:29:52.894 T:3581182848 DEBUG: CVideoPlayer::ProcessVideoData size:92721 dts:308.141 pts:308.350 dur:41.000ms, clock:305.571 level:22
2021-01-16 05:29:52.895 T:3581182848 DEBUG: CVideoPlayer::ProcessVideoData size:32712 dts:308.183 pts:308.266 dur:41.000ms, clock:305.572 level:22
2021-01-16 05:29:52.896 T:3581182848 DEBUG: CVideoPlayer::ProcessVideoData size:6116 dts:308.225 pts:308.225 dur:41.000ms, clock:305.573 level:23
2021-01-16 05:29:52.897 T:3581182848 DEBUG: CVideoPlayer::ProcessVideoData size:6719 dts:308.266 pts:308.308 dur:41.000ms, clock:305.574 level:23
2021-01-16 05:29:52.902 T:3608322944 DEBUG: CAMLCodec::AddData: dl:250040 sum:250040 sz:68425 dts:306.389 pts:306.556 overflow:0
2021-01-16 05:29:52.902 T:3608322944 DEBUG: CAMLCodec::GetTimeSize: len:10 dl:250040 fs:250040 front:8902
2021-01-16 05:29:52.903 T:3581182848 DEBUG: CVideoPlayer::ProcessVideoData size:82323 dts:308.308 pts:308.517 dur:41.000ms, clock:305.580 level:23
2021-01-16 05:29:52.904 T:3581182848 DEBUG: CVideoPlayer::ProcessVideoData size:23467 dts:308.350 pts:308.433 dur:41.000ms, clock:305.581 level:24
2021-01-16 05:29:52.904 T:3581182848 DEBUG: CVideoPlayer::ProcessVideoData size:6146 dts:308.391 pts:308.391 dur:41.000ms, clock:305.582 level:24
2021-01-16 05:29:52.905 T:3581182848 DEBUG: CVideoPlayer::ProcessVideoData size:5337 dts:308.433 pts:308.475 dur:41.000ms, clock:305.582 level:25
2021-01-16 05:29:52.907 T:3581182848 DEBUG: CVideoPlayer::ProcessVideoData size:77587 dts:308.475 pts:308.725 dur:41.000ms, clock:305.584 level:26
2021-01-16 05:29:52.908 T:3581182848 DEBUG: CVideoPlayer::ProcessVideoData size:21677 dts:308.517 pts:308.642 dur:41.000ms, clock:305.585 level:26
2021-01-16 05:29:52.908 T:3608322944 DEBUG: CAMLCodec::AddData: dl:274172 sum:274172 sz:24132 dts:306.431 pts:306.515 overflow:0
2021-01-16 05:29:52.909 T:3608322944 DEBUG: CAMLCodec::GetTimeSize: len:11 dl:274172 fs:274172 front:8902
2021-01-16 05:29:52.909 T:3581182848 DEBUG: CVideoPlayer::ProcessVideoData size:6742 dts:308.558 pts:308.558 dur:41.000ms, clock:305.586 level:26
2021-01-16 05:29:52.910 T:3581182848 DEBUG: CVideoPlayer::ProcessVideoData size:7844 dts:308.600 pts:308.600 dur:41.000ms, clock:305.587 level:27
2021-01-16 05:29:52.911 T:3581182848 DEBUG: CVideoPlayer::ProcessVideoData size:4313 dts:308.642 pts:308.683 dur:41.000ms, clock:305.588 level:27
2021-01-16 05:29:52.914 T:3608322944 DEBUG: CAMLCodec::AddData: dl:287046 sum:287046 sz:12874 dts:306.473 pts:306.473 overflow:0
2021-01-16 05:29:52.915 T:3608322944 DEBUG: CAMLCodec::GetTimeSize: len:12 dl:287046 fs:287046 front:8902
2021-01-16 05:29:52.916 T:3581182848 DEBUG: CVideoPlayer::ProcessVideoData size:57149 dts:308.683 pts:308.808 dur:41.000ms, clock:305.593 level:27
2021-01-16 05:29:52.917 T:3581182848 DEBUG: CVideoPlayer::ProcessVideoData size:4190 dts:308.725 pts:308.767 dur:41.000ms, clock:305.594 level:28
2021-01-16 05:29:52.918 T:3581182848 DEBUG: CVideoPlayer::ProcessVideoData size:82657 dts:308.767 pts:308.975 dur:41.000ms, clock:305.595 level:28
2021-01-16 05:29:52.919 T:3581182848 DEBUG: CVideoPlayer::ProcessVideoData size:23074 dts:308.808 pts:308.892 dur:41.000ms, clock:305.597 level:29
2021-01-16 05:29:52.921 T:3581182848 DEBUG: CVideoPlayer::ProcessVideoData size:4181 dts:308.850 pts:308.850 dur:41.000ms, clock:305.598 level:29
2021-01-16 05:29:52.923 T:3581182848 DEBUG: CVideoPlayer::ProcessVideoData size:8114 dts:308.892 pts:308.934 dur:41.000ms, clock:305.600 level:29
2021-01-16 05:29:52.924 T:3608322944 DEBUG: CAMLCodec::AddData: dl:352095 sum:352095 sz:65049 dts:306.515 pts:306.681 overflow:0
2021-01-16 05:29:52.924 T:3608322944 DEBUG: CAMLCodec::GetTimeSize: len:13 dl:352095 fs:352095 front:8902
2021-01-16 05:29:52.925 T:3581182848 DEBUG: CVideoPlayer::ProcessVideoData size:85536 dts:308.934 pts:309.142 dur:41.000ms, clock:305.603 level:30
2021-01-16 05:29:52.926 T:3581182848 DEBUG: CVideoPlayer::ProcessVideoData size:30920 dts:308.975 pts:309.059 dur:41.000ms, clock:305.604 level:30
2021-01-16 05:29:52.927 T:3581182848 DEBUG: CVideoPlayer::ProcessVideoData size:7647 dts:309.017 pts:309.017 dur:41.000ms, clock:305.604 level:31
2021-01-16 05:29:52.927 T:3581182848 DEBUG: CVideoPlayer::ProcessVideoData size:7296 dts:309.059 pts:309.100 dur:41.000ms, clock:305.605 level:31
2021-01-16 05:29:52.930 T:3608322944 DEBUG: CAMLCodec::AddData: dl:374971 sum:374971 sz:22876 dts:306.556 pts:306.640 overflow:0
2021-01-16 05:29:52.931 T:3608322944 DEBUG: CAMLCodec::GetTimeSize: len:14 dl:374971 fs:374971 front:8902
2021-01-16 05:29:52.931 T:3581182848 DEBUG: CVideoPlayer::ProcessVideoData size:84044 dts:309.100 pts:309.309 dur:41.000ms, clock:305.608 level:31
2021-01-16 05:29:52.932 T:3581182848 DEBUG: CVideoPlayer::ProcessVideoData size:26716 dts:309.142 pts:309.226 dur:41.000ms, clock:305.609 level:32
2021-01-16 05:29:52.932 T:3581182848 DEBUG: CVideoPlayer::ProcessVideoData size:7778 dts:309.184 pts:309.184 dur:41.000ms, clock:305.609 level:32
2021-01-16 05:29:52.933 T:3581182848 DEBUG: CVideoPlayer::ProcessVideoData size:6929 dts:309.226 pts:309.267 dur:41.000ms, clock:305.610 level:33
2021-01-16 05:29:52.935 T:3581182848 DEBUG: CVideoPlayer::ProcessVideoData size:88292 dts:309.267 pts:309.518 dur:41.000ms, clock:305.613 level:33
2021-01-16 05:29:52.936 T:3581182848 DEBUG: CVideoPlayer::ProcessVideoData size:20914 dts:309.309 pts:309.434 dur:41.000ms, clock:305.613 level:34
2021-01-16 05:29:52.936 T:3608322944 DEBUG: CAMLCodec::AddData: dl:387287 sum:387287 sz:12316 dts:306.598 pts:306.598 overflow:0
2021-01-16 05:29:52.937 T:3608322944 DEBUG: CAMLCodec::GetTimeSize: len:15 dl:387287 fs:387287 front:8902
2021-01-16 05:29:52.937 T:3581182848 DEBUG: CVideoPlayer::ProcessVideoData size:7448 dts:309.351 pts:309.351 dur:41.000ms, clock:305.614 level:34
2021-01-16 05:29:52.937 T:3581182848 DEBUG: CVideoPlayer::ProcessVideoData size:9152 dts:309.392 pts:309.392 dur:41.000ms, clock:305.615 level:34
2021-01-16 05:29:52.938 T:3581182848 DEBUG: CVideoPlayer::ProcessVideoData size:9262 dts:309.434 pts:309.476 dur:41.000ms, clock:305.615 level:35
2021-01-16 05:29:52.942 T:3581182848 DEBUG: CVideoPlayer::ProcessVideoData size:75342 dts:309.476 pts:309.726 dur:41.000ms, clock:305.619 level:35
2021-01-16 05:29:52.943 T:3581182848 DEBUG: CVideoPlayer::ProcessVideoData size:21953 dts:309.518 pts:309.643 dur:41.000ms, clock:305.620 level:35
2021-01-16 05:29:52.943 T:3608322944 DEBUG: CAMLCodec::AddData: dl:427379 sum:427379 sz:40092 dts:306.640 pts:306.723 overflow:0
2021-01-16 05:29:52.944 T:3608322944 DEBUG: CAMLCodec::GetTimeSize: len:16 dl:427379 fs:427379 front:8902
2021-01-16 05:29:52.944 T:3581182848 DEBUG: CVideoPlayer::ProcessVideoData size:9782 dts:309.559 pts:309.559 dur:41.000ms, clock:305.621 level:36
2021-01-16 05:29:52.945 T:3581182848 DEBUG: CVideoPlayer::ProcessVideoData size:8565 dts:309.601 pts:309.601 dur:41.000ms, clock:305.622 level:36
2021-01-16 05:29:52.945 T:3581182848 DEBUG: CVideoPlayer::ProcessVideoData size:5103 dts:309.643 pts:309.684 dur:41.000ms, clock:305.622 level:37
2021-01-16 05:29:52.951 T:3608322944 DEBUG: CAMLCodec::AddData: dl:499898 sum:499898 sz:72519 dts:306.681 pts:306.890 overflow:0
2021-01-16 05:29:52.952 T:3608322944 DEBUG: CAMLCodec::GetTimeSize: len:17 dl:499898 fs:499898 front:8902
2021-01-16 05:29:52.957 T:3608322944 DEBUG: CAMLCodec::AddData: dl:529656 sum:529656 sz:29758 dts:306.723 pts:306.806 overflow:0
2021-01-16 05:29:52.957 T:3608322944 DEBUG: CAMLCodec::GetTimeSize: len:18 dl:529656 fs:529656 front:8902
2021-01-16 05:29:52.963 T:3608322944 DEBUG: CAMLCodec::AddData: dl:540251 sum:540251 sz:10595 dts:306.765 pts:306.765 overflow:0
2021-01-16 05:29:52.963 T:3608322944 DEBUG: CAMLCodec::GetTimeSize: len:19 dl:540251 fs:540251 front:8902
2021-01-16 05:29:52.969 T:3608322944 DEBUG: CAMLCodec::AddData: dl:552921 sum:552921 sz:12670 dts:306.806 pts:306.848 overflow:0
2021-01-16 05:29:52.969 T:3608322944 DEBUG: CAMLCodec::GetTimeSize: len:20 dl:552921 fs:552921 front:8902
2021-01-16 05:29:52.972 T:3581182848 DEBUG: CVideoPlayer::ProcessVideoData size:84437 dts:309.684 pts:309.935 dur:41.000ms, clock:305.649 level:35
2021-01-16 05:29:52.973 T:3581182848 DEBUG: CVideoPlayer::ProcessVideoData size:16867 dts:309.726 pts:309.851 dur:41.000ms, clock:305.650 level:36
2021-01-16 05:29:52.973 T:3581182848 DEBUG: CVideoPlayer::ProcessVideoData size:7008 dts:309.768 pts:309.768 dur:41.000ms, clock:305.650 level:36
2021-01-16 05:29:52.974 T:3581182848 DEBUG: CVideoPlayer::ProcessVideoData size:7359 dts:309.809 pts:309.809 dur:41.000ms, clock:305.651 level:37
2021-01-16 05:29:52.975 T:3581182848 DEBUG: CVideoPlayer::ProcessVideoData size:7918 dts:309.851 pts:309.893 dur:41.000ms, clock:305.652 level:37
2021-01-16 05:29:52.976 T:3581182848 DEBUG: CVideoPlayer::ProcessVideoData size:83368 dts:309.893 pts:310.101 dur:41.000ms, clock:305.653 level:38
2021-01-16 05:29:52.977 T:3581182848 DEBUG: CVideoPlayer::ProcessVideoData size:28190 dts:309.935 pts:310.018 dur:41.000ms, clock:305.654 level:38
2021-01-16 05:29:52.977 T:3608322944 DEBUG: CAMLCodec::AddData: dl:623780 sum:623780 sz:70859 dts:306.848 pts:306.973 overflow:0
2021-01-16 05:29:52.977 T:3581182848 DEBUG: CVideoPlayer::ProcessVideoData size:6376 dts:309.976 pts:309.976 dur:41.000ms, clock:305.654 level:39
2021-01-16 05:29:52.977 T:3608322944 DEBUG: CAMLCodec::GetTimeSize: len:21 dl:623780 fs:623780 front:8902
2021-01-16 05:29:52.978 T:3581182848 DEBUG: CVideoPlayer::ProcessVideoData size:7780 dts:310.018 pts:310.060 dur:41.000ms, clock:305.655 level:39
2021-01-16 05:29:52.981 T:3581182848 DEBUG: CVideoPlayer::ProcessVideoData size:88833 dts:310.060 pts:310.268 dur:41.000ms, clock:305.658 level:40
2021-01-16 05:29:52.981 T:3961791360 DEBUG: CAddonMgr::GetAvailableUpdates took 101 ms
2021-01-16 05:29:52.981 T:3581182848 DEBUG: CVideoPlayer::ProcessVideoData size:32779 dts:310.101 pts:310.185 dur:41.000ms, clock:305.659 level:40
2021-01-16 05:29:52.982 T:3581182848 DEBUG: CVideoPlayer::ProcessVideoData size:8207 dts:310.143 pts:310.143 dur:41.000ms, clock:305.659 level:41
2021-01-16 05:29:52.983 T:3581182848 DEBUG: CVideoPlayer::ProcessVideoData size:7664 dts:310.185 pts:310.227 dur:41.000ms, clock:305.660 level:41
2021-01-16 05:29:52.983 T:3608322944 DEBUG: CAMLCodec::AddData: dl:636897 sum:636897 sz:13117 dts:306.890 pts:306.932 overflow:0
2021-01-16 05:29:52.983 T:3608322944 DEBUG: CAMLCodec::GetTimeSize: len:22 dl:636897 fs:636897 front:8902
2021-01-16 05:29:52.985 T:3581182848 DEBUG: CVideoPlayer::ProcessVideoData size:84373 dts:310.227 pts:310.477 dur:41.000ms, clock:305.663 level:41
2021-01-16 05:29:52.986 T:3581182848 DEBUG: CVideoPlayer::ProcessVideoData size:19639 dts:310.268 pts:310.393 dur:41.000ms, clock:305.663 level:42
2021-01-16 05:29:52.987 T:3581182848 DEBUG: CVideoPlayer::ProcessVideoData size:10056 dts:310.310 pts:310.310 dur:41.000ms, clock:305.664 level:42
2021-01-16 05:29:52.987 T:3581182848 DEBUG: CVideoPlayer::ProcessVideoData size:9982 dts:310.352 pts:310.352 dur:41.000ms, clock:305.665 level:43
2021-01-16 05:29:52.988 T:3581182848 DEBUG: CVideoPlayer::ProcessVideoData size:7969 dts:310.393 pts:310.435 dur:41.000ms, clock:305.665 level:43
2021-01-16 05:29:52.991 T:3608322944 DEBUG: CAMLCodec::AddData: dl:709787 sum:709787 sz:72890 dts:306.932 pts:307.057 overflow:0
2021-01-16 05:29:52.992 T:3608322944 DEBUG: CAMLCodec::GetTimeSize: len:23 dl:709787 fs:709787 front:8902
2021-01-16 05:29:52.997 T:3608322944 DEBUG: CAMLCodec::AddData: dl:723165 sum:723165 sz:13378 dts:306.973 pts:307.015 overflow:0
2021-01-16 05:29:52.997 T:3608322944 DEBUG: CAMLCodec::GetTimeSize: len:24 dl:723165 fs:723165 front:8902
2021-01-16 05:29:53.021 T:3581182848 DEBUG: Previous line repeats 3 times.
