2021-01-16 05:30:10.807 T:4090851344 DEBUG: PrepareNextRender: frameOnScreen: 323.405 renderPts: 323.530 nextFramePts: 323.448 -> diff: 0.082 render: 1 forceNext: 0
2021-01-16 05:30:10.809 T:4090851344 DEBUG: CAMLCodec::ReleaseFrame idx:426, drop:0
2021-01-16 05:30:10.811 T:3608322944 DEBUG: CAMLCodec::AddData: dl:1367584 sum:1367584 sz:16924 dts:324.658 pts:324.658 overflow:0
2021-01-16 05:30:10.811 T:3608322944 DEBUG: CAMLCodec::GetTimeSize: len:24 dl:1367584 fs:1367584 front:20550
2021-01-16 05:30:10.841 T:4090851344 DEBUG: Previous line repeats 4 times.
2021-01-16 05:30:10.842 T:4090851344 DEBUG: CAMLCodec::PollFrame elapsed:31.897ms
2021-01-16 05:30:10.845 T:4090851344 DEBUG: PrepareNextRender: frameOnScreen: 323.444 renderPts: 323.569 nextFramePts: 323.490 -> diff: 0.079 render: 1 forceNext: 0
2021-01-16 05:30:10.846 T:3608322944 DEBUG: CAMLCodec::GetTimeSize: len:24 dl:1367584 fs:1367584 front:20550
2021-01-16 05:30:10.847 T:3608322944 DEBUG: CAMLCodec::DequeueBuffer: pts:323.657 idx:431
2021-01-16 05:30:10.847 T:3608322944 DEBUG: CAMLCodec::GetPicture: index: 431, pts: 323.657, dur:42ms ar:1.67
2021-01-16 05:30:10.847 T:3608322944 DEBUG: CVideoPlayerVideo::OutputPicture - ttd:210ms pts:323.657 Clock:323.446 Level:3
2021-01-16 05:30:10.848 T:4090851344 DEBUG: CAMLCodec::ReleaseFrame idx:427, drop:0
2021-01-16 05:30:10.849 T:3608322944 DEBUG: CAMLCodec::GetTimeSize: len:24 dl:1347034 fs:1367584 front:20550
2021-01-16 05:30:10.849 T:3608322944 DEBUG: CAMLCodec::GetTimeSize: len:23 dl:1347034 fs:1347034 front:15499
2021-01-16 05:30:10.854 T:3608322944 DEBUG: CAMLCodec::AddData: dl:1363334 sum:1363334 sz:16300 dts:324.699 pts:324.699 overflow:0
2021-01-16 05:30:10.855 T:3608322944 DEBUG: CAMLCodec::GetTimeSize: len:24 dl:1363334 fs:1363334 front:15499
2021-01-16 05:30:10.884 T:4090851344 DEBUG: Previous line repeats 4 times.
2021-01-16 05:30:10.885 T:4090851344 DEBUG: CAMLCodec::PollFrame elapsed:35.173ms
2021-01-16 05:30:10.889 T:3608322944 DEBUG: CAMLCodec::GetTimeSize: len:24 dl:1347835 fs:1363334 front:15499
2021-01-16 05:30:10.890 T:4090851344 DEBUG: PrepareNextRender: frameOnScreen: 323.488 renderPts: 323.613 nextFramePts: 323.532 -> diff: 0.081 render: 1 forceNext: 0
2021-01-16 05:30:10.890 T:3608322944 DEBUG: CAMLCodec::GetTimeSize: len:23 dl:1347835 fs:1347835 front:184667
2021-01-16 05:30:10.890 T:3608322944 DEBUG: CAMLCodec::DequeueBuffer: pts:323.698 idx:432
2021-01-16 05:30:10.891 T:3608322944 DEBUG: CAMLCodec::GetPicture: index: 432, pts: 323.698, dur:41ms ar:1.67
2021-01-16 05:30:10.892 T:4090851344 DEBUG: CAMLCodec::ReleaseFrame idx:428, drop:0
2021-01-16 05:30:10.892 T:3608322944 DEBUG: CVideoPlayerVideo::OutputPicture - ttd:207ms pts:323.698 Clock:323.491 Level:3
2021-01-16 05:30:10.894 T:3608322944 DEBUG: CAMLCodec::GetTimeSize: len:23 dl:1347835 fs:1347835 front:184667
2021-01-16 05:30:10.899 T:3608322944 DEBUG: CAMLCodec::AddData: dl:1359669 sum:1359669 sz:11834 dts:324.741 pts:324.783 overflow:0
2021-01-16 05:30:10.900 T:3608322944 DEBUG: CAMLCodec::GetTimeSize: len:24 dl:1359669 fs:1359669 front:184667
2021-01-16 05:30:10.925 T:4090851344 DEBUG: Previous line repeats 3 times.
2021-01-16 05:30:10.927 T:4090851344 DEBUG: CAMLCodec::PollFrame elapsed:32.667ms
2021-01-16 05:30:10.928 T:3608322944 DEBUG: CAMLCodec::GetTimeSize: len:24 dl:1359669 fs:1359669 front:184667
2021-01-16 05:30:10.928 T:3608322944 DEBUG: CAMLCodec::DequeueBuffer: pts:323.740 idx:433
2021-01-16 05:30:10.929 T:3608322944 DEBUG: CAMLCodec::GetPicture: index: 433, pts: 323.740, dur:42ms ar:1.67
2021-01-16 05:30:10.930 T:3608322944 DEBUG: CVideoPlayerVideo::OutputPicture - ttd:211ms pts:323.740 Clock:323.528 Level:4
2021-01-16 05:30:10.931 T:4090851344 DEBUG: PrepareNextRender: frameOnScreen: 323.530 renderPts: 323.655 nextFramePts: 323.573 -> diff: 0.082 render: 1 forceNext: 0
2021-01-16 05:30:10.932 T:3608322944 DEBUG: CAMLCodec::GetTimeSize: len:24 dl:1359669 fs:1359669 front:184667
2021-01-16 05:30:10.934 T:4090851344 DEBUG: CAMLCodec::ReleaseFrame idx:429, drop:0
2021-01-16 05:30:10.938 T:3608322944 DEBUG: CAMLCodec::GetTimeSize: len:24 dl:1175002 fs:1359669 front:184667
2021-01-16 05:30:10.939 T:3608322944 DEBUG: CAMLCodec::GetTimeSize: len:23 dl:1175002 fs:1175002 front:73665
2021-01-16 05:30:10.947 T:3608322944 DEBUG: CAMLCodec::AddData: dl:1344860 sum:1344860 sz:169858 dts:324.783 pts:325.075 overflow:0
2021-01-16 05:30:10.947 T:3608322944 DEBUG: CAMLCodec::GetTimeSize: len:24 dl:1344860 fs:1344860 front:73665
2021-01-16 05:30:10.965 T:3581182848 DEBUG: Previous line repeats 2 times.
2021-01-16 05:30:10.965 T:3581182848 DEBUG: CVideoPlayer::ProcessVideoData size:69700 dts:331.623 pts:331.957 dur:41.000ms, clock:323.563 level:85
2021-01-16 05:30:10.966 T:3581182848 DEBUG: CVideoPlayer::ProcessVideoData size:15585 dts:331.665 pts:331.831 dur:41.000ms, clock:323.564 level:85
2021-01-16 05:30:10.966 T:4090851344 DEBUG: CAMLCodec::PollFrame elapsed:32.325ms
2021-01-16 05:30:10.967 T:3581182848 DEBUG: CVideoPlayer::ProcessVideoData size:5781 dts:331.706 pts:331.706 dur:41.000ms, clock:323.565 level:86
2021-01-16 05:30:10.968 T:3581182848 DEBUG: CVideoPlayer::ProcessVideoData size:7108 dts:331.748 pts:331.748 dur:41.000ms, clock:323.566 level:87
2021-01-16 05:30:10.969 T:3581182848 DEBUG: CVideoPlayer::ProcessVideoData size:5448 dts:331.790 pts:331.790 dur:41.000ms, clock:323.568 level:87
2021-01-16 05:30:10.971 T:3581182848 DEBUG: CVideoPlayer::ProcessVideoData size:4363 dts:331.831 pts:331.873 dur:41.000ms, clock:323.570 level:88
2021-01-16 05:30:10.972 T:3608322944 DEBUG: CAMLCodec::GetTimeSize: len:24 dl:1344860 fs:1344860 front:73665
2021-01-16 05:30:10.972 T:3581182848 DEBUG: CVideoPlayer::ProcessVideoData size:3326 dts:331.873 pts:331.915 dur:41.000ms, clock:323.571 level:88
2021-01-16 05:30:10.973 T:3608322944 DEBUG: CAMLCodec::DequeueBuffer: pts:323.782 idx:434
2021-01-16 05:30:10.973 T:3608322944 DEBUG: CAMLCodec::GetPicture: index: 434, pts: 323.782, dur:42ms ar:1.67
2021-01-16 05:30:10.974 T:3608322944 DEBUG: CVideoPlayerVideo::OutputPicture - ttd:209ms pts:323.782 Clock:323.573 Level:4
2021-01-16 05:30:10.975 T:4090851344 DEBUG: PrepareNextRender: frameOnScreen: 323.573 renderPts: 323.698 nextFramePts: 323.615 -> diff: 0.083 render: 1 forceNext: 0
2021-01-16 05:30:10.975 T:3608322944 DEBUG: CAMLCodec::GetTimeSize: len:24 dl:1271195 fs:1344860 front:73665
2021-01-16 05:30:10.975 T:3608322944 DEBUG: CAMLCodec::GetTimeSize: len:23 dl:1271195 fs:1271195 front:19450
2021-01-16 05:30:10.977 T:4090851344 DEBUG: CAMLCodec::ReleaseFrame idx:430, drop:0
2021-01-16 05:30:10.983 T:3608322944 DEBUG: CAMLCodec::AddData: dl:1336192 sum:1336192 sz:64997 dts:324.824 pts:324.950 overflow:0
2021-01-16 05:30:10.983 T:3608322944 DEBUG: CAMLCodec::GetTimeSize: len:24 dl:1336192 fs:1336192 front:19450
2021-01-16 05:30:11.008 T:4090851344 DEBUG: Previous line repeats 3 times.
2021-01-16 05:30:11.009 T:4090851344 DEBUG: CAMLCodec::PollFrame elapsed:30.362ms
2021-01-16 05:30:11.012 T:3608322944 DEBUG: CAMLCodec::GetTimeSize: len:24 dl:1336192 fs:1336192 front:19450
2021-01-16 05:30:11.013 T:3608322944 DEBUG: CAMLCodec::DequeueBuffer: pts:323.823 idx:435
2021-01-16 05:30:11.013 T:3608322944 DEBUG: CAMLCodec::GetPicture: index: 435, pts: 323.823, dur:41ms ar:1.67
2021-01-16 05:30:11.014 T:3608322944 DEBUG: CVideoPlayerVideo::OutputPicture - ttd:210ms pts:323.823 Clock:323.612 Level:4
2021-01-16 05:30:11.015 T:4090851344 DEBUG: PrepareNextRender: frameOnScreen: 323.614 renderPts: 323.739 nextFramePts: 323.657 -> diff: 0.082 render: 1 forceNext: 0
2021-01-16 05:30:11.016 T:3608322944 DEBUG: CAMLCodec::GetTimeSize: len:24 dl:1336192 fs:1336192 front:19450
2021-01-16 05:30:11.018 T:4090851344 DEBUG: CAMLCodec::ReleaseFrame idx:431, drop:0
2021-01-16 05:30:11.022 T:3608322944 DEBUG: CAMLCodec::GetTimeSize: len:24 dl:1316742 fs:1336192 front:19450
2021-01-16 05:30:11.023 T:3608322944 DEBUG: CAMLCodec::GetTimeSize: len:23 dl:1316742 fs:1316742 front:19997
2021-01-16 05:30:11.028 T:3608322944 DEBUG: CAMLCodec::AddData: dl:1329588 sum:1329588 sz:12846 dts:324.866 pts:324.866 overflow:0
2021-01-16 05:30:11.028 T:3608322944 DEBUG: CAMLCodec::GetTimeSize: len:24 dl:1329588 fs:1329588 front:19997
2021-01-16 05:30:11.050 T:4090851344 DEBUG: Previous line repeats 3 times.
2021-01-16 05:30:11.050 T:4090851344 DEBUG: CAMLCodec::PollFrame elapsed:31.806ms
2021-01-16 05:30:11.054 T:4090851344 DEBUG: PrepareNextRender: frameOnScreen: 323.653 renderPts: 323.778 nextFramePts: 323.698 -> diff: 0.080 render: 1 forceNext: 0
2021-01-16 05:30:11.057 T:4090851344 DEBUG: CAMLCodec::ReleaseFrame idx:432, drop:0
2021-01-16 05:30:11.057 T:3608322944 DEBUG: CAMLCodec::GetTimeSize: len:24 dl:1309591 fs:1329588 front:19997
2021-01-16 05:30:11.057 T:3608322944 DEBUG: CAMLCodec::GetTimeSize: len:23 dl:1309591 fs:1309591 front:18604
2021-01-16 05:30:11.058 T:3608322944 DEBUG: CAMLCodec::DequeueBuffer: pts:323.865 idx:436
2021-01-16 05:30:11.058 T:3608322944 DEBUG: CAMLCodec::GetPicture: index: 436, pts: 323.865, dur:42ms ar:1.67
2021-01-16 05:30:11.058 T:3608322944 DEBUG: CVideoPlayerVideo::OutputPicture - ttd:208ms pts:323.865 Clock:323.657 Level:3
2021-01-16 05:30:11.059 T:3608322944 DEBUG: CAMLCodec::GetTimeSize: len:23 dl:1309591 fs:1309591 front:18604
2021-01-16 05:30:11.065 T:3608322944 DEBUG: CAMLCodec::AddData: dl:1325367 sum:1325367 sz:15776 dts:324.908 pts:324.908 overflow:0
2021-01-16 05:30:11.065 T:3608322944 DEBUG: CAMLCodec::GetTimeSize: len:24 dl:1325367 fs:1325367 front:18604
2021-01-16 05:30:11.092 T:4090851344 DEBUG: Previous line repeats 3 times.
2021-01-16 05:30:11.092 T:4090851344 DEBUG: CAMLCodec::PollFrame elapsed:34.399ms
2021-01-16 05:30:11.093 T:3608322944 DEBUG: CAMLCodec::GetTimeSize: len:24 dl:1325367 fs:1325367 front:18604
2021-01-16 05:30:11.094 T:3608322944 DEBUG: CAMLCodec::DequeueBuffer: pts:323.907 idx:437
2021-01-16 05:30:11.095 T:3608322944 DEBUG: CAMLCodec::GetPicture: index: 437, pts: 323.907, dur:42ms ar:1.67
2021-01-16 05:30:11.095 T:3608322944 DEBUG: CVideoPlayerVideo::OutputPicture - ttd:212ms pts:323.907 Clock:323.694 Level:4
2021-01-16 05:30:11.096 T:4090851344 DEBUG: PrepareNextRender: frameOnScreen: 323.694 renderPts: 323.819 nextFramePts: 323.740 -> diff: 0.079 render: 1 forceNext: 0
2021-01-16 05:30:11.097 T:3608322944 DEBUG: CAMLCodec::GetTimeSize: len:24 dl:1325367 fs:1325367 front:18604
2021-01-16 05:30:11.098 T:4090851344 DEBUG: CAMLCodec::ReleaseFrame idx:433, drop:0
2021-01-16 05:30:11.104 T:3608322944 DEBUG: CAMLCodec::GetTimeSize: len:24 dl:1306763 fs:1325367 front:18604
2021-01-16 05:30:11.104 T:3608322944 DEBUG: CAMLCodec::GetTimeSize: len:23 dl:1306763 fs:1306763 front:18125
2021-01-16 05:30:11.110 T:3608322944 DEBUG: CAMLCodec::AddData: dl:1319826 sum:1319826 sz:13063 dts:324.950 pts:324.991 overflow:0
2021-01-16 05:30:11.111 T:3608322944 DEBUG: CAMLCodec::GetTimeSize: len:24 dl:1319826 fs:1319826 front:18125
2021-01-16 05:30:11.135 T:4090851344 DEBUG: Previous line repeats 3 times.
2021-01-16 05:30:11.135 T:4090851344 DEBUG: CAMLCodec::PollFrame elapsed:35.722ms
2021-01-16 05:30:11.139 T:3608322944 DEBUG: CAMLCodec::GetTimeSize: len:24 dl:1301701 fs:1319826 front:18125
2021-01-16 05:30:11.140 T:3608322944 DEBUG: CAMLCodec::GetTimeSize: len:23 dl:1301701 fs:1301701 front:184492
2021-01-16 05:30:11.140 T:3608322944 DEBUG: CAMLCodec::DequeueBuffer: pts:323.949 idx:438
2021-01-16 05:30:11.140 T:3608322944 DEBUG: CAMLCodec::GetPicture: index: 438, pts: 323.949, dur:42ms ar:1.67
2021-01-16 05:30:11.140 T:3608322944 DEBUG: CVideoPlayerVideo::OutputPicture - ttd:209ms pts:323.949 Clock:323.739 Level:4
2021-01-16 05:30:11.141 T:4090851344 DEBUG: PrepareNextRender: frameOnScreen: 323.740 renderPts: 323.865 nextFramePts: 323.782 -> diff: 0.083 render: 1 forceNext: 0
2021-01-16 05:30:11.142 T:3608322944 DEBUG: CAMLCodec::GetTimeSize: len:23 dl:1301701 fs:1301701 front:184492
2021-01-16 05:30:11.143 T:4090851344 DEBUG: CAMLCodec::ReleaseFrame idx:434, drop:0
2021-01-16 05:30:11.147 T:3608322944 DEBUG: CAMLCodec::AddData: dl:1315115 sum:1315115 sz:13414 dts:324.991 pts:325.033 overflow:0
2021-01-16 05:30:11.147 T:3608322944 DEBUG: CAMLCodec::GetTimeSize: len:24 dl:1315115 fs:1315115 front:184492
2021-01-16 05:30:11.176 T:4090851344 DEBUG: Previous line repeats 4 times.
2021-01-16 05:30:11.177 T:4090851344 DEBUG: CAMLCodec::PollFrame elapsed:31.434ms
2021-01-16 05:30:11.181 T:4090851344 DEBUG: PrepareNextRender: frameOnScreen: 323.780 renderPts: 323.905 nextFramePts: 323.823 -> diff: 0.082 render: 1 forceNext: 0
2021-01-16 05:30:11.182 T:3608322944 DEBUG: CAMLCodec::GetTimeSize: len:24 dl:1315115 fs:1315115 front:184492
2021-01-16 05:30:11.183 T:3608322944 DEBUG: CAMLCodec::DequeueBuffer: pts:323.990 idx:439
2021-01-16 05:30:11.183 T:3608322944 DEBUG: CAMLCodec::GetPicture: index: 439, pts: 323.990, dur:41ms ar:1.67
2021-01-16 05:30:11.184 T:3608322944 DEBUG: CVideoPlayerVideo::OutputPicture - ttd:207ms pts:323.990 Clock:323.783 Level:3
2021-01-16 05:30:11.184 T:4090851344 DEBUG: CAMLCodec::ReleaseFrame idx:435, drop:0
2021-01-16 05:30:11.185 T:3608322944 DEBUG: CAMLCodec::GetTimeSize: len:24 dl:1130623 fs:1315115 front:184492
2021-01-16 05:30:11.185 T:3608322944 DEBUG: CAMLCodec::GetTimeSize: len:23 dl:1130623 fs:1130623 front:70655
2021-01-16 05:30:11.193 T:3608322944 DEBUG: CAMLCodec::AddData: dl:1287662 sum:1287662 sz:157039 dts:325.033 pts:325.242 overflow:0
2021-01-16 05:30:11.194 T:3608322944 DEBUG: CAMLCodec::GetTimeSize: len:24 dl:1287662 fs:1287662 front:70655
2021-01-16 05:30:11.217 T:4090851344 DEBUG: Previous line repeats 3 times.
2021-01-16 05:30:11.219 T:4090851344 DEBUG: CAMLCodec::PollFrame elapsed:32.114ms
2021-01-16 05:30:11.219 T:3581182848 DEBUG: CVideoPlayer::ProcessVideoData size:76361 dts:331.915 pts:332.249 dur:41.000ms, clock:323.816 level:85
2021-01-16 05:30:11.222 T:3581182848 DEBUG: CVideoPlayer::ProcessVideoData size:13367 dts:331.957 pts:332.123 dur:41.000ms, clock:323.820 level:86
2021-01-16 05:30:11.224 T:3608322944 DEBUG: CAMLCodec::GetTimeSize: len:24 dl:1287662 fs:1287662 front:70655
2021-01-16 05:30:11.225 T:3608322944 DEBUG: CAMLCodec::DequeueBuffer: pts:324.032 idx:440
2021-01-16 05:30:11.225 T:3581182848 DEBUG: CVideoPlayer::ProcessVideoData size:3278 dts:331.998 pts:331.998 dur:41.000ms, clock:323.824 level:87
2021-01-16 05:30:11.226 T:4090851344 DEBUG: PrepareNextRender: frameOnScreen: 323.824 renderPts: 323.949 nextFramePts: 323.865 -> diff: 0.084 render: 1 forceNext: 0
2021-01-16 05:30:11.226 T:3608322944 DEBUG: CAMLCodec::GetPicture: index: 440, pts: 324.032, dur:42ms ar:1.67
2021-01-16 05:30:11.227 T:3608322944 DEBUG: CVideoPlayerVideo::OutputPicture - ttd:206ms pts:324.032 Clock:323.826 Level:3
2021-01-16 05:30:11.228 T:3581182848 DEBUG: CVideoPlayer::ProcessVideoData size:4279 dts:332.040 pts:332.040 dur:41.000ms, clock:323.827 level:87
2021-01-16 05:30:11.228 T:4090851344 DEBUG: CAMLCodec::ReleaseFrame idx:436, drop:0
2021-01-16 05:30:11.229 T:3581182848 DEBUG: CVideoPlayer::ProcessVideoData size:3878 dts:332.082 pts:332.082 dur:41.000ms, clock:323.828 level:88
2021-01-16 05:30:11.230 T:3581182848 DEBUG: CVideoPlayer::ProcessVideoData size:3752 dts:332.123 pts:332.165 dur:41.000ms, clock:323.829 level:88
2021-01-16 05:30:11.231 T:3581182848 DEBUG: CVideoPlayer::ProcessVideoData size:3837 dts:332.165 pts:332.207 dur:41.000ms, clock:323.829 level:89
2021-01-16 05:30:11.232 T:3608322944 DEBUG: CAMLCodec::GetTimeSize: len:24 dl:1217007 fs:1287662 front:70655
2021-01-16 05:30:11.232 T:3608322944 DEBUG: CAMLCodec::GetTimeSize: len:23 dl:1217007 fs:1217007 front:18646
2021-01-16 05:30:11.238 T:3608322944 DEBUG: CAMLCodec::AddData: dl:1261541 sum:1261541 sz:44534 dts:325.075 pts:325.158 overflow:0
2021-01-16 05:30:11.238 T:3608322944 DEBUG: CAMLCodec::GetTimeSize: len:24 dl:1261541 fs:1261541 front:18646
2021-01-16 05:30:11.260 T:4090851344 DEBUG: Previous line repeats 3 times.
2021-01-16 05:30:11.260 T:4090851344 DEBUG: CAMLCodec::PollFrame elapsed:30.969ms
2021-01-16 05:30:11.266 T:3608322944 DEBUG: CAMLCodec::GetTimeSize: len:24 dl:1242895 fs:1261541 front:18646
2021-01-16 05:30:11.267 T:4090851344 DEBUG: PrepareNextRender: frameOnScreen: 323.865 renderPts: 323.990 nextFramePts: 323.907 -> diff: 0.083 render: 1 forceNext: 0
2021-01-16 05:30:11.267 T:3608322944 DEBUG: CAMLCodec::GetTimeSize: len:23 dl:1242895 fs:1242895 front:18179
2021-01-16 05:30:11.267 T:3608322944 DEBUG: CAMLCodec::DequeueBuffer: pts:324.074 idx:441
2021-01-16 05:30:11.267 T:3608322944 DEBUG: CAMLCodec::GetPicture: index: 441, pts: 324.074, dur:42ms ar:1.67
2021-01-16 05:30:11.268 T:3608322944 DEBUG: CVideoPlayerVideo::OutputPicture - ttd:207ms pts:324.074 Clock:323.867 Level:3
2021-01-16 05:30:11.268 T:4090851344 DEBUG: CAMLCodec::ReleaseFrame idx:437, drop:0
2021-01-16 05:30:11.269 T:3608322944 DEBUG: CAMLCodec::GetTimeSize: len:23 dl:1242895 fs:1242895 front:18179
2021-01-16 05:30:11.274 T:3608322944 DEBUG: CAMLCodec::AddData: dl:1253873 sum:1253873 sz:10978 dts:325.116 pts:325.116 overflow:0
2021-01-16 05:30:11.274 T:3608322944 DEBUG: CAMLCodec::GetTimeSize: len:24 dl:1253873 fs:1253873 front:18179
2021-01-16 05:30:11.300 T:4090851344 DEBUG: Previous line repeats 3 times.
2021-01-16 05:30:11.301 T:4090851344 DEBUG: CAMLCodec::PollFrame elapsed:31.657ms
2021-01-16 05:30:11.302 T:3608322944 DEBUG: CAMLCodec::GetTimeSize: len:24 dl:1253873 fs:1253873 front:18179
2021-01-16 05:30:11.308 T:4090851344 DEBUG: PrepareNextRender: frameOnScreen: 323.906 renderPts: 324.031 nextFramePts: 323.949 -> diff: 0.082 render: 1 forceNext: 0
2021-01-16 05:30:11.310 T:3608322944 DEBUG: CAMLCodec::GetTimeSize: len:24 dl:1235694 fs:1253873 front:18179
2021-01-16 05:30:11.310 T:4090851344 DEBUG: CAMLCodec::ReleaseFrame idx:438, drop:0
2021-01-16 05:30:11.310 T:3608322944 DEBUG: CAMLCodec::GetTimeSize: len:23 dl:1235694 fs:1235694 front:17730
2021-01-16 05:30:11.310 T:3608322944 DEBUG: CAMLCodec::DequeueBuffer: pts:324.115 idx:442
2021-01-16 05:30:11.311 T:3608322944 DEBUG: CAMLCodec::GetPicture: index: 442, pts: 324.115, dur:41ms ar:1.67
2021-01-16 05:30:11.311 T:3608322944 DEBUG: CVideoPlayerVideo::OutputPicture - ttd:205ms pts:324.115 Clock:323.910 Level:3
2021-01-16 05:30:11.312 T:3608322944 DEBUG: CAMLCodec::GetTimeSize: len:23 dl:1235694 fs:1235694 front:17730
2021-01-16 05:30:11.317 T:3608322944 DEBUG: CAMLCodec::AddData: dl:1245817 sum:1245817 sz:10123 dts:325.158 pts:325.200 overflow:0
2021-01-16 05:30:11.317 T:3608322944 DEBUG: CAMLCodec::GetTimeSize: len:24 dl:1245817 fs:1245817 front:17730
2021-01-16 05:30:11.343 T:4090851344 DEBUG: Previous line repeats 3 times.
2021-01-16 05:30:11.343 T:4090851344 DEBUG: CAMLCodec::PollFrame elapsed:31.575ms
2021-01-16 05:30:11.345 T:3608322944 DEBUG: CAMLCodec::GetTimeSize: len:24 dl:1245817 fs:1245817 front:17730
2021-01-16 05:30:11.346 T:3608322944 DEBUG: CAMLCodec::DequeueBuffer: pts:324.157 idx:443
2021-01-16 05:30:11.347 T:3608322944 DEBUG: CAMLCodec::GetPicture: index: 443, pts: 324.157, dur:42ms ar:1.67
2021-01-16 05:30:11.348 T:3608322944 DEBUG: CVideoPlayerVideo::OutputPicture - ttd:210ms pts:324.157 Clock:323.946 Level:4
2021-01-16 05:30:11.348 T:4090851344 DEBUG: PrepareNextRender: frameOnScreen: 323.946 renderPts: 324.072 nextFramePts: 323.990 -> diff: 0.082 render: 1 forceNext: 0
2021-01-16 05:30:11.350 T:3608322944 DEBUG: CAMLCodec::GetTimeSize: len:24 dl:1228087 fs:1245817 front:17730
2021-01-16 05:30:11.350 T:3608322944 DEBUG: CAMLCodec::GetTimeSize: len:23 dl:1228087 fs:1228087 front:16563
2021-01-16 05:30:11.351 T:4090851344 DEBUG: CAMLCodec::ReleaseFrame idx:439, drop:0
2021-01-16 05:30:11.358 T:3608322944 DEBUG: CAMLCodec::AddData: dl:1391270 sum:1391270 sz:163183 dts:325.200 pts:325.450 overflow:0
2021-01-16 05:30:11.359 T:3608322944 DEBUG: CAMLCodec::GetTimeSize: len:24 dl:1391270 fs:1391270 front:16563
2021-01-16 05:30:11.384 T:4090851344 DEBUG: Previous line repeats 3 times.
2021-01-16 05:30:11.384 T:4090851344 DEBUG: CAMLCodec::PollFrame elapsed:32.981ms
2021-01-16 05:30:11.387 T:3608322944 DEBUG: CAMLCodec::GetTimeSize: len:24 dl:1391270 fs:1391270 front:16563
2021-01-16 05:30:11.388 T:3608322944 DEBUG: CAMLCodec::DequeueBuffer: pts:324.199 idx:444
2021-01-16 05:30:11.388 T:3608322944 DEBUG: CAMLCodec::GetPicture: index: 444, pts: 324.199, dur:42ms ar:1.67
2021-01-16 05:30:11.389 T:4090851344 DEBUG: PrepareNextRender: frameOnScreen: 323.987 renderPts: 324.112 nextFramePts: 324.032 -> diff: 0.080 render: 1 forceNext: 0
2021-01-16 05:30:11.389 T:3608322944 DEBUG: CVideoPlayerVideo::OutputPicture - ttd:211ms pts:324.199 Clock:323.987 Level:3
2021-01-16 05:30:11.391 T:3608322944 DEBUG: CAMLCodec::GetTimeSize: len:24 dl:1374707 fs:1391270 front:16563
2021-01-16 05:30:11.391 T:3608322944 DEBUG: CAMLCodec::GetTimeSize: len:23 dl:1374707 fs:1374707 front:166020
2021-01-16 05:30:11.391 T:4090851344 DEBUG: CAMLCodec::ReleaseFrame idx:440, drop:0
2021-01-16 05:30:11.399 T:3608322944 DEBUG: CAMLCodec::AddData: dl:1431411 sum:1431411 sz:56704 dts:325.242 pts:325.367 overflow:0
2021-01-16 05:30:11.399 T:3608322944 DEBUG: CAMLCodec::GetTimeSize: len:24 dl:1431411 fs:1431411 front:166020
2021-01-16 05:30:11.426 T:4090851344 DEBUG: Previous line repeats 3 times.
2021-01-16 05:30:11.426 T:4090851344 DEBUG: CAMLCodec::PollFrame elapsed:33.640ms
2021-01-16 05:30:11.428 T:3608322944 DEBUG: CAMLCodec::GetTimeSize: len:24 dl:1431411 fs:1431411 front:166020
2021-01-16 05:30:11.428 T:3608322944 DEBUG: CAMLCodec::DequeueBuffer: pts:324.241 idx:445
2021-01-16 05:30:11.429 T:3608322944 DEBUG: CAMLCodec::GetPicture: index: 445, pts: 324.241, dur:42ms ar:1.67
2021-01-16 05:30:11.430 T:3608322944 DEBUG: CVideoPlayerVideo::OutputPicture - ttd:212ms pts:324.241 Clock:324.028 Level:4
2021-01-16 05:30:11.431 T:4090851344 DEBUG: PrepareNextRender: frameOnScreen: 324.029 renderPts: 324.154 nextFramePts: 324.074 -> diff: 0.080 render: 1 forceNext: 0
2021-01-16 05:30:11.431 T:3608322944 DEBUG: CAMLCodec::GetTimeSize: len:24 dl:1431411 fs:1431411 front:166020
2021-01-16 05:30:11.433 T:4090851344 DEBUG: CAMLCodec::ReleaseFrame idx:441, drop:0
2021-01-16 05:30:11.438 T:3608322944 DEBUG: CAMLCodec::GetTimeSize: len:24 dl:1265391 fs:1431411 front:166020
2021-01-16 05:30:11.439 T:3608322944 DEBUG: CAMLCodec::GetTimeSize: len:23 dl:1265391 fs:1265391 front:56788
2021-01-16 05:30:11.444 T:3608322944 DEBUG: CAMLCodec::AddData: dl:1280645 sum:1280645 sz:15254 dts:325.283 pts:325.283 overflow:0
2021-01-16 05:30:11.445 T:3608322944 DEBUG: CAMLCodec::GetTimeSize: len:24 dl:1280645 fs:1280645 front:56788
2021-01-16 05:30:11.468 T:4090851344 DEBUG: Previous line repeats 3 times.
2021-01-16 05:30:11.469 T:4090851344 DEBUG: CAMLCodec::PollFrame elapsed:34.266ms
2021-01-16 05:30:11.473 T:3608322944 DEBUG: CAMLCodec::GetTimeSize: len:24 dl:1223857 fs:1280645 front:56788
2021-01-16 05:30:11.473 T:3608322944 DEBUG: CAMLCodec::GetTimeSize: len:23 dl:1223857 fs:1223857 front:13933
2021-01-16 05:30:11.474 T:3581182848 DEBUG: CVideoPlayer::ProcessVideoData size:74488 dts:332.207 pts:332.499 dur:41.000ms, clock:324.073 level:86
2021-01-16 05:30:11.474 T:3608322944 DEBUG: CAMLCodec::DequeueBuffer: pts:324.282 idx:446
2021-01-16 05:30:11.475 T:4090851344 DEBUG: PrepareNextRender: frameOnScreen: 324.073 renderPts: 324.198 nextFramePts: 324.115 -> diff: 0.083 render: 1 forceNext: 0
2021-01-16 05:30:11.475 T:3608322944 DEBUG: CAMLCodec::GetPicture: index: 446, pts: 324.282, dur:41ms ar:1.67
2021-01-16 05:30:11.476 T:3608322944 DEBUG: CVideoPlayerVideo::OutputPicture - ttd:206ms pts:324.282 Clock:324.075 Level:3
2021-01-16 05:30:11.477 T:3581182848 DEBUG: CVideoPlayer::ProcessVideoData size:28228 dts:332.249 pts:332.374 dur:41.000ms, clock:324.076 level:87
2021-01-16 05:30:11.477 T:4090851344 DEBUG: CAMLCodec::ReleaseFrame idx:442, drop:0
2021-01-16 05:30:11.477 T:3581182848 DEBUG: CVideoPlayer::ProcessVideoData size:2471 dts:332.290 pts:332.290 dur:41.000ms, clock:324.076 level:87
2021-01-16 05:30:11.478 T:3581182848 DEBUG: CVideoPlayer::ProcessVideoData size:3771 dts:332.332 pts:332.332 dur:41.000ms, clock:324.077 level:88
2021-01-16 05:30:11.479 T:3581182848 DEBUG: CVideoPlayer::ProcessVideoData size:3555 dts:332.374 pts:332.415 dur:41.000ms, clock:324.077 level:88
2021-01-16 05:30:11.479 T:3581182848 DEBUG: CVideoPlayer::ProcessVideoData size:3639 dts:332.415 pts:332.457 dur:41.000ms, clock:324.078 level:89
2021-01-16 05:30:11.481 T:3608322944 DEBUG: CAMLCodec::GetTimeSize: len:23 dl:1223857 fs:1223857 front:13933
2021-01-16 05:30:11.486 T:3608322944 DEBUG: CAMLCodec::AddData: dl:1237820 sum:1237820 sz:13963 dts:325.325 pts:325.325 overflow:0
2021-01-16 05:30:11.486 T:3608322944 DEBUG: CAMLCodec::GetTimeSize: len:24 dl:1237820 fs:1237820 front:13933
2021-01-16 05:30:11.509 T:4090851344 DEBUG: Previous line repeats 3 times.
2021-01-16 05:30:11.509 T:4090851344 DEBUG: CAMLCodec::PollFrame elapsed:31.382ms
2021-01-16 05:30:11.514 T:3608322944 DEBUG: CAMLCodec::GetTimeSize: len:24 dl:1237820 fs:1237820 front:13933
2021-01-16 05:30:11.516 T:3608322944 DEBUG: CAMLCodec::DequeueBuffer: pts:324.324 idx:447
2021-01-16 05:30:11.516 T:4090851344 DEBUG: PrepareNextRender: frameOnScreen: 324.115 renderPts: 324.240 nextFramePts: 324.157 -> diff: 0.083 render: 1 forceNext: 0
2021-01-16 05:30:11.516 T:3608322944 DEBUG: CAMLCodec::GetPicture: index: 447, pts: 324.324, dur:42ms ar:1.67
2021-01-16 05:30:11.517 T:3608322944 DEBUG: CVideoPlayerVideo::OutputPicture - ttd:207ms pts:324.324 Clock:324.116 Level:3
2021-01-16 05:30:11.519 T:4090851344 DEBUG: CAMLCodec::ReleaseFrame idx:443, drop:0
2021-01-16 05:30:11.519 T:3608322944 DEBUG: CAMLCodec::GetTimeSize: len:24 dl:1223887 fs:1237820 front:13933
2021-01-16 05:30:11.519 T:3608322944 DEBUG: CAMLCodec::GetTimeSize: len:23 dl:1223887 fs:1223887 front:11381
2021-01-16 05:30:11.525 T:3608322944 DEBUG: CAMLCodec::AddData: dl:1234677 sum:1234677 sz:10790 dts:325.367 pts:325.408 overflow:0
2021-01-16 05:30:11.525 T:3608322944 DEBUG: CAMLCodec::GetTimeSize: len:24 dl:1234677 fs:1234677 front:11381
2021-01-16 05:30:11.551 T:4090851344 DEBUG: Previous line repeats 3 times.
2021-01-16 05:30:11.551 T:4090851344 DEBUG: CAMLCodec::PollFrame elapsed:31.673ms
2021-01-16 05:30:11.553 T:3608322944 DEBUG: CAMLCodec::GetTimeSize: len:24 dl:1234677 fs:1234677 front:11381
2021-01-16 05:30:11.554 T:3608322944 DEBUG: CAMLCodec::DequeueBuffer: pts:324.366 idx:448
2021-01-16 05:30:11.554 T:3608322944 DEBUG: CAMLCodec::GetPicture: index: 448, pts: 324.366, dur:42ms ar:1.67
2021-01-16 05:30:11.555 T:4090851344 DEBUG: PrepareNextRender: frameOnScreen: 324.153 renderPts: 324.278 nextFramePts: 324.199 -> diff: 0.079 render: 1 forceNext: 0
2021-01-16 05:30:11.555 T:3608322944 DEBUG: CVideoPlayerVideo::OutputPicture - ttd:212ms pts:324.366 Clock:324.154 Level:3
2021-01-16 05:30:11.557 T:4090851344 DEBUG: CAMLCodec::ReleaseFrame idx:444, drop:0
2021-01-16 05:30:11.557 T:3608322944 DEBUG: CAMLCodec::GetTimeSize: len:24 dl:1223296 fs:1234677 front:11381
2021-01-16 05:30:11.558 T:3608322944 DEBUG: CAMLCodec::GetTimeSize: len:23 dl:1223296 fs:1223296 front:164255
2021-01-16 05:30:11.566 T:3608322944 DEBUG: CAMLCodec::AddData: dl:1363262 sum:1363262 sz:139966 dts:325.408 pts:325.617 overflow:0
2021-01-16 05:30:11.566 T:3608322944 DEBUG: CAMLCodec::GetTimeSize: len:24 dl:1363262 fs:1363262 front:164255
2021-01-16 05:30:11.593 T:4090851344 DEBUG: Previous line repeats 3 times.
2021-01-16 05:30:11.593 T:4090851344 DEBUG: CAMLCodec::PollFrame elapsed:35.510ms
2021-01-16 05:30:11.594 T:3608322944 DEBUG: CAMLCodec::GetTimeSize: len:24 dl:1363262 fs:1363262 front:164255
2021-01-16 05:30:11.595 T:3608322944 DEBUG: CAMLCodec::DequeueBuffer: pts:324.407 idx:449
2021-01-16 05:30:11.596 T:3608322944 DEBUG: CAMLCodec::GetPicture: index: 449, pts: 324.407, dur:41ms ar:1.67
2021-01-16 05:30:11.597 T:3608322944 DEBUG: CVideoPlayerVideo::OutputPicture - ttd:211ms pts:324.407 Clock:324.196 Level:4
2021-01-16 05:30:11.599 T:3608322944 DEBUG: CAMLCodec::GetTimeSize: len:24 dl:1199007 fs:1363262 front:164255
2021-01-16 05:30:11.600 T:4090851344 DEBUG: PrepareNextRender: frameOnScreen: 324.198 renderPts: 324.323 nextFramePts: 324.241 -> diff: 0.082 render: 1 forceNext: 0
2021-01-16 05:30:11.600 T:3608322944 DEBUG: CAMLCodec::GetTimeSize: len:23 dl:1199007 fs:1199007 front:26581
2021-01-16 05:30:11.601 T:4090851344 DEBUG: CAMLCodec::ReleaseFrame idx:445, drop:0
2021-01-16 05:30:11.605 T:3608322944 DEBUG: CAMLCodec::AddData: dl:1241630 sum:1241630 sz:42623 dts:325.450 pts:325.534 overflow:0
2021-01-16 05:30:11.606 T:3608322944 DEBUG: CAMLCodec::GetTimeSize: len:24 dl:1241630 fs:1241630 front:26581
2021-01-16 05:30:11.634 T:4090851344 DEBUG: Previous line repeats 4 times.
2021-01-16 05:30:11.636 T:4090851344 DEBUG: CAMLCodec::PollFrame elapsed:32.213ms
2021-01-16 05:30:11.640 T:3608322944 DEBUG: CAMLCodec::GetTimeSize: len:24 dl:1215049 fs:1241630 front:26581
2021-01-16 05:30:11.640 T:3608322944 DEBUG: CAMLCodec::GetTimeSize: len:23 dl:1215049 fs:1215049 front:14753
2021-01-16 05:30:11.642 T:3608322944 DEBUG: CAMLCodec::DequeueBuffer: pts:324.449 idx:450
2021-01-16 05:30:11.643 T:4090851344 DEBUG: PrepareNextRender: frameOnScreen: 324.241 renderPts: 324.366 nextFramePts: 324.282 -> diff: 0.084 render: 1 forceNext: 0
2021-01-16 05:30:11.643 T:3608322944 DEBUG: CAMLCodec::GetPicture: index: 450, pts: 324.449, dur:42ms ar:1.67
2021-01-16 05:30:11.643 T:3608322944 DEBUG: CVideoPlayerVideo::OutputPicture - ttd:207ms pts:324.449 Clock:324.242 Level:3
2021-01-16 05:30:11.644 T:4090851344 DEBUG: CAMLCodec::ReleaseFrame idx:446, drop:0
2021-01-16 05:30:11.644 T:3608322944 DEBUG: CAMLCodec::GetTimeSize: len:23 dl:1215049 fs:1215049 front:14753
2021-01-16 05:30:11.650 T:3608322944 DEBUG: CAMLCodec::AddData: dl:1225111 sum:1225111 sz:10062 dts:325.492 pts:325.492 overflow:0
2021-01-16 05:30:11.650 T:3608322944 DEBUG: CAMLCodec::GetTimeSize: len:24 dl:1225111 fs:1225111 front:14753
2021-01-16 05:30:11.676 T:4090851344 DEBUG: Previous line repeats 3 times.
2021-01-16 05:30:11.676 T:4090851344 DEBUG: CAMLCodec::PollFrame elapsed:31.274ms
2021-01-16 05:30:11.678 T:3608322944 DEBUG: CAMLCodec::GetTimeSize: len:24 dl:1225111 fs:1225111 front:14753
2021-01-16 05:30:11.679 T:3608322944 DEBUG: CAMLCodec::DequeueBuffer: pts:324.491 idx:451
2021-01-16 05:30:11.679 T:3608322944 DEBUG: CAMLCodec::GetPicture: index: 451, pts: 324.491, dur:42ms ar:1.67
2021-01-16 05:30:11.680 T:3608322944 DEBUG: CVideoPlayerVideo::OutputPicture - ttd:212ms pts:324.491 Clock:324.279 Level:4
2021-01-16 05:30:11.682 T:4090851344 DEBUG: PrepareNextRender: frameOnScreen: 324.280 renderPts: 324.405 nextFramePts: 324.324 -> diff: 0.081 render: 1 forceNext: 0
2021-01-16 05:30:11.683 T:3608322944 DEBUG: CAMLCodec::GetTimeSize: len:24 dl:1225111 fs:1225111 front:14753
2021-01-16 05:30:11.685 T:4090851344 DEBUG: CAMLCodec::ReleaseFrame idx:447, drop:0
2021-01-16 05:30:11.690 T:3608322944 DEBUG: CAMLCodec::GetTimeSize: len:24 dl:1210358 fs:1225111 front:14753
2021-01-16 05:30:11.690 T:3608322944 DEBUG: CAMLCodec::GetTimeSize: len:23 dl:1210358 fs:1210358 front:169640
2021-01-16 05:30:11.696 T:3608322944 DEBUG: CAMLCodec::AddData: dl:1222164 sum:1222164 sz:11806 dts:325.534 pts:325.575 overflow:0
2021-01-16 05:30:11.696 T:3608322944 DEBUG: CAMLCodec::GetTimeSize: len:24 dl:1222164 fs:1222164 front:169640
2021-01-16 05:30:11.717 T:4090851344 DEBUG: Previous line repeats 3 times.
2021-01-16 05:30:11.718 T:4090851344 DEBUG: CAMLCodec::PollFrame elapsed:32.331ms
2021-01-16 05:30:11.724 T:3608322944 DEBUG: CAMLCodec::GetTimeSize: len:24 dl:1222164 fs:1222164 front:169640
2021-01-16 05:30:11.726 T:3581182848 DEBUG: CVideoPlayer::ProcessVideoData size:71873 dts:332.457 pts:332.791 dur:41.000ms, clock:324.324 level:86
2021-01-16 05:30:11.726 T:4090851344 DEBUG: PrepareNextRender: frameOnScreen: 324.324 renderPts: 324.449 nextFramePts: 324.366 -> diff: 0.083 render: 1 forceNext: 0
2021-01-16 05:30:11.727 T:3608322944 DEBUG: CAMLCodec::DequeueBuffer: pts:324.533 idx:452
2021-01-16 05:30:11.727 T:3608322944 DEBUG: CAMLCodec::GetPicture: index: 452, pts: 324.533, dur:42ms ar:1.67
2021-01-16 05:30:11.728 T:3581182848 DEBUG: CVideoPlayer::ProcessVideoData size:17309 dts:332.499 pts:332.666 dur:41.000ms, clock:324.326 level:87
2021-01-16 05:30:11.729 T:3608322944 DEBUG: CVideoPlayerVideo::OutputPicture - ttd:206ms pts:324.533 Clock:324.327 Level:3
2021-01-16 05:30:11.729 T:4090851344 DEBUG: CAMLCodec::ReleaseFrame idx:448, drop:0
2021-01-16 05:30:11.730 T:3581182848 DEBUG: CVideoPlayer::ProcessVideoData size:5028 dts:332.541 pts:332.541 dur:41.000ms, clock:324.329 level:87
2021-01-16 05:30:11.730 T:3608322944 DEBUG: CAMLCodec::GetTimeSize: len:24 dl:1052524 fs:1222164 front:169640
2021-01-16 05:30:11.731 T:3608322944 DEBUG: CAMLCodec::GetTimeSize: len:23 dl:1052524 fs:1052524 front:30487
2021-01-16 05:30:11.731 T:3581182848 DEBUG: CVideoPlayer::ProcessVideoData size:7108 dts:332.582 pts:332.582 dur:41.000ms, clock:324.330 level:88
2021-01-16 05:30:11.731 T:3581182848 DEBUG: CVideoPlayer::ProcessVideoData size:9576 dts:332.624 pts:332.624 dur:41.000ms, clock:324.330 level:88
2021-01-16 05:30:11.732 T:3581182848 DEBUG: CVideoPlayer::ProcessVideoData size:6869 dts:332.666 pts:332.707 dur:41.000ms, clock:324.331 level:89
2021-01-16 05:30:11.733 T:3581182848 DEBUG: CVideoPlayer::ProcessVideoData size:7702 dts:332.707 pts:332.749 dur:41.000ms, clock:324.332 level:89
2021-01-16 05:30:11.739 T:3608322944 DEBUG: CAMLCodec::AddData: dl:1179371 sum:1179371 sz:126847 dts:325.575 pts:325.825 overflow:0
2021-01-16 05:30:11.739 T:3608322944 DEBUG: CAMLCodec::GetTimeSize: len:24 dl:1179371 fs:1179371 front:30487
2021-01-16 05:30:11.759 T:4090851344 DEBUG: Previous line repeats 3 times.
2021-01-16 05:30:11.760 T:4090851344 DEBUG: CAMLCodec::PollFrame elapsed:29.781ms
2021-01-16 05:30:11.767 T:4090851344 DEBUG: PrepareNextRender: frameOnScreen: 324.365 renderPts: 324.490 nextFramePts: 324.407 -> diff: 0.083 render: 1 forceNext: 0
2021-01-16 05:30:11.767 T:3608322944 DEBUG: CAMLCodec::GetTimeSize: len:24 dl:1148884 fs:1179371 front:30487
2021-01-16 05:30:11.767 T:3608322944 DEBUG: CAMLCodec::GetTimeSize: len:23 dl:1148884 fs:1148884 front:16924
2021-01-16 05:30:11.768 T:3608322944 DEBUG: CAMLCodec::DequeueBuffer: pts:324.574 idx:453
2021-01-16 05:30:11.768 T:3608322944 DEBUG: CAMLCodec::GetPicture: index: 453, pts: 324.574, dur:41ms ar:1.67
2021-01-16 05:30:11.768 T:3608322944 DEBUG: CVideoPlayerVideo::OutputPicture - ttd:207ms pts:324.574 Clock:324.367 Level:3
2021-01-16 05:30:11.769 T:4090851344 DEBUG: CAMLCodec::ReleaseFrame idx:449, drop:0
2021-01-16 05:30:11.769 T:3608322944 DEBUG: CAMLCodec::GetTimeSize: len:23 dl:1148884 fs:1148884 front:16924
2021-01-16 05:30:11.775 T:3608322944 DEBUG: CAMLCodec::AddData: dl:1176825 sum:1176825 sz:27941 dts:325.617 pts:325.742 overflow:0
2021-01-16 05:30:11.775 T:3608322944 DEBUG: CAMLCodec::GetTimeSize: len:24 dl:1176825 fs:1176825 front:16924
2021-01-16 05:30:11.801 T:4090851344 DEBUG: Previous line repeats 3 times.
2021-01-16 05:30:11.801 T:4090851344 DEBUG: CAMLCodec::PollFrame elapsed:31.865ms
2021-01-16 05:30:11.803 T:3608322944 DEBUG: CAMLCodec::GetTimeSize: len:24 dl:1176825 fs:1176825 front:16924
2021-01-16 05:30:11.803 T:3608322944 DEBUG: CAMLCodec::DequeueBuffer: pts:324.616 idx:454
2021-01-16 05:30:11.804 T:3608322944 DEBUG: CAMLCodec::GetPicture: index: 454, pts: 324.616, dur:42ms ar:1.67
2021-01-16 05:30:11.804 T:3608322944 DEBUG: CVideoPlayerVideo::OutputPicture - ttd:213ms pts:324.616 Clock:324.403 Level:4
2021-01-16 05:30:11.805 T:3608322944 DEBUG: CAMLCodec::GetTimeSize: len:24 dl:1159901 fs:1176825 front:16924
2021-01-16 05:30:11.806 T:4090851344 DEBUG: PrepareNextRender: frameOnScreen: 324.404 renderPts: 324.529 nextFramePts: 324.449 -> diff: 0.080 render: 1 forceNext: 0
2021-01-16 05:30:11.806 T:3608322944 DEBUG: CAMLCodec::GetTimeSize: len:23 dl:1159901 fs:1159901 front:16300
2021-01-16 05:30:11.808 T:4090851344 DEBUG: CAMLCodec::ReleaseFrame idx:450, drop:0
2021-01-16 05:30:11.811 T:3608322944 DEBUG: CAMLCodec::AddData: dl:1177034 sum:1177034 sz:17133 dts:325.659 pts:325.659 overflow:0
2021-01-16 05:30:11.812 T:3608322944 DEBUG: CAMLCodec::GetTimeSize: len:24 dl:1177034 fs:1177034 front:16300
2021-01-16 05:30:11.842 T:4090851344 DEBUG: Previous line repeats 4 times.
2021-01-16 05:30:11.843 T:4090851344 DEBUG: CAMLCodec::PollFrame elapsed:33.508ms
2021-01-16 05:30:11.846 T:3608322944 DEBUG: CAMLCodec::GetTimeSize: len:24 dl:1177034 fs:1177034 front:16300
2021-01-16 05:30:11.847 T:4090851344 DEBUG: PrepareNextRender: frameOnScreen: 324.445 renderPts: 324.570 nextFramePts: 324.491 -> diff: 0.079 render: 1 forceNext: 0
2021-01-16 05:30:11.847 T:3608322944 DEBUG: CAMLCodec::DequeueBuffer: pts:324.658 idx:455
2021-01-16 05:30:11.847 T:3608322944 DEBUG: CAMLCodec::GetPicture: index: 455, pts: 324.658, dur:42ms ar:1.67
2021-01-16 05:30:11.848 T:3608322944 DEBUG: CVideoPlayerVideo::OutputPicture - ttd:211ms pts:324.658 Clock:324.447 Level:3
2021-01-16 05:30:11.849 T:4090851344 DEBUG: CAMLCodec::ReleaseFrame idx:451, drop:0
2021-01-16 05:30:11.849 T:3608322944 DEBUG: CAMLCodec::GetTimeSize: len:24 dl:1160734 fs:1177034 front:16300
2021-01-16 05:30:11.850 T:3608322944 DEBUG: CAMLCodec::GetTimeSize: len:23 dl:1160734 fs:1160734 front:11834
2021-01-16 05:30:11.855 T:3608322944 DEBUG: CAMLCodec::AddData: dl:1176430 sum:1176430 sz:15696 dts:325.700 pts:325.700 overflow:0
2021-01-16 05:30:11.856 T:3608322944 DEBUG: CAMLCodec::GetTimeSize: len:24 dl:1176430 fs:1176430 front:11834
2021-01-16 05:30:11.884 T:4090851344 DEBUG: Previous line repeats 4 times.
2021-01-16 05:30:11.886 T:4090851344 DEBUG: CAMLCodec::PollFrame elapsed:34.601ms
2021-01-16 05:30:11.891 T:4090851344 DEBUG: PrepareNextRender: frameOnScreen: 324.489 renderPts: 324.614 nextFramePts: 324.533 -> diff: 0.081 render: 1 forceNext: 0
2021-01-16 05:30:11.891 T:3608322944 DEBUG: CAMLCodec::GetTimeSize: len:24 dl:1164596 fs:1176430 front:11834
2021-01-16 05:30:11.891 T:3608322944 DEBUG: CAMLCodec::GetTimeSize: len:23 dl:1164596 fs:1164596 front:169858
2021-01-16 05:30:11.892 T:3608322944 DEBUG: CAMLCodec::DequeueBuffer: pts:324.699 idx:456
2021-01-16 05:30:11.892 T:3608322944 DEBUG: CAMLCodec::GetPicture: index: 456, pts: 324.699, dur:41ms ar:1.67
2021-01-16 05:30:11.892 T:3608322944 DEBUG: CVideoPlayerVideo::OutputPicture - ttd:208ms pts:324.699 Clock:324.491 Level:3
2021-01-16 05:30:11.893 T:4090851344 DEBUG: CAMLCodec::ReleaseFrame idx:452, drop:0
2021-01-16 05:30:11.893 T:3608322944 DEBUG: CAMLCodec::GetTimeSize: len:23 dl:1164596 fs:1164596 front:169858
2021-01-16 05:30:11.899 T:3608322944 DEBUG: CAMLCodec::AddData: dl:1174983 sum:1174983 sz:10387 dts:325.742 pts:325.784 overflow:0
2021-01-16 05:30:11.899 T:3608322944 DEBUG: CAMLCodec::GetTimeSize: len:24 dl:1174983 fs:1174983 front:169858
2021-01-16 05:30:11.926 T:4090851344 DEBUG: Previous line repeats 3 times.
2021-01-16 05:30:11.928 T:4090851344 DEBUG: CAMLCodec::PollFrame elapsed:32.682ms
2021-01-16 05:30:11.928 T:3608322944 DEBUG: CAMLCodec::GetTimeSize: len:24 dl:1174983 fs:1174983 front:169858
2021-01-16 05:30:11.929 T:3608322944 DEBUG: CAMLCodec::DequeueBuffer: pts:324.741 idx:457
2021-01-16 05:30:11.929 T:3608322944 DEBUG: CAMLCodec::GetPicture: index: 457, pts: 324.741, dur:42ms ar:1.67
2021-01-16 05:30:11.930 T:3608322944 DEBUG: CVideoPlayerVideo::OutputPicture - ttd:212ms pts:324.741 Clock:324.528 Level:4
2021-01-16 05:30:11.931 T:3608322944 DEBUG: CAMLCodec::GetTimeSize: len:24 dl:1174983 fs:1174983 front:169858
2021-01-16 05:30:11.933 T:4090851344 DEBUG: PrepareNextRender: frameOnScreen: 324.532 renderPts: 324.657 nextFramePts: 324.574 -> diff: 0.083 render: 1 forceNext: 0
2021-01-16 05:30:11.935 T:4090851344 DEBUG: CAMLCodec::ReleaseFrame idx:453, drop:0
2021-01-16 05:30:11.939 T:3608322944 DEBUG: CAMLCodec::GetTimeSize: len:24 dl:1005125 fs:1174983 front:169858
2021-01-16 05:30:11.939 T:3608322944 DEBUG: CAMLCodec::GetTimeSize: len:23 dl:1005125 fs:1005125 front:64997
2021-01-16 05:30:11.947 T:3608322944 DEBUG: CAMLCodec::AddData: dl:1069227 sum:1069227 sz:64102 dts:325.784 pts:325.992 overflow:0
2021-01-16 05:30:11.947 T:3608322944 DEBUG: CAMLCodec::GetTimeSize: len:24 dl:1069227 fs:1069227 front:64997
2021-01-16 05:30:11.967 T:4090851344 DEBUG: Previous line repeats 2 times.
2021-01-16 05:30:11.968 T:4090851344 DEBUG: CAMLCodec::PollFrame elapsed:31.554ms
2021-01-16 05:30:11.969 T:3608322944 DEBUG: CAMLCodec::GetTimeSize: len:24 dl:1069227 fs:1069227 front:64997
2021-01-16 05:30:11.969 T:3608322944 DEBUG: CAMLCodec::DequeueBuffer: pts:324.783 idx:458
2021-01-16 05:30:11.970 T:3608322944 DEBUG: CAMLCodec::GetPicture: index: 458, pts: 324.783, dur:42ms ar:1.67
2021-01-16 05:30:11.971 T:3608322944 DEBUG: CVideoPlayerVideo::OutputPicture - ttd:213ms pts:324.783 Clock:324.569 Level:4
2021-01-16 05:30:11.972 T:3608322944 DEBUG: CAMLCodec::GetTimeSize: len:24 dl:1069227 fs:1069227 front:64997
2021-01-16 05:30:11.973 T:4090851344 DEBUG: PrepareNextRender: frameOnScreen: 324.571 renderPts: 324.696 nextFramePts: 324.616 -> diff: 0.080 render: 1 forceNext: 0
2021-01-16 05:30:11.976 T:4090851344 DEBUG: CAMLCodec::ReleaseFrame idx:454, drop:0
2021-01-16 05:30:11.979 T:3608322944 DEBUG: CAMLCodec::GetTimeSize: len:24 dl:1004230 fs:1069227 front:64997
2021-01-16 05:30:11.979 T:3608322944 DEBUG: CAMLCodec::GetTimeSize: len:23 dl:1004230 fs:1004230 front:12846
2021-01-16 05:30:11.983 T:3581182848 DEBUG: CVideoPlayer::ProcessVideoData size:66704 dts:332.749 pts:332.999 dur:41.000ms, clock:324.582 level:87
2021-01-16 05:30:11.984 T:3581182848 DEBUG: CVideoPlayer::ProcessVideoData size:25655 dts:332.791 pts:332.916 dur:41.000ms, clock:324.583 level:87
2021-01-16 05:30:11.985 T:3581182848 DEBUG: CVideoPlayer::ProcessVideoData size:7201 dts:332.832 pts:332.832 dur:41.000ms, clock:324.583 level:88
2021-01-16 05:30:11.985 T:3581182848 DEBUG: CVideoPlayer::ProcessVideoData size:5601 dts:332.874 pts:332.874 dur:41.000ms, clock:324.584 level:88
2021-01-16 05:30:11.986 T:3581182848 DEBUG: CVideoPlayer::ProcessVideoData size:4257 dts:332.916 pts:332.958 dur:41.000ms, clock:324.584 level:88
2021-01-16 05:30:11.986 T:3608322944 DEBUG: CAMLCodec::AddData: dl:1031570 sum:1031570 sz:27340 dts:325.825 pts:325.909 overflow:0
2021-01-16 05:30:11.987 T:3608322944 DEBUG: CAMLCodec::GetTimeSize: len:24 dl:1031570 fs:1031570 front:12846
2021-01-16 05:30:12.009 T:4090851344 DEBUG: Previous line repeats 3 times.
2021-01-16 05:30:12.011 T:4090851344 DEBUG: CAMLCodec::PollFrame elapsed:33.215ms
2021-01-16 05:30:12.014 T:3608322944 DEBUG: CAMLCodec::GetTimeSize: len:24 dl:1031570 fs:1031570 front:12846
2021-01-16 05:30:12.016 T:3608322944 DEBUG: CAMLCodec::DequeueBuffer: pts:324.824 idx:459
2021-01-16 05:30:12.016 T:4090851344 DEBUG: PrepareNextRender: frameOnScreen: 324.614 renderPts: 324.739 nextFramePts: 324.658 -> diff: 0.081 render: 1 forceNext: 0
2021-01-16 05:30:12.017 T:3608322944 DEBUG: CAMLCodec::GetPicture: index: 459, pts: 324.824, dur:41ms ar:1.67
2021-01-16 05:30:12.017 T:3608322944 DEBUG: CVideoPlayerVideo::OutputPicture - ttd:208ms pts:324.824 Clock:324.616 Level:3
2021-01-16 05:30:12.018 T:4090851344 DEBUG: CAMLCodec::ReleaseFrame idx:455, drop:0
2021-01-16 05:30:12.019 T:3608322944 DEBUG: CAMLCodec::GetTimeSize: len:24 dl:1018724 fs:1031570 front:12846
2021-01-16 05:30:12.019 T:3608322944 DEBUG: CAMLCodec::GetTimeSize: len:23 dl:1018724 fs:1018724 front:15776
2021-01-16 05:30:12.024 T:3608322944 DEBUG: CAMLCodec::AddData: dl:1031748 sum:1031748 sz:13024 dts:325.867 pts:325.867 overflow:0
2021-01-16 05:30:12.024 T:3608322944 DEBUG: CAMLCodec::GetTimeSize: len:24 dl:1031748 fs:1031748 front:15776
2021-01-16 05:30:12.049 T:3581182848 DEBUG: Previous line repeats 3 times.
2021-01-16 05:30:12.050 T:3581182848 DEBUG: CVideoPlayer::ProcessVideoData size:85746 dts:332.958 pts:333.250 dur:41.000ms, clock:324.648 level:88
2021-01-16 05:30:12.051 T:4090851344 DEBUG: CAMLCodec::PollFrame elapsed:32.149ms
2021-01-16 05:30:12.051 T:3581182848 DEBUG: CVideoPlayer::ProcessVideoData size:18467 dts:332.999 pts:333.124 dur:41.000ms, clock:324.650 level:89
2021-01-16 05:30:12.051 T:3608322944 DEBUG: CAMLCodec::GetTimeSize: len:24 dl:1031748 fs:1031748 front:15776
2021-01-16 05:30:12.052 T:3581182848 DEBUG: CVideoPlayer::ProcessVideoData size:7409 dts:333.041 pts:333.041 dur:41.000ms, clock:324.651 level:89
2021-01-16 05:30:12.053 T:3581182848 DEBUG: CVideoPlayer::ProcessVideoData size:10093 dts:333.083 pts:333.083 dur:41.000ms, clock:324.652 level:90
2021-01-16 05:30:12.054 T:3581182848 DEBUG: CVideoPlayer::ProcessVideoData size:9095 dts:333.124 pts:333.166 dur:41.000ms, clock:324.653 level:90
2021-01-16 05:30:12.055 T:4090851344 DEBUG: PrepareNextRender: frameOnScreen: 324.653 renderPts: 324.778 nextFramePts: 324.699 -> diff: 0.079 render: 1 forceNext: 0
2021-01-16 05:30:12.057 T:3581182848 DEBUG: CVideoPlayer::ProcessVideoData size:7947 dts:333.166 pts:333.208 dur:41.000ms, clock:324.654 level:91
2021-01-16 05:30:12.059 T:3608322944 DEBUG: CAMLCodec::GetTimeSize: len:24 dl:1015972 fs:1031748 front:15776
2021-01-16 05:30:12.060 T:3608322944 DEBUG: CAMLCodec::GetTimeSize: len:23 dl:1015972 fs:1015972 front:13063
2021-01-16 05:30:12.060 T:3608322944 DEBUG: CAMLCodec::DequeueBuffer: pts:324.866 idx:460
2021-01-16 05:30:12.060 T:3608322944 DEBUG: CAMLCodec::GetPicture: index: 460, pts: 324.866, dur:42ms ar:1.67
2021-01-16 05:30:12.061 T:3608322944 DEBUG: CVideoPlayerVideo::OutputPicture - ttd:206ms pts:324.866 Clock:324.660 Level:3
2021-01-16 05:30:12.061 T:4090851344 DEBUG: CAMLCodec::ReleaseFrame idx:456, drop:0
2021-01-16 05:30:12.062 T:3608322944 DEBUG: CAMLCodec::GetTimeSize: len:23 dl:1015972 fs:1015972 front:13063
2021-01-16 05:30:12.068 T:3608322944 DEBUG: CAMLCodec::AddData: dl:1028825 sum:1028825 sz:12853 dts:325.909 pts:325.951 overflow:0
2021-01-16 05:30:12.068 T:3608322944 DEBUG: CAMLCodec::GetTimeSize: len:24 dl:1028825 fs:1028825 front:13063
2021-01-16 05:30:12.094 T:4090851344 DEBUG: Previous line repeats 3 times.
2021-01-16 05:30:12.094 T:4090851344 DEBUG: CAMLCodec::PollFrame elapsed:32.008ms
2021-01-16 05:30:12.097 T:3608322944 DEBUG: CAMLCodec::GetTimeSize: len:24 dl:1028825 fs:1028825 front:13063
2021-01-16 05:30:12.097 T:3608322944 DEBUG: CAMLCodec::DequeueBuffer: pts:324.908 idx:461
2021-01-16 05:30:12.098 T:3608322944 DEBUG: CAMLCodec::GetPicture: index: 461, pts: 324.908, dur:42ms ar:1.67
2021-01-16 05:30:12.099 T:3608322944 DEBUG: CVideoPlayerVideo::OutputPicture - ttd:210ms pts:324.908 Clock:324.698 Level:4
2021-01-16 05:30:12.100 T:4090851344 DEBUG: PrepareNextRender: frameOnScreen: 324.699 renderPts: 324.824 nextFramePts: 324.741 -> diff: 0.083 render: 1 forceNext: 0
2021-01-16 05:30:12.101 T:3608322944 DEBUG: CAMLCodec::GetTimeSize: len:24 dl:1015762 fs:1028825 front:13063
2021-01-16 05:30:12.102 T:3608322944 DEBUG: CAMLCodec::GetTimeSize: len:23 dl:1015762 fs:1015762 front:13414
2021-01-16 05:30:12.103 T:4090851344 DEBUG: CAMLCodec::ReleaseFrame idx:457, drop:0
2021-01-16 05:30:12.110 T:3608322944 DEBUG: CAMLCodec::AddData: dl:1208448 sum:1208448 sz:192686 dts:325.951 pts:326.034 overflow:0
2021-01-16 05:30:12.110 T:3608322944 DEBUG: CAMLCodec::GetTimeSize: len:24 dl:1208448 fs:1208448 front:13414
2021-01-16 05:30:12.136 T:4090851344 DEBUG: Previous line repeats 3 times.
2021-01-16 05:30:12.136 T:4090851344 DEBUG: CAMLCodec::PollFrame elapsed:32.425ms
2021-01-16 05:30:12.137 T:3608322944 DEBUG: CAMLCodec::GetTimeSize: len:24 dl:1208448 fs:1208448 front:13414
2021-01-16 05:30:12.138 T:3608322944 DEBUG: CAMLCodec::DequeueBuffer: pts:324.950 idx:462
2021-01-16 05:30:12.139 T:3608322944 DEBUG: CAMLCodec::GetPicture: index: 462, pts: 324.950, dur:42ms ar:1.67
2021-01-16 05:30:12.140 T:3608322944 DEBUG: CVideoPlayerVideo::OutputPicture - ttd:211ms pts:324.950 Clock:324.739 Level:4
2021-01-16 05:30:12.142 T:3608322944 DEBUG: CAMLCodec::GetTimeSize: len:24 dl:1195034 fs:1208448 front:13414
2021-01-16 05:30:12.142 T:3608322944 DEBUG: CAMLCodec::GetTimeSize: len:23 dl:1195034 fs:1195034 front:157039
2021-01-16 05:30:12.143 T:4090851344 DEBUG: PrepareNextRender: frameOnScreen: 324.741 renderPts: 324.867 nextFramePts: 324.783 -> diff: 0.084 render: 1 forceNext: 0
2021-01-16 05:30:12.145 T:4090851344 DEBUG: CAMLCodec::ReleaseFrame idx:458, drop:0
2021-01-16 05:30:12.150 T:3608322944 DEBUG: CAMLCodec::AddData: dl:1295559 sum:1295559 sz:100525 dts:325.992 pts:326.201 overflow:0
2021-01-16 05:30:12.151 T:3608322944 DEBUG: CAMLCodec::GetTimeSize: len:24 dl:1295559 fs:1295559 front:157039
2021-01-16 05:30:12.176 T:4090851344 DEBUG: Previous line repeats 3 times.
2021-01-16 05:30:12.176 T:4090851344 DEBUG: CAMLCodec::PollFrame elapsed:31.010ms
2021-01-16 05:30:12.180 T:3608322944 DEBUG: CAMLCodec::GetTimeSize: len:24 dl:1295559 fs:1295559 front:157039
2021-01-16 05:30:12.181 T:3608322944 DEBUG: CAMLCodec::DequeueBuffer: pts:324.991 idx:463
2021-01-16 05:30:12.181 T:4090851344 DEBUG: PrepareNextRender: frameOnScreen: 324.779 renderPts: 324.905 nextFramePts: 324.824 -> diff: 0.081 render: 1 forceNext: 0
2021-01-16 05:30:12.181 T:3608322944 DEBUG: CAMLCodec::GetPicture: index: 463, pts: 324.991, dur:41ms ar:1.67
2021-01-16 05:30:12.182 T:3608322944 DEBUG: CVideoPlayerVideo::OutputPicture - ttd:210ms pts:324.991 Clock:324.781 Level:3
2021-01-16 05:30:12.183 T:3608322944 DEBUG: CAMLCodec::GetTimeSize: len:24 dl:1295559 fs:1295559 front:157039
2021-01-16 05:30:12.184 T:4090851344 DEBUG: CAMLCodec::ReleaseFrame idx:459, drop:0
2021-01-16 05:30:12.190 T:3608322944 DEBUG: CAMLCodec::GetTimeSize: len:24 dl:1138520 fs:1295559 front:157039
2021-01-16 05:30:12.190 T:3608322944 DEBUG: CAMLCodec::GetTimeSize: len:23 dl:1138520 fs:1138520 front:44534
2021-01-16 05:30:12.196 T:3608322944 DEBUG: CAMLCodec::AddData: dl:1162141 sum:1162141 sz:23621 dts:326.034 pts:326.117 overflow:0
2021-01-16 05:30:12.196 T:3608322944 DEBUG: CAMLCodec::GetTimeSize: len:24 dl:1162141 fs:1162141 front:44534
