2021-01-16 05:29:53.021 T:3581182848 DEBUG: CVideoPlayer::ProcessVideoData size:78584 dts:310.435 pts:310.727 dur:41.000ms, clock:305.698 level:43
2021-01-16 05:29:53.022 T:3581182848 DEBUG: CVideoPlayer::ProcessVideoData size:19818 dts:310.477 pts:310.602 dur:41.000ms, clock:305.699 level:43
2021-01-16 05:29:53.023 T:3581182848 DEBUG: CVideoPlayer::ProcessVideoData size:10682 dts:310.519 pts:310.519 dur:41.000ms, clock:305.700 level:44
2021-01-16 05:29:53.023 T:3581182848 DEBUG: CVideoPlayer::ProcessVideoData size:12949 dts:310.560 pts:310.560 dur:41.000ms, clock:305.701 level:44
2021-01-16 05:29:53.024 T:3581182848 DEBUG: CVideoPlayer::ProcessVideoData size:13283 dts:310.602 pts:310.644 dur:41.000ms, clock:305.701 level:45
2021-01-16 05:29:53.025 T:3581182848 DEBUG: CVideoPlayer::ProcessVideoData size:4899 dts:310.644 pts:310.685 dur:41.000ms, clock:305.702 level:45
2021-01-16 05:29:53.026 T:3581182848 DEBUG: CVideoPlayer::ProcessVideoData size:70480 dts:310.685 pts:310.894 dur:41.000ms, clock:305.703 level:46
2021-01-16 05:29:53.027 T:3581182848 DEBUG: CVideoPlayer::ProcessVideoData size:23054 dts:310.727 pts:310.810 dur:41.000ms, clock:305.704 level:46
2021-01-16 05:29:53.027 T:3581182848 DEBUG: CVideoPlayer::ProcessVideoData size:3033 dts:310.769 pts:310.769 dur:41.000ms, clock:305.704 level:47
2021-01-16 05:29:53.028 T:3581182848 DEBUG: CVideoPlayer::ProcessVideoData size:3455 dts:310.810 pts:310.852 dur:41.000ms, clock:305.705 level:47
2021-01-16 05:29:53.029 T:3608322944 DEBUG: CAMLCodec::GetTimeSize: len:24 dl:723165 fs:723165 front:8902
2021-01-16 05:29:53.030 T:3581182848 DEBUG: CVideoPlayer::ProcessVideoData size:81635 dts:310.852 pts:311.061 dur:41.000ms, clock:305.707 level:48
2021-01-16 05:29:53.031 T:3581182848 DEBUG: CVideoPlayer::ProcessVideoData size:27398 dts:310.894 pts:310.977 dur:41.000ms, clock:305.708 level:48
2021-01-16 05:29:53.032 T:3581182848 DEBUG: CVideoPlayer::ProcessVideoData size:8455 dts:310.936 pts:310.936 dur:41.000ms, clock:305.709 level:49
2021-01-16 05:29:53.032 T:3581182848 DEBUG: CVideoPlayer::ProcessVideoData size:5715 dts:310.977 pts:311.019 dur:41.000ms, clock:305.709 level:50
2021-01-16 05:29:53.034 T:3581182848 DEBUG: CVideoPlayer::ProcessVideoData size:80372 dts:311.019 pts:311.353 dur:41.000ms, clock:305.711 level:50
2021-01-16 05:29:53.035 T:3581182848 DEBUG: CVideoPlayer::ProcessVideoData size:20762 dts:311.061 pts:311.228 dur:41.000ms, clock:305.712 level:51
2021-01-16 05:29:53.036 T:3581182848 DEBUG: CVideoPlayer::ProcessVideoData size:7222 dts:311.102 pts:311.102 dur:41.000ms, clock:305.713 level:51
2021-01-16 05:29:53.037 T:3581182848 DEBUG: CVideoPlayer::ProcessVideoData size:10003 dts:311.144 pts:311.144 dur:41.000ms, clock:305.714 level:52
2021-01-16 05:29:53.038 T:3581182848 DEBUG: CVideoPlayer::ProcessVideoData size:11539 dts:311.186 pts:311.186 dur:41.000ms, clock:305.715 level:52
2021-01-16 05:29:53.039 T:3581182848 DEBUG: CVideoPlayer::ProcessVideoData size:8480 dts:311.228 pts:311.269 dur:41.000ms, clock:305.716 level:53
2021-01-16 05:29:53.040 T:3581182848 DEBUG: CVideoPlayer::ProcessVideoData size:7060 dts:311.269 pts:311.311 dur:41.000ms, clock:305.717 level:53
2021-01-16 05:29:53.041 T:3608322944 DEBUG: CAMLCodec::GetTimeSize: len:24 dl:723165 fs:723165 front:8902
2021-01-16 05:29:53.071 T:4090851344 DEBUG: Previous line repeats 4 times.
2021-01-16 05:29:53.072 T:4090851344 NOTICE: VideoPlayer: OnLostDisplay received
2021-01-16 05:29:53.072 T:4090851344 DEBUG: Flush - flushing renderer
2021-01-16 05:29:53.072 T:4090851344 DEBUG: CAMLCodec::ReleaseFrame idx:1, drop:1
2021-01-16 05:29:53.073 T:3608322944 DEBUG: CVideoPlayerVideo - CDVDMsg::GENERAL_PAUSE: 1
2021-01-16 05:29:53.073 T:4090851344 DEBUG: CAMLCodec::ReleaseFrame idx:2, drop:1
2021-01-16 05:29:53.073 T:4090851344 DEBUG: CAMLCodec::ReleaseFrame idx:3, drop:1
2021-01-16 05:29:53.074 T:4090851344 DEBUG: CAMLCodec::ReleaseFrame idx:4, drop:1
2021-01-16 05:29:53.074 T:3581182848 DEBUG: CVideoPlayer::ProcessVideoData size:88737 dts:311.311 pts:311.520 dur:41.000ms, clock:305.749 level:54
2021-01-16 05:29:53.074 T:4090851344 DEBUG: CAMLCodec::ReleaseFrame idx:5, drop:1
2021-01-16 05:29:53.075 T:4090851344 DEBUG: AMLUtils::aml_handle_display_stereo_mode old mode 3doff new mode 3doff
2021-01-16 05:29:53.075 T:4090851344 DEBUG: AMLUtils::aml_handle_display_stereo_mode - no change needed
2021-01-16 05:29:53.076 T:4090851344 ERROR: GetString: error reading /sys/class/amhdmitx/amhdmitx0/custom_mode
2021-01-16 05:29:53.186 T:3746550656 DEBUG: CMultiPathDirectory::GetDirectory(multipath://special%3a%2f%2fprofile%2fplaylists%2fvideo/special%3a%2f%2fprofile%2fplaylists%2fmixed/)
2021-01-16 05:29:53.186 T:3746550656 DEBUG: Getting Directory (special://profile/playlists/video)
2021-01-16 05:29:53.189 T:3746550656 DEBUG: Getting Directory (special://profile/playlists/mixed)
2021-01-16 05:29:53.191 T:3746550656 DEBUG: CMultiPathDirectory::MergeItems, items = 0
2021-01-16 05:29:53.240 T:4090851344 DEBUG: AMLUtils::aml_handle_display_stereo_mode old mode 3doff new mode 3doff
2021-01-16 05:29:53.240 T:4090851344 DEBUG: AMLUtils::aml_handle_display_stereo_mode - no change needed
2021-01-16 05:29:53.241 T:4090851344 NOTICE: VideoPlayer: OnResetDisplay received
2021-01-16 05:29:53.241 T:4068807552 DEBUG: CActiveAE - display reset event
2021-01-16 05:29:53.241 T:3608322944 DEBUG: CVideoPlayerVideo - CDVDMsg::GENERAL_PAUSE: 0
2021-01-16 05:29:53.241 T:4090851344 INFO: GLES: Maximum texture width: 4096
2021-01-16 05:29:53.242 T:4059034496 INFO: CActiveAESink::OpenSink - initialize sink
2021-01-16 05:29:53.242 T:4059034496 DEBUG: CActiveAESink::OpenSink - trying to open device ALSA:hdmi:CARD=AMLMESONAUDIO,DEV=0
2021-01-16 05:29:53.242 T:4059034496 INFO: CAESinkALSA::Initialize - Attempting to open device "hdmi:CARD=AMLMESONAUDIO,DEV=0"
2021-01-16 05:29:53.243 T:3961791360 DEBUG: CZeroconfAvahi::doPublishService identifier: servers.webserver type: _http._tcp name:Kodi (CoreELEC-W95) port:8080
2021-01-16 05:29:53.243 T:3961791360 DEBUG: CZeroconfAvahi::addService() named: Kodi (CoreELEC-W95) type: _http._tcp port:8080
2021-01-16 05:29:53.243 T:4090851344 DEBUG: PrepareNextRender: frameOnScreen: 305.752 renderPts: 305.877 nextFramePts: 305.722 -> diff: 0.155 render: 1 forceNext: 0
2021-01-16 05:29:53.244 T:3746550656 DEBUG: CRecentlyAddedJob::UpdateMusic() - Running RecentlyAdded home screen update
2021-01-16 05:29:53.245 T:3608322944 DEBUG: CAMLCodec::AddData: dl:658795 sum:796906 sz:73741 dts:307.015 pts:307.140 overflow:0
2021-01-16 05:29:53.245 T:3608322944 DEBUG: CAMLCodec::GetTimeSize: len:25 dl:658795 fs:796906 front:8902
2021-01-16 05:29:53.245 T:3608322944 DEBUG: CAMLCodec::GetTimeSize: len:24 dl:658795 fs:788004 front:9176
2021-01-16 05:29:53.245 T:3608322944 DEBUG: CAMLCodec::GetTimeSize: len:23 dl:658795 fs:778828 front:8950
2021-01-16 05:29:53.245 T:3608322944 DEBUG: CAMLCodec::GetTimeSize: len:22 dl:658795 fs:769878 front:66443
2021-01-16 05:29:53.245 T:3608322944 DEBUG: CAMLCodec::GetTimeSize: len:21 dl:658795 fs:703435 front:44640
2021-01-16 05:29:53.245 T:3608322944 DEBUG: CAMLCodec::GetTimeSize: len:20 dl:658795 fs:658795 front:8318
2021-01-16 05:29:53.245 T:4090851344 DEBUG: CAMLCodec::PollFrame elapsed:0.018ms
2021-01-16 05:29:53.246 T:3608322944 DEBUG: CAMLCodec::DequeueBuffer: pts:305.972 idx:7
2021-01-16 05:29:53.246 T:3608322944 DEBUG: CAMLCodec::GetPicture: index: 7, pts: 305.972, dur:41ms ar:1.67
2021-01-16 05:29:53.246 T:3608322944 DEBUG: CAMLCodec::ReleaseFrame idx:6, drop:1
2021-01-16 05:29:53.246 T:3608322944 DEBUG: CVideoPlayerVideo::OutputPicture - ttd:216ms pts:305.972 Clock:305.755 Level:5
2021-01-16 05:29:53.247 T:4090851344 DEBUG: ------ Window Deinit (DialogBusy.xml) ------
2021-01-16 05:29:53.248 T:3608322944 DEBUG: CAMLCodec::GetTimeSize: len:20 dl:658795 fs:658795 front:8318
2021-01-16 05:29:53.249 T:3608322944 DEBUG: CAMLCodec::DequeueBuffer: pts:306.014 idx:8
2021-01-16 05:29:53.249 T:3608322944 DEBUG: CAMLCodec::GetPicture: index: 8, pts: 306.014, dur:42ms ar:1.67
2021-01-16 05:29:53.249 T:3608322944 DEBUG: CVideoPlayerVideo::OutputPicture - ttd:255ms pts:306.014 Clock:305.758 Level:6
2021-01-16 05:29:53.251 T:3608322944 DEBUG: CAMLCodec::GetTimeSize: len:20 dl:658795 fs:658795 front:8318
2021-01-16 05:29:53.253 T:4059034496 INFO: CAESinkALSA::Initialize - Opened device "hdmi:CARD=AMLMESONAUDIO,DEV=0,AES0=0x06,AES1=0x82,AES2=0x00,AES3=0x02"
2021-01-16 05:29:53.254 T:4059034496 DEBUG: CAESinkALSA::InitializeHW - Request: periodSize 2400, bufferSize 9600
2021-01-16 05:29:53.255 T:3608322944 DEBUG: CAMLCodec::DequeueBuffer: pts:306.056 idx:9
2021-01-16 05:29:53.255 T:3608322944 DEBUG: CAMLCodec::GetPicture: index: 9, pts: 306.056, dur:42ms ar:1.67
2021-01-16 05:29:53.256 T:4059034496 DEBUG: CAESinkALSA::InitializeHW - Got: periodSize 128, bufferSize 9600
2021-01-16 05:29:53.256 T:4059034496 DEBUG: Audio Driver reports too low periodSize 128 - will use 2 fragments
2021-01-16 05:29:53.256 T:4090851344 DEBUG: PrepareNextRender: frameOnScreen: 305.765 renderPts: 305.890 nextFramePts: 305.764 -> diff: 0.126 render: 1 forceNext: 0
2021-01-16 05:29:53.257 T:4059034496 DEBUG: CAESinkALSA::InitializeHW - Setting timeout to 200 ms
2021-01-16 05:29:53.258 T:3608322944 DEBUG: CVideoPlayerVideo::OutputPicture - ttd:291ms pts:306.056 Clock:305.764 Level:6
2021-01-16 05:29:53.259 T:3608322944 DEBUG: CAMLCodec::GetTimeSize: len:20 dl:658795 fs:658795 front:8318
2021-01-16 05:29:53.260 T:3608322944 DEBUG: CAMLCodec::DequeueBuffer: pts:306.097 idx:10
2021-01-16 05:29:53.260 T:3608322944 DEBUG: CAMLCodec::GetPicture: index: 10, pts: 306.097, dur:41ms ar:1.67
2021-01-16 05:29:53.260 T:4059034496 DEBUG: CAESinkALSA::GetChannelLayout - Input Channel Count: 2 Output Channel Count: 2
2021-01-16 05:29:53.261 T:4059034496 DEBUG: CAESinkALSA::GetChannelLayout - Requested Layout: RAW, RAW
2021-01-16 05:29:53.261 T:4059034496 DEBUG: CAESinkALSA::GetChannelLayout - Got Layout: RAW, RAW (ALSA: none)
2021-01-16 05:29:53.261 T:4059034496 DEBUG: CActiveAESink::OpenSink - ALSA Initialized:
2021-01-16 05:29:53.261 T:4059034496 DEBUG: Output Device : AML-MESONAUDIO
2021-01-16 05:29:53.261 T:4059034496 DEBUG: Sample Rate : 48000
2021-01-16 05:29:53.261 T:4059034496 DEBUG: Sample Format : AE_FMT_S16NE
2021-01-16 05:29:53.261 T:4059034496 DEBUG: Channel Count : 2
2021-01-16 05:29:53.261 T:4059034496 DEBUG: Channel Layout: RAW, RAW
2021-01-16 05:29:53.261 T:4059034496 DEBUG: Frames : 256
2021-01-16 05:29:53.261 T:4059034496 DEBUG: Frame Size : 4
2021-01-16 05:29:53.269 T:3961791360 DEBUG: CZeroconfAvahi::doPublishService identifier: servers.jsonrpc-http type: _xbmc-jsonrpc-h._tcp name:Kodi (CoreELEC-W95) port:8080
2021-01-16 05:29:53.269 T:3961791360 DEBUG: CZeroconfAvahi::addService() named: Kodi (CoreELEC-W95) type: _xbmc-jsonrpc-h._tcp port:8080
2021-01-16 05:29:53.269 T:4068807552 DEBUG: CActiveAE::ClearDiscardedBuffers - buffer pool deleted
2021-01-16 05:29:53.271 T:3269096320 DEBUG: Previous line repeats 2 times.
2021-01-16 05:29:53.272 T:3269096320 DEBUG: CVideoPlayerAudio - CDVDMsg::GENERAL_PAUSE: 1
2021-01-16 05:29:53.272 T:3269096320 DEBUG: CVideoPlayerAudio - CDVDMsg::GENERAL_PAUSE: 0
2021-01-16 05:29:53.273 T:4068807552 DEBUG: ActiveAE::SyncStream - average error of 36.489927, start adjusting
2021-01-16 05:29:53.273 T:3746550656 DEBUG: GetRecentlyAddedAlbumSongs() query: SELECT songview.*, songartistview.* FROM (SELECT idAlbum FROM album ORDER BY idAlbum DESC LIMIT 10) AS recentalbums JOIN songview ON songview.idAlbum = recentalbums.idAlbum JOIN songartistview ON songview.idSong = songartistview.idSong ORDER BY songview.idAlbum DESC, songview.idSong, songartistview.idRole, songartistview.iOrder
2021-01-16 05:29:53.273 T:4068807552 DEBUG: ActiveAE::SyncStream - average error 4.489927 below threshold of 30.000000
2021-01-16 05:29:53.276 T:3978576768 DEBUG: OnAVChange: CApplication::OnAVChange
2021-01-16 05:29:53.277 T:3581182848 DEBUG: CVideoPlayer::ProcessVideoData size:21148 dts:311.353 pts:311.436 dur:41.000ms, clock:305.785 level:54
2021-01-16 05:29:53.277 T:3746550656 DEBUG: GetRecentlyAddedAlbums query: SELECT albumview.*, albumartistview.* FROM (SELECT idAlbum FROM album WHERE strAlbum != '' ORDER BY idAlbum DESC LIMIT 10) AS recentalbums JOIN albumview ON albumview.idAlbum = recentalbums.idAlbum JOIN albumartistview ON albumview.idAlbum = albumartistview.idAlbum ORDER BY albumview.idAlbum desc, albumartistview.iOrder
2021-01-16 05:29:53.277 T:3581182848 DEBUG: CVideoPlayer::ProcessVideoData size:8516 dts:311.394 pts:311.394 dur:41.000ms, clock:305.786 level:54
2021-01-16 05:29:53.278 T:3581182848 DEBUG: CVideoPlayer::ProcessVideoData size:7981 dts:311.436 pts:311.478 dur:41.000ms, clock:305.787 level:55
2021-01-16 05:29:53.282 T:4090851344 DEBUG: CAMLCodec::PollFrame elapsed:22.794ms
2021-01-16 05:29:53.285 T:3581182848 DEBUG: CVideoPlayer::ProcessVideoData size:86968 dts:311.478 pts:311.686 dur:41.000ms, clock:305.793 level:55
2021-01-16 05:29:53.287 T:3581182848 DEBUG: CVideoPlayer::ProcessVideoData size:29708 dts:311.520 pts:311.603 dur:41.000ms, clock:305.796 level:56
2021-01-16 05:29:53.288 T:3961791360 DEBUG: CZeroconfAvahi::doPublishService identifier: servers.eventserver type: _xbmc-events._udp name:Kodi (CoreELEC-W95) port:9777
2021-01-16 05:29:53.288 T:3961791360 DEBUG: CZeroconfAvahi::addService() named: Kodi (CoreELEC-W95) type: _xbmc-events._udp port:9777
2021-01-16 05:29:53.289 T:3581182848 DEBUG: CVideoPlayer::ProcessVideoData size:6683 dts:311.561 pts:311.561 dur:41.000ms, clock:305.797 level:56
2021-01-16 05:29:53.290 T:3746550656 DEBUG: CRecentlyAddedJob::UpdateVideos() - Running RecentlyAdded home screen update
2021-01-16 05:29:53.291 T:4090851344 DEBUG: PrepareNextRender: frameOnScreen: 305.799 renderPts: 305.924 nextFramePts: 305.805 -> diff: 0.119 render: 1 forceNext: 0
2021-01-16 05:29:53.292 T:3608322944 DEBUG: CVideoPlayerVideo::OutputPicture - ttd:328ms pts:306.097 Clock:305.769 Level:6
2021-01-16 05:29:53.293 T:3608322944 DEBUG: CAMLCodec::GetTimeSize: len:20 dl:658795 fs:658795 front:8318
2021-01-16 05:29:53.293 T:3581182848 DEBUG: CVideoPlayer::ProcessVideoData size:10000 dts:311.603 pts:311.645 dur:41.000ms, clock:305.802 level:57
2021-01-16 05:29:53.294 T:3608322944 DEBUG: CAMLCodec::DequeueBuffer: pts:306.139 idx:11
2021-01-16 05:29:53.294 T:3608322944 DEBUG: CAMLCodec::GetPicture: index: 11, pts: 306.139, dur:42ms ar:1.67
2021-01-16 05:29:53.298 T:3581182848 DEBUG: CVideoPlayer::ProcessVideoData size:93383 dts:311.645 pts:311.937 dur:41.000ms, clock:305.807 level:57
2021-01-16 05:29:53.299 T:3581182848 DEBUG: CVideoPlayer::ProcessVideoData size:11508 dts:311.686 pts:311.811 dur:41.000ms, clock:305.807 level:58
2021-01-16 05:29:53.299 T:3581182848 DEBUG: CVideoPlayer::ProcessVideoData size:3029 dts:311.728 pts:311.728 dur:41.000ms, clock:305.808 level:58
2021-01-16 05:29:53.300 T:3581182848 DEBUG: CVideoPlayer::ProcessVideoData size:4143 dts:311.770 pts:311.770 dur:41.000ms, clock:305.809 level:59
2021-01-16 05:29:53.301 T:3961791360 DEBUG: CZeroconfAvahi::doPublishService identifier: servers.jsonrpc-tpc type: _xbmc-jsonrpc._tcp name:Kodi (CoreELEC-W95) port:9090
2021-01-16 05:29:53.301 T:3581182848 DEBUG: CVideoPlayer::ProcessVideoData size:3440 dts:311.811 pts:311.853 dur:41.000ms, clock:305.809 level:59
2021-01-16 05:29:53.301 T:3961791360 DEBUG: CZeroconfAvahi::addService() named: Kodi (CoreELEC-W95) type: _xbmc-jsonrpc._tcp port:9090
2021-01-16 05:29:53.301 T:3581182848 DEBUG: CVideoPlayer::ProcessVideoData size:4692 dts:311.853 pts:311.895 dur:41.000ms, clock:305.810 level:60
2021-01-16 05:29:53.306 T:3581182848 DEBUG: CVideoPlayer::ProcessVideoData size:75288 dts:311.895 pts:312.229 dur:41.000ms, clock:305.814 level:60
2021-01-16 05:29:53.306 T:3581182848 DEBUG: CVideoPlayer::ProcessVideoData size:16963 dts:311.937 pts:312.103 dur:41.000ms, clock:305.815 level:61
2021-01-16 05:29:53.307 T:3581182848 DEBUG: CVideoPlayer::ProcessVideoData size:5694 dts:311.978 pts:311.978 dur:41.000ms, clock:305.816 level:61
2021-01-16 05:29:53.307 T:3581182848 DEBUG: CVideoPlayer::ProcessVideoData size:6942 dts:312.020 pts:312.020 dur:41.000ms, clock:305.816 level:62
2021-01-16 05:29:53.308 T:3581182848 DEBUG: CVideoPlayer::ProcessVideoData size:10031 dts:312.062 pts:312.062 dur:41.000ms, clock:305.817 level:63
2021-01-16 05:29:53.309 T:3581182848 DEBUG: CVideoPlayer::ProcessVideoData size:7577 dts:312.103 pts:312.145 dur:41.000ms, clock:305.817 level:63
2021-01-16 05:29:53.309 T:3581182848 DEBUG: CVideoPlayer::ProcessVideoData size:8064 dts:312.145 pts:312.187 dur:41.000ms, clock:305.818 level:64
2021-01-16 05:29:53.315 T:3581182848 DEBUG: CVideoPlayer::ProcessVideoData size:61003 dts:312.187 pts:312.521 dur:41.000ms, clock:305.824 level:64
2021-01-16 05:29:53.316 T:3961791360 DEBUG: CZeroconfAvahi::doPublishService identifier: servers.airtunes type: _raop._tcp name:F6291B0C143F@Kodi (CoreELEC-W95) port:36666
2021-01-16 05:29:53.316 T:3581182848 DEBUG: CVideoPlayer::ProcessVideoData size:16978 dts:312.229 pts:312.395 dur:41.000ms, clock:305.825 level:65
2021-01-16 05:29:53.316 T:3961791360 DEBUG: CZeroconfAvahi::addService() named: F6291B0C143F@Kodi (CoreELEC-W95) type: _raop._tcp port:36666
2021-01-16 05:29:53.317 T:3581182848 DEBUG: CVideoPlayer::ProcessVideoData size:6725 dts:312.270 pts:312.270 dur:41.000ms, clock:305.826 level:65
2021-01-16 05:29:53.318 T:3581182848 DEBUG: CVideoPlayer::ProcessVideoData size:9098 dts:312.312 pts:312.312 dur:41.000ms, clock:305.826 level:66
2021-01-16 05:29:53.319 T:3581182848 DEBUG: CVideoPlayer::ProcessVideoData size:7624 dts:312.354 pts:312.354 dur:41.000ms, clock:305.827 level:66
2021-01-16 05:29:53.320 T:3581182848 DEBUG: CVideoPlayer::ProcessVideoData size:9567 dts:312.395 pts:312.437 dur:41.000ms, clock:305.828 level:67
2021-01-16 05:29:53.320 T:3581182848 DEBUG: CVideoPlayer::ProcessVideoData size:7880 dts:312.437 pts:312.479 dur:41.000ms, clock:305.829 level:67
2021-01-16 05:29:53.322 T:3581182848 DEBUG: CVideoPlayer::ProcessVideoData size:37413 dts:312.479 pts:312.646 dur:41.000ms, clock:305.831 level:68
2021-01-16 05:29:53.323 T:3581182848 DEBUG: CVideoPlayer::ProcessVideoData size:29246 dts:312.521 pts:312.604 dur:41.000ms, clock:305.832 level:68
2021-01-16 05:29:53.324 T:4090851344 DEBUG: CAMLCodec::PollFrame elapsed:30.919ms
2021-01-16 05:29:53.327 T:3581182848 DEBUG: CVideoPlayer::ProcessVideoData size:7221 dts:312.562 pts:312.562 dur:41.000ms, clock:305.832 level:69
2021-01-16 05:29:53.330 T:4090851344 DEBUG: PrepareNextRender: frameOnScreen: 305.838 renderPts: 305.963 nextFramePts: 305.847 -> diff: 0.116 render: 1 forceNext: 0
2021-01-16 05:29:53.331 T:3608322944 DEBUG: CVideoPlayerVideo::OutputPicture - ttd:336ms pts:306.139 Clock:305.803 Level:6
2021-01-16 05:29:53.333 T:3608322944 DEBUG: CAMLCodec::GetTimeSize: len:20 dl:650477 fs:658795 front:8318
2021-01-16 05:29:53.334 T:3608322944 DEBUG: CAMLCodec::GetTimeSize: len:19 dl:650477 fs:650477 front:10764
2021-01-16 05:29:53.334 T:3608322944 DEBUG: CAMLCodec::DequeueBuffer: pts:306.181 idx:12
2021-01-16 05:29:53.335 T:3608322944 DEBUG: CAMLCodec::GetPicture: index: 12, pts: 306.181, dur:42ms ar:1.67
2021-01-16 05:29:53.336 T:3581182848 DEBUG: CVideoPlayer::ProcessVideoData size:120070 dts:312.604 pts:312.687 dur:41.000ms, clock:305.844 level:69
2021-01-16 05:29:53.341 T:3581182848 DEBUG: CVideoPlayer::ProcessVideoData size:66347 dts:312.646 pts:312.812 dur:41.000ms, clock:305.850 level:70
2021-01-16 05:29:53.343 T:3581182848 DEBUG: CVideoPlayer::ProcessVideoData size:41787 dts:312.687 pts:312.771 dur:41.000ms, clock:305.851 level:70
2021-01-16 05:29:53.344 T:3581182848 DEBUG: CVideoPlayer::ProcessVideoData size:28423 dts:312.729 pts:312.729 dur:41.000ms, clock:305.852 level:71
2021-01-16 05:29:53.345 T:3581182848 DEBUG: CVideoPlayer::ProcessVideoData size:62328 dts:312.771 pts:312.854 dur:41.000ms, clock:305.854 level:71
2021-01-16 05:29:53.347 T:3581182848 DEBUG: CVideoPlayer::ProcessVideoData size:66729 dts:312.812 pts:312.896 dur:41.000ms, clock:305.855 level:72
2021-01-16 05:29:53.348 T:3581182848 DEBUG: CVideoPlayer::ProcessVideoData size:70368 dts:312.854 pts:312.938 dur:41.000ms, clock:305.857 level:72
2021-01-16 05:29:53.353 T:3581182848 DEBUG: CVideoPlayer::ProcessVideoData size:74382 dts:312.896 pts:313.104 dur:41.000ms, clock:305.862 level:73
2021-01-16 05:29:53.354 T:3581182848 DEBUG: CVideoPlayer::ProcessVideoData size:45586 dts:312.938 pts:313.021 dur:41.000ms, clock:305.863 level:73
2021-01-16 05:29:53.355 T:3581182848 DEBUG: CVideoPlayer::ProcessVideoData size:29878 dts:312.979 pts:312.979 dur:41.000ms, clock:305.864 level:74
2021-01-16 05:29:53.357 T:3581182848 DEBUG: CVideoPlayer::ProcessVideoData size:12731 dts:313.021 pts:313.063 dur:41.000ms, clock:305.865 level:75
2021-01-16 05:29:53.362 T:3581182848 DEBUG: CVideoPlayer::ProcessVideoData size:50643 dts:313.063 pts:313.313 dur:41.000ms, clock:305.871 level:75
2021-01-16 05:29:53.364 T:3581182848 DEBUG: CVideoPlayer::ProcessVideoData size:28026 dts:313.104 pts:313.230 dur:41.000ms, clock:305.872 level:76
2021-01-16 05:29:53.366 T:4090851344 DEBUG: CAMLCodec::PollFrame elapsed:27.942ms
2021-01-16 05:29:53.366 T:3581182848 DEBUG: CVideoPlayer::ProcessVideoData size:12772 dts:313.146 pts:313.146 dur:41.000ms, clock:305.875 level:76
2021-01-16 05:29:53.368 T:3581182848 DEBUG: CVideoPlayer::ProcessVideoData size:13255 dts:313.188 pts:313.188 dur:41.000ms, clock:305.876 level:77
2021-01-16 05:29:53.369 T:4090851344 DEBUG: PrepareNextRender: frameOnScreen: 305.877 renderPts: 306.003 nextFramePts: 305.889 -> diff: 0.114 render: 1 forceNext: 0
2021-01-16 05:29:53.370 T:3581182848 DEBUG: CVideoPlayer::ProcessVideoData size:8723 dts:313.230 pts:313.271 dur:41.000ms, clock:305.878 level:77
2021-01-16 05:29:53.370 T:3608322944 DEBUG: CVideoPlayerVideo::OutputPicture - ttd:336ms pts:306.181 Clock:305.844 Level:6
2021-01-16 05:29:53.372 T:3608322944 DEBUG: CAMLCodec::GetTimeSize: len:19 dl:650477 fs:650477 front:10764
2021-01-16 05:29:53.373 T:3581182848 DEBUG: CVideoPlayer::ProcessVideoData size:44923 dts:313.271 pts:313.438 dur:41.000ms, clock:305.881 level:78
2021-01-16 05:29:53.374 T:3581182848 DEBUG: CVideoPlayer::ProcessVideoData size:21076 dts:313.313 pts:313.396 dur:41.000ms, clock:305.883 level:78
2021-01-16 05:29:53.375 T:3581182848 DEBUG: CVideoPlayer::ProcessVideoData size:3798 dts:313.355 pts:313.355 dur:41.000ms, clock:305.883 level:79
2021-01-16 05:29:53.378 T:3608322944 DEBUG: CAMLCodec::AddData: dl:663128 sum:663128 sz:12651 dts:307.057 pts:307.098 overflow:0
2021-01-16 05:29:53.378 T:3608322944 DEBUG: CAMLCodec::GetTimeSize: len:20 dl:663128 fs:663128 front:10764
2021-01-16 05:29:53.380 T:3581182848 DEBUG: CVideoPlayer::ProcessVideoData size:27880 dts:313.396 pts:313.480 dur:41.000ms, clock:305.888 level:79
2021-01-16 05:29:53.381 T:3581182848 DEBUG: CVideoPlayer::ProcessVideoData size:106285 dts:313.438 pts:313.522 dur:41.000ms, clock:305.890 level:79
2021-01-16 05:29:53.386 T:3581182848 DEBUG: CVideoPlayer::ProcessVideoData size:77322 dts:313.480 pts:313.813 dur:41.000ms, clock:305.895 level:79
2021-01-16 05:29:53.386 T:3608322944 DEBUG: CAMLCodec::AddData: dl:737186 sum:737186 sz:74058 dts:307.098 pts:307.224 overflow:0
2021-01-16 05:29:53.387 T:3608322944 DEBUG: CAMLCodec::GetTimeSize: len:21 dl:737186 fs:737186 front:10764
2021-01-16 05:29:53.387 T:3581182848 DEBUG: CVideoPlayer::ProcessVideoData size:11797 dts:313.522 pts:313.688 dur:41.000ms, clock:305.896 level:80
2021-01-16 05:29:53.388 T:3581182848 DEBUG: CVideoPlayer::ProcessVideoData size:1830 dts:313.563 pts:313.563 dur:41.000ms, clock:305.896 level:80
2021-01-16 05:29:53.388 T:3581182848 DEBUG: CVideoPlayer::ProcessVideoData size:2008 dts:313.605 pts:313.605 dur:41.000ms, clock:305.897 level:81
2021-01-16 05:29:53.388 T:3581182848 DEBUG: CVideoPlayer::ProcessVideoData size:2355 dts:313.647 pts:313.647 dur:41.000ms, clock:305.897 level:81
2021-01-16 05:29:53.389 T:3581182848 DEBUG: CVideoPlayer::ProcessVideoData size:5343 dts:313.688 pts:313.730 dur:41.000ms, clock:305.898 level:82
2021-01-16 05:29:53.389 T:3581182848 DEBUG: CVideoPlayer::ProcessVideoData size:7817 dts:313.730 pts:313.772 dur:41.000ms, clock:305.898 level:82
2021-01-16 05:29:53.392 T:3608322944 DEBUG: CAMLCodec::AddData: dl:749646 sum:749646 sz:12460 dts:307.140 pts:307.182 overflow:0
2021-01-16 05:29:53.393 T:3608322944 DEBUG: CAMLCodec::GetTimeSize: len:22 dl:749646 fs:749646 front:10764
2021-01-16 05:29:53.393 T:3581182848 DEBUG: CVideoPlayer::ProcessVideoData size:76008 dts:313.772 pts:314.022 dur:41.000ms, clock:305.902 level:82
2021-01-16 05:29:53.394 T:3581182848 DEBUG: CVideoPlayer::ProcessVideoData size:26653 dts:313.813 pts:313.939 dur:41.000ms, clock:305.902 level:83
2021-01-16 05:29:53.394 T:3581182848 DEBUG: CVideoPlayer::ProcessVideoData size:3923 dts:313.855 pts:313.855 dur:41.000ms, clock:305.903 level:83
2021-01-16 05:29:53.395 T:3581182848 DEBUG: CVideoPlayer::ProcessVideoData size:6416 dts:313.897 pts:313.897 dur:41.000ms, clock:305.904 level:84
2021-01-16 05:29:53.396 T:3581182848 DEBUG: CVideoPlayer::ProcessVideoData size:3819 dts:313.939 pts:313.980 dur:41.000ms, clock:305.905 level:84
2021-01-16 05:29:53.400 T:3581182848 DEBUG: CVideoPlayer::ProcessVideoData size:72830 dts:313.980 pts:314.314 dur:41.000ms, clock:305.908 level:84
2021-01-16 05:29:53.400 T:3581182848 DEBUG: CVideoPlayer::ProcessVideoData size:14513 dts:314.022 pts:314.189 dur:41.000ms, clock:305.909 level:85
2021-01-16 05:29:53.401 T:3581182848 DEBUG: CVideoPlayer::ProcessVideoData size:4165 dts:314.064 pts:314.064 dur:41.000ms, clock:305.910 level:85
2021-01-16 05:29:53.401 T:3581182848 DEBUG: CVideoPlayer::ProcessVideoData size:4903 dts:314.105 pts:314.105 dur:41.000ms, clock:305.910 level:86
2021-01-16 05:29:53.402 T:3608322944 DEBUG: CAMLCodec::AddData: dl:837233 sum:837233 sz:87587 dts:307.182 pts:307.432 overflow:0
2021-01-16 05:29:53.402 T:3608322944 DEBUG: CAMLCodec::GetTimeSize: len:23 dl:837233 fs:837233 front:10764
2021-01-16 05:29:53.402 T:3581182848 DEBUG: CVideoPlayer::ProcessVideoData size:8524 dts:314.147 pts:314.147 dur:41.000ms, clock:305.911 level:87
2021-01-16 05:29:53.403 T:3581182848 DEBUG: CVideoPlayer::ProcessVideoData size:6052 dts:314.189 pts:314.231 dur:41.000ms, clock:305.912 level:87
2021-01-16 05:29:53.403 T:3581182848 DEBUG: CVideoPlayer::ProcessVideoData size:5120 dts:314.231 pts:314.272 dur:41.000ms, clock:305.912 level:88
2021-01-16 05:29:53.405 T:3581182848 DEBUG: CVideoPlayer::ProcessVideoData size:74101 dts:314.272 pts:314.564 dur:41.000ms, clock:305.914 level:88
2021-01-16 05:29:53.406 T:3581182848 DEBUG: CVideoPlayer::ProcessVideoData size:29233 dts:314.314 pts:314.439 dur:41.000ms, clock:305.915 level:89
2021-01-16 05:29:53.407 T:3581182848 DEBUG: CVideoPlayer::ProcessVideoData size:4455 dts:314.356 pts:314.356 dur:41.000ms, clock:305.915 level:89
2021-01-16 05:29:53.407 T:4090851344 DEBUG: CAMLCodec::PollFrame elapsed:35.210ms
2021-01-16 05:29:53.407 T:3581182848 DEBUG: CVideoPlayer::ProcessVideoData size:6266 dts:314.397 pts:314.397 dur:41.000ms, clock:305.916 level:90
2021-01-16 05:29:53.408 T:3608322944 DEBUG: CAMLCodec::AddData: dl:866481 sum:866481 sz:29248 dts:307.224 pts:307.349 overflow:0
2021-01-16 05:29:53.408 T:3608322944 DEBUG: CAMLCodec::GetTimeSize: len:24 dl:866481 fs:866481 front:10764
2021-01-16 05:29:53.409 T:3581182848 DEBUG: CVideoPlayer::ProcessVideoData size:8406 dts:314.439 pts:314.481 dur:41.000ms, clock:305.918 level:90
2021-01-16 05:29:53.410 T:3581182848 DEBUG: CVideoPlayer::ProcessVideoData size:3115 dts:314.481 pts:314.523 dur:41.000ms, clock:305.918 level:90
2021-01-16 05:29:53.413 T:4090851344 DEBUG: PrepareNextRender: frameOnScreen: 305.921 renderPts: 306.046 nextFramePts: 305.931 -> diff: 0.115 render: 1 forceNext: 0
2021-01-16 05:29:53.415 T:3608322944 DEBUG: CAMLCodec::GetTimeSize: len:24 dl:866481 fs:866481 front:10764
2021-01-16 05:29:53.449 T:4090851344 DEBUG: Previous line repeats 4 times.
2021-01-16 05:29:53.449 T:4090851344 DEBUG: CAMLCodec::PollFrame elapsed:32.310ms
2021-01-16 05:29:53.449 T:3608322944 DEBUG: CAMLCodec::GetTimeSize: len:24 dl:866481 fs:866481 front:10764
2021-01-16 05:29:53.454 T:4090851344 DEBUG: PrepareNextRender: frameOnScreen: 305.962 renderPts: 306.087 nextFramePts: 305.972 -> diff: 0.115 render: 1 forceNext: 0
2021-01-16 05:29:53.457 T:3608322944 DEBUG: CAMLCodec::GetTimeSize: len:24 dl:866481 fs:866481 front:10764
2021-01-16 05:29:53.457 T:4090851344 DEBUG: CAMLCodec::ReleaseFrame idx:7, drop:0
2021-01-16 05:29:53.457 T:4090851344 DEBUG: CAMLCodec::SetVideoRect:display(0,0,1920,1080)
2021-01-16 05:29:53.457 T:4090851344 DEBUG: CAMLCodec::SetVideoRect:gui(0,0,1920,1080)
2021-01-16 05:29:53.457 T:4090851344 DEBUG: CAMLCodec::SetVideoRect:m_dst_rect(60,0,1800,1080)
2021-01-16 05:29:53.457 T:4090851344 DEBUG: CAMLCodec::SetVideoRect:dst_rect(60,0,1800,1080)
2021-01-16 05:29:53.458 T:4090851344 DEBUG: CAMLCodec::SetVideoRect:m_guiStereoMode(0)
2021-01-16 05:29:53.458 T:4090851344 DEBUG: CAMLCodec::SetVideoRect:m_guiStereoView(0)
2021-01-16 05:29:53.463 T:3608322944 DEBUG: CAMLCodec::GetTimeSize: len:24 dl:866481 fs:866481 front:10764
2021-01-16 05:29:53.491 T:4090851344 DEBUG: Previous line repeats 4 times.
2021-01-16 05:29:53.491 T:4090851344 DEBUG: CAMLCodec::PollFrame elapsed:32.737ms
2021-01-16 05:29:53.495 T:4090851344 DEBUG: PrepareNextRender: frameOnScreen: 306.003 renderPts: 306.128 nextFramePts: 306.014 -> diff: 0.114 render: 1 forceNext: 0
2021-01-16 05:29:53.497 T:4090851344 DEBUG: CAMLCodec::ReleaseFrame idx:8, drop:0
2021-01-16 05:29:53.498 T:3608322944 DEBUG: CAMLCodec::GetTimeSize: len:24 dl:866481 fs:866481 front:10764
2021-01-16 05:29:53.533 T:4090851344 DEBUG: Previous line repeats 5 times.
2021-01-16 05:29:53.533 T:4090851344 DEBUG: CAMLCodec::PollFrame elapsed:34.702ms
2021-01-16 05:29:53.539 T:4090851344 DEBUG: PrepareNextRender: frameOnScreen: 306.047 renderPts: 306.172 nextFramePts: 306.056 -> diff: 0.116 render: 1 forceNext: 0
2021-01-16 05:29:53.540 T:3608322944 DEBUG: CAMLCodec::GetTimeSize: len:24 dl:855717 fs:866481 front:10764
2021-01-16 05:29:53.540 T:3608322944 DEBUG: CAMLCodec::GetTimeSize: len:23 dl:855717 fs:855717 front:12307
2021-01-16 05:29:53.541 T:3608322944 DEBUG: CAMLCodec::DequeueBuffer: pts:306.223 idx:13
2021-01-16 05:29:53.541 T:3608322944 DEBUG: CAMLCodec::GetPicture: index: 13, pts: 306.223, dur:42ms ar:1.67
2021-01-16 05:29:53.542 T:3608322944 DEBUG: CVideoPlayerVideo::OutputPicture - ttd:172ms pts:306.223 Clock:306.050 Level:3
2021-01-16 05:29:53.542 T:4090851344 DEBUG: CAMLCodec::ReleaseFrame idx:9, drop:0
2021-01-16 05:29:53.543 T:3608322944 DEBUG: CAMLCodec::GetTimeSize: len:23 dl:855717 fs:855717 front:12307
2021-01-16 05:29:53.549 T:3608322944 DEBUG: CAMLCodec::AddData: dl:869553 sum:869553 sz:13836 dts:307.265 pts:307.265 overflow:0
2021-01-16 05:29:53.549 T:3608322944 DEBUG: CAMLCodec::GetTimeSize: len:24 dl:869553 fs:869553 front:12307
2021-01-16 05:29:53.574 T:4090851344 DEBUG: Previous line repeats 3 times.
2021-01-16 05:29:53.575 T:4090851344 DEBUG: CAMLCodec::PollFrame elapsed:31.139ms
2021-01-16 05:29:53.580 T:4090851344 DEBUG: PrepareNextRender: frameOnScreen: 306.089 renderPts: 306.214 nextFramePts: 306.097 -> diff: 0.117 render: 1 forceNext: 0
2021-01-16 05:29:53.581 T:3608322944 DEBUG: CAMLCodec::GetTimeSize: len:24 dl:857246 fs:869553 front:12307
2021-01-16 05:29:53.583 T:4090851344 DEBUG: CAMLCodec::ReleaseFrame idx:10, drop:0
2021-01-16 05:29:53.584 T:3608322944 DEBUG: CAMLCodec::GetTimeSize: len:23 dl:857246 fs:857246 front:12115
2021-01-16 05:29:53.584 T:3608322944 DEBUG: CAMLCodec::DequeueBuffer: pts:306.264 idx:14
2021-01-16 05:29:53.584 T:3608322944 DEBUG: CAMLCodec::GetPicture: index: 14, pts: 306.264, dur:41ms ar:1.67
2021-01-16 05:29:53.585 T:3608322944 DEBUG: CVideoPlayerVideo::OutputPicture - ttd:170ms pts:306.264 Clock:306.093 Level:3
2021-01-16 05:29:53.586 T:3608322944 DEBUG: CAMLCodec::GetTimeSize: len:23 dl:857246 fs:857246 front:12115
2021-01-16 05:29:53.592 T:3608322944 DEBUG: CAMLCodec::AddData: dl:872421 sum:872421 sz:15175 dts:307.307 pts:307.307 overflow:0
2021-01-16 05:29:53.592 T:3608322944 DEBUG: CAMLCodec::GetTimeSize: len:24 dl:872421 fs:872421 front:12115
2021-01-16 05:29:53.616 T:4090851344 DEBUG: Previous line repeats 3 times.
2021-01-16 05:29:53.616 T:4090851344 DEBUG: CAMLCodec::PollFrame elapsed:31.780ms
2021-01-16 05:29:53.621 T:4090851344 DEBUG: PrepareNextRender: frameOnScreen: 306.130 renderPts: 306.255 nextFramePts: 306.139 -> diff: 0.116 render: 1 forceNext: 0
2021-01-16 05:29:53.623 T:3608322944 DEBUG: CAMLCodec::GetTimeSize: len:24 dl:872421 fs:872421 front:12115
2021-01-16 05:29:53.625 T:3608322944 DEBUG: CAMLCodec::DequeueBuffer: pts:306.306 idx:15
2021-01-16 05:29:53.625 T:3608322944 DEBUG: CAMLCodec::GetPicture: index: 15, pts: 306.306, dur:42ms ar:1.67
2021-01-16 05:29:53.625 T:4090851344 DEBUG: CAMLCodec::ReleaseFrame idx:11, drop:0
2021-01-16 05:29:53.626 T:3608322944 DEBUG: CVideoPlayerVideo::OutputPicture - ttd:171ms pts:306.306 Clock:306.134 Level:3
2021-01-16 05:29:53.628 T:3608322944 DEBUG: CAMLCodec::GetTimeSize: len:24 dl:860306 fs:872421 front:12115
2021-01-16 05:29:53.628 T:3608322944 DEBUG: CAMLCodec::GetTimeSize: len:23 dl:860306 fs:860306 front:68425
2021-01-16 05:29:53.633 T:3608322944 DEBUG: CAMLCodec::AddData: dl:872623 sum:872623 sz:12317 dts:307.349 pts:307.390 overflow:0
2021-01-16 05:29:53.634 T:3608322944 DEBUG: CAMLCodec::GetTimeSize: len:24 dl:872623 fs:872623 front:68425
2021-01-16 05:29:53.657 T:4090851344 DEBUG: Previous line repeats 3 times.
2021-01-16 05:29:53.658 T:4090851344 DEBUG: CAMLCodec::PollFrame elapsed:29.705ms
2021-01-16 05:29:53.662 T:3608322944 DEBUG: CAMLCodec::GetTimeSize: len:24 dl:872623 fs:872623 front:68425
2021-01-16 05:29:53.663 T:4090851344 DEBUG: PrepareNextRender: frameOnScreen: 306.171 renderPts: 306.296 nextFramePts: 306.181 -> diff: 0.115 render: 1 forceNext: 0
2021-01-16 05:29:53.664 T:3608322944 DEBUG: CAMLCodec::DequeueBuffer: pts:306.348 idx:16
2021-01-16 05:29:53.664 T:3608322944 DEBUG: CAMLCodec::GetPicture: index: 16, pts: 306.348, dur:42ms ar:1.67
2021-01-16 05:29:53.665 T:3608322944 DEBUG: CVideoPlayerVideo::OutputPicture - ttd:174ms pts:306.348 Clock:306.173 Level:3
2021-01-16 05:29:53.666 T:4090851344 DEBUG: CAMLCodec::ReleaseFrame idx:12, drop:0
2021-01-16 05:29:53.667 T:3608322944 DEBUG: CAMLCodec::GetTimeSize: len:24 dl:804198 fs:872623 front:68425
2021-01-16 05:29:53.667 T:3608322944 DEBUG: CAMLCodec::GetTimeSize: len:23 dl:804198 fs:804198 front:24132
2021-01-16 05:29:53.675 T:3608322944 DEBUG: CAMLCodec::AddData: dl:897006 sum:897006 sz:92808 dts:307.390 pts:307.599 overflow:0
2021-01-16 05:29:53.675 T:3608322944 DEBUG: CAMLCodec::GetTimeSize: len:24 dl:897006 fs:897006 front:24132
2021-01-16 05:29:53.699 T:4090851344 DEBUG: Previous line repeats 3 times.
2021-01-16 05:29:53.700 T:4090851344 DEBUG: CAMLCodec::PollFrame elapsed:32.127ms
2021-01-16 05:29:53.704 T:4090851344 DEBUG: PrepareNextRender: frameOnScreen: 306.213 renderPts: 306.338 nextFramePts: 306.223 -> diff: 0.115 render: 1 forceNext: 0
2021-01-16 05:29:53.705 T:3608322944 DEBUG: CAMLCodec::GetTimeSize: len:24 dl:872874 fs:897006 front:24132
2021-01-16 05:29:53.705 T:3608322944 DEBUG: CAMLCodec::GetTimeSize: len:23 dl:872874 fs:872874 front:12874
2021-01-16 05:29:53.706 T:3608322944 DEBUG: CAMLCodec::DequeueBuffer: pts:306.389 idx:17
2021-01-16 05:29:53.706 T:3608322944 DEBUG: CAMLCodec::GetPicture: index: 17, pts: 306.389, dur:41ms ar:1.67
2021-01-16 05:29:53.707 T:3608322944 DEBUG: CVideoPlayerVideo::OutputPicture - ttd:173ms pts:306.389 Clock:306.216 Level:3
2021-01-16 05:29:53.708 T:4090851344 DEBUG: CAMLCodec::ReleaseFrame idx:13, drop:0
2021-01-16 05:29:53.708 T:3608322944 DEBUG: CAMLCodec::GetTimeSize: len:23 dl:872874 fs:872874 front:12874
2021-01-16 05:29:53.714 T:3608322944 DEBUG: CAMLCodec::AddData: dl:908004 sum:908004 sz:35130 dts:307.432 pts:307.516 overflow:0
2021-01-16 05:29:53.715 T:3608322944 DEBUG: CAMLCodec::GetTimeSize: len:24 dl:908004 fs:908004 front:12874
2021-01-16 05:29:53.741 T:4090851344 DEBUG: Previous line repeats 4 times.
2021-01-16 05:29:53.742 T:4090851344 DEBUG: CAMLCodec::PollFrame elapsed:33.302ms
2021-01-16 05:29:53.748 T:4090851344 DEBUG: PrepareNextRender: frameOnScreen: 306.256 renderPts: 306.382 nextFramePts: 306.264 -> diff: 0.118 render: 1 forceNext: 0
2021-01-16 05:29:53.749 T:3608322944 DEBUG: CAMLCodec::GetTimeSize: len:24 dl:895130 fs:908004 front:12874
2021-01-16 05:29:53.749 T:3608322944 DEBUG: CAMLCodec::GetTimeSize: len:23 dl:895130 fs:895130 front:65049
2021-01-16 05:29:53.751 T:3608322944 DEBUG: CAMLCodec::DequeueBuffer: pts:306.431 idx:18
2021-01-16 05:29:53.752 T:4090851344 DEBUG: CAMLCodec::ReleaseFrame idx:14, drop:0
2021-01-16 05:29:53.752 T:3608322944 DEBUG: CAMLCodec::GetPicture: index: 18, pts: 306.431, dur:42ms ar:1.67
2021-01-16 05:29:53.753 T:3608322944 DEBUG: CVideoPlayerVideo::OutputPicture - ttd:169ms pts:306.431 Clock:306.261 Level:3
2021-01-16 05:29:53.754 T:3608322944 DEBUG: CAMLCodec::GetTimeSize: len:23 dl:895130 fs:895130 front:65049
2021-01-16 05:29:53.760 T:3608322944 DEBUG: CAMLCodec::AddData: dl:907693 sum:907693 sz:12563 dts:307.474 pts:307.474 overflow:0
2021-01-16 05:29:53.760 T:3608322944 DEBUG: CAMLCodec::GetTimeSize: len:24 dl:907693 fs:907693 front:65049
2021-01-16 05:29:53.783 T:4090851344 DEBUG: Previous line repeats 3 times.
2021-01-16 05:29:53.783 T:4090851344 DEBUG: CAMLCodec::PollFrame elapsed:31.029ms
2021-01-16 05:29:53.787 T:3608322944 DEBUG: CAMLCodec::GetTimeSize: len:24 dl:907693 fs:907693 front:65049
2021-01-16 05:29:53.789 T:3608322944 DEBUG: CAMLCodec::DequeueBuffer: pts:306.473 idx:19
2021-01-16 05:29:53.789 T:4090851344 DEBUG: PrepareNextRender: frameOnScreen: 306.297 renderPts: 306.423 nextFramePts: 306.306 -> diff: 0.117 render: 1 forceNext: 0
2021-01-16 05:29:53.790 T:3608322944 DEBUG: CAMLCodec::GetPicture: index: 19, pts: 306.473, dur:42ms ar:1.67
2021-01-16 05:29:53.791 T:3608322944 DEBUG: CVideoPlayerVideo::OutputPicture - ttd:173ms pts:306.473 Clock:306.300 Level:3
2021-01-16 05:29:53.793 T:4090851344 DEBUG: CAMLCodec::ReleaseFrame idx:15, drop:0
2021-01-16 05:29:53.793 T:3608322944 DEBUG: CAMLCodec::GetTimeSize: len:24 dl:842644 fs:907693 front:65049
2021-01-16 05:29:53.793 T:3608322944 DEBUG: CAMLCodec::GetTimeSize: len:23 dl:842644 fs:842644 front:22876
2021-01-16 05:29:53.799 T:3608322944 DEBUG: CAMLCodec::AddData: dl:854267 sum:854267 sz:11623 dts:307.516 pts:307.557 overflow:0
2021-01-16 05:29:53.799 T:3608322944 DEBUG: CAMLCodec::GetTimeSize: len:24 dl:854267 fs:854267 front:22876
2021-01-16 05:29:53.824 T:4090851344 DEBUG: Previous line repeats 3 times.
2021-01-16 05:29:53.825 T:4090851344 DEBUG: CAMLCodec::PollFrame elapsed:30.995ms
2021-01-16 05:29:53.827 T:3608322944 DEBUG: CAMLCodec::GetTimeSize: len:24 dl:854267 fs:854267 front:22876
2021-01-16 05:29:53.827 T:3608322944 DEBUG: CAMLCodec::DequeueBuffer: pts:306.515 idx:20
2021-01-16 05:29:53.829 T:3608322944 DEBUG: CAMLCodec::GetPicture: index: 20, pts: 306.515, dur:42ms ar:1.67
2021-01-16 05:29:53.829 T:4090851344 DEBUG: PrepareNextRender: frameOnScreen: 306.338 renderPts: 306.463 nextFramePts: 306.348 -> diff: 0.115 render: 1 forceNext: 0
2021-01-16 05:29:53.830 T:3608322944 DEBUG: CVideoPlayerVideo::OutputPicture - ttd:177ms pts:306.515 Clock:306.338 Level:3
2021-01-16 05:29:53.833 T:4090851344 DEBUG: CAMLCodec::ReleaseFrame idx:16, drop:0
2021-01-16 05:29:53.834 T:3608322944 DEBUG: CAMLCodec::GetTimeSize: len:24 dl:831391 fs:854267 front:22876
2021-01-16 05:29:53.835 T:3608322944 DEBUG: CAMLCodec::GetTimeSize: len:23 dl:831391 fs:831391 front:12316
2021-01-16 05:29:53.843 T:3608322944 DEBUG: CAMLCodec::AddData: dl:915778 sum:915778 sz:84387 dts:307.557 pts:307.766 overflow:0
2021-01-16 05:29:53.843 T:3608322944 DEBUG: CAMLCodec::GetTimeSize: len:24 dl:915778 fs:915778 front:12316
2021-01-16 05:29:53.866 T:3581182848 DEBUG: Previous line repeats 3 times.
2021-01-16 05:29:53.866 T:3581182848 DEBUG: CVideoPlayer::ProcessVideoData size:83823 dts:314.523 pts:314.856 dur:41.000ms, clock:306.375 level:87
2021-01-16 05:29:53.867 T:4090851344 DEBUG: CAMLCodec::PollFrame elapsed:31.966ms
2021-01-16 05:29:53.867 T:3581182848 DEBUG: CVideoPlayer::ProcessVideoData size:13175 dts:314.564 pts:314.731 dur:41.000ms, clock:306.376 level:87
2021-01-16 05:29:53.870 T:3581182848 DEBUG: CVideoPlayer::ProcessVideoData size:2650 dts:314.606 pts:314.606 dur:41.000ms, clock:306.378 level:88
2021-01-16 05:29:53.872 T:3581182848 DEBUG: CVideoPlayer::ProcessVideoData size:1584 dts:314.648 pts:314.648 dur:41.000ms, clock:306.380 level:88
2021-01-16 05:29:53.873 T:4090851344 DEBUG: PrepareNextRender: frameOnScreen: 306.381 renderPts: 306.506 nextFramePts: 306.389 -> diff: 0.117 render: 1 forceNext: 0
2021-01-16 05:29:53.874 T:3608322944 DEBUG: CAMLCodec::GetTimeSize: len:24 dl:915778 fs:915778 front:12316
2021-01-16 05:29:53.876 T:3581182848 DEBUG: CVideoPlayer::ProcessVideoData size:3807 dts:314.689 pts:314.689 dur:41.000ms, clock:306.382 level:89
2021-01-16 05:29:53.878 T:4090851344 DEBUG: CAMLCodec::ReleaseFrame idx:17, drop:0
2021-01-16 05:29:53.878 T:3608322944 DEBUG: CAMLCodec::DequeueBuffer: pts:306.556 idx:21
2021-01-16 05:29:53.879 T:3581182848 DEBUG: CVideoPlayer::ProcessVideoData size:8923 dts:314.731 pts:314.773 dur:41.000ms, clock:306.387 level:89
2021-01-16 05:29:53.879 T:3608322944 DEBUG: CAMLCodec::GetPicture: index: 21, pts: 306.556, dur:41ms ar:1.67
2021-01-16 05:29:53.879 T:3608322944 DEBUG: CVideoPlayerVideo::OutputPicture - ttd:168ms pts:306.556 Clock:306.388 Level:3
2021-01-16 05:29:53.880 T:3581182848 DEBUG: CVideoPlayer::ProcessVideoData size:6192 dts:314.773 pts:314.814 dur:41.000ms, clock:306.388 level:90
2021-01-16 05:29:53.881 T:3608322944 DEBUG: CAMLCodec::GetTimeSize: len:24 dl:903462 fs:915778 front:12316
2021-01-16 05:29:53.881 T:3608322944 DEBUG: CAMLCodec::GetTimeSize: len:23 dl:903462 fs:903462 front:40092
2021-01-16 05:29:53.887 T:3608322944 DEBUG: CAMLCodec::AddData: dl:932683 sum:932683 sz:29221 dts:307.599 pts:307.682 overflow:0
2021-01-16 05:29:53.887 T:3608322944 DEBUG: CAMLCodec::GetTimeSize: len:24 dl:932683 fs:932683 front:40092
2021-01-16 05:29:53.908 T:4090851344 DEBUG: Previous line repeats 3 times.
2021-01-16 05:29:53.908 T:4090851344 DEBUG: CAMLCodec::PollFrame elapsed:28.718ms
2021-01-16 05:29:53.913 T:4090851344 DEBUG: PrepareNextRender: frameOnScreen: 306.421 renderPts: 306.546 nextFramePts: 306.431 -> diff: 0.115 render: 1 forceNext: 0
2021-01-16 05:29:53.915 T:3608322944 DEBUG: CAMLCodec::GetTimeSize: len:24 dl:892591 fs:932683 front:40092
2021-01-16 05:29:53.915 T:3608322944 DEBUG: CAMLCodec::GetTimeSize: len:23 dl:892591 fs:892591 front:72519
2021-01-16 05:29:53.916 T:3608322944 DEBUG: CAMLCodec::DequeueBuffer: pts:306.598 idx:22
2021-01-16 05:29:53.916 T:3608322944 DEBUG: CAMLCodec::GetPicture: index: 22, pts: 306.598, dur:42ms ar:1.67
2021-01-16 05:29:53.916 T:4090851344 DEBUG: CAMLCodec::ReleaseFrame idx:18, drop:0
2021-01-16 05:29:53.917 T:3608322944 DEBUG: CVideoPlayerVideo::OutputPicture - ttd:172ms pts:306.598 Clock:306.425 Level:3
2021-01-16 05:29:53.918 T:3608322944 DEBUG: CAMLCodec::GetTimeSize: len:23 dl:892591 fs:892591 front:72519
2021-01-16 05:29:53.924 T:3608322944 DEBUG: CAMLCodec::AddData: dl:904710 sum:904710 sz:12119 dts:307.641 pts:307.641 overflow:0
2021-01-16 05:29:53.924 T:3608322944 DEBUG: CAMLCodec::GetTimeSize: len:24 dl:904710 fs:904710 front:72519
2021-01-16 05:29:53.949 T:4090851344 DEBUG: Previous line repeats 3 times.
2021-01-16 05:29:53.950 T:4090851344 DEBUG: CAMLCodec::PollFrame elapsed:31.748ms
2021-01-16 05:29:53.952 T:3608322944 DEBUG: CAMLCodec::GetTimeSize: len:24 dl:904710 fs:904710 front:72519
2021-01-16 05:29:53.953 T:3608322944 DEBUG: CAMLCodec::DequeueBuffer: pts:306.640 idx:23
2021-01-16 05:29:53.954 T:3608322944 DEBUG: CAMLCodec::GetPicture: index: 23, pts: 306.640, dur:42ms ar:1.67
2021-01-16 05:29:53.955 T:4090851344 DEBUG: PrepareNextRender: frameOnScreen: 306.463 renderPts: 306.588 nextFramePts: 306.473 -> diff: 0.115 render: 1 forceNext: 0
2021-01-16 05:29:53.955 T:3608322944 DEBUG: CVideoPlayerVideo::OutputPicture - ttd:176ms pts:306.640 Clock:306.463 Level:3
2021-01-16 05:29:53.957 T:3608322944 DEBUG: CAMLCodec::GetTimeSize: len:24 dl:832191 fs:904710 front:72519
2021-01-16 05:29:53.957 T:3608322944 DEBUG: CAMLCodec::GetTimeSize: len:23 dl:832191 fs:832191 front:29758
2021-01-16 05:29:53.958 T:4090851344 DEBUG: CAMLCodec::ReleaseFrame idx:19, drop:0
2021-01-16 05:29:53.963 T:3608322944 DEBUG: CAMLCodec::AddData: dl:838758 sum:838758 sz:6567 dts:307.682 pts:307.724 overflow:0
2021-01-16 05:29:53.963 T:3608322944 DEBUG: CAMLCodec::GetTimeSize: len:24 dl:838758 fs:838758 front:29758
2021-01-16 05:29:53.991 T:4090851344 DEBUG: Previous line repeats 4 times.
2021-01-16 05:29:53.991 T:4090851344 DEBUG: CAMLCodec::PollFrame elapsed:33.023ms
2021-01-16 05:29:53.997 T:3608322944 DEBUG: CAMLCodec::GetTimeSize: len:24 dl:838758 fs:838758 front:29758
2021-01-16 05:29:53.998 T:4090851344 DEBUG: PrepareNextRender: frameOnScreen: 306.506 renderPts: 306.631 nextFramePts: 306.515 -> diff: 0.116 render: 1 forceNext: 0
2021-01-16 05:29:53.999 T:3608322944 DEBUG: CAMLCodec::DequeueBuffer: pts:306.681 idx:24
2021-01-16 05:29:53.999 T:3608322944 DEBUG: CAMLCodec::GetPicture: index: 24, pts: 306.681, dur:41ms ar:1.67
2021-01-16 05:29:54.000 T:3608322944 DEBUG: CVideoPlayerVideo::OutputPicture - ttd:172ms pts:306.681 Clock:306.508 Level:3
2021-01-16 05:29:54.001 T:4090851344 DEBUG: CAMLCodec::ReleaseFrame idx:20, drop:0
2021-01-16 05:29:54.001 T:3608322944 DEBUG: CAMLCodec::GetTimeSize: len:24 dl:809000 fs:838758 front:29758
2021-01-16 05:29:54.002 T:3608322944 DEBUG: CAMLCodec::GetTimeSize: len:23 dl:809000 fs:809000 front:10595
2021-01-16 05:29:54.006 T:3970184064 DEBUG: NFS: Context for 192.168.178.9/export/Download not open - get a new context.
2021-01-16 05:29:54.010 T:3608322944 DEBUG: CAMLCodec::AddData: dl:894191 sum:894191 sz:85191 dts:307.724 pts:307.933 overflow:0
2021-01-16 05:29:54.011 T:3608322944 DEBUG: CAMLCodec::GetTimeSize: len:24 dl:894191 fs:894191 front:10595
2021-01-16 05:29:54.026 T:3970184064 DEBUG: Previous line repeats 2 times.
2021-01-16 05:29:54.026 T:3970184064 DEBUG: NFS: Connected to server 192.168.178.9 and export /export/Download
2021-01-16 05:29:54.026 T:3970184064 DEBUG: NFS: chunks: r/w 524288/524288
2021-01-16 05:29:54.031 T:3608322944 DEBUG: CAMLCodec::GetTimeSize: len:24 dl:894191 fs:894191 front:10595
2021-01-16 05:29:54.033 T:4090851344 DEBUG: CAMLCodec::PollFrame elapsed:31.996ms
2021-01-16 05:29:54.038 T:3608322944 DEBUG: CAMLCodec::GetTimeSize: len:24 dl:883596 fs:894191 front:10595
2021-01-16 05:29:54.039 T:4090851344 DEBUG: PrepareNextRender: frameOnScreen: 306.547 renderPts: 306.672 nextFramePts: 306.556 -> diff: 0.116 render: 1 forceNext: 0
2021-01-16 05:29:54.039 T:3608322944 DEBUG: CAMLCodec::GetTimeSize: len:23 dl:883596 fs:883596 front:12670
2021-01-16 05:29:54.039 T:3608322944 DEBUG: CAMLCodec::DequeueBuffer: pts:306.723 idx:25
2021-01-16 05:29:54.040 T:3608322944 DEBUG: CAMLCodec::GetPicture: index: 25, pts: 306.723, dur:42ms ar:1.67
2021-01-16 05:29:54.041 T:3608322944 DEBUG: CVideoPlayerVideo::OutputPicture - ttd:173ms pts:306.723 Clock:306.549 Level:3
2021-01-16 05:29:54.042 T:4090851344 DEBUG: CAMLCodec::ReleaseFrame idx:21, drop:0
2021-01-16 05:29:54.043 T:3608322944 DEBUG: CAMLCodec::GetTimeSize: len:23 dl:883596 fs:883596 front:12670
2021-01-16 05:29:54.048 T:3608322944 DEBUG: CAMLCodec::AddData: dl:911976 sum:911976 sz:28380 dts:307.766 pts:307.849 overflow:0
2021-01-16 05:29:54.049 T:3608322944 DEBUG: CAMLCodec::GetTimeSize: len:24 dl:911976 fs:911976 front:12670
2021-01-16 05:29:54.075 T:4090851344 DEBUG: Previous line repeats 3 times.
2021-01-16 05:29:54.075 T:4090851344 DEBUG: CAMLCodec::PollFrame elapsed:32.570ms
2021-01-16 05:29:54.077 T:3608322944 DEBUG: CAMLCodec::GetTimeSize: len:24 dl:911976 fs:911976 front:12670
2021-01-16 05:29:54.080 T:3608322944 DEBUG: CAMLCodec::DequeueBuffer: pts:306.765 idx:26
2021-01-16 05:29:54.080 T:4090851344 DEBUG: PrepareNextRender: frameOnScreen: 306.588 renderPts: 306.713 nextFramePts: 306.598 -> diff: 0.115 render: 1 forceNext: 0
2021-01-16 05:29:54.081 T:3608322944 DEBUG: CAMLCodec::GetPicture: index: 26, pts: 306.765, dur:42ms ar:1.67
2021-01-16 05:29:54.082 T:3608322944 DEBUG: CVideoPlayerVideo::OutputPicture - ttd:174ms pts:306.765 Clock:306.591 Level:3
2021-01-16 05:29:54.083 T:4090851344 DEBUG: CAMLCodec::ReleaseFrame idx:22, drop:0
2021-01-16 05:29:54.085 T:3608322944 DEBUG: CAMLCodec::GetTimeSize: len:24 dl:899306 fs:911976 front:12670
2021-01-16 05:29:54.085 T:3608322944 DEBUG: CAMLCodec::GetTimeSize: len:23 dl:899306 fs:899306 front:70859
2021-01-16 05:29:54.091 T:3608322944 DEBUG: CAMLCodec::AddData: dl:908114 sum:908114 sz:8808 dts:307.807 pts:307.807 overflow:0
2021-01-16 05:29:54.091 T:3608322944 DEBUG: CAMLCodec::GetTimeSize: len:24 dl:908114 fs:908114 front:70859
2021-01-16 05:29:54.117 T:4090851344 DEBUG: Previous line repeats 3 times.
2021-01-16 05:29:54.117 T:4090851344 DEBUG: CAMLCodec::PollFrame elapsed:32.769ms
2021-01-16 05:29:54.118 T:3608322944 DEBUG: CAMLCodec::GetTimeSize: len:24 dl:908114 fs:908114 front:70859
2021-01-16 05:29:54.119 T:3608322944 DEBUG: CAMLCodec::DequeueBuffer: pts:306.806 idx:27
2021-01-16 05:29:54.119 T:3608322944 DEBUG: CAMLCodec::GetPicture: index: 27, pts: 306.806, dur:41ms ar:1.67
2021-01-16 05:29:54.120 T:3608322944 DEBUG: CVideoPlayerVideo::OutputPicture - ttd:177ms pts:306.806 Clock:306.629 Level:4
2021-01-16 05:29:54.122 T:3608322944 DEBUG: CAMLCodec::GetTimeSize: len:24 dl:837255 fs:908114 front:70859
2021-01-16 05:29:54.122 T:4090851344 DEBUG: PrepareNextRender: frameOnScreen: 306.630 renderPts: 306.755 nextFramePts: 306.640 -> diff: 0.115 render: 1 forceNext: 0
