2021-01-16 05:30:13.609 T:3608322944 DEBUG: CAMLCodec::AddData: dl:607431 sum:607431 sz:4294 dts:327.452 pts:327.452 overflow:0
2021-01-16 05:30:13.610 T:3608322944 DEBUG: CAMLCodec::GetTimeSize: len:24 dl:607431 fs:607431 front:15122
2021-01-16 05:30:13.636 T:4090851344 DEBUG: Previous line repeats 3 times.
2021-01-16 05:30:13.636 T:4090851344 DEBUG: CAMLCodec::PollFrame elapsed:32.682ms
2021-01-16 05:30:13.637 T:3608322944 DEBUG: CAMLCodec::GetTimeSize: len:24 dl:607431 fs:607431 front:15122
2021-01-16 05:30:13.637 T:3608322944 DEBUG: CAMLCodec::DequeueBuffer: pts:326.451 idx:498
2021-01-16 05:30:13.638 T:3608322944 DEBUG: CAMLCodec::GetPicture: index: 498, pts: 326.451, dur:42ms ar:1.67
2021-01-16 05:30:13.639 T:3608322944 DEBUG: CVideoPlayerVideo::OutputPicture - ttd:213ms pts:326.451 Clock:326.238 Level:4
2021-01-16 05:30:13.641 T:3608322944 DEBUG: CAMLCodec::GetTimeSize: len:24 dl:607431 fs:607431 front:15122
2021-01-16 05:30:13.642 T:4090851344 DEBUG: PrepareNextRender: frameOnScreen: 326.240 renderPts: 326.365 nextFramePts: 326.284 -> diff: 0.081 render: 1 forceNext: 0
2021-01-16 05:30:13.644 T:4090851344 DEBUG: CAMLCodec::ReleaseFrame idx:494, drop:0
2021-01-16 05:30:13.648 T:3608322944 DEBUG: CAMLCodec::GetTimeSize: len:24 dl:592309 fs:607431 front:15122
2021-01-16 05:30:13.648 T:3608322944 DEBUG: CAMLCodec::GetTimeSize: len:23 dl:592309 fs:592309 front:83119
2021-01-16 05:30:13.654 T:3608322944 DEBUG: CAMLCodec::AddData: dl:597478 sum:597478 sz:5169 dts:327.494 pts:327.494 overflow:0
2021-01-16 05:30:13.654 T:3608322944 DEBUG: CAMLCodec::GetTimeSize: len:24 dl:597478 fs:597478 front:83119
2021-01-16 05:30:13.678 T:4090851344 DEBUG: Previous line repeats 3 times.
2021-01-16 05:30:13.678 T:4090851344 DEBUG: CAMLCodec::PollFrame elapsed:32.842ms
2021-01-16 05:30:13.684 T:3608322944 DEBUG: CAMLCodec::GetTimeSize: len:24 dl:597478 fs:597478 front:83119
2021-01-16 05:30:13.684 T:3608322944 DEBUG: CAMLCodec::DequeueBuffer: pts:326.493 idx:499
2021-01-16 05:30:13.685 T:3608322944 DEBUG: CAMLCodec::GetPicture: index: 499, pts: 326.493, dur:42ms ar:1.67
2021-01-16 05:30:13.685 T:3608322944 DEBUG: CVideoPlayerVideo::OutputPicture - ttd:209ms pts:326.493 Clock:326.284 Level:4
2021-01-16 05:30:13.686 T:4090851344 DEBUG: PrepareNextRender: frameOnScreen: 326.284 renderPts: 326.409 nextFramePts: 326.326 -> diff: 0.083 render: 1 forceNext: 0
2021-01-16 05:30:13.686 T:3608322944 DEBUG: CAMLCodec::GetTimeSize: len:24 dl:514359 fs:597478 front:83119
2021-01-16 05:30:13.687 T:3608322944 DEBUG: CAMLCodec::GetTimeSize: len:23 dl:514359 fs:514359 front:41283
2021-01-16 05:30:13.688 T:4090851344 DEBUG: CAMLCodec::ReleaseFrame idx:495, drop:0
2021-01-16 05:30:13.692 T:3608322944 DEBUG: CAMLCodec::AddData: dl:518135 sum:518135 sz:3776 dts:327.536 pts:327.577 overflow:0
2021-01-16 05:30:13.693 T:3608322944 DEBUG: CAMLCodec::GetTimeSize: len:24 dl:518135 fs:518135 front:41283
2021-01-16 05:30:13.719 T:4090851344 DEBUG: Previous line repeats 3 times.
2021-01-16 05:30:13.719 T:4090851344 DEBUG: CAMLCodec::PollFrame elapsed:30.575ms
2021-01-16 05:30:13.720 T:3608322944 DEBUG: CAMLCodec::GetTimeSize: len:24 dl:518135 fs:518135 front:41283
2021-01-16 05:30:13.724 T:4090851344 DEBUG: PrepareNextRender: frameOnScreen: 326.323 renderPts: 326.448 nextFramePts: 326.368 -> diff: 0.080 render: 1 forceNext: 0
2021-01-16 05:30:13.727 T:3608322944 DEBUG: CAMLCodec::GetTimeSize: len:24 dl:476852 fs:518135 front:41283
2021-01-16 05:30:13.727 T:3608322944 DEBUG: CAMLCodec::GetTimeSize: len:23 dl:476852 fs:476852 front:15827
2021-01-16 05:30:13.728 T:3608322944 DEBUG: CAMLCodec::DequeueBuffer: pts:326.535 idx:500
2021-01-16 05:30:13.728 T:4090851344 DEBUG: CAMLCodec::ReleaseFrame idx:496, drop:0
2021-01-16 05:30:13.728 T:3608322944 DEBUG: CAMLCodec::GetPicture: index: 500, pts: 326.535, dur:42ms ar:1.67
2021-01-16 05:30:13.728 T:3608322944 DEBUG: CVideoPlayerVideo::OutputPicture - ttd:207ms pts:326.535 Clock:326.327 Level:3
2021-01-16 05:30:13.730 T:3608322944 DEBUG: CAMLCodec::GetTimeSize: len:23 dl:476852 fs:476852 front:15827
2021-01-16 05:30:13.735 T:3608322944 DEBUG: CAMLCodec::AddData: dl:479766 sum:479766 sz:2914 dts:327.577 pts:327.619 overflow:0
2021-01-16 05:30:13.736 T:3608322944 DEBUG: CAMLCodec::GetTimeSize: len:24 dl:479766 fs:479766 front:15827
2021-01-16 05:30:13.761 T:4090851344 DEBUG: Previous line repeats 3 times.
2021-01-16 05:30:13.762 T:4090851344 DEBUG: CAMLCodec::PollFrame elapsed:32.792ms
2021-01-16 05:30:13.763 T:3608322944 DEBUG: CAMLCodec::GetTimeSize: len:24 dl:479766 fs:479766 front:15827
2021-01-16 05:30:13.764 T:3608322944 DEBUG: CAMLCodec::DequeueBuffer: pts:326.576 idx:501
2021-01-16 05:30:13.765 T:3608322944 DEBUG: CAMLCodec::GetPicture: index: 501, pts: 326.576, dur:41ms ar:1.67
2021-01-16 05:30:13.766 T:3608322944 DEBUG: CVideoPlayerVideo::OutputPicture - ttd:211ms pts:326.576 Clock:326.364 Level:4
2021-01-16 05:30:13.768 T:3608322944 DEBUG: CAMLCodec::GetTimeSize: len:24 dl:479766 fs:479766 front:15827
2021-01-16 05:30:13.768 T:4090851344 DEBUG: PrepareNextRender: frameOnScreen: 326.367 renderPts: 326.492 nextFramePts: 326.409 -> diff: 0.083 render: 1 forceNext: 0
2021-01-16 05:30:13.769 T:4090851344 DEBUG: CAMLCodec::ReleaseFrame idx:497, drop:0
2021-01-16 05:30:13.774 T:3608322944 DEBUG: CAMLCodec::GetTimeSize: len:24 dl:463939 fs:479766 front:15827
2021-01-16 05:30:13.775 T:3608322944 DEBUG: CAMLCodec::GetTimeSize: len:23 dl:463939 fs:463939 front:12420
2021-01-16 05:30:13.780 T:3608322944 DEBUG: CAMLCodec::AddData: dl:499656 sum:499656 sz:35717 dts:327.619 pts:327.827 overflow:0
2021-01-16 05:30:13.780 T:3608322944 DEBUG: CAMLCodec::GetTimeSize: len:24 dl:499656 fs:499656 front:12420
2021-01-16 05:30:13.804 T:4090851344 DEBUG: Previous line repeats 3 times.
2021-01-16 05:30:13.804 T:4090851344 DEBUG: CAMLCodec::PollFrame elapsed:33.601ms
2021-01-16 05:30:13.809 T:3608322944 DEBUG: CAMLCodec::GetTimeSize: len:24 dl:487236 fs:499656 front:12420
2021-01-16 05:30:13.809 T:3608322944 DEBUG: CAMLCodec::GetTimeSize: len:23 dl:487236 fs:487236 front:7976
2021-01-16 05:30:13.809 T:3608322944 DEBUG: CAMLCodec::DequeueBuffer: pts:326.618 idx:502
2021-01-16 05:30:13.809 T:3608322944 DEBUG: CAMLCodec::GetPicture: index: 502, pts: 326.618, dur:42ms ar:1.67
2021-01-16 05:30:13.810 T:4090851344 DEBUG: PrepareNextRender: frameOnScreen: 326.408 renderPts: 326.534 nextFramePts: 326.451 -> diff: 0.083 render: 1 forceNext: 0
2021-01-16 05:30:13.810 T:3608322944 DEBUG: CVideoPlayerVideo::OutputPicture - ttd:209ms pts:326.618 Clock:326.408 Level:3
2021-01-16 05:30:13.811 T:3608322944 DEBUG: CAMLCodec::GetTimeSize: len:23 dl:487236 fs:487236 front:7976
2021-01-16 05:30:13.812 T:4090851344 DEBUG: CAMLCodec::ReleaseFrame idx:498, drop:0
2021-01-16 05:30:13.817 T:3608322944 DEBUG: CAMLCodec::AddData: dl:502124 sum:502124 sz:14888 dts:327.661 pts:327.744 overflow:0
2021-01-16 05:30:13.817 T:3608322944 DEBUG: CAMLCodec::GetTimeSize: len:24 dl:502124 fs:502124 front:7976
2021-01-16 05:30:13.839 T:3581182848 DEBUG: Previous line repeats 3 times.
2021-01-16 05:30:13.839 T:3581182848 DEBUG: CVideoPlayer::ProcessVideoData size:66202 dts:334.751 pts:335.001 dur:41.000ms, clock:326.438 level:88
2021-01-16 05:30:13.840 T:3581182848 DEBUG: CVideoPlayer::ProcessVideoData size:10061 dts:334.793 pts:334.918 dur:41.000ms, clock:326.439 level:89
2021-01-16 05:30:13.841 T:3581182848 DEBUG: CVideoPlayer::ProcessVideoData size:8856 dts:334.834 pts:334.834 dur:41.000ms, clock:326.439 level:89
2021-01-16 05:30:13.841 T:3581182848 DEBUG: CVideoPlayer::ProcessVideoData size:6775 dts:334.876 pts:334.876 dur:41.000ms, clock:326.440 level:90
2021-01-16 05:30:13.842 T:3581182848 DEBUG: CVideoPlayer::ProcessVideoData size:2408 dts:334.918 pts:334.960 dur:41.000ms, clock:326.441 level:90
2021-01-16 05:30:13.844 T:4090851344 DEBUG: CAMLCodec::PollFrame elapsed:32.202ms
2021-01-16 05:30:13.845 T:3608322944 DEBUG: CAMLCodec::GetTimeSize: len:24 dl:502124 fs:502124 front:7976
2021-01-16 05:30:13.850 T:4090851344 DEBUG: PrepareNextRender: frameOnScreen: 326.449 renderPts: 326.574 nextFramePts: 326.493 -> diff: 0.081 render: 1 forceNext: 0
2021-01-16 05:30:13.852 T:3608322944 DEBUG: CAMLCodec::GetTimeSize: len:24 dl:494148 fs:502124 front:7976
2021-01-16 05:30:13.852 T:3608322944 DEBUG: CAMLCodec::GetTimeSize: len:23 dl:494148 fs:494148 front:5609
2021-01-16 05:30:13.853 T:3608322944 DEBUG: CAMLCodec::DequeueBuffer: pts:326.660 idx:503
2021-01-16 05:30:13.853 T:3608322944 DEBUG: CAMLCodec::GetPicture: index: 503, pts: 326.660, dur:42ms ar:1.67
2021-01-16 05:30:13.853 T:4090851344 DEBUG: CAMLCodec::ReleaseFrame idx:499, drop:0
2021-01-16 05:30:13.853 T:3608322944 DEBUG: CVideoPlayerVideo::OutputPicture - ttd:207ms pts:326.660 Clock:326.452 Level:3
2021-01-16 05:30:13.855 T:3608322944 DEBUG: CAMLCodec::GetTimeSize: len:23 dl:494148 fs:494148 front:5609
2021-01-16 05:30:13.860 T:3608322944 DEBUG: CAMLCodec::AddData: dl:498011 sum:498011 sz:3863 dts:327.702 pts:327.702 overflow:0
2021-01-16 05:30:13.861 T:3608322944 DEBUG: CAMLCodec::GetTimeSize: len:24 dl:498011 fs:498011 front:5609
2021-01-16 05:30:13.886 T:4090851344 DEBUG: Previous line repeats 3 times.
2021-01-16 05:30:13.887 T:4090851344 DEBUG: CAMLCodec::PollFrame elapsed:32.677ms
2021-01-16 05:30:13.888 T:3608322944 DEBUG: CAMLCodec::GetTimeSize: len:24 dl:498011 fs:498011 front:5609
2021-01-16 05:30:13.889 T:3608322944 DEBUG: CAMLCodec::DequeueBuffer: pts:326.701 idx:504
2021-01-16 05:30:13.890 T:3608322944 DEBUG: CAMLCodec::GetPicture: index: 504, pts: 326.701, dur:41ms ar:1.67
2021-01-16 05:30:13.891 T:3608322944 DEBUG: CVideoPlayerVideo::OutputPicture - ttd:211ms pts:326.701 Clock:326.489 Level:4
2021-01-16 05:30:13.892 T:3608322944 DEBUG: CAMLCodec::GetTimeSize: len:24 dl:498011 fs:498011 front:5609
2021-01-16 05:30:13.894 T:4090851344 DEBUG: PrepareNextRender: frameOnScreen: 326.492 renderPts: 326.617 nextFramePts: 326.535 -> diff: 0.082 render: 1 forceNext: 0
2021-01-16 05:30:13.897 T:4090851344 DEBUG: CAMLCodec::ReleaseFrame idx:500, drop:0
2021-01-16 05:30:13.900 T:3608322944 DEBUG: CAMLCodec::GetTimeSize: len:24 dl:492402 fs:498011 front:5609
2021-01-16 05:30:13.900 T:3608322944 DEBUG: CAMLCodec::GetTimeSize: len:23 dl:492402 fs:492402 front:77963
2021-01-16 05:30:13.905 T:3608322944 DEBUG: CAMLCodec::AddData: dl:500395 sum:500395 sz:7993 dts:327.744 pts:327.786 overflow:0
2021-01-16 05:30:13.905 T:3608322944 DEBUG: CAMLCodec::GetTimeSize: len:24 dl:500395 fs:500395 front:77963
2021-01-16 05:30:13.928 T:4090851344 DEBUG: Previous line repeats 3 times.
2021-01-16 05:30:13.928 T:4090851344 DEBUG: CAMLCodec::PollFrame elapsed:30.299ms
2021-01-16 05:30:13.933 T:4090851344 DEBUG: PrepareNextRender: frameOnScreen: 326.532 renderPts: 326.657 nextFramePts: 326.576 -> diff: 0.081 render: 1 forceNext: 0
2021-01-16 05:30:13.933 T:3608322944 DEBUG: CAMLCodec::GetTimeSize: len:24 dl:422432 fs:500395 front:77963
2021-01-16 05:30:13.934 T:3608322944 DEBUG: CAMLCodec::GetTimeSize: len:23 dl:422432 fs:422432 front:30664
2021-01-16 05:30:13.935 T:3608322944 DEBUG: CAMLCodec::DequeueBuffer: pts:326.743 idx:505
2021-01-16 05:30:13.935 T:3608322944 DEBUG: CAMLCodec::GetPicture: index: 505, pts: 326.743, dur:42ms ar:1.67
2021-01-16 05:30:13.937 T:4090851344 DEBUG: CAMLCodec::ReleaseFrame idx:501, drop:0
2021-01-16 05:30:13.937 T:3608322944 DEBUG: CVideoPlayerVideo::OutputPicture - ttd:207ms pts:326.743 Clock:326.536 Level:3
2021-01-16 05:30:13.939 T:3608322944 DEBUG: CAMLCodec::GetTimeSize: len:23 dl:422432 fs:422432 front:30664
2021-01-16 05:30:13.947 T:3608322944 DEBUG: CAMLCodec::AddData: dl:522785 sum:522785 sz:100353 dts:327.786 pts:327.911 overflow:0
2021-01-16 05:30:13.947 T:3608322944 DEBUG: CAMLCodec::GetTimeSize: len:24 dl:522785 fs:522785 front:30664
2021-01-16 05:30:13.969 T:4090851344 DEBUG: Previous line repeats 3 times.
2021-01-16 05:30:13.970 T:4090851344 DEBUG: CAMLCodec::PollFrame elapsed:32.015ms
2021-01-16 05:30:13.975 T:3608322944 DEBUG: CAMLCodec::GetTimeSize: len:24 dl:522785 fs:522785 front:30664
2021-01-16 05:30:13.976 T:4090851344 DEBUG: PrepareNextRender: frameOnScreen: 326.574 renderPts: 326.699 nextFramePts: 326.618 -> diff: 0.081 render: 1 forceNext: 0
2021-01-16 05:30:13.976 T:3608322944 DEBUG: CAMLCodec::DequeueBuffer: pts:326.785 idx:506
2021-01-16 05:30:13.976 T:3608322944 DEBUG: CAMLCodec::GetPicture: index: 506, pts: 326.785, dur:42ms ar:1.67
2021-01-16 05:30:13.977 T:3608322944 DEBUG: CVideoPlayerVideo::OutputPicture - ttd:209ms pts:326.785 Clock:326.575 Level:3
2021-01-16 05:30:13.978 T:3608322944 DEBUG: CAMLCodec::GetTimeSize: len:24 dl:492121 fs:522785 front:30664
2021-01-16 05:30:13.979 T:3608322944 DEBUG: CAMLCodec::GetTimeSize: len:23 dl:492121 fs:492121 front:6356
2021-01-16 05:30:13.979 T:4090851344 DEBUG: CAMLCodec::ReleaseFrame idx:502, drop:0
2021-01-16 05:30:13.984 T:3608322944 DEBUG: CAMLCodec::AddData: dl:505984 sum:505984 sz:13863 dts:327.827 pts:327.869 overflow:0
2021-01-16 05:30:13.985 T:3608322944 DEBUG: CAMLCodec::GetTimeSize: len:24 dl:505984 fs:505984 front:6356
2021-01-16 05:30:14.012 T:4090851344 DEBUG: Previous line repeats 3 times.
2021-01-16 05:30:14.013 T:4090851344 DEBUG: CAMLCodec::PollFrame elapsed:32.023ms
2021-01-16 05:30:14.013 T:3608322944 DEBUG: CAMLCodec::GetTimeSize: len:24 dl:505984 fs:505984 front:6356
2021-01-16 05:30:14.014 T:3608322944 DEBUG: CAMLCodec::DequeueBuffer: pts:326.826 idx:507
2021-01-16 05:30:14.015 T:3608322944 DEBUG: CAMLCodec::GetPicture: index: 507, pts: 326.826, dur:41ms ar:1.67
2021-01-16 05:30:14.016 T:3608322944 DEBUG: CVideoPlayerVideo::OutputPicture - ttd:211ms pts:326.826 Clock:326.615 Level:4
2021-01-16 05:30:14.018 T:3608322944 DEBUG: CAMLCodec::GetTimeSize: len:24 dl:505984 fs:505984 front:6356
2021-01-16 05:30:14.018 T:4090851344 DEBUG: PrepareNextRender: frameOnScreen: 326.617 renderPts: 326.742 nextFramePts: 326.660 -> diff: 0.082 render: 1 forceNext: 0
2021-01-16 05:30:14.020 T:4090851344 DEBUG: CAMLCodec::ReleaseFrame idx:503, drop:0
2021-01-16 05:30:14.025 T:3608322944 DEBUG: CAMLCodec::GetTimeSize: len:24 dl:499628 fs:505984 front:6356
2021-01-16 05:30:14.025 T:3608322944 DEBUG: CAMLCodec::GetTimeSize: len:23 dl:499628 fs:499628 front:7209
2021-01-16 05:30:14.033 T:3608322944 DEBUG: CAMLCodec::AddData: dl:561256 sum:561256 sz:61628 dts:327.869 pts:328.078 overflow:0
2021-01-16 05:30:14.033 T:3608322944 DEBUG: CAMLCodec::GetTimeSize: len:24 dl:561256 fs:561256 front:7209
2021-01-16 05:30:14.054 T:4090851344 DEBUG: Previous line repeats 2 times.
2021-01-16 05:30:14.055 T:4090851344 DEBUG: CAMLCodec::PollFrame elapsed:32.354ms
2021-01-16 05:30:14.055 T:3608322944 DEBUG: CAMLCodec::GetTimeSize: len:24 dl:561256 fs:561256 front:7209
2021-01-16 05:30:14.056 T:3608322944 DEBUG: CAMLCodec::DequeueBuffer: pts:326.868 idx:508
2021-01-16 05:30:14.057 T:3608322944 DEBUG: CAMLCodec::GetPicture: index: 508, pts: 326.868, dur:42ms ar:1.67
2021-01-16 05:30:14.058 T:3608322944 DEBUG: CVideoPlayerVideo::OutputPicture - ttd:211ms pts:326.868 Clock:326.656 Level:4
2021-01-16 05:30:14.059 T:3608322944 DEBUG: CAMLCodec::GetTimeSize: len:24 dl:561256 fs:561256 front:7209
2021-01-16 05:30:14.060 T:4090851344 DEBUG: PrepareNextRender: frameOnScreen: 326.659 renderPts: 326.784 nextFramePts: 326.701 -> diff: 0.083 render: 1 forceNext: 0
2021-01-16 05:30:14.063 T:4090851344 DEBUG: CAMLCodec::ReleaseFrame idx:504, drop:0
2021-01-16 05:30:14.066 T:3608322944 DEBUG: CAMLCodec::GetTimeSize: len:24 dl:554047 fs:561256 front:7209
2021-01-16 05:30:14.066 T:3608322944 DEBUG: CAMLCodec::GetTimeSize: len:23 dl:554047 fs:554047 front:6688
2021-01-16 05:30:14.072 T:3608322944 DEBUG: CAMLCodec::AddData: dl:575880 sum:575880 sz:21833 dts:327.911 pts:327.994 overflow:0
2021-01-16 05:30:14.072 T:3608322944 DEBUG: CAMLCodec::GetTimeSize: len:24 dl:575880 fs:575880 front:6688
2021-01-16 05:30:14.093 T:3581182848 DEBUG: Previous line repeats 2 times.
2021-01-16 05:30:14.093 T:3581182848 DEBUG: CVideoPlayer::ProcessVideoData size:35765 dts:334.960 pts:335.293 dur:41.000ms, clock:326.692 level:88
2021-01-16 05:30:14.094 T:3581182848 DEBUG: CVideoPlayer::ProcessVideoData size:14629 dts:335.001 pts:335.168 dur:41.000ms, clock:326.693 level:88
2021-01-16 05:30:14.095 T:3581182848 DEBUG: CVideoPlayer::ProcessVideoData size:4913 dts:335.043 pts:335.043 dur:41.000ms, clock:326.694 level:89
2021-01-16 05:30:14.096 T:4090851344 DEBUG: CAMLCodec::PollFrame elapsed:32.064ms
2021-01-16 05:30:14.097 T:3608322944 DEBUG: CAMLCodec::GetTimeSize: len:24 dl:575880 fs:575880 front:6688
2021-01-16 05:30:14.099 T:3581182848 DEBUG: CVideoPlayer::ProcessVideoData size:5680 dts:335.085 pts:335.085 dur:41.000ms, clock:326.696 level:89
2021-01-16 05:30:14.100 T:3608322944 DEBUG: CAMLCodec::DequeueBuffer: pts:326.910 idx:509
2021-01-16 05:30:14.101 T:3608322944 DEBUG: CAMLCodec::GetPicture: index: 509, pts: 326.910, dur:42ms ar:1.67
2021-01-16 05:30:14.101 T:3581182848 DEBUG: CVideoPlayer::ProcessVideoData size:7501 dts:335.126 pts:335.126 dur:41.000ms, clock:326.700 level:90
2021-01-16 05:30:14.102 T:3608322944 DEBUG: CVideoPlayerVideo::OutputPicture - ttd:209ms pts:326.910 Clock:326.700 Level:4
2021-01-16 05:30:14.102 T:4090851344 DEBUG: PrepareNextRender: frameOnScreen: 326.700 renderPts: 326.826 nextFramePts: 326.743 -> diff: 0.083 render: 1 forceNext: 0
2021-01-16 05:30:14.103 T:3581182848 DEBUG: CVideoPlayer::ProcessVideoData size:6485 dts:335.168 pts:335.210 dur:41.000ms, clock:326.702 level:90
2021-01-16 05:30:14.105 T:3581182848 DEBUG: CVideoPlayer::ProcessVideoData size:8659 dts:335.210 pts:335.252 dur:41.000ms, clock:326.704 level:91
2021-01-16 05:30:14.105 T:4090851344 DEBUG: CAMLCodec::ReleaseFrame idx:505, drop:0
2021-01-16 05:30:14.107 T:3608322944 DEBUG: CAMLCodec::GetTimeSize: len:24 dl:569192 fs:575880 front:6688
2021-01-16 05:30:14.107 T:3608322944 DEBUG: CAMLCodec::GetTimeSize: len:23 dl:569192 fs:569192 front:2875
2021-01-16 05:30:14.112 T:3608322944 DEBUG: CAMLCodec::AddData: dl:579168 sum:579168 sz:9976 dts:327.953 pts:327.953 overflow:0
2021-01-16 05:30:14.113 T:3608322944 DEBUG: CAMLCodec::GetTimeSize: len:24 dl:579168 fs:579168 front:2875
2021-01-16 05:30:14.130 T:3581182848 DEBUG: Previous line repeats 2 times.
2021-01-16 05:30:14.130 T:3581182848 DEBUG: CVideoPlayer::ProcessVideoData size:238838 dts:335.252 pts:335.335 dur:41.000ms, clock:326.729 level:91
2021-01-16 05:30:14.133 T:3608322944 DEBUG: CAMLCodec::GetTimeSize: len:24 dl:579168 fs:579168 front:2875
2021-01-16 05:30:14.136 T:4090851344 DEBUG: CAMLCodec::PollFrame elapsed:30.399ms
2021-01-16 05:30:14.141 T:3608322944 DEBUG: CAMLCodec::GetTimeSize: len:24 dl:579168 fs:579168 front:2875
2021-01-16 05:30:14.142 T:3608322944 DEBUG: CAMLCodec::DequeueBuffer: pts:326.952 idx:510
2021-01-16 05:30:14.143 T:4090851344 DEBUG: PrepareNextRender: frameOnScreen: 326.741 renderPts: 326.866 nextFramePts: 326.785 -> diff: 0.081 render: 1 forceNext: 0
2021-01-16 05:30:14.144 T:3608322944 DEBUG: CAMLCodec::GetPicture: index: 510, pts: 326.952, dur:42ms ar:1.67
2021-01-16 05:30:14.145 T:3608322944 DEBUG: CVideoPlayerVideo::OutputPicture - ttd:208ms pts:326.952 Clock:326.743 Level:3
2021-01-16 05:30:14.146 T:3608322944 DEBUG: CAMLCodec::GetTimeSize: len:24 dl:576293 fs:579168 front:2875
2021-01-16 05:30:14.147 T:4090851344 DEBUG: CAMLCodec::ReleaseFrame idx:506, drop:0
2021-01-16 05:30:14.147 T:3608322944 DEBUG: CAMLCodec::GetTimeSize: len:23 dl:576293 fs:576293 front:57513
2021-01-16 05:30:14.153 T:3608322944 DEBUG: CAMLCodec::AddData: dl:584981 sum:584981 sz:8688 dts:327.994 pts:328.036 overflow:0
2021-01-16 05:30:14.153 T:3608322944 DEBUG: CAMLCodec::GetTimeSize: len:24 dl:584981 fs:584981 front:57513
2021-01-16 05:30:14.179 T:4090851344 DEBUG: Previous line repeats 3 times.
2021-01-16 05:30:14.180 T:4090851344 DEBUG: CAMLCodec::PollFrame elapsed:30.839ms
2021-01-16 05:30:14.182 T:3608322944 DEBUG: CAMLCodec::GetTimeSize: len:24 dl:584981 fs:584981 front:57513
2021-01-16 05:30:14.183 T:3608322944 DEBUG: CAMLCodec::DequeueBuffer: pts:326.993 idx:511
2021-01-16 05:30:14.184 T:3608322944 DEBUG: CAMLCodec::GetPicture: index: 511, pts: 326.993, dur:41ms ar:1.67
2021-01-16 05:30:14.184 T:3608322944 DEBUG: CVideoPlayerVideo::OutputPicture - ttd:209ms pts:326.993 Clock:326.783 Level:4
2021-01-16 05:30:14.186 T:4090851344 DEBUG: PrepareNextRender: frameOnScreen: 326.784 renderPts: 326.909 nextFramePts: 326.826 -> diff: 0.083 render: 1 forceNext: 0
2021-01-16 05:30:14.186 T:3608322944 DEBUG: CAMLCodec::GetTimeSize: len:24 dl:527468 fs:584981 front:57513
2021-01-16 05:30:14.186 T:3608322944 DEBUG: CAMLCodec::GetTimeSize: len:23 dl:527468 fs:527468 front:1516
2021-01-16 05:30:14.189 T:4090851344 DEBUG: CAMLCodec::ReleaseFrame idx:507, drop:0
2021-01-16 05:30:14.194 T:3608322944 DEBUG: CAMLCodec::AddData: dl:585239 sum:585239 sz:57771 dts:328.036 pts:328.328 overflow:0
2021-01-16 05:30:14.194 T:3608322944 DEBUG: CAMLCodec::GetTimeSize: len:24 dl:585239 fs:585239 front:1516
2021-01-16 05:30:14.221 T:4090851344 DEBUG: Previous line repeats 3 times.
2021-01-16 05:30:14.221 T:4090851344 DEBUG: CAMLCodec::PollFrame elapsed:31.348ms
2021-01-16 05:30:14.222 T:3608322944 DEBUG: CAMLCodec::GetTimeSize: len:24 dl:585239 fs:585239 front:1516
2021-01-16 05:30:14.223 T:3608322944 DEBUG: CAMLCodec::DequeueBuffer: pts:327.035 idx:512
2021-01-16 05:30:14.223 T:3608322944 DEBUG: CAMLCodec::GetPicture: index: 512, pts: 327.035, dur:42ms ar:1.67
2021-01-16 05:30:14.224 T:3608322944 DEBUG: CVideoPlayerVideo::OutputPicture - ttd:212ms pts:327.035 Clock:326.823 Level:4
2021-01-16 05:30:14.226 T:3608322944 DEBUG: CAMLCodec::GetTimeSize: len:24 dl:585239 fs:585239 front:1516
2021-01-16 05:30:14.226 T:4090851344 DEBUG: PrepareNextRender: frameOnScreen: 326.825 renderPts: 326.950 nextFramePts: 326.868 -> diff: 0.082 render: 1 forceNext: 0
2021-01-16 05:30:14.228 T:4090851344 DEBUG: CAMLCodec::ReleaseFrame idx:508, drop:0
2021-01-16 05:30:14.233 T:3608322944 DEBUG: CAMLCodec::GetTimeSize: len:24 dl:583723 fs:585239 front:1516
2021-01-16 05:30:14.233 T:3608322944 DEBUG: CAMLCodec::GetTimeSize: len:23 dl:583723 fs:583723 front:79865
2021-01-16 05:30:14.239 T:3608322944 DEBUG: CAMLCodec::AddData: dl:611215 sum:611215 sz:27492 dts:328.078 pts:328.203 overflow:0
2021-01-16 05:30:14.239 T:3608322944 DEBUG: CAMLCodec::GetTimeSize: len:24 dl:611215 fs:611215 front:79865
2021-01-16 05:30:14.261 T:4090851344 DEBUG: Previous line repeats 3 times.
2021-01-16 05:30:14.262 T:4090851344 DEBUG: CAMLCodec::PollFrame elapsed:32.654ms
2021-01-16 05:30:14.266 T:4090851344 DEBUG: PrepareNextRender: frameOnScreen: 326.865 renderPts: 326.990 nextFramePts: 326.910 -> diff: 0.080 render: 1 forceNext: 0
2021-01-16 05:30:14.268 T:3608322944 DEBUG: CAMLCodec::GetTimeSize: len:24 dl:611215 fs:611215 front:79865
2021-01-16 05:30:14.268 T:3608322944 DEBUG: CAMLCodec::DequeueBuffer: pts:327.077 idx:513
2021-01-16 05:30:14.269 T:3608322944 DEBUG: CAMLCodec::GetPicture: index: 513, pts: 327.077, dur:42ms ar:1.67
2021-01-16 05:30:14.269 T:4090851344 DEBUG: CAMLCodec::ReleaseFrame idx:509, drop:0
2021-01-16 05:30:14.269 T:3608322944 DEBUG: CVideoPlayerVideo::OutputPicture - ttd:209ms pts:327.077 Clock:326.868 Level:3
2021-01-16 05:30:14.271 T:3608322944 DEBUG: CAMLCodec::GetTimeSize: len:24 dl:531350 fs:611215 front:79865
2021-01-16 05:30:14.271 T:3608322944 DEBUG: CAMLCodec::GetTimeSize: len:23 dl:531350 fs:531350 front:36736
2021-01-16 05:30:14.276 T:3608322944 DEBUG: CAMLCodec::AddData: dl:541925 sum:541925 sz:10575 dts:328.119 pts:328.119 overflow:0
2021-01-16 05:30:14.276 T:3608322944 DEBUG: CAMLCodec::GetTimeSize: len:24 dl:541925 fs:541925 front:36736
2021-01-16 05:30:14.303 T:4090851344 DEBUG: Previous line repeats 3 times.
2021-01-16 05:30:14.304 T:4090851344 DEBUG: CAMLCodec::PollFrame elapsed:34.014ms
2021-01-16 05:30:14.304 T:3608322944 DEBUG: CAMLCodec::GetTimeSize: len:24 dl:541925 fs:541925 front:36736
2021-01-16 05:30:14.309 T:4090851344 DEBUG: PrepareNextRender: frameOnScreen: 326.908 renderPts: 327.033 nextFramePts: 326.952 -> diff: 0.081 render: 1 forceNext: 0
2021-01-16 05:30:14.311 T:3608322944 DEBUG: CAMLCodec::GetTimeSize: len:24 dl:505189 fs:541925 front:36736
2021-01-16 05:30:14.312 T:3608322944 DEBUG: CAMLCodec::GetTimeSize: len:23 dl:505189 fs:505189 front:2552
2021-01-16 05:30:14.312 T:3608322944 DEBUG: CAMLCodec::DequeueBuffer: pts:327.118 idx:514
2021-01-16 05:30:14.312 T:3608322944 DEBUG: CAMLCodec::GetPicture: index: 514, pts: 327.118, dur:41ms ar:1.67
2021-01-16 05:30:14.313 T:4090851344 DEBUG: CAMLCodec::ReleaseFrame idx:510, drop:0
2021-01-16 05:30:14.313 T:3608322944 DEBUG: CVideoPlayerVideo::OutputPicture - ttd:206ms pts:327.118 Clock:326.912 Level:3
2021-01-16 05:30:14.315 T:3608322944 DEBUG: CAMLCodec::GetTimeSize: len:23 dl:505189 fs:505189 front:2552
2021-01-16 05:30:14.320 T:3608322944 DEBUG: CAMLCodec::AddData: dl:516891 sum:516891 sz:11702 dts:328.161 pts:328.161 overflow:0
2021-01-16 05:30:14.320 T:3608322944 DEBUG: CAMLCodec::GetTimeSize: len:24 dl:516891 fs:516891 front:2552
2021-01-16 05:30:14.345 T:4090851344 DEBUG: Previous line repeats 3 times.
2021-01-16 05:30:14.346 T:4090851344 DEBUG: CAMLCodec::PollFrame elapsed:31.905ms
2021-01-16 05:30:14.349 T:3608322944 DEBUG: CAMLCodec::GetTimeSize: len:24 dl:516891 fs:516891 front:2552
2021-01-16 05:30:14.350 T:3608322944 DEBUG: CAMLCodec::DequeueBuffer: pts:327.160 idx:515
2021-01-16 05:30:14.352 T:4090851344 DEBUG: PrepareNextRender: frameOnScreen: 326.950 renderPts: 327.075 nextFramePts: 326.993 -> diff: 0.082 render: 1 forceNext: 0
2021-01-16 05:30:14.352 T:3608322944 DEBUG: CAMLCodec::GetPicture: index: 515, pts: 327.160, dur:42ms ar:1.67
2021-01-16 05:30:14.352 T:3608322944 DEBUG: CVideoPlayerVideo::OutputPicture - ttd:208ms pts:327.160 Clock:326.951 Level:3
2021-01-16 05:30:14.354 T:4090851344 DEBUG: CAMLCodec::ReleaseFrame idx:511, drop:0
2021-01-16 05:30:14.354 T:3608322944 DEBUG: CAMLCodec::GetTimeSize: len:24 dl:514339 fs:516891 front:2552
2021-01-16 05:30:14.355 T:3608322944 DEBUG: CAMLCodec::GetTimeSize: len:23 dl:514339 fs:514339 front:2836
2021-01-16 05:30:14.360 T:3608322944 DEBUG: CAMLCodec::AddData: dl:522578 sum:522578 sz:8239 dts:328.203 pts:328.245 overflow:0
2021-01-16 05:30:14.361 T:3608322944 DEBUG: CAMLCodec::GetTimeSize: len:24 dl:522578 fs:522578 front:2836
2021-01-16 05:30:14.383 T:3581182848 DEBUG: Previous line repeats 3 times.
2021-01-16 05:30:14.384 T:3581182848 DEBUG: CVideoPlayer::ProcessVideoData size:130763 dts:335.293 pts:335.585 dur:41.000ms, clock:326.982 level:88
2021-01-16 05:30:14.385 T:3581182848 DEBUG: CVideoPlayer::ProcessVideoData size:36951 dts:335.335 pts:335.460 dur:41.000ms, clock:326.984 level:89
2021-01-16 05:30:14.386 T:3581182848 DEBUG: CVideoPlayer::ProcessVideoData size:7004 dts:335.377 pts:335.377 dur:41.000ms, clock:326.984 level:89
2021-01-16 05:30:14.386 T:3581182848 DEBUG: CVideoPlayer::ProcessVideoData size:6699 dts:335.418 pts:335.418 dur:41.000ms, clock:326.985 level:90
2021-01-16 05:30:14.389 T:4090851344 DEBUG: CAMLCodec::PollFrame elapsed:32.929ms
2021-01-16 05:30:14.390 T:3608322944 DEBUG: CAMLCodec::GetTimeSize: len:24 dl:522578 fs:522578 front:2836
2021-01-16 05:30:14.391 T:3581182848 DEBUG: CVideoPlayer::ProcessVideoData size:10087 dts:335.460 pts:335.502 dur:41.000ms, clock:326.988 level:90
2021-01-16 05:30:14.391 T:3608322944 DEBUG: CAMLCodec::DequeueBuffer: pts:327.202 idx:516
2021-01-16 05:30:14.392 T:3608322944 DEBUG: CAMLCodec::GetPicture: index: 516, pts: 327.202, dur:42ms ar:1.67
2021-01-16 05:30:14.393 T:3581182848 DEBUG: CVideoPlayer::ProcessVideoData size:9662 dts:335.502 pts:335.544 dur:41.000ms, clock:326.992 level:91
2021-01-16 05:30:14.394 T:3608322944 DEBUG: CVideoPlayerVideo::OutputPicture - ttd:209ms pts:327.202 Clock:326.992 Level:4
2021-01-16 05:30:14.395 T:4090851344 DEBUG: PrepareNextRender: frameOnScreen: 326.994 renderPts: 327.119 nextFramePts: 327.035 -> diff: 0.084 render: 1 forceNext: 0
2021-01-16 05:30:14.396 T:3608322944 DEBUG: CAMLCodec::GetTimeSize: len:24 dl:519742 fs:522578 front:2836
2021-01-16 05:30:14.396 T:3608322944 DEBUG: CAMLCodec::GetTimeSize: len:23 dl:519742 fs:519742 front:2603
2021-01-16 05:30:14.398 T:4090851344 DEBUG: CAMLCodec::ReleaseFrame idx:512, drop:0
2021-01-16 05:30:14.401 T:3608322944 DEBUG: CAMLCodec::AddData: dl:528671 sum:528671 sz:8929 dts:328.245 pts:328.286 overflow:0
2021-01-16 05:30:14.402 T:3608322944 DEBUG: CAMLCodec::GetTimeSize: len:24 dl:528671 fs:528671 front:2603
2021-01-16 05:30:14.430 T:4090851344 DEBUG: Previous line repeats 4 times.
2021-01-16 05:30:14.430 T:4090851344 DEBUG: CAMLCodec::PollFrame elapsed:31.224ms
2021-01-16 05:30:14.434 T:4090851344 DEBUG: PrepareNextRender: frameOnScreen: 327.033 renderPts: 327.158 nextFramePts: 327.077 -> diff: 0.081 render: 1 forceNext: 0
2021-01-16 05:30:14.436 T:4090851344 DEBUG: CAMLCodec::ReleaseFrame idx:513, drop:0
2021-01-16 05:30:14.436 T:3608322944 DEBUG: CAMLCodec::GetTimeSize: len:24 dl:526068 fs:528671 front:2603
2021-01-16 05:30:14.437 T:3608322944 DEBUG: CAMLCodec::GetTimeSize: len:23 dl:526068 fs:526068 front:3352
2021-01-16 05:30:14.437 T:3608322944 DEBUG: CAMLCodec::DequeueBuffer: pts:327.244 idx:517
2021-01-16 05:30:14.437 T:3608322944 DEBUG: CAMLCodec::GetPicture: index: 517, pts: 327.244, dur:42ms ar:1.67
2021-01-16 05:30:14.437 T:3608322944 DEBUG: CVideoPlayerVideo::OutputPicture - ttd:207ms pts:327.244 Clock:327.036 Level:3
2021-01-16 05:30:14.439 T:3608322944 DEBUG: CAMLCodec::GetTimeSize: len:23 dl:526068 fs:526068 front:3352
2021-01-16 05:30:14.446 T:3608322944 DEBUG: CAMLCodec::AddData: dl:598273 sum:598273 sz:72205 dts:328.286 pts:328.578 overflow:0
2021-01-16 05:30:14.447 T:3608322944 DEBUG: CAMLCodec::GetTimeSize: len:24 dl:598273 fs:598273 front:3352
2021-01-16 05:30:14.471 T:4090851344 DEBUG: Previous line repeats 3 times.
2021-01-16 05:30:14.472 T:4090851344 DEBUG: CAMLCodec::PollFrame elapsed:33.180ms
2021-01-16 05:30:14.476 T:3608322944 DEBUG: CAMLCodec::GetTimeSize: len:24 dl:598273 fs:598273 front:3352
2021-01-16 05:30:14.477 T:3608322944 DEBUG: CAMLCodec::DequeueBuffer: pts:327.285 idx:518
2021-01-16 05:30:14.478 T:3608322944 DEBUG: CAMLCodec::GetPicture: index: 518, pts: 327.285, dur:41ms ar:1.67
2021-01-16 05:30:14.478 T:4090851344 DEBUG: PrepareNextRender: frameOnScreen: 327.077 renderPts: 327.202 nextFramePts: 327.118 -> diff: 0.084 render: 1 forceNext: 0
2021-01-16 05:30:14.479 T:3608322944 DEBUG: CVideoPlayerVideo::OutputPicture - ttd:207ms pts:327.285 Clock:327.077 Level:3
2021-01-16 05:30:14.481 T:3608322944 DEBUG: CAMLCodec::GetTimeSize: len:24 dl:594921 fs:598273 front:3352
2021-01-16 05:30:14.481 T:4090851344 DEBUG: CAMLCodec::ReleaseFrame idx:514, drop:0
2021-01-16 05:30:14.481 T:3608322944 DEBUG: CAMLCodec::GetTimeSize: len:23 dl:594921 fs:594921 front:65917
2021-01-16 05:30:14.487 T:3608322944 DEBUG: CAMLCodec::AddData: dl:612932 sum:612932 sz:18011 dts:328.328 pts:328.453 overflow:0
2021-01-16 05:30:14.487 T:3608322944 DEBUG: CAMLCodec::GetTimeSize: len:24 dl:612932 fs:612932 front:65917
2021-01-16 05:30:14.512 T:4090851344 DEBUG: Previous line repeats 3 times.
2021-01-16 05:30:14.512 T:4090851344 DEBUG: CAMLCodec::PollFrame elapsed:30.703ms
2021-01-16 05:30:14.515 T:3608322944 DEBUG: CAMLCodec::GetTimeSize: len:24 dl:612932 fs:612932 front:65917
2021-01-16 05:30:14.517 T:3608322944 DEBUG: CAMLCodec::DequeueBuffer: pts:327.327 idx:519
2021-01-16 05:30:14.518 T:3608322944 DEBUG: CAMLCodec::GetPicture: index: 519, pts: 327.327, dur:42ms ar:1.67
2021-01-16 05:30:14.518 T:3608322944 DEBUG: CVideoPlayerVideo::OutputPicture - ttd:210ms pts:327.327 Clock:327.117 Level:4
2021-01-16 05:30:14.520 T:4090851344 DEBUG: PrepareNextRender: frameOnScreen: 327.118 renderPts: 327.243 nextFramePts: 327.160 -> diff: 0.083 render: 1 forceNext: 0
2021-01-16 05:30:14.520 T:3608322944 DEBUG: CAMLCodec::GetTimeSize: len:24 dl:547015 fs:612932 front:65917
2021-01-16 05:30:14.520 T:3608322944 DEBUG: CAMLCodec::GetTimeSize: len:23 dl:547015 fs:547015 front:37136
2021-01-16 05:30:14.523 T:4090851344 DEBUG: CAMLCodec::ReleaseFrame idx:515, drop:0
2021-01-16 05:30:14.526 T:3608322944 DEBUG: CAMLCodec::AddData: dl:556979 sum:556979 sz:9964 dts:328.370 pts:328.370 overflow:0
2021-01-16 05:30:14.526 T:3608322944 DEBUG: CAMLCodec::GetTimeSize: len:24 dl:556979 fs:556979 front:37136
2021-01-16 05:30:14.554 T:4090851344 DEBUG: Previous line repeats 3 times.
2021-01-16 05:30:14.554 T:4090851344 DEBUG: CAMLCodec::PollFrame elapsed:30.014ms
2021-01-16 05:30:14.555 T:3608322944 DEBUG: CAMLCodec::GetTimeSize: len:24 dl:556979 fs:556979 front:37136
2021-01-16 05:30:14.556 T:3608322944 DEBUG: CAMLCodec::DequeueBuffer: pts:327.369 idx:520
2021-01-16 05:30:14.557 T:3608322944 DEBUG: CAMLCodec::GetPicture: index: 520, pts: 327.369, dur:42ms ar:1.67
2021-01-16 05:30:14.558 T:3608322944 DEBUG: CVideoPlayerVideo::OutputPicture - ttd:212ms pts:327.369 Clock:327.157 Level:4
2021-01-16 05:30:14.560 T:3608322944 DEBUG: CAMLCodec::GetTimeSize: len:24 dl:556979 fs:556979 front:37136
2021-01-16 05:30:14.561 T:4090851344 DEBUG: PrepareNextRender: frameOnScreen: 327.159 renderPts: 327.284 nextFramePts: 327.202 -> diff: 0.082 render: 1 forceNext: 0
2021-01-16 05:30:14.562 T:4090851344 DEBUG: CAMLCodec::ReleaseFrame idx:516, drop:0
2021-01-16 05:30:14.567 T:3608322944 DEBUG: CAMLCodec::GetTimeSize: len:24 dl:519843 fs:556979 front:37136
2021-01-16 05:30:14.567 T:3608322944 DEBUG: CAMLCodec::GetTimeSize: len:23 dl:519843 fs:519843 front:4294
2021-01-16 05:30:14.573 T:3608322944 DEBUG: CAMLCodec::AddData: dl:532389 sum:532389 sz:12546 dts:328.411 pts:328.411 overflow:0
2021-01-16 05:30:14.574 T:3608322944 DEBUG: CAMLCodec::GetTimeSize: len:24 dl:532389 fs:532389 front:4294
2021-01-16 05:30:14.596 T:4090851344 DEBUG: Previous line repeats 3 times.
2021-01-16 05:30:14.597 T:4090851344 DEBUG: CAMLCodec::PollFrame elapsed:33.269ms
2021-01-16 05:30:14.601 T:4090851344 DEBUG: PrepareNextRender: frameOnScreen: 327.200 renderPts: 327.325 nextFramePts: 327.244 -> diff: 0.081 render: 1 forceNext: 0
2021-01-16 05:30:14.602 T:4090851344 DEBUG: CAMLCodec::ReleaseFrame idx:517, drop:0
2021-01-16 05:30:14.602 T:3608322944 DEBUG: CAMLCodec::GetTimeSize: len:24 dl:528095 fs:532389 front:4294
2021-01-16 05:30:14.602 T:3608322944 DEBUG: CAMLCodec::GetTimeSize: len:23 dl:528095 fs:528095 front:5169
2021-01-16 05:30:14.603 T:3608322944 DEBUG: CAMLCodec::DequeueBuffer: pts:327.410 idx:521
2021-01-16 05:30:14.603 T:3608322944 DEBUG: CAMLCodec::GetPicture: index: 521, pts: 327.410, dur:41ms ar:1.67
2021-01-16 05:30:14.604 T:3608322944 DEBUG: CVideoPlayerVideo::OutputPicture - ttd:207ms pts:327.410 Clock:327.203 Level:3
2021-01-16 05:30:14.605 T:3608322944 DEBUG: CAMLCodec::GetTimeSize: len:23 dl:528095 fs:528095 front:5169
2021-01-16 05:30:14.610 T:3608322944 DEBUG: CAMLCodec::AddData: dl:536879 sum:536879 sz:8784 dts:328.453 pts:328.495 overflow:0
2021-01-16 05:30:14.611 T:3608322944 DEBUG: CAMLCodec::GetTimeSize: len:24 dl:536879 fs:536879 front:5169
2021-01-16 05:30:14.636 T:3581182848 DEBUG: Previous line repeats 3 times.
2021-01-16 05:30:14.636 T:3581182848 DEBUG: CVideoPlayer::ProcessVideoData size:144930 dts:335.544 pts:335.835 dur:41.000ms, clock:327.235 level:88
2021-01-16 05:30:14.637 T:4090851344 DEBUG: CAMLCodec::PollFrame elapsed:34.866ms
2021-01-16 05:30:14.640 T:3608322944 DEBUG: CAMLCodec::GetTimeSize: len:24 dl:536879 fs:536879 front:5169
2021-01-16 05:30:14.641 T:3581182848 DEBUG: CVideoPlayer::ProcessVideoData size:62056 dts:335.585 pts:335.710 dur:41.000ms, clock:327.237 level:89
2021-01-16 05:30:14.642 T:3608322944 DEBUG: CAMLCodec::DequeueBuffer: pts:327.452 idx:522
2021-01-16 05:30:14.644 T:3608322944 DEBUG: CAMLCodec::GetPicture: index: 522, pts: 327.452, dur:42ms ar:1.67
2021-01-16 05:30:14.645 T:4090851344 DEBUG: PrepareNextRender: frameOnScreen: 327.243 renderPts: 327.368 nextFramePts: 327.285 -> diff: 0.083 render: 1 forceNext: 0
2021-01-16 05:30:14.645 T:3581182848 DEBUG: CVideoPlayer::ProcessVideoData size:9528 dts:335.627 pts:335.627 dur:41.000ms, clock:327.244 level:89
2021-01-16 05:30:14.647 T:3608322944 DEBUG: CVideoPlayerVideo::OutputPicture - ttd:208ms pts:327.452 Clock:327.243 Level:3
2021-01-16 05:30:14.648 T:4090851344 DEBUG: CAMLCodec::ReleaseFrame idx:518, drop:0
2021-01-16 05:30:14.648 T:3608322944 DEBUG: CAMLCodec::GetTimeSize: len:24 dl:531710 fs:536879 front:5169
2021-01-16 05:30:14.648 T:3581182848 DEBUG: CVideoPlayer::ProcessVideoData size:12068 dts:335.669 pts:335.669 dur:41.000ms, clock:327.247 level:90
2021-01-16 05:30:14.648 T:3608322944 DEBUG: CAMLCodec::GetTimeSize: len:23 dl:531710 fs:531710 front:3776
2021-01-16 05:30:14.649 T:3581182848 DEBUG: CVideoPlayer::ProcessVideoData size:11744 dts:335.710 pts:335.752 dur:41.000ms, clock:327.248 level:90
2021-01-16 05:30:14.650 T:3581182848 DEBUG: CVideoPlayer::ProcessVideoData size:11844 dts:335.752 pts:335.794 dur:41.000ms, clock:327.249 level:91
2021-01-16 05:30:14.654 T:3608322944 DEBUG: CAMLCodec::AddData: dl:539900 sum:539900 sz:8190 dts:328.495 pts:328.537 overflow:0
2021-01-16 05:30:14.654 T:3608322944 DEBUG: CAMLCodec::GetTimeSize: len:24 dl:539900 fs:539900 front:3776
2021-01-16 05:30:14.679 T:4090851344 DEBUG: Previous line repeats 3 times.
2021-01-16 05:30:14.679 T:4090851344 DEBUG: CAMLCodec::PollFrame elapsed:31.065ms
2021-01-16 05:30:14.681 T:3608322944 DEBUG: CAMLCodec::GetTimeSize: len:24 dl:539900 fs:539900 front:3776
2021-01-16 05:30:14.682 T:3608322944 DEBUG: CAMLCodec::DequeueBuffer: pts:327.494 idx:523
2021-01-16 05:30:14.683 T:3608322944 DEBUG: CAMLCodec::GetPicture: index: 523, pts: 327.494, dur:42ms ar:1.67
2021-01-16 05:30:14.683 T:3608322944 DEBUG: CVideoPlayerVideo::OutputPicture - ttd:211ms pts:327.494 Clock:327.282 Level:4
2021-01-16 05:30:14.685 T:3608322944 DEBUG: CAMLCodec::GetTimeSize: len:24 dl:536124 fs:539900 front:3776
2021-01-16 05:30:14.685 T:3608322944 DEBUG: CAMLCodec::GetTimeSize: len:23 dl:536124 fs:536124 front:2914
2021-01-16 05:30:14.687 T:4090851344 DEBUG: PrepareNextRender: frameOnScreen: 327.286 renderPts: 327.411 nextFramePts: 327.327 -> diff: 0.084 render: 1 forceNext: 0
2021-01-16 05:30:14.691 T:4090851344 DEBUG: CAMLCodec::ReleaseFrame idx:519, drop:0
2021-01-16 05:30:14.693 T:3608322944 DEBUG: CAMLCodec::AddData: dl:610223 sum:610223 sz:74099 dts:328.537 pts:328.870 overflow:0
2021-01-16 05:30:14.693 T:3608322944 DEBUG: CAMLCodec::GetTimeSize: len:24 dl:610223 fs:610223 front:2914
2021-01-16 05:30:14.721 T:4090851344 DEBUG: Previous line repeats 4 times.
2021-01-16 05:30:14.721 T:4090851344 DEBUG: CAMLCodec::PollFrame elapsed:29.751ms
2021-01-16 05:30:14.727 T:4090851344 DEBUG: PrepareNextRender: frameOnScreen: 327.326 renderPts: 327.451 nextFramePts: 327.369 -> diff: 0.082 render: 1 forceNext: 0
2021-01-16 05:30:14.729 T:3608322944 DEBUG: CAMLCodec::GetTimeSize: len:24 dl:607309 fs:610223 front:2914
2021-01-16 05:30:14.729 T:3608322944 DEBUG: CAMLCodec::GetTimeSize: len:23 dl:607309 fs:607309 front:35717
2021-01-16 05:30:14.730 T:3608322944 DEBUG: CAMLCodec::DequeueBuffer: pts:327.536 idx:524
2021-01-16 05:30:14.731 T:4090851344 DEBUG: CAMLCodec::ReleaseFrame idx:520, drop:0
2021-01-16 05:30:14.731 T:3608322944 DEBUG: CAMLCodec::GetPicture: index: 524, pts: 327.536, dur:42ms ar:1.67
2021-01-16 05:30:14.732 T:3608322944 DEBUG: CVideoPlayerVideo::OutputPicture - ttd:205ms pts:327.536 Clock:327.331 Level:3
2021-01-16 05:30:14.733 T:3608322944 DEBUG: CAMLCodec::GetTimeSize: len:23 dl:607309 fs:607309 front:35717
2021-01-16 05:30:14.739 T:3608322944 DEBUG: CAMLCodec::AddData: dl:623284 sum:623284 sz:15975 dts:328.578 pts:328.745 overflow:0
2021-01-16 05:30:14.739 T:3608322944 DEBUG: CAMLCodec::GetTimeSize: len:24 dl:623284 fs:623284 front:35717
2021-01-16 05:30:14.763 T:4090851344 DEBUG: Previous line repeats 3 times.
2021-01-16 05:30:14.764 T:4090851344 DEBUG: CAMLCodec::PollFrame elapsed:30.662ms
2021-01-16 05:30:14.767 T:3608322944 DEBUG: CAMLCodec::GetTimeSize: len:24 dl:623284 fs:623284 front:35717
2021-01-16 05:30:14.768 T:4090851344 DEBUG: PrepareNextRender: frameOnScreen: 327.367 renderPts: 327.492 nextFramePts: 327.410 -> diff: 0.082 render: 1 forceNext: 0
2021-01-16 05:30:14.768 T:3608322944 DEBUG: CAMLCodec::DequeueBuffer: pts:327.577 idx:525
2021-01-16 05:30:14.769 T:3608322944 DEBUG: CAMLCodec::GetPicture: index: 525, pts: 327.577, dur:41ms ar:1.67
2021-01-16 05:30:14.769 T:3608322944 DEBUG: CVideoPlayerVideo::OutputPicture - ttd:208ms pts:327.577 Clock:327.368 Level:3
2021-01-16 05:30:14.770 T:4090851344 DEBUG: CAMLCodec::ReleaseFrame idx:521, drop:0
2021-01-16 05:30:14.771 T:3608322944 DEBUG: CAMLCodec::GetTimeSize: len:24 dl:587567 fs:623284 front:35717
2021-01-16 05:30:14.771 T:3608322944 DEBUG: CAMLCodec::GetTimeSize: len:23 dl:587567 fs:587567 front:14888
2021-01-16 05:30:14.776 T:3608322944 DEBUG: CAMLCodec::AddData: dl:595328 sum:595328 sz:7761 dts:328.620 pts:328.620 overflow:0
2021-01-16 05:30:14.776 T:3608322944 DEBUG: CAMLCodec::GetTimeSize: len:24 dl:595328 fs:595328 front:14888
2021-01-16 05:30:14.804 T:4090851344 DEBUG: Previous line repeats 3 times.
2021-01-16 05:30:14.804 T:4090851344 DEBUG: CAMLCodec::PollFrame elapsed:33.060ms
2021-01-16 05:30:14.805 T:3608322944 DEBUG: CAMLCodec::GetTimeSize: len:24 dl:595328 fs:595328 front:14888
2021-01-16 05:30:14.809 T:4090851344 DEBUG: PrepareNextRender: frameOnScreen: 327.408 renderPts: 327.533 nextFramePts: 327.452 -> diff: 0.081 render: 1 forceNext: 0
2021-01-16 05:30:14.812 T:4090851344 DEBUG: CAMLCodec::ReleaseFrame idx:522, drop:0
2021-01-16 05:30:14.812 T:3608322944 DEBUG: CAMLCodec::GetTimeSize: len:24 dl:580440 fs:595328 front:14888
2021-01-16 05:30:14.812 T:3608322944 DEBUG: CAMLCodec::GetTimeSize: len:23 dl:580440 fs:580440 front:3863
2021-01-16 05:30:14.813 T:3608322944 DEBUG: CAMLCodec::DequeueBuffer: pts:327.619 idx:526
2021-01-16 05:30:14.813 T:3608322944 DEBUG: CAMLCodec::GetPicture: index: 526, pts: 327.619, dur:42ms ar:1.67
2021-01-16 05:30:14.813 T:3608322944 DEBUG: CVideoPlayerVideo::OutputPicture - ttd:206ms pts:327.619 Clock:327.412 Level:3
2021-01-16 05:30:14.814 T:3608322944 DEBUG: CAMLCodec::GetTimeSize: len:23 dl:580440 fs:580440 front:3863
2021-01-16 05:30:14.820 T:3608322944 DEBUG: CAMLCodec::AddData: dl:588766 sum:588766 sz:8326 dts:328.662 pts:328.662 overflow:0
2021-01-16 05:30:14.820 T:3608322944 DEBUG: CAMLCodec::GetTimeSize: len:24 dl:588766 fs:588766 front:3863
2021-01-16 05:30:14.846 T:4090851344 DEBUG: Previous line repeats 3 times.
2021-01-16 05:30:14.846 T:4090851344 DEBUG: CAMLCodec::PollFrame elapsed:33.181ms
2021-01-16 05:30:14.849 T:3608322944 DEBUG: CAMLCodec::GetTimeSize: len:24 dl:588766 fs:588766 front:3863
2021-01-16 05:30:14.849 T:3608322944 DEBUG: CAMLCodec::DequeueBuffer: pts:327.661 idx:527
2021-01-16 05:30:14.850 T:4090851344 DEBUG: PrepareNextRender: frameOnScreen: 327.448 renderPts: 327.574 nextFramePts: 327.494 -> diff: 0.080 render: 1 forceNext: 0
2021-01-16 05:30:14.850 T:3608322944 DEBUG: CAMLCodec::GetPicture: index: 527, pts: 327.661, dur:42ms ar:1.67
2021-01-16 05:30:14.850 T:4090851344 DEBUG: CAMLCodec::ReleaseFrame idx:523, drop:0
2021-01-16 05:30:14.851 T:3608322944 DEBUG: CVideoPlayerVideo::OutputPicture - ttd:210ms pts:327.661 Clock:327.450 Level:3
2021-01-16 05:30:14.853 T:3608322944 DEBUG: CAMLCodec::GetTimeSize: len:24 dl:584903 fs:588766 front:3863
2021-01-16 05:30:14.853 T:3608322944 DEBUG: CAMLCodec::GetTimeSize: len:23 dl:584903 fs:584903 front:7993
2021-01-16 05:30:14.859 T:3608322944 DEBUG: CAMLCodec::AddData: dl:594746 sum:594746 sz:9843 dts:328.703 pts:328.703 overflow:0
2021-01-16 05:30:14.859 T:3608322944 DEBUG: CAMLCodec::GetTimeSize: len:24 dl:594746 fs:594746 front:7993
2021-01-16 05:30:14.887 T:4090851344 DEBUG: Previous line repeats 4 times.
2021-01-16 05:30:14.888 T:4090851344 DEBUG: CAMLCodec::PollFrame elapsed:36.158ms
2021-01-16 05:30:14.891 T:4090851344 DEBUG: PrepareNextRender: frameOnScreen: 327.490 renderPts: 327.615 nextFramePts: 327.536 -> diff: 0.079 render: 1 forceNext: 0
2021-01-16 05:30:14.891 T:4090851344 DEBUG: CAMLCodec::ReleaseFrame idx:524, drop:0
2021-01-16 05:30:14.893 T:3608322944 DEBUG: CAMLCodec::GetTimeSize: len:24 dl:586753 fs:594746 front:7993
2021-01-16 05:30:14.894 T:3608322944 DEBUG: CAMLCodec::GetTimeSize: len:23 dl:586753 fs:586753 front:100353
2021-01-16 05:30:14.894 T:3608322944 DEBUG: CAMLCodec::DequeueBuffer: pts:327.702 idx:528
2021-01-16 05:30:14.894 T:3608322944 DEBUG: CAMLCodec::GetPicture: index: 528, pts: 327.702, dur:41ms ar:1.67
2021-01-16 05:30:14.894 T:3608322944 DEBUG: CVideoPlayerVideo::OutputPicture - ttd:208ms pts:327.702 Clock:327.493 Level:3
2021-01-16 05:30:14.896 T:3608322944 DEBUG: CAMLCodec::GetTimeSize: len:23 dl:586753 fs:586753 front:100353
2021-01-16 05:30:14.901 T:3608322944 DEBUG: CAMLCodec::AddData: dl:592538 sum:592538 sz:5785 dts:328.745 pts:328.787 overflow:0
2021-01-16 05:30:14.902 T:3608322944 DEBUG: CAMLCodec::GetTimeSize: len:24 dl:592538 fs:592538 front:100353
2021-01-16 05:30:14.903 T:3581182848 DEBUG: CVideoPlayer::ProcessVideoData size:103773 dts:335.794 pts:336.127 dur:41.000ms, clock:327.502 level:88
2021-01-16 05:30:14.905 T:3581182848 DEBUG: CVideoPlayer::ProcessVideoData size:21102 dts:335.835 pts:336.002 dur:41.000ms, clock:327.504 level:88
2021-01-16 05:30:14.906 T:3581182848 DEBUG: CVideoPlayer::ProcessVideoData size:10639 dts:335.877 pts:335.877 dur:41.000ms, clock:327.505 level:89
2021-01-16 05:30:14.908 T:3581182848 DEBUG: CVideoPlayer::ProcessVideoData size:12936 dts:335.919 pts:335.919 dur:41.000ms, clock:327.507 level:89
2021-01-16 05:30:14.911 T:3608322944 DEBUG: CAMLCodec::GetTimeSize: len:24 dl:592538 fs:592538 front:100353
2021-01-16 05:30:14.912 T:3581182848 DEBUG: CVideoPlayer::ProcessVideoData size:14014 dts:335.961 pts:335.961 dur:41.000ms, clock:327.510 level:90
2021-01-16 05:30:14.912 T:3581182848 DEBUG: CVideoPlayer::ProcessVideoData size:8829 dts:336.002 pts:336.044 dur:41.000ms, clock:327.511 level:90
2021-01-16 05:30:14.913 T:3581182848 DEBUG: CVideoPlayer::ProcessVideoData size:6849 dts:336.044 pts:336.086 dur:41.000ms, clock:327.512 level:91
2021-01-16 05:30:14.918 T:3608322944 DEBUG: CAMLCodec::GetTimeSize: len:24 dl:592538 fs:592538 front:100353
2021-01-16 05:30:14.929 T:4090851344 DEBUG: Previous line repeats 1 times.
2021-01-16 05:30:14.929 T:4090851344 DEBUG: CAMLCodec::PollFrame elapsed:37.329ms
2021-01-16 05:30:14.931 T:4090851344 DEBUG: PrepareNextRender: frameOnScreen: 327.530 renderPts: 327.655 nextFramePts: 327.577 -> diff: 0.078 render: 1 forceNext: 0
2021-01-16 05:30:14.932 T:4090851344 DEBUG: CAMLCodec::ReleaseFrame idx:525, drop:0
2021-01-16 05:30:14.932 T:3608322944 DEBUG: CAMLCodec::GetTimeSize: len:24 dl:592538 fs:592538 front:100353
2021-01-16 05:30:14.932 T:3608322944 DEBUG: CAMLCodec::DequeueBuffer: pts:327.744 idx:529
2021-01-16 05:30:14.933 T:3608322944 DEBUG: CAMLCodec::GetPicture: index: 529, pts: 327.744, dur:42ms ar:1.67
2021-01-16 05:30:14.933 T:3608322944 DEBUG: CVideoPlayerVideo::OutputPicture - ttd:212ms pts:327.744 Clock:327.532 Level:3
2021-01-16 05:30:14.934 T:3608322944 DEBUG: CAMLCodec::GetTimeSize: len:24 dl:492185 fs:592538 front:100353
2021-01-16 05:30:14.934 T:3608322944 DEBUG: CAMLCodec::GetTimeSize: len:23 dl:492185 fs:492185 front:13863
2021-01-16 05:30:14.940 T:3608322944 DEBUG: CAMLCodec::AddData: dl:499592 sum:499592 sz:7407 dts:328.787 pts:328.828 overflow:0
2021-01-16 05:30:14.940 T:3608322944 DEBUG: CAMLCodec::GetTimeSize: len:24 dl:499592 fs:499592 front:13863
2021-01-16 05:30:14.970 T:4090851344 DEBUG: Previous line repeats 4 times.
2021-01-16 05:30:14.971 T:4090851344 DEBUG: CAMLCodec::PollFrame elapsed:38.469ms
2021-01-16 05:30:14.973 T:4090851344 DEBUG: PrepareNextRender: frameOnScreen: 327.572 renderPts: 327.697 nextFramePts: 327.619 -> diff: 0.078 render: 1 forceNext: 0
2021-01-16 05:30:14.974 T:4090851344 DEBUG: CAMLCodec::ReleaseFrame idx:526, drop:0
2021-01-16 05:30:14.974 T:3608322944 DEBUG: CAMLCodec::GetTimeSize: len:24 dl:499592 fs:499592 front:13863
2021-01-16 05:30:14.975 T:3608322944 DEBUG: CAMLCodec::DequeueBuffer: pts:327.786 idx:530
2021-01-16 05:30:14.975 T:3608322944 DEBUG: CAMLCodec::GetPicture: index: 530, pts: 327.786, dur:42ms ar:1.67
2021-01-16 05:30:14.975 T:3608322944 DEBUG: CVideoPlayerVideo::OutputPicture - ttd:211ms pts:327.786 Clock:327.574 Level:3
2021-01-16 05:30:14.977 T:3608322944 DEBUG: CAMLCodec::GetTimeSize: len:24 dl:485729 fs:499592 front:13863
2021-01-16 05:30:14.977 T:3608322944 DEBUG: CAMLCodec::GetTimeSize: len:23 dl:485729 fs:485729 front:61628
2021-01-16 05:30:14.985 T:3608322944 DEBUG: CAMLCodec::AddData: dl:553012 sum:553012 sz:67283 dts:328.828 pts:329.120 overflow:0
2021-01-16 05:30:14.985 T:3608322944 DEBUG: CAMLCodec::GetTimeSize: len:24 dl:553012 fs:553012 front:61628
2021-01-16 05:30:15.013 T:4090851344 DEBUG: Previous line repeats 4 times.
2021-01-16 05:30:15.013 T:4090851344 DEBUG: CAMLCodec::PollFrame elapsed:38.685ms
2021-01-16 05:30:15.017 T:4090851344 DEBUG: PrepareNextRender: frameOnScreen: 327.615 renderPts: 327.740 nextFramePts: 327.661 -> diff: 0.079 render: 1 forceNext: 0
2021-01-16 05:30:15.017 T:4090851344 DEBUG: CAMLCodec::ReleaseFrame idx:527, drop:0
2021-01-16 05:30:15.020 T:3608322944 DEBUG: CAMLCodec::GetTimeSize: len:24 dl:491384 fs:553012 front:61628
2021-01-16 05:30:15.020 T:3608322944 DEBUG: CAMLCodec::GetTimeSize: len:23 dl:491384 fs:491384 front:21833
2021-01-16 05:30:15.021 T:3608322944 DEBUG: CAMLCodec::DequeueBuffer: pts:327.827 idx:531
2021-01-16 05:30:15.021 T:3608322944 DEBUG: CAMLCodec::GetPicture: index: 531, pts: 327.827, dur:41ms ar:1.67
2021-01-16 05:30:15.021 T:3608322944 DEBUG: CVideoPlayerVideo::OutputPicture - ttd:206ms pts:327.827 Clock:327.620 Level:3
2021-01-16 05:30:15.023 T:3608322944 DEBUG: CAMLCodec::GetTimeSize: len:23 dl:491384 fs:491384 front:21833
2021-01-16 05:30:15.029 T:3608322944 DEBUG: CAMLCodec::AddData: dl:513721 sum:513721 sz:22337 dts:328.870 pts:328.995 overflow:0
