2021-01-16 05:30:33.105 T:3704460160 DEBUG: ffmpeg[DCCD9380]: [mjpeg] marker parser used 26 bytes (208 bits)
2021-01-16 05:30:33.105 T:3704460160 DEBUG: ffmpeg[DCCD9380]: [mjpeg] escaping removed 1033516 bytes
2021-01-16 05:30:33.105 T:3704460160 DEBUG: ffmpeg[DCCD9380]: [mjpeg] marker=da avail_size_in_buf=1044678
2021-01-16 05:30:33.106 T:3704460160 DEBUG: ffmpeg[DCCD9380]: [mjpeg] component: 1
2021-01-16 05:30:33.107 T:3269096320 DEBUG: ffmpeg[C2DA7380]: [mjpeg] marker parser used 122365 bytes (978917 bits)
2021-01-16 05:30:33.108 T:3269096320 DEBUG: ffmpeg[C2DA7380]: [mjpeg] marker=c4 avail_size_in_buf=329229
2021-01-16 05:30:33.108 T:3269096320 DEBUG: ffmpeg[C2DA7380]: [mjpeg] class=1 index=1 nb_codes=242
2021-01-16 05:30:33.109 T:3269096320 DEBUG: ffmpeg[C2DA7380]: [mjpeg] marker parser used 72 bytes (576 bits)
2021-01-16 05:30:33.109 T:3269096320 DEBUG: ffmpeg[C2DA7380]: [mjpeg] escaping removed 299817 bytes
2021-01-16 05:30:33.110 T:3269096320 DEBUG: ffmpeg[C2DA7380]: [mjpeg] marker=da avail_size_in_buf=329155
2021-01-16 05:30:33.110 T:3269096320 DEBUG: ffmpeg[C2DA7380]: [mjpeg] component: 1
2021-01-16 05:30:33.118 T:3704460160 DEBUG: ffmpeg[DCCD9380]: [mjpeg] marker parser used 11161 bytes (89287 bits)
2021-01-16 05:30:33.119 T:3269096320 DEBUG: ffmpeg[C2DA7380]: [mjpeg] marker parser used 29337 bytes (234690 bits)
2021-01-16 05:30:33.119 T:3704460160 DEBUG: ffmpeg[DCCD9380]: [mjpeg] marker=c4 avail_size_in_buf=1033514
2021-01-16 05:30:33.119 T:3269096320 DEBUG: ffmpeg[C2DA7380]: [mjpeg] marker=c4 avail_size_in_buf=299700
2021-01-16 05:30:33.120 T:3704460160 DEBUG: ffmpeg[DCCD9380]: [mjpeg] class=0 index=1 nb_codes=8
2021-01-16 05:30:33.120 T:3269096320 DEBUG: ffmpeg[C2DA7380]: [mjpeg] class=1 index=1 nb_codes=242
2021-01-16 05:30:33.121 T:3704460160 DEBUG: ffmpeg[DCCD9380]: [mjpeg] marker parser used 27 bytes (216 bits)
2021-01-16 05:30:33.121 T:3269096320 DEBUG: ffmpeg[C2DA7380]: [mjpeg] marker parser used 76 bytes (608 bits)
2021-01-16 05:30:33.121 T:3704460160 DEBUG: ffmpeg[DCCD9380]: [mjpeg] escaping removed 1021073 bytes
2021-01-16 05:30:33.121 T:3704460160 DEBUG: ffmpeg[DCCD9380]: [mjpeg] marker=da avail_size_in_buf=1033485
2021-01-16 05:30:33.122 T:3704460160 DEBUG: ffmpeg[DCCD9380]: [mjpeg] component: 2
2021-01-16 05:30:33.125 T:3269096320 DEBUG: ffmpeg[C2DA7380]: [mjpeg] escaping removed 271675 bytes
2021-01-16 05:30:33.126 T:3269096320 DEBUG: ffmpeg[C2DA7380]: [mjpeg] marker=da avail_size_in_buf=299622
2021-01-16 05:30:33.126 T:3269096320 DEBUG: ffmpeg[C2DA7380]: [mjpeg] component: 2
2021-01-16 05:30:33.130 T:3704460160 DEBUG: ffmpeg[DCCD9380]: [mjpeg] marker parser used 12411 bytes (99285 bits)
2021-01-16 05:30:33.130 T:3269096320 DEBUG: ffmpeg[C2DA7380]: [mjpeg] marker parser used 27946 bytes (223561 bits)
2021-01-16 05:30:33.130 T:3704460160 DEBUG: ffmpeg[DCCD9380]: [mjpeg] marker=c4 avail_size_in_buf=1021069
2021-01-16 05:30:33.131 T:3269096320 DEBUG: ffmpeg[C2DA7380]: [mjpeg] marker=c4 avail_size_in_buf=271578
2021-01-16 05:30:33.131 T:3704460160 DEBUG: ffmpeg[DCCD9380]: [mjpeg] class=1 index=0 nb_codes=114
2021-01-16 05:30:33.131 T:3269096320 DEBUG: ffmpeg[C2DA7380]: [mjpeg] class=1 index=0 nb_codes=242
2021-01-16 05:30:33.131 T:3704460160 DEBUG: ffmpeg[DCCD9380]: [mjpeg] marker parser used 69 bytes (552 bits)
2021-01-16 05:30:33.131 T:3269096320 DEBUG: ffmpeg[C2DA7380]: [mjpeg] marker parser used 45 bytes (360 bits)
2021-01-16 05:30:33.132 T:3269096320 DEBUG: ffmpeg[C2DA7380]: [mjpeg] escaping removed 84339 bytes
2021-01-16 05:30:33.132 T:3269096320 DEBUG: ffmpeg[C2DA7380]: [mjpeg] marker=da avail_size_in_buf=271531
2021-01-16 05:30:33.132 T:3269096320 DEBUG: ffmpeg[C2DA7380]: [mjpeg] component: 0
2021-01-16 05:30:33.133 T:3704460160 DEBUG: ffmpeg[DCCD9380]: [mjpeg] escaping removed 622627 bytes
2021-01-16 05:30:33.133 T:3704460160 DEBUG: ffmpeg[DCCD9380]: [mjpeg] marker=da avail_size_in_buf=1020998
2021-01-16 05:30:33.133 T:3704460160 DEBUG: ffmpeg[DCCD9380]: [mjpeg] component: 0
2021-01-16 05:30:33.165 T:3704460160 DEBUG: ffmpeg[DCCD9380]: [mjpeg] marker parser used 398370 bytes (3186956 bits)
2021-01-16 05:30:33.165 T:3704460160 DEBUG: ffmpeg[DCCD9380]: [mjpeg] marker=c4 avail_size_in_buf=621358
2021-01-16 05:30:33.165 T:3704460160 DEBUG: ffmpeg[DCCD9380]: [mjpeg] class=1 index=0 nb_codes=243
2021-01-16 05:30:33.165 T:3704460160 DEBUG: ffmpeg[DCCD9380]: [mjpeg] marker parser used 97 bytes (776 bits)
2021-01-16 05:30:33.168 T:3704460160 DEBUG: ffmpeg[DCCD9380]: [mjpeg] escaping removed 117909 bytes
2021-01-16 05:30:33.168 T:3704460160 DEBUG: ffmpeg[DCCD9380]: [mjpeg] marker=da avail_size_in_buf=621259
2021-01-16 05:30:33.168 T:3704460160 DEBUG: ffmpeg[DCCD9380]: [mjpeg] component: 0
2021-01-16 05:30:33.174 T:3269096320 DEBUG: ffmpeg[C2DA7380]: [mjpeg] marker parser used 187191 bytes (1497521 bits)
2021-01-16 05:30:33.174 T:3269096320 DEBUG: ffmpeg[C2DA7380]: [mjpeg] marker=c4 avail_size_in_buf=83840
2021-01-16 05:30:33.174 T:3269096320 DEBUG: ffmpeg[C2DA7380]: [mjpeg] class=1 index=1 nb_codes=242
2021-01-16 05:30:33.175 T:3269096320 DEBUG: ffmpeg[C2DA7380]: [mjpeg] marker parser used 44 bytes (352 bits)
2021-01-16 05:30:33.175 T:3269096320 DEBUG: ffmpeg[C2DA7380]: [mjpeg] escaping removed 41304 bytes
2021-01-16 05:30:33.175 T:3269096320 DEBUG: ffmpeg[C2DA7380]: [mjpeg] marker=da avail_size_in_buf=83794
2021-01-16 05:30:33.175 T:3269096320 DEBUG: ffmpeg[C2DA7380]: [mjpeg] component: 1
2021-01-16 05:30:33.186 T:3269096320 DEBUG: ffmpeg[C2DA7380]: [mjpeg] marker parser used 42489 bytes (339912 bits)
2021-01-16 05:30:33.187 T:3269096320 DEBUG: ffmpeg[C2DA7380]: [mjpeg] marker=c4 avail_size_in_buf=41163
2021-01-16 05:30:33.187 T:3269096320 DEBUG: ffmpeg[C2DA7380]: [mjpeg] class=1 index=1 nb_codes=242
2021-01-16 05:30:33.188 T:3269096320 DEBUG: ffmpeg[C2DA7380]: [mjpeg] marker parser used 44 bytes (352 bits)
2021-01-16 05:30:33.189 T:3269096320 DEBUG: ffmpeg[C2DA7380]: [mjpeg] escaping removed 128 bytes
2021-01-16 05:30:33.189 T:3269096320 DEBUG: ffmpeg[C2DA7380]: [mjpeg] marker=da avail_size_in_buf=41117
2021-01-16 05:30:33.190 T:3269096320 DEBUG: ffmpeg[C2DA7380]: [mjpeg] component: 2
2021-01-16 05:30:33.200 T:3269096320 DEBUG: ffmpeg[C2DA7380]: [mjpeg] marker parser used 40988 bytes (327897 bits)
2021-01-16 05:30:33.201 T:3269096320 DEBUG: ffmpeg[C2DA7380]: [mjpeg] marker=d9 avail_size_in_buf=0
2021-01-16 05:30:33.211 T:3608322944 DEBUG: ffmpeg[D712A380]: [mjpeg] marker=d8 avail_size_in_buf=69360
2021-01-16 05:30:33.211 T:3608322944 DEBUG: ffmpeg[D712A380]: [mjpeg] marker parser used 0 bytes (0 bits)
2021-01-16 05:30:33.212 T:3704460160 DEBUG: ffmpeg[DCCD9380]: [mjpeg] marker parser used 503349 bytes (4026787 bits)
2021-01-16 05:30:33.212 T:3608322944 DEBUG: ffmpeg[D712A380]: [mjpeg] marker=e0 avail_size_in_buf=69358
2021-01-16 05:30:33.213 T:3704460160 DEBUG: ffmpeg[DCCD9380]: [mjpeg] marker=c4 avail_size_in_buf=115887
2021-01-16 05:30:33.213 T:3608322944 DEBUG: ffmpeg[D712A380]: [mjpeg] marker parser used 16 bytes (128 bits)
2021-01-16 05:30:33.213 T:3704460160 DEBUG: ffmpeg[DCCD9380]: [mjpeg] class=1 index=1 nb_codes=242
2021-01-16 05:30:33.213 T:3608322944 DEBUG: ffmpeg[D712A380]: [mjpeg] marker=db avail_size_in_buf=69340
2021-01-16 05:30:33.214 T:3704460160 DEBUG: ffmpeg[DCCD9380]: [mjpeg] marker parser used 69 bytes (552 bits)
2021-01-16 05:30:33.214 T:3608322944 DEBUG: ffmpeg[D712A380]: [mjpeg] index=0
2021-01-16 05:30:33.214 T:3704460160 DEBUG: ffmpeg[DCCD9380]: [mjpeg] escaping removed 66796 bytes
2021-01-16 05:30:33.215 T:3608322944 DEBUG: ffmpeg[D712A380]: [mjpeg] qscale[0]: 5
2021-01-16 05:30:33.215 T:3704460160 DEBUG: ffmpeg[DCCD9380]: [mjpeg] marker=da avail_size_in_buf=115816
2021-01-16 05:30:33.215 T:3608322944 DEBUG: ffmpeg[D712A380]: [mjpeg] index=1
2021-01-16 05:30:33.216 T:3704460160 DEBUG: ffmpeg[DCCD9380]: [mjpeg] component: 1
2021-01-16 05:30:33.219 T:3608322944 DEBUG: ffmpeg[D712A380]: [mjpeg] qscale[1]: 5
2021-01-16 05:30:33.219 T:3608322944 DEBUG: ffmpeg[D712A380]: [mjpeg] marker parser used 132 bytes (1056 bits)
2021-01-16 05:30:33.220 T:3608322944 DEBUG: ffmpeg[D712A380]: [mjpeg] marker=c2 avail_size_in_buf=69206
2021-01-16 05:30:33.220 T:3608322944 DEBUG: ffmpeg[D712A380]: [mjpeg] Changing bps from 0 to 8
2021-01-16 05:30:33.221 T:3608322944 DEBUG: ffmpeg[D712A380]: [mjpeg] sof0: picture: 600x851
2021-01-16 05:30:33.221 T:3608322944 DEBUG: ffmpeg[D712A380]: [mjpeg] component 0 2:2 id: 0 quant:0
2021-01-16 05:30:33.223 T:3704460160 DEBUG: ffmpeg[DCCD9380]: [mjpeg] marker parser used 49019 bytes (392151 bits)
2021-01-16 05:30:33.223 T:3608322944 DEBUG: ffmpeg[D712A380]: [mjpeg] component 1 1:1 id: 1 quant:1
2021-01-16 05:30:33.223 T:3704460160 DEBUG: ffmpeg[DCCD9380]: [mjpeg] marker=c4 avail_size_in_buf=66675
2021-01-16 05:30:33.224 T:3608322944 DEBUG: ffmpeg[D712A380]: [mjpeg] component 2 1:1 id: 2 quant:1
2021-01-16 05:30:33.224 T:3704460160 DEBUG: ffmpeg[DCCD9380]: [mjpeg] class=1 index=1 nb_codes=241
2021-01-16 05:30:33.224 T:3608322944 DEBUG: ffmpeg[D712A380]: [mjpeg] pix fmt id 22111100
2021-01-16 05:30:33.224 T:3704460160 DEBUG: ffmpeg[DCCD9380]: [mjpeg] marker parser used 75 bytes (600 bits)
2021-01-16 05:30:33.224 T:3608322944 DEBUG: ffmpeg[D712A380]: [mjpeg] Format yuvj420p chosen by get_format().
2021-01-16 05:30:33.225 T:3704460160 DEBUG: ffmpeg[DCCD9380]: [mjpeg] escaping removed 164 bytes
2021-01-16 05:30:33.225 T:3704460160 DEBUG: ffmpeg[DCCD9380]: [mjpeg] marker=da avail_size_in_buf=66598
2021-01-16 05:30:33.225 T:3704460160 DEBUG: ffmpeg[DCCD9380]: [mjpeg] component: 2
2021-01-16 05:30:33.232 T:3704460160 DEBUG: ffmpeg[DCCD9380]: [mjpeg] marker parser used 66433 bytes (531458 bits)
2021-01-16 05:30:33.233 T:3704460160 DEBUG: ffmpeg[DCCD9380]: [mjpeg] marker=d9 avail_size_in_buf=0
2021-01-16 05:30:33.239 T:3608322944 DEBUG: ffmpeg[D712A380]: [mjpeg] marker parser used 17 bytes (136 bits)
2021-01-16 05:30:33.240 T:3608322944 DEBUG: ffmpeg[D712A380]: [mjpeg] marker=c4 avail_size_in_buf=69187
2021-01-16 05:30:33.240 T:3608322944 DEBUG: ffmpeg[D712A380]: [mjpeg] class=0 index=0 nb_codes=9
2021-01-16 05:30:33.241 T:3608322944 DEBUG: ffmpeg[D712A380]: [mjpeg] marker parser used 28 bytes (224 bits)
2021-01-16 05:30:33.242 T:3608322944 DEBUG: ffmpeg[D712A380]: [mjpeg] escaping removed 63163 bytes
2021-01-16 05:30:33.242 T:3608322944 DEBUG: ffmpeg[D712A380]: [mjpeg] marker=da avail_size_in_buf=69157
2021-01-16 05:30:33.243 T:3608322944 DEBUG: ffmpeg[D712A380]: [mjpeg] component: 0
2021-01-16 05:30:33.246 T:3608322944 DEBUG: ffmpeg[D712A380]: [mjpeg] marker parser used 5993 bytes (47938 bits)
2021-01-16 05:30:33.246 T:3608322944 DEBUG: ffmpeg[D712A380]: [mjpeg] marker=c4 avail_size_in_buf=63153
2021-01-16 05:30:33.247 T:3608322944 DEBUG: ffmpeg[D712A380]: [mjpeg] class=0 index=1 nb_codes=8
2021-01-16 05:30:33.248 T:3608322944 DEBUG: ffmpeg[D712A380]: [mjpeg] marker parser used 27 bytes (216 bits)
2021-01-16 05:30:33.248 T:3608322944 DEBUG: ffmpeg[D712A380]: [mjpeg] escaping removed 61874 bytes
2021-01-16 05:30:33.248 T:3608322944 DEBUG: ffmpeg[D712A380]: [mjpeg] marker=da avail_size_in_buf=63124
2021-01-16 05:30:33.248 T:3608322944 DEBUG: ffmpeg[D712A380]: [mjpeg] component: 1
2021-01-16 05:30:33.249 T:3608322944 DEBUG: ffmpeg[D712A380]: [mjpeg] marker parser used 1249 bytes (9986 bits)
2021-01-16 05:30:33.250 T:3608322944 DEBUG: ffmpeg[D712A380]: [mjpeg] marker=c4 avail_size_in_buf=61873
2021-01-16 05:30:33.250 T:3608322944 DEBUG: ffmpeg[D712A380]: [mjpeg] class=0 index=1 nb_codes=8
2021-01-16 05:30:33.251 T:3608322944 DEBUG: ffmpeg[D712A380]: [mjpeg] marker parser used 27 bytes (216 bits)
2021-01-16 05:30:33.251 T:3608322944 DEBUG: ffmpeg[D712A380]: [mjpeg] escaping removed 60542 bytes
2021-01-16 05:30:33.251 T:3608322944 DEBUG: ffmpeg[D712A380]: [mjpeg] marker=da avail_size_in_buf=61844
2021-01-16 05:30:33.251 T:3608322944 DEBUG: ffmpeg[D712A380]: [mjpeg] component: 2
2021-01-16 05:30:33.252 T:3608322944 DEBUG: ffmpeg[D712A380]: [mjpeg] marker parser used 1301 bytes (10408 bits)
2021-01-16 05:30:33.252 T:3608322944 DEBUG: ffmpeg[D712A380]: [mjpeg] marker=c4 avail_size_in_buf=60534
2021-01-16 05:30:33.252 T:3608322944 DEBUG: ffmpeg[D712A380]: [mjpeg] class=1 index=0 nb_codes=178
2021-01-16 05:30:33.253 T:3608322944 DEBUG: ffmpeg[D712A380]: [mjpeg] marker parser used 67 bytes (536 bits)
2021-01-16 05:30:33.254 T:3608322944 DEBUG: ffmpeg[D712A380]: [mjpeg] escaping removed 40215 bytes
2021-01-16 05:30:33.255 T:3608322944 DEBUG: ffmpeg[D712A380]: [mjpeg] marker=da avail_size_in_buf=60465
2021-01-16 05:30:33.256 T:3608322944 DEBUG: ffmpeg[D712A380]: [mjpeg] component: 0
2021-01-16 05:30:33.259 T:3608322944 DEBUG: ffmpeg[D712A380]: [mjpeg] marker parser used 20249 bytes (161991 bits)
2021-01-16 05:30:33.261 T:3608322944 DEBUG: ffmpeg[D712A380]: [mjpeg] marker=c4 avail_size_in_buf=40154
2021-01-16 05:30:33.262 T:3608322944 DEBUG: ffmpeg[D712A380]: [mjpeg] class=1 index=0 nb_codes=242
2021-01-16 05:30:33.263 T:3608322944 DEBUG: ffmpeg[D712A380]: [mjpeg] marker parser used 65 bytes (520 bits)
2021-01-16 05:30:33.263 T:3269096320 DEBUG: ffmpeg[C2DA7380]: [mjpeg] decode frame unused 0 bytes
2021-01-16 05:30:33.264 T:3608322944 DEBUG: ffmpeg[D712A380]: [mjpeg] escaping removed 31968 bytes
2021-01-16 05:30:33.264 T:3608322944 DEBUG: ffmpeg[D712A380]: [mjpeg] marker=da avail_size_in_buf=40087
2021-01-16 05:30:33.264 T:3608322944 DEBUG: ffmpeg[D712A380]: [mjpeg] component: 0
2021-01-16 05:30:33.265 T:3608322944 DEBUG: ffmpeg[D712A380]: [mjpeg] marker parser used 8118 bytes (64943 bits)
2021-01-16 05:30:33.265 T:3608322944 DEBUG: ffmpeg[D712A380]: [mjpeg] marker=c4 avail_size_in_buf=31947
2021-01-16 05:30:33.265 T:3608322944 DEBUG: ffmpeg[D712A380]: [mjpeg] class=1 index=0 nb_codes=242
2021-01-16 05:30:33.265 T:3608322944 DEBUG: ffmpeg[D712A380]: [mjpeg] marker parser used 42 bytes (336 bits)
2021-01-16 05:30:33.266 T:3608322944 DEBUG: ffmpeg[D712A380]: [mjpeg] escaping removed 8173 bytes
2021-01-16 05:30:33.266 T:3608322944 DEBUG: ffmpeg[D712A380]: [mjpeg] marker=da avail_size_in_buf=31903
2021-01-16 05:30:33.266 T:3608322944 DEBUG: ffmpeg[D712A380]: [mjpeg] component: 0
2021-01-16 05:30:33.271 T:3608322944 DEBUG: ffmpeg[D712A380]: [mjpeg] marker parser used 23729 bytes (189831 bits)
2021-01-16 05:30:33.271 T:3608322944 DEBUG: ffmpeg[D712A380]: [mjpeg] marker=c4 avail_size_in_buf=8098
2021-01-16 05:30:33.271 T:3608322944 DEBUG: ffmpeg[D712A380]: [mjpeg] class=1 index=1 nb_codes=241
2021-01-16 05:30:33.272 T:3608322944 DEBUG: ffmpeg[D712A380]: [mjpeg] marker parser used 68 bytes (544 bits)
2021-01-16 05:30:33.272 T:3608322944 DEBUG: ffmpeg[D712A380]: [mjpeg] escaping removed 4082 bytes
2021-01-16 05:30:33.272 T:3608322944 DEBUG: ffmpeg[D712A380]: [mjpeg] marker=da avail_size_in_buf=8028
2021-01-16 05:30:33.272 T:3608322944 DEBUG: ffmpeg[D712A380]: [mjpeg] component: 1
2021-01-16 05:30:33.273 T:3608322944 DEBUG: ffmpeg[D712A380]: [mjpeg] marker parser used 3945 bytes (31560 bits)
2021-01-16 05:30:33.273 T:3608322944 DEBUG: ffmpeg[D712A380]: [mjpeg] marker=c4 avail_size_in_buf=4064
2021-01-16 05:30:33.273 T:3608322944 DEBUG: ffmpeg[D712A380]: [mjpeg] class=1 index=1 nb_codes=241
2021-01-16 05:30:33.273 T:3608322944 DEBUG: ffmpeg[D712A380]: [mjpeg] marker parser used 61 bytes (488 bits)
2021-01-16 05:30:33.273 T:3608322944 DEBUG: ffmpeg[D712A380]: [mjpeg] escaping removed 7 bytes
2021-01-16 05:30:33.274 T:3608322944 DEBUG: ffmpeg[D712A380]: [mjpeg] marker=da avail_size_in_buf=4001
2021-01-16 05:30:33.274 T:3608322944 DEBUG: ffmpeg[D712A380]: [mjpeg] component: 2
2021-01-16 05:30:33.274 T:3608322944 DEBUG: ffmpeg[D712A380]: [mjpeg] marker parser used 3993 bytes (31938 bits)
2021-01-16 05:30:33.275 T:3608322944 DEBUG: ffmpeg[D712A380]: [mjpeg] marker=d9 avail_size_in_buf=0
2021-01-16 05:30:33.280 T:3608322944 DEBUG: ffmpeg[D712A380]: [mjpeg] decode frame unused 0 bytes
2021-01-16 05:30:33.296 T:3704460160 DEBUG: ffmpeg[DCCD9380]: [mjpeg] decode frame unused 0 bytes
2021-01-16 05:30:33.310 T:3704460160 DEBUG: ffmpeg[DCCD9380]: [swscaler] No accelerated colorspace conversion found from yuv420p to bgra.
2021-01-16 05:30:33.315 T:3269096320 DEBUG: ffmpeg[C2DA7380]: [swscaler] No accelerated colorspace conversion found from yuv420p to bgra.
2021-01-16 05:30:33.437 T:3608322944 DEBUG: Caching image 'https://image.tmdb.org/t/p/original/mqy1ySmPbXRPPmIQz2fAvqHHG6R.jpg' to '3/37f6fd59.jpg':
2021-01-16 05:30:33.439 T:3608322944 DEBUG: ffmpeg[D712A380]: [swscaler] Forcing full internal H chroma due to input having non subsampled chroma
2021-01-16 05:30:33.440 T:3269096320 DEBUG: Caching image 'https://image.tmdb.org/t/p/original/bxTnjGWQ1UAF6pBpckb4p36dide.jpg' to '1/1937be55.jpg':
2021-01-16 05:30:33.441 T:3269096320 DEBUG: ffmpeg[C2DA7380]: [swscaler] Forcing full internal H chroma due to input having non subsampled chroma
2021-01-16 05:30:33.469 T:3704460160 DEBUG: Caching image 'https://image.tmdb.org/t/p/original/e8XOhZTizIl4vTzOYqaUWIhI5iC.jpg' to '2/2dc5ae5b.jpg':
2021-01-16 05:30:33.471 T:3704460160 DEBUG: ffmpeg[DCCD9380]: [swscaler] Forcing full internal H chroma due to input having non subsampled chroma
2021-01-16 05:30:33.712 T:3608322944 DEBUG: cached image 'special://masterprofile/Thumbnails/3/37f6fd59.jpg' size 508x720
2021-01-16 05:30:33.714 T:3608322944 DEBUG: ffmpeg[D712A380]: [mjpeg] intra_quant_bias = 96 inter_quant_bias = 0
2021-01-16 05:30:33.740 T:3581182848 DEBUG: cached image 'special://masterprofile/Thumbnails/8/8b91e90d.jpg' size 480x720
2021-01-16 05:30:33.741 T:3581182848 DEBUG: ffmpeg[D5748380]: [mjpeg] intra_quant_bias = 96 inter_quant_bias = 0
2021-01-16 05:30:33.927 T:3608322944 DEBUG: CCurlFile::GetMimeType - https://image.tmdb.org/t/p/original/fK3qdOmFkifVna0hZ3Sjoftal9g.jpg -> image/jpeg
2021-01-16 05:30:33.929 T:3608322944 DEBUG: CurlFile::Open(0x3a6f5b8) https://image.tmdb.org/t/p/original/fK3qdOmFkifVna0hZ3Sjoftal9g.jpg
2021-01-16 05:30:33.983 T:3581182848 DEBUG: CCurlFile::GetMimeType - https://image.tmdb.org/t/p/original/dkJXFUoUw6j1jbuemA0FQODKOWl.jpg -> image/jpeg
2021-01-16 05:30:33.983 T:3581182848 DEBUG: CurlFile::Open(0xe3e34470) https://image.tmdb.org/t/p/original/dkJXFUoUw6j1jbuemA0FQODKOWl.jpg
2021-01-16 05:30:34.054 T:3581182848 DEBUG: ffmpeg[D5748380]: [mjpeg] marker=d8 avail_size_in_buf=173975
2021-01-16 05:30:34.054 T:3581182848 DEBUG: ffmpeg[D5748380]: [mjpeg] marker parser used 0 bytes (0 bits)
2021-01-16 05:30:34.055 T:3581182848 DEBUG: ffmpeg[D5748380]: [mjpeg] marker=e0 avail_size_in_buf=173973
2021-01-16 05:30:34.055 T:3581182848 DEBUG: ffmpeg[D5748380]: [mjpeg] marker parser used 16 bytes (128 bits)
2021-01-16 05:30:34.055 T:3581182848 DEBUG: ffmpeg[D5748380]: [mjpeg] marker=db avail_size_in_buf=173955
2021-01-16 05:30:34.056 T:3581182848 DEBUG: ffmpeg[D5748380]: [mjpeg] index=0
2021-01-16 05:30:34.056 T:3581182848 DEBUG: ffmpeg[D5748380]: [mjpeg] qscale[0]: 3
2021-01-16 05:30:34.056 T:3581182848 DEBUG: ffmpeg[D5748380]: [mjpeg] index=1
2021-01-16 05:30:34.056 T:3581182848 DEBUG: ffmpeg[D5748380]: [mjpeg] qscale[1]: 3
2021-01-16 05:30:34.056 T:3581182848 DEBUG: ffmpeg[D5748380]: [mjpeg] marker parser used 132 bytes (1056 bits)
2021-01-16 05:30:34.056 T:3581182848 DEBUG: ffmpeg[D5748380]: [mjpeg] marker=c2 avail_size_in_buf=173821
2021-01-16 05:30:34.056 T:3581182848 DEBUG: ffmpeg[D5748380]: [mjpeg] Changing bps from 0 to 8
2021-01-16 05:30:34.056 T:3581182848 DEBUG: ffmpeg[D5748380]: [mjpeg] sof0: picture: 764x1130
2021-01-16 05:30:34.056 T:3581182848 DEBUG: ffmpeg[D5748380]: [mjpeg] component 0 2:2 id: 0 quant:0
2021-01-16 05:30:34.056 T:3581182848 DEBUG: ffmpeg[D5748380]: [mjpeg] component 1 1:1 id: 1 quant:1
2021-01-16 05:30:34.056 T:3581182848 DEBUG: ffmpeg[D5748380]: [mjpeg] component 2 1:1 id: 2 quant:1
2021-01-16 05:30:34.056 T:3581182848 DEBUG: ffmpeg[D5748380]: [mjpeg] pix fmt id 22111100
2021-01-16 05:30:34.056 T:3581182848 DEBUG: ffmpeg[D5748380]: [mjpeg] Format yuvj420p chosen by get_format().
2021-01-16 05:30:34.068 T:3581182848 DEBUG: ffmpeg[D5748380]: [mjpeg] marker parser used 17 bytes (136 bits)
2021-01-16 05:30:34.069 T:3581182848 DEBUG: ffmpeg[D5748380]: [mjpeg] marker=c4 avail_size_in_buf=173802
2021-01-16 05:30:34.069 T:3581182848 DEBUG: ffmpeg[D5748380]: [mjpeg] class=0 index=0 nb_codes=10
2021-01-16 05:30:34.070 T:3581182848 DEBUG: ffmpeg[D5748380]: [mjpeg] marker parser used 29 bytes (232 bits)
2021-01-16 05:30:34.070 T:3581182848 DEBUG: ffmpeg[D5748380]: [mjpeg] escaping removed 161394 bytes
2021-01-16 05:30:34.070 T:3581182848 DEBUG: ffmpeg[D5748380]: [mjpeg] marker=da avail_size_in_buf=173771
2021-01-16 05:30:34.070 T:3581182848 DEBUG: ffmpeg[D5748380]: [mjpeg] component: 0
2021-01-16 05:30:34.074 T:3581182848 DEBUG: ffmpeg[D5748380]: [mjpeg] marker parser used 12376 bytes (99006 bits)
2021-01-16 05:30:34.074 T:3581182848 DEBUG: ffmpeg[D5748380]: [mjpeg] marker=c4 avail_size_in_buf=161374
2021-01-16 05:30:34.074 T:3581182848 DEBUG: ffmpeg[D5748380]: [mjpeg] class=0 index=1 nb_codes=8
2021-01-16 05:30:34.075 T:3581182848 DEBUG: ffmpeg[D5748380]: [mjpeg] marker parser used 27 bytes (216 bits)
2021-01-16 05:30:34.075 T:3581182848 DEBUG: ffmpeg[D5748380]: [mjpeg] escaping removed 158803 bytes
2021-01-16 05:30:34.075 T:3581182848 DEBUG: ffmpeg[D5748380]: [mjpeg] marker=da avail_size_in_buf=161345
2021-01-16 05:30:34.075 T:3581182848 DEBUG: ffmpeg[D5748380]: [mjpeg] component: 1
2021-01-16 05:30:34.076 T:3581182848 DEBUG: ffmpeg[D5748380]: [mjpeg] marker parser used 2541 bytes (20323 bits)
2021-01-16 05:30:34.076 T:3581182848 DEBUG: ffmpeg[D5748380]: [mjpeg] marker=c4 avail_size_in_buf=158800
2021-01-16 05:30:34.076 T:3581182848 DEBUG: ffmpeg[D5748380]: [mjpeg] class=0 index=1 nb_codes=9
2021-01-16 05:30:34.076 T:3581182848 DEBUG: ffmpeg[D5748380]: [mjpeg] marker parser used 28 bytes (224 bits)
2021-01-16 05:30:34.076 T:3581182848 DEBUG: ffmpeg[D5748380]: [mjpeg] escaping removed 156024 bytes
2021-01-16 05:30:34.076 T:3581182848 DEBUG: ffmpeg[D5748380]: [mjpeg] marker=da avail_size_in_buf=158770
2021-01-16 05:30:34.076 T:3581182848 DEBUG: ffmpeg[D5748380]: [mjpeg] component: 2
2021-01-16 05:30:34.077 T:3581182848 DEBUG: ffmpeg[D5748380]: [mjpeg] marker parser used 2745 bytes (21959 bits)
2021-01-16 05:30:34.077 T:3581182848 DEBUG: ffmpeg[D5748380]: [mjpeg] marker=c4 avail_size_in_buf=156016
2021-01-16 05:30:34.078 T:3581182848 DEBUG: ffmpeg[D5748380]: [mjpeg] class=1 index=0 nb_codes=65
2021-01-16 05:30:34.078 T:3581182848 DEBUG: ffmpeg[D5748380]: [mjpeg] marker parser used 38 bytes (304 bits)
2021-01-16 05:30:34.078 T:3581182848 DEBUG: ffmpeg[D5748380]: [mjpeg] escaping removed 140648 bytes
2021-01-16 05:30:34.078 T:3581182848 DEBUG: ffmpeg[D5748380]: [mjpeg] marker=da avail_size_in_buf=155976
2021-01-16 05:30:34.078 T:3581182848 DEBUG: ffmpeg[D5748380]: [mjpeg] component: 0
2021-01-16 05:30:34.080 T:3581182848 DEBUG: ffmpeg[D5748380]: [mjpeg] marker parser used 15327 bytes (122614 bits)
2021-01-16 05:30:34.080 T:3581182848 DEBUG: ffmpeg[D5748380]: [mjpeg] marker=c4 avail_size_in_buf=140587
2021-01-16 05:30:34.080 T:3581182848 DEBUG: ffmpeg[D5748380]: [mjpeg] class=1 index=0 nb_codes=242
2021-01-16 05:30:34.081 T:3581182848 DEBUG: ffmpeg[D5748380]: [mjpeg] marker parser used 86 bytes (688 bits)
2021-01-16 05:30:34.081 T:3581182848 DEBUG: ffmpeg[D5748380]: [mjpeg] escaping removed 84750 bytes
2021-01-16 05:30:34.081 T:3581182848 DEBUG: ffmpeg[D5748380]: [mjpeg] marker=da avail_size_in_buf=140499
2021-01-16 05:30:34.081 T:3581182848 DEBUG: ffmpeg[D5748380]: [mjpeg] component: 0
2021-01-16 05:30:34.087 T:3581182848 DEBUG: ffmpeg[D5748380]: [mjpeg] marker parser used 55748 bytes (445980 bits)
2021-01-16 05:30:34.087 T:3581182848 DEBUG: ffmpeg[D5748380]: [mjpeg] marker=c4 avail_size_in_buf=84551
2021-01-16 05:30:34.088 T:3581182848 DEBUG: ffmpeg[D5748380]: [mjpeg] class=1 index=1 nb_codes=241
2021-01-16 05:30:34.088 T:3581182848 DEBUG: ffmpeg[D5748380]: [mjpeg] marker parser used 57 bytes (456 bits)
2021-01-16 05:30:34.089 T:3581182848 DEBUG: ffmpeg[D5748380]: [mjpeg] escaping removed 77109 bytes
2021-01-16 05:30:34.089 T:3581182848 DEBUG: ffmpeg[D5748380]: [mjpeg] marker=da avail_size_in_buf=84492
2021-01-16 05:30:34.089 T:3581182848 DEBUG: ffmpeg[D5748380]: [mjpeg] component: 1
2021-01-16 05:30:34.090 T:3581182848 DEBUG: ffmpeg[D5748380]: [mjpeg] marker parser used 7382 bytes (59055 bits)
2021-01-16 05:30:34.091 T:3581182848 DEBUG: ffmpeg[D5748380]: [mjpeg] marker=c4 avail_size_in_buf=77085
2021-01-16 05:30:34.091 T:3581182848 DEBUG: ffmpeg[D5748380]: [mjpeg] class=1 index=1 nb_codes=194
2021-01-16 05:30:34.091 T:3581182848 DEBUG: ffmpeg[D5748380]: [mjpeg] marker parser used 57 bytes (456 bits)
2021-01-16 05:30:34.092 T:3581182848 DEBUG: ffmpeg[D5748380]: [mjpeg] escaping removed 67908 bytes
2021-01-16 05:30:34.092 T:3581182848 DEBUG: ffmpeg[D5748380]: [mjpeg] marker=da avail_size_in_buf=77026
2021-01-16 05:30:34.092 T:3581182848 DEBUG: ffmpeg[D5748380]: [mjpeg] component: 2
2021-01-16 05:30:34.093 T:3581182848 DEBUG: ffmpeg[D5748380]: [mjpeg] marker parser used 9117 bytes (72929 bits)
2021-01-16 05:30:34.094 T:3581182848 DEBUG: ffmpeg[D5748380]: [mjpeg] marker=c4 avail_size_in_buf=67888
2021-01-16 05:30:34.094 T:3581182848 DEBUG: ffmpeg[D5748380]: [mjpeg] class=1 index=0 nb_codes=242
2021-01-16 05:30:34.095 T:3581182848 DEBUG: ffmpeg[D5748380]: [mjpeg] marker parser used 40 bytes (320 bits)
2021-01-16 05:30:34.095 T:3581182848 DEBUG: ffmpeg[D5748380]: [mjpeg] escaping removed 15654 bytes
2021-01-16 05:30:34.096 T:3581182848 DEBUG: ffmpeg[D5748380]: [mjpeg] marker=da avail_size_in_buf=67846
2021-01-16 05:30:34.096 T:3581182848 DEBUG: ffmpeg[D5748380]: [mjpeg] component: 0
2021-01-16 05:30:34.114 T:3581182848 DEBUG: ffmpeg[D5748380]: [mjpeg] marker parser used 52191 bytes (417526 bits)
2021-01-16 05:30:34.115 T:3581182848 DEBUG: ffmpeg[D5748380]: [mjpeg] marker=c4 avail_size_in_buf=15497
2021-01-16 05:30:34.115 T:3581182848 DEBUG: ffmpeg[D5748380]: [mjpeg] class=1 index=1 nb_codes=242
2021-01-16 05:30:34.115 T:3581182848 DEBUG: ffmpeg[D5748380]: [mjpeg] marker parser used 38 bytes (304 bits)
2021-01-16 05:30:34.115 T:3581182848 DEBUG: ffmpeg[D5748380]: [mjpeg] escaping removed 8137 bytes
2021-01-16 05:30:34.116 T:3581182848 DEBUG: ffmpeg[D5748380]: [mjpeg] marker=da avail_size_in_buf=15457
2021-01-16 05:30:34.116 T:3581182848 DEBUG: ffmpeg[D5748380]: [mjpeg] component: 1
2021-01-16 05:30:34.118 T:3581182848 DEBUG: ffmpeg[D5748380]: [mjpeg] marker parser used 7319 bytes (58548 bits)
2021-01-16 05:30:34.118 T:3581182848 DEBUG: ffmpeg[D5748380]: [mjpeg] marker=c4 avail_size_in_buf=8122
2021-01-16 05:30:34.119 T:3581182848 DEBUG: ffmpeg[D5748380]: [mjpeg] class=1 index=1 nb_codes=242
2021-01-16 05:30:34.119 T:3581182848 DEBUG: ffmpeg[D5748380]: [mjpeg] marker parser used 39 bytes (312 bits)
2021-01-16 05:30:34.119 T:3581182848 DEBUG: ffmpeg[D5748380]: [mjpeg] escaping removed 21 bytes
2021-01-16 05:30:34.120 T:3581182848 DEBUG: ffmpeg[D5748380]: [mjpeg] marker=da avail_size_in_buf=8081
2021-01-16 05:30:34.120 T:3581182848 DEBUG: ffmpeg[D5748380]: [mjpeg] component: 2
2021-01-16 05:30:34.122 T:3581182848 DEBUG: ffmpeg[D5748380]: [mjpeg] marker parser used 8059 bytes (64471 bits)
2021-01-16 05:30:34.122 T:3581182848 DEBUG: ffmpeg[D5748380]: [mjpeg] marker=d9 avail_size_in_buf=0
2021-01-16 05:30:34.134 T:3581182848 DEBUG: ffmpeg[D5748380]: [mjpeg] decode frame unused 0 bytes
2021-01-16 05:30:34.138 T:3581182848 DEBUG: ffmpeg[D5748380]: [swscaler] No accelerated colorspace conversion found from yuv420p to bgra.
2021-01-16 05:30:34.169 T:3608322944 DEBUG: ffmpeg[D712A380]: [mjpeg] marker=d8 avail_size_in_buf=845255
2021-01-16 05:30:34.170 T:3608322944 DEBUG: ffmpeg[D712A380]: [mjpeg] marker parser used 0 bytes (0 bits)
2021-01-16 05:30:34.170 T:3608322944 DEBUG: ffmpeg[D712A380]: [mjpeg] marker=e0 avail_size_in_buf=845253
2021-01-16 05:30:34.170 T:3608322944 DEBUG: ffmpeg[D712A380]: [mjpeg] marker parser used 16 bytes (128 bits)
2021-01-16 05:30:34.171 T:3608322944 DEBUG: ffmpeg[D712A380]: [mjpeg] marker=db avail_size_in_buf=845235
2021-01-16 05:30:34.171 T:3608322944 DEBUG: ffmpeg[D712A380]: [mjpeg] index=0
2021-01-16 05:30:34.171 T:3608322944 DEBUG: ffmpeg[D712A380]: [mjpeg] qscale[0]: 3
2021-01-16 05:30:34.171 T:3608322944 DEBUG: ffmpeg[D712A380]: [mjpeg] index=1
2021-01-16 05:30:34.171 T:3608322944 DEBUG: ffmpeg[D712A380]: [mjpeg] qscale[1]: 3
2021-01-16 05:30:34.171 T:3608322944 DEBUG: ffmpeg[D712A380]: [mjpeg] marker parser used 132 bytes (1056 bits)
2021-01-16 05:30:34.171 T:3608322944 DEBUG: ffmpeg[D712A380]: [mjpeg] marker=c2 avail_size_in_buf=845101
2021-01-16 05:30:34.171 T:3608322944 DEBUG: ffmpeg[D712A380]: [mjpeg] Changing bps from 0 to 8
2021-01-16 05:30:34.171 T:3608322944 DEBUG: ffmpeg[D712A380]: [mjpeg] sof0: picture: 2000x3000
2021-01-16 05:30:34.171 T:3608322944 DEBUG: ffmpeg[D712A380]: [mjpeg] component 0 2:2 id: 0 quant:0
2021-01-16 05:30:34.171 T:3608322944 DEBUG: ffmpeg[D712A380]: [mjpeg] component 1 1:1 id: 1 quant:1
2021-01-16 05:30:34.171 T:3608322944 DEBUG: ffmpeg[D712A380]: [mjpeg] component 2 1:1 id: 2 quant:1
2021-01-16 05:30:34.171 T:3608322944 DEBUG: ffmpeg[D712A380]: [mjpeg] pix fmt id 22111100
2021-01-16 05:30:34.171 T:3608322944 DEBUG: ffmpeg[D712A380]: [mjpeg] Format yuvj420p chosen by get_format().
2021-01-16 05:30:34.172 T:3581182848 DEBUG: Caching image 'https://image.tmdb.org/t/p/original/dkJXFUoUw6j1jbuemA0FQODKOWl.jpg' to 'b/b672ab7b.jpg':
2021-01-16 05:30:34.173 T:3581182848 DEBUG: ffmpeg[D5748380]: [swscaler] Forcing full internal H chroma due to odd output size
2021-01-16 05:30:34.174 T:3581182848 DEBUG: ffmpeg[D5748380]: [swscaler] Forcing full internal H chroma due to input having non subsampled chroma
2021-01-16 05:30:34.240 T:3608322944 DEBUG: ffmpeg[D712A380]: [mjpeg] marker parser used 17 bytes (136 bits)
2021-01-16 05:30:34.240 T:3608322944 DEBUG: ffmpeg[D712A380]: [mjpeg] marker=c4 avail_size_in_buf=845082
2021-01-16 05:30:34.240 T:3608322944 DEBUG: ffmpeg[D712A380]: [mjpeg] class=0 index=0 nb_codes=10
2021-01-16 05:30:34.241 T:3608322944 DEBUG: ffmpeg[D712A380]: [mjpeg] marker parser used 29 bytes (232 bits)
2021-01-16 05:30:34.241 T:3608322944 DEBUG: ffmpeg[D712A380]: [mjpeg] escaping removed 778938 bytes
2021-01-16 05:30:34.241 T:3608322944 DEBUG: ffmpeg[D712A380]: [mjpeg] marker=da avail_size_in_buf=845051
2021-01-16 05:30:34.241 T:3608322944 DEBUG: ffmpeg[D712A380]: [mjpeg] component: 0
2021-01-16 05:30:34.280 T:3608322944 DEBUG: ffmpeg[D712A380]: [mjpeg] marker parser used 66112 bytes (528896 bits)
2021-01-16 05:30:34.280 T:3608322944 DEBUG: ffmpeg[D712A380]: [mjpeg] marker=c4 avail_size_in_buf=778790
2021-01-16 05:30:34.280 T:3608322944 DEBUG: ffmpeg[D712A380]: [mjpeg] class=0 index=1 nb_codes=8
2021-01-16 05:30:34.280 T:3608322944 DEBUG: ffmpeg[D712A380]: [mjpeg] marker parser used 27 bytes (216 bits)
2021-01-16 05:30:34.280 T:3608322944 DEBUG: ffmpeg[D712A380]: [mjpeg] escaping removed 768483 bytes
2021-01-16 05:30:34.280 T:3608322944 DEBUG: ffmpeg[D712A380]: [mjpeg] marker=da avail_size_in_buf=778761
2021-01-16 05:30:34.280 T:3608322944 DEBUG: ffmpeg[D712A380]: [mjpeg] component: 1
2021-01-16 05:30:34.288 T:3608322944 DEBUG: ffmpeg[D712A380]: [mjpeg] marker parser used 10277 bytes (82212 bits)
2021-01-16 05:30:34.289 T:3608322944 DEBUG: ffmpeg[D712A380]: [mjpeg] marker=c4 avail_size_in_buf=768460
2021-01-16 05:30:34.289 T:3608322944 DEBUG: ffmpeg[D712A380]: [mjpeg] class=0 index=1 nb_codes=7
2021-01-16 05:30:34.289 T:3608322944 DEBUG: ffmpeg[D712A380]: [mjpeg] marker parser used 26 bytes (208 bits)
2021-01-16 05:30:34.289 T:3608322944 DEBUG: ffmpeg[D712A380]: [mjpeg] escaping removed 757829 bytes
2021-01-16 05:30:34.289 T:3608322944 DEBUG: ffmpeg[D712A380]: [mjpeg] marker=da avail_size_in_buf=768432
2021-01-16 05:30:34.289 T:3608322944 DEBUG: ffmpeg[D712A380]: [mjpeg] component: 2
2021-01-16 05:30:34.298 T:3608322944 DEBUG: ffmpeg[D712A380]: [mjpeg] marker parser used 10602 bytes (84812 bits)
2021-01-16 05:30:34.298 T:3608322944 DEBUG: ffmpeg[D712A380]: [mjpeg] marker=c4 avail_size_in_buf=757806
2021-01-16 05:30:34.299 T:3608322944 DEBUG: ffmpeg[D712A380]: [mjpeg] class=1 index=0 nb_codes=209
2021-01-16 05:30:34.299 T:3608322944 DEBUG: ffmpeg[D712A380]: [mjpeg] marker parser used 62 bytes (496 bits)
2021-01-16 05:30:34.300 T:3608322944 DEBUG: ffmpeg[D712A380]: [mjpeg] escaping removed 640434 bytes
2021-01-16 05:30:34.300 T:3608322944 DEBUG: ffmpeg[D712A380]: [mjpeg] marker=da avail_size_in_buf=757742
2021-01-16 05:30:34.301 T:3608322944 DEBUG: ffmpeg[D712A380]: [mjpeg] component: 0
2021-01-16 05:30:34.312 T:3608322944 DEBUG: ffmpeg[D712A380]: [mjpeg] marker parser used 117307 bytes (938451 bits)
2021-01-16 05:30:34.313 T:3608322944 DEBUG: ffmpeg[D712A380]: [mjpeg] marker=c4 avail_size_in_buf=640092
2021-01-16 05:30:34.313 T:3608322944 DEBUG: ffmpeg[D712A380]: [mjpeg] class=1 index=0 nb_codes=242
2021-01-16 05:30:34.313 T:3608322944 DEBUG: ffmpeg[D712A380]: [mjpeg] marker parser used 76 bytes (608 bits)
2021-01-16 05:30:34.313 T:3608322944 DEBUG: ffmpeg[D712A380]: [mjpeg] escaping removed 591799 bytes
2021-01-16 05:30:34.313 T:3608322944 DEBUG: ffmpeg[D712A380]: [mjpeg] marker=da avail_size_in_buf=640014
2021-01-16 05:30:34.313 T:3608322944 DEBUG: ffmpeg[D712A380]: [mjpeg] component: 0
2021-01-16 05:30:34.322 T:3608322944 DEBUG: ffmpeg[D712A380]: [mjpeg] marker parser used 48214 bytes (385706 bits)
2021-01-16 05:30:34.323 T:3608322944 DEBUG: ffmpeg[D712A380]: [mjpeg] marker=c4 avail_size_in_buf=591565
2021-01-16 05:30:34.323 T:3608322944 DEBUG: ffmpeg[D712A380]: [mjpeg] class=1 index=0 nb_codes=242
2021-01-16 05:30:34.323 T:3608322944 DEBUG: ffmpeg[D712A380]: [mjpeg] marker parser used 47 bytes (376 bits)
2021-01-16 05:30:34.324 T:3608322944 DEBUG: ffmpeg[D712A380]: [mjpeg] escaping removed 425954 bytes
2021-01-16 05:30:34.325 T:3608322944 DEBUG: ffmpeg[D712A380]: [mjpeg] marker=da avail_size_in_buf=591516
2021-01-16 05:30:34.325 T:3608322944 DEBUG: ffmpeg[D712A380]: [mjpeg] component: 0
2021-01-16 05:30:34.361 T:3608322944 DEBUG: ffmpeg[D712A380]: [mjpeg] marker parser used 165561 bytes (1324484 bits)
2021-01-16 05:30:34.362 T:3608322944 DEBUG: ffmpeg[D712A380]: [mjpeg] marker=c4 avail_size_in_buf=425467
2021-01-16 05:30:34.362 T:3608322944 DEBUG: ffmpeg[D712A380]: [mjpeg] class=1 index=0 nb_codes=242
2021-01-16 05:30:34.362 T:3608322944 DEBUG: ffmpeg[D712A380]: [mjpeg] marker parser used 43 bytes (344 bits)
2021-01-16 05:30:34.364 T:3608322944 DEBUG: ffmpeg[D712A380]: [mjpeg] escaping removed 80811 bytes
2021-01-16 05:30:34.365 T:3608322944 DEBUG: ffmpeg[D712A380]: [mjpeg] marker=da avail_size_in_buf=425422
2021-01-16 05:30:34.365 T:3608322944 DEBUG: ffmpeg[D712A380]: [mjpeg] component: 0
2021-01-16 05:30:34.428 T:3608322944 DEBUG: ffmpeg[D712A380]: [mjpeg] marker parser used 344610 bytes (2756879 bits)
2021-01-16 05:30:34.428 T:3608322944 DEBUG: ffmpeg[D712A380]: [mjpeg] marker=c4 avail_size_in_buf=79754
2021-01-16 05:30:34.429 T:3608322944 DEBUG: ffmpeg[D712A380]: [mjpeg] class=1 index=1 nb_codes=242
2021-01-16 05:30:34.429 T:3608322944 DEBUG: ffmpeg[D712A380]: [mjpeg] marker parser used 73 bytes (584 bits)
2021-01-16 05:30:34.429 T:3608322944 DEBUG: ffmpeg[D712A380]: [mjpeg] escaping removed 40533 bytes
2021-01-16 05:30:34.429 T:3608322944 DEBUG: ffmpeg[D712A380]: [mjpeg] marker=da avail_size_in_buf=79679
2021-01-16 05:30:34.429 T:3608322944 DEBUG: ffmpeg[D712A380]: [mjpeg] component: 1
2021-01-16 05:30:34.434 T:3608322944 DEBUG: ffmpeg[D712A380]: [mjpeg] marker parser used 39145 bytes (313157 bits)
2021-01-16 05:30:34.435 T:3608322944 DEBUG: ffmpeg[D712A380]: [mjpeg] marker=c4 avail_size_in_buf=40407
2021-01-16 05:30:34.435 T:3608322944 DEBUG: ffmpeg[D712A380]: [mjpeg] class=1 index=1 nb_codes=242
2021-01-16 05:30:34.435 T:3608322944 DEBUG: ffmpeg[D712A380]: [mjpeg] marker parser used 70 bytes (560 bits)
2021-01-16 05:30:34.435 T:3608322944 DEBUG: ffmpeg[D712A380]: [mjpeg] escaping removed 129 bytes
2021-01-16 05:30:34.436 T:3608322944 DEBUG: ffmpeg[D712A380]: [mjpeg] marker=da avail_size_in_buf=40335
2021-01-16 05:30:34.436 T:3608322944 DEBUG: ffmpeg[D712A380]: [mjpeg] component: 2
2021-01-16 05:30:34.439 T:3608322944 DEBUG: ffmpeg[D712A380]: [mjpeg] marker parser used 40205 bytes (321636 bits)
2021-01-16 05:30:34.440 T:3608322944 DEBUG: ffmpeg[D712A380]: [mjpeg] marker=d9 avail_size_in_buf=0
2021-01-16 05:30:34.504 T:3608322944 DEBUG: ffmpeg[D712A380]: [mjpeg] decode frame unused 0 bytes
2021-01-16 05:30:34.516 T:3608322944 DEBUG: ffmpeg[D712A380]: [swscaler] No accelerated colorspace conversion found from yuv420p to bgra.
2021-01-16 05:30:34.550 T:3581182848 DEBUG: cached image 'special://masterprofile/Thumbnails/b/b672ab7b.jpg' size 487x720
2021-01-16 05:30:34.552 T:3581182848 DEBUG: ffmpeg[D5748380]: [mjpeg] intra_quant_bias = 96 inter_quant_bias = 0
2021-01-16 05:30:34.638 T:3608322944 DEBUG: Caching image 'https://image.tmdb.org/t/p/original/fK3qdOmFkifVna0hZ3Sjoftal9g.jpg' to 'b/b2adbd26.jpg':
2021-01-16 05:30:34.640 T:3608322944 DEBUG: ffmpeg[D712A380]: [swscaler] Forcing full internal H chroma due to input having non subsampled chroma
2021-01-16 05:30:35.070 T:3809473408 DEBUG: PushCecKeypress - received key a7 duration 0
2021-01-16 05:30:35.078 T:4090851344 DEBUG: HandleKey: 167 (0xa7, obc88) pressed, action is Down
2021-01-16 05:30:35.185 T:3269096320 DEBUG: cached image 'special://masterprofile/Thumbnails/1/1937be55.jpg' size 480x720
2021-01-16 05:30:35.185 T:3269096320 DEBUG: ffmpeg[C2DA7380]: [mjpeg] intra_quant_bias = 96 inter_quant_bias = 0
2021-01-16 05:30:35.248 T:3704460160 DEBUG: cached image 'special://masterprofile/Thumbnails/2/2dc5ae5b.jpg' size 480x720
2021-01-16 05:30:35.252 T:3704460160 DEBUG: ffmpeg[DCCD9380]: [mjpeg] intra_quant_bias = 96 inter_quant_bias = 0
2021-01-16 05:30:35.258 T:3809473408 DEBUG: PushCecKeypress - received key a7 duration 188
2021-01-16 05:30:35.661 T:3809473408 DEBUG: PushCecKeypress - received key a7 duration 0
2021-01-16 05:30:35.678 T:4090851344 DEBUG: HandleKey: 167 (0xa7, obc88) pressed, action is Down
2021-01-16 05:30:35.847 T:3809473408 DEBUG: PushCecKeypress - received key a7 duration 186
2021-01-16 05:30:35.897 T:3581182848 DEBUG: CCurlFile::GetMimeType - https://image.tmdb.org/t/p/original/s9v5JMDkGi1Q1dwEgOaI0WHjCvx.jpg -> image/jpeg
2021-01-16 05:30:35.898 T:3581182848 DEBUG: CurlFile::Open(0xe3e34470) https://image.tmdb.org/t/p/original/s9v5JMDkGi1Q1dwEgOaI0WHjCvx.jpg
2021-01-16 05:30:35.899 T:3269096320 DEBUG: CCurlFile::GetMimeType - https://image.tmdb.org/t/p/original/qnQC8wpfzGXvIc6rG4NLhsieseE.jpg -> image/jpeg
2021-01-16 05:30:35.900 T:3269096320 DEBUG: CurlFile::Open(0xf2a04338) https://image.tmdb.org/t/p/original/qnQC8wpfzGXvIc6rG4NLhsieseE.jpg
2021-01-16 05:30:35.902 T:3704460160 DEBUG: CCurlFile::GetMimeType - https://image.tmdb.org/t/p/original/tPkPeQqL2Pkqv61fuQwGbFerGJN.jpg -> image/jpeg
2021-01-16 05:30:35.904 T:3704460160 DEBUG: CurlFile::Open(0xec552d60) https://image.tmdb.org/t/p/original/tPkPeQqL2Pkqv61fuQwGbFerGJN.jpg
2021-01-16 05:30:36.111 T:3581182848 DEBUG: ffmpeg[D5748380]: [mjpeg] marker=d8 avail_size_in_buf=200742
2021-01-16 05:30:36.111 T:3581182848 DEBUG: ffmpeg[D5748380]: [mjpeg] marker parser used 0 bytes (0 bits)
2021-01-16 05:30:36.111 T:3581182848 DEBUG: ffmpeg[D5748380]: [mjpeg] marker=e0 avail_size_in_buf=200740
2021-01-16 05:30:36.111 T:3581182848 DEBUG: ffmpeg[D5748380]: [mjpeg] marker parser used 16 bytes (128 bits)
2021-01-16 05:30:36.111 T:3581182848 DEBUG: ffmpeg[D5748380]: [mjpeg] marker=db avail_size_in_buf=200722
2021-01-16 05:30:36.111 T:3581182848 DEBUG: ffmpeg[D5748380]: [mjpeg] index=0
2021-01-16 05:30:36.111 T:3581182848 DEBUG: ffmpeg[D5748380]: [mjpeg] qscale[0]: 3
2021-01-16 05:30:36.112 T:3581182848 DEBUG: ffmpeg[D5748380]: [mjpeg] index=1
2021-01-16 05:30:36.112 T:3581182848 DEBUG: ffmpeg[D5748380]: [mjpeg] qscale[1]: 3
2021-01-16 05:30:36.112 T:3581182848 DEBUG: ffmpeg[D5748380]: [mjpeg] marker parser used 132 bytes (1056 bits)
2021-01-16 05:30:36.112 T:3581182848 DEBUG: ffmpeg[D5748380]: [mjpeg] marker=c2 avail_size_in_buf=200588
2021-01-16 05:30:36.112 T:3581182848 DEBUG: ffmpeg[D5748380]: [mjpeg] Changing bps from 0 to 8
2021-01-16 05:30:36.112 T:3581182848 DEBUG: ffmpeg[D5748380]: [mjpeg] sof0: picture: 800x1200
2021-01-16 05:30:36.112 T:3581182848 DEBUG: ffmpeg[D5748380]: [mjpeg] component 0 2:2 id: 0 quant:0
2021-01-16 05:30:36.112 T:3581182848 DEBUG: ffmpeg[D5748380]: [mjpeg] component 1 1:1 id: 1 quant:1
2021-01-16 05:30:36.112 T:3581182848 DEBUG: ffmpeg[D5748380]: [mjpeg] component 2 1:1 id: 2 quant:1
2021-01-16 05:30:36.112 T:3581182848 DEBUG: ffmpeg[D5748380]: [mjpeg] pix fmt id 22111100
2021-01-16 05:30:36.112 T:3581182848 DEBUG: ffmpeg[D5748380]: [mjpeg] Format yuvj420p chosen by get_format().
2021-01-16 05:30:36.112 T:3608322944 DEBUG: cached image 'special://masterprofile/Thumbnails/b/b2adbd26.jpg' size 480x720
2021-01-16 05:30:36.113 T:3608322944 DEBUG: ffmpeg[D712A380]: [mjpeg] intra_quant_bias = 96 inter_quant_bias = 0
2021-01-16 05:30:36.128 T:3704460160 DEBUG: ffmpeg[DCCD9380]: [mjpeg] marker=d8 avail_size_in_buf=567593
2021-01-16 05:30:36.128 T:3704460160 DEBUG: ffmpeg[DCCD9380]: [mjpeg] marker parser used 0 bytes (0 bits)
2021-01-16 05:30:36.129 T:3704460160 DEBUG: ffmpeg[DCCD9380]: [mjpeg] marker=e0 avail_size_in_buf=567591
2021-01-16 05:30:36.129 T:3704460160 DEBUG: ffmpeg[DCCD9380]: [mjpeg] marker parser used 16 bytes (128 bits)
2021-01-16 05:30:36.129 T:3704460160 DEBUG: ffmpeg[DCCD9380]: [mjpeg] marker=db avail_size_in_buf=567573
2021-01-16 05:30:36.129 T:3704460160 DEBUG: ffmpeg[DCCD9380]: [mjpeg] index=0
2021-01-16 05:30:36.129 T:3704460160 DEBUG: ffmpeg[DCCD9380]: [mjpeg] qscale[0]: 3
2021-01-16 05:30:36.130 T:3704460160 DEBUG: ffmpeg[DCCD9380]: [mjpeg] index=1
2021-01-16 05:30:36.130 T:3704460160 DEBUG: ffmpeg[DCCD9380]: [mjpeg] qscale[1]: 3
2021-01-16 05:30:36.130 T:3704460160 DEBUG: ffmpeg[DCCD9380]: [mjpeg] marker parser used 132 bytes (1056 bits)
2021-01-16 05:30:36.130 T:3704460160 DEBUG: ffmpeg[DCCD9380]: [mjpeg] marker=c2 avail_size_in_buf=567439
2021-01-16 05:30:36.130 T:3704460160 DEBUG: ffmpeg[DCCD9380]: [mjpeg] Changing bps from 0 to 8
2021-01-16 05:30:36.130 T:3704460160 DEBUG: ffmpeg[DCCD9380]: [mjpeg] sof0: picture: 1600x2271
2021-01-16 05:30:36.130 T:3704460160 DEBUG: ffmpeg[DCCD9380]: [mjpeg] component 0 2:2 id: 0 quant:0
2021-01-16 05:30:36.130 T:3704460160 DEBUG: ffmpeg[DCCD9380]: [mjpeg] component 1 1:1 id: 1 quant:1
2021-01-16 05:30:36.130 T:3704460160 DEBUG: ffmpeg[DCCD9380]: [mjpeg] component 2 1:1 id: 2 quant:1
2021-01-16 05:30:36.131 T:3704460160 DEBUG: ffmpeg[DCCD9380]: [mjpeg] pix fmt id 22111100
2021-01-16 05:30:36.131 T:3704460160 DEBUG: ffmpeg[DCCD9380]: [mjpeg] Format yuvj420p chosen by get_format().
2021-01-16 05:30:36.137 T:3809473408 DEBUG: PushCecKeypress - received key a7 duration 0
2021-01-16 05:30:36.138 T:3581182848 DEBUG: ffmpeg[D5748380]: [mjpeg] marker parser used 17 bytes (136 bits)
2021-01-16 05:30:36.138 T:3581182848 DEBUG: ffmpeg[D5748380]: [mjpeg] marker=c4 avail_size_in_buf=200569
2021-01-16 05:30:36.139 T:3581182848 DEBUG: ffmpeg[D5748380]: [mjpeg] class=0 index=0 nb_codes=10
2021-01-16 05:30:36.139 T:3581182848 DEBUG: ffmpeg[D5748380]: [mjpeg] marker parser used 29 bytes (232 bits)
2021-01-16 05:30:36.139 T:3581182848 DEBUG: ffmpeg[D5748380]: [mjpeg] escaping removed 188065 bytes
2021-01-16 05:30:36.139 T:3581182848 DEBUG: ffmpeg[D5748380]: [mjpeg] marker=da avail_size_in_buf=200538
2021-01-16 05:30:36.139 T:3581182848 DEBUG: ffmpeg[D5748380]: [mjpeg] component: 0
2021-01-16 05:30:36.143 T:3581182848 DEBUG: ffmpeg[D5748380]: [mjpeg] marker parser used 12472 bytes (99771 bits)
2021-01-16 05:30:36.143 T:3581182848 DEBUG: ffmpeg[D5748380]: [mjpeg] marker=c4 avail_size_in_buf=188050
2021-01-16 05:30:36.144 T:3581182848 DEBUG: ffmpeg[D5748380]: [mjpeg] class=0 index=1 nb_codes=8
2021-01-16 05:30:36.144 T:4090851344 DEBUG: HandleKey: 167 (0xa7, obc88) pressed, action is Down
2021-01-16 05:30:36.145 T:3581182848 DEBUG: ffmpeg[D5748380]: [mjpeg] marker parser used 27 bytes (216 bits)
2021-01-16 05:30:36.146 T:3581182848 DEBUG: ffmpeg[D5748380]: [mjpeg] escaping removed 185496 bytes
2021-01-16 05:30:36.146 T:3581182848 DEBUG: ffmpeg[D5748380]: [mjpeg] marker=da avail_size_in_buf=188021
2021-01-16 05:30:36.146 T:3581182848 DEBUG: ffmpeg[D5748380]: [mjpeg] component: 1
2021-01-16 05:30:36.148 T:3581182848 DEBUG: ffmpeg[D5748380]: [mjpeg] marker parser used 2524 bytes (20185 bits)
2021-01-16 05:30:36.149 T:3581182848 DEBUG: ffmpeg[D5748380]: [mjpeg] marker=c4 avail_size_in_buf=185491
2021-01-16 05:30:36.150 T:3581182848 DEBUG: ffmpeg[D5748380]: [mjpeg] class=0 index=1 nb_codes=8
2021-01-16 05:30:36.150 T:3581182848 DEBUG: ffmpeg[D5748380]: [mjpeg] marker parser used 27 bytes (216 bits)
2021-01-16 05:30:36.151 T:3581182848 DEBUG: ffmpeg[D5748380]: [mjpeg] escaping removed 183045 bytes
2021-01-16 05:30:36.152 T:3581182848 DEBUG: ffmpeg[D5748380]: [mjpeg] marker=da avail_size_in_buf=185462
2021-01-16 05:30:36.152 T:3581182848 DEBUG: ffmpeg[D5748380]: [mjpeg] component: 2
2021-01-16 05:30:36.155 T:3581182848 DEBUG: ffmpeg[D5748380]: [mjpeg] marker parser used 2416 bytes (19321 bits)
2021-01-16 05:30:36.155 T:3581182848 DEBUG: ffmpeg[D5748380]: [mjpeg] marker=c4 avail_size_in_buf=183043
2021-01-16 05:30:36.155 T:3581182848 DEBUG: ffmpeg[D5748380]: [mjpeg] class=1 index=0 nb_codes=129
2021-01-16 05:30:36.156 T:3581182848 DEBUG: ffmpeg[D5748380]: [mjpeg] marker parser used 40 bytes (320 bits)
2021-01-16 05:30:36.156 T:3581182848 DEBUG: ffmpeg[D5748380]: [mjpeg] escaping removed 173203 bytes
2021-01-16 05:30:36.157 T:3581182848 DEBUG: ffmpeg[D5748380]: [mjpeg] marker=da avail_size_in_buf=183001
2021-01-16 05:30:36.157 T:3581182848 DEBUG: ffmpeg[D5748380]: [mjpeg] component: 0
2021-01-16 05:30:36.159 T:3581182848 DEBUG: ffmpeg[D5748380]: [mjpeg] marker parser used 9797 bytes (78375 bits)
2021-01-16 05:30:36.160 T:3581182848 DEBUG: ffmpeg[D5748380]: [mjpeg] marker=c4 avail_size_in_buf=173167
2021-01-16 05:30:36.161 T:3581182848 DEBUG: ffmpeg[D5748380]: [mjpeg] class=1 index=0 nb_codes=242
2021-01-16 05:30:36.161 T:3581182848 DEBUG: ffmpeg[D5748380]: [mjpeg] marker parser used 75 bytes (600 bits)
2021-01-16 05:30:36.162 T:3581182848 DEBUG: ffmpeg[D5748380]: [mjpeg] escaping removed 149249 bytes
2021-01-16 05:30:36.163 T:3581182848 DEBUG: ffmpeg[D5748380]: [mjpeg] marker=da avail_size_in_buf=173090
2021-01-16 05:30:36.163 T:3581182848 DEBUG: ffmpeg[D5748380]: [mjpeg] component: 0
2021-01-16 05:30:36.171 T:3581182848 DEBUG: ffmpeg[D5748380]: [mjpeg] marker parser used 23840 bytes (190714 bits)
2021-01-16 05:30:36.172 T:3581182848 DEBUG: ffmpeg[D5748380]: [mjpeg] marker=c4 avail_size_in_buf=149149
2021-01-16 05:30:36.172 T:3581182848 DEBUG: ffmpeg[D5748380]: [mjpeg] class=1 index=0 nb_codes=242
2021-01-16 05:30:36.173 T:3581182848 DEBUG: ffmpeg[D5748380]: [mjpeg] marker parser used 40 bytes (320 bits)
2021-01-16 05:30:36.173 T:3581182848 DEBUG: ffmpeg[D5748380]: [mjpeg] escaping removed 109123 bytes
2021-01-16 05:30:36.173 T:3581182848 DEBUG: ffmpeg[D5748380]: [mjpeg] marker=da avail_size_in_buf=149107
2021-01-16 05:30:36.174 T:3581182848 DEBUG: ffmpeg[D5748380]: [mjpeg] component: 0
2021-01-16 05:30:36.183 T:3581182848 DEBUG: ffmpeg[D5748380]: [mjpeg] marker parser used 39983 bytes (319857 bits)
2021-01-16 05:30:36.184 T:3581182848 DEBUG: ffmpeg[D5748380]: [mjpeg] marker=c4 avail_size_in_buf=108977
2021-01-16 05:30:36.184 T:3581182848 DEBUG: ffmpeg[D5748380]: [mjpeg] class=1 index=1 nb_codes=162
2021-01-16 05:30:36.185 T:3581182848 DEBUG: ffmpeg[D5748380]: [mjpeg] marker parser used 52 bytes (416 bits)
2021-01-16 05:30:36.186 T:3581182848 DEBUG: ffmpeg[D5748380]: [mjpeg] escaping removed 102619 bytes
2021-01-16 05:30:36.186 T:3581182848 DEBUG: ffmpeg[D5748380]: [mjpeg] marker=da avail_size_in_buf=108923
2021-01-16 05:30:36.187 T:3581182848 DEBUG: ffmpeg[D5748380]: [mjpeg] component: 1
2021-01-16 05:30:36.190 T:3581182848 DEBUG: ffmpeg[D5748380]: [mjpeg] marker parser used 6303 bytes (50422 bits)
2021-01-16 05:30:36.190 T:3581182848 DEBUG: ffmpeg[D5748380]: [mjpeg] marker=c4 avail_size_in_buf=102595
2021-01-16 05:30:36.191 T:3581182848 DEBUG: ffmpeg[D5748380]: [mjpeg] class=1 index=1 nb_codes=146
2021-01-16 05:30:36.192 T:3581182848 DEBUG: ffmpeg[D5748380]: [mjpeg] marker parser used 49 bytes (392 bits)
2021-01-16 05:30:36.193 T:3581182848 DEBUG: ffmpeg[D5748380]: [mjpeg] escaping removed 97123 bytes
2021-01-16 05:30:36.194 T:3704460160 DEBUG: ffmpeg[DCCD9380]: [mjpeg] marker parser used 17 bytes (136 bits)
2021-01-16 05:30:36.195 T:3581182848 DEBUG: ffmpeg[D5748380]: [mjpeg] marker=da avail_size_in_buf=102544
2021-01-16 05:30:36.199 T:3704460160 DEBUG: ffmpeg[DCCD9380]: [mjpeg] marker=c4 avail_size_in_buf=567420
2021-01-16 05:30:36.200 T:3581182848 DEBUG: ffmpeg[D5748380]: [mjpeg] component: 2
2021-01-16 05:30:36.200 T:3704460160 DEBUG: ffmpeg[DCCD9380]: [mjpeg] class=0 index=0 nb_codes=10
2021-01-16 05:30:36.201 T:3704460160 DEBUG: ffmpeg[DCCD9380]: [mjpeg] marker parser used 29 bytes (232 bits)
2021-01-16 05:30:36.201 T:3581182848 DEBUG: ffmpeg[D5748380]: [mjpeg] marker parser used 5420 bytes (43357 bits)
2021-01-16 05:30:36.202 T:3704460160 DEBUG: ffmpeg[DCCD9380]: [mjpeg] escaping removed 521326 bytes
2021-01-16 05:30:36.202 T:3581182848 DEBUG: ffmpeg[D5748380]: [mjpeg] marker=c4 avail_size_in_buf=97103
2021-01-16 05:30:36.203 T:3704460160 DEBUG: ffmpeg[DCCD9380]: [mjpeg] marker=da avail_size_in_buf=567389
2021-01-16 05:30:36.203 T:3581182848 DEBUG: ffmpeg[D5748380]: [mjpeg] class=1 index=0 nb_codes=242
2021-01-16 05:30:36.203 T:3704460160 DEBUG: ffmpeg[DCCD9380]: [mjpeg] component: 0
2021-01-16 05:30:36.207 T:3581182848 DEBUG: ffmpeg[D5748380]: [mjpeg] marker parser used 40 bytes (320 bits)
2021-01-16 05:30:36.208 T:3581182848 DEBUG: ffmpeg[D5748380]: [mjpeg] escaping removed 14705 bytes
2021-01-16 05:30:36.208 T:3581182848 DEBUG: ffmpeg[D5748380]: [mjpeg] marker=da avail_size_in_buf=97061
2021-01-16 05:30:36.208 T:3581182848 DEBUG: ffmpeg[D5748380]: [mjpeg] component: 0
