2021-01-16 05:30:36.220 T:3704460160 DEBUG: ffmpeg[DCCD9380]: [mjpeg] marker parser used 46062 bytes (368489 bits)
2021-01-16 05:30:36.221 T:3704460160 DEBUG: ffmpeg[DCCD9380]: [mjpeg] marker=c4 avail_size_in_buf=521253
2021-01-16 05:30:36.221 T:3704460160 DEBUG: ffmpeg[DCCD9380]: [mjpeg] class=0 index=1 nb_codes=9
2021-01-16 05:30:36.221 T:3704460160 DEBUG: ffmpeg[DCCD9380]: [mjpeg] marker parser used 28 bytes (224 bits)
2021-01-16 05:30:36.222 T:3704460160 DEBUG: ffmpeg[DCCD9380]: [mjpeg] escaping removed 511479 bytes
2021-01-16 05:30:36.222 T:3704460160 DEBUG: ffmpeg[DCCD9380]: [mjpeg] marker=da avail_size_in_buf=521223
2021-01-16 05:30:36.222 T:3704460160 DEBUG: ffmpeg[DCCD9380]: [mjpeg] component: 1
2021-01-16 05:30:36.226 T:3581182848 DEBUG: ffmpeg[D5748380]: [mjpeg] marker parser used 82355 bytes (658836 bits)
2021-01-16 05:30:36.228 T:3704460160 DEBUG: ffmpeg[DCCD9380]: [mjpeg] marker parser used 9743 bytes (77939 bits)
2021-01-16 05:30:36.231 T:3581182848 DEBUG: ffmpeg[D5748380]: [mjpeg] marker=c4 avail_size_in_buf=14326
2021-01-16 05:30:36.232 T:3704460160 DEBUG: ffmpeg[DCCD9380]: [mjpeg] marker=c4 avail_size_in_buf=511470
2021-01-16 05:30:36.232 T:3581182848 DEBUG: ffmpeg[D5748380]: [mjpeg] class=1 index=1 nb_codes=210
2021-01-16 05:30:36.233 T:3704460160 DEBUG: ffmpeg[DCCD9380]: [mjpeg] class=0 index=1 nb_codes=9
2021-01-16 05:30:36.234 T:3581182848 DEBUG: ffmpeg[D5748380]: [mjpeg] marker parser used 37 bytes (296 bits)
2021-01-16 05:30:36.235 T:3704460160 DEBUG: ffmpeg[DCCD9380]: [mjpeg] marker parser used 28 bytes (224 bits)
2021-01-16 05:30:36.236 T:3581182848 DEBUG: ffmpeg[D5748380]: [mjpeg] escaping removed 6932 bytes
2021-01-16 05:30:36.236 T:3704460160 DEBUG: ffmpeg[DCCD9380]: [mjpeg] escaping removed 501911 bytes
2021-01-16 05:30:36.237 T:3581182848 DEBUG: ffmpeg[D5748380]: [mjpeg] marker=da avail_size_in_buf=14287
2021-01-16 05:30:36.237 T:3704460160 DEBUG: ffmpeg[DCCD9380]: [mjpeg] marker=da avail_size_in_buf=511440
2021-01-16 05:30:36.237 T:3581182848 DEBUG: ffmpeg[D5748380]: [mjpeg] component: 1
2021-01-16 05:30:36.238 T:3704460160 DEBUG: ffmpeg[DCCD9380]: [mjpeg] component: 2
2021-01-16 05:30:36.239 T:3581182848 DEBUG: ffmpeg[D5748380]: [mjpeg] marker parser used 7354 bytes (58831 bits)
2021-01-16 05:30:36.240 T:3581182848 DEBUG: ffmpeg[D5748380]: [mjpeg] marker=c4 avail_size_in_buf=6885
2021-01-16 05:30:36.240 T:3581182848 DEBUG: ffmpeg[D5748380]: [mjpeg] class=1 index=1 nb_codes=178
2021-01-16 05:30:36.240 T:3581182848 DEBUG: ffmpeg[D5748380]: [mjpeg] marker parser used 35 bytes (280 bits)
2021-01-16 05:30:36.241 T:3581182848 DEBUG: ffmpeg[D5748380]: [mjpeg] escaping removed 33 bytes
2021-01-16 05:30:36.241 T:3581182848 DEBUG: ffmpeg[D5748380]: [mjpeg] marker=da avail_size_in_buf=6848
2021-01-16 05:30:36.241 T:3581182848 DEBUG: ffmpeg[D5748380]: [mjpeg] component: 2
2021-01-16 05:30:36.242 T:3704460160 DEBUG: ffmpeg[DCCD9380]: [mjpeg] marker parser used 9528 bytes (76218 bits)
2021-01-16 05:30:36.242 T:3704460160 DEBUG: ffmpeg[DCCD9380]: [mjpeg] marker=c4 avail_size_in_buf=501890
2021-01-16 05:30:36.243 T:3704460160 DEBUG: ffmpeg[DCCD9380]: [mjpeg] class=1 index=0 nb_codes=226
2021-01-16 05:30:36.243 T:3704460160 DEBUG: ffmpeg[DCCD9380]: [mjpeg] marker parser used 66 bytes (528 bits)
2021-01-16 05:30:36.244 T:3704460160 DEBUG: ffmpeg[DCCD9380]: [mjpeg] escaping removed 428771 bytes
2021-01-16 05:30:36.244 T:3581182848 DEBUG: ffmpeg[D5748380]: [mjpeg] marker parser used 6814 bytes (54511 bits)
2021-01-16 05:30:36.244 T:3704460160 DEBUG: ffmpeg[DCCD9380]: [mjpeg] marker=da avail_size_in_buf=501822
2021-01-16 05:30:36.245 T:3581182848 DEBUG: ffmpeg[D5748380]: [mjpeg] marker=d9 avail_size_in_buf=0
2021-01-16 05:30:36.245 T:3704460160 DEBUG: ffmpeg[DCCD9380]: [mjpeg] component: 0
2021-01-16 05:30:36.256 T:3704460160 DEBUG: ffmpeg[DCCD9380]: [mjpeg] marker parser used 73050 bytes (584399 bits)
2021-01-16 05:30:36.257 T:3581182848 DEBUG: ffmpeg[D5748380]: [mjpeg] decode frame unused 0 bytes
2021-01-16 05:30:36.257 T:3704460160 DEBUG: ffmpeg[DCCD9380]: [mjpeg] marker=c4 avail_size_in_buf=428548
2021-01-16 05:30:36.258 T:3704460160 DEBUG: ffmpeg[DCCD9380]: [mjpeg] class=1 index=0 nb_codes=242
2021-01-16 05:30:36.258 T:3704460160 DEBUG: ffmpeg[DCCD9380]: [mjpeg] marker parser used 44 bytes (352 bits)
2021-01-16 05:30:36.259 T:3704460160 DEBUG: ffmpeg[DCCD9380]: [mjpeg] escaping removed 367113 bytes
2021-01-16 05:30:36.260 T:3704460160 DEBUG: ffmpeg[DCCD9380]: [mjpeg] marker=da avail_size_in_buf=428502
2021-01-16 05:30:36.260 T:3704460160 DEBUG: ffmpeg[DCCD9380]: [mjpeg] component: 0
2021-01-16 05:30:36.264 T:3581182848 DEBUG: ffmpeg[D5748380]: [swscaler] No accelerated colorspace conversion found from yuv420p to bgra.
2021-01-16 05:30:36.283 T:3704460160 DEBUG: ffmpeg[DCCD9380]: [mjpeg] marker parser used 61388 bytes (491101 bits)
2021-01-16 05:30:36.283 T:3704460160 DEBUG: ffmpeg[DCCD9380]: [mjpeg] marker=c4 avail_size_in_buf=366893
2021-01-16 05:30:36.284 T:3704460160 DEBUG: ffmpeg[DCCD9380]: [mjpeg] class=1 index=0 nb_codes=242
2021-01-16 05:30:36.284 T:3704460160 DEBUG: ffmpeg[DCCD9380]: [mjpeg] marker parser used 42 bytes (336 bits)
2021-01-16 05:30:36.285 T:3581182848 DEBUG: Caching image 'https://image.tmdb.org/t/p/original/s9v5JMDkGi1Q1dwEgOaI0WHjCvx.jpg' to 'f/f02ab867.jpg':
2021-01-16 05:30:36.285 T:3704460160 DEBUG: ffmpeg[DCCD9380]: [mjpeg] escaping removed 258611 bytes
2021-01-16 05:30:36.286 T:3704460160 DEBUG: ffmpeg[DCCD9380]: [mjpeg] marker=da avail_size_in_buf=366849
2021-01-16 05:30:36.287 T:3581182848 DEBUG: ffmpeg[D5748380]: [swscaler] Forcing full internal H chroma due to input having non subsampled chroma
2021-01-16 05:30:36.288 T:3704460160 DEBUG: ffmpeg[DCCD9380]: [mjpeg] component: 0
2021-01-16 05:30:36.305 T:3269096320 DEBUG: ffmpeg[C2DA7380]: [mjpeg] marker=d8 avail_size_in_buf=1311525
2021-01-16 05:30:36.305 T:3269096320 DEBUG: ffmpeg[C2DA7380]: [mjpeg] marker parser used 0 bytes (0 bits)
2021-01-16 05:30:36.306 T:3269096320 DEBUG: ffmpeg[C2DA7380]: [mjpeg] marker=e0 avail_size_in_buf=1311523
2021-01-16 05:30:36.306 T:3269096320 DEBUG: ffmpeg[C2DA7380]: [mjpeg] marker parser used 16 bytes (128 bits)
2021-01-16 05:30:36.306 T:3269096320 DEBUG: ffmpeg[C2DA7380]: [mjpeg] marker=db avail_size_in_buf=1311505
2021-01-16 05:30:36.306 T:3269096320 DEBUG: ffmpeg[C2DA7380]: [mjpeg] index=0
2021-01-16 05:30:36.306 T:3269096320 DEBUG: ffmpeg[C2DA7380]: [mjpeg] qscale[0]: 3
2021-01-16 05:30:36.306 T:3269096320 DEBUG: ffmpeg[C2DA7380]: [mjpeg] index=1
2021-01-16 05:30:36.306 T:3269096320 DEBUG: ffmpeg[C2DA7380]: [mjpeg] qscale[1]: 3
2021-01-16 05:30:36.306 T:3269096320 DEBUG: ffmpeg[C2DA7380]: [mjpeg] marker parser used 132 bytes (1056 bits)
2021-01-16 05:30:36.306 T:3269096320 DEBUG: ffmpeg[C2DA7380]: [mjpeg] marker=c2 avail_size_in_buf=1311371
2021-01-16 05:30:36.306 T:3269096320 DEBUG: ffmpeg[C2DA7380]: [mjpeg] Changing bps from 0 to 8
2021-01-16 05:30:36.306 T:3269096320 DEBUG: ffmpeg[C2DA7380]: [mjpeg] sof0: picture: 2000x3000
2021-01-16 05:30:36.307 T:3269096320 DEBUG: ffmpeg[C2DA7380]: [mjpeg] component 0 2:2 id: 0 quant:0
2021-01-16 05:30:36.307 T:3269096320 DEBUG: ffmpeg[C2DA7380]: [mjpeg] component 1 1:1 id: 1 quant:1
2021-01-16 05:30:36.307 T:3269096320 DEBUG: ffmpeg[C2DA7380]: [mjpeg] component 2 1:1 id: 2 quant:1
2021-01-16 05:30:36.307 T:3269096320 DEBUG: ffmpeg[C2DA7380]: [mjpeg] pix fmt id 22111100
2021-01-16 05:30:36.307 T:3269096320 DEBUG: ffmpeg[C2DA7380]: [mjpeg] Format yuvj420p chosen by get_format().
2021-01-16 05:30:36.317 T:3704460160 DEBUG: ffmpeg[DCCD9380]: [mjpeg] marker parser used 108237 bytes (865893 bits)
2021-01-16 05:30:36.318 T:3704460160 DEBUG: ffmpeg[DCCD9380]: [mjpeg] marker=c4 avail_size_in_buf=258300
2021-01-16 05:30:36.319 T:3704460160 DEBUG: ffmpeg[DCCD9380]: [mjpeg] class=1 index=0 nb_codes=242
2021-01-16 05:30:36.320 T:3704460160 DEBUG: ffmpeg[DCCD9380]: [mjpeg] marker parser used 41 bytes (328 bits)
2021-01-16 05:30:36.322 T:3704460160 DEBUG: ffmpeg[DCCD9380]: [mjpeg] escaping removed 77251 bytes
2021-01-16 05:30:36.323 T:3704460160 DEBUG: ffmpeg[DCCD9380]: [mjpeg] marker=da avail_size_in_buf=258257
2021-01-16 05:30:36.323 T:3704460160 DEBUG: ffmpeg[DCCD9380]: [mjpeg] component: 0
2021-01-16 05:30:36.324 T:3809473408 DEBUG: PushCecKeypress - received key a7 duration 187
2021-01-16 05:30:36.370 T:3704460160 DEBUG: ffmpeg[DCCD9380]: [mjpeg] marker parser used 181005 bytes (1448035 bits)
2021-01-16 05:30:36.371 T:3704460160 DEBUG: ffmpeg[DCCD9380]: [mjpeg] marker=c4 avail_size_in_buf=75852
2021-01-16 05:30:36.371 T:3704460160 DEBUG: ffmpeg[DCCD9380]: [mjpeg] class=1 index=1 nb_codes=115
2021-01-16 05:30:36.372 T:3704460160 DEBUG: ffmpeg[DCCD9380]: [mjpeg] marker parser used 60 bytes (480 bits)
2021-01-16 05:30:36.373 T:3704460160 DEBUG: ffmpeg[DCCD9380]: [mjpeg] escaping removed 42388 bytes
2021-01-16 05:30:36.373 T:3704460160 DEBUG: ffmpeg[DCCD9380]: [mjpeg] marker=da avail_size_in_buf=75790
2021-01-16 05:30:36.374 T:3704460160 DEBUG: ffmpeg[DCCD9380]: [mjpeg] component: 1
2021-01-16 05:30:36.375 T:3269096320 DEBUG: ffmpeg[C2DA7380]: [mjpeg] marker parser used 17 bytes (136 bits)
2021-01-16 05:30:36.375 T:3269096320 DEBUG: ffmpeg[C2DA7380]: [mjpeg] marker=c4 avail_size_in_buf=1311352
2021-01-16 05:30:36.375 T:3269096320 DEBUG: ffmpeg[C2DA7380]: [mjpeg] class=0 index=0 nb_codes=10
2021-01-16 05:30:36.375 T:3269096320 DEBUG: ffmpeg[C2DA7380]: [mjpeg] marker parser used 29 bytes (232 bits)
2021-01-16 05:30:36.376 T:3269096320 DEBUG: ffmpeg[C2DA7380]: [mjpeg] escaping removed 1234299 bytes
2021-01-16 05:30:36.376 T:3269096320 DEBUG: ffmpeg[C2DA7380]: [mjpeg] marker=da avail_size_in_buf=1311321
2021-01-16 05:30:36.376 T:3269096320 DEBUG: ffmpeg[C2DA7380]: [mjpeg] component: 0
2021-01-16 05:30:36.377 T:3704460160 DEBUG: ffmpeg[DCCD9380]: [mjpeg] marker parser used 33401 bytes (267201 bits)
2021-01-16 05:30:36.377 T:3704460160 DEBUG: ffmpeg[DCCD9380]: [mjpeg] marker=c4 avail_size_in_buf=42315
2021-01-16 05:30:36.378 T:3704460160 DEBUG: ffmpeg[DCCD9380]: [mjpeg] class=1 index=1 nb_codes=211
2021-01-16 05:30:36.378 T:3704460160 DEBUG: ffmpeg[DCCD9380]: [mjpeg] marker parser used 68 bytes (544 bits)
2021-01-16 05:30:36.379 T:3704460160 DEBUG: ffmpeg[DCCD9380]: [mjpeg] escaping removed 36280 bytes
2021-01-16 05:30:36.379 T:3704460160 DEBUG: ffmpeg[DCCD9380]: [mjpeg] marker=da avail_size_in_buf=42245
2021-01-16 05:30:36.379 T:3704460160 DEBUG: ffmpeg[DCCD9380]: [mjpeg] component: 1
2021-01-16 05:30:36.380 T:3704460160 DEBUG: ffmpeg[DCCD9380]: [mjpeg] marker parser used 5964 bytes (47712 bits)
2021-01-16 05:30:36.380 T:3704460160 DEBUG: ffmpeg[DCCD9380]: [mjpeg] marker=c4 avail_size_in_buf=36255
2021-01-16 05:30:36.381 T:3704460160 DEBUG: ffmpeg[DCCD9380]: [mjpeg] class=1 index=1 nb_codes=115
2021-01-16 05:30:36.381 T:3704460160 DEBUG: ffmpeg[DCCD9380]: [mjpeg] marker parser used 58 bytes (464 bits)
2021-01-16 05:30:36.382 T:3704460160 DEBUG: ffmpeg[DCCD9380]: [mjpeg] escaping removed 4088 bytes
2021-01-16 05:30:36.383 T:3704460160 DEBUG: ffmpeg[DCCD9380]: [mjpeg] marker=da avail_size_in_buf=36195
2021-01-16 05:30:36.383 T:3704460160 DEBUG: ffmpeg[DCCD9380]: [mjpeg] component: 2
2021-01-16 05:30:36.388 T:3704460160 DEBUG: ffmpeg[DCCD9380]: [mjpeg] marker parser used 32106 bytes (256848 bits)
2021-01-16 05:30:36.388 T:3704460160 DEBUG: ffmpeg[DCCD9380]: [mjpeg] marker=c4 avail_size_in_buf=3986
2021-01-16 05:30:36.389 T:3704460160 DEBUG: ffmpeg[DCCD9380]: [mjpeg] class=1 index=1 nb_codes=179
2021-01-16 05:30:36.390 T:3704460160 DEBUG: ffmpeg[DCCD9380]: [mjpeg] marker parser used 56 bytes (448 bits)
2021-01-16 05:30:36.390 T:3704460160 DEBUG: ffmpeg[DCCD9380]: [mjpeg] escaping removed 24 bytes
2021-01-16 05:30:36.391 T:3704460160 DEBUG: ffmpeg[DCCD9380]: [mjpeg] marker=da avail_size_in_buf=3928
2021-01-16 05:30:36.391 T:3704460160 DEBUG: ffmpeg[DCCD9380]: [mjpeg] component: 2
2021-01-16 05:30:36.393 T:3704460160 DEBUG: ffmpeg[DCCD9380]: [mjpeg] marker parser used 3903 bytes (31218 bits)
2021-01-16 05:30:36.393 T:3704460160 DEBUG: ffmpeg[DCCD9380]: [mjpeg] marker=d9 avail_size_in_buf=0
2021-01-16 05:30:36.410 T:3269096320 DEBUG: ffmpeg[C2DA7380]: [mjpeg] marker parser used 77021 bytes (616164 bits)
2021-01-16 05:30:36.411 T:3269096320 DEBUG: ffmpeg[C2DA7380]: [mjpeg] marker=c4 avail_size_in_buf=1234159
2021-01-16 05:30:36.411 T:3269096320 DEBUG: ffmpeg[C2DA7380]: [mjpeg] class=0 index=1 nb_codes=8
2021-01-16 05:30:36.411 T:3269096320 DEBUG: ffmpeg[C2DA7380]: [mjpeg] marker parser used 27 bytes (216 bits)
2021-01-16 05:30:36.411 T:3269096320 DEBUG: ffmpeg[C2DA7380]: [mjpeg] escaping removed 1221332 bytes
2021-01-16 05:30:36.412 T:3269096320 DEBUG: ffmpeg[C2DA7380]: [mjpeg] marker=da avail_size_in_buf=1234130
2021-01-16 05:30:36.412 T:3269096320 DEBUG: ffmpeg[C2DA7380]: [mjpeg] component: 1
2021-01-16 05:30:36.421 T:3269096320 DEBUG: ffmpeg[C2DA7380]: [mjpeg] marker parser used 12797 bytes (102370 bits)
2021-01-16 05:30:36.422 T:3269096320 DEBUG: ffmpeg[C2DA7380]: [mjpeg] marker=c4 avail_size_in_buf=1221310
2021-01-16 05:30:36.422 T:3269096320 DEBUG: ffmpeg[C2DA7380]: [mjpeg] class=0 index=1 nb_codes=8
2021-01-16 05:30:36.423 T:3269096320 DEBUG: ffmpeg[C2DA7380]: [mjpeg] marker parser used 27 bytes (216 bits)
2021-01-16 05:30:36.424 T:3269096320 DEBUG: ffmpeg[C2DA7380]: [mjpeg] escaping removed 1208809 bytes
2021-01-16 05:30:36.424 T:3269096320 DEBUG: ffmpeg[C2DA7380]: [mjpeg] marker=da avail_size_in_buf=1221281
2021-01-16 05:30:36.424 T:3269096320 DEBUG: ffmpeg[C2DA7380]: [mjpeg] component: 2
2021-01-16 05:30:36.436 T:3269096320 DEBUG: ffmpeg[C2DA7380]: [mjpeg] marker parser used 12471 bytes (99762 bits)
2021-01-16 05:30:36.437 T:3269096320 DEBUG: ffmpeg[C2DA7380]: [mjpeg] marker=c4 avail_size_in_buf=1208807
2021-01-16 05:30:36.437 T:3269096320 DEBUG: ffmpeg[C2DA7380]: [mjpeg] class=1 index=0 nb_codes=162
2021-01-16 05:30:36.438 T:3269096320 DEBUG: ffmpeg[C2DA7380]: [mjpeg] marker parser used 68 bytes (544 bits)
2021-01-16 05:30:36.439 T:3704460160 DEBUG: ffmpeg[DCCD9380]: [mjpeg] decode frame unused 0 bytes
2021-01-16 05:30:36.442 T:3269096320 DEBUG: ffmpeg[C2DA7380]: [mjpeg] escaping removed 564666 bytes
2021-01-16 05:30:36.442 T:3269096320 DEBUG: ffmpeg[C2DA7380]: [mjpeg] marker=da avail_size_in_buf=1208737
2021-01-16 05:30:36.443 T:3269096320 DEBUG: ffmpeg[C2DA7380]: [mjpeg] component: 0
2021-01-16 05:30:36.489 T:3269096320 DEBUG: ffmpeg[C2DA7380]: [mjpeg] marker parser used 644070 bytes (5152559 bits)
2021-01-16 05:30:36.490 T:3269096320 DEBUG: ffmpeg[C2DA7380]: [mjpeg] marker=c4 avail_size_in_buf=560950
2021-01-16 05:30:36.490 T:3269096320 DEBUG: ffmpeg[C2DA7380]: [mjpeg] class=1 index=0 nb_codes=243
2021-01-16 05:30:36.491 T:3269096320 DEBUG: ffmpeg[C2DA7380]: [mjpeg] marker parser used 77 bytes (616 bits)
2021-01-16 05:30:36.493 T:3269096320 DEBUG: ffmpeg[C2DA7380]: [mjpeg] escaping removed 144381 bytes
2021-01-16 05:30:36.493 T:3269096320 DEBUG: ffmpeg[C2DA7380]: [mjpeg] marker=da avail_size_in_buf=560871
2021-01-16 05:30:36.494 T:3269096320 DEBUG: ffmpeg[C2DA7380]: [mjpeg] component: 0
2021-01-16 05:30:36.528 T:3269096320 DEBUG: ffmpeg[C2DA7380]: [mjpeg] marker parser used 416489 bytes (3331905 bits)
2021-01-16 05:30:36.529 T:3269096320 DEBUG: ffmpeg[C2DA7380]: [mjpeg] marker=c4 avail_size_in_buf=142577
2021-01-16 05:30:36.529 T:3269096320 DEBUG: ffmpeg[C2DA7380]: [mjpeg] class=1 index=1 nb_codes=178
2021-01-16 05:30:36.529 T:3269096320 DEBUG: ffmpeg[C2DA7380]: [mjpeg] marker parser used 51 bytes (408 bits)
2021-01-16 05:30:36.529 T:3269096320 DEBUG: ffmpeg[C2DA7380]: [mjpeg] escaping removed 136042 bytes
2021-01-16 05:30:36.529 T:3269096320 DEBUG: ffmpeg[C2DA7380]: [mjpeg] marker=da avail_size_in_buf=142524
2021-01-16 05:30:36.529 T:3269096320 DEBUG: ffmpeg[C2DA7380]: [mjpeg] component: 1
2021-01-16 05:30:36.531 T:3269096320 DEBUG: ffmpeg[C2DA7380]: [mjpeg] marker parser used 6481 bytes (51847 bits)
2021-01-16 05:30:36.531 T:3269096320 DEBUG: ffmpeg[C2DA7380]: [mjpeg] marker=c4 avail_size_in_buf=136024
2021-01-16 05:30:36.531 T:3269096320 DEBUG: ffmpeg[C2DA7380]: [mjpeg] class=1 index=1 nb_codes=130
2021-01-16 05:30:36.532 T:3269096320 DEBUG: ffmpeg[C2DA7380]: [mjpeg] marker parser used 44 bytes (352 bits)
2021-01-16 05:30:36.532 T:3269096320 DEBUG: ffmpeg[C2DA7380]: [mjpeg] escaping removed 131728 bytes
2021-01-16 05:30:36.532 T:3269096320 DEBUG: ffmpeg[C2DA7380]: [mjpeg] marker=da avail_size_in_buf=135978
2021-01-16 05:30:36.532 T:3269096320 DEBUG: ffmpeg[C2DA7380]: [mjpeg] component: 2
2021-01-16 05:30:36.533 T:3269096320 DEBUG: ffmpeg[C2DA7380]: [mjpeg] marker parser used 4249 bytes (33992 bits)
2021-01-16 05:30:36.534 T:3269096320 DEBUG: ffmpeg[C2DA7380]: [mjpeg] marker=c4 avail_size_in_buf=131722
2021-01-16 05:30:36.534 T:3269096320 DEBUG: ffmpeg[C2DA7380]: [mjpeg] class=1 index=1 nb_codes=242
2021-01-16 05:30:36.534 T:3269096320 DEBUG: ffmpeg[C2DA7380]: [mjpeg] marker parser used 43 bytes (344 bits)
2021-01-16 05:30:36.535 T:3269096320 DEBUG: ffmpeg[C2DA7380]: [mjpeg] escaping removed 115508 bytes
2021-01-16 05:30:36.535 T:3269096320 DEBUG: ffmpeg[C2DA7380]: [mjpeg] marker=da avail_size_in_buf=131677
2021-01-16 05:30:36.535 T:3269096320 DEBUG: ffmpeg[C2DA7380]: [mjpeg] component: 1
2021-01-16 05:30:36.538 T:3269096320 DEBUG: ffmpeg[C2DA7380]: [mjpeg] marker parser used 16168 bytes (129337 bits)
2021-01-16 05:30:36.539 T:3269096320 DEBUG: ffmpeg[C2DA7380]: [mjpeg] marker=c4 avail_size_in_buf=115460
2021-01-16 05:30:36.539 T:3269096320 DEBUG: ffmpeg[C2DA7380]: [mjpeg] class=1 index=1 nb_codes=242
2021-01-16 05:30:36.539 T:3269096320 DEBUG: ffmpeg[C2DA7380]: [mjpeg] marker parser used 42 bytes (336 bits)
2021-01-16 05:30:36.539 T:3269096320 DEBUG: ffmpeg[C2DA7380]: [mjpeg] escaping removed 100832 bytes
2021-01-16 05:30:36.539 T:3269096320 DEBUG: ffmpeg[C2DA7380]: [mjpeg] marker=da avail_size_in_buf=115416
2021-01-16 05:30:36.539 T:3269096320 DEBUG: ffmpeg[C2DA7380]: [mjpeg] component: 2
2021-01-16 05:30:36.543 T:3269096320 DEBUG: ffmpeg[C2DA7380]: [mjpeg] marker parser used 14583 bytes (116660 bits)
2021-01-16 05:30:36.543 T:3269096320 DEBUG: ffmpeg[C2DA7380]: [mjpeg] marker=c4 avail_size_in_buf=100794
2021-01-16 05:30:36.543 T:3269096320 DEBUG: ffmpeg[C2DA7380]: [mjpeg] class=1 index=1 nb_codes=242
2021-01-16 05:30:36.543 T:3269096320 DEBUG: ffmpeg[C2DA7380]: [mjpeg] marker parser used 40 bytes (320 bits)
2021-01-16 05:30:36.543 T:3269096320 DEBUG: ffmpeg[C2DA7380]: [mjpeg] escaping removed 50254 bytes
2021-01-16 05:30:36.543 T:3269096320 DEBUG: ffmpeg[C2DA7380]: [mjpeg] marker=da avail_size_in_buf=100752
2021-01-16 05:30:36.544 T:3269096320 DEBUG: ffmpeg[C2DA7380]: [mjpeg] component: 1
2021-01-16 05:30:36.553 T:3269096320 DEBUG: ffmpeg[C2DA7380]: [mjpeg] marker parser used 50497 bytes (403974 bits)
2021-01-16 05:30:36.553 T:3269096320 DEBUG: ffmpeg[C2DA7380]: [mjpeg] marker=c4 avail_size_in_buf=50139
2021-01-16 05:30:36.554 T:3269096320 DEBUG: ffmpeg[C2DA7380]: [mjpeg] class=1 index=1 nb_codes=242
2021-01-16 05:30:36.554 T:3269096320 DEBUG: ffmpeg[C2DA7380]: [mjpeg] marker parser used 40 bytes (320 bits)
2021-01-16 05:30:36.554 T:3269096320 DEBUG: ffmpeg[C2DA7380]: [mjpeg] escaping removed 200 bytes
2021-01-16 05:30:36.555 T:3269096320 DEBUG: ffmpeg[C2DA7380]: [mjpeg] marker=da avail_size_in_buf=50097
2021-01-16 05:30:36.555 T:3269096320 DEBUG: ffmpeg[C2DA7380]: [mjpeg] component: 2
2021-01-16 05:30:36.565 T:3269096320 DEBUG: ffmpeg[C2DA7380]: [mjpeg] marker parser used 49896 bytes (399165 bits)
2021-01-16 05:30:36.566 T:3269096320 DEBUG: ffmpeg[C2DA7380]: [mjpeg] marker=d9 avail_size_in_buf=0
2021-01-16 05:30:36.623 T:3269096320 DEBUG: ffmpeg[C2DA7380]: [mjpeg] decode frame unused 0 bytes
2021-01-16 05:30:36.638 T:3269096320 DEBUG: ffmpeg[C2DA7380]: [swscaler] No accelerated colorspace conversion found from yuv420p to bgra.
2021-01-16 05:30:36.654 T:3581182848 DEBUG: cached image 'special://masterprofile/Thumbnails/f/f02ab867.jpg' size 480x720
2021-01-16 05:30:36.656 T:3581182848 DEBUG: ffmpeg[D5748380]: [mjpeg] intra_quant_bias = 96 inter_quant_bias = 0
2021-01-16 05:30:36.692 T:3809473408 DEBUG: PushCecKeypress - received key b duration 0
2021-01-16 05:30:36.713 T:4090851344 DEBUG: HandleKey: 11 (0x0b, obc244) pressed, action is Select
2021-01-16 05:30:36.717 T:3408565120 DEBUG: Thread LanguageInvoker start, auto delete: false
2021-01-16 05:30:36.719 T:3408565120 INFO: initializing python engine.
2021-01-16 05:30:36.719 T:3408565120 DEBUG: CPythonInvoker(2, /usr/share/kodi/addons/service.coreelec.settings/default.py): start processing
2021-01-16 05:30:36.726 T:3269096320 DEBUG: Caching image 'https://image.tmdb.org/t/p/original/qnQC8wpfzGXvIc6rG4NLhsieseE.jpg' to '9/92885255.jpg':
2021-01-16 05:30:36.728 T:3269096320 DEBUG: ffmpeg[C2DA7380]: [swscaler] Forcing full internal H chroma due to input having non subsampled chroma
2021-01-16 05:30:36.823 T:3408565120 DEBUG: -->Python Interpreter Initialized<--
2021-01-16 05:30:36.823 T:3408565120 DEBUG: CPythonInvoker(2, /usr/share/kodi/addons/service.coreelec.settings/default.py): the source file to load is "/usr/share/kodi/addons/service.coreelec.settings/default.py"
2021-01-16 05:30:36.824 T:3408565120 DEBUG: CPythonInvoker(2, /usr/share/kodi/addons/service.coreelec.settings/default.py): setting the Python path to /usr/share/kodi/addons/service.coreelec.settings:/usr/lib/python27.zip:/usr/lib/python2.7:/usr/lib/python2.7/plat-linux2:/usr/lib/python2.7/lib-tk:/usr/lib/python2.7/lib-old:/usr/lib/python2.7/lib-dynload:/usr/lib/python2.7/site-packages:/usr/lib/python2.7/site-packages/gtk-2.0
2021-01-16 05:30:36.824 T:3408565120 DEBUG: CPythonInvoker(2, /usr/share/kodi/addons/service.coreelec.settings/default.py): entering source directory /usr/share/kodi/addons/service.coreelec.settings
2021-01-16 05:30:36.825 T:3408565120 DEBUG: CPythonInvoker(2, /usr/share/kodi/addons/service.coreelec.settings/default.py): instantiating addon using automatically obtained id of "service.coreelec.settings" dependent on version 2.1.0 of the xbmc.python api
2021-01-16 05:30:36.850 T:3763336064 INFO: ## CoreELEC Addon ## _service_::run ## MESSAGE:'openConfigurationWindow'
2021-01-16 05:30:36.852 T:3408565120 INFO: CPythonInvoker(2, /usr/share/kodi/addons/service.coreelec.settings/default.py): script successfully run
2021-01-16 05:30:36.852 T:3408565120 DEBUG: onExecutionDone(2, /usr/share/kodi/addons/service.coreelec.settings/default.py)
2021-01-16 05:30:36.879 T:3809473408 DEBUG: PushCecKeypress - received key b duration 187
2021-01-16 05:30:36.923 T:3408565120 INFO: Python interpreter stopped
2021-01-16 05:30:36.923 T:3408565120 DEBUG: Thread LanguageInvoker 3408565120 terminating
2021-01-16 05:30:36.923 T:3763336064 INFO: ## CoreELEC Addon ## _service_::run ## WAITING:
2021-01-16 05:30:36.951 T:4090851344 DEBUG: ------ Window Init (/usr/share/kodi/addons/service.coreelec.settings/resources/skins/skin.estuary/xml/service-CoreELEC-Settings-mainWindow.xml) ------
2021-01-16 05:30:36.951 T:4090851344 INFO: Loading skin file: /usr/share/kodi/addons/service.coreelec.settings/resources/skins/skin.estuary/xml/service-CoreELEC-Settings-mainWindow.xml, load type: LOAD_ON_GUI_INIT
2021-01-16 05:30:37.016 T:3704460160 DEBUG: Caching image 'https://image.tmdb.org/t/p/original/tPkPeQqL2Pkqv61fuQwGbFerGJN.jpg' to '0/06bc9b60.jpg':
2021-01-16 05:30:37.016 T:3704460160 DEBUG: ffmpeg[DCCD9380]: [swscaler] Forcing full internal H chroma due to odd output size
2021-01-16 05:30:37.016 T:3704460160 DEBUG: ffmpeg[DCCD9380]: [swscaler] Forcing full internal H chroma due to input having non subsampled chroma
2021-01-16 05:30:37.038 T:4090851344 DEBUG: ffmpeg[F3D57010]: [swscaler] Forcing full internal H chroma due to input having non subsampled chroma
2021-01-16 05:30:37.046 T:4090851344 DEBUG: Previous line repeats 1 times.
2021-01-16 05:30:37.046 T:4090851344 ERROR: Control 1000 in window 13001 has been asked to focus, but it can't
2021-01-16 05:30:37.052 T:4090851344 DEBUG: ffmpeg[F3D57010]: [mjpeg] marker=d8 avail_size_in_buf=77472
2021-01-16 05:30:37.052 T:4090851344 DEBUG: ffmpeg[F3D57010]: [mjpeg] marker parser used 0 bytes (0 bits)
2021-01-16 05:30:37.052 T:4090851344 DEBUG: ffmpeg[F3D57010]: [mjpeg] marker=e1 avail_size_in_buf=77470
2021-01-16 05:30:37.052 T:4090851344 DEBUG: ffmpeg[F3D57010]: [mjpeg] marker parser used 1812 bytes (14496 bits)
2021-01-16 05:30:37.052 T:4090851344 DEBUG: ffmpeg[F3D57010]: [mjpeg] marker=ed avail_size_in_buf=75655
2021-01-16 05:30:37.052 T:4090851344 DEBUG: ffmpeg[F3D57010]: [mjpeg] marker parser used 3757 bytes (30056 bits)
2021-01-16 05:30:37.052 T:4090851344 DEBUG: ffmpeg[F3D57010]: [mjpeg] marker=e1 avail_size_in_buf=71895
2021-01-16 05:30:37.053 T:4090851344 DEBUG: ffmpeg[F3D57010]: [mjpeg] marker parser used 3993 bytes (31944 bits)
2021-01-16 05:30:37.053 T:4090851344 DEBUG: ffmpeg[F3D57010]: [mjpeg] marker=e2 avail_size_in_buf=67899
2021-01-16 05:30:37.053 T:4090851344 DEBUG: ffmpeg[F3D57010]: [mjpeg] marker parser used 3160 bytes (25280 bits)
2021-01-16 05:30:37.053 T:4090851344 DEBUG: ffmpeg[F3D57010]: [mjpeg] marker=ee avail_size_in_buf=64737
2021-01-16 05:30:37.053 T:4090851344 DEBUG: ffmpeg[F3D57010]: [mjpeg] marker parser used 14 bytes (112 bits)
2021-01-16 05:30:37.053 T:4090851344 DEBUG: ffmpeg[F3D57010]: [mjpeg] marker=db avail_size_in_buf=64721
2021-01-16 05:30:37.053 T:4090851344 DEBUG: ffmpeg[F3D57010]: [mjpeg] index=0
2021-01-16 05:30:37.053 T:4090851344 DEBUG: ffmpeg[F3D57010]: [mjpeg] qscale[0]: 1
2021-01-16 05:30:37.053 T:4090851344 DEBUG: ffmpeg[F3D57010]: [mjpeg] index=1
2021-01-16 05:30:37.053 T:4090851344 DEBUG: ffmpeg[F3D57010]: [mjpeg] qscale[1]: 3
2021-01-16 05:30:37.053 T:4090851344 DEBUG: ffmpeg[F3D57010]: [mjpeg] marker parser used 132 bytes (1056 bits)
2021-01-16 05:30:37.053 T:4090851344 DEBUG: ffmpeg[F3D57010]: [mjpeg] marker=c0 avail_size_in_buf=64587
2021-01-16 05:30:37.053 T:4090851344 DEBUG: ffmpeg[F3D57010]: [mjpeg] Changing bps from 0 to 8
2021-01-16 05:30:37.053 T:4090851344 DEBUG: ffmpeg[F3D57010]: [mjpeg] sof0: picture: 1280x720
2021-01-16 05:30:37.053 T:4090851344 DEBUG: ffmpeg[F3D57010]: [mjpeg] component 0 1:1 id: 0 quant:0
2021-01-16 05:30:37.053 T:4090851344 DEBUG: ffmpeg[F3D57010]: [mjpeg] component 1 1:1 id: 1 quant:1
2021-01-16 05:30:37.053 T:4090851344 DEBUG: ffmpeg[F3D57010]: [mjpeg] component 2 1:1 id: 2 quant:1
2021-01-16 05:30:37.053 T:4090851344 DEBUG: ffmpeg[F3D57010]: [mjpeg] pix fmt id 11111100
2021-01-16 05:30:37.054 T:4090851344 DEBUG: ffmpeg[F3D57010]: [mjpeg] Format yuvj444p chosen by get_format().
2021-01-16 05:30:37.058 T:4090851344 DEBUG: ffmpeg[F3D57010]: [mjpeg] marker parser used 17 bytes (136 bits)
2021-01-16 05:30:37.059 T:4090851344 DEBUG: ffmpeg[F3D57010]: [mjpeg] marker=dd avail_size_in_buf=64568
2021-01-16 05:30:37.059 T:4090851344 DEBUG: ffmpeg[F3D57010]: [mjpeg] restart interval: 160
2021-01-16 05:30:37.059 T:4090851344 DEBUG: ffmpeg[F3D57010]: [mjpeg] marker parser used 4 bytes (32 bits)
2021-01-16 05:30:37.059 T:4090851344 DEBUG: ffmpeg[F3D57010]: [mjpeg] marker=c4 avail_size_in_buf=64562
2021-01-16 05:30:37.059 T:4090851344 DEBUG: ffmpeg[F3D57010]: [mjpeg] class=0 index=0 nb_codes=12
2021-01-16 05:30:37.059 T:4090851344 DEBUG: ffmpeg[F3D57010]: [mjpeg] class=0 index=1 nb_codes=12
2021-01-16 05:30:37.059 T:4090851344 DEBUG: ffmpeg[F3D57010]: [mjpeg] class=1 index=0 nb_codes=251
2021-01-16 05:30:37.059 T:4090851344 DEBUG: ffmpeg[F3D57010]: [mjpeg] class=1 index=1 nb_codes=251
2021-01-16 05:30:37.059 T:4090851344 DEBUG: ffmpeg[F3D57010]: [mjpeg] marker parser used 418 bytes (3344 bits)
2021-01-16 05:30:37.060 T:4090851344 DEBUG: ffmpeg[F3D57010]: [mjpeg] escaping removed 310 bytes
2021-01-16 05:30:37.060 T:4090851344 DEBUG: ffmpeg[F3D57010]: [mjpeg] marker=da avail_size_in_buf=64142
2021-01-16 05:30:37.060 T:4090851344 DEBUG: ffmpeg[F3D57010]: [mjpeg] component: 0
2021-01-16 05:30:37.060 T:4090851344 DEBUG: ffmpeg[F3D57010]: [mjpeg] component: 1
2021-01-16 05:30:37.060 T:4090851344 DEBUG: ffmpeg[F3D57010]: [mjpeg] component: 2
2021-01-16 05:30:37.083 T:4090851344 DEBUG: ffmpeg[F3D57010]: [mjpeg] marker parser used 63831 bytes (510641 bits)
2021-01-16 05:30:37.083 T:4090851344 DEBUG: ffmpeg[F3D57010]: [mjpeg] marker=d9 avail_size_in_buf=0
2021-01-16 05:30:37.084 T:4090851344 DEBUG: ffmpeg[F3D57010]: [mjpeg] decode frame unused 0 bytes
2021-01-16 05:30:37.084 T:4090851344 DEBUG: ffmpeg[F3D57010]: [swscaler] Forcing full internal H chroma due to input having non subsampled chroma
2021-01-16 05:30:37.290 T:3608322944 DEBUG: Previous line repeats 3 times.
2021-01-16 05:30:37.290 T:3608322944 DEBUG: CCurlFile::GetMimeType - https://image.tmdb.org/t/p/original/aeVQKytnbf0QglvlqQ5TxgNFz2U.jpg -> image/jpeg
2021-01-16 05:30:37.291 T:3608322944 DEBUG: CurlFile::Open(0x3a6f5b8) https://image.tmdb.org/t/p/original/aeVQKytnbf0QglvlqQ5TxgNFz2U.jpg
2021-01-16 05:30:37.293 T:3581182848 DEBUG: CCurlFile::GetMimeType - https://image.tmdb.org/t/p/original/uhbV1HbshSatTqDFGFHF8qwnYul.jpg -> image/jpeg
2021-01-16 05:30:37.293 T:3581182848 DEBUG: CurlFile::Open(0xe3e34470) https://image.tmdb.org/t/p/original/uhbV1HbshSatTqDFGFHF8qwnYul.jpg
2021-01-16 05:30:37.334 T:3608322944 DEBUG: ffmpeg[D712A380]: [mjpeg] marker=d8 avail_size_in_buf=64728
2021-01-16 05:30:37.335 T:3608322944 DEBUG: ffmpeg[D712A380]: [mjpeg] marker parser used 0 bytes (0 bits)
2021-01-16 05:30:37.335 T:3608322944 DEBUG: ffmpeg[D712A380]: [mjpeg] marker=e0 avail_size_in_buf=64726
2021-01-16 05:30:37.336 T:3608322944 DEBUG: ffmpeg[D712A380]: [mjpeg] marker parser used 16 bytes (128 bits)
2021-01-16 05:30:37.336 T:3608322944 DEBUG: ffmpeg[D712A380]: [mjpeg] marker=db avail_size_in_buf=64708
2021-01-16 05:30:37.336 T:3608322944 DEBUG: ffmpeg[D712A380]: [mjpeg] index=0
2021-01-16 05:30:37.336 T:3608322944 DEBUG: ffmpeg[D712A380]: [mjpeg] qscale[0]: 5
2021-01-16 05:30:37.336 T:3608322944 DEBUG: ffmpeg[D712A380]: [mjpeg] index=1
2021-01-16 05:30:37.336 T:3608322944 DEBUG: ffmpeg[D712A380]: [mjpeg] qscale[1]: 5
2021-01-16 05:30:37.336 T:3608322944 DEBUG: ffmpeg[D712A380]: [mjpeg] marker parser used 132 bytes (1056 bits)
2021-01-16 05:30:37.336 T:3608322944 DEBUG: ffmpeg[D712A380]: [mjpeg] marker=c2 avail_size_in_buf=64574
2021-01-16 05:30:37.336 T:3608322944 DEBUG: ffmpeg[D712A380]: [mjpeg] Changing bps from 0 to 8
2021-01-16 05:30:37.336 T:3608322944 DEBUG: ffmpeg[D712A380]: [mjpeg] sof0: picture: 1000x1500
2021-01-16 05:30:37.336 T:3608322944 DEBUG: ffmpeg[D712A380]: [mjpeg] component 0 2:2 id: 0 quant:0
2021-01-16 05:30:37.336 T:3608322944 DEBUG: ffmpeg[D712A380]: [mjpeg] component 1 1:1 id: 1 quant:1
2021-01-16 05:30:37.336 T:3608322944 DEBUG: ffmpeg[D712A380]: [mjpeg] component 2 1:1 id: 2 quant:1
2021-01-16 05:30:37.336 T:3608322944 DEBUG: ffmpeg[D712A380]: [mjpeg] pix fmt id 22111100
2021-01-16 05:30:37.339 T:3608322944 DEBUG: ffmpeg[D712A380]: [mjpeg] Format yuvj420p chosen by get_format().
2021-01-16 05:30:37.352 T:4090851344 DEBUG: ffmpeg[F3D57010]: [swscaler] Forcing full internal H chroma due to input having non subsampled chroma
2021-01-16 05:30:37.359 T:3608322944 DEBUG: ffmpeg[D712A380]: [mjpeg] marker parser used 17 bytes (136 bits)
2021-01-16 05:30:37.359 T:3608322944 DEBUG: ffmpeg[D712A380]: [mjpeg] marker=c4 avail_size_in_buf=64555
2021-01-16 05:30:37.359 T:3608322944 DEBUG: ffmpeg[D712A380]: [mjpeg] class=0 index=0 nb_codes=9
2021-01-16 05:30:37.359 T:3608322944 DEBUG: ffmpeg[D712A380]: [mjpeg] marker parser used 28 bytes (224 bits)
2021-01-16 05:30:37.359 T:3608322944 DEBUG: ffmpeg[D712A380]: [mjpeg] escaping removed 55227 bytes
2021-01-16 05:30:37.359 T:3608322944 DEBUG: ffmpeg[D712A380]: [mjpeg] marker=da avail_size_in_buf=64525
2021-01-16 05:30:37.359 T:3608322944 DEBUG: ffmpeg[D712A380]: [mjpeg] component: 0
2021-01-16 05:30:37.365 T:3608322944 DEBUG: ffmpeg[D712A380]: [mjpeg] marker parser used 9297 bytes (74376 bits)
2021-01-16 05:30:37.366 T:3608322944 DEBUG: ffmpeg[D712A380]: [mjpeg] marker=c4 avail_size_in_buf=55198
2021-01-16 05:30:37.366 T:3608322944 DEBUG: ffmpeg[D712A380]: [mjpeg] class=0 index=1 nb_codes=7
2021-01-16 05:30:37.375 T:3608322944 DEBUG: ffmpeg[D712A380]: [mjpeg] marker parser used 26 bytes (208 bits)
2021-01-16 05:30:37.375 T:3608322944 DEBUG: ffmpeg[D712A380]: [mjpeg] escaping removed 53116 bytes
2021-01-16 05:30:37.375 T:3608322944 DEBUG: ffmpeg[D712A380]: [mjpeg] marker=da avail_size_in_buf=55170
2021-01-16 05:30:37.376 T:3608322944 DEBUG: ffmpeg[D712A380]: [mjpeg] component: 1
2021-01-16 05:30:37.376 T:3581182848 DEBUG: ffmpeg[D5748380]: [mjpeg] marker=d8 avail_size_in_buf=210012
2021-01-16 05:30:37.377 T:3581182848 DEBUG: ffmpeg[D5748380]: [mjpeg] marker parser used 0 bytes (0 bits)
2021-01-16 05:30:37.377 T:3581182848 DEBUG: ffmpeg[D5748380]: [mjpeg] marker=e0 avail_size_in_buf=210010
2021-01-16 05:30:37.378 T:3608322944 DEBUG: ffmpeg[D712A380]: [mjpeg] marker parser used 2053 bytes (16419 bits)
2021-01-16 05:30:37.379 T:3581182848 DEBUG: ffmpeg[D5748380]: [mjpeg] marker parser used 16 bytes (128 bits)
2021-01-16 05:30:37.379 T:3608322944 DEBUG: ffmpeg[D712A380]: [mjpeg] marker=c4 avail_size_in_buf=53112
2021-01-16 05:30:37.380 T:3581182848 DEBUG: ffmpeg[D5748380]: [mjpeg] marker=db avail_size_in_buf=209992
2021-01-16 05:30:37.381 T:3608322944 DEBUG: ffmpeg[D712A380]: [mjpeg] class=0 index=1 nb_codes=7
2021-01-16 05:30:37.381 T:3581182848 DEBUG: ffmpeg[D5748380]: [mjpeg] index=0
2021-01-16 05:30:37.382 T:3608322944 DEBUG: ffmpeg[D712A380]: [mjpeg] marker parser used 26 bytes (208 bits)
2021-01-16 05:30:37.383 T:3581182848 DEBUG: ffmpeg[D5748380]: [mjpeg] qscale[0]: 3
2021-01-16 05:30:37.383 T:3608322944 DEBUG: ffmpeg[D712A380]: [mjpeg] escaping removed 51246 bytes
2021-01-16 05:30:37.384 T:3581182848 DEBUG: ffmpeg[D5748380]: [mjpeg] index=1
2021-01-16 05:30:37.384 T:3608322944 DEBUG: ffmpeg[D712A380]: [mjpeg] marker=da avail_size_in_buf=53084
2021-01-16 05:30:37.385 T:3581182848 DEBUG: ffmpeg[D5748380]: [mjpeg] qscale[1]: 3
2021-01-16 05:30:37.386 T:3608322944 DEBUG: ffmpeg[D712A380]: [mjpeg] component: 2
2021-01-16 05:30:37.389 T:3581182848 DEBUG: ffmpeg[D5748380]: [mjpeg] marker parser used 132 bytes (1056 bits)
2021-01-16 05:30:37.389 T:3608322944 DEBUG: ffmpeg[D712A380]: [mjpeg] marker parser used 1837 bytes (14689 bits)
2021-01-16 05:30:37.390 T:3581182848 DEBUG: ffmpeg[D5748380]: [mjpeg] marker=c2 avail_size_in_buf=209858
2021-01-16 05:30:37.390 T:3581182848 DEBUG: ffmpeg[D5748380]: [mjpeg] Changing bps from 0 to 8
2021-01-16 05:30:37.391 T:3581182848 DEBUG: ffmpeg[D5748380]: [mjpeg] sof0: picture: 1000x1500
2021-01-16 05:30:37.391 T:3581182848 DEBUG: ffmpeg[D5748380]: [mjpeg] component 0 2:2 id: 0 quant:0
2021-01-16 05:30:37.391 T:3581182848 DEBUG: ffmpeg[D5748380]: [mjpeg] component 1 1:1 id: 1 quant:1
2021-01-16 05:30:37.391 T:3581182848 DEBUG: ffmpeg[D5748380]: [mjpeg] component 2 1:1 id: 2 quant:1
2021-01-16 05:30:37.391 T:3581182848 DEBUG: ffmpeg[D5748380]: [mjpeg] pix fmt id 22111100
2021-01-16 05:30:37.391 T:3581182848 DEBUG: ffmpeg[D5748380]: [mjpeg] Format yuvj420p chosen by get_format().
2021-01-16 05:30:37.403 T:3608322944 DEBUG: ffmpeg[D712A380]: [mjpeg] marker=c4 avail_size_in_buf=51245
2021-01-16 05:30:37.403 T:3608322944 DEBUG: ffmpeg[D712A380]: [mjpeg] class=1 index=0 nb_codes=242
2021-01-16 05:30:37.403 T:3608322944 DEBUG: ffmpeg[D712A380]: [mjpeg] marker parser used 78 bytes (624 bits)
2021-01-16 05:30:37.404 T:3608322944 DEBUG: ffmpeg[D712A380]: [mjpeg] escaping removed 30623 bytes
2021-01-16 05:30:37.404 T:3608322944 DEBUG: ffmpeg[D712A380]: [mjpeg] marker=da avail_size_in_buf=51165
2021-01-16 05:30:37.404 T:3608322944 DEBUG: ffmpeg[D712A380]: [mjpeg] component: 0
2021-01-16 05:30:37.411 T:3581182848 DEBUG: ffmpeg[D5748380]: [mjpeg] marker parser used 17 bytes (136 bits)
2021-01-16 05:30:37.411 T:3581182848 DEBUG: ffmpeg[D5748380]: [mjpeg] marker=c4 avail_size_in_buf=209839
2021-01-16 05:30:37.411 T:3581182848 DEBUG: ffmpeg[D5748380]: [mjpeg] class=0 index=0 nb_codes=10
2021-01-16 05:30:37.412 T:3581182848 DEBUG: ffmpeg[D5748380]: [mjpeg] marker parser used 29 bytes (232 bits)
2021-01-16 05:30:37.412 T:3608322944 DEBUG: ffmpeg[D712A380]: [mjpeg] marker parser used 20541 bytes (164327 bits)
2021-01-16 05:30:37.413 T:3581182848 DEBUG: ffmpeg[D5748380]: [mjpeg] escaping removed 191727 bytes
2021-01-16 05:30:37.423 T:3608322944 DEBUG: ffmpeg[D712A380]: [mjpeg] marker=c4 avail_size_in_buf=30544
2021-01-16 05:30:37.423 T:3581182848 DEBUG: ffmpeg[D5748380]: [mjpeg] marker=da avail_size_in_buf=209808
2021-01-16 05:30:37.424 T:3608322944 DEBUG: ffmpeg[D712A380]: [mjpeg] class=1 index=0 nb_codes=242
2021-01-16 05:30:37.425 T:3581182848 DEBUG: ffmpeg[D5748380]: [mjpeg] component: 0
2021-01-16 05:30:37.431 T:3581182848 DEBUG: ffmpeg[D5748380]: [mjpeg] marker parser used 18080 bytes (144635 bits)
2021-01-16 05:30:37.431 T:3581182848 DEBUG: ffmpeg[D5748380]: [mjpeg] marker=c4 avail_size_in_buf=191695
2021-01-16 05:30:37.431 T:3581182848 DEBUG: ffmpeg[D5748380]: [mjpeg] class=0 index=1 nb_codes=8
2021-01-16 05:30:37.432 T:3581182848 DEBUG: ffmpeg[D5748380]: [mjpeg] marker parser used 27 bytes (216 bits)
2021-01-16 05:30:37.432 T:3581182848 DEBUG: ffmpeg[D5748380]: [mjpeg] escaping removed 187988 bytes
2021-01-16 05:30:37.432 T:3581182848 DEBUG: ffmpeg[D5748380]: [mjpeg] marker=da avail_size_in_buf=191666
2021-01-16 05:30:37.432 T:3581182848 DEBUG: ffmpeg[D5748380]: [mjpeg] component: 1
2021-01-16 05:30:37.434 T:3581182848 DEBUG: ffmpeg[D5748380]: [mjpeg] marker parser used 3677 bytes (29414 bits)
2021-01-16 05:30:37.435 T:3608322944 DEBUG: ffmpeg[D712A380]: [mjpeg] marker parser used 45 bytes (360 bits)
2021-01-16 05:30:37.436 T:3608322944 DEBUG: ffmpeg[D712A380]: [mjpeg] escaping removed 10157 bytes
2021-01-16 05:30:37.436 T:3608322944 DEBUG: ffmpeg[D712A380]: [mjpeg] marker=da avail_size_in_buf=30497
2021-01-16 05:30:37.437 T:3608322944 DEBUG: ffmpeg[D712A380]: [mjpeg] component: 0
2021-01-16 05:30:37.442 T:3581182848 DEBUG: ffmpeg[D5748380]: [mjpeg] marker=c4 avail_size_in_buf=187983
2021-01-16 05:30:37.443 T:3608322944 DEBUG: ffmpeg[D712A380]: [mjpeg] marker parser used 20339 bytes (162708 bits)
2021-01-16 05:30:37.443 T:3581182848 DEBUG: ffmpeg[D5748380]: [mjpeg] class=0 index=1 nb_codes=8
2021-01-16 05:30:37.444 T:3608322944 DEBUG: ffmpeg[D712A380]: [mjpeg] marker=c4 avail_size_in_buf=10063
2021-01-16 05:30:37.445 T:3581182848 DEBUG: ffmpeg[D5748380]: [mjpeg] marker parser used 27 bytes (216 bits)
2021-01-16 05:30:37.446 T:3608322944 DEBUG: ffmpeg[D712A380]: [mjpeg] class=1 index=1 nb_codes=145
2021-01-16 05:30:37.447 T:3581182848 DEBUG: ffmpeg[D5748380]: [mjpeg] escaping removed 184570 bytes
2021-01-16 05:30:37.447 T:3608322944 DEBUG: ffmpeg[D712A380]: [mjpeg] marker parser used 51 bytes (408 bits)
2021-01-16 05:30:37.448 T:3581182848 DEBUG: ffmpeg[D5748380]: [mjpeg] marker=da avail_size_in_buf=187954
2021-01-16 05:30:37.449 T:3608322944 DEBUG: ffmpeg[D712A380]: [mjpeg] escaping removed 4290 bytes
2021-01-16 05:30:37.449 T:3608322944 DEBUG: ffmpeg[D712A380]: [mjpeg] marker=da avail_size_in_buf=10010
2021-01-16 05:30:37.450 T:3608322944 DEBUG: ffmpeg[D712A380]: [mjpeg] component: 1
2021-01-16 05:30:37.451 T:3608322944 DEBUG: ffmpeg[D712A380]: [mjpeg] marker parser used 5719 bytes (45746 bits)
2021-01-16 05:30:37.451 T:3608322944 DEBUG: ffmpeg[D712A380]: [mjpeg] marker=c4 avail_size_in_buf=4275
2021-01-16 05:30:37.451 T:3608322944 DEBUG: ffmpeg[D712A380]: [mjpeg] class=1 index=1 nb_codes=145
2021-01-16 05:30:37.452 T:3608322944 DEBUG: ffmpeg[D712A380]: [mjpeg] marker parser used 48 bytes (384 bits)
2021-01-16 05:30:37.453 T:3608322944 DEBUG: ffmpeg[D712A380]: [mjpeg] escaping removed 19 bytes
2021-01-16 05:30:37.453 T:3608322944 DEBUG: ffmpeg[D712A380]: [mjpeg] marker=da avail_size_in_buf=4225
2021-01-16 05:30:37.453 T:3608322944 DEBUG: ffmpeg[D712A380]: [mjpeg] component: 2
2021-01-16 05:30:37.454 T:3608322944 DEBUG: ffmpeg[D712A380]: [mjpeg] marker parser used 4205 bytes (33639 bits)
2021-01-16 05:30:37.455 T:3608322944 DEBUG: ffmpeg[D712A380]: [mjpeg] marker=d9 avail_size_in_buf=0
2021-01-16 05:30:37.458 T:3581182848 DEBUG: ffmpeg[D5748380]: [mjpeg] component: 2
2021-01-16 05:30:37.460 T:3581182848 DEBUG: ffmpeg[D5748380]: [mjpeg] marker parser used 3383 bytes (27061 bits)
2021-01-16 05:30:37.461 T:3581182848 DEBUG: ffmpeg[D5748380]: [mjpeg] marker=c4 avail_size_in_buf=184567
2021-01-16 05:30:37.461 T:3581182848 DEBUG: ffmpeg[D5748380]: [mjpeg] class=1 index=0 nb_codes=242
2021-01-16 05:30:37.461 T:3581182848 DEBUG: ffmpeg[D5748380]: [mjpeg] marker parser used 76 bytes (608 bits)
2021-01-16 05:30:37.461 T:3581182848 DEBUG: ffmpeg[D5748380]: [mjpeg] escaping removed 140139 bytes
2021-01-16 05:30:37.461 T:3581182848 DEBUG: ffmpeg[D5748380]: [mjpeg] marker=da avail_size_in_buf=184489
2021-01-16 05:30:37.462 T:3581182848 DEBUG: ffmpeg[D5748380]: [mjpeg] component: 0
2021-01-16 05:30:37.462 T:4090851344 DEBUG: ffmpeg[F3D57010]: [swscaler] Forcing full internal H chroma due to input having non subsampled chroma
2021-01-16 05:30:37.466 T:3581182848 DEBUG: ffmpeg[D5748380]: [mjpeg] marker parser used 44349 bytes (354789 bits)
2021-01-16 05:30:37.466 T:3581182848 DEBUG: ffmpeg[D5748380]: [mjpeg] marker=c4 avail_size_in_buf=139935
2021-01-16 05:30:37.467 T:3581182848 DEBUG: ffmpeg[D5748380]: [mjpeg] class=1 index=0 nb_codes=242
2021-01-16 05:30:37.467 T:3581182848 DEBUG: ffmpeg[D5748380]: [mjpeg] marker parser used 42 bytes (336 bits)
2021-01-16 05:30:37.468 T:3581182848 DEBUG: ffmpeg[D5748380]: [mjpeg] escaping removed 102406 bytes
2021-01-16 05:30:37.468 T:3581182848 DEBUG: ffmpeg[D5748380]: [mjpeg] marker=da avail_size_in_buf=139891
2021-01-16 05:30:37.468 T:3581182848 DEBUG: ffmpeg[D5748380]: [mjpeg] component: 0
2021-01-16 05:30:37.487 T:3581182848 DEBUG: ffmpeg[D5748380]: [mjpeg] marker parser used 37484 bytes (299872 bits)
2021-01-16 05:30:37.487 T:3581182848 DEBUG: ffmpeg[D5748380]: [mjpeg] marker=c4 avail_size_in_buf=102206
2021-01-16 05:30:37.487 T:3581182848 DEBUG: ffmpeg[D5748380]: [mjpeg] class=1 index=1 nb_codes=162
2021-01-16 05:30:37.487 T:3581182848 DEBUG: ffmpeg[D5748380]: [mjpeg] marker parser used 56 bytes (448 bits)
2021-01-16 05:30:37.487 T:3581182848 DEBUG: ffmpeg[D5748380]: [mjpeg] escaping removed 93560 bytes
2021-01-16 05:30:37.488 T:3581182848 DEBUG: ffmpeg[D5748380]: [mjpeg] marker=da avail_size_in_buf=102148
2021-01-16 05:30:37.488 T:3581182848 DEBUG: ffmpeg[D5748380]: [mjpeg] component: 1
2021-01-16 05:30:37.489 T:3581182848 DEBUG: ffmpeg[D5748380]: [mjpeg] marker parser used 8587 bytes (68692 bits)
2021-01-16 05:30:37.489 T:3581182848 DEBUG: ffmpeg[D5748380]: [mjpeg] marker=c4 avail_size_in_buf=93520
2021-01-16 05:30:37.489 T:3581182848 DEBUG: ffmpeg[D5748380]: [mjpeg] class=1 index=1 nb_codes=146
2021-01-16 05:30:37.490 T:3581182848 DEBUG: ffmpeg[D5748380]: [mjpeg] marker parser used 52 bytes (416 bits)
2021-01-16 05:30:37.490 T:3581182848 DEBUG: ffmpeg[D5748380]: [mjpeg] escaping removed 86613 bytes
2021-01-16 05:30:37.490 T:3581182848 DEBUG: ffmpeg[D5748380]: [mjpeg] marker=da avail_size_in_buf=93466
2021-01-16 05:30:37.490 T:3581182848 DEBUG: ffmpeg[D5748380]: [mjpeg] component: 2
2021-01-16 05:30:37.507 T:3608322944 DEBUG: ffmpeg[D712A380]: [mjpeg] decode frame unused 0 bytes
2021-01-16 05:30:37.511 T:3581182848 DEBUG: ffmpeg[D5748380]: [mjpeg] marker parser used 6852 bytes (54814 bits)
2021-01-16 05:30:37.511 T:3581182848 DEBUG: ffmpeg[D5748380]: [mjpeg] marker=c4 avail_size_in_buf=86580
2021-01-16 05:30:37.511 T:3581182848 DEBUG: ffmpeg[D5748380]: [mjpeg] class=1 index=0 nb_codes=242
2021-01-16 05:30:37.512 T:3581182848 DEBUG: ffmpeg[D5748380]: [mjpeg] marker parser used 41 bytes (328 bits)
2021-01-16 05:30:37.512 T:3581182848 DEBUG: ffmpeg[D5748380]: [mjpeg] escaping removed 17353 bytes
2021-01-16 05:30:37.513 T:3581182848 DEBUG: ffmpeg[D5748380]: [mjpeg] marker=da avail_size_in_buf=86537
2021-01-16 05:30:37.513 T:3581182848 DEBUG: ffmpeg[D5748380]: [mjpeg] component: 0
2021-01-16 05:30:37.513 T:3608322944 DEBUG: ffmpeg[D712A380]: [swscaler] No accelerated colorspace conversion found from yuv420p to bgra.
2021-01-16 05:30:37.537 T:3581182848 DEBUG: ffmpeg[D5748380]: [mjpeg] marker parser used 69183 bytes (553457 bits)
2021-01-16 05:30:37.537 T:3581182848 DEBUG: ffmpeg[D5748380]: [mjpeg] marker=c4 avail_size_in_buf=17135
2021-01-16 05:30:37.538 T:3581182848 DEBUG: ffmpeg[D5748380]: [mjpeg] class=1 index=1 nb_codes=194
2021-01-16 05:30:37.538 T:3581182848 DEBUG: ffmpeg[D5748380]: [mjpeg] marker parser used 35 bytes (280 bits)
2021-01-16 05:30:37.539 T:3581182848 DEBUG: ffmpeg[D5748380]: [mjpeg] escaping removed 8074 bytes
2021-01-16 05:30:37.539 T:3581182848 DEBUG: ffmpeg[D5748380]: [mjpeg] marker=da avail_size_in_buf=17098
2021-01-16 05:30:37.539 T:3581182848 DEBUG: ffmpeg[D5748380]: [mjpeg] component: 1
2021-01-16 05:30:37.543 T:3581182848 DEBUG: ffmpeg[D5748380]: [mjpeg] marker parser used 9023 bytes (72180 bits)
2021-01-16 05:30:37.543 T:3581182848 DEBUG: ffmpeg[D5748380]: [mjpeg] marker=c4 avail_size_in_buf=7999
2021-01-16 05:30:37.543 T:3581182848 DEBUG: ffmpeg[D5748380]: [mjpeg] class=1 index=1 nb_codes=194
2021-01-16 05:30:37.543 T:3581182848 DEBUG: ffmpeg[D5748380]: [mjpeg] marker parser used 38 bytes (304 bits)
2021-01-16 05:30:37.543 T:3581182848 DEBUG: ffmpeg[D5748380]: [mjpeg] escaping removed 36 bytes
2021-01-16 05:30:37.544 T:3581182848 DEBUG: ffmpeg[D5748380]: [mjpeg] marker=da avail_size_in_buf=7959
2021-01-16 05:30:37.544 T:3581182848 DEBUG: ffmpeg[D5748380]: [mjpeg] component: 2
2021-01-16 05:30:37.546 T:3581182848 DEBUG: ffmpeg[D5748380]: [mjpeg] marker parser used 7922 bytes (63370 bits)
2021-01-16 05:30:37.547 T:3581182848 DEBUG: ffmpeg[D5748380]: [mjpeg] marker=d9 avail_size_in_buf=0
2021-01-16 05:30:37.579 T:3581182848 DEBUG: ffmpeg[D5748380]: [mjpeg] decode frame unused 0 bytes
2021-01-16 05:30:37.587 T:3581182848 DEBUG: ffmpeg[D5748380]: [swscaler] No accelerated colorspace conversion found from yuv420p to bgra.
2021-01-16 05:30:37.593 T:3608322944 DEBUG: Caching image 'https://image.tmdb.org/t/p/original/aeVQKytnbf0QglvlqQ5TxgNFz2U.jpg' to '8/81dcc1c8.jpg':
2021-01-16 05:30:37.594 T:3608322944 DEBUG: ffmpeg[D712A380]: [swscaler] Forcing full internal H chroma due to input having non subsampled chroma
2021-01-16 05:30:37.730 T:3581182848 DEBUG: Caching image 'https://image.tmdb.org/t/p/original/uhbV1HbshSatTqDFGFHF8qwnYul.jpg' to '3/3c2046c1.jpg':
2021-01-16 05:30:37.733 T:3581182848 DEBUG: ffmpeg[D5748380]: [swscaler] Forcing full internal H chroma due to input having non subsampled chroma
2021-01-16 05:30:38.100 T:3704460160 DEBUG: cached image 'special://masterprofile/Thumbnails/0/06bc9b60.jpg' size 507x720
2021-01-16 05:30:38.101 T:3704460160 DEBUG: ffmpeg[DCCD9380]: [mjpeg] intra_quant_bias = 96 inter_quant_bias = 0
2021-01-16 05:30:38.251 T:3608322944 DEBUG: cached image 'special://masterprofile/Thumbnails/8/81dcc1c8.jpg' size 480x720
2021-01-16 05:30:38.264 T:3608322944 DEBUG: ffmpeg[D712A380]: [mjpeg] intra_quant_bias = 96 inter_quant_bias = 0
2021-01-16 05:30:38.364 T:3704460160 DEBUG: CCurlFile::GetMimeType - https://image.tmdb.org/t/p/original/qEHSGQx9Rcp5NyHvpv5X5DNM3ng.jpg -> image/jpeg
2021-01-16 05:30:38.365 T:3704460160 DEBUG: CurlFile::Open(0xec552d60) https://image.tmdb.org/t/p/original/qEHSGQx9Rcp5NyHvpv5X5DNM3ng.jpg
2021-01-16 05:30:38.370 T:3269096320 DEBUG: cached image 'special://masterprofile/Thumbnails/9/92885255.jpg' size 480x720
2021-01-16 05:30:38.371 T:3269096320 DEBUG: ffmpeg[C2DA7380]: [mjpeg] intra_quant_bias = 96 inter_quant_bias = 0
2021-01-16 05:30:38.396 T:3581182848 DEBUG: cached image 'special://masterprofile/Thumbnails/3/3c2046c1.jpg' size 480x720
2021-01-16 05:30:38.397 T:3581182848 DEBUG: ffmpeg[D5748380]: [mjpeg] intra_quant_bias = 96 inter_quant_bias = 0
2021-01-16 05:30:38.454 T:3704460160 DEBUG: ffmpeg[DCCD9380]: [mjpeg] marker=d8 avail_size_in_buf=275106
2021-01-16 05:30:38.455 T:3704460160 DEBUG: ffmpeg[DCCD9380]: [mjpeg] marker parser used 0 bytes (0 bits)
2021-01-16 05:30:38.455 T:3704460160 DEBUG: ffmpeg[DCCD9380]: [mjpeg] marker=e0 avail_size_in_buf=275104
2021-01-16 05:30:38.455 T:3704460160 DEBUG: ffmpeg[DCCD9380]: [mjpeg] marker parser used 16 bytes (128 bits)
2021-01-16 05:30:38.456 T:3704460160 DEBUG: ffmpeg[DCCD9380]: [mjpeg] marker=db avail_size_in_buf=275086
2021-01-16 05:30:38.456 T:3704460160 DEBUG: ffmpeg[DCCD9380]: [mjpeg] index=0
2021-01-16 05:30:38.456 T:3704460160 DEBUG: ffmpeg[DCCD9380]: [mjpeg] qscale[0]: 3
2021-01-16 05:30:38.456 T:3704460160 DEBUG: ffmpeg[DCCD9380]: [mjpeg] index=1
2021-01-16 05:30:38.456 T:3704460160 DEBUG: ffmpeg[DCCD9380]: [mjpeg] qscale[1]: 3
2021-01-16 05:30:38.456 T:3704460160 DEBUG: ffmpeg[DCCD9380]: [mjpeg] marker parser used 132 bytes (1056 bits)
2021-01-16 05:30:38.456 T:3704460160 DEBUG: ffmpeg[DCCD9380]: [mjpeg] marker=c2 avail_size_in_buf=274952
2021-01-16 05:30:38.456 T:3704460160 DEBUG: ffmpeg[DCCD9380]: [mjpeg] Changing bps from 0 to 8
2021-01-16 05:30:38.456 T:3704460160 DEBUG: ffmpeg[DCCD9380]: [mjpeg] sof0: picture: 1000x1500
2021-01-16 05:30:38.456 T:3704460160 DEBUG: ffmpeg[DCCD9380]: [mjpeg] component 0 2:2 id: 0 quant:0
2021-01-16 05:30:38.456 T:3704460160 DEBUG: ffmpeg[DCCD9380]: [mjpeg] component 1 1:1 id: 1 quant:1
2021-01-16 05:30:38.456 T:3704460160 DEBUG: ffmpeg[DCCD9380]: [mjpeg] component 2 1:1 id: 2 quant:1
2021-01-16 05:30:38.456 T:3704460160 DEBUG: ffmpeg[DCCD9380]: [mjpeg] pix fmt id 22111100
2021-01-16 05:30:38.457 T:3704460160 DEBUG: ffmpeg[DCCD9380]: [mjpeg] Format yuvj420p chosen by get_format().
2021-01-16 05:30:38.458 T:4090851344 DEBUG: ffmpeg[F3D57010]: [swscaler] Forcing full internal H chroma due to input having non subsampled chroma
2021-01-16 05:30:38.476 T:3704460160 DEBUG: Previous line repeats 1 times.
2021-01-16 05:30:38.476 T:3704460160 DEBUG: ffmpeg[DCCD9380]: [mjpeg] marker parser used 17 bytes (136 bits)
2021-01-16 05:30:38.476 T:3704460160 DEBUG: ffmpeg[DCCD9380]: [mjpeg] marker=c4 avail_size_in_buf=274933
2021-01-16 05:30:38.477 T:3704460160 DEBUG: ffmpeg[DCCD9380]: [mjpeg] class=0 index=0 nb_codes=10
