2021-01-16 05:30:03.718 T:3608322944 DEBUG: CAMLCodec::DequeueBuffer: pts:316.525 idx:260
2021-01-16 05:30:03.719 T:3608322944 DEBUG: CAMLCodec::GetPicture: index: 260, pts: 316.525, dur:42ms ar:1.67
2021-01-16 05:30:03.720 T:3608322944 DEBUG: CVideoPlayerVideo::OutputPicture - ttd:206ms pts:316.525 Clock:316.318 Level:3
2021-01-16 05:30:03.721 T:4090851344 DEBUG: CAMLCodec::ReleaseFrame idx:256, drop:0
2021-01-16 05:30:03.721 T:3608322944 DEBUG: CAMLCodec::GetTimeSize: len:23 dl:430437 fs:430437 front:19931
2021-01-16 05:30:03.727 T:3608322944 DEBUG: CAMLCodec::AddData: dl:432657 sum:432657 sz:2220 dts:317.567 pts:317.609 overflow:0
2021-01-16 05:30:03.727 T:3608322944 DEBUG: CAMLCodec::GetTimeSize: len:24 dl:432657 fs:432657 front:19931
2021-01-16 05:30:03.752 T:4090851344 DEBUG: Previous line repeats 3 times.
2021-01-16 05:30:03.753 T:4090851344 DEBUG: CAMLCodec::PollFrame elapsed:31.024ms
2021-01-16 05:30:03.755 T:3608322944 DEBUG: CAMLCodec::GetTimeSize: len:24 dl:432657 fs:432657 front:19931
2021-01-16 05:30:03.757 T:3608322944 DEBUG: CAMLCodec::DequeueBuffer: pts:316.566 idx:261
2021-01-16 05:30:03.758 T:4090851344 DEBUG: PrepareNextRender: frameOnScreen: 316.356 renderPts: 316.481 nextFramePts: 316.399 -> diff: 0.082 render: 1 forceNext: 0
2021-01-16 05:30:03.758 T:3608322944 DEBUG: CAMLCodec::GetPicture: index: 261, pts: 316.566, dur:41ms ar:1.67
2021-01-16 05:30:03.759 T:4090851344 DEBUG: CAMLCodec::ReleaseFrame idx:257, drop:0
2021-01-16 05:30:03.759 T:3608322944 DEBUG: CVideoPlayerVideo::OutputPicture - ttd:208ms pts:316.566 Clock:316.358 Level:3
2021-01-16 05:30:03.760 T:3608322944 DEBUG: CAMLCodec::GetTimeSize: len:24 dl:412726 fs:432657 front:19931
2021-01-16 05:30:03.760 T:3608322944 DEBUG: CAMLCodec::GetTimeSize: len:23 dl:412726 fs:412726 front:3193
2021-01-16 05:30:03.766 T:3608322944 DEBUG: CAMLCodec::AddData: dl:414474 sum:414474 sz:1748 dts:317.609 pts:317.651 overflow:0
2021-01-16 05:30:03.766 T:3608322944 DEBUG: CAMLCodec::GetTimeSize: len:24 dl:414474 fs:414474 front:3193
2021-01-16 05:30:03.793 T:4090851344 DEBUG: Previous line repeats 3 times.
2021-01-16 05:30:03.794 T:4090851344 DEBUG: CAMLCodec::PollFrame elapsed:33.498ms
2021-01-16 05:30:03.795 T:3608322944 DEBUG: CAMLCodec::GetTimeSize: len:24 dl:414474 fs:414474 front:3193
2021-01-16 05:30:03.796 T:3608322944 DEBUG: CAMLCodec::DequeueBuffer: pts:316.608 idx:262
2021-01-16 05:30:03.796 T:3608322944 DEBUG: CAMLCodec::GetPicture: index: 262, pts: 316.608, dur:42ms ar:1.67
2021-01-16 05:30:03.797 T:3608322944 DEBUG: CVideoPlayerVideo::OutputPicture - ttd:212ms pts:316.608 Clock:316.395 Level:4
2021-01-16 05:30:03.799 T:4090851344 DEBUG: PrepareNextRender: frameOnScreen: 316.397 renderPts: 316.522 nextFramePts: 316.441 -> diff: 0.081 render: 1 forceNext: 0
2021-01-16 05:30:03.799 T:3608322944 DEBUG: CAMLCodec::GetTimeSize: len:24 dl:411281 fs:414474 front:3193
2021-01-16 05:30:03.800 T:4090851344 DEBUG: CAMLCodec::ReleaseFrame idx:258, drop:0
2021-01-16 05:30:03.800 T:3608322944 DEBUG: CAMLCodec::GetTimeSize: len:23 dl:411281 fs:411281 front:5077
2021-01-16 05:30:03.808 T:3608322944 DEBUG: CAMLCodec::AddData: dl:489228 sum:489228 sz:77947 dts:317.651 pts:317.943 overflow:0
2021-01-16 05:30:03.808 T:3608322944 DEBUG: CAMLCodec::GetTimeSize: len:24 dl:489228 fs:489228 front:5077
2021-01-16 05:30:03.834 T:4090851344 DEBUG: Previous line repeats 3 times.
2021-01-16 05:30:03.835 T:4090851344 DEBUG: CAMLCodec::PollFrame elapsed:33.939ms
2021-01-16 05:30:03.835 T:3608322944 DEBUG: CAMLCodec::GetTimeSize: len:24 dl:489228 fs:489228 front:5077
2021-01-16 05:30:03.840 T:4090851344 DEBUG: PrepareNextRender: frameOnScreen: 316.438 renderPts: 316.564 nextFramePts: 316.483 -> diff: 0.081 render: 1 forceNext: 0
2021-01-16 05:30:03.840 T:4090851344 DEBUG: CAMLCodec::ReleaseFrame idx:259, drop:0
2021-01-16 05:30:03.842 T:3608322944 DEBUG: CAMLCodec::GetTimeSize: len:24 dl:484151 fs:489228 front:5077
2021-01-16 05:30:03.843 T:3608322944 DEBUG: CAMLCodec::GetTimeSize: len:23 dl:484151 fs:484151 front:5491
2021-01-16 05:30:03.843 T:3608322944 DEBUG: CAMLCodec::DequeueBuffer: pts:316.650 idx:263
2021-01-16 05:30:03.843 T:3608322944 DEBUG: CAMLCodec::GetPicture: index: 263, pts: 316.650, dur:42ms ar:1.67
2021-01-16 05:30:03.844 T:3608322944 DEBUG: CVideoPlayerVideo::OutputPicture - ttd:207ms pts:316.650 Clock:316.443 Level:3
2021-01-16 05:30:03.845 T:3608322944 DEBUG: CAMLCodec::GetTimeSize: len:23 dl:484151 fs:484151 front:5491
2021-01-16 05:30:03.851 T:3608322944 DEBUG: CAMLCodec::AddData: dl:521069 sum:521069 sz:36918 dts:317.692 pts:317.817 overflow:0
2021-01-16 05:30:03.851 T:3608322944 DEBUG: CAMLCodec::GetTimeSize: len:24 dl:521069 fs:521069 front:5491
2021-01-16 05:30:03.864 T:3581182848 DEBUG: Previous line repeats 1 times.
2021-01-16 05:30:03.864 T:3581182848 DEBUG: CVideoPlayer::ProcessVideoData size:169858 dts:324.783 pts:325.075 dur:41.000ms, clock:316.463 level:88
2021-01-16 05:30:03.867 T:3608322944 DEBUG: CAMLCodec::GetTimeSize: len:24 dl:521069 fs:521069 front:5491
2021-01-16 05:30:03.867 T:3581182848 DEBUG: CVideoPlayer::ProcessVideoData size:64997 dts:324.824 pts:324.950 dur:41.000ms, clock:316.466 level:89
2021-01-16 05:30:03.868 T:3581182848 DEBUG: CVideoPlayer::ProcessVideoData size:12846 dts:324.866 pts:324.866 dur:41.000ms, clock:316.467 level:89
2021-01-16 05:30:03.869 T:3581182848 DEBUG: CVideoPlayer::ProcessVideoData size:15776 dts:324.908 pts:324.908 dur:41.000ms, clock:316.468 level:90
2021-01-16 05:30:03.870 T:3581182848 DEBUG: CVideoPlayer::ProcessVideoData size:13063 dts:324.950 pts:324.991 dur:41.000ms, clock:316.468 level:90
2021-01-16 05:30:03.870 T:3581182848 DEBUG: CVideoPlayer::ProcessVideoData size:13414 dts:324.991 pts:325.033 dur:41.000ms, clock:316.469 level:91
2021-01-16 05:30:03.874 T:3608322944 DEBUG: CAMLCodec::GetTimeSize: len:24 dl:521069 fs:521069 front:5491
2021-01-16 05:30:03.876 T:4090851344 DEBUG: CAMLCodec::PollFrame elapsed:34.930ms
2021-01-16 05:30:03.879 T:4090851344 DEBUG: PrepareNextRender: frameOnScreen: 316.478 renderPts: 316.603 nextFramePts: 316.525 -> diff: 0.078 render: 1 forceNext: 0
2021-01-16 05:30:03.881 T:3608322944 DEBUG: CAMLCodec::GetTimeSize: len:24 dl:521069 fs:521069 front:5491
2021-01-16 05:30:03.881 T:3608322944 DEBUG: CAMLCodec::DequeueBuffer: pts:316.691 idx:264
2021-01-16 05:30:03.882 T:3608322944 DEBUG: CAMLCodec::GetPicture: index: 264, pts: 316.691, dur:41ms ar:1.67
2021-01-16 05:30:03.882 T:4090851344 DEBUG: CAMLCodec::ReleaseFrame idx:260, drop:0
2021-01-16 05:30:03.882 T:3608322944 DEBUG: CVideoPlayerVideo::OutputPicture - ttd:209ms pts:316.691 Clock:316.481 Level:3
2021-01-16 05:30:03.884 T:3608322944 DEBUG: CAMLCodec::GetTimeSize: len:24 dl:515578 fs:521069 front:5491
2021-01-16 05:30:03.884 T:3608322944 DEBUG: CAMLCodec::GetTimeSize: len:23 dl:515578 fs:515578 front:3971
2021-01-16 05:30:03.889 T:3608322944 DEBUG: CAMLCodec::AddData: dl:520097 sum:520097 sz:4519 dts:317.734 pts:317.734 overflow:0
2021-01-16 05:30:03.890 T:3608322944 DEBUG: CAMLCodec::GetTimeSize: len:24 dl:520097 fs:520097 front:3971
2021-01-16 05:30:03.918 T:4090851344 DEBUG: Previous line repeats 4 times.
2021-01-16 05:30:03.920 T:4090851344 DEBUG: CAMLCodec::PollFrame elapsed:35.385ms
2021-01-16 05:30:03.925 T:4090851344 DEBUG: PrepareNextRender: frameOnScreen: 316.524 renderPts: 316.649 nextFramePts: 316.566 -> diff: 0.083 render: 1 forceNext: 0
2021-01-16 05:30:03.926 T:3608322944 DEBUG: CAMLCodec::GetTimeSize: len:24 dl:516126 fs:520097 front:3971
2021-01-16 05:30:03.926 T:3608322944 DEBUG: CAMLCodec::GetTimeSize: len:23 dl:516126 fs:516126 front:4804
2021-01-16 05:30:03.926 T:3608322944 DEBUG: CAMLCodec::DequeueBuffer: pts:316.733 idx:265
2021-01-16 05:30:03.927 T:3608322944 DEBUG: CAMLCodec::GetPicture: index: 265, pts: 316.733, dur:42ms ar:1.67
2021-01-16 05:30:03.927 T:3608322944 DEBUG: CVideoPlayerVideo::OutputPicture - ttd:206ms pts:316.733 Clock:316.526 Level:3
2021-01-16 05:30:03.928 T:4090851344 DEBUG: CAMLCodec::ReleaseFrame idx:261, drop:0
2021-01-16 05:30:03.929 T:3608322944 DEBUG: CAMLCodec::GetTimeSize: len:23 dl:516126 fs:516126 front:4804
2021-01-16 05:30:03.934 T:3608322944 DEBUG: CAMLCodec::AddData: dl:523347 sum:523347 sz:7221 dts:317.776 pts:317.776 overflow:0
2021-01-16 05:30:03.934 T:3608322944 DEBUG: CAMLCodec::GetTimeSize: len:24 dl:523347 fs:523347 front:4804
2021-01-16 05:30:03.960 T:4090851344 DEBUG: Previous line repeats 3 times.
2021-01-16 05:30:03.960 T:4090851344 DEBUG: CAMLCodec::PollFrame elapsed:30.965ms
2021-01-16 05:30:03.963 T:3608322944 DEBUG: CAMLCodec::GetTimeSize: len:24 dl:523347 fs:523347 front:4804
2021-01-16 05:30:03.964 T:3608322944 DEBUG: CAMLCodec::DequeueBuffer: pts:316.775 idx:266
2021-01-16 05:30:03.964 T:3608322944 DEBUG: CAMLCodec::GetPicture: index: 266, pts: 316.775, dur:42ms ar:1.67
2021-01-16 05:30:03.965 T:4090851344 DEBUG: PrepareNextRender: frameOnScreen: 316.563 renderPts: 316.689 nextFramePts: 316.608 -> diff: 0.081 render: 1 forceNext: 0
2021-01-16 05:30:03.966 T:3608322944 DEBUG: CVideoPlayerVideo::OutputPicture - ttd:211ms pts:316.775 Clock:316.564 Level:3
2021-01-16 05:30:03.967 T:3608322944 DEBUG: CAMLCodec::GetTimeSize: len:24 dl:518543 fs:523347 front:4804
2021-01-16 05:30:03.968 T:4090851344 DEBUG: CAMLCodec::ReleaseFrame idx:262, drop:0
2021-01-16 05:30:03.969 T:3608322944 DEBUG: CAMLCodec::GetTimeSize: len:23 dl:518543 fs:518543 front:87240
2021-01-16 05:30:03.974 T:3608322944 DEBUG: CAMLCodec::AddData: dl:524441 sum:524441 sz:5898 dts:317.817 pts:317.859 overflow:0
2021-01-16 05:30:03.975 T:3608322944 DEBUG: CAMLCodec::GetTimeSize: len:24 dl:524441 fs:524441 front:87240
2021-01-16 05:30:04.002 T:4090851344 DEBUG: Previous line repeats 4 times.
2021-01-16 05:30:04.003 T:4090851344 DEBUG: CAMLCodec::PollFrame elapsed:33.316ms
2021-01-16 05:30:04.008 T:4090851344 DEBUG: PrepareNextRender: frameOnScreen: 316.607 renderPts: 316.732 nextFramePts: 316.650 -> diff: 0.082 render: 1 forceNext: 0
2021-01-16 05:30:04.009 T:3608322944 DEBUG: CAMLCodec::GetTimeSize: len:24 dl:437201 fs:524441 front:87240
2021-01-16 05:30:04.009 T:3608322944 DEBUG: CAMLCodec::GetTimeSize: len:23 dl:437201 fs:437201 front:36702
2021-01-16 05:30:04.009 T:3608322944 DEBUG: CAMLCodec::DequeueBuffer: pts:316.816 idx:267
2021-01-16 05:30:04.010 T:3608322944 DEBUG: CAMLCodec::GetPicture: index: 267, pts: 316.816, dur:41ms ar:1.67
2021-01-16 05:30:04.010 T:4090851344 DEBUG: CAMLCodec::ReleaseFrame idx:263, drop:0
2021-01-16 05:30:04.011 T:3608322944 DEBUG: CVideoPlayerVideo::OutputPicture - ttd:206ms pts:316.816 Clock:316.610 Level:3
2021-01-16 05:30:04.012 T:3608322944 DEBUG: CAMLCodec::GetTimeSize: len:23 dl:437201 fs:437201 front:36702
2021-01-16 05:30:04.018 T:3608322944 DEBUG: CAMLCodec::AddData: dl:443895 sum:443895 sz:6694 dts:317.859 pts:317.901 overflow:0
2021-01-16 05:30:04.018 T:3608322944 DEBUG: CAMLCodec::GetTimeSize: len:24 dl:443895 fs:443895 front:36702
2021-01-16 05:30:04.043 T:4090851344 DEBUG: Previous line repeats 3 times.
2021-01-16 05:30:04.044 T:4090851344 DEBUG: CAMLCodec::PollFrame elapsed:32.228ms
2021-01-16 05:30:04.047 T:3608322944 DEBUG: CAMLCodec::GetTimeSize: len:24 dl:443895 fs:443895 front:36702
2021-01-16 05:30:04.048 T:3608322944 DEBUG: CAMLCodec::DequeueBuffer: pts:316.858 idx:268
2021-01-16 05:30:04.049 T:3608322944 DEBUG: CAMLCodec::GetPicture: index: 268, pts: 316.858, dur:42ms ar:1.67
2021-01-16 05:30:04.050 T:4090851344 DEBUG: PrepareNextRender: frameOnScreen: 316.648 renderPts: 316.773 nextFramePts: 316.691 -> diff: 0.082 render: 1 forceNext: 0
2021-01-16 05:30:04.051 T:3608322944 DEBUG: CVideoPlayerVideo::OutputPicture - ttd:209ms pts:316.858 Clock:316.648 Level:3
2021-01-16 05:30:04.052 T:4090851344 DEBUG: CAMLCodec::ReleaseFrame idx:264, drop:0
2021-01-16 05:30:04.052 T:3608322944 DEBUG: CAMLCodec::GetTimeSize: len:24 dl:407193 fs:443895 front:36702
2021-01-16 05:30:04.053 T:3608322944 DEBUG: CAMLCodec::GetTimeSize: len:23 dl:407193 fs:407193 front:3414
2021-01-16 05:30:04.060 T:3608322944 DEBUG: CAMLCodec::AddData: dl:482043 sum:482043 sz:74850 dts:317.901 pts:318.193 overflow:0
2021-01-16 05:30:04.061 T:3608322944 DEBUG: CAMLCodec::GetTimeSize: len:24 dl:482043 fs:482043 front:3414
2021-01-16 05:30:04.085 T:4090851344 DEBUG: Previous line repeats 3 times.
2021-01-16 05:30:04.085 T:4090851344 DEBUG: CAMLCodec::PollFrame elapsed:32.301ms
2021-01-16 05:30:04.089 T:3608322944 DEBUG: CAMLCodec::GetTimeSize: len:24 dl:482043 fs:482043 front:3414
2021-01-16 05:30:04.089 T:4090851344 DEBUG: PrepareNextRender: frameOnScreen: 316.687 renderPts: 316.813 nextFramePts: 316.733 -> diff: 0.080 render: 1 forceNext: 0
2021-01-16 05:30:04.090 T:3608322944 DEBUG: CAMLCodec::DequeueBuffer: pts:316.900 idx:269
2021-01-16 05:30:04.090 T:4090851344 DEBUG: CAMLCodec::ReleaseFrame idx:265, drop:0
2021-01-16 05:30:04.090 T:3608322944 DEBUG: CAMLCodec::GetPicture: index: 269, pts: 316.900, dur:42ms ar:1.67
2021-01-16 05:30:04.092 T:3608322944 DEBUG: CVideoPlayerVideo::OutputPicture - ttd:209ms pts:316.900 Clock:316.690 Level:3
2021-01-16 05:30:04.093 T:3608322944 DEBUG: CAMLCodec::GetTimeSize: len:24 dl:478629 fs:482043 front:3414
2021-01-16 05:30:04.093 T:3608322944 DEBUG: CAMLCodec::GetTimeSize: len:23 dl:478629 fs:478629 front:3113
2021-01-16 05:30:04.099 T:3608322944 DEBUG: CAMLCodec::AddData: dl:511345 sum:511345 sz:32716 dts:317.943 pts:318.068 overflow:0
2021-01-16 05:30:04.099 T:3608322944 DEBUG: CAMLCodec::GetTimeSize: len:24 dl:511345 fs:511345 front:3113
2021-01-16 05:30:04.114 T:3581182848 DEBUG: Previous line repeats 2 times.
2021-01-16 05:30:04.114 T:3581182848 DEBUG: CVideoPlayer::ProcessVideoData size:157039 dts:325.033 pts:325.242 dur:41.000ms, clock:316.713 level:88
2021-01-16 05:30:04.117 T:3581182848 DEBUG: CVideoPlayer::ProcessVideoData size:44534 dts:325.075 pts:325.158 dur:41.000ms, clock:316.715 level:89
2021-01-16 05:30:04.118 T:3581182848 DEBUG: CVideoPlayer::ProcessVideoData size:10978 dts:325.116 pts:325.116 dur:41.000ms, clock:316.717 level:89
2021-01-16 05:30:04.119 T:3581182848 DEBUG: CVideoPlayer::ProcessVideoData size:10123 dts:325.158 pts:325.200 dur:41.000ms, clock:316.718 level:90
2021-01-16 05:30:04.121 T:3608322944 DEBUG: CAMLCodec::GetTimeSize: len:24 dl:511345 fs:511345 front:3113
2021-01-16 05:30:04.126 T:4090851344 DEBUG: CAMLCodec::PollFrame elapsed:35.017ms
2021-01-16 05:30:04.128 T:3608322944 DEBUG: CAMLCodec::GetTimeSize: len:24 dl:511345 fs:511345 front:3113
2021-01-16 05:30:04.129 T:3608322944 DEBUG: CAMLCodec::DequeueBuffer: pts:316.942 idx:270
2021-01-16 05:30:04.129 T:3608322944 DEBUG: CAMLCodec::GetPicture: index: 270, pts: 316.942, dur:42ms ar:1.67
2021-01-16 05:30:04.129 T:3608322944 DEBUG: CVideoPlayerVideo::OutputPicture - ttd:214ms pts:316.942 Clock:316.728 Level:4
2021-01-16 05:30:04.129 T:4090851344 DEBUG: PrepareNextRender: frameOnScreen: 316.728 renderPts: 316.853 nextFramePts: 316.775 -> diff: 0.078 render: 1 forceNext: 0
2021-01-16 05:30:04.131 T:3608322944 DEBUG: CAMLCodec::GetTimeSize: len:24 dl:511345 fs:511345 front:3113
2021-01-16 05:30:04.131 T:4090851344 DEBUG: CAMLCodec::ReleaseFrame idx:266, drop:0
2021-01-16 05:30:04.138 T:3608322944 DEBUG: CAMLCodec::GetTimeSize: len:24 dl:508232 fs:511345 front:3113
2021-01-16 05:30:04.138 T:3608322944 DEBUG: CAMLCodec::GetTimeSize: len:23 dl:508232 fs:508232 front:2200
2021-01-16 05:30:04.144 T:3608322944 DEBUG: CAMLCodec::AddData: dl:513025 sum:513025 sz:4793 dts:317.984 pts:317.984 overflow:0
2021-01-16 05:30:04.144 T:3608322944 DEBUG: CAMLCodec::GetTimeSize: len:24 dl:513025 fs:513025 front:2200
2021-01-16 05:30:04.169 T:4090851344 DEBUG: Previous line repeats 3 times.
2021-01-16 05:30:04.170 T:4090851344 DEBUG: CAMLCodec::PollFrame elapsed:36.417ms
2021-01-16 05:30:04.172 T:3608322944 DEBUG: CAMLCodec::GetTimeSize: len:24 dl:513025 fs:513025 front:2200
2021-01-16 05:30:04.174 T:3608322944 DEBUG: CAMLCodec::DequeueBuffer: pts:316.983 idx:271
2021-01-16 05:30:04.175 T:3608322944 DEBUG: CAMLCodec::GetPicture: index: 271, pts: 316.983, dur:41ms ar:1.67
2021-01-16 05:30:04.175 T:3608322944 DEBUG: CVideoPlayerVideo::OutputPicture - ttd:208ms pts:316.983 Clock:316.774 Level:4
2021-01-16 05:30:04.176 T:4090851344 DEBUG: PrepareNextRender: frameOnScreen: 316.775 renderPts: 316.900 nextFramePts: 316.816 -> diff: 0.084 render: 1 forceNext: 0
2021-01-16 05:30:04.177 T:3608322944 DEBUG: CAMLCodec::GetTimeSize: len:24 dl:510825 fs:513025 front:2200
2021-01-16 05:30:04.177 T:3608322944 DEBUG: CAMLCodec::GetTimeSize: len:23 dl:510825 fs:510825 front:3535
2021-01-16 05:30:04.179 T:4090851344 DEBUG: CAMLCodec::ReleaseFrame idx:267, drop:0
2021-01-16 05:30:04.182 T:3608322944 DEBUG: CAMLCodec::AddData: dl:516972 sum:516972 sz:6147 dts:318.026 pts:318.026 overflow:0
2021-01-16 05:30:04.183 T:3608322944 DEBUG: CAMLCodec::GetTimeSize: len:24 dl:516972 fs:516972 front:3535
2021-01-16 05:30:04.211 T:4090851344 DEBUG: Previous line repeats 4 times.
2021-01-16 05:30:04.212 T:4090851344 DEBUG: CAMLCodec::PollFrame elapsed:30.863ms
2021-01-16 05:30:04.217 T:4090851344 DEBUG: PrepareNextRender: frameOnScreen: 316.815 renderPts: 316.941 nextFramePts: 316.858 -> diff: 0.083 render: 1 forceNext: 0
2021-01-16 05:30:04.218 T:3608322944 DEBUG: CAMLCodec::GetTimeSize: len:24 dl:513437 fs:516972 front:3535
2021-01-16 05:30:04.218 T:3608322944 DEBUG: CAMLCodec::GetTimeSize: len:23 dl:513437 fs:513437 front:83947
2021-01-16 05:30:04.219 T:3608322944 DEBUG: CAMLCodec::DequeueBuffer: pts:317.025 idx:272
2021-01-16 05:30:04.219 T:4090851344 DEBUG: CAMLCodec::ReleaseFrame idx:268, drop:0
2021-01-16 05:30:04.219 T:3608322944 DEBUG: CAMLCodec::GetPicture: index: 272, pts: 317.025, dur:42ms ar:1.67
2021-01-16 05:30:04.219 T:3608322944 DEBUG: CVideoPlayerVideo::OutputPicture - ttd:206ms pts:317.025 Clock:316.818 Level:3
2021-01-16 05:30:04.221 T:3608322944 DEBUG: CAMLCodec::GetTimeSize: len:23 dl:513437 fs:513437 front:83947
2021-01-16 05:30:04.227 T:3608322944 DEBUG: CAMLCodec::AddData: dl:519251 sum:519251 sz:5814 dts:318.068 pts:318.109 overflow:0
2021-01-16 05:30:04.227 T:3608322944 DEBUG: CAMLCodec::GetTimeSize: len:24 dl:519251 fs:519251 front:83947
2021-01-16 05:30:04.252 T:4090851344 DEBUG: Previous line repeats 3 times.
2021-01-16 05:30:04.252 T:4090851344 DEBUG: CAMLCodec::PollFrame elapsed:32.053ms
2021-01-16 05:30:04.255 T:3608322944 DEBUG: CAMLCodec::GetTimeSize: len:24 dl:519251 fs:519251 front:83947
2021-01-16 05:30:04.256 T:3608322944 DEBUG: CAMLCodec::DequeueBuffer: pts:317.067 idx:273
2021-01-16 05:30:04.257 T:3608322944 DEBUG: CAMLCodec::GetPicture: index: 273, pts: 317.067, dur:42ms ar:1.67
2021-01-16 05:30:04.257 T:3608322944 DEBUG: CVideoPlayerVideo::OutputPicture - ttd:211ms pts:317.067 Clock:316.856 Level:4
2021-01-16 05:30:04.259 T:4090851344 DEBUG: PrepareNextRender: frameOnScreen: 316.857 renderPts: 316.982 nextFramePts: 316.900 -> diff: 0.082 render: 1 forceNext: 0
2021-01-16 05:30:04.259 T:3608322944 DEBUG: CAMLCodec::GetTimeSize: len:24 dl:435304 fs:519251 front:83947
2021-01-16 05:30:04.259 T:3608322944 DEBUG: CAMLCodec::GetTimeSize: len:23 dl:435304 fs:435304 front:18212
2021-01-16 05:30:04.260 T:4090851344 DEBUG: CAMLCodec::ReleaseFrame idx:269, drop:0
2021-01-16 05:30:04.265 T:3608322944 DEBUG: CAMLCodec::AddData: dl:442375 sum:442375 sz:7071 dts:318.109 pts:318.151 overflow:0
2021-01-16 05:30:04.265 T:3608322944 DEBUG: CAMLCodec::GetTimeSize: len:24 dl:442375 fs:442375 front:18212
2021-01-16 05:30:04.293 T:4090851344 DEBUG: Previous line repeats 4 times.
2021-01-16 05:30:04.294 T:4090851344 DEBUG: CAMLCodec::PollFrame elapsed:32.385ms
2021-01-16 05:30:04.300 T:3608322944 DEBUG: CAMLCodec::GetTimeSize: len:24 dl:424163 fs:442375 front:18212
2021-01-16 05:30:04.301 T:3608322944 DEBUG: CAMLCodec::GetTimeSize: len:23 dl:424163 fs:424163 front:4440
2021-01-16 05:30:04.301 T:3608322944 DEBUG: CAMLCodec::DequeueBuffer: pts:317.108 idx:274
2021-01-16 05:30:04.302 T:4090851344 DEBUG: PrepareNextRender: frameOnScreen: 316.900 renderPts: 317.025 nextFramePts: 316.942 -> diff: 0.083 render: 1 forceNext: 0
2021-01-16 05:30:04.302 T:3608322944 DEBUG: CAMLCodec::GetPicture: index: 274, pts: 317.108, dur:41ms ar:1.67
2021-01-16 05:30:04.302 T:3608322944 DEBUG: CVideoPlayerVideo::OutputPicture - ttd:207ms pts:317.108 Clock:316.901 Level:3
2021-01-16 05:30:04.303 T:3608322944 DEBUG: CAMLCodec::GetTimeSize: len:23 dl:424163 fs:424163 front:4440
2021-01-16 05:30:04.304 T:4090851344 DEBUG: CAMLCodec::ReleaseFrame idx:270, drop:0
2021-01-16 05:30:04.309 T:3608322944 DEBUG: CAMLCodec::AddData: dl:467006 sum:467006 sz:42843 dts:318.151 pts:318.485 overflow:0
2021-01-16 05:30:04.309 T:3608322944 DEBUG: CAMLCodec::GetTimeSize: len:24 dl:467006 fs:467006 front:4440
2021-01-16 05:30:04.336 T:4090851344 DEBUG: Previous line repeats 3 times.
2021-01-16 05:30:04.336 T:4090851344 DEBUG: CAMLCodec::PollFrame elapsed:31.699ms
2021-01-16 05:30:04.338 T:3608322944 DEBUG: CAMLCodec::GetTimeSize: len:24 dl:467006 fs:467006 front:4440
2021-01-16 05:30:04.339 T:3608322944 DEBUG: CAMLCodec::DequeueBuffer: pts:317.150 idx:275
2021-01-16 05:30:04.340 T:3608322944 DEBUG: CAMLCodec::GetPicture: index: 275, pts: 317.150, dur:42ms ar:1.67
2021-01-16 05:30:04.340 T:3608322944 DEBUG: CVideoPlayerVideo::OutputPicture - ttd:211ms pts:317.150 Clock:316.939 Level:4
2021-01-16 05:30:04.341 T:4090851344 DEBUG: PrepareNextRender: frameOnScreen: 316.940 renderPts: 317.065 nextFramePts: 316.983 -> diff: 0.082 render: 1 forceNext: 0
2021-01-16 05:30:04.342 T:3608322944 DEBUG: CAMLCodec::GetTimeSize: len:24 dl:462566 fs:467006 front:4440
2021-01-16 05:30:04.343 T:3608322944 DEBUG: CAMLCodec::GetTimeSize: len:23 dl:462566 fs:462566 front:5510
2021-01-16 05:30:04.343 T:4090851344 DEBUG: CAMLCodec::ReleaseFrame idx:271, drop:0
2021-01-16 05:30:04.349 T:3608322944 DEBUG: CAMLCodec::AddData: dl:481579 sum:481579 sz:19013 dts:318.193 pts:318.360 overflow:0
2021-01-16 05:30:04.349 T:3608322944 DEBUG: CAMLCodec::GetTimeSize: len:24 dl:481579 fs:481579 front:5510
2021-01-16 05:30:04.375 T:3581182848 DEBUG: Previous line repeats 3 times.
2021-01-16 05:30:04.375 T:3581182848 DEBUG: CVideoPlayer::ProcessVideoData size:163183 dts:325.200 pts:325.450 dur:41.000ms, clock:316.974 level:87
2021-01-16 05:30:04.377 T:3608322944 DEBUG: CAMLCodec::GetTimeSize: len:24 dl:481579 fs:481579 front:5510
2021-01-16 05:30:04.377 T:4090851344 DEBUG: CAMLCodec::PollFrame elapsed:32.547ms
2021-01-16 05:30:04.377 T:3581182848 DEBUG: CVideoPlayer::ProcessVideoData size:56704 dts:325.242 pts:325.367 dur:41.000ms, clock:316.975 level:88
2021-01-16 05:30:04.378 T:3581182848 DEBUG: CVideoPlayer::ProcessVideoData size:15254 dts:325.283 pts:325.283 dur:41.000ms, clock:316.977 level:88
2021-01-16 05:30:04.379 T:3581182848 DEBUG: CVideoPlayer::ProcessVideoData size:13963 dts:325.325 pts:325.325 dur:41.000ms, clock:316.978 level:89
2021-01-16 05:30:04.380 T:3581182848 DEBUG: CVideoPlayer::ProcessVideoData size:10790 dts:325.367 pts:325.408 dur:41.000ms, clock:316.978 level:89
2021-01-16 05:30:04.380 T:4090851344 DEBUG: PrepareNextRender: frameOnScreen: 316.979 renderPts: 317.104 nextFramePts: 317.025 -> diff: 0.079 render: 1 forceNext: 0
2021-01-16 05:30:04.384 T:4090851344 DEBUG: CAMLCodec::ReleaseFrame idx:272, drop:0
2021-01-16 05:30:04.385 T:3608322944 DEBUG: CAMLCodec::GetTimeSize: len:24 dl:476069 fs:481579 front:5510
2021-01-16 05:30:04.385 T:3608322944 DEBUG: CAMLCodec::GetTimeSize: len:23 dl:476069 fs:476069 front:9491
2021-01-16 05:30:04.385 T:3608322944 DEBUG: CAMLCodec::DequeueBuffer: pts:317.192 idx:276
2021-01-16 05:30:04.385 T:3608322944 DEBUG: CAMLCodec::GetPicture: index: 276, pts: 317.192, dur:42ms ar:1.67
2021-01-16 05:30:04.386 T:3608322944 DEBUG: CVideoPlayerVideo::OutputPicture - ttd:207ms pts:317.192 Clock:316.985 Level:3
2021-01-16 05:30:04.387 T:3608322944 DEBUG: CAMLCodec::GetTimeSize: len:23 dl:476069 fs:476069 front:9491
2021-01-16 05:30:04.393 T:3608322944 DEBUG: CAMLCodec::AddData: dl:482680 sum:482680 sz:6611 dts:318.235 pts:318.235 overflow:0
2021-01-16 05:30:04.393 T:3608322944 DEBUG: CAMLCodec::GetTimeSize: len:24 dl:482680 fs:482680 front:9491
2021-01-16 05:30:04.419 T:4090851344 DEBUG: Previous line repeats 3 times.
2021-01-16 05:30:04.419 T:4090851344 DEBUG: CAMLCodec::PollFrame elapsed:33.743ms
2021-01-16 05:30:04.421 T:3608322944 DEBUG: CAMLCodec::GetTimeSize: len:24 dl:482680 fs:482680 front:9491
2021-01-16 05:30:04.422 T:3608322944 DEBUG: CAMLCodec::DequeueBuffer: pts:317.234 idx:277
2021-01-16 05:30:04.423 T:3608322944 DEBUG: CAMLCodec::GetPicture: index: 277, pts: 317.234, dur:42ms ar:1.67
2021-01-16 05:30:04.424 T:3608322944 DEBUG: CVideoPlayerVideo::OutputPicture - ttd:211ms pts:317.234 Clock:317.023 Level:4
2021-01-16 05:30:04.426 T:3608322944 DEBUG: CAMLCodec::GetTimeSize: len:24 dl:473189 fs:482680 front:9491
2021-01-16 05:30:04.426 T:3608322944 DEBUG: CAMLCodec::GetTimeSize: len:23 dl:473189 fs:473189 front:6766
2021-01-16 05:30:04.427 T:4090851344 DEBUG: PrepareNextRender: frameOnScreen: 317.026 renderPts: 317.151 nextFramePts: 317.067 -> diff: 0.084 render: 1 forceNext: 0
2021-01-16 05:30:04.429 T:4090851344 DEBUG: CAMLCodec::ReleaseFrame idx:273, drop:0
2021-01-16 05:30:04.432 T:3608322944 DEBUG: CAMLCodec::AddData: dl:481772 sum:481772 sz:8583 dts:318.276 pts:318.276 overflow:0
2021-01-16 05:30:04.432 T:3608322944 DEBUG: CAMLCodec::GetTimeSize: len:24 dl:481772 fs:481772 front:6766
2021-01-16 05:30:04.461 T:4090851344 DEBUG: Previous line repeats 4 times.
2021-01-16 05:30:04.462 T:4090851344 DEBUG: CAMLCodec::PollFrame elapsed:31.731ms
2021-01-16 05:30:04.467 T:4090851344 DEBUG: PrepareNextRender: frameOnScreen: 317.066 renderPts: 317.191 nextFramePts: 317.108 -> diff: 0.083 render: 1 forceNext: 0
2021-01-16 05:30:04.467 T:3608322944 DEBUG: CAMLCodec::GetTimeSize: len:24 dl:475006 fs:481772 front:6766
2021-01-16 05:30:04.467 T:3608322944 DEBUG: CAMLCodec::GetTimeSize: len:23 dl:475006 fs:475006 front:7897
2021-01-16 05:30:04.468 T:3608322944 DEBUG: CAMLCodec::DequeueBuffer: pts:317.275 idx:278
2021-01-16 05:30:04.468 T:3608322944 DEBUG: CAMLCodec::GetPicture: index: 278, pts: 317.275, dur:41ms ar:1.67
2021-01-16 05:30:04.468 T:3608322944 DEBUG: CVideoPlayerVideo::OutputPicture - ttd:208ms pts:317.275 Clock:317.067 Level:3
2021-01-16 05:30:04.469 T:4090851344 DEBUG: CAMLCodec::ReleaseFrame idx:274, drop:0
2021-01-16 05:30:04.469 T:3608322944 DEBUG: CAMLCodec::GetTimeSize: len:23 dl:475006 fs:475006 front:7897
2021-01-16 05:30:04.475 T:3608322944 DEBUG: CAMLCodec::AddData: dl:482343 sum:482343 sz:7337 dts:318.318 pts:318.318 overflow:0
2021-01-16 05:30:04.475 T:3608322944 DEBUG: CAMLCodec::GetTimeSize: len:24 dl:482343 fs:482343 front:7897
2021-01-16 05:30:04.502 T:4090851344 DEBUG: Previous line repeats 3 times.
2021-01-16 05:30:04.502 T:4090851344 DEBUG: CAMLCodec::PollFrame elapsed:32.236ms
2021-01-16 05:30:04.503 T:3608322944 DEBUG: CAMLCodec::GetTimeSize: len:24 dl:482343 fs:482343 front:7897
2021-01-16 05:30:04.504 T:3608322944 DEBUG: CAMLCodec::DequeueBuffer: pts:317.317 idx:279
2021-01-16 05:30:04.505 T:3608322944 DEBUG: CAMLCodec::GetPicture: index: 279, pts: 317.317, dur:42ms ar:1.67
2021-01-16 05:30:04.505 T:3608322944 DEBUG: CVideoPlayerVideo::OutputPicture - ttd:212ms pts:317.317 Clock:317.104 Level:4
2021-01-16 05:30:04.506 T:4090851344 DEBUG: PrepareNextRender: frameOnScreen: 317.105 renderPts: 317.230 nextFramePts: 317.150 -> diff: 0.080 render: 1 forceNext: 0
2021-01-16 05:30:04.507 T:3608322944 DEBUG: CAMLCodec::GetTimeSize: len:24 dl:482343 fs:482343 front:7897
2021-01-16 05:30:04.509 T:4090851344 DEBUG: CAMLCodec::ReleaseFrame idx:275, drop:0
2021-01-16 05:30:04.514 T:3608322944 DEBUG: CAMLCodec::GetTimeSize: len:24 dl:474446 fs:482343 front:7897
2021-01-16 05:30:04.514 T:3608322944 DEBUG: CAMLCodec::GetTimeSize: len:23 dl:474446 fs:474446 front:73169
2021-01-16 05:30:04.519 T:3608322944 DEBUG: CAMLCodec::AddData: dl:484758 sum:484758 sz:10312 dts:318.360 pts:318.401 overflow:0
2021-01-16 05:30:04.520 T:3608322944 DEBUG: CAMLCodec::GetTimeSize: len:24 dl:484758 fs:484758 front:73169
2021-01-16 05:30:04.544 T:4090851344 DEBUG: Previous line repeats 3 times.
2021-01-16 05:30:04.544 T:4090851344 DEBUG: CAMLCodec::PollFrame elapsed:34.350ms
2021-01-16 05:30:04.548 T:3608322944 DEBUG: CAMLCodec::GetTimeSize: len:24 dl:484758 fs:484758 front:73169
2021-01-16 05:30:04.550 T:4090851344 DEBUG: PrepareNextRender: frameOnScreen: 317.148 renderPts: 317.273 nextFramePts: 317.192 -> diff: 0.081 render: 1 forceNext: 0
2021-01-16 05:30:04.550 T:3608322944 DEBUG: CAMLCodec::DequeueBuffer: pts:317.359 idx:280
2021-01-16 05:30:04.550 T:3608322944 DEBUG: CAMLCodec::GetPicture: index: 280, pts: 317.359, dur:42ms ar:1.67
2021-01-16 05:30:04.550 T:3608322944 DEBUG: CVideoPlayerVideo::OutputPicture - ttd:209ms pts:317.359 Clock:317.149 Level:3
2021-01-16 05:30:04.552 T:4090851344 DEBUG: CAMLCodec::ReleaseFrame idx:276, drop:0
2021-01-16 05:30:04.552 T:3608322944 DEBUG: CAMLCodec::GetTimeSize: len:24 dl:411589 fs:484758 front:73169
2021-01-16 05:30:04.552 T:3608322944 DEBUG: CAMLCodec::GetTimeSize: len:23 dl:411589 fs:411589 front:30163
2021-01-16 05:30:04.558 T:3608322944 DEBUG: CAMLCodec::AddData: dl:418198 sum:418198 sz:6609 dts:318.401 pts:318.443 overflow:0
2021-01-16 05:30:04.558 T:3608322944 DEBUG: CAMLCodec::GetTimeSize: len:24 dl:418198 fs:418198 front:30163
2021-01-16 05:30:04.585 T:4090851344 DEBUG: Previous line repeats 3 times.
2021-01-16 05:30:04.586 T:4090851344 DEBUG: CAMLCodec::PollFrame elapsed:32.958ms
2021-01-16 05:30:04.586 T:3608322944 DEBUG: CAMLCodec::GetTimeSize: len:24 dl:418198 fs:418198 front:30163
2021-01-16 05:30:04.592 T:4090851344 DEBUG: PrepareNextRender: frameOnScreen: 317.191 renderPts: 317.316 nextFramePts: 317.234 -> diff: 0.082 render: 1 forceNext: 0
2021-01-16 05:30:04.593 T:4090851344 DEBUG: CAMLCodec::ReleaseFrame idx:277, drop:0
2021-01-16 05:30:04.594 T:3608322944 DEBUG: CAMLCodec::GetTimeSize: len:24 dl:418198 fs:418198 front:30163
2021-01-16 05:30:04.594 T:3608322944 DEBUG: CAMLCodec::DequeueBuffer: pts:317.400 idx:281
2021-01-16 05:30:04.595 T:3608322944 DEBUG: CAMLCodec::GetPicture: index: 281, pts: 317.400, dur:41ms ar:1.67
2021-01-16 05:30:04.595 T:3608322944 DEBUG: CVideoPlayerVideo::OutputPicture - ttd:206ms pts:317.400 Clock:317.194 Level:3
2021-01-16 05:30:04.596 T:3608322944 DEBUG: CAMLCodec::GetTimeSize: len:24 dl:388035 fs:418198 front:30163
2021-01-16 05:30:04.596 T:3608322944 DEBUG: CAMLCodec::GetTimeSize: len:23 dl:388035 fs:388035 front:7492
2021-01-16 05:30:04.605 T:3608322944 DEBUG: CAMLCodec::AddData: dl:588377 sum:588377 sz:200342 dts:318.443 pts:318.527 overflow:0
2021-01-16 05:30:04.605 T:3608322944 DEBUG: CAMLCodec::GetTimeSize: len:24 dl:588377 fs:588377 front:7492
2021-01-16 05:30:04.624 T:3581182848 DEBUG: Previous line repeats 2 times.
2021-01-16 05:30:04.625 T:3581182848 DEBUG: CVideoPlayer::ProcessVideoData size:139966 dts:325.408 pts:325.617 dur:41.000ms, clock:317.223 level:87
2021-01-16 05:30:04.626 T:3581182848 DEBUG: CVideoPlayer::ProcessVideoData size:42623 dts:325.450 pts:325.534 dur:41.000ms, clock:317.225 level:87
2021-01-16 05:30:04.627 T:3608322944 DEBUG: CAMLCodec::GetTimeSize: len:24 dl:588377 fs:588377 front:7492
2021-01-16 05:30:04.627 T:4090851344 DEBUG: CAMLCodec::PollFrame elapsed:34.048ms
2021-01-16 05:30:04.628 T:3581182848 DEBUG: CVideoPlayer::ProcessVideoData size:10062 dts:325.492 pts:325.492 dur:41.000ms, clock:317.226 level:88
2021-01-16 05:30:04.629 T:3581182848 DEBUG: CVideoPlayer::ProcessVideoData size:11806 dts:325.534 pts:325.575 dur:41.000ms, clock:317.228 level:88
2021-01-16 05:30:04.631 T:4090851344 DEBUG: PrepareNextRender: frameOnScreen: 317.230 renderPts: 317.355 nextFramePts: 317.275 -> diff: 0.080 render: 1 forceNext: 0
2021-01-16 05:30:04.632 T:3581182848 DEBUG: CVideoPlayer::ProcessVideoData size:126847 dts:325.575 pts:325.825 dur:41.000ms, clock:317.231 level:89
2021-01-16 05:30:04.633 T:3581182848 DEBUG: CVideoPlayer::ProcessVideoData size:27941 dts:325.617 pts:325.742 dur:41.000ms, clock:317.232 level:89
2021-01-16 05:30:04.633 T:4090851344 DEBUG: CAMLCodec::ReleaseFrame idx:278, drop:0
2021-01-16 05:30:04.634 T:3581182848 DEBUG: CVideoPlayer::ProcessVideoData size:17133 dts:325.659 pts:325.659 dur:41.000ms, clock:317.232 level:90
2021-01-16 05:30:04.634 T:3581182848 DEBUG: CVideoPlayer::ProcessVideoData size:15696 dts:325.700 pts:325.700 dur:41.000ms, clock:317.233 level:90
2021-01-16 05:30:04.635 T:3581182848 DEBUG: CVideoPlayer::ProcessVideoData size:10387 dts:325.742 pts:325.784 dur:41.000ms, clock:317.234 level:91
2021-01-16 05:30:04.636 T:3608322944 DEBUG: CAMLCodec::GetTimeSize: len:24 dl:580885 fs:588377 front:7492
2021-01-16 05:30:04.636 T:3608322944 DEBUG: CAMLCodec::GetTimeSize: len:23 dl:580885 fs:580885 front:4679
2021-01-16 05:30:04.636 T:3608322944 DEBUG: CAMLCodec::DequeueBuffer: pts:317.442 idx:282
2021-01-16 05:30:04.636 T:3608322944 DEBUG: CAMLCodec::GetPicture: index: 282, pts: 317.442, dur:42ms ar:1.67
2021-01-16 05:30:04.636 T:3608322944 DEBUG: CVideoPlayerVideo::OutputPicture - ttd:206ms pts:317.442 Clock:317.235 Level:3
2021-01-16 05:30:04.638 T:3608322944 DEBUG: CAMLCodec::GetTimeSize: len:23 dl:580885 fs:580885 front:4679
2021-01-16 05:30:04.645 T:3608322944 DEBUG: CAMLCodec::AddData: dl:690947 sum:690947 sz:110062 dts:318.485 pts:318.818 overflow:0
2021-01-16 05:30:04.646 T:3608322944 DEBUG: CAMLCodec::GetTimeSize: len:24 dl:690947 fs:690947 front:4679
2021-01-16 05:30:04.670 T:4090851344 DEBUG: Previous line repeats 3 times.
2021-01-16 05:30:04.670 T:4090851344 DEBUG: CAMLCodec::PollFrame elapsed:36.286ms
2021-01-16 05:30:04.674 T:3608322944 DEBUG: CAMLCodec::GetTimeSize: len:24 dl:690947 fs:690947 front:4679
2021-01-16 05:30:04.674 T:3608322944 DEBUG: CAMLCodec::DequeueBuffer: pts:317.484 idx:283
2021-01-16 05:30:04.675 T:3608322944 DEBUG: CAMLCodec::GetPicture: index: 283, pts: 317.484, dur:42ms ar:1.67
2021-01-16 05:30:04.675 T:3608322944 DEBUG: CVideoPlayerVideo::OutputPicture - ttd:209ms pts:317.484 Clock:317.274 Level:4
2021-01-16 05:30:04.675 T:4090851344 DEBUG: PrepareNextRender: frameOnScreen: 317.274 renderPts: 317.399 nextFramePts: 317.317 -> diff: 0.082 render: 1 forceNext: 0
2021-01-16 05:30:04.677 T:3608322944 DEBUG: CAMLCodec::GetTimeSize: len:24 dl:686268 fs:690947 front:4679
2021-01-16 05:30:04.677 T:3608322944 DEBUG: CAMLCodec::GetTimeSize: len:23 dl:686268 fs:686268 front:2220
2021-01-16 05:30:04.678 T:4090851344 DEBUG: CAMLCodec::ReleaseFrame idx:279, drop:0
2021-01-16 05:30:04.683 T:3608322944 DEBUG: CAMLCodec::AddData: dl:707514 sum:707514 sz:21246 dts:318.527 pts:318.693 overflow:0
2021-01-16 05:30:04.683 T:3608322944 DEBUG: CAMLCodec::GetTimeSize: len:24 dl:707514 fs:707514 front:2220
2021-01-16 05:30:04.711 T:4090851344 DEBUG: Previous line repeats 4 times.
2021-01-16 05:30:04.711 T:4090851344 DEBUG: CAMLCodec::PollFrame elapsed:31.686ms
2021-01-16 05:30:04.715 T:4090851344 DEBUG: PrepareNextRender: frameOnScreen: 317.314 renderPts: 317.439 nextFramePts: 317.359 -> diff: 0.080 render: 1 forceNext: 0
2021-01-16 05:30:04.717 T:3608322944 DEBUG: CAMLCodec::GetTimeSize: len:24 dl:705294 fs:707514 front:2220
2021-01-16 05:30:04.718 T:4090851344 DEBUG: CAMLCodec::ReleaseFrame idx:280, drop:0
2021-01-16 05:30:04.718 T:3608322944 DEBUG: CAMLCodec::GetTimeSize: len:23 dl:705294 fs:705294 front:1748
2021-01-16 05:30:04.719 T:3608322944 DEBUG: CAMLCodec::DequeueBuffer: pts:317.526 idx:284
2021-01-16 05:30:04.719 T:3608322944 DEBUG: CAMLCodec::GetPicture: index: 284, pts: 317.526, dur:42ms ar:1.67
2021-01-16 05:30:04.719 T:3608322944 DEBUG: CVideoPlayerVideo::OutputPicture - ttd:207ms pts:317.526 Clock:317.318 Level:3
2021-01-16 05:30:04.721 T:3608322944 DEBUG: CAMLCodec::GetTimeSize: len:23 dl:705294 fs:705294 front:1748
2021-01-16 05:30:04.726 T:3608322944 DEBUG: CAMLCodec::AddData: dl:710771 sum:710771 sz:5477 dts:318.568 pts:318.568 overflow:0
2021-01-16 05:30:04.727 T:3608322944 DEBUG: CAMLCodec::GetTimeSize: len:24 dl:710771 fs:710771 front:1748
2021-01-16 05:30:04.752 T:4090851344 DEBUG: Previous line repeats 3 times.
2021-01-16 05:30:04.754 T:4090851344 DEBUG: CAMLCodec::PollFrame elapsed:33.220ms
2021-01-16 05:30:04.755 T:3608322944 DEBUG: CAMLCodec::GetTimeSize: len:24 dl:710771 fs:710771 front:1748
2021-01-16 05:30:04.755 T:3608322944 DEBUG: CAMLCodec::DequeueBuffer: pts:317.567 idx:285
2021-01-16 05:30:04.756 T:3608322944 DEBUG: CAMLCodec::GetPicture: index: 285, pts: 317.567, dur:41ms ar:1.67
2021-01-16 05:30:04.757 T:3608322944 DEBUG: CVideoPlayerVideo::OutputPicture - ttd:211ms pts:317.567 Clock:317.356 Level:4
2021-01-16 05:30:04.759 T:3608322944 DEBUG: CAMLCodec::GetTimeSize: len:24 dl:709023 fs:710771 front:1748
2021-01-16 05:30:04.759 T:3608322944 DEBUG: CAMLCodec::GetTimeSize: len:23 dl:709023 fs:709023 front:77947
2021-01-16 05:30:04.759 T:4090851344 DEBUG: PrepareNextRender: frameOnScreen: 317.358 renderPts: 317.483 nextFramePts: 317.400 -> diff: 0.083 render: 1 forceNext: 0
2021-01-16 05:30:04.761 T:4090851344 DEBUG: CAMLCodec::ReleaseFrame idx:281, drop:0
2021-01-16 05:30:04.765 T:3608322944 DEBUG: CAMLCodec::AddData: dl:716527 sum:716527 sz:7504 dts:318.610 pts:318.610 overflow:0
2021-01-16 05:30:04.765 T:3608322944 DEBUG: CAMLCodec::GetTimeSize: len:24 dl:716527 fs:716527 front:77947
2021-01-16 05:30:04.794 T:4090851344 DEBUG: Previous line repeats 4 times.
2021-01-16 05:30:04.794 T:4090851344 DEBUG: CAMLCodec::PollFrame elapsed:31.549ms
2021-01-16 05:30:04.797 T:4090851344 DEBUG: PrepareNextRender: frameOnScreen: 317.396 renderPts: 317.521 nextFramePts: 317.442 -> diff: 0.079 render: 1 forceNext: 0
2021-01-16 05:30:04.799 T:3608322944 DEBUG: CAMLCodec::GetTimeSize: len:24 dl:716527 fs:716527 front:77947
2021-01-16 05:30:04.800 T:3608322944 DEBUG: CAMLCodec::DequeueBuffer: pts:317.609 idx:286
2021-01-16 05:30:04.800 T:3608322944 DEBUG: CAMLCodec::GetPicture: index: 286, pts: 317.609, dur:42ms ar:1.67
2021-01-16 05:30:04.800 T:4090851344 DEBUG: CAMLCodec::ReleaseFrame idx:282, drop:0
2021-01-16 05:30:04.800 T:3608322944 DEBUG: CVideoPlayerVideo::OutputPicture - ttd:209ms pts:317.609 Clock:317.399 Level:3
2021-01-16 05:30:04.802 T:3608322944 DEBUG: CAMLCodec::GetTimeSize: len:24 dl:638580 fs:716527 front:77947
2021-01-16 05:30:04.802 T:3608322944 DEBUG: CAMLCodec::GetTimeSize: len:23 dl:638580 fs:638580 front:36918
2021-01-16 05:30:04.807 T:3608322944 DEBUG: CAMLCodec::AddData: dl:648006 sum:648006 sz:9426 dts:318.652 pts:318.652 overflow:0
2021-01-16 05:30:04.808 T:3608322944 DEBUG: CAMLCodec::GetTimeSize: len:24 dl:648006 fs:648006 front:36918
2021-01-16 05:30:04.813 T:3581182848 DEBUG: CVideoPlayer::ProcessVideoData size:64102 dts:325.784 pts:325.992 dur:41.000ms, clock:317.412 level:89
2021-01-16 05:30:04.814 T:3581182848 DEBUG: CVideoPlayer::ProcessVideoData size:27340 dts:325.825 pts:325.909 dur:41.000ms, clock:317.413 level:89
2021-01-16 05:30:04.815 T:3581182848 DEBUG: CVideoPlayer::ProcessVideoData size:13024 dts:325.867 pts:325.867 dur:41.000ms, clock:317.414 level:90
2021-01-16 05:30:04.816 T:3581182848 DEBUG: CVideoPlayer::ProcessVideoData size:12853 dts:325.909 pts:325.951 dur:41.000ms, clock:317.415 level:90
2021-01-16 05:30:04.818 T:3608322944 DEBUG: CAMLCodec::GetTimeSize: len:24 dl:648006 fs:648006 front:36918
2021-01-16 05:30:04.819 T:3581182848 DEBUG: CVideoPlayer::ProcessVideoData size:192690 dts:325.951 pts:326.034 dur:41.000ms, clock:317.418 level:91
2021-01-16 05:30:04.825 T:3608322944 DEBUG: CAMLCodec::GetTimeSize: len:24 dl:648006 fs:648006 front:36918
2021-01-16 05:30:04.837 T:4090851344 DEBUG: Previous line repeats 1 times.
2021-01-16 05:30:04.837 T:4090851344 DEBUG: CAMLCodec::PollFrame elapsed:35.738ms
2021-01-16 05:30:04.840 T:3608322944 DEBUG: CAMLCodec::GetTimeSize: len:24 dl:648006 fs:648006 front:36918
2021-01-16 05:30:04.841 T:3608322944 DEBUG: CAMLCodec::DequeueBuffer: pts:317.651 idx:287
2021-01-16 05:30:04.841 T:3608322944 DEBUG: CAMLCodec::GetPicture: index: 287, pts: 317.651, dur:42ms ar:1.67
2021-01-16 05:30:04.842 T:3608322944 DEBUG: CVideoPlayerVideo::OutputPicture - ttd:210ms pts:317.651 Clock:317.441 Level:4
2021-01-16 05:30:04.843 T:4090851344 DEBUG: PrepareNextRender: frameOnScreen: 317.441 renderPts: 317.567 nextFramePts: 317.484 -> diff: 0.083 render: 1 forceNext: 0
2021-01-16 05:30:04.843 T:3608322944 DEBUG: CAMLCodec::GetTimeSize: len:24 dl:611088 fs:648006 front:36918
2021-01-16 05:30:04.843 T:3608322944 DEBUG: CAMLCodec::GetTimeSize: len:23 dl:611088 fs:611088 front:4519
2021-01-16 05:30:04.845 T:4090851344 DEBUG: CAMLCodec::ReleaseFrame idx:283, drop:0
2021-01-16 05:30:04.849 T:3608322944 DEBUG: CAMLCodec::AddData: dl:622249 sum:622249 sz:11161 dts:318.693 pts:318.735 overflow:0
2021-01-16 05:30:04.849 T:3608322944 DEBUG: CAMLCodec::GetTimeSize: len:24 dl:622249 fs:622249 front:4519
2021-01-16 05:30:04.878 T:4090851344 DEBUG: Previous line repeats 4 times.
2021-01-16 05:30:04.878 T:4090851344 DEBUG: CAMLCodec::PollFrame elapsed:32.006ms
2021-01-16 05:30:04.882 T:4090851344 DEBUG: PrepareNextRender: frameOnScreen: 317.481 renderPts: 317.606 nextFramePts: 317.526 -> diff: 0.080 render: 1 forceNext: 0
2021-01-16 05:30:04.883 T:3608322944 DEBUG: CAMLCodec::GetTimeSize: len:24 dl:617730 fs:622249 front:4519
2021-01-16 05:30:04.883 T:3608322944 DEBUG: CAMLCodec::GetTimeSize: len:23 dl:617730 fs:617730 front:7221
2021-01-16 05:30:04.884 T:3608322944 DEBUG: CAMLCodec::DequeueBuffer: pts:317.692 idx:288
2021-01-16 05:30:04.884 T:3608322944 DEBUG: CAMLCodec::GetPicture: index: 288, pts: 317.692, dur:41ms ar:1.67
2021-01-16 05:30:04.884 T:4090851344 DEBUG: CAMLCodec::ReleaseFrame idx:284, drop:0
2021-01-16 05:30:04.885 T:3608322944 DEBUG: CVideoPlayerVideo::OutputPicture - ttd:208ms pts:317.692 Clock:317.483 Level:3
2021-01-16 05:30:04.886 T:3608322944 DEBUG: CAMLCodec::GetTimeSize: len:23 dl:617730 fs:617730 front:7221
2021-01-16 05:30:04.892 T:3608322944 DEBUG: CAMLCodec::AddData: dl:630265 sum:630265 sz:12535 dts:318.735 pts:318.777 overflow:0
2021-01-16 05:30:04.892 T:3608322944 DEBUG: CAMLCodec::GetTimeSize: len:24 dl:630265 fs:630265 front:7221
2021-01-16 05:30:04.919 T:4090851344 DEBUG: Previous line repeats 3 times.
2021-01-16 05:30:04.919 T:4090851344 DEBUG: CAMLCodec::PollFrame elapsed:33.736ms
2021-01-16 05:30:04.919 T:3608322944 DEBUG: CAMLCodec::GetTimeSize: len:24 dl:630265 fs:630265 front:7221
2021-01-16 05:30:04.924 T:4090851344 DEBUG: PrepareNextRender: frameOnScreen: 317.522 renderPts: 317.648 nextFramePts: 317.567 -> diff: 0.081 render: 1 forceNext: 0
2021-01-16 05:30:04.926 T:3608322944 DEBUG: CAMLCodec::GetTimeSize: len:24 dl:623044 fs:630265 front:7221
2021-01-16 05:30:04.927 T:4090851344 DEBUG: CAMLCodec::ReleaseFrame idx:285, drop:0
2021-01-16 05:30:04.927 T:3608322944 DEBUG: CAMLCodec::GetTimeSize: len:23 dl:623044 fs:623044 front:5898
2021-01-16 05:30:04.928 T:3608322944 DEBUG: CAMLCodec::DequeueBuffer: pts:317.734 idx:289
2021-01-16 05:30:04.928 T:3608322944 DEBUG: CAMLCodec::GetPicture: index: 289, pts: 317.734, dur:42ms ar:1.67
2021-01-16 05:30:04.928 T:3608322944 DEBUG: CVideoPlayerVideo::OutputPicture - ttd:207ms pts:317.734 Clock:317.527 Level:3
2021-01-16 05:30:04.929 T:3608322944 DEBUG: CAMLCodec::GetTimeSize: len:23 dl:623044 fs:623044 front:5898
2021-01-16 05:30:04.937 T:3608322944 DEBUG: CAMLCodec::AddData: dl:726101 sum:726101 sz:103057 dts:318.777 pts:319.069 overflow:0
2021-01-16 05:30:04.938 T:3608322944 DEBUG: CAMLCodec::GetTimeSize: len:24 dl:726101 fs:726101 front:5898
2021-01-16 05:30:04.962 T:4090851344 DEBUG: Previous line repeats 3 times.
2021-01-16 05:30:04.962 T:4090851344 DEBUG: CAMLCodec::PollFrame elapsed:33.242ms
2021-01-16 05:30:04.966 T:3608322944 DEBUG: CAMLCodec::GetTimeSize: len:24 dl:726101 fs:726101 front:5898
2021-01-16 05:30:04.967 T:3608322944 DEBUG: CAMLCodec::DequeueBuffer: pts:317.776 idx:290
2021-01-16 05:30:04.967 T:3608322944 DEBUG: CAMLCodec::GetPicture: index: 290, pts: 317.776, dur:42ms ar:1.67
2021-01-16 05:30:04.968 T:3608322944 DEBUG: CVideoPlayerVideo::OutputPicture - ttd:209ms pts:317.776 Clock:317.567 Level:4
2021-01-16 05:30:04.968 T:4090851344 DEBUG: PrepareNextRender: frameOnScreen: 317.567 renderPts: 317.692 nextFramePts: 317.609 -> diff: 0.083 render: 1 forceNext: 0
2021-01-16 05:30:04.970 T:3608322944 DEBUG: CAMLCodec::GetTimeSize: len:24 dl:720203 fs:726101 front:5898
2021-01-16 05:30:04.970 T:3608322944 DEBUG: CAMLCodec::GetTimeSize: len:23 dl:720203 fs:720203 front:6694
2021-01-16 05:30:04.971 T:4090851344 DEBUG: CAMLCodec::ReleaseFrame idx:286, drop:0
2021-01-16 05:30:04.976 T:3608322944 DEBUG: CAMLCodec::AddData: dl:760660 sum:760660 sz:40457 dts:318.818 pts:318.944 overflow:0
2021-01-16 05:30:04.976 T:3608322944 DEBUG: CAMLCodec::GetTimeSize: len:24 dl:760660 fs:760660 front:6694
2021-01-16 05:30:05.002 T:4090851344 DEBUG: Previous line repeats 3 times.
2021-01-16 05:30:05.003 T:4090851344 DEBUG: CAMLCodec::PollFrame elapsed:31.362ms
2021-01-16 05:30:05.004 T:3608322944 DEBUG: CAMLCodec::GetTimeSize: len:24 dl:760660 fs:760660 front:6694
2021-01-16 05:30:05.008 T:4090851344 DEBUG: PrepareNextRender: frameOnScreen: 317.607 renderPts: 317.732 nextFramePts: 317.651 -> diff: 0.081 render: 1 forceNext: 0
2021-01-16 05:30:05.011 T:4090851344 DEBUG: CAMLCodec::ReleaseFrame idx:287, drop:0
2021-01-16 05:30:05.011 T:3608322944 DEBUG: CAMLCodec::GetTimeSize: len:24 dl:753966 fs:760660 front:6694
2021-01-16 05:30:05.011 T:3608322944 DEBUG: CAMLCodec::GetTimeSize: len:23 dl:753966 fs:753966 front:74850
2021-01-16 05:30:05.012 T:3608322944 DEBUG: CAMLCodec::DequeueBuffer: pts:317.817 idx:291
2021-01-16 05:30:05.012 T:3608322944 DEBUG: CAMLCodec::GetPicture: index: 291, pts: 317.817, dur:41ms ar:1.67
2021-01-16 05:30:05.012 T:3608322944 DEBUG: CVideoPlayerVideo::OutputPicture - ttd:206ms pts:317.817 Clock:317.611 Level:3
2021-01-16 05:30:05.013 T:3608322944 DEBUG: CAMLCodec::GetTimeSize: len:23 dl:753966 fs:753966 front:74850
2021-01-16 05:30:05.019 T:3608322944 DEBUG: CAMLCodec::AddData: dl:766566 sum:766566 sz:12600 dts:318.860 pts:318.860 overflow:0
2021-01-16 05:30:05.019 T:3608322944 DEBUG: CAMLCodec::GetTimeSize: len:24 dl:766566 fs:766566 front:74850
2021-01-16 05:30:05.044 T:4090851344 DEBUG: Previous line repeats 3 times.
2021-01-16 05:30:05.044 T:4090851344 DEBUG: CAMLCodec::PollFrame elapsed:32.357ms
2021-01-16 05:30:05.047 T:3608322944 DEBUG: CAMLCodec::GetTimeSize: len:24 dl:766566 fs:766566 front:74850
2021-01-16 05:30:05.047 T:3608322944 DEBUG: CAMLCodec::DequeueBuffer: pts:317.859 idx:292
2021-01-16 05:30:05.048 T:3608322944 DEBUG: CAMLCodec::GetPicture: index: 292, pts: 317.859, dur:42ms ar:1.67
2021-01-16 05:30:05.048 T:4090851344 DEBUG: PrepareNextRender: frameOnScreen: 317.647 renderPts: 317.772 nextFramePts: 317.692 -> diff: 0.080 render: 1 forceNext: 0
2021-01-16 05:30:05.049 T:3608322944 DEBUG: CVideoPlayerVideo::OutputPicture - ttd:211ms pts:317.859 Clock:317.647 Level:3
2021-01-16 05:30:05.051 T:3608322944 DEBUG: CAMLCodec::GetTimeSize: len:24 dl:766566 fs:766566 front:74850
2021-01-16 05:30:05.051 T:4090851344 DEBUG: CAMLCodec::ReleaseFrame idx:288, drop:0
2021-01-16 05:30:05.058 T:3608322944 DEBUG: CAMLCodec::GetTimeSize: len:24 dl:691716 fs:766566 front:74850
2021-01-16 05:30:05.058 T:3608322944 DEBUG: CAMLCodec::GetTimeSize: len:23 dl:691716 fs:691716 front:32716
2021-01-16 05:30:05.064 T:3608322944 DEBUG: CAMLCodec::AddData: dl:704706 sum:704706 sz:12990 dts:318.902 pts:318.902 overflow:0
2021-01-16 05:30:05.064 T:3608322944 DEBUG: CAMLCodec::GetTimeSize: len:24 dl:704706 fs:704706 front:32716
2021-01-16 05:30:05.076 T:3581182848 DEBUG: Previous line repeats 1 times.
2021-01-16 05:30:05.076 T:3581182848 DEBUG: CVideoPlayer::ProcessVideoData size:100525 dts:325.992 pts:326.201 dur:41.000ms, clock:317.675 level:88
2021-01-16 05:30:05.078 T:3581182848 DEBUG: CVideoPlayer::ProcessVideoData size:23621 dts:326.034 pts:326.117 dur:41.000ms, clock:317.677 level:89
2021-01-16 05:30:05.078 T:3608322944 DEBUG: CAMLCodec::GetTimeSize: len:24 dl:704706 fs:704706 front:32716
2021-01-16 05:30:05.079 T:3581182848 DEBUG: CVideoPlayer::ProcessVideoData size:4898 dts:326.076 pts:326.076 dur:41.000ms, clock:317.678 level:89
2021-01-16 05:30:05.079 T:3581182848 DEBUG: CVideoPlayer::ProcessVideoData size:3385 dts:326.117 pts:326.159 dur:41.000ms, clock:317.678 level:90
2021-01-16 05:30:05.085 T:4090851344 DEBUG: CAMLCodec::PollFrame elapsed:33.765ms
2021-01-16 05:30:05.086 T:3608322944 DEBUG: CAMLCodec::GetTimeSize: len:24 dl:704706 fs:704706 front:32716
2021-01-16 05:30:05.089 T:4090851344 DEBUG: PrepareNextRender: frameOnScreen: 317.687 renderPts: 317.812 nextFramePts: 317.734 -> diff: 0.078 render: 1 forceNext: 0
2021-01-16 05:30:05.092 T:4090851344 DEBUG: CAMLCodec::ReleaseFrame idx:289, drop:0
2021-01-16 05:30:05.093 T:3608322944 DEBUG: CAMLCodec::GetTimeSize: len:24 dl:671990 fs:704706 front:32716
2021-01-16 05:30:05.093 T:3608322944 DEBUG: CAMLCodec::GetTimeSize: len:23 dl:671990 fs:671990 front:4793
2021-01-16 05:30:05.093 T:3608322944 DEBUG: CAMLCodec::DequeueBuffer: pts:317.901 idx:293
2021-01-16 05:30:05.094 T:3608322944 DEBUG: CAMLCodec::GetPicture: index: 293, pts: 317.901, dur:42ms ar:1.67
2021-01-16 05:30:05.094 T:3608322944 DEBUG: CVideoPlayerVideo::OutputPicture - ttd:208ms pts:317.901 Clock:317.693 Level:3
2021-01-16 05:30:05.095 T:3608322944 DEBUG: CAMLCodec::GetTimeSize: len:23 dl:671990 fs:671990 front:4793
2021-01-16 05:30:05.101 T:3608322944 DEBUG: CAMLCodec::AddData: dl:682981 sum:682981 sz:10991 dts:318.944 pts:318.985 overflow:0
2021-01-16 05:30:05.101 T:3608322944 DEBUG: CAMLCodec::GetTimeSize: len:24 dl:682981 fs:682981 front:4793
2021-01-16 05:30:05.128 T:4090851344 DEBUG: Previous line repeats 3 times.
2021-01-16 05:30:05.128 T:4090851344 DEBUG: CAMLCodec::PollFrame elapsed:34.691ms
2021-01-16 05:30:05.128 T:3608322944 DEBUG: CAMLCodec::GetTimeSize: len:24 dl:682981 fs:682981 front:4793
