2021-01-16 05:30:26.531 T:3608322944 DEBUG: CAMLCodec::GetTimeSize: len:24 dl:636987 fs:636987 front:43596
2021-01-16 05:30:26.532 T:4090851344 DEBUG: PrepareNextRender: frameOnScreen: 339.130 renderPts: 339.255 nextFramePts: 339.130 -> diff: 0.125 render: 1 forceNext: 0
2021-01-16 05:30:26.535 T:4090851344 DEBUG: CAMLCodec::ReleaseFrame idx:802, drop:0
2021-01-16 05:30:26.538 T:3608322944 DEBUG: CAMLCodec::GetTimeSize: len:24 dl:593391 fs:636987 front:43596
2021-01-16 05:30:26.538 T:3608322944 DEBUG: CAMLCodec::GetTimeSize: len:23 dl:593391 fs:593391 front:8358
2021-01-16 05:30:26.546 T:3608322944 DEBUG: CAMLCodec::AddData: dl:655908 sum:655908 sz:62517 dts:340.340 pts:340.549 overflow:0
2021-01-16 05:30:26.546 T:3608322944 DEBUG: CAMLCodec::GetTimeSize: len:24 dl:655908 fs:655908 front:8358
2021-01-16 05:30:26.549 T:3581182848 DEBUG: CVideoPlayer::ProcessVideoData size:76979 dts:347.305 pts:347.597 dur:41.000ms, clock:339.148 level:87
2021-01-16 05:30:26.550 T:3581182848 DEBUG: CVideoPlayer::ProcessVideoData size:26786 dts:347.347 pts:347.472 dur:41.000ms, clock:339.149 level:87
2021-01-16 05:30:26.551 T:3581182848 DEBUG: CVideoPlayer::ProcessVideoData size:3995 dts:347.389 pts:347.389 dur:41.000ms, clock:339.150 level:88
2021-01-16 05:30:26.552 T:3581182848 DEBUG: CVideoPlayer::ProcessVideoData size:3966 dts:347.430 pts:347.430 dur:41.000ms, clock:339.151 level:88
2021-01-16 05:30:26.553 T:3581182848 DEBUG: CVideoPlayer::ProcessVideoData size:6441 dts:347.472 pts:347.514 dur:41.000ms, clock:339.151 level:89
2021-01-16 05:30:26.553 T:3581182848 DEBUG: CVideoPlayer::ProcessVideoData size:8200 dts:347.514 pts:347.556 dur:41.000ms, clock:339.152 level:89
2021-01-16 05:30:26.555 T:3608322944 DEBUG: CAMLCodec::GetTimeSize: len:24 dl:655908 fs:655908 front:8358
2021-01-16 05:30:26.565 T:4090851344 DEBUG: Previous line repeats 1 times.
2021-01-16 05:30:26.566 T:4090851344 DEBUG: CAMLCodec::PollFrame elapsed:30.237ms
2021-01-16 05:30:26.567 T:4090851344 INFO: CheckIdle - Closing session to https://image.tmdb.org (easy=0xe31a3a70, multi=0xe06d8448)
2021-01-16 05:30:26.570 T:3608322944 DEBUG: CAMLCodec::GetTimeSize: len:24 dl:655908 fs:655908 front:8358
2021-01-16 05:30:26.571 T:3608322944 DEBUG: CAMLCodec::DequeueBuffer: pts:339.339 idx:807
2021-01-16 05:30:26.572 T:3608322944 DEBUG: CAMLCodec::GetPicture: index: 807, pts: 339.339, dur:42ms ar:1.67
2021-01-16 05:30:26.572 T:3608322944 DEBUG: CVideoPlayerVideo::OutputPicture - ttd:168ms pts:339.339 Clock:339.171 Level:4
2021-01-16 05:30:26.574 T:3608322944 DEBUG: CAMLCodec::GetTimeSize: len:24 dl:647550 fs:655908 front:8358
2021-01-16 05:30:26.574 T:3608322944 DEBUG: CAMLCodec::GetTimeSize: len:23 dl:647550 fs:647550 front:7854
2021-01-16 05:30:26.579 T:3608322944 DEBUG: CAMLCodec::AddData: dl:667035 sum:667035 sz:19485 dts:340.382 pts:340.465 overflow:0
2021-01-16 05:30:26.580 T:3608322944 DEBUG: CAMLCodec::GetTimeSize: len:24 dl:667035 fs:667035 front:7854
2021-01-16 05:30:26.588 T:4090851344 DEBUG: Previous line repeats 1 times.
2021-01-16 05:30:26.589 T:4090851344 DEBUG: PrepareNextRender: frameOnScreen: 339.187 renderPts: 339.313 nextFramePts: 339.172 -> diff: 0.141 render: 1 forceNext: 0
2021-01-16 05:30:26.590 T:4090851344 DEBUG: CAMLCodec::ReleaseFrame idx:803, drop:0
2021-01-16 05:30:26.593 T:3608322944 DEBUG: CAMLCodec::GetTimeSize: len:24 dl:667035 fs:667035 front:7854
2021-01-16 05:30:26.607 T:4090851344 DEBUG: Previous line repeats 2 times.
2021-01-16 05:30:26.607 T:4090851344 DEBUG: CAMLCodec::PollFrame elapsed:17.157ms
2021-01-16 05:30:26.611 T:4090851344 DEBUG: PrepareNextRender: frameOnScreen: 339.210 renderPts: 339.335 nextFramePts: 339.214 -> diff: 0.121 render: 1 forceNext: 0
2021-01-16 05:30:26.614 T:3608322944 DEBUG: CAMLCodec::GetTimeSize: len:24 dl:667035 fs:667035 front:7854
2021-01-16 05:30:26.615 T:4090851344 DEBUG: CAMLCodec::ReleaseFrame idx:804, drop:0
2021-01-16 05:30:26.615 T:3608322944 DEBUG: CAMLCodec::DequeueBuffer: pts:339.381 idx:808
2021-01-16 05:30:26.616 T:3608322944 DEBUG: CAMLCodec::GetPicture: index: 808, pts: 339.381, dur:42ms ar:1.67
2021-01-16 05:30:26.616 T:3608322944 DEBUG: CVideoPlayerVideo::OutputPicture - ttd:166ms pts:339.381 Clock:339.215 Level:3
2021-01-16 05:30:26.617 T:3608322944 DEBUG: CAMLCodec::GetTimeSize: len:24 dl:659181 fs:667035 front:7854
2021-01-16 05:30:26.617 T:3608322944 DEBUG: CAMLCodec::GetTimeSize: len:23 dl:659181 fs:659181 front:11701
2021-01-16 05:30:26.623 T:3608322944 DEBUG: CAMLCodec::AddData: dl:663237 sum:663237 sz:4056 dts:340.423 pts:340.423 overflow:0
2021-01-16 05:30:26.623 T:3608322944 DEBUG: CAMLCodec::GetTimeSize: len:24 dl:663237 fs:663237 front:11701
2021-01-16 05:30:26.649 T:4090851344 DEBUG: Previous line repeats 3 times.
2021-01-16 05:30:26.649 T:4090851344 DEBUG: CAMLCodec::PollFrame elapsed:33.671ms
2021-01-16 05:30:26.651 T:3608322944 DEBUG: CAMLCodec::GetTimeSize: len:24 dl:663237 fs:663237 front:11701
2021-01-16 05:30:26.652 T:3608322944 DEBUG: CAMLCodec::DequeueBuffer: pts:339.422 idx:809
2021-01-16 05:30:26.653 T:3608322944 DEBUG: CAMLCodec::GetPicture: index: 809, pts: 339.422, dur:41ms ar:1.67
2021-01-16 05:30:26.653 T:3608322944 DEBUG: CVideoPlayerVideo::OutputPicture - ttd:169ms pts:339.422 Clock:339.252 Level:4
2021-01-16 05:30:26.654 T:4090851344 DEBUG: PrepareNextRender: frameOnScreen: 339.253 renderPts: 339.378 nextFramePts: 339.256 -> diff: 0.122 render: 1 forceNext: 0
2021-01-16 05:30:26.655 T:3608322944 DEBUG: CAMLCodec::GetTimeSize: len:24 dl:663237 fs:663237 front:11701
2021-01-16 05:30:26.657 T:4090851344 DEBUG: CAMLCodec::ReleaseFrame idx:805, drop:0
2021-01-16 05:30:26.662 T:3608322944 DEBUG: CAMLCodec::GetTimeSize: len:24 dl:651536 fs:663237 front:11701
2021-01-16 05:30:26.662 T:3608322944 DEBUG: CAMLCodec::GetTimeSize: len:23 dl:651536 fs:651536 front:12203
2021-01-16 05:30:26.667 T:3608322944 DEBUG: CAMLCodec::AddData: dl:657077 sum:657077 sz:5541 dts:340.465 pts:340.507 overflow:0
2021-01-16 05:30:26.667 T:3608322944 DEBUG: CAMLCodec::GetTimeSize: len:24 dl:657077 fs:657077 front:12203
2021-01-16 05:30:26.691 T:4090851344 DEBUG: Previous line repeats 3 times.
2021-01-16 05:30:26.692 T:4090851344 DEBUG: CAMLCodec::PollFrame elapsed:33.441ms
2021-01-16 05:30:26.695 T:3608322944 DEBUG: CAMLCodec::GetTimeSize: len:24 dl:657077 fs:657077 front:12203
2021-01-16 05:30:26.696 T:3608322944 DEBUG: CAMLCodec::DequeueBuffer: pts:339.464 idx:810
2021-01-16 05:30:26.696 T:3608322944 DEBUG: CAMLCodec::GetPicture: index: 810, pts: 339.464, dur:42ms ar:1.67
2021-01-16 05:30:26.697 T:4090851344 DEBUG: PrepareNextRender: frameOnScreen: 339.296 renderPts: 339.421 nextFramePts: 339.297 -> diff: 0.124 render: 1 forceNext: 0
2021-01-16 05:30:26.697 T:3608322944 DEBUG: CVideoPlayerVideo::OutputPicture - ttd:168ms pts:339.464 Clock:339.296 Level:3
2021-01-16 05:30:26.699 T:3608322944 DEBUG: CAMLCodec::GetTimeSize: len:24 dl:644874 fs:657077 front:12203
2021-01-16 05:30:26.700 T:3608322944 DEBUG: CAMLCodec::GetTimeSize: len:23 dl:644874 fs:644874 front:113450
2021-01-16 05:30:26.700 T:4090851344 DEBUG: CAMLCodec::ReleaseFrame idx:806, drop:0
2021-01-16 05:30:26.708 T:3608322944 DEBUG: CAMLCodec::AddData: dl:723796 sum:723796 sz:78922 dts:340.507 pts:340.840 overflow:0
2021-01-16 05:30:26.708 T:3608322944 DEBUG: CAMLCodec::GetTimeSize: len:24 dl:723796 fs:723796 front:113450
2021-01-16 05:30:26.733 T:4090851344 DEBUG: Previous line repeats 3 times.
2021-01-16 05:30:26.733 T:4090851344 DEBUG: CAMLCodec::PollFrame elapsed:31.994ms
2021-01-16 05:30:26.737 T:3608322944 DEBUG: CAMLCodec::GetTimeSize: len:24 dl:723796 fs:723796 front:113450
2021-01-16 05:30:26.738 T:3608322944 DEBUG: CAMLCodec::DequeueBuffer: pts:339.506 idx:811
2021-01-16 05:30:26.739 T:3608322944 DEBUG: CAMLCodec::GetPicture: index: 811, pts: 339.506, dur:42ms ar:1.67
2021-01-16 05:30:26.739 T:4090851344 DEBUG: PrepareNextRender: frameOnScreen: 339.338 renderPts: 339.463 nextFramePts: 339.339 -> diff: 0.124 render: 1 forceNext: 0
2021-01-16 05:30:26.740 T:3608322944 DEBUG: CVideoPlayerVideo::OutputPicture - ttd:167ms pts:339.506 Clock:339.338 Level:3
2021-01-16 05:30:26.740 T:4090851344 DEBUG: CAMLCodec::ReleaseFrame idx:807, drop:0
2021-01-16 05:30:26.742 T:3608322944 DEBUG: CAMLCodec::GetTimeSize: len:24 dl:610346 fs:723796 front:113450
2021-01-16 05:30:26.742 T:3608322944 DEBUG: CAMLCodec::GetTimeSize: len:23 dl:610346 fs:610346 front:54870
2021-01-16 05:30:26.747 T:3608322944 DEBUG: CAMLCodec::AddData: dl:632073 sum:632073 sz:21727 dts:340.549 pts:340.715 overflow:0
2021-01-16 05:30:26.748 T:3608322944 DEBUG: CAMLCodec::GetTimeSize: len:24 dl:632073 fs:632073 front:54870
2021-01-16 05:30:26.774 T:4090851344 DEBUG: Previous line repeats 3 times.
2021-01-16 05:30:26.774 T:4090851344 DEBUG: CAMLCodec::PollFrame elapsed:32.254ms
2021-01-16 05:30:26.775 T:3608322944 DEBUG: CAMLCodec::GetTimeSize: len:24 dl:632073 fs:632073 front:54870
2021-01-16 05:30:26.776 T:3608322944 DEBUG: CAMLCodec::DequeueBuffer: pts:339.548 idx:812
2021-01-16 05:30:26.776 T:3608322944 DEBUG: CAMLCodec::GetPicture: index: 812, pts: 339.548, dur:42ms ar:1.67
2021-01-16 05:30:26.777 T:3608322944 DEBUG: CVideoPlayerVideo::OutputPicture - ttd:172ms pts:339.548 Clock:339.376 Level:4
2021-01-16 05:30:26.777 T:4090851344 DEBUG: PrepareNextRender: frameOnScreen: 339.376 renderPts: 339.501 nextFramePts: 339.381 -> diff: 0.120 render: 1 forceNext: 0
2021-01-16 05:30:26.778 T:4090851344 DEBUG: CAMLCodec::ReleaseFrame idx:808, drop:0
2021-01-16 05:30:26.779 T:3608322944 DEBUG: CAMLCodec::GetTimeSize: len:24 dl:577203 fs:632073 front:54870
2021-01-16 05:30:26.779 T:3608322944 DEBUG: CAMLCodec::GetTimeSize: len:23 dl:577203 fs:577203 front:10243
2021-01-16 05:30:26.784 T:3608322944 DEBUG: CAMLCodec::AddData: dl:587716 sum:587716 sz:10513 dts:340.590 pts:340.590 overflow:0
2021-01-16 05:30:26.784 T:3608322944 DEBUG: CAMLCodec::GetTimeSize: len:24 dl:587716 fs:587716 front:10243
2021-01-16 05:30:26.797 T:3581182848 DEBUG: Previous line repeats 1 times.
2021-01-16 05:30:26.798 T:3581182848 DEBUG: CVideoPlayer::ProcessVideoData size:77431 dts:347.556 pts:347.889 dur:41.000ms, clock:339.396 level:87
2021-01-16 05:30:26.800 T:3608322944 DEBUG: CAMLCodec::GetTimeSize: len:24 dl:587716 fs:587716 front:10243
2021-01-16 05:30:26.800 T:3581182848 DEBUG: CVideoPlayer::ProcessVideoData size:18563 dts:347.597 pts:347.764 dur:41.000ms, clock:339.398 level:87
2021-01-16 05:30:26.801 T:3581182848 DEBUG: CVideoPlayer::ProcessVideoData size:8666 dts:347.639 pts:347.639 dur:41.000ms, clock:339.400 level:88
2021-01-16 05:30:26.803 T:3581182848 DEBUG: CVideoPlayer::ProcessVideoData size:10163 dts:347.681 pts:347.681 dur:41.000ms, clock:339.402 level:88
2021-01-16 05:30:26.805 T:3581182848 DEBUG: CVideoPlayer::ProcessVideoData size:11814 dts:347.722 pts:347.722 dur:41.000ms, clock:339.404 level:89
2021-01-16 05:30:26.806 T:3581182848 DEBUG: CVideoPlayer::ProcessVideoData size:8166 dts:347.764 pts:347.806 dur:41.000ms, clock:339.405 level:89
2021-01-16 05:30:26.807 T:3581182848 DEBUG: CVideoPlayer::ProcessVideoData size:8346 dts:347.806 pts:347.847 dur:41.000ms, clock:339.406 level:90
2021-01-16 05:30:26.809 T:3608322944 DEBUG: CAMLCodec::GetTimeSize: len:24 dl:587716 fs:587716 front:10243
2021-01-16 05:30:26.816 T:4090851344 DEBUG: CAMLCodec::PollFrame elapsed:37.606ms
2021-01-16 05:30:26.816 T:3608322944 DEBUG: CAMLCodec::GetTimeSize: len:24 dl:587716 fs:587716 front:10243
2021-01-16 05:30:26.819 T:4090851344 DEBUG: PrepareNextRender: frameOnScreen: 339.417 renderPts: 339.543 nextFramePts: 339.422 -> diff: 0.121 render: 1 forceNext: 0
2021-01-16 05:30:26.821 T:4090851344 DEBUG: CAMLCodec::ReleaseFrame idx:809, drop:0
2021-01-16 05:30:26.823 T:3608322944 DEBUG: CAMLCodec::GetTimeSize: len:24 dl:577473 fs:587716 front:10243
2021-01-16 05:30:26.823 T:3608322944 DEBUG: CAMLCodec::GetTimeSize: len:23 dl:577473 fs:577473 front:13507
2021-01-16 05:30:26.823 T:3608322944 DEBUG: CAMLCodec::DequeueBuffer: pts:339.589 idx:813
2021-01-16 05:30:26.823 T:3608322944 DEBUG: CAMLCodec::GetPicture: index: 813, pts: 339.589, dur:41ms ar:1.67
2021-01-16 05:30:26.824 T:3608322944 DEBUG: CVideoPlayerVideo::OutputPicture - ttd:166ms pts:339.589 Clock:339.423 Level:3
2021-01-16 05:30:26.825 T:3608322944 DEBUG: CAMLCodec::GetTimeSize: len:23 dl:577473 fs:577473 front:13507
2021-01-16 05:30:26.830 T:3608322944 DEBUG: CAMLCodec::AddData: dl:586852 sum:586852 sz:9379 dts:340.632 pts:340.632 overflow:0
2021-01-16 05:30:26.831 T:3608322944 DEBUG: CAMLCodec::GetTimeSize: len:24 dl:586852 fs:586852 front:13507
2021-01-16 05:30:26.858 T:4090851344 DEBUG: Previous line repeats 3 times.
2021-01-16 05:30:26.858 T:4090851344 DEBUG: CAMLCodec::PollFrame elapsed:35.801ms
2021-01-16 05:30:26.859 T:3608322944 DEBUG: CAMLCodec::GetTimeSize: len:24 dl:586852 fs:586852 front:13507
2021-01-16 05:30:26.861 T:3608322944 DEBUG: CAMLCodec::DequeueBuffer: pts:339.631 idx:814
2021-01-16 05:30:26.861 T:3608322944 DEBUG: CAMLCodec::GetPicture: index: 814, pts: 339.631, dur:42ms ar:1.67
2021-01-16 05:30:26.862 T:3608322944 DEBUG: CVideoPlayerVideo::OutputPicture - ttd:170ms pts:339.631 Clock:339.461 Level:4
2021-01-16 05:30:26.864 T:4090851344 DEBUG: PrepareNextRender: frameOnScreen: 339.463 renderPts: 339.588 nextFramePts: 339.464 -> diff: 0.124 render: 1 forceNext: 0
2021-01-16 05:30:26.865 T:3608322944 DEBUG: CAMLCodec::GetTimeSize: len:24 dl:573345 fs:586852 front:13507
2021-01-16 05:30:26.865 T:3608322944 DEBUG: CAMLCodec::GetTimeSize: len:23 dl:573345 fs:573345 front:15710
2021-01-16 05:30:26.869 T:4090851344 DEBUG: CAMLCodec::ReleaseFrame idx:810, drop:0
2021-01-16 05:30:26.871 T:3608322944 DEBUG: CAMLCodec::AddData: dl:580875 sum:580875 sz:7530 dts:340.674 pts:340.674 overflow:0
2021-01-16 05:30:26.871 T:3608322944 DEBUG: CAMLCodec::GetTimeSize: len:24 dl:580875 fs:580875 front:15710
2021-01-16 05:30:26.899 T:4090851344 DEBUG: Previous line repeats 4 times.
2021-01-16 05:30:26.899 T:4090851344 DEBUG: CAMLCodec::PollFrame elapsed:29.874ms
2021-01-16 05:30:26.903 T:4090851344 DEBUG: PrepareNextRender: frameOnScreen: 339.502 renderPts: 339.627 nextFramePts: 339.506 -> diff: 0.121 render: 1 forceNext: 0
2021-01-16 05:30:26.905 T:4090851344 DEBUG: CAMLCodec::ReleaseFrame idx:811, drop:0
2021-01-16 05:30:26.906 T:3608322944 DEBUG: CAMLCodec::GetTimeSize: len:24 dl:565165 fs:580875 front:15710
2021-01-16 05:30:26.906 T:3608322944 DEBUG: CAMLCodec::GetTimeSize: len:23 dl:565165 fs:565165 front:15131
2021-01-16 05:30:26.906 T:3608322944 DEBUG: CAMLCodec::DequeueBuffer: pts:339.673 idx:815
2021-01-16 05:30:26.906 T:3608322944 DEBUG: CAMLCodec::GetPicture: index: 815, pts: 339.673, dur:42ms ar:1.67
2021-01-16 05:30:26.907 T:3608322944 DEBUG: CVideoPlayerVideo::OutputPicture - ttd:167ms pts:339.673 Clock:339.506 Level:3
2021-01-16 05:30:26.908 T:3608322944 DEBUG: CAMLCodec::GetTimeSize: len:23 dl:565165 fs:565165 front:15131
2021-01-16 05:30:26.914 T:3608322944 DEBUG: CAMLCodec::AddData: dl:573857 sum:573857 sz:8692 dts:340.715 pts:340.757 overflow:0
2021-01-16 05:30:26.914 T:3608322944 DEBUG: CAMLCodec::GetTimeSize: len:24 dl:573857 fs:573857 front:15131
2021-01-16 05:30:26.941 T:4090851344 DEBUG: Previous line repeats 3 times.
2021-01-16 05:30:26.942 T:4090851344 DEBUG: CAMLCodec::PollFrame elapsed:35.310ms
2021-01-16 05:30:26.942 T:3608322944 DEBUG: CAMLCodec::GetTimeSize: len:24 dl:573857 fs:573857 front:15131
2021-01-16 05:30:26.943 T:3608322944 DEBUG: CAMLCodec::DequeueBuffer: pts:339.714 idx:816
2021-01-16 05:30:26.944 T:3608322944 DEBUG: CAMLCodec::GetPicture: index: 816, pts: 339.714, dur:41ms ar:1.67
2021-01-16 05:30:26.946 T:3608322944 DEBUG: CVideoPlayerVideo::OutputPicture - ttd:169ms pts:339.714 Clock:339.545 Level:4
2021-01-16 05:30:26.947 T:3608322944 DEBUG: CAMLCodec::GetTimeSize: len:24 dl:558726 fs:573857 front:15131
2021-01-16 05:30:26.948 T:4090851344 DEBUG: PrepareNextRender: frameOnScreen: 339.546 renderPts: 339.671 nextFramePts: 339.548 -> diff: 0.123 render: 1 forceNext: 0
2021-01-16 05:30:26.948 T:3608322944 DEBUG: CAMLCodec::GetTimeSize: len:23 dl:558726 fs:558726 front:75878
2021-01-16 05:30:26.951 T:4090851344 DEBUG: CAMLCodec::ReleaseFrame idx:812, drop:0
2021-01-16 05:30:26.954 T:3608322944 DEBUG: CAMLCodec::AddData: dl:567018 sum:567018 sz:8292 dts:340.757 pts:340.799 overflow:0
2021-01-16 05:30:26.954 T:3608322944 DEBUG: CAMLCodec::GetTimeSize: len:24 dl:567018 fs:567018 front:75878
2021-01-16 05:30:26.960 T:3746550656 DEBUG: Thread JobWorker 3746550656 terminating (autodelete)
2021-01-16 05:30:26.961 T:3608322944 DEBUG: CAMLCodec::GetTimeSize: len:24 dl:567018 fs:567018 front:75878
2021-01-16 05:30:26.983 T:4090851344 DEBUG: Previous line repeats 3 times.
2021-01-16 05:30:26.983 T:4090851344 DEBUG: CAMLCodec::PollFrame elapsed:31.572ms
2021-01-16 05:30:26.990 T:3608322944 DEBUG: CAMLCodec::GetTimeSize: len:24 dl:491140 fs:567018 front:75878
2021-01-16 05:30:26.991 T:3608322944 DEBUG: CAMLCodec::GetTimeSize: len:23 dl:491140 fs:491140 front:21699
2021-01-16 05:30:26.991 T:4090851344 DEBUG: PrepareNextRender: frameOnScreen: 339.589 renderPts: 339.715 nextFramePts: 339.589 -> diff: 0.126 render: 1 forceNext: 0
2021-01-16 05:30:26.992 T:3608322944 DEBUG: CAMLCodec::DequeueBuffer: pts:339.756 idx:817
2021-01-16 05:30:26.992 T:3608322944 DEBUG: CAMLCodec::GetPicture: index: 817, pts: 339.756, dur:42ms ar:1.67
2021-01-16 05:30:26.993 T:3608322944 DEBUG: CVideoPlayerVideo::OutputPicture - ttd:164ms pts:339.756 Clock:339.592 Level:3
2021-01-16 05:30:26.994 T:4090851344 DEBUG: CAMLCodec::ReleaseFrame idx:813, drop:0
2021-01-16 05:30:26.994 T:3608322944 DEBUG: CAMLCodec::GetTimeSize: len:23 dl:491140 fs:491140 front:21699
2021-01-16 05:30:27.002 T:3608322944 DEBUG: CAMLCodec::AddData: dl:566079 sum:566079 sz:74939 dts:340.799 pts:341.091 overflow:0
2021-01-16 05:30:27.002 T:3608322944 DEBUG: CAMLCodec::GetTimeSize: len:24 dl:566079 fs:566079 front:21699
2021-01-16 05:30:27.024 T:4090851344 DEBUG: Previous line repeats 3 times.
2021-01-16 05:30:27.025 T:4090851344 DEBUG: CAMLCodec::PollFrame elapsed:30.176ms
2021-01-16 05:30:27.029 T:4090851344 DEBUG: PrepareNextRender: frameOnScreen: 339.628 renderPts: 339.753 nextFramePts: 339.631 -> diff: 0.122 render: 1 forceNext: 0
2021-01-16 05:30:27.031 T:3608322944 DEBUG: CAMLCodec::GetTimeSize: len:24 dl:544380 fs:566079 front:21699
2021-01-16 05:30:27.032 T:3608322944 DEBUG: CAMLCodec::GetTimeSize: len:23 dl:544380 fs:544380 front:10907
2021-01-16 05:30:27.032 T:3608322944 DEBUG: CAMLCodec::DequeueBuffer: pts:339.798 idx:818
2021-01-16 05:30:27.032 T:4090851344 DEBUG: CAMLCodec::ReleaseFrame idx:814, drop:0
2021-01-16 05:30:27.033 T:3608322944 DEBUG: CAMLCodec::GetPicture: index: 818, pts: 339.798, dur:42ms ar:1.67
2021-01-16 05:30:27.033 T:3608322944 DEBUG: CVideoPlayerVideo::OutputPicture - ttd:166ms pts:339.798 Clock:339.632 Level:3
2021-01-16 05:30:27.034 T:3608322944 DEBUG: CAMLCodec::GetTimeSize: len:23 dl:544380 fs:544380 front:10907
2021-01-16 05:30:27.040 T:3608322944 DEBUG: CAMLCodec::AddData: dl:578603 sum:578603 sz:34223 dts:340.840 pts:340.966 overflow:0
2021-01-16 05:30:27.040 T:3608322944 DEBUG: CAMLCodec::GetTimeSize: len:24 dl:578603 fs:578603 front:10907
2021-01-16 05:30:27.055 T:3581182848 DEBUG: Previous line repeats 1 times.
2021-01-16 05:30:27.056 T:3581182848 DEBUG: CVideoPlayer::ProcessVideoData size:69223 dts:347.847 pts:348.139 dur:41.000ms, clock:339.653 level:87
2021-01-16 05:30:27.058 T:3581182848 DEBUG: CVideoPlayer::ProcessVideoData size:33603 dts:347.889 pts:348.014 dur:41.000ms, clock:339.656 level:88
2021-01-16 05:30:27.058 T:3581182848 DEBUG: CVideoPlayer::ProcessVideoData size:9305 dts:347.931 pts:347.931 dur:41.000ms, clock:339.657 level:88
2021-01-16 05:30:27.059 T:3581182848 DEBUG: CVideoPlayer::ProcessVideoData size:10949 dts:347.973 pts:347.973 dur:41.000ms, clock:339.658 level:89
2021-01-16 05:30:27.059 T:3581182848 DEBUG: CVideoPlayer::ProcessVideoData size:8114 dts:348.014 pts:348.056 dur:41.000ms, clock:339.658 level:89
2021-01-16 05:30:27.060 T:3581182848 DEBUG: CVideoPlayer::ProcessVideoData size:8165 dts:348.056 pts:348.098 dur:41.000ms, clock:339.659 level:90
2021-01-16 05:30:27.061 T:3608322944 DEBUG: CAMLCodec::GetTimeSize: len:24 dl:578603 fs:578603 front:10907
2021-01-16 05:30:27.066 T:4090851344 DEBUG: CAMLCodec::PollFrame elapsed:32.880ms
2021-01-16 05:30:27.068 T:3608322944 DEBUG: CAMLCodec::GetTimeSize: len:24 dl:578603 fs:578603 front:10907
2021-01-16 05:30:27.069 T:3608322944 DEBUG: CAMLCodec::DequeueBuffer: pts:339.839 idx:819
2021-01-16 05:30:27.070 T:3608322944 DEBUG: CAMLCodec::GetPicture: index: 819, pts: 339.839, dur:41ms ar:1.67
2021-01-16 05:30:27.071 T:3608322944 DEBUG: CVideoPlayerVideo::OutputPicture - ttd:169ms pts:339.839 Clock:339.669 Level:4
2021-01-16 05:30:27.071 T:4090851344 DEBUG: PrepareNextRender: frameOnScreen: 339.670 renderPts: 339.795 nextFramePts: 339.673 -> diff: 0.122 render: 1 forceNext: 0
2021-01-16 05:30:27.074 T:3608322944 DEBUG: CAMLCodec::GetTimeSize: len:24 dl:567696 fs:578603 front:10907
2021-01-16 05:30:27.074 T:3608322944 DEBUG: CAMLCodec::GetTimeSize: len:23 dl:567696 fs:567696 front:8928
2021-01-16 05:30:27.075 T:4090851344 DEBUG: CAMLCodec::ReleaseFrame idx:815, drop:0
2021-01-16 05:30:27.080 T:3608322944 DEBUG: CAMLCodec::AddData: dl:572710 sum:572710 sz:5014 dts:340.882 pts:340.882 overflow:0
2021-01-16 05:30:27.080 T:3608322944 DEBUG: CAMLCodec::GetTimeSize: len:24 dl:572710 fs:572710 front:8928
2021-01-16 05:30:27.108 T:4090851344 DEBUG: Previous line repeats 4 times.
2021-01-16 05:30:27.108 T:4090851344 DEBUG: CAMLCodec::PollFrame elapsed:32.673ms
2021-01-16 05:30:27.110 T:4090851344 INFO: CheckIdle - Closing session to https://image.tmdb.org (easy=0xe076bdb0, multi=0xf0b36180)
2021-01-16 05:30:27.115 T:3608322944 DEBUG: CAMLCodec::GetTimeSize: len:24 dl:572710 fs:572710 front:8928
2021-01-16 05:30:27.115 T:3608322944 DEBUG: CAMLCodec::DequeueBuffer: pts:339.881 idx:820
2021-01-16 05:30:27.115 T:3608322944 DEBUG: CAMLCodec::GetPicture: index: 820, pts: 339.881, dur:42ms ar:1.67
2021-01-16 05:30:27.116 T:3608322944 DEBUG: CVideoPlayerVideo::OutputPicture - ttd:166ms pts:339.881 Clock:339.715 Level:4
2021-01-16 05:30:27.117 T:3608322944 DEBUG: CAMLCodec::GetTimeSize: len:24 dl:563782 fs:572710 front:8928
2021-01-16 05:30:27.117 T:3608322944 DEBUG: CAMLCodec::GetTimeSize: len:23 dl:563782 fs:563782 front:70986
2021-01-16 05:30:27.123 T:3608322944 DEBUG: CAMLCodec::AddData: dl:569279 sum:569279 sz:5497 dts:340.924 pts:340.924 overflow:0
2021-01-16 05:30:27.123 T:3608322944 DEBUG: CAMLCodec::GetTimeSize: len:24 dl:569279 fs:569279 front:70986
2021-01-16 05:30:27.131 T:4090851344 DEBUG: Previous line repeats 1 times.
2021-01-16 05:30:27.131 T:4090851344 DEBUG: PrepareNextRender: frameOnScreen: 339.730 renderPts: 339.855 nextFramePts: 339.714 -> diff: 0.141 render: 1 forceNext: 0
2021-01-16 05:30:27.132 T:4090851344 DEBUG: CAMLCodec::ReleaseFrame idx:816, drop:0
2021-01-16 05:30:27.136 T:3608322944 DEBUG: CAMLCodec::GetTimeSize: len:24 dl:569279 fs:569279 front:70986
2021-01-16 05:30:27.150 T:4090851344 DEBUG: Previous line repeats 1 times.
2021-01-16 05:30:27.150 T:4090851344 DEBUG: CAMLCodec::PollFrame elapsed:16.907ms
2021-01-16 05:30:27.150 T:3608322944 DEBUG: CAMLCodec::GetTimeSize: len:24 dl:569279 fs:569279 front:70986
2021-01-16 05:30:27.155 T:4090851344 DEBUG: PrepareNextRender: frameOnScreen: 339.754 renderPts: 339.879 nextFramePts: 339.756 -> diff: 0.123 render: 1 forceNext: 0
2021-01-16 05:30:27.157 T:4090851344 DEBUG: CAMLCodec::ReleaseFrame idx:817, drop:0
2021-01-16 05:30:27.158 T:3608322944 DEBUG: CAMLCodec::GetTimeSize: len:24 dl:498293 fs:569279 front:70986
2021-01-16 05:30:27.158 T:3608322944 DEBUG: CAMLCodec::GetTimeSize: len:23 dl:498293 fs:498293 front:26803
2021-01-16 05:30:27.158 T:3608322944 DEBUG: CAMLCodec::DequeueBuffer: pts:339.923 idx:821
2021-01-16 05:30:27.159 T:3608322944 DEBUG: CAMLCodec::GetPicture: index: 821, pts: 339.923, dur:42ms ar:1.67
2021-01-16 05:30:27.159 T:3608322944 DEBUG: CVideoPlayerVideo::OutputPicture - ttd:165ms pts:339.923 Clock:339.758 Level:3
2021-01-16 05:30:27.160 T:3608322944 DEBUG: CAMLCodec::GetTimeSize: len:23 dl:498293 fs:498293 front:26803
2021-01-16 05:30:27.165 T:3608322944 DEBUG: CAMLCodec::AddData: dl:506147 sum:506147 sz:7854 dts:340.966 pts:341.007 overflow:0
2021-01-16 05:30:27.166 T:3608322944 DEBUG: CAMLCodec::GetTimeSize: len:24 dl:506147 fs:506147 front:26803
2021-01-16 05:30:27.191 T:4090851344 DEBUG: Previous line repeats 3 times.
2021-01-16 05:30:27.191 T:4090851344 DEBUG: CAMLCodec::PollFrame elapsed:33.217ms
2021-01-16 05:30:27.193 T:3608322944 DEBUG: CAMLCodec::GetTimeSize: len:24 dl:506147 fs:506147 front:26803
2021-01-16 05:30:27.194 T:4090851344 DEBUG: PrepareNextRender: frameOnScreen: 339.793 renderPts: 339.918 nextFramePts: 339.798 -> diff: 0.120 render: 1 forceNext: 0
2021-01-16 05:30:27.197 T:4090851344 DEBUG: CAMLCodec::ReleaseFrame idx:818, drop:0
2021-01-16 05:30:27.200 T:3608322944 DEBUG: CAMLCodec::GetTimeSize: len:24 dl:479344 fs:506147 front:26803
2021-01-16 05:30:27.200 T:3608322944 DEBUG: CAMLCodec::GetTimeSize: len:23 dl:479344 fs:479344 front:5361
2021-01-16 05:30:27.201 T:3608322944 DEBUG: CAMLCodec::DequeueBuffer: pts:339.965 idx:822
2021-01-16 05:30:27.201 T:3608322944 DEBUG: CAMLCodec::GetPicture: index: 822, pts: 339.965, dur:42ms ar:1.67
2021-01-16 05:30:27.201 T:3608322944 DEBUG: CVideoPlayerVideo::OutputPicture - ttd:165ms pts:339.965 Clock:339.800 Level:3
2021-01-16 05:30:27.203 T:3608322944 DEBUG: CAMLCodec::GetTimeSize: len:23 dl:479344 fs:479344 front:5361
2021-01-16 05:30:27.208 T:3608322944 DEBUG: CAMLCodec::AddData: dl:487152 sum:487152 sz:7808 dts:341.007 pts:341.049 overflow:0
2021-01-16 05:30:27.208 T:3608322944 DEBUG: CAMLCodec::GetTimeSize: len:24 dl:487152 fs:487152 front:5361
2021-01-16 05:30:27.233 T:4090851344 DEBUG: Previous line repeats 3 times.
2021-01-16 05:30:27.233 T:4090851344 DEBUG: CAMLCodec::PollFrame elapsed:35.153ms
2021-01-16 05:30:27.237 T:3608322944 DEBUG: CAMLCodec::GetTimeSize: len:24 dl:487152 fs:487152 front:5361
2021-01-16 05:30:27.237 T:3608322944 DEBUG: CAMLCodec::DequeueBuffer: pts:340.006 idx:823
2021-01-16 05:30:27.238 T:3608322944 DEBUG: CAMLCodec::GetPicture: index: 823, pts: 340.006, dur:41ms ar:1.67
2021-01-16 05:30:27.238 T:3608322944 DEBUG: CVideoPlayerVideo::OutputPicture - ttd:169ms pts:340.006 Clock:339.837 Level:4
2021-01-16 05:30:27.238 T:4090851344 DEBUG: PrepareNextRender: frameOnScreen: 339.837 renderPts: 339.962 nextFramePts: 339.839 -> diff: 0.123 render: 1 forceNext: 0
2021-01-16 05:30:27.240 T:3608322944 DEBUG: CAMLCodec::GetTimeSize: len:24 dl:481791 fs:487152 front:5361
2021-01-16 05:30:27.241 T:4090851344 DEBUG: CAMLCodec::ReleaseFrame idx:819, drop:0
2021-01-16 05:30:27.241 T:3608322944 DEBUG: CAMLCodec::GetTimeSize: len:23 dl:481791 fs:481791 front:4419
2021-01-16 05:30:27.249 T:3608322944 DEBUG: CAMLCodec::AddData: dl:563937 sum:563937 sz:82146 dts:341.049 pts:341.341 overflow:0
2021-01-16 05:30:27.249 T:3608322944 DEBUG: CAMLCodec::GetTimeSize: len:24 dl:563937 fs:563937 front:4419
2021-01-16 05:30:27.275 T:4090851344 DEBUG: Previous line repeats 3 times.
2021-01-16 05:30:27.275 T:4090851344 DEBUG: CAMLCodec::PollFrame elapsed:33.669ms
2021-01-16 05:30:27.279 T:3608322944 DEBUG: CAMLCodec::GetTimeSize: len:24 dl:563937 fs:563937 front:4419
2021-01-16 05:30:27.279 T:3608322944 DEBUG: CAMLCodec::DequeueBuffer: pts:340.048 idx:824
2021-01-16 05:30:27.280 T:3608322944 DEBUG: CAMLCodec::GetPicture: index: 824, pts: 340.048, dur:42ms ar:1.67
2021-01-16 05:30:27.281 T:4090851344 DEBUG: PrepareNextRender: frameOnScreen: 339.879 renderPts: 340.005 nextFramePts: 339.881 -> diff: 0.124 render: 1 forceNext: 0
2021-01-16 05:30:27.281 T:3608322944 DEBUG: CVideoPlayerVideo::OutputPicture - ttd:168ms pts:340.048 Clock:339.880 Level:3
2021-01-16 05:30:27.284 T:3608322944 DEBUG: CAMLCodec::GetTimeSize: len:24 dl:559518 fs:563937 front:4419
2021-01-16 05:30:27.285 T:4090851344 DEBUG: CAMLCodec::ReleaseFrame idx:820, drop:0
2021-01-16 05:30:27.285 T:3608322944 DEBUG: CAMLCodec::GetTimeSize: len:23 dl:559518 fs:559518 front:68274
2021-01-16 05:30:27.290 T:3608322944 DEBUG: CAMLCodec::AddData: dl:597958 sum:597958 sz:38440 dts:341.091 pts:341.216 overflow:0
2021-01-16 05:30:27.291 T:3608322944 DEBUG: CAMLCodec::GetTimeSize: len:24 dl:597958 fs:597958 front:68274
2021-01-16 05:30:27.315 T:3581182848 DEBUG: Previous line repeats 3 times.
2021-01-16 05:30:27.315 T:3581182848 DEBUG: CVideoPlayer::ProcessVideoData size:77778 dts:348.098 pts:348.306 dur:41.000ms, clock:339.913 level:87
2021-01-16 05:30:27.317 T:4090851344 DEBUG: CAMLCodec::PollFrame elapsed:31.986ms
2021-01-16 05:30:27.319 T:3608322944 DEBUG: CAMLCodec::GetTimeSize: len:24 dl:597958 fs:597958 front:68274
2021-01-16 05:30:27.320 T:3608322944 DEBUG: CAMLCodec::DequeueBuffer: pts:340.090 idx:825
2021-01-16 05:30:27.321 T:3608322944 DEBUG: CAMLCodec::GetPicture: index: 825, pts: 340.090, dur:42ms ar:1.67
2021-01-16 05:30:27.321 T:3608322944 DEBUG: CVideoPlayerVideo::OutputPicture - ttd:169ms pts:340.090 Clock:339.920 Level:4
2021-01-16 05:30:27.322 T:3581182848 DEBUG: CVideoPlayer::ProcessVideoData size:28269 dts:348.139 pts:348.223 dur:41.000ms, clock:339.921 level:88
2021-01-16 05:30:27.323 T:4090851344 DEBUG: PrepareNextRender: frameOnScreen: 339.922 renderPts: 340.047 nextFramePts: 339.923 -> diff: 0.124 render: 1 forceNext: 0
2021-01-16 05:30:27.324 T:3581182848 DEBUG: CVideoPlayer::ProcessVideoData size:7882 dts:348.181 pts:348.181 dur:41.000ms, clock:339.922 level:88
2021-01-16 05:30:27.325 T:3581182848 DEBUG: CVideoPlayer::ProcessVideoData size:9659 dts:348.223 pts:348.265 dur:41.000ms, clock:339.924 level:89
2021-01-16 05:30:27.326 T:3608322944 DEBUG: CAMLCodec::GetTimeSize: len:24 dl:529684 fs:597958 front:68274
2021-01-16 05:30:27.326 T:4090851344 DEBUG: CAMLCodec::ReleaseFrame idx:821, drop:0
2021-01-16 05:30:27.327 T:3608322944 DEBUG: CAMLCodec::GetTimeSize: len:23 dl:529684 fs:529684 front:20703
2021-01-16 05:30:27.329 T:3581182848 DEBUG: CVideoPlayer::ProcessVideoData size:77972 dts:348.265 pts:348.390 dur:41.000ms, clock:339.927 level:89
2021-01-16 05:30:27.329 T:3581182848 DEBUG: CVideoPlayer::ProcessVideoData size:6148 dts:348.306 pts:348.348 dur:41.000ms, clock:339.928 level:90
2021-01-16 05:30:27.332 T:3608322944 DEBUG: CAMLCodec::AddData: dl:534998 sum:534998 sz:5314 dts:341.132 pts:341.132 overflow:0
2021-01-16 05:30:27.333 T:3608322944 DEBUG: CAMLCodec::GetTimeSize: len:24 dl:534998 fs:534998 front:20703
2021-01-16 05:30:27.358 T:4090851344 DEBUG: Previous line repeats 3 times.
2021-01-16 05:30:27.359 T:4090851344 DEBUG: CAMLCodec::PollFrame elapsed:30.988ms
2021-01-16 05:30:27.360 T:3608322944 DEBUG: CAMLCodec::GetTimeSize: len:24 dl:534998 fs:534998 front:20703
2021-01-16 05:30:27.361 T:3608322944 DEBUG: CAMLCodec::DequeueBuffer: pts:340.131 idx:826
2021-01-16 05:30:27.362 T:3608322944 DEBUG: CAMLCodec::GetPicture: index: 826, pts: 340.131, dur:41ms ar:1.67
2021-01-16 05:30:27.362 T:3608322944 DEBUG: CVideoPlayerVideo::OutputPicture - ttd:170ms pts:340.131 Clock:339.961 Level:4
2021-01-16 05:30:27.364 T:4090851344 DEBUG: PrepareNextRender: frameOnScreen: 339.962 renderPts: 340.087 nextFramePts: 339.965 -> diff: 0.122 render: 1 forceNext: 0
2021-01-16 05:30:27.365 T:3608322944 DEBUG: CAMLCodec::GetTimeSize: len:24 dl:514295 fs:534998 front:20703
2021-01-16 05:30:27.366 T:4090851344 DEBUG: CAMLCodec::ReleaseFrame idx:822, drop:0
2021-01-16 05:30:27.366 T:3608322944 DEBUG: CAMLCodec::GetTimeSize: len:23 dl:514295 fs:514295 front:6248
2021-01-16 05:30:27.371 T:3608322944 DEBUG: CAMLCodec::AddData: dl:519527 sum:519527 sz:5232 dts:341.174 pts:341.174 overflow:0
2021-01-16 05:30:27.372 T:3608322944 DEBUG: CAMLCodec::GetTimeSize: len:24 dl:519527 fs:519527 front:6248
2021-01-16 05:30:27.382 T:3581182848 DEBUG: Previous line repeats 1 times.
2021-01-16 05:30:27.382 T:3581182848 DEBUG: CVideoPlayer::ProcessVideoData size:75361 dts:348.348 pts:348.598 dur:41.000ms, clock:339.981 level:89
2021-01-16 05:30:27.384 T:3581182848 DEBUG: CVideoPlayer::ProcessVideoData size:14418 dts:348.390 pts:348.515 dur:41.000ms, clock:339.983 level:90
2021-01-16 05:30:27.385 T:3581182848 DEBUG: CVideoPlayer::ProcessVideoData size:8110 dts:348.431 pts:348.431 dur:41.000ms, clock:339.984 level:90
2021-01-16 05:30:27.386 T:3581182848 DEBUG: CVideoPlayer::ProcessVideoData size:7649 dts:348.473 pts:348.473 dur:41.000ms, clock:339.985 level:91
2021-01-16 05:30:27.388 T:3581182848 DEBUG: CVideoPlayer::ProcessVideoData size:6081 dts:348.515 pts:348.557 dur:41.000ms, clock:339.986 level:91
2021-01-16 05:30:27.389 T:3608322944 DEBUG: CAMLCodec::GetTimeSize: len:24 dl:519527 fs:519527 front:6248
2021-01-16 05:30:27.399 T:4090851344 DEBUG: Previous line repeats 1 times.
2021-01-16 05:30:27.399 T:4090851344 DEBUG: CAMLCodec::PollFrame elapsed:33.222ms
2021-01-16 05:30:27.401 T:4090851344 DEBUG: PrepareNextRender: frameOnScreen: 340.000 renderPts: 340.125 nextFramePts: 340.006 -> diff: 0.119 render: 1 forceNext: 0
2021-01-16 05:30:27.403 T:3608322944 DEBUG: CAMLCodec::GetTimeSize: len:24 dl:519527 fs:519527 front:6248
2021-01-16 05:30:27.404 T:3608322944 DEBUG: CAMLCodec::DequeueBuffer: pts:340.173 idx:827
2021-01-16 05:30:27.405 T:4090851344 DEBUG: CAMLCodec::ReleaseFrame idx:823, drop:0
2021-01-16 05:30:27.405 T:3608322944 DEBUG: CAMLCodec::GetPicture: index: 827, pts: 340.173, dur:42ms ar:1.67
2021-01-16 05:30:27.406 T:3608322944 DEBUG: CVideoPlayerVideo::OutputPicture - ttd:168ms pts:340.173 Clock:340.004 Level:3
2021-01-16 05:30:27.407 T:3608322944 DEBUG: CAMLCodec::GetTimeSize: len:24 dl:513279 fs:519527 front:6248
2021-01-16 05:30:27.407 T:3608322944 DEBUG: CAMLCodec::GetTimeSize: len:23 dl:513279 fs:513279 front:5215
2021-01-16 05:30:27.413 T:3608322944 DEBUG: CAMLCodec::AddData: dl:522872 sum:522872 sz:9593 dts:341.216 pts:341.258 overflow:0
2021-01-16 05:30:27.413 T:3608322944 DEBUG: CAMLCodec::GetTimeSize: len:24 dl:522872 fs:522872 front:5215
2021-01-16 05:30:27.442 T:4090851344 DEBUG: Previous line repeats 4 times.
2021-01-16 05:30:27.443 T:4090851344 DEBUG: CAMLCodec::PollFrame elapsed:36.911ms
2021-01-16 05:30:27.447 T:4090851344 DEBUG: PrepareNextRender: frameOnScreen: 340.046 renderPts: 340.171 nextFramePts: 340.048 -> diff: 0.123 render: 1 forceNext: 0
2021-01-16 05:30:27.448 T:3608322944 DEBUG: CAMLCodec::GetTimeSize: len:24 dl:517657 fs:522872 front:5215
2021-01-16 05:30:27.448 T:3608322944 DEBUG: CAMLCodec::GetTimeSize: len:23 dl:517657 fs:517657 front:4943
2021-01-16 05:30:27.449 T:3608322944 DEBUG: CAMLCodec::DequeueBuffer: pts:340.215 idx:828
2021-01-16 05:30:27.449 T:4090851344 DEBUG: CAMLCodec::ReleaseFrame idx:824, drop:0
2021-01-16 05:30:27.449 T:3608322944 DEBUG: CAMLCodec::GetPicture: index: 828, pts: 340.215, dur:42ms ar:1.67
2021-01-16 05:30:27.450 T:3608322944 DEBUG: CVideoPlayerVideo::OutputPicture - ttd:166ms pts:340.215 Clock:340.049 Level:3
2021-01-16 05:30:27.451 T:3608322944 DEBUG: CAMLCodec::GetTimeSize: len:23 dl:517657 fs:517657 front:4943
2021-01-16 05:30:27.457 T:3608322944 DEBUG: CAMLCodec::AddData: dl:530492 sum:530492 sz:12835 dts:341.258 pts:341.299 overflow:0
2021-01-16 05:30:27.457 T:3608322944 DEBUG: CAMLCodec::GetTimeSize: len:24 dl:530492 fs:530492 front:4943
2021-01-16 05:30:27.483 T:4090851344 DEBUG: Previous line repeats 3 times.
2021-01-16 05:30:27.483 T:4090851344 DEBUG: CAMLCodec::PollFrame elapsed:33.597ms
2021-01-16 05:30:27.484 T:3608322944 DEBUG: CAMLCodec::GetTimeSize: len:24 dl:530492 fs:530492 front:4943
2021-01-16 05:30:27.484 T:3608322944 DEBUG: CAMLCodec::DequeueBuffer: pts:340.257 idx:829
2021-01-16 05:30:27.485 T:3608322944 DEBUG: CAMLCodec::GetPicture: index: 829, pts: 340.257, dur:42ms ar:1.67
2021-01-16 05:30:27.485 T:3608322944 DEBUG: CVideoPlayerVideo::OutputPicture - ttd:172ms pts:340.257 Clock:340.084 Level:4
2021-01-16 05:30:27.487 T:3608322944 DEBUG: CAMLCodec::GetTimeSize: len:24 dl:530492 fs:530492 front:4943
2021-01-16 05:30:27.487 T:4090851344 DEBUG: PrepareNextRender: frameOnScreen: 340.086 renderPts: 340.211 nextFramePts: 340.090 -> diff: 0.121 render: 1 forceNext: 0
2021-01-16 05:30:27.488 T:4090851344 DEBUG: CAMLCodec::ReleaseFrame idx:825, drop:0
2021-01-16 05:30:27.494 T:3608322944 DEBUG: CAMLCodec::GetTimeSize: len:24 dl:525549 fs:530492 front:4943
2021-01-16 05:30:27.494 T:3608322944 DEBUG: CAMLCodec::GetTimeSize: len:23 dl:525549 fs:525549 front:62517
2021-01-16 05:30:27.502 T:3608322944 DEBUG: CAMLCodec::AddData: dl:597873 sum:597873 sz:72324 dts:341.299 pts:341.591 overflow:0
2021-01-16 05:30:27.502 T:3608322944 DEBUG: CAMLCodec::GetTimeSize: len:24 dl:597873 fs:597873 front:62517
2021-01-16 05:30:27.525 T:4090851344 DEBUG: Previous line repeats 3 times.
2021-01-16 05:30:27.525 T:4090851344 DEBUG: CAMLCodec::PollFrame elapsed:36.282ms
2021-01-16 05:30:27.528 T:4090851344 DEBUG: PrepareNextRender: frameOnScreen: 340.126 renderPts: 340.251 nextFramePts: 340.131 -> diff: 0.120 render: 1 forceNext: 0
2021-01-16 05:30:27.531 T:4090851344 DEBUG: CAMLCodec::ReleaseFrame idx:826, drop:0
2021-01-16 05:30:27.531 T:3608322944 DEBUG: CAMLCodec::GetTimeSize: len:24 dl:535356 fs:597873 front:62517
2021-01-16 05:30:27.531 T:3608322944 DEBUG: CAMLCodec::GetTimeSize: len:23 dl:535356 fs:535356 front:19485
2021-01-16 05:30:27.531 T:3608322944 DEBUG: CAMLCodec::DequeueBuffer: pts:340.298 idx:830
2021-01-16 05:30:27.531 T:3608322944 DEBUG: CAMLCodec::GetPicture: index: 830, pts: 340.298, dur:41ms ar:1.67
2021-01-16 05:30:27.532 T:3608322944 DEBUG: CVideoPlayerVideo::OutputPicture - ttd:167ms pts:340.298 Clock:340.131 Level:3
2021-01-16 05:30:27.533 T:3608322944 DEBUG: CAMLCodec::GetTimeSize: len:23 dl:535356 fs:535356 front:19485
2021-01-16 05:30:27.538 T:3608322944 DEBUG: CAMLCodec::AddData: dl:562834 sum:562834 sz:27478 dts:341.341 pts:341.466 overflow:0
2021-01-16 05:30:27.539 T:3608322944 DEBUG: CAMLCodec::GetTimeSize: len:24 dl:562834 fs:562834 front:19485
2021-01-16 05:30:27.566 T:4090851344 DEBUG: Previous line repeats 4 times.
2021-01-16 05:30:27.567 T:4090851344 DEBUG: CAMLCodec::PollFrame elapsed:35.349ms
2021-01-16 05:30:27.571 T:4090851344 DEBUG: PrepareNextRender: frameOnScreen: 340.170 renderPts: 340.295 nextFramePts: 340.173 -> diff: 0.122 render: 1 forceNext: 0
2021-01-16 05:30:27.573 T:3608322944 DEBUG: CAMLCodec::GetTimeSize: len:24 dl:543349 fs:562834 front:19485
2021-01-16 05:30:27.573 T:3608322944 DEBUG: CAMLCodec::GetTimeSize: len:23 dl:543349 fs:543349 front:4056
2021-01-16 05:30:27.574 T:4090851344 DEBUG: CAMLCodec::ReleaseFrame idx:827, drop:0
2021-01-16 05:30:27.574 T:3608322944 DEBUG: CAMLCodec::DequeueBuffer: pts:340.340 idx:831
2021-01-16 05:30:27.574 T:3608322944 DEBUG: CAMLCodec::GetPicture: index: 831, pts: 340.340, dur:42ms ar:1.67
2021-01-16 05:30:27.575 T:3608322944 DEBUG: CVideoPlayerVideo::OutputPicture - ttd:166ms pts:340.340 Clock:340.174 Level:3
2021-01-16 05:30:27.576 T:3608322944 DEBUG: CAMLCodec::GetTimeSize: len:23 dl:543349 fs:543349 front:4056
2021-01-16 05:30:27.582 T:3608322944 DEBUG: CAMLCodec::AddData: dl:548236 sum:548236 sz:4887 dts:341.383 pts:341.383 overflow:0
2021-01-16 05:30:27.582 T:3608322944 DEBUG: CAMLCodec::GetTimeSize: len:24 dl:548236 fs:548236 front:4056
2021-01-16 05:30:27.608 T:4090851344 DEBUG: Previous line repeats 3 times.
2021-01-16 05:30:27.608 T:4090851344 DEBUG: CAMLCodec::PollFrame elapsed:34.027ms
2021-01-16 05:30:27.610 T:3608322944 DEBUG: CAMLCodec::GetTimeSize: len:24 dl:548236 fs:548236 front:4056
2021-01-16 05:30:27.611 T:3608322944 DEBUG: CAMLCodec::DequeueBuffer: pts:340.382 idx:832
2021-01-16 05:30:27.611 T:3608322944 DEBUG: CAMLCodec::GetPicture: index: 832, pts: 340.382, dur:42ms ar:1.67
2021-01-16 05:30:27.613 T:4090851344 DEBUG: PrepareNextRender: frameOnScreen: 340.211 renderPts: 340.336 nextFramePts: 340.215 -> diff: 0.121 render: 1 forceNext: 0
2021-01-16 05:30:27.613 T:3608322944 DEBUG: CVideoPlayerVideo::OutputPicture - ttd:170ms pts:340.382 Clock:340.212 Level:3
2021-01-16 05:30:27.615 T:3608322944 DEBUG: CAMLCodec::GetTimeSize: len:24 dl:544180 fs:548236 front:4056
2021-01-16 05:30:27.615 T:4090851344 DEBUG: CAMLCodec::ReleaseFrame idx:828, drop:0
2021-01-16 05:30:27.615 T:3608322944 DEBUG: CAMLCodec::GetTimeSize: len:23 dl:544180 fs:544180 front:5541
2021-01-16 05:30:27.621 T:3608322944 DEBUG: CAMLCodec::AddData: dl:548300 sum:548300 sz:4120 dts:341.424 pts:341.424 overflow:0
2021-01-16 05:30:27.621 T:3608322944 DEBUG: CAMLCodec::GetTimeSize: len:24 dl:548300 fs:548300 front:5541
2021-01-16 05:30:27.629 T:3581182848 DEBUG: Previous line repeats 1 times.
2021-01-16 05:30:27.629 T:3581182848 DEBUG: CVideoPlayer::ProcessVideoData size:80101 dts:348.557 pts:348.848 dur:41.000ms, clock:340.228 level:89
2021-01-16 05:30:27.631 T:3581182848 DEBUG: CVideoPlayer::ProcessVideoData size:37143 dts:348.598 pts:348.723 dur:41.000ms, clock:340.229 level:89
2021-01-16 05:30:27.631 T:3581182848 DEBUG: CVideoPlayer::ProcessVideoData size:5429 dts:348.640 pts:348.640 dur:41.000ms, clock:340.230 level:90
2021-01-16 05:30:27.633 T:3581182848 DEBUG: CVideoPlayer::ProcessVideoData size:6708 dts:348.682 pts:348.682 dur:41.000ms, clock:340.231 level:90
2021-01-16 05:30:27.634 T:3581182848 DEBUG: CVideoPlayer::ProcessVideoData size:8723 dts:348.723 pts:348.765 dur:41.000ms, clock:340.233 level:91
2021-01-16 05:30:27.635 T:3581182848 DEBUG: CVideoPlayer::ProcessVideoData size:8518 dts:348.765 pts:348.807 dur:41.000ms, clock:340.234 level:91
2021-01-16 05:30:27.636 T:3608322944 DEBUG: CAMLCodec::GetTimeSize: len:24 dl:548300 fs:548300 front:5541
2021-01-16 05:30:27.650 T:4090851344 DEBUG: Previous line repeats 2 times.
2021-01-16 05:30:27.650 T:4090851344 DEBUG: CAMLCodec::PollFrame elapsed:34.132ms
2021-01-16 05:30:27.655 T:4090851344 DEBUG: PrepareNextRender: frameOnScreen: 340.253 renderPts: 340.378 nextFramePts: 340.257 -> diff: 0.121 render: 1 forceNext: 0
2021-01-16 05:30:27.657 T:3608322944 DEBUG: CAMLCodec::GetTimeSize: len:24 dl:542759 fs:548300 front:5541
2021-01-16 05:30:27.657 T:3608322944 DEBUG: CAMLCodec::GetTimeSize: len:23 dl:542759 fs:542759 front:78922
2021-01-16 05:30:27.658 T:3608322944 DEBUG: CAMLCodec::DequeueBuffer: pts:340.423 idx:833
2021-01-16 05:30:27.658 T:3608322944 DEBUG: CAMLCodec::GetPicture: index: 833, pts: 340.423, dur:41ms ar:1.67
2021-01-16 05:30:27.658 T:4090851344 DEBUG: CAMLCodec::ReleaseFrame idx:829, drop:0
2021-01-16 05:30:27.659 T:3608322944 DEBUG: CVideoPlayerVideo::OutputPicture - ttd:165ms pts:340.423 Clock:340.257 Level:3
2021-01-16 05:30:27.660 T:3608322944 DEBUG: CAMLCodec::GetTimeSize: len:23 dl:542759 fs:542759 front:78922
2021-01-16 05:30:27.666 T:3608322944 DEBUG: CAMLCodec::AddData: dl:548827 sum:548827 sz:6068 dts:341.466 pts:341.508 overflow:0
2021-01-16 05:30:27.666 T:3608322944 DEBUG: CAMLCodec::GetTimeSize: len:24 dl:548827 fs:548827 front:78922
2021-01-16 05:30:27.692 T:4090851344 DEBUG: Previous line repeats 3 times.
2021-01-16 05:30:27.692 T:4090851344 DEBUG: CAMLCodec::PollFrame elapsed:32.747ms
2021-01-16 05:30:27.694 T:3608322944 DEBUG: CAMLCodec::GetTimeSize: len:24 dl:548827 fs:548827 front:78922
2021-01-16 05:30:27.695 T:3608322944 DEBUG: CAMLCodec::DequeueBuffer: pts:340.465 idx:834
2021-01-16 05:30:27.696 T:3608322944 DEBUG: CAMLCodec::GetPicture: index: 834, pts: 340.465, dur:42ms ar:1.67
2021-01-16 05:30:27.696 T:3608322944 DEBUG: CVideoPlayerVideo::OutputPicture - ttd:169ms pts:340.465 Clock:340.295 Level:4
2021-01-16 05:30:27.697 T:4090851344 DEBUG: PrepareNextRender: frameOnScreen: 340.296 renderPts: 340.421 nextFramePts: 340.298 -> diff: 0.123 render: 1 forceNext: 0
2021-01-16 05:30:27.699 T:3608322944 DEBUG: CAMLCodec::GetTimeSize: len:24 dl:469905 fs:548827 front:78922
2021-01-16 05:30:27.699 T:3608322944 DEBUG: CAMLCodec::GetTimeSize: len:23 dl:469905 fs:469905 front:21727
2021-01-16 05:30:27.700 T:4090851344 DEBUG: CAMLCodec::ReleaseFrame idx:830, drop:0
2021-01-16 05:30:27.705 T:3608322944 DEBUG: CAMLCodec::AddData: dl:476114 sum:476114 sz:6209 dts:341.508 pts:341.550 overflow:0
2021-01-16 05:30:27.706 T:3608322944 DEBUG: CAMLCodec::GetTimeSize: len:24 dl:476114 fs:476114 front:21727
2021-01-16 05:30:27.733 T:4090851344 DEBUG: Previous line repeats 4 times.
2021-01-16 05:30:27.733 T:4090851344 DEBUG: CAMLCodec::PollFrame elapsed:32.775ms
2021-01-16 05:30:27.736 T:4090851344 DEBUG: PrepareNextRender: frameOnScreen: 340.335 renderPts: 340.460 nextFramePts: 340.340 -> diff: 0.120 render: 1 forceNext: 0
2021-01-16 05:30:27.740 T:4090851344 DEBUG: CAMLCodec::ReleaseFrame idx:831, drop:0
2021-01-16 05:30:27.740 T:3608322944 DEBUG: CAMLCodec::GetTimeSize: len:24 dl:476114 fs:476114 front:21727
2021-01-16 05:30:27.741 T:3608322944 DEBUG: CAMLCodec::DequeueBuffer: pts:340.507 idx:835
2021-01-16 05:30:27.741 T:3608322944 DEBUG: CAMLCodec::GetPicture: index: 835, pts: 340.507, dur:42ms ar:1.67
2021-01-16 05:30:27.741 T:3608322944 DEBUG: CVideoPlayerVideo::OutputPicture - ttd:166ms pts:340.507 Clock:340.340 Level:3
2021-01-16 05:30:27.743 T:3608322944 DEBUG: CAMLCodec::GetTimeSize: len:24 dl:454387 fs:476114 front:21727
2021-01-16 05:30:27.743 T:3608322944 DEBUG: CAMLCodec::GetTimeSize: len:23 dl:454387 fs:454387 front:10513
2021-01-16 05:30:27.751 T:3608322944 DEBUG: CAMLCodec::AddData: dl:527048 sum:527048 sz:72661 dts:341.550 pts:341.883 overflow:0
2021-01-16 05:30:27.751 T:3608322944 DEBUG: CAMLCodec::GetTimeSize: len:24 dl:527048 fs:527048 front:10513
2021-01-16 05:30:27.775 T:4090851344 DEBUG: Previous line repeats 3 times.
2021-01-16 05:30:27.775 T:4090851344 DEBUG: CAMLCodec::PollFrame elapsed:34.440ms
2021-01-16 05:30:27.778 T:4090851344 DEBUG: PrepareNextRender: frameOnScreen: 340.377 renderPts: 340.502 nextFramePts: 340.382 -> diff: 0.120 render: 1 forceNext: 0
2021-01-16 05:30:27.779 T:3608322944 DEBUG: CAMLCodec::GetTimeSize: len:24 dl:527048 fs:527048 front:10513
2021-01-16 05:30:27.779 T:3608322944 DEBUG: CAMLCodec::DequeueBuffer: pts:340.549 idx:836
2021-01-16 05:30:27.780 T:3608322944 DEBUG: CAMLCodec::GetPicture: index: 836, pts: 340.549, dur:42ms ar:1.67
2021-01-16 05:30:27.782 T:4090851344 DEBUG: CAMLCodec::ReleaseFrame idx:832, drop:0
2021-01-16 05:30:27.782 T:3608322944 DEBUG: CVideoPlayerVideo::OutputPicture - ttd:168ms pts:340.549 Clock:340.380 Level:3
2021-01-16 05:30:27.784 T:3608322944 DEBUG: CAMLCodec::GetTimeSize: len:24 dl:516535 fs:527048 front:10513
2021-01-16 05:30:27.784 T:3608322944 DEBUG: CAMLCodec::GetTimeSize: len:23 dl:516535 fs:516535 front:9379
2021-01-16 05:30:27.790 T:3608322944 DEBUG: CAMLCodec::AddData: dl:535095 sum:535095 sz:18560 dts:341.591 pts:341.758 overflow:0
2021-01-16 05:30:27.790 T:3608322944 DEBUG: CAMLCodec::GetTimeSize: len:24 dl:535095 fs:535095 front:9379
2021-01-16 05:30:27.817 T:4090851344 DEBUG: Previous line repeats 3 times.
2021-01-16 05:30:27.817 T:4090851344 DEBUG: CAMLCodec::PollFrame elapsed:34.256ms
2021-01-16 05:30:27.818 T:3608322944 DEBUG: CAMLCodec::GetTimeSize: len:24 dl:535095 fs:535095 front:9379
2021-01-16 05:30:27.822 T:4090851344 DEBUG: PrepareNextRender: frameOnScreen: 340.420 renderPts: 340.546 nextFramePts: 340.423 -> diff: 0.123 render: 1 forceNext: 0
2021-01-16 05:30:27.823 T:4090851344 DEBUG: CAMLCodec::ReleaseFrame idx:833, drop:0
2021-01-16 05:30:27.825 T:3608322944 DEBUG: CAMLCodec::GetTimeSize: len:24 dl:525716 fs:535095 front:9379
2021-01-16 05:30:27.826 T:3608322944 DEBUG: CAMLCodec::GetTimeSize: len:23 dl:525716 fs:525716 front:7530
2021-01-16 05:30:27.826 T:3608322944 DEBUG: CAMLCodec::DequeueBuffer: pts:340.590 idx:837
2021-01-16 05:30:27.826 T:3608322944 DEBUG: CAMLCodec::GetPicture: index: 837, pts: 340.590, dur:41ms ar:1.67
2021-01-16 05:30:27.827 T:3608322944 DEBUG: CVideoPlayerVideo::OutputPicture - ttd:164ms pts:340.590 Clock:340.425 Level:3
2021-01-16 05:30:27.828 T:3608322944 DEBUG: CAMLCodec::GetTimeSize: len:23 dl:525716 fs:525716 front:7530
2021-01-16 05:30:27.833 T:3608322944 DEBUG: CAMLCodec::AddData: dl:530961 sum:530961 sz:5245 dts:341.633 pts:341.633 overflow:0
2021-01-16 05:30:27.834 T:3608322944 DEBUG: CAMLCodec::GetTimeSize: len:24 dl:530961 fs:530961 front:7530
2021-01-16 05:30:27.859 T:4090851344 DEBUG: Previous line repeats 3 times.
2021-01-16 05:30:27.859 T:4090851344 DEBUG: CAMLCodec::PollFrame elapsed:35.337ms
2021-01-16 05:30:27.863 T:3608322944 DEBUG: CAMLCodec::GetTimeSize: len:24 dl:530961 fs:530961 front:7530
2021-01-16 05:30:27.863 T:4090851344 DEBUG: PrepareNextRender: frameOnScreen: 340.461 renderPts: 340.587 nextFramePts: 340.465 -> diff: 0.122 render: 1 forceNext: 0
2021-01-16 05:30:27.863 T:3608322944 DEBUG: CAMLCodec::DequeueBuffer: pts:340.632 idx:838
2021-01-16 05:30:27.864 T:4090851344 DEBUG: CAMLCodec::ReleaseFrame idx:834, drop:0
2021-01-16 05:30:27.864 T:3608322944 DEBUG: CAMLCodec::GetPicture: index: 838, pts: 340.632, dur:42ms ar:1.67
2021-01-16 05:30:27.864 T:3608322944 DEBUG: CVideoPlayerVideo::OutputPicture - ttd:169ms pts:340.632 Clock:340.463 Level:3
2021-01-16 05:30:27.865 T:3608322944 DEBUG: CAMLCodec::GetTimeSize: len:24 dl:523431 fs:530961 front:7530
2021-01-16 05:30:27.865 T:3608322944 DEBUG: CAMLCodec::GetTimeSize: len:23 dl:523431 fs:523431 front:8692
2021-01-16 05:30:27.871 T:3608322944 DEBUG: CAMLCodec::AddData: dl:532389 sum:532389 sz:8958 dts:341.675 pts:341.675 overflow:0
2021-01-16 05:30:27.871 T:3608322944 DEBUG: CAMLCodec::GetTimeSize: len:24 dl:532389 fs:532389 front:8692
2021-01-16 05:30:27.888 T:3581182848 DEBUG: Previous line repeats 2 times.
2021-01-16 05:30:27.888 T:3581182848 DEBUG: CVideoPlayer::ProcessVideoData size:82333 dts:348.807 pts:349.099 dur:41.000ms, clock:340.487 level:89
2021-01-16 05:30:27.891 T:3581182848 DEBUG: CVideoPlayer::ProcessVideoData size:38285 dts:348.848 pts:348.974 dur:41.000ms, clock:340.489 level:89
2021-01-16 05:30:27.892 T:3581182848 DEBUG: CVideoPlayer::ProcessVideoData size:5100 dts:348.890 pts:348.890 dur:41.000ms, clock:340.491 level:90
