2021-01-16 05:30:38.477 T:3704460160 DEBUG: ffmpeg[DCCD9380]: [mjpeg] marker parser used 29 bytes (232 bits)
2021-01-16 05:30:38.477 T:3704460160 DEBUG: ffmpeg[DCCD9380]: [mjpeg] escaping removed 255411 bytes
2021-01-16 05:30:38.477 T:3704460160 DEBUG: ffmpeg[DCCD9380]: [mjpeg] marker=da avail_size_in_buf=274902
2021-01-16 05:30:38.477 T:3704460160 DEBUG: ffmpeg[DCCD9380]: [mjpeg] component: 0
2021-01-16 05:30:38.486 T:3704460160 DEBUG: ffmpeg[DCCD9380]: [mjpeg] marker parser used 19490 bytes (155918 bits)
2021-01-16 05:30:38.486 T:3704460160 DEBUG: ffmpeg[DCCD9380]: [mjpeg] marker=c4 avail_size_in_buf=255374
2021-01-16 05:30:38.487 T:3704460160 DEBUG: ffmpeg[DCCD9380]: [mjpeg] class=0 index=1 nb_codes=9
2021-01-16 05:30:38.488 T:3704460160 DEBUG: ffmpeg[DCCD9380]: [mjpeg] marker parser used 28 bytes (224 bits)
2021-01-16 05:30:38.488 T:3704460160 DEBUG: ffmpeg[DCCD9380]: [mjpeg] escaping removed 250768 bytes
2021-01-16 05:30:38.489 T:3704460160 DEBUG: ffmpeg[DCCD9380]: [mjpeg] marker=da avail_size_in_buf=255344
2021-01-16 05:30:38.490 T:3704460160 DEBUG: ffmpeg[DCCD9380]: [mjpeg] component: 1
2021-01-16 05:30:38.493 T:3704460160 DEBUG: ffmpeg[DCCD9380]: [mjpeg] marker parser used 4575 bytes (36600 bits)
2021-01-16 05:30:38.493 T:3608322944 DEBUG: CCurlFile::GetMimeType - https://image.tmdb.org/t/p/original/ewCRpLSJVzb8AvSY0MfXhzGwXCm.jpg -> image/jpeg
2021-01-16 05:30:38.494 T:3704460160 DEBUG: ffmpeg[DCCD9380]: [mjpeg] marker=c4 avail_size_in_buf=250763
2021-01-16 05:30:38.494 T:3704460160 DEBUG: ffmpeg[DCCD9380]: [mjpeg] class=0 index=1 nb_codes=9
2021-01-16 05:30:38.494 T:3704460160 DEBUG: ffmpeg[DCCD9380]: [mjpeg] marker parser used 28 bytes (224 bits)
2021-01-16 05:30:38.494 T:3608322944 DEBUG: CurlFile::Open(0x3a6f5b8) https://image.tmdb.org/t/p/original/ewCRpLSJVzb8AvSY0MfXhzGwXCm.jpg
2021-01-16 05:30:38.495 T:3704460160 DEBUG: ffmpeg[DCCD9380]: [mjpeg] escaping removed 245756 bytes
2021-01-16 05:30:38.495 T:3704460160 DEBUG: ffmpeg[DCCD9380]: [mjpeg] marker=da avail_size_in_buf=250733
2021-01-16 05:30:38.495 T:3704460160 DEBUG: ffmpeg[DCCD9380]: [mjpeg] component: 2
2021-01-16 05:30:38.496 T:3704460160 DEBUG: ffmpeg[DCCD9380]: [mjpeg] marker parser used 4976 bytes (39801 bits)
2021-01-16 05:30:38.497 T:3704460160 DEBUG: ffmpeg[DCCD9380]: [mjpeg] marker=c4 avail_size_in_buf=245743
2021-01-16 05:30:38.497 T:3704460160 DEBUG: ffmpeg[DCCD9380]: [mjpeg] class=1 index=0 nb_codes=129
2021-01-16 05:30:38.497 T:3704460160 DEBUG: ffmpeg[DCCD9380]: [mjpeg] marker parser used 63 bytes (504 bits)
2021-01-16 05:30:38.498 T:3704460160 DEBUG: ffmpeg[DCCD9380]: [mjpeg] escaping removed 183903 bytes
2021-01-16 05:30:38.498 T:3704460160 DEBUG: ffmpeg[DCCD9380]: [mjpeg] marker=da avail_size_in_buf=245678
2021-01-16 05:30:38.498 T:3704460160 DEBUG: ffmpeg[DCCD9380]: [mjpeg] component: 0
2021-01-16 05:30:38.505 T:3704460160 DEBUG: ffmpeg[DCCD9380]: [mjpeg] marker parser used 61774 bytes (494190 bits)
2021-01-16 05:30:38.506 T:3704460160 DEBUG: ffmpeg[DCCD9380]: [mjpeg] marker=c4 avail_size_in_buf=183599
2021-01-16 05:30:38.506 T:3704460160 DEBUG: ffmpeg[DCCD9380]: [mjpeg] class=1 index=0 nb_codes=242
2021-01-16 05:30:38.507 T:3704460160 DEBUG: ffmpeg[DCCD9380]: [mjpeg] marker parser used 82 bytes (656 bits)
2021-01-16 05:30:38.507 T:3704460160 DEBUG: ffmpeg[DCCD9380]: [mjpeg] escaping removed 138184 bytes
2021-01-16 05:30:38.508 T:3704460160 DEBUG: ffmpeg[DCCD9380]: [mjpeg] marker=da avail_size_in_buf=183515
2021-01-16 05:30:38.508 T:3704460160 DEBUG: ffmpeg[DCCD9380]: [mjpeg] component: 0
2021-01-16 05:30:38.513 T:3704460160 DEBUG: ffmpeg[DCCD9380]: [mjpeg] marker parser used 45330 bytes (362635 bits)
2021-01-16 05:30:38.513 T:3704460160 DEBUG: ffmpeg[DCCD9380]: [mjpeg] marker=c4 avail_size_in_buf=138038
2021-01-16 05:30:38.514 T:3704460160 DEBUG: ffmpeg[DCCD9380]: [mjpeg] class=1 index=0 nb_codes=242
2021-01-16 05:30:38.514 T:3704460160 DEBUG: ffmpeg[DCCD9380]: [mjpeg] marker parser used 43 bytes (344 bits)
2021-01-16 05:30:38.515 T:3704460160 DEBUG: ffmpeg[DCCD9380]: [mjpeg] escaping removed 55184 bytes
2021-01-16 05:30:38.516 T:3704460160 DEBUG: ffmpeg[DCCD9380]: [mjpeg] marker=da avail_size_in_buf=137993
2021-01-16 05:30:38.516 T:3704460160 DEBUG: ffmpeg[DCCD9380]: [mjpeg] component: 0
2021-01-16 05:30:38.536 T:3704460160 DEBUG: ffmpeg[DCCD9380]: [mjpeg] marker parser used 82808 bytes (662459 bits)
2021-01-16 05:30:38.537 T:3704460160 DEBUG: ffmpeg[DCCD9380]: [mjpeg] marker=c4 avail_size_in_buf=54880
2021-01-16 05:30:38.537 T:3704460160 DEBUG: ffmpeg[DCCD9380]: [mjpeg] class=1 index=1 nb_codes=97
2021-01-16 05:30:38.538 T:3704460160 DEBUG: ffmpeg[DCCD9380]: [mjpeg] marker parser used 51 bytes (408 bits)
2021-01-16 05:30:38.538 T:3704460160 DEBUG: ffmpeg[DCCD9380]: [mjpeg] escaping removed 40827 bytes
2021-01-16 05:30:38.539 T:3704460160 DEBUG: ffmpeg[DCCD9380]: [mjpeg] marker=da avail_size_in_buf=54827
2021-01-16 05:30:38.539 T:3704460160 DEBUG: ffmpeg[DCCD9380]: [mjpeg] component: 1
2021-01-16 05:30:38.541 T:3704460160 DEBUG: ffmpeg[DCCD9380]: [mjpeg] marker parser used 13999 bytes (111991 bits)
2021-01-16 05:30:38.541 T:3704460160 DEBUG: ffmpeg[DCCD9380]: [mjpeg] marker=c4 avail_size_in_buf=40765
2021-01-16 05:30:38.541 T:3704460160 DEBUG: ffmpeg[DCCD9380]: [mjpeg] class=1 index=1 nb_codes=178
2021-01-16 05:30:38.541 T:3704460160 DEBUG: ffmpeg[DCCD9380]: [mjpeg] marker parser used 56 bytes (448 bits)
2021-01-16 05:30:38.542 T:3704460160 DEBUG: ffmpeg[DCCD9380]: [mjpeg] escaping removed 30092 bytes
2021-01-16 05:30:38.542 T:3704460160 DEBUG: ffmpeg[DCCD9380]: [mjpeg] marker=da avail_size_in_buf=40707
2021-01-16 05:30:38.543 T:3704460160 DEBUG: ffmpeg[DCCD9380]: [mjpeg] component: 1
2021-01-16 05:30:38.545 T:3704460160 DEBUG: ffmpeg[DCCD9380]: [mjpeg] marker parser used 10614 bytes (84908 bits)
2021-01-16 05:30:38.545 T:3704460160 DEBUG: ffmpeg[DCCD9380]: [mjpeg] marker=c4 avail_size_in_buf=30058
2021-01-16 05:30:38.545 T:3704460160 DEBUG: ffmpeg[DCCD9380]: [mjpeg] class=1 index=1 nb_codes=97
2021-01-16 05:30:38.546 T:3704460160 DEBUG: ffmpeg[DCCD9380]: [mjpeg] marker parser used 50 bytes (400 bits)
2021-01-16 05:30:38.546 T:3704460160 DEBUG: ffmpeg[DCCD9380]: [mjpeg] escaping removed 13883 bytes
2021-01-16 05:30:38.546 T:3704460160 DEBUG: ffmpeg[DCCD9380]: [mjpeg] marker=da avail_size_in_buf=30006
2021-01-16 05:30:38.546 T:3704460160 DEBUG: ffmpeg[DCCD9380]: [mjpeg] component: 2
2021-01-16 05:30:38.548 T:3704460160 DEBUG: ffmpeg[DCCD9380]: [mjpeg] marker parser used 16122 bytes (128970 bits)
2021-01-16 05:30:38.549 T:3704460160 DEBUG: ffmpeg[DCCD9380]: [mjpeg] marker=c4 avail_size_in_buf=13835
2021-01-16 05:30:38.549 T:3704460160 DEBUG: ffmpeg[DCCD9380]: [mjpeg] class=1 index=1 nb_codes=162
2021-01-16 05:30:38.549 T:3704460160 DEBUG: ffmpeg[DCCD9380]: [mjpeg] marker parser used 60 bytes (480 bits)
2021-01-16 05:30:38.549 T:3704460160 DEBUG: ffmpeg[DCCD9380]: [mjpeg] escaping removed 55 bytes
2021-01-16 05:30:38.549 T:3704460160 DEBUG: ffmpeg[DCCD9380]: [mjpeg] marker=da avail_size_in_buf=13773
2021-01-16 05:30:38.549 T:3704460160 DEBUG: ffmpeg[DCCD9380]: [mjpeg] component: 2
2021-01-16 05:30:38.552 T:3704460160 DEBUG: ffmpeg[DCCD9380]: [mjpeg] marker parser used 13717 bytes (109733 bits)
2021-01-16 05:30:38.552 T:3704460160 DEBUG: ffmpeg[DCCD9380]: [mjpeg] marker=d9 avail_size_in_buf=0
2021-01-16 05:30:38.556 T:3608322944 DEBUG: ffmpeg[D712A380]: [mjpeg] marker=d8 avail_size_in_buf=231377
2021-01-16 05:30:38.558 T:3608322944 DEBUG: ffmpeg[D712A380]: [mjpeg] marker parser used 0 bytes (0 bits)
2021-01-16 05:30:38.558 T:3608322944 DEBUG: ffmpeg[D712A380]: [mjpeg] marker=e0 avail_size_in_buf=231375
2021-01-16 05:30:38.559 T:3608322944 DEBUG: ffmpeg[D712A380]: [mjpeg] marker parser used 16 bytes (128 bits)
2021-01-16 05:30:38.560 T:3608322944 DEBUG: ffmpeg[D712A380]: [mjpeg] marker=db avail_size_in_buf=231357
2021-01-16 05:30:38.560 T:3608322944 DEBUG: ffmpeg[D712A380]: [mjpeg] index=0
2021-01-16 05:30:38.561 T:3608322944 DEBUG: ffmpeg[D712A380]: [mjpeg] qscale[0]: 3
2021-01-16 05:30:38.561 T:3608322944 DEBUG: ffmpeg[D712A380]: [mjpeg] index=1
2021-01-16 05:30:38.561 T:3608322944 DEBUG: ffmpeg[D712A380]: [mjpeg] qscale[1]: 3
2021-01-16 05:30:38.561 T:3608322944 DEBUG: ffmpeg[D712A380]: [mjpeg] marker parser used 132 bytes (1056 bits)
2021-01-16 05:30:38.561 T:3608322944 DEBUG: ffmpeg[D712A380]: [mjpeg] marker=c2 avail_size_in_buf=231223
2021-01-16 05:30:38.561 T:3608322944 DEBUG: ffmpeg[D712A380]: [mjpeg] Changing bps from 0 to 8
2021-01-16 05:30:38.561 T:3608322944 DEBUG: ffmpeg[D712A380]: [mjpeg] sof0: picture: 1000x1500
2021-01-16 05:30:38.562 T:3608322944 DEBUG: ffmpeg[D712A380]: [mjpeg] component 0 2:2 id: 0 quant:0
2021-01-16 05:30:38.562 T:3608322944 DEBUG: ffmpeg[D712A380]: [mjpeg] component 1 1:1 id: 1 quant:1
2021-01-16 05:30:38.562 T:3608322944 DEBUG: ffmpeg[D712A380]: [mjpeg] component 2 1:1 id: 2 quant:1
2021-01-16 05:30:38.562 T:3608322944 DEBUG: ffmpeg[D712A380]: [mjpeg] pix fmt id 22111100
2021-01-16 05:30:38.562 T:3608322944 DEBUG: ffmpeg[D712A380]: [mjpeg] Format yuvj420p chosen by get_format().
2021-01-16 05:30:38.570 T:3704460160 DEBUG: ffmpeg[DCCD9380]: [mjpeg] decode frame unused 0 bytes
2021-01-16 05:30:38.577 T:3704460160 DEBUG: ffmpeg[DCCD9380]: [swscaler] No accelerated colorspace conversion found from yuv420p to bgra.
2021-01-16 05:30:38.579 T:3608322944 DEBUG: ffmpeg[D712A380]: [mjpeg] marker parser used 17 bytes (136 bits)
2021-01-16 05:30:38.580 T:3608322944 DEBUG: ffmpeg[D712A380]: [mjpeg] marker=c4 avail_size_in_buf=231204
2021-01-16 05:30:38.580 T:3608322944 DEBUG: ffmpeg[D712A380]: [mjpeg] class=0 index=0 nb_codes=10
2021-01-16 05:30:38.580 T:3608322944 DEBUG: ffmpeg[D712A380]: [mjpeg] marker parser used 29 bytes (232 bits)
2021-01-16 05:30:38.580 T:3608322944 DEBUG: ffmpeg[D712A380]: [mjpeg] escaping removed 213831 bytes
2021-01-16 05:30:38.581 T:3608322944 DEBUG: ffmpeg[D712A380]: [mjpeg] marker=da avail_size_in_buf=231173
2021-01-16 05:30:38.581 T:3608322944 DEBUG: ffmpeg[D712A380]: [mjpeg] component: 0
2021-01-16 05:30:38.591 T:3608322944 DEBUG: ffmpeg[D712A380]: [mjpeg] marker parser used 17341 bytes (138726 bits)
2021-01-16 05:30:38.591 T:3608322944 DEBUG: ffmpeg[D712A380]: [mjpeg] marker=c4 avail_size_in_buf=213798
2021-01-16 05:30:38.592 T:3608322944 DEBUG: ffmpeg[D712A380]: [mjpeg] class=0 index=1 nb_codes=8
2021-01-16 05:30:38.593 T:3608322944 DEBUG: ffmpeg[D712A380]: [mjpeg] marker parser used 27 bytes (216 bits)
2021-01-16 05:30:38.593 T:3608322944 DEBUG: ffmpeg[D712A380]: [mjpeg] escaping removed 210232 bytes
2021-01-16 05:30:38.593 T:3608322944 DEBUG: ffmpeg[D712A380]: [mjpeg] marker=da avail_size_in_buf=213769
2021-01-16 05:30:38.593 T:3608322944 DEBUG: ffmpeg[D712A380]: [mjpeg] component: 1
2021-01-16 05:30:38.596 T:3608322944 DEBUG: ffmpeg[D712A380]: [mjpeg] marker parser used 3536 bytes (28288 bits)
2021-01-16 05:30:38.597 T:3608322944 DEBUG: ffmpeg[D712A380]: [mjpeg] marker=c4 avail_size_in_buf=210229
2021-01-16 05:30:38.597 T:3608322944 DEBUG: ffmpeg[D712A380]: [mjpeg] class=0 index=1 nb_codes=8
2021-01-16 05:30:38.598 T:3608322944 DEBUG: ffmpeg[D712A380]: [mjpeg] marker parser used 27 bytes (216 bits)
2021-01-16 05:30:38.598 T:3608322944 DEBUG: ffmpeg[D712A380]: [mjpeg] escaping removed 206759 bytes
2021-01-16 05:30:38.599 T:3608322944 DEBUG: ffmpeg[D712A380]: [mjpeg] marker=da avail_size_in_buf=210200
2021-01-16 05:30:38.599 T:3608322944 DEBUG: ffmpeg[D712A380]: [mjpeg] component: 2
2021-01-16 05:30:38.601 T:3608322944 DEBUG: ffmpeg[D712A380]: [mjpeg] marker parser used 3440 bytes (27516 bits)
2021-01-16 05:30:38.602 T:3608322944 DEBUG: ffmpeg[D712A380]: [mjpeg] marker=c4 avail_size_in_buf=206756
2021-01-16 05:30:38.602 T:3608322944 DEBUG: ffmpeg[D712A380]: [mjpeg] class=1 index=0 nb_codes=242
2021-01-16 05:30:38.603 T:3608322944 DEBUG: ffmpeg[D712A380]: [mjpeg] marker parser used 79 bytes (632 bits)
2021-01-16 05:30:38.603 T:3608322944 DEBUG: ffmpeg[D712A380]: [mjpeg] escaping removed 157595 bytes
2021-01-16 05:30:38.604 T:3608322944 DEBUG: ffmpeg[D712A380]: [mjpeg] marker=da avail_size_in_buf=206675
2021-01-16 05:30:38.604 T:3608322944 DEBUG: ffmpeg[D712A380]: [mjpeg] component: 0
2021-01-16 05:30:38.609 T:3608322944 DEBUG: ffmpeg[D712A380]: [mjpeg] marker parser used 49079 bytes (392631 bits)
2021-01-16 05:30:38.612 T:3608322944 DEBUG: ffmpeg[D712A380]: [mjpeg] marker=c4 avail_size_in_buf=157439
2021-01-16 05:30:38.612 T:3608322944 DEBUG: ffmpeg[D712A380]: [mjpeg] class=1 index=0 nb_codes=242
2021-01-16 05:30:38.612 T:3608322944 DEBUG: ffmpeg[D712A380]: [mjpeg] marker parser used 45 bytes (360 bits)
2021-01-16 05:30:38.613 T:3608322944 DEBUG: ffmpeg[D712A380]: [mjpeg] escaping removed 114014 bytes
2021-01-16 05:30:38.613 T:3608322944 DEBUG: ffmpeg[D712A380]: [mjpeg] marker=da avail_size_in_buf=157392
2021-01-16 05:30:38.613 T:3608322944 DEBUG: ffmpeg[D712A380]: [mjpeg] component: 0
2021-01-16 05:30:38.624 T:3608322944 DEBUG: ffmpeg[D712A380]: [mjpeg] marker parser used 43377 bytes (347009 bits)
2021-01-16 05:30:38.625 T:3608322944 DEBUG: ffmpeg[D712A380]: [mjpeg] marker=c4 avail_size_in_buf=113822
2021-01-16 05:30:38.625 T:3608322944 DEBUG: ffmpeg[D712A380]: [mjpeg] class=1 index=1 nb_codes=242
2021-01-16 05:30:38.625 T:3608322944 DEBUG: ffmpeg[D712A380]: [mjpeg] marker parser used 64 bytes (512 bits)
2021-01-16 05:30:38.625 T:3608322944 DEBUG: ffmpeg[D712A380]: [mjpeg] escaping removed 104569 bytes
2021-01-16 05:30:38.625 T:3608322944 DEBUG: ffmpeg[D712A380]: [mjpeg] marker=da avail_size_in_buf=113756
2021-01-16 05:30:38.625 T:3608322944 DEBUG: ffmpeg[D712A380]: [mjpeg] component: 1
2021-01-16 05:30:38.627 T:3608322944 DEBUG: ffmpeg[D712A380]: [mjpeg] marker parser used 9186 bytes (73482 bits)
2021-01-16 05:30:38.627 T:3608322944 DEBUG: ffmpeg[D712A380]: [mjpeg] marker=c4 avail_size_in_buf=104527
2021-01-16 05:30:38.627 T:3608322944 DEBUG: ffmpeg[D712A380]: [mjpeg] class=1 index=1 nb_codes=242
2021-01-16 05:30:38.627 T:3608322944 DEBUG: ffmpeg[D712A380]: [mjpeg] marker parser used 61 bytes (488 bits)
2021-01-16 05:30:38.628 T:3608322944 DEBUG: ffmpeg[D712A380]: [mjpeg] escaping removed 96713 bytes
2021-01-16 05:30:38.628 T:3608322944 DEBUG: ffmpeg[D712A380]: [mjpeg] marker=da avail_size_in_buf=104464
2021-01-16 05:30:38.628 T:3608322944 DEBUG: ffmpeg[D712A380]: [mjpeg] component: 2
2021-01-16 05:30:38.629 T:3608322944 DEBUG: ffmpeg[D712A380]: [mjpeg] marker parser used 7750 bytes (61996 bits)
2021-01-16 05:30:38.629 T:3608322944 DEBUG: ffmpeg[D712A380]: [mjpeg] marker=c4 avail_size_in_buf=96682
2021-01-16 05:30:38.629 T:3608322944 DEBUG: ffmpeg[D712A380]: [mjpeg] class=1 index=0 nb_codes=242
2021-01-16 05:30:38.629 T:3608322944 DEBUG: ffmpeg[D712A380]: [mjpeg] marker parser used 44 bytes (352 bits)
2021-01-16 05:30:38.630 T:3608322944 DEBUG: ffmpeg[D712A380]: [mjpeg] escaping removed 19925 bytes
2021-01-16 05:30:38.631 T:3608322944 DEBUG: ffmpeg[D712A380]: [mjpeg] marker=da avail_size_in_buf=96636
2021-01-16 05:30:38.631 T:3608322944 DEBUG: ffmpeg[D712A380]: [mjpeg] component: 0
2021-01-16 05:30:38.631 T:3704460160 DEBUG: Caching image 'https://image.tmdb.org/t/p/original/qEHSGQx9Rcp5NyHvpv5X5DNM3ng.jpg' to 'f/fea59e81.jpg':
2021-01-16 05:30:38.632 T:3704460160 DEBUG: ffmpeg[DCCD9380]: [swscaler] Forcing full internal H chroma due to input having non subsampled chroma
2021-01-16 05:30:38.648 T:3608322944 DEBUG: ffmpeg[D712A380]: [mjpeg] marker parser used 76710 bytes (613673 bits)
2021-01-16 05:30:38.648 T:3608322944 DEBUG: ffmpeg[D712A380]: [mjpeg] marker=c4 avail_size_in_buf=19747
2021-01-16 05:30:38.648 T:3608322944 DEBUG: ffmpeg[D712A380]: [mjpeg] class=1 index=1 nb_codes=242
2021-01-16 05:30:38.649 T:3608322944 DEBUG: ffmpeg[D712A380]: [mjpeg] marker parser used 43 bytes (344 bits)
2021-01-16 05:30:38.649 T:3608322944 DEBUG: ffmpeg[D712A380]: [mjpeg] escaping removed 9540 bytes
2021-01-16 05:30:38.649 T:3608322944 DEBUG: ffmpeg[D712A380]: [mjpeg] marker=da avail_size_in_buf=19702
2021-01-16 05:30:38.649 T:3608322944 DEBUG: ffmpeg[D712A380]: [mjpeg] component: 1
2021-01-16 05:30:38.651 T:3608322944 DEBUG: ffmpeg[D712A380]: [mjpeg] marker parser used 10161 bytes (81286 bits)
2021-01-16 05:30:38.651 T:3608322944 DEBUG: ffmpeg[D712A380]: [mjpeg] marker=c4 avail_size_in_buf=9487
2021-01-16 05:30:38.651 T:3608322944 DEBUG: ffmpeg[D712A380]: [mjpeg] class=1 index=1 nb_codes=242
2021-01-16 05:30:38.652 T:3608322944 DEBUG: ffmpeg[D712A380]: [mjpeg] marker parser used 42 bytes (336 bits)
2021-01-16 05:30:38.652 T:3608322944 DEBUG: ffmpeg[D712A380]: [mjpeg] escaping removed 20 bytes
2021-01-16 05:30:38.652 T:3608322944 DEBUG: ffmpeg[D712A380]: [mjpeg] marker=da avail_size_in_buf=9443
2021-01-16 05:30:38.652 T:3608322944 DEBUG: ffmpeg[D712A380]: [mjpeg] component: 2
2021-01-16 05:30:38.654 T:3608322944 DEBUG: ffmpeg[D712A380]: [mjpeg] marker parser used 9422 bytes (75374 bits)
2021-01-16 05:30:38.654 T:3608322944 DEBUG: ffmpeg[D712A380]: [mjpeg] marker=d9 avail_size_in_buf=0
2021-01-16 05:30:38.670 T:3608322944 DEBUG: ffmpeg[D712A380]: [mjpeg] decode frame unused 0 bytes
2021-01-16 05:30:38.676 T:3608322944 DEBUG: ffmpeg[D712A380]: [swscaler] No accelerated colorspace conversion found from yuv420p to bgra.
2021-01-16 05:30:38.684 T:3269096320 DEBUG: CCurlFile::GetMimeType - https://image.tmdb.org/t/p/original/w165sLOqpNrxeO1ocQ4hZV7Hikn.jpg -> image/jpeg
2021-01-16 05:30:38.685 T:3269096320 DEBUG: CurlFile::Open(0xf2a04338) https://image.tmdb.org/t/p/original/w165sLOqpNrxeO1ocQ4hZV7Hikn.jpg
2021-01-16 05:30:38.689 T:3581182848 DEBUG: CCurlFile::GetMimeType - https://image.tmdb.org/t/p/original/vsKlGNCZdzyuDLpYkwZdkPXpadL.jpg -> image/jpeg
2021-01-16 05:30:38.691 T:3581182848 DEBUG: CurlFile::Open(0xe3e34470) https://image.tmdb.org/t/p/original/vsKlGNCZdzyuDLpYkwZdkPXpadL.jpg
2021-01-16 05:30:38.731 T:3608322944 DEBUG: Caching image 'https://image.tmdb.org/t/p/original/ewCRpLSJVzb8AvSY0MfXhzGwXCm.jpg' to '3/3bbe09e2.jpg':
2021-01-16 05:30:38.733 T:3608322944 DEBUG: ffmpeg[D712A380]: [swscaler] Forcing full internal H chroma due to input having non subsampled chroma
2021-01-16 05:30:38.754 T:3581182848 DEBUG: ffmpeg[D5748380]: [mjpeg] marker=d8 avail_size_in_buf=128342
2021-01-16 05:30:38.757 T:3581182848 DEBUG: ffmpeg[D5748380]: [mjpeg] marker parser used 0 bytes (0 bits)
2021-01-16 05:30:38.759 T:3581182848 DEBUG: ffmpeg[D5748380]: [mjpeg] marker=e0 avail_size_in_buf=128340
2021-01-16 05:30:38.760 T:3581182848 DEBUG: ffmpeg[D5748380]: [mjpeg] marker parser used 16 bytes (128 bits)
2021-01-16 05:30:38.761 T:3581182848 DEBUG: ffmpeg[D5748380]: [mjpeg] marker=db avail_size_in_buf=128322
2021-01-16 05:30:38.761 T:3581182848 DEBUG: ffmpeg[D5748380]: [mjpeg] index=0
2021-01-16 05:30:38.761 T:3581182848 DEBUG: ffmpeg[D5748380]: [mjpeg] qscale[0]: 4
2021-01-16 05:30:38.761 T:3581182848 DEBUG: ffmpeg[D5748380]: [mjpeg] index=1
2021-01-16 05:30:38.761 T:3581182848 DEBUG: ffmpeg[D5748380]: [mjpeg] qscale[1]: 4
2021-01-16 05:30:38.761 T:3581182848 DEBUG: ffmpeg[D5748380]: [mjpeg] marker parser used 132 bytes (1056 bits)
2021-01-16 05:30:38.761 T:3581182848 DEBUG: ffmpeg[D5748380]: [mjpeg] marker=c2 avail_size_in_buf=128188
2021-01-16 05:30:38.762 T:3581182848 DEBUG: ffmpeg[D5748380]: [mjpeg] Changing bps from 0 to 8
2021-01-16 05:30:38.762 T:3581182848 DEBUG: ffmpeg[D5748380]: [mjpeg] sof0: picture: 1000x1500
2021-01-16 05:30:38.763 T:3581182848 DEBUG: ffmpeg[D5748380]: [mjpeg] component 0 2:2 id: 0 quant:0
2021-01-16 05:30:38.763 T:3581182848 DEBUG: ffmpeg[D5748380]: [mjpeg] component 1 1:1 id: 1 quant:1
2021-01-16 05:30:38.763 T:3581182848 DEBUG: ffmpeg[D5748380]: [mjpeg] component 2 1:1 id: 2 quant:1
2021-01-16 05:30:38.764 T:3581182848 DEBUG: ffmpeg[D5748380]: [mjpeg] pix fmt id 22111100
2021-01-16 05:30:38.764 T:3581182848 DEBUG: ffmpeg[D5748380]: [mjpeg] Format yuvj420p chosen by get_format().
2021-01-16 05:30:38.795 T:3581182848 DEBUG: ffmpeg[D5748380]: [mjpeg] marker parser used 17 bytes (136 bits)
2021-01-16 05:30:38.795 T:3581182848 DEBUG: ffmpeg[D5748380]: [mjpeg] marker=c4 avail_size_in_buf=128169
2021-01-16 05:30:38.796 T:3581182848 DEBUG: ffmpeg[D5748380]: [mjpeg] class=0 index=0 nb_codes=9
2021-01-16 05:30:38.796 T:3581182848 DEBUG: ffmpeg[D5748380]: [mjpeg] marker parser used 28 bytes (224 bits)
2021-01-16 05:30:38.796 T:3581182848 DEBUG: ffmpeg[D5748380]: [mjpeg] escaping removed 113971 bytes
2021-01-16 05:30:38.796 T:3581182848 DEBUG: ffmpeg[D5748380]: [mjpeg] marker=da avail_size_in_buf=128139
2021-01-16 05:30:38.796 T:3581182848 DEBUG: ffmpeg[D5748380]: [mjpeg] component: 0
2021-01-16 05:30:38.804 T:3269096320 DEBUG: ffmpeg[C2DA7380]: [mjpeg] marker=d8 avail_size_in_buf=278731
2021-01-16 05:30:38.805 T:3269096320 DEBUG: ffmpeg[C2DA7380]: [mjpeg] marker parser used 0 bytes (0 bits)
2021-01-16 05:30:38.805 T:3581182848 DEBUG: ffmpeg[D5748380]: [mjpeg] marker parser used 14167 bytes (113334 bits)
2021-01-16 05:30:38.807 T:3269096320 DEBUG: ffmpeg[C2DA7380]: [mjpeg] marker=e0 avail_size_in_buf=278729
2021-01-16 05:30:38.811 T:3581182848 DEBUG: ffmpeg[D5748380]: [mjpeg] marker=c4 avail_size_in_buf=113937
2021-01-16 05:30:38.814 T:3269096320 DEBUG: ffmpeg[C2DA7380]: [mjpeg] marker parser used 16 bytes (128 bits)
2021-01-16 05:30:38.815 T:3581182848 DEBUG: ffmpeg[D5748380]: [mjpeg] class=0 index=1 nb_codes=8
2021-01-16 05:30:38.815 T:3269096320 DEBUG: ffmpeg[C2DA7380]: [mjpeg] marker=db avail_size_in_buf=278711
2021-01-16 05:30:38.816 T:3581182848 DEBUG: ffmpeg[D5748380]: [mjpeg] marker parser used 27 bytes (216 bits)
2021-01-16 05:30:38.816 T:3269096320 DEBUG: ffmpeg[C2DA7380]: [mjpeg] index=0
2021-01-16 05:30:38.816 T:3581182848 DEBUG: ffmpeg[D5748380]: [mjpeg] escaping removed 110812 bytes
2021-01-16 05:30:38.817 T:3269096320 DEBUG: ffmpeg[C2DA7380]: [mjpeg] qscale[0]: 3
2021-01-16 05:30:38.817 T:3581182848 DEBUG: ffmpeg[D5748380]: [mjpeg] marker=da avail_size_in_buf=113908
2021-01-16 05:30:38.817 T:3269096320 DEBUG: ffmpeg[C2DA7380]: [mjpeg] index=1
2021-01-16 05:30:38.817 T:3581182848 DEBUG: ffmpeg[D5748380]: [mjpeg] component: 1
2021-01-16 05:30:38.820 T:3269096320 DEBUG: ffmpeg[C2DA7380]: [mjpeg] qscale[1]: 3
2021-01-16 05:30:38.820 T:3581182848 DEBUG: ffmpeg[D5748380]: [mjpeg] marker parser used 3095 bytes (24753 bits)
2021-01-16 05:30:38.821 T:3269096320 DEBUG: ffmpeg[C2DA7380]: [mjpeg] marker parser used 132 bytes (1056 bits)
2021-01-16 05:30:38.821 T:3581182848 DEBUG: ffmpeg[D5748380]: [mjpeg] marker=c4 avail_size_in_buf=110801
2021-01-16 05:30:38.822 T:3269096320 DEBUG: ffmpeg[C2DA7380]: [mjpeg] marker=c2 avail_size_in_buf=278577
2021-01-16 05:30:38.823 T:3581182848 DEBUG: ffmpeg[D5748380]: [mjpeg] class=0 index=1 nb_codes=8
2021-01-16 05:30:38.823 T:3269096320 DEBUG: ffmpeg[C2DA7380]: [mjpeg] Changing bps from 0 to 8
2021-01-16 05:30:38.824 T:3581182848 DEBUG: ffmpeg[D5748380]: [mjpeg] marker parser used 27 bytes (216 bits)
2021-01-16 05:30:38.825 T:3269096320 DEBUG: ffmpeg[C2DA7380]: [mjpeg] sof0: picture: 1000x1500
2021-01-16 05:30:38.826 T:3581182848 DEBUG: ffmpeg[D5748380]: [mjpeg] escaping removed 107536 bytes
2021-01-16 05:30:38.827 T:3269096320 DEBUG: ffmpeg[C2DA7380]: [mjpeg] component 0 2:2 id: 0 quant:0
2021-01-16 05:30:38.827 T:3581182848 DEBUG: ffmpeg[D5748380]: [mjpeg] marker=da avail_size_in_buf=110772
2021-01-16 05:30:38.827 T:3269096320 DEBUG: ffmpeg[C2DA7380]: [mjpeg] component 1 1:1 id: 1 quant:1
2021-01-16 05:30:38.828 T:3581182848 DEBUG: ffmpeg[D5748380]: [mjpeg] component: 2
2021-01-16 05:30:38.830 T:3269096320 DEBUG: ffmpeg[C2DA7380]: [mjpeg] component 2 1:1 id: 2 quant:1
2021-01-16 05:30:38.831 T:3581182848 DEBUG: ffmpeg[D5748380]: [mjpeg] marker parser used 3235 bytes (25874 bits)
2021-01-16 05:30:38.831 T:3269096320 DEBUG: ffmpeg[C2DA7380]: [mjpeg] pix fmt id 22111100
2021-01-16 05:30:38.832 T:3269096320 DEBUG: ffmpeg[C2DA7380]: [mjpeg] Format yuvj420p chosen by get_format().
2021-01-16 05:30:38.832 T:3581182848 DEBUG: ffmpeg[D5748380]: [mjpeg] marker=c4 avail_size_in_buf=107525
2021-01-16 05:30:38.832 T:3581182848 DEBUG: ffmpeg[D5748380]: [mjpeg] class=1 index=0 nb_codes=241
2021-01-16 05:30:38.832 T:3581182848 DEBUG: ffmpeg[D5748380]: [mjpeg] marker parser used 87 bytes (696 bits)
2021-01-16 05:30:38.833 T:3581182848 DEBUG: ffmpeg[D5748380]: [mjpeg] escaping removed 63006 bytes
2021-01-16 05:30:38.833 T:3581182848 DEBUG: ffmpeg[D5748380]: [mjpeg] marker=da avail_size_in_buf=107436
2021-01-16 05:30:38.833 T:3581182848 DEBUG: ffmpeg[D5748380]: [mjpeg] component: 0
2021-01-16 05:30:38.838 T:3581182848 DEBUG: ffmpeg[D5748380]: [mjpeg] marker parser used 44429 bytes (355428 bits)
2021-01-16 05:30:38.839 T:3581182848 DEBUG: ffmpeg[D5748380]: [mjpeg] marker=c4 avail_size_in_buf=62835
2021-01-16 05:30:38.839 T:3581182848 DEBUG: ffmpeg[D5748380]: [mjpeg] class=1 index=1 nb_codes=130
2021-01-16 05:30:38.839 T:3581182848 DEBUG: ffmpeg[D5748380]: [mjpeg] marker parser used 51 bytes (408 bits)
2021-01-16 05:30:38.840 T:3581182848 DEBUG: ffmpeg[D5748380]: [mjpeg] escaping removed 57929 bytes
2021-01-16 05:30:38.840 T:3581182848 DEBUG: ffmpeg[D5748380]: [mjpeg] marker=da avail_size_in_buf=62782
2021-01-16 05:30:38.840 T:3581182848 DEBUG: ffmpeg[D5748380]: [mjpeg] component: 1
2021-01-16 05:30:38.841 T:3581182848 DEBUG: ffmpeg[D5748380]: [mjpeg] marker parser used 4852 bytes (38815 bits)
2021-01-16 05:30:38.842 T:3581182848 DEBUG: ffmpeg[D5748380]: [mjpeg] marker=c4 avail_size_in_buf=57915
2021-01-16 05:30:38.842 T:3581182848 DEBUG: ffmpeg[D5748380]: [mjpeg] class=1 index=1 nb_codes=130
2021-01-16 05:30:38.843 T:3581182848 DEBUG: ffmpeg[D5748380]: [mjpeg] marker parser used 50 bytes (400 bits)
2021-01-16 05:30:38.844 T:3581182848 DEBUG: ffmpeg[D5748380]: [mjpeg] escaping removed 53075 bytes
2021-01-16 05:30:38.847 T:3581182848 DEBUG: ffmpeg[D5748380]: [mjpeg] marker=da avail_size_in_buf=57863
2021-01-16 05:30:38.848 T:3581182848 DEBUG: ffmpeg[D5748380]: [mjpeg] component: 2
2021-01-16 05:30:38.849 T:3581182848 DEBUG: ffmpeg[D5748380]: [mjpeg] marker parser used 4787 bytes (38292 bits)
2021-01-16 05:30:38.850 T:3581182848 DEBUG: ffmpeg[D5748380]: [mjpeg] marker=c4 avail_size_in_buf=53056
2021-01-16 05:30:38.850 T:3581182848 DEBUG: ffmpeg[D5748380]: [mjpeg] class=1 index=0 nb_codes=242
2021-01-16 05:30:38.851 T:3581182848 DEBUG: ffmpeg[D5748380]: [mjpeg] marker parser used 43 bytes (344 bits)
2021-01-16 05:30:38.852 T:3581182848 DEBUG: ffmpeg[D5748380]: [mjpeg] escaping removed 13077 bytes
2021-01-16 05:30:38.853 T:3581182848 DEBUG: ffmpeg[D5748380]: [mjpeg] marker=da avail_size_in_buf=53011
2021-01-16 05:30:38.853 T:3581182848 DEBUG: ffmpeg[D5748380]: [mjpeg] component: 0
2021-01-16 05:30:38.864 T:3581182848 DEBUG: ffmpeg[D5748380]: [mjpeg] marker parser used 39933 bytes (319462 bits)
2021-01-16 05:30:38.865 T:3581182848 DEBUG: ffmpeg[D5748380]: [mjpeg] marker=c4 avail_size_in_buf=12923
2021-01-16 05:30:38.866 T:3581182848 DEBUG: ffmpeg[D5748380]: [mjpeg] class=1 index=1 nb_codes=226
2021-01-16 05:30:38.867 T:3581182848 DEBUG: ffmpeg[D5748380]: [mjpeg] marker parser used 40 bytes (320 bits)
2021-01-16 05:30:38.868 T:3269096320 DEBUG: ffmpeg[C2DA7380]: [mjpeg] marker parser used 17 bytes (136 bits)
2021-01-16 05:30:38.869 T:3581182848 DEBUG: ffmpeg[D5748380]: [mjpeg] escaping removed 6374 bytes
2021-01-16 05:30:38.869 T:3269096320 DEBUG: ffmpeg[C2DA7380]: [mjpeg] marker=c4 avail_size_in_buf=278558
2021-01-16 05:30:38.870 T:3581182848 DEBUG: ffmpeg[D5748380]: [mjpeg] marker=da avail_size_in_buf=12881
2021-01-16 05:30:38.870 T:3269096320 DEBUG: ffmpeg[C2DA7380]: [mjpeg] class=0 index=0 nb_codes=10
2021-01-16 05:30:38.871 T:3581182848 DEBUG: ffmpeg[D5748380]: [mjpeg] component: 1
2021-01-16 05:30:38.874 T:3269096320 DEBUG: ffmpeg[C2DA7380]: [mjpeg] marker parser used 29 bytes (232 bits)
2021-01-16 05:30:38.875 T:3581182848 DEBUG: ffmpeg[D5748380]: [mjpeg] marker parser used 6506 bytes (52047 bits)
2021-01-16 05:30:38.876 T:3269096320 DEBUG: ffmpeg[C2DA7380]: [mjpeg] escaping removed 258647 bytes
2021-01-16 05:30:38.877 T:3581182848 DEBUG: ffmpeg[D5748380]: [mjpeg] marker=c4 avail_size_in_buf=6362
2021-01-16 05:30:38.877 T:3581182848 DEBUG: ffmpeg[D5748380]: [mjpeg] class=1 index=1 nb_codes=241
2021-01-16 05:30:38.877 T:3581182848 DEBUG: ffmpeg[D5748380]: [mjpeg] marker parser used 37 bytes (296 bits)
2021-01-16 05:30:38.878 T:3581182848 DEBUG: ffmpeg[D5748380]: [mjpeg] escaping removed 31 bytes
2021-01-16 05:30:38.878 T:3581182848 DEBUG: ffmpeg[D5748380]: [mjpeg] marker=da avail_size_in_buf=6323
2021-01-16 05:30:38.878 T:3581182848 DEBUG: ffmpeg[D5748380]: [mjpeg] component: 2
2021-01-16 05:30:38.880 T:3581182848 DEBUG: ffmpeg[D5748380]: [mjpeg] marker parser used 6291 bytes (50325 bits)
2021-01-16 05:30:38.880 T:3581182848 DEBUG: ffmpeg[D5748380]: [mjpeg] marker=d9 avail_size_in_buf=0
2021-01-16 05:30:38.883 T:3269096320 DEBUG: ffmpeg[C2DA7380]: [mjpeg] marker=da avail_size_in_buf=278527
2021-01-16 05:30:38.883 T:3269096320 DEBUG: ffmpeg[C2DA7380]: [mjpeg] component: 0
2021-01-16 05:30:38.894 T:3269096320 DEBUG: ffmpeg[C2DA7380]: [mjpeg] marker parser used 19879 bytes (159025 bits)
2021-01-16 05:30:38.895 T:3269096320 DEBUG: ffmpeg[C2DA7380]: [mjpeg] marker=c4 avail_size_in_buf=258612
2021-01-16 05:30:38.907 T:3581182848 DEBUG: ffmpeg[D5748380]: [mjpeg] decode frame unused 0 bytes
2021-01-16 05:30:38.908 T:3269096320 DEBUG: ffmpeg[C2DA7380]: [mjpeg] class=0 index=1 nb_codes=8
2021-01-16 05:30:38.908 T:3269096320 DEBUG: ffmpeg[C2DA7380]: [mjpeg] marker parser used 27 bytes (216 bits)
2021-01-16 05:30:38.909 T:3269096320 DEBUG: ffmpeg[C2DA7380]: [mjpeg] escaping removed 254594 bytes
2021-01-16 05:30:38.909 T:3269096320 DEBUG: ffmpeg[C2DA7380]: [mjpeg] marker=da avail_size_in_buf=258583
2021-01-16 05:30:38.909 T:3269096320 DEBUG: ffmpeg[C2DA7380]: [mjpeg] component: 1
2021-01-16 05:30:38.912 T:3269096320 DEBUG: ffmpeg[C2DA7380]: [mjpeg] marker parser used 3988 bytes (31899 bits)
2021-01-16 05:30:38.912 T:3269096320 DEBUG: ffmpeg[C2DA7380]: [mjpeg] marker=c4 avail_size_in_buf=254590
2021-01-16 05:30:38.912 T:3269096320 DEBUG: ffmpeg[C2DA7380]: [mjpeg] class=0 index=1 nb_codes=8
2021-01-16 05:30:38.913 T:3269096320 DEBUG: ffmpeg[C2DA7380]: [mjpeg] marker parser used 27 bytes (216 bits)
2021-01-16 05:30:38.913 T:3269096320 DEBUG: ffmpeg[C2DA7380]: [mjpeg] escaping removed 250539 bytes
2021-01-16 05:30:38.913 T:3269096320 DEBUG: ffmpeg[C2DA7380]: [mjpeg] marker=da avail_size_in_buf=254561
2021-01-16 05:30:38.913 T:3269096320 DEBUG: ffmpeg[C2DA7380]: [mjpeg] component: 2
2021-01-16 05:30:38.915 T:3581182848 DEBUG: ffmpeg[D5748380]: [swscaler] No accelerated colorspace conversion found from yuv420p to bgra.
2021-01-16 05:30:38.916 T:3269096320 DEBUG: ffmpeg[C2DA7380]: [mjpeg] marker parser used 4021 bytes (32166 bits)
2021-01-16 05:30:38.916 T:3269096320 DEBUG: ffmpeg[C2DA7380]: [mjpeg] marker=c4 avail_size_in_buf=250537
2021-01-16 05:30:38.916 T:3269096320 DEBUG: ffmpeg[C2DA7380]: [mjpeg] class=1 index=0 nb_codes=242
2021-01-16 05:30:38.917 T:3269096320 DEBUG: ffmpeg[C2DA7380]: [mjpeg] marker parser used 80 bytes (640 bits)
2021-01-16 05:30:38.917 T:3269096320 DEBUG: ffmpeg[C2DA7380]: [mjpeg] escaping removed 184687 bytes
2021-01-16 05:30:38.918 T:3269096320 DEBUG: ffmpeg[C2DA7380]: [mjpeg] marker=da avail_size_in_buf=250455
2021-01-16 05:30:38.918 T:3269096320 DEBUG: ffmpeg[C2DA7380]: [mjpeg] component: 0
2021-01-16 05:30:38.926 T:3269096320 DEBUG: ffmpeg[C2DA7380]: [mjpeg] marker parser used 65767 bytes (526134 bits)
2021-01-16 05:30:38.927 T:3269096320 DEBUG: ffmpeg[C2DA7380]: [mjpeg] marker=c4 avail_size_in_buf=184398
2021-01-16 05:30:38.927 T:3269096320 DEBUG: ffmpeg[C2DA7380]: [mjpeg] class=1 index=0 nb_codes=242
2021-01-16 05:30:38.928 T:3269096320 DEBUG: ffmpeg[C2DA7380]: [mjpeg] marker parser used 44 bytes (352 bits)
2021-01-16 05:30:38.929 T:3269096320 DEBUG: ffmpeg[C2DA7380]: [mjpeg] escaping removed 128127 bytes
2021-01-16 05:30:38.930 T:3269096320 DEBUG: ffmpeg[C2DA7380]: [mjpeg] marker=da avail_size_in_buf=184352
2021-01-16 05:30:38.930 T:3269096320 DEBUG: ffmpeg[C2DA7380]: [mjpeg] component: 0
2021-01-16 05:30:38.944 T:3269096320 DEBUG: ffmpeg[C2DA7380]: [mjpeg] marker parser used 56224 bytes (449792 bits)
2021-01-16 05:30:38.944 T:3269096320 DEBUG: ffmpeg[C2DA7380]: [mjpeg] marker=c4 avail_size_in_buf=127934
2021-01-16 05:30:38.945 T:3269096320 DEBUG: ffmpeg[C2DA7380]: [mjpeg] class=1 index=0 nb_codes=242
2021-01-16 05:30:38.945 T:3269096320 DEBUG: ffmpeg[C2DA7380]: [mjpeg] marker parser used 43 bytes (344 bits)
2021-01-16 05:30:38.947 T:3269096320 DEBUG: ffmpeg[C2DA7380]: [mjpeg] escaping removed 40232 bytes
2021-01-16 05:30:38.947 T:3269096320 DEBUG: ffmpeg[C2DA7380]: [mjpeg] marker=da avail_size_in_buf=127889
2021-01-16 05:30:38.947 T:3269096320 DEBUG: ffmpeg[C2DA7380]: [mjpeg] component: 0
2021-01-16 05:30:38.967 T:3269096320 DEBUG: ffmpeg[C2DA7380]: [mjpeg] marker parser used 87656 bytes (701243 bits)
2021-01-16 05:30:38.967 T:3269096320 DEBUG: ffmpeg[C2DA7380]: [mjpeg] marker=c4 avail_size_in_buf=40043
2021-01-16 05:30:38.968 T:3269096320 DEBUG: ffmpeg[C2DA7380]: [mjpeg] class=1 index=1 nb_codes=113
2021-01-16 05:30:38.968 T:3269096320 DEBUG: ffmpeg[C2DA7380]: [mjpeg] marker parser used 47 bytes (376 bits)
2021-01-16 05:30:38.969 T:3269096320 DEBUG: ffmpeg[C2DA7380]: [mjpeg] escaping removed 28926 bytes
2021-01-16 05:30:38.969 T:3269096320 DEBUG: ffmpeg[C2DA7380]: [mjpeg] marker=da avail_size_in_buf=39994
2021-01-16 05:30:38.969 T:3269096320 DEBUG: ffmpeg[C2DA7380]: [mjpeg] component: 1
2021-01-16 05:30:38.971 T:3269096320 DEBUG: ffmpeg[C2DA7380]: [mjpeg] marker parser used 11067 bytes (88531 bits)
2021-01-16 05:30:38.972 T:3269096320 DEBUG: ffmpeg[C2DA7380]: [mjpeg] marker=c4 avail_size_in_buf=28900
2021-01-16 05:30:38.972 T:3269096320 DEBUG: ffmpeg[C2DA7380]: [mjpeg] class=1 index=1 nb_codes=162
2021-01-16 05:30:38.972 T:3269096320 DEBUG: ffmpeg[C2DA7380]: [mjpeg] marker parser used 50 bytes (400 bits)
2021-01-16 05:30:38.973 T:3269096320 DEBUG: ffmpeg[C2DA7380]: [mjpeg] escaping removed 20339 bytes
2021-01-16 05:30:38.973 T:3269096320 DEBUG: ffmpeg[C2DA7380]: [mjpeg] marker=da avail_size_in_buf=28848
2021-01-16 05:30:38.973 T:3269096320 DEBUG: ffmpeg[C2DA7380]: [mjpeg] component: 1
2021-01-16 05:30:38.974 T:3269096320 DEBUG: ffmpeg[C2DA7380]: [mjpeg] marker parser used 8508 bytes (68058 bits)
2021-01-16 05:30:38.975 T:3269096320 DEBUG: ffmpeg[C2DA7380]: [mjpeg] marker=c4 avail_size_in_buf=20313
2021-01-16 05:30:38.975 T:3269096320 DEBUG: ffmpeg[C2DA7380]: [mjpeg] class=1 index=1 nb_codes=81
2021-01-16 05:30:38.975 T:3269096320 DEBUG: ffmpeg[C2DA7380]: [mjpeg] marker parser used 46 bytes (368 bits)
2021-01-16 05:30:38.976 T:3269096320 DEBUG: ffmpeg[C2DA7380]: [mjpeg] escaping removed 8970 bytes
2021-01-16 05:30:38.976 T:3269096320 DEBUG: ffmpeg[C2DA7380]: [mjpeg] marker=da avail_size_in_buf=20265
2021-01-16 05:30:38.976 T:3269096320 DEBUG: ffmpeg[C2DA7380]: [mjpeg] component: 2
2021-01-16 05:30:38.978 T:3269096320 DEBUG: ffmpeg[C2DA7380]: [mjpeg] marker parser used 11294 bytes (90351 bits)
2021-01-16 05:30:38.979 T:3269096320 DEBUG: ffmpeg[C2DA7380]: [mjpeg] marker=c4 avail_size_in_buf=8954
2021-01-16 05:30:38.979 T:3269096320 DEBUG: ffmpeg[C2DA7380]: [mjpeg] class=1 index=1 nb_codes=162
2021-01-16 05:30:38.979 T:3269096320 DEBUG: ffmpeg[C2DA7380]: [mjpeg] marker parser used 51 bytes (408 bits)
2021-01-16 05:30:38.979 T:3269096320 DEBUG: ffmpeg[C2DA7380]: [mjpeg] escaping removed 31 bytes
2021-01-16 05:30:38.979 T:3269096320 DEBUG: ffmpeg[C2DA7380]: [mjpeg] marker=da avail_size_in_buf=8901
2021-01-16 05:30:38.980 T:3269096320 DEBUG: ffmpeg[C2DA7380]: [mjpeg] component: 2
2021-01-16 05:30:38.981 T:3269096320 DEBUG: ffmpeg[C2DA7380]: [mjpeg] marker parser used 8869 bytes (70949 bits)
2021-01-16 05:30:38.982 T:3269096320 DEBUG: ffmpeg[C2DA7380]: [mjpeg] marker=d9 avail_size_in_buf=0
2021-01-16 05:30:38.995 T:3581182848 DEBUG: Caching image 'https://image.tmdb.org/t/p/original/vsKlGNCZdzyuDLpYkwZdkPXpadL.jpg' to 'f/fb11b236.jpg':
2021-01-16 05:30:38.996 T:3581182848 DEBUG: ffmpeg[D5748380]: [swscaler] Forcing full internal H chroma due to input having non subsampled chroma
2021-01-16 05:30:39.002 T:3269096320 DEBUG: ffmpeg[C2DA7380]: [mjpeg] decode frame unused 0 bytes
2021-01-16 05:30:39.008 T:3269096320 DEBUG: ffmpeg[C2DA7380]: [swscaler] No accelerated colorspace conversion found from yuv420p to bgra.
2021-01-16 05:30:39.067 T:3269096320 DEBUG: Caching image 'https://image.tmdb.org/t/p/original/w165sLOqpNrxeO1ocQ4hZV7Hikn.jpg' to 'a/aae2af37.jpg':
2021-01-16 05:30:39.069 T:3269096320 DEBUG: ffmpeg[C2DA7380]: [swscaler] Forcing full internal H chroma due to input having non subsampled chroma
2021-01-16 05:30:39.245 T:3704460160 DEBUG: cached image 'special://masterprofile/Thumbnails/f/fea59e81.jpg' size 480x720
2021-01-16 05:30:39.246 T:3704460160 DEBUG: ffmpeg[DCCD9380]: [mjpeg] intra_quant_bias = 96 inter_quant_bias = 0
2021-01-16 05:30:39.356 T:3608322944 DEBUG: cached image 'special://masterprofile/Thumbnails/3/3bbe09e2.jpg' size 480x720
2021-01-16 05:30:39.357 T:3608322944 DEBUG: ffmpeg[D712A380]: [mjpeg] intra_quant_bias = 96 inter_quant_bias = 0
2021-01-16 05:30:39.549 T:3581182848 DEBUG: cached image 'special://masterprofile/Thumbnails/f/fb11b236.jpg' size 480x720
2021-01-16 05:30:39.550 T:3581182848 DEBUG: ffmpeg[D5748380]: [mjpeg] intra_quant_bias = 96 inter_quant_bias = 0
2021-01-16 05:30:39.593 T:3269096320 DEBUG: cached image 'special://masterprofile/Thumbnails/a/aae2af37.jpg' size 480x720
2021-01-16 05:30:39.593 T:3269096320 DEBUG: ffmpeg[C2DA7380]: [mjpeg] intra_quant_bias = 96 inter_quant_bias = 0
2021-01-16 05:30:39.626 T:3809473408 DEBUG: PushCecKeypress - received key a8 duration 0
2021-01-16 05:30:39.644 T:4090851344 DEBUG: HandleKey: 168 (0xa8, obc87) pressed, action is Right
2021-01-16 05:30:39.846 T:3809473408 DEBUG: PushCecKeypress - received key a8 duration 220
2021-01-16 05:30:39.872 T:3608322944 DEBUG: CCurlFile::GetMimeType - https://image.tmdb.org/t/p/original/zIrSrXU4zOArlVYnXFxxfKDYYY2.jpg -> image/jpeg
2021-01-16 05:30:39.896 T:3608322944 DEBUG: CCurlFile::GetMimeType - https://image.tmdb.org/t/p/original/3z3TxpfUwG7MWIXbx58zJNgxWg7.jpg -> image/jpeg
2021-01-16 05:30:39.924 T:3608322944 DEBUG: CCurlFile::GetMimeType - https://image.tmdb.org/t/p/original/siGoOvAqTTyojNHpfR8wilIoBjf.jpg -> image/jpeg
2021-01-16 05:30:39.952 T:3608322944 DEBUG: CCurlFile::GetMimeType - https://image.tmdb.org/t/p/original/6OBLxmCseaeLwpKO9wN3oqPMDHQ.jpg -> image/jpeg
2021-01-16 05:30:39.967 T:3581182848 DEBUG: CAddonMgr::GetAvailableUpdates took 75 ms
2021-01-16 05:30:39.978 T:3608322944 DEBUG: CCurlFile::GetMimeType - https://image.tmdb.org/t/p/original/eaHkOeGsaznmgru8z3ECiosZAAh.jpg -> image/jpeg
2021-01-16 05:30:40.004 T:3608322944 DEBUG: CCurlFile::GetMimeType - https://image.tmdb.org/t/p/original/5b6eUi2w12ao24ug8cL5QqJFKig.jpg -> image/jpeg
2021-01-16 05:30:40.029 T:3608322944 DEBUG: CCurlFile::GetMimeType - https://image.tmdb.org/t/p/original/pVTafj1pKhXh5aGZItOSDtgBZuc.jpg -> image/jpeg
2021-01-16 05:30:40.055 T:3608322944 DEBUG: CCurlFile::GetMimeType - https://image.tmdb.org/t/p/original/shIFxmFySt9CtGXMTXWBipsNOIs.jpg -> image/jpeg
2021-01-16 05:30:40.083 T:3608322944 DEBUG: CCurlFile::GetMimeType - https://image.tmdb.org/t/p/original/7GhSiFhXOg81AevNQWrX6DOEL1U.jpg -> image/jpeg
2021-01-16 05:30:40.148 T:3269096320 DEBUG: CMultiPathDirectory::GetDirectory(multipath://special%3a%2f%2fprofile%2fplaylists%2fvideo/special%3a%2f%2fprofile%2fplaylists%2fmixed/)
2021-01-16 05:30:40.148 T:3269096320 DEBUG: Getting Directory (special://profile/playlists/video)
2021-01-16 05:30:40.150 T:3269096320 DEBUG: Getting Directory (special://profile/playlists/mixed)
2021-01-16 05:30:40.152 T:3269096320 DEBUG: CMultiPathDirectory::MergeItems, items = 0
2021-01-16 05:30:40.155 T:3269096320 DEBUG: CRecentlyAddedJob::UpdateMusic() - Running RecentlyAdded home screen update
2021-01-16 05:30:40.175 T:3269096320 DEBUG: GetRecentlyAddedAlbumSongs() query: SELECT songview.*, songartistview.* FROM (SELECT idAlbum FROM album ORDER BY idAlbum DESC LIMIT 10) AS recentalbums JOIN songview ON songview.idAlbum = recentalbums.idAlbum JOIN songartistview ON songview.idSong = songartistview.idSong ORDER BY songview.idAlbum DESC, songview.idSong, songartistview.idRole, songartistview.iOrder
2021-01-16 05:30:40.179 T:3269096320 DEBUG: GetRecentlyAddedAlbums query: SELECT albumview.*, albumartistview.* FROM (SELECT idAlbum FROM album WHERE strAlbum != '' ORDER BY idAlbum DESC LIMIT 10) AS recentalbums JOIN albumview ON albumview.idAlbum = recentalbums.idAlbum JOIN albumartistview ON albumview.idAlbum = albumartistview.idAlbum ORDER BY albumview.idAlbum desc, albumartistview.iOrder
2021-01-16 05:30:40.189 T:3581182848 DEBUG: NFS: Refreshing context for 192.168.178.9/export/Video, old: 52539, new: 64564
2021-01-16 05:30:40.189 T:3581182848 DEBUG: NFS: Using cached context.
2021-01-16 05:30:40.195 T:3269096320 DEBUG: CRecentlyAddedJob::UpdateVideos() - Running RecentlyAdded home screen update
2021-01-16 05:30:40.225 T:3809473408 DEBUG: PushCecKeypress - received key a6 duration 0
2021-01-16 05:30:40.236 T:3581182848 DEBUG: NFS: Refreshing context for 192.168.178.9/export/Download, old: 18382, new: 64611
2021-01-16 05:30:40.236 T:3581182848 DEBUG: NFS: Using cached context.
2021-01-16 05:30:40.245 T:4090851344 DEBUG: HandleKey: 166 (0xa6, obc89) pressed, action is Up
2021-01-16 05:30:40.373 T:3809473408 DEBUG: PushCecKeypress - received key a6 duration 148
2021-01-16 05:30:40.608 T:3269096320 DEBUG: CCurlFile::GetMimeType - https://image.tmdb.org/t/p/original/zIrSrXU4zOArlVYnXFxxfKDYYY2.jpg -> image/jpeg
2021-01-16 05:30:40.637 T:3269096320 DEBUG: CCurlFile::GetMimeType - https://image.tmdb.org/t/p/original/3z3TxpfUwG7MWIXbx58zJNgxWg7.jpg -> image/jpeg
2021-01-16 05:30:40.668 T:3269096320 DEBUG: CCurlFile::GetMimeType - https://image.tmdb.org/t/p/original/siGoOvAqTTyojNHpfR8wilIoBjf.jpg -> image/jpeg
2021-01-16 05:30:40.699 T:3269096320 DEBUG: CCurlFile::GetMimeType - https://image.tmdb.org/t/p/original/6OBLxmCseaeLwpKO9wN3oqPMDHQ.jpg -> image/jpeg
2021-01-16 05:30:40.719 T:3269096320 DEBUG: CRecentlyAddedJob::UpdateTotal() - Running RecentlyAdded home screen update
2021-01-16 05:30:40.727 T:3269096320 DEBUG: GetArtistsByWhere query: SELECT COUNT(DISTINCT artistview.idArtist) FROM artistview WHERE (EXISTS (SELECT 1 FROM song_artist WHERE song_artist.idArtist = artistview.idArtist AND song_artist.idRole = 1) OR EXISTS (SELECT 1 FROM album_artist WHERE album_artist.idArtist = artistview.idArtist)) AND (artistview.strArtist != '')
2021-01-16 05:30:42.841 T:3809473408 DEBUG: PushCecKeypress - received key a6 duration 0
2021-01-16 05:30:42.842 T:4090851344 DEBUG: HandleKey: 166 (0xa6, obc89) pressed, action is Up
2021-01-16 05:30:43.025 T:3809473408 DEBUG: PushCecKeypress - received key a6 duration 183
2021-01-16 05:30:46.300 T:3809473408 DEBUG: PushCecKeypress - received key a6 duration 0
2021-01-16 05:30:46.314 T:4090851344 DEBUG: HandleKey: 166 (0xa6, obc89) pressed, action is Up
2021-01-16 05:30:46.483 T:3809473408 DEBUG: PushCecKeypress - received key a6 duration 183
2021-01-16 05:30:55.782 T:3809473408 DEBUG: PushCecKeypress - received key a7 duration 0
2021-01-16 05:30:55.818 T:4090851344 DEBUG: HandleKey: 167 (0xa7, obc88) pressed, action is Down
2021-01-16 05:30:55.969 T:3809473408 DEBUG: PushCecKeypress - received key a7 duration 186
2021-01-16 05:30:56.090 T:3809473408 DEBUG: PushCecKeypress - received key a7 duration 0
2021-01-16 05:30:56.136 T:4090851344 DEBUG: HandleKey: 167 (0xa7, obc88) pressed, action is Down
2021-01-16 05:30:56.196 T:3809473408 DEBUG: PushCecKeypress - received key a7 duration 107
2021-01-16 05:30:58.500 T:4090851344 DEBUG: SECTION:UnloadDelayed(DLL: libamcodec.so)
2021-01-16 05:31:02.044 T:3809473408 DEBUG: PushCecKeypress - received key a6 duration 0
2021-01-16 05:31:02.063 T:4090851344 DEBUG: HandleKey: 166 (0xa6, obc89) pressed, action is Up
2021-01-16 05:31:02.244 T:3809473408 DEBUG: PushCecKeypress - received key a6 duration 200
2021-01-16 05:31:02.437 T:3809473408 DEBUG: PushCecKeypress - received key a6 duration 0
2021-01-16 05:31:02.482 T:4090851344 DEBUG: HandleKey: 166 (0xa6, obc89) pressed, action is Up
2021-01-16 05:31:02.626 T:3809473408 DEBUG: PushCecKeypress - received key a6 duration 189
2021-01-16 05:31:03.633 T:4090851344 INFO: CheckIdle - Closing session to https://image.tmdb.org (easy=0xe35b0df0, multi=0xf0b24778)
2021-01-16 05:31:03.955 T:3809473408 DEBUG: PushCecKeypress - received key b duration 0
2021-01-16 05:31:03.962 T:4090851344 DEBUG: HandleKey: 11 (0x0b, obc244) pressed, action is Select
2021-01-16 05:31:04.013 T:3746550656 DEBUG: DialogProgress::Open called
2021-01-16 05:31:04.013 T:3746550656 DEBUG: ------ Window Init (DialogConfirm.xml) ------
2021-01-16 05:31:04.013 T:3746550656 INFO: Loading skin file: DialogConfirm.xml, load type: KEEP_IN_MEMORY
2021-01-16 05:31:04.031 T:3746550656 DEBUG: [Warning] CGUITextureManager::GetTexturePath: could not find texture 'icons/logo.png'
2021-01-16 05:31:04.143 T:3809473408 DEBUG: Previous line repeats 1 times.
2021-01-16 05:31:04.143 T:3809473408 DEBUG: PushCecKeypress - received key b duration 188
2021-01-16 05:31:08.768 T:4090851344 INFO: CheckIdle - Closing session to https://image.tmdb.org (easy=0xf1560e90, multi=0xf1f7bbb8)
2021-01-16 05:31:09.223 T:4090851344 DEBUG: ------ Window Init (DialogConfirm.xml) ------
2021-01-16 05:31:09.224 T:4090851344 INFO: Loading skin file: DialogConfirm.xml, load type: KEEP_IN_MEMORY
2021-01-16 05:31:09.233 T:4090851344 DEBUG: [Warning] CGUITextureManager::GetTexturePath: could not find texture 'icons/logo.png'
2021-01-16 05:31:09.281 T:4090851344 DEBUG: Previous line repeats 1 times.
2021-01-16 05:31:09.281 T:4090851344 INFO: CheckIdle - Closing session to https://image.tmdb.org (easy=0xf1fc5d68, multi=0xf1502718)
2021-01-16 05:31:09.418 T:3704460160 DEBUG: Thread JobWorker 3704460160 terminating (autodelete)
2021-01-16 05:31:09.504 T:4090851344 DEBUG: ------ Window Deinit (DialogConfirm.xml) ------
2021-01-16 05:31:10.190 T:3608322944 DEBUG: Thread JobWorker 3608322944 terminating (autodelete)
2021-01-16 05:31:10.249 T:3581182848 DEBUG: Thread JobWorker 3581182848 terminating (autodelete)
2021-01-16 05:31:10.853 T:4090851344 INFO: CheckIdle - Closing session to https://image.tmdb.org (easy=0xf0b80330, multi=0xf2a04770)
2021-01-16 05:31:10.873 T:3269096320 DEBUG: Thread JobWorker 3269096320 terminating (autodelete)
2021-01-16 05:31:14.028 T:3809473408 DEBUG: PushCecKeypress - received key b duration 0
2021-01-16 05:31:14.691 T:3809473408 DEBUG: PushCecKeypress - received key b duration 186
2021-01-16 05:31:14.711 T:4090851344 DEBUG: HandleKey: 11 (0x0b, obc244) pressed, action is Select
2021-01-16 05:31:15.000 T:4090851344 DEBUG: ------ Window Deinit (DialogConfirm.xml) ------
2021-01-16 05:31:16.741 T:3809473408 DEBUG: PushCecKeypress - received key a8 duration 0
2021-01-16 05:31:16.753 T:4090851344 DEBUG: HandleKey: 168 (0xa8, obc87) pressed, action is Right
2021-01-16 05:31:16.929 T:3809473408 DEBUG: PushCecKeypress - received key a8 duration 189
2021-01-16 05:31:17.735 T:3809473408 DEBUG: PushCecKeypress - received key b duration 0
2021-01-16 05:31:17.751 T:4090851344 DEBUG: HandleKey: 11 (0x0b, obc244) pressed, action is Select
2021-01-16 05:31:17.805 T:3746550656 DEBUG: DialogProgress::Open called
2021-01-16 05:31:17.806 T:3746550656 DEBUG: ------ Window Init (DialogConfirm.xml) ------
2021-01-16 05:31:17.807 T:3746550656 DEBUG: [Warning] CGUITextureManager::GetTexturePath: could not find texture 'icons/logo.png'
2021-01-16 05:31:17.922 T:3809473408 DEBUG: Previous line repeats 1 times.
2021-01-16 05:31:17.922 T:3809473408 DEBUG: PushCecKeypress - received key b duration 188
2021-01-16 05:31:22.905 T:4090851344 DEBUG: ------ Window Init (DialogConfirm.xml) ------
2021-01-16 05:31:22.906 T:4090851344 DEBUG: [Warning] CGUITextureManager::GetTexturePath: could not find texture 'icons/logo.png'
2021-01-16 05:31:23.155 T:4090851344 DEBUG: Previous line repeats 1 times.
2021-01-16 05:31:23.155 T:4090851344 DEBUG: ------ Window Deinit (DialogConfirm.xml) ------
2021-01-16 05:31:24.402 T:3809473408 DEBUG: PushCecKeypress - received key b duration 0
2021-01-16 05:31:24.421 T:4090851344 DEBUG: HandleKey: 11 (0x0b, obc244) pressed, action is Select
2021-01-16 05:31:24.614 T:3809473408 DEBUG: PushCecKeypress - received key b duration 213
2021-01-16 05:31:24.716 T:4090851344 DEBUG: ------ Window Deinit (DialogConfirm.xml) ------
2021-01-16 05:31:33.199 T:3809473408 DEBUG: PushCecKeypress - received key a8 duration 0
2021-01-16 05:31:33.229 T:4090851344 DEBUG: HandleKey: 168 (0xa8, obc87) pressed, action is Right
2021-01-16 05:31:33.444 T:3809473408 DEBUG: PushCecKeypress - received key a8 duration 246
2021-01-16 05:31:33.654 T:3809473408 DEBUG: PushCecKeypress - received key a7 duration 0
2021-01-16 05:31:33.704 T:4090851344 DEBUG: HandleKey: 167 (0xa7, obc88) pressed, action is Down
2021-01-16 05:31:33.842 T:3809473408 DEBUG: PushCecKeypress - received key a7 duration 189
2021-01-16 05:31:34.221 T:3809473408 DEBUG: PushCecKeypress - received key a6 duration 0
2021-01-16 05:31:34.235 T:4090851344 DEBUG: HandleKey: 166 (0xa6, obc89) pressed, action is Up
2021-01-16 05:31:34.407 T:3809473408 DEBUG: PushCecKeypress - received key a6 duration 186
2021-01-16 05:32:11.810 T:3809473408 DEBUG: PushCecKeypress - received key b duration 0
2021-01-16 05:32:11.858 T:4090851344 DEBUG: HandleKey: 11 (0x0b, obc244) pressed, action is Select
2021-01-16 05:32:11.906 T:3746550656 DEBUG: DialogProgress::Open called
2021-01-16 05:32:11.906 T:3746550656 DEBUG: ------ Window Init (DialogConfirm.xml) ------
2021-01-16 05:32:11.906 T:3746550656 DEBUG: [Warning] CGUITextureManager::GetTexturePath: could not find texture 'icons/logo.png'
2021-01-16 05:32:11.995 T:3809473408 DEBUG: Previous line repeats 1 times.
2021-01-16 05:32:11.995 T:3809473408 DEBUG: PushCecKeypress - received key b duration 185
