2021-01-16 05:30:22.079 T:3608322944 DEBUG: CAMLCodec::GetTimeSize: len:24 dl:924252 fs:924252 front:35765
2021-01-16 05:30:22.103 T:4090851344 DEBUG: Previous line repeats 3 times.
2021-01-16 05:30:22.103 T:4090851344 DEBUG: CAMLCodec::PollFrame elapsed:33.503ms
2021-01-16 05:30:22.107 T:3608322944 DEBUG: CAMLCodec::GetTimeSize: len:24 dl:924252 fs:924252 front:35765
2021-01-16 05:30:22.108 T:3608322944 DEBUG: CAMLCodec::DequeueBuffer: pts:334.918 idx:701
2021-01-16 05:30:22.109 T:3608322944 DEBUG: CAMLCodec::GetPicture: index: 701, pts: 334.918, dur:42ms ar:1.67
2021-01-16 05:30:22.109 T:4090851344 DEBUG: PrepareNextRender: frameOnScreen: 334.708 renderPts: 334.833 nextFramePts: 334.751 -> diff: 0.082 render: 1 forceNext: 0
2021-01-16 05:30:22.111 T:3608322944 DEBUG: CVideoPlayerVideo::OutputPicture - ttd:209ms pts:334.918 Clock:334.708 Level:3
2021-01-16 05:30:22.112 T:3608322944 DEBUG: CAMLCodec::GetTimeSize: len:24 dl:888487 fs:924252 front:35765
2021-01-16 05:30:22.113 T:3608322944 DEBUG: CAMLCodec::GetTimeSize: len:23 dl:888487 fs:888487 front:14629
2021-01-16 05:30:22.113 T:4090851344 DEBUG: CAMLCodec::ReleaseFrame idx:697, drop:0
2021-01-16 05:30:22.118 T:3608322944 DEBUG: CAMLCodec::AddData: dl:902501 sum:902501 sz:14014 dts:335.961 pts:335.961 overflow:0
2021-01-16 05:30:22.118 T:3608322944 DEBUG: CAMLCodec::GetTimeSize: len:24 dl:902501 fs:902501 front:14629
2021-01-16 05:30:22.145 T:4090851344 DEBUG: Previous line repeats 3 times.
2021-01-16 05:30:22.145 T:4090851344 DEBUG: CAMLCodec::PollFrame elapsed:30.814ms
2021-01-16 05:30:22.146 T:3608322944 DEBUG: CAMLCodec::GetTimeSize: len:24 dl:902501 fs:902501 front:14629
2021-01-16 05:30:22.147 T:3608322944 DEBUG: CAMLCodec::DequeueBuffer: pts:334.960 idx:702
2021-01-16 05:30:22.148 T:3608322944 DEBUG: CAMLCodec::GetPicture: index: 702, pts: 334.960, dur:42ms ar:1.67
2021-01-16 05:30:22.148 T:3608322944 DEBUG: CVideoPlayerVideo::OutputPicture - ttd:212ms pts:334.960 Clock:334.747 Level:4
2021-01-16 05:30:22.150 T:3608322944 DEBUG: CAMLCodec::GetTimeSize: len:24 dl:902501 fs:902501 front:14629
2021-01-16 05:30:22.153 T:4090851344 DEBUG: PrepareNextRender: frameOnScreen: 334.751 renderPts: 334.876 nextFramePts: 334.793 -> diff: 0.083 render: 1 forceNext: 0
2021-01-16 05:30:22.156 T:4090851344 DEBUG: CAMLCodec::ReleaseFrame idx:698, drop:0
2021-01-16 05:30:22.158 T:3608322944 DEBUG: CAMLCodec::GetTimeSize: len:24 dl:887872 fs:902501 front:14629
2021-01-16 05:30:22.158 T:3608322944 DEBUG: CAMLCodec::GetTimeSize: len:23 dl:887872 fs:887872 front:4913
2021-01-16 05:30:22.161 T:3581182848 DEBUG: CVideoPlayer::ProcessVideoData size:81257 dts:342.926 pts:343.260 dur:41.000ms, clock:334.760 level:87
2021-01-16 05:30:22.162 T:3581182848 DEBUG: CVideoPlayer::ProcessVideoData size:18028 dts:342.968 pts:343.134 dur:41.000ms, clock:334.761 level:87
2021-01-16 05:30:22.162 T:3581182848 DEBUG: CVideoPlayer::ProcessVideoData size:7896 dts:343.009 pts:343.009 dur:41.000ms, clock:334.761 level:88
2021-01-16 05:30:22.163 T:3581182848 DEBUG: CVideoPlayer::ProcessVideoData size:9001 dts:343.051 pts:343.051 dur:41.000ms, clock:334.762 level:88
2021-01-16 05:30:22.163 T:3581182848 DEBUG: CVideoPlayer::ProcessVideoData size:8571 dts:343.093 pts:343.093 dur:41.000ms, clock:334.762 level:89
2021-01-16 05:30:22.164 T:3608322944 DEBUG: CAMLCodec::AddData: dl:896701 sum:896701 sz:8829 dts:336.002 pts:336.044 overflow:0
2021-01-16 05:30:22.164 T:3581182848 DEBUG: CVideoPlayer::ProcessVideoData size:10070 dts:343.134 pts:343.176 dur:41.000ms, clock:334.763 level:89
2021-01-16 05:30:22.164 T:3608322944 DEBUG: CAMLCodec::GetTimeSize: len:24 dl:896701 fs:896701 front:4913
2021-01-16 05:30:22.164 T:3581182848 DEBUG: CVideoPlayer::ProcessVideoData size:10538 dts:343.176 pts:343.218 dur:41.000ms, clock:334.763 level:89
2021-01-16 05:30:22.171 T:3608322944 DEBUG: CAMLCodec::GetTimeSize: len:24 dl:896701 fs:896701 front:4913
2021-01-16 05:30:22.186 T:4090851344 DEBUG: Previous line repeats 2 times.
2021-01-16 05:30:22.186 T:4090851344 DEBUG: CAMLCodec::PollFrame elapsed:28.723ms
2021-01-16 05:30:22.191 T:3608322944 DEBUG: CAMLCodec::GetTimeSize: len:24 dl:896701 fs:896701 front:4913
2021-01-16 05:30:22.192 T:3608322944 DEBUG: CAMLCodec::DequeueBuffer: pts:335.001 idx:703
2021-01-16 05:30:22.192 T:4090851344 DEBUG: PrepareNextRender: frameOnScreen: 334.791 renderPts: 334.916 nextFramePts: 334.834 -> diff: 0.082 render: 1 forceNext: 0
2021-01-16 05:30:22.193 T:3608322944 DEBUG: CAMLCodec::GetPicture: index: 703, pts: 335.001, dur:41ms ar:1.67
2021-01-16 05:30:22.193 T:3608322944 DEBUG: CVideoPlayerVideo::OutputPicture - ttd:209ms pts:335.001 Clock:334.792 Level:3
2021-01-16 05:30:22.194 T:3608322944 DEBUG: CAMLCodec::GetTimeSize: len:24 dl:891788 fs:896701 front:4913
2021-01-16 05:30:22.195 T:4090851344 DEBUG: CAMLCodec::ReleaseFrame idx:699, drop:0
2021-01-16 05:30:22.195 T:3608322944 DEBUG: CAMLCodec::GetTimeSize: len:23 dl:891788 fs:891788 front:5680
2021-01-16 05:30:22.201 T:3608322944 DEBUG: CAMLCodec::AddData: dl:898637 sum:898637 sz:6849 dts:336.044 pts:336.086 overflow:0
2021-01-16 05:30:22.201 T:3608322944 DEBUG: CAMLCodec::GetTimeSize: len:24 dl:898637 fs:898637 front:5680
2021-01-16 05:30:22.228 T:4090851344 DEBUG: Previous line repeats 3 times.
2021-01-16 05:30:22.229 T:4090851344 DEBUG: CAMLCodec::PollFrame elapsed:32.587ms
2021-01-16 05:30:22.229 T:3608322944 DEBUG: CAMLCodec::GetTimeSize: len:24 dl:898637 fs:898637 front:5680
2021-01-16 05:30:22.234 T:4090851344 DEBUG: PrepareNextRender: frameOnScreen: 334.832 renderPts: 334.958 nextFramePts: 334.876 -> diff: 0.082 render: 1 forceNext: 0
2021-01-16 05:30:22.236 T:4090851344 DEBUG: CAMLCodec::ReleaseFrame idx:700, drop:0
2021-01-16 05:30:22.236 T:3608322944 DEBUG: CAMLCodec::GetTimeSize: len:24 dl:892957 fs:898637 front:5680
2021-01-16 05:30:22.237 T:3608322944 DEBUG: CAMLCodec::GetTimeSize: len:23 dl:892957 fs:892957 front:7501
2021-01-16 05:30:22.237 T:3608322944 DEBUG: CAMLCodec::DequeueBuffer: pts:335.043 idx:704
2021-01-16 05:30:22.237 T:3608322944 DEBUG: CAMLCodec::GetPicture: index: 704, pts: 335.043, dur:42ms ar:1.67
2021-01-16 05:30:22.238 T:3608322944 DEBUG: CVideoPlayerVideo::OutputPicture - ttd:206ms pts:335.043 Clock:334.837 Level:3
2021-01-16 05:30:22.240 T:3608322944 DEBUG: CAMLCodec::GetTimeSize: len:23 dl:892957 fs:892957 front:7501
2021-01-16 05:30:22.247 T:3608322944 DEBUG: CAMLCodec::AddData: dl:992273 sum:992273 sz:99316 dts:336.086 pts:336.378 overflow:0
2021-01-16 05:30:22.248 T:3608322944 DEBUG: CAMLCodec::GetTimeSize: len:24 dl:992273 fs:992273 front:7501
2021-01-16 05:30:22.270 T:4090851344 DEBUG: Previous line repeats 3 times.
2021-01-16 05:30:22.271 T:4090851344 DEBUG: CAMLCodec::PollFrame elapsed:32.825ms
2021-01-16 05:30:22.275 T:3608322944 DEBUG: CAMLCodec::GetTimeSize: len:24 dl:992273 fs:992273 front:7501
2021-01-16 05:30:22.276 T:3608322944 DEBUG: CAMLCodec::DequeueBuffer: pts:335.085 idx:705
2021-01-16 05:30:22.277 T:3608322944 DEBUG: CAMLCodec::GetPicture: index: 705, pts: 335.085, dur:42ms ar:1.67
2021-01-16 05:30:22.277 T:3608322944 DEBUG: CVideoPlayerVideo::OutputPicture - ttd:208ms pts:335.085 Clock:334.876 Level:4
2021-01-16 05:30:22.278 T:4090851344 DEBUG: PrepareNextRender: frameOnScreen: 334.877 renderPts: 335.002 nextFramePts: 334.918 -> diff: 0.084 render: 1 forceNext: 0
2021-01-16 05:30:22.280 T:3608322944 DEBUG: CAMLCodec::GetTimeSize: len:24 dl:984772 fs:992273 front:7501
2021-01-16 05:30:22.281 T:3608322944 DEBUG: CAMLCodec::GetTimeSize: len:23 dl:984772 fs:984772 front:6485
2021-01-16 05:30:22.282 T:4090851344 DEBUG: CAMLCodec::ReleaseFrame idx:701, drop:0
2021-01-16 05:30:22.286 T:3608322944 DEBUG: CAMLCodec::AddData: dl:1018129 sum:1018129 sz:33357 dts:336.127 pts:336.253 overflow:0
2021-01-16 05:30:22.287 T:3608322944 DEBUG: CAMLCodec::GetTimeSize: len:24 dl:1018129 fs:1018129 front:6485
2021-01-16 05:30:22.311 T:4090851344 DEBUG: Previous line repeats 3 times.
2021-01-16 05:30:22.312 T:4090851344 DEBUG: CAMLCodec::PollFrame elapsed:28.834ms
2021-01-16 05:30:22.315 T:3608322944 DEBUG: CAMLCodec::GetTimeSize: len:24 dl:1018129 fs:1018129 front:6485
2021-01-16 05:30:22.316 T:3608322944 DEBUG: CAMLCodec::DequeueBuffer: pts:335.126 idx:706
2021-01-16 05:30:22.316 T:3608322944 DEBUG: CAMLCodec::GetPicture: index: 706, pts: 335.126, dur:41ms ar:1.67
2021-01-16 05:30:22.317 T:3608322944 DEBUG: CVideoPlayerVideo::OutputPicture - ttd:210ms pts:335.126 Clock:334.916 Level:4
2021-01-16 05:30:22.318 T:4090851344 DEBUG: PrepareNextRender: frameOnScreen: 334.917 renderPts: 335.042 nextFramePts: 334.960 -> diff: 0.082 render: 1 forceNext: 0
2021-01-16 05:30:22.319 T:3608322944 DEBUG: CAMLCodec::GetTimeSize: len:24 dl:1011644 fs:1018129 front:6485
2021-01-16 05:30:22.319 T:3608322944 DEBUG: CAMLCodec::GetTimeSize: len:23 dl:1011644 fs:1011644 front:8659
2021-01-16 05:30:22.322 T:4090851344 DEBUG: CAMLCodec::ReleaseFrame idx:702, drop:0
2021-01-16 05:30:22.325 T:3608322944 DEBUG: CAMLCodec::AddData: dl:1017276 sum:1017276 sz:5632 dts:336.169 pts:336.169 overflow:0
2021-01-16 05:30:22.325 T:3608322944 DEBUG: CAMLCodec::GetTimeSize: len:24 dl:1017276 fs:1017276 front:8659
2021-01-16 05:30:22.353 T:4090851344 DEBUG: Previous line repeats 4 times.
2021-01-16 05:30:22.354 T:4090851344 DEBUG: CAMLCodec::PollFrame elapsed:30.458ms
2021-01-16 05:30:22.358 T:4090851344 DEBUG: PrepareNextRender: frameOnScreen: 334.956 renderPts: 335.081 nextFramePts: 335.001 -> diff: 0.080 render: 1 forceNext: 0
2021-01-16 05:30:22.360 T:4090851344 DEBUG: CAMLCodec::ReleaseFrame idx:703, drop:0
2021-01-16 05:30:22.360 T:3608322944 DEBUG: CAMLCodec::GetTimeSize: len:24 dl:1008617 fs:1017276 front:8659
2021-01-16 05:30:22.361 T:3608322944 DEBUG: CAMLCodec::GetTimeSize: len:23 dl:1008617 fs:1008617 front:238834
2021-01-16 05:30:22.361 T:3608322944 DEBUG: CAMLCodec::DequeueBuffer: pts:335.168 idx:707
2021-01-16 05:30:22.361 T:3608322944 DEBUG: CAMLCodec::GetPicture: index: 707, pts: 335.168, dur:42ms ar:1.67
2021-01-16 05:30:22.361 T:3608322944 DEBUG: CVideoPlayerVideo::OutputPicture - ttd:207ms pts:335.168 Clock:334.960 Level:3
2021-01-16 05:30:22.363 T:3608322944 DEBUG: CAMLCodec::GetTimeSize: len:23 dl:1008617 fs:1008617 front:238834
2021-01-16 05:30:22.368 T:3608322944 DEBUG: CAMLCodec::AddData: dl:1014292 sum:1014292 sz:5675 dts:336.211 pts:336.211 overflow:0
2021-01-16 05:30:22.368 T:3608322944 DEBUG: CAMLCodec::GetTimeSize: len:24 dl:1014292 fs:1014292 front:238834
2021-01-16 05:30:22.395 T:4090851344 DEBUG: Previous line repeats 3 times.
2021-01-16 05:30:22.396 T:4090851344 DEBUG: CAMLCodec::PollFrame elapsed:34.018ms
2021-01-16 05:30:22.397 T:3608322944 DEBUG: CAMLCodec::GetTimeSize: len:24 dl:1014292 fs:1014292 front:238834
2021-01-16 05:30:22.397 T:3608322944 DEBUG: CAMLCodec::DequeueBuffer: pts:335.210 idx:708
2021-01-16 05:30:22.398 T:3608322944 DEBUG: CAMLCodec::GetPicture: index: 708, pts: 335.210, dur:42ms ar:1.67
2021-01-16 05:30:22.398 T:3608322944 DEBUG: CVideoPlayerVideo::OutputPicture - ttd:213ms pts:335.210 Clock:334.997 Level:4
2021-01-16 05:30:22.400 T:3608322944 DEBUG: CAMLCodec::GetTimeSize: len:24 dl:1014292 fs:1014292 front:238834
2021-01-16 05:30:22.400 T:4090851344 DEBUG: PrepareNextRender: frameOnScreen: 334.999 renderPts: 335.124 nextFramePts: 335.043 -> diff: 0.081 render: 1 forceNext: 0
2021-01-16 05:30:22.403 T:4090851344 DEBUG: CAMLCodec::ReleaseFrame idx:704, drop:0
2021-01-16 05:30:22.407 T:3608322944 DEBUG: CAMLCodec::GetTimeSize: len:24 dl:775458 fs:1014292 front:238834
2021-01-16 05:30:22.407 T:3608322944 DEBUG: CAMLCodec::GetTimeSize: len:23 dl:775458 fs:775458 front:130763
2021-01-16 05:30:22.412 T:3608322944 DEBUG: CAMLCodec::AddData: dl:783316 sum:783316 sz:7858 dts:336.253 pts:336.294 overflow:0
2021-01-16 05:30:22.413 T:3608322944 DEBUG: CAMLCodec::GetTimeSize: len:24 dl:783316 fs:783316 front:130763
2021-01-16 05:30:22.417 T:3581182848 DEBUG: CVideoPlayer::ProcessVideoData size:77548 dts:343.218 pts:343.468 dur:41.000ms, clock:335.015 level:87
2021-01-16 05:30:22.419 T:3581182848 DEBUG: CVideoPlayer::ProcessVideoData size:25429 dts:343.260 pts:343.385 dur:41.000ms, clock:335.018 level:87
2021-01-16 05:30:22.421 T:3581182848 DEBUG: CVideoPlayer::ProcessVideoData size:7317 dts:343.301 pts:343.301 dur:41.000ms, clock:335.019 level:88
2021-01-16 05:30:22.422 T:3581182848 DEBUG: CVideoPlayer::ProcessVideoData size:5191 dts:343.343 pts:343.343 dur:41.000ms, clock:335.021 level:88
2021-01-16 05:30:22.423 T:3608322944 DEBUG: CAMLCodec::GetTimeSize: len:24 dl:783316 fs:783316 front:130763
2021-01-16 05:30:22.423 T:3581182848 DEBUG: CVideoPlayer::ProcessVideoData size:3695 dts:343.385 pts:343.426 dur:41.000ms, clock:335.022 level:89
2021-01-16 05:30:22.429 T:3608322944 DEBUG: CAMLCodec::GetTimeSize: len:24 dl:783316 fs:783316 front:130763
2021-01-16 05:30:22.436 T:4090851344 DEBUG: CAMLCodec::PollFrame elapsed:31.921ms
2021-01-16 05:30:22.437 T:3608322944 DEBUG: CAMLCodec::GetTimeSize: len:24 dl:783316 fs:783316 front:130763
2021-01-16 05:30:22.438 T:3608322944 DEBUG: CAMLCodec::DequeueBuffer: pts:335.252 idx:709
2021-01-16 05:30:22.439 T:3608322944 DEBUG: CAMLCodec::GetPicture: index: 709, pts: 335.252, dur:42ms ar:1.67
2021-01-16 05:30:22.439 T:3608322944 DEBUG: CVideoPlayerVideo::OutputPicture - ttd:213ms pts:335.252 Clock:335.038 Level:4
2021-01-16 05:30:22.441 T:3608322944 DEBUG: CAMLCodec::GetTimeSize: len:24 dl:783316 fs:783316 front:130763
2021-01-16 05:30:22.442 T:4090851344 DEBUG: PrepareNextRender: frameOnScreen: 335.041 renderPts: 335.166 nextFramePts: 335.085 -> diff: 0.081 render: 1 forceNext: 0
2021-01-16 05:30:22.446 T:4090851344 DEBUG: CAMLCodec::ReleaseFrame idx:705, drop:0
2021-01-16 05:30:22.448 T:3608322944 DEBUG: CAMLCodec::GetTimeSize: len:24 dl:652553 fs:783316 front:130763
2021-01-16 05:30:22.448 T:3608322944 DEBUG: CAMLCodec::GetTimeSize: len:23 dl:652553 fs:652553 front:36951
2021-01-16 05:30:22.453 T:3608322944 DEBUG: CAMLCodec::AddData: dl:656846 sum:656846 sz:4293 dts:336.294 pts:336.336 overflow:0
2021-01-16 05:30:22.453 T:3608322944 DEBUG: CAMLCodec::GetTimeSize: len:24 dl:656846 fs:656846 front:36951
2021-01-16 05:30:22.478 T:4090851344 DEBUG: Previous line repeats 3 times.
2021-01-16 05:30:22.479 T:4090851344 DEBUG: CAMLCodec::PollFrame elapsed:31.569ms
2021-01-16 05:30:22.482 T:3608322944 DEBUG: CAMLCodec::GetTimeSize: len:24 dl:656846 fs:656846 front:36951
2021-01-16 05:30:22.483 T:3608322944 DEBUG: CAMLCodec::DequeueBuffer: pts:335.293 idx:710
2021-01-16 05:30:22.483 T:3608322944 DEBUG: CAMLCodec::GetPicture: index: 710, pts: 335.293, dur:41ms ar:1.67
2021-01-16 05:30:22.484 T:4090851344 DEBUG: PrepareNextRender: frameOnScreen: 335.082 renderPts: 335.207 nextFramePts: 335.126 -> diff: 0.081 render: 1 forceNext: 0
2021-01-16 05:30:22.484 T:3608322944 DEBUG: CVideoPlayerVideo::OutputPicture - ttd:210ms pts:335.293 Clock:335.083 Level:3
2021-01-16 05:30:22.486 T:3608322944 DEBUG: CAMLCodec::GetTimeSize: len:24 dl:619895 fs:656846 front:36951
2021-01-16 05:30:22.486 T:4090851344 DEBUG: CAMLCodec::ReleaseFrame idx:706, drop:0
2021-01-16 05:30:22.486 T:3608322944 DEBUG: CAMLCodec::GetTimeSize: len:23 dl:619895 fs:619895 front:7004
2021-01-16 05:30:22.495 T:3608322944 DEBUG: CAMLCodec::AddData: dl:688028 sum:688028 sz:68133 dts:336.336 pts:336.461 overflow:0
2021-01-16 05:30:22.495 T:3608322944 DEBUG: CAMLCodec::GetTimeSize: len:24 dl:688028 fs:688028 front:7004
2021-01-16 05:30:22.509 T:3581182848 DEBUG: Previous line repeats 2 times.
2021-01-16 05:30:22.510 T:3581182848 DEBUG: CVideoPlayer::ProcessVideoData size:82939 dts:343.426 pts:343.718 dur:41.000ms, clock:335.108 level:88
2021-01-16 05:30:22.511 T:3581182848 DEBUG: CVideoPlayer::ProcessVideoData size:34019 dts:343.468 pts:343.593 dur:41.000ms, clock:335.110 level:89
2021-01-16 05:30:22.511 T:3581182848 DEBUG: CVideoPlayer::ProcessVideoData size:6749 dts:343.510 pts:343.510 dur:41.000ms, clock:335.110 level:89
2021-01-16 05:30:22.512 T:3581182848 DEBUG: CVideoPlayer::ProcessVideoData size:7778 dts:343.552 pts:343.552 dur:41.000ms, clock:335.111 level:90
2021-01-16 05:30:22.513 T:3581182848 DEBUG: CVideoPlayer::ProcessVideoData size:5688 dts:343.593 pts:343.635 dur:41.000ms, clock:335.112 level:90
2021-01-16 05:30:22.513 T:3581182848 DEBUG: CVideoPlayer::ProcessVideoData size:4929 dts:343.635 pts:343.677 dur:41.000ms, clock:335.112 level:91
2021-01-16 05:30:22.516 T:3608322944 DEBUG: CAMLCodec::GetTimeSize: len:24 dl:688028 fs:688028 front:7004
2021-01-16 05:30:22.520 T:4090851344 DEBUG: CAMLCodec::PollFrame elapsed:33.042ms
2021-01-16 05:30:22.524 T:4090851344 DEBUG: PrepareNextRender: frameOnScreen: 335.123 renderPts: 335.248 nextFramePts: 335.168 -> diff: 0.080 render: 1 forceNext: 0
2021-01-16 05:30:22.525 T:3608322944 DEBUG: CAMLCodec::GetTimeSize: len:24 dl:688028 fs:688028 front:7004
2021-01-16 05:30:22.527 T:3608322944 DEBUG: CAMLCodec::DequeueBuffer: pts:335.335 idx:711
2021-01-16 05:30:22.527 T:3608322944 DEBUG: CAMLCodec::GetPicture: index: 711, pts: 335.335, dur:42ms ar:1.67
2021-01-16 05:30:22.528 T:4090851344 DEBUG: CAMLCodec::ReleaseFrame idx:707, drop:0
2021-01-16 05:30:22.529 T:3608322944 DEBUG: CVideoPlayerVideo::OutputPicture - ttd:208ms pts:335.335 Clock:335.127 Level:3
2021-01-16 05:30:22.530 T:3608322944 DEBUG: CAMLCodec::GetTimeSize: len:24 dl:681024 fs:688028 front:7004
2021-01-16 05:30:22.531 T:3608322944 DEBUG: CAMLCodec::GetTimeSize: len:23 dl:681024 fs:681024 front:6699
2021-01-16 05:30:22.536 T:3608322944 DEBUG: CAMLCodec::AddData: dl:684014 sum:684014 sz:2990 dts:336.378 pts:336.419 overflow:0
2021-01-16 05:30:22.536 T:3608322944 DEBUG: CAMLCodec::GetTimeSize: len:24 dl:684014 fs:684014 front:6699
2021-01-16 05:30:22.563 T:4090851344 DEBUG: Previous line repeats 3 times.
2021-01-16 05:30:22.563 T:4090851344 DEBUG: CAMLCodec::PollFrame elapsed:33.818ms
2021-01-16 05:30:22.564 T:3608322944 DEBUG: CAMLCodec::GetTimeSize: len:24 dl:684014 fs:684014 front:6699
2021-01-16 05:30:22.564 T:3608322944 DEBUG: CAMLCodec::DequeueBuffer: pts:335.377 idx:712
2021-01-16 05:30:22.565 T:3608322944 DEBUG: CAMLCodec::GetPicture: index: 712, pts: 335.377, dur:42ms ar:1.67
2021-01-16 05:30:22.566 T:3608322944 DEBUG: CVideoPlayerVideo::OutputPicture - ttd:212ms pts:335.377 Clock:335.164 Level:4
2021-01-16 05:30:22.568 T:3608322944 DEBUG: CAMLCodec::GetTimeSize: len:24 dl:677315 fs:684014 front:6699
2021-01-16 05:30:22.568 T:3608322944 DEBUG: CAMLCodec::GetTimeSize: len:23 dl:677315 fs:677315 front:10087
2021-01-16 05:30:22.569 T:4090851344 DEBUG: PrepareNextRender: frameOnScreen: 335.168 renderPts: 335.293 nextFramePts: 335.210 -> diff: 0.083 render: 1 forceNext: 0
2021-01-16 05:30:22.572 T:4090851344 DEBUG: CAMLCodec::ReleaseFrame idx:708, drop:0
2021-01-16 05:30:22.576 T:3608322944 DEBUG: CAMLCodec::AddData: dl:782664 sum:782664 sz:105349 dts:336.419 pts:336.711 overflow:0
2021-01-16 05:30:22.576 T:3608322944 DEBUG: CAMLCodec::GetTimeSize: len:24 dl:782664 fs:782664 front:10087
2021-01-16 05:30:22.604 T:4090851344 DEBUG: Previous line repeats 4 times.
2021-01-16 05:30:22.605 T:4090851344 DEBUG: CAMLCodec::PollFrame elapsed:32.085ms
2021-01-16 05:30:22.609 T:4090851344 DEBUG: PrepareNextRender: frameOnScreen: 335.208 renderPts: 335.333 nextFramePts: 335.252 -> diff: 0.081 render: 1 forceNext: 0
2021-01-16 05:30:22.611 T:4090851344 DEBUG: CAMLCodec::ReleaseFrame idx:709, drop:0
2021-01-16 05:30:22.611 T:3608322944 DEBUG: CAMLCodec::GetTimeSize: len:24 dl:772577 fs:782664 front:10087
2021-01-16 05:30:22.611 T:3608322944 DEBUG: CAMLCodec::GetTimeSize: len:23 dl:772577 fs:772577 front:9662
2021-01-16 05:30:22.612 T:3608322944 DEBUG: CAMLCodec::DequeueBuffer: pts:335.418 idx:713
2021-01-16 05:30:22.612 T:3608322944 DEBUG: CAMLCodec::GetPicture: index: 713, pts: 335.418, dur:41ms ar:1.67
2021-01-16 05:30:22.612 T:3608322944 DEBUG: CVideoPlayerVideo::OutputPicture - ttd:206ms pts:335.418 Clock:335.211 Level:3
2021-01-16 05:30:22.614 T:3608322944 DEBUG: CAMLCodec::GetTimeSize: len:23 dl:772577 fs:772577 front:9662
2021-01-16 05:30:22.619 T:3608322944 DEBUG: CAMLCodec::AddData: dl:809982 sum:809982 sz:37405 dts:336.461 pts:336.586 overflow:0
2021-01-16 05:30:22.619 T:3608322944 DEBUG: CAMLCodec::GetTimeSize: len:24 dl:809982 fs:809982 front:9662
2021-01-16 05:30:22.645 T:4090851344 DEBUG: Previous line repeats 3 times.
2021-01-16 05:30:22.645 T:4090851344 DEBUG: CAMLCodec::PollFrame elapsed:32.777ms
2021-01-16 05:30:22.647 T:3608322944 DEBUG: CAMLCodec::GetTimeSize: len:24 dl:809982 fs:809982 front:9662
2021-01-16 05:30:22.648 T:3608322944 DEBUG: CAMLCodec::DequeueBuffer: pts:335.460 idx:714
2021-01-16 05:30:22.648 T:4090851344 DEBUG: PrepareNextRender: frameOnScreen: 335.247 renderPts: 335.372 nextFramePts: 335.293 -> diff: 0.079 render: 1 forceNext: 0
2021-01-16 05:30:22.648 T:3608322944 DEBUG: CAMLCodec::GetPicture: index: 714, pts: 335.460, dur:42ms ar:1.67
2021-01-16 05:30:22.649 T:4090851344 DEBUG: CAMLCodec::ReleaseFrame idx:710, drop:0
2021-01-16 05:30:22.649 T:3608322944 DEBUG: CVideoPlayerVideo::OutputPicture - ttd:212ms pts:335.460 Clock:335.248 Level:3
2021-01-16 05:30:22.650 T:3608322944 DEBUG: CAMLCodec::GetTimeSize: len:24 dl:809982 fs:809982 front:9662
2021-01-16 05:30:22.657 T:3608322944 DEBUG: CAMLCodec::GetTimeSize: len:24 dl:800320 fs:809982 front:9662
2021-01-16 05:30:22.657 T:3608322944 DEBUG: CAMLCodec::GetTimeSize: len:23 dl:800320 fs:800320 front:144930
2021-01-16 05:30:22.663 T:3608322944 DEBUG: CAMLCodec::AddData: dl:805052 sum:805052 sz:4732 dts:336.503 pts:336.503 overflow:0
2021-01-16 05:30:22.663 T:3608322944 DEBUG: CAMLCodec::GetTimeSize: len:24 dl:805052 fs:805052 front:144930
2021-01-16 05:30:22.687 T:4090851344 DEBUG: Previous line repeats 3 times.
2021-01-16 05:30:22.687 T:4090851344 DEBUG: CAMLCodec::PollFrame elapsed:37.509ms
2021-01-16 05:30:22.691 T:3608322944 DEBUG: CAMLCodec::GetTimeSize: len:24 dl:805052 fs:805052 front:144930
2021-01-16 05:30:22.693 T:4090851344 DEBUG: PrepareNextRender: frameOnScreen: 335.291 renderPts: 335.416 nextFramePts: 335.335 -> diff: 0.081 render: 1 forceNext: 0
2021-01-16 05:30:22.694 T:3608322944 DEBUG: CAMLCodec::DequeueBuffer: pts:335.502 idx:715
2021-01-16 05:30:22.694 T:4090851344 DEBUG: CAMLCodec::ReleaseFrame idx:711, drop:0
2021-01-16 05:30:22.695 T:3608322944 DEBUG: CAMLCodec::GetPicture: index: 715, pts: 335.502, dur:42ms ar:1.67
2021-01-16 05:30:22.695 T:3608322944 DEBUG: CVideoPlayerVideo::OutputPicture - ttd:208ms pts:335.502 Clock:335.294 Level:3
2021-01-16 05:30:22.696 T:3608322944 DEBUG: CAMLCodec::GetTimeSize: len:24 dl:660122 fs:805052 front:144930
2021-01-16 05:30:22.696 T:3608322944 DEBUG: CAMLCodec::GetTimeSize: len:23 dl:660122 fs:660122 front:62056
2021-01-16 05:30:22.702 T:3608322944 DEBUG: CAMLCodec::AddData: dl:666072 sum:666072 sz:5950 dts:336.545 pts:336.545 overflow:0
2021-01-16 05:30:22.702 T:3608322944 DEBUG: CAMLCodec::GetTimeSize: len:24 dl:666072 fs:666072 front:62056
2021-01-16 05:30:22.729 T:4090851344 DEBUG: Previous line repeats 3 times.
2021-01-16 05:30:22.730 T:4090851344 DEBUG: CAMLCodec::PollFrame elapsed:34.338ms
2021-01-16 05:30:22.731 T:3608322944 DEBUG: CAMLCodec::GetTimeSize: len:24 dl:666072 fs:666072 front:62056
2021-01-16 05:30:22.732 T:3608322944 DEBUG: CAMLCodec::DequeueBuffer: pts:335.544 idx:716
2021-01-16 05:30:22.732 T:3608322944 DEBUG: CAMLCodec::GetPicture: index: 716, pts: 335.544, dur:42ms ar:1.67
2021-01-16 05:30:22.733 T:3608322944 DEBUG: CVideoPlayerVideo::OutputPicture - ttd:212ms pts:335.544 Clock:335.332 Level:4
2021-01-16 05:30:22.734 T:4090851344 DEBUG: PrepareNextRender: frameOnScreen: 335.333 renderPts: 335.458 nextFramePts: 335.377 -> diff: 0.081 render: 1 forceNext: 0
2021-01-16 05:30:22.735 T:3608322944 DEBUG: CAMLCodec::GetTimeSize: len:24 dl:604016 fs:666072 front:62056
2021-01-16 05:30:22.735 T:4090851344 DEBUG: CAMLCodec::ReleaseFrame idx:712, drop:0
2021-01-16 05:30:22.736 T:3608322944 DEBUG: CAMLCodec::GetTimeSize: len:23 dl:604016 fs:604016 front:9528
2021-01-16 05:30:22.741 T:3608322944 DEBUG: CAMLCodec::AddData: dl:609407 sum:609407 sz:5391 dts:336.586 pts:336.628 overflow:0
2021-01-16 05:30:22.741 T:3608322944 DEBUG: CAMLCodec::GetTimeSize: len:24 dl:609407 fs:609407 front:9528
2021-01-16 05:30:22.768 T:3581182848 DEBUG: Previous line repeats 3 times.
2021-01-16 05:30:22.769 T:3581182848 DEBUG: CVideoPlayer::ProcessVideoData size:83027 dts:343.677 pts:343.969 dur:41.000ms, clock:335.367 level:88
2021-01-16 05:30:23.404 T:4090851344 DEBUG: CAMLCodec::PollFrame elapsed:33.895ms
2021-01-16 05:30:23.405 T:3608322944 DEBUG: CAMLCodec::GetTimeSize: len:24 dl:609407 fs:609407 front:9528
2021-01-16 05:30:23.406 T:3978576768 DEBUG: Thread JobWorker 3978576768 terminating (autodelete)
2021-01-16 05:30:23.406 T:3581182848 DEBUG: CVideoPlayer::ProcessVideoData size:40223 dts:343.718 pts:343.843 dur:41.000ms, clock:336.005 level:89
2021-01-16 05:30:23.408 T:3581182848 DEBUG: CVideoPlayer::ProcessVideoData size:6997 dts:343.760 pts:343.760 dur:41.000ms, clock:336.007 level:89
2021-01-16 05:30:23.408 T:3608322944 DEBUG: CAMLCodec::DequeueBuffer: pts:335.585 idx:717
2021-01-16 05:30:23.409 T:3581182848 DEBUG: CVideoPlayer::ProcessVideoData size:7890 dts:343.802 pts:343.802 dur:41.000ms, clock:336.008 level:90
2021-01-16 05:30:23.409 T:3608322944 DEBUG: CAMLCodec::GetPicture: index: 717, pts: 335.585, dur:41ms ar:1.67
2021-01-16 05:30:23.410 T:3581182848 DEBUG: CVideoPlayer::ProcessVideoData size:5228 dts:343.843 pts:343.885 dur:41.000ms, clock:336.009 level:90
2021-01-16 05:30:23.411 T:4090851344 DEBUG: PrepareNextRender: frameOnScreen: 336.009 renderPts: 336.134 nextFramePts: 335.418 -> diff: 0.716 render: 1 forceNext: 0
2021-01-16 05:30:23.411 T:4090851344 DEBUG: CAMLCodec::ReleaseFrame idx:713, drop:1
2021-01-16 05:30:23.411 T:3581182848 DEBUG: CVideoPlayer::ProcessVideoData size:5429 dts:343.885 pts:343.927 dur:41.000ms, clock:336.010 level:91
2021-01-16 05:30:23.412 T:4090851344 DEBUG: CAMLCodec::ReleaseFrame idx:714, drop:1
2021-01-16 05:30:23.412 T:4090851344 DEBUG: CAMLCodec::ReleaseFrame idx:715, drop:1
2021-01-16 05:30:23.414 T:3608322944 DEBUG: CVideoPlayerVideo::OutputPicture - ttd:-423ms pts:335.585 Clock:336.009 Level:0
2021-01-16 05:30:23.415 T:3608322944 DEBUG: CAMLCodec::GetTimeSize: len:24 dl:587811 fs:609407 front:9528
2021-01-16 05:30:23.415 T:3608322944 DEBUG: CAMLCodec::GetTimeSize: len:23 dl:587811 fs:599879 front:12068
2021-01-16 05:30:23.416 T:3608322944 DEBUG: CAMLCodec::GetTimeSize: len:22 dl:587811 fs:587811 front:11744
2021-01-16 05:30:23.416 T:4090851344 DEBUG: CAMLCodec::ReleaseFrame idx:716, drop:0
2021-01-16 05:30:23.416 T:3608322944 DEBUG: CAMLCodec::DequeueBuffer: pts:335.627 idx:718
2021-01-16 05:30:23.416 T:3608322944 DEBUG: CAMLCodec::GetPicture: index: 718, pts: 335.627, dur:42ms ar:1.67
2021-01-16 05:30:23.416 T:4090851344 DEBUG: CAMLCodec::PollFrame elapsed:0.016ms
2021-01-16 05:30:23.417 T:3608322944 DEBUG: CVideoPlayerVideo::OutputPicture - ttd:-387ms pts:335.627 Clock:336.015 Level:1
2021-01-16 05:30:23.418 T:3608322944 DEBUG: CAMLCodec::GetTimeSize: len:22 dl:587811 fs:587811 front:11744
2021-01-16 05:30:23.419 T:4090851344 DEBUG: PrepareNextRender: frameOnScreen: 336.017 renderPts: 336.142 nextFramePts: 335.585 -> diff: 0.557 render: 1 forceNext: 0
2021-01-16 05:30:23.419 T:4090851344 DEBUG: CAMLCodec::ReleaseFrame idx:717, drop:1
2021-01-16 05:30:23.421 T:4090851344 DEBUG: CAMLCodec::ReleaseFrame idx:718, drop:0
2021-01-16 05:30:23.424 T:3608322944 DEBUG: CVideoPlayerVideo::CalcDropRequirement - hurry: 0
2021-01-16 05:30:23.424 T:3581182848 DEBUG: CVideoPlayer::ProcessVideoData size:85228 dts:343.927 pts:344.261 dur:41.000ms, clock:336.023 level:91
2021-01-16 05:30:23.424 T:3608322944 DEBUG: SetCodecControl 0->4000000
2021-01-16 05:30:23.425 T:3608322944 DEBUG: CAMLCodec::AddData: dl:592767 sum:592767 sz:4956 dts:336.628 pts:336.670 overflow:0
2021-01-16 05:30:23.425 T:3608322944 DEBUG: CAMLCodec::GetTimeSize: len:23 dl:592767 fs:592767 front:11744
2021-01-16 05:30:23.425 T:3581182848 DEBUG: CVideoPlayer::ProcessVideoData size:20894 dts:343.969 pts:344.135 dur:41.000ms, clock:336.024 level:91
2021-01-16 05:30:23.425 T:3581182848 DEBUG: CVideoPlayer::ProcessVideoData size:8907 dts:344.010 pts:344.010 dur:41.000ms, clock:336.024 level:92
2021-01-16 05:30:23.426 T:3581182848 DEBUG: CVideoPlayer::ProcessVideoData size:10316 dts:344.052 pts:344.052 dur:41.000ms, clock:336.025 level:92
2021-01-16 05:30:23.426 T:3581182848 DEBUG: CVideoPlayer::ProcessVideoData size:10481 dts:344.094 pts:344.094 dur:41.000ms, clock:336.025 level:93
2021-01-16 05:30:23.427 T:3581182848 DEBUG: CVideoPlayer::ProcessVideoData size:9960 dts:344.135 pts:344.177 dur:41.000ms, clock:336.026 level:93
2021-01-16 05:30:23.427 T:3581182848 DEBUG: CVideoPlayer::ProcessVideoData size:11067 dts:344.177 pts:344.219 dur:41.000ms, clock:336.026 level:94
2021-01-16 05:30:23.429 T:3581182848 DEBUG: CVideoPlayer::ProcessVideoData size:77287 dts:344.219 pts:344.511 dur:41.000ms, clock:336.028 level:94
2021-01-16 05:30:23.430 T:3581182848 DEBUG: CVideoPlayer::ProcessVideoData size:30481 dts:344.261 pts:344.386 dur:41.000ms, clock:336.029 level:95
2021-01-16 05:30:23.430 T:3608322944 DEBUG: CVideoPlayerVideo::CalcDropRequirement - hurry: 0
2021-01-16 05:30:23.431 T:3581182848 DEBUG: CVideoPlayer::ProcessVideoData size:8010 dts:344.302 pts:344.302 dur:41.000ms, clock:336.030 level:95
2021-01-16 05:30:23.432 T:3581182848 DEBUG: CVideoPlayer::ProcessVideoData size:5978 dts:344.344 pts:344.344 dur:41.000ms, clock:336.031 level:95
2021-01-16 05:30:23.432 T:3581182848 DEBUG: CVideoPlayer::ProcessVideoData size:6827 dts:344.386 pts:344.427 dur:41.000ms, clock:336.031 level:96
2021-01-16 05:30:23.433 T:3581182848 DEBUG: CVideoPlayer::ProcessVideoData size:6477 dts:344.427 pts:344.469 dur:41.000ms, clock:336.032 level:96
2021-01-16 05:30:23.433 T:3608322944 DEBUG: CAMLCodec::AddData: dl:698451 sum:698451 sz:105684 dts:336.670 pts:336.962 overflow:0
2021-01-16 05:30:23.433 T:3608322944 DEBUG: CAMLCodec::GetTimeSize: len:24 dl:698451 fs:698451 front:11744
2021-01-16 05:30:23.437 T:4090851344 DEBUG: CAMLCodec::PollFrame elapsed:15.324ms
2021-01-16 05:30:23.441 T:3608322944 DEBUG: CAMLCodec::GetTimeSize: len:24 dl:698451 fs:698451 front:11744
2021-01-16 05:30:23.441 T:3608322944 DEBUG: CAMLCodec::DequeueBuffer: pts:335.669 idx:719
2021-01-16 05:30:23.442 T:3608322944 DEBUG: CAMLCodec::GetPicture: index: 719, pts: 335.669, dur:42ms ar:1.67
2021-01-16 05:30:23.443 T:3608322944 DEBUG: CVideoPlayerVideo::OutputPicture - ttd:-372ms pts:335.669 Clock:336.042 Level:0
2021-01-16 05:30:23.445 T:3608322944 DEBUG: CAMLCodec::GetTimeSize: len:24 dl:686707 fs:698451 front:11744
2021-01-16 05:30:23.445 T:3608322944 DEBUG: CAMLCodec::GetTimeSize: len:23 dl:686707 fs:686707 front:11844
2021-01-16 05:30:23.445 T:3608322944 DEBUG: CAMLCodec::DequeueBuffer: pts:335.710 idx:720
2021-01-16 05:30:23.446 T:3608322944 DEBUG: CAMLCodec::GetPicture: index: 720, pts: 335.710, dur:41ms ar:1.67
2021-01-16 05:30:23.446 T:3608322944 DEBUG: CVideoPlayerVideo::OutputPicture - ttd:-334ms pts:335.710 Clock:336.045 Level:1
2021-01-16 05:30:23.447 T:3608322944 DEBUG: CAMLCodec::GetTimeSize: len:23 dl:686707 fs:686707 front:11844
2021-01-16 05:30:23.453 T:3608322944 DEBUG: SetCodecControl 4000000->0
2021-01-16 05:30:23.455 T:3608322944 DEBUG: CAMLCodec::AddData: dl:715812 sum:727656 sz:40949 dts:336.711 pts:336.836 overflow:0
2021-01-16 05:30:23.455 T:3608322944 DEBUG: CAMLCodec::GetTimeSize: len:24 dl:612039 fs:727656 front:11844
2021-01-16 05:30:23.455 T:3608322944 DEBUG: CAMLCodec::GetTimeSize: len:23 dl:612039 fs:715812 front:103773
2021-01-16 05:30:23.455 T:3608322944 DEBUG: CAMLCodec::GetTimeSize: len:22 dl:612039 fs:612039 front:21102
2021-01-16 05:30:23.455 T:3608322944 DEBUG: CAMLCodec::DequeueBuffer: pts:335.752 idx:721
2021-01-16 05:30:23.456 T:3608322944 DEBUG: CAMLCodec::GetPicture: index: 721, pts: 335.752, dur:42ms ar:1.67
2021-01-16 05:30:23.456 T:3608322944 DEBUG: CVideoPlayerVideo::OutputPicture - ttd:-302ms pts:335.752 Clock:336.055 Level:2
2021-01-16 05:30:23.457 T:3608322944 DEBUG: CAMLCodec::GetTimeSize: len:22 dl:612039 fs:612039 front:21102
2021-01-16 05:30:23.458 T:3608322944 DEBUG: CAMLCodec::DequeueBuffer: pts:335.794 idx:722
2021-01-16 05:30:23.458 T:3608322944 DEBUG: CAMLCodec::GetPicture: index: 722, pts: 335.794, dur:42ms ar:1.67
2021-01-16 05:30:23.458 T:3608322944 DEBUG: CVideoPlayerVideo::OutputPicture - ttd:-263ms pts:335.794 Clock:336.057 Level:3
2021-01-16 05:30:23.460 T:3608322944 DEBUG: CAMLCodec::GetTimeSize: len:22 dl:612039 fs:612039 front:21102
2021-01-16 05:30:23.465 T:3608322944 DEBUG: CAMLCodec::AddData: dl:585269 sum:617010 sz:4971 dts:336.753 pts:336.753 overflow:0
2021-01-16 05:30:23.465 T:3608322944 DEBUG: CAMLCodec::GetTimeSize: len:23 dl:585269 fs:617010 front:21102
2021-01-16 05:30:23.465 T:3608322944 DEBUG: CAMLCodec::GetTimeSize: len:22 dl:585269 fs:595908 front:10639
2021-01-16 05:30:23.466 T:3608322944 DEBUG: CAMLCodec::GetTimeSize: len:21 dl:585269 fs:585269 front:12936
2021-01-16 05:30:23.466 T:3608322944 DEBUG: CAMLCodec::DequeueBuffer: pts:335.835 idx:723
2021-01-16 05:30:23.466 T:3608322944 DEBUG: CAMLCodec::GetPicture: index: 723, pts: 335.835, dur:41ms ar:1.67
2021-01-16 05:30:23.466 T:3608322944 DEBUG: CVideoPlayerVideo::OutputPicture - ttd:-230ms pts:335.835 Clock:336.065 Level:4
2021-01-16 05:30:23.468 T:3608322944 DEBUG: CAMLCodec::GetTimeSize: len:21 dl:585269 fs:585269 front:12936
2021-01-16 05:30:23.473 T:3608322944 DEBUG: CAMLCodec::AddData: dl:590707 sum:590707 sz:5438 dts:336.795 pts:336.795 overflow:0
2021-01-16 05:30:23.473 T:3608322944 DEBUG: CAMLCodec::GetTimeSize: len:22 dl:590707 fs:590707 front:12936
2021-01-16 05:30:23.479 T:3608322944 DEBUG: CAMLCodec::AddData: dl:594904 sum:594904 sz:4197 dts:336.836 pts:336.878 overflow:0
2021-01-16 05:30:23.479 T:3608322944 DEBUG: CAMLCodec::GetTimeSize: len:23 dl:594904 fs:594904 front:12936
2021-01-16 05:30:23.479 T:4090851344 DEBUG: CAMLCodec::PollFrame elapsed:35.793ms
2021-01-16 05:30:23.485 T:4090851344 DEBUG: PrepareNextRender: frameOnScreen: 336.083 renderPts: 336.208 nextFramePts: 335.669 -> diff: 0.539 render: 1 forceNext: 0
2021-01-16 05:30:23.485 T:4090851344 DEBUG: CAMLCodec::ReleaseFrame idx:719, drop:1
2021-01-16 05:30:23.486 T:4090851344 DEBUG: CAMLCodec::ReleaseFrame idx:720, drop:1
2021-01-16 05:30:23.486 T:4090851344 DEBUG: CAMLCodec::ReleaseFrame idx:721, drop:1
2021-01-16 05:30:23.486 T:4090851344 DEBUG: CAMLCodec::ReleaseFrame idx:722, drop:1
2021-01-16 05:30:23.487 T:3608322944 DEBUG: CVideoPlayerVideo::CalcDropRequirement - hurry: 0
2021-01-16 05:30:23.487 T:3608322944 DEBUG: SetCodecControl 0->14000000
2021-01-16 05:30:23.487 T:3608322944 DEBUG: CAMLCodec::AddData: dl:586867 sum:599803 sz:4899 dts:336.878 pts:336.920 overflow:0
2021-01-16 05:30:23.488 T:3608322944 DEBUG: CAMLCodec::GetTimeSize: len:24 dl:586867 fs:599803 front:12936
2021-01-16 05:30:23.488 T:3608322944 DEBUG: CAMLCodec::GetTimeSize: len:23 dl:586867 fs:586867 front:14014
2021-01-16 05:30:23.488 T:3608322944 DEBUG: CAMLCodec::DequeueBuffer: pts:335.877 idx:724
2021-01-16 05:30:23.489 T:3608322944 DEBUG: CAMLCodec::GetPicture: index: 724, pts: 335.877, dur:42ms ar:1.67
2021-01-16 05:30:23.489 T:4090851344 DEBUG: CAMLCodec::ReleaseFrame idx:723, drop:0
2021-01-16 05:30:23.489 T:3608322944 DEBUG: CVideoPlayerVideo::OutputPicture - ttd:-211ms pts:335.877 Clock:336.088 Level:0
2021-01-16 05:30:23.491 T:3608322944 DEBUG: CAMLCodec::GetTimeSize: len:23 dl:586867 fs:586867 front:14014
2021-01-16 05:30:23.496 T:3608322944 DEBUG: CVideoPlayerVideo::CalcDropRequirement - hurry: 1
2021-01-16 05:30:23.499 T:3608322944 DEBUG: CAMLCodec::AddData: dl:687531 sum:687531 sz:100664 dts:336.920 pts:337.254 overflow:0
2021-01-16 05:30:23.499 T:3608322944 DEBUG: CAMLCodec::GetTimeSize: len:24 dl:687531 fs:687531 front:14014
2021-01-16 05:30:23.522 T:4090851344 DEBUG: Previous line repeats 3 times.
2021-01-16 05:30:23.522 T:4090851344 DEBUG: CAMLCodec::PollFrame elapsed:31.985ms
2021-01-16 05:30:23.527 T:3608322944 DEBUG: CAMLCodec::GetTimeSize: len:24 dl:673517 fs:687531 front:14014
2021-01-16 05:30:23.528 T:3608322944 DEBUG: CAMLCodec::GetTimeSize: len:23 dl:673517 fs:673517 front:8829
2021-01-16 05:30:23.528 T:4090851344 DEBUG: PrepareNextRender: frameOnScreen: 336.127 renderPts: 336.252 nextFramePts: 335.877 -> diff: 0.375 render: 1 forceNext: 0
2021-01-16 05:30:23.529 T:3608322944 DEBUG: CAMLCodec::DequeueBuffer: pts:335.919 idx:725
2021-01-16 05:30:23.530 T:3608322944 DEBUG: CAMLCodec::GetPicture: index: 725, pts: 335.919, dur:42ms ar:1.67
2021-01-16 05:30:23.531 T:3608322944 DEBUG: CVideoPlayerVideo::OutputPicture - ttd:-210ms pts:335.919 Clock:336.129 Level:0
2021-01-16 05:30:23.532 T:4090851344 DEBUG: CAMLCodec::ReleaseFrame idx:724, drop:0
2021-01-16 05:30:23.533 T:3608322944 DEBUG: CAMLCodec::GetTimeSize: len:23 dl:673517 fs:673517 front:8829
2021-01-16 05:30:23.534 T:3608322944 DEBUG: CAMLCodec::DequeueBuffer: pts:335.961 idx:726
2021-01-16 05:30:23.536 T:3608322944 DEBUG: CAMLCodec::GetPicture: index: 726, pts: 335.961, dur:42ms ar:1.67
2021-01-16 05:30:23.537 T:3608322944 DEBUG: CVideoPlayerVideo::OutputPicture - ttd:-174ms pts:335.961 Clock:336.135 Level:1
2021-01-16 05:30:23.538 T:3608322944 DEBUG: CAMLCodec::GetTimeSize: len:23 dl:664688 fs:673517 front:8829
2021-01-16 05:30:23.539 T:3608322944 DEBUG: CAMLCodec::GetTimeSize: len:22 dl:664688 fs:664688 front:6849
2021-01-16 05:30:23.539 T:3608322944 DEBUG: CAMLCodec::DequeueBuffer: pts:336.002 idx:727
2021-01-16 05:30:23.539 T:3608322944 DEBUG: CAMLCodec::GetPicture: index: 727, pts: 336.002, dur:41ms ar:1.67
2021-01-16 05:30:23.540 T:3608322944 DEBUG: CVideoPlayerVideo::OutputPicture - ttd:-136ms pts:336.002 Clock:336.139 Level:2
2021-01-16 05:30:23.541 T:3608322944 DEBUG: CAMLCodec::GetTimeSize: len:22 dl:657839 fs:664688 front:6849
2021-01-16 05:30:23.542 T:3608322944 DEBUG: CAMLCodec::GetTimeSize: len:21 dl:657839 fs:657839 front:99316
2021-01-16 05:30:23.542 T:3608322944 DEBUG: CAMLCodec::DequeueBuffer: pts:336.044 idx:728
2021-01-16 05:30:23.543 T:3608322944 DEBUG: CAMLCodec::GetPicture: index: 728, pts: 336.044, dur:42ms ar:1.67
2021-01-16 05:30:23.544 T:3608322944 DEBUG: CVideoPlayerVideo::OutputPicture - ttd:-98ms pts:336.044 Clock:336.142 Level:3
2021-01-16 05:30:23.545 T:3608322944 DEBUG: CAMLCodec::GetTimeSize: len:21 dl:657839 fs:657839 front:99316
2021-01-16 05:30:23.550 T:3608322944 DEBUG: SetCodecControl 14000000->10000000
2021-01-16 05:30:23.551 T:3608322944 DEBUG: CAMLCodec::AddData: dl:575328 sum:674644 sz:16805 dts:336.962 pts:337.128 overflow:0
2021-01-16 05:30:23.551 T:3608322944 DEBUG: CAMLCodec::GetTimeSize: len:22 dl:575328 fs:674644 front:99316
2021-01-16 05:30:23.551 T:3608322944 DEBUG: CAMLCodec::GetTimeSize: len:21 dl:575328 fs:575328 front:33357
2021-01-16 05:30:23.556 T:3608322944 DEBUG: CAMLCodec::AddData: dl:581190 sum:581190 sz:5862 dts:337.003 pts:337.003 overflow:0
2021-01-16 05:30:23.556 T:3608322944 DEBUG: CAMLCodec::GetTimeSize: len:22 dl:581190 fs:581190 front:33357
2021-01-16 05:30:23.562 T:3608322944 DEBUG: CAMLCodec::AddData: dl:589131 sum:589131 sz:7941 dts:337.045 pts:337.045 overflow:0
2021-01-16 05:30:23.562 T:3608322944 DEBUG: CAMLCodec::GetTimeSize: len:23 dl:589131 fs:589131 front:33357
2021-01-16 05:30:23.562 T:4090851344 DEBUG: CAMLCodec::PollFrame elapsed:27.363ms
2021-01-16 05:30:23.567 T:4090851344 DEBUG: PrepareNextRender: frameOnScreen: 336.165 renderPts: 336.290 nextFramePts: 335.919 -> diff: 0.371 render: 1 forceNext: 0
2021-01-16 05:30:23.567 T:4090851344 DEBUG: CAMLCodec::ReleaseFrame idx:725, drop:1
2021-01-16 05:30:23.568 T:4090851344 DEBUG: CAMLCodec::ReleaseFrame idx:726, drop:1
2021-01-16 05:30:23.568 T:4090851344 DEBUG: CAMLCodec::ReleaseFrame idx:727, drop:1
2021-01-16 05:30:23.569 T:3608322944 DEBUG: CVideoPlayerVideo::CalcDropRequirement - hurry: 0
2021-01-16 05:30:23.569 T:3608322944 DEBUG: SetCodecControl 10000000->14000000
2021-01-16 05:30:23.570 T:3608322944 DEBUG: CAMLCodec::AddData: dl:598344 sum:598344 sz:9213 dts:337.087 pts:337.087 overflow:0
2021-01-16 05:30:23.570 T:3608322944 DEBUG: CAMLCodec::GetTimeSize: len:24 dl:598344 fs:598344 front:33357
2021-01-16 05:30:23.571 T:3608322944 DEBUG: CAMLCodec::DequeueBuffer: pts:336.086 idx:729
2021-01-16 05:30:23.571 T:3608322944 DEBUG: CAMLCodec::GetPicture: index: 729, pts: 336.086, dur:42ms ar:1.67
2021-01-16 05:30:23.571 T:3608322944 DEBUG: CVideoPlayerVideo::OutputPicture - ttd:-84ms pts:336.086 Clock:336.170 Level:0
2021-01-16 05:30:23.572 T:4090851344 DEBUG: CAMLCodec::ReleaseFrame idx:728, drop:0
2021-01-16 05:30:23.573 T:3608322944 DEBUG: CAMLCodec::GetTimeSize: len:24 dl:564987 fs:598344 front:33357
2021-01-16 05:30:23.573 T:3608322944 DEBUG: CAMLCodec::GetTimeSize: len:23 dl:564987 fs:564987 front:5632
2021-01-16 05:30:23.578 T:3608322944 DEBUG: CVideoPlayerVideo::CalcDropRequirement - hurry: 1
2021-01-16 05:30:23.579 T:3608322944 DEBUG: CAMLCodec::AddData: dl:572643 sum:572643 sz:7656 dts:337.128 pts:337.170 overflow:0
2021-01-16 05:30:23.579 T:3608322944 DEBUG: CAMLCodec::GetTimeSize: len:24 dl:572643 fs:572643 front:5632
2021-01-16 05:30:23.604 T:4090851344 DEBUG: Previous line repeats 3 times.
2021-01-16 05:30:23.604 T:4090851344 DEBUG: CAMLCodec::PollFrame elapsed:31.970ms
2021-01-16 05:30:23.605 T:3608322944 DEBUG: CAMLCodec::GetTimeSize: len:24 dl:572643 fs:572643 front:5632
2021-01-16 05:30:23.608 T:4090851344 DEBUG: PrepareNextRender: frameOnScreen: 336.207 renderPts: 336.332 nextFramePts: 336.086 -> diff: 0.246 render: 1 forceNext: 0
2021-01-16 05:30:23.611 T:4090851344 DEBUG: CAMLCodec::ReleaseFrame idx:729, drop:0
2021-01-16 05:30:23.613 T:3608322944 DEBUG: CAMLCodec::GetTimeSize: len:24 dl:567011 fs:572643 front:5632
2021-01-16 05:30:23.613 T:3608322944 DEBUG: CAMLCodec::GetTimeSize: len:23 dl:567011 fs:567011 front:5675
2021-01-16 05:30:23.614 T:3608322944 DEBUG: CAMLCodec::DequeueBuffer: pts:336.127 idx:730
2021-01-16 05:30:23.614 T:3608322944 DEBUG: CAMLCodec::GetPicture: index: 730, pts: 336.127, dur:41ms ar:1.67
2021-01-16 05:30:23.615 T:3608322944 DEBUG: CVideoPlayerVideo::OutputPicture - ttd:-86ms pts:336.127 Clock:336.213 Level:0
2021-01-16 05:30:23.616 T:3608322944 DEBUG: CAMLCodec::GetTimeSize: len:23 dl:567011 fs:567011 front:5675
2021-01-16 05:30:23.617 T:3608322944 DEBUG: CAMLCodec::DequeueBuffer: pts:336.169 idx:731
2021-01-16 05:30:23.617 T:3608322944 DEBUG: CAMLCodec::GetPicture: index: 731, pts: 336.169, dur:42ms ar:1.67
2021-01-16 05:30:23.617 T:3608322944 DEBUG: CVideoPlayerVideo::OutputPicture - ttd:-47ms pts:336.169 Clock:336.216 Level:1
2021-01-16 05:30:23.619 T:3608322944 DEBUG: CAMLCodec::GetTimeSize: len:23 dl:561336 fs:567011 front:5675
2021-01-16 05:30:23.619 T:3608322944 DEBUG: CAMLCodec::GetTimeSize: len:22 dl:561336 fs:561336 front:7858
2021-01-16 05:30:23.620 T:3608322944 DEBUG: CAMLCodec::DequeueBuffer: pts:336.211 idx:732
2021-01-16 05:30:23.620 T:3608322944 DEBUG: CAMLCodec::GetPicture: index: 732, pts: 336.211, dur:42ms ar:1.67
2021-01-16 05:30:23.620 T:3608322944 DEBUG: CVideoPlayerVideo::OutputPicture - ttd:-7ms pts:336.211 Clock:336.219 Level:2
2021-01-16 05:30:23.621 T:3608322944 DEBUG: CAMLCodec::GetTimeSize: len:22 dl:561336 fs:561336 front:7858
2021-01-16 05:30:23.627 T:3608322944 DEBUG: SetCodecControl 14000000->10000000
2021-01-16 05:30:23.627 T:3608322944 DEBUG: CAMLCodec::AddData: dl:557162 sum:569313 sz:7977 dts:337.170 pts:337.212 overflow:0
2021-01-16 05:30:23.627 T:3608322944 DEBUG: CAMLCodec::GetTimeSize: len:23 dl:557162 fs:569313 front:7858
2021-01-16 05:30:23.627 T:3608322944 DEBUG: CAMLCodec::GetTimeSize: len:22 dl:557162 fs:561455 front:4293
2021-01-16 05:30:23.627 T:3608322944 DEBUG: CAMLCodec::GetTimeSize: len:21 dl:557162 fs:557162 front:68133
2021-01-16 05:30:23.628 T:3608322944 DEBUG: CAMLCodec::DequeueBuffer: pts:336.253 idx:733
2021-01-16 05:30:23.628 T:3608322944 DEBUG: CAMLCodec::GetPicture: index: 733, pts: 336.253, dur:42ms ar:1.67
2021-01-16 05:30:23.628 T:3608322944 DEBUG: CVideoPlayerVideo::OutputPicture - ttd:26ms pts:336.253 Clock:336.227 Level:3
2021-01-16 05:30:23.629 T:3608322944 DEBUG: CAMLCodec::GetTimeSize: len:21 dl:557162 fs:557162 front:68133
2021-01-16 05:30:23.637 T:3608322944 DEBUG: CAMLCodec::AddData: dl:653739 sum:653739 sz:96577 dts:337.212 pts:337.546 overflow:0
2021-01-16 05:30:23.637 T:3608322944 DEBUG: CAMLCodec::GetTimeSize: len:22 dl:653739 fs:653739 front:68133
2021-01-16 05:30:23.642 T:3608322944 DEBUG: CAMLCodec::AddData: dl:667855 sum:667855 sz:14116 dts:337.254 pts:337.420 overflow:0
2021-01-16 05:30:23.643 T:3608322944 DEBUG: CAMLCodec::GetTimeSize: len:23 dl:667855 fs:667855 front:68133
2021-01-16 05:30:23.646 T:4090851344 DEBUG: CAMLCodec::PollFrame elapsed:32.811ms
2021-01-16 05:30:23.649 T:3608322944 DEBUG: CAMLCodec::AddData: dl:675181 sum:675181 sz:7326 dts:337.295 pts:337.295 overflow:0
2021-01-16 05:30:23.649 T:3608322944 DEBUG: CAMLCodec::GetTimeSize: len:24 dl:675181 fs:675181 front:68133
2021-01-16 05:30:23.650 T:3608322944 DEBUG: CAMLCodec::DequeueBuffer: pts:336.294 idx:734
2021-01-16 05:30:23.650 T:4090851344 DEBUG: PrepareNextRender: frameOnScreen: 336.249 renderPts: 336.374 nextFramePts: 336.127 -> diff: 0.247 render: 1 forceNext: 0
2021-01-16 05:30:23.651 T:3608322944 DEBUG: CAMLCodec::GetPicture: index: 734, pts: 336.294, dur:41ms ar:1.67
2021-01-16 05:30:23.651 T:4090851344 DEBUG: CAMLCodec::ReleaseFrame idx:730, drop:1
2021-01-16 05:30:23.652 T:4090851344 DEBUG: CAMLCodec::ReleaseFrame idx:731, drop:1
2021-01-16 05:30:23.652 T:4090851344 DEBUG: CAMLCodec::ReleaseFrame idx:732, drop:1
2021-01-16 05:30:23.653 T:3608322944 DEBUG: CVideoPlayerVideo::OutputPicture - ttd:44ms pts:336.294 Clock:336.250 Level:0
2021-01-16 05:30:23.655 T:4090851344 DEBUG: CAMLCodec::ReleaseFrame idx:733, drop:0
2021-01-16 05:30:23.655 T:3608322944 DEBUG: CAMLCodec::GetTimeSize: len:24 dl:607048 fs:675181 front:68133
2021-01-16 05:30:23.655 T:3608322944 DEBUG: CAMLCodec::GetTimeSize: len:23 dl:607048 fs:607048 front:2990
2021-01-16 05:30:23.661 T:3608322944 DEBUG: CVideoPlayerVideo::CalcDropRequirement - hurry: 1
2021-01-16 05:30:23.661 T:3608322944 DEBUG: SetCodecControl 10000000->14000000
2021-01-16 05:30:23.661 T:3608322944 DEBUG: CAMLCodec::AddData: dl:615949 sum:615949 sz:8901 dts:337.337 pts:337.337 overflow:0
2021-01-16 05:30:23.661 T:3608322944 DEBUG: CAMLCodec::GetTimeSize: len:24 dl:615949 fs:615949 front:2990
2021-01-16 05:30:23.687 T:4090851344 DEBUG: Previous line repeats 4 times.
2021-01-16 05:30:23.687 T:4090851344 DEBUG: CAMLCodec::PollFrame elapsed:31.974ms
2021-01-16 05:30:23.692 T:4090851344 DEBUG: PrepareNextRender: frameOnScreen: 336.290 renderPts: 336.415 nextFramePts: 336.294 -> diff: 0.121 render: 1 forceNext: 0
2021-01-16 05:30:23.694 T:3608322944 DEBUG: CAMLCodec::GetTimeSize: len:24 dl:612959 fs:615949 front:2990
2021-01-16 05:30:23.695 T:3608322944 DEBUG: CAMLCodec::GetTimeSize: len:23 dl:612959 fs:612959 front:105349
2021-01-16 05:30:23.695 T:4090851344 DEBUG: CAMLCodec::ReleaseFrame idx:734, drop:0
2021-01-16 05:30:23.696 T:3608322944 DEBUG: CAMLCodec::DequeueBuffer: pts:336.336 idx:735
2021-01-16 05:30:23.696 T:3608322944 DEBUG: CAMLCodec::GetPicture: index: 735, pts: 336.336, dur:42ms ar:1.67
2021-01-16 05:30:23.697 T:3608322944 DEBUG: CVideoPlayerVideo::OutputPicture - ttd:40ms pts:336.336 Clock:336.296 Level:0
2021-01-16 05:30:23.698 T:3608322944 DEBUG: CAMLCodec::GetTimeSize: len:23 dl:612959 fs:612959 front:105349
2021-01-16 05:30:23.699 T:3608322944 DEBUG: CAMLCodec::DequeueBuffer: pts:336.378 idx:736
2021-01-16 05:30:23.699 T:3608322944 DEBUG: CAMLCodec::GetPicture: index: 736, pts: 336.378, dur:42ms ar:1.67
2021-01-16 05:30:23.700 T:3608322944 DEBUG: CVideoPlayerVideo::OutputPicture - ttd:79ms pts:336.378 Clock:336.299 Level:1
2021-01-16 05:30:23.701 T:3608322944 DEBUG: CAMLCodec::GetTimeSize: len:23 dl:507610 fs:612959 front:105349
2021-01-16 05:30:23.701 T:3608322944 DEBUG: CAMLCodec::GetTimeSize: len:22 dl:507610 fs:507610 front:37405
2021-01-16 05:30:23.702 T:3608322944 DEBUG: CAMLCodec::DequeueBuffer: pts:336.419 idx:737
2021-01-16 05:30:23.702 T:3608322944 DEBUG: CAMLCodec::GetPicture: index: 737, pts: 336.419, dur:41ms ar:1.67
2021-01-16 05:30:23.703 T:3608322944 DEBUG: CVideoPlayerVideo::OutputPicture - ttd:117ms pts:336.419 Clock:336.301 Level:2
2021-01-16 05:30:23.704 T:3608322944 DEBUG: CAMLCodec::GetTimeSize: len:22 dl:507610 fs:507610 front:37405
2021-01-16 05:30:23.710 T:3608322944 DEBUG: SetCodecControl 14000000->10000000
2021-01-16 05:30:23.710 T:3608322944 DEBUG: CAMLCodec::AddData: dl:472409 sum:514546 sz:6936 dts:337.379 pts:337.379 overflow:0
2021-01-16 05:30:23.710 T:3608322944 DEBUG: CAMLCodec::GetTimeSize: len:23 dl:472409 fs:514546 front:37405
2021-01-16 05:30:23.710 T:3608322944 DEBUG: CAMLCodec::GetTimeSize: len:22 dl:472409 fs:477141 front:4732
2021-01-16 05:30:23.711 T:3608322944 DEBUG: CAMLCodec::GetTimeSize: len:21 dl:472409 fs:472409 front:5950
2021-01-16 05:30:23.711 T:3608322944 DEBUG: CAMLCodec::DequeueBuffer: pts:336.461 idx:738
2021-01-16 05:30:23.711 T:3608322944 DEBUG: CAMLCodec::GetPicture: index: 738, pts: 336.461, dur:42ms ar:1.67
2021-01-16 05:30:23.711 T:3608322944 DEBUG: CVideoPlayerVideo::OutputPicture - ttd:151ms pts:336.461 Clock:336.310 Level:3
2021-01-16 05:30:23.712 T:3608322944 DEBUG: CAMLCodec::GetTimeSize: len:21 dl:472409 fs:472409 front:5950
2021-01-16 05:30:23.718 T:3608322944 DEBUG: CAMLCodec::AddData: dl:477761 sum:477761 sz:5352 dts:337.420 pts:337.462 overflow:0
2021-01-16 05:30:23.718 T:3608322944 DEBUG: CAMLCodec::GetTimeSize: len:22 dl:477761 fs:477761 front:5950
2021-01-16 05:30:23.723 T:3608322944 DEBUG: CAMLCodec::AddData: dl:483152 sum:483152 sz:5391 dts:337.462 pts:337.504 overflow:0
2021-01-16 05:30:23.723 T:3608322944 DEBUG: CAMLCodec::GetTimeSize: len:23 dl:483152 fs:483152 front:5950
