2021-01-16 05:30:16.478 T:3608322944 DEBUG: CAMLCodec::GetTimeSize: len:23 dl:461980 fs:461980 front:75573
2021-01-16 05:30:16.479 T:3608322944 DEBUG: CAMLCodec::DequeueBuffer: pts:329.287 idx:566
2021-01-16 05:30:16.479 T:3608322944 DEBUG: CAMLCodec::GetPicture: index: 566, pts: 329.287, dur:41ms ar:1.67
2021-01-16 05:30:16.480 T:3608322944 DEBUG: CVideoPlayerVideo::OutputPicture - ttd:208ms pts:329.287 Clock:329.078 Level:3
2021-01-16 05:30:16.481 T:3608322944 DEBUG: CAMLCodec::GetTimeSize: len:23 dl:461980 fs:461980 front:75573
2021-01-16 05:30:16.489 T:3608322944 DEBUG: CAMLCodec::AddData: dl:534079 sum:534079 sz:72099 dts:330.330 pts:330.664 overflow:0
2021-01-16 05:30:16.489 T:3608322944 DEBUG: CAMLCodec::GetTimeSize: len:24 dl:534079 fs:534079 front:75573
2021-01-16 05:30:16.514 T:4090851344 DEBUG: Previous line repeats 3 times.
2021-01-16 05:30:16.515 T:4090851344 DEBUG: CAMLCodec::PollFrame elapsed:35.513ms
2021-01-16 05:30:16.518 T:3608322944 DEBUG: CAMLCodec::GetTimeSize: len:24 dl:534079 fs:534079 front:75573
2021-01-16 05:30:16.519 T:3608322944 DEBUG: CAMLCodec::DequeueBuffer: pts:329.329 idx:567
2021-01-16 05:30:16.519 T:3608322944 DEBUG: CAMLCodec::GetPicture: index: 567, pts: 329.329, dur:42ms ar:1.67
2021-01-16 05:30:16.520 T:4090851344 DEBUG: PrepareNextRender: frameOnScreen: 329.118 renderPts: 329.243 nextFramePts: 329.162 -> diff: 0.081 render: 1 forceNext: 0
2021-01-16 05:30:16.520 T:4090851344 DEBUG: CAMLCodec::ReleaseFrame idx:563, drop:0
2021-01-16 05:30:16.521 T:3608322944 DEBUG: CVideoPlayerVideo::OutputPicture - ttd:210ms pts:329.329 Clock:329.119 Level:3
2021-01-16 05:30:16.522 T:3608322944 DEBUG: CAMLCodec::GetTimeSize: len:24 dl:458506 fs:534079 front:75573
2021-01-16 05:30:16.523 T:3608322944 DEBUG: CAMLCodec::GetTimeSize: len:23 dl:458506 fs:458506 front:26703
2021-01-16 05:30:16.528 T:3608322944 DEBUG: CAMLCodec::AddData: dl:474719 sum:474719 sz:16213 dts:330.372 pts:330.539 overflow:0
2021-01-16 05:30:16.528 T:3608322944 DEBUG: CAMLCodec::GetTimeSize: len:24 dl:474719 fs:474719 front:26703
2021-01-16 05:30:16.529 T:3581182848 DEBUG: CVideoPlayer::ProcessVideoData size:96577 dts:337.212 pts:337.546 dur:41.000ms, clock:329.128 level:85
2021-01-16 05:30:16.530 T:3581182848 DEBUG: CVideoPlayer::ProcessVideoData size:14116 dts:337.254 pts:337.420 dur:41.000ms, clock:329.129 level:85
2021-01-16 05:30:16.530 T:3581182848 DEBUG: CVideoPlayer::ProcessVideoData size:7326 dts:337.295 pts:337.295 dur:41.000ms, clock:329.129 level:86
2021-01-16 05:30:16.531 T:3581182848 DEBUG: CVideoPlayer::ProcessVideoData size:8901 dts:337.337 pts:337.337 dur:41.000ms, clock:329.130 level:87
2021-01-16 05:30:16.531 T:3581182848 DEBUG: CVideoPlayer::ProcessVideoData size:6936 dts:337.379 pts:337.379 dur:41.000ms, clock:329.130 level:87
2021-01-16 05:30:16.532 T:3581182848 DEBUG: CVideoPlayer::ProcessVideoData size:5352 dts:337.420 pts:337.462 dur:41.000ms, clock:329.131 level:88
2021-01-16 05:30:16.532 T:3581182848 DEBUG: CVideoPlayer::ProcessVideoData size:5391 dts:337.462 pts:337.504 dur:41.000ms, clock:329.131 level:88
2021-01-16 05:30:16.535 T:3608322944 DEBUG: CAMLCodec::GetTimeSize: len:24 dl:474719 fs:474719 front:26703
2021-01-16 05:30:16.555 T:4090851344 DEBUG: Previous line repeats 3 times.
2021-01-16 05:30:16.555 T:4090851344 DEBUG: CAMLCodec::PollFrame elapsed:34.557ms
2021-01-16 05:30:16.558 T:4090851344 DEBUG: PrepareNextRender: frameOnScreen: 329.157 renderPts: 329.282 nextFramePts: 329.204 -> diff: 0.078 render: 1 forceNext: 0
2021-01-16 05:30:16.559 T:4090851344 DEBUG: CAMLCodec::ReleaseFrame idx:564, drop:0
2021-01-16 05:30:16.562 T:3608322944 DEBUG: CAMLCodec::GetTimeSize: len:24 dl:448016 fs:474719 front:26703
2021-01-16 05:30:16.562 T:3608322944 DEBUG: CAMLCodec::GetTimeSize: len:23 dl:448016 fs:448016 front:4781
2021-01-16 05:30:16.563 T:3608322944 DEBUG: CAMLCodec::DequeueBuffer: pts:329.371 idx:568
2021-01-16 05:30:16.563 T:3608322944 DEBUG: CAMLCodec::GetPicture: index: 568, pts: 329.371, dur:42ms ar:1.67
2021-01-16 05:30:16.563 T:3608322944 DEBUG: CVideoPlayerVideo::OutputPicture - ttd:208ms pts:329.371 Clock:329.162 Level:3
2021-01-16 05:30:16.564 T:3608322944 DEBUG: CAMLCodec::GetTimeSize: len:23 dl:448016 fs:448016 front:4781
2021-01-16 05:30:16.570 T:3608322944 DEBUG: CAMLCodec::AddData: dl:453837 sum:453837 sz:5821 dts:330.413 pts:330.413 overflow:0
2021-01-16 05:30:16.570 T:3608322944 DEBUG: CAMLCodec::GetTimeSize: len:24 dl:453837 fs:453837 front:4781
2021-01-16 05:30:16.598 T:4090851344 DEBUG: Previous line repeats 4 times.
2021-01-16 05:30:16.598 T:4090851344 DEBUG: CAMLCodec::PollFrame elapsed:37.658ms
2021-01-16 05:30:16.601 T:4090851344 DEBUG: PrepareNextRender: frameOnScreen: 329.199 renderPts: 329.324 nextFramePts: 329.246 -> diff: 0.078 render: 1 forceNext: 0
2021-01-16 05:30:16.601 T:4090851344 DEBUG: CAMLCodec::ReleaseFrame idx:565, drop:0
2021-01-16 05:30:16.604 T:3608322944 DEBUG: CAMLCodec::GetTimeSize: len:24 dl:449056 fs:453837 front:4781
2021-01-16 05:30:16.604 T:3608322944 DEBUG: CAMLCodec::GetTimeSize: len:23 dl:449056 fs:449056 front:5270
2021-01-16 05:30:16.605 T:3608322944 DEBUG: CAMLCodec::DequeueBuffer: pts:329.412 idx:569
2021-01-16 05:30:16.605 T:3608322944 DEBUG: CAMLCodec::GetPicture: index: 569, pts: 329.412, dur:41ms ar:1.67
2021-01-16 05:30:16.605 T:3608322944 DEBUG: CVideoPlayerVideo::OutputPicture - ttd:208ms pts:329.412 Clock:329.204 Level:3
2021-01-16 05:30:16.606 T:3608322944 DEBUG: CAMLCodec::GetTimeSize: len:23 dl:449056 fs:449056 front:5270
2021-01-16 05:30:16.612 T:3608322944 DEBUG: CAMLCodec::AddData: dl:455992 sum:455992 sz:6936 dts:330.455 pts:330.455 overflow:0
2021-01-16 05:30:16.612 T:3608322944 DEBUG: CAMLCodec::GetTimeSize: len:24 dl:455992 fs:455992 front:5270
2021-01-16 05:30:16.640 T:4090851344 DEBUG: Previous line repeats 4 times.
2021-01-16 05:30:16.641 T:4090851344 DEBUG: CAMLCodec::PollFrame elapsed:38.505ms
2021-01-16 05:30:16.644 T:4090851344 DEBUG: PrepareNextRender: frameOnScreen: 329.243 renderPts: 329.368 nextFramePts: 329.287 -> diff: 0.081 render: 1 forceNext: 0
2021-01-16 05:30:16.645 T:4090851344 DEBUG: CAMLCodec::ReleaseFrame idx:566, drop:0
2021-01-16 05:30:16.646 T:3608322944 DEBUG: CAMLCodec::GetTimeSize: len:24 dl:450722 fs:455992 front:5270
2021-01-16 05:30:16.647 T:3608322944 DEBUG: CAMLCodec::GetTimeSize: len:23 dl:450722 fs:450722 front:4376
2021-01-16 05:30:16.647 T:3608322944 DEBUG: CAMLCodec::DequeueBuffer: pts:329.454 idx:570
2021-01-16 05:30:16.648 T:3608322944 DEBUG: CAMLCodec::GetPicture: index: 570, pts: 329.454, dur:42ms ar:1.67
2021-01-16 05:30:16.648 T:3608322944 DEBUG: CVideoPlayerVideo::OutputPicture - ttd:207ms pts:329.454 Clock:329.247 Level:3
2021-01-16 05:30:16.649 T:3608322944 DEBUG: CAMLCodec::GetTimeSize: len:23 dl:450722 fs:450722 front:4376
2021-01-16 05:30:16.655 T:3608322944 DEBUG: CAMLCodec::AddData: dl:458681 sum:458681 sz:7959 dts:330.497 pts:330.497 overflow:0
2021-01-16 05:30:16.655 T:3608322944 DEBUG: CAMLCodec::GetTimeSize: len:24 dl:458681 fs:458681 front:4376
2021-01-16 05:30:16.681 T:4090851344 DEBUG: Previous line repeats 3 times.
2021-01-16 05:30:16.681 T:4090851344 DEBUG: CAMLCodec::PollFrame elapsed:35.208ms
2021-01-16 05:30:16.683 T:3608322944 DEBUG: CAMLCodec::GetTimeSize: len:24 dl:458681 fs:458681 front:4376
2021-01-16 05:30:16.683 T:3608322944 DEBUG: CAMLCodec::DequeueBuffer: pts:329.496 idx:571
2021-01-16 05:30:16.684 T:3608322944 DEBUG: CAMLCodec::GetPicture: index: 571, pts: 329.496, dur:42ms ar:1.67
2021-01-16 05:30:16.684 T:3608322944 DEBUG: CVideoPlayerVideo::OutputPicture - ttd:212ms pts:329.496 Clock:329.283 Level:4
2021-01-16 05:30:16.686 T:4090851344 DEBUG: PrepareNextRender: frameOnScreen: 329.285 renderPts: 329.410 nextFramePts: 329.329 -> diff: 0.081 render: 1 forceNext: 0
2021-01-16 05:30:16.687 T:3608322944 DEBUG: CAMLCodec::GetTimeSize: len:24 dl:458681 fs:458681 front:4376
2021-01-16 05:30:16.687 T:4090851344 DEBUG: CAMLCodec::ReleaseFrame idx:567, drop:0
2021-01-16 05:30:16.693 T:3608322944 DEBUG: CAMLCodec::GetTimeSize: len:24 dl:454305 fs:458681 front:4376
2021-01-16 05:30:16.694 T:3608322944 DEBUG: CAMLCodec::GetTimeSize: len:23 dl:454305 fs:454305 front:82738
2021-01-16 05:30:16.699 T:3608322944 DEBUG: CAMLCodec::AddData: dl:461876 sum:461876 sz:7571 dts:330.539 pts:330.580 overflow:0
2021-01-16 05:30:16.699 T:3608322944 DEBUG: CAMLCodec::GetTimeSize: len:24 dl:461876 fs:461876 front:82738
2021-01-16 05:30:16.723 T:4090851344 DEBUG: Previous line repeats 3 times.
2021-01-16 05:30:16.723 T:4090851344 DEBUG: CAMLCodec::PollFrame elapsed:35.246ms
2021-01-16 05:30:16.725 T:4090851344 DEBUG: PrepareNextRender: frameOnScreen: 329.324 renderPts: 329.449 nextFramePts: 329.371 -> diff: 0.078 render: 1 forceNext: 0
2021-01-16 05:30:16.726 T:4090851344 DEBUG: CAMLCodec::ReleaseFrame idx:568, drop:0
2021-01-16 05:30:16.727 T:3608322944 DEBUG: CAMLCodec::GetTimeSize: len:24 dl:379138 fs:461876 front:82738
2021-01-16 05:30:16.727 T:3608322944 DEBUG: CAMLCodec::GetTimeSize: len:23 dl:379138 fs:379138 front:18204
2021-01-16 05:30:16.727 T:3608322944 DEBUG: CAMLCodec::DequeueBuffer: pts:329.538 idx:572
2021-01-16 05:30:16.727 T:3608322944 DEBUG: CAMLCodec::GetPicture: index: 572, pts: 329.538, dur:42ms ar:1.67
2021-01-16 05:30:16.728 T:3608322944 DEBUG: CVideoPlayerVideo::OutputPicture - ttd:211ms pts:329.538 Clock:329.327 Level:3
2021-01-16 05:30:16.729 T:3608322944 DEBUG: CAMLCodec::GetTimeSize: len:23 dl:379138 fs:379138 front:18204
2021-01-16 05:30:16.734 T:3608322944 DEBUG: CAMLCodec::AddData: dl:386894 sum:386894 sz:7756 dts:330.580 pts:330.622 overflow:0
2021-01-16 05:30:16.735 T:3608322944 DEBUG: CAMLCodec::GetTimeSize: len:24 dl:386894 fs:386894 front:18204
2021-01-16 05:30:16.765 T:4090851344 DEBUG: Previous line repeats 4 times.
2021-01-16 05:30:16.766 T:4090851344 DEBUG: CAMLCodec::PollFrame elapsed:38.407ms
2021-01-16 05:30:16.769 T:3608322944 DEBUG: CAMLCodec::GetTimeSize: len:24 dl:386894 fs:386894 front:18204
2021-01-16 05:30:16.769 T:3608322944 DEBUG: CAMLCodec::DequeueBuffer: pts:329.579 idx:573
2021-01-16 05:30:16.770 T:3608322944 DEBUG: CAMLCodec::GetPicture: index: 573, pts: 329.579, dur:41ms ar:1.67
2021-01-16 05:30:16.770 T:3608322944 DEBUG: CVideoPlayerVideo::OutputPicture - ttd:210ms pts:329.579 Clock:329.369 Level:4
2021-01-16 05:30:16.771 T:4090851344 DEBUG: PrepareNextRender: frameOnScreen: 329.370 renderPts: 329.495 nextFramePts: 329.412 -> diff: 0.083 render: 1 forceNext: 0
2021-01-16 05:30:16.772 T:3608322944 DEBUG: CAMLCodec::GetTimeSize: len:24 dl:368690 fs:386894 front:18204
2021-01-16 05:30:16.772 T:3608322944 DEBUG: CAMLCodec::GetTimeSize: len:23 dl:368690 fs:368690 front:6671
2021-01-16 05:30:16.773 T:4090851344 DEBUG: CAMLCodec::ReleaseFrame idx:569, drop:0
2021-01-16 05:30:16.780 T:3608322944 DEBUG: CAMLCodec::AddData: dl:431568 sum:431568 sz:62878 dts:330.622 pts:330.914 overflow:0
2021-01-16 05:30:16.780 T:3608322944 DEBUG: CAMLCodec::GetTimeSize: len:24 dl:431568 fs:431568 front:6671
2021-01-16 05:30:16.785 T:3581182848 DEBUG: CVideoPlayer::ProcessVideoData size:98692 dts:337.504 pts:337.837 dur:41.000ms, clock:329.384 level:85
2021-01-16 05:30:16.786 T:3581182848 DEBUG: CVideoPlayer::ProcessVideoData size:18207 dts:337.546 pts:337.712 dur:41.000ms, clock:329.385 level:86
2021-01-16 05:30:16.787 T:3581182848 DEBUG: CVideoPlayer::ProcessVideoData size:6250 dts:337.587 pts:337.587 dur:41.000ms, clock:329.386 level:87
2021-01-16 05:30:16.788 T:3581182848 DEBUG: CVideoPlayer::ProcessVideoData size:6527 dts:337.629 pts:337.629 dur:41.000ms, clock:329.387 level:87
2021-01-16 05:30:16.789 T:3581182848 DEBUG: CVideoPlayer::ProcessVideoData size:6991 dts:337.671 pts:337.671 dur:41.000ms, clock:329.388 level:88
2021-01-16 05:30:16.790 T:3581182848 DEBUG: CVideoPlayer::ProcessVideoData size:6651 dts:337.712 pts:337.754 dur:41.000ms, clock:329.389 level:88
2021-01-16 05:30:16.791 T:3581182848 DEBUG: CVideoPlayer::ProcessVideoData size:5821 dts:337.754 pts:337.796 dur:41.000ms, clock:329.390 level:89
2021-01-16 05:30:16.791 T:3608322944 DEBUG: CAMLCodec::GetTimeSize: len:24 dl:431568 fs:431568 front:6671
2021-01-16 05:30:16.806 T:4090851344 DEBUG: Previous line repeats 2 times.
2021-01-16 05:30:16.806 T:4090851344 DEBUG: CAMLCodec::PollFrame elapsed:31.798ms
2021-01-16 05:30:16.810 T:4090851344 DEBUG: PrepareNextRender: frameOnScreen: 329.409 renderPts: 329.534 nextFramePts: 329.454 -> diff: 0.080 render: 1 forceNext: 0
2021-01-16 05:30:16.812 T:3608322944 DEBUG: CAMLCodec::GetTimeSize: len:24 dl:424897 fs:431568 front:6671
2021-01-16 05:30:16.813 T:3608322944 DEBUG: CAMLCodec::GetTimeSize: len:23 dl:424897 fs:424897 front:6926
2021-01-16 05:30:16.813 T:3608322944 DEBUG: CAMLCodec::DequeueBuffer: pts:329.621 idx:574
2021-01-16 05:30:16.813 T:4090851344 DEBUG: CAMLCodec::ReleaseFrame idx:570, drop:0
2021-01-16 05:30:16.814 T:3608322944 DEBUG: CAMLCodec::GetPicture: index: 574, pts: 329.621, dur:42ms ar:1.67
2021-01-16 05:30:16.814 T:3608322944 DEBUG: CVideoPlayerVideo::OutputPicture - ttd:208ms pts:329.621 Clock:329.413 Level:3
2021-01-16 05:30:16.816 T:3608322944 DEBUG: CAMLCodec::GetTimeSize: len:23 dl:424897 fs:424897 front:6926
2021-01-16 05:30:16.821 T:3608322944 DEBUG: CAMLCodec::AddData: dl:452872 sum:452872 sz:27975 dts:330.664 pts:330.789 overflow:0
2021-01-16 05:30:16.821 T:3608322944 DEBUG: CAMLCodec::GetTimeSize: len:24 dl:452872 fs:452872 front:6926
2021-01-16 05:30:16.848 T:4090851344 DEBUG: Previous line repeats 3 times.
2021-01-16 05:30:16.848 T:4090851344 DEBUG: CAMLCodec::PollFrame elapsed:33.652ms
2021-01-16 05:30:16.849 T:3608322944 DEBUG: CAMLCodec::GetTimeSize: len:24 dl:452872 fs:452872 front:6926
2021-01-16 05:30:16.851 T:3608322944 DEBUG: CAMLCodec::DequeueBuffer: pts:329.663 idx:575
2021-01-16 05:30:16.852 T:3608322944 DEBUG: CAMLCodec::GetPicture: index: 575, pts: 329.663, dur:42ms ar:1.67
2021-01-16 05:30:16.852 T:3608322944 DEBUG: CVideoPlayerVideo::OutputPicture - ttd:211ms pts:329.663 Clock:329.451 Level:4
2021-01-16 05:30:16.854 T:3608322944 DEBUG: CAMLCodec::GetTimeSize: len:24 dl:452872 fs:452872 front:6926
2021-01-16 05:30:16.856 T:4090851344 DEBUG: PrepareNextRender: frameOnScreen: 329.455 renderPts: 329.580 nextFramePts: 329.496 -> diff: 0.084 render: 1 forceNext: 0
2021-01-16 05:30:16.858 T:4090851344 DEBUG: CAMLCodec::ReleaseFrame idx:571, drop:0
2021-01-16 05:30:16.861 T:3608322944 DEBUG: CAMLCodec::GetTimeSize: len:24 dl:445946 fs:452872 front:6926
2021-01-16 05:30:16.861 T:3608322944 DEBUG: CAMLCodec::GetTimeSize: len:23 dl:445946 fs:445946 front:5707
2021-01-16 05:30:16.867 T:3608322944 DEBUG: CAMLCodec::AddData: dl:450654 sum:450654 sz:4708 dts:330.705 pts:330.705 overflow:0
2021-01-16 05:30:16.867 T:3608322944 DEBUG: CAMLCodec::GetTimeSize: len:24 dl:450654 fs:450654 front:5707
2021-01-16 05:30:16.890 T:4090851344 DEBUG: Previous line repeats 3 times.
2021-01-16 05:30:16.891 T:4090851344 DEBUG: CAMLCodec::PollFrame elapsed:31.935ms
2021-01-16 05:30:16.896 T:3608322944 DEBUG: CAMLCodec::GetTimeSize: len:24 dl:444947 fs:450654 front:5707
2021-01-16 05:30:16.896 T:4090851344 DEBUG: PrepareNextRender: frameOnScreen: 329.495 renderPts: 329.620 nextFramePts: 329.538 -> diff: 0.082 render: 1 forceNext: 0
2021-01-16 05:30:16.897 T:3608322944 DEBUG: CAMLCodec::GetTimeSize: len:23 dl:444947 fs:444947 front:8133
2021-01-16 05:30:16.897 T:3608322944 DEBUG: CAMLCodec::DequeueBuffer: pts:329.704 idx:576
2021-01-16 05:30:16.897 T:3608322944 DEBUG: CAMLCodec::GetPicture: index: 576, pts: 329.704, dur:41ms ar:1.67
2021-01-16 05:30:16.897 T:3608322944 DEBUG: CVideoPlayerVideo::OutputPicture - ttd:207ms pts:329.704 Clock:329.496 Level:3
2021-01-16 05:30:16.898 T:4090851344 DEBUG: CAMLCodec::ReleaseFrame idx:572, drop:0
2021-01-16 05:30:16.899 T:3608322944 DEBUG: CAMLCodec::GetTimeSize: len:23 dl:444947 fs:444947 front:8133
2021-01-16 05:30:16.904 T:3608322944 DEBUG: CAMLCodec::AddData: dl:450135 sum:450135 sz:5188 dts:330.747 pts:330.747 overflow:0
2021-01-16 05:30:16.904 T:3608322944 DEBUG: CAMLCodec::GetTimeSize: len:24 dl:450135 fs:450135 front:8133
2021-01-16 05:30:16.931 T:4090851344 DEBUG: Previous line repeats 4 times.
2021-01-16 05:30:16.931 T:4090851344 DEBUG: CAMLCodec::PollFrame elapsed:32.247ms
2021-01-16 05:30:16.938 T:4090851344 DEBUG: PrepareNextRender: frameOnScreen: 329.536 renderPts: 329.661 nextFramePts: 329.579 -> diff: 0.082 render: 1 forceNext: 0
2021-01-16 05:30:16.940 T:3608322944 DEBUG: CAMLCodec::GetTimeSize: len:24 dl:442002 fs:450135 front:8133
2021-01-16 05:30:16.940 T:4090851344 DEBUG: CAMLCodec::ReleaseFrame idx:573, drop:0
2021-01-16 05:30:16.940 T:3608322944 DEBUG: CAMLCodec::GetTimeSize: len:23 dl:442002 fs:442002 front:68287
2021-01-16 05:30:16.941 T:3608322944 DEBUG: CAMLCodec::DequeueBuffer: pts:329.746 idx:577
2021-01-16 05:30:16.941 T:3608322944 DEBUG: CAMLCodec::GetPicture: index: 577, pts: 329.746, dur:42ms ar:1.67
2021-01-16 05:30:16.941 T:3608322944 DEBUG: CVideoPlayerVideo::OutputPicture - ttd:205ms pts:329.746 Clock:329.540 Level:3
2021-01-16 05:30:16.942 T:3608322944 DEBUG: CAMLCodec::GetTimeSize: len:23 dl:442002 fs:442002 front:68287
2021-01-16 05:30:16.948 T:3608322944 DEBUG: CAMLCodec::AddData: dl:451156 sum:451156 sz:9154 dts:330.789 pts:330.830 overflow:0
2021-01-16 05:30:16.948 T:3608322944 DEBUG: CAMLCodec::GetTimeSize: len:24 dl:451156 fs:451156 front:68287
2021-01-16 05:30:16.973 T:4090851344 DEBUG: Previous line repeats 3 times.
2021-01-16 05:30:16.974 T:4090851344 DEBUG: CAMLCodec::PollFrame elapsed:31.825ms
2021-01-16 05:30:16.976 T:3608322944 DEBUG: CAMLCodec::GetTimeSize: len:24 dl:451156 fs:451156 front:68287
2021-01-16 05:30:16.977 T:3608322944 DEBUG: CAMLCodec::DequeueBuffer: pts:329.788 idx:578
2021-01-16 05:30:16.978 T:3608322944 DEBUG: CAMLCodec::GetPicture: index: 578, pts: 329.788, dur:42ms ar:1.67
2021-01-16 05:30:16.978 T:3608322944 DEBUG: CVideoPlayerVideo::OutputPicture - ttd:210ms pts:329.788 Clock:329.577 Level:4
2021-01-16 05:30:16.979 T:4090851344 DEBUG: PrepareNextRender: frameOnScreen: 329.578 renderPts: 329.703 nextFramePts: 329.621 -> diff: 0.082 render: 1 forceNext: 0
2021-01-16 05:30:16.980 T:3608322944 DEBUG: CAMLCodec::GetTimeSize: len:24 dl:382869 fs:451156 front:68287
2021-01-16 05:30:16.980 T:3608322944 DEBUG: CAMLCodec::GetTimeSize: len:23 dl:382869 fs:382869 front:12647
2021-01-16 05:30:16.982 T:4090851344 DEBUG: CAMLCodec::ReleaseFrame idx:574, drop:0
2021-01-16 05:30:16.986 T:3608322944 DEBUG: CAMLCodec::AddData: dl:389507 sum:389507 sz:6638 dts:330.830 pts:330.872 overflow:0
2021-01-16 05:30:16.986 T:3608322944 DEBUG: CAMLCodec::GetTimeSize: len:24 dl:389507 fs:389507 front:12647
2021-01-16 05:30:17.015 T:4090851344 DEBUG: Previous line repeats 4 times.
2021-01-16 05:30:17.015 T:4090851344 DEBUG: CAMLCodec::PollFrame elapsed:32.135ms
2021-01-16 05:30:17.019 T:4090851344 DEBUG: PrepareNextRender: frameOnScreen: 329.618 renderPts: 329.743 nextFramePts: 329.663 -> diff: 0.080 render: 1 forceNext: 0
2021-01-16 05:30:17.020 T:4090851344 DEBUG: CAMLCodec::ReleaseFrame idx:575, drop:0
2021-01-16 05:30:17.021 T:3608322944 DEBUG: CAMLCodec::GetTimeSize: len:24 dl:376860 fs:389507 front:12647
2021-01-16 05:30:17.021 T:3608322944 DEBUG: CAMLCodec::GetTimeSize: len:23 dl:376860 fs:376860 front:5340
2021-01-16 05:30:17.021 T:3608322944 DEBUG: CAMLCodec::DequeueBuffer: pts:329.829 idx:579
2021-01-16 05:30:17.022 T:3608322944 DEBUG: CAMLCodec::GetPicture: index: 579, pts: 329.829, dur:41ms ar:1.67
2021-01-16 05:30:17.022 T:3608322944 DEBUG: CVideoPlayerVideo::OutputPicture - ttd:208ms pts:329.829 Clock:329.621 Level:3
2021-01-16 05:30:17.023 T:3608322944 DEBUG: CAMLCodec::GetTimeSize: len:23 dl:376860 fs:376860 front:5340
2021-01-16 05:30:17.031 T:3608322944 DEBUG: CAMLCodec::AddData: dl:438184 sum:438184 sz:61324 dts:330.872 pts:331.081 overflow:0
2021-01-16 05:30:17.031 T:3608322944 DEBUG: CAMLCodec::GetTimeSize: len:24 dl:438184 fs:438184 front:5340
2021-01-16 05:30:17.045 T:3581182848 DEBUG: Previous line repeats 2 times.
2021-01-16 05:30:17.046 T:3581182848 DEBUG: CVideoPlayer::ProcessVideoData size:95805 dts:337.796 pts:338.129 dur:41.000ms, clock:329.644 level:86
2021-01-16 05:30:17.047 T:3581182848 DEBUG: CVideoPlayer::ProcessVideoData size:17332 dts:337.837 pts:338.004 dur:41.000ms, clock:329.646 level:87
2021-01-16 05:30:17.048 T:3581182848 DEBUG: CVideoPlayer::ProcessVideoData size:5054 dts:337.879 pts:337.879 dur:41.000ms, clock:329.647 level:87
2021-01-16 05:30:17.050 T:3581182848 DEBUG: CVideoPlayer::ProcessVideoData size:8476 dts:337.921 pts:337.921 dur:41.000ms, clock:329.649 level:88
2021-01-16 05:30:17.052 T:3608322944 DEBUG: CAMLCodec::GetTimeSize: len:24 dl:438184 fs:438184 front:5340
2021-01-16 05:30:17.053 T:3581182848 DEBUG: CVideoPlayer::ProcessVideoData size:10309 dts:337.963 pts:337.963 dur:41.000ms, clock:329.652 level:88
2021-01-16 05:30:17.054 T:3581182848 DEBUG: CVideoPlayer::ProcessVideoData size:7408 dts:338.004 pts:338.046 dur:41.000ms, clock:329.652 level:89
2021-01-16 05:30:17.055 T:3581182848 DEBUG: CVideoPlayer::ProcessVideoData size:7130 dts:338.046 pts:338.088 dur:41.000ms, clock:329.653 level:89
2021-01-16 05:30:17.056 T:4090851344 DEBUG: CAMLCodec::PollFrame elapsed:35.125ms
2021-01-16 05:30:17.058 T:4090851344 DEBUG: PrepareNextRender: frameOnScreen: 329.656 renderPts: 329.781 nextFramePts: 329.704 -> diff: 0.077 render: 1 forceNext: 0
2021-01-16 05:30:17.059 T:3608322944 DEBUG: CAMLCodec::GetTimeSize: len:24 dl:438184 fs:438184 front:5340
2021-01-16 05:30:17.060 T:4090851344 DEBUG: CAMLCodec::ReleaseFrame idx:576, drop:0
2021-01-16 05:30:17.060 T:3608322944 DEBUG: CAMLCodec::DequeueBuffer: pts:329.871 idx:580
2021-01-16 05:30:17.061 T:3608322944 DEBUG: CAMLCodec::GetPicture: index: 580, pts: 329.871, dur:42ms ar:1.67
2021-01-16 05:30:17.061 T:3608322944 DEBUG: CVideoPlayerVideo::OutputPicture - ttd:211ms pts:329.871 Clock:329.660 Level:3
2021-01-16 05:30:17.062 T:3608322944 DEBUG: CAMLCodec::GetTimeSize: len:24 dl:432844 fs:438184 front:5340
2021-01-16 05:30:17.063 T:3608322944 DEBUG: CAMLCodec::GetTimeSize: len:23 dl:432844 fs:432844 front:5593
2021-01-16 05:30:17.068 T:3608322944 DEBUG: CAMLCodec::AddData: dl:451148 sum:451148 sz:18304 dts:330.914 pts:330.997 overflow:0
2021-01-16 05:30:17.068 T:3608322944 DEBUG: CAMLCodec::GetTimeSize: len:24 dl:451148 fs:451148 front:5593
2021-01-16 05:30:17.099 T:4090851344 DEBUG: Previous line repeats 4 times.
2021-01-16 05:30:17.099 T:4090851344 DEBUG: CAMLCodec::PollFrame elapsed:38.207ms
2021-01-16 05:30:17.103 T:3608322944 DEBUG: CAMLCodec::GetTimeSize: len:24 dl:451148 fs:451148 front:5593
2021-01-16 05:30:17.104 T:3608322944 DEBUG: CAMLCodec::DequeueBuffer: pts:329.913 idx:581
2021-01-16 05:30:17.104 T:3608322944 DEBUG: CAMLCodec::GetPicture: index: 581, pts: 329.913, dur:42ms ar:1.67
2021-01-16 05:30:17.104 T:3608322944 DEBUG: CVideoPlayerVideo::OutputPicture - ttd:209ms pts:329.913 Clock:329.703 Level:4
2021-01-16 05:30:17.105 T:4090851344 DEBUG: PrepareNextRender: frameOnScreen: 329.704 renderPts: 329.829 nextFramePts: 329.746 -> diff: 0.083 render: 1 forceNext: 0
2021-01-16 05:30:17.106 T:3608322944 DEBUG: CAMLCodec::GetTimeSize: len:24 dl:445555 fs:451148 front:5593
2021-01-16 05:30:17.106 T:3608322944 DEBUG: CAMLCodec::GetTimeSize: len:23 dl:445555 fs:445555 front:4104
2021-01-16 05:30:17.108 T:4090851344 DEBUG: CAMLCodec::ReleaseFrame idx:577, drop:0
2021-01-16 05:30:17.112 T:3608322944 DEBUG: CAMLCodec::AddData: dl:449047 sum:449047 sz:3492 dts:330.956 pts:330.956 overflow:0
2021-01-16 05:30:17.112 T:3608322944 DEBUG: CAMLCodec::GetTimeSize: len:24 dl:449047 fs:449047 front:4104
2021-01-16 05:30:17.139 T:4090851344 DEBUG: Previous line repeats 4 times.
2021-01-16 05:30:17.140 T:4090851344 DEBUG: CAMLCodec::PollFrame elapsed:31.066ms
2021-01-16 05:30:17.145 T:4090851344 DEBUG: PrepareNextRender: frameOnScreen: 329.744 renderPts: 329.869 nextFramePts: 329.788 -> diff: 0.081 render: 1 forceNext: 0
2021-01-16 05:30:17.146 T:3608322944 DEBUG: CAMLCodec::GetTimeSize: len:24 dl:444943 fs:449047 front:4104
2021-01-16 05:30:17.146 T:3608322944 DEBUG: CAMLCodec::GetTimeSize: len:23 dl:444943 fs:444943 front:6405
2021-01-16 05:30:17.147 T:3608322944 DEBUG: CAMLCodec::DequeueBuffer: pts:329.955 idx:582
2021-01-16 05:30:17.148 T:3608322944 DEBUG: CAMLCodec::GetPicture: index: 582, pts: 329.955, dur:42ms ar:1.67
2021-01-16 05:30:17.148 T:4090851344 DEBUG: CAMLCodec::ReleaseFrame idx:578, drop:0
2021-01-16 05:30:17.148 T:3608322944 DEBUG: CVideoPlayerVideo::OutputPicture - ttd:207ms pts:329.955 Clock:329.747 Level:3
2021-01-16 05:30:17.149 T:3608322944 DEBUG: CAMLCodec::GetTimeSize: len:23 dl:444943 fs:444943 front:6405
2021-01-16 05:30:17.155 T:3608322944 DEBUG: CAMLCodec::AddData: dl:448493 sum:448493 sz:3550 dts:330.997 pts:331.039 overflow:0
2021-01-16 05:30:17.155 T:3608322944 DEBUG: CAMLCodec::GetTimeSize: len:24 dl:448493 fs:448493 front:6405
2021-01-16 05:30:17.181 T:4090851344 DEBUG: Previous line repeats 3 times.
2021-01-16 05:30:17.183 T:4090851344 DEBUG: CAMLCodec::PollFrame elapsed:32.827ms
2021-01-16 05:30:17.183 T:3608322944 DEBUG: CAMLCodec::GetTimeSize: len:24 dl:448493 fs:448493 front:6405
2021-01-16 05:30:17.184 T:3608322944 DEBUG: CAMLCodec::DequeueBuffer: pts:329.996 idx:583
2021-01-16 05:30:17.184 T:3608322944 DEBUG: CAMLCodec::GetPicture: index: 583, pts: 329.996, dur:41ms ar:1.67
2021-01-16 05:30:17.185 T:3608322944 DEBUG: CVideoPlayerVideo::OutputPicture - ttd:212ms pts:329.996 Clock:329.784 Level:4
2021-01-16 05:30:17.187 T:3608322944 DEBUG: CAMLCodec::GetTimeSize: len:24 dl:448493 fs:448493 front:6405
2021-01-16 05:30:17.189 T:4090851344 DEBUG: PrepareNextRender: frameOnScreen: 329.787 renderPts: 329.913 nextFramePts: 329.829 -> diff: 0.084 render: 1 forceNext: 0
2021-01-16 05:30:17.191 T:4090851344 DEBUG: CAMLCodec::ReleaseFrame idx:579, drop:0
2021-01-16 05:30:17.194 T:3608322944 DEBUG: CAMLCodec::GetTimeSize: len:24 dl:442088 fs:448493 front:6405
2021-01-16 05:30:17.194 T:3608322944 DEBUG: CAMLCodec::GetTimeSize: len:23 dl:442088 fs:442088 front:6121
2021-01-16 05:30:17.202 T:3608322944 DEBUG: CAMLCodec::AddData: dl:515784 sum:515784 sz:73696 dts:331.039 pts:331.373 overflow:0
2021-01-16 05:30:17.202 T:3608322944 DEBUG: CAMLCodec::GetTimeSize: len:24 dl:515784 fs:515784 front:6121
2021-01-16 05:30:17.223 T:4090851344 DEBUG: Previous line repeats 2 times.
2021-01-16 05:30:17.224 T:4090851344 DEBUG: CAMLCodec::PollFrame elapsed:31.625ms
2021-01-16 05:30:17.225 T:3608322944 DEBUG: CAMLCodec::GetTimeSize: len:24 dl:515784 fs:515784 front:6121
2021-01-16 05:30:17.226 T:3608322944 DEBUG: CAMLCodec::DequeueBuffer: pts:330.038 idx:584
2021-01-16 05:30:17.227 T:3608322944 DEBUG: CAMLCodec::GetPicture: index: 584, pts: 330.038, dur:42ms ar:1.67
2021-01-16 05:30:17.228 T:3608322944 DEBUG: CVideoPlayerVideo::OutputPicture - ttd:211ms pts:330.038 Clock:329.826 Level:4
2021-01-16 05:30:17.229 T:3608322944 DEBUG: CAMLCodec::GetTimeSize: len:24 dl:515784 fs:515784 front:6121
2021-01-16 05:30:17.230 T:4090851344 DEBUG: PrepareNextRender: frameOnScreen: 329.828 renderPts: 329.954 nextFramePts: 329.871 -> diff: 0.083 render: 1 forceNext: 0
2021-01-16 05:30:17.232 T:4090851344 DEBUG: CAMLCodec::ReleaseFrame idx:580, drop:0
2021-01-16 05:30:17.236 T:3608322944 DEBUG: CAMLCodec::GetTimeSize: len:24 dl:509663 fs:515784 front:6121
2021-01-16 05:30:17.236 T:3608322944 DEBUG: CAMLCodec::GetTimeSize: len:23 dl:509663 fs:509663 front:70714
2021-01-16 05:30:17.242 T:3608322944 DEBUG: CAMLCodec::AddData: dl:527620 sum:527620 sz:17957 dts:331.081 pts:331.248 overflow:0
2021-01-16 05:30:17.242 T:3608322944 DEBUG: CAMLCodec::GetTimeSize: len:24 dl:527620 fs:527620 front:70714
2021-01-16 05:30:17.266 T:4090851344 DEBUG: Previous line repeats 3 times.
2021-01-16 05:30:17.266 T:4090851344 DEBUG: CAMLCodec::PollFrame elapsed:32.817ms
2021-01-16 05:30:17.271 T:3608322944 DEBUG: CAMLCodec::GetTimeSize: len:24 dl:456906 fs:527620 front:70714
2021-01-16 05:30:17.271 T:3608322944 DEBUG: CAMLCodec::GetTimeSize: len:23 dl:456906 fs:456906 front:24602
2021-01-16 05:30:17.272 T:3608322944 DEBUG: CAMLCodec::DequeueBuffer: pts:330.080 idx:585
2021-01-16 05:30:17.273 T:3608322944 DEBUG: CAMLCodec::GetPicture: index: 585, pts: 330.080, dur:42ms ar:1.67
2021-01-16 05:30:17.273 T:3608322944 DEBUG: CVideoPlayerVideo::OutputPicture - ttd:207ms pts:330.080 Clock:329.872 Level:4
2021-01-16 05:30:17.274 T:4090851344 DEBUG: PrepareNextRender: frameOnScreen: 329.873 renderPts: 329.998 nextFramePts: 329.913 -> diff: 0.085 render: 1 forceNext: 0
2021-01-16 05:30:17.274 T:3608322944 DEBUG: CAMLCodec::GetTimeSize: len:23 dl:456906 fs:456906 front:24602
2021-01-16 05:30:17.275 T:4090851344 DEBUG: CAMLCodec::ReleaseFrame idx:581, drop:0
2021-01-16 05:30:17.280 T:3608322944 DEBUG: CAMLCodec::AddData: dl:461598 sum:461598 sz:4692 dts:331.122 pts:331.122 overflow:0
2021-01-16 05:30:17.280 T:3608322944 DEBUG: CAMLCodec::GetTimeSize: len:24 dl:461598 fs:461598 front:24602
2021-01-16 05:30:17.297 T:3581182848 DEBUG: Previous line repeats 2 times.
2021-01-16 05:30:17.297 T:3581182848 DEBUG: CVideoPlayer::ProcessVideoData size:92011 dts:338.088 pts:338.380 dur:41.000ms, clock:329.896 level:87
2021-01-16 05:30:17.299 T:3581182848 DEBUG: CVideoPlayer::ProcessVideoData size:36066 dts:338.129 pts:338.255 dur:41.000ms, clock:329.898 level:87
2021-01-16 05:30:17.301 T:3581182848 DEBUG: CVideoPlayer::ProcessVideoData size:7619 dts:338.171 pts:338.171 dur:41.000ms, clock:329.899 level:88
2021-01-16 05:30:17.303 T:3581182848 DEBUG: CVideoPlayer::ProcessVideoData size:8832 dts:338.213 pts:338.213 dur:41.000ms, clock:329.901 level:88
2021-01-16 05:30:17.304 T:3608322944 DEBUG: CAMLCodec::GetTimeSize: len:24 dl:461598 fs:461598 front:24602
2021-01-16 05:30:17.304 T:3581182848 DEBUG: CVideoPlayer::ProcessVideoData size:8065 dts:338.255 pts:338.296 dur:41.000ms, clock:329.903 level:89
2021-01-16 05:30:17.305 T:3581182848 DEBUG: CVideoPlayer::ProcessVideoData size:5176 dts:338.296 pts:338.338 dur:41.000ms, clock:329.904 level:89
2021-01-16 05:30:17.306 T:3581182848 DEBUG: CVideoPlayer::ProcessVideoData size:72857 dts:338.338 pts:338.463 dur:41.000ms, clock:329.905 level:90
2021-01-16 05:30:17.306 T:4090851344 DEBUG: CAMLCodec::PollFrame elapsed:30.645ms
2021-01-16 05:30:17.306 T:3581182848 DEBUG: CVideoPlayer::ProcessVideoData size:3382 dts:338.380 pts:338.421 dur:41.000ms, clock:329.905 level:90
2021-01-16 05:30:17.310 T:4090851344 DEBUG: PrepareNextRender: frameOnScreen: 329.909 renderPts: 330.034 nextFramePts: 329.955 -> diff: 0.079 render: 1 forceNext: 0
2021-01-16 05:30:17.313 T:3608322944 DEBUG: CAMLCodec::GetTimeSize: len:24 dl:436996 fs:461598 front:24602
2021-01-16 05:30:17.314 T:4090851344 DEBUG: CAMLCodec::ReleaseFrame idx:582, drop:0
2021-01-16 05:30:17.314 T:3608322944 DEBUG: CAMLCodec::GetTimeSize: len:23 dl:436996 fs:436996 front:4651
2021-01-16 05:30:17.315 T:3608322944 DEBUG: CAMLCodec::DequeueBuffer: pts:330.121 idx:586
2021-01-16 05:30:17.315 T:3608322944 DEBUG: CAMLCodec::GetPicture: index: 586, pts: 330.121, dur:41ms ar:1.67
2021-01-16 05:30:17.315 T:3608322944 DEBUG: CVideoPlayerVideo::OutputPicture - ttd:206ms pts:330.121 Clock:329.914 Level:3
2021-01-16 05:30:17.317 T:3608322944 DEBUG: CAMLCodec::GetTimeSize: len:23 dl:436996 fs:436996 front:4651
2021-01-16 05:30:17.322 T:3608322944 DEBUG: CAMLCodec::AddData: dl:443713 sum:443713 sz:6717 dts:331.164 pts:331.164 overflow:0
2021-01-16 05:30:17.322 T:3608322944 DEBUG: CAMLCodec::GetTimeSize: len:24 dl:443713 fs:443713 front:4651
2021-01-16 05:30:17.348 T:4090851344 DEBUG: Previous line repeats 3 times.
2021-01-16 05:30:17.349 T:4090851344 DEBUG: CAMLCodec::PollFrame elapsed:33.512ms
2021-01-16 05:30:17.349 T:3608322944 DEBUG: CAMLCodec::GetTimeSize: len:24 dl:443713 fs:443713 front:4651
2021-01-16 05:30:17.356 T:4090851344 DEBUG: PrepareNextRender: frameOnScreen: 329.955 renderPts: 330.080 nextFramePts: 329.996 -> diff: 0.084 render: 1 forceNext: 0
2021-01-16 05:30:17.357 T:3608322944 DEBUG: CAMLCodec::GetTimeSize: len:24 dl:439062 fs:443713 front:4651
2021-01-16 05:30:17.357 T:3608322944 DEBUG: CAMLCodec::GetTimeSize: len:23 dl:439062 fs:439062 front:5392
2021-01-16 05:30:17.357 T:3608322944 DEBUG: CAMLCodec::DequeueBuffer: pts:330.163 idx:587
2021-01-16 05:30:17.358 T:3608322944 DEBUG: CAMLCodec::GetPicture: index: 587, pts: 330.163, dur:42ms ar:1.67
2021-01-16 05:30:17.358 T:3608322944 DEBUG: CVideoPlayerVideo::OutputPicture - ttd:206ms pts:330.163 Clock:329.957 Level:3
2021-01-16 05:30:17.359 T:3608322944 DEBUG: CAMLCodec::GetTimeSize: len:23 dl:439062 fs:439062 front:5392
2021-01-16 05:30:17.359 T:4090851344 DEBUG: CAMLCodec::ReleaseFrame idx:583, drop:0
2021-01-16 05:30:17.364 T:3608322944 DEBUG: CAMLCodec::AddData: dl:446628 sum:446628 sz:7566 dts:331.206 pts:331.206 overflow:0
2021-01-16 05:30:17.365 T:3608322944 DEBUG: CAMLCodec::GetTimeSize: len:24 dl:446628 fs:446628 front:5392
2021-01-16 05:30:17.390 T:4090851344 DEBUG: Previous line repeats 3 times.
2021-01-16 05:30:17.390 T:4090851344 DEBUG: CAMLCodec::PollFrame elapsed:29.969ms
2021-01-16 05:30:17.392 T:3608322944 DEBUG: CAMLCodec::GetTimeSize: len:24 dl:446628 fs:446628 front:5392
2021-01-16 05:30:17.393 T:3608322944 DEBUG: CAMLCodec::DequeueBuffer: pts:330.205 idx:588
2021-01-16 05:30:17.393 T:3608322944 DEBUG: CAMLCodec::GetPicture: index: 588, pts: 330.205, dur:42ms ar:1.67
2021-01-16 05:30:17.393 T:4090851344 DEBUG: PrepareNextRender: frameOnScreen: 329.992 renderPts: 330.117 nextFramePts: 330.038 -> diff: 0.079 render: 1 forceNext: 0
2021-01-16 05:30:17.394 T:3608322944 DEBUG: CVideoPlayerVideo::OutputPicture - ttd:212ms pts:330.205 Clock:329.992 Level:3
2021-01-16 05:30:17.395 T:3608322944 DEBUG: CAMLCodec::GetTimeSize: len:24 dl:446628 fs:446628 front:5392
2021-01-16 05:30:17.397 T:4090851344 DEBUG: CAMLCodec::ReleaseFrame idx:584, drop:0
2021-01-16 05:30:17.402 T:3608322944 DEBUG: CAMLCodec::GetTimeSize: len:24 dl:441236 fs:446628 front:5392
2021-01-16 05:30:17.402 T:3608322944 DEBUG: CAMLCodec::GetTimeSize: len:23 dl:441236 fs:441236 front:3042
2021-01-16 05:30:17.408 T:3608322944 DEBUG: CAMLCodec::AddData: dl:445990 sum:445990 sz:4754 dts:331.248 pts:331.289 overflow:0
2021-01-16 05:30:17.408 T:3608322944 DEBUG: CAMLCodec::GetTimeSize: len:24 dl:445990 fs:445990 front:3042
2021-01-16 05:30:17.432 T:4090851344 DEBUG: Previous line repeats 3 times.
2021-01-16 05:30:17.432 T:4090851344 DEBUG: CAMLCodec::PollFrame elapsed:34.434ms
2021-01-16 05:30:17.436 T:4090851344 DEBUG: PrepareNextRender: frameOnScreen: 330.035 renderPts: 330.160 nextFramePts: 330.080 -> diff: 0.080 render: 1 forceNext: 0
2021-01-16 05:30:17.437 T:3608322944 DEBUG: CAMLCodec::GetTimeSize: len:24 dl:445990 fs:445990 front:3042
2021-01-16 05:30:17.438 T:3608322944 DEBUG: CAMLCodec::DequeueBuffer: pts:330.247 idx:589
2021-01-16 05:30:17.439 T:3608322944 DEBUG: CAMLCodec::GetPicture: index: 589, pts: 330.247, dur:42ms ar:1.67
2021-01-16 05:30:17.439 T:4090851344 DEBUG: CAMLCodec::ReleaseFrame idx:585, drop:0
2021-01-16 05:30:17.439 T:3608322944 DEBUG: CVideoPlayerVideo::OutputPicture - ttd:208ms pts:330.247 Clock:330.038 Level:3
2021-01-16 05:30:17.440 T:3608322944 DEBUG: CAMLCodec::GetTimeSize: len:24 dl:442948 fs:445990 front:3042
2021-01-16 05:30:17.441 T:3608322944 DEBUG: CAMLCodec::GetTimeSize: len:23 dl:442948 fs:442948 front:72099
2021-01-16 05:30:17.446 T:3608322944 DEBUG: CAMLCodec::AddData: dl:447039 sum:447039 sz:4091 dts:331.289 pts:331.331 overflow:0
2021-01-16 05:30:17.446 T:3608322944 DEBUG: CAMLCodec::GetTimeSize: len:24 dl:447039 fs:447039 front:72099
2021-01-16 05:30:17.473 T:4090851344 DEBUG: Previous line repeats 3 times.
2021-01-16 05:30:17.474 T:4090851344 DEBUG: CAMLCodec::PollFrame elapsed:33.941ms
2021-01-16 05:30:17.474 T:3608322944 DEBUG: CAMLCodec::GetTimeSize: len:24 dl:447039 fs:447039 front:72099
2021-01-16 05:30:17.475 T:3608322944 DEBUG: CAMLCodec::DequeueBuffer: pts:330.288 idx:590
2021-01-16 05:30:17.476 T:3608322944 DEBUG: CAMLCodec::GetPicture: index: 590, pts: 330.288, dur:41ms ar:1.67
2021-01-16 05:30:17.476 T:3608322944 DEBUG: CVideoPlayerVideo::OutputPicture - ttd:212ms pts:330.288 Clock:330.075 Level:4
2021-01-16 05:30:17.478 T:3608322944 DEBUG: CAMLCodec::GetTimeSize: len:24 dl:374940 fs:447039 front:72099
2021-01-16 05:30:17.479 T:3608322944 DEBUG: CAMLCodec::GetTimeSize: len:23 dl:374940 fs:374940 front:16213
2021-01-16 05:30:17.479 T:4090851344 DEBUG: PrepareNextRender: frameOnScreen: 330.077 renderPts: 330.203 nextFramePts: 330.121 -> diff: 0.082 render: 1 forceNext: 0
2021-01-16 05:30:17.481 T:4090851344 DEBUG: CAMLCodec::ReleaseFrame idx:586, drop:0
2021-01-16 05:30:17.487 T:3608322944 DEBUG: CAMLCodec::AddData: dl:447665 sum:447665 sz:72725 dts:331.331 pts:331.665 overflow:0
2021-01-16 05:30:17.487 T:3608322944 DEBUG: CAMLCodec::GetTimeSize: len:24 dl:447665 fs:447665 front:16213
2021-01-16 05:30:17.515 T:4090851344 DEBUG: Previous line repeats 4 times.
2021-01-16 05:30:17.515 T:4090851344 DEBUG: CAMLCodec::PollFrame elapsed:33.164ms
2021-01-16 05:30:17.521 T:4090851344 DEBUG: PrepareNextRender: frameOnScreen: 330.120 renderPts: 330.245 nextFramePts: 330.163 -> diff: 0.082 render: 1 forceNext: 0
2021-01-16 05:30:17.523 T:3608322944 DEBUG: CAMLCodec::GetTimeSize: len:24 dl:431452 fs:447665 front:16213
2021-01-16 05:30:17.523 T:3608322944 DEBUG: CAMLCodec::GetTimeSize: len:23 dl:431452 fs:431452 front:5821
2021-01-16 05:30:17.523 T:3608322944 DEBUG: CAMLCodec::DequeueBuffer: pts:330.330 idx:591
2021-01-16 05:30:17.523 T:3608322944 DEBUG: CAMLCodec::GetPicture: index: 591, pts: 330.330, dur:42ms ar:1.67
2021-01-16 05:30:17.524 T:3608322944 DEBUG: CVideoPlayerVideo::OutputPicture - ttd:207ms pts:330.330 Clock:330.123 Level:3
2021-01-16 05:30:17.524 T:4090851344 DEBUG: CAMLCodec::ReleaseFrame idx:587, drop:0
2021-01-16 05:30:17.525 T:3608322944 DEBUG: CAMLCodec::GetTimeSize: len:23 dl:431452 fs:431452 front:5821
2021-01-16 05:30:17.531 T:3608322944 DEBUG: CAMLCodec::AddData: dl:446795 sum:446795 sz:15343 dts:331.373 pts:331.540 overflow:0
2021-01-16 05:30:17.531 T:3608322944 DEBUG: CAMLCodec::GetTimeSize: len:24 dl:446795 fs:446795 front:5821
2021-01-16 05:30:17.548 T:3581182848 DEBUG: Previous line repeats 2 times.
2021-01-16 05:30:17.548 T:3581182848 DEBUG: CVideoPlayer::ProcessVideoData size:109356 dts:338.421 pts:338.713 dur:41.000ms, clock:330.147 level:88
2021-01-16 05:30:17.550 T:3581182848 DEBUG: CVideoPlayer::ProcessVideoData size:35511 dts:338.463 pts:338.588 dur:41.000ms, clock:330.149 level:88
2021-01-16 05:30:17.551 T:3581182848 DEBUG: CVideoPlayer::ProcessVideoData size:5716 dts:338.505 pts:338.505 dur:41.000ms, clock:330.150 level:89
2021-01-16 05:30:17.553 T:3581182848 DEBUG: CVideoPlayer::ProcessVideoData size:5948 dts:338.547 pts:338.547 dur:41.000ms, clock:330.152 level:89
2021-01-16 05:30:17.553 T:3581182848 DEBUG: CVideoPlayer::ProcessVideoData size:4003 dts:338.588 pts:338.630 dur:41.000ms, clock:330.152 level:90
2021-01-16 05:30:17.554 T:3581182848 DEBUG: CVideoPlayer::ProcessVideoData size:5012 dts:338.630 pts:338.672 dur:41.000ms, clock:330.153 level:90
2021-01-16 05:30:17.555 T:3608322944 DEBUG: CAMLCodec::GetTimeSize: len:24 dl:446795 fs:446795 front:5821
2021-01-16 05:30:17.556 T:4090851344 DEBUG: CAMLCodec::PollFrame elapsed:31.882ms
2021-01-16 05:30:17.559 T:4090851344 DEBUG: PrepareNextRender: frameOnScreen: 330.157 renderPts: 330.283 nextFramePts: 330.205 -> diff: 0.078 render: 1 forceNext: 0
2021-01-16 05:30:17.561 T:4090851344 DEBUG: CAMLCodec::ReleaseFrame idx:588, drop:0
2021-01-16 05:30:17.563 T:3608322944 DEBUG: CAMLCodec::GetTimeSize: len:24 dl:440974 fs:446795 front:5821
2021-01-16 05:30:17.563 T:3608322944 DEBUG: CAMLCodec::GetTimeSize: len:23 dl:440974 fs:440974 front:6936
2021-01-16 05:30:17.563 T:3608322944 DEBUG: CAMLCodec::DequeueBuffer: pts:330.372 idx:592
2021-01-16 05:30:17.564 T:3608322944 DEBUG: CAMLCodec::GetPicture: index: 592, pts: 330.372, dur:42ms ar:1.67
2021-01-16 05:30:17.564 T:3608322944 DEBUG: CVideoPlayerVideo::OutputPicture - ttd:209ms pts:330.372 Clock:330.163 Level:3
2021-01-16 05:30:17.565 T:3608322944 DEBUG: CAMLCodec::GetTimeSize: len:23 dl:440974 fs:440974 front:6936
2021-01-16 05:30:17.571 T:3608322944 DEBUG: CAMLCodec::AddData: dl:446488 sum:446488 sz:5514 dts:331.414 pts:331.414 overflow:0
2021-01-16 05:30:17.571 T:3608322944 DEBUG: CAMLCodec::GetTimeSize: len:24 dl:446488 fs:446488 front:6936
2021-01-16 05:30:17.598 T:4090851344 DEBUG: Previous line repeats 4 times.
2021-01-16 05:30:17.599 T:4090851344 DEBUG: CAMLCodec::PollFrame elapsed:36.238ms
2021-01-16 05:30:17.605 T:4090851344 DEBUG: PrepareNextRender: frameOnScreen: 330.204 renderPts: 330.329 nextFramePts: 330.247 -> diff: 0.082 render: 1 forceNext: 0
2021-01-16 05:30:17.607 T:3608322944 DEBUG: CAMLCodec::GetTimeSize: len:24 dl:439552 fs:446488 front:6936
2021-01-16 05:30:17.608 T:3608322944 DEBUG: CAMLCodec::GetTimeSize: len:23 dl:439552 fs:439552 front:7959
2021-01-16 05:30:17.608 T:3608322944 DEBUG: CAMLCodec::DequeueBuffer: pts:330.413 idx:593
2021-01-16 05:30:17.608 T:4090851344 DEBUG: CAMLCodec::ReleaseFrame idx:589, drop:0
2021-01-16 05:30:17.608 T:3608322944 DEBUG: CAMLCodec::GetPicture: index: 593, pts: 330.413, dur:41ms ar:1.67
2021-01-16 05:30:17.609 T:3608322944 DEBUG: CVideoPlayerVideo::OutputPicture - ttd:205ms pts:330.413 Clock:330.208 Level:3
2021-01-16 05:30:17.610 T:3608322944 DEBUG: CAMLCodec::GetTimeSize: len:23 dl:439552 fs:439552 front:7959
2021-01-16 05:30:17.615 T:3608322944 DEBUG: CAMLCodec::AddData: dl:446396 sum:446396 sz:6844 dts:331.456 pts:331.456 overflow:0
2021-01-16 05:30:17.616 T:3608322944 DEBUG: CAMLCodec::GetTimeSize: len:24 dl:446396 fs:446396 front:7959
2021-01-16 05:30:17.640 T:4090851344 DEBUG: Previous line repeats 3 times.
2021-01-16 05:30:17.641 T:4090851344 DEBUG: CAMLCodec::PollFrame elapsed:31.696ms
2021-01-16 05:30:17.644 T:3608322944 DEBUG: CAMLCodec::GetTimeSize: len:24 dl:446396 fs:446396 front:7959
2021-01-16 05:30:17.645 T:3608322944 DEBUG: CAMLCodec::DequeueBuffer: pts:330.455 idx:594
2021-01-16 05:30:17.646 T:4090851344 DEBUG: PrepareNextRender: frameOnScreen: 330.245 renderPts: 330.370 nextFramePts: 330.288 -> diff: 0.082 render: 1 forceNext: 0
2021-01-16 05:30:17.647 T:3608322944 DEBUG: CAMLCodec::GetPicture: index: 594, pts: 330.455, dur:42ms ar:1.67
2021-01-16 05:30:17.647 T:3608322944 DEBUG: CVideoPlayerVideo::OutputPicture - ttd:208ms pts:330.455 Clock:330.246 Level:3
2021-01-16 05:30:17.649 T:4090851344 DEBUG: CAMLCodec::ReleaseFrame idx:590, drop:0
2021-01-16 05:30:17.649 T:3608322944 DEBUG: CAMLCodec::GetTimeSize: len:24 dl:438437 fs:446396 front:7959
2021-01-16 05:30:17.649 T:3608322944 DEBUG: CAMLCodec::GetTimeSize: len:23 dl:438437 fs:438437 front:7571
2021-01-16 05:30:17.655 T:3608322944 DEBUG: CAMLCodec::AddData: dl:446064 sum:446064 sz:7627 dts:331.498 pts:331.498 overflow:0
2021-01-16 05:30:17.655 T:3608322944 DEBUG: CAMLCodec::GetTimeSize: len:24 dl:446064 fs:446064 front:7571
2021-01-16 05:30:17.682 T:4090851344 DEBUG: Previous line repeats 3 times.
2021-01-16 05:30:17.682 T:4090851344 DEBUG: CAMLCodec::PollFrame elapsed:32.740ms
2021-01-16 05:30:17.683 T:3608322944 DEBUG: CAMLCodec::GetTimeSize: len:24 dl:446064 fs:446064 front:7571
2021-01-16 05:30:17.687 T:4090851344 DEBUG: PrepareNextRender: frameOnScreen: 330.286 renderPts: 330.411 nextFramePts: 330.330 -> diff: 0.081 render: 1 forceNext: 0
2021-01-16 05:30:17.690 T:4090851344 DEBUG: CAMLCodec::ReleaseFrame idx:591, drop:0
2021-01-16 05:30:17.690 T:3608322944 DEBUG: CAMLCodec::GetTimeSize: len:24 dl:438493 fs:446064 front:7571
2021-01-16 05:30:17.691 T:3608322944 DEBUG: CAMLCodec::GetTimeSize: len:23 dl:438493 fs:438493 front:7756
2021-01-16 05:30:17.691 T:3608322944 DEBUG: CAMLCodec::DequeueBuffer: pts:330.497 idx:595
2021-01-16 05:30:17.691 T:3608322944 DEBUG: CAMLCodec::GetPicture: index: 595, pts: 330.497, dur:42ms ar:1.67
2021-01-16 05:30:17.691 T:3608322944 DEBUG: CVideoPlayerVideo::OutputPicture - ttd:206ms pts:330.497 Clock:330.290 Level:3
2021-01-16 05:30:17.692 T:3608322944 DEBUG: CAMLCodec::GetTimeSize: len:23 dl:438493 fs:438493 front:7756
2021-01-16 05:30:17.698 T:3608322944 DEBUG: CAMLCodec::AddData: dl:445128 sum:445128 sz:6635 dts:331.540 pts:331.581 overflow:0
2021-01-16 05:30:17.698 T:3608322944 DEBUG: CAMLCodec::GetTimeSize: len:24 dl:445128 fs:445128 front:7756
2021-01-16 05:30:17.724 T:4090851344 DEBUG: Previous line repeats 3 times.
2021-01-16 05:30:17.724 T:4090851344 DEBUG: CAMLCodec::PollFrame elapsed:33.182ms
2021-01-16 05:30:17.726 T:3608322944 DEBUG: CAMLCodec::GetTimeSize: len:24 dl:445128 fs:445128 front:7756
2021-01-16 05:30:17.727 T:3608322944 DEBUG: CAMLCodec::DequeueBuffer: pts:330.539 idx:596
2021-01-16 05:30:17.728 T:3608322944 DEBUG: CAMLCodec::GetPicture: index: 596, pts: 330.539, dur:42ms ar:1.67
2021-01-16 05:30:17.728 T:3608322944 DEBUG: CVideoPlayerVideo::OutputPicture - ttd:211ms pts:330.539 Clock:330.327 Level:4
2021-01-16 05:30:17.731 T:4090851344 DEBUG: PrepareNextRender: frameOnScreen: 330.329 renderPts: 330.454 nextFramePts: 330.372 -> diff: 0.082 render: 1 forceNext: 0
2021-01-16 05:30:17.731 T:3608322944 DEBUG: CAMLCodec::GetTimeSize: len:24 dl:445128 fs:445128 front:7756
2021-01-16 05:30:17.733 T:4090851344 DEBUG: CAMLCodec::ReleaseFrame idx:592, drop:0
2021-01-16 05:30:17.738 T:3608322944 DEBUG: CAMLCodec::GetTimeSize: len:24 dl:437372 fs:445128 front:7756
2021-01-16 05:30:17.738 T:3608322944 DEBUG: CAMLCodec::GetTimeSize: len:23 dl:437372 fs:437372 front:62878
2021-01-16 05:30:17.744 T:3608322944 DEBUG: CAMLCodec::AddData: dl:444012 sum:444012 sz:6640 dts:331.581 pts:331.623 overflow:0
2021-01-16 05:30:17.744 T:3608322944 DEBUG: CAMLCodec::GetTimeSize: len:24 dl:444012 fs:444012 front:62878
2021-01-16 05:30:17.765 T:4090851344 DEBUG: Previous line repeats 3 times.
2021-01-16 05:30:17.766 T:4090851344 DEBUG: CAMLCodec::PollFrame elapsed:31.446ms
2021-01-16 05:30:17.771 T:4090851344 DEBUG: PrepareNextRender: frameOnScreen: 330.369 renderPts: 330.494 nextFramePts: 330.413 -> diff: 0.081 render: 1 forceNext: 0
2021-01-16 05:30:17.772 T:3608322944 DEBUG: CAMLCodec::GetTimeSize: len:24 dl:444012 fs:444012 front:62878
2021-01-16 05:30:17.773 T:3608322944 DEBUG: CAMLCodec::DequeueBuffer: pts:330.580 idx:597
2021-01-16 05:30:17.774 T:3608322944 DEBUG: CAMLCodec::GetPicture: index: 597, pts: 330.580, dur:41ms ar:1.67
2021-01-16 05:30:17.775 T:4090851344 DEBUG: CAMLCodec::ReleaseFrame idx:593, drop:0
2021-01-16 05:30:17.775 T:3608322944 DEBUG: CVideoPlayerVideo::OutputPicture - ttd:206ms pts:330.580 Clock:330.374 Level:3
2021-01-16 05:30:17.776 T:3608322944 DEBUG: CAMLCodec::GetTimeSize: len:24 dl:381134 fs:444012 front:62878
2021-01-16 05:30:17.776 T:3608322944 DEBUG: CAMLCodec::GetTimeSize: len:23 dl:381134 fs:381134 front:27975
2021-01-16 05:30:17.784 T:3608322944 DEBUG: CAMLCodec::AddData: dl:450834 sum:450834 sz:69700 dts:331.623 pts:331.957 overflow:0
2021-01-16 05:30:17.785 T:3608322944 DEBUG: CAMLCodec::GetTimeSize: len:24 dl:450834 fs:450834 front:27975
2021-01-16 05:30:17.807 T:4090851344 DEBUG: Previous line repeats 3 times.
2021-01-16 05:30:17.807 T:4090851344 DEBUG: CAMLCodec::PollFrame elapsed:31.604ms
2021-01-16 05:30:17.813 T:3608322944 DEBUG: CAMLCodec::GetTimeSize: len:24 dl:450834 fs:450834 front:27975
2021-01-16 05:30:17.815 T:3608322944 DEBUG: CAMLCodec::DequeueBuffer: pts:330.622 idx:598
2021-01-16 05:30:17.815 T:4090851344 DEBUG: PrepareNextRender: frameOnScreen: 330.413 renderPts: 330.538 nextFramePts: 330.455 -> diff: 0.083 render: 1 forceNext: 0
2021-01-16 05:30:17.817 T:3581182848 DEBUG: CVideoPlayer::ProcessVideoData size:93639 dts:338.672 pts:338.964 dur:41.000ms, clock:330.416 level:88
2021-01-16 05:30:17.818 T:4090851344 DEBUG: CAMLCodec::ReleaseFrame idx:594, drop:0
2021-01-16 05:30:17.818 T:3608322944 DEBUG: CAMLCodec::GetPicture: index: 598, pts: 330.622, dur:42ms ar:1.67
2021-01-16 05:30:17.818 T:3608322944 DEBUG: CVideoPlayerVideo::OutputPicture - ttd:204ms pts:330.622 Clock:330.417 Level:3
2021-01-16 05:30:17.819 T:3581182848 DEBUG: CVideoPlayer::ProcessVideoData size:42102 dts:338.713 pts:338.838 dur:41.000ms, clock:330.418 level:88
2021-01-16 05:30:17.819 T:3581182848 DEBUG: CVideoPlayer::ProcessVideoData size:5842 dts:338.755 pts:338.755 dur:41.000ms, clock:330.418 level:89
2021-01-16 05:30:17.820 T:3581182848 DEBUG: CVideoPlayer::ProcessVideoData size:6555 dts:338.797 pts:338.797 dur:41.000ms, clock:330.419 level:89
2021-01-16 05:30:17.820 T:3581182848 DEBUG: CVideoPlayer::ProcessVideoData size:4961 dts:338.838 pts:338.880 dur:41.000ms, clock:330.419 level:90
2021-01-16 05:30:17.821 T:3581182848 DEBUG: CVideoPlayer::ProcessVideoData size:5792 dts:338.880 pts:338.922 dur:41.000ms, clock:330.420 level:90
2021-01-16 05:30:17.822 T:3608322944 DEBUG: CAMLCodec::GetTimeSize: len:24 dl:422859 fs:450834 front:27975
2021-01-16 05:30:17.823 T:3608322944 DEBUG: CAMLCodec::GetTimeSize: len:23 dl:422859 fs:422859 front:4708
2021-01-16 05:30:17.829 T:3608322944 DEBUG: CAMLCodec::AddData: dl:438444 sum:438444 sz:15585 dts:331.665 pts:331.831 overflow:0
2021-01-16 05:30:17.829 T:3608322944 DEBUG: CAMLCodec::GetTimeSize: len:24 dl:438444 fs:438444 front:4708
2021-01-16 05:30:17.849 T:4090851344 DEBUG: Previous line repeats 2 times.
2021-01-16 05:30:17.849 T:4090851344 DEBUG: CAMLCodec::PollFrame elapsed:30.381ms
2021-01-16 05:30:17.850 T:3608322944 DEBUG: CAMLCodec::GetTimeSize: len:24 dl:438444 fs:438444 front:4708
2021-01-16 05:30:17.855 T:4090851344 DEBUG: PrepareNextRender: frameOnScreen: 330.454 renderPts: 330.579 nextFramePts: 330.497 -> diff: 0.082 render: 1 forceNext: 0
2021-01-16 05:30:17.858 T:3608322944 DEBUG: CAMLCodec::GetTimeSize: len:24 dl:433736 fs:438444 front:4708
2021-01-16 05:30:17.858 T:3608322944 DEBUG: CAMLCodec::GetTimeSize: len:23 dl:433736 fs:433736 front:5188
2021-01-16 05:30:17.858 T:4090851344 DEBUG: CAMLCodec::ReleaseFrame idx:595, drop:0
