2021-01-16 05:29:54.122 T:3608322944 DEBUG: CAMLCodec::GetTimeSize: len:23 dl:837255 fs:837255 front:13117
2021-01-16 05:29:54.123 T:3581182848 DEBUG: CVideoPlayer::ProcessVideoData size:82442 dts:314.814 pts:315.148 dur:41.000ms, clock:306.631 level:87
2021-01-16 05:29:54.124 T:3581182848 DEBUG: CVideoPlayer::ProcessVideoData size:20885 dts:314.856 pts:315.023 dur:41.000ms, clock:306.633 level:88
2021-01-16 05:29:54.125 T:4090851344 DEBUG: CAMLCodec::ReleaseFrame idx:23, drop:0
2021-01-16 05:29:54.126 T:3581182848 DEBUG: CVideoPlayer::ProcessVideoData size:9388 dts:314.898 pts:314.898 dur:41.000ms, clock:306.634 level:88
2021-01-16 05:29:54.127 T:3581182848 DEBUG: CVideoPlayer::ProcessVideoData size:7602 dts:314.940 pts:314.940 dur:41.000ms, clock:306.636 level:89
2021-01-16 05:29:54.128 T:3608322944 DEBUG: CAMLCodec::AddData: dl:843430 sum:843430 sz:6175 dts:307.849 pts:307.891 overflow:0
2021-01-16 05:29:54.129 T:3608322944 DEBUG: CAMLCodec::GetTimeSize: len:24 dl:843430 fs:843430 front:13117
2021-01-16 05:29:54.129 T:3581182848 DEBUG: CVideoPlayer::ProcessVideoData size:8371 dts:314.981 pts:314.981 dur:41.000ms, clock:306.638 level:89
2021-01-16 05:29:54.130 T:3581182848 DEBUG: CVideoPlayer::ProcessVideoData size:6423 dts:315.023 pts:315.065 dur:41.000ms, clock:306.639 level:89
2021-01-16 05:29:54.131 T:3886257024 DEBUG: CZeroconfAvahi::groupCallback: Service successfully established
2021-01-16 05:29:54.131 T:3581182848 DEBUG: CVideoPlayer::ProcessVideoData size:6679 dts:315.065 pts:315.106 dur:41.000ms, clock:306.639 level:90
2021-01-16 05:29:54.135 T:3608322944 DEBUG: CAMLCodec::GetTimeSize: len:24 dl:843430 fs:843430 front:13117
2021-01-16 05:29:54.143 T:3886257024 DEBUG: Previous line repeats 1 times.
2021-01-16 05:29:54.144 T:3886257024 DEBUG: CZeroconfAvahi::groupCallback: Service successfully established
2021-01-16 05:29:54.149 T:3608322944 DEBUG: CAMLCodec::GetTimeSize: len:24 dl:843430 fs:843430 front:13117
2021-01-16 05:29:54.158 T:4090851344 DEBUG: Previous line repeats 1 times.
2021-01-16 05:29:54.158 T:4090851344 DEBUG: CAMLCodec::PollFrame elapsed:32.551ms
2021-01-16 05:29:54.164 T:3608322944 DEBUG: CAMLCodec::GetTimeSize: len:24 dl:843430 fs:843430 front:13117
2021-01-16 05:29:54.165 T:3886257024 DEBUG: CZeroconfAvahi::groupCallback: Service successfully established
2021-01-16 05:29:54.167 T:3608322944 DEBUG: CAMLCodec::DequeueBuffer: pts:306.848 idx:28
2021-01-16 05:29:54.168 T:4090851344 DEBUG: PrepareNextRender: frameOnScreen: 306.673 renderPts: 306.798 nextFramePts: 306.681 -> diff: 0.117 render: 1 forceNext: 0
2021-01-16 05:29:54.168 T:3608322944 DEBUG: CAMLCodec::GetPicture: index: 28, pts: 306.848, dur:42ms ar:1.67
2021-01-16 05:29:54.169 T:3608322944 DEBUG: CVideoPlayerVideo::OutputPicture - ttd:170ms pts:306.848 Clock:306.677 Level:3
2021-01-16 05:29:54.170 T:3608322944 DEBUG: CAMLCodec::GetTimeSize: len:24 dl:830313 fs:843430 front:13117
2021-01-16 05:29:54.171 T:4090851344 DEBUG: CAMLCodec::ReleaseFrame idx:24, drop:0
2021-01-16 05:29:54.171 T:3608322944 DEBUG: CAMLCodec::GetTimeSize: len:23 dl:830313 fs:830313 front:72890
2021-01-16 05:29:54.177 T:3886257024 DEBUG: CZeroconfAvahi::groupCallback: Service successfully established
2021-01-16 05:29:54.179 T:3608322944 DEBUG: CAMLCodec::AddData: dl:908867 sum:908867 sz:78554 dts:307.891 pts:308.016 overflow:0
2021-01-16 05:29:54.179 T:3608322944 DEBUG: CAMLCodec::GetTimeSize: len:24 dl:908867 fs:908867 front:72890
2021-01-16 05:29:54.194 T:3886257024 DEBUG: Previous line repeats 2 times.
2021-01-16 05:29:54.195 T:3886257024 DEBUG: CZeroconfAvahi::groupCallback: Service successfully established
2021-01-16 05:29:54.200 T:4090851344 DEBUG: CAMLCodec::PollFrame elapsed:28.465ms
2021-01-16 05:29:54.200 T:3608322944 DEBUG: CAMLCodec::GetTimeSize: len:24 dl:908867 fs:908867 front:72890
2021-01-16 05:29:54.206 T:4090851344 DEBUG: PrepareNextRender: frameOnScreen: 306.715 renderPts: 306.840 nextFramePts: 306.723 -> diff: 0.117 render: 1 forceNext: 0
2021-01-16 05:29:54.208 T:3608322944 DEBUG: CAMLCodec::GetTimeSize: len:24 dl:835977 fs:908867 front:72890
2021-01-16 05:29:54.208 T:3608322944 DEBUG: CAMLCodec::GetTimeSize: len:23 dl:835977 fs:835977 front:13378
2021-01-16 05:29:54.209 T:3608322944 DEBUG: CAMLCodec::DequeueBuffer: pts:306.890 idx:29
2021-01-16 05:29:54.210 T:3608322944 DEBUG: CAMLCodec::GetPicture: index: 29, pts: 306.890, dur:42ms ar:1.67
2021-01-16 05:29:54.211 T:4090851344 DEBUG: CAMLCodec::ReleaseFrame idx:25, drop:0
2021-01-16 05:29:54.211 T:3608322944 DEBUG: CVideoPlayerVideo::OutputPicture - ttd:171ms pts:306.890 Clock:306.719 Level:3
2021-01-16 05:29:54.213 T:3608322944 DEBUG: CAMLCodec::GetTimeSize: len:23 dl:835977 fs:835977 front:13378
2021-01-16 05:29:54.218 T:3608322944 DEBUG: CAMLCodec::AddData: dl:841380 sum:841380 sz:5403 dts:307.933 pts:307.974 overflow:0
2021-01-16 05:29:54.219 T:3608322944 DEBUG: CAMLCodec::GetTimeSize: len:24 dl:841380 fs:841380 front:13378
2021-01-16 05:29:54.241 T:4090851344 DEBUG: Previous line repeats 3 times.
2021-01-16 05:29:54.241 T:4090851344 DEBUG: CAMLCodec::PollFrame elapsed:29.873ms
2021-01-16 05:29:54.246 T:4090851344 DEBUG: PrepareNextRender: frameOnScreen: 306.754 renderPts: 306.879 nextFramePts: 306.765 -> diff: 0.114 render: 1 forceNext: 0
2021-01-16 05:29:54.249 T:3608322944 DEBUG: CAMLCodec::GetTimeSize: len:24 dl:841380 fs:841380 front:13378
2021-01-16 05:29:54.249 T:3608322944 DEBUG: CAMLCodec::DequeueBuffer: pts:306.932 idx:30
2021-01-16 05:29:54.250 T:4090851344 DEBUG: CAMLCodec::ReleaseFrame idx:26, drop:0
2021-01-16 05:29:54.250 T:3608322944 DEBUG: CAMLCodec::GetPicture: index: 30, pts: 306.932, dur:42ms ar:1.67
2021-01-16 05:29:54.251 T:3608322944 DEBUG: CVideoPlayerVideo::OutputPicture - ttd:172ms pts:306.932 Clock:306.759 Level:3
2021-01-16 05:29:54.252 T:3608322944 DEBUG: CAMLCodec::GetTimeSize: len:24 dl:828002 fs:841380 front:13378
2021-01-16 05:29:54.252 T:3608322944 DEBUG: CAMLCodec::GetTimeSize: len:23 dl:828002 fs:828002 front:73741
2021-01-16 05:29:54.260 T:3608322944 DEBUG: CAMLCodec::AddData: dl:914980 sum:914980 sz:86978 dts:307.974 pts:308.183 overflow:0
2021-01-16 05:29:54.261 T:3608322944 DEBUG: CAMLCodec::GetTimeSize: len:24 dl:914980 fs:914980 front:73741
2021-01-16 05:29:54.283 T:4090851344 DEBUG: Previous line repeats 3 times.
2021-01-16 05:29:54.283 T:4090851344 DEBUG: CAMLCodec::PollFrame elapsed:32.554ms
2021-01-16 05:29:54.289 T:4090851344 DEBUG: PrepareNextRender: frameOnScreen: 306.798 renderPts: 306.923 nextFramePts: 306.806 -> diff: 0.117 render: 1 forceNext: 0
2021-01-16 05:29:54.290 T:3608322944 DEBUG: CAMLCodec::GetTimeSize: len:24 dl:914980 fs:914980 front:73741
2021-01-16 05:29:54.293 T:4090851344 DEBUG: CAMLCodec::ReleaseFrame idx:27, drop:0
2021-01-16 05:29:54.293 T:3608322944 DEBUG: CAMLCodec::DequeueBuffer: pts:306.973 idx:31
2021-01-16 05:29:54.294 T:3608322944 DEBUG: CAMLCodec::GetPicture: index: 31, pts: 306.973, dur:41ms ar:1.67
2021-01-16 05:29:54.295 T:3608322944 DEBUG: CVideoPlayerVideo::OutputPicture - ttd:169ms pts:306.973 Clock:306.803 Level:3
2021-01-16 05:29:54.296 T:3608322944 DEBUG: CAMLCodec::GetTimeSize: len:24 dl:841239 fs:914980 front:73741
2021-01-16 05:29:54.297 T:3608322944 DEBUG: CAMLCodec::GetTimeSize: len:23 dl:841239 fs:841239 front:12651
2021-01-16 05:29:54.302 T:3608322944 DEBUG: CAMLCodec::AddData: dl:866093 sum:866093 sz:24854 dts:308.016 pts:308.099 overflow:0
2021-01-16 05:29:54.303 T:3608322944 DEBUG: CAMLCodec::GetTimeSize: len:24 dl:866093 fs:866093 front:12651
2021-01-16 05:29:54.311 T:3269096320 DEBUG: Previous line repeats 1 times.
2021-01-16 05:29:54.311 T:3269096320 DEBUG: CDVDClock::ErrorAdjust - CVideoPlayerAudio::OutputPacket - error:90257.474875, adjusted:90257.474875
2021-01-16 05:29:54.316 T:3608322944 DEBUG: CAMLCodec::GetTimeSize: len:24 dl:866093 fs:866093 front:12651
2021-01-16 05:29:54.325 T:4090851344 DEBUG: Previous line repeats 1 times.
2021-01-16 05:29:54.325 T:4090851344 DEBUG: CAMLCodec::PollFrame elapsed:31.168ms
2021-01-16 05:29:54.330 T:4090851344 DEBUG: PrepareNextRender: frameOnScreen: 306.928 renderPts: 307.053 nextFramePts: 306.848 -> diff: 0.205 render: 1 forceNext: 0
2021-01-16 05:29:54.330 T:3608322944 DEBUG: CAMLCodec::GetTimeSize: len:24 dl:866093 fs:866093 front:12651
2021-01-16 05:29:54.331 T:3608322944 DEBUG: CAMLCodec::DequeueBuffer: pts:307.015 idx:32
2021-01-16 05:29:54.332 T:3608322944 DEBUG: CAMLCodec::GetPicture: index: 32, pts: 307.015, dur:42ms ar:1.67
2021-01-16 05:29:54.333 T:3608322944 DEBUG: CVideoPlayerVideo::OutputPicture - ttd:83ms pts:307.015 Clock:306.932 Level:3
2021-01-16 05:29:54.333 T:4090851344 DEBUG: CAMLCodec::ReleaseFrame idx:28, drop:0
2021-01-16 05:29:54.334 T:3608322944 DEBUG: CAMLCodec::GetTimeSize: len:24 dl:853442 fs:866093 front:12651
2021-01-16 05:29:54.335 T:3608322944 DEBUG: CAMLCodec::GetTimeSize: len:23 dl:853442 fs:853442 front:74058
2021-01-16 05:29:54.340 T:3608322944 DEBUG: CAMLCodec::AddData: dl:858373 sum:858373 sz:4931 dts:308.058 pts:308.058 overflow:0
2021-01-16 05:29:54.341 T:3608322944 DEBUG: CAMLCodec::GetTimeSize: len:24 dl:858373 fs:858373 front:74058
2021-01-16 05:29:54.367 T:4090851344 DEBUG: Previous line repeats 3 times.
2021-01-16 05:29:54.367 T:4090851344 DEBUG: CAMLCodec::PollFrame elapsed:33.456ms
2021-01-16 05:29:54.368 T:3608322944 DEBUG: CAMLCodec::GetTimeSize: len:24 dl:858373 fs:858373 front:74058
2021-01-16 05:29:54.368 T:3608322944 DEBUG: CAMLCodec::DequeueBuffer: pts:307.057 idx:33
2021-01-16 05:29:54.369 T:3608322944 DEBUG: CAMLCodec::GetPicture: index: 33, pts: 307.057, dur:42ms ar:1.67
2021-01-16 05:29:54.369 T:3608322944 DEBUG: CVideoPlayerVideo::OutputPicture - ttd:88ms pts:307.057 Clock:306.968 Level:4
2021-01-16 05:29:54.372 T:3608322944 DEBUG: CAMLCodec::GetTimeSize: len:24 dl:858373 fs:858373 front:74058
2021-01-16 05:29:54.373 T:4090851344 DEBUG: PrepareNextRender: frameOnScreen: 306.972 renderPts: 307.097 nextFramePts: 306.890 -> diff: 0.207 render: 1 forceNext: 0
2021-01-16 05:29:54.376 T:4090851344 DEBUG: CAMLCodec::ReleaseFrame idx:29, drop:0
2021-01-16 05:29:54.379 T:3608322944 DEBUG: CAMLCodec::GetTimeSize: len:24 dl:784315 fs:858373 front:74058
2021-01-16 05:29:54.379 T:3608322944 DEBUG: CAMLCodec::GetTimeSize: len:23 dl:784315 fs:784315 front:12460
2021-01-16 05:29:54.381 T:3581182848 DEBUG: CVideoPlayer::ProcessVideoData size:79077 dts:315.106 pts:315.440 dur:41.000ms, clock:306.980 level:88
2021-01-16 05:29:54.382 T:3581182848 DEBUG: CVideoPlayer::ProcessVideoData size:17613 dts:315.148 pts:315.315 dur:41.000ms, clock:306.981 level:88
2021-01-16 05:29:54.382 T:3581182848 DEBUG: CVideoPlayer::ProcessVideoData size:6163 dts:315.190 pts:315.190 dur:41.000ms, clock:306.981 level:89
2021-01-16 05:29:54.383 T:3581182848 DEBUG: CVideoPlayer::ProcessVideoData size:8110 dts:315.232 pts:315.232 dur:41.000ms, clock:306.982 level:89
2021-01-16 05:29:54.384 T:3581182848 DEBUG: CVideoPlayer::ProcessVideoData size:10972 dts:315.273 pts:315.273 dur:41.000ms, clock:306.983 level:90
2021-01-16 05:29:54.384 T:3608322944 DEBUG: CAMLCodec::AddData: dl:789986 sum:789986 sz:5671 dts:308.099 pts:308.141 overflow:0
2021-01-16 05:29:54.385 T:3581182848 DEBUG: CVideoPlayer::ProcessVideoData size:7910 dts:315.315 pts:315.357 dur:41.000ms, clock:306.983 level:90
2021-01-16 05:29:54.385 T:3608322944 DEBUG: CAMLCodec::GetTimeSize: len:24 dl:789986 fs:789986 front:12460
2021-01-16 05:29:54.385 T:3581182848 DEBUG: CVideoPlayer::ProcessVideoData size:8569 dts:315.357 pts:315.398 dur:41.000ms, clock:306.984 level:90
2021-01-16 05:29:54.392 T:3608322944 DEBUG: CAMLCodec::GetTimeSize: len:24 dl:789986 fs:789986 front:12460
2021-01-16 05:29:54.408 T:4090851344 DEBUG: Previous line repeats 2 times.
2021-01-16 05:29:54.408 T:4090851344 DEBUG: CAMLCodec::PollFrame elapsed:31.368ms
2021-01-16 05:29:54.416 T:3608322944 DEBUG: CAMLCodec::GetTimeSize: len:24 dl:789986 fs:789986 front:12460
2021-01-16 05:29:54.416 T:4090851344 DEBUG: PrepareNextRender: frameOnScreen: 307.015 renderPts: 307.140 nextFramePts: 306.932 -> diff: 0.208 render: 1 forceNext: 0
2021-01-16 05:29:54.417 T:3608322944 DEBUG: CAMLCodec::DequeueBuffer: pts:307.098 idx:34
2021-01-16 05:29:54.417 T:4090851344 DEBUG: CAMLCodec::ReleaseFrame idx:30, drop:1
2021-01-16 05:29:54.417 T:3608322944 DEBUG: CAMLCodec::GetPicture: index: 34, pts: 307.098, dur:41ms ar:1.67
2021-01-16 05:29:54.417 T:4090851344 DEBUG: CAMLCodec::ReleaseFrame idx:31, drop:1
2021-01-16 05:29:54.418 T:4090851344 DEBUG: CAMLCodec::ReleaseFrame idx:32, drop:1
2021-01-16 05:29:54.418 T:3608322944 DEBUG: CVideoPlayerVideo::OutputPicture - ttd:81ms pts:307.098 Clock:307.016 Level:0
2021-01-16 05:29:54.420 T:3608322944 DEBUG: CAMLCodec::GetTimeSize: len:24 dl:777526 fs:789986 front:12460
2021-01-16 05:29:54.420 T:3608322944 DEBUG: CAMLCodec::GetTimeSize: len:23 dl:777526 fs:777526 front:87587
2021-01-16 05:29:54.421 T:4090851344 DEBUG: CAMLCodec::ReleaseFrame idx:33, drop:0
2021-01-16 05:29:54.426 T:3608322944 DEBUG: CVideoPlayerVideo::CalcDropRequirement - hurry: 1
2021-01-16 05:29:54.426 T:3608322944 DEBUG: SetCodecControl 0->4000000
2021-01-16 05:29:54.429 T:3608322944 DEBUG: CAMLCodec::AddData: dl:870247 sum:870247 sz:92721 dts:308.141 pts:308.350 overflow:0
2021-01-16 05:29:54.429 T:3608322944 DEBUG: CAMLCodec::GetTimeSize: len:24 dl:870247 fs:870247 front:87587
2021-01-16 05:29:54.450 T:4090851344 DEBUG: Previous line repeats 3 times.
2021-01-16 05:29:54.451 T:4090851344 DEBUG: CAMLCodec::PollFrame elapsed:28.696ms
2021-01-16 05:29:54.456 T:4090851344 DEBUG: PrepareNextRender: frameOnScreen: 307.055 renderPts: 307.180 nextFramePts: 307.098 -> diff: 0.082 render: 1 forceNext: 0
2021-01-16 05:29:54.458 T:3608322944 DEBUG: CAMLCodec::GetTimeSize: len:24 dl:782660 fs:870247 front:87587
2021-01-16 05:29:54.458 T:3608322944 DEBUG: CAMLCodec::GetTimeSize: len:23 dl:782660 fs:782660 front:29248
2021-01-16 05:29:54.459 T:3608322944 DEBUG: CAMLCodec::DequeueBuffer: pts:307.140 idx:35
2021-01-16 05:29:54.460 T:3608322944 DEBUG: CAMLCodec::GetPicture: index: 35, pts: 307.140, dur:42ms ar:1.67
2021-01-16 05:29:54.460 T:3608322944 DEBUG: CVideoPlayerVideo::OutputPicture - ttd:80ms pts:307.140 Clock:307.059 Level:0
2021-01-16 05:29:54.461 T:4090851344 DEBUG: CAMLCodec::ReleaseFrame idx:34, drop:0
2021-01-16 05:29:54.463 T:3608322944 DEBUG: CAMLCodec::GetTimeSize: len:23 dl:782660 fs:782660 front:29248
2021-01-16 05:29:54.464 T:3608322944 DEBUG: CAMLCodec::DequeueBuffer: pts:307.182 idx:36
2021-01-16 05:29:54.464 T:3608322944 DEBUG: CAMLCodec::GetPicture: index: 36, pts: 307.182, dur:42ms ar:1.67
2021-01-16 05:29:54.465 T:3608322944 DEBUG: CVideoPlayerVideo::OutputPicture - ttd:118ms pts:307.182 Clock:307.064 Level:1
2021-01-16 05:29:54.466 T:3608322944 DEBUG: CAMLCodec::GetTimeSize: len:23 dl:753412 fs:782660 front:29248
2021-01-16 05:29:54.467 T:3608322944 DEBUG: CAMLCodec::GetTimeSize: len:22 dl:753412 fs:753412 front:13836
2021-01-16 05:29:54.467 T:3608322944 DEBUG: CAMLCodec::DequeueBuffer: pts:307.224 idx:37
2021-01-16 05:29:54.467 T:3608322944 DEBUG: CAMLCodec::GetPicture: index: 37, pts: 307.224, dur:42ms ar:1.67
2021-01-16 05:29:54.467 T:3608322944 DEBUG: CVideoPlayerVideo::OutputPicture - ttd:157ms pts:307.224 Clock:307.066 Level:2
2021-01-16 05:29:54.469 T:3608322944 DEBUG: CAMLCodec::GetTimeSize: len:22 dl:739576 fs:753412 front:13836
2021-01-16 05:29:54.469 T:3608322944 DEBUG: CAMLCodec::GetTimeSize: len:21 dl:739576 fs:739576 front:15175
2021-01-16 05:29:54.470 T:3608322944 DEBUG: CAMLCodec::DequeueBuffer: pts:307.265 idx:38
2021-01-16 05:29:54.470 T:3608322944 DEBUG: CAMLCodec::GetPicture: index: 38, pts: 307.265, dur:41ms ar:1.67
2021-01-16 05:29:54.471 T:3608322944 DEBUG: CVideoPlayerVideo::OutputPicture - ttd:195ms pts:307.265 Clock:307.070 Level:3
2021-01-16 05:29:54.472 T:3608322944 DEBUG: CAMLCodec::GetTimeSize: len:21 dl:724401 fs:739576 front:15175
2021-01-16 05:29:54.472 T:3608322944 DEBUG: CAMLCodec::GetTimeSize: len:20 dl:724401 fs:724401 front:12317
2021-01-16 05:29:54.477 T:3608322944 DEBUG: SetCodecControl 4000000->0
2021-01-16 05:29:54.478 T:3608322944 DEBUG: CAMLCodec::AddData: dl:757113 sum:757113 sz:32712 dts:308.183 pts:308.266 overflow:0
2021-01-16 05:29:54.478 T:3608322944 DEBUG: CAMLCodec::GetTimeSize: len:21 dl:757113 fs:757113 front:12317
2021-01-16 05:29:54.484 T:3608322944 DEBUG: CAMLCodec::AddData: dl:763229 sum:763229 sz:6116 dts:308.225 pts:308.225 overflow:0
2021-01-16 05:29:54.484 T:3608322944 DEBUG: CAMLCodec::GetTimeSize: len:22 dl:763229 fs:763229 front:12317
2021-01-16 05:29:54.490 T:3608322944 DEBUG: CAMLCodec::AddData: dl:769948 sum:769948 sz:6719 dts:308.266 pts:308.308 overflow:0
2021-01-16 05:29:54.490 T:3608322944 DEBUG: CAMLCodec::GetTimeSize: len:23 dl:769948 fs:769948 front:12317
2021-01-16 05:29:54.492 T:4090851344 DEBUG: CAMLCodec::PollFrame elapsed:30.187ms
2021-01-16 05:29:54.497 T:4090851344 DEBUG: PrepareNextRender: frameOnScreen: 307.095 renderPts: 307.220 nextFramePts: 307.140 -> diff: 0.080 render: 1 forceNext: 0
2021-01-16 05:29:54.500 T:3608322944 DEBUG: CAMLCodec::AddData: dl:839954 sum:852271 sz:82323 dts:308.308 pts:308.517 overflow:0
2021-01-16 05:29:54.500 T:3608322944 DEBUG: CAMLCodec::GetTimeSize: len:24 dl:839954 fs:852271 front:12317
2021-01-16 05:29:54.501 T:3608322944 DEBUG: CAMLCodec::GetTimeSize: len:23 dl:839954 fs:839954 front:92808
2021-01-16 05:29:54.501 T:4090851344 DEBUG: CAMLCodec::ReleaseFrame idx:35, drop:0
2021-01-16 05:29:54.501 T:3608322944 DEBUG: CAMLCodec::DequeueBuffer: pts:307.307 idx:39
2021-01-16 05:29:54.502 T:3608322944 DEBUG: CAMLCodec::GetPicture: index: 39, pts: 307.307, dur:42ms ar:1.67
2021-01-16 05:29:54.502 T:3608322944 DEBUG: CVideoPlayerVideo::OutputPicture - ttd:205ms pts:307.307 Clock:307.101 Level:3
2021-01-16 05:29:54.504 T:3608322944 DEBUG: CAMLCodec::GetTimeSize: len:23 dl:839954 fs:839954 front:92808
2021-01-16 05:29:54.509 T:3608322944 DEBUG: CAMLCodec::AddData: dl:863421 sum:863421 sz:23467 dts:308.350 pts:308.433 overflow:0
2021-01-16 05:29:54.510 T:3608322944 DEBUG: CAMLCodec::GetTimeSize: len:24 dl:863421 fs:863421 front:92808
2021-01-16 05:29:54.532 T:3746550656 DEBUG: Previous line repeats 2 times.
2021-01-16 05:29:54.532 T:3746550656 DEBUG: CCurlFile::GetMimeType - https://image.tmdb.org/t/p/original/zIrSrXU4zOArlVYnXFxxfKDYYY2.jpg -> image/jpeg
2021-01-16 05:29:54.532 T:3608322944 DEBUG: CAMLCodec::GetTimeSize: len:24 dl:863421 fs:863421 front:92808
2021-01-16 05:29:54.533 T:4090851344 DEBUG: CAMLCodec::PollFrame elapsed:31.713ms
2021-01-16 05:29:54.537 T:4090851344 DEBUG: PrepareNextRender: frameOnScreen: 307.136 renderPts: 307.261 nextFramePts: 307.182 -> diff: 0.079 render: 1 forceNext: 0
2021-01-16 05:29:54.540 T:3608322944 DEBUG: CAMLCodec::GetTimeSize: len:24 dl:770613 fs:863421 front:92808
2021-01-16 05:29:54.540 T:4090851344 DEBUG: CAMLCodec::ReleaseFrame idx:36, drop:0
2021-01-16 05:29:54.541 T:3608322944 DEBUG: CAMLCodec::GetTimeSize: len:23 dl:770613 fs:770613 front:35130
2021-01-16 05:29:54.541 T:3608322944 DEBUG: CAMLCodec::DequeueBuffer: pts:307.349 idx:40
2021-01-16 05:29:54.541 T:3608322944 DEBUG: CAMLCodec::GetPicture: index: 40, pts: 307.349, dur:42ms ar:1.67
2021-01-16 05:29:54.542 T:3608322944 DEBUG: CVideoPlayerVideo::OutputPicture - ttd:208ms pts:307.349 Clock:307.141 Level:3
2021-01-16 05:29:54.544 T:3608322944 DEBUG: CAMLCodec::GetTimeSize: len:23 dl:770613 fs:770613 front:35130
2021-01-16 05:29:54.550 T:3608322944 DEBUG: CAMLCodec::AddData: dl:776759 sum:776759 sz:6146 dts:308.391 pts:308.391 overflow:0
2021-01-16 05:29:54.550 T:3608322944 DEBUG: CAMLCodec::GetTimeSize: len:24 dl:776759 fs:776759 front:35130
2021-01-16 05:29:54.575 T:4090851344 DEBUG: Previous line repeats 3 times.
2021-01-16 05:29:54.575 T:4090851344 DEBUG: CAMLCodec::PollFrame elapsed:34.068ms
2021-01-16 05:29:54.579 T:3608322944 DEBUG: CAMLCodec::GetTimeSize: len:24 dl:776759 fs:776759 front:35130
2021-01-16 05:29:54.579 T:4090851344 DEBUG: PrepareNextRender: frameOnScreen: 307.178 renderPts: 307.303 nextFramePts: 307.224 -> diff: 0.079 render: 1 forceNext: 0
2021-01-16 05:29:54.580 T:3608322944 DEBUG: CAMLCodec::DequeueBuffer: pts:307.390 idx:41
2021-01-16 05:29:54.581 T:3608322944 DEBUG: CAMLCodec::GetPicture: index: 41, pts: 307.390, dur:41ms ar:1.67
2021-01-16 05:29:54.582 T:3608322944 DEBUG: CVideoPlayerVideo::OutputPicture - ttd:209ms pts:307.390 Clock:307.180 Level:3
2021-01-16 05:29:54.583 T:4090851344 DEBUG: CAMLCodec::ReleaseFrame idx:37, drop:0
2021-01-16 05:29:54.584 T:3608322944 DEBUG: CAMLCodec::GetTimeSize: len:24 dl:741629 fs:776759 front:35130
2021-01-16 05:29:54.584 T:3608322944 DEBUG: CAMLCodec::GetTimeSize: len:23 dl:741629 fs:741629 front:12563
2021-01-16 05:29:54.590 T:3608322944 DEBUG: CAMLCodec::AddData: dl:746966 sum:746966 sz:5337 dts:308.433 pts:308.475 overflow:0
2021-01-16 05:29:54.590 T:3608322944 DEBUG: CAMLCodec::GetTimeSize: len:24 dl:746966 fs:746966 front:12563
2021-01-16 05:29:54.599 T:3746550656 DEBUG: Previous line repeats 1 times.
2021-01-16 05:29:54.599 T:3746550656 DEBUG: CCurlFile::GetMimeType - https://image.tmdb.org/t/p/original/3z3TxpfUwG7MWIXbx58zJNgxWg7.jpg -> image/jpeg
2021-01-16 05:29:54.603 T:3608322944 DEBUG: CAMLCodec::GetTimeSize: len:24 dl:746966 fs:746966 front:12563
2021-01-16 05:29:54.617 T:4090851344 DEBUG: Previous line repeats 2 times.
2021-01-16 05:29:54.617 T:4090851344 DEBUG: CAMLCodec::PollFrame elapsed:32.655ms
2021-01-16 05:29:54.622 T:4090851344 DEBUG: PrepareNextRender: frameOnScreen: 307.221 renderPts: 307.346 nextFramePts: 307.265 -> diff: 0.081 render: 1 forceNext: 0
2021-01-16 05:29:54.624 T:3608322944 DEBUG: CAMLCodec::GetTimeSize: len:24 dl:734403 fs:746966 front:12563
2021-01-16 05:29:54.626 T:3608322944 DEBUG: CAMLCodec::GetTimeSize: len:23 dl:734403 fs:734403 front:11623
2021-01-16 05:29:54.626 T:4090851344 DEBUG: CAMLCodec::ReleaseFrame idx:38, drop:0
2021-01-16 05:29:54.627 T:3608322944 DEBUG: CAMLCodec::DequeueBuffer: pts:307.432 idx:42
2021-01-16 05:29:54.627 T:3608322944 DEBUG: CAMLCodec::GetPicture: index: 42, pts: 307.432, dur:42ms ar:1.67
2021-01-16 05:29:54.627 T:3608322944 DEBUG: CVideoPlayerVideo::OutputPicture - ttd:205ms pts:307.432 Clock:307.226 Level:3
2021-01-16 05:29:54.629 T:3608322944 DEBUG: CAMLCodec::GetTimeSize: len:23 dl:734403 fs:734403 front:11623
2021-01-16 05:29:54.636 T:3581182848 DEBUG: CVideoPlayer::ProcessVideoData size:74200 dts:315.398 pts:315.732 dur:41.000ms, clock:307.235 level:86
2021-01-16 05:29:54.637 T:3608322944 DEBUG: CAMLCodec::AddData: dl:811990 sum:811990 sz:77587 dts:308.475 pts:308.725 overflow:0
2021-01-16 05:29:54.637 T:3608322944 DEBUG: CAMLCodec::GetTimeSize: len:24 dl:811990 fs:811990 front:11623
2021-01-16 05:29:54.638 T:3581182848 DEBUG: CVideoPlayer::ProcessVideoData size:12539 dts:315.440 pts:315.607 dur:41.000ms, clock:307.237 level:87
2021-01-16 05:29:54.638 T:3581182848 DEBUG: CVideoPlayer::ProcessVideoData size:8848 dts:315.482 pts:315.482 dur:41.000ms, clock:307.237 level:87
2021-01-16 05:29:54.639 T:3581182848 DEBUG: CVideoPlayer::ProcessVideoData size:8079 dts:315.524 pts:315.524 dur:41.000ms, clock:307.238 level:88
2021-01-16 05:29:54.640 T:3581182848 DEBUG: CVideoPlayer::ProcessVideoData size:5302 dts:315.565 pts:315.565 dur:41.000ms, clock:307.239 level:88
2021-01-16 05:29:54.641 T:3581182848 DEBUG: CVideoPlayer::ProcessVideoData size:3482 dts:315.607 pts:315.649 dur:41.000ms, clock:307.240 level:89
2021-01-16 05:29:54.642 T:3581182848 DEBUG: CVideoPlayer::ProcessVideoData size:6020 dts:315.649 pts:315.690 dur:41.000ms, clock:307.240 level:89
2021-01-16 05:29:54.644 T:3608322944 DEBUG: CAMLCodec::GetTimeSize: len:24 dl:811990 fs:811990 front:11623
2021-01-16 05:29:54.659 T:4090851344 DEBUG: Previous line repeats 2 times.
2021-01-16 05:29:54.659 T:4090851344 DEBUG: CAMLCodec::PollFrame elapsed:31.645ms
2021-01-16 05:29:54.664 T:4090851344 DEBUG: PrepareNextRender: frameOnScreen: 307.262 renderPts: 307.387 nextFramePts: 307.307 -> diff: 0.080 render: 1 forceNext: 0
2021-01-16 05:29:54.666 T:3746550656 DEBUG: CCurlFile::GetMimeType - https://image.tmdb.org/t/p/original/siGoOvAqTTyojNHpfR8wilIoBjf.jpg -> image/jpeg
2021-01-16 05:29:54.667 T:4090851344 DEBUG: CAMLCodec::ReleaseFrame idx:39, drop:0
2021-01-16 05:29:54.667 T:3608322944 DEBUG: CAMLCodec::GetTimeSize: len:24 dl:800367 fs:811990 front:11623
2021-01-16 05:29:54.668 T:3608322944 DEBUG: CAMLCodec::GetTimeSize: len:23 dl:800367 fs:800367 front:84387
2021-01-16 05:29:54.668 T:3608322944 DEBUG: CAMLCodec::DequeueBuffer: pts:307.474 idx:43
2021-01-16 05:29:54.669 T:3608322944 DEBUG: CAMLCodec::GetPicture: index: 43, pts: 307.474, dur:42ms ar:1.67
2021-01-16 05:29:54.669 T:3608322944 DEBUG: CVideoPlayerVideo::OutputPicture - ttd:206ms pts:307.474 Clock:307.268 Level:3
2021-01-16 05:29:54.670 T:3608322944 DEBUG: CAMLCodec::GetTimeSize: len:23 dl:800367 fs:800367 front:84387
2021-01-16 05:29:54.676 T:3608322944 DEBUG: CAMLCodec::AddData: dl:822044 sum:822044 sz:21677 dts:308.517 pts:308.642 overflow:0
2021-01-16 05:29:54.677 T:3608322944 DEBUG: CAMLCodec::GetTimeSize: len:24 dl:822044 fs:822044 front:84387
2021-01-16 05:29:54.701 T:4090851344 DEBUG: Previous line repeats 3 times.
2021-01-16 05:29:54.701 T:4090851344 DEBUG: CAMLCodec::PollFrame elapsed:33.233ms
2021-01-16 05:29:54.705 T:4090851344 DEBUG: PrepareNextRender: frameOnScreen: 307.303 renderPts: 307.428 nextFramePts: 307.349 -> diff: 0.079 render: 1 forceNext: 0
2021-01-16 05:29:54.706 T:3608322944 DEBUG: CAMLCodec::GetTimeSize: len:24 dl:737657 fs:822044 front:84387
2021-01-16 05:29:54.706 T:3608322944 DEBUG: CAMLCodec::GetTimeSize: len:23 dl:737657 fs:737657 front:29221
2021-01-16 05:29:54.706 T:3608322944 DEBUG: CAMLCodec::DequeueBuffer: pts:307.516 idx:44
2021-01-16 05:29:54.707 T:3608322944 DEBUG: CAMLCodec::GetPicture: index: 44, pts: 307.516, dur:42ms ar:1.67
2021-01-16 05:29:54.707 T:3608322944 DEBUG: CVideoPlayerVideo::OutputPicture - ttd:209ms pts:307.516 Clock:307.306 Level:3
2021-01-16 05:29:54.708 T:4090851344 DEBUG: CAMLCodec::ReleaseFrame idx:40, drop:0
2021-01-16 05:29:54.709 T:3608322944 DEBUG: CAMLCodec::GetTimeSize: len:23 dl:737657 fs:737657 front:29221
2021-01-16 05:29:54.715 T:3608322944 DEBUG: CAMLCodec::AddData: dl:744399 sum:744399 sz:6742 dts:308.558 pts:308.558 overflow:0
2021-01-16 05:29:54.715 T:3608322944 DEBUG: CAMLCodec::GetTimeSize: len:24 dl:744399 fs:744399 front:29221
2021-01-16 05:29:54.742 T:4090851344 DEBUG: Previous line repeats 4 times.
2021-01-16 05:29:54.742 T:4090851344 DEBUG: CAMLCodec::PollFrame elapsed:33.711ms
2021-01-16 05:29:54.748 T:4090851344 DEBUG: PrepareNextRender: frameOnScreen: 307.346 renderPts: 307.471 nextFramePts: 307.390 -> diff: 0.081 render: 1 forceNext: 0
2021-01-16 05:29:54.749 T:3608322944 DEBUG: CAMLCodec::GetTimeSize: len:24 dl:715178 fs:744399 front:29221
2021-01-16 05:29:54.749 T:3608322944 DEBUG: CAMLCodec::GetTimeSize: len:23 dl:715178 fs:715178 front:12119
2021-01-16 05:29:54.750 T:3608322944 DEBUG: CAMLCodec::DequeueBuffer: pts:307.557 idx:45
2021-01-16 05:29:54.751 T:3746550656 DEBUG: CCurlFile::GetMimeType - https://image.tmdb.org/t/p/original/6OBLxmCseaeLwpKO9wN3oqPMDHQ.jpg -> image/jpeg
2021-01-16 05:29:54.751 T:3608322944 DEBUG: CAMLCodec::GetPicture: index: 45, pts: 307.557, dur:41ms ar:1.67
2021-01-16 05:29:54.752 T:3608322944 DEBUG: CVideoPlayerVideo::OutputPicture - ttd:206ms pts:307.557 Clock:307.351 Level:3
2021-01-16 05:29:54.752 T:4090851344 DEBUG: CAMLCodec::ReleaseFrame idx:41, drop:0
2021-01-16 05:29:54.753 T:3608322944 DEBUG: CAMLCodec::GetTimeSize: len:23 dl:715178 fs:715178 front:12119
2021-01-16 05:29:54.759 T:3608322944 DEBUG: CAMLCodec::AddData: dl:723022 sum:723022 sz:7844 dts:308.600 pts:308.600 overflow:0
2021-01-16 05:29:54.759 T:3608322944 DEBUG: CAMLCodec::GetTimeSize: len:24 dl:723022 fs:723022 front:12119
2021-01-16 05:29:54.780 T:3746550656 DEBUG: Previous line repeats 3 times.
2021-01-16 05:29:54.780 T:3746550656 DEBUG: CRecentlyAddedJob::UpdateTotal() - Running RecentlyAdded home screen update
2021-01-16 05:29:54.784 T:4090851344 DEBUG: CAMLCodec::PollFrame elapsed:31.387ms
2021-01-16 05:29:54.789 T:3608322944 DEBUG: CAMLCodec::GetTimeSize: len:24 dl:710903 fs:723022 front:12119
2021-01-16 05:29:54.790 T:3608322944 DEBUG: CAMLCodec::GetTimeSize: len:23 dl:710903 fs:710903 front:6567
2021-01-16 05:29:54.790 T:4090851344 DEBUG: PrepareNextRender: frameOnScreen: 307.389 renderPts: 307.514 nextFramePts: 307.432 -> diff: 0.082 render: 1 forceNext: 0
2021-01-16 05:29:54.791 T:3608322944 DEBUG: CAMLCodec::DequeueBuffer: pts:307.599 idx:46
2021-01-16 05:29:54.793 T:3608322944 DEBUG: CAMLCodec::GetPicture: index: 46, pts: 307.599, dur:42ms ar:1.67
2021-01-16 05:29:54.793 T:3608322944 DEBUG: CVideoPlayerVideo::OutputPicture - ttd:207ms pts:307.599 Clock:307.392 Level:3
2021-01-16 05:29:54.793 T:4090851344 DEBUG: CAMLCodec::ReleaseFrame idx:42, drop:0
2021-01-16 05:29:54.795 T:3608322944 DEBUG: CAMLCodec::GetTimeSize: len:23 dl:710903 fs:710903 front:6567
2021-01-16 05:29:54.800 T:3608322944 DEBUG: CAMLCodec::AddData: dl:715216 sum:715216 sz:4313 dts:308.642 pts:308.683 overflow:0
2021-01-16 05:29:54.801 T:3608322944 DEBUG: CAMLCodec::GetTimeSize: len:24 dl:715216 fs:715216 front:6567
2021-01-16 05:29:54.802 T:3746550656 DEBUG: GetArtistsByWhere query: SELECT COUNT(DISTINCT artistview.idArtist) FROM artistview WHERE (EXISTS (SELECT 1 FROM song_artist WHERE song_artist.idArtist = artistview.idArtist AND song_artist.idRole = 1) OR EXISTS (SELECT 1 FROM album_artist WHERE album_artist.idArtist = artistview.idArtist)) AND (artistview.strArtist != '')
2021-01-16 05:29:54.807 T:3608322944 DEBUG: CAMLCodec::GetTimeSize: len:24 dl:715216 fs:715216 front:6567
2021-01-16 05:29:54.825 T:4090851344 DEBUG: Previous line repeats 2 times.
2021-01-16 05:29:54.826 T:4090851344 DEBUG: CAMLCodec::PollFrame elapsed:31.153ms
2021-01-16 05:29:54.828 T:3608322944 DEBUG: CAMLCodec::GetTimeSize: len:24 dl:715216 fs:715216 front:6567
2021-01-16 05:29:54.830 T:3608322944 DEBUG: CAMLCodec::DequeueBuffer: pts:307.641 idx:47
2021-01-16 05:29:54.831 T:3608322944 DEBUG: CAMLCodec::GetPicture: index: 47, pts: 307.641, dur:42ms ar:1.67
2021-01-16 05:29:54.832 T:4090851344 DEBUG: PrepareNextRender: frameOnScreen: 307.431 renderPts: 307.556 nextFramePts: 307.474 -> diff: 0.082 render: 1 forceNext: 0
2021-01-16 05:29:54.833 T:3608322944 DEBUG: CVideoPlayerVideo::OutputPicture - ttd:210ms pts:307.641 Clock:307.431 Level:3
2021-01-16 05:29:54.835 T:3608322944 DEBUG: CAMLCodec::GetTimeSize: len:24 dl:708649 fs:715216 front:6567
2021-01-16 05:29:54.836 T:4090851344 DEBUG: CAMLCodec::ReleaseFrame idx:43, drop:0
2021-01-16 05:29:54.836 T:3608322944 DEBUG: CAMLCodec::GetTimeSize: len:23 dl:708649 fs:708649 front:85191
2021-01-16 05:29:54.845 T:3608322944 DEBUG: CAMLCodec::AddData: dl:765798 sum:765798 sz:57149 dts:308.683 pts:308.808 overflow:0
2021-01-16 05:29:54.845 T:3608322944 DEBUG: CAMLCodec::GetTimeSize: len:24 dl:765798 fs:765798 front:85191
2021-01-16 05:29:54.867 T:4090851344 DEBUG: Previous line repeats 3 times.
2021-01-16 05:29:54.867 T:4090851344 DEBUG: CAMLCodec::PollFrame elapsed:30.566ms
2021-01-16 05:29:54.873 T:4090851344 DEBUG: PrepareNextRender: frameOnScreen: 307.472 renderPts: 307.597 nextFramePts: 307.516 -> diff: 0.081 render: 1 forceNext: 0
2021-01-16 05:29:54.874 T:3608322944 DEBUG: CAMLCodec::GetTimeSize: len:24 dl:680607 fs:765798 front:85191
2021-01-16 05:29:54.875 T:3608322944 DEBUG: CAMLCodec::GetTimeSize: len:23 dl:680607 fs:680607 front:28380
2021-01-16 05:29:54.875 T:3608322944 DEBUG: CAMLCodec::DequeueBuffer: pts:307.682 idx:48
2021-01-16 05:29:54.876 T:3608322944 DEBUG: CAMLCodec::GetPicture: index: 48, pts: 307.682, dur:41ms ar:1.67
2021-01-16 05:29:54.876 T:3608322944 DEBUG: CVideoPlayerVideo::OutputPicture - ttd:206ms pts:307.682 Clock:307.475 Level:3
2021-01-16 05:29:54.877 T:4090851344 DEBUG: CAMLCodec::ReleaseFrame idx:44, drop:0
2021-01-16 05:29:54.878 T:3608322944 DEBUG: CAMLCodec::GetTimeSize: len:23 dl:680607 fs:680607 front:28380
2021-01-16 05:29:54.883 T:3608322944 DEBUG: CAMLCodec::AddData: dl:684797 sum:684797 sz:4190 dts:308.725 pts:308.767 overflow:0
2021-01-16 05:29:54.884 T:3608322944 DEBUG: CAMLCodec::GetTimeSize: len:24 dl:684797 fs:684797 front:28380
2021-01-16 05:29:54.893 T:3581182848 DEBUG: Previous line repeats 1 times.
2021-01-16 05:29:54.893 T:3581182848 DEBUG: CVideoPlayer::ProcessVideoData size:81694 dts:315.690 pts:316.024 dur:41.000ms, clock:307.492 level:87
2021-01-16 05:29:54.895 T:3581182848 DEBUG: CVideoPlayer::ProcessVideoData size:18167 dts:315.732 pts:315.899 dur:41.000ms, clock:307.494 level:87
2021-01-16 05:29:54.897 T:3581182848 DEBUG: CVideoPlayer::ProcessVideoData size:8932 dts:315.774 pts:315.774 dur:41.000ms, clock:307.495 level:88
2021-01-16 05:29:54.897 T:3581182848 DEBUG: CVideoPlayer::ProcessVideoData size:6531 dts:315.815 pts:315.815 dur:41.000ms, clock:307.496 level:88
2021-01-16 05:29:54.899 T:3581182848 DEBUG: CVideoPlayer::ProcessVideoData size:6429 dts:315.857 pts:315.857 dur:41.000ms, clock:307.498 level:89
2021-01-16 05:29:54.899 T:3608322944 DEBUG: CAMLCodec::GetTimeSize: len:24 dl:684797 fs:684797 front:28380
2021-01-16 05:29:54.900 T:3581182848 DEBUG: CVideoPlayer::ProcessVideoData size:5649 dts:315.899 pts:315.941 dur:41.000ms, clock:307.499 level:89
2021-01-16 05:29:54.901 T:3581182848 DEBUG: CVideoPlayer::ProcessVideoData size:4669 dts:315.941 pts:315.982 dur:41.000ms, clock:307.500 level:90
2021-01-16 05:29:54.906 T:3608322944 DEBUG: CAMLCodec::GetTimeSize: len:24 dl:684797 fs:684797 front:28380
2021-01-16 05:29:54.909 T:4090851344 DEBUG: CAMLCodec::PollFrame elapsed:31.118ms
2021-01-16 05:29:54.914 T:4090851344 DEBUG: PrepareNextRender: frameOnScreen: 307.512 renderPts: 307.637 nextFramePts: 307.557 -> diff: 0.080 render: 1 forceNext: 0
2021-01-16 05:29:54.915 T:3608322944 DEBUG: CAMLCodec::GetTimeSize: len:24 dl:684797 fs:684797 front:28380
2021-01-16 05:29:54.917 T:3608322944 DEBUG: CAMLCodec::DequeueBuffer: pts:307.724 idx:49
2021-01-16 05:29:54.918 T:3608322944 DEBUG: CAMLCodec::GetPicture: index: 49, pts: 307.724, dur:42ms ar:1.67
2021-01-16 05:29:54.919 T:4090851344 DEBUG: CAMLCodec::ReleaseFrame idx:45, drop:0
2021-01-16 05:29:54.920 T:3608322944 DEBUG: CVideoPlayerVideo::OutputPicture - ttd:206ms pts:307.724 Clock:307.517 Level:3
2021-01-16 05:29:54.922 T:3608322944 DEBUG: CAMLCodec::GetTimeSize: len:24 dl:656417 fs:684797 front:28380
2021-01-16 05:29:54.922 T:3608322944 DEBUG: CAMLCodec::GetTimeSize: len:23 dl:656417 fs:656417 front:8808
2021-01-16 05:29:54.930 T:3608322944 DEBUG: CAMLCodec::AddData: dl:739074 sum:739074 sz:82657 dts:308.767 pts:308.975 overflow:0
2021-01-16 05:29:54.930 T:3608322944 DEBUG: CAMLCodec::GetTimeSize: len:24 dl:739074 fs:739074 front:8808
2021-01-16 05:29:54.951 T:4090851344 DEBUG: Previous line repeats 3 times.
2021-01-16 05:29:54.951 T:4090851344 DEBUG: CAMLCodec::PollFrame elapsed:30.379ms
2021-01-16 05:29:54.956 T:4090851344 DEBUG: PrepareNextRender: frameOnScreen: 307.555 renderPts: 307.680 nextFramePts: 307.599 -> diff: 0.081 render: 1 forceNext: 0
2021-01-16 05:29:54.958 T:3608322944 DEBUG: CAMLCodec::GetTimeSize: len:24 dl:730266 fs:739074 front:8808
2021-01-16 05:29:54.958 T:3608322944 DEBUG: CAMLCodec::GetTimeSize: len:23 dl:730266 fs:730266 front:6175
2021-01-16 05:29:54.959 T:3608322944 DEBUG: CAMLCodec::DequeueBuffer: pts:307.766 idx:50
2021-01-16 05:29:54.960 T:4090851344 DEBUG: CAMLCodec::ReleaseFrame idx:46, drop:0
2021-01-16 05:29:54.960 T:3608322944 DEBUG: CAMLCodec::GetPicture: index: 50, pts: 307.766, dur:42ms ar:1.67
2021-01-16 05:29:54.961 T:3608322944 DEBUG: CVideoPlayerVideo::OutputPicture - ttd:206ms pts:307.766 Clock:307.559 Level:3
2021-01-16 05:29:54.962 T:3608322944 DEBUG: CAMLCodec::GetTimeSize: len:23 dl:730266 fs:730266 front:6175
2021-01-16 05:29:54.968 T:3608322944 DEBUG: CAMLCodec::AddData: dl:753340 sum:753340 sz:23074 dts:308.808 pts:308.892 overflow:0
2021-01-16 05:29:54.968 T:3608322944 DEBUG: CAMLCodec::GetTimeSize: len:24 dl:753340 fs:753340 front:6175
2021-01-16 05:29:54.992 T:4090851344 DEBUG: Previous line repeats 3 times.
2021-01-16 05:29:54.992 T:4090851344 DEBUG: CAMLCodec::PollFrame elapsed:31.661ms
2021-01-16 05:29:54.999 T:4090851344 DEBUG: PrepareNextRender: frameOnScreen: 307.597 renderPts: 307.722 nextFramePts: 307.641 -> diff: 0.081 render: 1 forceNext: 0
2021-01-16 05:29:54.999 T:3608322944 DEBUG: CAMLCodec::GetTimeSize: len:24 dl:753340 fs:753340 front:6175
2021-01-16 05:29:55.000 T:3608322944 DEBUG: CAMLCodec::DequeueBuffer: pts:307.807 idx:51
2021-01-16 05:29:55.000 T:3608322944 DEBUG: CAMLCodec::GetPicture: index: 51, pts: 307.807, dur:41ms ar:1.67
2021-01-16 05:29:55.001 T:3608322944 DEBUG: CVideoPlayerVideo::OutputPicture - ttd:207ms pts:307.807 Clock:307.599 Level:3
2021-01-16 05:29:55.002 T:4090851344 DEBUG: CAMLCodec::ReleaseFrame idx:47, drop:0
2021-01-16 05:29:55.003 T:3608322944 DEBUG: CAMLCodec::GetTimeSize: len:24 dl:747165 fs:753340 front:6175
2021-01-16 05:29:55.004 T:3608322944 DEBUG: CAMLCodec::GetTimeSize: len:23 dl:747165 fs:747165 front:78554
2021-01-16 05:29:55.009 T:3608322944 DEBUG: CAMLCodec::AddData: dl:751346 sum:751346 sz:4181 dts:308.850 pts:308.850 overflow:0
2021-01-16 05:29:55.010 T:3608322944 DEBUG: CAMLCodec::GetTimeSize: len:24 dl:751346 fs:751346 front:78554
2021-01-16 05:29:55.034 T:4090851344 DEBUG: Previous line repeats 3 times.
2021-01-16 05:29:55.035 T:4090851344 DEBUG: CAMLCodec::PollFrame elapsed:31.489ms
2021-01-16 05:29:55.037 T:3608322944 DEBUG: CAMLCodec::GetTimeSize: len:24 dl:751346 fs:751346 front:78554
2021-01-16 05:29:55.038 T:3608322944 DEBUG: CAMLCodec::DequeueBuffer: pts:307.849 idx:52
2021-01-16 05:29:55.039 T:3608322944 DEBUG: CAMLCodec::GetPicture: index: 52, pts: 307.849, dur:42ms ar:1.67
2021-01-16 05:29:55.040 T:4090851344 DEBUG: PrepareNextRender: frameOnScreen: 307.639 renderPts: 307.764 nextFramePts: 307.682 -> diff: 0.082 render: 1 forceNext: 0
2021-01-16 05:29:55.041 T:3608322944 DEBUG: CVideoPlayerVideo::OutputPicture - ttd:210ms pts:307.849 Clock:307.639 Level:3
2021-01-16 05:29:55.043 T:3608322944 DEBUG: CAMLCodec::GetTimeSize: len:24 dl:672792 fs:751346 front:78554
2021-01-16 05:29:55.043 T:3608322944 DEBUG: CAMLCodec::GetTimeSize: len:23 dl:672792 fs:672792 front:5403
2021-01-16 05:29:55.043 T:4090851344 DEBUG: CAMLCodec::ReleaseFrame idx:48, drop:0
2021-01-16 05:29:55.049 T:3608322944 DEBUG: CAMLCodec::AddData: dl:680906 sum:680906 sz:8114 dts:308.892 pts:308.934 overflow:0
2021-01-16 05:29:55.049 T:3608322944 DEBUG: CAMLCodec::GetTimeSize: len:24 dl:680906 fs:680906 front:5403
2021-01-16 05:29:55.075 T:4090851344 DEBUG: Previous line repeats 4 times.
2021-01-16 05:29:55.076 T:4090851344 DEBUG: CAMLCodec::PollFrame elapsed:31.637ms
2021-01-16 05:29:55.081 T:4090851344 DEBUG: PrepareNextRender: frameOnScreen: 307.679 renderPts: 307.805 nextFramePts: 307.724 -> diff: 0.081 render: 1 forceNext: 0
2021-01-16 05:29:55.084 T:3608322944 DEBUG: CAMLCodec::GetTimeSize: len:24 dl:675503 fs:680906 front:5403
2021-01-16 05:29:55.085 T:3608322944 DEBUG: CAMLCodec::GetTimeSize: len:23 dl:675503 fs:675503 front:86978
2021-01-16 05:29:55.085 T:4090851344 DEBUG: CAMLCodec::ReleaseFrame idx:49, drop:0
2021-01-16 05:29:55.086 T:3608322944 DEBUG: CAMLCodec::DequeueBuffer: pts:307.891 idx:53
2021-01-16 05:29:55.087 T:3608322944 DEBUG: CAMLCodec::GetPicture: index: 53, pts: 307.891, dur:42ms ar:1.67
2021-01-16 05:29:55.087 T:3608322944 DEBUG: CVideoPlayerVideo::OutputPicture - ttd:204ms pts:307.891 Clock:307.686 Level:3
2021-01-16 05:29:55.089 T:3608322944 DEBUG: CAMLCodec::GetTimeSize: len:23 dl:675503 fs:675503 front:86978
2021-01-16 05:29:55.097 T:3608322944 DEBUG: CAMLCodec::AddData: dl:761039 sum:761039 sz:85536 dts:308.934 pts:309.142 overflow:0
2021-01-16 05:29:55.097 T:3608322944 DEBUG: CAMLCodec::GetTimeSize: len:24 dl:761039 fs:761039 front:86978
2021-01-16 05:29:55.117 T:4090851344 DEBUG: Previous line repeats 3 times.
2021-01-16 05:29:55.117 T:4090851344 DEBUG: CAMLCodec::PollFrame elapsed:31.532ms
2021-01-16 05:29:55.122 T:4090851344 DEBUG: PrepareNextRender: frameOnScreen: 307.721 renderPts: 307.846 nextFramePts: 307.766 -> diff: 0.080 render: 1 forceNext: 0
2021-01-16 05:29:55.125 T:4090851344 DEBUG: CAMLCodec::ReleaseFrame idx:50, drop:0
2021-01-16 05:29:55.126 T:3608322944 DEBUG: CAMLCodec::GetTimeSize: len:24 dl:674061 fs:761039 front:86978
2021-01-16 05:29:55.127 T:3608322944 DEBUG: CAMLCodec::GetTimeSize: len:23 dl:674061 fs:674061 front:24854
2021-01-16 05:29:55.127 T:3608322944 DEBUG: CAMLCodec::DequeueBuffer: pts:307.933 idx:54
2021-01-16 05:29:55.127 T:3608322944 DEBUG: CAMLCodec::GetPicture: index: 54, pts: 307.933, dur:42ms ar:1.67
2021-01-16 05:29:55.128 T:3608322944 DEBUG: CVideoPlayerVideo::OutputPicture - ttd:206ms pts:307.933 Clock:307.727 Level:3
2021-01-16 05:29:55.129 T:3608322944 DEBUG: CAMLCodec::GetTimeSize: len:23 dl:674061 fs:674061 front:24854
2021-01-16 05:29:55.135 T:3608322944 DEBUG: CAMLCodec::AddData: dl:704981 sum:704981 sz:30920 dts:308.975 pts:309.059 overflow:0
2021-01-16 05:29:55.135 T:3608322944 DEBUG: CAMLCodec::GetTimeSize: len:24 dl:704981 fs:704981 front:24854
2021-01-16 05:29:55.152 T:3581182848 DEBUG: Previous line repeats 2 times.
2021-01-16 05:29:55.152 T:3581182848 DEBUG: CVideoPlayer::ProcessVideoData size:78133 dts:315.982 pts:316.316 dur:41.000ms, clock:307.751 level:87
2021-01-16 05:29:55.153 T:3581182848 DEBUG: CVideoPlayer::ProcessVideoData size:15896 dts:316.024 pts:316.191 dur:41.000ms, clock:307.752 level:88
2021-01-16 05:29:55.153 T:3581182848 DEBUG: CVideoPlayer::ProcessVideoData size:4741 dts:316.066 pts:316.066 dur:41.000ms, clock:307.752 level:88
2021-01-16 05:29:55.154 T:3581182848 DEBUG: CVideoPlayer::ProcessVideoData size:6245 dts:316.107 pts:316.107 dur:41.000ms, clock:307.753 level:89
2021-01-16 05:29:55.155 T:3581182848 DEBUG: CVideoPlayer::ProcessVideoData size:8933 dts:316.149 pts:316.149 dur:41.000ms, clock:307.754 level:89
2021-01-16 05:29:55.156 T:3581182848 DEBUG: CVideoPlayer::ProcessVideoData size:7064 dts:316.191 pts:316.233 dur:41.000ms, clock:307.755 level:90
2021-01-16 05:29:55.157 T:3581182848 DEBUG: CVideoPlayer::ProcessVideoData size:7842 dts:316.233 pts:316.274 dur:41.000ms, clock:307.756 level:90
2021-01-16 05:29:55.159 T:4090851344 DEBUG: CAMLCodec::PollFrame elapsed:32.863ms
2021-01-16 05:29:55.161 T:3608322944 DEBUG: CAMLCodec::GetTimeSize: len:24 dl:704981 fs:704981 front:24854
2021-01-16 05:29:55.164 T:4090851344 DEBUG: PrepareNextRender: frameOnScreen: 307.760 renderPts: 307.885 nextFramePts: 307.807 -> diff: 0.078 render: 1 forceNext: 0
2021-01-16 05:29:55.167 T:3608322944 DEBUG: CAMLCodec::DequeueBuffer: pts:307.974 idx:55
2021-01-16 05:29:55.167 T:3608322944 DEBUG: CAMLCodec::GetPicture: index: 55, pts: 307.974, dur:41ms ar:1.67
2021-01-16 05:29:55.168 T:3608322944 DEBUG: CVideoPlayerVideo::OutputPicture - ttd:207ms pts:307.974 Clock:307.767 Level:3
2021-01-16 05:29:55.169 T:4090851344 DEBUG: CAMLCodec::ReleaseFrame idx:51, drop:0
2021-01-16 05:29:55.169 T:3608322944 DEBUG: CAMLCodec::GetTimeSize: len:24 dl:680127 fs:704981 front:24854
2021-01-16 05:29:55.170 T:3608322944 DEBUG: CAMLCodec::GetTimeSize: len:23 dl:680127 fs:680127 front:4931
2021-01-16 05:29:55.175 T:3608322944 DEBUG: CAMLCodec::AddData: dl:687774 sum:687774 sz:7647 dts:309.017 pts:309.017 overflow:0
2021-01-16 05:29:55.175 T:3608322944 DEBUG: CAMLCodec::GetTimeSize: len:24 dl:687774 fs:687774 front:4931
2021-01-16 05:29:55.201 T:4090851344 DEBUG: Previous line repeats 3 times.
2021-01-16 05:29:55.201 T:4090851344 DEBUG: CAMLCodec::PollFrame elapsed:31.090ms
2021-01-16 05:29:55.203 T:3608322944 DEBUG: CAMLCodec::GetTimeSize: len:24 dl:687774 fs:687774 front:4931
2021-01-16 05:29:55.204 T:3608322944 DEBUG: CAMLCodec::DequeueBuffer: pts:308.016 idx:56
2021-01-16 05:29:55.205 T:3608322944 DEBUG: CAMLCodec::GetPicture: index: 56, pts: 308.016, dur:42ms ar:1.67
2021-01-16 05:29:55.205 T:4090851344 DEBUG: PrepareNextRender: frameOnScreen: 307.804 renderPts: 307.929 nextFramePts: 307.849 -> diff: 0.080 render: 1 forceNext: 0
2021-01-16 05:29:55.206 T:3608322944 DEBUG: CVideoPlayerVideo::OutputPicture - ttd:211ms pts:308.016 Clock:307.804 Level:3
2021-01-16 05:29:55.208 T:3608322944 DEBUG: CAMLCodec::GetTimeSize: len:24 dl:687774 fs:687774 front:4931
2021-01-16 05:29:55.210 T:4090851344 DEBUG: CAMLCodec::ReleaseFrame idx:52, drop:0
2021-01-16 05:29:55.215 T:3608322944 DEBUG: CAMLCodec::GetTimeSize: len:24 dl:682843 fs:687774 front:4931
2021-01-16 05:29:55.215 T:3608322944 DEBUG: CAMLCodec::GetTimeSize: len:23 dl:682843 fs:682843 front:5671
2021-01-16 05:29:55.221 T:3608322944 DEBUG: CAMLCodec::AddData: dl:690139 sum:690139 sz:7296 dts:309.059 pts:309.100 overflow:0
2021-01-16 05:29:55.221 T:3608322944 DEBUG: CAMLCodec::GetTimeSize: len:24 dl:690139 fs:690139 front:5671
2021-01-16 05:29:55.243 T:4090851344 DEBUG: Previous line repeats 3 times.
2021-01-16 05:29:55.243 T:4090851344 DEBUG: CAMLCodec::PollFrame elapsed:32.507ms
2021-01-16 05:29:55.249 T:3608322944 DEBUG: CAMLCodec::GetTimeSize: len:24 dl:684468 fs:690139 front:5671
2021-01-16 05:29:55.249 T:4090851344 DEBUG: PrepareNextRender: frameOnScreen: 307.847 renderPts: 307.972 nextFramePts: 307.891 -> diff: 0.081 render: 1 forceNext: 0
2021-01-16 05:29:55.250 T:3608322944 DEBUG: CAMLCodec::GetTimeSize: len:23 dl:684468 fs:684468 front:92721
2021-01-16 05:29:55.251 T:3608322944 DEBUG: CAMLCodec::DequeueBuffer: pts:308.058 idx:57
2021-01-16 05:29:55.251 T:3608322944 DEBUG: CAMLCodec::GetPicture: index: 57, pts: 308.058, dur:42ms ar:1.67
2021-01-16 05:29:55.252 T:3608322944 DEBUG: CVideoPlayerVideo::OutputPicture - ttd:207ms pts:308.058 Clock:307.851 Level:3
2021-01-16 05:29:55.253 T:3608322944 DEBUG: CAMLCodec::GetTimeSize: len:23 dl:684468 fs:684468 front:92721
2021-01-16 05:29:55.255 T:4090851344 DEBUG: CAMLCodec::ReleaseFrame idx:53, drop:0
2021-01-16 05:29:55.261 T:3608322944 DEBUG: CAMLCodec::AddData: dl:768512 sum:768512 sz:84044 dts:309.100 pts:309.309 overflow:0
2021-01-16 05:29:55.262 T:3608322944 DEBUG: CAMLCodec::GetTimeSize: len:24 dl:768512 fs:768512 front:92721
2021-01-16 05:29:55.284 T:4090851344 DEBUG: Previous line repeats 3 times.
2021-01-16 05:29:55.284 T:4090851344 DEBUG: CAMLCodec::PollFrame elapsed:28.949ms
2021-01-16 05:29:55.289 T:3608322944 DEBUG: CAMLCodec::GetTimeSize: len:24 dl:768512 fs:768512 front:92721
2021-01-16 05:29:55.290 T:4090851344 DEBUG: PrepareNextRender: frameOnScreen: 307.888 renderPts: 308.013 nextFramePts: 307.933 -> diff: 0.080 render: 1 forceNext: 0
2021-01-16 05:29:55.290 T:3608322944 DEBUG: CAMLCodec::DequeueBuffer: pts:308.099 idx:58
2021-01-16 05:29:55.291 T:3608322944 DEBUG: CAMLCodec::GetPicture: index: 58, pts: 308.099, dur:41ms ar:1.67
2021-01-16 05:29:55.292 T:3608322944 DEBUG: CVideoPlayerVideo::OutputPicture - ttd:208ms pts:308.099 Clock:307.891 Level:3
2021-01-16 05:29:55.294 T:4090851344 DEBUG: CAMLCodec::ReleaseFrame idx:54, drop:0
2021-01-16 05:29:55.294 T:3608322944 DEBUG: CAMLCodec::GetTimeSize: len:24 dl:675791 fs:768512 front:92721
2021-01-16 05:29:55.294 T:3608322944 DEBUG: CAMLCodec::GetTimeSize: len:23 dl:675791 fs:675791 front:32712
2021-01-16 05:29:55.300 T:3608322944 DEBUG: CAMLCodec::AddData: dl:702507 sum:702507 sz:26716 dts:309.142 pts:309.226 overflow:0
2021-01-16 05:29:55.300 T:3608322944 DEBUG: CAMLCodec::GetTimeSize: len:24 dl:702507 fs:702507 front:32712
2021-01-16 05:29:55.326 T:4090851344 DEBUG: Previous line repeats 3 times.
2021-01-16 05:29:55.326 T:4090851344 DEBUG: CAMLCodec::PollFrame elapsed:31.383ms
2021-01-16 05:29:55.327 T:3608322944 DEBUG: CAMLCodec::GetTimeSize: len:24 dl:702507 fs:702507 front:32712
2021-01-16 05:29:55.328 T:3608322944 DEBUG: CAMLCodec::DequeueBuffer: pts:308.141 idx:59
2021-01-16 05:29:55.328 T:3608322944 DEBUG: CAMLCodec::GetPicture: index: 59, pts: 308.141, dur:42ms ar:1.67
2021-01-16 05:29:55.329 T:3608322944 DEBUG: CVideoPlayerVideo::OutputPicture - ttd:213ms pts:308.141 Clock:307.928 Level:4
2021-01-16 05:29:55.331 T:3608322944 DEBUG: CAMLCodec::GetTimeSize: len:24 dl:702507 fs:702507 front:32712
2021-01-16 05:29:55.331 T:4090851344 DEBUG: PrepareNextRender: frameOnScreen: 307.930 renderPts: 308.055 nextFramePts: 307.974 -> diff: 0.081 render: 1 forceNext: 0
2021-01-16 05:29:55.335 T:4090851344 DEBUG: CAMLCodec::ReleaseFrame idx:55, drop:0
2021-01-16 05:29:55.337 T:3961791360 DEBUG: CCurlFile::GetMimeType - https://image.tmdb.org/t/p/original/xvTpjkMJkvI5T5c4JTiWwkdNZ5e.jpg -> image/jpeg
2021-01-16 05:29:55.339 T:3608322944 DEBUG: CAMLCodec::GetTimeSize: len:24 dl:669795 fs:702507 front:32712
2021-01-16 05:29:55.339 T:3608322944 DEBUG: CAMLCodec::GetTimeSize: len:23 dl:669795 fs:669795 front:6116
2021-01-16 05:29:55.344 T:3608322944 DEBUG: CAMLCodec::AddData: dl:677573 sum:677573 sz:7778 dts:309.184 pts:309.184 overflow:0
2021-01-16 05:29:55.345 T:3608322944 DEBUG: CAMLCodec::GetTimeSize: len:24 dl:677573 fs:677573 front:6116
2021-01-16 05:29:55.367 T:4090851344 DEBUG: Previous line repeats 3 times.
2021-01-16 05:29:55.368 T:4090851344 DEBUG: CAMLCodec::PollFrame elapsed:31.449ms
2021-01-16 05:29:55.373 T:3608322944 DEBUG: CAMLCodec::GetTimeSize: len:24 dl:677573 fs:677573 front:6116
2021-01-16 05:29:55.373 T:4090851344 DEBUG: PrepareNextRender: frameOnScreen: 307.972 renderPts: 308.097 nextFramePts: 308.016 -> diff: 0.081 render: 1 forceNext: 0
2021-01-16 05:29:55.374 T:3608322944 DEBUG: CAMLCodec::DequeueBuffer: pts:308.183 idx:60
2021-01-16 05:29:55.374 T:3608322944 DEBUG: CAMLCodec::GetPicture: index: 60, pts: 308.183, dur:42ms ar:1.67
2021-01-16 05:29:55.375 T:3608322944 DEBUG: CVideoPlayerVideo::OutputPicture - ttd:209ms pts:308.183 Clock:307.973 Level:3
2021-01-16 05:29:55.377 T:4090851344 DEBUG: CAMLCodec::ReleaseFrame idx:56, drop:0
2021-01-16 05:29:55.378 T:3608322944 DEBUG: CAMLCodec::GetTimeSize: len:24 dl:671457 fs:677573 front:6116
