2021-01-16 05:30:00.918 T:4090851344 DEBUG: PrepareNextRender: frameOnScreen: 313.517 renderPts: 313.642 nextFramePts: 313.563 -> diff: 0.079 render: 1 forceNext: 0
2021-01-16 05:30:00.921 T:4090851344 DEBUG: CAMLCodec::ReleaseFrame idx:189, drop:0
2021-01-16 05:30:00.923 T:3608322944 DEBUG: CAMLCodec::GetTimeSize: len:24 dl:396456 fs:472464 front:76008
2021-01-16 05:30:00.924 T:3608322944 DEBUG: CAMLCodec::GetTimeSize: len:23 dl:396456 fs:396456 front:26653
2021-01-16 05:30:00.924 T:3608322944 DEBUG: CAMLCodec::DequeueBuffer: pts:313.730 idx:193
2021-01-16 05:30:00.924 T:3608322944 DEBUG: CAMLCodec::GetPicture: index: 193, pts: 313.730, dur:42ms ar:1.67
2021-01-16 05:30:00.924 T:3608322944 DEBUG: CVideoPlayerVideo::OutputPicture - ttd:206ms pts:313.730 Clock:313.523 Level:3
2021-01-16 05:30:00.925 T:3608322944 DEBUG: CAMLCodec::GetTimeSize: len:23 dl:396456 fs:396456 front:26653
2021-01-16 05:30:00.931 T:3608322944 DEBUG: CAMLCodec::AddData: dl:402648 sum:402648 sz:6192 dts:314.773 pts:314.814 overflow:0
2021-01-16 05:30:00.931 T:3608322944 DEBUG: CAMLCodec::GetTimeSize: len:24 dl:402648 fs:402648 front:26653
2021-01-16 05:30:00.957 T:4090851344 DEBUG: Previous line repeats 3 times.
2021-01-16 05:30:00.957 T:4090851344 DEBUG: CAMLCodec::PollFrame elapsed:35.025ms
2021-01-16 05:30:00.960 T:3608322944 DEBUG: CAMLCodec::GetTimeSize: len:24 dl:402648 fs:402648 front:26653
2021-01-16 05:30:00.961 T:3608322944 DEBUG: CAMLCodec::DequeueBuffer: pts:313.772 idx:194
2021-01-16 05:30:00.961 T:3608322944 DEBUG: CAMLCodec::GetPicture: index: 194, pts: 313.772, dur:42ms ar:1.67
2021-01-16 05:30:00.962 T:3608322944 DEBUG: CVideoPlayerVideo::OutputPicture - ttd:211ms pts:313.772 Clock:313.561 Level:4
2021-01-16 05:30:00.963 T:4090851344 DEBUG: PrepareNextRender: frameOnScreen: 313.561 renderPts: 313.686 nextFramePts: 313.605 -> diff: 0.081 render: 1 forceNext: 0
2021-01-16 05:30:00.965 T:3608322944 DEBUG: CAMLCodec::GetTimeSize: len:24 dl:375995 fs:402648 front:26653
2021-01-16 05:30:00.966 T:3608322944 DEBUG: CAMLCodec::GetTimeSize: len:23 dl:375995 fs:375995 front:3923
2021-01-16 05:30:00.966 T:4090851344 DEBUG: CAMLCodec::ReleaseFrame idx:190, drop:0
2021-01-16 05:30:00.970 T:3581182848 DEBUG: CVideoPlayer::ProcessVideoData size:88554 dts:321.738 pts:321.988 dur:41.000ms, clock:313.569 level:87
2021-01-16 05:30:00.971 T:3581182848 DEBUG: CVideoPlayer::ProcessVideoData size:21387 dts:321.780 pts:321.905 dur:41.000ms, clock:313.570 level:87
2021-01-16 05:30:00.972 T:3581182848 DEBUG: CVideoPlayer::ProcessVideoData size:7062 dts:321.821 pts:321.821 dur:41.000ms, clock:313.571 level:87
2021-01-16 05:30:00.972 T:3581182848 DEBUG: CVideoPlayer::ProcessVideoData size:10517 dts:321.863 pts:321.863 dur:41.000ms, clock:313.571 level:88
2021-01-16 05:30:00.973 T:3581182848 DEBUG: CVideoPlayer::ProcessVideoData size:7285 dts:321.905 pts:321.947 dur:41.000ms, clock:313.572 level:88
2021-01-16 05:30:00.974 T:3608322944 DEBUG: CAMLCodec::AddData: dl:458437 sum:458437 sz:82442 dts:314.814 pts:315.148 overflow:0
2021-01-16 05:30:00.974 T:3608322944 DEBUG: CAMLCodec::GetTimeSize: len:24 dl:458437 fs:458437 front:3923
2021-01-16 05:30:00.974 T:3581182848 DEBUG: CVideoPlayer::ProcessVideoData size:85378 dts:321.947 pts:322.155 dur:41.000ms, clock:313.573 level:89
2021-01-16 05:30:00.975 T:3581182848 DEBUG: CVideoPlayer::ProcessVideoData size:25076 dts:321.988 pts:322.072 dur:41.000ms, clock:313.574 level:89
2021-01-16 05:30:00.975 T:3581182848 DEBUG: CVideoPlayer::ProcessVideoData size:8731 dts:322.030 pts:322.030 dur:41.000ms, clock:313.574 level:90
2021-01-16 05:30:00.976 T:3581182848 DEBUG: CVideoPlayer::ProcessVideoData size:5207 dts:322.072 pts:322.113 dur:41.000ms, clock:313.575 level:90
2021-01-16 05:30:00.981 T:3608322944 DEBUG: CAMLCodec::GetTimeSize: len:24 dl:458437 fs:458437 front:3923
2021-01-16 05:30:00.998 T:4090851344 DEBUG: Previous line repeats 2 times.
2021-01-16 05:30:00.998 T:4090851344 DEBUG: CAMLCodec::PollFrame elapsed:31.382ms
2021-01-16 05:30:01.002 T:3608322944 DEBUG: CAMLCodec::GetTimeSize: len:24 dl:458437 fs:458437 front:3923
2021-01-16 05:30:01.003 T:3608322944 DEBUG: CAMLCodec::DequeueBuffer: pts:313.813 idx:195
2021-01-16 05:30:01.004 T:4090851344 DEBUG: PrepareNextRender: frameOnScreen: 313.602 renderPts: 313.727 nextFramePts: 313.647 -> diff: 0.080 render: 1 forceNext: 0
2021-01-16 05:30:01.004 T:3608322944 DEBUG: CAMLCodec::GetPicture: index: 195, pts: 313.813, dur:41ms ar:1.67
2021-01-16 05:30:01.004 T:3608322944 DEBUG: CVideoPlayerVideo::OutputPicture - ttd:209ms pts:313.813 Clock:313.603 Level:3
2021-01-16 05:30:01.006 T:3608322944 DEBUG: CAMLCodec::GetTimeSize: len:24 dl:454514 fs:458437 front:3923
2021-01-16 05:30:01.006 T:3608322944 DEBUG: CAMLCodec::GetTimeSize: len:23 dl:454514 fs:454514 front:6416
2021-01-16 05:30:01.006 T:4090851344 DEBUG: CAMLCodec::ReleaseFrame idx:191, drop:0
2021-01-16 05:30:01.012 T:3608322944 DEBUG: CAMLCodec::AddData: dl:475399 sum:475399 sz:20885 dts:314.856 pts:315.023 overflow:0
2021-01-16 05:30:01.012 T:3608322944 DEBUG: CAMLCodec::GetTimeSize: len:24 dl:475399 fs:475399 front:6416
2021-01-16 05:30:01.040 T:4090851344 DEBUG: Previous line repeats 3 times.
2021-01-16 05:30:01.040 T:4090851344 DEBUG: CAMLCodec::PollFrame elapsed:32.702ms
2021-01-16 05:30:01.040 T:3608322944 DEBUG: CAMLCodec::GetTimeSize: len:24 dl:475399 fs:475399 front:6416
2021-01-16 05:30:01.044 T:4090851344 DEBUG: PrepareNextRender: frameOnScreen: 313.643 renderPts: 313.768 nextFramePts: 313.688 -> diff: 0.080 render: 1 forceNext: 0
2021-01-16 05:30:01.046 T:4090851344 DEBUG: CAMLCodec::ReleaseFrame idx:192, drop:0
2021-01-16 05:30:01.047 T:3608322944 DEBUG: CAMLCodec::GetTimeSize: len:24 dl:468983 fs:475399 front:6416
2021-01-16 05:30:01.047 T:3608322944 DEBUG: CAMLCodec::GetTimeSize: len:23 dl:468983 fs:468983 front:3819
2021-01-16 05:30:01.048 T:3608322944 DEBUG: CAMLCodec::DequeueBuffer: pts:313.855 idx:196
2021-01-16 05:30:01.048 T:3608322944 DEBUG: CAMLCodec::GetPicture: index: 196, pts: 313.855, dur:42ms ar:1.67
2021-01-16 05:30:01.048 T:3608322944 DEBUG: CVideoPlayerVideo::OutputPicture - ttd:207ms pts:313.855 Clock:313.647 Level:3
2021-01-16 05:30:01.049 T:3608322944 DEBUG: CAMLCodec::GetTimeSize: len:23 dl:468983 fs:468983 front:3819
2021-01-16 05:30:01.055 T:3608322944 DEBUG: CAMLCodec::AddData: dl:478371 sum:478371 sz:9388 dts:314.898 pts:314.898 overflow:0
2021-01-16 05:30:01.055 T:3608322944 DEBUG: CAMLCodec::GetTimeSize: len:24 dl:478371 fs:478371 front:3819
2021-01-16 05:30:01.082 T:4090851344 DEBUG: Previous line repeats 3 times.
2021-01-16 05:30:01.082 T:4090851344 DEBUG: CAMLCodec::PollFrame elapsed:34.898ms
2021-01-16 05:30:01.085 T:3608322944 DEBUG: CAMLCodec::GetTimeSize: len:24 dl:478371 fs:478371 front:3819
2021-01-16 05:30:01.086 T:3608322944 DEBUG: CAMLCodec::DequeueBuffer: pts:313.897 idx:197
2021-01-16 05:30:01.086 T:3608322944 DEBUG: CAMLCodec::GetPicture: index: 197, pts: 313.897, dur:42ms ar:1.67
2021-01-16 05:30:01.087 T:3608322944 DEBUG: CVideoPlayerVideo::OutputPicture - ttd:211ms pts:313.897 Clock:313.686 Level:4
2021-01-16 05:30:01.087 T:4090851344 DEBUG: PrepareNextRender: frameOnScreen: 313.686 renderPts: 313.811 nextFramePts: 313.730 -> diff: 0.081 render: 1 forceNext: 0
2021-01-16 05:30:01.089 T:3608322944 DEBUG: CAMLCodec::GetTimeSize: len:24 dl:474552 fs:478371 front:3819
2021-01-16 05:30:01.090 T:3608322944 DEBUG: CAMLCodec::GetTimeSize: len:23 dl:474552 fs:474552 front:72830
2021-01-16 05:30:01.090 T:4090851344 DEBUG: CAMLCodec::ReleaseFrame idx:193, drop:0
2021-01-16 05:30:01.095 T:3608322944 DEBUG: CAMLCodec::AddData: dl:482154 sum:482154 sz:7602 dts:314.940 pts:314.940 overflow:0
2021-01-16 05:30:01.096 T:3608322944 DEBUG: CAMLCodec::GetTimeSize: len:24 dl:482154 fs:482154 front:72830
2021-01-16 05:30:01.124 T:4090851344 DEBUG: Previous line repeats 4 times.
2021-01-16 05:30:01.124 T:4090851344 DEBUG: CAMLCodec::PollFrame elapsed:32.459ms
2021-01-16 05:30:01.130 T:3608322944 DEBUG: CAMLCodec::GetTimeSize: len:24 dl:482154 fs:482154 front:72830
2021-01-16 05:30:01.132 T:4090851344 DEBUG: PrepareNextRender: frameOnScreen: 313.729 renderPts: 313.854 nextFramePts: 313.772 -> diff: 0.082 render: 1 forceNext: 0
2021-01-16 05:30:01.132 T:3608322944 DEBUG: CAMLCodec::DequeueBuffer: pts:313.939 idx:198
2021-01-16 05:30:01.133 T:3608322944 DEBUG: CAMLCodec::GetPicture: index: 198, pts: 313.939, dur:42ms ar:1.67
2021-01-16 05:30:01.133 T:3608322944 DEBUG: CVideoPlayerVideo::OutputPicture - ttd:207ms pts:313.939 Clock:313.732 Level:3
2021-01-16 05:30:01.134 T:4090851344 DEBUG: CAMLCodec::ReleaseFrame idx:194, drop:0
2021-01-16 05:30:01.134 T:3608322944 DEBUG: CAMLCodec::GetTimeSize: len:24 dl:409324 fs:482154 front:72830
2021-01-16 05:30:01.135 T:3608322944 DEBUG: CAMLCodec::GetTimeSize: len:23 dl:409324 fs:409324 front:14513
2021-01-16 05:30:01.140 T:3608322944 DEBUG: CAMLCodec::AddData: dl:417695 sum:417695 sz:8371 dts:314.981 pts:314.981 overflow:0
2021-01-16 05:30:01.140 T:3608322944 DEBUG: CAMLCodec::GetTimeSize: len:24 dl:417695 fs:417695 front:14513
2021-01-16 05:30:01.165 T:4090851344 DEBUG: Previous line repeats 3 times.
2021-01-16 05:30:01.166 T:4090851344 DEBUG: CAMLCodec::PollFrame elapsed:30.683ms
2021-01-16 05:30:01.168 T:3608322944 DEBUG: CAMLCodec::GetTimeSize: len:24 dl:417695 fs:417695 front:14513
2021-01-16 05:30:01.169 T:3608322944 DEBUG: CAMLCodec::DequeueBuffer: pts:313.980 idx:199
2021-01-16 05:30:01.170 T:3608322944 DEBUG: CAMLCodec::GetPicture: index: 199, pts: 313.980, dur:41ms ar:1.67
2021-01-16 05:30:01.170 T:3608322944 DEBUG: CVideoPlayerVideo::OutputPicture - ttd:211ms pts:313.980 Clock:313.769 Level:4
2021-01-16 05:30:01.171 T:4090851344 DEBUG: PrepareNextRender: frameOnScreen: 313.769 renderPts: 313.895 nextFramePts: 313.813 -> diff: 0.082 render: 1 forceNext: 0
2021-01-16 05:30:01.173 T:3608322944 DEBUG: CAMLCodec::GetTimeSize: len:24 dl:403182 fs:417695 front:14513
2021-01-16 05:30:01.173 T:3608322944 DEBUG: CAMLCodec::GetTimeSize: len:23 dl:403182 fs:403182 front:4165
2021-01-16 05:30:01.174 T:4090851344 DEBUG: CAMLCodec::ReleaseFrame idx:195, drop:0
2021-01-16 05:30:01.179 T:3608322944 DEBUG: CAMLCodec::AddData: dl:409605 sum:409605 sz:6423 dts:315.023 pts:315.065 overflow:0
2021-01-16 05:30:01.179 T:3608322944 DEBUG: CAMLCodec::GetTimeSize: len:24 dl:409605 fs:409605 front:4165
2021-01-16 05:30:01.207 T:4090851344 DEBUG: Previous line repeats 4 times.
2021-01-16 05:30:01.208 T:4090851344 DEBUG: CAMLCodec::PollFrame elapsed:32.480ms
2021-01-16 05:30:01.212 T:4090851344 DEBUG: PrepareNextRender: frameOnScreen: 313.811 renderPts: 313.936 nextFramePts: 313.855 -> diff: 0.081 render: 1 forceNext: 0
2021-01-16 05:30:01.214 T:3608322944 DEBUG: CAMLCodec::GetTimeSize: len:24 dl:409605 fs:409605 front:4165
2021-01-16 05:30:01.215 T:3608322944 DEBUG: CAMLCodec::DequeueBuffer: pts:314.022 idx:200
2021-01-16 05:30:01.216 T:3608322944 DEBUG: CAMLCodec::GetPicture: index: 200, pts: 314.022, dur:42ms ar:1.67
2021-01-16 05:30:01.216 T:4090851344 DEBUG: CAMLCodec::ReleaseFrame idx:196, drop:0
2021-01-16 05:30:01.217 T:3608322944 DEBUG: CVideoPlayerVideo::OutputPicture - ttd:206ms pts:314.022 Clock:313.815 Level:3
2021-01-16 05:30:01.218 T:3608322944 DEBUG: CAMLCodec::GetTimeSize: len:24 dl:405440 fs:409605 front:4165
2021-01-16 05:30:01.218 T:3608322944 DEBUG: CAMLCodec::GetTimeSize: len:23 dl:405440 fs:405440 front:4903
2021-01-16 05:30:01.224 T:3608322944 DEBUG: CAMLCodec::AddData: dl:412119 sum:412119 sz:6679 dts:315.065 pts:315.106 overflow:0
2021-01-16 05:30:01.224 T:3608322944 DEBUG: CAMLCodec::GetTimeSize: len:24 dl:412119 fs:412119 front:4903
2021-01-16 05:30:01.229 T:3581182848 DEBUG: CVideoPlayer::ProcessVideoData size:68446 dts:322.113 pts:322.447 dur:41.000ms, clock:313.828 level:88
2021-01-16 05:30:01.231 T:3581182848 DEBUG: CVideoPlayer::ProcessVideoData size:19598 dts:322.155 pts:322.322 dur:41.000ms, clock:313.830 level:88
2021-01-16 05:30:01.232 T:3581182848 DEBUG: CVideoPlayer::ProcessVideoData size:6698 dts:322.197 pts:322.197 dur:41.000ms, clock:313.831 level:89
2021-01-16 05:30:01.233 T:3581182848 DEBUG: CVideoPlayer::ProcessVideoData size:6911 dts:322.239 pts:322.239 dur:41.000ms, clock:313.832 level:89
2021-01-16 05:30:01.235 T:3581182848 DEBUG: CVideoPlayer::ProcessVideoData size:9639 dts:322.280 pts:322.280 dur:41.000ms, clock:313.833 level:90
2021-01-16 05:30:01.236 T:3581182848 DEBUG: CVideoPlayer::ProcessVideoData size:8904 dts:322.322 pts:322.364 dur:41.000ms, clock:313.835 level:90
2021-01-16 05:30:01.237 T:3581182848 DEBUG: CVideoPlayer::ProcessVideoData size:9354 dts:322.364 pts:322.405 dur:41.000ms, clock:313.836 level:91
2021-01-16 05:30:01.237 T:3608322944 DEBUG: CAMLCodec::GetTimeSize: len:24 dl:412119 fs:412119 front:4903
2021-01-16 05:30:01.249 T:4090851344 DEBUG: Previous line repeats 1 times.
2021-01-16 05:30:01.249 T:4090851344 DEBUG: CAMLCodec::PollFrame elapsed:31.605ms
2021-01-16 05:30:01.251 T:3608322944 DEBUG: CAMLCodec::GetTimeSize: len:24 dl:412119 fs:412119 front:4903
2021-01-16 05:30:01.252 T:3608322944 DEBUG: CAMLCodec::DequeueBuffer: pts:314.064 idx:201
2021-01-16 05:30:01.253 T:3608322944 DEBUG: CAMLCodec::GetPicture: index: 201, pts: 314.064, dur:42ms ar:1.67
2021-01-16 05:30:01.253 T:3608322944 DEBUG: CVideoPlayerVideo::OutputPicture - ttd:211ms pts:314.064 Clock:313.852 Level:4
2021-01-16 05:30:01.254 T:4090851344 DEBUG: PrepareNextRender: frameOnScreen: 313.853 renderPts: 313.978 nextFramePts: 313.897 -> diff: 0.081 render: 1 forceNext: 0
2021-01-16 05:30:01.255 T:3608322944 DEBUG: CAMLCodec::GetTimeSize: len:24 dl:412119 fs:412119 front:4903
2021-01-16 05:30:01.257 T:4090851344 DEBUG: CAMLCodec::ReleaseFrame idx:197, drop:0
2021-01-16 05:30:01.262 T:3608322944 DEBUG: CAMLCodec::GetTimeSize: len:24 dl:407216 fs:412119 front:4903
2021-01-16 05:30:01.262 T:3608322944 DEBUG: CAMLCodec::GetTimeSize: len:23 dl:407216 fs:407216 front:8524
2021-01-16 05:30:01.270 T:3608322944 DEBUG: CAMLCodec::AddData: dl:486293 sum:486293 sz:79077 dts:315.106 pts:315.440 overflow:0
2021-01-16 05:30:01.271 T:3608322944 DEBUG: CAMLCodec::GetTimeSize: len:24 dl:486293 fs:486293 front:8524
2021-01-16 05:30:01.291 T:4090851344 DEBUG: Previous line repeats 2 times.
2021-01-16 05:30:01.291 T:4090851344 DEBUG: CAMLCodec::PollFrame elapsed:32.302ms
2021-01-16 05:30:01.292 T:3608322944 DEBUG: CAMLCodec::GetTimeSize: len:24 dl:486293 fs:486293 front:8524
2021-01-16 05:30:01.293 T:3608322944 DEBUG: CAMLCodec::DequeueBuffer: pts:314.105 idx:202
2021-01-16 05:30:01.295 T:3608322944 DEBUG: CAMLCodec::GetPicture: index: 202, pts: 314.105, dur:41ms ar:1.67
2021-01-16 05:30:01.296 T:3608322944 DEBUG: CVideoPlayerVideo::OutputPicture - ttd:210ms pts:314.105 Clock:313.894 Level:4
2021-01-16 05:30:01.297 T:4090851344 DEBUG: PrepareNextRender: frameOnScreen: 313.895 renderPts: 314.021 nextFramePts: 313.939 -> diff: 0.082 render: 1 forceNext: 0
2021-01-16 05:30:01.297 T:3608322944 DEBUG: CAMLCodec::GetTimeSize: len:24 dl:477769 fs:486293 front:8524
2021-01-16 05:30:01.298 T:4090851344 DEBUG: CAMLCodec::ReleaseFrame idx:198, drop:0
2021-01-16 05:30:01.298 T:3608322944 DEBUG: CAMLCodec::GetTimeSize: len:23 dl:477769 fs:477769 front:6052
2021-01-16 05:30:01.304 T:3608322944 DEBUG: CAMLCodec::AddData: dl:495382 sum:495382 sz:17613 dts:315.148 pts:315.315 overflow:0
2021-01-16 05:30:01.304 T:3608322944 DEBUG: CAMLCodec::GetTimeSize: len:24 dl:495382 fs:495382 front:6052
2021-01-16 05:30:01.332 T:4090851344 DEBUG: Previous line repeats 3 times.
2021-01-16 05:30:01.333 T:4090851344 DEBUG: CAMLCodec::PollFrame elapsed:34.032ms
2021-01-16 05:30:01.333 T:3608322944 DEBUG: CAMLCodec::GetTimeSize: len:24 dl:495382 fs:495382 front:6052
2021-01-16 05:30:01.336 T:4090851344 DEBUG: PrepareNextRender: frameOnScreen: 313.935 renderPts: 314.060 nextFramePts: 313.980 -> diff: 0.080 render: 1 forceNext: 0
2021-01-16 05:30:01.337 T:4090851344 DEBUG: CAMLCodec::ReleaseFrame idx:199, drop:0
2021-01-16 05:30:01.340 T:3608322944 DEBUG: CAMLCodec::GetTimeSize: len:24 dl:489330 fs:495382 front:6052
2021-01-16 05:30:01.340 T:3608322944 DEBUG: CAMLCodec::GetTimeSize: len:23 dl:489330 fs:489330 front:5120
2021-01-16 05:30:01.341 T:3608322944 DEBUG: CAMLCodec::DequeueBuffer: pts:314.147 idx:203
2021-01-16 05:30:01.341 T:3608322944 DEBUG: CAMLCodec::GetPicture: index: 203, pts: 314.147, dur:42ms ar:1.67
2021-01-16 05:30:01.341 T:3608322944 DEBUG: CVideoPlayerVideo::OutputPicture - ttd:206ms pts:314.147 Clock:313.940 Level:3
2021-01-16 05:30:01.343 T:3608322944 DEBUG: CAMLCodec::GetTimeSize: len:23 dl:489330 fs:489330 front:5120
2021-01-16 05:30:01.348 T:3608322944 DEBUG: CAMLCodec::AddData: dl:495493 sum:495493 sz:6163 dts:315.190 pts:315.190 overflow:0
2021-01-16 05:30:01.348 T:3608322944 DEBUG: CAMLCodec::GetTimeSize: len:24 dl:495493 fs:495493 front:5120
2021-01-16 05:30:01.374 T:4090851344 DEBUG: Previous line repeats 3 times.
2021-01-16 05:30:01.374 T:4090851344 DEBUG: CAMLCodec::PollFrame elapsed:36.133ms
2021-01-16 05:30:01.376 T:3608322944 DEBUG: CAMLCodec::GetTimeSize: len:24 dl:495493 fs:495493 front:5120
2021-01-16 05:30:01.377 T:3608322944 DEBUG: CAMLCodec::DequeueBuffer: pts:314.189 idx:204
2021-01-16 05:30:01.377 T:3608322944 DEBUG: CAMLCodec::GetPicture: index: 204, pts: 314.189, dur:42ms ar:1.67
2021-01-16 05:30:01.377 T:3608322944 DEBUG: CVideoPlayerVideo::OutputPicture - ttd:212ms pts:314.189 Clock:313.976 Level:4
2021-01-16 05:30:01.379 T:3608322944 DEBUG: CAMLCodec::GetTimeSize: len:24 dl:495493 fs:495493 front:5120
2021-01-16 05:30:01.379 T:4090851344 DEBUG: PrepareNextRender: frameOnScreen: 313.978 renderPts: 314.103 nextFramePts: 314.022 -> diff: 0.081 render: 1 forceNext: 0
2021-01-16 05:30:01.382 T:4090851344 DEBUG: CAMLCodec::ReleaseFrame idx:200, drop:0
2021-01-16 05:30:01.386 T:3608322944 DEBUG: CAMLCodec::GetTimeSize: len:24 dl:490373 fs:495493 front:5120
2021-01-16 05:30:01.386 T:3608322944 DEBUG: CAMLCodec::GetTimeSize: len:23 dl:490373 fs:490373 front:74101
2021-01-16 05:30:01.391 T:3608322944 DEBUG: CAMLCodec::AddData: dl:498483 sum:498483 sz:8110 dts:315.232 pts:315.232 overflow:0
2021-01-16 05:30:01.392 T:3608322944 DEBUG: CAMLCodec::GetTimeSize: len:24 dl:498483 fs:498483 front:74101
2021-01-16 05:30:01.416 T:4090851344 DEBUG: Previous line repeats 3 times.
2021-01-16 05:30:01.416 T:4090851344 DEBUG: CAMLCodec::PollFrame elapsed:32.543ms
2021-01-16 05:30:01.420 T:3608322944 DEBUG: CAMLCodec::GetTimeSize: len:24 dl:498483 fs:498483 front:74101
2021-01-16 05:30:01.421 T:3608322944 DEBUG: CAMLCodec::DequeueBuffer: pts:314.231 idx:205
2021-01-16 05:30:01.422 T:3608322944 DEBUG: CAMLCodec::GetPicture: index: 205, pts: 314.231, dur:42ms ar:1.67
2021-01-16 05:30:01.423 T:4090851344 DEBUG: PrepareNextRender: frameOnScreen: 314.021 renderPts: 314.146 nextFramePts: 314.064 -> diff: 0.082 render: 1 forceNext: 0
2021-01-16 05:30:01.423 T:3608322944 DEBUG: CVideoPlayerVideo::OutputPicture - ttd:209ms pts:314.231 Clock:314.022 Level:3
2021-01-16 05:30:01.426 T:3608322944 DEBUG: CAMLCodec::GetTimeSize: len:24 dl:424382 fs:498483 front:74101
2021-01-16 05:30:01.427 T:4090851344 DEBUG: CAMLCodec::ReleaseFrame idx:201, drop:0
2021-01-16 05:30:01.427 T:3608322944 DEBUG: CAMLCodec::GetTimeSize: len:23 dl:424382 fs:424382 front:29233
2021-01-16 05:30:01.432 T:3608322944 DEBUG: CAMLCodec::AddData: dl:435354 sum:435354 sz:10972 dts:315.273 pts:315.273 overflow:0
2021-01-16 05:30:01.432 T:3608322944 DEBUG: CAMLCodec::GetTimeSize: len:24 dl:435354 fs:435354 front:29233
2021-01-16 05:30:01.457 T:4090851344 DEBUG: Previous line repeats 3 times.
2021-01-16 05:30:01.457 T:4090851344 DEBUG: CAMLCodec::PollFrame elapsed:30.131ms
2021-01-16 05:30:01.461 T:3608322944 DEBUG: CAMLCodec::GetTimeSize: len:24 dl:435354 fs:435354 front:29233
2021-01-16 05:30:01.462 T:3608322944 DEBUG: CAMLCodec::DequeueBuffer: pts:314.272 idx:206
2021-01-16 05:30:01.462 T:3608322944 DEBUG: CAMLCodec::GetPicture: index: 206, pts: 314.272, dur:41ms ar:1.67
2021-01-16 05:30:01.463 T:3608322944 DEBUG: CVideoPlayerVideo::OutputPicture - ttd:210ms pts:314.272 Clock:314.062 Level:4
2021-01-16 05:30:01.463 T:4090851344 DEBUG: PrepareNextRender: frameOnScreen: 314.062 renderPts: 314.187 nextFramePts: 314.105 -> diff: 0.082 render: 1 forceNext: 0
2021-01-16 05:30:01.465 T:3608322944 DEBUG: CAMLCodec::GetTimeSize: len:24 dl:406121 fs:435354 front:29233
2021-01-16 05:30:01.465 T:3608322944 DEBUG: CAMLCodec::GetTimeSize: len:23 dl:406121 fs:406121 front:4455
2021-01-16 05:30:01.466 T:4090851344 DEBUG: CAMLCodec::ReleaseFrame idx:202, drop:0
2021-01-16 05:30:01.471 T:3608322944 DEBUG: CAMLCodec::AddData: dl:414031 sum:414031 sz:7910 dts:315.315 pts:315.357 overflow:0
2021-01-16 05:30:01.471 T:3608322944 DEBUG: CAMLCodec::GetTimeSize: len:24 dl:414031 fs:414031 front:4455
2021-01-16 05:30:01.489 T:3581182848 DEBUG: Previous line repeats 2 times.
2021-01-16 05:30:01.489 T:3581182848 DEBUG: CVideoPlayer::ProcessVideoData size:43479 dts:322.405 pts:322.614 dur:41.000ms, clock:314.088 level:88
2021-01-16 05:30:01.490 T:3581182848 DEBUG: CVideoPlayer::ProcessVideoData size:25669 dts:322.447 pts:322.531 dur:41.000ms, clock:314.089 level:89
2021-01-16 05:30:01.491 T:3581182848 DEBUG: CVideoPlayer::ProcessVideoData size:8080 dts:322.489 pts:322.489 dur:41.000ms, clock:314.089 level:89
2021-01-16 05:30:01.491 T:3581182848 DEBUG: CVideoPlayer::ProcessVideoData size:3229 dts:322.531 pts:322.572 dur:41.000ms, clock:314.090 level:90
2021-01-16 05:30:01.492 T:3581182848 DEBUG: CVideoPlayer::ProcessVideoData size:18402 dts:322.572 pts:322.656 dur:41.000ms, clock:314.091 level:90
2021-01-16 05:30:01.494 T:3608322944 DEBUG: CAMLCodec::GetTimeSize: len:24 dl:414031 fs:414031 front:4455
2021-01-16 05:30:01.497 T:3581182848 DEBUG: CVideoPlayer::ProcessVideoData size:407629 dts:322.614 pts:322.697 dur:41.000ms, clock:314.095 level:91
2021-01-16 05:30:01.499 T:4090851344 DEBUG: CAMLCodec::PollFrame elapsed:32.298ms
2021-01-16 05:30:01.502 T:3608322944 DEBUG: CAMLCodec::GetTimeSize: len:24 dl:414031 fs:414031 front:4455
2021-01-16 05:30:01.503 T:4090851344 DEBUG: PrepareNextRender: frameOnScreen: 314.101 renderPts: 314.226 nextFramePts: 314.147 -> diff: 0.079 render: 1 forceNext: 0
2021-01-16 05:30:01.503 T:3608322944 DEBUG: CAMLCodec::DequeueBuffer: pts:314.314 idx:207
2021-01-16 05:30:01.503 T:3608322944 DEBUG: CAMLCodec::GetPicture: index: 207, pts: 314.314, dur:42ms ar:1.67
2021-01-16 05:30:01.503 T:3608322944 DEBUG: CVideoPlayerVideo::OutputPicture - ttd:211ms pts:314.314 Clock:314.102 Level:3
2021-01-16 05:30:01.505 T:3608322944 DEBUG: CAMLCodec::GetTimeSize: len:24 dl:409576 fs:414031 front:4455
2021-01-16 05:30:01.505 T:4090851344 DEBUG: CAMLCodec::ReleaseFrame idx:203, drop:0
2021-01-16 05:30:01.505 T:3608322944 DEBUG: CAMLCodec::GetTimeSize: len:23 dl:409576 fs:409576 front:6266
2021-01-16 05:30:01.511 T:3608322944 DEBUG: CAMLCodec::AddData: dl:418145 sum:418145 sz:8569 dts:315.357 pts:315.398 overflow:0
2021-01-16 05:30:01.511 T:3608322944 DEBUG: CAMLCodec::GetTimeSize: len:24 dl:418145 fs:418145 front:6266
2021-01-16 05:30:01.541 T:4090851344 DEBUG: Previous line repeats 3 times.
2021-01-16 05:30:01.541 T:4090851344 DEBUG: CAMLCodec::PollFrame elapsed:34.798ms
2021-01-16 05:30:01.541 T:3608322944 DEBUG: CAMLCodec::GetTimeSize: len:24 dl:418145 fs:418145 front:6266
2021-01-16 05:30:01.547 T:4090851344 DEBUG: PrepareNextRender: frameOnScreen: 314.146 renderPts: 314.271 nextFramePts: 314.189 -> diff: 0.082 render: 1 forceNext: 0
2021-01-16 05:30:01.549 T:3608322944 DEBUG: CAMLCodec::GetTimeSize: len:24 dl:411879 fs:418145 front:6266
2021-01-16 05:30:01.549 T:3608322944 DEBUG: CAMLCodec::GetTimeSize: len:23 dl:411879 fs:411879 front:8406
2021-01-16 05:30:01.550 T:3608322944 DEBUG: CAMLCodec::DequeueBuffer: pts:314.356 idx:208
2021-01-16 05:30:01.550 T:3608322944 DEBUG: CAMLCodec::GetPicture: index: 208, pts: 314.356, dur:42ms ar:1.67
2021-01-16 05:30:01.551 T:4090851344 DEBUG: CAMLCodec::ReleaseFrame idx:204, drop:0
2021-01-16 05:30:01.551 T:3608322944 DEBUG: CVideoPlayerVideo::OutputPicture - ttd:206ms pts:314.356 Clock:314.150 Level:3
2021-01-16 05:30:01.552 T:3608322944 DEBUG: CAMLCodec::GetTimeSize: len:23 dl:411879 fs:411879 front:8406
2021-01-16 05:30:01.561 T:3608322944 DEBUG: CAMLCodec::AddData: dl:486079 sum:486079 sz:74200 dts:315.398 pts:315.732 overflow:0
2021-01-16 05:30:01.561 T:3608322944 DEBUG: CAMLCodec::GetTimeSize: len:24 dl:486079 fs:486079 front:8406
2021-01-16 05:30:01.584 T:4090851344 DEBUG: Previous line repeats 3 times.
2021-01-16 05:30:01.584 T:4090851344 DEBUG: CAMLCodec::PollFrame elapsed:32.279ms
2021-01-16 05:30:01.589 T:3608322944 DEBUG: CAMLCodec::GetTimeSize: len:24 dl:477673 fs:486079 front:8406
2021-01-16 05:30:01.589 T:3608322944 DEBUG: CAMLCodec::GetTimeSize: len:23 dl:477673 fs:477673 front:3115
2021-01-16 05:30:01.590 T:3608322944 DEBUG: CAMLCodec::DequeueBuffer: pts:314.397 idx:209
2021-01-16 05:30:01.590 T:4090851344 DEBUG: PrepareNextRender: frameOnScreen: 314.189 renderPts: 314.314 nextFramePts: 314.231 -> diff: 0.083 render: 1 forceNext: 0
2021-01-16 05:30:01.590 T:3608322944 DEBUG: CAMLCodec::GetPicture: index: 209, pts: 314.397, dur:41ms ar:1.67
2021-01-16 05:30:01.590 T:3608322944 DEBUG: CVideoPlayerVideo::OutputPicture - ttd:207ms pts:314.397 Clock:314.189 Level:3
2021-01-16 05:30:01.592 T:4090851344 DEBUG: CAMLCodec::ReleaseFrame idx:205, drop:0
2021-01-16 05:30:01.592 T:3608322944 DEBUG: CAMLCodec::GetTimeSize: len:23 dl:477673 fs:477673 front:3115
2021-01-16 05:30:01.597 T:3608322944 DEBUG: CAMLCodec::AddData: dl:490212 sum:490212 sz:12539 dts:315.440 pts:315.607 overflow:0
2021-01-16 05:30:01.598 T:3608322944 DEBUG: CAMLCodec::GetTimeSize: len:24 dl:490212 fs:490212 front:3115
2021-01-16 05:30:01.624 T:4090851344 DEBUG: Previous line repeats 3 times.
2021-01-16 05:30:01.625 T:4090851344 DEBUG: CAMLCodec::PollFrame elapsed:31.856ms
2021-01-16 05:30:01.626 T:3608322944 DEBUG: CAMLCodec::GetTimeSize: len:24 dl:490212 fs:490212 front:3115
2021-01-16 05:30:01.631 T:4090851344 DEBUG: PrepareNextRender: frameOnScreen: 314.229 renderPts: 314.354 nextFramePts: 314.272 -> diff: 0.082 render: 1 forceNext: 0
2021-01-16 05:30:01.633 T:3608322944 DEBUG: CAMLCodec::GetTimeSize: len:24 dl:487097 fs:490212 front:3115
2021-01-16 05:30:01.633 T:4090851344 DEBUG: CAMLCodec::ReleaseFrame idx:206, drop:0
2021-01-16 05:30:01.633 T:3608322944 DEBUG: CAMLCodec::GetTimeSize: len:23 dl:487097 fs:487097 front:83823
2021-01-16 05:30:01.634 T:3608322944 DEBUG: CAMLCodec::DequeueBuffer: pts:314.439 idx:210
2021-01-16 05:30:01.634 T:3608322944 DEBUG: CAMLCodec::GetPicture: index: 210, pts: 314.439, dur:42ms ar:1.67
2021-01-16 05:30:01.634 T:3608322944 DEBUG: CVideoPlayerVideo::OutputPicture - ttd:205ms pts:314.439 Clock:314.233 Level:3
2021-01-16 05:30:01.635 T:3608322944 DEBUG: CAMLCodec::GetTimeSize: len:23 dl:487097 fs:487097 front:83823
2021-01-16 05:30:01.641 T:3608322944 DEBUG: CAMLCodec::AddData: dl:495945 sum:495945 sz:8848 dts:315.482 pts:315.482 overflow:0
2021-01-16 05:30:01.642 T:3608322944 DEBUG: CAMLCodec::GetTimeSize: len:24 dl:495945 fs:495945 front:83823
2021-01-16 05:30:01.667 T:4090851344 DEBUG: Previous line repeats 3 times.
2021-01-16 05:30:01.667 T:4090851344 DEBUG: CAMLCodec::PollFrame elapsed:31.900ms
2021-01-16 05:30:01.669 T:3608322944 DEBUG: CAMLCodec::GetTimeSize: len:24 dl:495945 fs:495945 front:83823
2021-01-16 05:30:01.671 T:3608322944 DEBUG: CAMLCodec::DequeueBuffer: pts:314.481 idx:211
2021-01-16 05:30:01.671 T:3608322944 DEBUG: CAMLCodec::GetPicture: index: 211, pts: 314.481, dur:42ms ar:1.67
2021-01-16 05:30:01.672 T:4090851344 DEBUG: PrepareNextRender: frameOnScreen: 314.271 renderPts: 314.396 nextFramePts: 314.314 -> diff: 0.082 render: 1 forceNext: 0
2021-01-16 05:30:01.674 T:3608322944 DEBUG: CVideoPlayerVideo::OutputPicture - ttd:209ms pts:314.481 Clock:314.272 Level:3
2021-01-16 05:30:01.674 T:4090851344 DEBUG: CAMLCodec::ReleaseFrame idx:207, drop:0
2021-01-16 05:30:01.675 T:3608322944 DEBUG: CAMLCodec::GetTimeSize: len:24 dl:412122 fs:495945 front:83823
2021-01-16 05:30:01.675 T:3608322944 DEBUG: CAMLCodec::GetTimeSize: len:23 dl:412122 fs:412122 front:13175
2021-01-16 05:30:01.681 T:3608322944 DEBUG: CAMLCodec::AddData: dl:420201 sum:420201 sz:8079 dts:315.524 pts:315.524 overflow:0
2021-01-16 05:30:01.681 T:3608322944 DEBUG: CAMLCodec::GetTimeSize: len:24 dl:420201 fs:420201 front:13175
2021-01-16 05:30:01.708 T:4090851344 DEBUG: Previous line repeats 3 times.
2021-01-16 05:30:01.708 T:4090851344 DEBUG: CAMLCodec::PollFrame elapsed:32.712ms
2021-01-16 05:30:01.709 T:3608322944 DEBUG: CAMLCodec::GetTimeSize: len:24 dl:420201 fs:420201 front:13175
2021-01-16 05:30:01.710 T:3608322944 DEBUG: CAMLCodec::DequeueBuffer: pts:314.523 idx:212
2021-01-16 05:30:01.711 T:3608322944 DEBUG: CAMLCodec::GetPicture: index: 212, pts: 314.523, dur:42ms ar:1.67
2021-01-16 05:30:01.712 T:3608322944 DEBUG: CVideoPlayerVideo::OutputPicture - ttd:212ms pts:314.523 Clock:314.310 Level:4
2021-01-16 05:30:01.713 T:4090851344 DEBUG: PrepareNextRender: frameOnScreen: 314.312 renderPts: 314.437 nextFramePts: 314.356 -> diff: 0.081 render: 1 forceNext: 0
2021-01-16 05:30:01.714 T:3608322944 DEBUG: CAMLCodec::GetTimeSize: len:24 dl:407026 fs:420201 front:13175
2021-01-16 05:30:01.714 T:4090851344 DEBUG: CAMLCodec::ReleaseFrame idx:208, drop:0
2021-01-16 05:30:01.714 T:3608322944 DEBUG: CAMLCodec::GetTimeSize: len:23 dl:407026 fs:407026 front:2650
2021-01-16 05:30:01.720 T:3608322944 DEBUG: CAMLCodec::AddData: dl:412328 sum:412328 sz:5302 dts:315.565 pts:315.565 overflow:0
2021-01-16 05:30:01.720 T:3608322944 DEBUG: CAMLCodec::GetTimeSize: len:24 dl:412328 fs:412328 front:2650
2021-01-16 05:30:01.740 T:3581182848 DEBUG: Previous line repeats 2 times.
2021-01-16 05:30:01.741 T:3581182848 DEBUG: CVideoPlayer::ProcessVideoData size:156450 dts:322.656 pts:322.948 dur:41.000ms, clock:314.339 level:88
2021-01-16 05:30:01.741 T:3608322944 DEBUG: CAMLCodec::GetTimeSize: len:24 dl:412328 fs:412328 front:2650
2021-01-16 05:30:01.743 T:3581182848 DEBUG: CVideoPlayer::ProcessVideoData size:37813 dts:322.697 pts:322.822 dur:41.000ms, clock:314.342 level:89
2021-01-16 05:30:01.745 T:3581182848 DEBUG: CVideoPlayer::ProcessVideoData size:6762 dts:322.739 pts:322.739 dur:41.000ms, clock:314.343 level:89
2021-01-16 05:30:01.745 T:3581182848 DEBUG: CVideoPlayer::ProcessVideoData size:7885 dts:322.781 pts:322.781 dur:41.000ms, clock:314.344 level:90
2021-01-16 05:30:01.746 T:3581182848 DEBUG: CVideoPlayer::ProcessVideoData size:9661 dts:322.822 pts:322.864 dur:41.000ms, clock:314.345 level:90
2021-01-16 05:30:01.747 T:3581182848 DEBUG: CVideoPlayer::ProcessVideoData size:9798 dts:322.864 pts:322.906 dur:41.000ms, clock:314.346 level:91
2021-01-16 05:30:01.749 T:3608322944 DEBUG: CAMLCodec::GetTimeSize: len:24 dl:412328 fs:412328 front:2650
2021-01-16 05:30:01.749 T:4090851344 DEBUG: CAMLCodec::PollFrame elapsed:34.844ms
2021-01-16 05:30:01.752 T:4090851344 DEBUG: PrepareNextRender: frameOnScreen: 314.351 renderPts: 314.476 nextFramePts: 314.397 -> diff: 0.079 render: 1 forceNext: 0
2021-01-16 05:30:01.754 T:4090851344 DEBUG: CAMLCodec::ReleaseFrame idx:209, drop:0
2021-01-16 05:30:01.756 T:3608322944 DEBUG: CAMLCodec::GetTimeSize: len:24 dl:409678 fs:412328 front:2650
2021-01-16 05:30:01.756 T:3608322944 DEBUG: CAMLCodec::GetTimeSize: len:23 dl:409678 fs:409678 front:1584
2021-01-16 05:30:01.756 T:3608322944 DEBUG: CAMLCodec::DequeueBuffer: pts:314.564 idx:213
2021-01-16 05:30:01.756 T:3608322944 DEBUG: CAMLCodec::GetPicture: index: 213, pts: 314.564, dur:41ms ar:1.67
2021-01-16 05:30:01.756 T:3608322944 DEBUG: CVideoPlayerVideo::OutputPicture - ttd:208ms pts:314.564 Clock:314.355 Level:3
2021-01-16 05:30:01.757 T:3608322944 DEBUG: CAMLCodec::GetTimeSize: len:23 dl:409678 fs:409678 front:1584
2021-01-16 05:30:01.763 T:3608322944 DEBUG: CAMLCodec::AddData: dl:413160 sum:413160 sz:3482 dts:315.607 pts:315.649 overflow:0
2021-01-16 05:30:01.763 T:3608322944 DEBUG: CAMLCodec::GetTimeSize: len:24 dl:413160 fs:413160 front:1584
2021-01-16 05:30:01.791 T:4090851344 DEBUG: Previous line repeats 4 times.
2021-01-16 05:30:01.791 T:4090851344 DEBUG: CAMLCodec::PollFrame elapsed:36.751ms
2021-01-16 05:30:01.797 T:4090851344 DEBUG: PrepareNextRender: frameOnScreen: 314.395 renderPts: 314.521 nextFramePts: 314.439 -> diff: 0.082 render: 1 forceNext: 0
2021-01-16 05:30:01.799 T:4090851344 DEBUG: CAMLCodec::ReleaseFrame idx:210, drop:0
2021-01-16 05:30:01.800 T:3608322944 DEBUG: CAMLCodec::GetTimeSize: len:24 dl:411576 fs:413160 front:1584
2021-01-16 05:30:01.800 T:3608322944 DEBUG: CAMLCodec::GetTimeSize: len:23 dl:411576 fs:411576 front:3807
2021-01-16 05:30:01.800 T:3608322944 DEBUG: CAMLCodec::DequeueBuffer: pts:314.606 idx:214
2021-01-16 05:30:01.800 T:3608322944 DEBUG: CAMLCodec::GetPicture: index: 214, pts: 314.606, dur:42ms ar:1.67
2021-01-16 05:30:01.801 T:3608322944 DEBUG: CVideoPlayerVideo::OutputPicture - ttd:206ms pts:314.606 Clock:314.400 Level:3
2021-01-16 05:30:01.802 T:3608322944 DEBUG: CAMLCodec::GetTimeSize: len:23 dl:411576 fs:411576 front:3807
2021-01-16 05:30:01.807 T:3608322944 DEBUG: CAMLCodec::AddData: dl:417596 sum:417596 sz:6020 dts:315.649 pts:315.690 overflow:0
2021-01-16 05:30:01.808 T:3608322944 DEBUG: CAMLCodec::GetTimeSize: len:24 dl:417596 fs:417596 front:3807
2021-01-16 05:30:01.834 T:4090851344 DEBUG: Previous line repeats 3 times.
2021-01-16 05:30:01.834 T:4090851344 DEBUG: CAMLCodec::PollFrame elapsed:34.177ms
2021-01-16 05:30:01.836 T:3608322944 DEBUG: CAMLCodec::GetTimeSize: len:24 dl:417596 fs:417596 front:3807
2021-01-16 05:30:01.838 T:3608322944 DEBUG: CAMLCodec::DequeueBuffer: pts:314.648 idx:215
2021-01-16 05:30:01.839 T:3608322944 DEBUG: CAMLCodec::GetPicture: index: 215, pts: 314.648, dur:42ms ar:1.67
2021-01-16 05:30:01.839 T:4090851344 DEBUG: PrepareNextRender: frameOnScreen: 314.438 renderPts: 314.563 nextFramePts: 314.481 -> diff: 0.082 render: 1 forceNext: 0
2021-01-16 05:30:01.840 T:3608322944 DEBUG: CVideoPlayerVideo::OutputPicture - ttd:209ms pts:314.648 Clock:314.438 Level:3
2021-01-16 05:30:01.841 T:4090851344 DEBUG: CAMLCodec::ReleaseFrame idx:211, drop:0
2021-01-16 05:30:01.842 T:3608322944 DEBUG: CAMLCodec::GetTimeSize: len:24 dl:413789 fs:417596 front:3807
2021-01-16 05:30:01.842 T:3608322944 DEBUG: CAMLCodec::GetTimeSize: len:23 dl:413789 fs:413789 front:8923
2021-01-16 05:30:01.850 T:3608322944 DEBUG: CAMLCodec::AddData: dl:495483 sum:495483 sz:81694 dts:315.690 pts:316.024 overflow:0
2021-01-16 05:30:01.850 T:3608322944 DEBUG: CAMLCodec::GetTimeSize: len:24 dl:495483 fs:495483 front:8923
2021-01-16 05:30:01.874 T:4090851344 DEBUG: Previous line repeats 3 times.
2021-01-16 05:30:01.874 T:4090851344 DEBUG: CAMLCodec::PollFrame elapsed:32.060ms
2021-01-16 05:30:01.877 T:3608322944 DEBUG: CAMLCodec::GetTimeSize: len:24 dl:495483 fs:495483 front:8923
2021-01-16 05:30:01.877 T:3608322944 DEBUG: CAMLCodec::DequeueBuffer: pts:314.689 idx:216
2021-01-16 05:30:01.878 T:3608322944 DEBUG: CAMLCodec::GetPicture: index: 216, pts: 314.689, dur:41ms ar:1.67
2021-01-16 05:30:01.878 T:4090851344 DEBUG: PrepareNextRender: frameOnScreen: 314.477 renderPts: 314.602 nextFramePts: 314.523 -> diff: 0.079 render: 1 forceNext: 0
2021-01-16 05:30:01.879 T:3608322944 DEBUG: CVideoPlayerVideo::OutputPicture - ttd:211ms pts:314.689 Clock:314.477 Level:3
2021-01-16 05:30:01.881 T:3608322944 DEBUG: CAMLCodec::GetTimeSize: len:24 dl:486560 fs:495483 front:8923
2021-01-16 05:30:01.881 T:4090851344 DEBUG: CAMLCodec::ReleaseFrame idx:212, drop:0
2021-01-16 05:30:01.881 T:3608322944 DEBUG: CAMLCodec::GetTimeSize: len:23 dl:486560 fs:486560 front:6192
2021-01-16 05:30:01.887 T:3608322944 DEBUG: CAMLCodec::AddData: dl:504727 sum:504727 sz:18167 dts:315.732 pts:315.899 overflow:0
2021-01-16 05:30:01.887 T:3608322944 DEBUG: CAMLCodec::GetTimeSize: len:24 dl:504727 fs:504727 front:6192
2021-01-16 05:30:01.916 T:4090851344 DEBUG: Previous line repeats 4 times.
2021-01-16 05:30:01.916 T:4090851344 DEBUG: CAMLCodec::PollFrame elapsed:34.026ms
2021-01-16 05:30:01.919 T:4090851344 DEBUG: PrepareNextRender: frameOnScreen: 314.517 renderPts: 314.643 nextFramePts: 314.564 -> diff: 0.079 render: 1 forceNext: 0
2021-01-16 05:30:01.919 T:3608322944 DEBUG: CAMLCodec::GetTimeSize: len:24 dl:504727 fs:504727 front:6192
2021-01-16 05:30:01.920 T:3608322944 DEBUG: CAMLCodec::DequeueBuffer: pts:314.731 idx:217
2021-01-16 05:30:01.921 T:3608322944 DEBUG: CAMLCodec::GetPicture: index: 217, pts: 314.731, dur:42ms ar:1.67
2021-01-16 05:30:01.921 T:3608322944 DEBUG: CVideoPlayerVideo::OutputPicture - ttd:211ms pts:314.731 Clock:314.520 Level:3
2021-01-16 05:30:01.922 T:4090851344 DEBUG: CAMLCodec::ReleaseFrame idx:213, drop:0
2021-01-16 05:30:01.923 T:3608322944 DEBUG: CAMLCodec::GetTimeSize: len:24 dl:504727 fs:504727 front:6192
2021-01-16 05:30:01.929 T:3608322944 DEBUG: CAMLCodec::GetTimeSize: len:24 dl:498535 fs:504727 front:6192
2021-01-16 05:30:01.929 T:3608322944 DEBUG: CAMLCodec::GetTimeSize: len:23 dl:498535 fs:498535 front:82442
2021-01-16 05:30:01.935 T:3608322944 DEBUG: CAMLCodec::AddData: dl:507467 sum:507467 sz:8932 dts:315.774 pts:315.774 overflow:0
2021-01-16 05:30:01.935 T:3608322944 DEBUG: CAMLCodec::GetTimeSize: len:24 dl:507467 fs:507467 front:82442
2021-01-16 05:30:01.957 T:4090851344 DEBUG: Previous line repeats 3 times.
2021-01-16 05:30:01.957 T:4090851344 DEBUG: CAMLCodec::PollFrame elapsed:35.217ms
2021-01-16 05:30:01.961 T:4090851344 DEBUG: PrepareNextRender: frameOnScreen: 314.560 renderPts: 314.685 nextFramePts: 314.606 -> diff: 0.079 render: 1 forceNext: 0
2021-01-16 05:30:01.962 T:3608322944 DEBUG: CAMLCodec::GetTimeSize: len:24 dl:507467 fs:507467 front:82442
2021-01-16 05:30:01.963 T:3608322944 DEBUG: CAMLCodec::DequeueBuffer: pts:314.773 idx:218
2021-01-16 05:30:01.963 T:3608322944 DEBUG: CAMLCodec::GetPicture: index: 218, pts: 314.773, dur:42ms ar:1.67
2021-01-16 05:30:01.964 T:3608322944 DEBUG: CVideoPlayerVideo::OutputPicture - ttd:210ms pts:314.773 Clock:314.563 Level:3
2021-01-16 05:30:01.965 T:4090851344 DEBUG: CAMLCodec::ReleaseFrame idx:214, drop:0
2021-01-16 05:30:01.966 T:3608322944 DEBUG: CAMLCodec::GetTimeSize: len:24 dl:425025 fs:507467 front:82442
2021-01-16 05:30:01.966 T:3608322944 DEBUG: CAMLCodec::GetTimeSize: len:23 dl:425025 fs:425025 front:20885
2021-01-16 05:30:01.971 T:3608322944 DEBUG: CAMLCodec::AddData: dl:431556 sum:431556 sz:6531 dts:315.815 pts:315.815 overflow:0
2021-01-16 05:30:01.971 T:3608322944 DEBUG: CAMLCodec::GetTimeSize: len:24 dl:431556 fs:431556 front:20885
2021-01-16 05:30:01.997 T:3581182848 DEBUG: Previous line repeats 3 times.
2021-01-16 05:30:01.997 T:3581182848 DEBUG: CVideoPlayer::ProcessVideoData size:195513 dts:322.906 pts:323.198 dur:41.000ms, clock:314.596 level:88
2021-01-16 05:30:01.997 T:3608322944 DEBUG: CAMLCodec::GetTimeSize: len:24 dl:431556 fs:431556 front:20885
2021-01-16 05:30:01.998 T:3581182848 DEBUG: CVideoPlayer::ProcessVideoData size:66324 dts:322.948 pts:323.073 dur:41.000ms, clock:314.597 level:89
2021-01-16 05:30:01.999 T:3581182848 DEBUG: CVideoPlayer::ProcessVideoData size:12262 dts:322.989 pts:322.989 dur:41.000ms, clock:314.598 level:89
2021-01-16 05:30:02.000 T:4090851344 DEBUG: CAMLCodec::PollFrame elapsed:34.325ms
2021-01-16 05:30:02.000 T:3581182848 DEBUG: CVideoPlayer::ProcessVideoData size:13402 dts:323.031 pts:323.031 dur:41.000ms, clock:314.599 level:90
2021-01-16 05:30:02.001 T:3581182848 DEBUG: CVideoPlayer::ProcessVideoData size:14310 dts:323.073 pts:323.114 dur:41.000ms, clock:314.600 level:90
2021-01-16 05:30:02.003 T:4090851344 DEBUG: PrepareNextRender: frameOnScreen: 314.602 renderPts: 314.727 nextFramePts: 314.648 -> diff: 0.079 render: 1 forceNext: 0
2021-01-16 05:30:02.004 T:3581182848 DEBUG: CVideoPlayer::ProcessVideoData size:14385 dts:323.114 pts:323.156 dur:41.000ms, clock:314.602 level:91
2021-01-16 05:30:02.007 T:3608322944 DEBUG: CAMLCodec::GetTimeSize: len:24 dl:431556 fs:431556 front:20885
2021-01-16 05:30:02.008 T:4090851344 DEBUG: CAMLCodec::ReleaseFrame idx:215, drop:0
2021-01-16 05:30:02.008 T:3608322944 DEBUG: CAMLCodec::DequeueBuffer: pts:314.814 idx:219
2021-01-16 05:30:02.009 T:3608322944 DEBUG: CAMLCodec::GetPicture: index: 219, pts: 314.814, dur:41ms ar:1.67
2021-01-16 05:30:02.009 T:3608322944 DEBUG: CVideoPlayerVideo::OutputPicture - ttd:206ms pts:314.814 Clock:314.608 Level:3
2021-01-16 05:30:02.010 T:3608322944 DEBUG: CAMLCodec::GetTimeSize: len:24 dl:410671 fs:431556 front:20885
2021-01-16 05:30:02.011 T:3608322944 DEBUG: CAMLCodec::GetTimeSize: len:23 dl:410671 fs:410671 front:9388
2021-01-16 05:30:02.016 T:3608322944 DEBUG: CAMLCodec::AddData: dl:417100 sum:417100 sz:6429 dts:315.857 pts:315.857 overflow:0
2021-01-16 05:30:02.016 T:3608322944 DEBUG: CAMLCodec::GetTimeSize: len:24 dl:417100 fs:417100 front:9388
2021-01-16 05:30:02.041 T:4090851344 DEBUG: Previous line repeats 3 times.
2021-01-16 05:30:02.041 T:4090851344 DEBUG: CAMLCodec::PollFrame elapsed:32.066ms
2021-01-16 05:30:02.043 T:3608322944 DEBUG: CAMLCodec::GetTimeSize: len:24 dl:417100 fs:417100 front:9388
2021-01-16 05:30:02.043 T:3608322944 DEBUG: CAMLCodec::DequeueBuffer: pts:314.856 idx:220
2021-01-16 05:30:02.044 T:3608322944 DEBUG: CAMLCodec::GetPicture: index: 220, pts: 314.856, dur:42ms ar:1.67
2021-01-16 05:30:02.044 T:3608322944 DEBUG: CVideoPlayerVideo::OutputPicture - ttd:212ms pts:314.856 Clock:314.643 Level:4
2021-01-16 05:30:02.045 T:4090851344 DEBUG: PrepareNextRender: frameOnScreen: 314.644 renderPts: 314.769 nextFramePts: 314.689 -> diff: 0.080 render: 1 forceNext: 0
2021-01-16 05:30:02.047 T:3608322944 DEBUG: CAMLCodec::GetTimeSize: len:24 dl:407712 fs:417100 front:9388
2021-01-16 05:30:02.047 T:3608322944 DEBUG: CAMLCodec::GetTimeSize: len:23 dl:407712 fs:407712 front:7602
2021-01-16 05:30:02.047 T:4090851344 DEBUG: CAMLCodec::ReleaseFrame idx:216, drop:0
2021-01-16 05:30:02.052 T:3608322944 DEBUG: CAMLCodec::AddData: dl:413361 sum:413361 sz:5649 dts:315.899 pts:315.941 overflow:0
2021-01-16 05:30:02.053 T:3608322944 DEBUG: CAMLCodec::GetTimeSize: len:24 dl:413361 fs:413361 front:7602
2021-01-16 05:30:02.082 T:4090851344 DEBUG: Previous line repeats 4 times.
2021-01-16 05:30:02.083 T:4090851344 DEBUG: CAMLCodec::PollFrame elapsed:34.942ms
2021-01-16 05:30:02.086 T:3608322944 DEBUG: CAMLCodec::GetTimeSize: len:24 dl:413361 fs:413361 front:7602
2021-01-16 05:30:02.086 T:3608322944 DEBUG: CAMLCodec::DequeueBuffer: pts:314.898 idx:221
2021-01-16 05:30:02.087 T:4090851344 DEBUG: PrepareNextRender: frameOnScreen: 314.685 renderPts: 314.810 nextFramePts: 314.731 -> diff: 0.079 render: 1 forceNext: 0
2021-01-16 05:30:02.088 T:3608322944 DEBUG: CAMLCodec::GetPicture: index: 221, pts: 314.898, dur:42ms ar:1.67
2021-01-16 05:30:02.088 T:3608322944 DEBUG: CVideoPlayerVideo::OutputPicture - ttd:211ms pts:314.898 Clock:314.687 Level:3
2021-01-16 05:30:02.089 T:3608322944 DEBUG: CAMLCodec::GetTimeSize: len:24 dl:405759 fs:413361 front:7602
2021-01-16 05:30:02.090 T:3608322944 DEBUG: CAMLCodec::GetTimeSize: len:23 dl:405759 fs:405759 front:8371
2021-01-16 05:30:02.090 T:4090851344 DEBUG: CAMLCodec::ReleaseFrame idx:217, drop:0
2021-01-16 05:30:02.095 T:3608322944 DEBUG: CAMLCodec::AddData: dl:410428 sum:410428 sz:4669 dts:315.941 pts:315.982 overflow:0
2021-01-16 05:30:02.095 T:3608322944 DEBUG: CAMLCodec::GetTimeSize: len:24 dl:410428 fs:410428 front:8371
2021-01-16 05:30:02.124 T:4090851344 DEBUG: Previous line repeats 4 times.
2021-01-16 05:30:02.124 T:4090851344 DEBUG: CAMLCodec::PollFrame elapsed:33.955ms
2021-01-16 05:30:02.128 T:3608322944 DEBUG: CAMLCodec::GetTimeSize: len:24 dl:410428 fs:410428 front:8371
2021-01-16 05:30:02.129 T:4090851344 DEBUG: PrepareNextRender: frameOnScreen: 314.727 renderPts: 314.852 nextFramePts: 314.773 -> diff: 0.079 render: 1 forceNext: 0
2021-01-16 05:30:02.129 T:3608322944 DEBUG: CAMLCodec::DequeueBuffer: pts:314.940 idx:222
2021-01-16 05:30:02.129 T:3608322944 DEBUG: CAMLCodec::GetPicture: index: 222, pts: 314.940, dur:42ms ar:1.67
2021-01-16 05:30:02.130 T:3608322944 DEBUG: CVideoPlayerVideo::OutputPicture - ttd:211ms pts:314.940 Clock:314.729 Level:3
2021-01-16 05:30:02.131 T:3608322944 DEBUG: CAMLCodec::GetTimeSize: len:24 dl:410428 fs:410428 front:8371
2021-01-16 05:30:02.133 T:4090851344 DEBUG: CAMLCodec::ReleaseFrame idx:218, drop:0
2021-01-16 05:30:02.138 T:3608322944 DEBUG: CAMLCodec::GetTimeSize: len:24 dl:402057 fs:410428 front:8371
2021-01-16 05:30:02.139 T:3608322944 DEBUG: CAMLCodec::GetTimeSize: len:23 dl:402057 fs:402057 front:6423
2021-01-16 05:30:02.146 T:3608322944 DEBUG: CAMLCodec::AddData: dl:480190 sum:480190 sz:78133 dts:315.982 pts:316.316 overflow:0
2021-01-16 05:30:02.146 T:3608322944 DEBUG: CAMLCodec::GetTimeSize: len:24 dl:480190 fs:480190 front:6423
2021-01-16 05:30:02.166 T:4090851344 DEBUG: Previous line repeats 2 times.
2021-01-16 05:30:02.166 T:4090851344 DEBUG: CAMLCodec::PollFrame elapsed:32.803ms
2021-01-16 05:30:02.166 T:3608322944 DEBUG: CAMLCodec::GetTimeSize: len:24 dl:480190 fs:480190 front:6423
2021-01-16 05:30:02.169 T:4090851344 DEBUG: PrepareNextRender: frameOnScreen: 314.768 renderPts: 314.893 nextFramePts: 314.814 -> diff: 0.079 render: 1 forceNext: 0
2021-01-16 05:30:02.172 T:4090851344 DEBUG: CAMLCodec::ReleaseFrame idx:219, drop:0
2021-01-16 05:30:02.173 T:3608322944 DEBUG: CAMLCodec::GetTimeSize: len:24 dl:473767 fs:480190 front:6423
2021-01-16 05:30:02.173 T:3608322944 DEBUG: CAMLCodec::GetTimeSize: len:23 dl:473767 fs:473767 front:6679
2021-01-16 05:30:02.173 T:3608322944 DEBUG: CAMLCodec::DequeueBuffer: pts:314.981 idx:223
2021-01-16 05:30:02.174 T:3608322944 DEBUG: CAMLCodec::GetPicture: index: 223, pts: 314.981, dur:41ms ar:1.67
2021-01-16 05:30:02.174 T:3608322944 DEBUG: CVideoPlayerVideo::OutputPicture - ttd:208ms pts:314.981 Clock:314.773 Level:3
2021-01-16 05:30:02.175 T:3608322944 DEBUG: CAMLCodec::GetTimeSize: len:23 dl:473767 fs:473767 front:6679
2021-01-16 05:30:02.181 T:3608322944 DEBUG: CAMLCodec::AddData: dl:489663 sum:489663 sz:15896 dts:316.024 pts:316.191 overflow:0
2021-01-16 05:30:02.181 T:3608322944 DEBUG: CAMLCodec::GetTimeSize: len:24 dl:489663 fs:489663 front:6679
2021-01-16 05:30:02.207 T:4090851344 DEBUG: Previous line repeats 4 times.
2021-01-16 05:30:02.208 T:4090851344 DEBUG: CAMLCodec::PollFrame elapsed:34.618ms
2021-01-16 05:30:02.210 T:4090851344 DEBUG: PrepareNextRender: frameOnScreen: 314.809 renderPts: 314.934 nextFramePts: 314.856 -> diff: 0.078 render: 1 forceNext: 0
2021-01-16 05:30:02.213 T:4090851344 DEBUG: CAMLCodec::ReleaseFrame idx:220, drop:0
2021-01-16 05:30:02.214 T:3608322944 DEBUG: CAMLCodec::GetTimeSize: len:24 dl:489663 fs:489663 front:6679
2021-01-16 05:30:02.215 T:3608322944 DEBUG: CAMLCodec::DequeueBuffer: pts:315.023 idx:224
2021-01-16 05:30:02.215 T:3608322944 DEBUG: CAMLCodec::GetPicture: index: 224, pts: 315.023, dur:42ms ar:1.67
2021-01-16 05:30:02.215 T:3608322944 DEBUG: CVideoPlayerVideo::OutputPicture - ttd:208ms pts:315.023 Clock:314.814 Level:3
2021-01-16 05:30:02.217 T:3608322944 DEBUG: CAMLCodec::GetTimeSize: len:24 dl:482984 fs:489663 front:6679
2021-01-16 05:30:02.217 T:3608322944 DEBUG: CAMLCodec::GetTimeSize: len:23 dl:482984 fs:482984 front:79077
2021-01-16 05:30:02.222 T:3608322944 DEBUG: CAMLCodec::AddData: dl:487725 sum:487725 sz:4741 dts:316.066 pts:316.066 overflow:0
2021-01-16 05:30:02.222 T:3608322944 DEBUG: CAMLCodec::GetTimeSize: len:24 dl:487725 fs:487725 front:79077
2021-01-16 05:30:02.249 T:4090851344 DEBUG: Previous line repeats 4 times.
2021-01-16 05:30:02.249 T:4090851344 DEBUG: CAMLCodec::PollFrame elapsed:34.970ms
2021-01-16 05:30:02.252 T:4090851344 DEBUG: PrepareNextRender: frameOnScreen: 314.851 renderPts: 314.976 nextFramePts: 314.898 -> diff: 0.078 render: 1 forceNext: 0
2021-01-16 05:30:02.257 T:4090851344 DEBUG: CAMLCodec::ReleaseFrame idx:221, drop:0
2021-01-16 05:30:02.257 T:3608322944 DEBUG: CAMLCodec::GetTimeSize: len:24 dl:408648 fs:487725 front:79077
2021-01-16 05:30:02.258 T:3608322944 DEBUG: CAMLCodec::GetTimeSize: len:23 dl:408648 fs:408648 front:17613
2021-01-16 05:30:02.258 T:3608322944 DEBUG: CAMLCodec::DequeueBuffer: pts:315.065 idx:225
2021-01-16 05:30:02.258 T:3608322944 DEBUG: CAMLCodec::GetPicture: index: 225, pts: 315.065, dur:42ms ar:1.67
2021-01-16 05:30:02.259 T:3581182848 DEBUG: CVideoPlayer::ProcessVideoData size:158826 dts:323.156 pts:323.448 dur:41.000ms, clock:314.857 level:88
2021-01-16 05:30:02.260 T:3608322944 DEBUG: CVideoPlayerVideo::OutputPicture - ttd:206ms pts:315.065 Clock:314.859 Level:3
2021-01-16 05:30:02.261 T:3581182848 DEBUG: CVideoPlayer::ProcessVideoData size:59496 dts:323.198 pts:323.323 dur:41.000ms, clock:314.860 level:89
2021-01-16 05:30:02.262 T:3581182848 DEBUG: CVideoPlayer::ProcessVideoData size:13624 dts:323.240 pts:323.240 dur:41.000ms, clock:314.860 level:89
2021-01-16 05:30:02.262 T:3581182848 DEBUG: CVideoPlayer::ProcessVideoData size:13357 dts:323.281 pts:323.281 dur:41.000ms, clock:314.861 level:90
2021-01-16 05:30:02.263 T:3581182848 DEBUG: CVideoPlayer::ProcessVideoData size:10614 dts:323.323 pts:323.365 dur:41.000ms, clock:314.862 level:90
2021-01-16 05:30:02.264 T:3581182848 DEBUG: CVideoPlayer::ProcessVideoData size:9872 dts:323.365 pts:323.406 dur:41.000ms, clock:314.863 level:91
2021-01-16 05:30:02.265 T:3608322944 DEBUG: CAMLCodec::GetTimeSize: len:23 dl:408648 fs:408648 front:17613
2021-01-16 05:30:02.271 T:3608322944 DEBUG: CAMLCodec::AddData: dl:414893 sum:414893 sz:6245 dts:316.107 pts:316.107 overflow:0
2021-01-16 05:30:02.271 T:3608322944 DEBUG: CAMLCodec::GetTimeSize: len:24 dl:414893 fs:414893 front:17613
2021-01-16 05:30:02.293 T:4090851344 DEBUG: Previous line repeats 3 times.
2021-01-16 05:30:02.293 T:4090851344 DEBUG: CAMLCodec::PollFrame elapsed:35.123ms
2021-01-16 05:30:02.298 T:3608322944 DEBUG: CAMLCodec::GetTimeSize: len:24 dl:414893 fs:414893 front:17613
2021-01-16 05:30:02.299 T:3608322944 DEBUG: CAMLCodec::DequeueBuffer: pts:315.106 idx:226
