2021-01-16 05:29:43.208 T:3746550656 DEBUG: ffmpeg[DF4FD380]: [mjpeg] escaping removed 32769 bytes
2021-01-16 05:29:43.208 T:3746550656 DEBUG: ffmpeg[DF4FD380]: [mjpeg] marker=da avail_size_in_buf=129982
2021-01-16 05:29:43.208 T:3746550656 DEBUG: ffmpeg[DF4FD380]: [mjpeg] component: 0
2021-01-16 05:29:43.234 T:3746550656 DEBUG: ffmpeg[DF4FD380]: [mjpeg] marker parser used 97212 bytes (777689 bits)
2021-01-16 05:29:43.235 T:3746550656 DEBUG: ffmpeg[DF4FD380]: [mjpeg] marker=c4 avail_size_in_buf=32612
2021-01-16 05:29:43.235 T:3746550656 DEBUG: ffmpeg[DF4FD380]: [mjpeg] class=1 index=1 nb_codes=242
2021-01-16 05:29:43.236 T:3746550656 DEBUG: ffmpeg[DF4FD380]: [mjpeg] marker parser used 39 bytes (312 bits)
2021-01-16 05:29:43.236 T:3746550656 DEBUG: ffmpeg[DF4FD380]: [mjpeg] escaping removed 16909 bytes
2021-01-16 05:29:43.236 T:3746550656 DEBUG: ffmpeg[DF4FD380]: [mjpeg] marker=da avail_size_in_buf=32571
2021-01-16 05:29:43.237 T:3746550656 DEBUG: ffmpeg[DF4FD380]: [mjpeg] component: 1
2021-01-16 05:29:43.241 T:3746550656 DEBUG: ffmpeg[DF4FD380]: [mjpeg] marker parser used 15661 bytes (125285 bits)
2021-01-16 05:29:43.241 T:3746550656 DEBUG: ffmpeg[DF4FD380]: [mjpeg] marker=c4 avail_size_in_buf=16863
2021-01-16 05:29:43.241 T:3746550656 DEBUG: ffmpeg[DF4FD380]: [mjpeg] class=1 index=1 nb_codes=226
2021-01-16 05:29:43.242 T:3746550656 DEBUG: ffmpeg[DF4FD380]: [mjpeg] marker parser used 37 bytes (296 bits)
2021-01-16 05:29:43.242 T:3746550656 DEBUG: ffmpeg[DF4FD380]: [mjpeg] escaping removed 90 bytes
2021-01-16 05:29:43.243 T:3746550656 DEBUG: ffmpeg[DF4FD380]: [mjpeg] marker=da avail_size_in_buf=16824
2021-01-16 05:29:43.243 T:3746550656 DEBUG: ffmpeg[DF4FD380]: [mjpeg] component: 2
2021-01-16 05:29:43.247 T:3746550656 DEBUG: ffmpeg[DF4FD380]: [mjpeg] marker parser used 16733 bytes (133862 bits)
2021-01-16 05:29:43.248 T:3746550656 DEBUG: ffmpeg[DF4FD380]: [mjpeg] marker=d9 avail_size_in_buf=0
2021-01-16 05:29:43.265 T:3746550656 DEBUG: ffmpeg[DF4FD380]: [mjpeg] decode frame unused 0 bytes
2021-01-16 05:29:43.285 T:3746550656 DEBUG: ffmpeg[DF4FD380]: [swscaler] No accelerated colorspace conversion found from yuv420p to bgra.
2021-01-16 05:29:43.377 T:3970184064 DEBUG: CCurlFile::GetMimeType - https://image.tmdb.org/t/p/original/eFlhSuFGfK0hVXu4VE0cRreKXfS.jpg -> image/jpeg
2021-01-16 05:29:43.379 T:3970184064 DEBUG: CurlFile::Open(0xe07a0d60) https://image.tmdb.org/t/p/original/eFlhSuFGfK0hVXu4VE0cRreKXfS.jpg
2021-01-16 05:29:43.435 T:3746550656 DEBUG: Caching image 'https://image.tmdb.org/t/p/original/uyaIIL6Jld5m3vhHSFl2n2BeGBr.jpg' to '2/221177a0.jpg':
2021-01-16 05:29:43.437 T:3746550656 DEBUG: ffmpeg[DF4FD380]: [swscaler] Forcing full internal H chroma due to input having non subsampled chroma
2021-01-16 05:29:43.479 T:3970184064 DEBUG: ffmpeg[ECA43380]: [mjpeg] marker=d8 avail_size_in_buf=390970
2021-01-16 05:29:43.480 T:3970184064 DEBUG: ffmpeg[ECA43380]: [mjpeg] marker parser used 0 bytes (0 bits)
2021-01-16 05:29:43.480 T:3970184064 DEBUG: ffmpeg[ECA43380]: [mjpeg] marker=e0 avail_size_in_buf=390968
2021-01-16 05:29:43.481 T:3970184064 DEBUG: ffmpeg[ECA43380]: [mjpeg] marker parser used 16 bytes (128 bits)
2021-01-16 05:29:43.481 T:3970184064 DEBUG: ffmpeg[ECA43380]: [mjpeg] marker=db avail_size_in_buf=390950
2021-01-16 05:29:43.481 T:3970184064 DEBUG: ffmpeg[ECA43380]: [mjpeg] index=0
2021-01-16 05:29:43.481 T:3970184064 DEBUG: ffmpeg[ECA43380]: [mjpeg] qscale[0]: 3
2021-01-16 05:29:43.481 T:3970184064 DEBUG: ffmpeg[ECA43380]: [mjpeg] index=1
2021-01-16 05:29:43.481 T:3970184064 DEBUG: ffmpeg[ECA43380]: [mjpeg] qscale[1]: 3
2021-01-16 05:29:43.481 T:3970184064 DEBUG: ffmpeg[ECA43380]: [mjpeg] marker parser used 132 bytes (1056 bits)
2021-01-16 05:29:43.481 T:3970184064 DEBUG: ffmpeg[ECA43380]: [mjpeg] marker=c2 avail_size_in_buf=390816
2021-01-16 05:29:43.481 T:3970184064 DEBUG: ffmpeg[ECA43380]: [mjpeg] Changing bps from 0 to 8
2021-01-16 05:29:43.482 T:3970184064 DEBUG: ffmpeg[ECA43380]: [mjpeg] sof0: picture: 2000x3000
2021-01-16 05:29:43.482 T:3970184064 DEBUG: ffmpeg[ECA43380]: [mjpeg] component 0 2:2 id: 0 quant:0
2021-01-16 05:29:43.482 T:3970184064 DEBUG: ffmpeg[ECA43380]: [mjpeg] component 1 1:1 id: 1 quant:1
2021-01-16 05:29:43.482 T:3970184064 DEBUG: ffmpeg[ECA43380]: [mjpeg] component 2 1:1 id: 2 quant:1
2021-01-16 05:29:43.482 T:3970184064 DEBUG: ffmpeg[ECA43380]: [mjpeg] pix fmt id 22111100
2021-01-16 05:29:43.482 T:3970184064 DEBUG: ffmpeg[ECA43380]: [mjpeg] Format yuvj420p chosen by get_format().
2021-01-16 05:29:43.557 T:3970184064 DEBUG: ffmpeg[ECA43380]: [mjpeg] marker parser used 17 bytes (136 bits)
2021-01-16 05:29:43.557 T:3970184064 DEBUG: ffmpeg[ECA43380]: [mjpeg] marker=c4 avail_size_in_buf=390797
2021-01-16 05:29:43.557 T:3970184064 DEBUG: ffmpeg[ECA43380]: [mjpeg] class=0 index=0 nb_codes=10
2021-01-16 05:29:43.557 T:3970184064 DEBUG: ffmpeg[ECA43380]: [mjpeg] marker parser used 29 bytes (232 bits)
2021-01-16 05:29:43.557 T:3970184064 DEBUG: ffmpeg[ECA43380]: [mjpeg] escaping removed 341103 bytes
2021-01-16 05:29:43.558 T:3970184064 DEBUG: ffmpeg[ECA43380]: [mjpeg] marker=da avail_size_in_buf=390766
2021-01-16 05:29:43.558 T:3970184064 DEBUG: ffmpeg[ECA43380]: [mjpeg] component: 0
2021-01-16 05:29:43.605 T:3970184064 DEBUG: ffmpeg[ECA43380]: [mjpeg] marker parser used 49662 bytes (397291 bits)
2021-01-16 05:29:43.606 T:3970184064 DEBUG: ffmpeg[ECA43380]: [mjpeg] marker=c4 avail_size_in_buf=340883
2021-01-16 05:29:43.606 T:3970184064 DEBUG: ffmpeg[ECA43380]: [mjpeg] class=0 index=1 nb_codes=9
2021-01-16 05:29:43.606 T:3970184064 DEBUG: ffmpeg[ECA43380]: [mjpeg] marker parser used 28 bytes (224 bits)
2021-01-16 05:29:43.607 T:3970184064 DEBUG: ffmpeg[ECA43380]: [mjpeg] escaping removed 331329 bytes
2021-01-16 05:29:43.607 T:3970184064 DEBUG: ffmpeg[ECA43380]: [mjpeg] marker=da avail_size_in_buf=340853
2021-01-16 05:29:43.608 T:3970184064 DEBUG: ffmpeg[ECA43380]: [mjpeg] component: 1
2021-01-16 05:29:43.621 T:3970184064 DEBUG: ffmpeg[ECA43380]: [mjpeg] marker parser used 9523 bytes (76184 bits)
2021-01-16 05:29:43.621 T:3970184064 DEBUG: ffmpeg[ECA43380]: [mjpeg] marker=c4 avail_size_in_buf=331287
2021-01-16 05:29:43.621 T:3970184064 DEBUG: ffmpeg[ECA43380]: [mjpeg] class=0 index=1 nb_codes=9
2021-01-16 05:29:43.622 T:3970184064 DEBUG: ffmpeg[ECA43380]: [mjpeg] marker parser used 28 bytes (224 bits)
2021-01-16 05:29:43.622 T:3970184064 DEBUG: ffmpeg[ECA43380]: [mjpeg] escaping removed 321609 bytes
2021-01-16 05:29:43.622 T:3970184064 DEBUG: ffmpeg[ECA43380]: [mjpeg] marker=da avail_size_in_buf=331257
2021-01-16 05:29:43.622 T:3970184064 DEBUG: ffmpeg[ECA43380]: [mjpeg] component: 2
2021-01-16 05:29:43.629 T:3970184064 DEBUG: ffmpeg[ECA43380]: [mjpeg] marker parser used 9647 bytes (77173 bits)
2021-01-16 05:29:43.629 T:3970184064 DEBUG: ffmpeg[ECA43380]: [mjpeg] marker=c4 avail_size_in_buf=321570
2021-01-16 05:29:43.629 T:3970184064 DEBUG: ffmpeg[ECA43380]: [mjpeg] class=1 index=0 nb_codes=193
2021-01-16 05:29:43.630 T:3970184064 DEBUG: ffmpeg[ECA43380]: [mjpeg] marker parser used 44 bytes (352 bits)
2021-01-16 05:29:43.638 T:3970184064 DEBUG: ffmpeg[ECA43380]: [mjpeg] escaping removed 262503 bytes
2021-01-16 05:29:43.639 T:3970184064 DEBUG: ffmpeg[ECA43380]: [mjpeg] marker=da avail_size_in_buf=321524
2021-01-16 05:29:43.639 T:3970184064 DEBUG: ffmpeg[ECA43380]: [mjpeg] component: 0
2021-01-16 05:29:43.649 T:3970184064 DEBUG: ffmpeg[ECA43380]: [mjpeg] marker parser used 59020 bytes (472160 bits)
2021-01-16 05:29:43.650 T:3970184064 DEBUG: ffmpeg[ECA43380]: [mjpeg] marker=c4 avail_size_in_buf=262232
2021-01-16 05:29:43.650 T:3970184064 DEBUG: ffmpeg[ECA43380]: [mjpeg] class=1 index=0 nb_codes=242
2021-01-16 05:29:43.650 T:3970184064 DEBUG: ffmpeg[ECA43380]: [mjpeg] marker parser used 95 bytes (760 bits)
2021-01-16 05:29:43.652 T:3970184064 DEBUG: ffmpeg[ECA43380]: [mjpeg] escaping removed 53399 bytes
2021-01-16 05:29:43.652 T:3970184064 DEBUG: ffmpeg[ECA43380]: [mjpeg] marker=da avail_size_in_buf=262135
2021-01-16 05:29:43.652 T:3970184064 DEBUG: ffmpeg[ECA43380]: [mjpeg] component: 0
2021-01-16 05:29:43.684 T:3970184064 DEBUG: ffmpeg[ECA43380]: [mjpeg] marker parser used 208735 bytes (1669877 bits)
2021-01-16 05:29:43.684 T:3970184064 DEBUG: ffmpeg[ECA43380]: [mjpeg] marker=c4 avail_size_in_buf=52732
2021-01-16 05:29:43.684 T:3970184064 DEBUG: ffmpeg[ECA43380]: [mjpeg] class=1 index=1 nb_codes=241
2021-01-16 05:29:43.685 T:3970184064 DEBUG: ffmpeg[ECA43380]: [mjpeg] marker parser used 60 bytes (480 bits)
2021-01-16 05:29:43.685 T:3970184064 DEBUG: ffmpeg[ECA43380]: [mjpeg] escaping removed 41825 bytes
2021-01-16 05:29:43.685 T:3970184064 DEBUG: ffmpeg[ECA43380]: [mjpeg] marker=da avail_size_in_buf=52670
2021-01-16 05:29:43.685 T:3970184064 DEBUG: ffmpeg[ECA43380]: [mjpeg] component: 1
2021-01-16 05:29:43.687 T:3970184064 DEBUG: ffmpeg[ECA43380]: [mjpeg] marker parser used 10844 bytes (86747 bits)
2021-01-16 05:29:43.687 T:3970184064 DEBUG: ffmpeg[ECA43380]: [mjpeg] marker=c4 avail_size_in_buf=41793
2021-01-16 05:29:43.687 T:3970184064 DEBUG: ffmpeg[ECA43380]: [mjpeg] class=1 index=1 nb_codes=226
2021-01-16 05:29:43.687 T:3970184064 DEBUG: ffmpeg[ECA43380]: [mjpeg] marker parser used 64 bytes (512 bits)
2021-01-16 05:29:43.687 T:3970184064 DEBUG: ffmpeg[ECA43380]: [mjpeg] escaping removed 29832 bytes
2021-01-16 05:29:43.687 T:3970184064 DEBUG: ffmpeg[ECA43380]: [mjpeg] marker=da avail_size_in_buf=41727
2021-01-16 05:29:43.687 T:3970184064 DEBUG: ffmpeg[ECA43380]: [mjpeg] component: 2
2021-01-16 05:29:43.689 T:3970184064 DEBUG: ffmpeg[ECA43380]: [mjpeg] marker parser used 11894 bytes (95152 bits)
2021-01-16 05:29:43.689 T:3970184064 DEBUG: ffmpeg[ECA43380]: [mjpeg] marker=c4 avail_size_in_buf=29789
2021-01-16 05:29:43.689 T:3970184064 DEBUG: ffmpeg[ECA43380]: [mjpeg] class=1 index=1 nb_codes=242
2021-01-16 05:29:43.689 T:3970184064 DEBUG: ffmpeg[ECA43380]: [mjpeg] marker parser used 43 bytes (344 bits)
2021-01-16 05:29:43.690 T:3970184064 DEBUG: ffmpeg[ECA43380]: [mjpeg] escaping removed 13855 bytes
2021-01-16 05:29:43.690 T:3970184064 DEBUG: ffmpeg[ECA43380]: [mjpeg] marker=da avail_size_in_buf=29744
2021-01-16 05:29:43.690 T:3970184064 DEBUG: ffmpeg[ECA43380]: [mjpeg] component: 1
2021-01-16 05:29:43.693 T:3978576768 DEBUG: cached image 'special://masterprofile/Thumbnails/c/c72e4038.jpg' size 514x720
2021-01-16 05:29:43.695 T:3970184064 DEBUG: ffmpeg[ECA43380]: [mjpeg] marker parser used 15888 bytes (127101 bits)
2021-01-16 05:29:43.696 T:3978576768 DEBUG: ffmpeg[ED244380]: [mjpeg] intra_quant_bias = 96 inter_quant_bias = 0
2021-01-16 05:29:43.707 T:3970184064 DEBUG: ffmpeg[ECA43380]: [mjpeg] marker=c4 avail_size_in_buf=13813
2021-01-16 05:29:43.707 T:3970184064 DEBUG: ffmpeg[ECA43380]: [mjpeg] class=1 index=1 nb_codes=242
2021-01-16 05:29:43.708 T:3970184064 DEBUG: ffmpeg[ECA43380]: [mjpeg] marker parser used 44 bytes (352 bits)
2021-01-16 05:29:43.708 T:3970184064 DEBUG: ffmpeg[ECA43380]: [mjpeg] escaping removed 54 bytes
2021-01-16 05:29:43.709 T:3970184064 DEBUG: ffmpeg[ECA43380]: [mjpeg] marker=da avail_size_in_buf=13767
2021-01-16 05:29:43.709 T:3970184064 DEBUG: ffmpeg[ECA43380]: [mjpeg] component: 2
2021-01-16 05:29:43.713 T:3970184064 DEBUG: ffmpeg[ECA43380]: [mjpeg] marker parser used 13712 bytes (109694 bits)
2021-01-16 05:29:43.713 T:3970184064 DEBUG: ffmpeg[ECA43380]: [mjpeg] marker=d9 avail_size_in_buf=0
2021-01-16 05:29:43.905 T:3970184064 DEBUG: ffmpeg[ECA43380]: [mjpeg] decode frame unused 0 bytes
2021-01-16 05:29:43.938 T:3970184064 DEBUG: ffmpeg[ECA43380]: [swscaler] No accelerated colorspace conversion found from yuv420p to bgra.
2021-01-16 05:29:44.045 T:3763336064 INFO: ## CoreELEC Addon ## _service_::run ## WAITING:
2021-01-16 05:29:44.078 T:3970184064 DEBUG: Caching image 'https://image.tmdb.org/t/p/original/eFlhSuFGfK0hVXu4VE0cRreKXfS.jpg' to '3/36aa8b8c.jpg':
2021-01-16 05:29:44.080 T:3970184064 DEBUG: ffmpeg[ECA43380]: [swscaler] Forcing full internal H chroma due to input having non subsampled chroma
2021-01-16 05:29:44.172 T:3754943360 INFO: ## CoreELEC Addon ## xdbus Monitor started. ##
2021-01-16 05:29:44.206 T:3961791360 DEBUG: cached image 'special://masterprofile/Thumbnails/1/1f4191c1.jpg' size 511x720
2021-01-16 05:29:44.207 T:3961791360 DEBUG: ffmpeg[EC242380]: [mjpeg] intra_quant_bias = 96 inter_quant_bias = 0
2021-01-16 05:29:44.269 T:3746550656 DEBUG: cached image 'special://masterprofile/Thumbnails/2/221177a0.jpg' size 480x720
2021-01-16 05:29:44.271 T:3746550656 DEBUG: ffmpeg[DF4FD380]: [mjpeg] intra_quant_bias = 96 inter_quant_bias = 0
2021-01-16 05:29:45.421 T:3970184064 DEBUG: cached image 'special://masterprofile/Thumbnails/3/36aa8b8c.jpg' size 480x720
2021-01-16 05:29:45.422 T:3970184064 DEBUG: ffmpeg[ECA43380]: [mjpeg] intra_quant_bias = 96 inter_quant_bias = 0
2021-01-16 05:29:45.874 T:3978576768 DEBUG: CCurlFile::GetMimeType - https://image.tmdb.org/t/p/original/pR5dhtOVKxwSw99r5omAqHGMM34.jpg -> image/jpeg
2021-01-16 05:29:45.878 T:3978576768 DEBUG: CurlFile::Open(0xe31adab0) https://image.tmdb.org/t/p/original/pR5dhtOVKxwSw99r5omAqHGMM34.jpg
2021-01-16 05:29:45.883 T:3978576768 INFO: easy_acquire - Created session to https://image.tmdb.org
2021-01-16 05:29:45.910 T:3746550656 DEBUG: CCurlFile::GetMimeType - https://image.tmdb.org/t/p/original/ka5XosrS20zhVmuHalWZUMkQBfc.jpg -> image/jpeg
2021-01-16 05:29:45.911 T:3746550656 DEBUG: CurlFile::Open(0x380e500) https://image.tmdb.org/t/p/original/ka5XosrS20zhVmuHalWZUMkQBfc.jpg
2021-01-16 05:29:45.913 T:3961791360 DEBUG: CCurlFile::GetMimeType - https://image.tmdb.org/t/p/original/AthXR0hWMhbR4NTYGL7fq4M6pf.jpg -> image/jpeg
2021-01-16 05:29:45.915 T:3961791360 DEBUG: CurlFile::Open(0xe3417108) https://image.tmdb.org/t/p/original/AthXR0hWMhbR4NTYGL7fq4M6pf.jpg
2021-01-16 05:29:45.919 T:3970184064 DEBUG: CCurlFile::GetMimeType - https://image.tmdb.org/t/p/original/cSEGhdtMgeMoeP97jSxVA47DNA1.jpg -> image/jpeg
2021-01-16 05:29:45.920 T:3970184064 DEBUG: CurlFile::Open(0xe07a0d60) https://image.tmdb.org/t/p/original/cSEGhdtMgeMoeP97jSxVA47DNA1.jpg
2021-01-16 05:29:45.939 T:3809473408 DEBUG: PushCecKeypress - received key a8 duration 0
2021-01-16 05:29:46.211 T:3961791360 DEBUG: ffmpeg[EC242380]: [mjpeg] marker=d8 avail_size_in_buf=632736
2021-01-16 05:29:46.212 T:3961791360 DEBUG: ffmpeg[EC242380]: [mjpeg] marker parser used 0 bytes (0 bits)
2021-01-16 05:29:46.212 T:3961791360 DEBUG: ffmpeg[EC242380]: [mjpeg] marker=e0 avail_size_in_buf=632734
2021-01-16 05:29:46.212 T:3961791360 DEBUG: ffmpeg[EC242380]: [mjpeg] marker parser used 16 bytes (128 bits)
2021-01-16 05:29:46.213 T:3961791360 DEBUG: ffmpeg[EC242380]: [mjpeg] marker=db avail_size_in_buf=632716
2021-01-16 05:29:46.213 T:3961791360 DEBUG: ffmpeg[EC242380]: [mjpeg] index=0
2021-01-16 05:29:46.213 T:3961791360 DEBUG: ffmpeg[EC242380]: [mjpeg] qscale[0]: 3
2021-01-16 05:29:46.213 T:3961791360 DEBUG: ffmpeg[EC242380]: [mjpeg] index=1
2021-01-16 05:29:46.213 T:3961791360 DEBUG: ffmpeg[EC242380]: [mjpeg] qscale[1]: 3
2021-01-16 05:29:46.213 T:3961791360 DEBUG: ffmpeg[EC242380]: [mjpeg] marker parser used 132 bytes (1056 bits)
2021-01-16 05:29:46.214 T:3961791360 DEBUG: ffmpeg[EC242380]: [mjpeg] marker=c2 avail_size_in_buf=632582
2021-01-16 05:29:46.214 T:3961791360 DEBUG: ffmpeg[EC242380]: [mjpeg] Changing bps from 0 to 8
2021-01-16 05:29:46.214 T:3961791360 DEBUG: ffmpeg[EC242380]: [mjpeg] sof0: picture: 1400x2100
2021-01-16 05:29:46.214 T:3961791360 DEBUG: ffmpeg[EC242380]: [mjpeg] component 0 2:2 id: 0 quant:0
2021-01-16 05:29:46.214 T:3961791360 DEBUG: ffmpeg[EC242380]: [mjpeg] component 1 1:1 id: 1 quant:1
2021-01-16 05:29:46.214 T:3961791360 DEBUG: ffmpeg[EC242380]: [mjpeg] component 2 1:1 id: 2 quant:1
2021-01-16 05:29:46.214 T:3961791360 DEBUG: ffmpeg[EC242380]: [mjpeg] pix fmt id 22111100
2021-01-16 05:29:46.214 T:3961791360 DEBUG: ffmpeg[EC242380]: [mjpeg] Format yuvj420p chosen by get_format().
2021-01-16 05:29:46.244 T:3809473408 DEBUG: PushCecKeypress - received key a8 duration 304
2021-01-16 05:29:46.246 T:3801080704 DEBUG: OpenConnection - connection to the CEC adapter opened
2021-01-16 05:29:46.252 T:3961791360 DEBUG: ffmpeg[EC242380]: [mjpeg] marker parser used 17 bytes (136 bits)
2021-01-16 05:29:46.253 T:3961791360 DEBUG: ffmpeg[EC242380]: [mjpeg] marker=c4 avail_size_in_buf=632563
2021-01-16 05:29:46.253 T:3961791360 DEBUG: ffmpeg[EC242380]: [mjpeg] class=0 index=0 nb_codes=10
2021-01-16 05:29:46.254 T:3961791360 DEBUG: ffmpeg[EC242380]: [mjpeg] marker parser used 29 bytes (232 bits)
2021-01-16 05:29:46.254 T:3961791360 DEBUG: ffmpeg[EC242380]: [mjpeg] escaping removed 591156 bytes
2021-01-16 05:29:46.257 T:3721401216 DEBUG: Thread CECAdapterUpdate start, auto delete: false
2021-01-16 05:29:46.258 T:3961791360 DEBUG: ffmpeg[EC242380]: [mjpeg] marker=da avail_size_in_buf=632532
2021-01-16 05:29:46.260 T:3746550656 DEBUG: ffmpeg[DF4FD380]: [mjpeg] marker=d8 avail_size_in_buf=425105
2021-01-16 05:29:46.260 T:3961791360 DEBUG: ffmpeg[EC242380]: [mjpeg] component: 0
2021-01-16 05:29:46.260 T:3746550656 DEBUG: ffmpeg[DF4FD380]: [mjpeg] marker parser used 0 bytes (0 bits)
2021-01-16 05:29:46.261 T:3746550656 DEBUG: ffmpeg[DF4FD380]: [mjpeg] marker=e0 avail_size_in_buf=425103
2021-01-16 05:29:46.261 T:3746550656 DEBUG: ffmpeg[DF4FD380]: [mjpeg] marker parser used 16 bytes (128 bits)
2021-01-16 05:29:46.262 T:3746550656 DEBUG: ffmpeg[DF4FD380]: [mjpeg] marker=db avail_size_in_buf=425085
2021-01-16 05:29:46.262 T:3746550656 DEBUG: ffmpeg[DF4FD380]: [mjpeg] index=0
2021-01-16 05:29:46.263 T:3746550656 DEBUG: ffmpeg[DF4FD380]: [mjpeg] qscale[0]: 3
2021-01-16 05:29:46.263 T:3746550656 DEBUG: ffmpeg[DF4FD380]: [mjpeg] index=1
2021-01-16 05:29:46.264 T:3746550656 DEBUG: ffmpeg[DF4FD380]: [mjpeg] qscale[1]: 3
2021-01-16 05:29:46.265 T:3746550656 DEBUG: ffmpeg[DF4FD380]: [mjpeg] marker parser used 132 bytes (1056 bits)
2021-01-16 05:29:46.265 T:3746550656 DEBUG: ffmpeg[DF4FD380]: [mjpeg] marker=c2 avail_size_in_buf=424951
2021-01-16 05:29:46.266 T:3746550656 DEBUG: ffmpeg[DF4FD380]: [mjpeg] Changing bps from 0 to 8
2021-01-16 05:29:46.267 T:3746550656 DEBUG: ffmpeg[DF4FD380]: [mjpeg] sof0: picture: 1400x2100
2021-01-16 05:29:46.267 T:3746550656 DEBUG: ffmpeg[DF4FD380]: [mjpeg] component 0 2:2 id: 0 quant:0
2021-01-16 05:29:46.268 T:3746550656 DEBUG: ffmpeg[DF4FD380]: [mjpeg] component 1 1:1 id: 1 quant:1
2021-01-16 05:29:46.268 T:3746550656 DEBUG: ffmpeg[DF4FD380]: [mjpeg] component 2 1:1 id: 2 quant:1
2021-01-16 05:29:46.269 T:3746550656 DEBUG: ffmpeg[DF4FD380]: [mjpeg] pix fmt id 22111100
2021-01-16 05:29:46.269 T:3746550656 DEBUG: ffmpeg[DF4FD380]: [mjpeg] Format yuvj420p chosen by get_format().
2021-01-16 05:29:46.279 T:3961791360 DEBUG: ffmpeg[EC242380]: [mjpeg] marker parser used 41375 bytes (330995 bits)
2021-01-16 05:29:46.280 T:3961791360 DEBUG: ffmpeg[EC242380]: [mjpeg] marker=c4 avail_size_in_buf=591087
2021-01-16 05:29:46.280 T:3961791360 DEBUG: ffmpeg[EC242380]: [mjpeg] class=0 index=1 nb_codes=9
2021-01-16 05:29:46.281 T:3961791360 DEBUG: ffmpeg[EC242380]: [mjpeg] marker parser used 28 bytes (224 bits)
2021-01-16 05:29:46.282 T:3961791360 DEBUG: ffmpeg[EC242380]: [mjpeg] escaping removed 583193 bytes
2021-01-16 05:29:46.282 T:3961791360 DEBUG: ffmpeg[EC242380]: [mjpeg] marker=da avail_size_in_buf=591057
2021-01-16 05:29:46.283 T:3961791360 DEBUG: ffmpeg[EC242380]: [mjpeg] component: 1
2021-01-16 05:29:46.289 T:3961791360 DEBUG: ffmpeg[EC242380]: [mjpeg] marker parser used 7863 bytes (62903 bits)
2021-01-16 05:29:46.290 T:3961791360 DEBUG: ffmpeg[EC242380]: [mjpeg] marker=c4 avail_size_in_buf=583176
2021-01-16 05:29:46.291 T:3961791360 DEBUG: ffmpeg[EC242380]: [mjpeg] class=0 index=1 nb_codes=9
2021-01-16 05:29:46.291 T:3961791360 DEBUG: ffmpeg[EC242380]: [mjpeg] marker parser used 28 bytes (224 bits)
2021-01-16 05:29:46.292 T:3961791360 DEBUG: ffmpeg[EC242380]: [mjpeg] escaping removed 575352 bytes
2021-01-16 05:29:46.292 T:3961791360 DEBUG: ffmpeg[EC242380]: [mjpeg] marker=da avail_size_in_buf=583146
2021-01-16 05:29:46.292 T:3961791360 DEBUG: ffmpeg[EC242380]: [mjpeg] component: 2
2021-01-16 05:29:46.297 T:3970184064 DEBUG: ffmpeg[ECA43380]: [mjpeg] marker=d8 avail_size_in_buf=809780
2021-01-16 05:29:46.298 T:3970184064 DEBUG: ffmpeg[ECA43380]: [mjpeg] marker parser used 0 bytes (0 bits)
2021-01-16 05:29:46.303 T:3961791360 DEBUG: ffmpeg[EC242380]: [mjpeg] marker parser used 7793 bytes (62339 bits)
2021-01-16 05:29:46.304 T:3970184064 DEBUG: ffmpeg[ECA43380]: [mjpeg] marker=e0 avail_size_in_buf=809778
2021-01-16 05:29:46.305 T:3961791360 DEBUG: ffmpeg[EC242380]: [mjpeg] marker=c4 avail_size_in_buf=575332
2021-01-16 05:29:46.305 T:3970184064 DEBUG: ffmpeg[ECA43380]: [mjpeg] marker parser used 16 bytes (128 bits)
2021-01-16 05:29:46.306 T:3961791360 DEBUG: ffmpeg[EC242380]: [mjpeg] class=1 index=0 nb_codes=178
2021-01-16 05:29:46.307 T:3970184064 DEBUG: ffmpeg[ECA43380]: [mjpeg] marker=db avail_size_in_buf=809760
2021-01-16 05:29:46.307 T:3961791360 DEBUG: ffmpeg[EC242380]: [mjpeg] marker parser used 67 bytes (536 bits)
2021-01-16 05:29:46.308 T:3970184064 DEBUG: ffmpeg[ECA43380]: [mjpeg] index=0
2021-01-16 05:29:46.308 T:3970184064 DEBUG: ffmpeg[ECA43380]: [mjpeg] qscale[0]: 3
2021-01-16 05:29:46.309 T:3961791360 DEBUG: ffmpeg[EC242380]: [mjpeg] escaping removed 450584 bytes
2021-01-16 05:29:46.309 T:3970184064 DEBUG: ffmpeg[ECA43380]: [mjpeg] index=1
2021-01-16 05:29:46.309 T:3961791360 DEBUG: ffmpeg[EC242380]: [mjpeg] marker=da avail_size_in_buf=575263
2021-01-16 05:29:46.312 T:3970184064 DEBUG: ffmpeg[ECA43380]: [mjpeg] qscale[1]: 3
2021-01-16 05:29:46.315 T:3961791360 DEBUG: ffmpeg[EC242380]: [mjpeg] component: 0
2021-01-16 05:29:46.317 T:3970184064 DEBUG: ffmpeg[ECA43380]: [mjpeg] marker parser used 132 bytes (1056 bits)
2021-01-16 05:29:46.321 T:3970184064 DEBUG: ffmpeg[ECA43380]: [mjpeg] marker=c2 avail_size_in_buf=809626
2021-01-16 05:29:46.325 T:3970184064 DEBUG: ffmpeg[ECA43380]: [mjpeg] Changing bps from 0 to 8
2021-01-16 05:29:46.327 T:3970184064 DEBUG: ffmpeg[ECA43380]: [mjpeg] sof0: picture: 2000x3000
2021-01-16 05:29:46.328 T:3970184064 DEBUG: ffmpeg[ECA43380]: [mjpeg] component 0 2:2 id: 0 quant:0
2021-01-16 05:29:46.328 T:3970184064 DEBUG: ffmpeg[ECA43380]: [mjpeg] component 1 1:1 id: 1 quant:1
2021-01-16 05:29:46.328 T:3970184064 DEBUG: ffmpeg[ECA43380]: [mjpeg] component 2 1:1 id: 2 quant:1
2021-01-16 05:29:46.329 T:3970184064 DEBUG: ffmpeg[ECA43380]: [mjpeg] pix fmt id 22111100
2021-01-16 05:29:46.329 T:3970184064 DEBUG: ffmpeg[ECA43380]: [mjpeg] Format yuvj420p chosen by get_format().
2021-01-16 05:29:46.329 T:3746550656 DEBUG: ffmpeg[DF4FD380]: [mjpeg] marker parser used 17 bytes (136 bits)
2021-01-16 05:29:46.329 T:3746550656 DEBUG: ffmpeg[DF4FD380]: [mjpeg] marker=c4 avail_size_in_buf=424932
2021-01-16 05:29:46.330 T:3746550656 DEBUG: ffmpeg[DF4FD380]: [mjpeg] class=0 index=0 nb_codes=10
2021-01-16 05:29:46.337 T:3961791360 DEBUG: ffmpeg[EC242380]: [mjpeg] marker parser used 124678 bytes (997422 bits)
2021-01-16 05:29:46.338 T:3746550656 DEBUG: ffmpeg[DF4FD380]: [mjpeg] marker parser used 29 bytes (232 bits)
2021-01-16 05:29:46.339 T:3961791360 DEBUG: ffmpeg[EC242380]: [mjpeg] marker=c4 avail_size_in_buf=450166
2021-01-16 05:29:46.340 T:3746550656 DEBUG: ffmpeg[DF4FD380]: [mjpeg] escaping removed 388066 bytes
2021-01-16 05:29:46.341 T:3961791360 DEBUG: ffmpeg[EC242380]: [mjpeg] class=1 index=0 nb_codes=242
2021-01-16 05:29:46.342 T:3746550656 DEBUG: ffmpeg[DF4FD380]: [mjpeg] marker=da avail_size_in_buf=424901
2021-01-16 05:29:46.343 T:3961791360 DEBUG: ffmpeg[EC242380]: [mjpeg] marker parser used 67 bytes (536 bits)
2021-01-16 05:29:46.344 T:3746550656 DEBUG: ffmpeg[DF4FD380]: [mjpeg] component: 0
2021-01-16 05:29:46.347 T:3961791360 DEBUG: ffmpeg[EC242380]: [mjpeg] escaping removed 419512 bytes
2021-01-16 05:29:46.347 T:3961791360 DEBUG: ffmpeg[EC242380]: [mjpeg] marker=da avail_size_in_buf=450097
2021-01-16 05:29:46.348 T:3961791360 DEBUG: ffmpeg[EC242380]: [mjpeg] component: 0
2021-01-16 05:29:46.355 T:3961791360 DEBUG: ffmpeg[EC242380]: [mjpeg] marker parser used 30584 bytes (244665 bits)
2021-01-16 05:29:46.356 T:3961791360 DEBUG: ffmpeg[EC242380]: [mjpeg] marker=c4 avail_size_in_buf=419385
2021-01-16 05:29:46.356 T:3961791360 DEBUG: ffmpeg[EC242380]: [mjpeg] class=1 index=0 nb_codes=242
2021-01-16 05:29:46.357 T:3961791360 DEBUG: ffmpeg[EC242380]: [mjpeg] marker parser used 41 bytes (328 bits)
2021-01-16 05:29:46.358 T:3961791360 DEBUG: ffmpeg[EC242380]: [mjpeg] escaping removed 299628 bytes
2021-01-16 05:29:46.371 T:3746550656 DEBUG: ffmpeg[DF4FD380]: [mjpeg] marker parser used 36834 bytes (294671 bits)
2021-01-16 05:29:46.372 T:3961791360 DEBUG: ffmpeg[EC242380]: [mjpeg] marker=da avail_size_in_buf=419342
2021-01-16 05:29:46.373 T:3746550656 DEBUG: ffmpeg[DF4FD380]: [mjpeg] marker=c4 avail_size_in_buf=388033
2021-01-16 05:29:46.374 T:3961791360 DEBUG: ffmpeg[EC242380]: [mjpeg] component: 0
2021-01-16 05:29:46.380 T:3746550656 DEBUG: ffmpeg[DF4FD380]: [mjpeg] class=0 index=1 nb_codes=8
2021-01-16 05:29:46.380 T:3746550656 DEBUG: ffmpeg[DF4FD380]: [mjpeg] marker parser used 27 bytes (216 bits)
2021-01-16 05:29:46.381 T:3746550656 DEBUG: ffmpeg[DF4FD380]: [mjpeg] escaping removed 380736 bytes
2021-01-16 05:29:46.381 T:3746550656 DEBUG: ffmpeg[DF4FD380]: [mjpeg] marker=da avail_size_in_buf=388004
2021-01-16 05:29:46.382 T:3746550656 DEBUG: ffmpeg[DF4FD380]: [mjpeg] component: 1
2021-01-16 05:29:46.386 T:3746550656 DEBUG: ffmpeg[DF4FD380]: [mjpeg] marker parser used 7267 bytes (58134 bits)
2021-01-16 05:29:46.387 T:3746550656 DEBUG: ffmpeg[DF4FD380]: [mjpeg] marker=c4 avail_size_in_buf=380732
2021-01-16 05:29:46.387 T:3746550656 DEBUG: ffmpeg[DF4FD380]: [mjpeg] class=0 index=1 nb_codes=9
2021-01-16 05:29:46.387 T:3746550656 DEBUG: ffmpeg[DF4FD380]: [mjpeg] marker parser used 28 bytes (224 bits)
2021-01-16 05:29:46.388 T:3746550656 DEBUG: ffmpeg[DF4FD380]: [mjpeg] escaping removed 372829 bytes
2021-01-16 05:29:46.388 T:3746550656 DEBUG: ffmpeg[DF4FD380]: [mjpeg] marker=da avail_size_in_buf=380702
2021-01-16 05:29:46.388 T:3746550656 DEBUG: ffmpeg[DF4FD380]: [mjpeg] component: 2
2021-01-16 05:29:46.393 T:3746550656 DEBUG: ffmpeg[DF4FD380]: [mjpeg] marker parser used 7872 bytes (62973 bits)
2021-01-16 05:29:46.393 T:3746550656 DEBUG: ffmpeg[DF4FD380]: [mjpeg] marker=c4 avail_size_in_buf=372814
2021-01-16 05:29:46.394 T:3746550656 DEBUG: ffmpeg[DF4FD380]: [mjpeg] class=1 index=0 nb_codes=242
2021-01-16 05:29:46.395 T:3746550656 DEBUG: ffmpeg[DF4FD380]: [mjpeg] marker parser used 81 bytes (648 bits)
2021-01-16 05:29:46.396 T:3746550656 DEBUG: ffmpeg[DF4FD380]: [mjpeg] escaping removed 288558 bytes
2021-01-16 05:29:46.396 T:3746550656 DEBUG: ffmpeg[DF4FD380]: [mjpeg] marker=da avail_size_in_buf=372731
2021-01-16 05:29:46.396 T:3746550656 DEBUG: ffmpeg[DF4FD380]: [mjpeg] component: 0
2021-01-16 05:29:46.406 T:3961791360 DEBUG: ffmpeg[EC242380]: [mjpeg] marker parser used 119713 bytes (957701 bits)
2021-01-16 05:29:46.406 T:3961791360 DEBUG: ffmpeg[EC242380]: [mjpeg] marker=c4 avail_size_in_buf=299240
2021-01-16 05:29:46.407 T:3961791360 DEBUG: ffmpeg[EC242380]: [mjpeg] class=1 index=1 nb_codes=242
2021-01-16 05:29:46.407 T:3961791360 DEBUG: ffmpeg[EC242380]: [mjpeg] marker parser used 74 bytes (592 bits)
2021-01-16 05:29:46.408 T:3961791360 DEBUG: ffmpeg[EC242380]: [mjpeg] escaping removed 267386 bytes
2021-01-16 05:29:46.408 T:3961791360 DEBUG: ffmpeg[EC242380]: [mjpeg] marker=da avail_size_in_buf=299164
2021-01-16 05:29:46.408 T:3961791360 DEBUG: ffmpeg[EC242380]: [mjpeg] component: 1
2021-01-16 05:29:46.408 T:3746550656 DEBUG: ffmpeg[DF4FD380]: [mjpeg] marker parser used 84172 bytes (673369 bits)
2021-01-16 05:29:46.409 T:3746550656 DEBUG: ffmpeg[DF4FD380]: [mjpeg] marker=c4 avail_size_in_buf=288193
2021-01-16 05:29:46.409 T:3746550656 DEBUG: ffmpeg[DF4FD380]: [mjpeg] class=1 index=0 nb_codes=242
2021-01-16 05:29:46.409 T:3746550656 DEBUG: ffmpeg[DF4FD380]: [mjpeg] marker parser used 44 bytes (352 bits)
2021-01-16 05:29:46.410 T:3746550656 DEBUG: ffmpeg[DF4FD380]: [mjpeg] escaping removed 209891 bytes
2021-01-16 05:29:46.410 T:3746550656 DEBUG: ffmpeg[DF4FD380]: [mjpeg] marker=da avail_size_in_buf=288147
2021-01-16 05:29:46.411 T:3746550656 DEBUG: ffmpeg[DF4FD380]: [mjpeg] component: 0
2021-01-16 05:29:46.414 T:3961791360 DEBUG: ffmpeg[EC242380]: [mjpeg] marker parser used 31777 bytes (254212 bits)
2021-01-16 05:29:46.415 T:3961791360 DEBUG: ffmpeg[EC242380]: [mjpeg] marker=c4 avail_size_in_buf=267277
2021-01-16 05:29:46.416 T:3961791360 DEBUG: ffmpeg[EC242380]: [mjpeg] class=1 index=1 nb_codes=242
2021-01-16 05:29:46.417 T:3961791360 DEBUG: ffmpeg[EC242380]: [mjpeg] marker parser used 73 bytes (584 bits)
2021-01-16 05:29:46.418 T:3961791360 DEBUG: ffmpeg[EC242380]: [mjpeg] escaping removed 240356 bytes
2021-01-16 05:29:46.418 T:3961791360 DEBUG: ffmpeg[EC242380]: [mjpeg] marker=da avail_size_in_buf=267202
2021-01-16 05:29:46.419 T:3961791360 DEBUG: ffmpeg[EC242380]: [mjpeg] component: 2
2021-01-16 05:29:46.422 T:3961791360 DEBUG: ffmpeg[EC242380]: [mjpeg] marker parser used 26845 bytes (214759 bits)
2021-01-16 05:29:46.424 T:3961791360 DEBUG: ffmpeg[EC242380]: [mjpeg] marker=c4 avail_size_in_buf=240269
2021-01-16 05:29:46.425 T:3961791360 DEBUG: ffmpeg[EC242380]: [mjpeg] class=1 index=0 nb_codes=242
2021-01-16 05:29:46.425 T:3961791360 DEBUG: ffmpeg[EC242380]: [mjpeg] marker parser used 41 bytes (328 bits)
2021-01-16 05:29:46.428 T:3961791360 DEBUG: ffmpeg[EC242380]: [mjpeg] escaping removed 60357 bytes
2021-01-16 05:29:46.429 T:3961791360 DEBUG: ffmpeg[EC242380]: [mjpeg] marker=da avail_size_in_buf=240226
2021-01-16 05:29:46.429 T:3961791360 DEBUG: ffmpeg[EC242380]: [mjpeg] component: 0
2021-01-16 05:29:46.439 T:3746550656 DEBUG: ffmpeg[DF4FD380]: [mjpeg] marker parser used 78255 bytes (626035 bits)
2021-01-16 05:29:46.440 T:3746550656 DEBUG: ffmpeg[DF4FD380]: [mjpeg] marker=c4 avail_size_in_buf=209394
2021-01-16 05:29:46.440 T:3746550656 DEBUG: ffmpeg[DF4FD380]: [mjpeg] class=1 index=1 nb_codes=194
2021-01-16 05:29:46.440 T:3746550656 DEBUG: ffmpeg[DF4FD380]: [mjpeg] marker parser used 58 bytes (464 bits)
2021-01-16 05:29:46.441 T:3746550656 DEBUG: ffmpeg[DF4FD380]: [mjpeg] escaping removed 194615 bytes
2021-01-16 05:29:46.441 T:3746550656 DEBUG: ffmpeg[DF4FD380]: [mjpeg] marker=da avail_size_in_buf=209334
2021-01-16 05:29:46.442 T:3746550656 DEBUG: ffmpeg[DF4FD380]: [mjpeg] component: 1
2021-01-16 05:29:46.444 T:3746550656 DEBUG: ffmpeg[DF4FD380]: [mjpeg] marker parser used 14718 bytes (117744 bits)
2021-01-16 05:29:46.445 T:3746550656 DEBUG: ffmpeg[DF4FD380]: [mjpeg] marker=c4 avail_size_in_buf=194585
2021-01-16 05:29:46.446 T:3746550656 DEBUG: ffmpeg[DF4FD380]: [mjpeg] class=1 index=1 nb_codes=210
2021-01-16 05:29:46.447 T:3746550656 DEBUG: ffmpeg[DF4FD380]: [mjpeg] marker parser used 63 bytes (504 bits)
2021-01-16 05:29:46.448 T:3978576768 DEBUG: ffmpeg[ED244380]: [mjpeg] marker=d8 avail_size_in_buf=729718
2021-01-16 05:29:46.449 T:3746550656 DEBUG: ffmpeg[DF4FD380]: [mjpeg] escaping removed 176855 bytes
2021-01-16 05:29:46.451 T:3978576768 DEBUG: ffmpeg[ED244380]: [mjpeg] marker parser used 0 bytes (0 bits)
2021-01-16 05:29:46.452 T:3746550656 DEBUG: ffmpeg[DF4FD380]: [mjpeg] marker=da avail_size_in_buf=194520
2021-01-16 05:29:46.453 T:3978576768 DEBUG: ffmpeg[ED244380]: [mjpeg] marker=e0 avail_size_in_buf=729716
2021-01-16 05:29:46.454 T:3746550656 DEBUG: ffmpeg[DF4FD380]: [mjpeg] component: 2
2021-01-16 05:29:46.458 T:3746550656 DEBUG: ffmpeg[DF4FD380]: [mjpeg] marker parser used 17664 bytes (141312 bits)
2021-01-16 05:29:46.459 T:3746550656 DEBUG: ffmpeg[DF4FD380]: [mjpeg] marker=c4 avail_size_in_buf=176795
2021-01-16 05:29:46.460 T:3746550656 DEBUG: ffmpeg[DF4FD380]: [mjpeg] class=1 index=0 nb_codes=242
2021-01-16 05:29:46.461 T:3746550656 DEBUG: ffmpeg[DF4FD380]: [mjpeg] marker parser used 43 bytes (344 bits)
2021-01-16 05:29:46.462 T:3746550656 DEBUG: ffmpeg[DF4FD380]: [mjpeg] escaping removed 39023 bytes
2021-01-16 05:29:46.464 T:3978576768 DEBUG: ffmpeg[ED244380]: [mjpeg] marker parser used 16 bytes (128 bits)
2021-01-16 05:29:46.465 T:3746550656 DEBUG: ffmpeg[DF4FD380]: [mjpeg] marker=da avail_size_in_buf=176750
2021-01-16 05:29:46.466 T:3978576768 DEBUG: ffmpeg[ED244380]: [mjpeg] marker=db avail_size_in_buf=729698
2021-01-16 05:29:46.467 T:3746550656 DEBUG: ffmpeg[DF4FD380]: [mjpeg] component: 0
2021-01-16 05:29:46.473 T:3978576768 DEBUG: ffmpeg[ED244380]: [mjpeg] index=0
2021-01-16 05:29:46.474 T:3961791360 DEBUG: ffmpeg[EC242380]: [mjpeg] marker parser used 179868 bytes (1438939 bits)
2021-01-16 05:29:46.475 T:3978576768 DEBUG: ffmpeg[ED244380]: [mjpeg] qscale[0]: 3
2021-01-16 05:29:46.476 T:3961791360 DEBUG: ffmpeg[EC242380]: [mjpeg] marker=c4 avail_size_in_buf=59784
2021-01-16 05:29:46.477 T:3978576768 DEBUG: ffmpeg[ED244380]: [mjpeg] index=1
2021-01-16 05:29:46.477 T:3961791360 DEBUG: ffmpeg[EC242380]: [mjpeg] class=1 index=1 nb_codes=242
2021-01-16 05:29:46.478 T:3978576768 DEBUG: ffmpeg[ED244380]: [mjpeg] qscale[1]: 3
2021-01-16 05:29:46.479 T:3970184064 DEBUG: ffmpeg[ECA43380]: [mjpeg] marker parser used 17 bytes (136 bits)
2021-01-16 05:29:46.479 T:3961791360 DEBUG: ffmpeg[EC242380]: [mjpeg] marker parser used 41 bytes (328 bits)
2021-01-16 05:29:46.480 T:3978576768 DEBUG: ffmpeg[ED244380]: [mjpeg] marker parser used 132 bytes (1056 bits)
2021-01-16 05:29:46.481 T:3970184064 DEBUG: ffmpeg[ECA43380]: [mjpeg] marker=c4 avail_size_in_buf=809607
2021-01-16 05:29:46.481 T:3961791360 DEBUG: ffmpeg[EC242380]: [mjpeg] escaping removed 29129 bytes
2021-01-16 05:29:46.482 T:3978576768 DEBUG: ffmpeg[ED244380]: [mjpeg] marker=c2 avail_size_in_buf=729564
2021-01-16 05:29:46.483 T:3970184064 DEBUG: ffmpeg[ECA43380]: [mjpeg] class=0 index=0 nb_codes=10
2021-01-16 05:29:46.483 T:3961791360 DEBUG: ffmpeg[EC242380]: [mjpeg] marker=da avail_size_in_buf=59741
2021-01-16 05:29:46.483 T:3978576768 DEBUG: ffmpeg[ED244380]: [mjpeg] Changing bps from 0 to 8
2021-01-16 05:29:46.484 T:3970184064 DEBUG: ffmpeg[ECA43380]: [mjpeg] marker parser used 29 bytes (232 bits)
2021-01-16 05:29:46.485 T:3961791360 DEBUG: ffmpeg[EC242380]: [mjpeg] component: 1
2021-01-16 05:29:46.485 T:3978576768 DEBUG: ffmpeg[ED244380]: [mjpeg] sof0: picture: 2000x3000
2021-01-16 05:29:46.487 T:3970184064 DEBUG: ffmpeg[ECA43380]: [mjpeg] escaping removed 761112 bytes
2021-01-16 05:29:46.487 T:3978576768 DEBUG: ffmpeg[ED244380]: [mjpeg] component 0 2:2 id: 0 quant:0
2021-01-16 05:29:46.488 T:3970184064 DEBUG: ffmpeg[ECA43380]: [mjpeg] marker=da avail_size_in_buf=809576
2021-01-16 05:29:46.489 T:3978576768 DEBUG: ffmpeg[ED244380]: [mjpeg] component 1 1:1 id: 1 quant:1
2021-01-16 05:29:46.490 T:3970184064 DEBUG: ffmpeg[ECA43380]: [mjpeg] component: 0
2021-01-16 05:29:46.495 T:3978576768 DEBUG: ffmpeg[ED244380]: [mjpeg] component 2 1:1 id: 2 quant:1
2021-01-16 05:29:46.496 T:3961791360 DEBUG: ffmpeg[EC242380]: [mjpeg] marker parser used 30611 bytes (244885 bits)
2021-01-16 05:29:46.497 T:3978576768 DEBUG: ffmpeg[ED244380]: [mjpeg] pix fmt id 22111100
2021-01-16 05:29:46.498 T:3961791360 DEBUG: ffmpeg[EC242380]: [mjpeg] marker=c4 avail_size_in_buf=29000
2021-01-16 05:29:46.499 T:3978576768 DEBUG: ffmpeg[ED244380]: [mjpeg] Format yuvj420p chosen by get_format().
2021-01-16 05:29:46.500 T:3961791360 DEBUG: ffmpeg[EC242380]: [mjpeg] class=1 index=1 nb_codes=242
2021-01-16 05:29:46.501 T:3961791360 DEBUG: ffmpeg[EC242380]: [mjpeg] marker parser used 41 bytes (328 bits)
2021-01-16 05:29:46.502 T:3961791360 DEBUG: ffmpeg[EC242380]: [mjpeg] escaping removed 58 bytes
2021-01-16 05:29:46.502 T:3961791360 DEBUG: ffmpeg[EC242380]: [mjpeg] marker=da avail_size_in_buf=28957
2021-01-16 05:29:46.503 T:3746550656 DEBUG: ffmpeg[DF4FD380]: [mjpeg] marker parser used 137726 bytes (1101805 bits)
2021-01-16 05:29:46.504 T:3961791360 DEBUG: ffmpeg[EC242380]: [mjpeg] component: 2
2021-01-16 05:29:46.512 T:3746550656 DEBUG: ffmpeg[DF4FD380]: [mjpeg] marker=c4 avail_size_in_buf=38601
2021-01-16 05:29:46.513 T:3961791360 DEBUG: ffmpeg[EC242380]: [mjpeg] marker parser used 28898 bytes (231181 bits)
2021-01-16 05:29:46.515 T:3746550656 DEBUG: ffmpeg[DF4FD380]: [mjpeg] class=1 index=1 nb_codes=242
2021-01-16 05:29:46.517 T:3961791360 DEBUG: ffmpeg[EC242380]: [mjpeg] marker=d9 avail_size_in_buf=0
2021-01-16 05:29:46.518 T:3746550656 DEBUG: ffmpeg[DF4FD380]: [mjpeg] marker parser used 43 bytes (344 bits)
2021-01-16 05:29:46.519 T:3746550656 DEBUG: ffmpeg[DF4FD380]: [mjpeg] escaping removed 20828 bytes
2021-01-16 05:29:46.519 T:3746550656 DEBUG: ffmpeg[DF4FD380]: [mjpeg] marker=da avail_size_in_buf=38556
2021-01-16 05:29:46.520 T:3746550656 DEBUG: ffmpeg[DF4FD380]: [mjpeg] component: 1
2021-01-16 05:29:46.539 T:3970184064 DEBUG: ffmpeg[ECA43380]: [mjpeg] marker parser used 48463 bytes (387697 bits)
2021-01-16 05:29:46.541 T:3746550656 DEBUG: ffmpeg[DF4FD380]: [mjpeg] marker parser used 17727 bytes (141810 bits)
2021-01-16 05:29:46.542 T:3970184064 DEBUG: ffmpeg[ECA43380]: [mjpeg] marker=c4 avail_size_in_buf=761029
2021-01-16 05:29:46.543 T:3746550656 DEBUG: ffmpeg[DF4FD380]: [mjpeg] marker=c4 avail_size_in_buf=20794
2021-01-16 05:29:46.544 T:3970184064 DEBUG: ffmpeg[ECA43380]: [mjpeg] class=0 index=1 nb_codes=8
2021-01-16 05:29:46.545 T:3746550656 DEBUG: ffmpeg[DF4FD380]: [mjpeg] class=1 index=1 nb_codes=242
2021-01-16 05:29:46.547 T:3970184064 DEBUG: ffmpeg[ECA43380]: [mjpeg] marker parser used 27 bytes (216 bits)
2021-01-16 05:29:46.550 T:3746550656 DEBUG: ffmpeg[DF4FD380]: [mjpeg] marker parser used 42 bytes (336 bits)
2021-01-16 05:29:46.552 T:3970184064 DEBUG: ffmpeg[ECA43380]: [mjpeg] escaping removed 751308 bytes
2021-01-16 05:29:46.553 T:3746550656 DEBUG: ffmpeg[DF4FD380]: [mjpeg] escaping removed 55 bytes
2021-01-16 05:29:46.555 T:3970184064 DEBUG: ffmpeg[ECA43380]: [mjpeg] marker=da avail_size_in_buf=761000
2021-01-16 05:29:46.558 T:3746550656 DEBUG: ffmpeg[DF4FD380]: [mjpeg] marker=da avail_size_in_buf=20750
2021-01-16 05:29:46.560 T:3970184064 DEBUG: ffmpeg[ECA43380]: [mjpeg] component: 1
2021-01-16 05:29:46.563 T:3746550656 DEBUG: ffmpeg[DF4FD380]: [mjpeg] component: 2
2021-01-16 05:29:46.570 T:3746550656 DEBUG: ffmpeg[DF4FD380]: [mjpeg] marker parser used 20694 bytes (165550 bits)
2021-01-16 05:29:46.571 T:3746550656 DEBUG: ffmpeg[DF4FD380]: [mjpeg] marker=d9 avail_size_in_buf=0
2021-01-16 05:29:46.576 T:3961791360 DEBUG: ffmpeg[EC242380]: [mjpeg] decode frame unused 0 bytes
2021-01-16 05:29:46.578 T:3970184064 DEBUG: ffmpeg[ECA43380]: [mjpeg] marker parser used 9691 bytes (77523 bits)
2021-01-16 05:29:46.579 T:3970184064 DEBUG: ffmpeg[ECA43380]: [mjpeg] marker=c4 avail_size_in_buf=751303
2021-01-16 05:29:46.579 T:3970184064 DEBUG: ffmpeg[ECA43380]: [mjpeg] class=0 index=1 nb_codes=8
2021-01-16 05:29:46.579 T:3970184064 DEBUG: ffmpeg[ECA43380]: [mjpeg] marker parser used 27 bytes (216 bits)
2021-01-16 05:29:46.580 T:3970184064 DEBUG: ffmpeg[ECA43380]: [mjpeg] escaping removed 741389 bytes
2021-01-16 05:29:46.580 T:3970184064 DEBUG: ffmpeg[ECA43380]: [mjpeg] marker=da avail_size_in_buf=751274
2021-01-16 05:29:46.580 T:3970184064 DEBUG: ffmpeg[ECA43380]: [mjpeg] component: 2
2021-01-16 05:29:46.587 T:3961791360 DEBUG: ffmpeg[EC242380]: [swscaler] No accelerated colorspace conversion found from yuv420p to bgra.
2021-01-16 05:29:46.588 T:3970184064 DEBUG: ffmpeg[ECA43380]: [mjpeg] marker parser used 9884 bytes (79070 bits)
2021-01-16 05:29:46.589 T:3970184064 DEBUG: ffmpeg[ECA43380]: [mjpeg] marker=c4 avail_size_in_buf=741363
2021-01-16 05:29:46.589 T:3970184064 DEBUG: ffmpeg[ECA43380]: [mjpeg] class=1 index=0 nb_codes=243
2021-01-16 05:29:46.590 T:3970184064 DEBUG: ffmpeg[ECA43380]: [mjpeg] marker parser used 79 bytes (632 bits)
2021-01-16 05:29:46.591 T:3970184064 DEBUG: ffmpeg[ECA43380]: [mjpeg] escaping removed 656287 bytes
2021-01-16 05:29:46.591 T:3970184064 DEBUG: ffmpeg[ECA43380]: [mjpeg] marker=da avail_size_in_buf=741282
2021-01-16 05:29:46.591 T:3970184064 DEBUG: ffmpeg[ECA43380]: [mjpeg] component: 0
2021-01-16 05:29:46.607 T:3970184064 DEBUG: ffmpeg[ECA43380]: [mjpeg] marker parser used 84994 bytes (679948 bits)
2021-01-16 05:29:46.608 T:3970184064 DEBUG: ffmpeg[ECA43380]: [mjpeg] marker=c4 avail_size_in_buf=655962
2021-01-16 05:29:46.614 T:3970184064 DEBUG: ffmpeg[ECA43380]: [mjpeg] class=1 index=0 nb_codes=242
2021-01-16 05:29:46.615 T:3970184064 DEBUG: ffmpeg[ECA43380]: [mjpeg] marker parser used 47 bytes (376 bits)
2021-01-16 05:29:46.617 T:3970184064 DEBUG: ffmpeg[ECA43380]: [mjpeg] escaping removed 552400 bytes
2021-01-16 05:29:46.618 T:3970184064 DEBUG: ffmpeg[ECA43380]: [mjpeg] marker=da avail_size_in_buf=655913
2021-01-16 05:29:46.619 T:3970184064 DEBUG: ffmpeg[ECA43380]: [mjpeg] component: 0
2021-01-16 05:29:46.632 T:3978576768 DEBUG: ffmpeg[ED244380]: [mjpeg] marker parser used 17 bytes (136 bits)
2021-01-16 05:29:46.633 T:3978576768 DEBUG: ffmpeg[ED244380]: [mjpeg] marker=c4 avail_size_in_buf=729545
2021-01-16 05:29:46.634 T:3978576768 DEBUG: ffmpeg[ED244380]: [mjpeg] class=0 index=0 nb_codes=10
2021-01-16 05:29:46.634 T:3978576768 DEBUG: ffmpeg[ED244380]: [mjpeg] marker parser used 29 bytes (232 bits)
2021-01-16 05:29:46.635 T:3978576768 DEBUG: ffmpeg[ED244380]: [mjpeg] escaping removed 667212 bytes
2021-01-16 05:29:46.636 T:3978576768 DEBUG: ffmpeg[ED244380]: [mjpeg] marker=da avail_size_in_buf=729514
2021-01-16 05:29:46.636 T:3978576768 DEBUG: ffmpeg[ED244380]: [mjpeg] component: 0
2021-01-16 05:29:46.646 T:3746550656 DEBUG: ffmpeg[DF4FD380]: [mjpeg] decode frame unused 0 bytes
2021-01-16 05:29:46.661 T:3970184064 DEBUG: ffmpeg[ECA43380]: [mjpeg] marker parser used 103512 bytes (828096 bits)
2021-01-16 05:29:46.661 T:3970184064 DEBUG: ffmpeg[ECA43380]: [mjpeg] marker=c4 avail_size_in_buf=552066
2021-01-16 05:29:46.662 T:3970184064 DEBUG: ffmpeg[ECA43380]: [mjpeg] class=1 index=0 nb_codes=242
2021-01-16 05:29:46.663 T:3970184064 DEBUG: ffmpeg[ECA43380]: [mjpeg] marker parser used 47 bytes (376 bits)
2021-01-16 05:29:46.665 T:3970184064 DEBUG: ffmpeg[ECA43380]: [mjpeg] escaping removed 359982 bytes
2021-01-16 05:29:46.665 T:3970184064 DEBUG: ffmpeg[ECA43380]: [mjpeg] marker=da avail_size_in_buf=552017
2021-01-16 05:29:46.666 T:3970184064 DEBUG: ffmpeg[ECA43380]: [mjpeg] component: 0
2021-01-16 05:29:46.671 T:3746550656 DEBUG: ffmpeg[DF4FD380]: [swscaler] No accelerated colorspace conversion found from yuv420p to bgra.
2021-01-16 05:29:46.674 T:3978576768 DEBUG: ffmpeg[ED244380]: [mjpeg] marker parser used 62301 bytes (498404 bits)
2021-01-16 05:29:46.675 T:3978576768 DEBUG: ffmpeg[ED244380]: [mjpeg] marker=c4 avail_size_in_buf=667083
2021-01-16 05:29:46.675 T:3978576768 DEBUG: ffmpeg[ED244380]: [mjpeg] class=0 index=1 nb_codes=8
2021-01-16 05:29:46.676 T:3978576768 DEBUG: ffmpeg[ED244380]: [mjpeg] marker parser used 27 bytes (216 bits)
2021-01-16 05:29:46.676 T:3978576768 DEBUG: ffmpeg[ED244380]: [mjpeg] escaping removed 654445 bytes
2021-01-16 05:29:46.677 T:3978576768 DEBUG: ffmpeg[ED244380]: [mjpeg] marker=da avail_size_in_buf=667054
2021-01-16 05:29:46.677 T:3978576768 DEBUG: ffmpeg[ED244380]: [mjpeg] component: 1
2021-01-16 05:29:46.687 T:3978576768 DEBUG: ffmpeg[ED244380]: [mjpeg] marker parser used 12608 bytes (100860 bits)
2021-01-16 05:29:46.688 T:3978576768 DEBUG: ffmpeg[ED244380]: [mjpeg] marker=c4 avail_size_in_buf=654430
2021-01-16 05:29:46.688 T:3978576768 DEBUG: ffmpeg[ED244380]: [mjpeg] class=0 index=1 nb_codes=8
2021-01-16 05:29:46.688 T:3978576768 DEBUG: ffmpeg[ED244380]: [mjpeg] marker parser used 27 bytes (216 bits)
2021-01-16 05:29:46.688 T:3978576768 DEBUG: ffmpeg[ED244380]: [mjpeg] escaping removed 643929 bytes
2021-01-16 05:29:46.688 T:3978576768 DEBUG: ffmpeg[ED244380]: [mjpeg] marker=da avail_size_in_buf=654401
2021-01-16 05:29:46.688 T:3978576768 DEBUG: ffmpeg[ED244380]: [mjpeg] component: 2
2021-01-16 05:29:46.696 T:3978576768 DEBUG: ffmpeg[ED244380]: [mjpeg] marker parser used 10471 bytes (83762 bits)
2021-01-16 05:29:46.697 T:3978576768 DEBUG: ffmpeg[ED244380]: [mjpeg] marker=c4 avail_size_in_buf=643912
2021-01-16 05:29:46.698 T:3978576768 DEBUG: ffmpeg[ED244380]: [mjpeg] class=1 index=0 nb_codes=242
2021-01-16 05:29:46.699 T:3978576768 DEBUG: ffmpeg[ED244380]: [mjpeg] marker parser used 84 bytes (672 bits)
2021-01-16 05:29:46.701 T:3978576768 DEBUG: ffmpeg[ED244380]: [mjpeg] escaping removed 506376 bytes
2021-01-16 05:29:46.701 T:3978576768 DEBUG: ffmpeg[ED244380]: [mjpeg] marker=da avail_size_in_buf=643826
2021-01-16 05:29:46.702 T:3978576768 DEBUG: ffmpeg[ED244380]: [mjpeg] component: 0
2021-01-16 05:29:46.722 T:3978576768 DEBUG: ffmpeg[ED244380]: [mjpeg] marker parser used 137449 bytes (1099588 bits)
2021-01-16 05:29:46.723 T:3978576768 DEBUG: ffmpeg[ED244380]: [mjpeg] marker=c4 avail_size_in_buf=505895
2021-01-16 05:29:46.723 T:3978576768 DEBUG: ffmpeg[ED244380]: [mjpeg] class=1 index=0 nb_codes=242
2021-01-16 05:29:46.723 T:3978576768 DEBUG: ffmpeg[ED244380]: [mjpeg] marker parser used 44 bytes (352 bits)
2021-01-16 05:29:46.724 T:3978576768 DEBUG: ffmpeg[ED244380]: [mjpeg] escaping removed 369925 bytes
2021-01-16 05:29:46.724 T:3978576768 DEBUG: ffmpeg[ED244380]: [mjpeg] marker=da avail_size_in_buf=505849
2021-01-16 05:29:46.725 T:3978576768 DEBUG: ffmpeg[ED244380]: [mjpeg] component: 0
2021-01-16 05:29:46.752 T:3970184064 DEBUG: ffmpeg[ECA43380]: [mjpeg] marker parser used 192034 bytes (1536272 bits)
2021-01-16 05:29:46.752 T:3970184064 DEBUG: ffmpeg[ECA43380]: [mjpeg] marker=c4 avail_size_in_buf=359185
2021-01-16 05:29:46.753 T:3970184064 DEBUG: ffmpeg[ECA43380]: [mjpeg] class=1 index=0 nb_codes=242
2021-01-16 05:29:46.753 T:3970184064 DEBUG: ffmpeg[ECA43380]: [mjpeg] marker parser used 47 bytes (376 bits)
2021-01-16 05:29:46.754 T:3970184064 DEBUG: ffmpeg[ECA43380]: [mjpeg] escaping removed 81049 bytes
2021-01-16 05:29:46.755 T:3970184064 DEBUG: ffmpeg[ECA43380]: [mjpeg] marker=da avail_size_in_buf=359136
2021-01-16 05:29:46.755 T:3970184064 DEBUG: ffmpeg[ECA43380]: [mjpeg] component: 0
2021-01-16 05:29:46.762 T:3978576768 DEBUG: ffmpeg[ED244380]: [mjpeg] marker parser used 135923 bytes (1087381 bits)
2021-01-16 05:29:46.762 T:3978576768 DEBUG: ffmpeg[ED244380]: [mjpeg] marker=c4 avail_size_in_buf=369495
2021-01-16 05:29:46.763 T:3978576768 DEBUG: ffmpeg[ED244380]: [mjpeg] class=1 index=1 nb_codes=242
2021-01-16 05:29:46.763 T:3978576768 DEBUG: ffmpeg[ED244380]: [mjpeg] marker parser used 71 bytes (568 bits)
2021-01-16 05:29:46.764 T:3978576768 DEBUG: ffmpeg[ED244380]: [mjpeg] escaping removed 340466 bytes
2021-01-16 05:29:46.764 T:3978576768 DEBUG: ffmpeg[ED244380]: [mjpeg] marker=da avail_size_in_buf=369422
2021-01-16 05:29:46.765 T:3978576768 DEBUG: ffmpeg[ED244380]: [mjpeg] component: 1
2021-01-16 05:29:46.770 T:3978576768 DEBUG: ffmpeg[ED244380]: [mjpeg] marker parser used 28955 bytes (231633 bits)
2021-01-16 05:29:46.771 T:3978576768 DEBUG: ffmpeg[ED244380]: [mjpeg] marker=c4 avail_size_in_buf=340358
2021-01-16 05:29:46.771 T:3978576768 DEBUG: ffmpeg[ED244380]: [mjpeg] class=1 index=1 nb_codes=241
2021-01-16 05:29:46.772 T:3978576768 DEBUG: ffmpeg[ED244380]: [mjpeg] marker parser used 68 bytes (544 bits)
2021-01-16 05:29:46.773 T:3978576768 DEBUG: ffmpeg[ED244380]: [mjpeg] escaping removed 325693 bytes
2021-01-16 05:29:46.773 T:3978576768 DEBUG: ffmpeg[ED244380]: [mjpeg] marker=da avail_size_in_buf=340288
2021-01-16 05:29:46.774 T:3978576768 DEBUG: ffmpeg[ED244380]: [mjpeg] component: 2
2021-01-16 05:29:46.777 T:3978576768 DEBUG: ffmpeg[ED244380]: [mjpeg] marker parser used 14594 bytes (116752 bits)
2021-01-16 05:29:46.777 T:3978576768 DEBUG: ffmpeg[ED244380]: [mjpeg] marker=c4 avail_size_in_buf=325616
2021-01-16 05:29:46.778 T:3978576768 DEBUG: ffmpeg[ED244380]: [mjpeg] class=1 index=0 nb_codes=242
2021-01-16 05:29:46.778 T:3978576768 DEBUG: ffmpeg[ED244380]: [mjpeg] marker parser used 40 bytes (320 bits)
2021-01-16 05:29:46.780 T:3978576768 DEBUG: ffmpeg[ED244380]: [mjpeg] escaping removed 58406 bytes
2021-01-16 05:29:46.781 T:3978576768 DEBUG: ffmpeg[ED244380]: [mjpeg] marker=da avail_size_in_buf=325574
2021-01-16 05:29:46.781 T:3978576768 DEBUG: ffmpeg[ED244380]: [mjpeg] component: 0
2021-01-16 05:29:46.794 T:3961791360 DEBUG: Caching image 'https://image.tmdb.org/t/p/original/AthXR0hWMhbR4NTYGL7fq4M6pf.jpg' to '1/1874c10f.jpg':
2021-01-16 05:29:46.798 T:3961791360 DEBUG: ffmpeg[EC242380]: [swscaler] Forcing full internal H chroma due to input having non subsampled chroma
2021-01-16 05:29:46.823 T:3746550656 DEBUG: Caching image 'https://image.tmdb.org/t/p/original/ka5XosrS20zhVmuHalWZUMkQBfc.jpg' to '8/8525862b.jpg':
2021-01-16 05:29:46.824 T:3746550656 DEBUG: ffmpeg[DF4FD380]: [swscaler] Forcing full internal H chroma due to input having non subsampled chroma
2021-01-16 05:29:46.825 T:3970184064 DEBUG: ffmpeg[ECA43380]: [mjpeg] marker parser used 278086 bytes (2224684 bits)
2021-01-16 05:29:46.825 T:3970184064 DEBUG: ffmpeg[ECA43380]: [mjpeg] marker=c4 avail_size_in_buf=80322
2021-01-16 05:29:46.825 T:3970184064 DEBUG: ffmpeg[ECA43380]: [mjpeg] class=1 index=1 nb_codes=242
2021-01-16 05:29:46.825 T:3970184064 DEBUG: ffmpeg[ECA43380]: [mjpeg] marker parser used 78 bytes (624 bits)
2021-01-16 05:29:46.826 T:3970184064 DEBUG: ffmpeg[ECA43380]: [mjpeg] escaping removed 41524 bytes
2021-01-16 05:29:46.826 T:3970184064 DEBUG: ffmpeg[ECA43380]: [mjpeg] marker=da avail_size_in_buf=80242
2021-01-16 05:29:46.826 T:3970184064 DEBUG: ffmpeg[ECA43380]: [mjpeg] component: 1
2021-01-16 05:29:46.831 T:3970184064 DEBUG: ffmpeg[ECA43380]: [mjpeg] marker parser used 38717 bytes (309731 bits)
2021-01-16 05:29:46.831 T:3970184064 DEBUG: ffmpeg[ECA43380]: [mjpeg] marker=c4 avail_size_in_buf=41396
2021-01-16 05:29:46.831 T:3970184064 DEBUG: ffmpeg[ECA43380]: [mjpeg] class=1 index=1 nb_codes=242
2021-01-16 05:29:46.832 T:3970184064 DEBUG: ffmpeg[ECA43380]: [mjpeg] marker parser used 84 bytes (672 bits)
2021-01-16 05:29:46.832 T:3970184064 DEBUG: ffmpeg[ECA43380]: [mjpeg] escaping removed 175 bytes
2021-01-16 05:29:46.832 T:3970184064 DEBUG: ffmpeg[ECA43380]: [mjpeg] marker=da avail_size_in_buf=41310
