2021-01-16 05:30:17.858 T:3608322944 DEBUG: CAMLCodec::DequeueBuffer: pts:330.664 idx:599
2021-01-16 05:30:17.859 T:3608322944 DEBUG: CAMLCodec::GetPicture: index: 599, pts: 330.664, dur:42ms ar:1.67
2021-01-16 05:30:17.859 T:3608322944 DEBUG: CVideoPlayerVideo::OutputPicture - ttd:206ms pts:330.664 Clock:330.458 Level:3
2021-01-16 05:30:17.860 T:3608322944 DEBUG: CAMLCodec::GetTimeSize: len:23 dl:433736 fs:433736 front:5188
2021-01-16 05:30:17.866 T:3608322944 DEBUG: CAMLCodec::AddData: dl:439517 sum:439517 sz:5781 dts:331.706 pts:331.706 overflow:0
2021-01-16 05:30:17.866 T:3608322944 DEBUG: CAMLCodec::GetTimeSize: len:24 dl:439517 fs:439517 front:5188
2021-01-16 05:30:17.890 T:4090851344 DEBUG: Previous line repeats 3 times.
2021-01-16 05:30:17.891 T:4090851344 DEBUG: CAMLCodec::PollFrame elapsed:31.770ms
2021-01-16 05:30:17.894 T:3608322944 DEBUG: CAMLCodec::GetTimeSize: len:24 dl:439517 fs:439517 front:5188
2021-01-16 05:30:17.895 T:3608322944 DEBUG: CAMLCodec::DequeueBuffer: pts:330.705 idx:600
2021-01-16 05:30:17.896 T:3608322944 DEBUG: CAMLCodec::GetPicture: index: 600, pts: 330.705, dur:41ms ar:1.67
2021-01-16 05:30:17.897 T:4090851344 DEBUG: PrepareNextRender: frameOnScreen: 330.495 renderPts: 330.620 nextFramePts: 330.539 -> diff: 0.081 render: 1 forceNext: 0
2021-01-16 05:30:17.898 T:3608322944 DEBUG: CVideoPlayerVideo::OutputPicture - ttd:209ms pts:330.705 Clock:330.495 Level:3
2021-01-16 05:30:17.899 T:4090851344 DEBUG: CAMLCodec::ReleaseFrame idx:596, drop:0
2021-01-16 05:30:17.900 T:3608322944 DEBUG: CAMLCodec::GetTimeSize: len:24 dl:434329 fs:439517 front:5188
2021-01-16 05:30:17.900 T:3608322944 DEBUG: CAMLCodec::GetTimeSize: len:23 dl:434329 fs:434329 front:9154
2021-01-16 05:30:17.905 T:3608322944 DEBUG: CAMLCodec::AddData: dl:441437 sum:441437 sz:7108 dts:331.748 pts:331.748 overflow:0
2021-01-16 05:30:17.905 T:3608322944 DEBUG: CAMLCodec::GetTimeSize: len:24 dl:441437 fs:441437 front:9154
2021-01-16 05:30:17.932 T:4090851344 DEBUG: Previous line repeats 3 times.
2021-01-16 05:30:17.932 T:4090851344 DEBUG: CAMLCodec::PollFrame elapsed:32.211ms
2021-01-16 05:30:17.933 T:3608322944 DEBUG: CAMLCodec::GetTimeSize: len:24 dl:441437 fs:441437 front:9154
2021-01-16 05:30:17.939 T:4090851344 DEBUG: PrepareNextRender: frameOnScreen: 330.537 renderPts: 330.662 nextFramePts: 330.580 -> diff: 0.082 render: 1 forceNext: 0
2021-01-16 05:30:17.940 T:3608322944 DEBUG: CAMLCodec::GetTimeSize: len:24 dl:432283 fs:441437 front:9154
2021-01-16 05:30:17.941 T:3608322944 DEBUG: CAMLCodec::GetTimeSize: len:23 dl:432283 fs:432283 front:6638
2021-01-16 05:30:17.941 T:3608322944 DEBUG: CAMLCodec::DequeueBuffer: pts:330.747 idx:601
2021-01-16 05:30:17.941 T:3608322944 DEBUG: CAMLCodec::GetPicture: index: 601, pts: 330.747, dur:42ms ar:1.67
2021-01-16 05:30:17.941 T:3608322944 DEBUG: CVideoPlayerVideo::OutputPicture - ttd:206ms pts:330.747 Clock:330.540 Level:3
2021-01-16 05:30:17.942 T:4090851344 DEBUG: CAMLCodec::ReleaseFrame idx:597, drop:0
2021-01-16 05:30:17.943 T:3608322944 DEBUG: CAMLCodec::GetTimeSize: len:23 dl:432283 fs:432283 front:6638
2021-01-16 05:30:17.948 T:3608322944 DEBUG: CAMLCodec::AddData: dl:437731 sum:437731 sz:5448 dts:331.790 pts:331.790 overflow:0
2021-01-16 05:30:17.948 T:3608322944 DEBUG: CAMLCodec::GetTimeSize: len:24 dl:437731 fs:437731 front:6638
2021-01-16 05:30:17.974 T:4090851344 DEBUG: Previous line repeats 3 times.
2021-01-16 05:30:17.974 T:4090851344 DEBUG: CAMLCodec::PollFrame elapsed:31.743ms
2021-01-16 05:30:17.976 T:3608322944 DEBUG: CAMLCodec::GetTimeSize: len:24 dl:437731 fs:437731 front:6638
2021-01-16 05:30:17.977 T:3608322944 DEBUG: CAMLCodec::DequeueBuffer: pts:330.789 idx:602
2021-01-16 05:30:17.977 T:3608322944 DEBUG: CAMLCodec::GetPicture: index: 602, pts: 330.789, dur:42ms ar:1.67
2021-01-16 05:30:17.978 T:3608322944 DEBUG: CVideoPlayerVideo::OutputPicture - ttd:212ms pts:330.789 Clock:330.577 Level:4
2021-01-16 05:30:17.979 T:4090851344 DEBUG: PrepareNextRender: frameOnScreen: 330.578 renderPts: 330.703 nextFramePts: 330.622 -> diff: 0.081 render: 1 forceNext: 0
2021-01-16 05:30:17.980 T:3608322944 DEBUG: CAMLCodec::GetTimeSize: len:24 dl:437731 fs:437731 front:6638
2021-01-16 05:30:17.982 T:4090851344 DEBUG: CAMLCodec::ReleaseFrame idx:598, drop:0
2021-01-16 05:30:17.986 T:3608322944 DEBUG: CAMLCodec::GetTimeSize: len:24 dl:431093 fs:437731 front:6638
2021-01-16 05:30:17.987 T:3608322944 DEBUG: CAMLCodec::GetTimeSize: len:23 dl:431093 fs:431093 front:61324
2021-01-16 05:30:17.992 T:3608322944 DEBUG: CAMLCodec::AddData: dl:435456 sum:435456 sz:4363 dts:331.831 pts:331.873 overflow:0
2021-01-16 05:30:17.993 T:3608322944 DEBUG: CAMLCodec::GetTimeSize: len:24 dl:435456 fs:435456 front:61324
2021-01-16 05:30:18.015 T:4090851344 DEBUG: Previous line repeats 3 times.
2021-01-16 05:30:18.016 T:4090851344 DEBUG: CAMLCodec::PollFrame elapsed:32.915ms
2021-01-16 05:30:18.021 T:3608322944 DEBUG: CAMLCodec::GetTimeSize: len:24 dl:435456 fs:435456 front:61324
2021-01-16 05:30:18.022 T:4090851344 DEBUG: PrepareNextRender: frameOnScreen: 330.619 renderPts: 330.744 nextFramePts: 330.664 -> diff: 0.080 render: 1 forceNext: 0
2021-01-16 05:30:18.023 T:3608322944 DEBUG: CAMLCodec::DequeueBuffer: pts:330.830 idx:603
2021-01-16 05:30:18.023 T:3608322944 DEBUG: CAMLCodec::GetPicture: index: 603, pts: 330.830, dur:41ms ar:1.67
2021-01-16 05:30:18.023 T:3608322944 DEBUG: CVideoPlayerVideo::OutputPicture - ttd:207ms pts:330.830 Clock:330.622 Level:3
2021-01-16 05:30:18.024 T:4090851344 DEBUG: CAMLCodec::ReleaseFrame idx:599, drop:0
2021-01-16 05:30:18.025 T:3608322944 DEBUG: CAMLCodec::GetTimeSize: len:24 dl:374132 fs:435456 front:61324
2021-01-16 05:30:18.025 T:3608322944 DEBUG: CAMLCodec::GetTimeSize: len:23 dl:374132 fs:374132 front:18304
2021-01-16 05:30:18.030 T:3608322944 DEBUG: CAMLCodec::AddData: dl:377458 sum:377458 sz:3326 dts:331.873 pts:331.915 overflow:0
2021-01-16 05:30:18.031 T:3608322944 DEBUG: CAMLCodec::GetTimeSize: len:24 dl:377458 fs:377458 front:18304
2021-01-16 05:30:18.057 T:4090851344 DEBUG: Previous line repeats 3 times.
2021-01-16 05:30:18.057 T:4090851344 DEBUG: CAMLCodec::PollFrame elapsed:32.348ms
2021-01-16 05:30:18.060 T:3608322944 DEBUG: CAMLCodec::GetTimeSize: len:24 dl:377458 fs:377458 front:18304
2021-01-16 05:30:18.061 T:3608322944 DEBUG: CAMLCodec::DequeueBuffer: pts:330.872 idx:604
2021-01-16 05:30:18.061 T:4090851344 DEBUG: PrepareNextRender: frameOnScreen: 330.660 renderPts: 330.785 nextFramePts: 330.705 -> diff: 0.080 render: 1 forceNext: 0
2021-01-16 05:30:18.062 T:3608322944 DEBUG: CAMLCodec::GetPicture: index: 604, pts: 330.872, dur:42ms ar:1.67
2021-01-16 05:30:18.062 T:3608322944 DEBUG: CVideoPlayerVideo::OutputPicture - ttd:211ms pts:330.872 Clock:330.661 Level:3
2021-01-16 05:30:18.064 T:3608322944 DEBUG: CAMLCodec::GetTimeSize: len:24 dl:377458 fs:377458 front:18304
2021-01-16 05:30:18.065 T:4090851344 DEBUG: CAMLCodec::ReleaseFrame idx:600, drop:0
2021-01-16 05:30:18.067 T:3581182848 DEBUG: CVideoPlayer::ProcessVideoData size:53126 dts:338.922 pts:339.256 dur:41.000ms, clock:330.665 level:88
2021-01-16 05:30:18.068 T:3581182848 DEBUG: CVideoPlayer::ProcessVideoData size:17263 dts:338.964 pts:339.130 dur:41.000ms, clock:330.666 level:88
2021-01-16 05:30:18.068 T:3581182848 DEBUG: CVideoPlayer::ProcessVideoData size:7322 dts:339.005 pts:339.005 dur:41.000ms, clock:330.667 level:89
2021-01-16 05:30:18.070 T:3581182848 DEBUG: CVideoPlayer::ProcessVideoData size:8356 dts:339.047 pts:339.047 dur:41.000ms, clock:330.669 level:89
2021-01-16 05:30:18.071 T:3581182848 DEBUG: CVideoPlayer::ProcessVideoData size:9789 dts:339.089 pts:339.089 dur:41.000ms, clock:330.670 level:90
2021-01-16 05:30:18.072 T:3608322944 DEBUG: CAMLCodec::GetTimeSize: len:24 dl:359154 fs:377458 front:18304
2021-01-16 05:30:18.072 T:3608322944 DEBUG: CAMLCodec::GetTimeSize: len:23 dl:359154 fs:359154 front:3492
2021-01-16 05:30:18.073 T:3581182848 DEBUG: CVideoPlayer::ProcessVideoData size:8273 dts:339.130 pts:339.172 dur:41.000ms, clock:330.672 level:90
2021-01-16 05:30:18.073 T:3581182848 DEBUG: CVideoPlayer::ProcessVideoData size:8592 dts:339.172 pts:339.214 dur:41.000ms, clock:330.672 level:91
2021-01-16 05:30:18.080 T:3608322944 DEBUG: CAMLCodec::AddData: dl:435515 sum:435515 sz:76361 dts:331.915 pts:332.249 overflow:0
2021-01-16 05:30:18.080 T:3608322944 DEBUG: CAMLCodec::GetTimeSize: len:24 dl:435515 fs:435515 front:3492
2021-01-16 05:30:18.096 T:3581182848 DEBUG: Previous line repeats 2 times.
2021-01-16 05:30:18.097 T:3581182848 DEBUG: CVideoPlayer::ProcessVideoData size:29406 dts:339.214 pts:339.297 dur:41.000ms, clock:330.695 level:91
2021-01-16 05:30:18.099 T:4090851344 DEBUG: CAMLCodec::PollFrame elapsed:33.122ms
2021-01-16 05:30:18.101 T:3608322944 DEBUG: CAMLCodec::GetTimeSize: len:24 dl:435515 fs:435515 front:3492
2021-01-16 05:30:18.103 T:3608322944 DEBUG: CAMLCodec::DequeueBuffer: pts:330.914 idx:605
2021-01-16 05:30:18.104 T:3608322944 DEBUG: CAMLCodec::GetPicture: index: 605, pts: 330.914, dur:42ms ar:1.67
2021-01-16 05:30:18.105 T:4090851344 DEBUG: PrepareNextRender: frameOnScreen: 330.703 renderPts: 330.829 nextFramePts: 330.747 -> diff: 0.082 render: 1 forceNext: 0
2021-01-16 05:30:18.106 T:3608322944 DEBUG: CVideoPlayerVideo::OutputPicture - ttd:210ms pts:330.914 Clock:330.703 Level:3
2021-01-16 05:30:18.107 T:4090851344 DEBUG: CAMLCodec::ReleaseFrame idx:601, drop:0
2021-01-16 05:30:18.108 T:3608322944 DEBUG: CAMLCodec::GetTimeSize: len:24 dl:432023 fs:435515 front:3492
2021-01-16 05:30:18.108 T:3608322944 DEBUG: CAMLCodec::GetTimeSize: len:23 dl:432023 fs:432023 front:3550
2021-01-16 05:30:18.113 T:3608322944 DEBUG: CAMLCodec::AddData: dl:445390 sum:445390 sz:13367 dts:331.957 pts:332.123 overflow:0
2021-01-16 05:30:18.114 T:3608322944 DEBUG: CAMLCodec::GetTimeSize: len:24 dl:445390 fs:445390 front:3550
2021-01-16 05:30:18.130 T:3581182848 DEBUG: Previous line repeats 2 times.
2021-01-16 05:30:18.130 T:3581182848 DEBUG: CVideoPlayer::ProcessVideoData size:189117 dts:339.256 pts:339.339 dur:41.000ms, clock:330.729 level:91
2021-01-16 05:30:18.133 T:3608322944 DEBUG: CAMLCodec::GetTimeSize: len:24 dl:445390 fs:445390 front:3550
2021-01-16 05:30:18.140 T:4090851344 DEBUG: Previous line repeats 1 times.
2021-01-16 05:30:18.140 T:4090851344 DEBUG: CAMLCodec::PollFrame elapsed:32.383ms
2021-01-16 05:30:18.144 T:4090851344 DEBUG: PrepareNextRender: frameOnScreen: 330.743 renderPts: 330.868 nextFramePts: 330.789 -> diff: 0.079 render: 1 forceNext: 0
2021-01-16 05:30:18.147 T:3608322944 DEBUG: CAMLCodec::GetTimeSize: len:24 dl:441840 fs:445390 front:3550
2021-01-16 05:30:18.147 T:3608322944 DEBUG: CAMLCodec::GetTimeSize: len:23 dl:441840 fs:441840 front:73696
2021-01-16 05:30:18.147 T:4090851344 DEBUG: CAMLCodec::ReleaseFrame idx:602, drop:0
2021-01-16 05:30:18.148 T:3608322944 DEBUG: CAMLCodec::DequeueBuffer: pts:330.956 idx:606
2021-01-16 05:30:18.148 T:3608322944 DEBUG: CAMLCodec::GetPicture: index: 606, pts: 330.956, dur:42ms ar:1.67
2021-01-16 05:30:18.148 T:3608322944 DEBUG: CVideoPlayerVideo::OutputPicture - ttd:208ms pts:330.956 Clock:330.747 Level:3
2021-01-16 05:30:18.150 T:3608322944 DEBUG: CAMLCodec::GetTimeSize: len:23 dl:441840 fs:441840 front:73696
2021-01-16 05:30:18.156 T:3608322944 DEBUG: CAMLCodec::AddData: dl:445118 sum:445118 sz:3278 dts:331.998 pts:331.998 overflow:0
2021-01-16 05:30:18.156 T:3608322944 DEBUG: CAMLCodec::GetTimeSize: len:24 dl:445118 fs:445118 front:73696
2021-01-16 05:30:18.182 T:4090851344 DEBUG: Previous line repeats 4 times.
2021-01-16 05:30:18.182 T:4090851344 DEBUG: CAMLCodec::PollFrame elapsed:33.946ms
2021-01-16 05:30:18.185 T:4090851344 DEBUG: PrepareNextRender: frameOnScreen: 330.784 renderPts: 330.909 nextFramePts: 330.830 -> diff: 0.079 render: 1 forceNext: 0
2021-01-16 05:30:18.188 T:4090851344 DEBUG: CAMLCodec::ReleaseFrame idx:603, drop:0
2021-01-16 05:30:18.189 T:3608322944 DEBUG: CAMLCodec::GetTimeSize: len:24 dl:371422 fs:445118 front:73696
2021-01-16 05:30:18.189 T:3608322944 DEBUG: CAMLCodec::GetTimeSize: len:23 dl:371422 fs:371422 front:17957
2021-01-16 05:30:18.189 T:3608322944 DEBUG: CAMLCodec::DequeueBuffer: pts:330.997 idx:607
2021-01-16 05:30:18.189 T:3608322944 DEBUG: CAMLCodec::GetPicture: index: 607, pts: 330.997, dur:41ms ar:1.67
2021-01-16 05:30:18.190 T:3608322944 DEBUG: CVideoPlayerVideo::OutputPicture - ttd:208ms pts:330.997 Clock:330.789 Level:3
2021-01-16 05:30:18.191 T:3608322944 DEBUG: CAMLCodec::GetTimeSize: len:23 dl:371422 fs:371422 front:17957
2021-01-16 05:30:18.197 T:3608322944 DEBUG: CAMLCodec::AddData: dl:375701 sum:375701 sz:4279 dts:332.040 pts:332.040 overflow:0
2021-01-16 05:30:18.197 T:3608322944 DEBUG: CAMLCodec::GetTimeSize: len:24 dl:375701 fs:375701 front:17957
2021-01-16 05:30:18.224 T:4090851344 DEBUG: Previous line repeats 4 times.
2021-01-16 05:30:18.224 T:4090851344 DEBUG: CAMLCodec::PollFrame elapsed:34.862ms
2021-01-16 05:30:18.226 T:4090851344 DEBUG: PrepareNextRender: frameOnScreen: 330.825 renderPts: 330.950 nextFramePts: 330.872 -> diff: 0.078 render: 1 forceNext: 0
2021-01-16 05:30:18.229 T:4090851344 DEBUG: CAMLCodec::ReleaseFrame idx:604, drop:0
2021-01-16 05:30:18.229 T:3608322944 DEBUG: CAMLCodec::GetTimeSize: len:24 dl:375701 fs:375701 front:17957
2021-01-16 05:30:18.230 T:3608322944 DEBUG: CAMLCodec::DequeueBuffer: pts:331.039 idx:608
2021-01-16 05:30:18.231 T:3608322944 DEBUG: CAMLCodec::GetPicture: index: 608, pts: 331.039, dur:42ms ar:1.67
2021-01-16 05:30:18.231 T:3608322944 DEBUG: CVideoPlayerVideo::OutputPicture - ttd:209ms pts:331.039 Clock:330.830 Level:3
2021-01-16 05:30:18.233 T:3608322944 DEBUG: CAMLCodec::GetTimeSize: len:24 dl:357744 fs:375701 front:17957
2021-01-16 05:30:18.233 T:3608322944 DEBUG: CAMLCodec::GetTimeSize: len:23 dl:357744 fs:357744 front:4692
2021-01-16 05:30:18.238 T:3608322944 DEBUG: CAMLCodec::AddData: dl:361622 sum:361622 sz:3878 dts:332.082 pts:332.082 overflow:0
2021-01-16 05:30:18.239 T:3608322944 DEBUG: CAMLCodec::GetTimeSize: len:24 dl:361622 fs:361622 front:4692
2021-01-16 05:30:18.265 T:4090851344 DEBUG: Previous line repeats 4 times.
2021-01-16 05:30:18.265 T:4090851344 DEBUG: CAMLCodec::PollFrame elapsed:35.798ms
2021-01-16 05:30:18.269 T:4090851344 DEBUG: PrepareNextRender: frameOnScreen: 330.867 renderPts: 330.992 nextFramePts: 330.914 -> diff: 0.078 render: 1 forceNext: 0
2021-01-16 05:30:18.271 T:3608322944 DEBUG: CAMLCodec::GetTimeSize: len:24 dl:361622 fs:361622 front:4692
2021-01-16 05:30:18.272 T:4090851344 DEBUG: CAMLCodec::ReleaseFrame idx:605, drop:0
2021-01-16 05:30:18.272 T:3608322944 DEBUG: CAMLCodec::DequeueBuffer: pts:331.081 idx:609
2021-01-16 05:30:18.273 T:3608322944 DEBUG: CAMLCodec::GetPicture: index: 609, pts: 331.081, dur:42ms ar:1.67
2021-01-16 05:30:18.273 T:3608322944 DEBUG: CVideoPlayerVideo::OutputPicture - ttd:209ms pts:331.081 Clock:330.872 Level:3
2021-01-16 05:30:18.274 T:3608322944 DEBUG: CAMLCodec::GetTimeSize: len:24 dl:356930 fs:361622 front:4692
2021-01-16 05:30:18.275 T:3608322944 DEBUG: CAMLCodec::GetTimeSize: len:23 dl:356930 fs:356930 front:6717
2021-01-16 05:30:18.280 T:3608322944 DEBUG: CAMLCodec::AddData: dl:360682 sum:360682 sz:3752 dts:332.123 pts:332.165 overflow:0
2021-01-16 05:30:18.280 T:3608322944 DEBUG: CAMLCodec::GetTimeSize: len:24 dl:360682 fs:360682 front:6717
2021-01-16 05:30:18.307 T:4090851344 DEBUG: Previous line repeats 4 times.
2021-01-16 05:30:18.307 T:4090851344 DEBUG: CAMLCodec::PollFrame elapsed:34.318ms
2021-01-16 05:30:18.309 T:4090851344 DEBUG: PrepareNextRender: frameOnScreen: 330.908 renderPts: 331.033 nextFramePts: 330.956 -> diff: 0.077 render: 1 forceNext: 0
2021-01-16 05:30:18.313 T:3608322944 DEBUG: CAMLCodec::GetTimeSize: len:24 dl:360682 fs:360682 front:6717
2021-01-16 05:30:18.314 T:4090851344 DEBUG: CAMLCodec::ReleaseFrame idx:606, drop:0
2021-01-16 05:30:18.314 T:3608322944 DEBUG: CAMLCodec::DequeueBuffer: pts:331.122 idx:610
2021-01-16 05:30:18.315 T:3608322944 DEBUG: CAMLCodec::GetPicture: index: 610, pts: 331.122, dur:41ms ar:1.67
2021-01-16 05:30:18.315 T:3608322944 DEBUG: CVideoPlayerVideo::OutputPicture - ttd:208ms pts:331.122 Clock:330.914 Level:3
2021-01-16 05:30:18.317 T:3608322944 DEBUG: CAMLCodec::GetTimeSize: len:24 dl:353965 fs:360682 front:6717
2021-01-16 05:30:18.317 T:3608322944 DEBUG: CAMLCodec::GetTimeSize: len:23 dl:353965 fs:353965 front:7566
2021-01-16 05:30:18.322 T:3608322944 DEBUG: CAMLCodec::AddData: dl:357802 sum:357802 sz:3837 dts:332.165 pts:332.207 overflow:0
2021-01-16 05:30:18.323 T:3608322944 DEBUG: CAMLCodec::GetTimeSize: len:24 dl:357802 fs:357802 front:7566
2021-01-16 05:30:18.349 T:4090851344 DEBUG: Previous line repeats 3 times.
2021-01-16 05:30:18.349 T:4090851344 DEBUG: CAMLCodec::PollFrame elapsed:34.457ms
2021-01-16 05:30:18.349 T:3608322944 DEBUG: CAMLCodec::GetTimeSize: len:24 dl:357802 fs:357802 front:7566
2021-01-16 05:30:18.353 T:4090851344 DEBUG: PrepareNextRender: frameOnScreen: 330.952 renderPts: 331.077 nextFramePts: 330.997 -> diff: 0.080 render: 1 forceNext: 0
2021-01-16 05:30:18.356 T:3608322944 DEBUG: CAMLCodec::GetTimeSize: len:24 dl:350236 fs:357802 front:7566
2021-01-16 05:30:18.356 T:4090851344 DEBUG: CAMLCodec::ReleaseFrame idx:607, drop:0
2021-01-16 05:30:18.356 T:3608322944 DEBUG: CAMLCodec::GetTimeSize: len:23 dl:350236 fs:350236 front:4754
2021-01-16 05:30:18.357 T:3608322944 DEBUG: CAMLCodec::DequeueBuffer: pts:331.164 idx:611
2021-01-16 05:30:18.357 T:3608322944 DEBUG: CAMLCodec::GetPicture: index: 611, pts: 331.164, dur:42ms ar:1.67
2021-01-16 05:30:18.357 T:3608322944 DEBUG: CVideoPlayerVideo::OutputPicture - ttd:207ms pts:331.164 Clock:330.956 Level:3
2021-01-16 05:30:18.359 T:3608322944 DEBUG: CAMLCodec::GetTimeSize: len:23 dl:350236 fs:350236 front:4754
2021-01-16 05:30:18.366 T:3608322944 DEBUG: CAMLCodec::AddData: dl:424724 sum:424724 sz:74488 dts:332.207 pts:332.499 overflow:0
2021-01-16 05:30:18.367 T:3608322944 DEBUG: CAMLCodec::GetTimeSize: len:24 dl:424724 fs:424724 front:4754
2021-01-16 05:30:18.378 T:3581182848 DEBUG: Previous line repeats 1 times.
2021-01-16 05:30:18.378 T:3581182848 DEBUG: CVideoPlayer::ProcessVideoData size:104315 dts:339.297 pts:339.589 dur:41.000ms, clock:330.977 level:88
2021-01-16 05:30:18.379 T:3581182848 DEBUG: CVideoPlayer::ProcessVideoData size:43596 dts:339.339 pts:339.464 dur:41.000ms, clock:330.978 level:89
2021-01-16 05:30:18.379 T:3581182848 DEBUG: CVideoPlayer::ProcessVideoData size:8358 dts:339.381 pts:339.381 dur:41.000ms, clock:330.978 level:89
2021-01-16 05:30:18.380 T:3581182848 DEBUG: CVideoPlayer::ProcessVideoData size:7854 dts:339.422 pts:339.422 dur:41.000ms, clock:330.979 level:90
2021-01-16 05:30:18.381 T:3581182848 DEBUG: CVideoPlayer::ProcessVideoData size:11701 dts:339.464 pts:339.506 dur:41.000ms, clock:330.979 level:90
2021-01-16 05:30:18.381 T:3581182848 DEBUG: CVideoPlayer::ProcessVideoData size:12203 dts:339.506 pts:339.548 dur:41.000ms, clock:330.980 level:91
2021-01-16 05:30:18.383 T:3608322944 DEBUG: CAMLCodec::GetTimeSize: len:24 dl:424724 fs:424724 front:4754
2021-01-16 05:30:18.390 T:4090851344 DEBUG: Previous line repeats 1 times.
2021-01-16 05:30:18.391 T:4090851344 DEBUG: CAMLCodec::PollFrame elapsed:33.767ms
2021-01-16 05:30:18.394 T:4090851344 DEBUG: PrepareNextRender: frameOnScreen: 330.993 renderPts: 331.118 nextFramePts: 331.039 -> diff: 0.079 render: 1 forceNext: 0
2021-01-16 05:30:18.397 T:4090851344 DEBUG: CAMLCodec::ReleaseFrame idx:608, drop:0
2021-01-16 05:30:18.398 T:3608322944 DEBUG: CAMLCodec::GetTimeSize: len:24 dl:419970 fs:424724 front:4754
2021-01-16 05:30:18.398 T:3608322944 DEBUG: CAMLCodec::GetTimeSize: len:23 dl:419970 fs:419970 front:4091
2021-01-16 05:30:18.399 T:3608322944 DEBUG: CAMLCodec::DequeueBuffer: pts:331.206 idx:612
2021-01-16 05:30:18.399 T:3608322944 DEBUG: CAMLCodec::GetPicture: index: 612, pts: 331.206, dur:42ms ar:1.67
2021-01-16 05:30:18.399 T:3608322944 DEBUG: CVideoPlayerVideo::OutputPicture - ttd:207ms pts:331.206 Clock:330.998 Level:3
2021-01-16 05:30:18.401 T:3608322944 DEBUG: CAMLCodec::GetTimeSize: len:23 dl:419970 fs:419970 front:4091
2021-01-16 05:30:18.406 T:3608322944 DEBUG: CAMLCodec::AddData: dl:448198 sum:448198 sz:28228 dts:332.249 pts:332.374 overflow:0
2021-01-16 05:30:18.406 T:3608322944 DEBUG: CAMLCodec::GetTimeSize: len:24 dl:448198 fs:448198 front:4091
2021-01-16 05:30:18.432 T:4090851344 DEBUG: Previous line repeats 3 times.
2021-01-16 05:30:18.432 T:4090851344 DEBUG: CAMLCodec::PollFrame elapsed:34.844ms
2021-01-16 05:30:18.432 T:3608322944 DEBUG: CAMLCodec::GetTimeSize: len:24 dl:448198 fs:448198 front:4091
2021-01-16 05:30:18.436 T:4090851344 DEBUG: PrepareNextRender: frameOnScreen: 331.034 renderPts: 331.160 nextFramePts: 331.081 -> diff: 0.079 render: 1 forceNext: 0
2021-01-16 05:30:18.439 T:4090851344 DEBUG: CAMLCodec::ReleaseFrame idx:609, drop:0
2021-01-16 05:30:18.439 T:3608322944 DEBUG: CAMLCodec::GetTimeSize: len:24 dl:444107 fs:448198 front:4091
2021-01-16 05:30:18.440 T:3608322944 DEBUG: CAMLCodec::GetTimeSize: len:23 dl:444107 fs:444107 front:72725
2021-01-16 05:30:18.440 T:3608322944 DEBUG: CAMLCodec::DequeueBuffer: pts:331.248 idx:613
2021-01-16 05:30:18.440 T:3608322944 DEBUG: CAMLCodec::GetPicture: index: 613, pts: 331.248, dur:42ms ar:1.67
2021-01-16 05:30:18.440 T:3608322944 DEBUG: CVideoPlayerVideo::OutputPicture - ttd:208ms pts:331.248 Clock:331.039 Level:3
2021-01-16 05:30:18.441 T:3608322944 DEBUG: CAMLCodec::GetTimeSize: len:23 dl:444107 fs:444107 front:72725
2021-01-16 05:30:18.447 T:3608322944 DEBUG: CAMLCodec::AddData: dl:446578 sum:446578 sz:2471 dts:332.290 pts:332.290 overflow:0
2021-01-16 05:30:18.447 T:3608322944 DEBUG: CAMLCodec::GetTimeSize: len:24 dl:446578 fs:446578 front:72725
2021-01-16 05:30:18.474 T:4090851344 DEBUG: Previous line repeats 4 times.
2021-01-16 05:30:18.474 T:4090851344 DEBUG: CAMLCodec::PollFrame elapsed:34.253ms
2021-01-16 05:30:18.476 T:4090851344 DEBUG: PrepareNextRender: frameOnScreen: 331.075 renderPts: 331.200 nextFramePts: 331.122 -> diff: 0.078 render: 1 forceNext: 0
2021-01-16 05:30:18.480 T:4090851344 DEBUG: CAMLCodec::ReleaseFrame idx:610, drop:0
2021-01-16 05:30:18.480 T:3608322944 DEBUG: CAMLCodec::GetTimeSize: len:24 dl:373853 fs:446578 front:72725
2021-01-16 05:30:18.481 T:3608322944 DEBUG: CAMLCodec::GetTimeSize: len:23 dl:373853 fs:373853 front:15343
2021-01-16 05:30:18.481 T:3608322944 DEBUG: CAMLCodec::DequeueBuffer: pts:331.289 idx:614
2021-01-16 05:30:18.481 T:3608322944 DEBUG: CAMLCodec::GetPicture: index: 614, pts: 331.289, dur:41ms ar:1.67
2021-01-16 05:30:18.481 T:3608322944 DEBUG: CVideoPlayerVideo::OutputPicture - ttd:208ms pts:331.289 Clock:331.080 Level:3
2021-01-16 05:30:18.483 T:3608322944 DEBUG: CAMLCodec::GetTimeSize: len:23 dl:373853 fs:373853 front:15343
2021-01-16 05:30:18.488 T:3608322944 DEBUG: CAMLCodec::AddData: dl:377624 sum:377624 sz:3771 dts:332.332 pts:332.332 overflow:0
2021-01-16 05:30:18.488 T:3608322944 DEBUG: CAMLCodec::GetTimeSize: len:24 dl:377624 fs:377624 front:15343
2021-01-16 05:30:18.515 T:4090851344 DEBUG: Previous line repeats 4 times.
2021-01-16 05:30:18.516 T:4090851344 DEBUG: CAMLCodec::PollFrame elapsed:35.316ms
2021-01-16 05:30:18.519 T:4090851344 DEBUG: PrepareNextRender: frameOnScreen: 331.117 renderPts: 331.242 nextFramePts: 331.164 -> diff: 0.078 render: 1 forceNext: 0
2021-01-16 05:30:18.521 T:3608322944 DEBUG: CAMLCodec::GetTimeSize: len:24 dl:377624 fs:377624 front:15343
2021-01-16 05:30:18.522 T:4090851344 DEBUG: CAMLCodec::ReleaseFrame idx:611, drop:0
2021-01-16 05:30:18.523 T:3608322944 DEBUG: CAMLCodec::DequeueBuffer: pts:331.331 idx:615
2021-01-16 05:30:18.523 T:3608322944 DEBUG: CAMLCodec::GetPicture: index: 615, pts: 331.331, dur:42ms ar:1.67
2021-01-16 05:30:18.523 T:3608322944 DEBUG: CVideoPlayerVideo::OutputPicture - ttd:208ms pts:331.331 Clock:331.122 Level:3
2021-01-16 05:30:18.525 T:3608322944 DEBUG: CAMLCodec::GetTimeSize: len:24 dl:362281 fs:377624 front:15343
2021-01-16 05:30:18.525 T:3608322944 DEBUG: CAMLCodec::GetTimeSize: len:23 dl:362281 fs:362281 front:5514
2021-01-16 05:30:18.530 T:3608322944 DEBUG: CAMLCodec::AddData: dl:365836 sum:365836 sz:3555 dts:332.374 pts:332.415 overflow:0
2021-01-16 05:30:18.531 T:3608322944 DEBUG: CAMLCodec::GetTimeSize: len:24 dl:365836 fs:365836 front:5514
2021-01-16 05:30:18.557 T:4090851344 DEBUG: Previous line repeats 3 times.
2021-01-16 05:30:18.558 T:4090851344 DEBUG: CAMLCodec::PollFrame elapsed:34.646ms
2021-01-16 05:30:18.558 T:3608322944 DEBUG: CAMLCodec::GetTimeSize: len:24 dl:365836 fs:365836 front:5514
2021-01-16 05:30:18.562 T:4090851344 DEBUG: PrepareNextRender: frameOnScreen: 331.160 renderPts: 331.286 nextFramePts: 331.206 -> diff: 0.080 render: 1 forceNext: 0
2021-01-16 05:30:18.565 T:3608322944 DEBUG: CAMLCodec::GetTimeSize: len:24 dl:360322 fs:365836 front:5514
2021-01-16 05:30:18.565 T:3608322944 DEBUG: CAMLCodec::GetTimeSize: len:23 dl:360322 fs:360322 front:6844
2021-01-16 05:30:18.566 T:4090851344 DEBUG: CAMLCodec::ReleaseFrame idx:612, drop:0
2021-01-16 05:30:18.566 T:3608322944 DEBUG: CAMLCodec::DequeueBuffer: pts:331.373 idx:616
2021-01-16 05:30:18.566 T:3608322944 DEBUG: CAMLCodec::GetPicture: index: 616, pts: 331.373, dur:42ms ar:1.67
2021-01-16 05:30:18.566 T:3608322944 DEBUG: CVideoPlayerVideo::OutputPicture - ttd:207ms pts:331.373 Clock:331.165 Level:3
2021-01-16 05:30:18.568 T:3608322944 DEBUG: CAMLCodec::GetTimeSize: len:23 dl:360322 fs:360322 front:6844
2021-01-16 05:30:18.573 T:3608322944 DEBUG: CAMLCodec::AddData: dl:363961 sum:363961 sz:3639 dts:332.415 pts:332.457 overflow:0
2021-01-16 05:30:18.574 T:3608322944 DEBUG: CAMLCodec::GetTimeSize: len:24 dl:363961 fs:363961 front:6844
2021-01-16 05:30:18.599 T:4090851344 DEBUG: Previous line repeats 3 times.
2021-01-16 05:30:18.600 T:4090851344 DEBUG: CAMLCodec::PollFrame elapsed:33.279ms
2021-01-16 05:30:18.602 T:3608322944 DEBUG: CAMLCodec::GetTimeSize: len:24 dl:363961 fs:363961 front:6844
2021-01-16 05:30:18.603 T:3608322944 DEBUG: CAMLCodec::DequeueBuffer: pts:331.414 idx:617
2021-01-16 05:30:18.604 T:3608322944 DEBUG: CAMLCodec::GetPicture: index: 617, pts: 331.414, dur:41ms ar:1.67
2021-01-16 05:30:18.605 T:3608322944 DEBUG: CVideoPlayerVideo::OutputPicture - ttd:210ms pts:331.414 Clock:331.203 Level:4
2021-01-16 05:30:18.605 T:4090851344 DEBUG: PrepareNextRender: frameOnScreen: 331.204 renderPts: 331.329 nextFramePts: 331.248 -> diff: 0.081 render: 1 forceNext: 0
2021-01-16 05:30:18.607 T:3608322944 DEBUG: CAMLCodec::GetTimeSize: len:24 dl:363961 fs:363961 front:6844
2021-01-16 05:30:18.607 T:4090851344 DEBUG: CAMLCodec::ReleaseFrame idx:613, drop:0
2021-01-16 05:30:18.614 T:3608322944 DEBUG: CAMLCodec::GetTimeSize: len:24 dl:357117 fs:363961 front:6844
2021-01-16 05:30:18.614 T:3608322944 DEBUG: CAMLCodec::GetTimeSize: len:23 dl:357117 fs:357117 front:7627
2021-01-16 05:30:18.622 T:3608322944 DEBUG: CAMLCodec::AddData: dl:428990 sum:428990 sz:71873 dts:332.457 pts:332.791 overflow:0
2021-01-16 05:30:18.622 T:3608322944 DEBUG: CAMLCodec::GetTimeSize: len:24 dl:428990 fs:428990 front:7627
2021-01-16 05:30:18.641 T:4090851344 DEBUG: Previous line repeats 2 times.
2021-01-16 05:30:18.641 T:4090851344 DEBUG: CAMLCodec::PollFrame elapsed:33.093ms
2021-01-16 05:30:18.643 T:3608322944 DEBUG: CAMLCodec::GetTimeSize: len:24 dl:428990 fs:428990 front:7627
2021-01-16 05:30:18.646 T:3581182848 DEBUG: CVideoPlayer::ProcessVideoData size:113450 dts:339.548 pts:339.839 dur:41.000ms, clock:331.245 level:88
2021-01-16 05:30:18.647 T:4090851344 DEBUG: PrepareNextRender: frameOnScreen: 331.245 renderPts: 331.371 nextFramePts: 331.289 -> diff: 0.082 render: 1 forceNext: 0
2021-01-16 05:30:18.649 T:3581182848 DEBUG: CVideoPlayer::ProcessVideoData size:54870 dts:339.589 pts:339.714 dur:41.000ms, clock:331.248 level:89
2021-01-16 05:30:18.651 T:3581182848 DEBUG: CVideoPlayer::ProcessVideoData size:10243 dts:339.631 pts:339.631 dur:41.000ms, clock:331.249 level:89
2021-01-16 05:30:18.651 T:3608322944 DEBUG: CAMLCodec::GetTimeSize: len:24 dl:421363 fs:428990 front:7627
2021-01-16 05:30:18.652 T:3608322944 DEBUG: CAMLCodec::GetTimeSize: len:23 dl:421363 fs:421363 front:6635
2021-01-16 05:30:18.653 T:3581182848 DEBUG: CVideoPlayer::ProcessVideoData size:13507 dts:339.673 pts:339.673 dur:41.000ms, clock:331.251 level:90
2021-01-16 05:30:18.653 T:4090851344 DEBUG: CAMLCodec::ReleaseFrame idx:614, drop:0
2021-01-16 05:30:18.654 T:3608322944 DEBUG: CAMLCodec::DequeueBuffer: pts:331.456 idx:618
2021-01-16 05:30:18.654 T:3608322944 DEBUG: CAMLCodec::GetPicture: index: 618, pts: 331.456, dur:42ms ar:1.67
2021-01-16 05:30:18.655 T:3608322944 DEBUG: CVideoPlayerVideo::OutputPicture - ttd:202ms pts:331.456 Clock:331.254 Level:3
2021-01-16 05:30:18.655 T:3581182848 DEBUG: CVideoPlayer::ProcessVideoData size:15710 dts:339.714 pts:339.756 dur:41.000ms, clock:331.254 level:90
2021-01-16 05:30:18.656 T:3581182848 DEBUG: CVideoPlayer::ProcessVideoData size:15131 dts:339.756 pts:339.798 dur:41.000ms, clock:331.255 level:91
2021-01-16 05:30:18.657 T:3608322944 DEBUG: CAMLCodec::GetTimeSize: len:23 dl:421363 fs:421363 front:6635
2021-01-16 05:30:18.663 T:3608322944 DEBUG: CAMLCodec::AddData: dl:438672 sum:438672 sz:17309 dts:332.499 pts:332.666 overflow:0
2021-01-16 05:30:18.663 T:3608322944 DEBUG: CAMLCodec::GetTimeSize: len:24 dl:438672 fs:438672 front:6635
2021-01-16 05:30:18.682 T:4090851344 DEBUG: Previous line repeats 2 times.
2021-01-16 05:30:18.683 T:4090851344 DEBUG: CAMLCodec::PollFrame elapsed:28.507ms
2021-01-16 05:30:18.683 T:3608322944 DEBUG: CAMLCodec::GetTimeSize: len:24 dl:438672 fs:438672 front:6635
2021-01-16 05:30:18.686 T:4090851344 DEBUG: PrepareNextRender: frameOnScreen: 331.284 renderPts: 331.409 nextFramePts: 331.331 -> diff: 0.078 render: 1 forceNext: 0
2021-01-16 05:30:18.689 T:4090851344 DEBUG: CAMLCodec::ReleaseFrame idx:615, drop:0
2021-01-16 05:30:18.691 T:3608322944 DEBUG: CAMLCodec::GetTimeSize: len:24 dl:432037 fs:438672 front:6635
2021-01-16 05:30:18.691 T:3608322944 DEBUG: CAMLCodec::GetTimeSize: len:23 dl:432037 fs:432037 front:6640
2021-01-16 05:30:18.692 T:3608322944 DEBUG: CAMLCodec::DequeueBuffer: pts:331.498 idx:619
2021-01-16 05:30:18.692 T:3608322944 DEBUG: CAMLCodec::GetPicture: index: 619, pts: 331.498, dur:42ms ar:1.67
2021-01-16 05:30:18.692 T:3608322944 DEBUG: CVideoPlayerVideo::OutputPicture - ttd:206ms pts:331.498 Clock:331.291 Level:3
2021-01-16 05:30:18.694 T:3608322944 DEBUG: CAMLCodec::GetTimeSize: len:23 dl:432037 fs:432037 front:6640
2021-01-16 05:30:18.699 T:3608322944 DEBUG: CAMLCodec::AddData: dl:437065 sum:437065 sz:5028 dts:332.541 pts:332.541 overflow:0
2021-01-16 05:30:18.699 T:3608322944 DEBUG: CAMLCodec::GetTimeSize: len:24 dl:437065 fs:437065 front:6640
2021-01-16 05:30:18.724 T:4090851344 DEBUG: Previous line repeats 3 times.
2021-01-16 05:30:18.724 T:4090851344 DEBUG: CAMLCodec::PollFrame elapsed:34.253ms
2021-01-16 05:30:18.727 T:3608322944 DEBUG: CAMLCodec::GetTimeSize: len:24 dl:437065 fs:437065 front:6640
2021-01-16 05:30:18.727 T:3608322944 DEBUG: CAMLCodec::DequeueBuffer: pts:331.540 idx:620
2021-01-16 05:30:18.728 T:4090851344 DEBUG: PrepareNextRender: frameOnScreen: 331.326 renderPts: 331.451 nextFramePts: 331.373 -> diff: 0.078 render: 1 forceNext: 0
2021-01-16 05:30:18.728 T:3608322944 DEBUG: CAMLCodec::GetPicture: index: 620, pts: 331.540, dur:42ms ar:1.67
2021-01-16 05:30:18.728 T:3608322944 DEBUG: CVideoPlayerVideo::OutputPicture - ttd:212ms pts:331.540 Clock:331.327 Level:3
2021-01-16 05:30:18.730 T:3608322944 DEBUG: CAMLCodec::GetTimeSize: len:24 dl:437065 fs:437065 front:6640
2021-01-16 05:30:18.731 T:4090851344 DEBUG: CAMLCodec::ReleaseFrame idx:616, drop:0
2021-01-16 05:30:18.737 T:3608322944 DEBUG: CAMLCodec::GetTimeSize: len:24 dl:430425 fs:437065 front:6640
2021-01-16 05:30:18.737 T:3608322944 DEBUG: CAMLCodec::GetTimeSize: len:23 dl:430425 fs:430425 front:69700
2021-01-16 05:30:18.743 T:3608322944 DEBUG: CAMLCodec::AddData: dl:437533 sum:437533 sz:7108 dts:332.582 pts:332.582 overflow:0
2021-01-16 05:30:18.743 T:3608322944 DEBUG: CAMLCodec::GetTimeSize: len:24 dl:437533 fs:437533 front:69700
2021-01-16 05:30:18.766 T:4090851344 DEBUG: Previous line repeats 3 times.
2021-01-16 05:30:18.767 T:4090851344 DEBUG: CAMLCodec::PollFrame elapsed:34.576ms
2021-01-16 05:30:18.771 T:3608322944 DEBUG: CAMLCodec::GetTimeSize: len:24 dl:437533 fs:437533 front:69700
2021-01-16 05:30:18.772 T:4090851344 DEBUG: PrepareNextRender: frameOnScreen: 331.370 renderPts: 331.495 nextFramePts: 331.414 -> diff: 0.081 render: 1 forceNext: 0
2021-01-16 05:30:18.772 T:3608322944 DEBUG: CAMLCodec::DequeueBuffer: pts:331.581 idx:621
2021-01-16 05:30:18.773 T:3608322944 DEBUG: CAMLCodec::GetPicture: index: 621, pts: 331.581, dur:41ms ar:1.67
2021-01-16 05:30:18.773 T:3608322944 DEBUG: CVideoPlayerVideo::OutputPicture - ttd:208ms pts:331.581 Clock:331.372 Level:3
2021-01-16 05:30:18.774 T:4090851344 DEBUG: CAMLCodec::ReleaseFrame idx:617, drop:0
2021-01-16 05:30:18.775 T:3608322944 DEBUG: CAMLCodec::GetTimeSize: len:24 dl:367833 fs:437533 front:69700
2021-01-16 05:30:18.775 T:3608322944 DEBUG: CAMLCodec::GetTimeSize: len:23 dl:367833 fs:367833 front:15585
2021-01-16 05:30:18.781 T:3608322944 DEBUG: CAMLCodec::AddData: dl:377409 sum:377409 sz:9576 dts:332.624 pts:332.624 overflow:0
2021-01-16 05:30:18.781 T:3608322944 DEBUG: CAMLCodec::GetTimeSize: len:24 dl:377409 fs:377409 front:15585
2021-01-16 05:30:18.808 T:4090851344 DEBUG: Previous line repeats 3 times.
2021-01-16 05:30:18.808 T:4090851344 DEBUG: CAMLCodec::PollFrame elapsed:32.809ms
2021-01-16 05:30:18.809 T:3608322944 DEBUG: CAMLCodec::GetTimeSize: len:24 dl:377409 fs:377409 front:15585
2021-01-16 05:30:18.814 T:4090851344 DEBUG: PrepareNextRender: frameOnScreen: 331.412 renderPts: 331.538 nextFramePts: 331.456 -> diff: 0.082 render: 1 forceNext: 0
2021-01-16 05:30:18.816 T:3608322944 DEBUG: CAMLCodec::GetTimeSize: len:24 dl:361824 fs:377409 front:15585
2021-01-16 05:30:18.817 T:3608322944 DEBUG: CAMLCodec::GetTimeSize: len:23 dl:361824 fs:361824 front:5781
2021-01-16 05:30:18.818 T:4090851344 DEBUG: CAMLCodec::ReleaseFrame idx:618, drop:0
2021-01-16 05:30:18.819 T:3608322944 DEBUG: CAMLCodec::DequeueBuffer: pts:331.623 idx:622
2021-01-16 05:30:18.819 T:3608322944 DEBUG: CAMLCodec::GetPicture: index: 622, pts: 331.623, dur:42ms ar:1.67
2021-01-16 05:30:18.820 T:3608322944 DEBUG: CVideoPlayerVideo::OutputPicture - ttd:204ms pts:331.623 Clock:331.419 Level:3
2021-01-16 05:30:18.821 T:3608322944 DEBUG: CAMLCodec::GetTimeSize: len:23 dl:361824 fs:361824 front:5781
2021-01-16 05:30:18.826 T:3608322944 DEBUG: CAMLCodec::AddData: dl:368693 sum:368693 sz:6869 dts:332.666 pts:332.707 overflow:0
2021-01-16 05:30:18.826 T:3608322944 DEBUG: CAMLCodec::GetTimeSize: len:24 dl:368693 fs:368693 front:5781
2021-01-16 05:30:18.850 T:4090851344 DEBUG: Previous line repeats 3 times.
2021-01-16 05:30:18.850 T:4090851344 DEBUG: CAMLCodec::PollFrame elapsed:30.932ms
2021-01-16 05:30:18.854 T:3608322944 DEBUG: CAMLCodec::GetTimeSize: len:24 dl:368693 fs:368693 front:5781
2021-01-16 05:30:18.855 T:3608322944 DEBUG: CAMLCodec::DequeueBuffer: pts:331.665 idx:623
2021-01-16 05:30:18.856 T:3608322944 DEBUG: CAMLCodec::GetPicture: index: 623, pts: 331.665, dur:42ms ar:1.67
2021-01-16 05:30:18.856 T:3608322944 DEBUG: CVideoPlayerVideo::OutputPicture - ttd:209ms pts:331.665 Clock:331.455 Level:4
2021-01-16 05:30:18.857 T:4090851344 DEBUG: PrepareNextRender: frameOnScreen: 331.456 renderPts: 331.581 nextFramePts: 331.498 -> diff: 0.083 render: 1 forceNext: 0
2021-01-16 05:30:18.858 T:3608322944 DEBUG: CAMLCodec::GetTimeSize: len:24 dl:362912 fs:368693 front:5781
2021-01-16 05:30:18.860 T:3608322944 DEBUG: CAMLCodec::GetTimeSize: len:23 dl:362912 fs:362912 front:7108
2021-01-16 05:30:18.861 T:4090851344 DEBUG: CAMLCodec::ReleaseFrame idx:619, drop:0
2021-01-16 05:30:18.866 T:3608322944 DEBUG: CAMLCodec::AddData: dl:370614 sum:370614 sz:7702 dts:332.707 pts:332.749 overflow:0
2021-01-16 05:30:18.866 T:3608322944 DEBUG: CAMLCodec::GetTimeSize: len:24 dl:370614 fs:370614 front:7108
2021-01-16 05:30:18.892 T:4090851344 DEBUG: Previous line repeats 3 times.
2021-01-16 05:30:18.892 T:4090851344 DEBUG: CAMLCodec::PollFrame elapsed:30.040ms
2021-01-16 05:30:18.895 T:3608322944 DEBUG: CAMLCodec::GetTimeSize: len:24 dl:370614 fs:370614 front:7108
2021-01-16 05:30:18.896 T:3608322944 DEBUG: CAMLCodec::DequeueBuffer: pts:331.706 idx:624
2021-01-16 05:30:18.897 T:3608322944 DEBUG: CAMLCodec::GetPicture: index: 624, pts: 331.706, dur:41ms ar:1.67
2021-01-16 05:30:18.898 T:4090851344 DEBUG: PrepareNextRender: frameOnScreen: 331.496 renderPts: 331.621 nextFramePts: 331.540 -> diff: 0.081 render: 1 forceNext: 0
2021-01-16 05:30:18.899 T:3581182848 DEBUG: CVideoPlayer::ProcessVideoData size:75878 dts:339.798 pts:340.006 dur:41.000ms, clock:331.498 level:88
2021-01-16 05:30:18.901 T:3608322944 DEBUG: CVideoPlayerVideo::OutputPicture - ttd:209ms pts:331.706 Clock:331.496 Level:3
2021-01-16 05:30:18.902 T:3581182848 DEBUG: CVideoPlayer::ProcessVideoData size:21699 dts:339.839 pts:339.923 dur:41.000ms, clock:331.500 level:89
2021-01-16 05:30:18.902 T:4090851344 DEBUG: CAMLCodec::ReleaseFrame idx:620, drop:0
2021-01-16 05:30:18.903 T:3581182848 DEBUG: CVideoPlayer::ProcessVideoData size:10907 dts:339.881 pts:339.881 dur:41.000ms, clock:331.502 level:89
2021-01-16 05:30:18.903 T:3581182848 DEBUG: CVideoPlayer::ProcessVideoData size:8928 dts:339.923 pts:339.965 dur:41.000ms, clock:331.502 level:90
2021-01-16 05:30:18.905 T:3608322944 DEBUG: CAMLCodec::GetTimeSize: len:24 dl:363506 fs:370614 front:7108
2021-01-16 05:30:18.905 T:3608322944 DEBUG: CAMLCodec::GetTimeSize: len:23 dl:363506 fs:363506 front:5448
2021-01-16 05:30:18.913 T:3608322944 DEBUG: CAMLCodec::AddData: dl:430210 sum:430210 sz:66704 dts:332.749 pts:332.999 overflow:0
2021-01-16 05:30:18.913 T:3608322944 DEBUG: CAMLCodec::GetTimeSize: len:24 dl:430210 fs:430210 front:5448
2021-01-16 05:30:18.933 T:4090851344 DEBUG: Previous line repeats 2 times.
2021-01-16 05:30:18.933 T:4090851344 DEBUG: CAMLCodec::PollFrame elapsed:30.103ms
2021-01-16 05:30:18.935 T:3608322944 DEBUG: CAMLCodec::GetTimeSize: len:24 dl:430210 fs:430210 front:5448
2021-01-16 05:30:18.936 T:3608322944 DEBUG: CAMLCodec::DequeueBuffer: pts:331.748 idx:625
2021-01-16 05:30:18.937 T:3608322944 DEBUG: CAMLCodec::GetPicture: index: 625, pts: 331.748, dur:42ms ar:1.67
2021-01-16 05:30:18.937 T:3608322944 DEBUG: CVideoPlayerVideo::OutputPicture - ttd:211ms pts:331.748 Clock:331.536 Level:4
2021-01-16 05:30:18.938 T:4090851344 DEBUG: PrepareNextRender: frameOnScreen: 331.537 renderPts: 331.662 nextFramePts: 331.581 -> diff: 0.081 render: 1 forceNext: 0
2021-01-16 05:30:18.940 T:3608322944 DEBUG: CAMLCodec::GetTimeSize: len:24 dl:430210 fs:430210 front:5448
2021-01-16 05:30:18.942 T:4090851344 DEBUG: CAMLCodec::ReleaseFrame idx:621, drop:0
2021-01-16 05:30:18.947 T:3608322944 DEBUG: CAMLCodec::GetTimeSize: len:24 dl:424762 fs:430210 front:5448
2021-01-16 05:30:18.948 T:3608322944 DEBUG: CAMLCodec::GetTimeSize: len:23 dl:424762 fs:424762 front:4363
2021-01-16 05:30:18.953 T:3608322944 DEBUG: CAMLCodec::AddData: dl:450417 sum:450417 sz:25655 dts:332.791 pts:332.916 overflow:0
2021-01-16 05:30:18.954 T:3608322944 DEBUG: CAMLCodec::GetTimeSize: len:24 dl:450417 fs:450417 front:4363
2021-01-16 05:30:18.975 T:4090851344 DEBUG: Previous line repeats 2 times.
2021-01-16 05:30:18.975 T:4090851344 DEBUG: CAMLCodec::PollFrame elapsed:31.840ms
2021-01-16 05:30:18.975 T:3608322944 DEBUG: CAMLCodec::GetTimeSize: len:24 dl:450417 fs:450417 front:4363
2021-01-16 05:30:18.976 T:3608322944 DEBUG: CAMLCodec::DequeueBuffer: pts:331.790 idx:626
2021-01-16 05:30:18.977 T:3608322944 DEBUG: CAMLCodec::GetPicture: index: 626, pts: 331.790, dur:42ms ar:1.67
2021-01-16 05:30:18.979 T:3608322944 DEBUG: CVideoPlayerVideo::OutputPicture - ttd:212ms pts:331.790 Clock:331.578 Level:4
2021-01-16 05:30:18.980 T:4090851344 DEBUG: PrepareNextRender: frameOnScreen: 331.579 renderPts: 331.704 nextFramePts: 331.623 -> diff: 0.081 render: 1 forceNext: 0
2021-01-16 05:30:18.981 T:3608322944 DEBUG: CAMLCodec::GetTimeSize: len:24 dl:446054 fs:450417 front:4363
2021-01-16 05:30:18.981 T:3608322944 DEBUG: CAMLCodec::GetTimeSize: len:23 dl:446054 fs:446054 front:3326
2021-01-16 05:30:18.983 T:4090851344 DEBUG: CAMLCodec::ReleaseFrame idx:622, drop:0
2021-01-16 05:30:18.987 T:3608322944 DEBUG: CAMLCodec::AddData: dl:453255 sum:453255 sz:7201 dts:332.832 pts:332.832 overflow:0
2021-01-16 05:30:18.987 T:3608322944 DEBUG: CAMLCodec::GetTimeSize: len:24 dl:453255 fs:453255 front:3326
2021-01-16 05:30:19.017 T:4090851344 DEBUG: Previous line repeats 4 times.
2021-01-16 05:30:19.017 T:4090851344 DEBUG: CAMLCodec::PollFrame elapsed:32.596ms
2021-01-16 05:30:19.022 T:3608322944 DEBUG: CAMLCodec::GetTimeSize: len:24 dl:453255 fs:453255 front:3326
2021-01-16 05:30:19.023 T:4090851344 DEBUG: PrepareNextRender: frameOnScreen: 331.621 renderPts: 331.746 nextFramePts: 331.665 -> diff: 0.081 render: 1 forceNext: 0
2021-01-16 05:30:19.024 T:3608322944 DEBUG: CAMLCodec::DequeueBuffer: pts:331.831 idx:627
2021-01-16 05:30:19.024 T:4090851344 DEBUG: CAMLCodec::ReleaseFrame idx:623, drop:0
2021-01-16 05:30:19.024 T:3608322944 DEBUG: CAMLCodec::GetPicture: index: 627, pts: 331.831, dur:41ms ar:1.67
2021-01-16 05:30:19.025 T:3608322944 DEBUG: CVideoPlayerVideo::OutputPicture - ttd:207ms pts:331.831 Clock:331.624 Level:3
2021-01-16 05:30:19.026 T:3608322944 DEBUG: CAMLCodec::GetTimeSize: len:24 dl:449929 fs:453255 front:3326
2021-01-16 05:30:19.027 T:3608322944 DEBUG: CAMLCodec::GetTimeSize: len:23 dl:449929 fs:449929 front:76361
2021-01-16 05:30:19.032 T:3608322944 DEBUG: CAMLCodec::AddData: dl:455530 sum:455530 sz:5601 dts:332.874 pts:332.874 overflow:0
2021-01-16 05:30:19.032 T:3608322944 DEBUG: CAMLCodec::GetTimeSize: len:24 dl:455530 fs:455530 front:76361
2021-01-16 05:30:19.058 T:4090851344 DEBUG: Previous line repeats 3 times.
2021-01-16 05:30:19.059 T:4090851344 DEBUG: CAMLCodec::PollFrame elapsed:33.479ms
2021-01-16 05:30:19.060 T:3608322944 DEBUG: CAMLCodec::GetTimeSize: len:24 dl:455530 fs:455530 front:76361
2021-01-16 05:30:19.061 T:3608322944 DEBUG: CAMLCodec::DequeueBuffer: pts:331.873 idx:628
2021-01-16 05:30:19.062 T:3608322944 DEBUG: CAMLCodec::GetPicture: index: 628, pts: 331.873, dur:42ms ar:1.67
2021-01-16 05:30:19.062 T:4090851344 DEBUG: PrepareNextRender: frameOnScreen: 331.661 renderPts: 331.786 nextFramePts: 331.706 -> diff: 0.080 render: 1 forceNext: 0
2021-01-16 05:30:19.063 T:3608322944 DEBUG: CVideoPlayerVideo::OutputPicture - ttd:212ms pts:331.873 Clock:331.661 Level:3
2021-01-16 05:30:19.064 T:4090851344 DEBUG: CAMLCodec::ReleaseFrame idx:624, drop:0
2021-01-16 05:30:19.065 T:3608322944 DEBUG: CAMLCodec::GetTimeSize: len:24 dl:379169 fs:455530 front:76361
2021-01-16 05:30:19.065 T:3608322944 DEBUG: CAMLCodec::GetTimeSize: len:23 dl:379169 fs:379169 front:13367
2021-01-16 05:30:19.071 T:3608322944 DEBUG: CAMLCodec::AddData: dl:383426 sum:383426 sz:4257 dts:332.916 pts:332.958 overflow:0
2021-01-16 05:30:19.071 T:3608322944 DEBUG: CAMLCodec::GetTimeSize: len:24 dl:383426 fs:383426 front:13367
2021-01-16 05:30:19.100 T:4090851344 DEBUG: Previous line repeats 4 times.
2021-01-16 05:30:19.100 T:4090851344 DEBUG: CAMLCodec::PollFrame elapsed:35.747ms
2021-01-16 05:30:19.104 T:4090851344 DEBUG: PrepareNextRender: frameOnScreen: 331.703 renderPts: 331.828 nextFramePts: 331.748 -> diff: 0.080 render: 1 forceNext: 0
2021-01-16 05:30:19.104 T:3608322944 DEBUG: CAMLCodec::GetTimeSize: len:24 dl:370059 fs:383426 front:13367
2021-01-16 05:30:19.105 T:4090851344 DEBUG: CAMLCodec::ReleaseFrame idx:625, drop:0
2021-01-16 05:30:19.105 T:3608322944 DEBUG: CAMLCodec::GetTimeSize: len:23 dl:370059 fs:370059 front:3278
2021-01-16 05:30:19.105 T:3608322944 DEBUG: CAMLCodec::DequeueBuffer: pts:331.915 idx:629
2021-01-16 05:30:19.106 T:3608322944 DEBUG: CAMLCodec::GetPicture: index: 629, pts: 331.915, dur:42ms ar:1.67
2021-01-16 05:30:19.106 T:3608322944 DEBUG: CVideoPlayerVideo::OutputPicture - ttd:210ms pts:331.915 Clock:331.705 Level:3
2021-01-16 05:30:19.108 T:3608322944 DEBUG: CAMLCodec::GetTimeSize: len:23 dl:370059 fs:370059 front:3278
2021-01-16 05:30:19.116 T:3608322944 DEBUG: CAMLCodec::AddData: dl:455805 sum:455805 sz:85746 dts:332.958 pts:333.250 overflow:0
2021-01-16 05:30:19.116 T:3608322944 DEBUG: CAMLCodec::GetTimeSize: len:24 dl:455805 fs:455805 front:3278
2021-01-16 05:30:19.142 T:4090851344 DEBUG: Previous line repeats 3 times.
2021-01-16 05:30:19.142 T:4090851344 DEBUG: CAMLCodec::PollFrame elapsed:36.459ms
2021-01-16 05:30:19.144 T:3608322944 DEBUG: CAMLCodec::GetTimeSize: len:24 dl:455805 fs:455805 front:3278
2021-01-16 05:30:19.145 T:3608322944 DEBUG: CAMLCodec::DequeueBuffer: pts:331.957 idx:630
2021-01-16 05:30:19.145 T:3608322944 DEBUG: CAMLCodec::GetPicture: index: 630, pts: 331.957, dur:42ms ar:1.67
2021-01-16 05:30:19.146 T:3608322944 DEBUG: CVideoPlayerVideo::OutputPicture - ttd:212ms pts:331.957 Clock:331.745 Level:4
2021-01-16 05:30:19.147 T:4090851344 DEBUG: PrepareNextRender: frameOnScreen: 331.746 renderPts: 331.871 nextFramePts: 331.790 -> diff: 0.081 render: 1 forceNext: 0
2021-01-16 05:30:19.148 T:3608322944 DEBUG: CAMLCodec::GetTimeSize: len:24 dl:452527 fs:455805 front:3278
2021-01-16 05:30:19.148 T:3608322944 DEBUG: CAMLCodec::GetTimeSize: len:23 dl:452527 fs:452527 front:4279
2021-01-16 05:30:19.149 T:3581182848 DEBUG: CVideoPlayer::ProcessVideoData size:70986 dts:339.965 pts:340.173 dur:41.000ms, clock:331.748 level:87
2021-01-16 05:30:19.150 T:4090851344 DEBUG: CAMLCodec::ReleaseFrame idx:626, drop:0
2021-01-16 05:30:19.152 T:3581182848 DEBUG: CVideoPlayer::ProcessVideoData size:26803 dts:340.006 pts:340.090 dur:41.000ms, clock:331.751 level:88
2021-01-16 05:30:19.153 T:3581182848 DEBUG: CVideoPlayer::ProcessVideoData size:5361 dts:340.048 pts:340.048 dur:41.000ms, clock:331.752 level:88
2021-01-16 05:30:19.153 T:3581182848 DEBUG: CVideoPlayer::ProcessVideoData size:4419 dts:340.090 pts:340.131 dur:41.000ms, clock:331.752 level:89
2021-01-16 05:30:19.154 T:3608322944 DEBUG: CAMLCodec::AddData: dl:470994 sum:470994 sz:18467 dts:332.999 pts:333.124 overflow:0
2021-01-16 05:30:19.155 T:3608322944 DEBUG: CAMLCodec::GetTimeSize: len:24 dl:470994 fs:470994 front:4279
2021-01-16 05:30:19.155 T:3581182848 DEBUG: CVideoPlayer::ProcessVideoData size:68274 dts:340.131 pts:340.382 dur:41.000ms, clock:331.754 level:89
2021-01-16 05:30:19.155 T:3581182848 DEBUG: CVideoPlayer::ProcessVideoData size:20703 dts:340.173 pts:340.298 dur:41.000ms, clock:331.754 level:89
2021-01-16 05:30:19.156 T:3581182848 DEBUG: CVideoPlayer::ProcessVideoData size:6248 dts:340.215 pts:340.215 dur:41.000ms, clock:331.755 level:90
2021-01-16 05:30:19.157 T:3581182848 DEBUG: CVideoPlayer::ProcessVideoData size:5215 dts:340.257 pts:340.257 dur:41.000ms, clock:331.755 level:90
2021-01-16 05:30:19.157 T:3581182848 DEBUG: CVideoPlayer::ProcessVideoData size:4943 dts:340.298 pts:340.340 dur:41.000ms, clock:331.756 level:91
2021-01-16 05:30:19.161 T:3608322944 DEBUG: CAMLCodec::GetTimeSize: len:24 dl:470994 fs:470994 front:4279
2021-01-16 05:30:19.183 T:4090851344 DEBUG: Previous line repeats 3 times.
2021-01-16 05:30:19.184 T:4090851344 DEBUG: CAMLCodec::PollFrame elapsed:32.036ms
2021-01-16 05:30:19.189 T:3608322944 DEBUG: CAMLCodec::GetTimeSize: len:24 dl:470994 fs:470994 front:4279
2021-01-16 05:30:19.189 T:3608322944 DEBUG: CAMLCodec::DequeueBuffer: pts:331.998 idx:631
2021-01-16 05:30:19.190 T:3608322944 DEBUG: CAMLCodec::GetPicture: index: 631, pts: 331.998, dur:41ms ar:1.67
2021-01-16 05:30:19.191 T:3608322944 DEBUG: CVideoPlayerVideo::OutputPicture - ttd:208ms pts:331.998 Clock:331.789 Level:4
2021-01-16 05:30:19.192 T:4090851344 DEBUG: PrepareNextRender: frameOnScreen: 331.790 renderPts: 331.916 nextFramePts: 331.831 -> diff: 0.085 render: 1 forceNext: 0
2021-01-16 05:30:19.193 T:3608322944 DEBUG: CAMLCodec::GetTimeSize: len:24 dl:466715 fs:470994 front:4279
2021-01-16 05:30:19.193 T:3608322944 DEBUG: CAMLCodec::GetTimeSize: len:23 dl:466715 fs:466715 front:3878
2021-01-16 05:30:19.195 T:4090851344 DEBUG: CAMLCodec::ReleaseFrame idx:627, drop:0
2021-01-16 05:30:19.198 T:3608322944 DEBUG: CAMLCodec::AddData: dl:474124 sum:474124 sz:7409 dts:333.041 pts:333.041 overflow:0
2021-01-16 05:30:19.199 T:3608322944 DEBUG: CAMLCodec::GetTimeSize: len:24 dl:474124 fs:474124 front:3878
2021-01-16 05:30:19.225 T:4090851344 DEBUG: Previous line repeats 3 times.
2021-01-16 05:30:19.225 T:4090851344 DEBUG: CAMLCodec::PollFrame elapsed:29.394ms
2021-01-16 05:30:19.226 T:3608322944 DEBUG: CAMLCodec::GetTimeSize: len:24 dl:474124 fs:474124 front:3878
2021-01-16 05:30:19.227 T:3608322944 DEBUG: CAMLCodec::DequeueBuffer: pts:332.040 idx:632
2021-01-16 05:30:19.227 T:3608322944 DEBUG: CAMLCodec::GetPicture: index: 632, pts: 332.040, dur:42ms ar:1.67
2021-01-16 05:30:19.228 T:3608322944 DEBUG: CVideoPlayerVideo::OutputPicture - ttd:213ms pts:332.040 Clock:331.827 Level:4
2021-01-16 05:30:19.230 T:3608322944 DEBUG: CAMLCodec::GetTimeSize: len:24 dl:474124 fs:474124 front:3878
2021-01-16 05:30:19.232 T:4090851344 DEBUG: PrepareNextRender: frameOnScreen: 331.831 renderPts: 331.956 nextFramePts: 331.873 -> diff: 0.083 render: 1 forceNext: 0
2021-01-16 05:30:19.236 T:4090851344 DEBUG: CAMLCodec::ReleaseFrame idx:628, drop:0
2021-01-16 05:30:19.237 T:3608322944 DEBUG: CAMLCodec::GetTimeSize: len:24 dl:470246 fs:474124 front:3878
2021-01-16 05:30:19.237 T:3608322944 DEBUG: CAMLCodec::GetTimeSize: len:23 dl:470246 fs:470246 front:3752
2021-01-16 05:30:19.243 T:3608322944 DEBUG: CAMLCodec::AddData: dl:480339 sum:480339 sz:10093 dts:333.083 pts:333.083 overflow:0
2021-01-16 05:30:19.243 T:3608322944 DEBUG: CAMLCodec::GetTimeSize: len:24 dl:480339 fs:480339 front:3752
2021-01-16 05:30:19.267 T:4090851344 DEBUG: Previous line repeats 3 times.
2021-01-16 05:30:19.267 T:4090851344 DEBUG: CAMLCodec::PollFrame elapsed:29.930ms
