2020-05-10 08:22:08.580 T:3886019456 DEBUG: CDVDInputStreamBluray - BD_EVENT_PG_TEXTST_STREAM 1, -1
2020-05-10 08:22:08.580 T:3886019456 DEBUG: CDVDInputStreamBluray - BD_EVENT_PLAYLIST 0
2020-05-10 08:22:08.581 T:3886019456 DEBUG: CDVDInputStreamBluray - BD_EVENT_ANGLE 1
2020-05-10 08:22:08.582 T:3886019456 DEBUG: CDVDInputStreamBluray - BD_EVENT_PLAYITEM 0
2020-05-10 08:22:08.582 T:3886019456 DEBUG: CDVDInputStreamBluray - BD_EVENT_CHAPTER 1
2020-05-10 08:22:08.582 T:3886019456 DEBUG: CDVDInputStreamBluray - BD_EVENT_MENU 0
2020-05-10 08:22:08.582 T:3886019456 WARNING: CDVDInputStreamBluray - unhandled libbluray event 29 [param 1]
2020-05-10 08:22:08.582 T:3886019456 DEBUG: CDVDInputStreamBluray - BD_EVENT_SEEK
2020-05-10 08:22:09.098 T:3886019456 DEBUG: Open - probing detected format [mpegts]
2020-05-10 08:22:09.098 T:3886019456 DEBUG: Open - avformat_find_stream_info starting
2020-05-10 08:22:09.201 T:3886019456 DEBUG: Open - av_find_stream_info finished
2020-05-10 08:22:09.201 T:3886019456 INFO: ffmpeg[E79FF380]: Input #0, mpegts, from '/var/media/SAFETY NOT GUARANTEE/BDMV/index.bdmv':
2020-05-10 08:22:09.201 T:3886019456 INFO: ffmpeg[E79FF380]: Duration: N/A, start: 4199.000000, bitrate: N/A
2020-05-10 08:22:09.201 T:3886019456 INFO: ffmpeg[E79FF380]: Program 1
2020-05-10 08:22:09.202 T:3886019456 INFO: ffmpeg[E79FF380]: Stream #0:0[0x1011]: Video: h264 (High) (HDMV / 0x564D4448), yuv420p(tv, bt709, progressive), 1920x1080 [SAR 1:1 DAR 16:9], 23.98 fps, 23.98 tbr, 90k tbn, 47.95 tbc
2020-05-10 08:22:09.202 T:3886019456 INFO: ffmpeg[E79FF380]: Stream #0:1[0x1100]: Audio: dts (DTS-HD MA) ([134][0][0][0] / 0x0086), 48000 Hz, 5.1(side), s16p
2020-05-10 08:22:09.202 T:3886019456 INFO: ffmpeg[E79FF380]: Stream #0:2[0x1101]: Audio: pcm_bluray (HDMV / 0x564D4448), 48000 Hz, stereo, s16, 1536 kb/s
2020-05-10 08:22:09.202 T:3886019456 DEBUG: DVDDemuxFFmpeg::AddStream - fps:24000/1001 tbr:24000/1001 tbn:48000/1001
2020-05-10 08:22:09.203 T:3886019456 DEBUG: DVDDemuxFFmpeg::AddStream - fps:24000/1001p
2020-05-10 08:22:09.203 T:3886019456 DEBUG: CDVDDemuxFFmpeg::AddStream ID: 0
2020-05-10 08:22:09.203 T:3886019456 DEBUG: CDVDDemuxFFmpeg::AddStream ID: 1
2020-05-10 08:22:09.203 T:3886019456 DEBUG: CDVDDemuxFFmpeg::AddStream ID: 2
2020-05-10 08:22:09.203 T:3886019456 NOTICE: Opening stream: 0 source: 256
2020-05-10 08:22:09.203 T:3886019456 NOTICE: CVideoPlayerVideo::OpenStream - Creating codec: 27
2020-05-10 08:22:09.203 T:3886019456 DEBUG: DVDVideoCodecAmlogic::Open - codec 27 profile:100 extra_size:65 fps:24000/1001
2020-05-10 08:22:09.203 T:3886019456 INFO: DVDVideoCodecAmlogic: Opened Amlogic Codec
2020-05-10 08:22:09.203 T:3886019456 DEBUG: CVideoPlayerVideo::OpenStream - open stream with codec id: 27 fps:24000/1001 options:02
2020-05-10 08:22:09.203 T:3886019456 NOTICE: Creating video thread
2020-05-10 08:22:09.203 T:3886019456 DEBUG: ReadEditDecisionLists - Checking for edit decision lists (EDL) on local drive or remote share for: /var/media/SAFETY NOT GUARANTEE/BDMV/index.bdmv
2020-05-10 08:22:09.204 T:3886019456 DEBUG: CVideoPlayer::ProcessVideoData size:2441 dts:4198.958 pts:4199.000 dur:0.000ms, clock:4198.500 level:0
2020-05-10 08:22:09.204 T:3886019456 DEBUG: CDVDClock::SetSpeedAdjust - adjusted:0.000000
2020-05-10 08:22:09.204 T:3886019456 NOTICE: Opening stream: 1 source: 256
2020-05-10 08:22:09.204 T:3886019456 NOTICE: Finding audio codec for: 86020
2020-05-10 08:22:09.204 T:3886019456 NOTICE: CDVDAudioCodecFFmpeg::Open() Successful opened audio decoder dca
2020-05-10 08:22:09.204 T:3886019456 NOTICE: Creating audio thread
2020-05-10 08:22:09.204 T:3677119360 DEBUG: OnAVChange: CApplication::OnAVChange
2020-05-10 08:22:09.205 T:3886019456 DEBUG: CVideoPlayer::ProcessVideoData size:318 dts:4199.000 pts:4199.125 dur:41.700ms, clock:4198.500 level:0
2020-05-10 08:22:09.205 T:3886019456 DEBUG: CVideoPlayer::ProcessVideoData size:314 dts:4199.042 pts:4199.042 dur:41.700ms, clock:4198.500 level:1
2020-05-10 08:22:09.205 T:3886019456 DEBUG: CVideoPlayer::ProcessVideoData size:313 dts:4199.083 pts:4199.083 dur:41.700ms, clock:4198.500 level:2
2020-05-10 08:22:09.205 T:3886019456 DEBUG: CVideoPlayer::ProcessVideoData size:319 dts:4199.125 pts:4199.250 dur:41.700ms, clock:4198.500 level:2
2020-05-10 08:22:09.205 T:3389227904 DEBUG: Thread VideoPlayerAudio start, auto delete: false
2020-05-10 08:22:09.205 T:3886019456 DEBUG: CVideoPlayer::ProcessVideoData size:313 dts:4199.167 pts:4199.167 dur:41.700ms, clock:4198.500 level:3
2020-05-10 08:22:09.206 T:3401663360 DEBUG: Thread VideoPlayerVideo start, auto delete: false
2020-05-10 08:22:09.206 T:3389227904 NOTICE: running thread: CVideoPlayerAudio::Process()
2020-05-10 08:22:09.206 T:3886019456 DEBUG: CVideoPlayer::ProcessVideoData size:314 dts:4199.209 pts:4199.209 dur:41.700ms, clock:4198.500 level:3
2020-05-10 08:22:09.206 T:3401663360 NOTICE: running thread: video_thread
2020-05-10 08:22:09.206 T:3389227904 DEBUG: CVideoPlayerAudio - CDVDMsg::GENERAL_PAUSE: 0
2020-05-10 08:22:09.206 T:3401663360 DEBUG: CVideoPlayerVideo - CDVDMsg::GENERAL_PAUSE: 0
2020-05-10 08:22:09.206 T:3886019456 DEBUG: CVideoPlayer::ProcessVideoData size:319 dts:4199.250 pts:4199.375 dur:41.700ms, clock:4198.500 level:4
2020-05-10 08:22:09.206 T:3389227904 DEBUG: CDVDAudio::Pause - pausing audio stream
2020-05-10 08:22:09.206 T:3886019456 DEBUG: CVideoPlayer::HandleMessages - player 1 reported state: 0
2020-05-10 08:22:09.207 T:3886019456 DEBUG: CVideoPlayer::ProcessVideoData size:314 dts:4199.292 pts:4199.292 dur:41.700ms, clock:4198.500 level:4
2020-05-10 08:22:09.207 T:3389227904 NOTICE: Creating audio stream (codec id: 86020, channels: 6, sample rate: 48000, no pass-through)
2020-05-10 08:22:09.207 T:4060491200 NOTICE: Whitelist search for: width: 1920, height: 1080, fps: 23.976, 3D: false
2020-05-10 08:22:09.207 T:3401663360 DEBUG: CAMLCodec::SetSpeed, speed(0)
2020-05-10 08:22:09.207 T:3389227904 DEBUG: CVideoPlayerAudio:: synctype set to 0: clock feedback
2020-05-10 08:22:09.207 T:3886019456 DEBUG: CVideoPlayer::HandleMessages - player 2 reported state: 0
2020-05-10 08:22:09.207 T:4060491200 DEBUG: Trying to find exact refresh rate
2020-05-10 08:22:09.207 T:3401663360 INFO: CVideoPlayerVideo - Stillframe left, switching to normal playback
2020-05-10 08:22:09.208 T:3886019456 DEBUG: CVideoPlayer::ProcessVideoData size:313 dts:4199.334 pts:4199.334 dur:41.700ms, clock:4198.500 level:4
2020-05-10 08:22:09.208 T:3401663360 INFO: DVDVideoCodecAmlogic::AddData Open decoder: fps:24000/1001
2020-05-10 08:22:09.209 T:3886019456 DEBUG: CVideoPlayer::ProcessVideoData size:319 dts:4199.375 pts:4199.501 dur:41.700ms, clock:4198.500 level:5
2020-05-10 08:22:09.209 T:3401663360 DEBUG: codecid_to_vformat, id(27) -> vformat(2)
2020-05-10 08:22:09.209 T:3401663360 DEBUG: codec_tag_to_vdec_type, codec_tag(1447904328) -> vdec_type(0)
2020-05-10 08:22:09.209 T:3401663360 DEBUG: codec_tag_to_vdec_type, codec_tag(27) -> vdec_type(4)
2020-05-10 08:22:09.209 T:3886019456 DEBUG: CVideoPlayer::ProcessVideoData size:313 dts:4199.417 pts:4199.417 dur:41.700ms, clock:4198.500 level:5
2020-05-10 08:22:09.209 T:3401663360 DEBUG: CAMLCodec::OpenDecoder hints.width(1920), hints.height(1080), hints.codec(27), hints.codec_tag(1447904328)
2020-05-10 08:22:09.209 T:3401663360 DEBUG: CAMLCodec::OpenDecoder hints.fpsrate(24000), hints.fpsscale(1001), video_rate(4004)
2020-05-10 08:22:09.209 T:3401663360 DEBUG: CAMLCodec::OpenDecoder hints.aspect(1.777778), video_ratio.num(1), video_ratio.den(1)
2020-05-10 08:22:09.209 T:3401663360 DEBUG: CAMLCodec::OpenDecoder hints.orientation(0), hints.forced_aspect(0), hints.extrasize(65)
2020-05-10 08:22:09.209 T:4060491200 DEBUG: Matched exact whitelisted Resolution 1920x1080 @ 23.98 - Full Screen (34)
2020-05-10 08:22:09.209 T:3886019456 DEBUG: CVideoPlayer::ProcessVideoData size:314 dts:4199.459 pts:4199.459 dur:41.700ms, clock:4198.500 level:6
2020-05-10 08:22:09.210 T:4060491200 NOTICE: Display resolution ADJUST : 1920x1080 @ 23.98 - Full Screen (34) (weight: 0.003)
2020-05-10 08:22:09.210 T:3427763072 DEBUG: OnAVChange: CApplication::OnAVChange
2020-05-10 08:22:09.210 T:3886019456 DEBUG: CVideoPlayer::ProcessVideoData size:319 dts:4199.501 pts:4199.626 dur:41.700ms, clock:4198.500 level:6
2020-05-10 08:22:09.210 T:3886019456 DEBUG: CVideoPlayer::ProcessVideoData size:314 dts:4199.542 pts:4199.542 dur:41.700ms, clock:4198.500 level:7
2020-05-10 08:22:09.210 T:3886019456 DEBUG: CVideoPlayer::ProcessVideoData size:313 dts:4199.584 pts:4199.584 dur:41.700ms, clock:4198.500 level:7
2020-05-10 08:22:09.210 T:3886019456 DEBUG: CVideoPlayer::ProcessVideoData size:319 dts:4199.626 pts:4199.751 dur:41.700ms, clock:4198.500 level:8
2020-05-10 08:22:09.210 T:3886019456 DEBUG: CVideoPlayer::ProcessVideoData size:313 dts:4199.667 pts:4199.667 dur:41.700ms, clock:4198.500 level:8
2020-05-10 08:22:09.210 T:3886019456 DEBUG: CVideoPlayer::ProcessVideoData size:314 dts:4199.709 pts:4199.709 dur:41.700ms, clock:4198.500 level:9
2020-05-10 08:22:09.211 T:3886019456 DEBUG: CVideoPlayer::ProcessVideoData size:319 dts:4199.751 pts:4199.876 dur:41.700ms, clock:4198.500 level:9
2020-05-10 08:22:09.211 T:3886019456 DEBUG: CVideoPlayer::ProcessVideoData size:314 dts:4199.792 pts:4199.792 dur:41.700ms, clock:4198.500 level:10
2020-05-10 08:22:09.211 T:4029453184 INFO: CActiveAESink::OpenSink - initialize sink
2020-05-10 08:22:09.212 T:3886019456 DEBUG: CVideoPlayer::ProcessVideoData size:313 dts:4199.834 pts:4199.834 dur:41.700ms, clock:4198.500 level:10
2020-05-10 08:22:09.213 T:3886019456 DEBUG: CVideoPlayer::ProcessVideoData size:319 dts:4199.876 pts:4199.959 dur:41.700ms, clock:4198.500 level:11
2020-05-10 08:22:09.215 T:3886019456 DEBUG: CVideoPlayer::ProcessVideoData size:313 dts:4199.918 pts:4199.918 dur:41.700ms, clock:4198.500 level:11
2020-05-10 08:22:09.219 T:3886019456 DEBUG: CVideoPlayer::ProcessVideoData size:2449 dts:4199.959 pts:4200.001 dur:41.700ms, clock:4198.500 level:12
2020-05-10 08:22:09.222 T:3886019456 DEBUG: CVideoPlayer::ProcessVideoData size:319 dts:4200.001 pts:4200.126 dur:41.700ms, clock:4198.500 level:10
2020-05-10 08:22:09.222 T:3886019456 DEBUG: CVideoPlayer::ProcessVideoData size:315 dts:4200.043 pts:4200.043 dur:41.700ms, clock:4198.500 level:11
2020-05-10 08:22:09.228 T:3886019456 DEBUG: CVideoPlayer::ProcessVideoData size:314 dts:4200.084 pts:4200.084 dur:41.700ms, clock:4198.500 level:11
2020-05-10 08:22:09.229 T:3886019456 DEBUG: CVideoPlayer::ProcessVideoData size:320 dts:4200.126 pts:4200.251 dur:41.700ms, clock:4198.500 level:11
2020-05-10 08:22:09.230 T:3886019456 DEBUG: CVideoPlayer::ProcessVideoData size:314 dts:4200.168 pts:4200.168 dur:41.700ms, clock:4198.500 level:11
2020-05-10 08:22:09.230 T:3886019456 DEBUG: CVideoPlayer::ProcessVideoData size:315 dts:4200.210 pts:4200.210 dur:41.700ms, clock:4198.500 level:12
2020-05-10 08:22:09.231 T:3886019456 DEBUG: CVideoPlayer::ProcessVideoData size:320 dts:4200.251 pts:4200.376 dur:41.700ms, clock:4198.500 level:12
2020-05-10 08:22:09.232 T:3886019456 DEBUG: CVideoPlayer::ProcessVideoData size:315 dts:4200.293 pts:4200.293 dur:41.700ms, clock:4198.500 level:13
2020-05-10 08:22:09.235 T:3401663360 DEBUG: CVideoPlayerVideo::OutputPicture - ttd:499ms pts:4199.000 Clock:4198.500 Level:0
2020-05-10 08:22:09.248 T:3886019456 DEBUG: CVideoPlayer::ProcessVideoData size:314 dts:4200.335 pts:4200.335 dur:41.700ms, clock:4198.500 level:13
2020-05-10 08:22:09.250 T:3886019456 DEBUG: CVideoPlayer::ProcessVideoData size:40434 dts:4200.376 pts:4200.502 dur:41.700ms, clock:4198.500 level:14
2020-05-10 08:22:09.251 T:3886019456 DEBUG: CVideoPlayer::ProcessVideoData size:355 dts:4200.418 pts:4200.418 dur:41.700ms, clock:4198.500 level:14
2020-05-10 08:22:09.256 T:4060491200 DEBUG: CAMLVideoBufferPool::~CAMLVideoBufferPool: Deleting 7 buffers
2020-05-10 08:22:09.259 T:4060491200 DEBUG: CAMLCodec::SetVideoRect:display(0,0,1920,1080)
2020-05-10 08:22:09.259 T:4060491200 DEBUG: CAMLCodec::SetVideoRect:gui(0,0,1920,1080)
2020-05-10 08:22:09.259 T:4060491200 DEBUG: CAMLCodec::SetVideoRect:m_dst_rect(0,0,1920,1080)
2020-05-10 08:22:09.260 T:4060491200 DEBUG: CAMLCodec::SetVideoRect:dst_rect(0,0,1920,1080)
2020-05-10 08:22:09.260 T:4060491200 DEBUG: CAMLCodec::SetVideoRect:m_guiStereoMode(0)
2020-05-10 08:22:09.260 T:4060491200 DEBUG: CAMLCodec::SetVideoRect:m_guiStereoView(0)
2020-05-10 08:22:09.273 T:3886019456 DEBUG: CVideoPlayer::HandleMessages - player started 2
2020-05-10 08:22:09.275 T:3886019456 DEBUG: CVideoPlayer::ProcessVideoData size:3342 dts:4200.460 pts:4200.460 dur:41.700ms, clock:4198.500 level:15
2020-05-10 08:22:09.302 T:3886019456 DEBUG: CVideoPlayer::ProcessVideoData size:83281 dts:4200.502 pts:4200.543 dur:41.700ms, clock:4198.500 level:15
2020-05-10 08:22:09.323 T:3886019456 DEBUG: CVideoPlayer::ProcessVideoData size:127589 dts:4200.543 pts:4200.627 dur:41.700ms, clock:4198.500 level:16
2020-05-10 08:22:09.349 T:3886019456 DEBUG: CVideoPlayer::ProcessVideoData size:31674 dts:4200.585 pts:4200.585 dur:41.700ms, clock:4198.500 level:16
2020-05-10 08:22:09.373 T:3886019456 DEBUG: CVideoPlayer::ProcessVideoData size:206422 dts:4200.627 pts:4200.710 dur:41.700ms, clock:4198.500 level:17
2020-05-10 08:22:09.397 T:3886019456 DEBUG: CVideoPlayer::ProcessVideoData size:15769 dts:4200.668 pts:4200.668 dur:41.700ms, clock:4198.500 level:17
2020-05-10 08:22:09.399 T:3886019456 DEBUG: CVideoPlayer::ProcessVideoData size:177035 dts:4200.710 pts:4200.793 dur:41.700ms, clock:4198.500 level:18
2020-05-10 08:22:09.411 T:4029453184 DEBUG: CActiveAESink::OpenSink - trying to open device ALSA:surround71:CARD=AMLAUGESOUND,DEV=0
2020-05-10 08:22:09.411 T:4029453184 INFO: CAESinkALSA::Initialize - Attempting to open device "surround71:CARD=AMLAUGESOUND,DEV=0"
2020-05-10 08:22:09.417 T:4029453184 INFO: CAESinkALSA::Initialize - Opened device "surround71:CARD=AMLAUGESOUND,DEV=0"
2020-05-10 08:22:09.418 T:4029453184 INFO: CAESinkALSA::InitializeHW - Your hardware does not support AE_FMT_FLOAT, trying other formats
2020-05-10 08:22:09.418 T:4029453184 INFO: CAESinkALSA::InitializeHW - Using data format AE_FMT_S24NE4
2020-05-10 08:22:09.418 T:4029453184 DEBUG: CAESinkALSA::InitializeHW - Request: periodSize 2400, bufferSize 9600
2020-05-10 08:22:09.444 T:3886019456 DEBUG: CVideoPlayer::ProcessVideoData size:16459 dts:4200.752 pts:4200.752 dur:41.700ms, clock:4198.500 level:18
2020-05-10 08:22:09.445 T:4029453184 DEBUG: CAESinkALSA::InitializeHW - Got: periodSize 2400, bufferSize 9600
2020-05-10 08:22:09.445 T:4029453184 DEBUG: CAESinkALSA::InitializeHW - Setting timeout to 200 ms
2020-05-10 08:22:09.445 T:4029453184 DEBUG: CAESinkALSA::GetChannelLayout - Input Channel Count: 2 Output Channel Count: 2
2020-05-10 08:22:09.445 T:4029453184 DEBUG: CAESinkALSA::GetChannelLayout - Requested Layout: FL, FR
2020-05-10 08:22:09.445 T:4029453184 DEBUG: CAESinkALSA::GetChannelLayout - Got Layout: FL, FR (ALSA: FL FR)
2020-05-10 08:22:09.445 T:4029453184 DEBUG: CActiveAESink::OpenSink - ALSA Initialized:
2020-05-10 08:22:09.445 T:4029453184 DEBUG: Output Device : AML-AUGESOUND
2020-05-10 08:22:09.445 T:4029453184 DEBUG: Sample Rate : 48000
2020-05-10 08:22:09.445 T:4029453184 DEBUG: Sample Format : AE_FMT_S24NE4
2020-05-10 08:22:09.445 T:4029453184 DEBUG: Channel Count : 2
2020-05-10 08:22:09.445 T:4029453184 DEBUG: Channel Layout: FL, FR
2020-05-10 08:22:09.445 T:4029453184 DEBUG: Frames : 2400
2020-05-10 08:22:09.445 T:4029453184 DEBUG: Frame Size : 8
2020-05-10 08:22:09.448 T:4037845888 DEBUG: CActiveAE::ClearDiscardedBuffers - buffer pool deleted
2020-05-10 08:22:09.450 T:3886019456 DEBUG: Previous line repeats 1 times.
2020-05-10 08:22:09.450 T:3886019456 DEBUG: CVideoPlayer::ProcessVideoData size:173016 dts:4200.793 pts:4200.877 dur:41.700ms, clock:4198.500 level:19
2020-05-10 08:22:09.467 T:3886019456 DEBUG: CVideoPlayer::HandleMessages - player started 1
2020-05-10 08:22:09.467 T:3896263552 DEBUG: OnAVChange: CApplication::OnAVChange
2020-05-10 08:22:09.468 T:3886019456 DEBUG: VideoPlayer::Sync - Audio - pts: 4199.299, cache: 0.488, totalcache: 0.800, packets:114 level:12
2020-05-10 08:22:09.468 T:3886019456 DEBUG: VideoPlayer::Sync - Video - pts: 4199.000, cache: 0.050, totalcache: 0.100, packets:45 level:19
2020-05-10 08:22:09.468 T:3401663360 DEBUG: CVideoPlayerVideo - CDVDMsg::GENERAL_RESYNC(4198810514.157963)
2020-05-10 08:22:09.468 T:3401663360 DEBUG: CVideoPlayerVideo::OutputPicture - ttd:231ms pts:4199.042 Clock:4198.811 Level:0
2020-05-10 08:22:09.468 T:3389227904 DEBUG: CDVDAudio::Resume - resume audio stream
2020-05-10 08:22:09.469 T:3401663360 DEBUG: CVideoPlayerVideo::OutputPicture - ttd:272ms pts:4199.083 Clock:4198.811 Level:1
2020-05-10 08:22:09.469 T:3886019456 DEBUG: CDVDClock::SetSpeedAdjust - adjusted:0.000000
2020-05-10 08:22:09.470 T:4037845888 DEBUG: ActiveAE - start sync of audio stream
2020-05-10 08:22:09.470 T:3401663360 DEBUG: CVideoPlayerVideo::OutputPicture - ttd:312ms pts:4199.125 Clock:4198.812 Level:2
2020-05-10 08:22:09.472 T:3401663360 DEBUG: CVideoPlayerVideo::OutputPicture - ttd:352ms pts:4199.167 Clock:4198.814 Level:3
2020-05-10 08:22:09.473 T:3401663360 DEBUG: CVideoPlayerVideo::OutputPicture - ttd:392ms pts:4199.209 Clock:4198.816 Level:4
2020-05-10 08:22:09.475 T:3401663360 DEBUG: CVideoPlayerVideo::OutputPicture - ttd:433ms pts:4199.250 Clock:4198.817 Level:5
2020-05-10 08:22:09.494 T:3886019456 DEBUG: CVideoPlayer::ProcessVideoData size:31513 dts:4200.835 pts:4200.835 dur:41.700ms, clock:4198.836 level:15
2020-05-10 08:22:09.512 T:3886019456 DEBUG: CVideoPlayer::ProcessVideoData size:182188 dts:4200.877 pts:4200.960 dur:41.700ms, clock:4198.854 level:14
2020-05-10 08:22:09.536 T:3886019456 DEBUG: CVideoPlayer::ProcessVideoData size:54700 dts:4200.919 pts:4200.919 dur:41.700ms, clock:4198.878 level:12
2020-05-10 08:22:09.558 T:3886019456 DEBUG: CVideoPlayer::ProcessVideoData size:133030 dts:4200.960 pts:4201.002 dur:41.700ms, clock:4198.900 level:10
2020-05-10 08:22:09.597 T:4037845888 DEBUG: ActiveAE::SyncStream - average error of -8.810657, start adjusting
2020-05-10 08:22:09.597 T:4037845888 DEBUG: ActiveAE::SyncStream - average error -0.018991 below threshold of 30.000000
2020-05-10 08:22:09.602 T:3886019456 DEBUG: CVideoPlayer::ProcessVideoData size:145679 dts:4201.002 pts:4201.044 dur:41.700ms, clock:4198.944 level:8
2020-05-10 08:22:09.643 T:3886019456 DEBUG: CVideoPlayer::ProcessVideoData size:201500 dts:4201.044 pts:4201.085 dur:41.700ms, clock:4198.985 level:9
2020-05-10 08:22:09.684 T:3886019456 DEBUG: CVideoPlayer::ProcessVideoData size:198703 dts:4201.085 pts:4201.127 dur:41.700ms, clock:4199.026 level:9
2020-05-10 08:22:09.724 T:3401663360 DEBUG: CVideoPlayerVideo::OutputPicture - ttd:225ms pts:4199.292 Clock:4199.066 Level:2
2020-05-10 08:22:09.725 T:3886019456 DEBUG: CVideoPlayer::ProcessVideoData size:237242 dts:4201.127 pts:4201.169 dur:41.700ms, clock:4199.067 level:10
2020-05-10 08:22:09.764 T:3401663360 DEBUG: CVideoPlayerVideo::OutputPicture - ttd:227ms pts:4199.334 Clock:4199.106 Level:2
2020-05-10 08:22:09.765 T:3401663360 DEBUG: CVideoPlayerVideo::OutputPicture - ttd:268ms pts:4199.375 Clock:4199.107 Level:3
2020-05-10 08:22:09.766 T:3886019456 DEBUG: CVideoPlayer::ProcessVideoData size:221619 dts:4201.169 pts:4201.211 dur:41.700ms, clock:4199.108 level:10
2020-05-10 08:22:09.804 T:3886019456 DEBUG: CVideoPlayer::ProcessVideoData size:229590 dts:4201.211 pts:4201.252 dur:41.700ms, clock:4199.147 level:9
2020-05-10 08:22:09.844 T:3886019456 DEBUG: CVideoPlayer::ProcessVideoData size:226972 dts:4201.252 pts:4201.294 dur:41.700ms, clock:4199.186 level:10
2020-05-10 08:22:09.848 T:3401663360 DEBUG: CVideoPlayerVideo::OutputPicture - ttd:226ms pts:4199.417 Clock:4199.190 Level:2
2020-05-10 08:22:09.886 T:3401663360 DEBUG: CVideoPlayerVideo::OutputPicture - ttd:230ms pts:4199.459 Clock:4199.228 Level:2
2020-05-10 08:22:09.886 T:3886019456 DEBUG: CVideoPlayer::ProcessVideoData size:233362 dts:4201.294 pts:4201.336 dur:41.700ms, clock:4199.228 level:10
2020-05-10 08:22:09.888 T:3401663360 DEBUG: CVideoPlayerVideo::OutputPicture - ttd:270ms pts:4199.501 Clock:4199.230 Level:3
2020-05-10 08:22:09.919 T:3886019456 DEBUG: CVideoPlayer::ProcessVideoData size:252063 dts:4201.336 pts:4201.377 dur:41.700ms, clock:4199.262 level:9
2020-05-10 08:22:09.956 T:3886019456 DEBUG: CVideoPlayer::ProcessVideoData size:213583 dts:4201.377 pts:4201.419 dur:41.700ms, clock:4199.299 level:10
2020-05-10 08:22:09.971 T:3401663360 DEBUG: CVideoPlayerVideo::OutputPicture - ttd:228ms pts:4199.542 Clock:4199.313 Level:2
2020-05-10 08:22:09.994 T:3886019456 DEBUG: CVideoPlayer::ProcessVideoData size:296859 dts:4201.419 pts:4201.461 dur:41.700ms, clock:4199.336 level:10
2020-05-10 08:22:10.015 T:3401663360 DEBUG: CVideoPlayerVideo::OutputPicture - ttd:226ms pts:4199.584 Clock:4199.358 Level:2
2020-05-10 08:22:10.017 T:3401663360 DEBUG: CVideoPlayerVideo::OutputPicture - ttd:266ms pts:4199.626 Clock:4199.359 Level:3
2020-05-10 08:22:10.029 T:3886019456 DEBUG: CVideoPlayer::ProcessVideoData size:196236 dts:4201.461 pts:4201.502 dur:41.700ms, clock:4199.371 level:10
2020-05-10 08:22:10.066 T:3886019456 DEBUG: CVideoPlayer::ProcessVideoData size:247065 dts:4201.502 pts:4201.544 dur:41.700ms, clock:4199.408 level:10
2020-05-10 08:22:10.098 T:3401663360 DEBUG: CVideoPlayerVideo::OutputPicture - ttd:227ms pts:4199.667 Clock:4199.440 Level:2
2020-05-10 08:22:10.106 T:3886019456 DEBUG: CVideoPlayer::ProcessVideoData size:206902 dts:4201.544 pts:4201.586 dur:41.700ms, clock:4199.448 level:10
2020-05-10 08:22:10.137 T:3886019456 DEBUG: CVideoPlayer::ProcessVideoData size:208150 dts:4201.586 pts:4201.628 dur:41.700ms, clock:4199.480 level:10
2020-05-10 08:22:10.139 T:3401663360 DEBUG: CVideoPlayerVideo::OutputPicture - ttd:227ms pts:4199.709 Clock:4199.481 Level:2
2020-05-10 08:22:10.140 T:3401663360 DEBUG: CVideoPlayerVideo::OutputPicture - ttd:268ms pts:4199.751 Clock:4199.483 Level:3
2020-05-10 08:22:10.164 T:4050645888 DEBUG: CLibInputKeyboard::ProcessKey - using delay: 500ms repeat: 33ms
2020-05-10 08:22:10.165 T:3376104320 DEBUG: Thread Timer start, auto delete: false
2020-05-10 08:22:10.172 T:4060491200 DEBUG: Keyboard: scancode: 0x60, sym: 0x010f, unicode: 0x000d, modifier: 0x0
2020-05-10 08:22:10.175 T:3886019456 DEBUG: CVideoPlayer::ProcessVideoData size:194461 dts:4201.628 pts:4201.669 dur:41.700ms, clock:4199.517 level:10
2020-05-10 08:22:10.205 T:3376104320 DEBUG: Thread Timer 3376104320 terminating
2020-05-10 08:22:10.207 T:3886019456 DEBUG: CVideoPlayer::ProcessVideoData size:184853 dts:4201.669 pts:4201.711 dur:41.700ms, clock:4199.550 level:10
2020-05-10 08:22:10.214 T:4060491200 DEBUG: Keyboard: scancode: 0x60, sym: 0x010f, unicode: 0x000d, modifier: 0x0
2020-05-10 08:22:10.214 T:4060491200 DEBUG: HandleKey: enter (0xf065) pressed, action is OSD
2020-05-10 08:22:10.214 T:4060491200 DEBUG: ------ Window Init (VideoOSD.xml) ------
2020-05-10 08:22:10.217 T:4060491200 DEBUG: ------ Window Init (DialogSeekBar.xml) ------
2020-05-10 08:22:10.222 T:3401663360 DEBUG: CVideoPlayerVideo::OutputPicture - ttd:228ms pts:4199.792 Clock:4199.564 Level:2
2020-05-10 08:22:10.227 T:3886019456 DEBUG: CVideoPlayer::ProcessVideoData size:162857 dts:4201.711 pts:4201.753 dur:41.700ms, clock:4199.569 level:11
2020-05-10 08:22:10.257 T:4060491200 DEBUG: ------ Window Init (Custom_1109_TopBarOverlay.xml) ------
2020-05-10 08:22:10.262 T:3886019456 DEBUG: CVideoPlayer::ProcessVideoData size:165457 dts:4201.753 pts:4201.794 dur:41.700ms, clock:4199.604 level:11
2020-05-10 08:22:10.267 T:3401663360 DEBUG: CVideoPlayerVideo::OutputPicture - ttd:225ms pts:4199.834 Clock:4199.609 Level:2
2020-05-10 08:22:10.268 T:3401663360 DEBUG: CVideoPlayerVideo::OutputPicture - ttd:265ms pts:4199.876 Clock:4199.610 Level:3
2020-05-10 08:22:10.281 T:3886019456 DEBUG: CVideoPlayer::ProcessVideoData size:187290 dts:4201.794 pts:4201.836 dur:41.700ms, clock:4199.623 level:11
2020-05-10 08:22:10.306 T:3886019456 DEBUG: CVideoPlayer::ProcessVideoData size:178972 dts:4201.836 pts:4201.920 dur:41.700ms, clock:4199.649 level:11
2020-05-10 08:22:10.335 T:3886019456 DEBUG: CVideoPlayer::ProcessVideoData size:132088 dts:4201.878 pts:4201.878 dur:41.700ms, clock:4199.677 level:11
2020-05-10 08:22:10.348 T:3401663360 DEBUG: CVideoPlayerVideo::OutputPicture - ttd:227ms pts:4199.918 Clock:4199.690 Level:2
2020-05-10 08:22:10.349 T:3401663360 DEBUG: CVideoPlayerVideo::OutputPicture - ttd:267ms pts:4199.959 Clock:4199.691 Level:3
2020-05-10 08:22:10.354 T:3886019456 DEBUG: CVideoPlayer::ProcessVideoData size:194656 dts:4201.920 pts:4201.961 dur:41.700ms, clock:4199.696 level:12
2020-05-10 08:22:10.372 T:3886019456 DEBUG: CVideoPlayer::ProcessVideoData size:108091 dts:4201.961 pts:4202.003 dur:41.700ms, clock:4199.714 level:11
2020-05-10 08:22:10.389 T:3886019456 DEBUG: CVideoPlayer::ProcessVideoData size:130632 dts:4202.003 pts:4202.128 dur:41.700ms, clock:4199.731 level:12
2020-05-10 08:22:10.408 T:3886019456 DEBUG: CVideoPlayer::ProcessVideoData size:98235 dts:4202.045 pts:4202.045 dur:41.700ms, clock:4199.750 level:12
2020-05-10 08:22:10.444 T:3886019456 DEBUG: CVideoPlayer::ProcessVideoData size:123263 dts:4202.086 pts:4202.086 dur:41.700ms, clock:4199.786 level:12
2020-05-10 08:22:10.473 T:3401663360 DEBUG: CVideoPlayerVideo::OutputPicture - ttd:185ms pts:4200.001 Clock:4199.815 Level:1
2020-05-10 08:22:10.474 T:3401663360 DEBUG: CVideoPlayerVideo::OutputPicture - ttd:226ms pts:4200.043 Clock:4199.816 Level:2
2020-05-10 08:22:10.475 T:3401663360 DEBUG: CVideoPlayerVideo::OutputPicture - ttd:266ms pts:4200.084 Clock:4199.818 Level:3
2020-05-10 08:22:10.477 T:3401663360 DEBUG: CVideoPlayerVideo::OutputPicture - ttd:307ms pts:4200.126 Clock:4199.819 Level:4
2020-05-10 08:22:10.481 T:3886019456 DEBUG: CVideoPlayer::ProcessVideoData size:324182 dts:4202.128 pts:4202.253 dur:41.700ms, clock:4199.824 level:12
2020-05-10 08:22:10.516 T:3886019456 DEBUG: CVideoPlayer::ProcessVideoData size:135986 dts:4202.170 pts:4202.170 dur:41.700ms, clock:4199.859 level:12
2020-05-10 08:22:10.557 T:3886019456 DEBUG: CVideoPlayer::ProcessVideoData size:175061 dts:4202.212 pts:4202.212 dur:41.700ms, clock:4199.899 level:12
2020-05-10 08:22:10.559 T:3401663360 DEBUG: CVideoPlayerVideo::OutputPicture - ttd:266ms pts:4200.168 Clock:4199.901 Level:3
2020-05-10 08:22:10.599 T:3389227904 DEBUG: CDVDClock::ErrorAdjust - CVideoPlayerAudio::OutputPacket - error:-29943.016313, adjusted:-29943.016313
2020-05-10 08:22:10.600 T:3401663360 DEBUG: CVideoPlayerVideo::OutputPicture - ttd:297ms pts:4200.210 Clock:4199.912 Level:3
2020-05-10 08:22:10.601 T:3401663360 DEBUG: CVideoPlayerVideo::OutputPicture - ttd:337ms pts:4200.251 Clock:4199.913 Level:4
2020-05-10 08:22:10.608 T:3886019456 DEBUG: CVideoPlayer::ProcessVideoData size:316693 dts:4202.253 pts:4202.295 dur:41.700ms, clock:4199.921 level:12
2020-05-10 08:22:10.644 T:3886019456 DEBUG: CVideoPlayer::ProcessVideoData size:232687 dts:4202.295 pts:4202.337 dur:41.700ms, clock:4199.956 level:12
2020-05-10 08:22:10.682 T:3886019456 DEBUG: CVideoPlayer::ProcessVideoData size:292850 dts:4202.337 pts:4202.378 dur:41.700ms, clock:4199.994 level:12
2020-05-10 08:22:10.722 T:3401663360 DEBUG: CVideoPlayerVideo::OutputPicture - ttd:258ms pts:4200.293 Clock:4200.034 Level:3
2020-05-10 08:22:10.724 T:3886019456 DEBUG: CVideoPlayer::ProcessVideoData size:248211 dts:4202.378 pts:4202.420 dur:41.700ms, clock:4200.036 level:13
2020-05-10 08:22:10.772 T:3886019456 DEBUG: CVideoPlayer::ProcessVideoData size:242389 dts:4202.420 pts:4202.462 dur:41.700ms, clock:4200.084 level:13
2020-05-10 08:22:10.808 T:3401663360 DEBUG: CVideoPlayerVideo::OutputPicture - ttd:214ms pts:4200.335 Clock:4200.120 Level:2
2020-05-10 08:22:10.810 T:3401663360 DEBUG: CVideoPlayerVideo::OutputPicture - ttd:254ms pts:4200.376 Clock:4200.122 Level:3
2020-05-10 08:22:10.810 T:3886019456 DEBUG: CVideoPlayer::ProcessVideoData size:268733 dts:4202.462 pts:4202.503 dur:41.700ms, clock:4200.122 level:14
2020-05-10 08:22:10.848 T:3886019456 DEBUG: CVideoPlayer::ProcessVideoData size:223085 dts:4202.503 pts:4202.545 dur:41.700ms, clock:4200.160 level:13
2020-05-10 08:22:10.888 T:3886019456 DEBUG: CVideoPlayer::ProcessVideoData size:221226 dts:4202.545 pts:4202.587 dur:41.700ms, clock:4200.200 level:14
2020-05-10 08:22:10.891 T:3401663360 DEBUG: CVideoPlayerVideo::OutputPicture - ttd:214ms pts:4200.418 Clock:4200.203 Level:2
2020-05-10 08:22:10.906 T:3886019456 DEBUG: CVideoPlayer::ProcessVideoData size:213187 dts:4202.587 pts:4202.712 dur:41.700ms, clock:4200.218 level:14
2020-05-10 08:22:10.933 T:3401663360 DEBUG: CVideoPlayerVideo::OutputPicture - ttd:214ms pts:4200.460 Clock:4200.245 Level:2
2020-05-10 08:22:10.934 T:3401663360 DEBUG: CVideoPlayerVideo::OutputPicture - ttd:255ms pts:4200.502 Clock:4200.246 Level:3
2020-05-10 08:22:10.937 T:3886019456 DEBUG: CVideoPlayer::ProcessVideoData size:180976 dts:4202.629 pts:4202.629 dur:41.700ms, clock:4200.249 level:14
2020-05-10 08:22:10.943 T:3401663360 DEBUG: CVideoPlayerVideo::OutputPicture - ttd:287ms pts:4200.543 Clock:4200.255 Level:4
2020-05-10 08:22:10.974 T:3886019456 DEBUG: CVideoPlayer::ProcessVideoData size:194187 dts:4202.670 pts:4202.670 dur:41.700ms, clock:4200.286 level:14
2020-05-10 08:22:11.014 T:3886019456 DEBUG: CVideoPlayer::ProcessVideoData size:248996 dts:4202.712 pts:4202.837 dur:41.700ms, clock:4200.327 level:14
2020-05-10 08:22:11.016 T:3401663360 DEBUG: CVideoPlayerVideo::OutputPicture - ttd:256ms pts:4200.585 Clock:4200.328 Level:3
2020-05-10 08:22:11.017 T:3401663360 DEBUG: CVideoPlayerVideo::OutputPicture - ttd:297ms pts:4200.627 Clock:4200.329 Level:4
2020-05-10 08:22:11.028 T:3886019456 DEBUG: CVideoPlayer::ProcessVideoData size:123618 dts:4202.754 pts:4202.754 dur:41.700ms, clock:4200.341 level:14
2020-05-10 08:22:11.064 T:3886019456 DEBUG: CVideoPlayer::ProcessVideoData size:135968 dts:4202.795 pts:4202.795 dur:41.700ms, clock:4200.376 level:14
2020-05-10 08:22:11.083 T:3886019456 DEBUG: CVideoPlayer::ProcessVideoData size:218652 dts:4202.837 pts:4202.962 dur:41.700ms, clock:4200.395 level:14
2020-05-10 08:22:11.102 T:3401663360 DEBUG: CVideoPlayerVideo::OutputPicture - ttd:254ms pts:4200.668 Clock:4200.414 Level:3
2020-05-10 08:22:11.103 T:3401663360 DEBUG: CVideoPlayerVideo::OutputPicture - ttd:294ms pts:4200.710 Clock:4200.415 Level:4
2020-05-10 08:22:11.119 T:3886019456 DEBUG: CVideoPlayer::ProcessVideoData size:129729 dts:4202.879 pts:4202.879 dur:41.700ms, clock:4200.431 level:14
2020-05-10 08:22:11.155 T:3886019456 DEBUG: CVideoPlayer::ProcessVideoData size:184484 dts:4202.921 pts:4202.921 dur:41.700ms, clock:4200.467 level:14
2020-05-10 08:22:11.175 T:3886019456 DEBUG: CVideoPlayer::ProcessVideoData size:228934 dts:4202.962 pts:4203.004 dur:41.700ms, clock:4200.487 level:15
2020-05-10 08:22:11.187 T:3401663360 DEBUG: CVideoPlayerVideo::OutputPicture - ttd:252ms pts:4200.752 Clock:4200.499 Level:3
2020-05-10 08:22:11.188 T:3401663360 DEBUG: CVideoPlayerVideo::OutputPicture - ttd:292ms pts:4200.793 Clock:4200.501 Level:4
2020-05-10 08:22:11.192 T:3886019456 DEBUG: CVideoPlayer::ProcessVideoData size:120532 dts:4203.004 pts:4203.129 dur:41.700ms, clock:4200.504 level:15
2020-05-10 08:22:11.210 T:3886019456 DEBUG: CVideoPlayer::ProcessVideoData size:124767 dts:4203.046 pts:4203.046 dur:41.700ms, clock:4200.522 level:15
2020-05-10 08:22:11.246 T:3886019456 DEBUG: CVideoPlayer::ProcessVideoData size:106894 dts:4203.087 pts:4203.087 dur:41.700ms, clock:4200.559 level:15
2020-05-10 08:22:11.266 T:3886019456 DEBUG: CVideoPlayer::ProcessVideoData size:242890 dts:4203.129 pts:4203.254 dur:41.700ms, clock:4200.578 level:16
2020-05-10 08:22:11.270 T:3401663360 DEBUG: CVideoPlayerVideo::OutputPicture - ttd:253ms pts:4200.835 Clock:4200.582 Level:3
2020-05-10 08:22:11.271 T:3401663360 DEBUG: CVideoPlayerVideo::OutputPicture - ttd:293ms pts:4200.877 Clock:4200.583 Level:4
2020-05-10 08:22:11.305 T:3886019456 DEBUG: CVideoPlayer::ProcessVideoData size:133165 dts:4203.171 pts:4203.171 dur:41.700ms, clock:4200.617 level:16
2020-05-10 08:22:11.321 T:3886019456 DEBUG: CVideoPlayer::ProcessVideoData size:155991 dts:4203.213 pts:4203.213 dur:41.700ms, clock:4200.633 level:16
2020-05-10 08:22:11.353 T:3401663360 DEBUG: CVideoPlayerVideo::OutputPicture - ttd:253ms pts:4200.919 Clock:4200.665 Level:3
2020-05-10 08:22:11.354 T:3401663360 DEBUG: CVideoPlayerVideo::OutputPicture - ttd:294ms pts:4200.960 Clock:4200.666 Level:4
2020-05-10 08:22:11.358 T:3886019456 DEBUG: CVideoPlayer::ProcessVideoData size:268639 dts:4203.254 pts:4203.379 dur:41.700ms, clock:4200.670 level:16
2020-05-10 08:22:11.394 T:3886019456 DEBUG: CVideoPlayer::ProcessVideoData size:173424 dts:4203.296 pts:4203.296 dur:41.700ms, clock:4200.706 level:16
2020-05-10 08:22:11.432 T:3886019456 DEBUG: CVideoPlayer::ProcessVideoData size:240504 dts:4203.338 pts:4203.338 dur:41.700ms, clock:4200.744 level:16
2020-05-10 08:22:11.473 T:3886019456 DEBUG: CVideoPlayer::ProcessVideoData size:271172 dts:4203.379 pts:4203.505 dur:41.700ms, clock:4200.785 level:16
2020-05-10 08:22:11.503 T:3886019456 DEBUG: CVideoPlayer::ProcessVideoData size:172296 dts:4203.421 pts:4203.421 dur:41.700ms, clock:4200.816 level:16
2020-05-10 08:22:11.520 T:3401663360 DEBUG: CVideoPlayerVideo::OutputPicture - ttd:169ms pts:4201.002 Clock:4200.832 Level:1
2020-05-10 08:22:11.521 T:3401663360 DEBUG: CVideoPlayerVideo::OutputPicture - ttd:210ms pts:4201.044 Clock:4200.834 Level:2
2020-05-10 08:22:11.523 T:3401663360 DEBUG: CVideoPlayerVideo::OutputPicture - ttd:250ms pts:4201.085 Clock:4200.835 Level:3
2020-05-10 08:22:11.524 T:3401663360 DEBUG: CVideoPlayerVideo::OutputPicture - ttd:291ms pts:4201.127 Clock:4200.836 Level:4
2020-05-10 08:22:11.524 T:4050645888 DEBUG: CLibInputKeyboard::ProcessKey - using delay: 500ms repeat: 33ms
2020-05-10 08:22:11.525 T:3376104320 DEBUG: Thread Timer start, auto delete: false
2020-05-10 08:22:11.540 T:3886019456 DEBUG: CVideoPlayer::ProcessVideoData size:242377 dts:4203.463 pts:4203.463 dur:41.700ms, clock:4200.853 level:16
2020-05-10 08:22:11.552 T:4060491200 DEBUG: Keyboard: scancode: 0x6a, sym: 0x0113, unicode: 0x0000, modifier: 0x0
2020-05-10 08:22:11.552 T:4060491200 DEBUG: HandleKey: right (0xf083) pressed, action is Right
2020-05-10 08:22:11.562 T:3401663360 DEBUG: CVideoPlayerVideo::OutputPicture - ttd:294ms pts:4201.169 Clock:4200.874 Level:4
2020-05-10 08:22:11.595 T:3886019456 DEBUG: CVideoPlayer::ProcessVideoData size:288073 dts:4203.505 pts:4203.630 dur:41.700ms, clock:4200.907 level:16
2020-05-10 08:22:11.603 T:3401663360 DEBUG: CVideoPlayerVideo::OutputPicture - ttd:295ms pts:4201.211 Clock:4200.915 Level:4
2020-05-10 08:22:11.630 T:3886019456 DEBUG: CVideoPlayer::ProcessVideoData size:177192 dts:4203.546 pts:4203.546 dur:41.700ms, clock:4200.942 level:16
2020-05-10 08:22:11.644 T:3401663360 DEBUG: CVideoPlayerVideo::OutputPicture - ttd:295ms pts:4201.252 Clock:4200.957 Level:4
2020-05-10 08:22:11.644 T:3376104320 DEBUG: Thread Timer 3376104320 terminating
2020-05-10 08:22:11.654 T:3886019456 DEBUG: CVideoPlayer::ProcessVideoData size:211141 dts:4203.588 pts:4203.588 dur:41.700ms, clock:4200.967 level:16
2020-05-10 08:22:11.674 T:4060491200 DEBUG: Keyboard: scancode: 0x6a, sym: 0x0113, unicode: 0x0000, modifier: 0x0
2020-05-10 08:22:11.685 T:3401663360 DEBUG: CVideoPlayerVideo::OutputPicture - ttd:296ms pts:4201.294 Clock:4200.997 Level:4
2020-05-10 08:22:11.687 T:3886019456 DEBUG: CVideoPlayer::ProcessVideoData size:245796 dts:4203.630 pts:4203.755 dur:41.700ms, clock:4200.999 level:17
2020-05-10 08:22:11.722 T:3886019456 DEBUG: CVideoPlayer::ProcessVideoData size:172408 dts:4203.671 pts:4203.671 dur:41.700ms, clock:4201.034 level:17
2020-05-10 08:22:11.728 T:3401663360 DEBUG: CVideoPlayerVideo::OutputPicture - ttd:295ms pts:4201.336 Clock:4201.040 Level:4
2020-05-10 08:22:11.762 T:3886019456 DEBUG: CVideoPlayer::ProcessVideoData size:173260 dts:4203.713 pts:4203.713 dur:41.700ms, clock:4201.074 level:17
2020-05-10 08:22:11.769 T:3401663360 DEBUG: CVideoPlayerVideo::OutputPicture - ttd:295ms pts:4201.377 Clock:4201.082 Level:4
2020-05-10 08:22:11.795 T:3886019456 DEBUG: CVideoPlayer::ProcessVideoData size:278738 dts:4203.755 pts:4203.880 dur:41.700ms, clock:4201.107 level:17
2020-05-10 08:22:11.811 T:3401663360 DEBUG: CVideoPlayerVideo::OutputPicture - ttd:296ms pts:4201.419 Clock:4201.123 Level:4
2020-05-10 08:22:11.824 T:4050645888 DEBUG: CLibInputKeyboard::ProcessKey - using delay: 500ms repeat: 33ms
2020-05-10 08:22:11.825 T:3376104320 DEBUG: Thread Timer start, auto delete: false
2020-05-10 08:22:11.831 T:3886019456 DEBUG: CVideoPlayer::ProcessVideoData size:170279 dts:4203.796 pts:4203.796 dur:41.700ms, clock:4201.143 level:17
2020-05-10 08:22:11.841 T:4060491200 DEBUG: Keyboard: scancode: 0x60, sym: 0x010f, unicode: 0x000d, modifier: 0x0
2020-05-10 08:22:11.851 T:3886019456 DEBUG: CVideoPlayer::ProcessVideoData size:208393 dts:4203.838 pts:4203.838 dur:41.700ms, clock:4201.163 level:17
2020-05-10 08:22:11.853 T:3401663360 DEBUG: CVideoPlayerVideo::OutputPicture - ttd:295ms pts:4201.461 Clock:4201.166 Level:4
2020-05-10 08:22:11.894 T:3401663360 DEBUG: CVideoPlayerVideo::OutputPicture - ttd:296ms pts:4201.502 Clock:4201.206 Level:4
2020-05-10 08:22:11.904 T:3886019456 DEBUG: CVideoPlayer::ProcessVideoData size:275588 dts:4203.880 pts:4203.963 dur:41.700ms, clock:4201.217 level:17
2020-05-10 08:22:11.924 T:4060491200 DEBUG: Keyboard: scancode: 0x60, sym: 0x010f, unicode: 0x000d, modifier: 0x0
2020-05-10 08:22:11.925 T:3376104320 DEBUG: Thread Timer 3376104320 terminating
2020-05-10 08:22:11.925 T:4060491200 DEBUG: HandleKey: enter (0xf065) pressed, action is Select
2020-05-10 08:22:11.925 T:4060491200 NOTICE: CVideoPlayer::CloseFile()
2020-05-10 08:22:11.925 T:3886019456 DEBUG: CVideoPlayer::ProcessVideoData size:166143 dts:4203.922 pts:4203.922 dur:41.700ms, clock:4201.237 level:17
2020-05-10 08:22:11.925 T:4060491200 DEBUG: DeleteRenderer - deleting renderer
2020-05-10 08:22:11.925 T:3886019456 NOTICE: CVideoPlayer::OnExit()
2020-05-10 08:22:11.925 T:4060491200 NOTICE: VideoPlayer: waiting for threads to exit
2020-05-10 08:22:11.925 T:3886019456 NOTICE: Closing stream player 1
2020-05-10 08:22:11.925 T:3886019456 NOTICE: Waiting for audio thread to exit
2020-05-10 08:22:11.948 T:3389227904 NOTICE: thread end: CVideoPlayerAudio::OnExit()
2020-05-10 08:22:11.948 T:3389227904 DEBUG: Thread VideoPlayerAudio 3389227904 terminating
2020-05-10 08:22:11.948 T:3886019456 NOTICE: Closing audio device
2020-05-10 08:22:11.955 T:3401663360 DEBUG: CVideoPlayerVideo::OutputPicture - ttd:296ms pts:4201.544 Clock:4201.248 Level:0
2020-05-10 08:22:11.996 T:3401663360 DEBUG: CVideoPlayerVideo::OutputPicture - ttd:296ms pts:4201.586 Clock:4201.289 Level:0
2020-05-10 08:22:11.997 T:3886019456 DEBUG: CDVDAudio::Flush - flush audio stream
2020-05-10 08:22:11.998 T:4037845888 DEBUG: CActiveAE::DiscardStream - audio stream deleted
2020-05-10 08:22:11.998 T:4037845888 DEBUG: CActiveAE::ClearDiscardedBuffers - buffer pool deleted
2020-05-10 08:22:12.006 T:3886019456 DEBUG: Previous line repeats 2 times.
2020-05-10 08:22:12.007 T:3886019456 NOTICE: Deleting audio codec
2020-05-10 08:22:12.007 T:4029453184 INFO: CActiveAESink::OpenSink - initialize sink
2020-05-10 08:22:12.007 T:3886019456 NOTICE: Closing stream player 2
2020-05-10 08:22:12.007 T:3886019456 NOTICE: waiting for video thread to exit
2020-05-10 08:22:12.016 T:3401663360 DEBUG: CVideoPlayerVideo::OutputPicture - ttd:317ms pts:4201.628 Clock:4201.310 Level:0
2020-05-10 08:22:12.017 T:3401663360 NOTICE: thread end: video_thread
2020-05-10 08:22:12.017 T:3401663360 DEBUG: Thread VideoPlayerVideo 3401663360 terminating
2020-05-10 08:22:12.018 T:3886019456 NOTICE: deleting video codec
2020-05-10 08:22:12.019 T:3886019456 DEBUG: CAMLCodec::CloseDecoder
2020-05-10 08:22:12.031 T:3886019456 DEBUG: CAMLVideoBufferPool::~CAMLVideoBufferPool: Deleting 7 buffers
2020-05-10 08:22:12.035 T:3886019456 DEBUG: CBlurayCallback::Logger - bluray.c:1552: BLURAY destroyed!
2020-05-10 08:22:12.035 T:3886019456 DEBUG: Thread VideoPlayer 3886019456 terminating
2020-05-10 08:22:12.040 T:4060491200 NOTICE: VideoPlayer: finished waiting
2020-05-10 08:22:12.040 T:4060491200 NOTICE: CVideoPlayer::CloseFile()
2020-05-10 08:22:12.040 T:4060491200 NOTICE: VideoPlayer: waiting for threads to exit
2020-05-10 08:22:12.040 T:4060491200 NOTICE: VideoPlayer: finished waiting
2020-05-10 08:22:12.040 T:3436155776 DEBUG: DoWork - Saving file state for video item removable://SAFETY NOT GUARANTEED_7f5c67d5c9769fb8ae3d6ecec19f2cecf883d6ad/
2020-05-10 08:22:12.045 T:4060491200 DEBUG: Radio UECP (RDS) Processor - delete ~CDVDRadioRDSData
2020-05-10 08:22:12.067 T:3427763072 DEBUG: OnPlayBackStopped: CApplication::OnPlayBackStopped
2020-05-10 08:22:12.068 T:4060491200 DEBUG: CGUIWindowManager::PreviousWindow: Deactivate
2020-05-10 08:22:12.068 T:4060491200 DEBUG: ------ Window Deinit (VideoOSD.xml) ------
2020-05-10 08:22:12.068 T:4060491200 DEBUG: ------ Window Deinit (VideoFullScreen.xml) ------
2020-05-10 08:22:12.197 T:4029453184 DEBUG: CActiveAESink::OpenSink - trying to open device ALSA:surround71:CARD=AMLAUGESOUND,DEV=0
2020-05-10 08:22:12.198 T:4029453184 INFO: CAESinkALSA::Initialize - Attempting to open device "surround71:CARD=AMLAUGESOUND,DEV=0"
2020-05-10 08:22:12.203 T:4029453184 INFO: CAESinkALSA::Initialize - Opened device "surround71:CARD=AMLAUGESOUND,DEV=0"
2020-05-10 08:22:12.204 T:4029453184 INFO: CAESinkALSA::InitializeHW - Your hardware does not support AE_FMT_FLOAT, trying other formats
2020-05-10 08:22:12.204 T:4029453184 INFO: CAESinkALSA::InitializeHW - Using data format AE_FMT_S24NE4
2020-05-10 08:22:12.204 T:4029453184 DEBUG: CAESinkALSA::InitializeHW - Request: periodSize 2205, bufferSize 8820
2020-05-10 08:22:12.233 T:4029453184 DEBUG: CAESinkALSA::InitializeHW - Got: periodSize 2205, bufferSize 8820
2020-05-10 08:22:12.233 T:4029453184 DEBUG: CAESinkALSA::InitializeHW - Setting timeout to 200 ms
2020-05-10 08:22:12.233 T:4029453184 DEBUG: CAESinkALSA::GetChannelLayout - Input Channel Count: 2 Output Channel Count: 2
2020-05-10 08:22:12.233 T:4029453184 DEBUG: CAESinkALSA::GetChannelLayout - Requested Layout: FL, FR
2020-05-10 08:22:12.233 T:4029453184 DEBUG: CAESinkALSA::GetChannelLayout - Got Layout: FL, FR (ALSA: FL FR)
2020-05-10 08:22:12.233 T:4029453184 DEBUG: CActiveAESink::OpenSink - ALSA Initialized:
2020-05-10 08:22:12.233 T:4029453184 DEBUG: Output Device : AML-AUGESOUND
2020-05-10 08:22:12.233 T:4029453184 DEBUG: Sample Rate : 44100
2020-05-10 08:22:12.233 T:4029453184 DEBUG: Sample Format : AE_FMT_S24NE4
2020-05-10 08:22:12.233 T:4029453184 DEBUG: Channel Count : 2
2020-05-10 08:22:12.233 T:4029453184 DEBUG: Channel Layout: FL, FR
2020-05-10 08:22:12.233 T:4029453184 DEBUG: Frames : 2205
2020-05-10 08:22:12.233 T:4029453184 DEBUG: Frame Size : 8
2020-05-10 08:22:12.236 T:4037845888 DEBUG: CActiveAE::ClearDiscardedBuffers - buffer pool deleted
2020-05-10 08:22:12.237 T:4060491200 DEBUG: Previous line repeats 1 times.
2020-05-10 08:22:12.237 T:4060491200 DEBUG: AMLUtils::aml_handle_display_stereo_mode old mode 3doff new mode 3doff
2020-05-10 08:22:12.237 T:4060491200 DEBUG: AMLUtils::aml_handle_display_stereo_mode - no change needed
2020-05-10 08:22:12.237 T:4060491200 ERROR: GetString: error reading /sys/class/amhdmitx/amhdmitx0/custom_mode
2020-05-10 08:22:12.309 T:3702297472 ERROR: EXCEPTION: XBMC is not playing any media file
2020-05-10 08:22:12.486 T:4060491200 DEBUG: AMLUtils::aml_handle_display_stereo_mode old mode 3doff new mode 3doff
2020-05-10 08:22:12.486 T:4060491200 DEBUG: AMLUtils::aml_handle_display_stereo_mode - no change needed
2020-05-10 08:22:12.487 T:4060491200 INFO: GLES: Maximum texture width: 8192
2020-05-10 08:22:12.526 T:4060491200 DEBUG: CGUIWindowManager::PreviousWindow: Activate new
2020-05-10 08:22:12.526 T:4060491200 DEBUG: ------ Window Init (Home.xml) ------
2020-05-10 08:22:12.526 T:4060491200 DEBUG: CDirectoryProvider[library://video/movies/]: refreshing..
2020-05-10 08:22:12.526 T:4060491200 DEBUG: CDirectoryProvider[special://skin/playlists/inprogress_movies.xsp]: refreshing..
2020-05-10 08:22:12.527 T:4060491200 DEBUG: CDirectoryProvider[special://skin/playlists/recent_unwatched_movies.xsp]: refreshing..
2020-05-10 08:22:12.527 T:4060491200 DEBUG: CDirectoryProvider[special://skin/playlists/unwatched_movies.xsp]: refreshing..
2020-05-10 08:22:12.527 T:4060491200 DEBUG: CDirectoryProvider[special://skin/playlists/random_movies.xsp]: refreshing..
2020-05-10 08:22:12.527 T:4060491200 DEBUG: CDirectoryProvider[videodb://movies/genres/]: refreshing..
2020-05-10 08:22:12.527 T:4060491200 DEBUG: CDirectoryProvider[library://video/tvshows/]: refreshing..
2020-05-10 08:22:12.527 T:4060491200 DEBUG: CDirectoryProvider[videodb://inprogresstvshows]: refreshing..
2020-05-10 08:22:12.527 T:4060491200 DEBUG: CDirectoryProvider[special://skin/playlists/recent_unwatched_episodes.xsp]: refreshing..
2020-05-10 08:22:12.527 T:4060491200 DEBUG: CDirectoryProvider[special://skin/playlists/unwatched_tvshows.xsp]: refreshing..
2020-05-10 08:22:12.527 T:4060491200 DEBUG: CDirectoryProvider[videodb://tvshows/genres/]: refreshing..
2020-05-10 08:22:12.527 T:4060491200 DEBUG: CDirectoryProvider[videodb://tvshows/studios/]: refreshing..
2020-05-10 08:22:12.527 T:4060491200 DEBUG: CDirectoryProvider[library://music/]: refreshing..
2020-05-10 08:22:12.527 T:4060491200 DEBUG: CDirectoryProvider[musicdb://recentlyplayedalbums]: refreshing..
2020-05-10 08:22:12.527 T:4060491200 DEBUG: CDirectoryProvider[musicdb://recentlyaddedalbums/]: refreshing..
2020-05-10 08:22:12.527 T:4060491200 DEBUG: CDirectoryProvider[special://skin/playlists/random_albums.xsp]: refreshing..
2020-05-10 08:22:12.527 T:4060491200 DEBUG: CDirectoryProvider[special://skin/playlists/random_artists.xsp]: refreshing..
2020-05-10 08:22:12.527 T:4060491200 DEBUG: CDirectoryProvider[special://skin/playlists/unplayed_albums.xsp]: refreshing..
2020-05-10 08:22:12.527 T:4060491200 DEBUG: CDirectoryProvider[special://skin/playlists/mostplayed_albums.xsp]: refreshing..
2020-05-10 08:22:12.527 T:4060491200 DEBUG: CDirectoryProvider[addons://]: refreshing..
2020-05-10 08:22:12.527 T:4060491200 DEBUG: CDirectoryProvider[addons://sources/video/]: refreshing..
2020-05-10 08:22:12.527 T:4060491200 DEBUG: CDirectoryProvider[addons://sources/audio/]: refreshing..
2020-05-10 08:22:12.527 T:4060491200 DEBUG: CDirectoryProvider[addons://sources/game/]: refreshing..
2020-05-10 08:22:12.527 T:4060491200 DEBUG: CDirectoryProvider[addons://sources/executable/]: refreshing..
2020-05-10 08:22:12.527 T:4060491200 DEBUG: CDirectoryProvider[addons://sources/image/]: refreshing..
2020-05-10 08:22:12.527 T:4060491200 DEBUG: CDirectoryProvider[library://video/]: refreshing..
2020-05-10 08:22:12.527 T:4060491200 DEBUG: CDirectoryProvider[sources://video/]: refreshing..
2020-05-10 08:22:12.527 T:4060491200 DEBUG: CDirectoryProvider[special://videoplaylists/]: refreshing..
2020-05-10 08:22:12.528 T:4060491200 DEBUG: CDirectoryProvider[favourites://]: refreshing..
2020-05-10 08:22:12.528 T:4060491200 DEBUG: CDirectoryProvider[sources://pictures/]: refreshing..
2020-05-10 08:22:12.528 T:4060491200 DEBUG: CDirectoryProvider[addons://sources/game/]: refreshing..
2020-05-10 08:22:12.685 T:3896263552 DEBUG: GetRecentlyPlayedAlbums query: SELECT albumview.*, albumartistview.* FROM (SELECT idAlbum FROM albumview WHERE albumview.lastplayed IS NOT NULL AND albumview.strReleaseType = 'album' ORDER BY albumview.lastplayed DESC LIMIT 25) as playedalbums JOIN albumview ON albumview.idAlbum = playedalbums.idAlbum JOIN albumartistview ON albumview.idAlbum = albumartistview.idAlbum ORDER BY albumview.lastplayed DESC, albumartistview.iorder
2020-05-10 08:22:12.688 T:4060491200 DEBUG: ------ Window Deinit (DialogSeekBar.xml) ------
2020-05-10 08:22:12.692 T:3436155776 DEBUG: GetRecentlyAddedAlbums query: SELECT albumview.*, albumartistview.* FROM (SELECT idAlbum FROM album WHERE strAlbum != '' ORDER BY idAlbum DESC LIMIT 25) AS recentalbums JOIN albumview ON albumview.idAlbum = recentalbums.idAlbum JOIN albumartistview ON albumview.idAlbum = albumartistview.idAlbum ORDER BY albumview.idAlbum desc, albumartistview.iOrder
2020-05-10 08:22:12.711 T:3677119360 DEBUG: GetAlbumsByWhere query: SELECT albumview.* FROM albumview WHERE albumview.strReleaseType = 'album' ORDER BY RANDOM() LIMIT 15
2020-05-10 08:22:12.714 T:3896263552 DEBUG: GetArtistsByWhere query: SELECT artistview.* FROM artistview WHERE (EXISTS (SELECT 1 FROM song_artist WHERE song_artist.idArtist = artistview.idArtist AND song_artist.idRole = 1) OR EXISTS (SELECT 1 FROM album_artist WHERE album_artist.idArtist = artistview.idArtist)) AND (artistview.strArtist != '') ORDER BY RANDOM() LIMIT 15
2020-05-10 08:22:12.717 T:3677119360 DEBUG: GetAlbumsByWhere: Time to fill list with albums 7ms query took 4ms
2020-05-10 08:22:12.727 T:3896263552 DEBUG: GetArtistsByWhere: Time to fill list with artists 15ms query took 9ms
2020-05-10 08:22:12.733 T:3436155776 DEBUG: GetAlbumsByWhere query: SELECT albumview.* FROM albumview WHERE (((CAST(albumview.iTimesPlayed as DECIMAL(5,1)) = 0))) AND (albumview.strReleaseType = 'album') ORDER BY RANDOM() LIMIT 15
2020-05-10 08:22:12.738 T:3677119360 DEBUG: GetAlbumsByWhere query: SELECT albumview.* FROM albumview WHERE (((CAST(albumview.iTimesPlayed as DECIMAL(5,1)) > 0))) AND (albumview.strReleaseType = 'album')
2020-05-10 08:22:12.738 T:4060491200 DEBUG: ------ Window Deinit (Custom_1109_TopBarOverlay.xml) ------
2020-05-10 08:22:12.745 T:3436155776 DEBUG: GetAlbumsByWhere: Time to fill list with albums 19ms query took 9ms
2020-05-10 08:22:12.776 T:3896263552 DEBUG: CAddonMgr::GetAvailableUpdates took 36 ms
2020-05-10 08:22:12.806 T:3685512064 DEBUG: [plugin.video.youtube] PlaybackMonitor active threads: ||
