2020-05-10 08:21:40.573 T:3886019456 DEBUG: CVideoPlayer::ProcessVideoData size:39401 dts:605.214 pts:605.214 dur:41.700ms, clock:601.498 level:30
2020-05-10 08:21:40.575 T:3886019456 DEBUG: CVideoPlayer::ProcessVideoData size:51345 dts:605.255 pts:605.380 dur:41.700ms, clock:601.500 level:31
2020-05-10 08:21:40.591 T:3886019456 DEBUG: CVideoPlayer::ProcessVideoData size:50000 dts:605.297 pts:605.297 dur:41.700ms, clock:601.516 level:31
2020-05-10 08:21:40.609 T:3886019456 DEBUG: CVideoPlayer::ProcessVideoData size:50238 dts:605.339 pts:605.339 dur:41.700ms, clock:601.534 level:31
2020-05-10 08:21:40.612 T:3886019456 DEBUG: CVideoPlayer::ProcessVideoData size:83637 dts:605.380 pts:605.505 dur:41.700ms, clock:601.537 level:32
2020-05-10 08:21:40.629 T:3886019456 DEBUG: CVideoPlayer::ProcessVideoData size:66633 dts:605.422 pts:605.422 dur:41.700ms, clock:601.554 level:32
2020-05-10 08:21:40.650 T:3389227904 DEBUG: CVideoPlayerVideo::OutputPicture - ttd:260ms pts:601.835 Clock:601.575 Level:3
2020-05-10 08:21:40.651 T:3389227904 DEBUG: CVideoPlayerVideo::OutputPicture - ttd:300ms pts:601.877 Clock:601.576 Level:4
2020-05-10 08:21:40.652 T:3886019456 DEBUG: CVideoPlayer::ProcessVideoData size:67026 dts:605.464 pts:605.464 dur:41.700ms, clock:601.577 level:32
2020-05-10 08:21:40.665 T:3886019456 DEBUG: CVideoPlayer::ProcessVideoData size:118250 dts:605.505 pts:605.631 dur:41.700ms, clock:601.590 level:32
2020-05-10 08:21:40.683 T:3886019456 DEBUG: CVideoPlayer::ProcessVideoData size:96964 dts:605.547 pts:605.547 dur:41.700ms, clock:601.608 level:33
2020-05-10 08:21:40.702 T:3886019456 DEBUG: CVideoPlayer::ProcessVideoData size:96601 dts:605.589 pts:605.589 dur:41.700ms, clock:601.626 level:33
2020-05-10 08:21:40.719 T:3886019456 DEBUG: CVideoPlayer::ProcessVideoData size:127084 dts:605.631 pts:605.756 dur:41.700ms, clock:601.644 level:33
2020-05-10 08:21:40.722 T:3886019456 DEBUG: CVideoPlayer::ProcessVideoData size:80604 dts:605.672 pts:605.672 dur:41.700ms, clock:601.647 level:34
2020-05-10 08:21:40.737 T:3389227904 DEBUG: CVideoPlayerVideo::OutputPicture - ttd:256ms pts:601.919 Clock:601.662 Level:3
2020-05-10 08:21:40.739 T:3389227904 DEBUG: CVideoPlayerVideo::OutputPicture - ttd:296ms pts:601.960 Clock:601.664 Level:4
2020-05-10 08:21:40.756 T:3886019456 DEBUG: CVideoPlayer::ProcessVideoData size:101573 dts:605.714 pts:605.714 dur:41.700ms, clock:601.681 level:34
2020-05-10 08:21:40.759 T:3886019456 DEBUG: CVideoPlayer::ProcessVideoData size:125605 dts:605.756 pts:605.881 dur:41.700ms, clock:601.683 level:34
2020-05-10 08:21:40.775 T:3886019456 DEBUG: CVideoPlayer::ProcessVideoData size:81401 dts:605.797 pts:605.797 dur:41.700ms, clock:601.699 level:35
2020-05-10 08:21:40.793 T:3886019456 DEBUG: CVideoPlayer::ProcessVideoData size:102679 dts:605.839 pts:605.839 dur:41.700ms, clock:601.718 level:35
2020-05-10 08:21:40.795 T:4037845888 DEBUG: ActiveAE::SyncStream - average error -149.088594 above threshold of 100.000000
2020-05-10 08:21:40.799 T:4037845888 DEBUG: ActiveAE::SyncStream - average error -0.005261 below threshold of 30.000000
2020-05-10 08:21:40.815 T:3886019456 DEBUG: CVideoPlayer::ProcessVideoData size:125668 dts:605.881 pts:605.964 dur:41.700ms, clock:601.739 level:35
2020-05-10 08:21:40.847 T:3886019456 DEBUG: CVideoPlayer::ProcessVideoData size:98437 dts:605.923 pts:605.923 dur:41.700ms, clock:601.772 level:35
2020-05-10 08:21:40.866 T:3886019456 DEBUG: CVideoPlayer::ProcessVideoData size:267923 dts:605.964 pts:606.006 dur:41.700ms, clock:601.791 level:36
2020-05-10 08:21:40.883 T:3886019456 DEBUG: CVideoPlayer::ProcessVideoData size:80811 dts:606.006 pts:606.131 dur:41.700ms, clock:601.808 level:36
2020-05-10 08:21:40.884 T:3886019456 DEBUG: CVideoPlayer::ProcessVideoData size:60285 dts:606.048 pts:606.048 dur:41.700ms, clock:601.809 level:36
2020-05-10 08:21:40.902 T:3886019456 DEBUG: CVideoPlayer::ProcessVideoData size:46872 dts:606.089 pts:606.089 dur:41.700ms, clock:601.827 level:37
2020-05-10 08:21:40.903 T:3886019456 DEBUG: CVideoPlayer::ProcessVideoData size:67722 dts:606.131 pts:606.256 dur:41.700ms, clock:601.828 level:38
2020-05-10 08:21:40.905 T:3389227904 DEBUG: CVideoPlayerVideo::OutputPicture - ttd:172ms pts:602.002 Clock:601.830 Level:1
2020-05-10 08:21:40.906 T:3389227904 DEBUG: CVideoPlayerVideo::OutputPicture - ttd:212ms pts:602.044 Clock:601.831 Level:2
2020-05-10 08:21:40.907 T:3389227904 DEBUG: CVideoPlayerVideo::OutputPicture - ttd:253ms pts:602.085 Clock:601.832 Level:3
2020-05-10 08:21:40.908 T:3389227904 DEBUG: CVideoPlayerVideo::OutputPicture - ttd:293ms pts:602.127 Clock:601.833 Level:4
2020-05-10 08:21:40.919 T:3886019456 DEBUG: CVideoPlayer::ProcessVideoData size:45359 dts:606.173 pts:606.173 dur:41.700ms, clock:601.844 level:38
2020-05-10 08:21:40.921 T:3886019456 DEBUG: CVideoPlayer::ProcessVideoData size:45020 dts:606.215 pts:606.215 dur:41.700ms, clock:601.846 level:38
2020-05-10 08:21:40.938 T:3886019456 DEBUG: CVideoPlayer::ProcessVideoData size:65104 dts:606.256 pts:606.381 dur:41.700ms, clock:601.863 level:39
2020-05-10 08:21:40.940 T:3886019456 DEBUG: CVideoPlayer::ProcessVideoData size:54990 dts:606.298 pts:606.298 dur:41.700ms, clock:601.865 level:39
2020-05-10 08:21:40.957 T:3886019456 DEBUG: CVideoPlayer::ProcessVideoData size:55820 dts:606.340 pts:606.340 dur:41.700ms, clock:601.882 level:39
2020-05-10 08:21:40.974 T:3886019456 DEBUG: CVideoPlayer::ProcessVideoData size:77250 dts:606.381 pts:606.506 dur:41.700ms, clock:601.899 level:40
2020-05-10 08:21:40.981 T:3886019456 DEBUG: CVideoPlayer::ProcessVideoData size:56688 dts:606.423 pts:606.423 dur:41.700ms, clock:601.906 level:40
2020-05-10 08:21:40.984 T:3389227904 DEBUG: CVideoPlayerVideo::OutputPicture - ttd:259ms pts:602.169 Clock:601.909 Level:3
2020-05-10 08:21:40.994 T:3886019456 DEBUG: CVideoPlayer::ProcessVideoData size:69293 dts:606.465 pts:606.465 dur:41.700ms, clock:601.918 level:40
2020-05-10 08:21:41.012 T:3886019456 DEBUG: CVideoPlayer::ProcessVideoData size:101296 dts:606.506 pts:606.632 dur:41.700ms, clock:601.937 level:41
2020-05-10 08:21:41.029 T:3886019456 DEBUG: CVideoPlayer::ProcessVideoData size:75889 dts:606.548 pts:606.548 dur:41.700ms, clock:601.954 level:41
2020-05-10 08:21:41.033 T:3389227904 DEBUG: CVideoPlayerVideo::OutputPicture - ttd:252ms pts:602.211 Clock:601.958 Level:3
2020-05-10 08:21:41.034 T:3389227904 DEBUG: CVideoPlayerVideo::OutputPicture - ttd:293ms pts:602.252 Clock:601.959 Level:4
2020-05-10 08:21:41.048 T:3886019456 DEBUG: CVideoPlayer::ProcessVideoData size:92961 dts:606.590 pts:606.590 dur:41.700ms, clock:601.973 level:41
2020-05-10 08:21:41.066 T:3886019456 DEBUG: CVideoPlayer::ProcessVideoData size:127018 dts:606.632 pts:606.757 dur:41.700ms, clock:601.991 level:42
2020-05-10 08:21:41.084 T:3886019456 DEBUG: CVideoPlayer::ProcessVideoData size:77359 dts:606.673 pts:606.673 dur:41.700ms, clock:602.009 level:42
2020-05-10 08:21:41.106 T:3886019456 DEBUG: CVideoPlayer::ProcessVideoData size:98975 dts:606.715 pts:606.715 dur:41.700ms, clock:602.031 level:42
2020-05-10 08:21:41.120 T:3886019456 DEBUG: CVideoPlayer::ProcessVideoData size:125586 dts:606.757 pts:606.882 dur:41.700ms, clock:602.045 level:43
2020-05-10 08:21:41.123 T:3886019456 DEBUG: CVideoPlayer::ProcessVideoData size:100046 dts:606.798 pts:606.798 dur:41.700ms, clock:602.048 level:43
2020-05-10 08:21:41.139 T:3886019456 DEBUG: CVideoPlayer::ProcessVideoData size:99154 dts:606.840 pts:606.840 dur:41.700ms, clock:602.064 level:44
2020-05-10 08:21:41.154 T:3389227904 DEBUG: CVideoPlayerVideo::OutputPicture - ttd:214ms pts:602.294 Clock:602.079 Level:2
2020-05-10 08:21:41.158 T:3886019456 DEBUG: CVideoPlayer::ProcessVideoData size:117782 dts:606.882 pts:606.965 dur:41.700ms, clock:602.083 level:44
2020-05-10 08:21:41.194 T:3886019456 DEBUG: CVideoPlayer::ProcessVideoData size:98460 dts:606.924 pts:606.924 dur:41.700ms, clock:602.119 level:44
2020-05-10 08:21:41.195 T:3389227904 DEBUG: CVideoPlayerVideo::OutputPicture - ttd:215ms pts:602.336 Clock:602.120 Level:2
2020-05-10 08:21:41.197 T:3389227904 DEBUG: CVideoPlayerVideo::OutputPicture - ttd:255ms pts:602.377 Clock:602.122 Level:3
2020-05-10 08:21:41.231 T:3886019456 DEBUG: CVideoPlayer::ProcessVideoData size:334621 dts:606.965 pts:607.007 dur:41.700ms, clock:602.156 level:44
2020-05-10 08:21:41.248 T:3886019456 DEBUG: CVideoPlayer::ProcessVideoData size:88481 dts:607.007 pts:607.132 dur:41.700ms, clock:602.173 level:44
2020-05-10 08:21:41.250 T:3886019456 DEBUG: CVideoPlayer::ProcessVideoData size:72715 dts:607.049 pts:607.049 dur:41.700ms, clock:602.174 level:45
2020-05-10 08:21:41.251 T:3886019456 DEBUG: CVideoPlayer::ProcessVideoData size:48578 dts:607.090 pts:607.090 dur:41.700ms, clock:602.176 level:45
2020-05-10 08:21:41.253 T:3886019456 DEBUG: CVideoPlayer::ProcessVideoData size:3677 dts:607.132 pts:607.257 dur:41.700ms, clock:602.178 level:46
2020-05-10 08:21:41.254 T:3886019456 DEBUG: CVideoPlayer::ProcessVideoData size:786 dts:607.174 pts:607.174 dur:41.700ms, clock:602.179 level:46
2020-05-10 08:21:41.255 T:3886019456 DEBUG: CVideoPlayer::ProcessVideoData size:818 dts:607.216 pts:607.216 dur:41.700ms, clock:602.180 level:47
2020-05-10 08:21:41.256 T:3886019456 DEBUG: CVideoPlayer::ProcessVideoData size:533 dts:607.257 pts:607.382 dur:41.700ms, clock:602.181 level:47
2020-05-10 08:21:41.257 T:3886019456 DEBUG: CVideoPlayer::ProcessVideoData size:399 dts:607.299 pts:607.299 dur:41.700ms, clock:602.182 level:48
2020-05-10 08:21:41.265 T:3886019456 DEBUG: CVideoPlayer::ProcessVideoData size:398 dts:607.341 pts:607.341 dur:41.700ms, clock:602.190 level:48
2020-05-10 08:21:41.266 T:3886019456 DEBUG: CVideoPlayer::ProcessVideoData size:335 dts:607.382 pts:607.508 dur:41.700ms, clock:602.191 level:49
2020-05-10 08:21:41.268 T:3886019456 DEBUG: CVideoPlayer::ProcessVideoData size:331 dts:607.424 pts:607.424 dur:41.700ms, clock:602.193 level:50
2020-05-10 08:21:41.269 T:3886019456 DEBUG: CVideoPlayer::ProcessVideoData size:332 dts:607.466 pts:607.466 dur:41.700ms, clock:602.194 level:50
2020-05-10 08:21:41.271 T:3886019456 DEBUG: CVideoPlayer::ProcessVideoData size:318 dts:607.508 pts:607.633 dur:41.700ms, clock:602.196 level:51
2020-05-10 08:21:41.272 T:3886019456 DEBUG: CVideoPlayer::ProcessVideoData size:328 dts:607.549 pts:607.549 dur:41.700ms, clock:602.197 level:51
2020-05-10 08:21:41.274 T:3886019456 DEBUG: CVideoPlayer::ProcessVideoData size:327 dts:607.591 pts:607.591 dur:41.700ms, clock:602.199 level:52
2020-05-10 08:21:41.275 T:3886019456 DEBUG: CVideoPlayer::ProcessVideoData size:317 dts:607.633 pts:607.758 dur:41.700ms, clock:602.200 level:52
2020-05-10 08:21:41.276 T:3886019456 DEBUG: CVideoPlayer::ProcessVideoData size:324 dts:607.674 pts:607.674 dur:41.700ms, clock:602.201 level:53
2020-05-10 08:21:41.278 T:3886019456 DEBUG: CVideoPlayer::ProcessVideoData size:325 dts:607.716 pts:607.716 dur:41.700ms, clock:602.203 level:53
2020-05-10 08:21:41.279 T:3389227904 DEBUG: CVideoPlayerVideo::OutputPicture - ttd:214ms pts:602.419 Clock:602.204 Level:2
2020-05-10 08:21:41.280 T:3886019456 DEBUG: CVideoPlayer::ProcessVideoData size:317 dts:607.758 pts:607.883 dur:41.700ms, clock:602.205 level:54
2020-05-10 08:21:41.281 T:3886019456 DEBUG: CVideoPlayer::ProcessVideoData size:325 dts:607.799 pts:607.799 dur:41.700ms, clock:602.206 level:54
2020-05-10 08:21:41.287 T:3886019456 DEBUG: CVideoPlayer::ProcessVideoData size:324 dts:607.841 pts:607.841 dur:41.700ms, clock:602.212 level:54
2020-05-10 08:21:41.289 T:3886019456 DEBUG: CVideoPlayer::ProcessVideoData size:317 dts:607.883 pts:607.966 dur:41.700ms, clock:602.214 level:55
2020-05-10 08:21:41.291 T:3886019456 DEBUG: CVideoPlayer::ProcessVideoData size:324 dts:607.925 pts:607.925 dur:41.700ms, clock:602.216 level:55
2020-05-10 08:21:41.293 T:3886019456 DEBUG: CVideoPlayer::ProcessVideoData size:2447 dts:607.966 pts:608.008 dur:41.700ms, clock:602.218 level:56
2020-05-10 08:21:41.294 T:3886019456 DEBUG: CVideoPlayer::ProcessVideoData size:311 dts:608.008 pts:608.133 dur:41.700ms, clock:602.219 level:56
2020-05-10 08:21:41.296 T:3886019456 DEBUG: CVideoPlayer::ProcessVideoData size:312 dts:608.050 pts:608.050 dur:41.700ms, clock:602.221 level:57
2020-05-10 08:21:41.298 T:3886019456 DEBUG: CVideoPlayer::ProcessVideoData size:311 dts:608.091 pts:608.091 dur:41.700ms, clock:602.223 level:57
2020-05-10 08:21:41.299 T:3886019456 DEBUG: CVideoPlayer::ProcessVideoData size:312 dts:608.133 pts:608.258 dur:41.700ms, clock:602.224 level:58
2020-05-10 08:21:41.301 T:3886019456 DEBUG: CVideoPlayer::ProcessVideoData size:311 dts:608.175 pts:608.175 dur:41.700ms, clock:602.226 level:58
2020-05-10 08:21:41.303 T:3886019456 DEBUG: CVideoPlayer::ProcessVideoData size:312 dts:608.217 pts:608.217 dur:41.700ms, clock:602.228 level:59
2020-05-10 08:21:41.304 T:3886019456 DEBUG: CVideoPlayer::ProcessVideoData size:312 dts:608.258 pts:608.383 dur:41.700ms, clock:602.229 level:59
2020-05-10 08:21:41.306 T:3886019456 DEBUG: CVideoPlayer::ProcessVideoData size:312 dts:608.300 pts:608.300 dur:41.700ms, clock:602.231 level:60
2020-05-10 08:21:41.308 T:3886019456 DEBUG: CVideoPlayer::ProcessVideoData size:311 dts:608.342 pts:608.342 dur:41.700ms, clock:602.233 level:60
2020-05-10 08:21:41.311 T:3886019456 DEBUG: CVideoPlayer::ProcessVideoData size:312 dts:608.383 pts:608.467 dur:41.700ms, clock:602.236 level:61
2020-05-10 08:21:41.322 T:3389227904 DEBUG: CVideoPlayerVideo::OutputPicture - ttd:213ms pts:602.461 Clock:602.247 Level:2
2020-05-10 08:21:41.323 T:3389227904 DEBUG: CVideoPlayerVideo::OutputPicture - ttd:254ms pts:602.503 Clock:602.248 Level:3
2020-05-10 08:21:41.325 T:3886019456 DEBUG: CBlurayCallback::Logger - bluray.c:1998: End of title
2020-05-10 08:21:41.325 T:3886019456 DEBUG: CBlurayCallback::Logger - bluray.c:3623: bd_read_ext(): reached end of playlist. hdmv_suspended=0
2020-05-10 08:21:41.325 T:3886019456 DEBUG: CDVDInputStreamBluray - BD_EVENT_END_OF_TITLE 0
2020-05-10 08:21:41.325 T:3886019456 DEBUG: CBlurayCallback::Logger - bluray.c:3465: HDMV event: 4 4
2020-05-10 08:21:41.403 T:3389227904 DEBUG: CVideoPlayerVideo::OutputPicture - ttd:216ms pts:602.544 Clock:602.328 Level:2
2020-05-10 08:21:41.449 T:3389227904 DEBUG: CVideoPlayerVideo::OutputPicture - ttd:211ms pts:602.586 Clock:602.374 Level:2
2020-05-10 08:21:41.450 T:3389227904 DEBUG: CVideoPlayerVideo::OutputPicture - ttd:252ms pts:602.628 Clock:602.375 Level:3
2020-05-10 08:21:41.529 T:3389227904 DEBUG: CVideoPlayerVideo::OutputPicture - ttd:215ms pts:602.669 Clock:602.454 Level:2
2020-05-10 08:21:41.569 T:3389227904 DEBUG: CVideoPlayerVideo::OutputPicture - ttd:216ms pts:602.711 Clock:602.494 Level:2
2020-05-10 08:21:41.571 T:3389227904 DEBUG: CVideoPlayerVideo::OutputPicture - ttd:257ms pts:602.753 Clock:602.496 Level:3
2020-05-10 08:21:41.656 T:3389227904 DEBUG: CVideoPlayerVideo::OutputPicture - ttd:213ms pts:602.794 Clock:602.581 Level:2
2020-05-10 08:21:41.696 T:3389227904 DEBUG: CVideoPlayerVideo::OutputPicture - ttd:215ms pts:602.836 Clock:602.621 Level:2
2020-05-10 08:21:41.697 T:3389227904 DEBUG: CVideoPlayerVideo::OutputPicture - ttd:255ms pts:602.878 Clock:602.622 Level:3
2020-05-10 08:21:41.777 T:3389227904 DEBUG: CVideoPlayerVideo::OutputPicture - ttd:217ms pts:602.920 Clock:602.702 Level:2
2020-05-10 08:21:41.779 T:3389227904 DEBUG: CVideoPlayerVideo::OutputPicture - ttd:257ms pts:602.961 Clock:602.703 Level:3
2020-05-10 08:21:41.906 T:3389227904 DEBUG: CVideoPlayerVideo::OutputPicture - ttd:171ms pts:603.003 Clock:602.831 Level:1
2020-05-10 08:21:41.907 T:3389227904 DEBUG: CVideoPlayerVideo::OutputPicture - ttd:212ms pts:603.045 Clock:602.832 Level:2
2020-05-10 08:21:41.909 T:3389227904 DEBUG: CVideoPlayerVideo::OutputPicture - ttd:252ms pts:603.086 Clock:602.834 Level:3
2020-05-10 08:21:41.910 T:3389227904 DEBUG: CVideoPlayerVideo::OutputPicture - ttd:293ms pts:603.128 Clock:602.835 Level:4
2020-05-10 08:21:41.989 T:3389227904 DEBUG: CVideoPlayerVideo::OutputPicture - ttd:256ms pts:603.170 Clock:602.914 Level:3
2020-05-10 08:21:42.029 T:3389227904 DEBUG: CVideoPlayerVideo::OutputPicture - ttd:257ms pts:603.212 Clock:602.954 Level:3
2020-05-10 08:21:42.030 T:3389227904 DEBUG: CVideoPlayerVideo::OutputPicture - ttd:298ms pts:603.253 Clock:602.955 Level:4
2020-05-10 08:21:42.154 T:3389227904 DEBUG: CVideoPlayerVideo::OutputPicture - ttd:215ms pts:603.295 Clock:603.079 Level:2
2020-05-10 08:21:42.194 T:3389227904 DEBUG: CVideoPlayerVideo::OutputPicture - ttd:217ms pts:603.337 Clock:603.119 Level:2
2020-05-10 08:21:42.196 T:3389227904 DEBUG: CVideoPlayerVideo::OutputPicture - ttd:257ms pts:603.378 Clock:603.121 Level:3
2020-05-10 08:21:42.283 T:3389227904 DEBUG: CVideoPlayerVideo::OutputPicture - ttd:212ms pts:603.420 Clock:603.208 Level:2
2020-05-10 08:21:42.325 T:3389227904 DEBUG: CVideoPlayerVideo::OutputPicture - ttd:211ms pts:603.462 Clock:603.250 Level:2
2020-05-10 08:21:42.326 T:3389227904 DEBUG: CVideoPlayerVideo::OutputPicture - ttd:252ms pts:603.504 Clock:603.251 Level:3
2020-05-10 08:21:42.405 T:3389227904 DEBUG: CVideoPlayerVideo::OutputPicture - ttd:215ms pts:603.545 Clock:603.330 Level:2
2020-05-10 08:21:42.445 T:3389227904 DEBUG: CVideoPlayerVideo::OutputPicture - ttd:216ms pts:603.587 Clock:603.370 Level:2
2020-05-10 08:21:42.447 T:3389227904 DEBUG: CVideoPlayerVideo::OutputPicture - ttd:256ms pts:603.629 Clock:603.372 Level:3
2020-05-10 08:21:42.532 T:3389227904 DEBUG: CVideoPlayerVideo::OutputPicture - ttd:213ms pts:603.670 Clock:603.457 Level:2
2020-05-10 08:21:42.572 T:3389227904 DEBUG: CVideoPlayerVideo::OutputPicture - ttd:214ms pts:603.712 Clock:603.497 Level:2
2020-05-10 08:21:42.574 T:3389227904 DEBUG: CVideoPlayerVideo::OutputPicture - ttd:255ms pts:603.754 Clock:603.499 Level:3
2020-05-10 08:21:42.653 T:3389227904 DEBUG: CVideoPlayerVideo::OutputPicture - ttd:217ms pts:603.795 Clock:603.578 Level:2
2020-05-10 08:21:42.700 T:3389227904 DEBUG: CVideoPlayerVideo::OutputPicture - ttd:212ms pts:603.837 Clock:603.625 Level:2
2020-05-10 08:21:42.701 T:3389227904 DEBUG: CVideoPlayerVideo::OutputPicture - ttd:252ms pts:603.879 Clock:603.626 Level:3
2020-05-10 08:21:42.780 T:3389227904 DEBUG: CVideoPlayerVideo::OutputPicture - ttd:215ms pts:603.921 Clock:603.705 Level:2
2020-05-10 08:21:42.781 T:3389227904 DEBUG: CVideoPlayerVideo::OutputPicture - ttd:255ms pts:603.962 Clock:603.706 Level:3
2020-05-10 08:21:42.839 T:3886019456 DEBUG: CBlurayCallback::Logger - register.c:420: bd_psr_write(): PSR6 (PLAYLIST) 0x3 -> 0x4
2020-05-10 08:21:42.839 T:3886019456 DEBUG: CBlurayCallback::Logger - bluray.c:3115: PSR change: psr6 = 4
2020-05-10 08:21:42.839 T:3886019456 DEBUG: CBlurayCallback::Logger - register.c:418: bd_psr_write(3, 1): no change in value
2020-05-10 08:21:42.840 T:3886019456 DEBUG: CBlurayCallback::Logger - bluray.c:3076: PSR write: psr3 = 1
2020-05-10 08:21:42.840 T:3886019456 DEBUG: CBlurayCallback::Logger - register.c:420: bd_psr_write(): PSR5 (CHAPTER) 0x2 -> 0xffff
2020-05-10 08:21:42.840 T:3886019456 DEBUG: CBlurayCallback::Logger - bluray.c:3115: PSR change: psr5 = 65535
2020-05-10 08:21:42.903 T:3389227904 DEBUG: CVideoPlayerVideo::OutputPicture - ttd:175ms pts:604.004 Clock:603.828 Level:1
2020-05-10 08:21:42.905 T:3389227904 DEBUG: CVideoPlayerVideo::OutputPicture - ttd:216ms pts:604.046 Clock:603.830 Level:2
2020-05-10 08:21:42.906 T:3389227904 DEBUG: CVideoPlayerVideo::OutputPicture - ttd:256ms pts:604.087 Clock:603.831 Level:3
2020-05-10 08:21:42.907 T:3389227904 DEBUG: CVideoPlayerVideo::OutputPicture - ttd:297ms pts:604.129 Clock:603.832 Level:4
2020-05-10 08:21:42.990 T:3389227904 DEBUG: CVideoPlayerVideo::OutputPicture - ttd:256ms pts:604.171 Clock:603.915 Level:3
2020-05-10 08:21:43.028 T:3389227904 DEBUG: CVideoPlayerVideo::OutputPicture - ttd:259ms pts:604.213 Clock:603.953 Level:3
2020-05-10 08:21:43.029 T:3389227904 DEBUG: CVideoPlayerVideo::OutputPicture - ttd:300ms pts:604.254 Clock:603.954 Level:4
2020-05-10 08:21:43.156 T:3389227904 DEBUG: CVideoPlayerVideo::OutputPicture - ttd:215ms pts:604.296 Clock:604.081 Level:2
2020-05-10 08:21:43.196 T:3389227904 DEBUG: CVideoPlayerVideo::OutputPicture - ttd:216ms pts:604.338 Clock:604.121 Level:2
2020-05-10 08:21:43.197 T:3389227904 DEBUG: CVideoPlayerVideo::OutputPicture - ttd:256ms pts:604.379 Clock:604.122 Level:3
2020-05-10 08:21:43.246 T:3886019456 DEBUG: CBlurayCallback::Logger - register.c:420: bd_psr_write(): PSR7 (PLAYITEM) 0x1 -> 0x0
2020-05-10 08:21:43.246 T:3886019456 DEBUG: CBlurayCallback::Logger - bluray.c:3115: PSR change: psr7 = 0
2020-05-10 08:21:43.246 T:3886019456 DEBUG: CBlurayCallback::Logger - register.c:420: bd_psr_write(): PSR8 (TIME) 0x19bfcc0 -> 0x622b39c0
2020-05-10 08:21:43.246 T:3886019456 DEBUG: CBlurayCallback::Logger - bluray.c:3115: PSR change: psr8 = 1647000000
2020-05-10 08:21:43.246 T:3886019456 DEBUG: CBlurayCallback::Logger - bluray.c:2392: Title 00004.mpls selected
2020-05-10 08:21:43.246 T:3886019456 DEBUG: CBlurayCallback::Logger - register.c:420: bd_psr_write(): PSR5 (CHAPTER) 0xffff -> 0x1
2020-05-10 08:21:43.247 T:3886019456 DEBUG: CBlurayCallback::Logger - bluray.c:3115: PSR change: psr5 = 1
2020-05-10 08:21:43.247 T:3886019456 DEBUG: CVideoPlayer::ProcessVideoData size:323 dts:608.425 pts:608.425 dur:41.700ms, clock:604.172 level:37
2020-05-10 08:21:43.248 T:3886019456 DEBUG: CDVDInputStreamBluray - BD_EVENT_PLAYLIST 4
2020-05-10 08:21:43.248 T:3886019456 DEBUG: CDVDInputStreamBluray - BD_EVENT_ANGLE 1
2020-05-10 08:21:43.248 T:3886019456 DEBUG: CDVDInputStreamBluray - BD_EVENT_PLAYITEM 0
2020-05-10 08:21:43.248 T:3886019456 DEBUG: CDVDInputStreamBluray - BD_EVENT_CHAPTER 1
2020-05-10 08:21:43.249 T:3886019456 NOTICE: VideoPlayer: next stream, wait for old streams to be finished
2020-05-10 08:21:43.249 T:3886019456 NOTICE: Closing stream player 1
2020-05-10 08:21:43.249 T:3886019456 NOTICE: CDVDMessageQueue(audio)::WaitUntilEmpty
2020-05-10 08:21:43.283 T:3389227904 DEBUG: CVideoPlayerVideo::OutputPicture - ttd:213ms pts:604.421 Clock:604.207 Level:2
2020-05-10 08:21:43.323 T:3389227904 DEBUG: CVideoPlayerVideo::OutputPicture - ttd:215ms pts:604.463 Clock:604.248 Level:2
2020-05-10 08:21:43.324 T:3389227904 DEBUG: CVideoPlayerVideo::OutputPicture - ttd:255ms pts:604.505 Clock:604.249 Level:3
2020-05-10 08:21:43.407 T:3389227904 DEBUG: CVideoPlayerVideo::OutputPicture - ttd:214ms pts:604.546 Clock:604.332 Level:2
2020-05-10 08:21:43.450 T:3389227904 DEBUG: CVideoPlayerVideo::OutputPicture - ttd:213ms pts:604.588 Clock:604.374 Level:2
2020-05-10 08:21:43.451 T:3389227904 DEBUG: CVideoPlayerVideo::OutputPicture - ttd:253ms pts:604.630 Clock:604.376 Level:3
2020-05-10 08:21:43.531 T:3389227904 DEBUG: CVideoPlayerVideo::OutputPicture - ttd:215ms pts:604.671 Clock:604.456 Level:2
2020-05-10 08:21:43.572 T:3389227904 DEBUG: CVideoPlayerVideo::OutputPicture - ttd:216ms pts:604.713 Clock:604.497 Level:2
2020-05-10 08:21:43.573 T:3389227904 DEBUG: CVideoPlayerVideo::OutputPicture - ttd:256ms pts:604.755 Clock:604.498 Level:3
2020-05-10 08:21:43.659 T:3389227904 DEBUG: CVideoPlayerVideo::OutputPicture - ttd:212ms pts:604.796 Clock:604.584 Level:2
2020-05-10 08:21:43.699 T:3389227904 DEBUG: CVideoPlayerVideo::OutputPicture - ttd:213ms pts:604.838 Clock:604.624 Level:2
2020-05-10 08:21:43.701 T:3389227904 DEBUG: CVideoPlayerVideo::OutputPicture - ttd:254ms pts:604.880 Clock:604.626 Level:3
2020-05-10 08:21:43.780 T:3389227904 DEBUG: CVideoPlayerVideo::OutputPicture - ttd:216ms pts:604.922 Clock:604.705 Level:2
2020-05-10 08:21:43.781 T:3389227904 DEBUG: CVideoPlayerVideo::OutputPicture - ttd:257ms pts:604.963 Clock:604.706 Level:3
2020-05-10 08:21:43.906 T:3389227904 DEBUG: CVideoPlayerVideo::OutputPicture - ttd:174ms pts:605.005 Clock:604.831 Level:1
2020-05-10 08:21:43.907 T:3389227904 DEBUG: CVideoPlayerVideo::OutputPicture - ttd:214ms pts:605.047 Clock:604.832 Level:2
2020-05-10 08:21:43.908 T:3389227904 DEBUG: CVideoPlayerVideo::OutputPicture - ttd:255ms pts:605.088 Clock:604.833 Level:3
2020-05-10 08:21:43.910 T:3389227904 DEBUG: CVideoPlayerVideo::OutputPicture - ttd:295ms pts:605.130 Clock:604.834 Level:4
2020-05-10 08:21:43.993 T:3389227904 DEBUG: CVideoPlayerVideo::OutputPicture - ttd:253ms pts:605.172 Clock:604.918 Level:3
2020-05-10 08:21:44.031 T:3389227904 DEBUG: CVideoPlayerVideo::OutputPicture - ttd:257ms pts:605.214 Clock:604.956 Level:3
2020-05-10 08:21:44.032 T:3389227904 DEBUG: CVideoPlayerVideo::OutputPicture - ttd:297ms pts:605.255 Clock:604.957 Level:4
2020-05-10 08:21:44.157 T:3389227904 DEBUG: CVideoPlayerVideo::OutputPicture - ttd:215ms pts:605.297 Clock:605.082 Level:2
2020-05-10 08:21:44.199 T:3389227904 DEBUG: CVideoPlayerVideo::OutputPicture - ttd:214ms pts:605.339 Clock:605.124 Level:2
2020-05-10 08:21:44.201 T:3389227904 DEBUG: CVideoPlayerVideo::OutputPicture - ttd:254ms pts:605.380 Clock:605.126 Level:3
2020-05-10 08:21:44.281 T:3389227904 DEBUG: CVideoPlayerVideo::OutputPicture - ttd:216ms pts:605.422 Clock:605.206 Level:2
2020-05-10 08:21:44.324 T:3389227904 DEBUG: CVideoPlayerVideo::OutputPicture - ttd:215ms pts:605.464 Clock:605.249 Level:2
2020-05-10 08:21:44.325 T:3389227904 DEBUG: CVideoPlayerVideo::OutputPicture - ttd:255ms pts:605.505 Clock:605.250 Level:3
2020-05-10 08:21:44.406 T:3389227904 DEBUG: CVideoPlayerVideo::OutputPicture - ttd:216ms pts:605.547 Clock:605.331 Level:2
2020-05-10 08:21:44.446 T:3389227904 DEBUG: CVideoPlayerVideo::OutputPicture - ttd:217ms pts:605.589 Clock:605.371 Level:2
2020-05-10 08:21:44.449 T:3389227904 DEBUG: CVideoPlayerVideo::OutputPicture - ttd:256ms pts:605.631 Clock:605.374 Level:3
2020-05-10 08:21:44.530 T:3389227904 DEBUG: CVideoPlayerVideo::OutputPicture - ttd:217ms pts:605.672 Clock:605.455 Level:2
2020-05-10 08:21:44.577 T:3389227904 DEBUG: CVideoPlayerVideo::OutputPicture - ttd:212ms pts:605.714 Clock:605.502 Level:2
2020-05-10 08:21:44.578 T:3389227904 DEBUG: CVideoPlayerVideo::OutputPicture - ttd:252ms pts:605.756 Clock:605.503 Level:3
2020-05-10 08:21:44.657 T:3389227904 DEBUG: CVideoPlayerVideo::OutputPicture - ttd:215ms pts:605.797 Clock:605.582 Level:2
2020-05-10 08:21:44.697 T:3389227904 DEBUG: CVideoPlayerVideo::OutputPicture - ttd:217ms pts:605.839 Clock:605.622 Level:2
2020-05-10 08:21:44.698 T:3389227904 DEBUG: CVideoPlayerVideo::OutputPicture - ttd:257ms pts:605.881 Clock:605.623 Level:3
2020-05-10 08:21:44.783 T:3389227904 DEBUG: CVideoPlayerVideo::OutputPicture - ttd:214ms pts:605.923 Clock:605.708 Level:2
2020-05-10 08:21:44.785 T:3389227904 DEBUG: CVideoPlayerVideo::OutputPicture - ttd:254ms pts:605.964 Clock:605.710 Level:3
2020-05-10 08:21:44.908 T:3389227904 DEBUG: CVideoPlayerVideo::OutputPicture - ttd:173ms pts:606.006 Clock:605.833 Level:1
2020-05-10 08:21:44.909 T:3389227904 DEBUG: CVideoPlayerVideo::OutputPicture - ttd:213ms pts:606.048 Clock:605.834 Level:2
2020-05-10 08:21:44.911 T:3389227904 DEBUG: CPtsTracker: detected pattern of length 1: 41708.33, frameduration: 41708.333333
2020-05-10 08:21:44.911 T:3389227904 DEBUG: CVideoPlayerVideo::OutputPicture - ttd:253ms pts:606.089 Clock:605.836 Level:3
2020-05-10 08:21:44.912 T:3389227904 DEBUG: CVideoPlayerVideo::OutputPicture - ttd:294ms pts:606.131 Clock:605.837 Level:4
2020-05-10 08:21:44.992 T:3389227904 DEBUG: CVideoPlayerVideo::OutputPicture - ttd:255ms pts:606.173 Clock:605.917 Level:3
2020-05-10 08:21:45.030 T:3389227904 DEBUG: CVideoPlayerVideo::OutputPicture - ttd:259ms pts:606.215 Clock:605.955 Level:3
2020-05-10 08:21:45.032 T:3389227904 DEBUG: CVideoPlayerVideo::OutputPicture - ttd:299ms pts:606.256 Clock:605.956 Level:4
2020-05-10 08:21:45.158 T:3389227904 DEBUG: CVideoPlayerVideo::OutputPicture - ttd:214ms pts:606.298 Clock:606.083 Level:2
2020-05-10 08:21:45.197 T:3389227904 DEBUG: CVideoPlayerVideo::OutputPicture - ttd:218ms pts:606.340 Clock:606.121 Level:2
2020-05-10 08:21:45.199 T:3389227904 DEBUG: CVideoPlayerVideo::OutputPicture - ttd:257ms pts:606.381 Clock:606.124 Level:3
2020-05-10 08:21:45.281 T:3389227904 DEBUG: CVideoPlayerVideo::OutputPicture - ttd:216ms pts:606.423 Clock:606.206 Level:2
2020-05-10 08:21:45.325 T:3389227904 DEBUG: CVideoPlayerVideo::OutputPicture - ttd:214ms pts:606.465 Clock:606.250 Level:2
2020-05-10 08:21:45.327 T:3389227904 DEBUG: CVideoPlayerVideo::OutputPicture - ttd:254ms pts:606.506 Clock:606.252 Level:3
2020-05-10 08:21:45.407 T:3389227904 DEBUG: CVideoPlayerVideo::OutputPicture - ttd:215ms pts:606.548 Clock:606.332 Level:2
2020-05-10 08:21:45.452 T:3389227904 DEBUG: CVideoPlayerVideo::OutputPicture - ttd:213ms pts:606.590 Clock:606.377 Level:2
2020-05-10 08:21:45.453 T:3389227904 DEBUG: CVideoPlayerVideo::OutputPicture - ttd:253ms pts:606.632 Clock:606.378 Level:3
2020-05-10 08:21:45.529 T:3389227904 DEBUG: CVideoPlayerVideo::OutputPicture - ttd:219ms pts:606.673 Clock:606.454 Level:2
2020-05-10 08:21:45.574 T:3389227904 DEBUG: CVideoPlayerVideo::OutputPicture - ttd:216ms pts:606.715 Clock:606.499 Level:2
2020-05-10 08:21:45.575 T:3389227904 DEBUG: CVideoPlayerVideo::OutputPicture - ttd:256ms pts:606.757 Clock:606.500 Level:3
2020-05-10 08:21:45.660 T:3389227904 DEBUG: CVideoPlayerVideo::OutputPicture - ttd:213ms pts:606.798 Clock:606.585 Level:2
2020-05-10 08:21:45.698 T:3389227904 DEBUG: CVideoPlayerVideo::OutputPicture - ttd:217ms pts:606.840 Clock:606.623 Level:2
2020-05-10 08:21:45.699 T:3389227904 DEBUG: CVideoPlayerVideo::OutputPicture - ttd:257ms pts:606.882 Clock:606.624 Level:3
2020-05-10 08:21:45.786 T:3389227904 DEBUG: CVideoPlayerVideo::OutputPicture - ttd:212ms pts:606.924 Clock:606.711 Level:2
2020-05-10 08:21:45.787 T:3389227904 DEBUG: CVideoPlayerVideo::OutputPicture - ttd:252ms pts:606.965 Clock:606.712 Level:3
2020-05-10 08:21:45.910 T:3389227904 DEBUG: CVideoPlayerVideo::OutputPicture - ttd:172ms pts:607.007 Clock:606.835 Level:1
2020-05-10 08:21:45.911 T:3389227904 DEBUG: CVideoPlayerVideo::OutputPicture - ttd:212ms pts:607.049 Clock:606.836 Level:2
2020-05-10 08:21:45.912 T:3389227904 DEBUG: CVideoPlayerVideo::OutputPicture - ttd:252ms pts:607.090 Clock:606.837 Level:3
2020-05-10 08:21:45.914 T:3389227904 DEBUG: CVideoPlayerVideo::OutputPicture - ttd:293ms pts:607.132 Clock:606.839 Level:4
2020-05-10 08:21:45.989 T:3389227904 DEBUG: CVideoPlayerVideo::OutputPicture - ttd:259ms pts:607.174 Clock:606.914 Level:3
2020-05-10 08:21:46.033 T:3389227904 DEBUG: CVideoPlayerVideo::OutputPicture - ttd:257ms pts:607.216 Clock:606.958 Level:3
2020-05-10 08:21:46.034 T:3389227904 DEBUG: CVideoPlayerVideo::OutputPicture - ttd:297ms pts:607.257 Clock:606.959 Level:4
2020-05-10 08:21:46.155 T:3389227904 DEBUG: CVideoPlayerVideo::OutputPicture - ttd:219ms pts:607.299 Clock:607.080 Level:2
2020-05-10 08:21:46.199 T:3389227904 DEBUG: CVideoPlayerVideo::OutputPicture - ttd:216ms pts:607.341 Clock:607.124 Level:2
2020-05-10 08:21:46.200 T:3389227904 DEBUG: CVideoPlayerVideo::OutputPicture - ttd:257ms pts:607.382 Clock:607.125 Level:3
2020-05-10 08:21:46.283 T:3389227904 DEBUG: CVideoPlayerVideo::OutputPicture - ttd:216ms pts:607.424 Clock:607.207 Level:2
2020-05-10 08:21:46.706 T:3389227904 DEBUG: CVideoPlayerVideo::OutputPicture - ttd:-165ms pts:607.466 Clock:607.631 Level:0
2020-05-10 08:21:46.707 T:3389227904 DEBUG: CVideoPlayerVideo::OutputPicture - ttd:-124ms pts:607.508 Clock:607.632 Level:1
2020-05-10 08:21:46.709 T:3389227904 DEBUG: CVideoPlayerVideo::OutputPicture - ttd:-84ms pts:607.549 Clock:607.634 Level:2
2020-05-10 08:21:46.710 T:3389227904 DEBUG: CVideoPlayerVideo::OutputPicture - ttd:-43ms pts:607.591 Clock:607.635 Level:3
2020-05-10 08:21:46.711 T:3389227904 DEBUG: CVideoPlayerVideo::OutputPicture - ttd:-3ms pts:607.633 Clock:607.636 Level:4
2020-05-10 08:21:46.797 T:3886019456 NOTICE: Waiting for audio thread to exit
2020-05-10 08:21:46.798 T:3401663360 DEBUG: CVideoPlayerAudio - CDVDMsg::GENERAL_SYNCHRONIZE
2020-05-10 08:21:46.798 T:3401663360 NOTICE: thread end: CVideoPlayerAudio::OnExit()
2020-05-10 08:21:46.798 T:3886019456 NOTICE: Closing audio device
2020-05-10 08:21:46.798 T:3401663360 DEBUG: Thread VideoPlayerAudio 3401663360 terminating
2020-05-10 08:21:47.135 T:3389227904 DEBUG: CVideoPlayerVideo::OutputPicture - ttd:-385ms pts:607.674 Clock:608.059 Level:0
2020-05-10 08:21:47.136 T:3389227904 DEBUG: CVideoPlayerVideo::OutputPicture - ttd:-344ms pts:607.716 Clock:608.061 Level:1
2020-05-10 08:21:47.137 T:3389227904 DEBUG: CVideoPlayerVideo::OutputPicture - ttd:-304ms pts:607.758 Clock:608.062 Level:2
2020-05-10 08:21:47.138 T:3389227904 DEBUG: CVideoPlayerVideo::OutputPicture - ttd:-263ms pts:607.799 Clock:608.063 Level:3
2020-05-10 08:21:47.139 T:3389227904 DEBUG: CVideoPlayerVideo::OutputPicture - ttd:-223ms pts:607.841 Clock:608.064 Level:4
2020-05-10 08:21:47.141 T:3389227904 DEBUG: CVideoPlayerVideo::OutputPicture - ttd:-182ms pts:607.883 Clock:608.066 Level:5
2020-05-10 08:21:47.196 T:4037845888 DEBUG: CActiveAE::DiscardStream - audio stream deleted
2020-05-10 08:21:47.196 T:4037845888 DEBUG: CActiveAE::ClearDiscardedBuffers - buffer pool deleted
2020-05-10 08:21:47.197 T:3886019456 DEBUG: Previous line repeats 2 times.
2020-05-10 08:21:47.197 T:3886019456 NOTICE: Deleting audio codec
2020-05-10 08:21:47.198 T:3886019456 NOTICE: Closing stream player 2
2020-05-10 08:21:47.198 T:3886019456 NOTICE: CDVDMessageQueue(video)::WaitUntilEmpty
2020-05-10 08:21:47.203 T:3389227904 DEBUG: CVideoPlayerVideo::OutputPicture - ttd:-203ms pts:607.925 Clock:608.128 Level:0
2020-05-10 08:21:47.203 T:3389227904 DEBUG: CVideoPlayerVideo::OutputPicture - ttd:-161ms pts:607.966 Clock:608.128 Level:1
2020-05-10 08:21:47.246 T:3389227904 DEBUG: CVideoPlayerVideo::OutputPicture - ttd:-162ms pts:608.008 Clock:608.171 Level:0
2020-05-10 08:21:47.246 T:3389227904 DEBUG: CVideoPlayerVideo::OutputPicture - ttd:-121ms pts:608.050 Clock:608.171 Level:1
2020-05-10 08:21:47.246 T:3389227904 DEBUG: CVideoPlayerVideo::OutputPicture - ttd:-79ms pts:608.091 Clock:608.171 Level:2
2020-05-10 08:21:47.246 T:3389227904 DEBUG: CVideoPlayerVideo::OutputPicture - ttd:-38ms pts:608.133 Clock:608.171 Level:3
2020-05-10 08:21:47.288 T:3389227904 DEBUG: CVideoPlayerVideo::OutputPicture - ttd:-38ms pts:608.175 Clock:608.213 Level:0
2020-05-10 08:21:47.322 T:3389227904 DEBUG: CVideoPlayerVideo::OutputPicture - ttd:-30ms pts:608.217 Clock:608.247 Level:0
2020-05-10 08:21:47.322 T:3389227904 DEBUG: CVideoPlayerVideo::OutputPicture - ttd:10ms pts:608.258 Clock:608.247 Level:1
2020-05-10 08:21:47.365 T:3389227904 DEBUG: CVideoPlayerVideo::OutputPicture - ttd:9ms pts:608.300 Clock:608.290 Level:0
2020-05-10 08:21:47.406 T:3389227904 DEBUG: CVideoPlayerVideo::OutputPicture - ttd:10ms pts:608.342 Clock:608.331 Level:0
2020-05-10 08:21:47.406 T:3389227904 DEBUG: CVideoPlayerVideo::OutputPicture - ttd:52ms pts:608.383 Clock:608.331 Level:1
2020-05-10 08:21:47.595 T:4029453184 INFO: CActiveAESink::OpenSink - initialize sink
2020-05-10 08:21:47.706 T:3389227904 DEBUG: CVideoPlayerVideo - CDVDMsg::GENERAL_SYNCHRONIZE
2020-05-10 08:21:47.706 T:3886019456 NOTICE: waiting for video thread to exit
2020-05-10 08:21:47.707 T:3389227904 ERROR: Got MSGQ_ABORT or MSGO_IS_ERROR return true
2020-05-10 08:21:47.707 T:3389227904 NOTICE: thread end: video_thread
2020-05-10 08:21:47.707 T:3389227904 DEBUG: Thread VideoPlayerVideo 3389227904 terminating
2020-05-10 08:21:47.707 T:3886019456 NOTICE: deleting video codec
2020-05-10 08:21:47.707 T:3886019456 DEBUG: CAMLCodec::CloseDecoder
2020-05-10 08:21:47.734 T:3886019456 NOTICE: Creating Demuxer
2020-05-10 08:21:47.734 T:3886019456 DEBUG: DVDFactoryDemuxer: Create CDVDDemuxFFmpeg.
2020-05-10 08:21:47.795 T:4029453184 DEBUG: CActiveAESink::OpenSink - trying to open device ALSA:surround71:CARD=AMLAUGESOUND,DEV=0
2020-05-10 08:21:47.795 T:4029453184 INFO: CAESinkALSA::Initialize - Attempting to open device "surround71:CARD=AMLAUGESOUND,DEV=0"
2020-05-10 08:21:47.798 T:4029453184 INFO: CAESinkALSA::Initialize - Opened device "surround71:CARD=AMLAUGESOUND,DEV=0"
2020-05-10 08:21:47.798 T:4029453184 INFO: CAESinkALSA::InitializeHW - Your hardware does not support AE_FMT_FLOAT, trying other formats
2020-05-10 08:21:47.798 T:4029453184 INFO: CAESinkALSA::InitializeHW - Using data format AE_FMT_S24NE4
2020-05-10 08:21:47.798 T:4029453184 DEBUG: CAESinkALSA::InitializeHW - Request: periodSize 2205, bufferSize 8820
2020-05-10 08:21:47.829 T:4029453184 DEBUG: CAESinkALSA::InitializeHW - Got: periodSize 2205, bufferSize 8820
2020-05-10 08:21:47.829 T:4029453184 DEBUG: CAESinkALSA::InitializeHW - Setting timeout to 200 ms
2020-05-10 08:21:47.829 T:4029453184 DEBUG: CAESinkALSA::GetChannelLayout - Input Channel Count: 2 Output Channel Count: 2
2020-05-10 08:21:47.829 T:4029453184 DEBUG: CAESinkALSA::GetChannelLayout - Requested Layout: FL, FR
2020-05-10 08:21:47.829 T:4029453184 DEBUG: CAESinkALSA::GetChannelLayout - Got Layout: FL, FR (ALSA: FL FR)
2020-05-10 08:21:47.829 T:4029453184 DEBUG: CActiveAESink::OpenSink - ALSA Initialized:
2020-05-10 08:21:47.829 T:4029453184 DEBUG: Output Device : AML-AUGESOUND
2020-05-10 08:21:47.829 T:4029453184 DEBUG: Sample Rate : 44100
2020-05-10 08:21:47.829 T:4029453184 DEBUG: Sample Format : AE_FMT_S24NE4
2020-05-10 08:21:47.829 T:4029453184 DEBUG: Channel Count : 2
2020-05-10 08:21:47.829 T:4029453184 DEBUG: Channel Layout: FL, FR
2020-05-10 08:21:47.829 T:4029453184 DEBUG: Frames : 2205
2020-05-10 08:21:47.829 T:4029453184 DEBUG: Frame Size : 8
2020-05-10 08:21:47.830 T:4037845888 DEBUG: CActiveAE::ClearDiscardedBuffers - buffer pool deleted
2020-05-10 08:21:48.360 T:3886019456 DEBUG: Previous line repeats 1 times.
2020-05-10 08:21:48.360 T:3886019456 DEBUG: CBlurayCallback::Logger - bluray.c:1581: PlayMark 0 reached (768)
2020-05-10 08:21:48.360 T:3886019456 DEBUG: CBlurayCallback::Logger - register.c:418: bd_psr_write(5, 1): no change in value
2020-05-10 08:21:48.360 T:3886019456 DEBUG: CBlurayCallback::Logger - bluray.c:3076: PSR write: psr5 = 1
2020-05-10 08:21:48.360 T:3886019456 DEBUG: Open - probing detected format [mpegts]
2020-05-10 08:21:48.360 T:3886019456 DEBUG: Open - avformat_find_stream_info starting
2020-05-10 08:21:48.416 T:3886019456 DEBUG: Open - av_find_stream_info finished
2020-05-10 08:21:48.416 T:3886019456 INFO: ffmpeg[E79FF380]: Input #0, mpegts, from '/var/media/SAFETY NOT GUARANTEE/BDMV/index.bdmv':
2020-05-10 08:21:48.416 T:3886019456 INFO: ffmpeg[E79FF380]: Duration: N/A, start: 36600.000000, bitrate: N/A
2020-05-10 08:21:48.416 T:3886019456 INFO: ffmpeg[E79FF380]: Program 1
2020-05-10 08:21:48.416 T:3886019456 INFO: ffmpeg[E79FF380]: Stream #0:0[0x1011]: Video: h264 (High) (HDMV / 0x564D4448), yuv420p(tv, bt709, progressive), 1920x1080 [SAR 1:1 DAR 16:9], 23.98 fps, 23.98 tbr, 90k tbn, 47.95 tbc
2020-05-10 08:21:48.416 T:3886019456 INFO: ffmpeg[E79FF380]: Stream #0:1[0x1100]: Audio: dts (DTS-HD MA) ([134][0][0][0] / 0x0086), 48000 Hz, 5.0(side), s16p
2020-05-10 08:21:48.416 T:3886019456 DEBUG: DVDDemuxFFmpeg::AddStream - fps:24000/1001 tbr:24000/1001 tbn:48000/1001
2020-05-10 08:21:48.416 T:3886019456 DEBUG: DVDDemuxFFmpeg::AddStream - fps:24000/1001p
2020-05-10 08:21:48.416 T:3886019456 DEBUG: CDVDDemuxFFmpeg::AddStream ID: 0
2020-05-10 08:21:48.416 T:3886019456 DEBUG: CDVDDemuxFFmpeg::AddStream ID: 1
2020-05-10 08:21:48.416 T:3886019456 NOTICE: Opening stream: 0 source: 256
2020-05-10 08:21:48.416 T:3886019456 NOTICE: CVideoPlayerVideo::OpenStream - Creating codec: 27
2020-05-10 08:21:48.416 T:3886019456 DEBUG: DVDVideoCodecAmlogic::Open - codec 27 profile:100 extra_size:66 fps:24000/1001
2020-05-10 08:21:48.416 T:3886019456 INFO: DVDVideoCodecAmlogic: Opened Amlogic Codec
2020-05-10 08:21:48.417 T:3886019456 DEBUG: CVideoPlayerVideo::OpenStream - open stream with codec id: 27 fps:24000/1001 options:02
2020-05-10 08:21:48.417 T:3886019456 NOTICE: Creating video thread
2020-05-10 08:21:48.417 T:3886019456 DEBUG: ReadEditDecisionLists - Checking for edit decision lists (EDL) on local drive or remote share for: /var/media/SAFETY NOT GUARANTEE/BDMV/index.bdmv
2020-05-10 08:21:48.417 T:3389227904 DEBUG: Thread VideoPlayerVideo start, auto delete: false
2020-05-10 08:21:48.417 T:3389227904 NOTICE: running thread: video_thread
2020-05-10 08:21:48.417 T:3886019456 DEBUG: CVideoPlayer::ProcessVideoData size:2450 dts:36599.958 pts:36600.000 dur:0.000ms, clock:36599.500 level:0
2020-05-10 08:21:48.417 T:3389227904 DEBUG: CVideoPlayerVideo - CDVDMsg::GENERAL_PAUSE: 0
2020-05-10 08:21:48.417 T:3886019456 DEBUG: CDVDClock::SetSpeedAdjust - adjusted:0.000000
2020-05-10 08:21:48.417 T:3389227904 DEBUG: CAMLCodec::SetSpeed, speed(0)
2020-05-10 08:21:48.417 T:4060491200 NOTICE: Whitelist search for: width: 1920, height: 1080, fps: 23.976, 3D: false
2020-05-10 08:21:48.417 T:3886019456 NOTICE: Opening stream: 1 source: 256
2020-05-10 08:21:48.417 T:3389227904 INFO: CVideoPlayerVideo - Stillframe left, switching to normal playback
2020-05-10 08:21:48.417 T:3886019456 NOTICE: Finding audio codec for: 86020
2020-05-10 08:21:48.417 T:4060491200 DEBUG: Trying to find exact refresh rate
2020-05-10 08:21:48.417 T:3389227904 INFO: DVDVideoCodecAmlogic::AddData Open decoder: fps:24000/1001
2020-05-10 08:21:48.417 T:3389227904 DEBUG: codecid_to_vformat, id(27) -> vformat(2)
2020-05-10 08:21:48.417 T:3389227904 DEBUG: codec_tag_to_vdec_type, codec_tag(1447904328) -> vdec_type(0)
2020-05-10 08:21:48.417 T:3389227904 DEBUG: codec_tag_to_vdec_type, codec_tag(27) -> vdec_type(4)
2020-05-10 08:21:48.417 T:3389227904 DEBUG: CAMLCodec::OpenDecoder hints.width(1920), hints.height(1080), hints.codec(27), hints.codec_tag(1447904328)
2020-05-10 08:21:48.417 T:3389227904 DEBUG: CAMLCodec::OpenDecoder hints.fpsrate(24000), hints.fpsscale(1001), video_rate(4004)
2020-05-10 08:21:48.417 T:3389227904 DEBUG: CAMLCodec::OpenDecoder hints.aspect(1.777778), video_ratio.num(1), video_ratio.den(1)
2020-05-10 08:21:48.417 T:3389227904 DEBUG: CAMLCodec::OpenDecoder hints.orientation(0), hints.forced_aspect(0), hints.extrasize(66)
2020-05-10 08:21:48.417 T:3886019456 NOTICE: CDVDAudioCodecFFmpeg::Open() Successful opened audio decoder dca
2020-05-10 08:21:48.417 T:4060491200 DEBUG: Matched exact whitelisted Resolution 1920x1080 @ 23.98 - Full Screen (34)
2020-05-10 08:21:48.418 T:3886019456 NOTICE: Creating audio thread
2020-05-10 08:21:48.418 T:4060491200 NOTICE: Display resolution ADJUST : 1920x1080 @ 23.98 - Full Screen (34) (weight: 0.002)
2020-05-10 08:21:48.418 T:3886019456 DEBUG: CVideoPlayer::HandleMessages - player 2 reported state: 0
2020-05-10 08:21:48.418 T:3427763072 DEBUG: OnAVChange: CApplication::OnAVChange
2020-05-10 08:21:48.418 T:3401663360 DEBUG: Thread VideoPlayerAudio start, auto delete: false
2020-05-10 08:21:48.418 T:3886019456 DEBUG: CVideoPlayer::ProcessVideoData size:14986 dts:36600.000 pts:36600.125 dur:41.700ms, clock:36599.500 level:0
2020-05-10 08:21:48.418 T:3401663360 NOTICE: running thread: CVideoPlayerAudio::Process()
2020-05-10 08:21:48.418 T:3427763072 DEBUG: OnAVChange: CApplication::OnAVChange
2020-05-10 08:21:48.418 T:3886019456 DEBUG: CVideoPlayer::ProcessVideoData size:7699 dts:36600.042 pts:36600.042 dur:41.700ms, clock:36599.500 level:0
2020-05-10 08:21:48.418 T:3401663360 DEBUG: CVideoPlayerAudio - CDVDMsg::GENERAL_PAUSE: 0
2020-05-10 08:21:48.418 T:3401663360 DEBUG: CDVDAudio::Pause - pausing audio stream
2020-05-10 08:21:48.418 T:3886019456 DEBUG: CVideoPlayer::HandleMessages - player 1 reported state: 0
2020-05-10 08:21:48.418 T:3886019456 DEBUG: CVideoPlayer::ProcessVideoData size:8494 dts:36600.083 pts:36600.083 dur:41.700ms, clock:36599.500 level:1
2020-05-10 08:21:48.418 T:3886019456 DEBUG: CVideoPlayer::ProcessVideoData size:22670 dts:36600.125 pts:36600.250 dur:41.700ms, clock:36599.500 level:2
2020-05-10 08:21:48.419 T:3886019456 DEBUG: CVideoPlayer::ProcessVideoData size:18434 dts:36600.167 pts:36600.167 dur:41.700ms, clock:36599.500 level:2
2020-05-10 08:21:48.419 T:3886019456 DEBUG: CVideoPlayer::ProcessVideoData size:18936 dts:36600.209 pts:36600.209 dur:41.700ms, clock:36599.500 level:3
2020-05-10 08:21:48.419 T:3886019456 DEBUG: CVideoPlayer::ProcessVideoData size:23879 dts:36600.250 pts:36600.375 dur:41.700ms, clock:36599.500 level:3
2020-05-10 08:21:48.419 T:3886019456 DEBUG: CVideoPlayer::ProcessVideoData size:19364 dts:36600.292 pts:36600.292 dur:41.700ms, clock:36599.500 level:4
2020-05-10 08:21:48.419 T:3886019456 DEBUG: CVideoPlayer::ProcessVideoData size:18904 dts:36600.334 pts:36600.334 dur:41.700ms, clock:36599.500 level:4
2020-05-10 08:21:48.419 T:3886019456 DEBUG: CVideoPlayer::ProcessVideoData size:23760 dts:36600.375 pts:36600.501 dur:41.700ms, clock:36599.500 level:5
2020-05-10 08:21:48.419 T:3886019456 DEBUG: CVideoPlayer::ProcessVideoData size:8989 dts:36600.417 pts:36600.417 dur:41.700ms, clock:36599.500 level:5
2020-05-10 08:21:48.419 T:3886019456 DEBUG: CVideoPlayer::ProcessVideoData size:9286 dts:36600.459 pts:36600.459 dur:41.700ms, clock:36599.500 level:6
2020-05-10 08:21:48.419 T:3886019456 DEBUG: CVideoPlayer::ProcessVideoData size:12181 dts:36600.501 pts:36600.626 dur:41.700ms, clock:36599.500 level:6
2020-05-10 08:21:48.419 T:3886019456 DEBUG: CVideoPlayer::ProcessVideoData size:7818 dts:36600.542 pts:36600.542 dur:41.700ms, clock:36599.500 level:7
2020-05-10 08:21:48.419 T:3886019456 DEBUG: CVideoPlayer::ProcessVideoData size:7876 dts:36600.584 pts:36600.584 dur:41.700ms, clock:36599.500 level:7
2020-05-10 08:21:48.419 T:3886019456 DEBUG: CVideoPlayer::ProcessVideoData size:14368 dts:36600.626 pts:36600.751 dur:41.700ms, clock:36599.500 level:8
2020-05-10 08:21:48.419 T:3886019456 DEBUG: CVideoPlayer::ProcessVideoData size:5470 dts:36600.667 pts:36600.667 dur:41.700ms, clock:36599.500 level:8
2020-05-10 08:21:48.419 T:3886019456 DEBUG: CVideoPlayer::ProcessVideoData size:5301 dts:36600.709 pts:36600.709 dur:41.700ms, clock:36599.500 level:9
2020-05-10 08:21:48.419 T:3886019456 DEBUG: CVideoPlayer::ProcessVideoData size:13802 dts:36600.751 pts:36600.876 dur:41.700ms, clock:36599.500 level:9
2020-05-10 08:21:48.419 T:3886019456 DEBUG: CVideoPlayer::ProcessVideoData size:9724 dts:36600.792 pts:36600.792 dur:41.700ms, clock:36599.500 level:10
2020-05-10 08:21:48.420 T:3886019456 DEBUG: CVideoPlayer::ProcessVideoData size:12079 dts:36600.834 pts:36600.834 dur:41.700ms, clock:36599.500 level:10
2020-05-10 08:21:48.421 T:3401663360 NOTICE: Creating audio stream (codec id: 86020, channels: 5, sample rate: 48000, no pass-through)
2020-05-10 08:21:48.421 T:3401663360 DEBUG: CVideoPlayerAudio:: synctype set to 0: clock feedback
2020-05-10 08:21:48.430 T:3886019456 DEBUG: CVideoPlayer::ProcessVideoData size:10508 dts:36600.876 pts:36600.959 dur:41.700ms, clock:36599.500 level:8
2020-05-10 08:21:48.432 T:4029453184 INFO: CActiveAESink::OpenSink - initialize sink
2020-05-10 08:21:48.433 T:3886019456 DEBUG: CVideoPlayer::ProcessVideoData size:10525 dts:36600.918 pts:36600.918 dur:41.700ms, clock:36599.500 level:9
2020-05-10 08:21:48.434 T:3886019456 DEBUG: CVideoPlayer::ProcessVideoData size:17216 dts:36600.959 pts:36601.001 dur:41.700ms, clock:36599.500 level:9
2020-05-10 08:21:48.435 T:3886019456 DEBUG: CVideoPlayer::ProcessVideoData size:7567 dts:36601.001 pts:36601.126 dur:41.700ms, clock:36599.500 level:9
2020-05-10 08:21:48.436 T:3886019456 DEBUG: CVideoPlayer::ProcessVideoData size:10179 dts:36601.043 pts:36601.043 dur:41.700ms, clock:36599.500 level:10
2020-05-10 08:21:48.438 T:3886019456 DEBUG: CVideoPlayer::ProcessVideoData size:11885 dts:36601.084 pts:36601.084 dur:41.700ms, clock:36599.500 level:10
2020-05-10 08:21:48.440 T:3389227904 DEBUG: CPtsTracker: pattern lost on diff 35991616633.000000, number of losses 1
2020-05-10 08:21:48.440 T:3389227904 DEBUG: CVideoPlayerVideo::OutputPicture - ttd:499ms pts:36600.000 Clock:36599.500 Level:0
2020-05-10 08:21:48.442 T:4060491200 DEBUG: CAMLVideoBufferPool::~CAMLVideoBufferPool: Deleting 7 buffers
2020-05-10 08:21:48.443 T:3886019456 DEBUG: CVideoPlayer::HandleMessages - player started 2
2020-05-10 08:21:48.443 T:4060491200 DEBUG: CAMLCodec::SetVideoRect:display(0,0,1920,1080)
2020-05-10 08:21:48.443 T:4060491200 DEBUG: CAMLCodec::SetVideoRect:gui(0,0,1920,1080)
2020-05-10 08:21:48.443 T:4060491200 DEBUG: CAMLCodec::SetVideoRect:m_dst_rect(0,0,1920,1080)
2020-05-10 08:21:48.443 T:4060491200 DEBUG: CAMLCodec::SetVideoRect:dst_rect(0,0,1920,1080)
2020-05-10 08:21:48.443 T:4060491200 DEBUG: CAMLCodec::SetVideoRect:m_guiStereoMode(0)
2020-05-10 08:21:48.443 T:4060491200 DEBUG: CAMLCodec::SetVideoRect:m_guiStereoView(0)
2020-05-10 08:21:48.443 T:3886019456 DEBUG: CVideoPlayer::ProcessVideoData size:6725 dts:36601.126 pts:36601.251 dur:41.700ms, clock:36599.500 level:10
2020-05-10 08:21:48.446 T:3886019456 DEBUG: CVideoPlayer::ProcessVideoData size:11945 dts:36601.168 pts:36601.168 dur:41.700ms, clock:36599.500 level:11
2020-05-10 08:21:48.447 T:3886019456 DEBUG: CVideoPlayer::ProcessVideoData size:11817 dts:36601.210 pts:36601.210 dur:41.700ms, clock:36599.500 level:11
2020-05-10 08:21:48.448 T:3886019456 DEBUG: CVideoPlayer::ProcessVideoData size:10633 dts:36601.251 pts:36601.376 dur:41.700ms, clock:36599.500 level:12
2020-05-10 08:21:48.449 T:3886019456 DEBUG: CVideoPlayer::ProcessVideoData size:10698 dts:36601.293 pts:36601.293 dur:41.700ms, clock:36599.500 level:12
2020-05-10 08:21:48.451 T:3886019456 DEBUG: CVideoPlayer::ProcessVideoData size:14047 dts:36601.335 pts:36601.335 dur:41.700ms, clock:36599.500 level:13
2020-05-10 08:21:48.458 T:3886019456 DEBUG: CVideoPlayer::ProcessVideoData size:13460 dts:36601.376 pts:36601.501 dur:41.700ms, clock:36599.500 level:14
2020-05-10 08:21:48.460 T:3886019456 DEBUG: CVideoPlayer::ProcessVideoData size:9737 dts:36601.418 pts:36601.418 dur:41.700ms, clock:36599.500 level:14
2020-05-10 08:21:48.461 T:3886019456 DEBUG: CVideoPlayer::ProcessVideoData size:11037 dts:36601.460 pts:36601.460 dur:41.700ms, clock:36599.500 level:15
2020-05-10 08:21:48.462 T:3886019456 DEBUG: CVideoPlayer::ProcessVideoData size:19215 dts:36601.501 pts:36601.627 dur:41.700ms, clock:36599.500 level:15
