2020-05-10 08:21:23.155 T:4060491200 NOTICE: VideoPlayer::OpenFile: /var/media/SAFETY NOT GUARANTEE/BDMV/index.bdmv
2020-05-10 08:21:23.155 T:4060491200 DEBUG: OnPlayBackStarted: CApplication::OnPlayBackStarted
2020-05-10 08:21:23.155 T:3886019456 DEBUG: Thread VideoPlayer start, auto delete: false
2020-05-10 08:21:23.156 T:3886019456 NOTICE: Creating InputStream
2020-05-10 08:21:23.158 T:3886019456 DEBUG: CBlurayCallback::Logger - bluray.c:1408: libbluray version 1.0.2
2020-05-10 08:21:23.158 T:3886019456 DEBUG: CBlurayCallback::Logger - bluray.c:1435: BLURAY initialized!
2020-05-10 08:21:23.158 T:3886019456 DEBUG: CBlurayCallback::Logger - register.c:418: bd_psr_write(20, 2): no change in value
2020-05-10 08:21:23.158 T:3886019456 DEBUG: CBlurayCallback::Logger - register.c:420: bd_psr_write(): PSR13 (PARENTAL) 0xff -> 0x63
2020-05-10 08:21:23.158 T:3886019456 DEBUG: CBlurayCallback::Logger - register.c:422: bd_psr_write(): PSR31 0x30200 -> 0x130240
2020-05-10 08:21:23.158 T:3886019456 DEBUG: CBlurayCallback::Logger - register.c:420: bd_psr_write(): PSR24 (3D_CAP) 0x0 -> 0xffffffff
2020-05-10 08:21:23.158 T:3886019456 DEBUG: CBlurayCallback::Logger - register.c:420: bd_psr_write(): PSR16 (AUDIO_LANG) 0xffffff -> 0x656e67
2020-05-10 08:21:23.158 T:3886019456 DEBUG: CBlurayCallback::Logger - register.c:420: bd_psr_write(): PSR17 (PG_AND_SUB_LANG) 0xffffff -> 0x656e67
2020-05-10 08:21:23.158 T:3886019456 DEBUG: CBlurayCallback::Logger - register.c:420: bd_psr_write(): PSR18 (MENU_LANG) 0xffffff -> 0x656e67
2020-05-10 08:21:23.158 T:3886019456 DEBUG: CBlurayCallback::Logger - register.c:420: bd_psr_write(): PSR19 (COUNTRY) 0xffff -> 0x656e
2020-05-10 08:21:23.158 T:3886019456 DEBUG: CDVDInputStreamBluray::Open - opening /var/media/SAFETY NOT GUARANTEE
2020-05-10 08:21:23.159 T:3886019456 DEBUG: CBlurayCallback::Logger - disc.c:326: failed opening UDF image (null)
2020-05-10 08:21:23.159 T:3886019456 DEBUG: CBlurayCallback::Logger - aacs.c:79: AACS/Unit_Key_RO.inf found. Disc seems to be AACS protected.
2020-05-10 08:21:23.159 T:3886019456 DEBUG: CBlurayCallback - Error opening file! (/var/media/SAFETY NOT GUARANTEE/BDSVM/00000.svm)
2020-05-10 08:21:23.159 T:3886019456 DEBUG: CBlurayCallback::Logger - bdplus.c:87: BDSVM/00000.svm not found. No BD+ protection.
2020-05-10 08:21:23.160 T:3677119360 DEBUG: Loading settings for /var/media/SAFETY NOT GUARANTEE/BDMV/index.bdmv
2020-05-10 08:21:23.161 T:3886019456 DEBUG: CBlurayCallback::Logger - aacs.c:105: Using libaacs for AACS
2020-05-10 08:21:23.161 T:3886019456 DEBUG: CBlurayCallback::Logger - aacs.c:129: Loading aacs library (0xd5b15f30)
2020-05-10 08:21:23.161 T:3886019456 DEBUG: CBlurayCallback::Logger - aacs.c:140: Loaded libaacs (0xd5b15f30)
2020-05-10 08:21:23.165 T:4060491200 DEBUG: CVideoGUIInfo::InitCurrentItem(/var/media/SAFETY NOT GUARANTEE/BDMV/index.bdmv)
2020-05-10 08:21:23.184 T:4060491200 DEBUG: CPlayerGUIInfo::InitCurrentItem(/var/media/SAFETY NOT GUARANTEE/BDMV/index.bdmv)
2020-05-10 08:21:23.284 T:4060491200 DEBUG: ------ Window Init (DialogBusy.xml) ------
2020-05-10 08:21:23.974 T:3886019456 DEBUG: CBlurayCallback::Logger - dec.c:202: Opened libaacs
2020-05-10 08:21:23.974 T:3886019456 DEBUG: CBlurayCallback - Opening dir /var/media/SAFETY NOT GUARANTEE/BDMV/META/DL
2020-05-10 08:21:23.975 T:3886019456 DEBUG: CBlurayCallback - Closed dir (0xd5b988c8)
2020-05-10 08:21:23.975 T:3886019456 DEBUG: CBlurayCallback::Logger - bluray.c:3115: PSR change: psr3 = 1
2020-05-10 08:21:23.975 T:3886019456 DEBUG: CBlurayCallback::Logger - bluray.c:3115: PSR change: psr4 = 65535
2020-05-10 08:21:23.975 T:3886019456 DEBUG: CBlurayCallback::Logger - bluray.c:3115: PSR change: psr0 = 1
2020-05-10 08:21:23.975 T:3886019456 DEBUG: CBlurayCallback::Logger - bluray.c:3115: PSR change: psr1 = 255
2020-05-10 08:21:23.975 T:3886019456 DEBUG: CBlurayCallback::Logger - bluray.c:3115: PSR change: psr2 = 268374015
2020-05-10 08:21:23.975 T:3886019456 DEBUG: CBlurayCallback::Logger - bluray.c:3115: PSR change: psr14 = 65535
2020-05-10 08:21:23.975 T:3886019456 DEBUG: CDVDInputStreamBluray::Open - Disc name : SAFETY NOT GUARANTEED
2020-05-10 08:21:23.975 T:3886019456 DEBUG: CDVDInputStreamBluray::Open - First Play supported: 1
2020-05-10 08:21:23.975 T:3886019456 DEBUG: CDVDInputStreamBluray::Open - Top menu supported : 1
2020-05-10 08:21:23.975 T:3886019456 DEBUG: CDVDInputStreamBluray::Open - HDMV titles : 2
2020-05-10 08:21:23.975 T:3886019456 DEBUG: CDVDInputStreamBluray::Open - BD-J titles : 0
2020-05-10 08:21:23.975 T:3886019456 DEBUG: CDVDInputStreamBluray::Open - BD-J handled : 0
2020-05-10 08:21:23.975 T:3886019456 DEBUG: CDVDInputStreamBluray::Open - UNSUPPORTED titles : 0
2020-05-10 08:21:23.975 T:3886019456 DEBUG: CDVDInputStreamBluray::Open - AACS detected : 1
2020-05-10 08:21:23.975 T:3886019456 DEBUG: CDVDInputStreamBluray::Open - libaacs detected : 1
2020-05-10 08:21:23.975 T:3886019456 DEBUG: CDVDInputStreamBluray::Open - AACS handled : 1
2020-05-10 08:21:23.975 T:3886019456 DEBUG: CDVDInputStreamBluray::Open - BD+ detected : 0
2020-05-10 08:21:23.975 T:3886019456 DEBUG: CDVDInputStreamBluray::Open - libbdplus detected : 0
2020-05-10 08:21:23.975 T:3886019456 DEBUG: CDVDInputStreamBluray::Open - BD+ handled : 0
2020-05-10 08:21:23.975 T:3886019456 DEBUG: CDVDInputStreamBluray::Open - no menus (libmmbd, or profile 6 bdj) : 0
2020-05-10 08:21:23.975 T:3886019456 DEBUG: CBlurayCallback::Logger - register.c:418: bd_psr_write(4, 65535): no change in value
2020-05-10 08:21:23.976 T:3886019456 DEBUG: CBlurayCallback::Logger - bluray.c:3076: PSR write: psr4 = 65535
2020-05-10 08:21:24.511 T:3886019456 DEBUG: CDVDInputStreamBluray - BD_EVENT_ANGLE 1
2020-05-10 08:21:24.511 T:3886019456 DEBUG: CDVDInputStreamBluray - BD_EVENT_TITLE 65535
2020-05-10 08:21:24.511 T:3886019456 DEBUG: CDVDInputStreamBluray - BD_EVENT_AUDIO_STREAM 255 -1
2020-05-10 08:21:24.512 T:3886019456 DEBUG: CDVDInputStreamBluray - BD_EVENT_PG_TEXTST 0
2020-05-10 08:21:24.512 T:3886019456 DEBUG: CDVDInputStreamBluray - BD_EVENT_PG_TEXTST_STREAM 4095, -1
2020-05-10 08:21:24.512 T:3886019456 DEBUG: CDVDInputStreamBluray - BD_EVENT_TITLE 65535
2020-05-10 08:21:24.512 T:3886019456 DEBUG: ScanForExternalSubtitles: Searching for subtitles...
2020-05-10 08:21:24.512 T:3886019456 DEBUG: ScanForExternalSubtitles: END (total time: 0 ms)
2020-05-10 08:21:24.512 T:3886019456 NOTICE: VideoPlayer: playing a file with menu's
2020-05-10 08:21:24.512 T:3886019456 NOTICE: Creating Demuxer
2020-05-10 08:21:24.512 T:3886019456 DEBUG: DVDFactoryDemuxer: Create CDVDDemuxFFmpeg.
2020-05-10 08:21:24.512 T:3886019456 DEBUG: CBlurayCallback::Logger - bluray.c:3465: HDMV event: 7 0
2020-05-10 08:21:24.512 T:3886019456 WARNING: CDVDInputStreamBluray - unhandled libbluray event 33 [param 3]
2020-05-10 08:21:24.512 T:3886019456 DEBUG: CBlurayCallback::Logger - bluray.c:3465: HDMV event: 4 3
2020-05-10 08:21:26.377 T:3886019456 DEBUG: CBlurayCallback::Logger - register.c:420: bd_psr_write(): PSR6 (PLAYLIST) 0x0 -> 0x3
2020-05-10 08:21:26.377 T:3886019456 DEBUG: CBlurayCallback::Logger - bluray.c:3115: PSR change: psr6 = 3
2020-05-10 08:21:26.377 T:3886019456 DEBUG: CBlurayCallback::Logger - register.c:418: bd_psr_write(3, 1): no change in value
2020-05-10 08:21:26.377 T:3886019456 DEBUG: CBlurayCallback::Logger - bluray.c:3076: PSR write: psr3 = 1
2020-05-10 08:21:26.377 T:3886019456 DEBUG: CBlurayCallback::Logger - register.c:418: bd_psr_write(5, 65535): no change in value
2020-05-10 08:21:26.377 T:3886019456 DEBUG: CBlurayCallback::Logger - bluray.c:3076: PSR write: psr5 = 65535
2020-05-10 08:21:26.809 T:3886019456 DEBUG: CBlurayCallback::Logger - register.c:418: bd_psr_write(7, 0): no change in value
2020-05-10 08:21:26.809 T:3886019456 DEBUG: CBlurayCallback::Logger - bluray.c:3076: PSR write: psr7 = 0
2020-05-10 08:21:26.809 T:3886019456 DEBUG: CBlurayCallback::Logger - register.c:420: bd_psr_write(): PSR8 (TIME) 0x0 -> 0x19bfcc0
2020-05-10 08:21:26.810 T:3886019456 DEBUG: CBlurayCallback::Logger - bluray.c:3115: PSR change: psr8 = 27000000
2020-05-10 08:21:26.810 T:3886019456 DEBUG: CBlurayCallback::Logger - bluray.c:2392: Title 00003.mpls selected
2020-05-10 08:21:26.810 T:3886019456 DEBUG: CBlurayCallback::Logger - register.c:420: bd_psr_write(): PSR5 (CHAPTER) 0xffff -> 0x1
2020-05-10 08:21:26.810 T:3886019456 DEBUG: CBlurayCallback::Logger - bluray.c:3115: PSR change: psr5 = 1
2020-05-10 08:21:26.811 T:3886019456 DEBUG: CDVDInputStreamBluray - BD_EVENT_PLAYLIST 3
2020-05-10 08:21:26.811 T:3886019456 DEBUG: CDVDInputStreamBluray - BD_EVENT_ANGLE 1
2020-05-10 08:21:26.811 T:3886019456 DEBUG: CDVDInputStreamBluray - BD_EVENT_PLAYITEM 0
2020-05-10 08:21:26.811 T:3886019456 DEBUG: CDVDInputStreamBluray - BD_EVENT_CHAPTER 1
2020-05-10 08:21:27.117 T:3886019456 DEBUG: CBlurayCallback::Logger - bluray.c:1581: PlayMark 0 reached (768)
2020-05-10 08:21:27.117 T:3886019456 DEBUG: CBlurayCallback::Logger - register.c:418: bd_psr_write(5, 1): no change in value
2020-05-10 08:21:27.117 T:3886019456 DEBUG: CBlurayCallback::Logger - bluray.c:3076: PSR write: psr5 = 1
2020-05-10 08:21:27.118 T:3886019456 DEBUG: Open - probing detected format [mpegts]
2020-05-10 08:21:27.119 T:3886019456 DEBUG: Open - avformat_find_stream_info starting
2020-05-10 08:21:27.191 T:3886019456 DEBUG: Open - av_find_stream_info finished
2020-05-10 08:21:27.192 T:3886019456 INFO: ffmpeg[E79FF380]: Input #0, mpegts, from '/var/media/SAFETY NOT GUARANTEE/BDMV/index.bdmv':
2020-05-10 08:21:27.192 T:3886019456 INFO: ffmpeg[E79FF380]: Duration: N/A, start: 600.000000, bitrate: N/A
2020-05-10 08:21:27.192 T:3886019456 INFO: ffmpeg[E79FF380]: Program 1
2020-05-10 08:21:27.192 T:3886019456 INFO: ffmpeg[E79FF380]: Stream #0:0[0x1011]: Video: h264 (High) (HDMV / 0x564D4448), yuv420p(tv, bt709, progressive), 1920x1080 [SAR 1:1 DAR 16:9], 23.98 fps, 23.98 tbr, 90k tbn, 47.95 tbc
2020-05-10 08:21:27.192 T:3886019456 DEBUG: DVDDemuxFFmpeg::AddStream - fps:24000/1001 tbr:24000/1001 tbn:48000/1001
2020-05-10 08:21:27.192 T:3886019456 DEBUG: DVDDemuxFFmpeg::AddStream - fps:24000/1001p
2020-05-10 08:21:27.192 T:3886019456 DEBUG: CDVDDemuxFFmpeg::AddStream ID: 0
2020-05-10 08:21:27.192 T:3886019456 NOTICE: Opening stream: 0 source: 256
2020-05-10 08:21:27.192 T:3886019456 NOTICE: CVideoPlayerVideo::OpenStream - Creating codec: 27
2020-05-10 08:21:27.192 T:3886019456 DEBUG: DVDVideoCodecAmlogic::Open - codec 27 profile:100 extra_size:55 fps:24000/1001
2020-05-10 08:21:27.192 T:3886019456 DEBUG: SECTION:LoadDLL(libamcodec.so)
2020-05-10 08:21:27.193 T:3886019456 DEBUG: Loading: libamcodec.so
2020-05-10 08:21:27.194 T:3886019456 INFO: DVDVideoCodecAmlogic: Opened Amlogic Codec
2020-05-10 08:21:27.194 T:3886019456 DEBUG: CVideoPlayerVideo::OpenStream - open stream with codec id: 27 fps:24000/1001 options:02
2020-05-10 08:21:27.194 T:3886019456 NOTICE: Creating video thread
2020-05-10 08:21:27.194 T:3886019456 DEBUG: ReadEditDecisionLists - Checking for edit decision lists (EDL) on local drive or remote share for: /var/media/SAFETY NOT GUARANTEE/BDMV/index.bdmv
2020-05-10 08:21:27.194 T:3401663360 DEBUG: Thread VideoPlayerVideo start, auto delete: false
2020-05-10 08:21:27.194 T:3401663360 NOTICE: running thread: video_thread
2020-05-10 08:21:27.195 T:3401663360 DEBUG: CVideoPlayerVideo - CDVDMsg::GENERAL_PAUSE: 0
2020-05-10 08:21:27.195 T:3886019456 DEBUG: CDVDClock::SetSpeedAdjust - adjusted:0.000000
2020-05-10 08:21:27.195 T:3401663360 DEBUG: CAMLCodec::SetSpeed, speed(0)
2020-05-10 08:21:27.195 T:3401663360 DEBUG: CAMLCodec::SetSpeed, speed(1000)
2020-05-10 08:21:27.195 T:3886019456 DEBUG: CVideoPlayer::HandleMessages - player 2 reported state: 0
2020-05-10 08:21:27.195 T:3886019456 DEBUG: CVideoPlayer::ProcessVideoData size:64149 dts:599.958 pts:600.000 dur:0.000ms, clock:599.500 level:0
2020-05-10 08:21:27.195 T:3401663360 INFO: CVideoPlayerVideo - Stillframe left, switching to normal playback
2020-05-10 08:21:27.195 T:3886019456 DEBUG: CDVDClock::SetSpeedAdjust - adjusted:0.000000
2020-05-10 08:21:27.195 T:3401663360 INFO: DVDVideoCodecAmlogic::AddData Open decoder: fps:24000/1001
2020-05-10 08:21:27.195 T:3886019456 DEBUG: CVideoPlayer::ProcessVideoData size:2535 dts:600.000 pts:600.125 dur:41.700ms, clock:599.500 level:0
2020-05-10 08:21:27.195 T:3886019456 DEBUG: CVideoPlayer::ProcessVideoData size:396 dts:600.042 pts:600.042 dur:41.700ms, clock:599.500 level:0
2020-05-10 08:21:27.195 T:3886019456 DEBUG: CVideoPlayer::ProcessVideoData size:395 dts:600.083 pts:600.083 dur:41.700ms, clock:599.500 level:1
2020-05-10 08:21:27.195 T:3886019456 DEBUG: CVideoPlayer::ProcessVideoData size:8836 dts:600.125 pts:600.250 dur:41.700ms, clock:599.500 level:2
2020-05-10 08:21:27.195 T:3401663360 DEBUG: codecid_to_vformat, id(27) -> vformat(2)
2020-05-10 08:21:27.195 T:3401663360 DEBUG: codec_tag_to_vdec_type, codec_tag(1447904328) -> vdec_type(0)
2020-05-10 08:21:27.195 T:3886019456 DEBUG: CVideoPlayer::ProcessVideoData size:613 dts:600.167 pts:600.167 dur:41.700ms, clock:599.500 level:2
2020-05-10 08:21:27.195 T:3401663360 DEBUG: codec_tag_to_vdec_type, codec_tag(27) -> vdec_type(4)
2020-05-10 08:21:27.195 T:3401663360 DEBUG: CAMLCodec::OpenDecoder hints.width(1920), hints.height(1080), hints.codec(27), hints.codec_tag(1447904328)
2020-05-10 08:21:27.195 T:3886019456 DEBUG: CVideoPlayer::ProcessVideoData size:614 dts:600.209 pts:600.209 dur:41.700ms, clock:599.500 level:3
2020-05-10 08:21:27.195 T:3401663360 DEBUG: CAMLCodec::OpenDecoder hints.fpsrate(24000), hints.fpsscale(1001), video_rate(4004)
2020-05-10 08:21:27.195 T:3886019456 DEBUG: CVideoPlayer::ProcessVideoData size:10306 dts:600.250 pts:600.375 dur:41.700ms, clock:599.500 level:3
2020-05-10 08:21:27.195 T:3401663360 DEBUG: CAMLCodec::OpenDecoder hints.aspect(1.777778), video_ratio.num(1), video_ratio.den(1)
2020-05-10 08:21:27.196 T:3401663360 DEBUG: CAMLCodec::OpenDecoder hints.orientation(0), hints.forced_aspect(0), hints.extrasize(55)
2020-05-10 08:21:27.196 T:3886019456 DEBUG: CVideoPlayer::ProcessVideoData size:1121 dts:600.292 pts:600.292 dur:41.700ms, clock:599.500 level:4
2020-05-10 08:21:27.196 T:3886019456 DEBUG: CVideoPlayer::ProcessVideoData size:1120 dts:600.334 pts:600.334 dur:41.700ms, clock:599.500 level:4
2020-05-10 08:21:27.196 T:3886019456 DEBUG: CVideoPlayer::ProcessVideoData size:10852 dts:600.375 pts:600.500 dur:41.700ms, clock:599.500 level:5
2020-05-10 08:21:27.196 T:3886019456 DEBUG: CVideoPlayer::ProcessVideoData size:2715 dts:600.417 pts:600.417 dur:41.700ms, clock:599.500 level:5
2020-05-10 08:21:27.196 T:3886019456 DEBUG: CVideoPlayer::ProcessVideoData size:2716 dts:600.459 pts:600.459 dur:41.700ms, clock:599.500 level:6
2020-05-10 08:21:27.196 T:3886019456 DEBUG: CVideoPlayer::ProcessVideoData size:14140 dts:600.500 pts:600.626 dur:41.700ms, clock:599.500 level:6
2020-05-10 08:21:27.196 T:3886019456 DEBUG: CVideoPlayer::ProcessVideoData size:1134 dts:600.542 pts:600.542 dur:41.700ms, clock:599.500 level:7
2020-05-10 08:21:27.196 T:3886019456 DEBUG: CVideoPlayer::ProcessVideoData size:1133 dts:600.584 pts:600.584 dur:41.700ms, clock:599.500 level:7
2020-05-10 08:21:27.196 T:3886019456 DEBUG: CVideoPlayer::ProcessVideoData size:1746 dts:600.626 pts:600.709 dur:41.700ms, clock:599.500 level:8
2020-05-10 08:21:27.196 T:3886019456 DEBUG: CVideoPlayer::ProcessVideoData size:1387 dts:600.667 pts:600.667 dur:41.700ms, clock:599.500 level:8
2020-05-10 08:21:27.196 T:3886019456 DEBUG: CVideoPlayer::ProcessVideoData size:89193 dts:600.709 pts:600.751 dur:41.700ms, clock:599.500 level:9
2020-05-10 08:21:27.196 T:3886019456 DEBUG: CVideoPlayer::ProcessVideoData size:6670 dts:600.751 pts:600.876 dur:41.700ms, clock:599.500 level:9
2020-05-10 08:21:27.196 T:3886019456 DEBUG: CVideoPlayer::ProcessVideoData size:3687 dts:600.792 pts:600.792 dur:41.700ms, clock:599.500 level:10
2020-05-10 08:21:27.196 T:3886019456 DEBUG: CVideoPlayer::ProcessVideoData size:3686 dts:600.834 pts:600.834 dur:41.700ms, clock:599.500 level:10
2020-05-10 08:21:27.197 T:3886019456 DEBUG: CVideoPlayer::ProcessVideoData size:1208 dts:600.876 pts:601.001 dur:41.700ms, clock:599.500 level:11
2020-05-10 08:21:27.198 T:3886019456 DEBUG: CVideoPlayer::ProcessVideoData size:2699 dts:600.918 pts:600.918 dur:41.700ms, clock:599.500 level:11
2020-05-10 08:21:27.198 T:3886019456 DEBUG: CVideoPlayer::ProcessVideoData size:2700 dts:600.959 pts:600.959 dur:41.700ms, clock:599.500 level:12
2020-05-10 08:21:27.198 T:3886019456 DEBUG: CVideoPlayer::ProcessVideoData size:520 dts:601.001 pts:601.126 dur:41.700ms, clock:599.500 level:12
2020-05-10 08:21:27.200 T:3886019456 DEBUG: CVideoPlayer::ProcessVideoData size:2584 dts:601.043 pts:601.043 dur:41.700ms, clock:599.500 level:13
2020-05-10 08:21:27.206 T:3401663360 DEBUG: CAMLCodec::SetSpeed, speed(0)
2020-05-10 08:21:27.207 T:3886019456 DEBUG: CVideoPlayer::ProcessVideoData size:75849 dts:601.084 pts:601.084 dur:41.700ms, clock:599.500 level:11
2020-05-10 08:21:27.213 T:3886019456 DEBUG: CVideoPlayer::ProcessVideoData size:78202 dts:601.126 pts:601.251 dur:41.700ms, clock:599.500 level:11
2020-05-10 08:21:27.214 T:3886019456 DEBUG: CVideoPlayer::ProcessVideoData size:78202 dts:601.168 pts:601.168 dur:41.700ms, clock:599.500 level:12
2020-05-10 08:21:27.217 T:3401663360 DEBUG: CRenderManager::Configure - change configuration. 1920x1080. display: 1920x1080. framerate: 23.98.
2020-05-10 08:21:27.231 T:3886019456 DEBUG: CVideoPlayer::ProcessVideoData size:78202 dts:601.210 pts:601.210 dur:41.700ms, clock:599.500 level:12
2020-05-10 08:21:27.231 T:4060491200 DEBUG: DeleteRenderer - deleting renderer
2020-05-10 08:21:27.231 T:4060491200 DEBUG: LinuxRendererGLES: Cleaning up GLES resources
2020-05-10 08:21:27.232 T:3886019456 DEBUG: CVideoPlayer::ProcessVideoData size:78202 dts:601.251 pts:601.376 dur:41.700ms, clock:599.500 level:12
2020-05-10 08:21:27.250 T:3886019456 DEBUG: CVideoPlayer::ProcessVideoData size:78203 dts:601.293 pts:601.293 dur:41.700ms, clock:599.500 level:13
2020-05-10 08:21:27.256 T:4060491200 INFO: Constructing CRendererAML
2020-05-10 08:21:27.256 T:4060491200 DEBUG: CRenderManager::Configure - 8
2020-05-10 08:21:27.257 T:3401663360 DEBUG: CVideoPlayerVideo::OutputPicture - ttd:499ms pts:600.000 Clock:599.500 Level:0
2020-05-10 08:21:27.262 T:4060491200 DEBUG: CAMLCodec::SetVideoRect:display(0,0,3840,2160)
2020-05-10 08:21:27.262 T:4060491200 DEBUG: CAMLCodec::SetVideoRect:gui(0,0,3840,2160)
2020-05-10 08:21:27.262 T:4060491200 DEBUG: CAMLCodec::SetVideoRect:m_dst_rect(0,0,3840,2160)
2020-05-10 08:21:27.262 T:4060491200 DEBUG: CAMLCodec::SetVideoRect:dst_rect(0,0,3840,2160)
2020-05-10 08:21:27.262 T:4060491200 DEBUG: CAMLCodec::SetVideoRect:m_guiStereoMode(0)
2020-05-10 08:21:27.262 T:4060491200 DEBUG: CAMLCodec::SetVideoRect:m_guiStereoView(0)
2020-05-10 08:21:27.268 T:3886019456 DEBUG: CVideoPlayer::ProcessVideoData size:78202 dts:601.335 pts:601.335 dur:41.700ms, clock:599.500 level:14
2020-05-10 08:21:27.269 T:3886019456 DEBUG: CVideoPlayer::HandleMessages - player started 2
2020-05-10 08:21:27.269 T:3436155776 DEBUG: OnAVChange: CApplication::OnAVChange
2020-05-10 08:21:27.269 T:3886019456 DEBUG: VideoPlayer::Sync - Video - pts: 600.000, cache: 0.050, totalcache: 0.100, packets:34 level:14
2020-05-10 08:21:27.269 T:3886019456 WARNING: CDVDMessageQueue(audio)::Put MSGQ_NOT_INITIALIZED
2020-05-10 08:21:27.269 T:3886019456 DEBUG: CDVDClock::SetSpeedAdjust - adjusted:0.000000
2020-05-10 08:21:27.269 T:3436155776 DEBUG: OnAVStarted: CApplication::OnAVStarted
2020-05-10 08:21:27.270 T:3401663360 DEBUG: CVideoPlayerVideo - CDVDMsg::GENERAL_RESYNC(599900000.000000)
2020-05-10 08:21:27.270 T:3401663360 DEBUG: CAMLCodec::SetSpeed, speed(1000)
2020-05-10 08:21:27.271 T:3401663360 DEBUG: CVideoPlayerVideo::OutputPicture - ttd:139ms pts:600.042 Clock:599.902 Level:0
2020-05-10 08:21:27.272 T:3886019456 DEBUG: CVideoPlayer::ProcessVideoData size:78202 dts:601.376 pts:601.460 dur:41.700ms, clock:599.903 level:11
2020-05-10 08:21:27.277 T:3401663360 DEBUG: CVideoPlayerVideo::OutputPicture - ttd:175ms pts:600.083 Clock:599.908 Level:1
2020-05-10 08:21:27.278 T:3401663360 DEBUG: CVideoPlayerVideo::OutputPicture - ttd:215ms pts:600.125 Clock:599.909 Level:2
2020-05-10 08:21:27.280 T:3401663360 DEBUG: CVideoPlayerVideo::OutputPicture - ttd:256ms pts:600.167 Clock:599.911 Level:3
2020-05-10 08:21:27.281 T:4060491200 DEBUG: Activating window ID: 12005
2020-05-10 08:21:27.281 T:4060491200 DEBUG: ------ Window Deinit (Home.xml) ------
2020-05-10 08:21:27.281 T:4060491200 DEBUG: FreeVisualisation() done
2020-05-10 08:21:27.281 T:4060491200 DEBUG: ------ Window Init (VideoFullScreen.xml) ------
2020-05-10 08:21:27.281 T:4060491200 INFO: Loading skin file: VideoFullScreen.xml, load type: KEEP_IN_MEMORY
2020-05-10 08:21:27.281 T:3401663360 DEBUG: CVideoPlayerVideo::OutputPicture - ttd:296ms pts:600.209 Clock:599.912 Level:4
2020-05-10 08:21:27.283 T:3401663360 DEBUG: CVideoPlayerVideo::OutputPicture - ttd:336ms pts:600.250 Clock:599.913 Level:5
2020-05-10 08:21:27.284 T:4060491200 NOTICE: Whitelist search for: width: 1920, height: 1080, fps: 23.976, 3D: false
2020-05-10 08:21:27.284 T:4060491200 DEBUG: Trying to find exact refresh rate
2020-05-10 08:21:27.284 T:4060491200 DEBUG: Matched exact whitelisted Resolution 1920x1080 @ 23.98 - Full Screen (34)
2020-05-10 08:21:27.284 T:4060491200 NOTICE: Display resolution ADJUST : 1920x1080 @ 23.98 - Full Screen (34) (weight: 0.018)
2020-05-10 08:21:27.287 T:3886019456 DEBUG: CVideoPlayer::ProcessVideoData size:78202 dts:601.418 pts:601.418 dur:41.700ms, clock:599.918 level:11
2020-05-10 08:21:27.292 T:4060491200 NOTICE: VideoPlayer: OnLostDisplay received
2020-05-10 08:21:27.292 T:4060491200 WARNING: CDVDMessageQueue(audio)::Put MSGQ_NOT_INITIALIZED
2020-05-10 08:21:27.292 T:4060491200 DEBUG: Flush - flushing renderer
2020-05-10 08:21:27.292 T:4060491200 DEBUG: AMLUtils::aml_handle_display_stereo_mode old mode 3doff new mode 3doff
2020-05-10 08:21:27.292 T:4060491200 DEBUG: AMLUtils::aml_handle_display_stereo_mode - no change needed
2020-05-10 08:21:27.292 T:4060491200 ERROR: GetString: error reading /sys/class/amhdmitx/amhdmitx0/custom_mode
2020-05-10 08:21:27.294 T:3401663360 DEBUG: CVideoPlayerVideo - CDVDMsg::GENERAL_PAUSE: 1
2020-05-10 08:21:27.305 T:3886019456 DEBUG: CVideoPlayer::ProcessVideoData size:99572 dts:601.460 pts:601.501 dur:41.700ms, clock:599.922 level:11
2020-05-10 08:21:27.754 T:4060491200 DEBUG: AMLUtils::aml_handle_display_stereo_mode old mode 3doff new mode 3doff
2020-05-10 08:21:27.754 T:4060491200 DEBUG: AMLUtils::aml_handle_display_stereo_mode - no change needed
2020-05-10 08:21:27.755 T:4060491200 INFO: GLES: Maximum texture width: 8192
2020-05-10 08:21:27.806 T:4060491200 DEBUG: ------ Window Deinit (DialogBusy.xml) ------
2020-05-10 08:21:29.005 T:4060491200 NOTICE: VideoPlayer: OnResetDisplay received
2020-05-10 08:21:29.005 T:4060491200 WARNING: CDVDMessageQueue(audio)::Put MSGQ_NOT_INITIALIZED
2020-05-10 08:21:29.005 T:3401663360 DEBUG: CVideoPlayerVideo - CDVDMsg::GENERAL_PAUSE: 0
2020-05-10 08:21:29.006 T:3401663360 DEBUG: CVideoPlayerVideo::OutputPicture - ttd:369ms pts:600.292 Clock:599.922 Level:4
2020-05-10 08:21:29.007 T:3401663360 DEBUG: CVideoPlayerVideo::OutputPicture - ttd:409ms pts:600.334 Clock:599.924 Level:5
2020-05-10 08:21:29.008 T:3401663360 DEBUG: CVideoPlayerVideo::OutputPicture - ttd:450ms pts:600.375 Clock:599.925 Level:6
2020-05-10 08:21:29.012 T:3436155776 DEBUG: OnAVChange: CApplication::OnAVChange
2020-05-10 08:21:29.014 T:3886019456 DEBUG: CVideoPlayer::ProcessVideoData size:56832 dts:601.501 pts:601.627 dur:41.700ms, clock:599.931 level:10
2020-05-10 08:21:29.019 T:3886019456 DEBUG: CVideoPlayer::ProcessVideoData size:78202 dts:601.543 pts:601.543 dur:41.700ms, clock:599.935 level:10
2020-05-10 08:21:29.020 T:3886019456 DEBUG: CVideoPlayer::ProcessVideoData size:78202 dts:601.585 pts:601.585 dur:41.700ms, clock:599.936 level:11
2020-05-10 08:21:29.025 T:3886019456 DEBUG: CVideoPlayer::ProcessVideoData size:78203 dts:601.627 pts:601.752 dur:41.700ms, clock:599.942 level:11
2020-05-10 08:21:29.031 T:3886019456 DEBUG: CVideoPlayer::ProcessVideoData size:78202 dts:601.668 pts:601.668 dur:41.700ms, clock:599.948 level:12
2020-05-10 08:21:29.032 T:3886019456 DEBUG: CVideoPlayer::ProcessVideoData size:78202 dts:601.710 pts:601.710 dur:41.700ms, clock:599.949 level:12
2020-05-10 08:21:29.038 T:3886019456 DEBUG: CVideoPlayer::ProcessVideoData size:78202 dts:601.752 pts:601.877 dur:41.700ms, clock:599.955 level:13
2020-05-10 08:21:29.040 T:3886019456 DEBUG: CVideoPlayer::ProcessVideoData size:78202 dts:601.793 pts:601.793 dur:41.700ms, clock:599.956 level:14
2020-05-10 08:21:29.045 T:3886019456 DEBUG: CVideoPlayer::ProcessVideoData size:78202 dts:601.835 pts:601.835 dur:41.700ms, clock:599.962 level:14
2020-05-10 08:21:29.051 T:3886019456 DEBUG: CVideoPlayer::ProcessVideoData size:78202 dts:601.877 pts:602.002 dur:41.700ms, clock:599.967 level:15
2020-05-10 08:21:29.052 T:3886019456 DEBUG: CVideoPlayer::ProcessVideoData size:78202 dts:601.919 pts:601.919 dur:41.700ms, clock:599.969 level:15
2020-05-10 08:21:29.058 T:3886019456 DEBUG: CVideoPlayer::ProcessVideoData size:78203 dts:601.960 pts:601.960 dur:41.700ms, clock:599.974 level:16
2020-05-10 08:21:29.063 T:3886019456 DEBUG: CVideoPlayer::ProcessVideoData size:78202 dts:602.002 pts:602.127 dur:41.700ms, clock:599.980 level:16
2020-05-10 08:21:29.065 T:3886019456 DEBUG: CVideoPlayer::ProcessVideoData size:78202 dts:602.044 pts:602.044 dur:41.700ms, clock:599.982 level:17
2020-05-10 08:21:29.070 T:3886019456 DEBUG: CVideoPlayer::ProcessVideoData size:78202 dts:602.085 pts:602.085 dur:41.700ms, clock:599.987 level:17
2020-05-10 08:21:29.076 T:3886019456 DEBUG: CVideoPlayer::ProcessVideoData size:78202 dts:602.127 pts:602.211 dur:41.700ms, clock:599.993 level:18
2020-05-10 08:21:29.078 T:3886019456 DEBUG: CVideoPlayer::ProcessVideoData size:78202 dts:602.169 pts:602.169 dur:41.700ms, clock:599.994 level:18
2020-05-10 08:21:29.083 T:3886019456 DEBUG: CVideoPlayer::ProcessVideoData size:99574 dts:602.211 pts:602.252 dur:41.700ms, clock:600.000 level:19
2020-05-10 08:21:29.085 T:3886019456 DEBUG: CVideoPlayer::ProcessVideoData size:56830 dts:602.252 pts:602.377 dur:41.700ms, clock:600.001 level:19
2020-05-10 08:21:29.091 T:3401663360 DEBUG: CVideoPlayerVideo::OutputPicture - ttd:490ms pts:600.417 Clock:599.926 Level:6
2020-05-10 08:21:29.096 T:3886019456 DEBUG: CVideoPlayer::ProcessVideoData size:78203 dts:602.294 pts:602.294 dur:41.700ms, clock:600.013 level:20
2020-05-10 08:21:29.114 T:3886019456 DEBUG: CVideoPlayer::ProcessVideoData size:78202 dts:602.336 pts:602.336 dur:41.700ms, clock:600.031 level:20
2020-05-10 08:21:29.116 T:3886019456 DEBUG: CVideoPlayer::ProcessVideoData size:78202 dts:602.377 pts:602.503 dur:41.700ms, clock:600.033 level:20
2020-05-10 08:21:29.133 T:3401663360 DEBUG: CVideoPlayerVideo::OutputPicture - ttd:441ms pts:600.459 Clock:600.017 Level:6
2020-05-10 08:21:29.135 T:3886019456 DEBUG: CVideoPlayer::ProcessVideoData size:78202 dts:602.419 pts:602.419 dur:41.700ms, clock:600.052 level:20
2020-05-10 08:21:29.151 T:3886019456 DEBUG: CVideoPlayer::ProcessVideoData size:78202 dts:602.461 pts:602.461 dur:41.700ms, clock:600.067 level:21
2020-05-10 08:21:29.152 T:3886019456 DEBUG: CVideoPlayer::ProcessVideoData size:78202 dts:602.503 pts:602.628 dur:41.700ms, clock:600.069 level:21
2020-05-10 08:21:29.169 T:3886019456 DEBUG: CVideoPlayer::ProcessVideoData size:78202 dts:602.544 pts:602.544 dur:41.700ms, clock:600.086 level:22
2020-05-10 08:21:29.170 T:3886019456 DEBUG: CVideoPlayer::ProcessVideoData size:78202 dts:602.586 pts:602.586 dur:41.700ms, clock:600.087 level:22
2020-05-10 08:21:29.174 T:3401663360 DEBUG: CVideoPlayerVideo::OutputPicture - ttd:449ms pts:600.500 Clock:600.051 Level:6
2020-05-10 08:21:29.187 T:3886019456 DEBUG: CVideoPlayer::ProcessVideoData size:78203 dts:602.628 pts:602.753 dur:41.700ms, clock:600.104 level:22
2020-05-10 08:21:29.205 T:3886019456 DEBUG: CVideoPlayer::ProcessVideoData size:78202 dts:602.669 pts:602.669 dur:41.700ms, clock:600.122 level:21
2020-05-10 08:21:29.207 T:3886019456 DEBUG: CVideoPlayer::ProcessVideoData size:78202 dts:602.711 pts:602.711 dur:41.700ms, clock:600.123 level:21
2020-05-10 08:21:29.224 T:3886019456 DEBUG: CVideoPlayer::ProcessVideoData size:78202 dts:602.753 pts:602.878 dur:41.700ms, clock:600.141 level:20
2020-05-10 08:21:29.242 T:3886019456 DEBUG: CVideoPlayer::ProcessVideoData size:78202 dts:602.794 pts:602.794 dur:41.700ms, clock:600.158 level:19
2020-05-10 08:21:29.243 T:3886019456 DEBUG: CVideoPlayer::ProcessVideoData size:78202 dts:602.836 pts:602.836 dur:41.700ms, clock:600.160 level:20
2020-05-10 08:21:29.259 T:4060491200 DEBUG: CAMLCodec::SetVideoRect:display(0,0,1920,1080)
2020-05-10 08:21:29.259 T:4060491200 DEBUG: CAMLCodec::SetVideoRect:gui(0,0,1920,1080)
2020-05-10 08:21:29.259 T:4060491200 DEBUG: CAMLCodec::SetVideoRect:m_dst_rect(0,0,1920,1080)
2020-05-10 08:21:29.259 T:4060491200 DEBUG: CAMLCodec::SetVideoRect:dst_rect(0,0,1920,1080)
2020-05-10 08:21:29.259 T:4060491200 DEBUG: CAMLCodec::SetVideoRect:m_guiStereoMode(0)
2020-05-10 08:21:29.259 T:4060491200 DEBUG: CAMLCodec::SetVideoRect:m_guiStereoView(0)
2020-05-10 08:21:29.260 T:3886019456 DEBUG: CVideoPlayer::ProcessVideoData size:78202 dts:602.878 pts:602.961 dur:41.700ms, clock:600.177 level:19
2020-05-10 08:21:29.278 T:3886019456 DEBUG: CVideoPlayer::ProcessVideoData size:78202 dts:602.920 pts:602.920 dur:41.700ms, clock:600.195 level:18
2020-05-10 08:21:29.279 T:3886019456 DEBUG: CVideoPlayer::ProcessVideoData size:99574 dts:602.961 pts:603.003 dur:41.700ms, clock:600.196 level:19
2020-05-10 08:21:29.296 T:3886019456 DEBUG: CVideoPlayer::ProcessVideoData size:56831 dts:603.003 pts:603.128 dur:41.700ms, clock:600.213 level:18
2020-05-10 08:21:29.302 T:3886019456 DEBUG: CVideoPlayer::ProcessVideoData size:78202 dts:603.045 pts:603.045 dur:41.700ms, clock:600.219 level:18
2020-05-10 08:21:29.315 T:3886019456 DEBUG: CVideoPlayer::ProcessVideoData size:78202 dts:603.086 pts:603.086 dur:41.700ms, clock:600.232 level:19
2020-05-10 08:21:29.333 T:3886019456 DEBUG: CVideoPlayer::ProcessVideoData size:78202 dts:603.128 pts:603.253 dur:41.700ms, clock:600.250 level:19
2020-05-10 08:21:29.334 T:3886019456 DEBUG: CVideoPlayer::ProcessVideoData size:78202 dts:603.170 pts:603.170 dur:41.700ms, clock:600.251 level:20
2020-05-10 08:21:29.359 T:3886019456 DEBUG: CVideoPlayer::ProcessVideoData size:78202 dts:603.212 pts:603.212 dur:41.700ms, clock:600.276 level:20
2020-05-10 08:21:29.362 T:3886019456 DEBUG: CVideoPlayer::ProcessVideoData size:78202 dts:603.253 pts:603.378 dur:41.700ms, clock:600.279 level:21
2020-05-10 08:21:29.370 T:3886019456 DEBUG: CVideoPlayer::ProcessVideoData size:78203 dts:603.295 pts:603.295 dur:41.700ms, clock:600.287 level:21
2020-05-10 08:21:29.388 T:3401663360 DEBUG: CVideoPlayerVideo::OutputPicture - ttd:237ms pts:600.542 Clock:600.304 Level:2
2020-05-10 08:21:29.388 T:3886019456 DEBUG: CVideoPlayer::ProcessVideoData size:78202 dts:603.337 pts:603.337 dur:41.700ms, clock:600.305 level:22
2020-05-10 08:21:29.391 T:3886019456 DEBUG: CVideoPlayer::ProcessVideoData size:78202 dts:603.378 pts:603.504 dur:41.700ms, clock:600.307 level:22
2020-05-10 08:21:29.408 T:3886019456 DEBUG: CVideoPlayer::ProcessVideoData size:78202 dts:603.420 pts:603.420 dur:41.700ms, clock:600.324 level:22
2020-05-10 08:21:29.427 T:3886019456 DEBUG: CVideoPlayer::ProcessVideoData size:78202 dts:603.462 pts:603.462 dur:41.700ms, clock:600.344 level:23
2020-05-10 08:21:29.429 T:3886019456 DEBUG: CVideoPlayer::ProcessVideoData size:78202 dts:603.504 pts:603.629 dur:41.700ms, clock:600.345 level:23
2020-05-10 08:21:29.430 T:3401663360 DEBUG: CVideoPlayerVideo::OutputPicture - ttd:236ms pts:600.584 Clock:600.347 Level:2
2020-05-10 08:21:29.432 T:3401663360 DEBUG: CVideoPlayerVideo::OutputPicture - ttd:277ms pts:600.626 Clock:600.348 Level:3
2020-05-10 08:21:29.443 T:3886019456 DEBUG: CVideoPlayer::ProcessVideoData size:78202 dts:603.545 pts:603.545 dur:41.700ms, clock:600.359 level:23
2020-05-10 08:21:29.444 T:3886019456 DEBUG: CVideoPlayer::ProcessVideoData size:78202 dts:603.587 pts:603.587 dur:41.700ms, clock:600.361 level:24
2020-05-10 08:21:29.461 T:3886019456 DEBUG: CVideoPlayer::ProcessVideoData size:78203 dts:603.629 pts:603.712 dur:41.700ms, clock:600.378 level:24
2020-05-10 08:21:29.479 T:3886019456 DEBUG: CVideoPlayer::ProcessVideoData size:78202 dts:603.670 pts:603.670 dur:41.700ms, clock:600.396 level:24
2020-05-10 08:21:29.481 T:3886019456 DEBUG: CVideoPlayer::ProcessVideoData size:99574 dts:603.712 pts:603.754 dur:41.700ms, clock:600.398 level:25
2020-05-10 08:21:29.497 T:3886019456 DEBUG: CVideoPlayer::ProcessVideoData size:56830 dts:603.754 pts:603.879 dur:41.700ms, clock:600.414 level:26
2020-05-10 08:21:29.515 T:3886019456 DEBUG: CVideoPlayer::ProcessVideoData size:78202 dts:603.795 pts:603.795 dur:41.700ms, clock:600.432 level:26
2020-05-10 08:21:29.518 T:3886019456 DEBUG: CVideoPlayer::ProcessVideoData size:78202 dts:603.837 pts:603.837 dur:41.700ms, clock:600.434 level:27
2020-05-10 08:21:29.519 T:3401663360 DEBUG: CVideoPlayerVideo::OutputPicture - ttd:231ms pts:600.667 Clock:600.436 Level:2
2020-05-10 08:21:29.520 T:3401663360 DEBUG: CVideoPlayerVideo::OutputPicture - ttd:271ms pts:600.709 Clock:600.437 Level:3
2020-05-10 08:21:29.534 T:3886019456 DEBUG: CVideoPlayer::ProcessVideoData size:78202 dts:603.879 pts:604.004 dur:41.700ms, clock:600.451 level:27
2020-05-10 08:21:29.536 T:3886019456 DEBUG: CVideoPlayer::ProcessVideoData size:78202 dts:603.921 pts:603.921 dur:41.700ms, clock:600.453 level:27
2020-05-10 08:21:29.553 T:3886019456 DEBUG: CVideoPlayer::ProcessVideoData size:78203 dts:603.962 pts:603.962 dur:41.700ms, clock:600.470 level:27
2020-05-10 08:21:29.571 T:3886019456 DEBUG: CVideoPlayer::ProcessVideoData size:78202 dts:604.004 pts:604.129 dur:41.700ms, clock:600.487 level:27
2020-05-10 08:21:29.572 T:3886019456 DEBUG: CVideoPlayer::ProcessVideoData size:78202 dts:604.046 pts:604.046 dur:41.700ms, clock:600.489 level:28
2020-05-10 08:21:29.593 T:3886019456 DEBUG: CVideoPlayer::ProcessVideoData size:78202 dts:604.087 pts:604.087 dur:41.700ms, clock:600.510 level:28
2020-05-10 08:21:29.607 T:3886019456 DEBUG: CVideoPlayer::ProcessVideoData size:78202 dts:604.129 pts:604.254 dur:41.700ms, clock:600.524 level:29
2020-05-10 08:21:29.609 T:3886019456 DEBUG: CVideoPlayer::ProcessVideoData size:78202 dts:604.171 pts:604.171 dur:41.700ms, clock:600.525 level:29
2020-05-10 08:21:29.625 T:3886019456 DEBUG: CVideoPlayer::ProcessVideoData size:78202 dts:604.213 pts:604.213 dur:41.700ms, clock:600.542 level:29
2020-05-10 08:21:29.627 T:3886019456 DEBUG: CVideoPlayer::ProcessVideoData size:78202 dts:604.254 pts:604.379 dur:41.700ms, clock:600.544 level:30
2020-05-10 08:21:29.642 T:3401663360 DEBUG: CVideoPlayerVideo::OutputPicture - ttd:191ms pts:600.751 Clock:600.559 Level:1
2020-05-10 08:21:29.644 T:3401663360 DEBUG: CVideoPlayerVideo::OutputPicture - ttd:231ms pts:600.792 Clock:600.561 Level:2
2020-05-10 08:21:29.644 T:3886019456 DEBUG: CVideoPlayer::ProcessVideoData size:78203 dts:604.296 pts:604.296 dur:41.700ms, clock:600.561 level:30
2020-05-10 08:21:29.646 T:3401663360 DEBUG: CVideoPlayerVideo::OutputPicture - ttd:271ms pts:600.834 Clock:600.562 Level:3
2020-05-10 08:21:29.647 T:3401663360 DEBUG: CVideoPlayerVideo::OutputPicture - ttd:312ms pts:600.876 Clock:600.564 Level:4
2020-05-10 08:21:29.662 T:3886019456 DEBUG: CVideoPlayer::ProcessVideoData size:78202 dts:604.338 pts:604.338 dur:41.700ms, clock:600.578 level:30
2020-05-10 08:21:29.664 T:3886019456 DEBUG: CVideoPlayer::ProcessVideoData size:78202 dts:604.379 pts:604.463 dur:41.700ms, clock:600.580 level:31
2020-05-10 08:21:29.680 T:3886019456 DEBUG: CVideoPlayer::ProcessVideoData size:78202 dts:604.421 pts:604.421 dur:41.700ms, clock:600.597 level:31
2020-05-10 08:21:29.698 T:3886019456 DEBUG: CVideoPlayer::ProcessVideoData size:99574 dts:604.463 pts:604.505 dur:41.700ms, clock:600.615 level:31
2020-05-10 08:21:29.699 T:3886019456 DEBUG: CVideoPlayer::ProcessVideoData size:56830 dts:604.505 pts:604.630 dur:41.700ms, clock:600.616 level:32
2020-05-10 08:21:29.719 T:3886019456 DEBUG: CVideoPlayer::ProcessVideoData size:78202 dts:604.546 pts:604.546 dur:41.700ms, clock:600.636 level:32
2020-05-10 08:21:29.721 T:3886019456 DEBUG: CVideoPlayer::ProcessVideoData size:78202 dts:604.588 pts:604.588 dur:41.700ms, clock:600.638 level:33
2020-05-10 08:21:29.723 T:3401663360 DEBUG: CVideoPlayerVideo::OutputPicture - ttd:278ms pts:600.918 Clock:600.639 Level:3
2020-05-10 08:21:29.735 T:3886019456 DEBUG: CVideoPlayer::ProcessVideoData size:78203 dts:604.630 pts:604.755 dur:41.700ms, clock:600.652 level:33
2020-05-10 08:21:29.753 T:3886019456 DEBUG: CVideoPlayer::ProcessVideoData size:78202 dts:604.671 pts:604.671 dur:41.700ms, clock:600.670 level:33
2020-05-10 08:21:29.754 T:3886019456 DEBUG: CVideoPlayer::ProcessVideoData size:78202 dts:604.713 pts:604.713 dur:41.700ms, clock:600.671 level:34
2020-05-10 08:21:29.764 T:3401663360 DEBUG: CVideoPlayerVideo::OutputPicture - ttd:278ms pts:600.959 Clock:600.681 Level:3
2020-05-10 08:21:29.765 T:3401663360 DEBUG: CVideoPlayerVideo::OutputPicture - ttd:318ms pts:601.001 Clock:600.682 Level:4
2020-05-10 08:21:29.771 T:3886019456 DEBUG: CVideoPlayer::ProcessVideoData size:78202 dts:604.755 pts:604.880 dur:41.700ms, clock:600.688 level:34
2020-05-10 08:21:29.789 T:3886019456 DEBUG: CVideoPlayer::ProcessVideoData size:78202 dts:604.796 pts:604.796 dur:41.700ms, clock:600.706 level:34
2020-05-10 08:21:29.791 T:3886019456 DEBUG: CVideoPlayer::ProcessVideoData size:78202 dts:604.838 pts:604.838 dur:41.700ms, clock:600.707 level:35
2020-05-10 08:21:29.808 T:3886019456 DEBUG: CVideoPlayer::ProcessVideoData size:78202 dts:604.880 pts:605.005 dur:41.700ms, clock:600.725 level:35
2020-05-10 08:21:29.810 T:3886019456 DEBUG: CVideoPlayer::ProcessVideoData size:78202 dts:604.922 pts:604.922 dur:41.700ms, clock:600.726 level:36
2020-05-10 08:21:29.826 T:3886019456 DEBUG: CVideoPlayer::ProcessVideoData size:78203 dts:604.963 pts:604.963 dur:41.700ms, clock:600.743 level:36
2020-05-10 08:21:29.844 T:3886019456 DEBUG: CVideoPlayer::ProcessVideoData size:78202 dts:605.005 pts:605.130 dur:41.700ms, clock:600.761 level:36
2020-05-10 08:21:29.846 T:3886019456 DEBUG: CVideoPlayer::ProcessVideoData size:78202 dts:605.047 pts:605.047 dur:41.700ms, clock:600.763 level:37
2020-05-10 08:21:29.862 T:3886019456 DEBUG: CVideoPlayer::ProcessVideoData size:78202 dts:605.088 pts:605.088 dur:41.700ms, clock:600.779 level:38
2020-05-10 08:21:29.880 T:3886019456 DEBUG: CVideoPlayer::ProcessVideoData size:78202 dts:605.130 pts:605.214 dur:41.700ms, clock:600.797 level:38
2020-05-10 08:21:29.887 T:3886019456 DEBUG: CVideoPlayer::ProcessVideoData size:78202 dts:605.172 pts:605.172 dur:41.700ms, clock:600.803 level:39
2020-05-10 08:21:29.892 T:3401663360 DEBUG: CVideoPlayerVideo::OutputPicture - ttd:234ms pts:601.043 Clock:600.808 Level:2
2020-05-10 08:21:29.899 T:3886019456 DEBUG: CVideoPlayer::ProcessVideoData size:99575 dts:605.214 pts:605.255 dur:41.700ms, clock:600.816 level:39
2020-05-10 08:21:29.901 T:3886019456 DEBUG: CVideoPlayer::ProcessVideoData size:56829 dts:605.255 pts:605.380 dur:41.700ms, clock:600.818 level:39
2020-05-10 08:21:29.917 T:3886019456 DEBUG: CVideoPlayer::ProcessVideoData size:78202 dts:605.297 pts:605.297 dur:41.700ms, clock:600.834 level:40
2020-05-10 08:21:29.932 T:3401663360 DEBUG: CVideoPlayerVideo::OutputPicture - ttd:235ms pts:601.084 Clock:600.849 Level:2
2020-05-10 08:21:29.933 T:3401663360 DEBUG: CVideoPlayerVideo::OutputPicture - ttd:276ms pts:601.126 Clock:600.850 Level:3
2020-05-10 08:21:29.935 T:3886019456 DEBUG: CVideoPlayer::ProcessVideoData size:78203 dts:605.339 pts:605.339 dur:41.700ms, clock:600.852 level:40
2020-05-10 08:21:29.937 T:3886019456 DEBUG: CVideoPlayer::ProcessVideoData size:78202 dts:605.380 pts:605.505 dur:41.700ms, clock:600.854 level:41
2020-05-10 08:21:29.954 T:3886019456 DEBUG: CVideoPlayer::ProcessVideoData size:78202 dts:605.422 pts:605.422 dur:41.700ms, clock:600.870 level:40
2020-05-10 08:21:29.972 T:3886019456 DEBUG: CVideoPlayer::ProcessVideoData size:78202 dts:605.464 pts:605.464 dur:41.700ms, clock:600.888 level:41
2020-05-10 08:21:29.973 T:3886019456 DEBUG: CVideoPlayer::ProcessVideoData size:78202 dts:605.505 pts:605.631 dur:41.700ms, clock:600.890 level:41
2020-05-10 08:21:29.990 T:3886019456 DEBUG: CVideoPlayer::ProcessVideoData size:78202 dts:605.547 pts:605.547 dur:41.700ms, clock:600.907 level:42
2020-05-10 08:21:29.992 T:3886019456 DEBUG: CVideoPlayer::ProcessVideoData size:78202 dts:605.589 pts:605.589 dur:41.700ms, clock:600.909 level:42
2020-05-10 08:21:30.012 T:3886019456 DEBUG: CVideoPlayer::ProcessVideoData size:78202 dts:605.631 pts:605.756 dur:41.700ms, clock:600.928 level:43
2020-05-10 08:21:30.014 T:3401663360 DEBUG: CVideoPlayerVideo::OutputPicture - ttd:236ms pts:601.168 Clock:600.931 Level:2
2020-05-10 08:21:30.026 T:3886019456 DEBUG: CVideoPlayer::ProcessVideoData size:78203 dts:605.672 pts:605.672 dur:41.700ms, clock:600.943 level:43
2020-05-10 08:21:30.029 T:3886019456 DEBUG: CVideoPlayer::ProcessVideoData size:78202 dts:605.714 pts:605.714 dur:41.700ms, clock:600.945 level:43
2020-05-10 08:21:30.045 T:3886019456 DEBUG: CVideoPlayer::ProcessVideoData size:78202 dts:605.756 pts:605.881 dur:41.700ms, clock:600.962 level:44
2020-05-10 08:21:30.057 T:3401663360 DEBUG: CVideoPlayerVideo::OutputPicture - ttd:235ms pts:601.210 Clock:600.974 Level:2
2020-05-10 08:21:30.059 T:3401663360 DEBUG: CVideoPlayerVideo::OutputPicture - ttd:275ms pts:601.251 Clock:600.975 Level:3
2020-05-10 08:21:30.063 T:3886019456 DEBUG: CVideoPlayer::ProcessVideoData size:78202 dts:605.797 pts:605.797 dur:41.700ms, clock:600.980 level:44
2020-05-10 08:21:30.065 T:3886019456 DEBUG: CVideoPlayer::ProcessVideoData size:78202 dts:605.839 pts:605.839 dur:41.700ms, clock:600.981 level:45
2020-05-10 08:21:30.081 T:3886019456 DEBUG: CVideoPlayer::ProcessVideoData size:78202 dts:605.881 pts:605.964 dur:41.700ms, clock:600.998 level:44
2020-05-10 08:21:30.099 T:3886019456 DEBUG: CVideoPlayer::ProcessVideoData size:78202 dts:605.923 pts:605.923 dur:41.700ms, clock:601.016 level:45
2020-05-10 08:21:30.102 T:3886019456 DEBUG: CVideoPlayer::ProcessVideoData size:99575 dts:605.964 pts:606.006 dur:41.700ms, clock:601.018 level:45
2020-05-10 08:21:30.117 T:3886019456 DEBUG: CVideoPlayer::ProcessVideoData size:56830 dts:606.006 pts:606.131 dur:41.700ms, clock:601.034 level:46
2020-05-10 08:21:30.119 T:3886019456 DEBUG: CVideoPlayer::ProcessVideoData size:78202 dts:606.048 pts:606.048 dur:41.700ms, clock:601.036 level:46
2020-05-10 08:21:30.137 T:3886019456 DEBUG: CVideoPlayer::ProcessVideoData size:78202 dts:606.089 pts:606.089 dur:41.700ms, clock:601.053 level:47
2020-05-10 08:21:30.141 T:3401663360 DEBUG: CVideoPlayerVideo::OutputPicture - ttd:235ms pts:601.293 Clock:601.057 Level:2
2020-05-10 08:21:30.154 T:3886019456 DEBUG: CVideoPlayer::ProcessVideoData size:78202 dts:606.131 pts:606.256 dur:41.700ms, clock:601.071 level:47
2020-05-10 08:21:30.156 T:3886019456 DEBUG: CVideoPlayer::ProcessVideoData size:78202 dts:606.173 pts:606.173 dur:41.700ms, clock:601.073 level:47
2020-05-10 08:21:30.172 T:3886019456 DEBUG: CVideoPlayer::ProcessVideoData size:78202 dts:606.215 pts:606.215 dur:41.700ms, clock:601.089 level:48
2020-05-10 08:21:30.178 T:3886019456 DEBUG: CVideoPlayer::ProcessVideoData size:78202 dts:606.256 pts:606.381 dur:41.700ms, clock:601.095 level:48
2020-05-10 08:21:30.182 T:3401663360 DEBUG: CVideoPlayerVideo::OutputPicture - ttd:235ms pts:601.335 Clock:601.099 Level:2
2020-05-10 08:21:30.184 T:3401663360 DEBUG: CVideoPlayerVideo::OutputPicture - ttd:276ms pts:601.376 Clock:601.100 Level:3
2020-05-10 08:21:30.191 T:3886019456 DEBUG: CVideoPlayer::ProcessVideoData size:78202 dts:606.298 pts:606.298 dur:41.700ms, clock:601.108 level:48
2020-05-10 08:21:30.209 T:3886019456 DEBUG: CVideoPlayer::ProcessVideoData size:78203 dts:606.340 pts:606.340 dur:41.700ms, clock:601.126 level:48
2020-05-10 08:21:30.211 T:3886019456 DEBUG: CVideoPlayer::ProcessVideoData size:78202 dts:606.381 pts:606.506 dur:41.700ms, clock:601.127 level:49
2020-05-10 08:21:30.227 T:3886019456 DEBUG: CVideoPlayer::ProcessVideoData size:78202 dts:606.423 pts:606.423 dur:41.700ms, clock:601.144 level:50
2020-05-10 08:21:30.245 T:3886019456 DEBUG: CVideoPlayer::ProcessVideoData size:78202 dts:606.465 pts:606.465 dur:41.700ms, clock:601.162 level:50
2020-05-10 08:21:30.247 T:3886019456 DEBUG: CVideoPlayer::ProcessVideoData size:78202 dts:606.506 pts:606.632 dur:41.700ms, clock:601.164 level:51
2020-05-10 08:21:30.264 T:3886019456 DEBUG: CVideoPlayer::ProcessVideoData size:78202 dts:606.548 pts:606.548 dur:41.700ms, clock:601.181 level:51
2020-05-10 08:21:30.266 T:3886019456 DEBUG: CVideoPlayer::ProcessVideoData size:78202 dts:606.590 pts:606.590 dur:41.700ms, clock:601.183 level:52
2020-05-10 08:21:30.272 T:3401663360 DEBUG: CVideoPlayerVideo::OutputPicture - ttd:229ms pts:601.418 Clock:601.188 Level:2
2020-05-10 08:21:30.273 T:3401663360 DEBUG: CVideoPlayerVideo::OutputPicture - ttd:270ms pts:601.460 Clock:601.190 Level:3
2020-05-10 08:21:30.282 T:3886019456 DEBUG: CVideoPlayer::ProcessVideoData size:78202 dts:606.632 pts:606.715 dur:41.700ms, clock:601.199 level:52
2020-05-10 08:21:30.304 T:3886019456 DEBUG: CVideoPlayer::ProcessVideoData size:78203 dts:606.673 pts:606.673 dur:41.700ms, clock:601.220 level:52
2020-05-10 08:21:30.306 T:3886019456 DEBUG: CVideoPlayer::ProcessVideoData size:99575 dts:606.715 pts:606.757 dur:41.700ms, clock:601.222 level:52
2020-05-10 08:21:30.318 T:3886019456 DEBUG: CVideoPlayer::ProcessVideoData size:56829 dts:606.757 pts:606.882 dur:41.700ms, clock:601.235 level:52
2020-05-10 08:21:30.336 T:3886019456 DEBUG: CVideoPlayer::ProcessVideoData size:78202 dts:606.798 pts:606.798 dur:41.700ms, clock:601.253 level:53
2020-05-10 08:21:30.338 T:3886019456 DEBUG: CVideoPlayer::ProcessVideoData size:78202 dts:606.840 pts:606.840 dur:41.700ms, clock:601.255 level:53
2020-05-10 08:21:30.355 T:3886019456 DEBUG: CVideoPlayer::ProcessVideoData size:78202 dts:606.882 pts:607.007 dur:41.700ms, clock:601.272 level:53
2020-05-10 08:21:30.373 T:3886019456 DEBUG: CVideoPlayer::ProcessVideoData size:78202 dts:606.924 pts:606.924 dur:41.700ms, clock:601.290 level:54
2020-05-10 08:21:30.375 T:3886019456 DEBUG: CVideoPlayer::ProcessVideoData size:78202 dts:606.965 pts:606.965 dur:41.700ms, clock:601.292 level:54
2020-05-10 08:21:30.391 T:3401663360 DEBUG: CVideoPlayerVideo::OutputPicture - ttd:193ms pts:601.501 Clock:601.308 Level:1
2020-05-10 08:21:30.392 T:3886019456 DEBUG: CVideoPlayer::ProcessVideoData size:78203 dts:607.007 pts:607.132 dur:41.700ms, clock:601.308 level:55
2020-05-10 08:21:30.393 T:3401663360 DEBUG: CVideoPlayerVideo::OutputPicture - ttd:233ms pts:601.543 Clock:601.310 Level:2
2020-05-10 08:21:30.394 T:3886019456 DEBUG: CVideoPlayer::ProcessVideoData size:78202 dts:607.049 pts:607.049 dur:41.700ms, clock:601.311 level:55
2020-05-10 08:21:30.395 T:3401663360 DEBUG: CVideoPlayerVideo::OutputPicture - ttd:272ms pts:601.585 Clock:601.312 Level:3
2020-05-10 08:21:30.397 T:3401663360 DEBUG: CVideoPlayerVideo::OutputPicture - ttd:313ms pts:601.627 Clock:601.313 Level:4
2020-05-10 08:21:30.410 T:3886019456 DEBUG: CVideoPlayer::ProcessVideoData size:78202 dts:607.090 pts:607.090 dur:41.700ms, clock:601.327 level:55
2020-05-10 08:21:30.428 T:3886019456 DEBUG: CVideoPlayer::ProcessVideoData size:78202 dts:607.132 pts:607.257 dur:41.700ms, clock:601.345 level:56
2020-05-10 08:21:30.431 T:3886019456 DEBUG: CVideoPlayer::ProcessVideoData size:78202 dts:607.174 pts:607.174 dur:41.700ms, clock:601.347 level:56
2020-05-10 08:21:30.446 T:3886019456 DEBUG: CVideoPlayer::ProcessVideoData size:78202 dts:607.216 pts:607.216 dur:41.700ms, clock:601.363 level:56
2020-05-10 08:21:30.464 T:3886019456 DEBUG: CVideoPlayer::ProcessVideoData size:78202 dts:607.257 pts:607.382 dur:41.700ms, clock:601.381 level:57
2020-05-10 08:21:30.471 T:3886019456 DEBUG: CVideoPlayer::ProcessVideoData size:78202 dts:607.299 pts:607.299 dur:41.700ms, clock:601.387 level:57
2020-05-10 08:21:30.479 T:3401663360 DEBUG: CVideoPlayerVideo::OutputPicture - ttd:272ms pts:601.668 Clock:601.396 Level:3
2020-05-10 08:21:30.491 T:3886019456 DEBUG: CVideoPlayer::ProcessVideoData size:78203 dts:607.341 pts:607.341 dur:41.700ms, clock:601.408 level:57
2020-05-10 08:21:30.493 T:3886019456 DEBUG: CVideoPlayer::ProcessVideoData size:78202 dts:607.382 pts:607.466 dur:41.700ms, clock:601.410 level:58
2020-05-10 08:21:30.501 T:3886019456 DEBUG: CVideoPlayer::ProcessVideoData size:78202 dts:607.424 pts:607.424 dur:41.700ms, clock:601.418 level:58
2020-05-10 08:21:30.518 T:3401663360 DEBUG: CVideoPlayerVideo::OutputPicture - ttd:275ms pts:601.710 Clock:601.434 Level:3
2020-05-10 08:21:30.519 T:3886019456 DEBUG: CVideoPlayer::ProcessVideoData size:99575 dts:607.466 pts:607.508 dur:41.700ms, clock:601.436 level:59
2020-05-10 08:21:30.519 T:3401663360 DEBUG: CVideoPlayerVideo::OutputPicture - ttd:316ms pts:601.752 Clock:601.436 Level:4
2020-05-10 08:21:30.521 T:3886019456 DEBUG: CVideoPlayer::ProcessVideoData size:56829 dts:607.508 pts:607.633 dur:41.700ms, clock:601.438 level:59
2020-05-10 08:21:30.537 T:3886019456 DEBUG: CVideoPlayer::ProcessVideoData size:78202 dts:607.549 pts:607.549 dur:41.700ms, clock:601.454 level:59
2020-05-10 08:21:30.539 T:3886019456 DEBUG: CVideoPlayer::ProcessVideoData size:78202 dts:607.591 pts:607.591 dur:41.700ms, clock:601.456 level:60
2020-05-10 08:21:30.556 T:3886019456 DEBUG: CVideoPlayer::ProcessVideoData size:78202 dts:607.633 pts:607.758 dur:41.700ms, clock:601.472 level:60
