2020-05-10 08:21:39.074 T:3886019456 ERROR: ffmpeg[E79FF380]: [h264] non-existing PPS 0 referenced
2020-05-10 08:21:39.074 T:3886019456 ERROR: ffmpeg[E79FF380]: [h264] decode_slice_header error
2020-05-10 08:21:39.074 T:3886019456 ERROR: ffmpeg[E79FF380]: [h264] non-existing PPS 0 referenced
2020-05-10 08:21:39.074 T:3886019456 ERROR: ffmpeg[E79FF380]: [h264] decode_slice_header error
2020-05-10 08:21:39.074 T:3886019456 ERROR: ffmpeg[E79FF380]: [h264] non-existing PPS 0 referenced
2020-05-10 08:21:39.074 T:3886019456 ERROR: ffmpeg[E79FF380]: [h264] decode_slice_header error
2020-05-10 08:21:39.074 T:3886019456 ERROR: ffmpeg[E79FF380]: [h264] non-existing PPS 0 referenced
2020-05-10 08:21:39.074 T:3886019456 ERROR: ffmpeg[E79FF380]: [h264] decode_slice_header error
2020-05-10 08:21:39.074 T:3886019456 ERROR: ffmpeg[E79FF380]: [h264] no frame!
2020-05-10 08:21:39.074 T:3886019456 ERROR: ffmpeg[E79FF380]: [h264] sps_id 0 out of range
2020-05-10 08:21:39.074 T:3886019456 ERROR: ffmpeg[E79FF380]: [h264] SPS unavailable in decode_picture_timing
2020-05-10 08:21:39.074 T:3886019456 ERROR: ffmpeg[E79FF380]: [h264] non-existing PPS 0 referenced
2020-05-10 08:21:39.075 T:3886019456 ERROR: ffmpeg[E79FF380]: [h264] sps_id 0 out of range
2020-05-10 08:21:39.075 T:3886019456 ERROR: ffmpeg[E79FF380]: [h264] SPS unavailable in decode_picture_timing
2020-05-10 08:21:39.075 T:3886019456 ERROR: ffmpeg[E79FF380]: [h264] non-existing PPS 0 referenced
2020-05-10 08:21:39.075 T:3886019456 ERROR: ffmpeg[E79FF380]: [h264] decode_slice_header error
2020-05-10 08:21:39.075 T:3886019456 ERROR: ffmpeg[E79FF380]: [h264] non-existing PPS 0 referenced
2020-05-10 08:21:39.075 T:3886019456 ERROR: ffmpeg[E79FF380]: [h264] decode_slice_header error
2020-05-10 08:21:39.075 T:3886019456 ERROR: ffmpeg[E79FF380]: [h264] non-existing PPS 0 referenced
2020-05-10 08:21:39.075 T:3886019456 ERROR: ffmpeg[E79FF380]: [h264] decode_slice_header error
2020-05-10 08:21:39.075 T:3886019456 ERROR: ffmpeg[E79FF380]: [h264] non-existing PPS 0 referenced
2020-05-10 08:21:39.075 T:3886019456 ERROR: ffmpeg[E79FF380]: [h264] decode_slice_header error
2020-05-10 08:21:39.075 T:3886019456 ERROR: ffmpeg[E79FF380]: [h264] no frame!
2020-05-10 08:21:39.075 T:3886019456 ERROR: ffmpeg[E79FF380]: [h264] sps_id 0 out of range
2020-05-10 08:21:39.075 T:3886019456 ERROR: ffmpeg[E79FF380]: [h264] SPS unavailable in decode_picture_timing
2020-05-10 08:21:39.075 T:3886019456 ERROR: ffmpeg[E79FF380]: [h264] non-existing PPS 0 referenced
2020-05-10 08:21:39.075 T:3886019456 ERROR: ffmpeg[E79FF380]: [h264] sps_id 0 out of range
2020-05-10 08:21:39.075 T:3886019456 ERROR: ffmpeg[E79FF380]: [h264] SPS unavailable in decode_picture_timing
2020-05-10 08:21:39.075 T:3886019456 ERROR: ffmpeg[E79FF380]: [h264] non-existing PPS 0 referenced
2020-05-10 08:21:39.075 T:3886019456 ERROR: ffmpeg[E79FF380]: [h264] decode_slice_header error
2020-05-10 08:21:39.075 T:3886019456 ERROR: ffmpeg[E79FF380]: [h264] non-existing PPS 0 referenced
2020-05-10 08:21:39.075 T:3886019456 ERROR: ffmpeg[E79FF380]: [h264] decode_slice_header error
2020-05-10 08:21:39.075 T:3886019456 ERROR: ffmpeg[E79FF380]: [h264] non-existing PPS 0 referenced
2020-05-10 08:21:39.075 T:3886019456 ERROR: ffmpeg[E79FF380]: [h264] decode_slice_header error
2020-05-10 08:21:39.075 T:3886019456 ERROR: ffmpeg[E79FF380]: [h264] non-existing PPS 0 referenced
2020-05-10 08:21:39.075 T:3886019456 ERROR: ffmpeg[E79FF380]: [h264] decode_slice_header error
2020-05-10 08:21:39.075 T:3886019456 ERROR: ffmpeg[E79FF380]: [h264] no frame!
2020-05-10 08:21:39.075 T:3886019456 ERROR: ffmpeg[E79FF380]: [h264] sps_id 0 out of range
2020-05-10 08:21:39.075 T:3886019456 ERROR: ffmpeg[E79FF380]: [h264] SPS unavailable in decode_picture_timing
2020-05-10 08:21:39.075 T:3886019456 ERROR: ffmpeg[E79FF380]: [h264] non-existing PPS 0 referenced
2020-05-10 08:21:39.075 T:3886019456 ERROR: ffmpeg[E79FF380]: [h264] sps_id 0 out of range
2020-05-10 08:21:39.075 T:3886019456 ERROR: ffmpeg[E79FF380]: [h264] SPS unavailable in decode_picture_timing
2020-05-10 08:21:39.075 T:3886019456 ERROR: ffmpeg[E79FF380]: [h264] non-existing PPS 0 referenced
2020-05-10 08:21:39.075 T:3886019456 ERROR: ffmpeg[E79FF380]: [h264] decode_slice_header error
2020-05-10 08:21:39.075 T:3886019456 ERROR: ffmpeg[E79FF380]: [h264] non-existing PPS 0 referenced
2020-05-10 08:21:39.075 T:3886019456 ERROR: ffmpeg[E79FF380]: [h264] decode_slice_header error
2020-05-10 08:21:39.075 T:3886019456 ERROR: ffmpeg[E79FF380]: [h264] non-existing PPS 0 referenced
2020-05-10 08:21:39.075 T:3886019456 ERROR: ffmpeg[E79FF380]: [h264] decode_slice_header error
2020-05-10 08:21:39.075 T:3886019456 ERROR: ffmpeg[E79FF380]: [h264] non-existing PPS 0 referenced
2020-05-10 08:21:39.075 T:3886019456 ERROR: ffmpeg[E79FF380]: [h264] decode_slice_header error
2020-05-10 08:21:39.076 T:3886019456 ERROR: ffmpeg[E79FF380]: [h264] no frame!
2020-05-10 08:21:39.076 T:3886019456 ERROR: ffmpeg[E79FF380]: [h264] sps_id 0 out of range
2020-05-10 08:21:39.076 T:3886019456 ERROR: ffmpeg[E79FF380]: [h264] SPS unavailable in decode_picture_timing
2020-05-10 08:21:39.076 T:3886019456 ERROR: ffmpeg[E79FF380]: [h264] non-existing PPS 0 referenced
2020-05-10 08:21:39.076 T:3886019456 ERROR: ffmpeg[E79FF380]: [h264] sps_id 0 out of range
2020-05-10 08:21:39.076 T:3886019456 ERROR: ffmpeg[E79FF380]: [h264] SPS unavailable in decode_picture_timing
2020-05-10 08:21:39.076 T:3886019456 ERROR: ffmpeg[E79FF380]: [h264] non-existing PPS 0 referenced
2020-05-10 08:21:39.076 T:3886019456 ERROR: ffmpeg[E79FF380]: [h264] decode_slice_header error
2020-05-10 08:21:39.076 T:3886019456 ERROR: ffmpeg[E79FF380]: [h264] non-existing PPS 0 referenced
2020-05-10 08:21:39.076 T:3886019456 ERROR: ffmpeg[E79FF380]: [h264] decode_slice_header error
2020-05-10 08:21:39.076 T:3886019456 ERROR: ffmpeg[E79FF380]: [h264] non-existing PPS 0 referenced
2020-05-10 08:21:39.076 T:3886019456 ERROR: ffmpeg[E79FF380]: [h264] decode_slice_header error
2020-05-10 08:21:39.076 T:3886019456 ERROR: ffmpeg[E79FF380]: [h264] non-existing PPS 0 referenced
2020-05-10 08:21:39.076 T:3886019456 ERROR: ffmpeg[E79FF380]: [h264] decode_slice_header error
2020-05-10 08:21:39.076 T:3886019456 ERROR: ffmpeg[E79FF380]: [h264] no frame!
2020-05-10 08:21:39.076 T:3886019456 ERROR: ffmpeg[E79FF380]: [h264] sps_id 0 out of range
2020-05-10 08:21:39.076 T:3886019456 ERROR: ffmpeg[E79FF380]: [h264] SPS unavailable in decode_picture_timing
2020-05-10 08:21:39.076 T:3886019456 ERROR: ffmpeg[E79FF380]: [h264] non-existing PPS 0 referenced
2020-05-10 08:21:39.076 T:3886019456 ERROR: ffmpeg[E79FF380]: [h264] sps_id 0 out of range
2020-05-10 08:21:39.076 T:3886019456 ERROR: ffmpeg[E79FF380]: [h264] SPS unavailable in decode_picture_timing
2020-05-10 08:21:39.076 T:3886019456 ERROR: ffmpeg[E79FF380]: [h264] non-existing PPS 0 referenced
2020-05-10 08:21:39.076 T:3886019456 ERROR: ffmpeg[E79FF380]: [h264] decode_slice_header error
2020-05-10 08:21:39.076 T:3886019456 ERROR: ffmpeg[E79FF380]: [h264] non-existing PPS 0 referenced
2020-05-10 08:21:39.076 T:3886019456 ERROR: ffmpeg[E79FF380]: [h264] decode_slice_header error
2020-05-10 08:21:39.076 T:3886019456 ERROR: ffmpeg[E79FF380]: [h264] non-existing PPS 0 referenced
2020-05-10 08:21:39.076 T:3886019456 ERROR: ffmpeg[E79FF380]: [h264] decode_slice_header error
2020-05-10 08:21:39.076 T:3886019456 ERROR: ffmpeg[E79FF380]: [h264] non-existing PPS 0 referenced
2020-05-10 08:21:39.076 T:3886019456 ERROR: ffmpeg[E79FF380]: [h264] decode_slice_header error
2020-05-10 08:21:39.076 T:3886019456 ERROR: ffmpeg[E79FF380]: [h264] no frame!
2020-05-10 08:21:39.076 T:3886019456 ERROR: ffmpeg[E79FF380]: [h264] sps_id 0 out of range
2020-05-10 08:21:39.076 T:3886019456 ERROR: ffmpeg[E79FF380]: [h264] SPS unavailable in decode_picture_timing
2020-05-10 08:21:39.076 T:3886019456 ERROR: ffmpeg[E79FF380]: [h264] non-existing PPS 0 referenced
2020-05-10 08:21:39.076 T:3886019456 ERROR: ffmpeg[E79FF380]: [h264] sps_id 0 out of range
2020-05-10 08:21:39.076 T:3886019456 ERROR: ffmpeg[E79FF380]: [h264] SPS unavailable in decode_picture_timing
2020-05-10 08:21:39.076 T:3886019456 ERROR: ffmpeg[E79FF380]: [h264] non-existing PPS 0 referenced
2020-05-10 08:21:39.076 T:3886019456 ERROR: ffmpeg[E79FF380]: [h264] decode_slice_header error
2020-05-10 08:21:39.076 T:3886019456 ERROR: ffmpeg[E79FF380]: [h264] non-existing PPS 0 referenced
2020-05-10 08:21:39.077 T:3886019456 ERROR: ffmpeg[E79FF380]: [h264] decode_slice_header error
2020-05-10 08:21:39.077 T:3886019456 ERROR: ffmpeg[E79FF380]: [h264] non-existing PPS 0 referenced
2020-05-10 08:21:39.077 T:3886019456 ERROR: ffmpeg[E79FF380]: [h264] decode_slice_header error
2020-05-10 08:21:39.077 T:3886019456 ERROR: ffmpeg[E79FF380]: [h264] non-existing PPS 0 referenced
2020-05-10 08:21:39.077 T:3886019456 ERROR: ffmpeg[E79FF380]: [h264] decode_slice_header error
2020-05-10 08:21:39.077 T:3886019456 ERROR: ffmpeg[E79FF380]: [h264] no frame!
2020-05-10 08:21:39.077 T:3886019456 ERROR: ffmpeg[E79FF380]: [h264] sps_id 0 out of range
2020-05-10 08:21:39.077 T:3886019456 ERROR: ffmpeg[E79FF380]: [h264] SPS unavailable in decode_picture_timing
2020-05-10 08:21:39.077 T:3886019456 ERROR: ffmpeg[E79FF380]: [h264] non-existing PPS 0 referenced
2020-05-10 08:21:39.077 T:3886019456 ERROR: ffmpeg[E79FF380]: [h264] sps_id 0 out of range
2020-05-10 08:21:39.077 T:3886019456 ERROR: ffmpeg[E79FF380]: [h264] SPS unavailable in decode_picture_timing
2020-05-10 08:21:39.077 T:3886019456 ERROR: ffmpeg[E79FF380]: [h264] non-existing PPS 0 referenced
2020-05-10 08:21:39.077 T:3886019456 ERROR: ffmpeg[E79FF380]: [h264] decode_slice_header error
2020-05-10 08:21:39.077 T:3886019456 ERROR: ffmpeg[E79FF380]: [h264] non-existing PPS 0 referenced
2020-05-10 08:21:39.077 T:3886019456 ERROR: ffmpeg[E79FF380]: [h264] decode_slice_header error
2020-05-10 08:21:39.077 T:3886019456 ERROR: ffmpeg[E79FF380]: [h264] non-existing PPS 0 referenced
2020-05-10 08:21:39.077 T:3886019456 ERROR: ffmpeg[E79FF380]: [h264] decode_slice_header error
2020-05-10 08:21:39.077 T:3886019456 ERROR: ffmpeg[E79FF380]: [h264] non-existing PPS 0 referenced
2020-05-10 08:21:39.077 T:3886019456 ERROR: ffmpeg[E79FF380]: [h264] decode_slice_header error
2020-05-10 08:21:39.077 T:3886019456 ERROR: ffmpeg[E79FF380]: [h264] no frame!
2020-05-10 08:21:39.077 T:3886019456 ERROR: ffmpeg[E79FF380]: [h264] sps_id 0 out of range
2020-05-10 08:21:39.077 T:3886019456 ERROR: ffmpeg[E79FF380]: [h264] SPS unavailable in decode_picture_timing
2020-05-10 08:21:39.077 T:3886019456 ERROR: ffmpeg[E79FF380]: [h264] non-existing PPS 0 referenced
2020-05-10 08:21:39.077 T:3886019456 ERROR: ffmpeg[E79FF380]: [h264] sps_id 0 out of range
2020-05-10 08:21:39.077 T:3886019456 ERROR: ffmpeg[E79FF380]: [h264] SPS unavailable in decode_picture_timing
2020-05-10 08:21:39.077 T:3886019456 ERROR: ffmpeg[E79FF380]: [h264] non-existing PPS 0 referenced
2020-05-10 08:21:39.077 T:3886019456 ERROR: ffmpeg[E79FF380]: [h264] decode_slice_header error
2020-05-10 08:21:39.077 T:3886019456 ERROR: ffmpeg[E79FF380]: [h264] non-existing PPS 0 referenced
2020-05-10 08:21:39.077 T:3886019456 ERROR: ffmpeg[E79FF380]: [h264] decode_slice_header error
2020-05-10 08:21:39.077 T:3886019456 ERROR: ffmpeg[E79FF380]: [h264] non-existing PPS 0 referenced
2020-05-10 08:21:39.077 T:3886019456 ERROR: ffmpeg[E79FF380]: [h264] decode_slice_header error
2020-05-10 08:21:39.077 T:3886019456 ERROR: ffmpeg[E79FF380]: [h264] non-existing PPS 0 referenced
2020-05-10 08:21:39.077 T:3886019456 ERROR: ffmpeg[E79FF380]: [h264] decode_slice_header error
2020-05-10 08:21:39.077 T:3886019456 ERROR: ffmpeg[E79FF380]: [h264] no frame!
2020-05-10 08:21:39.077 T:3886019456 ERROR: ffmpeg[E79FF380]: [h264] sps_id 0 out of range
2020-05-10 08:21:39.077 T:3886019456 ERROR: ffmpeg[E79FF380]: [h264] SPS unavailable in decode_picture_timing
2020-05-10 08:21:39.077 T:3886019456 ERROR: ffmpeg[E79FF380]: [h264] non-existing PPS 0 referenced
2020-05-10 08:21:39.078 T:3886019456 ERROR: ffmpeg[E79FF380]: [h264] sps_id 0 out of range
2020-05-10 08:21:39.078 T:3886019456 ERROR: ffmpeg[E79FF380]: [h264] SPS unavailable in decode_picture_timing
2020-05-10 08:21:39.078 T:3886019456 ERROR: ffmpeg[E79FF380]: [h264] non-existing PPS 0 referenced
2020-05-10 08:21:39.078 T:3886019456 ERROR: ffmpeg[E79FF380]: [h264] decode_slice_header error
2020-05-10 08:21:39.078 T:3886019456 ERROR: ffmpeg[E79FF380]: [h264] non-existing PPS 0 referenced
2020-05-10 08:21:39.078 T:3886019456 ERROR: ffmpeg[E79FF380]: [h264] decode_slice_header error
2020-05-10 08:21:39.078 T:3886019456 ERROR: ffmpeg[E79FF380]: [h264] non-existing PPS 0 referenced
2020-05-10 08:21:39.078 T:3886019456 ERROR: ffmpeg[E79FF380]: [h264] decode_slice_header error
2020-05-10 08:21:39.078 T:3886019456 ERROR: ffmpeg[E79FF380]: [h264] non-existing PPS 0 referenced
2020-05-10 08:21:39.078 T:3886019456 ERROR: ffmpeg[E79FF380]: [h264] decode_slice_header error
2020-05-10 08:21:39.078 T:3886019456 ERROR: ffmpeg[E79FF380]: [h264] no frame!
2020-05-10 08:21:39.078 T:3886019456 ERROR: ffmpeg[E79FF380]: [h264] sps_id 0 out of range
2020-05-10 08:21:39.078 T:3886019456 ERROR: ffmpeg[E79FF380]: [h264] SPS unavailable in decode_picture_timing
2020-05-10 08:21:39.078 T:3886019456 ERROR: ffmpeg[E79FF380]: [h264] non-existing PPS 0 referenced
2020-05-10 08:21:39.078 T:3886019456 ERROR: ffmpeg[E79FF380]: [h264] sps_id 0 out of range
2020-05-10 08:21:39.078 T:3886019456 ERROR: ffmpeg[E79FF380]: [h264] SPS unavailable in decode_picture_timing
2020-05-10 08:21:39.078 T:3886019456 ERROR: ffmpeg[E79FF380]: [h264] non-existing PPS 0 referenced
2020-05-10 08:21:39.078 T:3886019456 ERROR: ffmpeg[E79FF380]: [h264] decode_slice_header error
2020-05-10 08:21:39.078 T:3886019456 ERROR: ffmpeg[E79FF380]: [h264] non-existing PPS 0 referenced
2020-05-10 08:21:39.078 T:3886019456 ERROR: ffmpeg[E79FF380]: [h264] decode_slice_header error
2020-05-10 08:21:39.078 T:3886019456 ERROR: ffmpeg[E79FF380]: [h264] non-existing PPS 0 referenced
2020-05-10 08:21:39.078 T:3886019456 ERROR: ffmpeg[E79FF380]: [h264] decode_slice_header error
2020-05-10 08:21:39.078 T:3886019456 ERROR: ffmpeg[E79FF380]: [h264] non-existing PPS 0 referenced
2020-05-10 08:21:39.078 T:3886019456 ERROR: ffmpeg[E79FF380]: [h264] decode_slice_header error
2020-05-10 08:21:39.078 T:3886019456 ERROR: ffmpeg[E79FF380]: [h264] no frame!
2020-05-10 08:21:39.078 T:3886019456 ERROR: ffmpeg[E79FF380]: [h264] sps_id 0 out of range
2020-05-10 08:21:39.079 T:3886019456 ERROR: ffmpeg[E79FF380]: [h264] SPS unavailable in decode_picture_timing
2020-05-10 08:21:39.079 T:3886019456 ERROR: ffmpeg[E79FF380]: [h264] non-existing PPS 0 referenced
2020-05-10 08:21:39.079 T:3886019456 ERROR: ffmpeg[E79FF380]: [h264] sps_id 0 out of range
2020-05-10 08:21:39.079 T:3886019456 ERROR: ffmpeg[E79FF380]: [h264] SPS unavailable in decode_picture_timing
2020-05-10 08:21:39.079 T:3886019456 ERROR: ffmpeg[E79FF380]: [h264] non-existing PPS 0 referenced
2020-05-10 08:21:39.079 T:3886019456 ERROR: ffmpeg[E79FF380]: [h264] decode_slice_header error
2020-05-10 08:21:39.079 T:3886019456 ERROR: ffmpeg[E79FF380]: [h264] non-existing PPS 0 referenced
2020-05-10 08:21:39.079 T:3886019456 ERROR: ffmpeg[E79FF380]: [h264] decode_slice_header error
2020-05-10 08:21:39.079 T:3886019456 ERROR: ffmpeg[E79FF380]: [h264] non-existing PPS 0 referenced
2020-05-10 08:21:39.079 T:3886019456 ERROR: ffmpeg[E79FF380]: [h264] decode_slice_header error
2020-05-10 08:21:39.079 T:3886019456 ERROR: ffmpeg[E79FF380]: [h264] non-existing PPS 0 referenced
2020-05-10 08:21:39.079 T:3886019456 ERROR: ffmpeg[E79FF380]: [h264] decode_slice_header error
2020-05-10 08:21:39.079 T:3886019456 ERROR: ffmpeg[E79FF380]: [h264] no frame!
2020-05-10 08:21:39.089 T:3886019456 DEBUG: Open - av_find_stream_info finished
2020-05-10 08:21:39.089 T:3886019456 INFO: ffmpeg[E79FF380]: Input #0, mpegts, from '/var/media/SAFETY NOT GUARANTEE/BDMV/index.bdmv':
2020-05-10 08:21:39.090 T:3886019456 INFO: ffmpeg[E79FF380]: Duration: N/A, start: 600.000000, bitrate: N/A
2020-05-10 08:21:39.090 T:3886019456 INFO: ffmpeg[E79FF380]: Program 1
2020-05-10 08:21:39.090 T:3886019456 INFO: ffmpeg[E79FF380]: Stream #0:0[0x1011]: Video: h264 (High) (HDMV / 0x564D4448), yuv420p(tv, bt709, progressive), 1920x1080 [SAR 1:1 DAR 16:9], 23.98 fps, 23.98 tbr, 90k tbn, 47.95 tbc
2020-05-10 08:21:39.090 T:3886019456 INFO: ffmpeg[E79FF380]: Stream #0:1[0x1100]: Audio: dts (DTS-HD MA) ([134][0][0][0] / 0x0086), 48000 Hz, 5.1(side), s16p
2020-05-10 08:21:39.090 T:3886019456 DEBUG: DVDDemuxFFmpeg::AddStream - fps:24000/1001 tbr:24000/1001 tbn:48000/1001
2020-05-10 08:21:39.090 T:3886019456 DEBUG: DVDDemuxFFmpeg::AddStream - fps:24000/1001p
2020-05-10 08:21:39.090 T:3886019456 DEBUG: CDVDDemuxFFmpeg::AddStream ID: 0
2020-05-10 08:21:39.090 T:3886019456 DEBUG: CDVDDemuxFFmpeg::AddStream ID: 1
2020-05-10 08:21:39.090 T:3886019456 NOTICE: Opening stream: 1 source: 256
2020-05-10 08:21:39.090 T:3886019456 NOTICE: Finding audio codec for: 86020
2020-05-10 08:21:39.090 T:3886019456 NOTICE: CDVDAudioCodecFFmpeg::Open() Successful opened audio decoder dca
2020-05-10 08:21:39.090 T:3886019456 NOTICE: Creating audio thread
2020-05-10 08:21:39.091 T:3886019456 DEBUG: CDVDClock::SetSpeedAdjust - adjusted:0.000000
2020-05-10 08:21:39.091 T:3436155776 DEBUG: OnAVChange: CApplication::OnAVChange
2020-05-10 08:21:39.091 T:3401663360 DEBUG: Thread VideoPlayerAudio start, auto delete: false
2020-05-10 08:21:39.091 T:3886019456 NOTICE: Opening stream: 0 source: 256
2020-05-10 08:21:39.091 T:3401663360 NOTICE: running thread: CVideoPlayerAudio::Process()
2020-05-10 08:21:39.091 T:3886019456 NOTICE: CVideoPlayerVideo::OpenStream - Creating codec: 27
2020-05-10 08:21:39.091 T:3401663360 DEBUG: CVideoPlayerAudio - CDVDMsg::GENERAL_PAUSE: 0
2020-05-10 08:21:39.091 T:3886019456 DEBUG: DVDVideoCodecAmlogic::Open - codec 27 profile:100 extra_size:65 fps:24000/1001
2020-05-10 08:21:39.091 T:3401663360 DEBUG: CDVDAudio::Pause - pausing audio stream
2020-05-10 08:21:39.091 T:3886019456 INFO: DVDVideoCodecAmlogic: Opened Amlogic Codec
2020-05-10 08:21:39.091 T:3886019456 DEBUG: CVideoPlayerVideo::OpenStream - open stream with codec id: 27 fps:24000/1001 options:02
2020-05-10 08:21:39.091 T:3886019456 NOTICE: Creating video thread
2020-05-10 08:21:39.092 T:3886019456 DEBUG: ReadEditDecisionLists - Checking for edit decision lists (EDL) on local drive or remote share for: /var/media/SAFETY NOT GUARANTEE/BDMV/index.bdmv
2020-05-10 08:21:39.092 T:4060491200 NOTICE: Whitelist search for: width: 1920, height: 1080, fps: 23.976, 3D: false
2020-05-10 08:21:39.092 T:4060491200 DEBUG: Trying to find exact refresh rate
2020-05-10 08:21:39.092 T:3886019456 DEBUG: CVideoPlayer::ProcessVideoData size:312 dts:600.042 pts:600.042 dur:0.000ms, clock:599.542 level:0
2020-05-10 08:21:39.092 T:3886019456 DEBUG: CVideoPlayer::HandleMessages - player 1 reported state: 0
2020-05-10 08:21:39.092 T:3886019456 DEBUG: CVideoPlayer::ProcessVideoData size:311 dts:600.083 pts:600.083 dur:0.000ms, clock:599.542 level:0
2020-05-10 08:21:39.092 T:4060491200 DEBUG: Matched exact whitelisted Resolution 1920x1080 @ 23.98 - Full Screen (34)
2020-05-10 08:21:39.092 T:4060491200 NOTICE: Display resolution ADJUST : 1920x1080 @ 23.98 - Full Screen (34) (weight: 0.001)
2020-05-10 08:21:39.092 T:3886019456 DEBUG: CVideoPlayer::ProcessVideoData size:312 dts:600.125 pts:600.250 dur:0.000ms, clock:599.542 level:1
2020-05-10 08:21:39.092 T:3427763072 DEBUG: OnAVChange: CApplication::OnAVChange
2020-05-10 08:21:39.093 T:3886019456 DEBUG: CVideoPlayer::ProcessVideoData size:311 dts:600.167 pts:600.167 dur:0.000ms, clock:599.542 level:2
2020-05-10 08:21:39.093 T:3401663360 ERROR: ffmpeg[CAC14380]: [dca] Residual encoded channels are present without core
2020-05-10 08:21:39.095 T:3389227904 DEBUG: Thread VideoPlayerVideo start, auto delete: false
2020-05-10 08:21:39.095 T:3886019456 DEBUG: CVideoPlayer::ProcessVideoData size:312 dts:600.209 pts:600.209 dur:0.000ms, clock:599.542 level:2
2020-05-10 08:21:39.095 T:3401663360 NOTICE: Creating audio stream (codec id: 86020, channels: 6, sample rate: 48000, no pass-through)
2020-05-10 08:21:39.095 T:3389227904 NOTICE: running thread: video_thread
2020-05-10 08:21:39.095 T:3886019456 DEBUG: CVideoPlayer::ProcessVideoData size:312 dts:600.250 pts:600.375 dur:0.000ms, clock:599.542 level:3
2020-05-10 08:21:39.095 T:3401663360 DEBUG: CVideoPlayerAudio:: synctype set to 0: clock feedback
2020-05-10 08:21:39.096 T:3389227904 DEBUG: CVideoPlayerVideo - CDVDMsg::GENERAL_PAUSE: 0
2020-05-10 08:21:39.096 T:3886019456 DEBUG: CVideoPlayer::ProcessVideoData size:312 dts:600.292 pts:600.292 dur:0.000ms, clock:599.542 level:3
2020-05-10 08:21:39.096 T:3389227904 DEBUG: CAMLCodec::SetSpeed, speed(0)
2020-05-10 08:21:39.096 T:3886019456 DEBUG: CVideoPlayer::ProcessVideoData size:311 dts:600.334 pts:600.334 dur:0.000ms, clock:599.542 level:4
2020-05-10 08:21:39.096 T:3389227904 INFO: CVideoPlayerVideo - Stillframe left, switching to normal playback
2020-05-10 08:21:39.096 T:3886019456 DEBUG: CVideoPlayer::HandleMessages - player 2 reported state: 0
2020-05-10 08:21:39.096 T:3389227904 DEBUG: DVDVideoCodecAmlogic::Decode waiting for keyframe (bitparser)
2020-05-10 08:21:39.097 T:3886019456 DEBUG: CVideoPlayer::ProcessVideoData size:312 dts:600.375 pts:600.500 dur:0.000ms, clock:599.542 level:4
2020-05-10 08:21:39.097 T:3389227904 DEBUG: CVideoPlayerVideo - video decoder returned error
2020-05-10 08:21:39.097 T:3886019456 DEBUG: CVideoPlayer::ProcessVideoData size:311 dts:600.417 pts:600.417 dur:0.000ms, clock:599.542 level:4
2020-05-10 08:21:39.097 T:3389227904 DEBUG: DVDVideoCodecAmlogic::Decode waiting for keyframe (bitparser)
2020-05-10 08:21:39.097 T:3886019456 DEBUG: CVideoPlayer::ProcessVideoData size:312 dts:600.459 pts:600.459 dur:0.000ms, clock:599.542 level:4
2020-05-10 08:21:39.097 T:3389227904 DEBUG: CVideoPlayerVideo - video decoder returned error
2020-05-10 08:21:39.097 T:3886019456 DEBUG: CVideoPlayer::ProcessVideoData size:312 dts:600.500 pts:600.626 dur:0.000ms, clock:599.542 level:5
2020-05-10 08:21:39.097 T:3389227904 DEBUG: DVDVideoCodecAmlogic::Decode waiting for keyframe (bitparser)
2020-05-10 08:21:39.097 T:3886019456 DEBUG: CVideoPlayer::ProcessVideoData size:312 dts:600.542 pts:600.542 dur:0.000ms, clock:599.542 level:5
2020-05-10 08:21:39.097 T:3389227904 DEBUG: CVideoPlayerVideo - video decoder returned error
2020-05-10 08:21:39.097 T:3886019456 DEBUG: CVideoPlayer::ProcessVideoData size:311 dts:600.584 pts:600.584 dur:0.000ms, clock:599.542 level:5
2020-05-10 08:21:39.097 T:3886019456 DEBUG: CVideoPlayer::ProcessVideoData size:312 dts:600.626 pts:600.751 dur:0.000ms, clock:599.542 level:6
2020-05-10 08:21:39.097 T:3389227904 DEBUG: DVDVideoCodecAmlogic::Decode waiting for keyframe (bitparser)
2020-05-10 08:21:39.097 T:3886019456 DEBUG: CVideoPlayer::ProcessVideoData size:311 dts:600.667 pts:600.667 dur:0.000ms, clock:599.542 level:6
2020-05-10 08:21:39.097 T:3389227904 DEBUG: CVideoPlayerVideo - video decoder returned error
2020-05-10 08:21:39.098 T:3886019456 DEBUG: CVideoPlayer::ProcessVideoData size:312 dts:600.709 pts:600.709 dur:0.000ms, clock:599.542 level:6
2020-05-10 08:21:39.098 T:3389227904 DEBUG: DVDVideoCodecAmlogic::Decode waiting for keyframe (bitparser)
2020-05-10 08:21:39.098 T:3886019456 DEBUG: CVideoPlayer::ProcessVideoData size:312 dts:600.751 pts:600.876 dur:0.000ms, clock:599.542 level:6
2020-05-10 08:21:39.098 T:3389227904 DEBUG: CVideoPlayerVideo - video decoder returned error
2020-05-10 08:21:39.098 T:3886019456 DEBUG: CVideoPlayer::ProcessVideoData size:312 dts:600.792 pts:600.792 dur:0.000ms, clock:599.542 level:7
2020-05-10 08:21:39.098 T:3389227904 DEBUG: DVDVideoCodecAmlogic::Decode waiting for keyframe (bitparser)
2020-05-10 08:21:39.098 T:3886019456 DEBUG: CVideoPlayer::ProcessVideoData size:311 dts:600.834 pts:600.834 dur:0.000ms, clock:599.542 level:7
2020-05-10 08:21:39.098 T:3389227904 DEBUG: CVideoPlayerVideo - video decoder returned error
2020-05-10 08:21:39.098 T:3886019456 DEBUG: CVideoPlayer::ProcessVideoData size:312 dts:600.876 pts:600.959 dur:0.000ms, clock:599.542 level:7
2020-05-10 08:21:39.098 T:3389227904 DEBUG: DVDVideoCodecAmlogic::Decode waiting for keyframe (bitparser)
2020-05-10 08:21:39.098 T:3389227904 DEBUG: CVideoPlayerVideo - video decoder returned error
2020-05-10 08:21:39.098 T:3389227904 DEBUG: DVDVideoCodecAmlogic::Decode waiting for keyframe (bitparser)
2020-05-10 08:21:39.098 T:3389227904 DEBUG: CVideoPlayerVideo - video decoder returned error
2020-05-10 08:21:39.099 T:3886019456 DEBUG: CVideoPlayer::ProcessVideoData size:311 dts:600.918 pts:600.918 dur:0.000ms, clock:599.542 level:7
2020-05-10 08:21:39.099 T:3389227904 DEBUG: DVDVideoCodecAmlogic::Decode waiting for keyframe (bitparser)
2020-05-10 08:21:39.099 T:3389227904 DEBUG: CVideoPlayerVideo - video decoder returned error
2020-05-10 08:21:39.099 T:3389227904 DEBUG: DVDVideoCodecAmlogic::Decode waiting for keyframe (bitparser)
2020-05-10 08:21:39.099 T:3389227904 DEBUG: CVideoPlayerVideo - video decoder returned error
2020-05-10 08:21:39.099 T:3886019456 DEBUG: CVideoPlayer::ProcessVideoData size:2443 dts:600.959 pts:601.001 dur:0.000ms, clock:599.542 level:6
2020-05-10 08:21:39.099 T:3389227904 DEBUG: DVDVideoCodecAmlogic::Decode waiting for keyframe (bitparser)
2020-05-10 08:21:39.099 T:3389227904 DEBUG: CVideoPlayerVideo - video decoder returned error
2020-05-10 08:21:39.099 T:3389227904 DEBUG: DVDVideoCodecAmlogic::Decode waiting for keyframe (bitparser)
2020-05-10 08:21:39.099 T:3389227904 DEBUG: CVideoPlayerVideo - video decoder returned error
2020-05-10 08:21:39.099 T:3389227904 DEBUG: DVDVideoCodecAmlogic::Decode waiting for keyframe (bitparser)
2020-05-10 08:21:39.099 T:3389227904 DEBUG: CVideoPlayerVideo - video decoder returned error
2020-05-10 08:21:39.099 T:3389227904 DEBUG: DVDVideoCodecAmlogic::Decode waiting for keyframe (bitparser)
2020-05-10 08:21:39.100 T:3389227904 DEBUG: CVideoPlayerVideo - video decoder returned error
2020-05-10 08:21:39.100 T:3389227904 DEBUG: DVDVideoCodecAmlogic::Decode waiting for keyframe (bitparser)
2020-05-10 08:21:39.100 T:3389227904 DEBUG: CVideoPlayerVideo - video decoder returned error
2020-05-10 08:21:39.100 T:3389227904 DEBUG: DVDVideoCodecAmlogic::Decode waiting for keyframe (bitparser)
2020-05-10 08:21:39.100 T:3389227904 DEBUG: CVideoPlayerVideo - video decoder returned error
2020-05-10 08:21:39.100 T:4029453184 INFO: CActiveAESink::OpenSink - initialize sink
2020-05-10 08:21:39.100 T:3389227904 DEBUG: DVDVideoCodecAmlogic::Decode waiting for keyframe (bitparser)
2020-05-10 08:21:39.100 T:3389227904 DEBUG: CVideoPlayerVideo - video decoder returned error
2020-05-10 08:21:39.100 T:3389227904 DEBUG: DVDVideoCodecAmlogic::Decode waiting for keyframe (bitparser)
2020-05-10 08:21:39.100 T:3389227904 DEBUG: CVideoPlayerVideo - video decoder returned error
2020-05-10 08:21:39.100 T:3389227904 DEBUG: DVDVideoCodecAmlogic::Decode waiting for keyframe (bitparser)
2020-05-10 08:21:39.100 T:3389227904 DEBUG: CVideoPlayerVideo - video decoder returned error
2020-05-10 08:21:39.100 T:3389227904 DEBUG: DVDVideoCodecAmlogic::Decode waiting for keyframe (bitparser)
2020-05-10 08:21:39.100 T:3389227904 DEBUG: CVideoPlayerVideo - video decoder returned error
2020-05-10 08:21:39.100 T:3389227904 DEBUG: DVDVideoCodecAmlogic::Decode waiting for keyframe (bitparser)
2020-05-10 08:21:39.100 T:3389227904 DEBUG: CVideoPlayerVideo - video decoder returned error
2020-05-10 08:21:39.100 T:3389227904 DEBUG: DVDVideoCodecAmlogic::Decode waiting for keyframe (bitparser)
2020-05-10 08:21:39.100 T:3389227904 DEBUG: CVideoPlayerVideo - video decoder returned error
2020-05-10 08:21:39.100 T:3389227904 INFO: DVDVideoCodecAmlogic::AddData Open decoder: fps:24000/1001
2020-05-10 08:21:39.101 T:3389227904 DEBUG: codecid_to_vformat, id(27) -> vformat(2)
2020-05-10 08:21:39.101 T:3389227904 DEBUG: codec_tag_to_vdec_type, codec_tag(1447904328) -> vdec_type(0)
2020-05-10 08:21:39.101 T:3389227904 DEBUG: codec_tag_to_vdec_type, codec_tag(27) -> vdec_type(4)
2020-05-10 08:21:39.101 T:3389227904 DEBUG: CAMLCodec::OpenDecoder hints.width(1920), hints.height(1080), hints.codec(27), hints.codec_tag(1447904328)
2020-05-10 08:21:39.101 T:3389227904 DEBUG: CAMLCodec::OpenDecoder hints.fpsrate(24000), hints.fpsscale(1001), video_rate(4004)
2020-05-10 08:21:39.101 T:3389227904 DEBUG: CAMLCodec::OpenDecoder hints.aspect(1.777778), video_ratio.num(1), video_ratio.den(1)
2020-05-10 08:21:39.101 T:3389227904 DEBUG: CAMLCodec::OpenDecoder hints.orientation(0), hints.forced_aspect(0), hints.extrasize(65)
2020-05-10 08:21:39.104 T:3886019456 DEBUG: CVideoPlayer::ProcessVideoData size:310 dts:601.001 pts:601.126 dur:41.700ms, clock:599.542 level:0
2020-05-10 08:21:39.104 T:3886019456 DEBUG: CVideoPlayer::ProcessVideoData size:311 dts:601.043 pts:601.043 dur:41.700ms, clock:599.542 level:0
2020-05-10 08:21:39.104 T:3886019456 DEBUG: CVideoPlayer::ProcessVideoData size:310 dts:601.084 pts:601.084 dur:41.700ms, clock:599.542 level:1
2020-05-10 08:21:39.105 T:3886019456 DEBUG: CVideoPlayer::ProcessVideoData size:311 dts:601.126 pts:601.251 dur:41.700ms, clock:599.542 level:2
2020-05-10 08:21:39.105 T:3886019456 DEBUG: CVideoPlayer::ProcessVideoData size:314 dts:601.168 pts:601.168 dur:41.700ms, clock:599.542 level:2
2020-05-10 08:21:39.106 T:3886019456 DEBUG: CVideoPlayer::ProcessVideoData size:315 dts:601.210 pts:601.210 dur:41.700ms, clock:599.542 level:3
2020-05-10 08:21:39.106 T:3886019456 DEBUG: CVideoPlayer::ProcessVideoData size:311 dts:601.251 pts:601.376 dur:41.700ms, clock:599.542 level:3
2020-05-10 08:21:39.107 T:3886019456 DEBUG: CVideoPlayer::ProcessVideoData size:315 dts:601.293 pts:601.293 dur:41.700ms, clock:599.542 level:4
2020-05-10 08:21:39.107 T:3886019456 DEBUG: CVideoPlayer::ProcessVideoData size:314 dts:601.335 pts:601.335 dur:41.700ms, clock:599.542 level:4
2020-05-10 08:21:39.107 T:3886019456 DEBUG: CVideoPlayer::ProcessVideoData size:311 dts:601.376 pts:601.501 dur:41.700ms, clock:599.542 level:5
2020-05-10 08:21:39.108 T:3886019456 DEBUG: CVideoPlayer::ProcessVideoData size:314 dts:601.418 pts:601.418 dur:41.700ms, clock:599.542 level:5
2020-05-10 08:21:39.113 T:3886019456 DEBUG: CVideoPlayer::ProcessVideoData size:315 dts:601.460 pts:601.460 dur:41.700ms, clock:599.542 level:4
2020-05-10 08:21:39.114 T:3886019456 DEBUG: CVideoPlayer::ProcessVideoData size:48730 dts:601.501 pts:601.627 dur:41.700ms, clock:599.542 level:4
2020-05-10 08:21:39.114 T:3886019456 DEBUG: CVideoPlayer::ProcessVideoData size:317 dts:601.543 pts:601.543 dur:41.700ms, clock:599.542 level:5
2020-05-10 08:21:39.120 T:3886019456 DEBUG: CVideoPlayer::ProcessVideoData size:316 dts:601.585 pts:601.585 dur:41.700ms, clock:599.542 level:5
2020-05-10 08:21:39.124 T:3886019456 DEBUG: CVideoPlayer::ProcessVideoData size:147357 dts:601.627 pts:601.710 dur:41.700ms, clock:599.542 level:5
2020-05-10 08:21:39.125 T:3886019456 DEBUG: CVideoPlayer::ProcessVideoData size:47113 dts:601.668 pts:601.668 dur:41.700ms, clock:599.542 level:5
2020-05-10 08:21:39.126 T:3389227904 DEBUG: CPtsTracker: pattern lost on diff -8967288.000000, number of losses 1
2020-05-10 08:21:39.126 T:3389227904 DEBUG: CVideoPlayerVideo::OutputPicture - ttd:1459ms pts:601.001 Clock:599.542 Level:0
2020-05-10 08:21:39.130 T:3886019456 DEBUG: CVideoPlayer::ProcessVideoData size:88657 dts:601.710 pts:601.793 dur:41.700ms, clock:599.542 level:5
2020-05-10 08:21:39.131 T:3886019456 DEBUG: CVideoPlayer::ProcessVideoData size:43677 dts:601.752 pts:601.752 dur:41.700ms, clock:599.542 level:6
2020-05-10 08:21:39.135 T:3886019456 DEBUG: CVideoPlayer::ProcessVideoData size:53692 dts:601.793 pts:601.877 dur:41.700ms, clock:599.542 level:6
2020-05-10 08:21:39.136 T:3886019456 DEBUG: CVideoPlayer::ProcessVideoData size:42076 dts:601.835 pts:601.835 dur:41.700ms, clock:599.542 level:7
2020-05-10 08:21:39.142 T:3886019456 DEBUG: CVideoPlayer::ProcessVideoData size:67727 dts:601.877 pts:601.960 dur:41.700ms, clock:599.542 level:7
2020-05-10 08:21:39.143 T:4060491200 DEBUG: CAMLVideoBufferPool::~CAMLVideoBufferPool: Deleting 7 buffers
2020-05-10 08:21:39.146 T:4060491200 DEBUG: CAMLCodec::SetVideoRect:display(0,0,1920,1080)
2020-05-10 08:21:39.146 T:4060491200 DEBUG: CAMLCodec::SetVideoRect:gui(0,0,1920,1080)
2020-05-10 08:21:39.146 T:4060491200 DEBUG: CAMLCodec::SetVideoRect:m_dst_rect(0,0,1920,1080)
2020-05-10 08:21:39.146 T:4060491200 DEBUG: CAMLCodec::SetVideoRect:dst_rect(0,0,1920,1080)
2020-05-10 08:21:39.146 T:4060491200 DEBUG: CAMLCodec::SetVideoRect:m_guiStereoMode(0)
2020-05-10 08:21:39.146 T:4060491200 DEBUG: CAMLCodec::SetVideoRect:m_guiStereoView(0)
2020-05-10 08:21:39.146 T:3886019456 DEBUG: CVideoPlayer::HandleMessages - player started 2
2020-05-10 08:21:39.147 T:3886019456 DEBUG: CVideoPlayer::ProcessVideoData size:58568 dts:601.919 pts:601.919 dur:41.700ms, clock:599.542 level:8
2020-05-10 08:21:39.152 T:3886019456 DEBUG: CVideoPlayer::ProcessVideoData size:154406 dts:601.960 pts:602.002 dur:41.700ms, clock:599.542 level:8
2020-05-10 08:21:39.153 T:3886019456 DEBUG: CVideoPlayer::ProcessVideoData size:29719 dts:602.002 pts:602.127 dur:41.700ms, clock:599.542 level:9
2020-05-10 08:21:39.153 T:3886019456 DEBUG: CVideoPlayer::ProcessVideoData size:25402 dts:602.044 pts:602.044 dur:41.700ms, clock:599.542 level:9
2020-05-10 08:21:39.154 T:3886019456 DEBUG: CVideoPlayer::ProcessVideoData size:24998 dts:602.085 pts:602.085 dur:41.700ms, clock:599.542 level:10
2020-05-10 08:21:39.159 T:3886019456 DEBUG: CVideoPlayer::ProcessVideoData size:31679 dts:602.127 pts:602.252 dur:41.700ms, clock:599.542 level:10
2020-05-10 08:21:39.160 T:3886019456 DEBUG: CVideoPlayer::ProcessVideoData size:24459 dts:602.169 pts:602.169 dur:41.700ms, clock:599.542 level:11
2020-05-10 08:21:39.160 T:3886019456 DEBUG: CVideoPlayer::ProcessVideoData size:25047 dts:602.211 pts:602.211 dur:41.700ms, clock:599.542 level:11
2020-05-10 08:21:39.301 T:4029453184 DEBUG: CActiveAESink::OpenSink - trying to open device ALSA:surround71:CARD=AMLAUGESOUND,DEV=0
2020-05-10 08:21:39.301 T:4029453184 INFO: CAESinkALSA::Initialize - Attempting to open device "surround71:CARD=AMLAUGESOUND,DEV=0"
2020-05-10 08:21:39.305 T:4029453184 INFO: CAESinkALSA::Initialize - Opened device "surround71:CARD=AMLAUGESOUND,DEV=0"
2020-05-10 08:21:39.306 T:4029453184 INFO: CAESinkALSA::InitializeHW - Your hardware does not support AE_FMT_FLOAT, trying other formats
2020-05-10 08:21:39.306 T:4029453184 INFO: CAESinkALSA::InitializeHW - Using data format AE_FMT_S24NE4
2020-05-10 08:21:39.306 T:4029453184 DEBUG: CAESinkALSA::InitializeHW - Request: periodSize 2400, bufferSize 9600
2020-05-10 08:21:39.333 T:4029453184 DEBUG: CAESinkALSA::InitializeHW - Got: periodSize 2400, bufferSize 9600
2020-05-10 08:21:39.333 T:4029453184 DEBUG: CAESinkALSA::InitializeHW - Setting timeout to 200 ms
2020-05-10 08:21:39.333 T:4029453184 DEBUG: CAESinkALSA::GetChannelLayout - Input Channel Count: 2 Output Channel Count: 2
2020-05-10 08:21:39.333 T:4029453184 DEBUG: CAESinkALSA::GetChannelLayout - Requested Layout: FL, FR
2020-05-10 08:21:39.333 T:4029453184 DEBUG: CAESinkALSA::GetChannelLayout - Got Layout: FL, FR (ALSA: FL FR)
2020-05-10 08:21:39.333 T:4029453184 DEBUG: CActiveAESink::OpenSink - ALSA Initialized:
2020-05-10 08:21:39.333 T:4029453184 DEBUG: Output Device : AML-AUGESOUND
2020-05-10 08:21:39.333 T:4029453184 DEBUG: Sample Rate : 48000
2020-05-10 08:21:39.333 T:4029453184 DEBUG: Sample Format : AE_FMT_S24NE4
2020-05-10 08:21:39.333 T:4029453184 DEBUG: Channel Count : 2
2020-05-10 08:21:39.333 T:4029453184 DEBUG: Channel Layout: FL, FR
2020-05-10 08:21:39.333 T:4029453184 DEBUG: Frames : 2400
2020-05-10 08:21:39.333 T:4029453184 DEBUG: Frame Size : 8
2020-05-10 08:21:39.337 T:4037845888 DEBUG: CActiveAE::ClearDiscardedBuffers - buffer pool deleted
2020-05-10 08:21:39.570 T:3886019456 DEBUG: Previous line repeats 1 times.
2020-05-10 08:21:39.570 T:3886019456 DEBUG: CVideoPlayer::HandleMessages - player started 1
2020-05-10 08:21:39.570 T:3436155776 DEBUG: OnAVChange: CApplication::OnAVChange
2020-05-10 08:21:39.571 T:3886019456 DEBUG: VideoPlayer::Sync - Audio - pts: 600.309, cache: 0.493, totalcache: 0.800, packets:152 level:17
2020-05-10 08:21:39.571 T:3886019456 DEBUG: VideoPlayer::Sync - Video - pts: 601.001, cache: 0.050, totalcache: 0.100, packets:53 level:12
2020-05-10 08:21:39.571 T:3389227904 DEBUG: CVideoPlayerVideo - CDVDMsg::GENERAL_RESYNC(600496478.491296)
2020-05-10 08:21:39.571 T:3389227904 DEBUG: CVideoPlayerVideo::OutputPicture - ttd:546ms pts:601.043 Clock:600.496 Level:0
2020-05-10 08:21:39.572 T:3389227904 DEBUG: CVideoPlayerVideo::OutputPicture - ttd:587ms pts:601.084 Clock:600.497 Level:1
2020-05-10 08:21:39.572 T:3886019456 DEBUG: CDVDClock::SetSpeedAdjust - adjusted:0.000000
2020-05-10 08:21:39.574 T:3389227904 DEBUG: CVideoPlayerVideo::OutputPicture - ttd:627ms pts:601.126 Clock:600.499 Level:2
2020-05-10 08:21:39.574 T:3886019456 DEBUG: CVideoPlayer::ProcessVideoData size:40152 dts:602.252 pts:602.377 dur:41.700ms, clock:600.499 level:9
2020-05-10 08:21:39.575 T:3389227904 DEBUG: CVideoPlayerVideo::OutputPicture - ttd:667ms pts:601.168 Clock:600.500 Level:3
2020-05-10 08:21:39.576 T:3886019456 DEBUG: CVideoPlayer::ProcessVideoData size:28824 dts:602.294 pts:602.294 dur:41.700ms, clock:600.501 level:9
2020-05-10 08:21:39.578 T:3389227904 DEBUG: CVideoPlayerVideo::OutputPicture - ttd:706ms pts:601.210 Clock:600.503 Level:4
2020-05-10 08:21:39.579 T:3886019456 DEBUG: CVideoPlayer::ProcessVideoData size:31702 dts:602.336 pts:602.336 dur:41.700ms, clock:600.504 level:10
2020-05-10 08:21:39.580 T:3389227904 DEBUG: CVideoPlayerVideo::OutputPicture - ttd:746ms pts:601.251 Clock:600.505 Level:5
2020-05-10 08:21:39.589 T:3886019456 DEBUG: CVideoPlayer::ProcessVideoData size:43876 dts:602.377 pts:602.503 dur:41.700ms, clock:600.514 level:10
2020-05-10 08:21:39.590 T:3886019456 DEBUG: CVideoPlayer::ProcessVideoData size:35123 dts:602.419 pts:602.419 dur:41.700ms, clock:600.515 level:10
2020-05-10 08:21:39.595 T:3401663360 DEBUG: CDVDAudio::Flush - flush audio stream
2020-05-10 08:21:39.595 T:3401663360 DEBUG: CDVDAudio::Resume - resume audio stream
2020-05-10 08:21:39.602 T:4037845888 DEBUG: ActiveAE - start sync of audio stream
2020-05-10 08:21:39.607 T:3886019456 DEBUG: CVideoPlayer::ProcessVideoData size:35397 dts:602.461 pts:602.461 dur:41.700ms, clock:600.532 level:9
2020-05-10 08:21:39.612 T:3886019456 DEBUG: CVideoPlayer::ProcessVideoData size:49137 dts:602.503 pts:602.628 dur:41.700ms, clock:600.537 level:9
2020-05-10 08:21:39.616 T:3886019456 DEBUG: CVideoPlayer::ProcessVideoData size:37391 dts:602.544 pts:602.544 dur:41.700ms, clock:600.538 level:10
2020-05-10 08:21:39.625 T:3886019456 DEBUG: CVideoPlayer::ProcessVideoData size:39103 dts:602.586 pts:602.586 dur:41.700ms, clock:600.550 level:9
2020-05-10 08:21:39.627 T:3886019456 DEBUG: CVideoPlayer::ProcessVideoData size:49858 dts:602.628 pts:602.753 dur:41.700ms, clock:600.552 level:10
2020-05-10 08:21:39.643 T:3886019456 DEBUG: CVideoPlayer::ProcessVideoData size:42849 dts:602.669 pts:602.669 dur:41.700ms, clock:600.568 level:9
2020-05-10 08:21:39.644 T:3886019456 DEBUG: CVideoPlayer::ProcessVideoData size:54310 dts:602.711 pts:602.711 dur:41.700ms, clock:600.569 level:10
2020-05-10 08:21:39.661 T:3886019456 DEBUG: CVideoPlayer::ProcessVideoData size:59128 dts:602.753 pts:602.878 dur:41.700ms, clock:600.586 level:9
2020-05-10 08:21:39.663 T:3886019456 DEBUG: CVideoPlayer::ProcessVideoData size:52633 dts:602.794 pts:602.794 dur:41.700ms, clock:600.588 level:9
2020-05-10 08:21:39.679 T:3886019456 DEBUG: CVideoPlayer::ProcessVideoData size:41037 dts:602.836 pts:602.836 dur:41.700ms, clock:600.604 level:8
2020-05-10 08:21:39.681 T:3886019456 DEBUG: CVideoPlayer::ProcessVideoData size:50235 dts:602.878 pts:602.961 dur:41.700ms, clock:600.606 level:8
2020-05-10 08:21:39.699 T:3886019456 DEBUG: CVideoPlayer::ProcessVideoData size:35939 dts:602.920 pts:602.920 dur:41.700ms, clock:600.624 level:7
2020-05-10 08:21:39.716 T:3886019456 DEBUG: CVideoPlayer::ProcessVideoData size:142294 dts:602.961 pts:603.003 dur:41.700ms, clock:600.641 level:8
2020-05-10 08:21:39.717 T:3886019456 DEBUG: CVideoPlayer::ProcessVideoData size:44424 dts:603.003 pts:603.128 dur:41.700ms, clock:600.642 level:8
2020-05-10 08:21:39.734 T:3886019456 DEBUG: CVideoPlayer::ProcessVideoData size:50341 dts:603.045 pts:603.045 dur:41.700ms, clock:600.659 level:9
2020-05-10 08:21:39.745 T:4037845888 DEBUG: ActiveAE::SyncStream - average error of -310.496125, start adjusting
2020-05-10 08:21:39.746 T:4037845888 DEBUG: ActiveAE::SyncStream - average error -10.496125 below threshold of 30.000000
2020-05-10 08:21:39.753 T:3886019456 DEBUG: CVideoPlayer::ProcessVideoData size:50419 dts:603.086 pts:603.086 dur:41.700ms, clock:600.678 level:9
2020-05-10 08:21:39.755 T:3886019456 DEBUG: CVideoPlayer::ProcessVideoData size:95075 dts:603.128 pts:603.253 dur:41.700ms, clock:600.680 level:10
2020-05-10 08:21:39.772 T:3886019456 DEBUG: CVideoPlayer::ProcessVideoData size:79865 dts:603.170 pts:603.170 dur:41.700ms, clock:600.697 level:10
2020-05-10 08:21:39.790 T:3886019456 DEBUG: CVideoPlayer::ProcessVideoData size:82680 dts:603.212 pts:603.212 dur:41.700ms, clock:600.715 level:11
2020-05-10 08:21:39.812 T:3886019456 DEBUG: CVideoPlayer::ProcessVideoData size:108149 dts:603.253 pts:603.378 dur:41.700ms, clock:600.737 level:11
2020-05-10 08:21:39.826 T:3886019456 DEBUG: CVideoPlayer::ProcessVideoData size:93774 dts:603.295 pts:603.295 dur:41.700ms, clock:600.751 level:12
2020-05-10 08:21:39.844 T:3886019456 DEBUG: CVideoPlayer::ProcessVideoData size:97422 dts:603.337 pts:603.337 dur:41.700ms, clock:600.769 level:12
2020-05-10 08:21:39.848 T:3886019456 DEBUG: CVideoPlayer::ProcessVideoData size:111952 dts:603.378 pts:603.504 dur:41.700ms, clock:600.772 level:13
2020-05-10 08:21:39.863 T:3886019456 DEBUG: CVideoPlayer::ProcessVideoData size:76436 dts:603.420 pts:603.420 dur:41.700ms, clock:600.788 level:14
2020-05-10 08:21:39.882 T:3886019456 DEBUG: CVideoPlayer::ProcessVideoData size:100188 dts:603.462 pts:603.462 dur:41.700ms, clock:600.807 level:14
2020-05-10 08:21:39.901 T:3886019456 DEBUG: CVideoPlayer::ProcessVideoData size:113268 dts:603.504 pts:603.629 dur:41.700ms, clock:600.826 level:15
2020-05-10 08:21:39.918 T:3886019456 DEBUG: CVideoPlayer::ProcessVideoData size:103036 dts:603.545 pts:603.545 dur:41.700ms, clock:600.843 level:15
2020-05-10 08:21:39.939 T:3886019456 DEBUG: CVideoPlayer::ProcessVideoData size:106965 dts:603.587 pts:603.587 dur:41.700ms, clock:600.864 level:16
2020-05-10 08:21:39.954 T:3886019456 DEBUG: CVideoPlayer::ProcessVideoData size:113942 dts:603.629 pts:603.754 dur:41.700ms, clock:600.879 level:16
2020-05-10 08:21:39.972 T:3886019456 DEBUG: CVideoPlayer::ProcessVideoData size:83613 dts:603.670 pts:603.670 dur:41.700ms, clock:600.897 level:17
2020-05-10 08:21:39.991 T:3886019456 DEBUG: CVideoPlayer::ProcessVideoData size:106665 dts:603.712 pts:603.712 dur:41.700ms, clock:600.916 level:17
2020-05-10 08:21:40.010 T:3886019456 DEBUG: CVideoPlayer::ProcessVideoData size:120778 dts:603.754 pts:603.879 dur:41.700ms, clock:600.935 level:18
2020-05-10 08:21:40.027 T:3886019456 DEBUG: CVideoPlayer::ProcessVideoData size:84875 dts:603.795 pts:603.795 dur:41.700ms, clock:600.952 level:18
2020-05-10 08:21:40.046 T:3886019456 DEBUG: CVideoPlayer::ProcessVideoData size:106817 dts:603.837 pts:603.837 dur:41.700ms, clock:600.971 level:19
2020-05-10 08:21:40.066 T:3886019456 DEBUG: CVideoPlayer::ProcessVideoData size:120464 dts:603.879 pts:603.962 dur:41.700ms, clock:600.991 level:19
2020-05-10 08:21:40.099 T:3886019456 DEBUG: CVideoPlayer::ProcessVideoData size:86710 dts:603.921 pts:603.921 dur:41.700ms, clock:601.024 level:20
2020-05-10 08:21:40.117 T:3886019456 DEBUG: CVideoPlayer::ProcessVideoData size:257893 dts:603.962 pts:604.004 dur:41.700ms, clock:601.042 level:20
2020-05-10 08:21:40.119 T:3886019456 DEBUG: CVideoPlayer::ProcessVideoData size:51777 dts:604.004 pts:604.129 dur:41.700ms, clock:601.044 level:21
2020-05-10 08:21:40.135 T:3886019456 DEBUG: CVideoPlayer::ProcessVideoData size:55235 dts:604.046 pts:604.046 dur:41.700ms, clock:601.060 level:21
2020-05-10 08:21:40.154 T:3389227904 DEBUG: CVideoPlayerVideo::OutputPicture - ttd:213ms pts:601.293 Clock:601.079 Level:2
2020-05-10 08:21:40.154 T:3886019456 DEBUG: CVideoPlayer::ProcessVideoData size:54077 dts:604.087 pts:604.087 dur:41.700ms, clock:601.079 level:22
2020-05-10 08:21:40.172 T:3886019456 DEBUG: CVideoPlayer::ProcessVideoData size:97431 dts:604.129 pts:604.254 dur:41.700ms, clock:601.097 level:22
2020-05-10 08:21:40.191 T:3886019456 DEBUG: CVideoPlayer::ProcessVideoData size:88377 dts:604.171 pts:604.171 dur:41.700ms, clock:601.116 level:22
2020-05-10 08:21:40.192 T:3389227904 DEBUG: CVideoPlayerVideo::OutputPicture - ttd:217ms pts:601.335 Clock:601.117 Level:2
2020-05-10 08:21:40.194 T:3389227904 DEBUG: CVideoPlayerVideo::OutputPicture - ttd:257ms pts:601.376 Clock:601.119 Level:3
2020-05-10 08:21:40.209 T:3886019456 DEBUG: CVideoPlayer::ProcessVideoData size:118637 dts:604.213 pts:604.213 dur:41.700ms, clock:601.134 level:22
2020-05-10 08:21:40.227 T:3886019456 DEBUG: CVideoPlayer::ProcessVideoData size:110785 dts:604.254 pts:604.379 dur:41.700ms, clock:601.152 level:22
2020-05-10 08:21:40.249 T:3886019456 DEBUG: CVideoPlayer::ProcessVideoData size:101737 dts:604.296 pts:604.296 dur:41.700ms, clock:601.174 level:23
2020-05-10 08:21:40.263 T:3886019456 DEBUG: CVideoPlayer::ProcessVideoData size:103062 dts:604.338 pts:604.338 dur:41.700ms, clock:601.188 level:23
2020-05-10 08:21:40.266 T:3886019456 DEBUG: CVideoPlayer::ProcessVideoData size:112459 dts:604.379 pts:604.505 dur:41.700ms, clock:601.191 level:24
2020-05-10 08:21:40.277 T:3389227904 DEBUG: CVideoPlayerVideo::OutputPicture - ttd:215ms pts:601.418 Clock:601.202 Level:2
2020-05-10 08:21:40.283 T:3886019456 DEBUG: CVideoPlayer::ProcessVideoData size:79970 dts:604.421 pts:604.421 dur:41.700ms, clock:601.207 level:24
2020-05-10 08:21:40.301 T:3886019456 DEBUG: CVideoPlayer::ProcessVideoData size:103154 dts:604.463 pts:604.463 dur:41.700ms, clock:601.226 level:24
2020-05-10 08:21:40.318 T:3389227904 DEBUG: CVideoPlayerVideo::OutputPicture - ttd:216ms pts:601.460 Clock:601.243 Level:2
2020-05-10 08:21:40.320 T:3389227904 DEBUG: CVideoPlayerVideo::OutputPicture - ttd:256ms pts:601.501 Clock:601.245 Level:3
2020-05-10 08:21:40.320 T:3886019456 DEBUG: CVideoPlayer::ProcessVideoData size:114859 dts:604.505 pts:604.630 dur:41.700ms, clock:601.245 level:25
2020-05-10 08:21:40.337 T:3886019456 DEBUG: CVideoPlayer::ProcessVideoData size:101309 dts:604.546 pts:604.546 dur:41.700ms, clock:601.262 level:24
2020-05-10 08:21:40.356 T:3886019456 DEBUG: CVideoPlayer::ProcessVideoData size:100233 dts:604.588 pts:604.588 dur:41.700ms, clock:601.281 level:25
2020-05-10 08:21:40.374 T:3886019456 DEBUG: CVideoPlayer::ProcessVideoData size:141433 dts:604.630 pts:604.755 dur:41.700ms, clock:601.299 level:26
2020-05-10 08:21:40.399 T:3886019456 DEBUG: CVideoPlayer::ProcessVideoData size:74822 dts:604.671 pts:604.671 dur:41.700ms, clock:601.324 level:26
2020-05-10 08:21:40.405 T:3389227904 DEBUG: CVideoPlayerVideo::OutputPicture - ttd:213ms pts:601.543 Clock:601.330 Level:2
2020-05-10 08:21:40.409 T:3886019456 DEBUG: CVideoPlayer::ProcessVideoData size:75279 dts:604.713 pts:604.713 dur:41.700ms, clock:601.334 level:27
2020-05-10 08:21:40.427 T:3886019456 DEBUG: CVideoPlayer::ProcessVideoData size:110597 dts:604.755 pts:604.880 dur:41.700ms, clock:601.352 level:27
2020-05-10 08:21:40.430 T:3886019456 DEBUG: CVideoPlayer::ProcessVideoData size:75184 dts:604.796 pts:604.796 dur:41.700ms, clock:601.355 level:27
2020-05-10 08:21:40.444 T:3389227904 DEBUG: CVideoPlayerVideo::OutputPicture - ttd:215ms pts:601.585 Clock:601.369 Level:2
2020-05-10 08:21:40.445 T:3389227904 DEBUG: CVideoPlayerVideo::OutputPicture - ttd:256ms pts:601.627 Clock:601.370 Level:3
2020-05-10 08:21:40.452 T:3886019456 DEBUG: CVideoPlayer::ProcessVideoData size:97091 dts:604.838 pts:604.838 dur:41.700ms, clock:601.376 level:28
2020-05-10 08:21:40.465 T:3886019456 DEBUG: CVideoPlayer::ProcessVideoData size:111300 dts:604.880 pts:604.963 dur:41.700ms, clock:601.390 level:27
2020-05-10 08:21:40.501 T:3886019456 DEBUG: CVideoPlayer::ProcessVideoData size:74085 dts:604.922 pts:604.922 dur:41.700ms, clock:601.426 level:28
2020-05-10 08:21:40.523 T:3886019456 DEBUG: CVideoPlayer::ProcessVideoData size:241887 dts:604.963 pts:605.005 dur:41.700ms, clock:601.448 level:28
2020-05-10 08:21:40.525 T:3886019456 DEBUG: CVideoPlayer::ProcessVideoData size:63996 dts:605.005 pts:605.130 dur:41.700ms, clock:601.450 level:29
2020-05-10 08:21:40.526 T:3389227904 DEBUG: CVideoPlayerVideo::OutputPicture - ttd:216ms pts:601.668 Clock:601.451 Level:2
2020-05-10 08:21:40.528 T:3389227904 DEBUG: CVideoPlayerVideo::OutputPicture - ttd:257ms pts:601.710 Clock:601.453 Level:3
2020-05-10 08:21:40.536 T:3886019456 DEBUG: CVideoPlayer::ProcessVideoData size:39563 dts:605.047 pts:605.047 dur:41.700ms, clock:601.461 level:29
2020-05-10 08:21:40.538 T:3886019456 DEBUG: CVideoPlayer::ProcessVideoData size:40328 dts:605.088 pts:605.088 dur:41.700ms, clock:601.463 level:29
2020-05-10 08:21:40.554 T:3886019456 DEBUG: CVideoPlayer::ProcessVideoData size:51436 dts:605.130 pts:605.255 dur:41.700ms, clock:601.479 level:29
2020-05-10 08:21:40.556 T:3886019456 DEBUG: CVideoPlayer::ProcessVideoData size:38439 dts:605.172 pts:605.172 dur:41.700ms, clock:601.481 level:30
2020-05-10 08:21:40.570 T:3389227904 DEBUG: CVideoPlayerVideo::OutputPicture - ttd:256ms pts:601.752 Clock:601.495 Level:3
2020-05-10 08:21:40.571 T:3389227904 DEBUG: CVideoPlayerVideo::OutputPicture - ttd:297ms pts:601.793 Clock:601.496 Level:4
