2020-05-10 08:22:01.918 T:3886019456 DEBUG: CVideoPlayer::ProcessVideoData size:81693 dts:614.181 pts:614.223 dur:41.700ms, clock:604.966 level:99
2020-05-10 08:22:01.934 T:3886019456 DEBUG: CVideoPlayer::ProcessVideoData size:353642 dts:614.223 pts:614.264 dur:41.700ms, clock:604.982 level:99
2020-05-10 08:22:01.936 T:3886019456 DEBUG: CVideoPlayer::ProcessVideoData size:115476 dts:614.264 pts:614.306 dur:41.700ms, clock:604.984 level:99
2020-05-10 08:22:01.983 T:3886019456 DEBUG: CVideoPlayer::ProcessVideoData size:41643 dts:614.306 pts:614.431 dur:41.700ms, clock:605.031 level:99
2020-05-10 08:22:02.007 T:3401663360 DEBUG: CVideoPlayerVideo::OutputPicture - ttd:200ms pts:605.255 Clock:605.055 Level:1
2020-05-10 08:22:02.008 T:3401663360 DEBUG: CVideoPlayerVideo::OutputPicture - ttd:240ms pts:605.297 Clock:605.056 Level:2
2020-05-10 08:22:02.013 T:3401663360 DEBUG: CVideoPlayerVideo::OutputPicture - ttd:277ms pts:605.339 Clock:605.061 Level:3
2020-05-10 08:22:02.015 T:3401663360 DEBUG: CVideoPlayerVideo::OutputPicture - ttd:317ms pts:605.380 Clock:605.063 Level:4
2020-05-10 08:22:02.026 T:3886019456 DEBUG: CVideoPlayer::ProcessVideoData size:8776 dts:614.348 pts:614.348 dur:41.700ms, clock:605.074 level:99
2020-05-10 08:22:02.067 T:3886019456 DEBUG: CVideoPlayer::ProcessVideoData size:9579 dts:614.389 pts:614.389 dur:41.700ms, clock:605.114 level:99
2020-05-10 08:22:02.089 T:3401663360 DEBUG: CVideoPlayerVideo::OutputPicture - ttd:285ms pts:605.422 Clock:605.137 Level:3
2020-05-10 08:22:02.105 T:3886019456 DEBUG: CVideoPlayer::ProcessVideoData size:113735 dts:614.431 pts:614.473 dur:41.700ms, clock:605.152 level:99
2020-05-10 08:22:02.133 T:3401663360 DEBUG: CVideoPlayerVideo::OutputPicture - ttd:282ms pts:605.464 Clock:605.181 Level:3
2020-05-10 08:22:02.134 T:3401663360 DEBUG: CVideoPlayerVideo::OutputPicture - ttd:323ms pts:605.505 Clock:605.182 Level:4
2020-05-10 08:22:02.151 T:3886019456 DEBUG: CVideoPlayer::ProcessVideoData size:116210 dts:614.473 pts:614.514 dur:41.700ms, clock:605.199 level:99
2020-05-10 08:22:02.184 T:3886019456 DEBUG: CVideoPlayer::ProcessVideoData size:47519 dts:614.514 pts:614.556 dur:41.700ms, clock:605.232 level:99
2020-05-10 08:22:02.257 T:3401663360 DEBUG: CVideoPlayerVideo::OutputPicture - ttd:242ms pts:605.547 Clock:605.305 Level:2
2020-05-10 08:22:02.273 T:3886019456 DEBUG: CVideoPlayer::ProcessVideoData size:37765 dts:614.556 pts:614.598 dur:41.700ms, clock:605.321 level:99
2020-05-10 08:22:02.301 T:3401663360 DEBUG: CVideoPlayerVideo::OutputPicture - ttd:239ms pts:605.589 Clock:605.349 Level:2
2020-05-10 08:22:02.302 T:3401663360 DEBUG: CVideoPlayerVideo::OutputPicture - ttd:280ms pts:605.631 Clock:605.350 Level:3
2020-05-10 08:22:02.321 T:3886019456 DEBUG: CVideoPlayer::ProcessVideoData size:118578 dts:614.598 pts:614.640 dur:41.700ms, clock:605.369 level:99
2020-05-10 08:22:02.327 T:3886019456 DEBUG: CVideoPlayer::ProcessVideoData size:101785 dts:614.640 pts:614.765 dur:41.700ms, clock:605.375 level:99
2020-05-10 08:22:02.386 T:3401663360 DEBUG: CVideoPlayerVideo::OutputPicture - ttd:238ms pts:605.672 Clock:605.434 Level:2
2020-05-10 08:22:02.400 T:3886019456 DEBUG: CVideoPlayer::ProcessVideoData size:9066 dts:614.681 pts:614.681 dur:41.700ms, clock:605.448 level:99
2020-05-10 08:22:02.427 T:3401663360 DEBUG: CVideoPlayerVideo::OutputPicture - ttd:239ms pts:605.714 Clock:605.475 Level:2
2020-05-10 08:22:02.428 T:3401663360 DEBUG: CVideoPlayerVideo::OutputPicture - ttd:279ms pts:605.756 Clock:605.476 Level:3
2020-05-10 08:22:02.449 T:3886019456 DEBUG: CVideoPlayer::ProcessVideoData size:9426 dts:614.723 pts:614.723 dur:41.700ms, clock:605.497 level:99
2020-05-10 08:22:02.450 T:3886019456 DEBUG: CVideoPlayer::ProcessVideoData size:70248 dts:614.765 pts:614.890 dur:41.700ms, clock:605.498 level:99
2020-05-10 08:22:02.506 T:3401663360 DEBUG: CVideoPlayerVideo::OutputPicture - ttd:243ms pts:605.797 Clock:605.554 Level:2
2020-05-10 08:22:02.528 T:3886019456 DEBUG: CVideoPlayer::ProcessVideoData size:15838 dts:614.806 pts:614.806 dur:41.700ms, clock:605.576 level:99
2020-05-10 08:22:02.550 T:3401663360 DEBUG: CVideoPlayerVideo::OutputPicture - ttd:241ms pts:605.839 Clock:605.598 Level:2
2020-05-10 08:22:02.551 T:3401663360 DEBUG: CVideoPlayerVideo::OutputPicture - ttd:281ms pts:605.881 Clock:605.599 Level:3
2020-05-10 08:22:02.561 T:3886019456 DEBUG: CVideoPlayer::ProcessVideoData size:59465 dts:614.848 pts:614.848 dur:41.700ms, clock:605.609 level:99
2020-05-10 08:22:02.573 T:3886019456 DEBUG: CVideoPlayer::ProcessVideoData size:59881 dts:614.890 pts:614.973 dur:41.700ms, clock:605.621 level:99
2020-05-10 08:22:02.585 T:4050645888 DEBUG: CLibInputKeyboard::ProcessKey - using delay: 500ms repeat: 33ms
2020-05-10 08:22:02.585 T:3376104320 DEBUG: Thread Timer start, auto delete: false
2020-05-10 08:22:02.623 T:4060491200 DEBUG: Keyboard: scancode: 0x9e, sym: 0x00a6, unicode: 0x0000, modifier: 0x0
2020-05-10 08:22:02.642 T:3401663360 DEBUG: CVideoPlayerVideo::OutputPicture - ttd:232ms pts:605.923 Clock:605.690 Level:2
2020-05-10 08:22:02.643 T:3401663360 DEBUG: CVideoPlayerVideo::OutputPicture - ttd:273ms pts:605.964 Clock:605.691 Level:3
2020-05-10 08:22:02.645 T:3376104320 DEBUG: Thread Timer 3376104320 terminating
2020-05-10 08:22:02.668 T:3886019456 DEBUG: CVideoPlayer::ProcessVideoData size:10437 dts:614.932 pts:614.932 dur:41.700ms, clock:605.716 level:99
2020-05-10 08:22:02.670 T:4060491200 DEBUG: Keyboard: scancode: 0x9e, sym: 0x00a6, unicode: 0x0000, modifier: 0x0
2020-05-10 08:22:02.670 T:4060491200 DEBUG: HandleKey: browser_back (0xf0b0) pressed, action is Back
2020-05-10 08:22:02.670 T:4060491200 DEBUG: CGUIWindowManager::PreviousWindow: Deactivate
2020-05-10 08:22:02.671 T:4060491200 DEBUG: ------ Window Deinit (VideoFullScreen.xml) ------
2020-05-10 08:22:02.683 T:4060491200 DEBUG: CGUIWindowManager::PreviousWindow: Activate new
2020-05-10 08:22:02.683 T:4060491200 DEBUG: ------ Window Init (Home.xml) ------
2020-05-10 08:22:02.683 T:4060491200 DEBUG: CDirectoryProvider[library://video/movies/]: refreshing..
2020-05-10 08:22:02.684 T:4060491200 DEBUG: CDirectoryProvider[special://skin/playlists/inprogress_movies.xsp]: refreshing..
2020-05-10 08:22:02.684 T:4060491200 DEBUG: CDirectoryProvider[special://skin/playlists/recent_unwatched_movies.xsp]: refreshing..
2020-05-10 08:22:02.684 T:4060491200 DEBUG: CDirectoryProvider[special://skin/playlists/unwatched_movies.xsp]: refreshing..
2020-05-10 08:22:02.684 T:4060491200 DEBUG: CDirectoryProvider[special://skin/playlists/random_movies.xsp]: refreshing..
2020-05-10 08:22:02.684 T:4060491200 DEBUG: CDirectoryProvider[videodb://movies/genres/]: refreshing..
2020-05-10 08:22:02.684 T:4060491200 DEBUG: CDirectoryProvider[library://video/tvshows/]: refreshing..
2020-05-10 08:22:02.684 T:4060491200 DEBUG: CDirectoryProvider[videodb://inprogresstvshows]: refreshing..
2020-05-10 08:22:02.684 T:4060491200 DEBUG: CDirectoryProvider[special://skin/playlists/recent_unwatched_episodes.xsp]: refreshing..
2020-05-10 08:22:02.684 T:4060491200 DEBUG: CDirectoryProvider[special://skin/playlists/unwatched_tvshows.xsp]: refreshing..
2020-05-10 08:22:02.684 T:4060491200 DEBUG: CDirectoryProvider[videodb://tvshows/genres/]: refreshing..
2020-05-10 08:22:02.684 T:4060491200 DEBUG: CDirectoryProvider[videodb://tvshows/studios/]: refreshing..
2020-05-10 08:22:02.684 T:4060491200 DEBUG: CDirectoryProvider[library://music/]: refreshing..
2020-05-10 08:22:02.684 T:4060491200 DEBUG: CDirectoryProvider[musicdb://recentlyplayedalbums]: refreshing..
2020-05-10 08:22:02.684 T:4060491200 DEBUG: CDirectoryProvider[musicdb://recentlyaddedalbums/]: refreshing..
2020-05-10 08:22:02.684 T:4060491200 DEBUG: CDirectoryProvider[special://skin/playlists/random_albums.xsp]: refreshing..
2020-05-10 08:22:02.684 T:4060491200 DEBUG: CDirectoryProvider[special://skin/playlists/random_artists.xsp]: refreshing..
2020-05-10 08:22:02.684 T:4060491200 DEBUG: CDirectoryProvider[special://skin/playlists/unplayed_albums.xsp]: refreshing..
2020-05-10 08:22:02.684 T:4060491200 DEBUG: CDirectoryProvider[special://skin/playlists/mostplayed_albums.xsp]: refreshing..
2020-05-10 08:22:02.684 T:4060491200 DEBUG: CDirectoryProvider[addons://]: refreshing..
2020-05-10 08:22:02.684 T:4060491200 DEBUG: CDirectoryProvider[addons://sources/video/]: refreshing..
2020-05-10 08:22:02.684 T:4060491200 DEBUG: CDirectoryProvider[addons://sources/audio/]: refreshing..
2020-05-10 08:22:02.684 T:4060491200 DEBUG: CDirectoryProvider[addons://sources/game/]: refreshing..
2020-05-10 08:22:02.684 T:4060491200 DEBUG: CDirectoryProvider[addons://sources/executable/]: refreshing..
2020-05-10 08:22:02.684 T:4060491200 DEBUG: CDirectoryProvider[addons://sources/image/]: refreshing..
2020-05-10 08:22:02.684 T:4060491200 DEBUG: CDirectoryProvider[library://video/]: refreshing..
2020-05-10 08:22:02.684 T:4060491200 DEBUG: CDirectoryProvider[sources://video/]: refreshing..
2020-05-10 08:22:02.685 T:4060491200 DEBUG: CDirectoryProvider[special://videoplaylists/]: refreshing..
2020-05-10 08:22:02.685 T:4060491200 DEBUG: CDirectoryProvider[favourites://]: refreshing..
2020-05-10 08:22:02.685 T:4060491200 DEBUG: CDirectoryProvider[sources://pictures/]: refreshing..
2020-05-10 08:22:02.685 T:4060491200 DEBUG: CDirectoryProvider[addons://sources/game/]: refreshing..
2020-05-10 08:22:02.700 T:3886019456 DEBUG: CVideoPlayer::ProcessVideoData size:409738 dts:614.973 pts:615.015 dur:41.700ms, clock:605.748 level:99
2020-05-10 08:22:02.701 T:3886019456 DEBUG: CVideoPlayer::ProcessVideoData size:35758 dts:615.015 pts:615.140 dur:41.700ms, clock:605.749 level:99
2020-05-10 08:22:02.735 T:3886019456 DEBUG: CVideoPlayer::ProcessVideoData size:10806 dts:615.057 pts:615.057 dur:41.700ms, clock:605.783 level:99
2020-05-10 08:22:02.845 T:3427763072 DEBUG: GetRecentlyPlayedAlbums query: SELECT albumview.*, albumartistview.* FROM (SELECT idAlbum FROM albumview WHERE albumview.lastplayed IS NOT NULL AND albumview.strReleaseType = 'album' ORDER BY albumview.lastplayed DESC LIMIT 25) as playedalbums JOIN albumview ON albumview.idAlbum = playedalbums.idAlbum JOIN albumartistview ON albumview.idAlbum = albumartistview.idAlbum ORDER BY albumview.lastplayed DESC, albumartistview.iorder
2020-05-10 08:22:02.850 T:3436155776 DEBUG: GetRecentlyAddedAlbums query: SELECT albumview.*, albumartistview.* FROM (SELECT idAlbum FROM album WHERE strAlbum != '' ORDER BY idAlbum DESC LIMIT 25) AS recentalbums JOIN albumview ON albumview.idAlbum = recentalbums.idAlbum JOIN albumartistview ON albumview.idAlbum = albumartistview.idAlbum ORDER BY albumview.idAlbum desc, albumartistview.iOrder
2020-05-10 08:22:02.854 T:3896263552 DEBUG: GetAlbumsByWhere query: SELECT albumview.* FROM albumview WHERE albumview.strReleaseType = 'album' ORDER BY RANDOM() LIMIT 15
2020-05-10 08:22:02.860 T:3896263552 DEBUG: GetAlbumsByWhere: Time to fill list with albums 7ms query took 4ms
2020-05-10 08:22:02.869 T:4060491200 DEBUG: CAMLCodec::SetVideoRect:display(0,0,1920,1080)
2020-05-10 08:22:02.869 T:4060491200 DEBUG: CAMLCodec::SetVideoRect:gui(0,0,1920,1080)
2020-05-10 08:22:02.869 T:4060491200 DEBUG: CAMLCodec::SetVideoRect:m_dst_rect(0,0,1920,1080)
2020-05-10 08:22:02.869 T:4060491200 DEBUG: CAMLCodec::SetVideoRect:dst_rect(0,0,1920,1080)
2020-05-10 08:22:02.869 T:4060491200 DEBUG: CAMLCodec::SetVideoRect:m_guiStereoMode(0)
2020-05-10 08:22:02.869 T:4060491200 DEBUG: CAMLCodec::SetVideoRect:m_guiStereoView(0)
2020-05-10 08:22:02.875 T:3427763072 DEBUG: GetArtistsByWhere query: SELECT artistview.* FROM artistview WHERE (EXISTS (SELECT 1 FROM song_artist WHERE song_artist.idArtist = artistview.idArtist AND song_artist.idRole = 1) OR EXISTS (SELECT 1 FROM album_artist WHERE album_artist.idArtist = artistview.idArtist)) AND (artistview.strArtist != '') ORDER BY RANDOM() LIMIT 15
2020-05-10 08:22:02.888 T:3896263552 DEBUG: GetAlbumsByWhere query: SELECT albumview.* FROM albumview WHERE (((CAST(albumview.iTimesPlayed as DECIMAL(5,1)) > 0))) AND (albumview.strReleaseType = 'album')
2020-05-10 08:22:02.892 T:3427763072 DEBUG: GetArtistsByWhere: Time to fill list with artists 21ms query took 12ms
2020-05-10 08:22:02.893 T:3436155776 DEBUG: GetAlbumsByWhere query: SELECT albumview.* FROM albumview WHERE (((CAST(albumview.iTimesPlayed as DECIMAL(5,1)) = 0))) AND (albumview.strReleaseType = 'album') ORDER BY RANDOM() LIMIT 15
2020-05-10 08:22:02.903 T:3436155776 DEBUG: GetAlbumsByWhere: Time to fill list with albums 16ms query took 8ms
2020-05-10 08:22:02.926 T:3401663360 DEBUG: CVideoPlayerVideo::OutputPicture - ttd:32ms pts:606.006 Clock:605.973 Level:0
2020-05-10 08:22:02.927 T:3401663360 DEBUG: CVideoPlayerVideo::OutputPicture - ttd:72ms pts:606.048 Clock:605.975 Level:1
2020-05-10 08:22:02.927 T:3896263552 DEBUG: CAddonMgr::GetAvailableUpdates took 33 ms
2020-05-10 08:22:02.928 T:3401663360 DEBUG: CVideoPlayerVideo::OutputPicture - ttd:113ms pts:606.089 Clock:605.976 Level:2
2020-05-10 08:22:02.929 T:3401663360 DEBUG: CVideoPlayerVideo::OutputPicture - ttd:154ms pts:606.131 Clock:605.977 Level:3
2020-05-10 08:22:02.938 T:3401663360 DEBUG: CVideoPlayerVideo::OutputPicture - ttd:186ms pts:606.173 Clock:605.986 Level:4
2020-05-10 08:22:02.939 T:3886019456 DEBUG: CVideoPlayer::ProcessVideoData size:10901 dts:615.098 pts:615.098 dur:41.700ms, clock:605.986 level:99
2020-05-10 08:22:02.955 T:3886019456 DEBUG: CVideoPlayer::ProcessVideoData size:45222 dts:615.140 pts:615.265 dur:41.700ms, clock:606.003 level:99
2020-05-10 08:22:02.958 T:3886019456 DEBUG: CVideoPlayer::ProcessVideoData size:13069 dts:615.182 pts:615.182 dur:41.700ms, clock:606.006 level:99
2020-05-10 08:22:02.973 T:3401663360 DEBUG: CVideoPlayerVideo::OutputPicture - ttd:194ms pts:606.215 Clock:606.021 Level:4
2020-05-10 08:22:02.974 T:3401663360 DEBUG: CVideoPlayerVideo::OutputPicture - ttd:234ms pts:606.256 Clock:606.022 Level:5
2020-05-10 08:22:02.998 T:3886019456 DEBUG: CVideoPlayer::ProcessVideoData size:12831 dts:615.224 pts:615.224 dur:41.700ms, clock:606.045 level:99
2020-05-10 08:22:03.025 T:3896263552 DEBUG: CMultiPathDirectory::GetDirectory(multipath://special%3a%2f%2fprofile%2fplaylists%2fvideo/special%3a%2f%2fprofile%2fplaylists%2fmixed/)
2020-05-10 08:22:03.025 T:3896263552 DEBUG: Getting Directory (special://profile/playlists/video)
2020-05-10 08:22:03.026 T:3896263552 DEBUG: Getting Directory (special://profile/playlists/mixed)
2020-05-10 08:22:03.026 T:3896263552 DEBUG: CMultiPathDirectory::MergeItems, items = 0
2020-05-10 08:22:03.064 T:3886019456 DEBUG: CVideoPlayer::ProcessVideoData size:124715 dts:615.265 pts:615.390 dur:41.700ms, clock:606.112 level:99
2020-05-10 08:22:03.136 T:3401663360 DEBUG: CVideoPlayerVideo::OutputPicture - ttd:114ms pts:606.298 Clock:606.183 Level:2
2020-05-10 08:22:03.147 T:3886019456 DEBUG: CVideoPlayer::ProcessVideoData size:12562 dts:615.307 pts:615.307 dur:41.700ms, clock:606.195 level:99
2020-05-10 08:22:03.174 T:3401663360 DEBUG: CVideoPlayerVideo::OutputPicture - ttd:117ms pts:606.340 Clock:606.222 Level:2
2020-05-10 08:22:03.175 T:3401663360 DEBUG: CVideoPlayerVideo::OutputPicture - ttd:158ms pts:606.381 Clock:606.223 Level:3
2020-05-10 08:22:03.196 T:3886019456 DEBUG: CVideoPlayer::ProcessVideoData size:12967 dts:615.349 pts:615.349 dur:41.700ms, clock:606.244 level:99
2020-05-10 08:22:03.198 T:3886019456 DEBUG: CVideoPlayer::ProcessVideoData size:88417 dts:615.390 pts:615.515 dur:41.700ms, clock:606.246 level:99
2020-05-10 08:22:03.261 T:3401663360 DEBUG: CVideoPlayerVideo::OutputPicture - ttd:114ms pts:606.423 Clock:606.309 Level:2
2020-05-10 08:22:03.276 T:3886019456 DEBUG: CVideoPlayer::ProcessVideoData size:47380 dts:615.432 pts:615.432 dur:41.700ms, clock:606.324 level:99
2020-05-10 08:22:03.303 T:3401663360 DEBUG: CVideoPlayerVideo::OutputPicture - ttd:114ms pts:606.465 Clock:606.351 Level:2
2020-05-10 08:22:03.304 T:3401663360 DEBUG: CVideoPlayerVideo::OutputPicture - ttd:154ms pts:606.506 Clock:606.352 Level:3
2020-05-10 08:22:03.325 T:3886019456 DEBUG: CVideoPlayer::ProcessVideoData size:16546 dts:615.474 pts:615.474 dur:41.700ms, clock:606.373 level:99
2020-05-10 08:22:03.326 T:3886019456 DEBUG: CVideoPlayer::ProcessVideoData size:76120 dts:615.515 pts:615.641 dur:41.700ms, clock:606.374 level:99
2020-05-10 08:22:03.382 T:3401663360 DEBUG: CVideoPlayerVideo::OutputPicture - ttd:118ms pts:606.548 Clock:606.430 Level:2
2020-05-10 08:22:03.399 T:3886019456 DEBUG: CVideoPlayer::ProcessVideoData size:14285 dts:615.557 pts:615.557 dur:41.700ms, clock:606.447 level:99
2020-05-10 08:22:03.426 T:3401663360 DEBUG: CVideoPlayerVideo::OutputPicture - ttd:115ms pts:606.590 Clock:606.474 Level:2
2020-05-10 08:22:03.428 T:3401663360 DEBUG: CVideoPlayerVideo::OutputPicture - ttd:156ms pts:606.632 Clock:606.476 Level:3
2020-05-10 08:22:03.447 T:3886019456 DEBUG: CVideoPlayer::ProcessVideoData size:17889 dts:615.599 pts:615.599 dur:41.700ms, clock:606.495 level:99
2020-05-10 08:22:03.449 T:3886019456 DEBUG: CVideoPlayer::ProcessVideoData size:92435 dts:615.641 pts:615.724 dur:41.700ms, clock:606.497 level:99
2020-05-10 08:22:03.512 T:3401663360 DEBUG: CVideoPlayerVideo::OutputPicture - ttd:113ms pts:606.673 Clock:606.560 Level:2
2020-05-10 08:22:03.513 T:3401663360 DEBUG: CVideoPlayerVideo::OutputPicture - ttd:153ms pts:606.715 Clock:606.561 Level:3
2020-05-10 08:22:03.534 T:3886019456 DEBUG: CVideoPlayer::ProcessVideoData size:15213 dts:615.682 pts:615.682 dur:41.700ms, clock:606.582 level:99
2020-05-10 08:22:03.557 T:3886019456 DEBUG: CVideoPlayer::ProcessVideoData size:507558 dts:615.724 pts:615.766 dur:41.700ms, clock:606.605 level:99
2020-05-10 08:22:03.568 T:3886019456 DEBUG: CVideoPlayer::ProcessVideoData size:36395 dts:615.766 pts:615.891 dur:41.700ms, clock:606.616 level:99
2020-05-10 08:22:03.610 T:3886019456 DEBUG: CVideoPlayer::ProcessVideoData size:10791 dts:615.807 pts:615.807 dur:41.700ms, clock:606.658 level:99
2020-05-10 08:22:03.633 T:3401663360 DEBUG: CVideoPlayerVideo::OutputPicture - ttd:76ms pts:606.757 Clock:606.681 Level:0
2020-05-10 08:22:03.634 T:3401663360 DEBUG: CVideoPlayerVideo::OutputPicture - ttd:116ms pts:606.798 Clock:606.682 Level:1
2020-05-10 08:22:03.635 T:3401663360 DEBUG: CVideoPlayerVideo::OutputPicture - ttd:157ms pts:606.840 Clock:606.683 Level:2
2020-05-10 08:22:03.637 T:3401663360 DEBUG: CVideoPlayerVideo::OutputPicture - ttd:197ms pts:606.882 Clock:606.684 Level:3
2020-05-10 08:22:03.658 T:3886019456 DEBUG: CVideoPlayer::ProcessVideoData size:11087 dts:615.849 pts:615.849 dur:41.700ms, clock:606.706 level:99
2020-05-10 08:22:03.684 T:3401663360 DEBUG: CVideoPlayerVideo::OutputPicture - ttd:192ms pts:606.924 Clock:606.731 Level:3
2020-05-10 08:22:03.690 T:3886019456 DEBUG: CVideoPlayer::ProcessVideoData size:46136 dts:615.891 pts:616.016 dur:41.700ms, clock:606.738 level:99
2020-05-10 08:22:03.707 T:3886019456 DEBUG: CVideoPlayer::ProcessVideoData size:13727 dts:615.933 pts:615.933 dur:41.700ms, clock:606.755 level:99
2020-05-10 08:22:03.716 T:3401663360 DEBUG: CVideoPlayerVideo::OutputPicture - ttd:201ms pts:606.965 Clock:606.764 Level:3
2020-05-10 08:22:03.717 T:3401663360 DEBUG: CVideoPlayerVideo::OutputPicture - ttd:241ms pts:607.007 Clock:606.765 Level:4
2020-05-10 08:22:03.735 T:3886019456 DEBUG: CVideoPlayer::ProcessVideoData size:14242 dts:615.974 pts:615.974 dur:41.700ms, clock:606.783 level:99
2020-05-10 08:22:03.767 T:3886019456 DEBUG: CVideoPlayer::ProcessVideoData size:75340 dts:616.016 pts:616.141 dur:41.700ms, clock:606.815 level:99
2020-05-10 08:22:03.845 T:3401663360 DEBUG: CVideoPlayerVideo::OutputPicture - ttd:155ms pts:607.049 Clock:606.893 Level:2
2020-05-10 08:22:03.861 T:3886019456 DEBUG: CVideoPlayer::ProcessVideoData size:17413 dts:616.058 pts:616.058 dur:41.700ms, clock:606.909 level:99
2020-05-10 08:22:03.883 T:3401663360 DEBUG: CVideoPlayerVideo::OutputPicture - ttd:159ms pts:607.090 Clock:606.931 Level:2
2020-05-10 08:22:03.885 T:3401663360 DEBUG: CVideoPlayerVideo::OutputPicture - ttd:199ms pts:607.132 Clock:606.933 Level:3
2020-05-10 08:22:03.910 T:3886019456 DEBUG: CVideoPlayer::ProcessVideoData size:17359 dts:616.099 pts:616.099 dur:41.700ms, clock:606.958 level:99
2020-05-10 08:22:03.915 T:3886019456 DEBUG: CVideoPlayer::ProcessVideoData size:95687 dts:616.141 pts:616.266 dur:41.700ms, clock:606.963 level:99
2020-05-10 08:22:03.969 T:3401663360 DEBUG: CVideoPlayerVideo::OutputPicture - ttd:156ms pts:607.174 Clock:607.017 Level:2
2020-05-10 08:22:03.982 T:3886019456 DEBUG: CVideoPlayer::ProcessVideoData size:21349 dts:616.183 pts:616.183 dur:41.700ms, clock:607.030 level:99
2020-05-10 08:22:04.013 T:3401663360 DEBUG: CVideoPlayerVideo::OutputPicture - ttd:154ms pts:607.216 Clock:607.061 Level:2
2020-05-10 08:22:04.014 T:3401663360 DEBUG: CVideoPlayerVideo::OutputPicture - ttd:194ms pts:607.257 Clock:607.062 Level:3
2020-05-10 08:22:04.031 T:3886019456 DEBUG: CVideoPlayer::ProcessVideoData size:21121 dts:616.225 pts:616.225 dur:41.700ms, clock:607.079 level:99
2020-05-10 08:22:04.032 T:3886019456 DEBUG: CVideoPlayer::ProcessVideoData size:81932 dts:616.266 pts:616.391 dur:41.700ms, clock:607.080 level:99
2020-05-10 08:22:04.089 T:3401663360 DEBUG: CVideoPlayerVideo::OutputPicture - ttd:161ms pts:607.299 Clock:607.137 Level:2
2020-05-10 08:22:04.105 T:3886019456 DEBUG: CVideoPlayer::ProcessVideoData size:25365 dts:616.308 pts:616.308 dur:41.700ms, clock:607.153 level:99
2020-05-10 08:22:04.133 T:3401663360 DEBUG: CVideoPlayerVideo::OutputPicture - ttd:159ms pts:607.341 Clock:607.181 Level:2
2020-05-10 08:22:04.134 T:3401663360 DEBUG: CVideoPlayerVideo::OutputPicture - ttd:200ms pts:607.382 Clock:607.182 Level:3
2020-05-10 08:22:04.158 T:3886019456 DEBUG: CVideoPlayer::ProcessVideoData size:25957 dts:616.350 pts:616.350 dur:41.700ms, clock:607.206 level:99
2020-05-10 08:22:04.165 T:3886019456 DEBUG: CVideoPlayer::ProcessVideoData size:114543 dts:616.391 pts:616.475 dur:41.700ms, clock:607.213 level:99
2020-05-10 08:22:04.221 T:3401663360 DEBUG: CVideoPlayerVideo::OutputPicture - ttd:154ms pts:607.424 Clock:607.269 Level:2
2020-05-10 08:22:04.223 T:3401663360 DEBUG: CVideoPlayerVideo::OutputPicture - ttd:195ms pts:607.466 Clock:607.271 Level:3
2020-05-10 08:22:04.250 T:3886019456 DEBUG: CVideoPlayer::ProcessVideoData size:29741 dts:616.433 pts:616.433 dur:41.700ms, clock:607.298 level:99
2020-05-10 08:22:04.280 T:3886019456 DEBUG: CVideoPlayer::ProcessVideoData size:609776 dts:616.475 pts:616.516 dur:41.700ms, clock:607.328 level:99
2020-05-10 08:22:04.281 T:3886019456 DEBUG: CVideoPlayer::ProcessVideoData size:46670 dts:616.516 pts:616.642 dur:41.700ms, clock:607.329 level:99
2020-05-10 08:22:04.315 T:3886019456 DEBUG: CVideoPlayer::ProcessVideoData size:14706 dts:616.558 pts:616.558 dur:41.700ms, clock:607.363 level:99
2020-05-10 08:22:04.325 T:4050645888 DEBUG: CLibInputKeyboard::ProcessKey - using delay: 500ms repeat: 33ms
2020-05-10 08:22:04.325 T:3376104320 DEBUG: Thread Timer start, auto delete: false
2020-05-10 08:22:04.333 T:4060491200 DEBUG: Keyboard: scancode: 0x9e, sym: 0x00a6, unicode: 0x0000, modifier: 0x0
2020-05-10 08:22:04.341 T:3401663360 DEBUG: CVideoPlayerVideo::OutputPicture - ttd:119ms pts:607.508 Clock:607.388 Level:1
2020-05-10 08:22:04.342 T:3401663360 DEBUG: CVideoPlayerVideo::OutputPicture - ttd:159ms pts:607.549 Clock:607.390 Level:2
2020-05-10 08:22:04.343 T:3401663360 DEBUG: CVideoPlayerVideo::OutputPicture - ttd:199ms pts:607.591 Clock:607.391 Level:3
2020-05-10 08:22:04.344 T:3401663360 DEBUG: CVideoPlayerVideo::OutputPicture - ttd:240ms pts:607.633 Clock:607.392 Level:4
2020-05-10 08:22:04.363 T:3886019456 DEBUG: CVideoPlayer::ProcessVideoData size:15151 dts:616.600 pts:616.600 dur:41.700ms, clock:607.411 level:99
2020-05-10 08:22:04.396 T:3886019456 DEBUG: CVideoPlayer::ProcessVideoData size:62263 dts:616.642 pts:616.767 dur:41.700ms, clock:607.444 level:99
2020-05-10 08:22:04.424 T:3401663360 DEBUG: CVideoPlayerVideo::OutputPicture - ttd:202ms pts:607.674 Clock:607.472 Level:3
2020-05-10 08:22:04.439 T:3886019456 DEBUG: CVideoPlayer::ProcessVideoData size:20314 dts:616.683 pts:616.683 dur:41.700ms, clock:607.487 level:99
2020-05-10 08:22:04.471 T:3401663360 DEBUG: CVideoPlayerVideo::OutputPicture - ttd:197ms pts:607.716 Clock:607.519 Level:3
2020-05-10 08:22:04.472 T:3401663360 DEBUG: CVideoPlayerVideo::OutputPicture - ttd:237ms pts:607.758 Clock:607.520 Level:4
2020-05-10 08:22:04.485 T:3376104320 DEBUG: Thread Timer 3376104320 terminating
2020-05-10 08:22:04.488 T:3886019456 DEBUG: CVideoPlayer::ProcessVideoData size:20768 dts:616.725 pts:616.725 dur:41.700ms, clock:607.536 level:99
2020-05-10 08:22:04.500 T:4060491200 DEBUG: Keyboard: scancode: 0x9e, sym: 0x00a6, unicode: 0x0000, modifier: 0x0
2020-05-10 08:22:04.500 T:4060491200 DEBUG: HandleKey: browser_back (0xf0b0) pressed, action is Back
2020-05-10 08:22:04.500 T:4060491200 DEBUG: Activating window ID: 12005
2020-05-10 08:22:04.500 T:4060491200 DEBUG: ------ Window Deinit (Home.xml) ------
2020-05-10 08:22:04.501 T:4060491200 DEBUG: FreeVisualisation() done
2020-05-10 08:22:04.502 T:4060491200 DEBUG: ------ Window Init (VideoFullScreen.xml) ------
2020-05-10 08:22:04.504 T:4060491200 NOTICE: Whitelist search for: width: 1920, height: 1080, fps: 23.976, 3D: false
2020-05-10 08:22:04.504 T:4060491200 DEBUG: Trying to find exact refresh rate
2020-05-10 08:22:04.505 T:4060491200 DEBUG: Matched exact whitelisted Resolution 1920x1080 @ 23.98 - Full Screen (34)
2020-05-10 08:22:04.505 T:4060491200 NOTICE: Display resolution ADJUST : 1920x1080 @ 23.98 - Full Screen (34) (weight: 0.042)
2020-05-10 08:22:04.507 T:4060491200 DEBUG: CAMLCodec::SetVideoRect:display(0,0,1920,1080)
2020-05-10 08:22:04.507 T:4060491200 DEBUG: CAMLCodec::SetVideoRect:gui(0,0,1920,1080)
2020-05-10 08:22:04.507 T:4060491200 DEBUG: CAMLCodec::SetVideoRect:m_dst_rect(0,0,1920,1080)
2020-05-10 08:22:04.507 T:4060491200 DEBUG: CAMLCodec::SetVideoRect:dst_rect(0,0,1920,1080)
2020-05-10 08:22:04.507 T:4060491200 DEBUG: CAMLCodec::SetVideoRect:m_guiStereoMode(0)
2020-05-10 08:22:04.507 T:4060491200 DEBUG: CAMLCodec::SetVideoRect:m_guiStereoView(0)
2020-05-10 08:22:04.509 T:3677119360 DEBUG: OnAVChange: CApplication::OnAVChange
2020-05-10 08:22:04.525 T:3886019456 DEBUG: CVideoPlayer::ProcessVideoData size:80199 dts:616.767 pts:616.892 dur:41.700ms, clock:607.572 level:99
2020-05-10 08:22:04.596 T:3401663360 DEBUG: CVideoPlayerVideo::OutputPicture - ttd:155ms pts:607.799 Clock:607.644 Level:2
2020-05-10 08:22:04.608 T:3886019456 DEBUG: CVideoPlayer::ProcessVideoData size:25823 dts:616.808 pts:616.808 dur:41.700ms, clock:607.656 level:99
2020-05-10 08:22:04.633 T:3401663360 DEBUG: CVideoPlayerVideo::OutputPicture - ttd:160ms pts:607.841 Clock:607.681 Level:2
2020-05-10 08:22:04.634 T:3401663360 DEBUG: CVideoPlayerVideo::OutputPicture - ttd:200ms pts:607.883 Clock:607.682 Level:3
2020-05-10 08:22:04.665 T:3886019456 DEBUG: CVideoPlayer::ProcessVideoData size:26015 dts:616.850 pts:616.850 dur:41.700ms, clock:607.713 level:99
2020-05-10 08:22:04.667 T:3886019456 DEBUG: CVideoPlayer::ProcessVideoData size:183387 dts:616.892 pts:616.975 dur:41.700ms, clock:607.715 level:99
2020-05-10 08:22:04.715 T:3401663360 DEBUG: CVideoPlayerVideo::OutputPicture - ttd:162ms pts:607.925 Clock:607.762 Level:3
2020-05-10 08:22:04.742 T:3886019456 DEBUG: CVideoPlayer::ProcessVideoData size:20159 dts:616.934 pts:616.934 dur:41.700ms, clock:607.790 level:99
2020-05-10 08:22:04.765 T:3401663360 DEBUG: CVideoPlayerVideo::OutputPicture - ttd:153ms pts:607.966 Clock:607.813 Level:2
2020-05-10 08:22:04.766 T:3401663360 DEBUG: CVideoPlayerVideo::OutputPicture - ttd:193ms pts:608.008 Clock:607.814 Level:3
2020-05-10 08:22:04.791 T:3886019456 DEBUG: CVideoPlayer::ProcessVideoData size:179632 dts:616.975 pts:617.017 dur:41.700ms, clock:607.839 level:99
2020-05-10 08:22:04.799 T:3886019456 DEBUG: CVideoPlayer::ProcessVideoData size:169052 dts:617.017 pts:617.059 dur:41.700ms, clock:607.847 level:99
2020-05-10 08:22:04.845 T:3401663360 DEBUG: CVideoPlayerVideo::OutputPicture - ttd:156ms pts:608.050 Clock:607.893 Level:2
2020-05-10 08:22:04.865 T:3886019456 DEBUG: CVideoPlayer::ProcessVideoData size:62328 dts:617.059 pts:617.100 dur:41.700ms, clock:607.913 level:99
2020-05-10 08:22:04.884 T:3401663360 DEBUG: CVideoPlayerVideo::OutputPicture - ttd:159ms pts:608.091 Clock:607.932 Level:2
2020-05-10 08:22:04.885 T:3401663360 DEBUG: CVideoPlayerVideo::OutputPicture - ttd:200ms pts:608.133 Clock:607.933 Level:3
2020-05-10 08:22:04.904 T:3886019456 DEBUG: CVideoPlayer::ProcessVideoData size:56426 dts:617.100 pts:617.142 dur:41.700ms, clock:607.952 level:99
2020-05-10 08:22:04.915 T:3886019456 DEBUG: CVideoPlayer::ProcessVideoData size:142016 dts:617.142 pts:617.184 dur:41.700ms, clock:607.963 level:99
2020-05-10 08:22:04.977 T:3401663360 DEBUG: CVideoPlayerVideo::OutputPicture - ttd:150ms pts:608.175 Clock:608.025 Level:2
2020-05-10 08:22:04.978 T:3401663360 DEBUG: CVideoPlayerVideo::OutputPicture - ttd:190ms pts:608.217 Clock:608.026 Level:3
2020-05-10 08:22:04.996 T:3886019456 DEBUG: CVideoPlayer::ProcessVideoData size:64565 dts:617.184 pts:617.226 dur:41.700ms, clock:608.044 level:99
2020-05-10 08:22:05.024 T:3886019456 DEBUG: CVideoPlayer::ProcessVideoData size:456858 dts:617.226 pts:617.267 dur:41.700ms, clock:608.072 level:99
2020-05-10 08:22:05.025 T:3886019456 DEBUG: CVideoPlayer::ProcessVideoData size:52247 dts:617.267 pts:617.392 dur:41.700ms, clock:608.073 level:99
2020-05-10 08:22:05.072 T:3886019456 DEBUG: CVideoPlayer::ProcessVideoData size:15432 dts:617.309 pts:617.309 dur:41.700ms, clock:608.120 level:99
2020-05-10 08:22:05.097 T:3401663360 DEBUG: CVideoPlayerVideo::OutputPicture - ttd:113ms pts:608.258 Clock:608.145 Level:1
2020-05-10 08:22:05.098 T:3401663360 DEBUG: CVideoPlayerVideo::OutputPicture - ttd:153ms pts:608.300 Clock:608.146 Level:2
2020-05-10 08:22:05.099 T:3401663360 DEBUG: CVideoPlayerVideo::OutputPicture - ttd:194ms pts:608.342 Clock:608.147 Level:3
2020-05-10 08:22:05.101 T:3401663360 DEBUG: CVideoPlayerVideo::OutputPicture - ttd:234ms pts:608.383 Clock:608.149 Level:4
2020-05-10 08:22:05.117 T:3886019456 DEBUG: CVideoPlayer::ProcessVideoData size:15702 dts:617.351 pts:617.351 dur:41.700ms, clock:608.165 level:99
2020-05-10 08:22:05.138 T:3401663360 DEBUG: CVideoPlayerVideo::OutputPicture - ttd:238ms pts:608.425 Clock:608.186 Level:4
2020-05-10 08:22:05.154 T:3886019456 DEBUG: CVideoPlayer::ProcessVideoData size:63939 dts:617.392 pts:617.518 dur:41.700ms, clock:608.202 level:99
2020-05-10 08:22:05.176 T:3401663360 DEBUG: CVideoPlayerVideo::OutputPicture - ttd:243ms pts:608.467 Clock:608.223 Level:4
2020-05-10 08:22:05.187 T:3886019456 DEBUG: CVideoPlayer::ProcessVideoData size:19513 dts:617.434 pts:617.434 dur:41.700ms, clock:608.234 level:99
2020-05-10 08:22:05.220 T:3401663360 DEBUG: CVideoPlayerVideo::OutputPicture - ttd:240ms pts:608.509 Clock:608.268 Level:4
2020-05-10 08:22:05.236 T:3886019456 DEBUG: CVideoPlayer::ProcessVideoData size:19693 dts:617.476 pts:617.476 dur:41.700ms, clock:608.283 level:99
2020-05-10 08:22:05.261 T:3401663360 DEBUG: CVideoPlayerVideo::OutputPicture - ttd:241ms pts:608.550 Clock:608.309 Level:4
2020-05-10 08:22:05.278 T:3886019456 DEBUG: CVideoPlayer::ProcessVideoData size:80103 dts:617.518 pts:617.643 dur:41.700ms, clock:608.326 level:99
2020-05-10 08:22:05.317 T:3886019456 DEBUG: CVideoPlayer::ProcessVideoData size:24317 dts:617.559 pts:617.559 dur:41.700ms, clock:608.365 level:99
2020-05-10 08:22:05.345 T:3401663360 DEBUG: CVideoPlayerVideo::OutputPicture - ttd:199ms pts:608.592 Clock:608.392 Level:3
2020-05-10 08:22:05.372 T:3886019456 DEBUG: CVideoPlayer::ProcessVideoData size:24623 dts:617.601 pts:617.601 dur:41.700ms, clock:608.420 level:99
2020-05-10 08:22:05.389 T:3401663360 DEBUG: CVideoPlayerVideo::OutputPicture - ttd:196ms pts:608.634 Clock:608.437 Level:3
2020-05-10 08:22:05.391 T:3401663360 DEBUG: CVideoPlayerVideo::OutputPicture - ttd:236ms pts:608.675 Clock:608.439 Level:4
2020-05-10 08:22:05.404 T:3886019456 DEBUG: CVideoPlayer::ProcessVideoData size:170754 dts:617.643 pts:617.726 dur:41.700ms, clock:608.452 level:99
2020-05-10 08:22:05.449 T:3886019456 DEBUG: CVideoPlayer::ProcessVideoData size:17914 dts:617.684 pts:617.684 dur:41.700ms, clock:608.497 level:99
2020-05-10 08:22:05.472 T:3401663360 DEBUG: CVideoPlayerVideo::OutputPicture - ttd:197ms pts:608.717 Clock:608.519 Level:3
2020-05-10 08:22:05.492 T:3886019456 DEBUG: CVideoPlayer::ProcessVideoData size:186583 dts:617.726 pts:617.768 dur:41.700ms, clock:608.540 level:99
2020-05-10 08:22:05.513 T:3401663360 DEBUG: CVideoPlayerVideo::OutputPicture - ttd:197ms pts:608.759 Clock:608.561 Level:3
2020-05-10 08:22:05.515 T:3401663360 DEBUG: CVideoPlayerVideo::OutputPicture - ttd:237ms pts:608.800 Clock:608.563 Level:4
2020-05-10 08:22:05.529 T:3886019456 DEBUG: CVideoPlayer::ProcessVideoData size:153213 dts:617.768 pts:617.809 dur:41.700ms, clock:608.577 level:99
2020-05-10 08:22:05.570 T:3886019456 DEBUG: CVideoPlayer::ProcessVideoData size:66971 dts:617.809 pts:617.851 dur:41.700ms, clock:608.618 level:99
2020-05-10 08:22:05.635 T:3401663360 DEBUG: CVideoPlayerVideo::OutputPicture - ttd:159ms pts:608.842 Clock:608.683 Level:2
2020-05-10 08:22:05.636 T:3401663360 DEBUG: CVideoPlayerVideo::OutputPicture - ttd:199ms pts:608.884 Clock:608.684 Level:3
2020-05-10 08:22:05.645 T:3401663360 DEBUG: CVideoPlayerVideo::OutputPicture - ttd:232ms pts:608.926 Clock:608.693 Level:4
2020-05-10 08:22:05.661 T:3886019456 DEBUG: CVideoPlayer::ProcessVideoData size:64735 dts:617.851 pts:617.893 dur:41.700ms, clock:608.709 level:99
2020-05-10 08:22:05.671 T:3886019456 DEBUG: CVideoPlayer::ProcessVideoData size:145467 dts:617.893 pts:617.935 dur:41.700ms, clock:608.719 level:99
2020-05-10 08:22:05.677 T:3401663360 DEBUG: CVideoPlayerVideo::OutputPicture - ttd:241ms pts:608.967 Clock:608.725 Level:4
2020-05-10 08:22:05.705 T:3886019456 DEBUG: CVideoPlayer::ProcessVideoData size:50515 dts:617.935 pts:617.976 dur:41.700ms, clock:608.753 level:99
2020-05-10 08:22:05.761 T:3886019456 DEBUG: CVideoPlayer::ProcessVideoData size:455942 dts:617.976 pts:618.018 dur:41.700ms, clock:608.809 level:99
2020-05-10 08:22:05.779 T:3886019456 DEBUG: CVideoPlayer::ProcessVideoData size:122607 dts:618.018 pts:618.060 dur:41.700ms, clock:608.827 level:99
2020-05-10 08:22:05.825 T:3886019456 DEBUG: CVideoPlayer::ProcessVideoData size:145982 dts:618.060 pts:618.101 dur:41.700ms, clock:608.873 level:99
2020-05-10 08:22:05.843 T:3401663360 DEBUG: CVideoPlayerVideo::OutputPicture - ttd:117ms pts:609.009 Clock:608.891 Level:1
2020-05-10 08:22:05.845 T:3401663360 DEBUG: CVideoPlayerVideo::OutputPicture - ttd:158ms pts:609.051 Clock:608.893 Level:2
2020-05-10 08:22:05.846 T:3401663360 DEBUG: CVideoPlayerVideo::OutputPicture - ttd:198ms pts:609.092 Clock:608.894 Level:3
2020-05-10 08:22:05.847 T:3401663360 DEBUG: CVideoPlayerVideo::OutputPicture - ttd:239ms pts:609.134 Clock:608.895 Level:4
2020-05-10 08:22:05.866 T:3886019456 DEBUG: CVideoPlayer::ProcessVideoData size:135151 dts:618.101 pts:618.143 dur:41.700ms, clock:608.914 level:99
2020-05-10 08:22:05.907 T:3886019456 DEBUG: CVideoPlayer::ProcessVideoData size:49369 dts:618.143 pts:618.185 dur:41.700ms, clock:608.955 level:99
2020-05-10 08:22:05.927 T:3401663360 DEBUG: CVideoPlayerVideo::OutputPicture - ttd:200ms pts:609.176 Clock:608.975 Level:3
2020-05-10 08:22:05.950 T:3886019456 DEBUG: CVideoPlayer::ProcessVideoData size:47775 dts:618.185 pts:618.227 dur:41.700ms, clock:608.998 level:99
2020-05-10 08:22:05.974 T:3401663360 DEBUG: CVideoPlayerVideo::OutputPicture - ttd:195ms pts:609.218 Clock:609.022 Level:3
2020-05-10 08:22:05.975 T:3401663360 DEBUG: CVideoPlayerVideo::OutputPicture - ttd:235ms pts:609.259 Clock:609.023 Level:4
2020-05-10 08:22:05.989 T:3886019456 DEBUG: CVideoPlayer::ProcessVideoData size:114291 dts:618.227 pts:618.268 dur:41.700ms, clock:609.037 level:99
2020-05-10 08:22:06.028 T:3886019456 DEBUG: CVideoPlayer::ProcessVideoData size:61063 dts:618.268 pts:618.393 dur:41.700ms, clock:609.076 level:99
2020-05-10 08:22:06.098 T:3401663360 DEBUG: CVideoPlayerVideo::OutputPicture - ttd:154ms pts:609.301 Clock:609.146 Level:2
2020-05-10 08:22:06.100 T:3401663360 DEBUG: CVideoPlayerVideo::OutputPicture - ttd:194ms pts:609.343 Clock:609.148 Level:3
2020-05-10 08:22:06.106 T:3401663360 DEBUG: CVideoPlayerVideo::OutputPicture - ttd:230ms pts:609.384 Clock:609.154 Level:4
2020-05-10 08:22:06.116 T:3886019456 DEBUG: CVideoPlayer::ProcessVideoData size:15961 dts:618.310 pts:618.310 dur:41.700ms, clock:609.164 level:99
2020-05-10 08:22:06.125 T:3886019456 DEBUG: CVideoPlayer::ProcessVideoData size:15742 dts:618.352 pts:618.352 dur:41.700ms, clock:609.173 level:99
2020-05-10 08:22:06.139 T:3401663360 DEBUG: CVideoPlayerVideo::OutputPicture - ttd:238ms pts:609.426 Clock:609.187 Level:4
2020-05-10 08:22:06.157 T:3886019456 DEBUG: CVideoPlayer::ProcessVideoData size:72049 dts:618.393 pts:618.519 dur:41.700ms, clock:609.205 level:99
2020-05-10 08:22:06.180 T:3401663360 DEBUG: CVideoPlayerVideo::OutputPicture - ttd:240ms pts:609.468 Clock:609.228 Level:4
2020-05-10 08:22:06.190 T:3886019456 DEBUG: CVideoPlayer::ProcessVideoData size:18581 dts:618.435 pts:618.435 dur:41.700ms, clock:609.237 level:99
2020-05-10 08:22:06.220 T:3401663360 DEBUG: CVideoPlayerVideo::OutputPicture - ttd:241ms pts:609.510 Clock:609.268 Level:4
2020-05-10 08:22:06.240 T:3886019456 DEBUG: CVideoPlayer::ProcessVideoData size:18247 dts:618.477 pts:618.477 dur:41.700ms, clock:609.288 level:99
2020-05-10 08:22:06.262 T:3401663360 DEBUG: CVideoPlayerVideo::OutputPicture - ttd:241ms pts:609.551 Clock:609.310 Level:4
2020-05-10 08:22:06.277 T:3886019456 DEBUG: CVideoPlayer::ProcessVideoData size:83285 dts:618.519 pts:618.644 dur:41.700ms, clock:609.325 level:99
2020-05-10 08:22:06.313 T:3886019456 DEBUG: CVideoPlayer::ProcessVideoData size:21651 dts:618.560 pts:618.560 dur:41.700ms, clock:609.360 level:99
2020-05-10 08:22:06.342 T:3401663360 DEBUG: CVideoPlayerVideo::OutputPicture - ttd:203ms pts:609.593 Clock:609.390 Level:3
2020-05-10 08:22:06.366 T:3886019456 DEBUG: CVideoPlayer::ProcessVideoData size:21727 dts:618.602 pts:618.602 dur:41.700ms, clock:609.414 level:99
2020-05-10 08:22:06.391 T:3401663360 DEBUG: CVideoPlayerVideo::OutputPicture - ttd:195ms pts:609.635 Clock:609.439 Level:3
2020-05-10 08:22:06.392 T:3401663360 DEBUG: CVideoPlayerVideo::OutputPicture - ttd:236ms pts:609.676 Clock:609.440 Level:4
2020-05-10 08:22:06.408 T:3886019456 DEBUG: CVideoPlayer::ProcessVideoData size:92248 dts:618.644 pts:618.727 dur:41.700ms, clock:609.456 level:99
2020-05-10 08:22:06.425 T:4050645888 DEBUG: CLibInputKeyboard::ProcessKey - using delay: 500ms repeat: 33ms
2020-05-10 08:22:06.425 T:3376104320 DEBUG: Thread Timer start, auto delete: false
2020-05-10 08:22:06.430 T:3401663360 DEBUG: CVideoPlayerVideo::OutputPicture - ttd:239ms pts:609.718 Clock:609.478 Level:4
2020-05-10 08:22:06.452 T:3886019456 DEBUG: CVideoPlayer::ProcessVideoData size:23665 dts:618.685 pts:618.685 dur:41.700ms, clock:609.499 level:99
2020-05-10 08:22:06.465 T:4060491200 DEBUG: Keyboard: scancode: 0x60, sym: 0x010f, unicode: 0x000d, modifier: 0x0
2020-05-10 08:22:06.500 T:3886019456 DEBUG: CVideoPlayer::ProcessVideoData size:456360 dts:618.727 pts:618.769 dur:41.700ms, clock:609.548 level:99
2020-05-10 08:22:06.506 T:3376104320 DEBUG: Thread Timer 3376104320 terminating
2020-05-10 08:22:06.522 T:3886019456 DEBUG: CVideoPlayer::ProcessVideoData size:53251 dts:618.769 pts:618.894 dur:41.700ms, clock:609.569 level:99
2020-05-10 08:22:06.544 T:4060491200 DEBUG: Keyboard: scancode: 0x60, sym: 0x010f, unicode: 0x000d, modifier: 0x0
2020-05-10 08:22:06.545 T:4060491200 DEBUG: HandleKey: enter (0xf065) pressed, action is Select
2020-05-10 08:22:06.552 T:3886019456 DEBUG: - button select
2020-05-10 08:22:06.552 T:3886019456 DEBUG: CBlurayCallback::Logger - register.c:420: bd_psr_write(): PSR8 (TIME) 0x19bfcc0 -> 0x1a8df00
2020-05-10 08:22:06.552 T:3886019456 DEBUG: CBlurayCallback::Logger - bluray.c:3115: PSR change: psr8 = 27844352
2020-05-10 08:22:06.552 T:3886019456 DEBUG: CBlurayCallback::Logger - register.c:418: bd_psr_write(10, 1): no change in value
2020-05-10 08:22:06.552 T:3886019456 DEBUG: CBlurayCallback::Logger - bluray.c:3076: PSR write: psr10 = 1
2020-05-10 08:22:06.563 T:3886019456 DEBUG: CBlurayCallback::Logger - bluray.c:3465: HDMV event: 3 1
2020-05-10 08:22:06.565 T:3886019456 DEBUG: CBlurayCallback::Logger - bluray.c:2318: close playlist (not last clip)
2020-05-10 08:22:06.565 T:3886019456 DEBUG: CBlurayCallback::Logger - register.c:420: bd_psr_write(): PSR4 (TITLE_NUMBER) 0x0 -> 0x1
2020-05-10 08:22:06.565 T:3886019456 DEBUG: CBlurayCallback::Logger - bluray.c:3115: PSR change: psr4 = 1
2020-05-10 08:22:06.566 T:3886019456 DEBUG: CBlurayCallback::Logger - bluray.c:3465: HDMV event: 7 0
2020-05-10 08:22:06.566 T:3886019456 DEBUG: CDVDInputStreamBluray - BD_EVENT_PLAYLIST_STOP: flush buffers
2020-05-10 08:22:06.566 T:3886019456 DEBUG: ffmpeg[E79FF380]: [mpegts] PES packet size mismatch
2020-05-10 08:22:06.567 T:3886019456 DEBUG: CVideoPlayer::ProcessVideoData size:16741 dts:618.810 pts:618.810 dur:41.700ms, clock:609.614 level:99
2020-05-10 08:22:06.567 T:3886019456 DEBUG: CVideoPlayer::FlushBuffers - flushing buffers
2020-05-10 08:22:06.571 T:3401663360 DEBUG: CAMLCodec::Reset
2020-05-10 08:22:06.659 T:3389227904 DEBUG: CDVDAudio::Flush - flush audio stream
2020-05-10 08:22:06.659 T:3389227904 DEBUG: CDVDAudio::Pause - pausing audio stream
2020-05-10 08:22:06.659 T:3389227904 DEBUG: CVideoPlayerAudio - CDVDMsg::GENERAL_SYNCHRONIZE
2020-05-10 08:22:06.659 T:3401663360 DEBUG: CVideoPlayerVideo - CDVDMsg::GENERAL_SYNCHRONIZE
2020-05-10 08:22:06.659 T:3886019456 DEBUG: CDVDClock::SetSpeedAdjust - adjusted:0.000000
2020-05-10 08:22:06.659 T:3401663360 DEBUG: CAMLCodec::SetSpeed, speed(0)
2020-05-10 08:22:06.659 T:3886019456 DEBUG: CDVDClock::SetSpeedAdjust - adjusted:0.000000
2020-05-10 08:22:06.659 T:3401663360 DEBUG: CAMLCodec::SetSpeed, speed(1000)
2020-05-10 08:22:06.660 T:3886019456 DEBUG: CDVDInputStreamBluray - BD_EVENT_TITLE 1
2020-05-10 08:22:06.660 T:3886019456 WARNING: CDVDInputStreamBluray - unhandled libbluray event 33 [param 2]
2020-05-10 08:22:06.660 T:3886019456 NOTICE: VideoPlayer: next stream, wait for old streams to be finished
2020-05-10 08:22:06.660 T:3886019456 NOTICE: Closing stream player 1
2020-05-10 08:22:06.660 T:3886019456 NOTICE: Waiting for audio thread to exit
2020-05-10 08:22:06.669 T:3389227904 NOTICE: thread end: CVideoPlayerAudio::OnExit()
2020-05-10 08:22:06.670 T:3389227904 DEBUG: Thread VideoPlayerAudio 3389227904 terminating
2020-05-10 08:22:06.670 T:3886019456 NOTICE: Closing audio device
2020-05-10 08:22:06.670 T:3886019456 DEBUG: CDVDAudio::Flush - flush audio stream
2020-05-10 08:22:06.671 T:4037845888 DEBUG: CActiveAE::DiscardStream - audio stream deleted
2020-05-10 08:22:06.671 T:4037845888 DEBUG: CActiveAE::ClearDiscardedBuffers - buffer pool deleted
2020-05-10 08:22:06.672 T:3886019456 DEBUG: Previous line repeats 2 times.
2020-05-10 08:22:06.673 T:3886019456 NOTICE: Deleting audio codec
2020-05-10 08:22:06.673 T:3886019456 NOTICE: Closing stream player 2
2020-05-10 08:22:06.673 T:3886019456 NOTICE: waiting for video thread to exit
2020-05-10 08:22:06.679 T:3401663360 ERROR: Got MSGQ_ABORT or MSGO_IS_ERROR return true
2020-05-10 08:22:06.679 T:3401663360 NOTICE: thread end: video_thread
2020-05-10 08:22:06.679 T:3886019456 NOTICE: deleting video codec
2020-05-10 08:22:06.679 T:3886019456 DEBUG: CAMLCodec::CloseDecoder
2020-05-10 08:22:06.692 T:3401663360 DEBUG: Thread VideoPlayerVideo 3401663360 terminating
2020-05-10 08:22:06.709 T:4029453184 INFO: CActiveAESink::OpenSink - initialize sink
2020-05-10 08:22:06.711 T:3886019456 NOTICE: Creating Demuxer
2020-05-10 08:22:06.711 T:3886019456 DEBUG: DVDFactoryDemuxer: Create CDVDDemuxFFmpeg.
2020-05-10 08:22:06.711 T:3886019456 DEBUG: CBlurayCallback::Logger - register.c:418: bd_psr_write(1, 1): no change in value
2020-05-10 08:22:06.711 T:3886019456 DEBUG: CBlurayCallback::Logger - bluray.c:3076: PSR write: psr1 = 1
2020-05-10 08:22:06.711 T:3886019456 DEBUG: CBlurayCallback::Logger - register.c:418: bd_psr_write(0, 1): no change in value
2020-05-10 08:22:06.711 T:3886019456 DEBUG: CBlurayCallback::Logger - bluray.c:3076: PSR write: psr0 = 1
2020-05-10 08:22:06.711 T:3886019456 DEBUG: CBlurayCallback::Logger - register.c:420: bd_psr_write(): PSR2 (PG_STREAM) 0x8fff0fff -> 0xfff0001
2020-05-10 08:22:06.711 T:3886019456 DEBUG: CBlurayCallback::Logger - bluray.c:3115: PSR change: psr2 = 268369921
2020-05-10 08:22:06.711 T:3886019456 DEBUG: CBlurayCallback::Logger - bluray.c:3465: HDMV event: 4 0
2020-05-10 08:22:06.909 T:4029453184 DEBUG: CActiveAESink::OpenSink - trying to open device ALSA:surround71:CARD=AMLAUGESOUND,DEV=0
2020-05-10 08:22:06.910 T:4029453184 INFO: CAESinkALSA::Initialize - Attempting to open device "surround71:CARD=AMLAUGESOUND,DEV=0"
2020-05-10 08:22:06.921 T:4029453184 INFO: CAESinkALSA::Initialize - Opened device "surround71:CARD=AMLAUGESOUND,DEV=0"
2020-05-10 08:22:06.923 T:4029453184 INFO: CAESinkALSA::InitializeHW - Your hardware does not support AE_FMT_FLOAT, trying other formats
2020-05-10 08:22:06.923 T:4029453184 INFO: CAESinkALSA::InitializeHW - Using data format AE_FMT_S24NE4
2020-05-10 08:22:06.923 T:4029453184 DEBUG: CAESinkALSA::InitializeHW - Request: periodSize 2205, bufferSize 8820
2020-05-10 08:22:06.949 T:4029453184 DEBUG: CAESinkALSA::InitializeHW - Got: periodSize 2205, bufferSize 8820
2020-05-10 08:22:06.949 T:4029453184 DEBUG: CAESinkALSA::InitializeHW - Setting timeout to 200 ms
2020-05-10 08:22:06.950 T:4029453184 DEBUG: CAESinkALSA::GetChannelLayout - Input Channel Count: 2 Output Channel Count: 2
2020-05-10 08:22:06.950 T:4029453184 DEBUG: CAESinkALSA::GetChannelLayout - Requested Layout: FL, FR
2020-05-10 08:22:06.950 T:4029453184 DEBUG: CAESinkALSA::GetChannelLayout - Got Layout: FL, FR (ALSA: FL FR)
2020-05-10 08:22:06.950 T:4029453184 DEBUG: CActiveAESink::OpenSink - ALSA Initialized:
2020-05-10 08:22:06.950 T:4029453184 DEBUG: Output Device : AML-AUGESOUND
2020-05-10 08:22:06.950 T:4029453184 DEBUG: Sample Rate : 44100
2020-05-10 08:22:06.950 T:4029453184 DEBUG: Sample Format : AE_FMT_S24NE4
2020-05-10 08:22:06.950 T:4029453184 DEBUG: Channel Count : 2
2020-05-10 08:22:06.950 T:4029453184 DEBUG: Channel Layout: FL, FR
2020-05-10 08:22:06.950 T:4029453184 DEBUG: Frames : 2205
2020-05-10 08:22:06.950 T:4029453184 DEBUG: Frame Size : 8
2020-05-10 08:22:06.957 T:4037845888 DEBUG: CActiveAE::ClearDiscardedBuffers - buffer pool deleted
2020-05-10 08:22:07.721 T:3886019456 DEBUG: Previous line repeats 1 times.
2020-05-10 08:22:07.721 T:3886019456 DEBUG: CBlurayCallback::Logger - register.c:420: bd_psr_write(): PSR6 (PLAYLIST) 0x1 -> 0x0
2020-05-10 08:22:07.721 T:3886019456 DEBUG: CBlurayCallback::Logger - bluray.c:3115: PSR change: psr6 = 0
2020-05-10 08:22:07.721 T:3886019456 DEBUG: CBlurayCallback::Logger - register.c:418: bd_psr_write(3, 1): no change in value
2020-05-10 08:22:07.721 T:3886019456 DEBUG: CBlurayCallback::Logger - bluray.c:3076: PSR write: psr3 = 1
2020-05-10 08:22:07.721 T:3886019456 DEBUG: CBlurayCallback::Logger - register.c:418: bd_psr_write(5, 65535): no change in value
2020-05-10 08:22:07.721 T:3886019456 DEBUG: CBlurayCallback::Logger - bluray.c:3076: PSR write: psr5 = 65535
2020-05-10 08:22:08.037 T:3886019456 DEBUG: CBlurayCallback::Logger - register.c:418: bd_psr_write(7, 0): no change in value
2020-05-10 08:22:08.037 T:3886019456 DEBUG: CBlurayCallback::Logger - bluray.c:3076: PSR write: psr7 = 0
2020-05-10 08:22:08.037 T:3886019456 DEBUG: CBlurayCallback::Logger - register.c:420: bd_psr_write(): PSR8 (TIME) 0x1a8df00 -> 0xb433978
2020-05-10 08:22:08.037 T:3886019456 DEBUG: CBlurayCallback::Logger - bluray.c:3115: PSR change: psr8 = 188955000
2020-05-10 08:22:08.037 T:3886019456 DEBUG: CBlurayCallback::Logger - bluray.c:2392: Title 00000.mpls selected
2020-05-10 08:22:08.037 T:3886019456 DEBUG: CBlurayCallback::Logger - register.c:420: bd_psr_write(): PSR5 (CHAPTER) 0xffff -> 0x1
2020-05-10 08:22:08.037 T:3886019456 DEBUG: CBlurayCallback::Logger - bluray.c:3115: PSR change: psr5 = 1
2020-05-10 08:22:08.037 T:3886019456 DEBUG: CBlurayCallback::Logger - bluray.c:2216: _find_ig_stream(): current IG stream pid 0x1400 sub-path 0
2020-05-10 08:22:08.533 T:3886019456 DEBUG: CBlurayCallback::Logger - bluray.c:821: _preload_m2ts(): loaded 1523712 bytes from 00005.m2ts
2020-05-10 08:22:08.534 T:3886019456 DEBUG: CBlurayCallback::Logger - bluray.c:2216: _find_ig_stream(): current IG stream pid 0x1400 sub-path 0
2020-05-10 08:22:08.580 T:3886019456 DEBUG: CBlurayCallback::Logger - register.c:420: bd_psr_write(): PSR11 (MENU_PAGE_ID) 0x1 -> 0x0
2020-05-10 08:22:08.580 T:3886019456 DEBUG: CBlurayCallback::Logger - bluray.c:3115: PSR change: psr11 = 0
2020-05-10 08:22:08.580 T:3886019456 DEBUG: CBlurayCallback::Logger - register.c:420: bd_psr_write(): PSR10 (SELECTED_BUTTON_ID) 0x1 -> 0x0
2020-05-10 08:22:08.580 T:3886019456 DEBUG: CBlurayCallback::Logger - bluray.c:3115: PSR change: psr10 = 0
2020-05-10 08:22:08.580 T:3886019456 DEBUG: CBlurayCallback::Logger - bluray.c:3465: HDMV event: 6 0
2020-05-10 08:22:08.580 T:3886019456 DEBUG: CBlurayCallback::Logger - register.c:418: bd_psr_write(8, 188955000): no change in value
2020-05-10 08:22:08.580 T:3886019456 DEBUG: CBlurayCallback::Logger - bluray.c:3076: PSR write: psr8 = 188955000
2020-05-10 08:22:08.580 T:3886019456 DEBUG: CBlurayCallback::Logger - register.c:418: bd_psr_write(5, 1): no change in value
2020-05-10 08:22:08.580 T:3886019456 DEBUG: CBlurayCallback::Logger - bluray.c:3076: PSR write: psr5 = 1
2020-05-10 08:22:08.580 T:3886019456 DEBUG: CBlurayCallback::Logger - bluray.c:1632: Seek to 768
2020-05-10 08:22:08.580 T:3886019456 DEBUG: CDVDInputStreamBluray - BD_EVENT_PG_TEXTST 0
