2020-05-10 08:20:40.374 T:4060491200 NOTICE: -----------------------------------------------------------------------
2020-05-10 08:20:40.374 T:4060491200 NOTICE: Starting Kodi (18.6 Git:ccf761beaceb2ec6d1e97227bb7d69b8ba2690b1). Platform: Linux ARM 32-bit
2020-05-10 08:20:40.375 T:4060491200 NOTICE: Using Release Kodi x32 build
2020-05-10 08:20:40.375 T:4060491200 NOTICE: Kodi compiled 2020-05-09 by GCC 8.3.0 for Linux ARM 32-bit version 4.9.113 (264561)
2020-05-10 08:20:40.375 T:4060491200 NOTICE: Running on CoreELEC (official): nightly_20200509 (9.2), kernel: Linux ARM 64-bit version 4.9.113 aarch64
2020-05-10 08:20:40.375 T:4060491200 NOTICE: FFmpeg version/source: 4.0.4-Kodi
2020-05-10 08:20:40.375 T:4060491200 NOTICE: Host CPU: Amlogic S922X rev a, 6 cores available
2020-05-10 08:20:40.375 T:4060491200 NOTICE: ARM Features: Neon enabled
2020-05-10 08:20:40.375 T:4060491200 NOTICE: special://xbmc/ is mapped to: /usr/share/kodi/
2020-05-10 08:20:40.375 T:4060491200 NOTICE: special://xbmcbin/ is mapped to: /usr/lib/kodi
2020-05-10 08:20:40.375 T:4060491200 NOTICE: special://xbmcbinaddons/ is mapped to: /usr/lib/kodi/addons
2020-05-10 08:20:40.375 T:4060491200 NOTICE: special://masterprofile/ is mapped to: /storage/.kodi/userdata
2020-05-10 08:20:40.375 T:4060491200 NOTICE: special://envhome/ is mapped to: /storage
2020-05-10 08:20:40.375 T:4060491200 NOTICE: special://home/ is mapped to: /storage/.kodi
2020-05-10 08:20:40.375 T:4060491200 NOTICE: special://temp/ is mapped to: /storage/.kodi/temp
2020-05-10 08:20:40.375 T:4060491200 NOTICE: special://logpath/ is mapped to: /storage/.kodi/temp
2020-05-10 08:20:40.375 T:4060491200 NOTICE: The executable running is: /usr/lib/kodi/kodi.bin
2020-05-10 08:20:40.375 T:4060491200 NOTICE: Local hostname: CoreELEC
2020-05-10 08:20:40.375 T:4060491200 NOTICE: Log File is located: /storage/.kodi/temp/kodi.log
2020-05-10 08:20:40.375 T:4060491200 NOTICE: -----------------------------------------------------------------------
2020-05-10 08:20:40.383 T:4060491200 INFO: loading settings
2020-05-10 08:20:40.386 T:4060491200 NOTICE: special://profile/ is mapped to: special://masterprofile/
2020-05-10 08:20:40.407 T:4060491200 DEBUG: CSkinSettings: no tag found
2020-05-10 08:20:40.419 T:4060491200 NOTICE: Loaded settings file from special://xbmc/system/advancedsettings.xml
2020-05-10 08:20:40.419 T:4060491200 NOTICE: Contents of special://xbmc/system/advancedsettings.xml are... /usr/bin/cputemp /usr/bin/gputemp false 1 30 false
2020-05-10 08:20:40.419 T:4060491200 WARNING: CSettingsManager: missing version attribute
2020-05-10 08:20:40.422 T:4060491200 NOTICE: Loaded settings file from special://profile/advancedsettings.xml
2020-05-10 08:20:40.422 T:4060491200 NOTICE: Contents of special://profile/advancedsettings.xml are... 1080 2160 lanczos true true 25
2020-05-10 08:20:40.422 T:4060491200 WARNING: CSettingsManager: missing version attribute
2020-05-10 08:20:40.423 T:4060491200 NOTICE: Default Video Player: VideoPlayer
2020-05-10 08:20:40.423 T:4060491200 NOTICE: Default Audio Player: paplayer
2020-05-10 08:20:40.423 T:4060491200 NOTICE: Disabled debug logging due to GUI setting. Level 0.
2020-05-10 08:20:40.423 T:4060491200 NOTICE: Log level changed to "LOG_LEVEL_NORMAL"
2020-05-10 08:20:40.423 T:4060491200 NOTICE: CMediaSourceSettings: loading media sources from special://masterprofile/sources.xml
2020-05-10 08:20:40.519 T:4060491200 NOTICE: PulseAudio: Server found running - will try to use Pulse
2020-05-10 08:20:40.572 T:4060491200 NOTICE: Running database version Addons27
2020-05-10 08:20:41.019 T:4060491200 NOTICE: ADDON: audioencoder.kodi.builtin.aac v1.0.0 installed
2020-05-10 08:20:41.019 T:4060491200 NOTICE: ADDON: audioencoder.kodi.builtin.wma v1.0.0 installed
2020-05-10 08:20:41.019 T:4060491200 NOTICE: ADDON: context.artwork.downloader.auto v1.0.4 installed
2020-05-10 08:20:41.019 T:4060491200 NOTICE: ADDON: context.artwork.downloader.gui v1.0.4 installed
2020-05-10 08:20:41.019 T:4060491200 NOTICE: ADDON: context.dialogtest v0.1.0 installed
2020-05-10 08:20:41.019 T:4060491200 NOTICE: ADDON: context.embuary.info v1.0.1 installed
2020-05-10 08:20:41.019 T:4060491200 NOTICE: ADDON: context.episode.get.thumbs v0.1.0 installed
2020-05-10 08:20:41.019 T:4060491200 NOTICE: ADDON: context.episode.thumbnail v0.1.0 installed
2020-05-10 08:20:41.019 T:4060491200 NOTICE: ADDON: driver.dvb.crazycat v9.2.0 installed
2020-05-10 08:20:41.019 T:4060491200 NOTICE: ADDON: driver.dvb.dvb-latest v9.2.0 installed
2020-05-10 08:20:41.019 T:4060491200 NOTICE: ADDON: game.controller.default v1.0.8 installed
2020-05-10 08:20:41.019 T:4060491200 NOTICE: ADDON: game.controller.snes v1.0.8 installed
2020-05-10 08:20:41.019 T:4060491200 NOTICE: ADDON: inputstream.adaptive v2.4.4.1 installed
2020-05-10 08:20:41.019 T:4060491200 NOTICE: ADDON: kodi.binary.global.audioengine v1.0.1 installed
2020-05-10 08:20:41.019 T:4060491200 NOTICE: ADDON: kodi.binary.global.filesystem v1.0.2 installed
2020-05-10 08:20:41.019 T:4060491200 NOTICE: ADDON: kodi.binary.global.general v1.0.3 installed
2020-05-10 08:20:41.019 T:4060491200 NOTICE: ADDON: kodi.binary.global.gui v5.12.0 installed
2020-05-10 08:20:41.019 T:4060491200 NOTICE: ADDON: kodi.binary.global.main v1.0.14 installed
2020-05-10 08:20:41.019 T:4060491200 NOTICE: ADDON: kodi.binary.global.network v1.0.0 installed
2020-05-10 08:20:41.019 T:4060491200 NOTICE: ADDON: kodi.binary.instance.audiodecoder v2.0.0 installed
2020-05-10 08:20:41.019 T:4060491200 NOTICE: ADDON: kodi.binary.instance.audioencoder v2.0.0 installed
2020-05-10 08:20:41.019 T:4060491200 NOTICE: ADDON: kodi.binary.instance.game v1.1.0 installed
2020-05-10 08:20:41.019 T:4060491200 NOTICE: ADDON: kodi.binary.instance.imagedecoder v2.0.0 installed
2020-05-10 08:20:41.019 T:4060491200 NOTICE: ADDON: kodi.binary.instance.inputstream v2.0.8 installed
2020-05-10 08:20:41.019 T:4060491200 NOTICE: ADDON: kodi.binary.instance.peripheral v1.3.7 installed
2020-05-10 08:20:41.019 T:4060491200 NOTICE: ADDON: kodi.binary.instance.pvr v5.10.3 installed
2020-05-10 08:20:41.019 T:4060491200 NOTICE: ADDON: kodi.binary.instance.screensaver v2.0.0 installed
2020-05-10 08:20:41.019 T:4060491200 NOTICE: ADDON: kodi.binary.instance.vfs v2.0.0 installed
2020-05-10 08:20:41.019 T:4060491200 NOTICE: ADDON: kodi.binary.instance.videocodec v1.0.1 installed
2020-05-10 08:20:41.020 T:4060491200 NOTICE: ADDON: kodi.binary.instance.visualization v2.0.1 installed
2020-05-10 08:20:41.020 T:4060491200 NOTICE: ADDON: kodi.resource v1.0.0 installed
2020-05-10 08:20:41.020 T:4060491200 NOTICE: ADDON: metadata.album.universal v3.1.3 installed
2020-05-10 08:20:41.020 T:4060491200 NOTICE: ADDON: metadata.artists.theaudiodb.com v1.1.2 installed
2020-05-10 08:20:41.020 T:4060491200 NOTICE: ADDON: metadata.artists.universal v4.3.2 installed
2020-05-10 08:20:41.020 T:4060491200 NOTICE: ADDON: metadata.common.allmusic.com v3.2.1 installed
2020-05-10 08:20:41.020 T:4060491200 NOTICE: ADDON: metadata.common.fanart.tv v3.6.3 installed
2020-05-10 08:20:41.020 T:4060491200 NOTICE: ADDON: metadata.common.imdb.com v3.1.5 installed
2020-05-10 08:20:41.020 T:4060491200 NOTICE: ADDON: metadata.common.musicbrainz.org v2.2.1 installed
2020-05-10 08:20:41.020 T:4060491200 NOTICE: ADDON: metadata.common.ofdb.de v1.0.5 installed
2020-05-10 08:20:41.020 T:4060491200 NOTICE: ADDON: metadata.common.omdbapi.com v1.2.1 installed
2020-05-10 08:20:41.020 T:4060491200 NOTICE: ADDON: metadata.common.theaudiodb.com v2.0.3 installed
2020-05-10 08:20:41.020 T:4060491200 NOTICE: ADDON: metadata.common.themoviedb.org v3.1.10 installed
2020-05-10 08:20:41.020 T:4060491200 NOTICE: ADDON: metadata.local v1.0.0 installed
2020-05-10 08:20:41.020 T:4060491200 NOTICE: ADDON: metadata.themoviedb.org v5.1.11 installed
2020-05-10 08:20:41.020 T:4060491200 NOTICE: ADDON: metadata.tvshows.themoviedb.org v3.5.2 installed
2020-05-10 08:20:41.020 T:4060491200 NOTICE: ADDON: metadata.universal v5.3.6 installed
2020-05-10 08:20:41.020 T:4060491200 NOTICE: ADDON: os.libreelec.tv v9.2 installed
2020-05-10 08:20:41.020 T:4060491200 NOTICE: ADDON: os.openelec.tv v9.2 installed
2020-05-10 08:20:41.020 T:4060491200 NOTICE: ADDON: peripheral.joystick v1.4.9 installed
2020-05-10 08:20:41.020 T:4060491200 NOTICE: ADDON: plugin.program.autocompletion v1.0.1 installed
2020-05-10 08:20:41.020 T:4060491200 NOTICE: ADDON: plugin.video.themoviedb.helper v2.4.58 installed
2020-05-10 08:20:41.020 T:4060491200 NOTICE: ADDON: plugin.video.youtube v6.8.0 installed
2020-05-10 08:20:41.020 T:4060491200 NOTICE: ADDON: repository.cenightly v9.2 installed
2020-05-10 08:20:41.020 T:4060491200 NOTICE: ADDON: repository.jurialmunkey v1.2 installed
2020-05-10 08:20:41.020 T:4060491200 NOTICE: ADDON: repository.rector.stuff v1.0.0 installed
2020-05-10 08:20:41.020 T:4060491200 NOTICE: ADDON: repository.xbmc.org v9.9.0 installed
2020-05-10 08:20:41.020 T:4060491200 NOTICE: ADDON: resource.images.actorart v1.0.0 installed
2020-05-10 08:20:41.020 T:4060491200 NOTICE: ADDON: resource.images.moviecountryicons.maps v0.0.1 installed
2020-05-10 08:20:41.020 T:4060491200 NOTICE: ADDON: resource.images.moviegenreicons.transparent v0.0.6 installed
2020-05-10 08:20:41.020 T:4060491200 NOTICE: ADDON: resource.images.moviegenreicons.white v0.0.6 installed
2020-05-10 08:20:41.020 T:4060491200 NOTICE: ADDON: resource.images.moviegenreicons.xzener-flat v0.0.3 installed
2020-05-10 08:20:41.020 T:4060491200 NOTICE: ADDON: resource.images.recordlabels.white v0.0.7 installed
2020-05-10 08:20:41.020 T:4060491200 NOTICE: ADDON: resource.images.studios.coloured v0.0.18 installed
2020-05-10 08:20:41.020 T:4060491200 NOTICE: ADDON: resource.images.studios.white v0.0.24 installed
2020-05-10 08:20:41.021 T:4060491200 NOTICE: ADDON: resource.images.weathericons.default v1.1.8 installed
2020-05-10 08:20:41.021 T:4060491200 NOTICE: ADDON: resource.images.weathericons.outline-hd v0.0.3 installed
2020-05-10 08:20:41.021 T:4060491200 NOTICE: ADDON: resource.images.weathericons.white v0.0.6 installed
2020-05-10 08:20:41.021 T:4060491200 NOTICE: ADDON: resource.language.en_gb v2.0.1 installed
2020-05-10 08:20:41.021 T:4060491200 NOTICE: ADDON: resource.uisounds.embuary v0.0.4 installed
2020-05-10 08:20:41.021 T:4060491200 NOTICE: ADDON: resource.uisounds.ftv v1.0.0 installed
2020-05-10 08:20:41.021 T:4060491200 NOTICE: ADDON: resource.uisounds.kodi v1.0.0 installed
2020-05-10 08:20:41.021 T:4060491200 NOTICE: ADDON: screensaver.bing v1.0.3 installed
2020-05-10 08:20:41.021 T:4060491200 NOTICE: ADDON: screensaver.unsplash v1.0.5 installed
2020-05-10 08:20:41.021 T:4060491200 NOTICE: ADDON: screensaver.xbmc.builtin.black v1.0.33 installed
2020-05-10 08:20:41.021 T:4060491200 NOTICE: ADDON: screensaver.xbmc.builtin.dim v1.0.59 installed
2020-05-10 08:20:41.021 T:4060491200 NOTICE: ADDON: script.amlogic.displayinfo v9.2.100 installed
2020-05-10 08:20:41.021 T:4060491200 NOTICE: ADDON: script.amlogic.framecapture v0.1 installed
2020-05-10 08:20:41.021 T:4060491200 NOTICE: ADDON: script.artwork.beef v0.28.1 installed
2020-05-10 08:20:41.021 T:4060491200 NOTICE: ADDON: script.check.theme v0.0.1 installed
2020-05-10 08:20:41.021 T:4060491200 NOTICE: ADDON: script.common.plugin.cache v2.6.1 installed
2020-05-10 08:20:41.021 T:4060491200 NOTICE: ADDON: script.cu.lrclyrics v5.7.4 installed
2020-05-10 08:20:41.021 T:4060491200 NOTICE: ADDON: script.embuary.helper v1.4.8 installed
2020-05-10 08:20:41.021 T:4060491200 NOTICE: ADDON: script.embuary.info v1.2.5 installed
2020-05-10 08:20:41.021 T:4060491200 NOTICE: ADDON: script.extendedinfo v5.6.0 installed
2020-05-10 08:20:41.021 T:4060491200 NOTICE: ADDON: script.favourites v7.1.3 installed
2020-05-10 08:20:41.021 T:4060491200 NOTICE: ADDON: script.globalsearch v8.0.11 installed
2020-05-10 08:20:41.021 T:4060491200 NOTICE: ADDON: script.grab.fanart v0.15.1 installed
2020-05-10 08:20:41.021 T:4060491200 NOTICE: ADDON: script.image.resource.select v2.0.4 installed
2020-05-10 08:20:41.021 T:4060491200 NOTICE: ADDON: script.keymap v1.0.10 installed
2020-05-10 08:20:41.021 T:4060491200 NOTICE: ADDON: script.module.addon.signals v0.0.5 installed
2020-05-10 08:20:41.021 T:4060491200 NOTICE: ADDON: script.module.arrow v0.15.5 installed
2020-05-10 08:20:41.021 T:4060491200 NOTICE: ADDON: script.module.autocompletion v1.1.2 installed
2020-05-10 08:20:41.021 T:4060491200 NOTICE: ADDON: script.module.backports.functools_lru_cache v1.6.1 installed
2020-05-10 08:20:41.021 T:4060491200 NOTICE: ADDON: script.module.beautifulsoup v3.2.1 installed
2020-05-10 08:20:41.021 T:4060491200 NOTICE: ADDON: script.module.beautifulsoup4 v4.6.2 installed
2020-05-10 08:20:41.021 T:4060491200 NOTICE: ADDON: script.module.certifi v2019.9.11 installed
2020-05-10 08:20:41.021 T:4060491200 NOTICE: ADDON: script.module.chardet v3.0.4 installed
2020-05-10 08:20:41.021 T:4060491200 NOTICE: ADDON: script.module.dateutil v2.8.1 installed
2020-05-10 08:20:41.021 T:4060491200 NOTICE: ADDON: script.module.future v0.17.1 installed
2020-05-10 08:20:41.021 T:4060491200 NOTICE: ADDON: script.module.idna v2.8 installed
2020-05-10 08:20:41.021 T:4060491200 NOTICE: ADDON: script.module.inputstreamhelper v0.4.7 installed
2020-05-10 08:20:41.021 T:4060491200 NOTICE: ADDON: script.module.kodi-six v0.1.3 installed
2020-05-10 08:20:41.021 T:4060491200 NOTICE: ADDON: script.module.kodi65 v1.2.1 installed
2020-05-10 08:20:41.022 T:4060491200 NOTICE: ADDON: script.module.metadatautils v1.0.0 installed
2020-05-10 08:20:41.022 T:4060491200 NOTICE: ADDON: script.module.musicbrainz v0.6.0 installed
2020-05-10 08:20:41.022 T:4060491200 NOTICE: ADDON: script.module.pil v1.1.7 installed
2020-05-10 08:20:41.022 T:4060491200 NOTICE: ADDON: script.module.pycryptodome v3.4.3 installed
2020-05-10 08:20:41.022 T:4060491200 NOTICE: ADDON: script.module.pyxbmct v1.3.1 installed
2020-05-10 08:20:41.022 T:4060491200 NOTICE: ADDON: script.module.requests v2.22.0 installed
2020-05-10 08:20:41.022 T:4060491200 NOTICE: ADDON: script.module.routing v0.2.3 installed
2020-05-10 08:20:41.022 T:4060491200 NOTICE: ADDON: script.module.simplecache v1.0.18 installed
2020-05-10 08:20:41.022 T:4060491200 NOTICE: ADDON: script.module.simplejson v3.16.1 installed
2020-05-10 08:20:41.022 T:4060491200 NOTICE: ADDON: script.module.six v1.13.0 installed
2020-05-10 08:20:41.022 T:4060491200 NOTICE: ADDON: script.module.thetvdb v1.0.12 installed
2020-05-10 08:20:41.022 T:4060491200 NOTICE: ADDON: script.module.unidecode v1.1.1 installed
2020-05-10 08:20:41.022 T:4060491200 NOTICE: ADDON: script.module.urllib3 v1.25.6 installed
2020-05-10 08:20:41.022 T:4060491200 NOTICE: ADDON: script.module.youtube.dl v20.324.0 installed
2020-05-10 08:20:41.022 T:4060491200 NOTICE: ADDON: script.program.driverselect v0.1.6.1 installed
2020-05-10 08:20:41.022 T:4060491200 NOTICE: ADDON: script.skinshortcuts v1.0.17 installed
2020-05-10 08:20:41.022 T:4060491200 NOTICE: ADDON: script.toolbox v1.1.1 installed
2020-05-10 08:20:41.022 T:4060491200 NOTICE: ADDON: script.tv.show.next.aired v6.0.15 installed
2020-05-10 08:20:41.022 T:4060491200 NOTICE: ADDON: service.coreelec.settings v9.0.0 installed
2020-05-10 08:20:41.022 T:4060491200 NOTICE: ADDON: service.odroidn2.oled v0.1.3 installed
2020-05-10 08:20:41.022 T:4060491200 NOTICE: ADDON: service.upnext v1.1.0 installed
2020-05-10 08:20:41.022 T:4060491200 NOTICE: ADDON: skin.arctic.horizon v0.2.45 installed
2020-05-10 08:20:41.022 T:4060491200 NOTICE: ADDON: skin.aura v1.0.2 installed
2020-05-10 08:20:41.022 T:4060491200 NOTICE: ADDON: skin.blur v0.0.1 installed
2020-05-10 08:20:41.022 T:4060491200 NOTICE: ADDON: skin.embuary-leia v18.8.9 installed
2020-05-10 08:20:41.022 T:4060491200 NOTICE: ADDON: skin.estuary v2.0.27 installed
2020-05-10 08:20:41.022 T:4060491200 NOTICE: ADDON: skin.singular v0.0.1 installed
2020-05-10 08:20:41.022 T:4060491200 NOTICE: ADDON: vfs.libarchive v1.0.7.1 installed
2020-05-10 08:20:41.022 T:4060491200 NOTICE: ADDON: visualization.goom v2.2.1.1 installed
2020-05-10 08:20:41.022 T:4060491200 NOTICE: ADDON: webinterface.default v18.x-2.4.6 installed
2020-05-10 08:20:41.022 T:4060491200 NOTICE: ADDON: webinterface.devhelper v0.3.0 installed
2020-05-10 08:20:41.022 T:4060491200 NOTICE: ADDON: xbmc.addon v18.6.0 installed
2020-05-10 08:20:41.022 T:4060491200 NOTICE: ADDON: xbmc.core v0.1.0 installed
2020-05-10 08:20:41.022 T:4060491200 NOTICE: ADDON: xbmc.gui v5.14.0 installed
2020-05-10 08:20:41.022 T:4060491200 NOTICE: ADDON: xbmc.json v10.3.0 installed
2020-05-10 08:20:41.023 T:4060491200 NOTICE: ADDON: xbmc.metadata v2.1.0 installed
2020-05-10 08:20:41.023 T:4060491200 NOTICE: ADDON: xbmc.python v2.26.0 installed
2020-05-10 08:20:41.023 T:4060491200 NOTICE: ADDON: xbmc.webinterface v1.0.0 installed
2020-05-10 08:20:41.075 T:4060491200 ERROR: DBus error: org.freedesktop.DBus.Error.ServiceUnknown - The name org.freedesktop.UPower was not provided by any .service files
2020-05-10 08:20:41.133 T:4037845888 WARNING: Pulseaudio module module-allow-passthrough not loaded - opening PT devices might fail
2020-05-10 08:20:41.135 T:4037845888 NOTICE: Found 2 Lists of Devices
2020-05-10 08:20:41.135 T:4037845888 NOTICE: Enumerated ALSA devices:
2020-05-10 08:20:41.135 T:4037845888 NOTICE: Device 1
2020-05-10 08:20:41.135 T:4037845888 NOTICE: m_deviceName : @
2020-05-10 08:20:41.135 T:4037845888 NOTICE: m_displayName : Default (AML-AUGESOUND Analog)
2020-05-10 08:20:41.135 T:4037845888 NOTICE: m_displayNameExtra: PCM
2020-05-10 08:20:41.135 T:4037845888 NOTICE: m_deviceType : AE_DEVTYPE_PCM
2020-05-10 08:20:41.135 T:4037845888 NOTICE: m_channels : FL, FR
2020-05-10 08:20:41.135 T:4037845888 NOTICE: m_sampleRates : 8000,11025,16000,22050,32000,44100,48000,64000,88200,96000,176400,192000,384000
2020-05-10 08:20:41.135 T:4037845888 NOTICE: m_dataFormats : AE_FMT_S24NE4,AE_FMT_S32NE,AE_FMT_S16NE,AE_FMT_S16LE
2020-05-10 08:20:41.135 T:4037845888 NOTICE: m_streamTypes : No passthrough capabilities
2020-05-10 08:20:41.135 T:4037845888 NOTICE: Device 2
2020-05-10 08:20:41.135 T:4037845888 NOTICE: m_deviceName : sysdefault:CARD=AMLAUGESOUND
2020-05-10 08:20:41.135 T:4037845888 NOTICE: m_displayName : AML-AUGESOUND
2020-05-10 08:20:41.135 T:4037845888 NOTICE: m_displayNameExtra: PCM
2020-05-10 08:20:41.135 T:4037845888 NOTICE: m_deviceType : AE_DEVTYPE_PCM
2020-05-10 08:20:41.135 T:4037845888 NOTICE: m_channels : FL, FR
2020-05-10 08:20:41.136 T:4037845888 NOTICE: m_sampleRates : 8000,11025,16000,22050,32000,44100,48000,64000,88200,96000,176400,192000,384000
2020-05-10 08:20:41.136 T:4037845888 NOTICE: m_dataFormats : AE_FMT_S24NE4,AE_FMT_S32NE,AE_FMT_S16NE,AE_FMT_S16LE
2020-05-10 08:20:41.136 T:4037845888 NOTICE: m_streamTypes : No passthrough capabilities
2020-05-10 08:20:41.136 T:4037845888 NOTICE: Device 3
2020-05-10 08:20:41.136 T:4037845888 NOTICE: m_deviceName : surround71:CARD=AMLAUGESOUND,DEV=0
2020-05-10 08:20:41.136 T:4037845888 NOTICE: m_displayName : AML-AUGESOUND
2020-05-10 08:20:41.136 T:4037845888 NOTICE: m_displayNameExtra: HDMI Multi Ch PCM
2020-05-10 08:20:41.136 T:4037845888 NOTICE: m_deviceType : AE_DEVTYPE_PCM
2020-05-10 08:20:41.136 T:4037845888 NOTICE: m_channels : FL, FR, BL, BR, FC, LFE, SL, SR
2020-05-10 08:20:41.136 T:4037845888 NOTICE: m_sampleRates : 8000,11025,16000,22050,32000,44100,48000,64000,88200,96000,176400,192000,384000
2020-05-10 08:20:41.136 T:4037845888 NOTICE: m_dataFormats : AE_FMT_S24NE4,AE_FMT_S32NE,AE_FMT_S16NE,AE_FMT_S16LE
2020-05-10 08:20:41.136 T:4037845888 NOTICE: m_streamTypes : No passthrough capabilities
2020-05-10 08:20:41.136 T:4037845888 NOTICE: Device 4
2020-05-10 08:20:41.136 T:4037845888 NOTICE: m_deviceName : iec958:CARD=AMLAUGESOUND,DEV=0
2020-05-10 08:20:41.136 T:4037845888 NOTICE: m_displayName : AML-AUGESOUND
2020-05-10 08:20:41.136 T:4037845888 NOTICE: m_displayNameExtra: S/PDIF
2020-05-10 08:20:41.136 T:4037845888 NOTICE: m_deviceType : AE_DEVTYPE_IEC958
2020-05-10 08:20:41.136 T:4037845888 NOTICE: m_channels : FL, FR
2020-05-10 08:20:41.136 T:4037845888 NOTICE: m_sampleRates : 8000,11025,16000,22050,32000,44100,48000,64000,88200,96000,176400,192000
2020-05-10 08:20:41.136 T:4037845888 NOTICE: m_dataFormats : AE_FMT_RAW,AE_FMT_S16NE,AE_FMT_S16LE
2020-05-10 08:20:41.136 T:4037845888 NOTICE: m_streamTypes : STREAM_TYPE_AC3,STREAM_TYPE_DTSHD_CORE,STREAM_TYPE_DTS_1024,STREAM_TYPE_DTS_2048,STREAM_TYPE_DTS_512
2020-05-10 08:20:41.136 T:4037845888 NOTICE: Device 5
2020-05-10 08:20:41.136 T:4037845888 NOTICE: m_deviceName : hdmi:CARD=AMLAUGESOUND,DEV=0
2020-05-10 08:20:41.136 T:4037845888 NOTICE: m_displayName : AML-AUGESOUND
2020-05-10 08:20:41.136 T:4037845888 NOTICE: m_displayNameExtra: HDMI
2020-05-10 08:20:41.136 T:4037845888 NOTICE: m_deviceType : AE_DEVTYPE_HDMI
2020-05-10 08:20:41.136 T:4037845888 NOTICE: m_channels : FL, FR, BL, BR, FC, LFE, SL, SR
2020-05-10 08:20:41.136 T:4037845888 NOTICE: m_sampleRates : 8000,11025,16000,22050,32000,44100,48000,64000,88200,96000,176400,192000
2020-05-10 08:20:41.136 T:4037845888 NOTICE: m_dataFormats : AE_FMT_S16NE,AE_FMT_S16LE,AE_FMT_RAW
2020-05-10 08:20:41.136 T:4037845888 NOTICE: m_streamTypes : STREAM_TYPE_AC3,STREAM_TYPE_DTSHD,STREAM_TYPE_DTSHD_MA,STREAM_TYPE_DTSHD_CORE,STREAM_TYPE_DTS_1024,STREAM_TYPE_DTS_2048,STREAM_TYPE_DTS_512,STREAM_TYPE_EAC3,STREAM_TYPE_TRUEHD
2020-05-10 08:20:41.136 T:4037845888 NOTICE: Enumerated PULSE devices:
2020-05-10 08:20:41.136 T:4037845888 NOTICE: Device 1
2020-05-10 08:20:41.136 T:4037845888 NOTICE: m_deviceName : Default
2020-05-10 08:20:41.136 T:4037845888 NOTICE: m_displayName : Default
2020-05-10 08:20:41.136 T:4037845888 NOTICE: m_displayNameExtra: Bluetooth Audio (PULSEAUDIO)
2020-05-10 08:20:41.136 T:4037845888 NOTICE: m_deviceType : AE_DEVTYPE_PCM
2020-05-10 08:20:41.136 T:4037845888 NOTICE: m_channels : FL, FR
2020-05-10 08:20:41.136 T:4037845888 NOTICE: m_sampleRates : 5512,8000,11025,16000,22050,32000,44100,48000,64000,88200,96000,176400,192000,384000
2020-05-10 08:20:41.136 T:4037845888 NOTICE: m_dataFormats : AE_FMT_U8,AE_FMT_S16NE,AE_FMT_S24NE3,AE_FMT_S24NE4,AE_FMT_S32NE,AE_FMT_FLOAT
2020-05-10 08:20:41.136 T:4037845888 NOTICE: m_streamTypes : No passthrough capabilities
2020-05-10 08:20:43.038 T:4060491200 ERROR: GetString: error reading /storage/.kodi/userdata/disp_cap
2020-05-10 08:20:43.039 T:4060491200 ERROR: GetString: error reading /sys/class/amhdmitx/amhdmitx0/custom_mode
2020-05-10 08:20:43.039 T:4060491200 ERROR: GetString: error reading /storage/.kodi/userdata/disp_add
2020-05-10 08:20:43.039 T:4060491200 NOTICE: Found resolution 720 x 480 with 720 x 480i @ 60.000000 Hz
2020-05-10 08:20:43.039 T:4060491200 NOTICE: Found resolution 720 x 480 with 720 x 480i @ 59.940060 Hz
2020-05-10 08:20:43.039 T:4060491200 NOTICE: Found resolution 720 x 576 with 720 x 576i @ 50.000000 Hz
2020-05-10 08:20:43.039 T:4060491200 NOTICE: Found resolution 720 x 480 with 720 x 480 @ 60.000000 Hz
2020-05-10 08:20:43.040 T:4060491200 NOTICE: Found resolution 720 x 480 with 720 x 480 @ 59.940060 Hz
2020-05-10 08:20:43.040 T:4060491200 NOTICE: Found resolution 720 x 576 with 720 x 576 @ 50.000000 Hz
2020-05-10 08:20:43.040 T:4060491200 NOTICE: Found resolution 1280 x 720 with 1280 x 720 @ 60.000000 Hz
2020-05-10 08:20:43.040 T:4060491200 NOTICE: Found resolution 1280 x 720 with 1280 x 720 @ 59.940060 Hz
2020-05-10 08:20:43.040 T:4060491200 NOTICE: Found resolution 1920 x 1080 with 1920 x 1080i @ 60.000000 Hz
2020-05-10 08:20:43.040 T:4060491200 NOTICE: Found resolution 1920 x 1080 with 1920 x 1080i @ 59.940060 Hz
2020-05-10 08:20:43.040 T:4060491200 NOTICE: Found resolution 1920 x 1080 with 1920 x 1080 @ 60.000000 Hz
2020-05-10 08:20:43.040 T:4060491200 NOTICE: Found resolution 1920 x 1080 with 1920 x 1080 @ 59.940060 Hz
2020-05-10 08:20:43.040 T:4060491200 NOTICE: Found resolution 1280 x 720 with 1280 x 720 @ 50.000000 Hz
2020-05-10 08:20:43.040 T:4060491200 NOTICE: Found resolution 1920 x 1080 with 1920 x 1080i @ 50.000000 Hz
2020-05-10 08:20:43.040 T:4060491200 NOTICE: Found resolution 1920 x 1080 with 1920 x 1080 @ 30.000000 Hz
2020-05-10 08:20:43.040 T:4060491200 NOTICE: Found resolution 1920 x 1080 with 1920 x 1080 @ 29.970030 Hz
2020-05-10 08:20:43.040 T:4060491200 NOTICE: Found resolution 1920 x 1080 with 1920 x 1080 @ 50.000000 Hz
2020-05-10 08:20:43.040 T:4060491200 NOTICE: Found resolution 1920 x 1080 with 1920 x 1080 @ 24.000000 Hz
2020-05-10 08:20:43.040 T:4060491200 NOTICE: Found resolution 1920 x 1080 with 1920 x 1080 @ 23.976025 Hz
2020-05-10 08:20:43.040 T:4060491200 NOTICE: Found resolution 3840 x 2160 with 3840 x 2160 @ 30.000000 Hz
2020-05-10 08:20:43.040 T:4060491200 NOTICE: Found resolution 3840 x 2160 with 3840 x 2160 @ 29.970030 Hz
2020-05-10 08:20:43.040 T:4060491200 NOTICE: Found resolution 3840 x 2160 with 3840 x 2160 @ 25.000000 Hz
2020-05-10 08:20:43.040 T:4060491200 NOTICE: Found resolution 3840 x 2160 with 3840 x 2160 @ 24.000000 Hz
2020-05-10 08:20:43.040 T:4060491200 NOTICE: Found resolution 3840 x 2160 with 3840 x 2160 @ 23.976025 Hz
2020-05-10 08:20:43.040 T:4060491200 NOTICE: Found resolution 4096 x 2160 with 4096 x 2160 @ 24.000000 Hz
2020-05-10 08:20:43.040 T:4060491200 NOTICE: Found resolution 4096 x 2160 with 4096 x 2160 @ 23.976025 Hz
2020-05-10 08:20:43.040 T:4060491200 NOTICE: Found resolution 3840 x 2160 with 3840 x 2160 @ 50.000000 Hz
2020-05-10 08:20:43.040 T:4060491200 NOTICE: Found resolution 3840 x 2160 with 3840 x 2160 @ 60.000000 Hz
2020-05-10 08:20:43.040 T:4060491200 NOTICE: Found resolution 3840 x 2160 with 3840 x 2160 @ 59.940060 Hz
2020-05-10 08:20:43.040 T:4060491200 NOTICE: Found (1920x1080@59.940060) at 27, setting to RES_DESKTOP at 16
2020-05-10 08:20:43.081 T:4060491200 NOTICE: EGL_VERSION = 1.4 Bifrost-"git"
2020-05-10 08:20:43.081 T:4060491200 NOTICE: EGL_VENDOR = ARM
2020-05-10 08:20:43.081 T:4060491200 NOTICE: EGL_EXTENSIONS = EGL_KHR_partial_update EGL_EXT_image_dma_buf_import EGL_KHR_config_attribs EGL_KHR_image EGL_KHR_image_base EGL_KHR_fence_sync EGL_KHR_wait_sync EGL_KHR_gl_colorspace EGL_KHR_get_all_proc_addresses EGL_IMG_context_priority EGL_KHR_no_config_context EGL_ARM_pixmap_multisample_discard EGL_ARM_implicit_external_sync EGL_KHR_gl_texture_2D_image EGL_KHR_gl_renderbuffer_image EGL_KHR_create_context EGL_KHR_surfaceless_context EGL_KHR_gl_texture_cubemap_image EGL_EXT_create_context_robustness
2020-05-10 08:20:43.081 T:4060491200 NOTICE: EGL_CLIENT_EXTENSIONS = EGL_EXT_client_extensions EGL_EXT_platform_base EGL_KHR_client_get_all_proc_addresses
2020-05-10 08:20:43.086 T:4060491200 NOTICE: Checking resolution 43
2020-05-10 08:20:43.086 T:4060491200 ERROR: GetString: error reading /sys/class/amhdmitx/amhdmitx0/custom_mode
2020-05-10 08:20:43.339 T:4060491200 NOTICE: GL_VENDOR = ARM
2020-05-10 08:20:43.339 T:4060491200 NOTICE: GL_RENDERER = Mali-G52
2020-05-10 08:20:43.339 T:4060491200 NOTICE: GL_VERSION = OpenGL ES 3.2 git.db77a4c.74502ed16b0fc2da36c811f236840b85
2020-05-10 08:20:43.339 T:4060491200 NOTICE: GL_SHADING_LANGUAGE_VERSION = OpenGL ES GLSL ES 3.20
2020-05-10 08:20:43.339 T:4060491200 NOTICE: GL_EXTENSIONS = GL_ARM_rgba8 GL_ARM_mali_shader_binary GL_OES_depth24 GL_OES_depth_texture GL_OES_depth_texture_cube_map GL_OES_packed_depth_stencil GL_OES_rgb8_rgba8 GL_EXT_read_format_bgra GL_OES_compressed_paletted_texture GL_OES_compressed_ETC1_RGB8_texture GL_OES_standard_derivatives GL_OES_EGL_image GL_OES_EGL_image_external GL_OES_EGL_image_external_essl3 GL_OES_EGL_sync GL_OES_texture_npot GL_OES_vertex_half_float GL_OES_required_internalformat GL_OES_vertex_array_object GL_OES_mapbuffer GL_EXT_texture_format_BGRA8888 GL_EXT_texture_rg GL_EXT_texture_type_2_10_10_10_REV GL_OES_fbo_render_mipmap GL_OES_element_index_uint GL_EXT_shadow_samplers GL_OES_texture_compression_astc GL_KHR_texture_compression_astc_ldr GL_KHR_texture_compression_astc_hdr GL_KHR_texture_compression_astc_sliced_3d GL_EXT_texture_compression_astc_decode_mode GL_EXT_texture_compression_astc_decode_mode_rgb9e5 GL_KHR_debug GL_EXT_occlusion_query_boolean GL_EXT_disjoint_timer_query GL_EXT_blend_minmax GL_EXT_discard_framebuffer GL_OES_get_program_binary GL_OES_texture_3D GL_EXT_texture_storage GL_EXT_multisampled_render_to_texture GL_OES_surfaceless_context GL_OES_texture_stencil8 GL_EXT_shader_pixel_local_storage GL_ARM_shader_framebuffer_fetch GL_ARM_shader_framebuffer_fetch_depth_stencil GL_ARM_mali_program_binary GL_EXT_sRGB GL_EXT_sRGB_write_control GL_EXT_texture_sRGB_decode GL_EXT_texture_sRGB_R8 GL_EXT_texture_sRGB_RG8 GL_KHR_blend_equation_advanced GL_KHR_blend_equation_advanced_coherent GL_OES_texture_storage_multisample_2d_array GL_OES_shader_image_atomic GL_EXT_robustness GL_EXT_draw_buffers_indexed GL_OES_draw_buffers_indexed GL_EXT_texture_border_clamp GL_OES_texture_border_clamp GL_EXT_texture_cube_map_array GL_OES_texture_cube_map_array GL_OES_sample_variables GL_OES_sample_shading GL_OES_shader_multisample_interpolation GL_EXT_shader_io_blocks GL_OES_shader_io_blocks GL_EXT_tessellation_shader GL_OES_tessellation_shader GL_EXT_primitive_bounding_box GL_OES_primitive_bounding_box GL_EXT_geometry_shader GL_OES_geometry_shader GL_ANDROID_extension_pack_es31a GL_EXT_gpu_shader5 GL_OES_gpu_shader5 GL_EXT_texture_buffer GL_OES_texture_buffer GL_EXT_copy_image GL_OES_copy_image GL_EXT_shader_non_constant_global_initializers GL_EXT_color_buffer_half_float GL_EXT_color_buffer_float GL_EXT_YUV_target GL_OVR_multiview GL_OVR_multiview2 GL_OVR_multiview_multisampled_render_to_texture GL_KHR_robustness GL_KHR_robust_buffer_access_behavior GL_EXT_draw_elements_base_vertex GL_OES_draw_elements_base_vertex GL_EXT_buffer_storage GL_EXT_texture_filter_anisotropic
2020-05-10 08:20:43.661 T:4060491200 ERROR: GetString: error reading /sys/class/amhdmitx/amhdmitx0/custom_mode
2020-05-10 08:20:44.056 T:3914302336 NOTICE: Running database version Addons27
2020-05-10 08:20:44.058 T:3914302336 NOTICE: Running database version ViewModes6
2020-05-10 08:20:44.095 T:3914302336 NOTICE: Running database version Textures13
2020-05-10 08:20:44.148 T:3914302336 NOTICE: Running database version MyMusic72
2020-05-10 08:20:44.229 T:3914302336 NOTICE: Running database version MyVideos116
2020-05-10 08:20:44.234 T:3914302336 NOTICE: Running database version TV32
2020-05-10 08:20:44.237 T:3914302336 NOTICE: Running database version Epg12
2020-05-10 08:20:44.237 T:4060491200 NOTICE: start dvd mediatype detection
2020-05-10 08:20:44.280 T:4060491200 NOTICE: load skin from: /usr/share/kodi/addons/skin.estuary (version: 2.0.27)
2020-05-10 08:20:44.691 T:4060491200 WARNING: JSONRPC: Could not parse type "Setting.Details.SettingList"
2020-05-10 08:20:44.754 T:4060491200 NOTICE: Register - new keyboard device registered on application->keyboard: Keyboard (0000:0000)
2020-05-10 08:20:44.754 T:4060491200 NOTICE: Register - new mouse device registered on application->mouse: Mouse (0000:0000)
2020-05-10 08:20:44.760 T:4060491200 NOTICE: Loading player core factory settings from special://xbmc/system/playercorefactory.xml.
2020-05-10 08:20:44.761 T:4060491200 NOTICE: Loaded playercorefactory configuration
2020-05-10 08:20:44.762 T:4060491200 NOTICE: Loading player core factory settings from special://masterprofile/playercorefactory.xml.
2020-05-10 08:20:44.762 T:4060491200 NOTICE: special://masterprofile/playercorefactory.xml does not exist. Skipping.
2020-05-10 08:20:44.786 T:3822048128 NOTICE: Register - new cec device registered on cec->AOCEC: CEC Adapter (0000:0000)
2020-05-10 08:20:44.791 T:4060491200 NOTICE: initialize done
2020-05-10 08:20:44.792 T:4060491200 NOTICE: Running the application...
2020-05-10 08:20:44.798 T:4060491200 NOTICE: starting zeroconf publishing
2020-05-10 08:20:44.798 T:4060491200 NOTICE: CWebServer[8080]: Started
2020-05-10 08:20:44.802 T:3640640384 NOTICE: ES: Starting UDP Event server on port 9777
2020-05-10 08:20:44.802 T:3640640384 NOTICE: UDP: Listening on port 9777 (ipv6 : true)
2020-05-10 08:20:45.742 T:4020339584 WARNING: Filesystem is not supported
2020-05-10 08:20:46.887 T:3719082880 NOTICE: [ script.embuary.info ] Refreshing next airing database
2020-05-10 08:20:47.256 T:3719082880 NOTICE: [ script.embuary.info ] Finished next airing database refreshing
2020-05-10 08:20:47.597 T:3702297472 NOTICE: service.odroidn2.oled v0.1.3 -> Service started
2020-05-10 08:20:47.766 T:3693904768 NOTICE: [service.upnext] UpNextMonitor -> Service started
2020-05-10 08:20:48.102 T:3727475584 NOTICE: [ script.embuary.helper ] Service: Started
2020-05-10 08:20:48.102 T:3727475584 NOTICE: [ script.embuary.helper ] Service: Player monitor started
2020-05-10 08:21:11.603 T:4060491200 NOTICE: Log level changed to "LOG_LEVEL_DEBUG_FREEMEM"
2020-05-10 08:21:11.604 T:4060491200 NOTICE: Enabled debug logging due to GUI setting. Level 2.
2020-05-10 08:21:11.605 T:4060491200 DEBUG: ------ Window Init () ------
2020-05-10 08:21:12.147 T:4050645888 DEBUG: CLibInputKeyboard::ProcessKey - using delay: 500ms repeat: 33ms
2020-05-10 08:21:12.147 T:3436155776 DEBUG: Thread Timer start, auto delete: false
2020-05-10 08:21:12.152 T:4060491200 DEBUG: Keyboard: scancode: 0x9e, sym: 0x00a6, unicode: 0x0000, modifier: 0x0
2020-05-10 08:21:12.307 T:3436155776 DEBUG: Thread Timer 3436155776 terminating
2020-05-10 08:21:12.319 T:4060491200 DEBUG: Keyboard: scancode: 0x9e, sym: 0x00a6, unicode: 0x0000, modifier: 0x0
2020-05-10 08:21:12.319 T:4060491200 DEBUG: HandleKey: browser_back (0xf0b0) pressed, action is Back
2020-05-10 08:21:12.328 T:4060491200 DEBUG: CGUIWindowManager::PreviousWindow: Deactivate
2020-05-10 08:21:12.615 T:4060491200 DEBUG: ------ Window Deinit (SettingsCategory.xml) ------
2020-05-10 08:21:12.615 T:4060491200 DEBUG: FreeVisualisation() done
2020-05-10 08:21:12.627 T:4060491200 DEBUG: CGUIWindowManager::PreviousWindow: Activate new
2020-05-10 08:21:12.627 T:4060491200 DEBUG: ------ Window Init (Settings.xml) ------
2020-05-10 08:21:13.487 T:4050645888 DEBUG: CLibInputKeyboard::ProcessKey - using delay: 500ms repeat: 33ms
2020-05-10 08:21:13.487 T:3436155776 DEBUG: Thread Timer start, auto delete: false
2020-05-10 08:21:13.510 T:4060491200 DEBUG: Keyboard: scancode: 0x9e, sym: 0x00a6, unicode: 0x0000, modifier: 0x0
2020-05-10 08:21:13.627 T:3436155776 DEBUG: Thread Timer 3436155776 terminating
2020-05-10 08:21:13.636 T:4060491200 DEBUG: Keyboard: scancode: 0x9e, sym: 0x00a6, unicode: 0x0000, modifier: 0x0
2020-05-10 08:21:13.636 T:4060491200 DEBUG: HandleKey: browser_back (0xf0b0) pressed, action is Back
2020-05-10 08:21:13.636 T:4060491200 DEBUG: CGUIWindowManager::PreviousWindow: Deactivate
2020-05-10 08:21:13.950 T:4060491200 DEBUG: ------ Window Deinit (Settings.xml) ------
2020-05-10 08:21:13.950 T:4060491200 DEBUG: FreeVisualisation() done
2020-05-10 08:21:13.961 T:4060491200 DEBUG: CGUIWindowManager::PreviousWindow: Activate new
2020-05-10 08:21:13.961 T:4060491200 DEBUG: ------ Window Init (Home.xml) ------
2020-05-10 08:21:15.247 T:4050645888 DEBUG: CLibInputKeyboard::ProcessKey - using delay: 500ms repeat: 33ms
2020-05-10 08:21:15.247 T:3436155776 DEBUG: Thread Timer start, auto delete: false
2020-05-10 08:21:15.263 T:4060491200 DEBUG: Keyboard: scancode: 0x69, sym: 0x0114, unicode: 0x0000, modifier: 0x0
2020-05-10 08:21:15.263 T:4060491200 DEBUG: HandleKey: left (0xf082) pressed, action is Left
2020-05-10 08:21:15.371 T:3914302336 DEBUG: Thread JobWorker 3914302336 terminating (autodelete)
2020-05-10 08:21:15.387 T:3436155776 DEBUG: Thread Timer 3436155776 terminating
2020-05-10 08:21:15.395 T:4060491200 DEBUG: Keyboard: scancode: 0x69, sym: 0x0114, unicode: 0x0000, modifier: 0x0
2020-05-10 08:21:15.481 T:3677119360 DEBUG: Thread JobWorker 3677119360 terminating (autodelete)
2020-05-10 08:21:15.484 T:3896263552 DEBUG: Thread JobWorker 3896263552 terminating (autodelete)
2020-05-10 08:21:15.640 T:3886019456 DEBUG: Thread JobWorker 3886019456 terminating (autodelete)
2020-05-10 08:21:15.787 T:4050645888 DEBUG: CLibInputKeyboard::ProcessKey - using delay: 500ms repeat: 33ms
2020-05-10 08:21:15.787 T:3886019456 DEBUG: Thread Timer start, auto delete: false
2020-05-10 08:21:15.814 T:4060491200 DEBUG: Keyboard: scancode: 0x6c, sym: 0x0112, unicode: 0x0000, modifier: 0x0
2020-05-10 08:21:15.814 T:4060491200 DEBUG: HandleKey: down (0xf081) pressed, action is Down
2020-05-10 08:21:15.907 T:3886019456 DEBUG: Thread Timer 3886019456 terminating
2020-05-10 08:21:15.911 T:4060491200 DEBUG: Keyboard: scancode: 0x6c, sym: 0x0112, unicode: 0x0000, modifier: 0x0
2020-05-10 08:21:16.348 T:4050645888 DEBUG: CLibInputKeyboard::ProcessKey - using delay: 500ms repeat: 33ms
2020-05-10 08:21:16.348 T:3886019456 DEBUG: Thread Timer start, auto delete: false
2020-05-10 08:21:16.377 T:4060491200 DEBUG: Keyboard: scancode: 0x6c, sym: 0x0112, unicode: 0x0000, modifier: 0x0
2020-05-10 08:21:16.378 T:4060491200 DEBUG: HandleKey: down (0xf081) pressed, action is Down
2020-05-10 08:21:16.397 T:3896263552 DEBUG: Thread JobWorker start, auto delete: true
2020-05-10 08:21:16.413 T:3896263552 DEBUG: ffmpeg[E83C4380]: [swscaler] No accelerated colorspace conversion found from yuv420p to bgra.
2020-05-10 08:21:16.448 T:3886019456 DEBUG: Previous line repeats 1 times.
2020-05-10 08:21:16.448 T:3886019456 DEBUG: Thread Timer 3886019456 terminating
2020-05-10 08:21:16.471 T:3896263552 DEBUG: ffmpeg[E83C4380]: [swscaler] No accelerated colorspace conversion found from yuv420p to bgra.
2020-05-10 08:21:16.477 T:4060491200 DEBUG: Keyboard: scancode: 0x6c, sym: 0x0112, unicode: 0x0000, modifier: 0x0
2020-05-10 08:21:16.498 T:3896263552 DEBUG: ffmpeg[E83C4380]: [swscaler] No accelerated colorspace conversion found from yuv420p to bgra.
2020-05-10 08:21:16.507 T:4050645888 DEBUG: CLibInputKeyboard::ProcessKey - using delay: 500ms repeat: 33ms
2020-05-10 08:21:16.507 T:3886019456 DEBUG: Thread Timer start, auto delete: false
2020-05-10 08:21:16.511 T:4060491200 DEBUG: Keyboard: scancode: 0x6c, sym: 0x0112, unicode: 0x0000, modifier: 0x0
2020-05-10 08:21:16.511 T:4060491200 DEBUG: HandleKey: down (0xf081) pressed, action is Down
2020-05-10 08:21:16.516 T:3896263552 DEBUG: ffmpeg[E83C4380]: [swscaler] No accelerated colorspace conversion found from yuv420p to bgra.
2020-05-10 08:21:16.527 T:3677119360 DEBUG: Thread JobWorker start, auto delete: true
2020-05-10 08:21:16.546 T:3896263552 DEBUG: Previous line repeats 2 times.
2020-05-10 08:21:16.546 T:3896263552 DEBUG: ffmpeg[E83C4380]: [swscaler] No accelerated colorspace conversion found from yuv420p to bgra.
2020-05-10 08:21:16.556 T:3677119360 DEBUG: ffmpeg[DB2C6380]: [swscaler] No accelerated colorspace conversion found from yuv420p to bgra.
2020-05-10 08:21:16.572 T:3436155776 DEBUG: ffmpeg[CCCF9380]: [swscaler] No accelerated colorspace conversion found from yuv420p to bgra.
2020-05-10 08:21:16.572 T:3427763072 DEBUG: ffmpeg[CC4F8380]: [swscaler] No accelerated colorspace conversion found from yuv420p to bgra.
2020-05-10 08:21:16.607 T:3886019456 DEBUG: Thread Timer 3886019456 terminating
2020-05-10 08:21:16.623 T:3677119360 DEBUG: ffmpeg[DB2C6380]: [swscaler] No accelerated colorspace conversion found from yuv420p to bgra.
2020-05-10 08:21:16.627 T:3436155776 DEBUG: ffmpeg[CCCF9380]: [swscaler] No accelerated colorspace conversion found from yuv420p to bgra.
2020-05-10 08:21:16.638 T:4060491200 DEBUG: Keyboard: scancode: 0x6c, sym: 0x0112, unicode: 0x0000, modifier: 0x0
2020-05-10 08:21:16.655 T:3436155776 DEBUG: ffmpeg[CCCF9380]: [swscaler] No accelerated colorspace conversion found from yuv420p to bgra.
2020-05-10 08:21:16.667 T:4050645888 DEBUG: CLibInputKeyboard::ProcessKey - using delay: 500ms repeat: 33ms
2020-05-10 08:21:16.668 T:3886019456 DEBUG: Thread Timer start, auto delete: false
2020-05-10 08:21:16.671 T:3427763072 DEBUG: ffmpeg[CC4F8380]: [swscaler] No accelerated colorspace conversion found from yuv420p to bgra.
2020-05-10 08:21:16.671 T:3677119360 DEBUG: ffmpeg[DB2C6380]: [swscaler] No accelerated colorspace conversion found from yuv420p to bgra.
2020-05-10 08:21:16.692 T:3436155776 DEBUG: ffmpeg[CCCF9380]: [swscaler] No accelerated colorspace conversion found from yuv420p to bgra.
2020-05-10 08:21:16.696 T:3677119360 DEBUG: ffmpeg[DB2C6380]: [swscaler] No accelerated colorspace conversion found from yuv420p to bgra.
2020-05-10 08:21:16.709 T:3896263552 DEBUG: ffmpeg[E83C4380]: [swscaler] No accelerated colorspace conversion found from yuv420p to bgra.
2020-05-10 08:21:16.716 T:3427763072 DEBUG: ffmpeg[CC4F8380]: [swscaler] No accelerated colorspace conversion found from yuv420p to bgra.
2020-05-10 08:21:16.726 T:3436155776 ERROR: DoWork - Direct texture file loading failed for resource://resource.images.studios.white/Family Channel.png
2020-05-10 08:21:16.727 T:3436155776 DEBUG: GetImageHash - unable to stat url resource://resource.images.studios.white/Family Channel.png
2020-05-10 08:21:16.729 T:3427763072 ERROR: DoWork - Direct texture file loading failed for resource://resource.images.studios.white/Apple TV+.png
2020-05-10 08:21:16.730 T:3427763072 DEBUG: GetImageHash - unable to stat url resource://resource.images.studios.white/Apple TV+.png
2020-05-10 08:21:16.733 T:4060491200 DEBUG: Keyboard: scancode: 0x6c, sym: 0x0112, unicode: 0x0000, modifier: 0x0
2020-05-10 08:21:16.733 T:4060491200 DEBUG: HandleKey: down (0xf081) pressed, action is Down
2020-05-10 08:21:16.741 T:3427763072 DEBUG: ffmpeg[CC4F8380]: [swscaler] No accelerated colorspace conversion found from yuv420p to bgra.
2020-05-10 08:21:16.743 T:3677119360 DEBUG: ffmpeg[DB2C6380]: [swscaler] No accelerated colorspace conversion found from yuv420p to bgra.
2020-05-10 08:21:16.752 T:3436155776 DEBUG: ffmpeg[CCCF9380]: [swscaler] No accelerated colorspace conversion found from yuv420p to bgra.
2020-05-10 08:21:16.767 T:3886019456 DEBUG: Thread Timer 3886019456 terminating
2020-05-10 08:21:16.769 T:3677119360 DEBUG: ffmpeg[DB2C6380]: [swscaler] No accelerated colorspace conversion found from yuv420p to bgra.
2020-05-10 08:21:16.771 T:3427763072 DEBUG: ffmpeg[CC4F8380]: [swscaler] No accelerated colorspace conversion found from yuv420p to bgra.
2020-05-10 08:21:16.772 T:3436155776 DEBUG: ffmpeg[CCCF9380]: [swscaler] No accelerated colorspace conversion found from yuv420p to bgra.
2020-05-10 08:21:16.776 T:3896263552 DEBUG: DoWork - took 223 ms to load special://masterprofile/Thumbnails/e/ebee8072.jpg
2020-05-10 08:21:16.778 T:4060491200 DEBUG: Keyboard: scancode: 0x6c, sym: 0x0112, unicode: 0x0000, modifier: 0x0
2020-05-10 08:21:16.803 T:3436155776 DEBUG: ffmpeg[CCCF9380]: [swscaler] No accelerated colorspace conversion found from yuv420p to bgra.
2020-05-10 08:21:16.803 T:3677119360 DEBUG: ffmpeg[DB2C6380]: [swscaler] No accelerated colorspace conversion found from yuv420p to bgra.
2020-05-10 08:21:16.803 T:3427763072 DEBUG: ffmpeg[CC4F8380]: [swscaler] No accelerated colorspace conversion found from yuv420p to bgra.
2020-05-10 08:21:16.823 T:3896263552 DEBUG: ffmpeg[E83C4380]: [swscaler] No accelerated colorspace conversion found from yuv420p to bgra.
2020-05-10 08:21:16.825 T:3436155776 DEBUG: ffmpeg[CCCF9380]: [swscaler] No accelerated colorspace conversion found from yuv420p to bgra.
2020-05-10 08:21:16.827 T:3677119360 DEBUG: ffmpeg[DB2C6380]: [swscaler] No accelerated colorspace conversion found from yuv420p to bgra.
2020-05-10 08:21:16.841 T:3436155776 DEBUG: ffmpeg[CCCF9380]: [swscaler] No accelerated colorspace conversion found from yuv420p to bgra.
2020-05-10 08:21:16.847 T:3896263552 DEBUG: ffmpeg[E83C4380]: [swscaler] No accelerated colorspace conversion found from yuv420p to bgra.
2020-05-10 08:21:16.852 T:3677119360 DEBUG: ffmpeg[DB2C6380]: [swscaler] No accelerated colorspace conversion found from yuv420p to bgra.
2020-05-10 08:21:16.861 T:3427763072 DEBUG: ffmpeg[CC4F8380]: [swscaler] No accelerated colorspace conversion found from yuv420p to bgra.
2020-05-10 08:21:16.875 T:3896263552 DEBUG: ffmpeg[E83C4380]: [swscaler] No accelerated colorspace conversion found from yuv420p to bgra.
2020-05-10 08:21:16.875 T:3436155776 DEBUG: ffmpeg[CCCF9380]: [swscaler] No accelerated colorspace conversion found from yuv420p to bgra.
2020-05-10 08:21:16.892 T:3427763072 DEBUG: ffmpeg[CC4F8380]: [swscaler] No accelerated colorspace conversion found from yuv420p to bgra.
2020-05-10 08:21:16.896 T:3677119360 DEBUG: ffmpeg[DB2C6380]: [swscaler] No accelerated colorspace conversion found from yuv420p to bgra.
2020-05-10 08:21:16.901 T:3436155776 DEBUG: ffmpeg[CCCF9380]: [swscaler] No accelerated colorspace conversion found from yuv420p to bgra.
2020-05-10 08:21:16.902 T:3896263552 DEBUG: ffmpeg[E83C4380]: [swscaler] No accelerated colorspace conversion found from yuv420p to bgra.
2020-05-10 08:21:16.907 T:3427763072 DEBUG: ffmpeg[CC4F8380]: [swscaler] No accelerated colorspace conversion found from yuv420p to bgra.
2020-05-10 08:21:16.911 T:3677119360 DEBUG: ffmpeg[DB2C6380]: [swscaler] No accelerated colorspace conversion found from yuv420p to bgra.
2020-05-10 08:21:18.327 T:4050645888 DEBUG: CLibInputKeyboard::ProcessKey - using delay: 500ms repeat: 33ms
2020-05-10 08:21:18.327 T:3886019456 DEBUG: Thread Timer start, auto delete: false
2020-05-10 08:21:18.337 T:4060491200 DEBUG: Keyboard: scancode: 0x6a, sym: 0x0113, unicode: 0x0000, modifier: 0x0
2020-05-10 08:21:18.338 T:4060491200 DEBUG: HandleKey: right (0xf083) pressed, action is Right
2020-05-10 08:21:18.447 T:3886019456 DEBUG: Thread Timer 3886019456 terminating
2020-05-10 08:21:18.461 T:4060491200 DEBUG: Keyboard: scancode: 0x6a, sym: 0x0113, unicode: 0x0000, modifier: 0x0
2020-05-10 08:21:18.667 T:4050645888 DEBUG: CLibInputKeyboard::ProcessKey - using delay: 500ms repeat: 33ms
2020-05-10 08:21:18.667 T:3886019456 DEBUG: Thread Timer start, auto delete: false
2020-05-10 08:21:18.677 T:4060491200 DEBUG: Keyboard: scancode: 0x60, sym: 0x010f, unicode: 0x000d, modifier: 0x0
2020-05-10 08:21:18.767 T:3886019456 DEBUG: Thread Timer 3886019456 terminating
2020-05-10 08:21:18.795 T:4060491200 DEBUG: Keyboard: scancode: 0x60, sym: 0x010f, unicode: 0x000d, modifier: 0x0
2020-05-10 08:21:18.795 T:4060491200 DEBUG: HandleKey: enter (0xf065) pressed, action is Select
2020-05-10 08:21:18.816 T:4060491200 DEBUG: CBlurayCallback::Logger - bluray.c:1408: libbluray version 1.0.2
2020-05-10 08:21:18.817 T:4060491200 DEBUG: CBlurayCallback::Logger - bluray.c:1435: BLURAY initialized!
2020-05-10 08:21:18.817 T:4060491200 DEBUG: CBlurayCallback::Logger - register.c:420: bd_psr_write(): PSR18 (MENU_LANG) 0xffffff -> 0x656e67
2020-05-10 08:21:18.817 T:4060491200 DEBUG: CBlurayCallback::Logger - disc.c:326: failed opening UDF image (null)
2020-05-10 08:21:18.818 T:4060491200 DEBUG: CBlurayCallback::Logger - aacs.c:79: AACS/Unit_Key_RO.inf found. Disc seems to be AACS protected.
2020-05-10 08:21:18.818 T:4060491200 DEBUG: CBlurayCallback - Error opening file! (/var/media/SAFETY NOT GUARANTEE/BDSVM/00000.svm)
2020-05-10 08:21:18.818 T:4060491200 DEBUG: CBlurayCallback::Logger - bdplus.c:87: BDSVM/00000.svm not found. No BD+ protection.
2020-05-10 08:21:18.830 T:4060491200 DEBUG: CBlurayCallback::Logger - aacs.c:105: Using libaacs for AACS
2020-05-10 08:21:18.830 T:4060491200 DEBUG: CBlurayCallback::Logger - aacs.c:129: Loading aacs library (0x2499d70)
2020-05-10 08:21:18.830 T:4060491200 DEBUG: CBlurayCallback::Logger - aacs.c:140: Loaded libaacs (0x2499d70)
2020-05-10 08:21:22.378 T:4060491200 DEBUG: CBlurayCallback::Logger - dec.c:202: Opened libaacs
2020-05-10 08:21:22.423 T:4060491200 DEBUG: CBlurayCallback - Opening dir /var/media/SAFETY NOT GUARANTEE/BDMV/META/DL
2020-05-10 08:21:22.475 T:4060491200 DEBUG: CBlurayCallback - Closed dir (0x2461cf8)
2020-05-10 08:21:23.130 T:4060491200 DEBUG: CBlurayCallback::Logger - bluray.c:1552: BLURAY destroyed!
2020-05-10 08:21:23.130 T:4060491200 DEBUG: GetDiskUniqueId: Got ID removable://SAFETY NOT GUARANTEED_7f5c67d5c9769fb8ae3d6ecec19f2cecf883d6ad for Blu-ray with path /var/media/SAFETY NOT GUARANTEE
2020-05-10 08:21:23.151 T:4060491200 DEBUG: CPlayerCoreFactory::GetPlayers(/var/media/SAFETY NOT GUARANTEE/BDMV/index.bdmv)
2020-05-10 08:21:23.152 T:4060491200 DEBUG: CPlayerSelectionRule::GetPlayers: considering rule: system rules
2020-05-10 08:21:23.152 T:4060491200 DEBUG: CPlayerSelectionRule::GetPlayers: matches rule: system rules
2020-05-10 08:21:23.152 T:4060491200 DEBUG: CPlayerSelectionRule::GetPlayers: considering rule: mms/udp
2020-05-10 08:21:23.152 T:4060491200 DEBUG: CPlayerSelectionRule::GetPlayers: considering rule: lastfm/shout
2020-05-10 08:21:23.152 T:4060491200 DEBUG: CPlayerSelectionRule::GetPlayers: considering rule: rtmp
2020-05-10 08:21:23.152 T:4060491200 DEBUG: CPlayerSelectionRule::GetPlayers: considering rule: rtsp
2020-05-10 08:21:23.152 T:4060491200 DEBUG: CPlayerSelectionRule::GetPlayers: considering rule: streams
2020-05-10 08:21:23.152 T:4060491200 DEBUG: CPlayerSelectionRule::GetPlayers: considering rule: dvd
2020-05-10 08:21:23.152 T:4060491200 DEBUG: CPlayerSelectionRule::GetPlayers: considering rule: dvdimage
2020-05-10 08:21:23.152 T:4060491200 DEBUG: CPlayerSelectionRule::GetPlayers: considering rule: sdp/asf
2020-05-10 08:21:23.152 T:4060491200 DEBUG: CPlayerSelectionRule::GetPlayers: considering rule: nsv
2020-05-10 08:21:23.152 T:4060491200 DEBUG: CPlayerSelectionRule::GetPlayers: considering rule: radio
2020-05-10 08:21:23.152 T:4060491200 DEBUG: CPlayerCoreFactory::GetPlayers: matched 0 rules with players
2020-05-10 08:21:23.152 T:4060491200 DEBUG: CPlayerCoreFactory::GetPlayers: adding videodefaultplayer (VideoPlayer)
2020-05-10 08:21:23.152 T:4060491200 DEBUG: CPlayerCoreFactory::GetPlayers: for video=1, audio=0
2020-05-10 08:21:23.152 T:4060491200 DEBUG: CPlayerCoreFactory::GetPlayers: for video=1, audio=1
2020-05-10 08:21:23.152 T:4060491200 DEBUG: CPlayerCoreFactory::GetPlayers: added 1 players
2020-05-10 08:21:23.155 T:4060491200 DEBUG: Radio UECP (RDS) Processor - new CDVDRadioRDSData
