2020-05-10 08:21:51.477 T:3886019456 DEBUG: CVideoPlayer::ProcessVideoData size:66894 dts:36615.057 pts:36615.098 dur:41.700ms, clock:36612.455 level:6
2020-05-10 08:21:51.493 T:3886019456 DEBUG: CVideoPlayer::ProcessVideoData size:56208 dts:36615.098 pts:36615.182 dur:41.700ms, clock:36612.471 level:6
2020-05-10 08:21:51.494 T:3886019456 DEBUG: CVideoPlayer::ProcessVideoData size:45326 dts:36615.140 pts:36615.140 dur:41.700ms, clock:36612.473 level:7
2020-05-10 08:21:51.511 T:3886019456 DEBUG: CVideoPlayer::ProcessVideoData size:63787 dts:36615.182 pts:36615.224 dur:41.700ms, clock:36612.490 level:7
2020-05-10 08:21:51.534 T:3886019456 DEBUG: CVideoPlayer::ProcessVideoData size:47310 dts:36615.224 pts:36615.265 dur:41.700ms, clock:36612.512 level:8
2020-05-10 08:21:51.535 T:3886019456 DEBUG: CVideoPlayer::ProcessVideoData size:79542 dts:36615.265 pts:36615.390 dur:41.700ms, clock:36612.513 level:8
2020-05-10 08:21:51.548 T:3886019456 DEBUG: CVideoPlayer::ProcessVideoData size:46452 dts:36615.307 pts:36615.307 dur:41.700ms, clock:36612.526 level:9
2020-05-10 08:21:51.550 T:3886019456 DEBUG: CVideoPlayer::ProcessVideoData size:57069 dts:36615.349 pts:36615.349 dur:41.700ms, clock:36612.529 level:9
2020-05-10 08:21:51.566 T:3886019456 DEBUG: CVideoPlayer::ProcessVideoData size:67710 dts:36615.390 pts:36615.516 dur:41.700ms, clock:36612.545 level:10
2020-05-10 08:21:51.568 T:3886019456 DEBUG: CVideoPlayer::ProcessVideoData size:55385 dts:36615.432 pts:36615.432 dur:41.700ms, clock:36612.547 level:10
2020-05-10 08:21:51.585 T:3886019456 DEBUG: CVideoPlayer::ProcessVideoData size:54556 dts:36615.474 pts:36615.474 dur:41.700ms, clock:36612.564 level:11
2020-05-10 08:21:51.603 T:3886019456 DEBUG: CVideoPlayer::ProcessVideoData size:70806 dts:36615.516 pts:36615.557 dur:41.700ms, clock:36612.581 level:11
2020-05-10 08:21:51.605 T:3886019456 DEBUG: CVideoPlayer::ProcessVideoData size:64807 dts:36615.557 pts:36615.599 dur:41.700ms, clock:36612.584 level:12
2020-05-10 08:21:51.622 T:3886019456 DEBUG: CVideoPlayer::ProcessVideoData size:64668 dts:36615.599 pts:36615.641 dur:41.700ms, clock:36612.601 level:12
2020-05-10 08:21:51.640 T:3886019456 DEBUG: CVideoPlayer::ProcessVideoData size:72611 dts:36615.641 pts:36615.682 dur:41.700ms, clock:36612.618 level:13
2020-05-10 08:21:51.642 T:3886019456 DEBUG: CVideoPlayer::ProcessVideoData size:66117 dts:36615.682 pts:36615.724 dur:41.700ms, clock:36612.620 level:14
2020-05-10 08:21:51.660 T:3886019456 DEBUG: CVideoPlayer::ProcessVideoData size:67541 dts:36615.724 pts:36615.766 dur:41.700ms, clock:36612.638 level:14
2020-05-10 08:21:51.677 T:3886019456 DEBUG: CVideoPlayer::ProcessVideoData size:67601 dts:36615.766 pts:36615.807 dur:41.700ms, clock:36612.655 level:15
2020-05-10 08:21:51.678 T:3886019456 DEBUG: CVideoPlayer::ProcessVideoData size:67475 dts:36615.807 pts:36615.891 dur:41.700ms, clock:36612.657 level:15
2020-05-10 08:21:51.700 T:3886019456 DEBUG: CVideoPlayer::ProcessVideoData size:55260 dts:36615.849 pts:36615.849 dur:41.700ms, clock:36612.678 level:16
2020-05-10 08:21:51.712 T:3886019456 DEBUG: CVideoPlayer::ProcessVideoData size:70329 dts:36615.891 pts:36615.933 dur:41.700ms, clock:36612.691 level:16
2020-05-10 08:21:51.714 T:3886019456 DEBUG: CVideoPlayer::ProcessVideoData size:77195 dts:36615.933 pts:36616.016 dur:41.700ms, clock:36612.692 level:17
2020-05-10 08:21:51.731 T:3886019456 DEBUG: CVideoPlayer::ProcessVideoData size:52362 dts:36615.974 pts:36615.974 dur:41.700ms, clock:36612.709 level:17
2020-05-10 08:21:51.733 T:3886019456 DEBUG: CVideoPlayer::ProcessVideoData size:84920 dts:36616.016 pts:36616.099 dur:41.700ms, clock:36612.711 level:18
2020-05-10 08:21:51.750 T:3886019456 DEBUG: CVideoPlayer::ProcessVideoData size:61583 dts:36616.058 pts:36616.058 dur:41.700ms, clock:36612.728 level:18
2020-05-10 08:21:51.768 T:3886019456 DEBUG: CVideoPlayer::ProcessVideoData size:79525 dts:36616.099 pts:36616.141 dur:41.700ms, clock:36612.746 level:19
2020-05-10 08:21:51.769 T:3886019456 DEBUG: CVideoPlayer::ProcessVideoData size:69231 dts:36616.141 pts:36616.225 dur:41.700ms, clock:36612.748 level:19
2020-05-10 08:21:51.786 T:3886019456 DEBUG: CVideoPlayer::ProcessVideoData size:53604 dts:36616.183 pts:36616.183 dur:41.700ms, clock:36612.765 level:20
2020-05-10 08:21:51.804 T:3886019456 DEBUG: CVideoPlayer::ProcessVideoData size:70541 dts:36616.225 pts:36616.266 dur:41.700ms, clock:36612.782 level:20
2020-05-10 08:21:51.806 T:3886019456 DEBUG: CVideoPlayer::ProcessVideoData size:80709 dts:36616.266 pts:36616.308 dur:41.700ms, clock:36612.784 level:21
2020-05-10 08:21:51.839 T:3886019456 DEBUG: CVideoPlayer::ProcessVideoData size:64542 dts:36616.308 pts:36616.350 dur:41.700ms, clock:36612.817 level:21
2020-05-10 08:21:51.845 T:3886019456 DEBUG: CVideoPlayer::ProcessVideoData size:81247 dts:36616.350 pts:36616.391 dur:41.700ms, clock:36612.823 level:22
2020-05-10 08:21:51.858 T:3886019456 DEBUG: CVideoPlayer::ProcessVideoData size:75706 dts:36616.391 pts:36616.433 dur:41.700ms, clock:36612.837 level:22
2020-05-10 08:21:51.861 T:3886019456 DEBUG: CVideoPlayer::ProcessVideoData size:85068 dts:36616.433 pts:36616.475 dur:41.700ms, clock:36612.839 level:23
2020-05-10 08:21:51.876 T:3886019456 DEBUG: CVideoPlayer::ProcessVideoData size:73995 dts:36616.475 pts:36616.516 dur:41.700ms, clock:36612.855 level:23
2020-05-10 08:21:51.894 T:3886019456 DEBUG: CVideoPlayer::ProcessVideoData size:77235 dts:36616.516 pts:36616.642 dur:41.700ms, clock:36612.873 level:24
2020-05-10 08:21:51.896 T:3886019456 DEBUG: CVideoPlayer::ProcessVideoData size:54821 dts:36616.558 pts:36616.558 dur:41.700ms, clock:36612.875 level:24
2020-05-10 08:21:51.914 T:3886019456 DEBUG: CVideoPlayer::ProcessVideoData size:60415 dts:36616.600 pts:36616.600 dur:41.700ms, clock:36612.892 level:25
2020-05-10 08:21:51.932 T:3886019456 DEBUG: CVideoPlayer::ProcessVideoData size:85694 dts:36616.642 pts:36616.683 dur:41.700ms, clock:36612.910 level:26
2020-05-10 08:21:51.951 T:3886019456 DEBUG: CVideoPlayer::ProcessVideoData size:76429 dts:36616.683 pts:36616.725 dur:41.700ms, clock:36612.929 level:26
2020-05-10 08:21:51.952 T:3886019456 DEBUG: CVideoPlayer::ProcessVideoData size:80778 dts:36616.725 pts:36616.808 dur:41.700ms, clock:36612.931 level:27
2020-05-10 08:21:51.967 T:3886019456 DEBUG: CVideoPlayer::ProcessVideoData size:59350 dts:36616.767 pts:36616.767 dur:41.700ms, clock:36612.946 level:27
2020-05-10 08:21:51.970 T:3886019456 DEBUG: CVideoPlayer::ProcessVideoData size:59504 dts:36616.808 pts:36616.850 dur:41.700ms, clock:36612.949 level:28
2020-05-10 08:21:51.989 T:3886019456 DEBUG: CVideoPlayer::ProcessVideoData size:69112 dts:36616.850 pts:36616.892 dur:41.700ms, clock:36612.967 level:28
2020-05-10 08:21:51.994 T:3886019456 DEBUG: CVideoPlayer::ProcessVideoData size:77280 dts:36616.892 pts:36616.934 dur:41.700ms, clock:36612.973 level:29
2020-05-10 08:21:52.004 T:3886019456 DEBUG: CVideoPlayer::ProcessVideoData size:38753 dts:36616.934 pts:36616.975 dur:41.700ms, clock:36612.982 level:29
2020-05-10 08:21:52.027 T:3886019456 DEBUG: CVideoPlayer::ProcessVideoData size:50870 dts:36616.975 pts:36617.017 dur:41.700ms, clock:36613.005 level:30
2020-05-10 08:21:52.034 T:3886019456 DEBUG: CVideoPlayer::ProcessVideoData size:60126 dts:36617.017 pts:36617.059 dur:41.700ms, clock:36613.012 level:30
2020-05-10 08:21:52.035 T:3886019456 DEBUG: CVideoPlayer::ProcessVideoData size:52566 dts:36617.059 pts:36617.100 dur:41.700ms, clock:36613.014 level:31
2020-05-10 08:21:52.042 T:3886019456 DEBUG: CVideoPlayer::ProcessVideoData size:31105 dts:36617.100 pts:36617.142 dur:41.700ms, clock:36613.020 level:31
2020-05-10 08:21:52.043 T:3886019456 DEBUG: CVideoPlayer::ProcessVideoData size:59175 dts:36617.142 pts:36617.184 dur:41.700ms, clock:36613.022 level:32
2020-05-10 08:21:52.058 T:3886019456 DEBUG: CVideoPlayer::ProcessVideoData size:38169 dts:36617.184 pts:36617.226 dur:41.700ms, clock:36613.037 level:32
2020-05-10 08:21:52.060 T:3886019456 DEBUG: CVideoPlayer::ProcessVideoData size:32941 dts:36617.226 pts:36617.267 dur:41.700ms, clock:36613.038 level:33
2020-05-10 08:21:52.077 T:3886019456 DEBUG: CVideoPlayer::ProcessVideoData size:38200 dts:36617.267 pts:36617.309 dur:41.700ms, clock:36613.056 level:33
2020-05-10 08:21:52.079 T:3886019456 DEBUG: CVideoPlayer::ProcessVideoData size:50135 dts:36617.309 pts:36617.351 dur:41.700ms, clock:36613.058 level:34
2020-05-10 08:21:52.081 T:3886019456 DEBUG: CVideoPlayer::ProcessVideoData size:49931 dts:36617.351 pts:36617.392 dur:41.700ms, clock:36613.059 level:34
2020-05-10 08:21:52.095 T:3886019456 DEBUG: CVideoPlayer::ProcessVideoData size:40052 dts:36617.392 pts:36617.434 dur:41.700ms, clock:36613.074 level:35
2020-05-10 08:21:52.097 T:3886019456 DEBUG: CVideoPlayer::ProcessVideoData size:33732 dts:36617.434 pts:36617.518 dur:41.700ms, clock:36613.076 level:35
2020-05-10 08:21:52.099 T:3886019456 DEBUG: CVideoPlayer::ProcessVideoData size:36690 dts:36617.476 pts:36617.476 dur:41.700ms, clock:36613.077 level:36
2020-05-10 08:21:52.105 T:4050645888 DEBUG: CLibInputKeyboard::ProcessKey - using delay: 500ms repeat: 33ms
2020-05-10 08:21:52.105 T:3376104320 DEBUG: Thread Timer start, auto delete: false
2020-05-10 08:21:52.113 T:4060491200 DEBUG: Keyboard: scancode: 0x67, sym: 0x0111, unicode: 0x0000, modifier: 0x0
2020-05-10 08:21:52.115 T:3886019456 DEBUG: CVideoPlayer::ProcessVideoData size:21901 dts:36617.518 pts:36617.559 dur:41.700ms, clock:36613.093 level:36
2020-05-10 08:21:52.131 T:3886019456 DEBUG: CVideoPlayer::ProcessVideoData size:53971 dts:36617.559 pts:36617.601 dur:41.700ms, clock:36613.110 level:37
2020-05-10 08:21:52.134 T:3886019456 DEBUG: CVideoPlayer::ProcessVideoData size:52865 dts:36617.601 pts:36617.643 dur:41.700ms, clock:36613.112 level:38
2020-05-10 08:21:52.150 T:3886019456 DEBUG: CVideoPlayer::ProcessVideoData size:68096 dts:36617.643 pts:36617.684 dur:41.700ms, clock:36613.128 level:38
2020-05-10 08:21:52.152 T:3886019456 DEBUG: CVideoPlayer::ProcessVideoData size:40408 dts:36617.684 pts:36617.726 dur:41.700ms, clock:36613.130 level:39
2020-05-10 08:21:52.168 T:3886019456 DEBUG: CVideoPlayer::ProcessVideoData size:53137 dts:36617.726 pts:36617.768 dur:41.700ms, clock:36613.147 level:39
2020-05-10 08:21:52.171 T:3886019456 DEBUG: CVideoPlayer::ProcessVideoData size:60345 dts:36617.768 pts:36617.809 dur:41.700ms, clock:36613.149 level:40
2020-05-10 08:21:52.187 T:3886019456 DEBUG: CVideoPlayer::ProcessVideoData size:82561 dts:36617.809 pts:36617.851 dur:41.700ms, clock:36613.165 level:40
2020-05-10 08:21:52.227 T:3886019456 DEBUG: CVideoPlayer::ProcessVideoData size:42744 dts:36617.851 pts:36617.893 dur:41.700ms, clock:36613.205 level:41
2020-05-10 08:21:52.244 T:3886019456 DEBUG: CVideoPlayer::ProcessVideoData size:345504 dts:36617.893 pts:36617.935 dur:41.700ms, clock:36613.223 level:41
2020-05-10 08:21:52.245 T:3376104320 DEBUG: Thread Timer 3376104320 terminating
2020-05-10 08:21:52.246 T:3886019456 DEBUG: CVideoPlayer::ProcessVideoData size:51927 dts:36617.935 pts:36618.060 dur:41.700ms, clock:36613.224 level:42
2020-05-10 08:21:52.259 T:3886019456 DEBUG: CVideoPlayer::ProcessVideoData size:12555 dts:36617.976 pts:36617.976 dur:41.700ms, clock:36613.238 level:42
2020-05-10 08:21:52.279 T:4060491200 DEBUG: Keyboard: scancode: 0x67, sym: 0x0111, unicode: 0x0000, modifier: 0x0
2020-05-10 08:21:52.280 T:4060491200 DEBUG: HandleKey: up (0xf080) pressed, action is ChapterOrBigStepForward
2020-05-10 08:21:52.280 T:3886019456 DEBUG: CVideoPlayer::ProcessVideoData size:11952 dts:36618.018 pts:36618.018 dur:41.700ms, clock:36613.259 level:43
2020-05-10 08:21:52.280 T:3886019456 DEBUG: CDVDClock::SetSpeedAdjust - adjusted:0.000000
2020-05-10 08:21:52.280 T:3886019456 DEBUG: SeekChapter - chapter seeking using input stream
2020-05-10 08:21:52.280 T:3886019456 DEBUG: CBlurayCallback::Logger - register.c:420: bd_psr_write(): PSR8 (TIME) 0x6233a500 -> 0x626d9400
2020-05-10 08:21:52.280 T:3886019456 DEBUG: CBlurayCallback::Logger - bluray.c:3115: PSR change: psr8 = 1651348480
2020-05-10 08:21:52.280 T:3886019456 DEBUG: CBlurayCallback::Logger - register.c:420: bd_psr_write(): PSR5 (CHAPTER) 0x1 -> 0x2
2020-05-10 08:21:52.281 T:3886019456 DEBUG: CBlurayCallback::Logger - bluray.c:3115: PSR change: psr5 = 2
2020-05-10 08:21:52.281 T:3886019456 DEBUG: CBlurayCallback::Logger - bluray.c:1632: Seek to 229280832
2020-05-10 08:21:52.281 T:3886019456 DEBUG: CDVDInputStreamBluray - BD_EVENT_SEEK
2020-05-10 08:21:52.281 T:3886019456 DEBUG: CDVDInputStreamBluray - BD_EVENT_CHAPTER 2
2020-05-10 08:21:52.281 T:3886019456 DEBUG: CVideoPlayer::FlushBuffers - flushing buffers
2020-05-10 08:21:52.282 T:3389227904 DEBUG: CAMLCodec::SetSpeed, speed(0)
2020-05-10 08:21:52.289 T:3389227904 DEBUG: CAMLCodec::Reset
2020-05-10 08:21:52.322 T:3401663360 DEBUG: CDVDAudio::Pause - pausing audio stream
2020-05-10 08:21:52.421 T:3401663360 DEBUG: CDVDAudio::Flush - flush audio stream
2020-05-10 08:21:52.421 T:3401663360 DEBUG: CDVDAudio::Pause - pausing audio stream
2020-05-10 08:21:52.421 T:3401663360 DEBUG: CVideoPlayerAudio - CDVDMsg::GENERAL_SYNCHRONIZE
2020-05-10 08:21:52.422 T:3886019456 DEBUG: CVideoPlayer - CDVDMsg::GENERAL_SYNCHRONIZE
2020-05-10 08:21:52.428 T:3389227904 DEBUG: CVideoPlayerVideo - CDVDMsg::GENERAL_SYNCHRONIZE
2020-05-10 08:21:52.650 T:3886019456 DEBUG: CVideoPlayer::ProcessVideoData size:312 dts:36696.638 pts:36696.763 dur:41.700ms, clock:36696.263 level:0
2020-05-10 08:21:52.650 T:3389227904 INFO: CVideoPlayerVideo - Stillframe left, switching to normal playback
2020-05-10 08:21:52.650 T:3389227904 DEBUG: DVDVideoCodecAmlogic::Decode waiting for keyframe (bitparser)
2020-05-10 08:21:52.651 T:3886019456 DEBUG: CVideoPlayer::ProcessVideoData size:313 dts:36696.680 pts:36696.680 dur:41.700ms, clock:36696.263 level:0
2020-05-10 08:21:52.651 T:3389227904 DEBUG: DVDVideoCodecAmlogic::Decode waiting for keyframe (bitparser)
2020-05-10 08:21:52.652 T:3886019456 DEBUG: CVideoPlayer::ProcessVideoData size:312 dts:36696.722 pts:36696.722 dur:41.700ms, clock:36696.263 level:0
2020-05-10 08:21:52.652 T:3389227904 DEBUG: DVDVideoCodecAmlogic::Decode waiting for keyframe (bitparser)
2020-05-10 08:21:52.653 T:3401663360 ERROR: ffmpeg[CAC14380]: [dca] Residual encoded channels are present without core
2020-05-10 08:21:52.677 T:3886019456 DEBUG: CVideoPlayer::ProcessVideoData size:313 dts:36696.763 pts:36696.888 dur:41.700ms, clock:36696.263 level:0
2020-05-10 08:21:52.677 T:3389227904 DEBUG: DVDVideoCodecAmlogic::Decode waiting for keyframe (bitparser)
2020-05-10 08:21:52.678 T:3886019456 DEBUG: CVideoPlayer::ProcessVideoData size:312 dts:36696.805 pts:36696.805 dur:41.700ms, clock:36696.263 level:0
2020-05-10 08:21:52.678 T:3389227904 DEBUG: DVDVideoCodecAmlogic::Decode waiting for keyframe (bitparser)
2020-05-10 08:21:52.679 T:3886019456 DEBUG: CVideoPlayer::ProcessVideoData size:313 dts:36696.847 pts:36696.847 dur:41.700ms, clock:36696.263 level:0
2020-05-10 08:21:52.679 T:3389227904 DEBUG: DVDVideoCodecAmlogic::Decode waiting for keyframe (bitparser)
2020-05-10 08:21:52.680 T:3886019456 DEBUG: CVideoPlayer::ProcessVideoData size:313 dts:36696.888 pts:36696.972 dur:41.700ms, clock:36696.263 level:0
2020-05-10 08:21:52.680 T:3389227904 DEBUG: DVDVideoCodecAmlogic::Decode waiting for keyframe (bitparser)
2020-05-10 08:21:52.685 T:3886019456 DEBUG: CVideoPlayer::HandleMessages - player started 1
2020-05-10 08:21:52.685 T:3436155776 DEBUG: OnAVChange: CApplication::OnAVChange
2020-05-10 08:21:52.690 T:3886019456 DEBUG: CBlurayCallback::Logger - bluray.c:1998: End of title
2020-05-10 08:21:52.690 T:3886019456 DEBUG: CBlurayCallback::Logger - bluray.c:3623: bd_read_ext(): reached end of playlist. hdmv_suspended=0
2020-05-10 08:21:52.690 T:3886019456 DEBUG: CDVDInputStreamBluray - BD_EVENT_END_OF_TITLE 0
2020-05-10 08:21:52.690 T:3886019456 DEBUG: CBlurayCallback::Logger - bluray.c:3465: HDMV event: 3 0
2020-05-10 08:21:52.690 T:3886019456 DEBUG: CBlurayCallback::Logger - register.c:420: bd_psr_write(): PSR4 (TITLE_NUMBER) 0xffff -> 0x0
2020-05-10 08:21:52.690 T:3886019456 DEBUG: CBlurayCallback::Logger - bluray.c:3115: PSR change: psr4 = 0
2020-05-10 08:21:52.690 T:3886019456 DEBUG: CBlurayCallback::Logger - bluray.c:3465: HDMV event: 7 0
2020-05-10 08:21:52.691 T:3886019456 DEBUG: CVideoPlayer::ProcessVideoData size:318 dts:36696.930 pts:36696.930 dur:41.700ms, clock:36696.263 level:0
2020-05-10 08:21:52.691 T:3389227904 DEBUG: DVDVideoCodecAmlogic::Decode waiting for keyframe (bitparser)
2020-05-10 08:21:52.691 T:3886019456 DEBUG: CDVDInputStreamBluray - BD_EVENT_TITLE 0
2020-05-10 08:21:52.691 T:3886019456 DEBUG: CDVDClock::SetSpeedAdjust - adjusted:0.000000
2020-05-10 08:21:52.691 T:3389227904 DEBUG: CAMLCodec::SetSpeed, speed(1000)
2020-05-10 08:21:52.691 T:3886019456 NOTICE: VideoPlayer: next stream, wait for old streams to be finished
2020-05-10 08:21:52.691 T:3886019456 NOTICE: Closing stream player 1
2020-05-10 08:21:52.691 T:3401663360 ERROR: Got MSGQ_ABORT or MSGO_IS_ERROR return true
2020-05-10 08:21:52.691 T:3401663360 NOTICE: thread end: CVideoPlayerAudio::OnExit()
2020-05-10 08:21:52.691 T:3401663360 DEBUG: Thread VideoPlayerAudio 3401663360 terminating
2020-05-10 08:21:52.691 T:3886019456 NOTICE: Waiting for audio thread to exit
2020-05-10 08:21:52.692 T:3886019456 NOTICE: Closing audio device
2020-05-10 08:21:52.721 T:3886019456 DEBUG: CDVDAudio::Flush - flush audio stream
2020-05-10 08:21:52.722 T:4037845888 DEBUG: CActiveAE::DiscardStream - audio stream deleted
2020-05-10 08:21:52.722 T:4037845888 DEBUG: CActiveAE::ClearDiscardedBuffers - buffer pool deleted
2020-05-10 08:21:52.723 T:3886019456 DEBUG: Previous line repeats 2 times.
2020-05-10 08:21:52.723 T:3886019456 NOTICE: Deleting audio codec
2020-05-10 08:21:52.723 T:3886019456 NOTICE: Closing stream player 2
2020-05-10 08:21:52.723 T:3886019456 NOTICE: waiting for video thread to exit
2020-05-10 08:21:52.725 T:3389227904 ERROR: Got MSGQ_ABORT or MSGO_IS_ERROR return true
2020-05-10 08:21:52.725 T:3389227904 NOTICE: thread end: video_thread
2020-05-10 08:21:52.725 T:3389227904 DEBUG: Thread VideoPlayerVideo 3389227904 terminating
2020-05-10 08:21:52.726 T:3886019456 NOTICE: deleting video codec
2020-05-10 08:21:52.726 T:3886019456 DEBUG: CAMLCodec::CloseDecoder
2020-05-10 08:21:52.739 T:3886019456 NOTICE: Creating Demuxer
2020-05-10 08:21:52.739 T:3886019456 DEBUG: DVDFactoryDemuxer: Create CDVDDemuxFFmpeg.
2020-05-10 08:21:52.739 T:3886019456 DEBUG: CBlurayCallback::Logger - register.c:418: bd_psr_write(0, 1): no change in value
2020-05-10 08:21:52.739 T:3886019456 DEBUG: CBlurayCallback::Logger - bluray.c:3076: PSR write: psr0 = 1
2020-05-10 08:21:52.740 T:3886019456 DEBUG: CBlurayCallback::Logger - register.c:420: bd_psr_write(): PSR2 (PG_STREAM) 0xfff0fff -> 0x8fff0fff
2020-05-10 08:21:52.740 T:3886019456 DEBUG: CBlurayCallback::Logger - bluray.c:3115: PSR change: psr2 = 2415857663
2020-05-10 08:21:52.740 T:3886019456 DEBUG: CBlurayCallback::Logger - bluray.c:3465: HDMV event: 4 1
2020-05-10 08:21:52.821 T:4029453184 INFO: CActiveAESink::OpenSink - initialize sink
2020-05-10 08:21:53.022 T:4029453184 DEBUG: CActiveAESink::OpenSink - trying to open device ALSA:surround71:CARD=AMLAUGESOUND,DEV=0
2020-05-10 08:21:53.022 T:4029453184 INFO: CAESinkALSA::Initialize - Attempting to open device "surround71:CARD=AMLAUGESOUND,DEV=0"
2020-05-10 08:21:53.033 T:4029453184 INFO: CAESinkALSA::Initialize - Opened device "surround71:CARD=AMLAUGESOUND,DEV=0"
2020-05-10 08:21:53.035 T:4029453184 INFO: CAESinkALSA::InitializeHW - Your hardware does not support AE_FMT_FLOAT, trying other formats
2020-05-10 08:21:53.035 T:4029453184 INFO: CAESinkALSA::InitializeHW - Using data format AE_FMT_S24NE4
2020-05-10 08:21:53.035 T:4029453184 DEBUG: CAESinkALSA::InitializeHW - Request: periodSize 2205, bufferSize 8820
2020-05-10 08:21:53.061 T:4029453184 DEBUG: CAESinkALSA::InitializeHW - Got: periodSize 2205, bufferSize 8820
2020-05-10 08:21:53.061 T:4029453184 DEBUG: CAESinkALSA::InitializeHW - Setting timeout to 200 ms
2020-05-10 08:21:53.061 T:4029453184 DEBUG: CAESinkALSA::GetChannelLayout - Input Channel Count: 2 Output Channel Count: 2
2020-05-10 08:21:53.062 T:4029453184 DEBUG: CAESinkALSA::GetChannelLayout - Requested Layout: FL, FR
2020-05-10 08:21:53.062 T:4029453184 DEBUG: CAESinkALSA::GetChannelLayout - Got Layout: FL, FR (ALSA: FL FR)
2020-05-10 08:21:53.062 T:4029453184 DEBUG: CActiveAESink::OpenSink - ALSA Initialized:
2020-05-10 08:21:53.062 T:4029453184 DEBUG: Output Device : AML-AUGESOUND
2020-05-10 08:21:53.062 T:4029453184 DEBUG: Sample Rate : 44100
2020-05-10 08:21:53.062 T:4029453184 DEBUG: Sample Format : AE_FMT_S24NE4
2020-05-10 08:21:53.062 T:4029453184 DEBUG: Channel Count : 2
2020-05-10 08:21:53.062 T:4029453184 DEBUG: Channel Layout: FL, FR
2020-05-10 08:21:53.062 T:4029453184 DEBUG: Frames : 2205
2020-05-10 08:21:53.062 T:4029453184 DEBUG: Frame Size : 8
2020-05-10 08:21:53.064 T:4037845888 DEBUG: CActiveAE::ClearDiscardedBuffers - buffer pool deleted
2020-05-10 08:21:55.020 T:3886019456 DEBUG: Previous line repeats 1 times.
2020-05-10 08:21:55.021 T:3886019456 DEBUG: CBlurayCallback::Logger - register.c:420: bd_psr_write(): PSR6 (PLAYLIST) 0x4 -> 0x1
2020-05-10 08:21:55.022 T:3886019456 DEBUG: CBlurayCallback::Logger - bluray.c:3115: PSR change: psr6 = 1
2020-05-10 08:21:55.022 T:3886019456 DEBUG: CBlurayCallback::Logger - register.c:418: bd_psr_write(3, 1): no change in value
2020-05-10 08:21:55.022 T:3886019456 DEBUG: CBlurayCallback::Logger - bluray.c:3076: PSR write: psr3 = 1
2020-05-10 08:21:55.022 T:3886019456 DEBUG: CBlurayCallback::Logger - register.c:420: bd_psr_write(): PSR5 (CHAPTER) 0x2 -> 0xffff
2020-05-10 08:21:55.022 T:3886019456 DEBUG: CBlurayCallback::Logger - bluray.c:3115: PSR change: psr5 = 65535
2020-05-10 08:21:55.081 T:4060491200 DEBUG: ------ Window Deinit (DialogSeekBar.xml) ------
2020-05-10 08:21:55.081 T:4060491200 DEBUG: ------ Window Deinit (Custom_1109_TopBarOverlay.xml) ------
2020-05-10 08:21:55.447 T:3886019456 DEBUG: CBlurayCallback::Logger - register.c:418: bd_psr_write(7, 0): no change in value
2020-05-10 08:21:55.447 T:3886019456 DEBUG: CBlurayCallback::Logger - bluray.c:3076: PSR write: psr7 = 0
2020-05-10 08:21:55.448 T:3886019456 DEBUG: CBlurayCallback::Logger - register.c:420: bd_psr_write(): PSR8 (TIME) 0x626d9400 -> 0x19bfcc0
2020-05-10 08:21:55.448 T:3886019456 DEBUG: CBlurayCallback::Logger - bluray.c:3115: PSR change: psr8 = 27000000
2020-05-10 08:21:55.448 T:3886019456 DEBUG: CBlurayCallback::Logger - bluray.c:2392: Title 00001.mpls selected
2020-05-10 08:21:55.448 T:3886019456 DEBUG: CBlurayCallback::Logger - bluray.c:2216: _find_ig_stream(): current IG stream pid 0x1400 sub-path 0
2020-05-10 08:21:55.963 T:3886019456 DEBUG: CBlurayCallback::Logger - bluray.c:821: _preload_m2ts(): loaded 1523712 bytes from 00007.m2ts
2020-05-10 08:21:55.963 T:3886019456 DEBUG: CBlurayCallback::Logger - bluray.c:2216: _find_ig_stream(): current IG stream pid 0x1400 sub-path 0
2020-05-10 08:21:56.003 T:3886019456 DEBUG: CBlurayCallback::Logger - register.c:418: bd_psr_write(11, 0): no change in value
2020-05-10 08:21:56.003 T:3886019456 DEBUG: CBlurayCallback::Logger - bluray.c:3076: PSR write: psr11 = 0
2020-05-10 08:21:56.003 T:3886019456 DEBUG: CBlurayCallback::Logger - register.c:420: bd_psr_write(): PSR10 (SELECTED_BUTTON_ID) 0xffff -> 0x0
2020-05-10 08:21:56.003 T:3886019456 DEBUG: CBlurayCallback::Logger - bluray.c:3115: PSR change: psr10 = 0
2020-05-10 08:21:56.003 T:3886019456 DEBUG: CDVDInputStreamBluray - BD_EVENT_PG_TEXTST 1
2020-05-10 08:21:56.003 T:3886019456 DEBUG: CDVDInputStreamBluray - BD_EVENT_PG_TEXTST_STREAM 4095, -1
2020-05-10 08:21:56.003 T:3886019456 DEBUG: CDVDInputStreamBluray - BD_EVENT_PLAYLIST 1
2020-05-10 08:21:56.008 T:3886019456 DEBUG: CDVDInputStreamBluray - BD_EVENT_ANGLE 1
2020-05-10 08:21:56.013 T:3886019456 DEBUG: CDVDInputStreamBluray - BD_EVENT_PLAYITEM 0
2020-05-10 08:21:56.013 T:3886019456 DEBUG: CBlurayCallback::Logger - bluray.c:3465: HDMV event: 9 -1610547199
2020-05-10 08:21:56.013 T:3886019456 DEBUG: CBlurayCallback::Logger - register.c:420: bd_psr_write(): PSR11 (MENU_PAGE_ID) 0x0 -> 0x1
2020-05-10 08:21:56.013 T:3886019456 DEBUG: CBlurayCallback::Logger - bluray.c:3115: PSR change: psr11 = 1
2020-05-10 08:21:56.013 T:3886019456 DEBUG: CBlurayCallback::Logger - register.c:420: bd_psr_write(): PSR10 (SELECTED_BUTTON_ID) 0x0 -> 0x1
2020-05-10 08:21:56.013 T:3886019456 DEBUG: CBlurayCallback::Logger - bluray.c:3115: PSR change: psr10 = 1
2020-05-10 08:21:56.013 T:3886019456 DEBUG: CBlurayCallback::Logger - register.c:418: bd_psr_write(10, 1): no change in value
2020-05-10 08:21:56.013 T:3886019456 DEBUG: CBlurayCallback::Logger - bluray.c:3076: PSR write: psr10 = 1
2020-05-10 08:21:56.015 T:3886019456 DEBUG: CDVDInputStreamBluray - BD_EVENT_MENU 1
2020-05-10 08:21:56.015 T:3886019456 DEBUG: CBlurayCallback::Logger - bluray.c:3465: HDMV event: 2 -472592748
2020-05-10 08:21:56.083 T:3886019456 DEBUG: CBlurayCallback::Logger - bluray.c:1581: PlayMark 0 reached (768)
2020-05-10 08:21:56.083 T:3886019456 DEBUG: Open - probing detected format [mpegts]
2020-05-10 08:21:56.084 T:3886019456 DEBUG: Open - avformat_find_stream_info starting
2020-05-10 08:21:56.443 T:3886019456 DEBUG: Open - av_find_stream_info finished
2020-05-10 08:21:56.443 T:3886019456 INFO: ffmpeg[E79FF380]: Input #0, mpegts, from '/var/media/SAFETY NOT GUARANTEE/BDMV/index.bdmv':
2020-05-10 08:21:56.443 T:3886019456 INFO: ffmpeg[E79FF380]: Duration: N/A, start: 600.000000, bitrate: N/A
2020-05-10 08:21:56.443 T:3886019456 INFO: ffmpeg[E79FF380]: Program 1
2020-05-10 08:21:56.443 T:3886019456 INFO: ffmpeg[E79FF380]: Stream #0:0[0x1011]: Video: h264 (High) (HDMV / 0x564D4448), yuv420p(tv, bt709, progressive), 1920x1080 [SAR 1:1 DAR 16:9], 23.98 fps, 23.98 tbr, 90k tbn, 47.95 tbc
2020-05-10 08:21:56.443 T:3886019456 INFO: ffmpeg[E79FF380]: Stream #0:1[0x1100]: Audio: dts (DTS-HD MA) ([134][0][0][0] / 0x0086), 48000 Hz, 5.1(side), s32p (24 bit)
2020-05-10 08:21:56.443 T:3886019456 DEBUG: DVDDemuxFFmpeg::AddStream - fps:24000/1001 tbr:24000/1001 tbn:48000/1001
2020-05-10 08:21:56.443 T:3886019456 DEBUG: DVDDemuxFFmpeg::AddStream - fps:24000/1001p
2020-05-10 08:21:56.443 T:3886019456 DEBUG: CDVDDemuxFFmpeg::AddStream ID: 0
2020-05-10 08:21:56.443 T:3886019456 DEBUG: CDVDDemuxFFmpeg::AddStream ID: 1
2020-05-10 08:21:56.443 T:3886019456 NOTICE: Opening stream: 1 source: 256
2020-05-10 08:21:56.443 T:3886019456 NOTICE: Finding audio codec for: 86020
2020-05-10 08:21:56.444 T:3886019456 NOTICE: CDVDAudioCodecFFmpeg::Open() Successful opened audio decoder dca
2020-05-10 08:21:56.444 T:3886019456 NOTICE: Creating audio thread
2020-05-10 08:21:56.444 T:3389227904 DEBUG: Thread VideoPlayerAudio start, auto delete: false
2020-05-10 08:21:56.444 T:3389227904 NOTICE: running thread: CVideoPlayerAudio::Process()
2020-05-10 08:21:56.444 T:3677119360 DEBUG: OnAVChange: CApplication::OnAVChange
2020-05-10 08:21:56.444 T:3389227904 DEBUG: CVideoPlayerAudio - CDVDMsg::GENERAL_PAUSE: 0
2020-05-10 08:21:56.444 T:3886019456 NOTICE: Opening stream: 0 source: 256
2020-05-10 08:21:56.444 T:3886019456 NOTICE: CVideoPlayerVideo::OpenStream - Creating codec: 27
2020-05-10 08:21:56.444 T:3886019456 DEBUG: DVDVideoCodecAmlogic::Open - codec 27 profile:100 extra_size:55 fps:24000/1001
2020-05-10 08:21:56.444 T:3886019456 INFO: DVDVideoCodecAmlogic: Opened Amlogic Codec
2020-05-10 08:21:56.444 T:3886019456 DEBUG: CVideoPlayerVideo::OpenStream - open stream with codec id: 27 fps:24000/1001 options:02
2020-05-10 08:21:56.444 T:3886019456 NOTICE: Creating video thread
2020-05-10 08:21:56.445 T:3886019456 DEBUG: ReadEditDecisionLists - Checking for edit decision lists (EDL) on local drive or remote share for: /var/media/SAFETY NOT GUARANTEE/BDMV/index.bdmv
2020-05-10 08:21:56.445 T:3401663360 DEBUG: Thread VideoPlayerVideo start, auto delete: false
2020-05-10 08:21:56.445 T:3389227904 NOTICE: Creating audio stream (codec id: 86020, channels: 6, sample rate: 48000, no pass-through)
2020-05-10 08:21:56.445 T:3401663360 NOTICE: running thread: video_thread
2020-05-10 08:21:56.445 T:3401663360 DEBUG: CVideoPlayerVideo - CDVDMsg::GENERAL_PAUSE: 0
2020-05-10 08:21:56.445 T:3389227904 DEBUG: CVideoPlayerAudio:: synctype set to 0: clock feedback
2020-05-10 08:21:56.445 T:3886019456 DEBUG: CVideoPlayer::ProcessVideoData size:358849 dts:599.958 pts:600.000 dur:0.000ms, clock:599.500 level:0
2020-05-10 08:21:56.445 T:3886019456 DEBUG: CVideoPlayer::HandleMessages - player 1 reported state: 0
2020-05-10 08:21:56.445 T:3886019456 DEBUG: CVideoPlayer::HandleMessages - player 2 reported state: 0
2020-05-10 08:21:56.446 T:3886019456 DEBUG: CVideoPlayer::ProcessVideoData size:9057 dts:600.000 pts:600.125 dur:41.700ms, clock:599.500 level:0
2020-05-10 08:21:56.446 T:4060491200 NOTICE: Whitelist search for: width: 1920, height: 1080, fps: 23.976, 3D: false
2020-05-10 08:21:56.446 T:4060491200 DEBUG: Trying to find exact refresh rate
2020-05-10 08:21:56.446 T:3886019456 DEBUG: CVideoPlayer::ProcessVideoData size:740 dts:600.042 pts:600.042 dur:41.700ms, clock:599.500 level:0
2020-05-10 08:21:56.446 T:3886019456 DEBUG: CVideoPlayer::ProcessVideoData size:613 dts:600.083 pts:600.083 dur:41.700ms, clock:599.501 level:1
2020-05-10 08:21:56.446 T:4060491200 DEBUG: Matched exact whitelisted Resolution 1920x1080 @ 23.98 - Full Screen (34)
2020-05-10 08:21:56.446 T:4060491200 NOTICE: Display resolution ADJUST : 1920x1080 @ 23.98 - Full Screen (34) (weight: 0.002)
2020-05-10 08:21:56.447 T:3401663360 INFO: CVideoPlayerVideo - Stillframe left, switching to normal playback
2020-05-10 08:21:56.447 T:3401663360 INFO: DVDVideoCodecAmlogic::AddData Open decoder: fps:24000/1001
2020-05-10 08:21:56.447 T:3401663360 DEBUG: codecid_to_vformat, id(27) -> vformat(2)
2020-05-10 08:21:56.447 T:3401663360 DEBUG: codec_tag_to_vdec_type, codec_tag(1447904328) -> vdec_type(0)
2020-05-10 08:21:56.447 T:3401663360 DEBUG: codec_tag_to_vdec_type, codec_tag(27) -> vdec_type(4)
2020-05-10 08:21:56.447 T:3401663360 DEBUG: CAMLCodec::OpenDecoder hints.width(1920), hints.height(1080), hints.codec(27), hints.codec_tag(1447904328)
2020-05-10 08:21:56.447 T:3401663360 DEBUG: CAMLCodec::OpenDecoder hints.fpsrate(24000), hints.fpsscale(1001), video_rate(4004)
2020-05-10 08:21:56.447 T:3401663360 DEBUG: CAMLCodec::OpenDecoder hints.aspect(1.777778), video_ratio.num(1), video_ratio.den(1)
2020-05-10 08:21:56.447 T:3401663360 DEBUG: CAMLCodec::OpenDecoder hints.orientation(0), hints.forced_aspect(0), hints.extrasize(55)
2020-05-10 08:21:56.447 T:3886019456 DEBUG: CVideoPlayer::ProcessVideoData size:76962 dts:600.125 pts:600.250 dur:41.700ms, clock:599.502 level:2
2020-05-10 08:21:56.447 T:3427763072 DEBUG: OnAVChange: CApplication::OnAVChange
2020-05-10 08:21:56.447 T:3886019456 DEBUG: CVideoPlayer::ProcessVideoData size:1319 dts:600.167 pts:600.167 dur:41.700ms, clock:599.502 level:2
2020-05-10 08:21:56.447 T:3886019456 DEBUG: CVideoPlayer::ProcessVideoData size:1110 dts:600.209 pts:600.209 dur:41.700ms, clock:599.502 level:3
2020-05-10 08:21:56.448 T:3886019456 DEBUG: CVideoPlayer::ProcessVideoData size:285451 dts:600.250 pts:600.375 dur:41.700ms, clock:599.503 level:3
2020-05-10 08:21:56.449 T:3886019456 DEBUG: CVideoPlayer::ProcessVideoData size:3668 dts:600.292 pts:600.292 dur:41.700ms, clock:599.503 level:4
2020-05-10 08:21:56.449 T:3886019456 DEBUG: CVideoPlayer::ProcessVideoData size:2879 dts:600.334 pts:600.334 dur:41.700ms, clock:599.503 level:4
2020-05-10 08:21:56.450 T:3886019456 DEBUG: CVideoPlayer::ProcessVideoData size:141749 dts:600.375 pts:600.500 dur:41.700ms, clock:599.505 level:5
2020-05-10 08:21:56.450 T:3886019456 DEBUG: CVideoPlayer::ProcessVideoData size:3671 dts:600.417 pts:600.417 dur:41.700ms, clock:599.505 level:5
2020-05-10 08:21:56.450 T:3886019456 DEBUG: CVideoPlayer::ProcessVideoData size:2514 dts:600.459 pts:600.459 dur:41.700ms, clock:599.505 level:6
2020-05-10 08:21:56.451 T:3886019456 DEBUG: CVideoPlayer::ProcessVideoData size:300853 dts:600.500 pts:600.584 dur:41.700ms, clock:599.505 level:6
2020-05-10 08:21:56.451 T:3886019456 DEBUG: CVideoPlayer::ProcessVideoData size:10333 dts:600.542 pts:600.542 dur:41.700ms, clock:599.505 level:7
2020-05-10 08:21:56.451 T:3886019456 DEBUG: CVideoPlayer::ProcessVideoData size:85156 dts:600.584 pts:600.709 dur:41.700ms, clock:599.505 level:7
2020-05-10 08:21:56.451 T:3886019456 DEBUG: CVideoPlayer::ProcessVideoData size:13863 dts:600.626 pts:600.626 dur:41.700ms, clock:599.505 level:8
2020-05-10 08:21:56.451 T:3886019456 DEBUG: CVideoPlayer::ProcessVideoData size:20823 dts:600.667 pts:600.667 dur:41.700ms, clock:599.506 level:8
2020-05-10 08:21:56.454 T:3886019456 DEBUG: CVideoPlayer::ProcessVideoData size:866940 dts:600.709 pts:600.751 dur:41.700ms, clock:599.509 level:9
2020-05-10 08:21:56.455 T:3886019456 DEBUG: CVideoPlayer::ProcessVideoData size:40255 dts:600.751 pts:600.876 dur:41.700ms, clock:599.510 level:9
2020-05-10 08:21:56.455 T:3886019456 DEBUG: CVideoPlayer::ProcessVideoData size:3552 dts:600.792 pts:600.792 dur:41.700ms, clock:599.510 level:10
2020-05-10 08:21:56.456 T:3886019456 DEBUG: CVideoPlayer::ProcessVideoData size:5067 dts:600.834 pts:600.834 dur:41.700ms, clock:599.511 level:10
2020-05-10 08:21:56.464 T:4029453184 INFO: CActiveAESink::OpenSink - initialize sink
2020-05-10 08:21:56.469 T:3886019456 DEBUG: CVideoPlayer::ProcessVideoData size:28040 dts:600.876 pts:601.001 dur:41.700ms, clock:599.523 level:8
2020-05-10 08:21:56.474 T:3886019456 DEBUG: CVideoPlayer::ProcessVideoData size:21024 dts:600.918 pts:600.918 dur:41.700ms, clock:599.528 level:8
2020-05-10 08:21:56.475 T:3886019456 DEBUG: CVideoPlayer::ProcessVideoData size:11539 dts:600.959 pts:600.959 dur:41.700ms, clock:599.529 level:9
2020-05-10 08:21:56.479 T:3401663360 DEBUG: CVideoPlayerVideo::OutputPicture - ttd:466ms pts:600.000 Clock:599.533 Level:0
2020-05-10 08:21:56.479 T:3886019456 DEBUG: CVideoPlayer::ProcessVideoData size:64754 dts:601.001 pts:601.126 dur:41.700ms, clock:599.534 level:9
2020-05-10 08:21:56.480 T:3886019456 DEBUG: CVideoPlayer::ProcessVideoData size:13932 dts:601.043 pts:601.043 dur:41.700ms, clock:599.535 level:9
2020-05-10 08:21:56.481 T:3886019456 DEBUG: CVideoPlayer::ProcessVideoData size:18419 dts:601.084 pts:601.084 dur:41.700ms, clock:599.536 level:10
2020-05-10 08:21:56.492 T:4060491200 DEBUG: CAMLVideoBufferPool::~CAMLVideoBufferPool: Deleting 7 buffers
2020-05-10 08:21:56.493 T:3886019456 DEBUG: CVideoPlayer::HandleMessages - player started 2
2020-05-10 08:21:56.494 T:3886019456 DEBUG: CVideoPlayer::ProcessVideoData size:52443 dts:601.126 pts:601.251 dur:41.700ms, clock:599.549 level:10
2020-05-10 08:21:56.495 T:3886019456 DEBUG: CVideoPlayer::ProcessVideoData size:12602 dts:601.168 pts:601.168 dur:41.700ms, clock:599.550 level:11
2020-05-10 08:21:56.496 T:3886019456 DEBUG: CVideoPlayer::ProcessVideoData size:12637 dts:601.210 pts:601.210 dur:41.700ms, clock:599.551 level:11
2020-05-10 08:21:56.503 T:4060491200 DEBUG: CAMLCodec::SetVideoRect:display(0,0,1920,1080)
2020-05-10 08:21:56.503 T:4060491200 DEBUG: CAMLCodec::SetVideoRect:gui(0,0,1920,1080)
2020-05-10 08:21:56.503 T:4060491200 DEBUG: CAMLCodec::SetVideoRect:m_dst_rect(0,0,1920,1080)
2020-05-10 08:21:56.503 T:4060491200 DEBUG: CAMLCodec::SetVideoRect:dst_rect(0,0,1920,1080)
2020-05-10 08:21:56.503 T:4060491200 DEBUG: CAMLCodec::SetVideoRect:m_guiStereoMode(0)
2020-05-10 08:21:56.503 T:4060491200 DEBUG: CAMLCodec::SetVideoRect:m_guiStereoView(0)
2020-05-10 08:21:56.513 T:3886019456 DEBUG: CVideoPlayer::ProcessVideoData size:47550 dts:601.251 pts:601.376 dur:41.700ms, clock:599.567 level:12
2020-05-10 08:21:56.514 T:3886019456 DEBUG: CVideoPlayer::ProcessVideoData size:12397 dts:601.293 pts:601.293 dur:41.700ms, clock:599.569 level:12
2020-05-10 08:21:56.531 T:3886019456 DEBUG: CVideoPlayer::ProcessVideoData size:13367 dts:601.335 pts:601.335 dur:41.700ms, clock:599.586 level:13
2020-05-10 08:21:56.549 T:3886019456 DEBUG: CVideoPlayer::ProcessVideoData size:75476 dts:601.376 pts:601.460 dur:41.700ms, clock:599.604 level:14
2020-05-10 08:21:56.568 T:3886019456 DEBUG: CVideoPlayer::ProcessVideoData size:83416 dts:601.418 pts:601.418 dur:41.700ms, clock:599.623 level:14
2020-05-10 08:21:56.665 T:4029453184 DEBUG: CActiveAESink::OpenSink - trying to open device ALSA:surround71:CARD=AMLAUGESOUND,DEV=0
2020-05-10 08:21:56.666 T:4029453184 INFO: CAESinkALSA::Initialize - Attempting to open device "surround71:CARD=AMLAUGESOUND,DEV=0"
2020-05-10 08:21:56.671 T:4029453184 INFO: CAESinkALSA::Initialize - Opened device "surround71:CARD=AMLAUGESOUND,DEV=0"
2020-05-10 08:21:56.672 T:4029453184 INFO: CAESinkALSA::InitializeHW - Your hardware does not support AE_FMT_FLOAT, trying other formats
2020-05-10 08:21:56.672 T:4029453184 INFO: CAESinkALSA::InitializeHW - Using data format AE_FMT_S24NE4
2020-05-10 08:21:56.672 T:4029453184 DEBUG: CAESinkALSA::InitializeHW - Request: periodSize 2400, bufferSize 9600
2020-05-10 08:21:56.697 T:4029453184 DEBUG: CAESinkALSA::InitializeHW - Got: periodSize 2400, bufferSize 9600
2020-05-10 08:21:56.697 T:4029453184 DEBUG: CAESinkALSA::InitializeHW - Setting timeout to 200 ms
2020-05-10 08:21:56.698 T:4029453184 DEBUG: CAESinkALSA::GetChannelLayout - Input Channel Count: 2 Output Channel Count: 2
2020-05-10 08:21:56.698 T:4029453184 DEBUG: CAESinkALSA::GetChannelLayout - Requested Layout: FL, FR
2020-05-10 08:21:56.698 T:4029453184 DEBUG: CAESinkALSA::GetChannelLayout - Got Layout: FL, FR (ALSA: FL FR)
2020-05-10 08:21:56.698 T:4029453184 DEBUG: CActiveAESink::OpenSink - ALSA Initialized:
2020-05-10 08:21:56.698 T:4029453184 DEBUG: Output Device : AML-AUGESOUND
2020-05-10 08:21:56.698 T:4029453184 DEBUG: Sample Rate : 48000
2020-05-10 08:21:56.698 T:4029453184 DEBUG: Sample Format : AE_FMT_S24NE4
2020-05-10 08:21:56.698 T:4029453184 DEBUG: Channel Count : 2
2020-05-10 08:21:56.698 T:4029453184 DEBUG: Channel Layout: FL, FR
2020-05-10 08:21:56.698 T:3886019456 DEBUG: CVideoPlayer::ProcessVideoData size:924121 dts:601.460 pts:601.501 dur:41.700ms, clock:599.753 level:15
2020-05-10 08:21:56.699 T:4029453184 DEBUG: Frames : 2400
2020-05-10 08:21:56.699 T:4029453184 DEBUG: Frame Size : 8
2020-05-10 08:21:56.703 T:3886019456 DEBUG: CVideoPlayer::ProcessVideoData size:67072 dts:601.501 pts:601.627 dur:41.700ms, clock:599.757 level:15
2020-05-10 08:21:56.705 T:4037845888 DEBUG: CActiveAE::ClearDiscardedBuffers - buffer pool deleted
2020-05-10 08:21:56.713 T:3886019456 DEBUG: Previous line repeats 1 times.
2020-05-10 08:21:56.713 T:3886019456 DEBUG: CVideoPlayer::ProcessVideoData size:20877 dts:601.543 pts:601.543 dur:41.700ms, clock:599.767 level:16
2020-05-10 08:21:56.714 T:3886019456 DEBUG: CVideoPlayer::ProcessVideoData size:31313 dts:601.585 pts:601.585 dur:41.700ms, clock:599.769 level:16
2020-05-10 08:21:56.716 T:3886019456 DEBUG: CVideoPlayer::ProcessVideoData size:29075 dts:601.627 pts:601.752 dur:41.700ms, clock:599.771 level:17
2020-05-10 08:21:56.731 T:3886019456 DEBUG: CVideoPlayer::ProcessVideoData size:49698 dts:601.668 pts:601.668 dur:41.700ms, clock:599.786 level:17
2020-05-10 08:21:56.731 T:3886019456 DEBUG: CVideoPlayer::HandleMessages - player started 1
2020-05-10 08:21:56.731 T:3896263552 DEBUG: OnAVChange: CApplication::OnAVChange
2020-05-10 08:21:56.731 T:3886019456 DEBUG: VideoPlayer::Sync - Audio - pts: 600.299, cache: 0.489, totalcache: 0.800, packets:97 level:9
2020-05-10 08:21:56.732 T:3886019456 DEBUG: VideoPlayer::Sync - Video - pts: 600.042, cache: 0.050, totalcache: 0.100, packets:42 level:18
2020-05-10 08:21:56.732 T:3389227904 DEBUG: CDVDAudio::Resume - resume audio stream
2020-05-10 08:21:56.732 T:3401663360 DEBUG: CVideoPlayerVideo - CDVDMsg::GENERAL_RESYNC(599809605.740630)
2020-05-10 08:21:56.733 T:4037845888 DEBUG: ActiveAE - start sync of audio stream
2020-05-10 08:21:56.735 T:3401663360 DEBUG: CVideoPlayerVideo::OutputPicture - ttd:229ms pts:600.042 Clock:599.812 Level:0
2020-05-10 08:21:56.735 T:3886019456 DEBUG: CVideoPlayer::ProcessVideoData size:32429 dts:601.710 pts:601.710 dur:41.700ms, clock:599.813 level:15
2020-05-10 08:21:56.737 T:3401663360 DEBUG: CVideoPlayerVideo::OutputPicture - ttd:268ms pts:600.083 Clock:599.815 Level:1
2020-05-10 08:21:56.738 T:3401663360 DEBUG: CVideoPlayerVideo::OutputPicture - ttd:309ms pts:600.125 Clock:599.816 Level:2
2020-05-10 08:21:56.738 T:3886019456 DEBUG: CVideoPlayer::ProcessVideoData size:33702 dts:601.752 pts:601.877 dur:41.700ms, clock:599.816 level:16
2020-05-10 08:21:56.742 T:3401663360 DEBUG: CVideoPlayerVideo::OutputPicture - ttd:346ms pts:600.167 Clock:599.820 Level:3
2020-05-10 08:21:56.745 T:3401663360 DEBUG: CVideoPlayerVideo::OutputPicture - ttd:385ms pts:600.209 Clock:599.823 Level:4
2020-05-10 08:21:56.747 T:3401663360 DEBUG: CVideoPlayerVideo::OutputPicture - ttd:425ms pts:600.250 Clock:599.825 Level:5
2020-05-10 08:21:56.749 T:3886019456 DEBUG: CVideoPlayer::ProcessVideoData size:9068 dts:601.793 pts:601.793 dur:41.700ms, clock:599.827 level:16
2020-05-10 08:21:56.753 T:3886019456 DEBUG: CVideoPlayer::ProcessVideoData size:31187 dts:601.835 pts:601.835 dur:41.700ms, clock:599.831 level:16
2020-05-10 08:21:56.767 T:3886019456 DEBUG: CVideoPlayer::ProcessVideoData size:74613 dts:601.877 pts:602.002 dur:41.700ms, clock:599.845 level:15
2020-05-10 08:21:56.769 T:3886019456 DEBUG: CVideoPlayer::ProcessVideoData size:10417 dts:601.919 pts:601.919 dur:41.700ms, clock:599.847 level:16
2020-05-10 08:21:56.771 T:3886019456 DEBUG: CVideoPlayer::ProcessVideoData size:14054 dts:601.960 pts:601.960 dur:41.700ms, clock:599.849 level:16
2020-05-10 08:21:56.786 T:3886019456 DEBUG: CVideoPlayer::ProcessVideoData size:41243 dts:602.002 pts:602.127 dur:41.700ms, clock:599.864 level:15
2020-05-10 08:21:56.788 T:3886019456 DEBUG: CVideoPlayer::ProcessVideoData size:18224 dts:602.044 pts:602.044 dur:41.700ms, clock:599.866 level:16
2020-05-10 08:21:56.790 T:3886019456 DEBUG: CVideoPlayer::ProcessVideoData size:26127 dts:602.085 pts:602.085 dur:41.700ms, clock:599.868 level:16
2020-05-10 08:21:56.806 T:3886019456 DEBUG: CVideoPlayer::ProcessVideoData size:43064 dts:602.127 pts:602.211 dur:41.700ms, clock:599.884 level:15
2020-05-10 08:21:56.842 T:3886019456 DEBUG: CVideoPlayer::ProcessVideoData size:45216 dts:602.169 pts:602.169 dur:41.700ms, clock:599.919 level:12
2020-05-10 08:21:56.859 T:4037845888 DEBUG: ActiveAE::SyncStream - average error of -5.946165, start adjusting
2020-05-10 08:21:56.859 T:4037845888 DEBUG: ActiveAE::SyncStream - average error -0.008665 below threshold of 30.000000
2020-05-10 08:21:56.973 T:3886019456 DEBUG: CVideoPlayer::ProcessVideoData size:925490 dts:602.211 pts:602.252 dur:41.700ms, clock:600.050 level:11
2020-05-10 08:21:56.974 T:3886019456 DEBUG: CVideoPlayer::ProcessVideoData size:111353 dts:602.252 pts:602.377 dur:41.700ms, clock:600.052 level:11
2020-05-10 08:21:56.986 T:3886019456 DEBUG: CVideoPlayer::ProcessVideoData size:22448 dts:602.294 pts:602.294 dur:41.700ms, clock:600.064 level:12
2020-05-10 08:21:56.987 T:3886019456 DEBUG: CVideoPlayer::ProcessVideoData size:9225 dts:602.336 pts:602.336 dur:41.700ms, clock:600.065 level:12
2020-05-10 08:21:56.988 T:3886019456 DEBUG: CVideoPlayer::ProcessVideoData size:33922 dts:602.377 pts:602.503 dur:41.700ms, clock:600.066 level:13
2020-05-10 08:21:56.989 T:3886019456 DEBUG: CVideoPlayer::ProcessVideoData size:7606 dts:602.419 pts:602.419 dur:41.700ms, clock:600.067 level:14
2020-05-10 08:21:57.004 T:3401663360 DEBUG: CVideoPlayerVideo::OutputPicture - ttd:210ms pts:600.292 Clock:600.081 Level:2
2020-05-10 08:21:57.005 T:3886019456 DEBUG: CVideoPlayer::ProcessVideoData size:7648 dts:602.461 pts:602.461 dur:41.700ms, clock:600.082 level:14
2020-05-10 08:21:57.006 T:3886019456 DEBUG: CVideoPlayer::ProcessVideoData size:30178 dts:602.503 pts:602.628 dur:41.700ms, clock:600.084 level:15
2020-05-10 08:21:57.008 T:3886019456 DEBUG: CVideoPlayer::ProcessVideoData size:7292 dts:602.544 pts:602.544 dur:41.700ms, clock:600.086 level:15
2020-05-10 08:21:57.021 T:3886019456 DEBUG: CVideoPlayer::ProcessVideoData size:7578 dts:602.586 pts:602.586 dur:41.700ms, clock:600.098 level:15
2020-05-10 08:21:57.025 T:3886019456 DEBUG: CVideoPlayer::ProcessVideoData size:29050 dts:602.628 pts:602.753 dur:41.700ms, clock:600.103 level:16
2020-05-10 08:21:57.026 T:3886019456 DEBUG: CVideoPlayer::ProcessVideoData size:7162 dts:602.669 pts:602.669 dur:41.700ms, clock:600.104 level:16
2020-05-10 08:21:57.027 T:3886019456 DEBUG: CVideoPlayer::ProcessVideoData size:7174 dts:602.711 pts:602.711 dur:41.700ms, clock:600.105 level:17
2020-05-10 08:21:57.040 T:3886019456 DEBUG: CVideoPlayer::ProcessVideoData size:28937 dts:602.753 pts:602.878 dur:41.700ms, clock:600.118 level:17
2020-05-10 08:21:57.044 T:3401663360 DEBUG: CVideoPlayerVideo::OutputPicture - ttd:211ms pts:600.334 Clock:600.122 Level:2
2020-05-10 08:21:57.046 T:3401663360 DEBUG: CVideoPlayerVideo::OutputPicture - ttd:251ms pts:600.375 Clock:600.123 Level:3
2020-05-10 08:21:57.061 T:3886019456 DEBUG: CVideoPlayer::ProcessVideoData size:16188 dts:602.794 pts:602.794 dur:41.700ms, clock:600.138 level:17
2020-05-10 08:21:57.081 T:3886019456 DEBUG: CVideoPlayer::ProcessVideoData size:83416 dts:602.836 pts:602.836 dur:41.700ms, clock:600.158 level:17
2020-05-10 08:21:57.083 T:3886019456 DEBUG: CVideoPlayer::ProcessVideoData size:83417 dts:602.878 pts:602.961 dur:41.700ms, clock:600.161 level:18
2020-05-10 08:21:57.115 T:3886019456 DEBUG: CVideoPlayer::ProcessVideoData size:83417 dts:602.920 pts:602.920 dur:41.700ms, clock:600.193 level:18
2020-05-10 08:21:57.129 T:3401663360 DEBUG: CVideoPlayerVideo::OutputPicture - ttd:210ms pts:600.417 Clock:600.207 Level:2
2020-05-10 08:21:57.170 T:3401663360 DEBUG: CVideoPlayerVideo::OutputPicture - ttd:210ms pts:600.459 Clock:600.248 Level:2
2020-05-10 08:21:57.171 T:3401663360 DEBUG: CVideoPlayerVideo::OutputPicture - ttd:251ms pts:600.500 Clock:600.249 Level:3
2020-05-10 08:21:57.252 T:3886019456 DEBUG: CVideoPlayer::ProcessVideoData size:923174 dts:602.961 pts:603.003 dur:41.700ms, clock:600.329 level:17
2020-05-10 08:21:57.253 T:3886019456 DEBUG: CVideoPlayer::ProcessVideoData size:37698 dts:603.003 pts:603.128 dur:41.700ms, clock:600.330 level:18
2020-05-10 08:21:57.254 T:3886019456 DEBUG: CVideoPlayer::ProcessVideoData size:7079 dts:603.045 pts:603.045 dur:41.700ms, clock:600.331 level:18
2020-05-10 08:21:57.255 T:3401663360 DEBUG: CVideoPlayerVideo::OutputPicture - ttd:209ms pts:600.542 Clock:600.333 Level:2
2020-05-10 08:21:57.256 T:3401663360 DEBUG: CVideoPlayerVideo::OutputPicture - ttd:249ms pts:600.584 Clock:600.334 Level:3
2020-05-10 08:21:57.265 T:3886019456 DEBUG: CVideoPlayer::ProcessVideoData size:7274 dts:603.086 pts:603.086 dur:41.700ms, clock:600.343 level:18
2020-05-10 08:21:57.266 T:3886019456 DEBUG: CVideoPlayer::ProcessVideoData size:94934 dts:603.128 pts:603.253 dur:41.700ms, clock:600.344 level:19
2020-05-10 08:21:57.268 T:3886019456 DEBUG: CVideoPlayer::ProcessVideoData size:11417 dts:603.170 pts:603.170 dur:41.700ms, clock:600.346 level:19
2020-05-10 08:21:57.279 T:3886019456 DEBUG: CVideoPlayer::ProcessVideoData size:23064 dts:603.212 pts:603.212 dur:41.700ms, clock:600.356 level:19
2020-05-10 08:21:57.280 T:3886019456 DEBUG: CVideoPlayer::ProcessVideoData size:60560 dts:603.253 pts:603.378 dur:41.700ms, clock:600.358 level:20
2020-05-10 08:21:57.294 T:3401663360 DEBUG: CVideoPlayerVideo::OutputPicture - ttd:253ms pts:600.626 Clock:600.372 Level:3
2020-05-10 08:21:57.296 T:3886019456 DEBUG: CVideoPlayer::ProcessVideoData size:11886 dts:603.295 pts:603.295 dur:41.700ms, clock:600.374 level:20
2020-05-10 08:21:57.298 T:3886019456 DEBUG: CVideoPlayer::ProcessVideoData size:12865 dts:603.337 pts:603.337 dur:41.700ms, clock:600.376 level:21
2020-05-10 08:21:57.300 T:3886019456 DEBUG: CVideoPlayer::ProcessVideoData size:43570 dts:603.378 pts:603.504 dur:41.700ms, clock:600.378 level:21
2020-05-10 08:21:57.315 T:3886019456 DEBUG: CVideoPlayer::ProcessVideoData size:12248 dts:603.420 pts:603.420 dur:41.700ms, clock:600.393 level:21
2020-05-10 08:21:57.317 T:3886019456 DEBUG: CVideoPlayer::ProcessVideoData size:22719 dts:603.462 pts:603.462 dur:41.700ms, clock:600.395 level:22
2020-05-10 08:21:57.333 T:3886019456 DEBUG: CVideoPlayer::ProcessVideoData size:58828 dts:603.504 pts:603.629 dur:41.700ms, clock:600.411 level:22
2020-05-10 08:21:57.335 T:3886019456 DEBUG: CVideoPlayer::ProcessVideoData size:18635 dts:603.545 pts:603.545 dur:41.700ms, clock:600.413 level:23
2020-05-10 08:21:57.351 T:3886019456 DEBUG: CVideoPlayer::ProcessVideoData size:13731 dts:603.587 pts:603.587 dur:41.700ms, clock:600.429 level:23
2020-05-10 08:21:57.373 T:3886019456 DEBUG: CVideoPlayer::ProcessVideoData size:58401 dts:603.629 pts:603.712 dur:41.700ms, clock:600.451 level:24
2020-05-10 08:21:57.389 T:3886019456 DEBUG: CVideoPlayer::ProcessVideoData size:83417 dts:603.670 pts:603.670 dur:41.700ms, clock:600.467 level:24
2020-05-10 08:21:57.391 T:3401663360 DEBUG: CVideoPlayerVideo::OutputPicture - ttd:198ms pts:600.667 Clock:600.468 Level:2
2020-05-10 08:21:57.392 T:3401663360 DEBUG: CVideoPlayerVideo::OutputPicture - ttd:239ms pts:600.709 Clock:600.470 Level:3
2020-05-10 08:21:57.502 T:3401663360 DEBUG: CVideoPlayerVideo::OutputPicture - ttd:171ms pts:600.751 Clock:600.580 Level:1
2020-05-10 08:21:57.503 T:3401663360 DEBUG: CVideoPlayerVideo::OutputPicture - ttd:211ms pts:600.792 Clock:600.581 Level:2
2020-05-10 08:21:57.504 T:3401663360 DEBUG: CVideoPlayerVideo::OutputPicture - ttd:251ms pts:600.834 Clock:600.582 Level:3
2020-05-10 08:21:57.506 T:3401663360 DEBUG: CVideoPlayerVideo::OutputPicture - ttd:292ms pts:600.876 Clock:600.583 Level:4
2020-05-10 08:21:57.519 T:3886019456 DEBUG: CVideoPlayer::ProcessVideoData size:922610 dts:603.712 pts:603.754 dur:41.700ms, clock:600.597 level:22
