2020-05-10 08:21:48.464 T:3886019456 DEBUG: CVideoPlayer::ProcessVideoData size:3561 dts:36601.543 pts:36601.543 dur:41.700ms, clock:36599.500 level:16
2020-05-10 08:21:48.465 T:3886019456 DEBUG: CVideoPlayer::ProcessVideoData size:2303 dts:36601.585 pts:36601.585 dur:41.700ms, clock:36599.500 level:16
2020-05-10 08:21:48.474 T:3886019456 DEBUG: CVideoPlayer::ProcessVideoData size:14212 dts:36601.627 pts:36601.710 dur:41.700ms, clock:36599.500 level:17
2020-05-10 08:21:48.476 T:3886019456 DEBUG: CVideoPlayer::ProcessVideoData size:3431 dts:36601.668 pts:36601.668 dur:41.700ms, clock:36599.500 level:17
2020-05-10 08:21:48.477 T:3886019456 DEBUG: CVideoPlayer::ProcessVideoData size:15731 dts:36601.710 pts:36601.793 dur:41.700ms, clock:36599.500 level:18
2020-05-10 08:21:48.479 T:3886019456 DEBUG: CVideoPlayer::ProcessVideoData size:3479 dts:36601.752 pts:36601.752 dur:41.700ms, clock:36599.500 level:18
2020-05-10 08:21:48.480 T:3886019456 DEBUG: CVideoPlayer::ProcessVideoData size:16936 dts:36601.793 pts:36601.877 dur:41.700ms, clock:36599.500 level:19
2020-05-10 08:21:48.482 T:3886019456 DEBUG: CVideoPlayer::ProcessVideoData size:3218 dts:36601.835 pts:36601.835 dur:41.700ms, clock:36599.500 level:19
2020-05-10 08:21:48.483 T:3886019456 DEBUG: CVideoPlayer::ProcessVideoData size:16364 dts:36601.877 pts:36601.960 dur:41.700ms, clock:36599.500 level:20
2020-05-10 08:21:48.492 T:3886019456 DEBUG: CVideoPlayer::ProcessVideoData size:2749 dts:36601.919 pts:36601.919 dur:41.700ms, clock:36599.500 level:20
2020-05-10 08:21:48.493 T:3886019456 DEBUG: CVideoPlayer::ProcessVideoData size:45228 dts:36601.960 pts:36602.002 dur:41.700ms, clock:36599.500 level:21
2020-05-10 08:21:48.494 T:3886019456 DEBUG: CVideoPlayer::ProcessVideoData size:5318 dts:36602.002 pts:36602.127 dur:41.700ms, clock:36599.500 level:21
2020-05-10 08:21:48.495 T:3886019456 DEBUG: CVideoPlayer::ProcessVideoData size:2921 dts:36602.044 pts:36602.044 dur:41.700ms, clock:36599.500 level:22
2020-05-10 08:21:48.496 T:3886019456 DEBUG: CVideoPlayer::ProcessVideoData size:3344 dts:36602.085 pts:36602.085 dur:41.700ms, clock:36599.500 level:22
2020-05-10 08:21:48.496 T:3886019456 DEBUG: CVideoPlayer::ProcessVideoData size:4725 dts:36602.127 pts:36602.252 dur:41.700ms, clock:36599.500 level:23
2020-05-10 08:21:48.497 T:3886019456 DEBUG: CVideoPlayer::ProcessVideoData size:981 dts:36602.169 pts:36602.169 dur:41.700ms, clock:36599.500 level:23
2020-05-10 08:21:48.507 T:3886019456 DEBUG: CVideoPlayer::ProcessVideoData size:982 dts:36602.211 pts:36602.211 dur:41.700ms, clock:36599.500 level:24
2020-05-10 08:21:48.508 T:3886019456 DEBUG: CVideoPlayer::ProcessVideoData size:2284 dts:36602.252 pts:36602.377 dur:41.700ms, clock:36599.500 level:24
2020-05-10 08:21:48.509 T:3886019456 DEBUG: CVideoPlayer::ProcessVideoData size:914 dts:36602.294 pts:36602.294 dur:41.700ms, clock:36599.500 level:25
2020-05-10 08:21:48.510 T:3886019456 DEBUG: CVideoPlayer::ProcessVideoData size:913 dts:36602.336 pts:36602.336 dur:41.700ms, clock:36599.500 level:26
2020-05-10 08:21:48.511 T:3886019456 DEBUG: CVideoPlayer::ProcessVideoData size:906 dts:36602.377 pts:36602.503 dur:41.700ms, clock:36599.500 level:26
2020-05-10 08:21:48.512 T:3886019456 DEBUG: CVideoPlayer::ProcessVideoData size:800 dts:36602.419 pts:36602.419 dur:41.700ms, clock:36599.500 level:27
2020-05-10 08:21:48.513 T:3886019456 DEBUG: CVideoPlayer::ProcessVideoData size:801 dts:36602.461 pts:36602.461 dur:41.700ms, clock:36599.500 level:27
2020-05-10 08:21:48.514 T:3886019456 DEBUG: CVideoPlayer::ProcessVideoData size:15818 dts:36602.503 pts:36602.586 dur:41.700ms, clock:36599.500 level:28
2020-05-10 08:21:48.524 T:3886019456 DEBUG: CVideoPlayer::ProcessVideoData size:571 dts:36602.544 pts:36602.544 dur:41.700ms, clock:36599.500 level:28
2020-05-10 08:21:48.525 T:3886019456 DEBUG: CVideoPlayer::ProcessVideoData size:24203 dts:36602.586 pts:36602.669 dur:41.700ms, clock:36599.500 level:29
2020-05-10 08:21:48.527 T:3886019456 DEBUG: CVideoPlayer::ProcessVideoData size:7025 dts:36602.628 pts:36602.628 dur:41.700ms, clock:36599.500 level:29
2020-05-10 08:21:48.529 T:3886019456 DEBUG: CVideoPlayer::ProcessVideoData size:28390 dts:36602.669 pts:36602.753 dur:41.700ms, clock:36599.500 level:30
2020-05-10 08:21:48.530 T:3886019456 DEBUG: CVideoPlayer::ProcessVideoData size:6200 dts:36602.711 pts:36602.711 dur:41.700ms, clock:36599.500 level:30
2020-05-10 08:21:48.541 T:3886019456 DEBUG: CVideoPlayer::ProcessVideoData size:26422 dts:36602.753 pts:36602.836 dur:41.700ms, clock:36599.500 level:31
2020-05-10 08:21:48.542 T:3886019456 DEBUG: CVideoPlayer::ProcessVideoData size:6631 dts:36602.794 pts:36602.794 dur:41.700ms, clock:36599.500 level:31
2020-05-10 08:21:48.544 T:3886019456 DEBUG: CVideoPlayer::ProcessVideoData size:20283 dts:36602.836 pts:36602.920 dur:41.700ms, clock:36599.500 level:32
2020-05-10 08:21:48.545 T:3886019456 DEBUG: CVideoPlayer::ProcessVideoData size:7489 dts:36602.878 pts:36602.878 dur:41.700ms, clock:36599.500 level:32
2020-05-10 08:21:48.546 T:3886019456 DEBUG: CVideoPlayer::ProcessVideoData size:2874 dts:36602.920 pts:36602.961 dur:41.700ms, clock:36599.500 level:33
2020-05-10 08:21:48.559 T:3886019456 DEBUG: CVideoPlayer::ProcessVideoData size:2450 dts:36602.961 pts:36603.003 dur:41.700ms, clock:36599.500 level:33
2020-05-10 08:21:48.560 T:3886019456 DEBUG: CVideoPlayer::ProcessVideoData size:44360 dts:36603.003 pts:36603.086 dur:41.700ms, clock:36599.500 level:34
2020-05-10 08:21:48.562 T:3886019456 DEBUG: CVideoPlayer::ProcessVideoData size:12672 dts:36603.045 pts:36603.045 dur:41.700ms, clock:36599.500 level:34
2020-05-10 08:21:48.577 T:3886019456 DEBUG: CVideoPlayer::ProcessVideoData size:44600 dts:36603.086 pts:36603.128 dur:41.700ms, clock:36599.500 level:35
2020-05-10 08:21:48.580 T:3886019456 DEBUG: CVideoPlayer::ProcessVideoData size:61321 dts:36603.128 pts:36603.170 dur:41.700ms, clock:36599.500 level:35
2020-05-10 08:21:48.596 T:3886019456 DEBUG: CVideoPlayer::ProcessVideoData size:67024 dts:36603.170 pts:36603.253 dur:41.700ms, clock:36599.500 level:36
2020-05-10 08:21:48.598 T:3886019456 DEBUG: CVideoPlayer::ProcessVideoData size:29806 dts:36603.212 pts:36603.212 dur:41.700ms, clock:36599.500 level:36
2020-05-10 08:21:48.614 T:3886019456 DEBUG: CVideoPlayer::ProcessVideoData size:77697 dts:36603.253 pts:36603.295 dur:41.700ms, clock:36599.500 level:37
2020-05-10 08:21:48.632 T:4029453184 DEBUG: CActiveAESink::OpenSink - trying to open device ALSA:surround71:CARD=AMLAUGESOUND,DEV=0
2020-05-10 08:21:48.632 T:4029453184 INFO: CAESinkALSA::Initialize - Attempting to open device "surround71:CARD=AMLAUGESOUND,DEV=0"
2020-05-10 08:21:48.639 T:3886019456 DEBUG: CVideoPlayer::ProcessVideoData size:64342 dts:36603.295 pts:36603.337 dur:41.700ms, clock:36599.500 level:38
2020-05-10 08:21:48.641 T:3886019456 DEBUG: CVideoPlayer::ProcessVideoData size:74111 dts:36603.337 pts:36603.378 dur:41.700ms, clock:36599.500 level:38
2020-05-10 08:21:48.642 T:4029453184 INFO: CAESinkALSA::Initialize - Opened device "surround71:CARD=AMLAUGESOUND,DEV=0"
2020-05-10 08:21:48.643 T:4029453184 INFO: CAESinkALSA::InitializeHW - Your hardware does not support AE_FMT_FLOAT, trying other formats
2020-05-10 08:21:48.643 T:4029453184 INFO: CAESinkALSA::InitializeHW - Using data format AE_FMT_S24NE4
2020-05-10 08:21:48.643 T:4029453184 DEBUG: CAESinkALSA::InitializeHW - Request: periodSize 2400, bufferSize 9600
2020-05-10 08:21:48.651 T:3886019456 DEBUG: CVideoPlayer::ProcessVideoData size:80054 dts:36603.378 pts:36603.462 dur:41.700ms, clock:36599.500 level:39
2020-05-10 08:21:48.669 T:4029453184 DEBUG: CAESinkALSA::InitializeHW - Got: periodSize 2400, bufferSize 9600
2020-05-10 08:21:48.669 T:4029453184 DEBUG: CAESinkALSA::InitializeHW - Setting timeout to 200 ms
2020-05-10 08:21:48.669 T:4029453184 DEBUG: CAESinkALSA::GetChannelLayout - Input Channel Count: 2 Output Channel Count: 2
2020-05-10 08:21:48.669 T:4029453184 DEBUG: CAESinkALSA::GetChannelLayout - Requested Layout: FL, FR
2020-05-10 08:21:48.669 T:4029453184 DEBUG: CAESinkALSA::GetChannelLayout - Got Layout: FL, FR (ALSA: FL FR)
2020-05-10 08:21:48.669 T:4029453184 DEBUG: CActiveAESink::OpenSink - ALSA Initialized:
2020-05-10 08:21:48.669 T:4029453184 DEBUG: Output Device : AML-AUGESOUND
2020-05-10 08:21:48.669 T:4029453184 DEBUG: Sample Rate : 48000
2020-05-10 08:21:48.669 T:4029453184 DEBUG: Sample Format : AE_FMT_S24NE4
2020-05-10 08:21:48.669 T:4029453184 DEBUG: Channel Count : 2
2020-05-10 08:21:48.669 T:4029453184 DEBUG: Channel Layout: FL, FR
2020-05-10 08:21:48.669 T:4029453184 DEBUG: Frames : 2400
2020-05-10 08:21:48.669 T:4029453184 DEBUG: Frame Size : 8
2020-05-10 08:21:48.674 T:4037845888 DEBUG: CActiveAE::ClearDiscardedBuffers - buffer pool deleted
2020-05-10 08:21:48.674 T:3886019456 DEBUG: CVideoPlayer::ProcessVideoData size:46530 dts:36603.420 pts:36603.420 dur:41.700ms, clock:36599.500 level:39
2020-05-10 08:21:48.675 T:4037845888 DEBUG: CActiveAE::ClearDiscardedBuffers - buffer pool deleted
2020-05-10 08:21:48.687 T:3886019456 DEBUG: CVideoPlayer::ProcessVideoData size:95421 dts:36603.462 pts:36603.503 dur:41.700ms, clock:36599.500 level:40
2020-05-10 08:21:48.693 T:3886019456 DEBUG: CVideoPlayer::HandleMessages - player started 1
2020-05-10 08:21:48.693 T:3427763072 DEBUG: OnAVChange: CApplication::OnAVChange
2020-05-10 08:21:48.693 T:3886019456 DEBUG: VideoPlayer::Sync - Audio - pts: 36600.299, cache: 0.490, totalcache: 0.800, packets:270 level:33
2020-05-10 08:21:48.693 T:3886019456 DEBUG: VideoPlayer::Sync - Video - pts: 36600.000, cache: 0.050, totalcache: 0.100, packets:85 level:40
2020-05-10 08:21:48.693 T:3886019456 DEBUG: CDVDClock::SetSpeedAdjust - adjusted:0.000000
2020-05-10 08:21:48.693 T:3389227904 DEBUG: CVideoPlayerVideo - CDVDMsg::GENERAL_RESYNC(36599809153.615967)
2020-05-10 08:21:48.695 T:3389227904 DEBUG: CVideoPlayerVideo::OutputPicture - ttd:231ms pts:36600.042 Clock:36599.811 Level:0
2020-05-10 08:21:48.696 T:3401663360 DEBUG: CDVDAudio::Resume - resume audio stream
2020-05-10 08:21:48.696 T:3886019456 DEBUG: CVideoPlayer::ProcessVideoData size:78566 dts:36603.503 pts:36603.545 dur:41.700ms, clock:36599.811 level:38
2020-05-10 08:21:48.697 T:3389227904 DEBUG: CVideoPlayerVideo::OutputPicture - ttd:271ms pts:36600.083 Clock:36599.812 Level:1
2020-05-10 08:21:48.697 T:4037845888 DEBUG: ActiveAE - start sync of audio stream
2020-05-10 08:21:48.698 T:3389227904 DEBUG: CVideoPlayerVideo::OutputPicture - ttd:311ms pts:36600.125 Clock:36599.814 Level:2
2020-05-10 08:21:48.699 T:3389227904 DEBUG: CVideoPlayerVideo::OutputPicture - ttd:351ms pts:36600.167 Clock:36599.815 Level:3
2020-05-10 08:21:48.701 T:3389227904 DEBUG: CVideoPlayerVideo::OutputPicture - ttd:391ms pts:36600.209 Clock:36599.817 Level:4
2020-05-10 08:21:48.702 T:3389227904 DEBUG: CVideoPlayerVideo::OutputPicture - ttd:432ms pts:36600.250 Clock:36599.818 Level:5
2020-05-10 08:21:48.706 T:3886019456 DEBUG: CVideoPlayer::ProcessVideoData size:69325 dts:36603.545 pts:36603.587 dur:41.700ms, clock:36599.822 level:38
2020-05-10 08:21:48.708 T:3886019456 DEBUG: CVideoPlayer::ProcessVideoData size:77279 dts:36603.587 pts:36603.670 dur:41.700ms, clock:36599.824 level:38
2020-05-10 08:21:48.725 T:3886019456 DEBUG: CVideoPlayer::ProcessVideoData size:65010 dts:36603.629 pts:36603.629 dur:41.700ms, clock:36599.841 level:36
2020-05-10 08:21:48.744 T:3886019456 DEBUG: CVideoPlayer::ProcessVideoData size:115932 dts:36603.670 pts:36603.712 dur:41.700ms, clock:36599.860 level:35
2020-05-10 08:21:48.762 T:3886019456 DEBUG: CVideoPlayer::ProcessVideoData size:112334 dts:36603.712 pts:36603.754 dur:41.700ms, clock:36599.878 level:34
2020-05-10 08:21:48.780 T:3886019456 DEBUG: CVideoPlayer::ProcessVideoData size:103374 dts:36603.754 pts:36603.879 dur:41.700ms, clock:36599.896 level:33
2020-05-10 08:21:48.798 T:3886019456 DEBUG: CVideoPlayer::ProcessVideoData size:82037 dts:36603.795 pts:36603.795 dur:41.700ms, clock:36599.914 level:31
2020-05-10 08:21:48.820 T:3886019456 DEBUG: CVideoPlayer::ProcessVideoData size:99227 dts:36603.837 pts:36603.837 dur:41.700ms, clock:36599.936 level:31
2020-05-10 08:21:48.822 T:4037845888 DEBUG: ActiveAE::SyncStream - average error of -6.418182, start adjusting
2020-05-10 08:21:48.822 T:4037845888 DEBUG: ActiveAE::SyncStream - average error -0.001515 below threshold of 30.000000
2020-05-10 08:21:48.835 T:3886019456 DEBUG: CVideoPlayer::ProcessVideoData size:134342 dts:36603.879 pts:36603.921 dur:41.700ms, clock:36599.951 level:32
2020-05-10 08:21:48.853 T:3886019456 DEBUG: CVideoPlayer::ProcessVideoData size:110588 dts:36603.921 pts:36603.962 dur:41.700ms, clock:36599.969 level:32
2020-05-10 08:21:48.871 T:3886019456 DEBUG: CVideoPlayer::ProcessVideoData size:111384 dts:36603.962 pts:36604.004 dur:41.700ms, clock:36599.987 level:33
2020-05-10 08:21:48.888 T:3886019456 DEBUG: CVideoPlayer::ProcessVideoData size:109212 dts:36604.004 pts:36604.087 dur:41.700ms, clock:36600.004 level:33
2020-05-10 08:21:48.907 T:3886019456 DEBUG: CVideoPlayer::ProcessVideoData size:82920 dts:36604.046 pts:36604.046 dur:41.700ms, clock:36600.023 level:34
2020-05-10 08:21:48.926 T:3886019456 DEBUG: CVideoPlayer::ProcessVideoData size:130597 dts:36604.087 pts:36604.129 dur:41.700ms, clock:36600.041 level:34
2020-05-10 08:21:48.947 T:3886019456 DEBUG: CVideoPlayer::ProcessVideoData size:120043 dts:36604.129 pts:36604.171 dur:41.700ms, clock:36600.063 level:35
2020-05-10 08:21:48.951 T:3389227904 DEBUG: CVideoPlayerVideo::OutputPicture - ttd:224ms pts:36600.292 Clock:36600.067 Level:2
2020-05-10 08:21:48.962 T:3886019456 DEBUG: CVideoPlayer::ProcessVideoData size:108032 dts:36604.171 pts:36604.213 dur:41.700ms, clock:36600.078 level:35
2020-05-10 08:21:48.980 T:3886019456 DEBUG: CVideoPlayer::ProcessVideoData size:109380 dts:36604.213 pts:36604.254 dur:41.700ms, clock:36600.096 level:35
2020-05-10 08:21:48.996 T:3389227904 DEBUG: CVideoPlayerVideo::OutputPicture - ttd:222ms pts:36600.334 Clock:36600.112 Level:2
2020-05-10 08:21:48.997 T:3389227904 DEBUG: CVideoPlayerVideo::OutputPicture - ttd:262ms pts:36600.375 Clock:36600.113 Level:3
2020-05-10 08:21:48.999 T:3886019456 DEBUG: CVideoPlayer::ProcessVideoData size:116016 dts:36604.254 pts:36604.296 dur:41.700ms, clock:36600.115 level:36
2020-05-10 08:21:49.017 T:3886019456 DEBUG: CVideoPlayer::ProcessVideoData size:112411 dts:36604.296 pts:36604.338 dur:41.700ms, clock:36600.133 level:35
2020-05-10 08:21:49.020 T:3886019456 DEBUG: CVideoPlayer::ProcessVideoData size:120652 dts:36604.338 pts:36604.421 dur:41.700ms, clock:36600.136 level:36
2020-05-10 08:21:49.053 T:3886019456 DEBUG: CVideoPlayer::ProcessVideoData size:81463 dts:36604.379 pts:36604.379 dur:41.700ms, clock:36600.169 level:36
2020-05-10 08:21:49.057 T:3886019456 DEBUG: CVideoPlayer::ProcessVideoData size:143892 dts:36604.421 pts:36604.505 dur:41.700ms, clock:36600.173 level:37
2020-05-10 08:21:49.076 T:3389227904 DEBUG: CVideoPlayerVideo::OutputPicture - ttd:224ms pts:36600.417 Clock:36600.192 Level:2
2020-05-10 08:21:49.090 T:3886019456 DEBUG: CVideoPlayer::ProcessVideoData size:84199 dts:36604.463 pts:36604.463 dur:41.700ms, clock:36600.206 level:37
2020-05-10 08:21:49.093 T:3886019456 DEBUG: CVideoPlayer::ProcessVideoData size:146392 dts:36604.505 pts:36604.588 dur:41.700ms, clock:36600.209 level:38
2020-05-10 08:21:49.114 T:3886019456 DEBUG: CVideoPlayer::ProcessVideoData size:96935 dts:36604.546 pts:36604.546 dur:41.700ms, clock:36600.230 level:38
2020-05-10 08:21:49.122 T:3389227904 DEBUG: CVideoPlayerVideo::OutputPicture - ttd:221ms pts:36600.459 Clock:36600.238 Level:2
2020-05-10 08:21:49.124 T:3389227904 DEBUG: CVideoPlayerVideo::OutputPicture - ttd:260ms pts:36600.500 Clock:36600.240 Level:3
2020-05-10 08:21:49.129 T:3886019456 DEBUG: CVideoPlayer::ProcessVideoData size:120972 dts:36604.588 pts:36604.671 dur:41.700ms, clock:36600.245 level:39
2020-05-10 08:21:49.145 T:3886019456 DEBUG: CVideoPlayer::ProcessVideoData size:94373 dts:36604.630 pts:36604.630 dur:41.700ms, clock:36600.261 level:38
2020-05-10 08:21:49.163 T:3886019456 DEBUG: CVideoPlayer::ProcessVideoData size:110326 dts:36604.671 pts:36604.755 dur:41.700ms, clock:36600.279 level:39
2020-05-10 08:21:49.182 T:3886019456 DEBUG: CVideoPlayer::ProcessVideoData size:83861 dts:36604.713 pts:36604.713 dur:41.700ms, clock:36600.298 level:39
2020-05-10 08:21:49.200 T:3886019456 DEBUG: CVideoPlayer::ProcessVideoData size:148017 dts:36604.755 pts:36604.880 dur:41.700ms, clock:36600.316 level:40
2020-05-10 08:21:49.202 T:3389227904 DEBUG: CVideoPlayerVideo::OutputPicture - ttd:224ms pts:36600.542 Clock:36600.318 Level:2
2020-05-10 08:21:49.218 T:3886019456 DEBUG: CVideoPlayer::ProcessVideoData size:88702 dts:36604.796 pts:36604.796 dur:41.700ms, clock:36600.334 level:40
2020-05-10 08:21:49.240 T:3886019456 DEBUG: CVideoPlayer::ProcessVideoData size:111818 dts:36604.838 pts:36604.838 dur:41.700ms, clock:36600.356 level:40
2020-05-10 08:21:49.246 T:3389227904 DEBUG: CVideoPlayerVideo::OutputPicture - ttd:221ms pts:36600.584 Clock:36600.362 Level:2
2020-05-10 08:21:49.247 T:3389227904 DEBUG: CVideoPlayerVideo::OutputPicture - ttd:262ms pts:36600.626 Clock:36600.363 Level:3
2020-05-10 08:21:49.255 T:3886019456 DEBUG: CVideoPlayer::ProcessVideoData size:150844 dts:36604.880 pts:36604.963 dur:41.700ms, clock:36600.371 level:40
2020-05-10 08:21:49.281 T:3886019456 DEBUG: CVideoPlayer::ProcessVideoData size:97731 dts:36604.922 pts:36604.922 dur:41.700ms, clock:36600.396 level:40
2020-05-10 08:21:49.292 T:3886019456 DEBUG: CVideoPlayer::ProcessVideoData size:129520 dts:36604.963 pts:36605.005 dur:41.700ms, clock:36600.408 level:41
2020-05-10 08:21:49.310 T:3886019456 DEBUG: CVideoPlayer::ProcessVideoData size:127225 dts:36605.005 pts:36605.088 dur:41.700ms, clock:36600.426 level:41
2020-05-10 08:21:49.328 T:3886019456 DEBUG: CVideoPlayer::ProcessVideoData size:83433 dts:36605.047 pts:36605.047 dur:41.700ms, clock:36600.444 level:42
2020-05-10 08:21:49.331 T:3389227904 DEBUG: CVideoPlayerVideo::OutputPicture - ttd:220ms pts:36600.667 Clock:36600.447 Level:2
2020-05-10 08:21:49.346 T:3886019456 DEBUG: CVideoPlayer::ProcessVideoData size:139550 dts:36605.088 pts:36605.172 dur:41.700ms, clock:36600.462 level:42
2020-05-10 08:21:49.366 T:3886019456 DEBUG: CVideoPlayer::ProcessVideoData size:94654 dts:36605.130 pts:36605.130 dur:41.700ms, clock:36600.482 level:42
2020-05-10 08:21:49.369 T:3389227904 DEBUG: CVideoPlayerVideo::OutputPicture - ttd:223ms pts:36600.709 Clock:36600.485 Level:2
2020-05-10 08:21:49.371 T:3389227904 DEBUG: CVideoPlayerVideo::OutputPicture - ttd:264ms pts:36600.751 Clock:36600.487 Level:3
2020-05-10 08:21:49.383 T:3886019456 DEBUG: CVideoPlayer::ProcessVideoData size:135795 dts:36605.172 pts:36605.297 dur:41.700ms, clock:36600.499 level:42
2020-05-10 08:21:49.405 T:3886019456 DEBUG: CVideoPlayer::ProcessVideoData size:98298 dts:36605.214 pts:36605.214 dur:41.700ms, clock:36600.520 level:42
2020-05-10 08:21:49.419 T:3886019456 DEBUG: CVideoPlayer::ProcessVideoData size:98284 dts:36605.255 pts:36605.255 dur:41.700ms, clock:36600.535 level:43
2020-05-10 08:21:49.437 T:3886019456 DEBUG: CVideoPlayer::ProcessVideoData size:143686 dts:36605.297 pts:36605.422 dur:41.700ms, clock:36600.553 level:43
2020-05-10 08:21:49.452 T:3389227904 DEBUG: CVideoPlayerVideo::OutputPicture - ttd:225ms pts:36600.792 Clock:36600.567 Level:2
2020-05-10 08:21:49.455 T:3886019456 DEBUG: CVideoPlayer::ProcessVideoData size:97253 dts:36605.339 pts:36605.339 dur:41.700ms, clock:36600.571 level:44
2020-05-10 08:21:49.478 T:3886019456 DEBUG: CVideoPlayer::ProcessVideoData size:110919 dts:36605.380 pts:36605.380 dur:41.700ms, clock:36600.594 level:44
2020-05-10 08:21:49.492 T:3886019456 DEBUG: CVideoPlayer::ProcessVideoData size:137566 dts:36605.422 pts:36605.505 dur:41.700ms, clock:36600.608 level:44
2020-05-10 08:21:49.496 T:3389227904 DEBUG: CVideoPlayerVideo::OutputPicture - ttd:222ms pts:36600.834 Clock:36600.612 Level:2
2020-05-10 08:21:49.497 T:3389227904 DEBUG: CVideoPlayerVideo::OutputPicture - ttd:262ms pts:36600.876 Clock:36600.613 Level:3
2020-05-10 08:21:49.510 T:3886019456 DEBUG: CVideoPlayer::ProcessVideoData size:95887 dts:36605.464 pts:36605.464 dur:41.700ms, clock:36600.626 level:44
2020-05-10 08:21:49.532 T:3886019456 DEBUG: CVideoPlayer::ProcessVideoData size:128835 dts:36605.505 pts:36605.631 dur:41.700ms, clock:36600.648 level:44
2020-05-10 08:21:49.555 T:3886019456 DEBUG: CVideoPlayer::ProcessVideoData size:97457 dts:36605.547 pts:36605.547 dur:41.700ms, clock:36600.671 level:45
2020-05-10 08:21:49.565 T:3886019456 DEBUG: CVideoPlayer::ProcessVideoData size:111884 dts:36605.589 pts:36605.589 dur:41.700ms, clock:36600.681 level:45
2020-05-10 08:21:49.577 T:3389227904 DEBUG: CVideoPlayerVideo::OutputPicture - ttd:225ms pts:36600.918 Clock:36600.693 Level:2
2020-05-10 08:21:49.578 T:3389227904 DEBUG: CVideoPlayerVideo::OutputPicture - ttd:265ms pts:36600.959 Clock:36600.694 Level:3
2020-05-10 08:21:49.584 T:3886019456 DEBUG: CVideoPlayer::ProcessVideoData size:138698 dts:36605.631 pts:36605.756 dur:41.700ms, clock:36600.700 level:46
2020-05-10 08:21:49.602 T:3886019456 DEBUG: CVideoPlayer::ProcessVideoData size:97971 dts:36605.672 pts:36605.672 dur:41.700ms, clock:36600.717 level:45
2020-05-10 08:21:49.620 T:3886019456 DEBUG: CVideoPlayer::ProcessVideoData size:99230 dts:36605.714 pts:36605.714 dur:41.700ms, clock:36600.735 level:46
2020-05-10 08:21:49.638 T:3886019456 DEBUG: CVideoPlayer::ProcessVideoData size:133584 dts:36605.756 pts:36605.881 dur:41.700ms, clock:36600.753 level:46
2020-05-10 08:21:49.657 T:3886019456 DEBUG: CVideoPlayer::ProcessVideoData size:99215 dts:36605.797 pts:36605.797 dur:41.700ms, clock:36600.773 level:46
2020-05-10 08:21:49.674 T:3886019456 DEBUG: CVideoPlayer::ProcessVideoData size:111644 dts:36605.839 pts:36605.839 dur:41.700ms, clock:36600.790 level:46
2020-05-10 08:21:49.694 T:3886019456 DEBUG: CVideoPlayer::ProcessVideoData size:134702 dts:36605.881 pts:36605.964 dur:41.700ms, clock:36600.810 level:47
2020-05-10 08:21:49.703 T:3389227904 DEBUG: CVideoPlayerVideo::OutputPicture - ttd:182ms pts:36601.001 Clock:36600.819 Level:1
2020-05-10 08:21:49.704 T:3389227904 DEBUG: CVideoPlayerVideo::OutputPicture - ttd:222ms pts:36601.043 Clock:36600.820 Level:2
2020-05-10 08:21:49.705 T:3389227904 DEBUG: CVideoPlayerVideo::OutputPicture - ttd:263ms pts:36601.084 Clock:36600.821 Level:3
2020-05-10 08:21:49.706 T:3389227904 DEBUG: CVideoPlayerVideo::OutputPicture - ttd:303ms pts:36601.126 Clock:36600.822 Level:4
2020-05-10 08:21:49.711 T:3886019456 DEBUG: CVideoPlayer::ProcessVideoData size:95956 dts:36605.923 pts:36605.923 dur:41.700ms, clock:36600.827 level:47
2020-05-10 08:21:49.725 T:4050645888 DEBUG: CLibInputKeyboard::ProcessKey - using delay: 500ms repeat: 33ms
2020-05-10 08:21:49.726 T:3376104320 DEBUG: Thread Timer start, auto delete: false
2020-05-10 08:21:49.735 T:4060491200 DEBUG: Keyboard: scancode: 0x6a, sym: 0x0113, unicode: 0x0000, modifier: 0x0
2020-05-10 08:21:49.736 T:4060491200 DEBUG: HandleKey: right (0xf083) pressed, action is StepForward
2020-05-10 08:21:49.737 T:4060491200 DEBUG: ------ Window Init (DialogSeekBar.xml) ------
2020-05-10 08:21:49.746 T:3886019456 DEBUG: CVideoPlayer::ProcessVideoData size:138431 dts:36605.964 pts:36606.006 dur:41.700ms, clock:36600.862 level:47
2020-05-10 08:21:49.749 T:3886019456 DEBUG: CVideoPlayer::ProcessVideoData size:133136 dts:36606.006 pts:36606.131 dur:41.700ms, clock:36600.865 level:48
2020-05-10 08:21:49.765 T:3886019456 DEBUG: CVideoPlayer::ProcessVideoData size:89323 dts:36606.048 pts:36606.048 dur:41.700ms, clock:36600.881 level:48
2020-05-10 08:21:49.777 T:4060491200 DEBUG: ------ Window Init (Custom_1109_TopBarOverlay.xml) ------
2020-05-10 08:21:49.785 T:3376104320 DEBUG: Thread Timer 3376104320 terminating
2020-05-10 08:21:49.786 T:3886019456 DEBUG: CVideoPlayer::ProcessVideoData size:91814 dts:36606.089 pts:36606.089 dur:41.700ms, clock:36600.902 level:48
2020-05-10 08:21:49.788 T:3389227904 DEBUG: CVideoPlayerVideo::OutputPicture - ttd:263ms pts:36601.168 Clock:36600.904 Level:3
2020-05-10 08:21:49.802 T:3886019456 DEBUG: CVideoPlayer::ProcessVideoData size:124410 dts:36606.131 pts:36606.173 dur:41.700ms, clock:36600.918 level:48
2020-05-10 08:21:49.820 T:4060491200 DEBUG: Keyboard: scancode: 0x6a, sym: 0x0113, unicode: 0x0000, modifier: 0x0
2020-05-10 08:21:49.826 T:3389227904 DEBUG: CVideoPlayerVideo::OutputPicture - ttd:267ms pts:36601.210 Clock:36600.942 Level:3
2020-05-10 08:21:49.827 T:3389227904 DEBUG: CVideoPlayerVideo::OutputPicture - ttd:308ms pts:36601.251 Clock:36600.943 Level:4
2020-05-10 08:21:49.828 T:3886019456 DEBUG: CVideoPlayer::ProcessVideoData size:126976 dts:36606.173 pts:36606.215 dur:41.700ms, clock:36600.944 level:49
2020-05-10 08:21:49.855 T:3886019456 DEBUG: CVideoPlayer::ProcessVideoData size:130743 dts:36606.215 pts:36606.256 dur:41.700ms, clock:36600.971 level:49
2020-05-10 08:21:49.873 T:3401663360 DEBUG: CDVDClock::ErrorAdjust - CVideoPlayerAudio::OutputPacket - error:-29887.521157, adjusted:-29887.521157
2020-05-10 08:21:49.874 T:3886019456 DEBUG: CVideoPlayer::ProcessVideoData size:128103 dts:36606.256 pts:36606.298 dur:41.700ms, clock:36600.960 level:50
2020-05-10 08:21:49.892 T:3886019456 DEBUG: CVideoPlayer::ProcessVideoData size:126294 dts:36606.298 pts:36606.340 dur:41.700ms, clock:36600.978 level:50
2020-05-10 08:21:49.911 T:3886019456 DEBUG: CVideoPlayer::ProcessVideoData size:126656 dts:36606.340 pts:36606.381 dur:41.700ms, clock:36600.997 level:50
2020-05-10 08:21:49.929 T:3886019456 DEBUG: CVideoPlayer::ProcessVideoData size:110204 dts:36606.381 pts:36606.423 dur:41.700ms, clock:36601.015 level:51
2020-05-10 08:21:49.951 T:3886019456 DEBUG: CVideoPlayer::ProcessVideoData size:121537 dts:36606.423 pts:36606.465 dur:41.700ms, clock:36601.037 level:51
2020-05-10 08:21:49.956 T:3389227904 DEBUG: CVideoPlayerVideo::OutputPicture - ttd:250ms pts:36601.293 Clock:36601.042 Level:3
2020-05-10 08:21:49.965 T:3886019456 DEBUG: CVideoPlayer::ProcessVideoData size:114933 dts:36606.465 pts:36606.507 dur:41.700ms, clock:36601.051 level:51
2020-05-10 08:21:49.984 T:3886019456 DEBUG: CVideoPlayer::ProcessVideoData size:121901 dts:36606.507 pts:36606.548 dur:41.700ms, clock:36601.070 level:52
2020-05-10 08:21:49.995 T:3389227904 DEBUG: CVideoPlayerVideo::OutputPicture - ttd:253ms pts:36601.335 Clock:36601.081 Level:3
2020-05-10 08:21:49.997 T:3389227904 DEBUG: CVideoPlayerVideo::OutputPicture - ttd:293ms pts:36601.376 Clock:36601.083 Level:4
2020-05-10 08:21:50.002 T:3886019456 DEBUG: CVideoPlayer::ProcessVideoData size:117298 dts:36606.548 pts:36606.590 dur:41.700ms, clock:36601.088 level:52
2020-05-10 08:21:50.020 T:3886019456 DEBUG: CVideoPlayer::ProcessVideoData size:101589 dts:36606.590 pts:36606.632 dur:41.700ms, clock:36601.106 level:52
2020-05-10 08:21:50.038 T:3886019456 DEBUG: CVideoPlayer::ProcessVideoData size:120532 dts:36606.632 pts:36606.673 dur:41.700ms, clock:36601.124 level:52
2020-05-10 08:21:50.056 T:3886019456 DEBUG: CVideoPlayer::ProcessVideoData size:97986 dts:36606.673 pts:36606.715 dur:41.700ms, clock:36601.142 level:53
2020-05-10 08:21:50.059 T:3886019456 DEBUG: CVideoPlayer::ProcessVideoData size:108889 dts:36606.715 pts:36606.840 dur:41.700ms, clock:36601.145 level:53
2020-05-10 08:21:50.077 T:3886019456 DEBUG: CVideoPlayer::ProcessVideoData size:91478 dts:36606.757 pts:36606.757 dur:41.700ms, clock:36601.163 level:54
2020-05-10 08:21:50.094 T:3886019456 DEBUG: CVideoPlayer::ProcessVideoData size:85698 dts:36606.798 pts:36606.798 dur:41.700ms, clock:36601.180 level:54
2020-05-10 08:21:50.118 T:3886019456 DEBUG: CVideoPlayer::ProcessVideoData size:126561 dts:36606.840 pts:36606.882 dur:41.700ms, clock:36601.204 level:55
2020-05-10 08:21:50.120 T:3389227904 DEBUG: CVideoPlayerVideo::OutputPicture - ttd:212ms pts:36601.418 Clock:36601.206 Level:2
2020-05-10 08:21:50.130 T:3886019456 DEBUG: CVideoPlayer::ProcessVideoData size:105249 dts:36606.882 pts:36606.924 dur:41.700ms, clock:36601.216 level:55
2020-05-10 08:21:50.148 T:3886019456 DEBUG: CVideoPlayer::ProcessVideoData size:77301 dts:36606.924 pts:36606.965 dur:41.700ms, clock:36601.234 level:55
2020-05-10 08:21:50.151 T:3886019456 DEBUG: CVideoPlayer::ProcessVideoData size:77149 dts:36606.965 pts:36607.090 dur:41.700ms, clock:36601.237 level:56
2020-05-10 08:21:50.165 T:3389227904 DEBUG: CVideoPlayerVideo::OutputPicture - ttd:209ms pts:36601.460 Clock:36601.251 Level:2
2020-05-10 08:21:50.166 T:3389227904 DEBUG: CVideoPlayerVideo::OutputPicture - ttd:249ms pts:36601.501 Clock:36601.252 Level:3
2020-05-10 08:21:50.167 T:3886019456 DEBUG: CVideoPlayer::ProcessVideoData size:68037 dts:36607.007 pts:36607.007 dur:41.700ms, clock:36601.252 level:56
2020-05-10 08:21:50.184 T:3886019456 DEBUG: CVideoPlayer::ProcessVideoData size:68046 dts:36607.049 pts:36607.049 dur:41.700ms, clock:36601.270 level:56
2020-05-10 08:21:50.202 T:3886019456 DEBUG: CVideoPlayer::ProcessVideoData size:103677 dts:36607.090 pts:36607.132 dur:41.700ms, clock:36601.288 level:56
2020-05-10 08:21:50.206 T:3886019456 DEBUG: CVideoPlayer::ProcessVideoData size:100246 dts:36607.132 pts:36607.257 dur:41.700ms, clock:36601.292 level:57
2020-05-10 08:21:50.221 T:3886019456 DEBUG: CVideoPlayer::ProcessVideoData size:78385 dts:36607.174 pts:36607.174 dur:41.700ms, clock:36601.307 level:57
2020-05-10 08:21:50.241 T:3886019456 DEBUG: CVideoPlayer::ProcessVideoData size:87579 dts:36607.216 pts:36607.216 dur:41.700ms, clock:36601.326 level:58
2020-05-10 08:21:50.244 T:3389227904 DEBUG: CVideoPlayerVideo::OutputPicture - ttd:212ms pts:36601.543 Clock:36601.330 Level:2
2020-05-10 08:21:50.257 T:3886019456 DEBUG: CVideoPlayer::ProcessVideoData size:114180 dts:36607.257 pts:36607.382 dur:41.700ms, clock:36601.343 level:58
2020-05-10 08:21:50.283 T:3886019456 DEBUG: CVideoPlayer::ProcessVideoData size:86953 dts:36607.299 pts:36607.299 dur:41.700ms, clock:36601.369 level:58
2020-05-10 08:21:50.289 T:3389227904 DEBUG: CVideoPlayerVideo::OutputPicture - ttd:210ms pts:36601.585 Clock:36601.375 Level:2
2020-05-10 08:21:50.290 T:3389227904 DEBUG: CVideoPlayerVideo::OutputPicture - ttd:250ms pts:36601.627 Clock:36601.376 Level:3
2020-05-10 08:21:50.294 T:3886019456 DEBUG: CVideoPlayer::ProcessVideoData size:88879 dts:36607.341 pts:36607.341 dur:41.700ms, clock:36601.380 level:59
2020-05-10 08:21:50.311 T:3886019456 DEBUG: CVideoPlayer::ProcessVideoData size:114245 dts:36607.382 pts:36607.507 dur:41.700ms, clock:36601.397 level:58
2020-05-10 08:21:50.315 T:3886019456 DEBUG: CVideoPlayer::ProcessVideoData size:89566 dts:36607.424 pts:36607.424 dur:41.700ms, clock:36601.401 level:59
2020-05-10 08:21:50.331 T:3886019456 DEBUG: CVideoPlayer::ProcessVideoData size:89949 dts:36607.466 pts:36607.466 dur:41.700ms, clock:36601.417 level:59
2020-05-10 08:21:50.349 T:3886019456 DEBUG: CVideoPlayer::ProcessVideoData size:109844 dts:36607.507 pts:36607.633 dur:41.700ms, clock:36601.435 level:60
2020-05-10 08:21:50.369 T:3886019456 DEBUG: CVideoPlayer::ProcessVideoData size:89935 dts:36607.549 pts:36607.549 dur:41.700ms, clock:36601.455 level:60
2020-05-10 08:21:50.372 T:3389227904 DEBUG: CVideoPlayerVideo::OutputPicture - ttd:210ms pts:36601.668 Clock:36601.458 Level:2
2020-05-10 08:21:50.374 T:3389227904 DEBUG: CVideoPlayerVideo::OutputPicture - ttd:249ms pts:36601.710 Clock:36601.460 Level:3
2020-05-10 08:21:50.385 T:3886019456 DEBUG: CVideoPlayer::ProcessVideoData size:87668 dts:36607.591 pts:36607.591 dur:41.700ms, clock:36601.471 level:60
2020-05-10 08:21:50.408 T:3886019456 DEBUG: CVideoPlayer::ProcessVideoData size:108313 dts:36607.633 pts:36607.758 dur:41.700ms, clock:36601.494 level:60
2020-05-10 08:21:50.411 T:3886019456 DEBUG: CVideoPlayer::ProcessVideoData size:78748 dts:36607.674 pts:36607.674 dur:41.700ms, clock:36601.497 level:61
2020-05-10 08:21:50.413 T:3389227904 DEBUG: CVideoPlayerVideo::OutputPicture - ttd:252ms pts:36601.752 Clock:36601.499 Level:3
2020-05-10 08:21:50.414 T:3389227904 DEBUG: CVideoPlayerVideo::OutputPicture - ttd:293ms pts:36601.793 Clock:36601.500 Level:4
2020-05-10 08:21:50.423 T:3886019456 DEBUG: CVideoPlayer::ProcessVideoData size:76936 dts:36607.716 pts:36607.716 dur:41.700ms, clock:36601.509 level:61
2020-05-10 08:21:50.440 T:3886019456 DEBUG: CVideoPlayer::ProcessVideoData size:102911 dts:36607.758 pts:36607.883 dur:41.700ms, clock:36601.526 level:61
2020-05-10 08:21:50.458 T:3886019456 DEBUG: CVideoPlayer::ProcessVideoData size:76694 dts:36607.799 pts:36607.799 dur:41.700ms, clock:36601.544 level:62
2020-05-10 08:21:50.476 T:3886019456 DEBUG: CVideoPlayer::ProcessVideoData size:84623 dts:36607.841 pts:36607.841 dur:41.700ms, clock:36601.562 level:62
2020-05-10 08:21:50.479 T:3886019456 DEBUG: CVideoPlayer::ProcessVideoData size:98119 dts:36607.883 pts:36607.925 dur:41.700ms, clock:36601.565 level:63
2020-05-10 08:21:50.493 T:3886019456 DEBUG: CDVDClock::SetSpeedAdjust - adjusted:0.000000
2020-05-10 08:21:50.495 T:3389227904 DEBUG: CAMLCodec::SetSpeed, speed(0)
2020-05-10 08:21:50.496 T:3389227904 DEBUG: CVideoPlayerVideo::OutputPicture - ttd:256ms pts:36601.835 Clock:36601.579 Level:3
2020-05-10 08:21:50.496 T:3886019456 DEBUG: demuxer seek to: 12302.435027
2020-05-10 08:21:50.496 T:3886019456 DEBUG: CBlurayCallback::Logger - register.c:420: bd_psr_write(): PSR8 (TIME) 0x622b39c0 -> 0x6233a500
2020-05-10 08:21:50.496 T:3886019456 DEBUG: CBlurayCallback::Logger - bluray.c:3115: PSR change: psr8 = 1647551744
2020-05-10 08:21:50.496 T:3886019456 DEBUG: CBlurayCallback::Logger - register.c:418: bd_psr_write(5, 1): no change in value
2020-05-10 08:21:50.496 T:3886019456 DEBUG: CBlurayCallback::Logger - bluray.c:3076: PSR write: psr5 = 1
2020-05-10 08:21:50.496 T:3886019456 DEBUG: CBlurayCallback::Logger - bluray.c:1632: Seek to 25443456
2020-05-10 08:21:50.496 T:3886019456 DEBUG: CDVDInputStreamBluray - BD_EVENT_SEEK
2020-05-10 08:21:50.496 T:3886019456 DEBUG: demuxer seek to: 12302.435027, success
2020-05-10 08:21:50.496 T:3886019456 DEBUG: CVideoPlayer::FlushBuffers - flushing buffers
2020-05-10 08:21:50.497 T:3389227904 DEBUG: CVideoPlayerVideo::OutputPicture - ttd:298ms pts:36601.877 Clock:36601.579 Level:4
2020-05-10 08:21:50.498 T:3389227904 DEBUG: CAMLCodec::Reset
2020-05-10 08:21:50.522 T:3401663360 DEBUG: CDVDAudio::Pause - pausing audio stream
2020-05-10 08:21:50.572 T:3401663360 DEBUG: CDVDAudio::Flush - flush audio stream
2020-05-10 08:21:50.573 T:3401663360 DEBUG: CDVDAudio::Pause - pausing audio stream
2020-05-10 08:21:50.573 T:3401663360 DEBUG: CVideoPlayerAudio - CDVDMsg::GENERAL_SYNCHRONIZE
2020-05-10 08:21:50.573 T:3389227904 DEBUG: CVideoPlayerVideo - CDVDMsg::GENERAL_SYNCHRONIZE
2020-05-10 08:21:50.655 T:3401663360 ERROR: ffmpeg[CAC14380]: [dca] Residual encoded channels are present without core
2020-05-10 08:21:50.673 T:3886019456 DEBUG: CVideoPlayer::ProcessVideoData size:76835 dts:36612.262 pts:36612.387 dur:41.700ms, clock:36611.887 level:0
2020-05-10 08:21:50.674 T:3389227904 INFO: CVideoPlayerVideo - Stillframe left, switching to normal playback
2020-05-10 08:21:50.674 T:3389227904 DEBUG: DVDVideoCodecAmlogic::Decode waiting for keyframe (bitparser)
2020-05-10 08:21:50.690 T:3886019456 DEBUG: CVideoPlayer::ProcessVideoData size:51442 dts:36612.304 pts:36612.304 dur:41.700ms, clock:36611.887 level:0
2020-05-10 08:21:50.692 T:3389227904 DEBUG: DVDVideoCodecAmlogic::Decode waiting for keyframe (bitparser)
2020-05-10 08:21:50.709 T:3886019456 DEBUG: CVideoPlayer::ProcessVideoData size:57793 dts:36612.346 pts:36612.346 dur:41.700ms, clock:36611.887 level:0
2020-05-10 08:21:50.710 T:3389227904 DEBUG: DVDVideoCodecAmlogic::Decode waiting for keyframe (bitparser)
2020-05-10 08:21:50.711 T:3886019456 DEBUG: CVideoPlayer::ProcessVideoData size:78357 dts:36612.387 pts:36612.512 dur:41.700ms, clock:36611.887 level:0
2020-05-10 08:21:50.711 T:3389227904 DEBUG: DVDVideoCodecAmlogic::Decode waiting for keyframe (bitparser)
2020-05-10 08:21:50.727 T:3886019456 DEBUG: CVideoPlayer::ProcessVideoData size:57709 dts:36612.429 pts:36612.429 dur:41.700ms, clock:36611.887 level:0
2020-05-10 08:21:50.727 T:3389227904 DEBUG: DVDVideoCodecAmlogic::Decode waiting for keyframe (bitparser)
2020-05-10 08:21:50.745 T:3886019456 DEBUG: CVideoPlayer::ProcessVideoData size:58554 dts:36612.471 pts:36612.471 dur:41.700ms, clock:36611.887 level:0
2020-05-10 08:21:50.745 T:3389227904 DEBUG: DVDVideoCodecAmlogic::Decode waiting for keyframe (bitparser)
2020-05-10 08:21:50.746 T:3886019456 DEBUG: CVideoPlayer::HandleMessages - player started 1
2020-05-10 08:21:50.746 T:3436155776 DEBUG: OnAVChange: CApplication::OnAVChange
2020-05-10 08:21:50.747 T:3886019456 DEBUG: CVideoPlayer::ProcessVideoData size:77990 dts:36612.512 pts:36612.638 dur:41.700ms, clock:36611.887 level:0
2020-05-10 08:21:50.747 T:3389227904 DEBUG: DVDVideoCodecAmlogic::Decode waiting for keyframe (bitparser)
2020-05-10 08:21:50.763 T:3886019456 DEBUG: CVideoPlayer::ProcessVideoData size:58049 dts:36612.554 pts:36612.554 dur:41.700ms, clock:36611.887 level:0
2020-05-10 08:21:50.763 T:3389227904 DEBUG: DVDVideoCodecAmlogic::Decode waiting for keyframe (bitparser)
2020-05-10 08:21:50.766 T:3886019456 DEBUG: CVideoPlayer::ProcessVideoData size:58022 dts:36612.596 pts:36612.596 dur:41.700ms, clock:36611.887 level:0
2020-05-10 08:21:50.766 T:3389227904 DEBUG: DVDVideoCodecAmlogic::Decode waiting for keyframe (bitparser)
2020-05-10 08:21:50.782 T:3886019456 DEBUG: CVideoPlayer::ProcessVideoData size:73024 dts:36612.638 pts:36612.763 dur:41.700ms, clock:36611.887 level:0
2020-05-10 08:21:50.783 T:3389227904 DEBUG: DVDVideoCodecAmlogic::Decode waiting for keyframe (bitparser)
2020-05-10 08:21:50.785 T:3886019456 DEBUG: CVideoPlayer::ProcessVideoData size:58690 dts:36612.679 pts:36612.679 dur:41.700ms, clock:36611.887 level:0
2020-05-10 08:21:50.785 T:3389227904 DEBUG: DVDVideoCodecAmlogic::Decode waiting for keyframe (bitparser)
2020-05-10 08:21:50.801 T:3886019456 DEBUG: CVideoPlayer::ProcessVideoData size:57944 dts:36612.721 pts:36612.721 dur:41.700ms, clock:36611.887 level:0
2020-05-10 08:21:50.801 T:3389227904 DEBUG: DVDVideoCodecAmlogic::Decode waiting for keyframe (bitparser)
2020-05-10 08:21:50.818 T:3886019456 DEBUG: CVideoPlayer::ProcessVideoData size:76570 dts:36612.763 pts:36612.888 dur:41.700ms, clock:36611.887 level:0
2020-05-10 08:21:50.818 T:3389227904 DEBUG: DVDVideoCodecAmlogic::Decode waiting for keyframe (bitparser)
2020-05-10 08:21:50.825 T:3886019456 DEBUG: CVideoPlayer::ProcessVideoData size:57331 dts:36612.804 pts:36612.804 dur:41.700ms, clock:36611.887 level:0
2020-05-10 08:21:50.825 T:3389227904 DEBUG: DVDVideoCodecAmlogic::Decode waiting for keyframe (bitparser)
2020-05-10 08:21:50.837 T:3886019456 DEBUG: CVideoPlayer::ProcessVideoData size:58178 dts:36612.846 pts:36612.846 dur:41.700ms, clock:36611.887 level:0
2020-05-10 08:21:50.837 T:3389227904 DEBUG: DVDVideoCodecAmlogic::Decode waiting for keyframe (bitparser)
2020-05-10 08:21:50.854 T:3886019456 DEBUG: CVideoPlayer::ProcessVideoData size:87349 dts:36612.888 pts:36613.013 dur:41.700ms, clock:36611.887 level:0
2020-05-10 08:21:50.854 T:3389227904 DEBUG: DVDVideoCodecAmlogic::Decode waiting for keyframe (bitparser)
2020-05-10 08:21:50.857 T:3886019456 DEBUG: CVideoPlayer::ProcessVideoData size:60830 dts:36612.930 pts:36612.930 dur:41.700ms, clock:36611.887 level:0
2020-05-10 08:21:50.858 T:3389227904 DEBUG: DVDVideoCodecAmlogic::Decode waiting for keyframe (bitparser)
2020-05-10 08:21:50.874 T:3886019456 DEBUG: CVideoPlayer::ProcessVideoData size:69156 dts:36612.971 pts:36612.971 dur:41.700ms, clock:36611.887 level:0
2020-05-10 08:21:50.874 T:3389227904 DEBUG: DVDVideoCodecAmlogic::Decode waiting for keyframe (bitparser)
2020-05-10 08:21:50.891 T:3886019456 DEBUG: CVideoPlayer::ProcessVideoData size:86013 dts:36613.013 pts:36613.138 dur:41.700ms, clock:36611.887 level:0
2020-05-10 08:21:50.891 T:3389227904 DEBUG: DVDVideoCodecAmlogic::Decode waiting for keyframe (bitparser)
2020-05-10 08:21:50.894 T:3886019456 DEBUG: CVideoPlayer::ProcessVideoData size:59415 dts:36613.055 pts:36613.055 dur:41.700ms, clock:36611.887 level:0
2020-05-10 08:21:50.894 T:3389227904 DEBUG: DVDVideoCodecAmlogic::Decode waiting for keyframe (bitparser)
2020-05-10 08:21:50.910 T:3886019456 DEBUG: CVideoPlayer::ProcessVideoData size:67737 dts:36613.096 pts:36613.096 dur:41.700ms, clock:36611.887 level:0
2020-05-10 08:21:50.911 T:3389227904 DEBUG: DVDVideoCodecAmlogic::Decode waiting for keyframe (bitparser)
2020-05-10 08:21:50.927 T:3886019456 DEBUG: CVideoPlayer::ProcessVideoData size:91602 dts:36613.138 pts:36613.222 dur:41.700ms, clock:36611.887 level:0
2020-05-10 08:21:50.928 T:3389227904 DEBUG: DVDVideoCodecAmlogic::Decode waiting for keyframe (bitparser)
2020-05-10 08:21:50.931 T:3886019456 DEBUG: CVideoPlayer::ProcessVideoData size:57958 dts:36613.180 pts:36613.180 dur:41.700ms, clock:36611.887 level:0
2020-05-10 08:21:50.931 T:3389227904 DEBUG: DVDVideoCodecAmlogic::Decode waiting for keyframe (bitparser)
2020-05-10 08:21:50.950 T:3886019456 DEBUG: CVideoPlayer::ProcessVideoData size:71044 dts:36613.222 pts:36613.263 dur:41.700ms, clock:36611.887 level:0
2020-05-10 08:21:50.964 T:3886019456 DEBUG: CVideoPlayer::ProcessVideoData size:80582 dts:36613.263 pts:36613.388 dur:41.700ms, clock:36611.887 level:0
2020-05-10 08:21:50.966 T:3886019456 DEBUG: CVideoPlayer::ProcessVideoData size:59117 dts:36613.305 pts:36613.305 dur:41.700ms, clock:36611.887 level:0
2020-05-10 08:21:50.983 T:3886019456 DEBUG: CVideoPlayer::ProcessVideoData size:59797 dts:36613.347 pts:36613.347 dur:41.700ms, clock:36611.887 level:0
2020-05-10 08:21:51.000 T:3886019456 DEBUG: CVideoPlayer::ProcessVideoData size:79979 dts:36613.388 pts:36613.514 dur:41.700ms, clock:36611.887 level:0
2020-05-10 08:21:51.003 T:3886019456 DEBUG: CVideoPlayer::ProcessVideoData size:57965 dts:36613.430 pts:36613.430 dur:41.700ms, clock:36611.887 level:0
2020-05-10 08:21:51.020 T:3886019456 DEBUG: CVideoPlayer::ProcessVideoData size:61827 dts:36613.472 pts:36613.472 dur:41.700ms, clock:36611.887 level:0
2020-05-10 08:21:51.037 T:3886019456 DEBUG: CVideoPlayer::ProcessVideoData size:79271 dts:36613.514 pts:36613.597 dur:41.700ms, clock:36611.887 level:0
2020-05-10 08:21:51.040 T:3886019456 DEBUG: CVideoPlayer::ProcessVideoData size:60687 dts:36613.555 pts:36613.555 dur:41.700ms, clock:36611.887 level:0
2020-05-10 08:21:51.055 T:3886019456 DEBUG: CVideoPlayer::ProcessVideoData size:77719 dts:36613.597 pts:36613.722 dur:41.700ms, clock:36611.887 level:0
2020-05-10 08:21:51.075 T:3886019456 DEBUG: CVideoPlayer::ProcessVideoData size:60476 dts:36613.639 pts:36613.639 dur:41.700ms, clock:36611.887 level:0
2020-05-10 08:21:51.077 T:3886019456 DEBUG: CVideoPlayer::ProcessVideoData size:69793 dts:36613.680 pts:36613.680 dur:41.700ms, clock:36611.887 level:0
2020-05-10 08:21:51.092 T:3886019456 DEBUG: CVideoPlayer::ProcessVideoData size:90466 dts:36613.722 pts:36613.847 dur:41.700ms, clock:36611.887 level:0
2020-05-10 08:21:51.115 T:3886019456 DEBUG: CVideoPlayer::ProcessVideoData size:59565 dts:36613.764 pts:36613.764 dur:41.700ms, clock:36611.887 level:0
2020-05-10 08:21:51.117 T:3389227904 DEBUG: CVideoPlayerVideo::OutputPicture - ttd:1375ms pts:36613.263 Clock:36611.887 Level:0
2020-05-10 08:21:51.128 T:3886019456 DEBUG: CVideoPlayer::ProcessVideoData size:68682 dts:36613.805 pts:36613.805 dur:41.700ms, clock:36611.887 level:0
2020-05-10 08:21:51.129 T:3886019456 DEBUG: CVideoPlayer::ProcessVideoData size:88021 dts:36613.847 pts:36613.972 dur:41.700ms, clock:36611.887 level:0
2020-05-10 08:21:51.146 T:3886019456 DEBUG: CVideoPlayer::ProcessVideoData size:60339 dts:36613.889 pts:36613.889 dur:41.700ms, clock:36611.887 level:1
2020-05-10 08:21:51.158 T:3389227904 DEBUG: CVideoPlayerVideo::OutputPicture - ttd:1417ms pts:36613.305 Clock:36611.887 Level:0
2020-05-10 08:21:51.159 T:3389227904 DEBUG: CVideoPlayerVideo::OutputPicture - ttd:1459ms pts:36613.347 Clock:36611.887 Level:1
2020-05-10 08:21:51.161 T:3389227904 DEBUG: CVideoPlayerVideo::OutputPicture - ttd:1500ms pts:36613.388 Clock:36611.887 Level:2
2020-05-10 08:21:51.162 T:3389227904 DEBUG: CVideoPlayerVideo::OutputPicture - ttd:1542ms pts:36613.430 Clock:36611.887 Level:3
2020-05-10 08:21:51.163 T:3389227904 DEBUG: CVideoPlayerVideo::OutputPicture - ttd:1584ms pts:36613.472 Clock:36611.887 Level:4
2020-05-10 08:21:51.164 T:3389227904 DEBUG: CVideoPlayerVideo::OutputPicture - ttd:1626ms pts:36613.513 Clock:36611.887 Level:5
2020-05-10 08:21:51.165 T:3886019456 DEBUG: CVideoPlayer::HandleMessages - player started 2
2020-05-10 08:21:51.165 T:3886019456 DEBUG: CDVDClock::SetSpeedAdjust - adjusted:0.000000
2020-05-10 08:21:51.165 T:3389227904 DEBUG: CAMLCodec::SetSpeed, speed(1000)
2020-05-10 08:21:51.165 T:3886019456 DEBUG: CDVDClock::SetSpeedAdjust - adjusted:0.000000
2020-05-10 08:21:51.165 T:3886019456 DEBUG: VideoPlayer::Sync - Audio - pts: 36611.861, cache: 0.477, totalcache: 0.800, packets:167 level:19
2020-05-10 08:21:51.165 T:3886019456 DEBUG: VideoPlayer::Sync - Video - pts: 36613.263, cache: 0.050, totalcache: 0.100, packets:40 level:2
2020-05-10 08:21:51.166 T:3389227904 DEBUG: CVideoPlayerVideo - CDVDMsg::GENERAL_RESYNC(36612144081.407967)
2020-05-10 08:21:51.166 T:3886019456 DEBUG: CVideoPlayer::ProcessVideoData size:59898 dts:36613.931 pts:36613.931 dur:41.700ms, clock:36612.145 level:1
2020-05-10 08:21:51.168 T:3886019456 DEBUG: CVideoPlayer::ProcessVideoData size:86146 dts:36613.972 pts:36614.097 dur:41.700ms, clock:36612.147 level:2
2020-05-10 08:21:51.171 T:3401663360 DEBUG: CDVDAudio::Flush - flush audio stream
2020-05-10 08:21:51.172 T:3401663360 DEBUG: CDVDAudio::Resume - resume audio stream
2020-05-10 08:21:51.177 T:4037845888 DEBUG: ActiveAE - start sync of audio stream
2020-05-10 08:21:51.183 T:3886019456 DEBUG: CVideoPlayer::ProcessVideoData size:68506 dts:36614.014 pts:36614.014 dur:41.700ms, clock:36612.162 level:1
2020-05-10 08:21:51.202 T:3886019456 DEBUG: CVideoPlayer::ProcessVideoData size:66378 dts:36614.056 pts:36614.056 dur:41.700ms, clock:36612.180 level:0
2020-05-10 08:21:51.205 T:3886019456 DEBUG: CVideoPlayer::ProcessVideoData size:87459 dts:36614.097 pts:36614.223 dur:41.700ms, clock:36612.183 level:0
2020-05-10 08:21:51.220 T:3886019456 DEBUG: CVideoPlayer::ProcessVideoData size:66799 dts:36614.139 pts:36614.139 dur:41.700ms, clock:36612.199 level:0
2020-05-10 08:21:51.241 T:3886019456 DEBUG: CVideoPlayer::ProcessVideoData size:66526 dts:36614.181 pts:36614.181 dur:41.700ms, clock:36612.220 level:0
2020-05-10 08:21:51.243 T:3886019456 DEBUG: CVideoPlayer::ProcessVideoData size:81000 dts:36614.223 pts:36614.264 dur:41.700ms, clock:36612.222 level:0
2020-05-10 08:21:51.261 T:3886019456 DEBUG: CVideoPlayer::ProcessVideoData size:89960 dts:36614.264 pts:36614.306 dur:41.700ms, clock:36612.239 level:0
2020-05-10 08:21:51.274 T:3886019456 DEBUG: CVideoPlayer::ProcessVideoData size:77663 dts:36614.306 pts:36614.431 dur:41.700ms, clock:36612.252 level:0
2020-05-10 08:21:51.275 T:3886019456 DEBUG: CVideoPlayer::ProcessVideoData size:61305 dts:36614.348 pts:36614.348 dur:41.700ms, clock:36612.254 level:0
2020-05-10 08:21:51.293 T:3886019456 DEBUG: CVideoPlayer::ProcessVideoData size:61021 dts:36614.389 pts:36614.389 dur:41.700ms, clock:36612.272 level:0
2020-05-10 08:21:51.310 T:3886019456 DEBUG: CVideoPlayer::ProcessVideoData size:85184 dts:36614.431 pts:36614.514 dur:41.700ms, clock:36612.289 level:0
2020-05-10 08:21:51.322 T:4037845888 DEBUG: ActiveAE::SyncStream - average error of -382.828383, start adjusting
2020-05-10 08:21:51.325 T:4037845888 DEBUG: ActiveAE::SyncStream - average error -0.015883 below threshold of 30.000000
2020-05-10 08:21:51.329 T:3886019456 DEBUG: CVideoPlayer::ProcessVideoData size:58618 dts:36614.473 pts:36614.473 dur:41.700ms, clock:36612.307 level:0
2020-05-10 08:21:51.330 T:3886019456 DEBUG: CVideoPlayer::ProcessVideoData size:74714 dts:36614.514 pts:36614.598 dur:41.700ms, clock:36612.309 level:0
2020-05-10 08:21:51.347 T:3886019456 DEBUG: CVideoPlayer::ProcessVideoData size:69406 dts:36614.556 pts:36614.556 dur:41.700ms, clock:36612.326 level:0
2020-05-10 08:21:51.349 T:3886019456 DEBUG: CVideoPlayer::ProcessVideoData size:85433 dts:36614.598 pts:36614.681 dur:41.700ms, clock:36612.327 level:0
2020-05-10 08:21:51.367 T:3886019456 DEBUG: CVideoPlayer::ProcessVideoData size:58102 dts:36614.640 pts:36614.640 dur:41.700ms, clock:36612.346 level:0
2020-05-10 08:21:51.383 T:3886019456 DEBUG: CVideoPlayer::ProcessVideoData size:70889 dts:36614.681 pts:36614.765 dur:41.700ms, clock:36612.362 level:1
2020-05-10 08:21:51.385 T:3886019456 DEBUG: CVideoPlayer::ProcessVideoData size:63752 dts:36614.723 pts:36614.723 dur:41.700ms, clock:36612.363 level:2
2020-05-10 08:21:51.402 T:3886019456 DEBUG: CVideoPlayer::ProcessVideoData size:64164 dts:36614.765 pts:36614.848 dur:41.700ms, clock:36612.380 level:2
2020-05-10 08:21:51.420 T:3886019456 DEBUG: CVideoPlayer::ProcessVideoData size:52478 dts:36614.806 pts:36614.806 dur:41.700ms, clock:36612.399 level:3
2020-05-10 08:21:51.423 T:3886019456 DEBUG: CVideoPlayer::ProcessVideoData size:65571 dts:36614.848 pts:36614.890 dur:41.700ms, clock:36612.402 level:3
2020-05-10 08:21:51.439 T:3886019456 DEBUG: CVideoPlayer::ProcessVideoData size:65885 dts:36614.890 pts:36614.932 dur:41.700ms, clock:36612.418 level:4
2020-05-10 08:21:51.440 T:3886019456 DEBUG: CVideoPlayer::ProcessVideoData size:69803 dts:36614.932 pts:36614.973 dur:41.700ms, clock:36612.419 level:4
2020-05-10 08:21:51.457 T:3886019456 DEBUG: CVideoPlayer::ProcessVideoData size:59768 dts:36614.973 pts:36615.015 dur:41.700ms, clock:36612.435 level:5
2020-05-10 08:21:51.476 T:3886019456 DEBUG: CVideoPlayer::ProcessVideoData size:59039 dts:36615.015 pts:36615.057 dur:41.700ms, clock:36612.454 level:5
