2024-08-25 15:39:18.889 T:31614 debug : CVideoPlayer::ProcessVideoData size:5084 dts:1935.965 pts:1935.965 dur:40.000ms, clock:1933.866 level:19
2024-08-25 15:39:18.889 T:31614 debug : CVideoPlayer::ProcessVideoData size:4414 dts:1935.985 pts:1935.985 dur:40.000ms, clock:1933.867 level:19
2024-08-25 15:39:18.907 T:31624 debug : CVideoPlayerVideo::OutputPicture - ttd:159ms pts:1934.025 Clock:1933.866 Level:6
2024-08-25 15:39:18.927 T:31624 debug : CVideoPlayerVideo::OutputPicture - ttd:159ms pts:1934.045 Clock:1933.886 Level:6
2024-08-25 15:39:18.935 T:31614 debug : CVideoPlayer::ProcessVideoData size:32622 dts:1936.005 pts:1936.085 dur:40.000ms, clock:1933.913 level:19
2024-08-25 15:39:18.936 T:31614 debug : CVideoPlayer::ProcessVideoData size:6967 dts:1936.025 pts:1936.105 dur:40.000ms, clock:1933.914 level:20
2024-08-25 15:39:18.936 T:31614 debug : CVideoPlayer::ProcessVideoData size:2870 dts:1936.045 pts:1936.045 dur:40.000ms, clock:1933.914 level:20
2024-08-25 15:39:18.982 T:31614 debug : CVideoPlayer::ProcessVideoData size:2692 dts:1936.065 pts:1936.065 dur:40.000ms, clock:1933.960 level:20
2024-08-25 15:39:18.983 T:31614 debug : CVideoPlayer::ProcessVideoData size:18645 dts:1936.085 pts:1936.245 dur:40.000ms, clock:1933.961 level:20
2024-08-25 15:39:19.029 T:31614 debug : CVideoPlayer::ProcessVideoData size:8678 dts:1936.105 pts:1936.265 dur:40.000ms, clock:1934.007 level:21
2024-08-25 15:39:19.030 T:31614 debug : CVideoPlayer::ProcessVideoData size:4242 dts:1936.125 pts:1936.125 dur:40.000ms, clock:1934.007 level:21
2024-08-25 15:39:19.030 T:31614 debug : CVideoPlayer::ProcessVideoData size:4227 dts:1936.145 pts:1936.145 dur:40.000ms, clock:1934.008 level:21
2024-08-25 15:39:19.074 T:31614 debug : CVideoPlayer::ProcessVideoData size:4274 dts:1936.165 pts:1936.165 dur:40.000ms, clock:1934.052 level:21
2024-08-25 15:39:19.074 T:31614 debug : CVideoPlayer::ProcessVideoData size:4436 dts:1936.185 pts:1936.185 dur:40.000ms, clock:1934.052 level:22
2024-08-25 15:39:19.075 T:31614 debug : CVideoPlayer::ProcessVideoData size:3151 dts:1936.205 pts:1936.205 dur:40.000ms, clock:1934.052 level:22
2024-08-25 15:39:19.075 T:31614 debug : CVideoPlayer::ProcessVideoData size:3116 dts:1936.225 pts:1936.225 dur:40.000ms, clock:1934.052 level:22
2024-08-25 15:39:19.083 T:31624 debug : CVideoPlayerVideo::OutputPicture - ttd:158ms pts:1934.065 Clock:1933.906 Level:6
2024-08-25 15:39:19.086 T:31624 debug : CVideoPlayerVideo::OutputPicture - ttd:-137ms pts:1933.925 Clock:1934.062 Level:6
2024-08-25 15:39:19.107 T:31624 debug : CVideoPlayerVideo::OutputPicture - ttd:-120ms pts:1933.945 Clock:1934.066 Level:0
2024-08-25 15:39:19.109 T:31624 debug : CVideoPlayerVideo::OutputPicture - ttd:38ms pts:1934.125 Clock:1934.087 Level:1
2024-08-25 15:39:19.111 T:31624 debug : CVideoPlayerVideo::OutputPicture - ttd:56ms pts:1934.145 Clock:1934.088 Level:2
2024-08-25 15:39:19.112 T:31624 debug : CVideoPlayerVideo::OutputPicture - ttd:75ms pts:1934.165 Clock:1934.090 Level:3
2024-08-25 15:39:19.114 T:31624 debug : CVideoPlayerVideo::OutputPicture - ttd:93ms pts:1934.185 Clock:1934.091 Level:4
2024-08-25 15:39:19.115 T:31624 debug : CVideoPlayerVideo::OutputPicture - ttd:112ms pts:1934.205 Clock:1934.093 Level:5
2024-08-25 15:39:19.117 T:31624 debug : CVideoPlayerVideo::OutputPicture - ttd:130ms pts:1934.225 Clock:1934.094 Level:6
2024-08-25 15:39:19.117 T:31614 debug : CVideoPlayer::ProcessVideoData size:16296 dts:1936.245 pts:1936.325 dur:40.000ms, clock:1934.095 level:20
2024-08-25 15:39:19.118 T:31614 debug : CVideoPlayer::ProcessVideoData size:10047 dts:1936.265 pts:1936.345 dur:40.000ms, clock:1934.095 level:20
2024-08-25 15:39:19.118 T:31614 debug : CVideoPlayer::ProcessVideoData size:3507 dts:1936.285 pts:1936.285 dur:40.000ms, clock:1934.095 level:20
2024-08-25 15:39:19.118 T:31614 debug : CVideoPlayer::ProcessVideoData size:3183 dts:1936.305 pts:1936.305 dur:40.000ms, clock:1934.096 level:21
2024-08-25 15:39:19.127 T:31624 debug : CVideoPlayerVideo::OutputPicture - ttd:148ms pts:1934.245 Clock:1934.097 Level:6
2024-08-25 15:39:19.134 T:3955 debug : LIRC: - NEW ae 0 KEY_EXIT devinput (KEY_EXIT)
2024-08-25 15:39:19.143 T:3949 debug : HandleKey: menu (0xd8) pressed, window 10004, action is PreviousMenu
2024-08-25 15:39:19.143 T:3949 debug : CGUIWindowManager::PreviousWindow: Deactivate
2024-08-25 15:39:19.150 T:31624 debug : CVideoPlayerVideo::OutputPicture - ttd:158ms pts:1934.265 Clock:1934.106 Level:6
2024-08-25 15:39:19.165 T:31614 debug : CVideoPlayer::ProcessVideoData size:16740 dts:1936.325 pts:1936.365 dur:40.000ms, clock:1934.142 level:21
2024-08-25 15:39:19.168 T:31624 debug : CVideoPlayerVideo::OutputPicture - ttd:156ms pts:1934.285 Clock:1934.129 Level:6
2024-08-25 15:39:19.187 T:31624 debug : CVideoPlayerVideo::OutputPicture - ttd:157ms pts:1934.305 Clock:1934.147 Level:6
2024-08-25 15:39:19.207 T:31624 debug : CVideoPlayerVideo::OutputPicture - ttd:158ms pts:1934.325 Clock:1934.167 Level:6
2024-08-25 15:39:19.210 T:31614 debug : CVideoPlayer::ProcessVideoData size:10512 dts:1936.345 pts:1936.385 dur:40.000ms, clock:1934.187 level:19
2024-08-25 15:39:19.227 T:31624 debug : CVideoPlayerVideo::OutputPicture - ttd:159ms pts:1934.345 Clock:1934.186 Level:6
2024-08-25 15:39:19.247 T:31624 debug : CVideoPlayerVideo::OutputPicture - ttd:158ms pts:1934.365 Clock:1934.207 Level:6
2024-08-25 15:39:19.251 T:3949 debug : ------ Window Deinit (Settings.xml) ------
2024-08-25 15:39:19.251 T:3949 debug : FreeVisualisation() done
2024-08-25 15:39:19.254 T:31614 debug : CVideoPlayer::ProcessVideoData size:24321 dts:1936.365 pts:1936.525 dur:40.000ms, clock:1934.232 level:19
2024-08-25 15:39:19.263 T:3949 debug : CGUIWindowManager::PreviousWindow: Activate new
2024-08-25 15:39:19.263 T:3949 debug : ------ Window Init (Home.xml) ------
2024-08-25 15:39:19.278 T:4197 debug : Thread LanguageInvoker start, auto delete: false
2024-08-25 15:39:19.278 T:3949 debug : [threads] name: 'LanguageInvoker' priority: '1'
2024-08-25 15:39:19.278 T:4197 debug : initializing python engine.
2024-08-25 15:39:19.278 T:4197 debug : CPythonInvoker(30, /storage/.kodi/addons/script.skinshortcuts/default.py): start processing
2024-08-25 15:39:19.278 T:4198 debug : Thread Timer start, auto delete: false
2024-08-25 15:39:19.293 T:4198 debug : Thread Timer 3849552384 terminating
2024-08-25 15:39:19.294 T:4199 debug : Thread Timer start, auto delete: false
2024-08-25 15:39:19.298 T:31614 debug : CVideoPlayer::ProcessVideoData size:9577 dts:1936.385 pts:1936.545 dur:40.000ms, clock:1934.275 level:19
2024-08-25 15:39:19.298 T:31614 debug : CVideoPlayer::ProcessVideoData size:5451 dts:1936.405 pts:1936.405 dur:40.000ms, clock:1934.276 level:20
2024-08-25 15:39:19.298 T:31614 debug : CVideoPlayer::ProcessVideoData size:5047 dts:1936.425 pts:1936.425 dur:40.000ms, clock:1934.276 level:20
2024-08-25 15:39:19.309 T:4199 debug : Thread Timer 3849552384 terminating
2024-08-25 15:39:19.310 T:4200 debug : Thread Timer start, auto delete: false
2024-08-25 15:39:19.325 T:4200 debug : Thread Timer 3849552384 terminating
2024-08-25 15:39:19.326 T:4201 debug : Thread Timer start, auto delete: false
2024-08-25 15:39:19.332 T:4197 debug : -->Python Interpreter Initialized<--
2024-08-25 15:39:19.332 T:4197 debug :
2024-08-25 15:39:19.332 T:4197 debug : CPythonInvoker(30, /storage/.kodi/addons/script.skinshortcuts/default.py): the source file to load is "/storage/.kodi/addons/script.skinshortcuts/default.py"
2024-08-25 15:39:19.332 T:4197 debug : CPythonInvoker(30): full python path:
2024-08-25 15:39:19.332 T:4197 debug : CPythonInvoker(30): custom python path:
2024-08-25 15:39:19.332 T:4197 debug : CPythonInvoker(30): /storage/.kodi/addons/script.module.simpleeval/lib
2024-08-25 15:39:19.332 T:4197 debug : CPythonInvoker(30): /storage/.kodi/addons/script.module.unidecode/lib
2024-08-25 15:39:19.332 T:4197 debug : CPythonInvoker(30): /storage/.kodi/addons/script.skinshortcuts
2024-08-25 15:39:19.332 T:4197 debug : CPythonInvoker(30): default python path:
2024-08-25 15:39:19.332 T:4197 debug : CPythonInvoker(30): /usr/lib/python311.zip
2024-08-25 15:39:19.332 T:4197 debug : CPythonInvoker(30): /usr/lib/python3.11
2024-08-25 15:39:19.332 T:4197 debug : CPythonInvoker(30): /usr/lib/python3.11/lib-dynload
2024-08-25 15:39:19.332 T:4197 debug : CPythonInvoker(30): /usr/lib/python3.11/site-packages
2024-08-25 15:39:19.332 T:4197 debug : CPythonInvoker(30): adding args:
2024-08-25 15:39:19.332 T:4197 debug : CPythonInvoker(30): default.py
2024-08-25 15:39:19.332 T:4197 debug : CPythonInvoker(30): type=buildxml&mainmenuID=9000&levels=2&options=noGroups
2024-08-25 15:39:19.332 T:4197 debug : CPythonInvoker(30, /storage/.kodi/addons/script.skinshortcuts/default.py): entering source directory /storage/.kodi/addons/script.skinshortcuts
2024-08-25 15:39:19.332 T:4197 debug : CPythonInvoker(30, /storage/.kodi/addons/script.skinshortcuts/default.py): instantiating addon using automatically obtained id of "script.skinshortcuts" dependent on version 3.0.0 of the xbmc.python api
2024-08-25 15:39:19.341 T:4201 debug : Thread Timer 3849552384 terminating
2024-08-25 15:39:19.342 T:4202 debug : Thread Timer start, auto delete: false
2024-08-25 15:39:19.345 T:31614 debug : CVideoPlayer::ProcessVideoData size:7821 dts:1936.445 pts:1936.445 dur:40.000ms, clock:1934.323 level:20
2024-08-25 15:39:19.345 T:31614 debug : CVideoPlayer::ProcessVideoData size:8178 dts:1936.465 pts:1936.465 dur:40.000ms, clock:1934.323 level:20
2024-08-25 15:39:19.345 T:31614 debug : CVideoPlayer::ProcessVideoData size:4906 dts:1936.485 pts:1936.485 dur:40.000ms, clock:1934.323 level:21
2024-08-25 15:39:19.357 T:4202 debug : Thread Timer 3849552384 terminating
2024-08-25 15:39:19.358 T:4203 debug : Thread Timer start, auto delete: false
2024-08-25 15:39:19.393 T:31614 debug : CVideoPlayer::ProcessVideoData size:4699 dts:1936.505 pts:1936.505 dur:40.000ms, clock:1934.371 level:21
2024-08-25 15:39:19.393 T:31614 debug : CVideoPlayer::ProcessVideoData size:21551 dts:1936.525 pts:1936.645 dur:40.000ms, clock:1934.371 level:21
2024-08-25 15:39:19.394 T:31614 debug : CVideoPlayer::ProcessVideoData size:12556 dts:1936.545 pts:1936.665 dur:40.000ms, clock:1934.371 level:21
2024-08-25 15:39:19.422 T:31624 debug : CVideoPlayerVideo::OutputPicture - ttd:158ms pts:1934.385 Clock:1934.226 Level:0
2024-08-25 15:39:19.423 T:31624 debug : CVideoPlayerVideo::OutputPicture - ttd:4ms pts:1934.405 Clock:1934.401 Level:1
2024-08-25 15:39:19.425 T:31624 debug : CVideoPlayerVideo::OutputPicture - ttd:22ms pts:1934.425 Clock:1934.402 Level:2
2024-08-25 15:39:19.426 T:31624 debug : CVideoPlayerVideo::OutputPicture - ttd:41ms pts:1934.445 Clock:1934.404 Level:3
2024-08-25 15:39:19.427 T:31624 debug : CVideoPlayerVideo::OutputPicture - ttd:59ms pts:1934.465 Clock:1934.405 Level:4
2024-08-25 15:39:19.429 T:31624 debug : CVideoPlayerVideo::OutputPicture - ttd:78ms pts:1934.485 Clock:1934.406 Level:5
2024-08-25 15:39:19.430 T:31624 debug : CVideoPlayerVideo::OutputPicture - ttd:97ms pts:1934.505 Clock:1934.408 Level:6
2024-08-25 15:39:19.439 T:31614 debug : CVideoPlayer::ProcessVideoData size:5312 dts:1936.565 pts:1936.565 dur:40.000ms, clock:1934.417 level:22
2024-08-25 15:39:19.440 T:31614 debug : CVideoPlayer::ProcessVideoData size:5357 dts:1936.585 pts:1936.585 dur:40.000ms, clock:1934.417 level:22
2024-08-25 15:39:19.440 T:31614 debug : CVideoPlayer::ProcessVideoData size:4715 dts:1936.605 pts:1936.605 dur:40.000ms, clock:1934.418 level:22
2024-08-25 15:39:19.472 T:31624 debug : CVideoPlayerVideo::OutputPicture - ttd:115ms pts:1934.525 Clock:1934.409 Level:6
2024-08-25 15:39:19.476 T:31624 debug : CPtsTracker: detected pattern of length 50: -140000.00 -140000.00 20000.00 20000.00 20000.00 20000.00 20000.00 20000.00 20000.00 20000.00 20000.00 20000.00 20000.00 20000.00 20000.00 20000.00 20000.00 20000.00 20000.00 20000.00 20000.00 20000.00 20000.00 20000.00 20000.00 20000.00 20000.00 20000.00 20000.00 20000.00 20000.00 20000.00 20000.00 20000.00 20000.00 20000.00 20000.00 20000.00 20000.00 20000.00 20000.00 20000.00 20000.00 20000.00 20000.00 20000.00 20000.00 20000.00 180000.00 180000.00, frameduration: 20000.000000
2024-08-25 15:39:19.481 T:31614 debug : CVideoPlayer::ProcessVideoData size:4558 dts:1936.625 pts:1936.625 dur:40.000ms, clock:1934.459 level:21
2024-08-25 15:39:19.491 T:31624 debug : CVideoPlayerVideo::OutputPicture - ttd:91ms pts:1934.545 Clock:1934.454 Level:6
2024-08-25 15:39:19.531 T:31614 debug : CVideoPlayer::ProcessVideoData size:25889 dts:1936.645 pts:1936.765 dur:40.000ms, clock:1934.508 level:21
2024-08-25 15:39:19.532 T:31624 debug : CVideoPlayerVideo::OutputPicture - ttd:94ms pts:1934.565 Clock:1934.470 Level:6
2024-08-25 15:39:19.550 T:31624 debug : CVideoPlayerVideo::OutputPicture - ttd:73ms pts:1934.585 Clock:1934.511 Level:6
2024-08-25 15:39:19.570 T:31624 debug : CVideoPlayerVideo::OutputPicture - ttd:75ms pts:1934.605 Clock:1934.530 Level:6
2024-08-25 15:39:19.577 T:31614 debug : CVideoPlayer::ProcessVideoData size:11334 dts:1936.665 pts:1936.785 dur:40.000ms, clock:1934.555 level:19
2024-08-25 15:39:19.577 T:31614 debug : CVideoPlayer::ProcessVideoData size:5445 dts:1936.685 pts:1936.685 dur:40.000ms, clock:1934.555 level:20
2024-08-25 15:39:19.578 T:31614 debug : CVideoPlayer::ProcessVideoData size:5452 dts:1936.705 pts:1936.705 dur:40.000ms, clock:1934.555 level:20
2024-08-25 15:39:19.590 T:31624 debug : CVideoPlayerVideo::OutputPicture - ttd:76ms pts:1934.625 Clock:1934.549 Level:6
2024-08-25 15:39:19.610 T:31624 debug : CVideoPlayerVideo::OutputPicture - ttd:76ms pts:1934.645 Clock:1934.569 Level:6
2024-08-25 15:39:19.622 T:31614 debug : CVideoPlayer::ProcessVideoData size:4218 dts:1936.725 pts:1936.725 dur:40.000ms, clock:1934.599 level:20
2024-08-25 15:39:19.622 T:31614 debug : CVideoPlayer::ProcessVideoData size:4116 dts:1936.745 pts:1936.745 dur:40.000ms, clock:1934.600 level:20
2024-08-25 15:39:19.622 T:31614 debug : CVideoPlayer::ProcessVideoData size:22447 dts:1936.765 pts:1936.925 dur:40.000ms, clock:1934.600 level:21
2024-08-25 15:39:19.630 T:31624 debug : CVideoPlayerVideo::OutputPicture - ttd:75ms pts:1934.665 Clock:1934.589 Level:6
2024-08-25 15:39:19.649 T:31624 debug : CVideoPlayerVideo::OutputPicture - ttd:76ms pts:1934.685 Clock:1934.609 Level:6
2024-08-25 15:39:19.670 T:31624 debug : CVideoPlayerVideo::OutputPicture - ttd:76ms pts:1934.705 Clock:1934.628 Level:6
2024-08-25 15:39:19.671 T:31614 debug : CVideoPlayer::ProcessVideoData size:13021 dts:1936.785 pts:1936.945 dur:40.000ms, clock:1934.648 level:21
2024-08-25 15:39:19.671 T:31614 debug : CVideoPlayer::ProcessVideoData size:8767 dts:1936.805 pts:1936.805 dur:40.000ms, clock:1934.649 level:21
2024-08-25 15:39:19.689 T:31624 debug : CVideoPlayerVideo::OutputPicture - ttd:74ms pts:1934.725 Clock:1934.650 Level:6
2024-08-25 15:39:19.709 T:31624 debug : CVideoPlayerVideo::OutputPicture - ttd:76ms pts:1934.745 Clock:1934.668 Level:6
2024-08-25 15:39:19.715 T:31614 debug : CVideoPlayer::ProcessVideoData size:7724 dts:1936.825 pts:1936.825 dur:40.000ms, clock:1934.693 level:21
2024-08-25 15:39:19.715 T:31614 debug : CVideoPlayer::ProcessVideoData size:6593 dts:1936.845 pts:1936.845 dur:40.000ms, clock:1934.693 level:22
2024-08-25 15:39:19.716 T:31614 debug : CVideoPlayer::ProcessVideoData size:6085 dts:1936.865 pts:1936.865 dur:40.000ms, clock:1934.693 level:22
2024-08-25 15:39:19.716 T:31614 debug : CVideoPlayer::ProcessVideoData size:4243 dts:1936.885 pts:1936.885 dur:40.000ms, clock:1934.693 level:22
2024-08-25 15:39:19.730 T:31624 debug : CVideoPlayerVideo::OutputPicture - ttd:76ms pts:1934.765 Clock:1934.688 Level:6
2024-08-25 15:39:19.749 T:31624 debug : CVideoPlayerVideo::OutputPicture - ttd:76ms pts:1934.785 Clock:1934.709 Level:6
2024-08-25 15:39:19.759 T:31614 debug : CVideoPlayer::ProcessVideoData size:3989 dts:1936.905 pts:1936.905 dur:40.000ms, clock:1934.737 level:20
2024-08-25 15:39:19.770 T:31624 debug : CVideoPlayerVideo::OutputPicture - ttd:75ms pts:1934.805 Clock:1934.729 Level:6
2024-08-25 15:39:19.790 T:31624 debug : CVideoPlayerVideo::OutputPicture - ttd:75ms pts:1934.825 Clock:1934.749 Level:6
2024-08-25 15:39:19.809 T:31624 debug : CVideoPlayerVideo::OutputPicture - ttd:76ms pts:1934.845 Clock:1934.769 Level:6
2024-08-25 15:39:19.830 T:31624 debug : CVideoPlayerVideo::OutputPicture - ttd:76ms pts:1934.865 Clock:1934.788 Level:6
2024-08-25 15:39:19.850 T:31624 debug : CVideoPlayerVideo::OutputPicture - ttd:76ms pts:1934.885 Clock:1934.809 Level:6
2024-08-25 15:39:19.867 T:4203 debug : Thread Timer 3849552384 terminating
2024-08-25 15:39:19.871 T:31624 debug : CVideoPlayerVideo::OutputPicture - ttd:75ms pts:1934.905 Clock:1934.829 Level:6
2024-08-25 15:39:19.879 T:31614 debug : CVideoPlayer::ProcessVideoData size:50025 dts:1936.925 pts:1937.085 dur:40.000ms, clock:1934.856 level:21
2024-08-25 15:39:19.889 T:31624 debug : CVideoPlayerVideo::OutputPicture - ttd:235ms pts:1935.085 Clock:1934.850 Level:6
2024-08-25 15:39:19.917 T:31624 debug : CVideoPlayerVideo::OutputPicture - ttd:236ms pts:1935.105 Clock:1934.868 Level:6
2024-08-25 15:39:19.925 T:31614 debug : CVideoPlayer::ProcessVideoData size:12461 dts:1936.945 pts:1937.105 dur:40.000ms, clock:1934.903 level:19
2024-08-25 15:39:19.927 T:31614 debug : CVideoPlayer::ProcessVideoData size:5824 dts:1936.965 pts:1936.965 dur:40.000ms, clock:1934.904 level:19
2024-08-25 15:39:19.927 T:31614 debug : CVideoPlayer::ProcessVideoData size:5735 dts:1936.985 pts:1936.985 dur:40.000ms, clock:1934.905 level:19
2024-08-25 15:39:19.927 T:31614 debug : CVideoPlayer::ProcessVideoData size:5701 dts:1937.005 pts:1937.005 dur:40.000ms, clock:1934.905 level:20
2024-08-25 15:39:19.927 T:31614 debug : CVideoPlayer::ProcessVideoData size:5181 dts:1937.025 pts:1937.025 dur:40.000ms, clock:1934.905 level:20
2024-08-25 15:39:19.929 T:31624 debug : CVideoPlayerVideo::OutputPicture - ttd:68ms pts:1934.965 Clock:1934.896 Level:6
2024-08-25 15:39:19.950 T:31624 debug : CVideoPlayerVideo::OutputPicture - ttd:77ms pts:1934.985 Clock:1934.908 Level:6
2024-08-25 15:39:19.970 T:31614 debug : CVideoPlayer::ProcessVideoData size:4228 dts:1937.045 pts:1937.045 dur:40.000ms, clock:1934.948 level:20
2024-08-25 15:39:19.971 T:31624 debug : CVideoPlayerVideo::OutputPicture - ttd:76ms pts:1935.005 Clock:1934.929 Level:6
2024-08-25 15:39:19.971 T:31614 debug : CVideoPlayer::ProcessVideoData size:4467 dts:1937.065 pts:1937.065 dur:40.000ms, clock:1934.948 level:20
2024-08-25 15:39:19.971 T:31614 debug : CVideoPlayer::ProcessVideoData size:22017 dts:1937.085 pts:1937.245 dur:40.000ms, clock:1934.949 level:21
2024-08-25 15:39:19.989 T:31624 debug : CVideoPlayerVideo::OutputPicture - ttd:74ms pts:1935.025 Clock:1934.950 Level:6
2024-08-25 15:39:20.010 T:31624 debug : CVideoPlayerVideo::OutputPicture - ttd:76ms pts:1935.045 Clock:1934.968 Level:6
2024-08-25 15:39:20.015 T:31614 debug : CVideoPlayer::ProcessVideoData size:12147 dts:1937.105 pts:1937.265 dur:40.000ms, clock:1934.993 level:21
2024-08-25 15:39:20.015 T:31614 debug : CVideoPlayer::ProcessVideoData size:5329 dts:1937.125 pts:1937.125 dur:40.000ms, clock:1934.993 level:21
2024-08-25 15:39:20.061 T:31614 debug : CVideoPlayer::ProcessVideoData size:4792 dts:1937.145 pts:1937.145 dur:40.000ms, clock:1935.038 level:21
2024-08-25 15:39:20.061 T:31614 debug : CVideoPlayer::ProcessVideoData size:6430 dts:1937.165 pts:1937.165 dur:40.000ms, clock:1935.039 level:22
2024-08-25 15:39:20.061 T:31614 debug : CVideoPlayer::ProcessVideoData size:5994 dts:1937.185 pts:1937.185 dur:40.000ms, clock:1935.039 level:22
2024-08-25 15:39:20.061 T:31614 debug : CVideoPlayer::ProcessVideoData size:4174 dts:1937.205 pts:1937.205 dur:40.000ms, clock:1935.039 level:22
2024-08-25 15:39:20.063 T:31624 debug : CVideoPlayerVideo::OutputPicture - ttd:75ms pts:1935.065 Clock:1934.989 Level:6
2024-08-25 15:39:20.070 T:31624 debug : CVideoPlayerVideo::OutputPicture - ttd:-116ms pts:1934.925 Clock:1935.042 Level:6
2024-08-25 15:39:20.091 T:31624 debug : CVideoPlayerVideo::OutputPicture - ttd:-104ms pts:1934.945 Clock:1935.049 Level:0
2024-08-25 15:39:20.093 T:31624 debug : CVideoPlayerVideo::OutputPicture - ttd:54ms pts:1935.125 Clock:1935.071 Level:1
2024-08-25 15:39:20.094 T:31624 debug : CVideoPlayerVideo::OutputPicture - ttd:73ms pts:1935.145 Clock:1935.072 Level:2
2024-08-25 15:39:20.096 T:31624 debug : CVideoPlayerVideo::OutputPicture - ttd:91ms pts:1935.165 Clock:1935.073 Level:3
2024-08-25 15:39:20.097 T:31624 debug : CVideoPlayerVideo::OutputPicture - ttd:110ms pts:1935.185 Clock:1935.074 Level:4
2024-08-25 15:39:20.098 T:31624 debug : CVideoPlayerVideo::OutputPicture - ttd:129ms pts:1935.205 Clock:1935.076 Level:5
2024-08-25 15:39:20.099 T:31624 debug : CVideoPlayerVideo::OutputPicture - ttd:148ms pts:1935.225 Clock:1935.077 Level:6
2024-08-25 15:39:20.104 T:31614 debug : CVideoPlayer::ProcessVideoData size:4098 dts:1937.225 pts:1937.225 dur:40.000ms, clock:1935.081 level:20
2024-08-25 15:39:20.109 T:31624 debug : CVideoPlayerVideo::OutputPicture - ttd:166ms pts:1935.245 Clock:1935.078 Level:6
2024-08-25 15:39:20.130 T:31624 debug : CVideoPlayerVideo::OutputPicture - ttd:177ms pts:1935.265 Clock:1935.088 Level:6
2024-08-25 15:39:20.148 T:31624 debug : CVideoPlayerVideo::OutputPicture - ttd:175ms pts:1935.285 Clock:1935.109 Level:6
2024-08-25 15:39:20.150 T:31614 debug : CVideoPlayer::ProcessVideoData size:19356 dts:1937.245 pts:1937.405 dur:40.000ms, clock:1935.128 level:19
2024-08-25 15:39:20.151 T:31614 debug : CVideoPlayer::ProcessVideoData size:10545 dts:1937.265 pts:1937.425 dur:40.000ms, clock:1935.129 level:19
2024-08-25 15:39:20.168 T:31624 debug : CVideoPlayerVideo::OutputPicture - ttd:176ms pts:1935.305 Clock:1935.128 Level:6
2024-08-25 15:39:20.182 T:4197 debug : trying to load setting definitions from old format...
2024-08-25 15:39:20.183 T:4206 debug : Thread Timer start, auto delete: false
2024-08-25 15:39:20.191 T:4197 debug : CPythonInvoker(30, /storage/.kodi/addons/script.skinshortcuts/default.py): script successfully run
2024-08-25 15:39:20.191 T:4197 debug : onExecutionDone(30, /storage/.kodi/addons/script.skinshortcuts/default.py)
2024-08-25 15:39:20.195 T:31614 debug : CVideoPlayer::ProcessVideoData size:6073 dts:1937.285 pts:1937.285 dur:40.000ms, clock:1935.173 level:19
2024-08-25 15:39:20.196 T:31614 debug : CVideoPlayer::ProcessVideoData size:5956 dts:1937.305 pts:1937.305 dur:40.000ms, clock:1935.173 level:19
2024-08-25 15:39:20.196 T:31614 debug : CVideoPlayer::ProcessVideoData size:8253 dts:1937.325 pts:1937.325 dur:40.000ms, clock:1935.173 level:19
2024-08-25 15:39:20.199 T:4206 debug : Thread Timer 3849552384 terminating
2024-08-25 15:39:20.200 T:4207 debug : Thread Timer start, auto delete: false
2024-08-25 15:39:20.220 T:31624 debug : CVideoPlayerVideo::OutputPicture - ttd:177ms pts:1935.325 Clock:1935.147 Level:6
2024-08-25 15:39:20.229 T:31624 debug : CVideoPlayerVideo::OutputPicture - ttd:146ms pts:1935.345 Clock:1935.199 Level:6
2024-08-25 15:39:20.239 T:31624 debug : CVideoPlayerVideo::OutputPicture - ttd:156ms pts:1935.365 Clock:1935.208 Level:6
2024-08-25 15:39:20.242 T:31614 debug : CVideoPlayer::ProcessVideoData size:8155 dts:1937.345 pts:1937.345 dur:40.000ms, clock:1935.220 level:20
2024-08-25 15:39:20.242 T:31614 debug : CVideoPlayer::ProcessVideoData size:4028 dts:1937.365 pts:1937.365 dur:40.000ms, clock:1935.220 level:20
2024-08-25 15:39:20.243 T:31614 debug : CVideoPlayer::ProcessVideoData size:3910 dts:1937.385 pts:1937.385 dur:40.000ms, clock:1935.220 level:20
2024-08-25 15:39:20.248 T:31624 debug : CVideoPlayerVideo::OutputPicture - ttd:167ms pts:1935.385 Clock:1935.218 Level:6
2024-08-25 15:39:20.268 T:31624 debug : CVideoPlayerVideo::OutputPicture - ttd:177ms pts:1935.405 Clock:1935.227 Level:6
2024-08-25 15:39:20.290 T:31614 debug : CVideoPlayer::ProcessVideoData size:16668 dts:1937.405 pts:1937.525 dur:40.000ms, clock:1935.267 level:20
2024-08-25 15:39:20.291 T:31624 debug : CVideoPlayerVideo::OutputPicture - ttd:177ms pts:1935.425 Clock:1935.248 Level:6
2024-08-25 15:39:20.294 T:31614 debug : CVideoPlayer::ProcessVideoData size:9691 dts:1937.425 pts:1937.545 dur:40.000ms, clock:1935.271 level:18
2024-08-25 15:39:20.294 T:31614 debug : CVideoPlayer::ProcessVideoData size:5353 dts:1937.445 pts:1937.445 dur:40.000ms, clock:1935.271 level:19
2024-08-25 15:39:20.294 T:31614 debug : CVideoPlayer::ProcessVideoData size:5163 dts:1937.465 pts:1937.465 dur:40.000ms, clock:1935.272 level:19
2024-08-25 15:39:20.294 T:31614 debug : CVideoPlayer::ProcessVideoData size:2563 dts:1937.485 pts:1937.485 dur:40.000ms, clock:1935.272 level:19
2024-08-25 15:39:20.312 T:31624 debug : CVideoPlayerVideo::OutputPicture - ttd:174ms pts:1935.445 Clock:1935.271 Level:6
2024-08-25 15:39:20.330 T:31624 debug : CVideoPlayerVideo::OutputPicture - ttd:174ms pts:1935.465 Clock:1935.291 Level:6
2024-08-25 15:39:20.333 T:31614 debug : CVideoPlayer::ProcessVideoData size:2321 dts:1937.505 pts:1937.505 dur:40.000ms, clock:1935.311 level:19
2024-08-25 15:39:20.350 T:31624 debug : CVideoPlayerVideo::OutputPicture - ttd:172ms pts:1935.485 Clock:1935.312 Level:6
2024-08-25 15:39:20.370 T:31624 debug : CVideoPlayerVideo::OutputPicture - ttd:175ms pts:1935.505 Clock:1935.329 Level:6
2024-08-25 15:39:20.371 T:4197 debug : Python interpreter stopped
2024-08-25 15:39:20.371 T:4197 debug : Thread LanguageInvoker 3741282816 terminating
2024-08-25 15:39:20.390 T:31624 debug : CVideoPlayerVideo::OutputPicture - ttd:173ms pts:1935.525 Clock:1935.352 Level:6
2024-08-25 15:39:20.409 T:31624 debug : CVideoPlayerVideo::OutputPicture - ttd:176ms pts:1935.545 Clock:1935.369 Level:6
2024-08-25 15:39:20.427 T:31614 debug : CVideoPlayer::ProcessVideoData size:42435 dts:1937.525 pts:1937.605 dur:40.000ms, clock:1935.405 level:20
2024-08-25 15:39:20.428 T:31614 debug : CVideoPlayer::ProcessVideoData size:7774 dts:1937.545 pts:1937.625 dur:40.000ms, clock:1935.405 level:20
2024-08-25 15:39:20.428 T:31614 debug : CVideoPlayer::ProcessVideoData size:4356 dts:1937.565 pts:1937.565 dur:40.000ms, clock:1935.406 level:20
2024-08-25 15:39:20.430 T:31624 debug : CVideoPlayerVideo::OutputPicture - ttd:177ms pts:1935.565 Clock:1935.388 Level:6
2024-08-25 15:39:20.448 T:31624 debug : CVideoPlayerVideo::OutputPicture - ttd:176ms pts:1935.585 Clock:1935.409 Level:6
2024-08-25 15:39:20.469 T:31624 debug : CVideoPlayerVideo::OutputPicture - ttd:177ms pts:1935.605 Clock:1935.427 Level:6
2024-08-25 15:39:20.470 T:31614 debug : CVideoPlayer::ProcessVideoData size:4528 dts:1937.585 pts:1937.585 dur:40.000ms, clock:1935.448 level:20
2024-08-25 15:39:20.489 T:31624 debug : CVideoPlayerVideo::OutputPicture - ttd:176ms pts:1935.625 Clock:1935.448 Level:6
2024-08-25 15:39:20.508 T:31624 debug : CVideoPlayerVideo::OutputPicture - ttd:176ms pts:1935.645 Clock:1935.469 Level:6
2024-08-25 15:39:20.517 T:31614 debug : CVideoPlayer::ProcessVideoData size:19493 dts:1937.605 pts:1937.765 dur:40.000ms, clock:1935.495 level:19
2024-08-25 15:39:20.518 T:31614 debug : CVideoPlayer::ProcessVideoData size:10284 dts:1937.625 pts:1937.785 dur:40.000ms, clock:1935.495 level:19
2024-08-25 15:39:20.518 T:31614 debug : CVideoPlayer::ProcessVideoData size:6175 dts:1937.645 pts:1937.645 dur:40.000ms, clock:1935.495 level:19
2024-08-25 15:39:20.529 T:31624 debug : CVideoPlayerVideo::OutputPicture - ttd:177ms pts:1935.665 Clock:1935.487 Level:6
2024-08-25 15:39:20.548 T:31624 debug : CVideoPlayerVideo::OutputPicture - ttd:177ms pts:1935.685 Clock:1935.508 Level:6
2024-08-25 15:39:20.561 T:31614 debug : CVideoPlayer::ProcessVideoData size:5843 dts:1937.665 pts:1937.665 dur:40.000ms, clock:1935.539 level:20
2024-08-25 15:39:20.561 T:31614 debug : CVideoPlayer::ProcessVideoData size:6883 dts:1937.685 pts:1937.685 dur:40.000ms, clock:1935.539 level:20
2024-08-25 15:39:20.569 T:31624 debug : CVideoPlayerVideo::OutputPicture - ttd:177ms pts:1935.705 Clock:1935.527 Level:6
2024-08-25 15:39:20.581 T:3955 debug : LIRC: - NEW ae 0 KEY_EXIT devinput (KEY_EXIT)
2024-08-25 15:39:20.583 T:3949 debug : HandleKey: menu (0xd8) pressed, window 10000, action is Back
2024-08-25 15:39:20.583 T:3949 debug : Activating window ID: 12005
2024-08-25 15:39:20.583 T:3949 debug : ------ Window Deinit (Home.xml) ------
2024-08-25 15:39:20.584 T:3949 debug : FreeVisualisation() done
2024-08-25 15:39:20.585 T:3949 debug : ------ Window Init (VideoFullScreen.xml) ------
2024-08-25 15:39:20.588 T:3949 info : [WHITELIST] Searching the whitelist for: width: 720, height: 576, fps: 50.000, 3D: false:(0x4), stereo mode: 0
2024-08-25 15:39:20.588 T:3949 debug : [WHITELIST] Using the default whitelist because the user whitelist is empty
2024-08-25 15:39:20.588 T:3949 debug : [WHITELIST] Searching for an exact resolution with an exact refresh rate
2024-08-25 15:39:20.589 T:3949 debug : [WHITELIST] No match for an exact resolution with an exact refresh rate
2024-08-25 15:39:20.589 T:3949 debug : [WHITELIST] Searching for an exact resolution with double the refresh rate
2024-08-25 15:39:20.589 T:3949 debug : [WHITELIST] No match for an exact resolution with double the refresh rate
2024-08-25 15:39:20.589 T:3949 debug : [WHITELIST] Searching for an exact resolution with a 3:2 pulldown refresh rate
2024-08-25 15:39:20.590 T:3949 debug : [WHITELIST] No match for a resolution with a 3:2 pulldown refresh rate
2024-08-25 15:39:20.590 T:3949 debug : [WHITELIST] Searching for a closest resolution with an exact refresh rate
2024-08-25 15:39:20.590 T:3949 debug : [WHITELIST] Matched a closest resolution with an exact refresh rate 3840x2160 @ 50.00 - Full Screen (16), penalty 4704
2024-08-25 15:39:20.590 T:3949 debug : [WHITELIST] Searching for a closest resolution with double refresh rate
2024-08-25 15:39:20.590 T:3949 info : Display resolution ADJUST : 3840x2160 @ 50.00 - Full Screen (16) (weight: 0.000)
2024-08-25 15:39:20.591 T:3949 debug : CWinSystemAmlogicGLESContext::CreateNewWindow: m_bWindowCreated: true, frac rate 0(0), hdrType: sdr(sdr), force mode switch: false
2024-08-25 15:39:20.591 T:3949 debug : CWinSystemAmlogicGLESContext::CreateNewWindow: cur: iWidth: 1920, iHeight: 1080, iScreenWidth: 3840, iScreenHeight: 2160, fRefreshRate: 50.00, dwFlags: 04
2024-08-25 15:39:20.591 T:3949 debug : CWinSystemAmlogicGLESContext::CreateNewWindow: res: iWidth: 1920, iHeight: 1080, iScreenWidth: 3840, iScreenHeight: 2160, fRefreshRate: 50.00, dwFlags: 04
2024-08-25 15:39:20.591 T:3949 debug : CWinSystemAmlogicGLESContext::CreateNewWindow: No need to create a new window
2024-08-25 15:39:20.591 T:3949 info : GLES: Maximum texture width: 4096
2024-08-25 15:39:20.596 T:31624 debug : CVideoPlayerVideo::OutputPicture - ttd:177ms pts:1935.725 Clock:1935.548 Level:6
2024-08-25 15:39:20.605 T:31624 debug : CVideoPlayerVideo::OutputPicture - ttd:169ms pts:1935.745 Clock:1935.575 Level:6
2024-08-25 15:39:20.609 T:4151 debug : OnAVChange: CApplication::OnAVChange
2024-08-25 15:39:20.609 T:31614 debug : CVideoPlayer::ProcessVideoData size:6605 dts:1937.705 pts:1937.705 dur:40.000ms, clock:1935.587 level:20
2024-08-25 15:39:20.610 T:31614 debug : CVideoPlayer::ProcessVideoData size:5775 dts:1937.725 pts:1937.725 dur:40.000ms, clock:1935.587 level:20
2024-08-25 15:39:20.610 T:31614 debug : CVideoPlayer::ProcessVideoData size:5506 dts:1937.745 pts:1937.745 dur:40.000ms, clock:1935.587 level:21
2024-08-25 15:39:20.626 T:31624 debug : CVideoPlayerVideo::OutputPicture - ttd:180ms pts:1935.765 Clock:1935.584 Level:6
2024-08-25 15:39:20.645 T:31624 debug : CVideoPlayerVideo::OutputPicture - ttd:178ms pts:1935.785 Clock:1935.607 Level:6
2024-08-25 15:39:20.655 T:31614 debug : CVideoPlayer::ProcessVideoData size:21563 dts:1937.765 pts:1937.925 dur:40.000ms, clock:1935.633 level:18
2024-08-25 15:39:20.656 T:31614 debug : CVideoPlayer::ProcessVideoData size:10685 dts:1937.785 pts:1937.945 dur:40.000ms, clock:1935.633 level:18
2024-08-25 15:39:20.656 T:31614 debug : CVideoPlayer::ProcessVideoData size:5960 dts:1937.805 pts:1937.805 dur:40.000ms, clock:1935.633 level:19
2024-08-25 15:39:20.656 T:31614 debug : CVideoPlayer::ProcessVideoData size:5864 dts:1937.825 pts:1937.825 dur:40.000ms, clock:1935.633 level:19
2024-08-25 15:39:20.665 T:31624 debug : CVideoPlayerVideo::OutputPicture - ttd:180ms pts:1935.805 Clock:1935.624 Level:6
2024-08-25 15:39:20.672 T:4000 debug : script.skin.helper.widgets --> Kodi_Monitor: sender xbmc - method: Player.OnAVChange - data: {"item":{"channeltype":"tv","id":4492,"title":"Rotana Classic","type":"channel"},"player":{"playerid":1,"speed":1}}
2024-08-25 15:39:20.685 T:3999 debug : Skin Helper Service --> Kodi_Monitor: sender xbmc - method: Player.OnAVChange - data: {"item":{"channeltype":"tv","id":4492,"title":"Rotana Classic","type":"channel"},"player":{"playerid":1,"speed":1}}
2024-08-25 15:39:20.686 T:31624 debug : CVideoPlayerVideo::OutputPicture - ttd:181ms pts:1935.825 Clock:1935.644 Level:6
2024-08-25 15:39:20.701 T:31614 debug : CVideoPlayer::ProcessVideoData size:5718 dts:1937.845 pts:1937.845 dur:40.000ms, clock:1935.678 level:19
2024-08-25 15:39:20.701 T:31614 debug : CVideoPlayer::ProcessVideoData size:5265 dts:1937.865 pts:1937.865 dur:40.000ms, clock:1935.678 level:19
2024-08-25 15:39:20.701 T:31614 debug : CVideoPlayer::ProcessVideoData size:4473 dts:1937.885 pts:1937.885 dur:40.000ms, clock:1935.678 level:20
2024-08-25 15:39:20.705 T:31624 debug : CVideoPlayerVideo::OutputPicture - ttd:180ms pts:1935.845 Clock:1935.665 Level:6
2024-08-25 15:39:20.709 T:4207 debug : Thread Timer 3849552384 terminating
2024-08-25 15:39:20.725 T:31624 debug : CVideoPlayerVideo::OutputPicture - ttd:181ms pts:1935.865 Clock:1935.684 Level:6
2024-08-25 15:39:20.744 T:31624 debug : CVideoPlayerVideo::OutputPicture - ttd:180ms pts:1935.885 Clock:1935.704 Level:6
2024-08-25 15:39:20.747 T:31614 debug : CVideoPlayer::ProcessVideoData size:4268 dts:1937.905 pts:1937.905 dur:40.000ms, clock:1935.725 level:20
2024-08-25 15:39:20.765 T:31624 debug : CVideoPlayerVideo::OutputPicture - ttd:181ms pts:1935.905 Clock:1935.724 Level:6
2024-08-25 15:39:20.767 T:31624 debug : CPtsTracker: pattern lost on diff 20000.000000, number of losses 100
2024-08-25 15:39:20.785 T:31624 debug : CVideoPlayerVideo::OutputPicture - ttd:180ms pts:1935.925 Clock:1935.744 Level:6
2024-08-25 15:39:20.805 T:31624 debug : CVideoPlayerVideo::OutputPicture - ttd:181ms pts:1935.945 Clock:1935.764 Level:6
2024-08-25 15:39:20.824 T:31624 debug : CVideoPlayerVideo::OutputPicture - ttd:180ms pts:1935.965 Clock:1935.784 Level:6
2024-08-25 15:39:20.841 T:31614 debug : CVideoPlayer::ProcessVideoData size:49747 dts:1937.925 pts:1938.085 dur:40.000ms, clock:1935.819 level:20
2024-08-25 15:39:20.844 T:31624 debug : CVideoPlayerVideo::OutputPicture - ttd:181ms pts:1935.985 Clock:1935.804 Level:6
2024-08-25 15:39:20.865 T:31624 debug : CVideoPlayerVideo::OutputPicture - ttd:261ms pts:1936.085 Clock:1935.823 Level:6
2024-08-25 15:39:20.885 T:31624 debug : CVideoPlayerVideo::OutputPicture - ttd:260ms pts:1936.105 Clock:1935.845 Level:6
2024-08-25 15:39:20.889 T:31614 debug : CVideoPlayer::ProcessVideoData size:9587 dts:1937.945 pts:1938.105 dur:40.000ms, clock:1935.866 level:19
2024-08-25 15:39:20.889 T:31614 debug : CVideoPlayer::ProcessVideoData size:6410 dts:1937.965 pts:1937.965 dur:40.000ms, clock:1935.867 level:19
2024-08-25 15:39:20.889 T:31614 debug : CVideoPlayer::ProcessVideoData size:6399 dts:1937.985 pts:1937.985 dur:40.000ms, clock:1935.867 level:19
2024-08-25 15:39:20.889 T:31614 debug : CVideoPlayer::ProcessVideoData size:5952 dts:1938.005 pts:1938.005 dur:40.000ms, clock:1935.867 level:20
2024-08-25 15:39:20.904 T:31624 debug : CVideoPlayerVideo::OutputPicture - ttd:181ms pts:1936.045 Clock:1935.864 Level:6
2024-08-25 15:39:20.924 T:31624 debug : CVideoPlayerVideo::OutputPicture - ttd:182ms pts:1936.065 Clock:1935.882 Level:6
2024-08-25 15:39:20.932 T:31614 debug : CVideoPlayer::ProcessVideoData size:6201 dts:1938.025 pts:1938.025 dur:40.000ms, clock:1935.910 level:20
2024-08-25 15:39:20.933 T:31614 debug : CVideoPlayer::ProcessVideoData size:5686 dts:1938.045 pts:1938.045 dur:40.000ms, clock:1935.910 level:20
2024-08-25 15:39:20.933 T:31614 debug : CVideoPlayer::ProcessVideoData size:5614 dts:1938.065 pts:1938.065 dur:40.000ms, clock:1935.910 level:20
2024-08-25 15:39:20.944 T:31624 debug : CVideoPlayerVideo::OutputPicture - ttd:102ms pts:1936.005 Clock:1935.902 Level:6
2024-08-25 15:39:20.964 T:31624 debug : CVideoPlayerVideo::OutputPicture - ttd:102ms pts:1936.025 Clock:1935.922 Level:6
2024-08-25 15:39:20.980 T:31614 debug : CVideoPlayer::ProcessVideoData size:19008 dts:1938.085 pts:1938.245 dur:40.000ms, clock:1935.957 level:21
2024-08-25 15:39:20.986 T:31624 debug : CVideoPlayerVideo::OutputPicture - ttd:182ms pts:1936.125 Clock:1935.942 Level:6
2024-08-25 15:39:21.027 T:31614 debug : CVideoPlayer::ProcessVideoData size:11072 dts:1938.105 pts:1938.265 dur:40.000ms, clock:1936.005 level:19
2024-08-25 15:39:21.028 T:31614 debug : CVideoPlayer::ProcessVideoData size:5924 dts:1938.125 pts:1938.125 dur:40.000ms, clock:1936.005 level:19
2024-08-25 15:39:21.028 T:31614 debug : CVideoPlayer::ProcessVideoData size:6659 dts:1938.145 pts:1938.145 dur:40.000ms, clock:1936.005 level:19
2024-08-25 15:39:21.065 T:31624 debug : CVideoPlayerVideo::OutputPicture - ttd:179ms pts:1936.145 Clock:1935.965 Level:6
2024-08-25 15:39:21.071 T:31614 debug : CVideoPlayer::ProcessVideoData size:7033 dts:1938.165 pts:1938.165 dur:40.000ms, clock:1936.048 level:20
2024-08-25 15:39:21.071 T:31614 debug : CVideoPlayer::ProcessVideoData size:6743 dts:1938.185 pts:1938.185 dur:40.000ms, clock:1936.049 level:20
2024-08-25 15:39:21.071 T:31614 debug : CVideoPlayer::ProcessVideoData size:4531 dts:1938.205 pts:1938.205 dur:40.000ms, clock:1936.049 level:20
2024-08-25 15:39:21.071 T:31614 debug : CVideoPlayer::ProcessVideoData size:4493 dts:1938.225 pts:1938.225 dur:40.000ms, clock:1936.049 level:20
2024-08-25 15:39:21.085 T:31624 debug : CVideoPlayerVideo::OutputPicture - ttd:121ms pts:1936.165 Clock:1936.044 Level:6
2024-08-25 15:39:21.107 T:31624 debug : CVideoPlayerVideo::OutputPicture - ttd:120ms pts:1936.185 Clock:1936.064 Level:6
2024-08-25 15:39:21.124 T:31624 debug : CVideoPlayerVideo::OutputPicture - ttd:118ms pts:1936.205 Clock:1936.086 Level:6
2024-08-25 15:39:21.146 T:31624 debug : CVideoPlayerVideo::OutputPicture - ttd:121ms pts:1936.225 Clock:1936.103 Level:5
2024-08-25 15:39:21.147 T:31624 debug : CVideoPlayerVideo::OutputPicture - ttd:119ms pts:1936.245 Clock:1936.125 Level:6
2024-08-25 15:39:21.165 T:31624 debug : CVideoPlayerVideo::OutputPicture - ttd:138ms pts:1936.265 Clock:1936.126 Level:6
2024-08-25 15:39:21.167 T:31614 debug : CVideoPlayer::ProcessVideoData size:22954 dts:1938.245 pts:1938.405 dur:40.000ms, clock:1936.144 level:21
2024-08-25 15:39:21.167 T:31614 debug : CVideoPlayer::ProcessVideoData size:10138 dts:1938.265 pts:1938.425 dur:40.000ms, clock:1936.145 level:21
2024-08-25 15:39:21.167 T:31614 debug : CVideoPlayer::ProcessVideoData size:6332 dts:1938.285 pts:1938.285 dur:40.000ms, clock:1936.145 level:21
2024-08-25 15:39:21.185 T:31624 debug : CVideoPlayerVideo::OutputPicture - ttd:140ms pts:1936.285 Clock:1936.144 Level:6
2024-08-25 15:39:21.204 T:31624 debug : CVideoPlayerVideo::OutputPicture - ttd:139ms pts:1936.305 Clock:1936.165 Level:6
2024-08-25 15:39:21.210 T:31614 debug : CVideoPlayer::ProcessVideoData size:6164 dts:1938.305 pts:1938.305 dur:40.000ms, clock:1936.187 level:19
2024-08-25 15:39:21.210 T:31614 debug : CVideoPlayer::ProcessVideoData size:5853 dts:1938.325 pts:1938.325 dur:40.000ms, clock:1936.188 level:19
2024-08-25 15:39:21.210 T:31614 debug : CVideoPlayer::ProcessVideoData size:5807 dts:1938.345 pts:1938.345 dur:40.000ms, clock:1936.188 level:20
2024-08-25 15:39:21.210 T:31614 debug : CVideoPlayer::ProcessVideoData size:5202 dts:1938.365 pts:1938.365 dur:40.000ms, clock:1936.188 level:20
2024-08-25 15:39:21.210 T:31614 debug : CVideoPlayer::ProcessVideoData size:4997 dts:1938.385 pts:1938.385 dur:40.000ms, clock:1936.188 level:20
2024-08-25 15:39:21.225 T:31624 debug : CVideoPlayerVideo::OutputPicture - ttd:141ms pts:1936.325 Clock:1936.184 Level:6
2024-08-25 15:39:21.245 T:31624 debug : CVideoPlayerVideo::OutputPicture - ttd:141ms pts:1936.345 Clock:1936.204 Level:6
2024-08-25 15:39:21.255 T:31614 debug : CVideoPlayer::ProcessVideoData size:22108 dts:1938.405 pts:1938.525 dur:40.000ms, clock:1936.233 level:20
2024-08-25 15:39:21.265 T:31624 debug : CVideoPlayerVideo::OutputPicture - ttd:140ms pts:1936.365 Clock:1936.224 Level:6
2024-08-25 15:39:21.285 T:31624 debug : CVideoPlayerVideo::OutputPicture - ttd:141ms pts:1936.385 Clock:1936.244 Level:6
2024-08-25 15:39:21.299 T:31614 debug : CVideoPlayer::ProcessVideoData size:14087 dts:1938.425 pts:1938.545 dur:40.000ms, clock:1936.277 level:21
2024-08-25 15:39:21.305 T:31624 debug : CVideoPlayerVideo::OutputPicture - ttd:141ms pts:1936.405 Clock:1936.264 Level:6
2024-08-25 15:39:21.325 T:31624 debug : CVideoPlayerVideo::OutputPicture - ttd:141ms pts:1936.425 Clock:1936.284 Level:6
2024-08-25 15:39:21.344 T:31624 debug : CVideoPlayerVideo::OutputPicture - ttd:141ms pts:1936.445 Clock:1936.304 Level:6
2024-08-25 15:39:21.346 T:31614 debug : CVideoPlayer::ProcessVideoData size:5548 dts:1938.445 pts:1938.445 dur:40.000ms, clock:1936.324 level:19
2024-08-25 15:39:21.347 T:31614 debug : CVideoPlayer::ProcessVideoData size:5302 dts:1938.465 pts:1938.465 dur:40.000ms, clock:1936.324 level:19
2024-08-25 15:39:21.347 T:31614 debug : CVideoPlayer::ProcessVideoData size:4036 dts:1938.485 pts:1938.485 dur:40.000ms, clock:1936.324 level:19
2024-08-25 15:39:21.347 T:31614 debug : CVideoPlayer::ProcessVideoData size:3735 dts:1938.505 pts:1938.505 dur:40.000ms, clock:1936.325 level:20
2024-08-25 15:39:21.364 T:31624 debug : CVideoPlayerVideo::OutputPicture - ttd:139ms pts:1936.465 Clock:1936.325 Level:6
2024-08-25 15:39:21.385 T:31624 debug : CVideoPlayerVideo::OutputPicture - ttd:142ms pts:1936.485 Clock:1936.343 Level:6
2024-08-25 15:39:21.390 T:31614 debug : CVideoPlayer::ProcessVideoData size:19866 dts:1938.525 pts:1938.645 dur:40.000ms, clock:1936.367 level:20
2024-08-25 15:39:21.405 T:31624 debug : CVideoPlayerVideo::OutputPicture - ttd:141ms pts:1936.505 Clock:1936.364 Level:6
2024-08-25 15:39:21.425 T:31624 debug : CVideoPlayerVideo::OutputPicture - ttd:140ms pts:1936.525 Clock:1936.384 Level:6
2024-08-25 15:39:21.435 T:31614 debug : CVideoPlayer::ProcessVideoData size:13207 dts:1938.545 pts:1938.665 dur:40.000ms, clock:1936.412 level:20
2024-08-25 15:39:21.435 T:31614 debug : CVideoPlayer::ProcessVideoData size:6361 dts:1938.565 pts:1938.565 dur:40.000ms, clock:1936.412 level:20
2024-08-25 15:39:21.435 T:31614 debug : CVideoPlayer::ProcessVideoData size:6209 dts:1938.585 pts:1938.585 dur:40.000ms, clock:1936.412 level:21
2024-08-25 15:39:21.435 T:31614 debug : CVideoPlayer::ProcessVideoData size:5039 dts:1938.605 pts:1938.605 dur:40.000ms, clock:1936.413 level:21
2024-08-25 15:39:21.444 T:31624 debug : CVideoPlayerVideo::OutputPicture - ttd:141ms pts:1936.545 Clock:1936.404 Level:6
2024-08-25 15:39:21.465 T:31624 debug : CVideoPlayerVideo::OutputPicture - ttd:141ms pts:1936.565 Clock:1936.423 Level:6
2024-08-25 15:39:21.480 T:31614 debug : CVideoPlayer::ProcessVideoData size:4907 dts:1938.625 pts:1938.625 dur:40.000ms, clock:1936.458 level:21
2024-08-25 15:39:21.485 T:31624 debug : CVideoPlayerVideo::OutputPicture - ttd:141ms pts:1936.585 Clock:1936.444 Level:6
2024-08-25 15:39:21.504 T:31624 debug : CVideoPlayerVideo::OutputPicture - ttd:141ms pts:1936.605 Clock:1936.464 Level:6
2024-08-25 15:39:21.524 T:31624 debug : CVideoPlayerVideo::OutputPicture - ttd:141ms pts:1936.625 Clock:1936.483 Level:6
2024-08-25 15:39:21.527 T:31614 debug : CVideoPlayer::ProcessVideoData size:21850 dts:1938.645 pts:1938.765 dur:40.000ms, clock:1936.505 level:19
2024-08-25 15:39:21.528 T:31614 debug : CVideoPlayer::ProcessVideoData size:14586 dts:1938.665 pts:1938.785 dur:40.000ms, clock:1936.505 level:19
2024-08-25 15:39:21.544 T:31624 debug : CVideoPlayerVideo::OutputPicture - ttd:142ms pts:1936.645 Clock:1936.503 Level:6
2024-08-25 15:39:21.564 T:31624 debug : CVideoPlayerVideo::OutputPicture - ttd:142ms pts:1936.665 Clock:1936.522 Level:6
2024-08-25 15:39:21.573 T:31614 debug : CVideoPlayer::ProcessVideoData size:4665 dts:1938.685 pts:1938.685 dur:40.000ms, clock:1936.551 level:20
2024-08-25 15:39:21.573 T:31614 debug : CVideoPlayer::ProcessVideoData size:4375 dts:1938.705 pts:1938.705 dur:40.000ms, clock:1936.551 level:20
2024-08-25 15:39:21.573 T:31614 debug : CVideoPlayer::ProcessVideoData size:3678 dts:1938.725 pts:1938.725 dur:40.000ms, clock:1936.551 level:20
2024-08-25 15:39:21.574 T:31614 debug : CVideoPlayer::ProcessVideoData size:3569 dts:1938.745 pts:1938.745 dur:40.000ms, clock:1936.551 level:20
2024-08-25 15:39:21.584 T:31624 debug : CVideoPlayerVideo::OutputPicture - ttd:142ms pts:1936.685 Clock:1936.542 Level:6
2024-08-25 15:39:21.604 T:31624 debug : CVideoPlayerVideo::OutputPicture - ttd:142ms pts:1936.705 Clock:1936.563 Level:6
2024-08-25 15:39:21.626 T:31624 debug : CVideoPlayerVideo::OutputPicture - ttd:141ms pts:1936.725 Clock:1936.583 Level:6
2024-08-25 15:39:21.646 T:31624 debug : CVideoPlayerVideo::OutputPicture - ttd:140ms pts:1936.745 Clock:1936.605 Level:6
2024-08-25 15:39:21.665 T:31624 debug : CVideoPlayerVideo::OutputPicture - ttd:140ms pts:1936.765 Clock:1936.625 Level:6
2024-08-25 15:39:21.668 T:31614 debug : CVideoPlayer::ProcessVideoData size:22389 dts:1938.765 pts:1938.925 dur:40.000ms, clock:1936.646 level:21
2024-08-25 15:39:21.668 T:31614 debug : CVideoPlayer::ProcessVideoData size:12449 dts:1938.785 pts:1938.945 dur:40.000ms, clock:1936.646 level:21
2024-08-25 15:39:21.668 T:31614 debug : CVideoPlayer::ProcessVideoData size:6313 dts:1938.805 pts:1938.805 dur:40.000ms, clock:1936.646 level:21
2024-08-25 15:39:21.668 T:31614 debug : CVideoPlayer::ProcessVideoData size:6114 dts:1938.825 pts:1938.825 dur:40.000ms, clock:1936.646 level:21
2024-08-25 15:39:21.669 T:31614 debug : CVideoPlayer::ProcessVideoData size:7041 dts:1938.845 pts:1938.845 dur:40.000ms, clock:1936.646 level:22
2024-08-25 15:39:21.685 T:31624 debug : CVideoPlayerVideo::OutputPicture - ttd:141ms pts:1936.785 Clock:1936.644 Level:6
2024-08-25 15:39:21.705 T:31624 debug : CVideoPlayerVideo::OutputPicture - ttd:140ms pts:1936.805 Clock:1936.664 Level:6
2024-08-25 15:39:21.712 T:31614 debug : CVideoPlayer::ProcessVideoData size:7198 dts:1938.865 pts:1938.865 dur:40.000ms, clock:1936.689 level:19
2024-08-25 15:39:21.712 T:31614 debug : CVideoPlayer::ProcessVideoData size:4735 dts:1938.885 pts:1938.885 dur:40.000ms, clock:1936.689 level:20
2024-08-25 15:39:21.712 T:31614 debug : CVideoPlayer::ProcessVideoData size:4670 dts:1938.905 pts:1938.905 dur:40.000ms, clock:1936.690 level:20
2024-08-25 15:39:21.724 T:31624 debug : CVideoPlayerVideo::OutputPicture - ttd:140ms pts:1936.825 Clock:1936.685 Level:6
2024-08-25 15:39:21.745 T:31624 debug : CVideoPlayerVideo::OutputPicture - ttd:141ms pts:1936.845 Clock:1936.703 Level:6
2024-08-25 15:39:21.765 T:31624 debug : CVideoPlayerVideo::OutputPicture - ttd:140ms pts:1936.865 Clock:1936.724 Level:6
2024-08-25 15:39:21.785 T:31624 debug : CVideoPlayerVideo::OutputPicture - ttd:141ms pts:1936.885 Clock:1936.744 Level:6
2024-08-25 15:39:21.805 T:31624 debug : CVideoPlayerVideo::OutputPicture - ttd:140ms pts:1936.905 Clock:1936.764 Level:6
2024-08-25 15:39:21.824 T:31624 debug : CVideoPlayerVideo::OutputPicture - ttd:301ms pts:1937.085 Clock:1936.784 Level:6
2024-08-25 15:39:21.845 T:31624 debug : CVideoPlayerVideo::OutputPicture - ttd:301ms pts:1937.105 Clock:1936.803 Level:6
2024-08-25 15:39:21.853 T:31614 debug : CVideoPlayer::ProcessVideoData size:53805 dts:1938.925 pts:1939.085 dur:40.000ms, clock:1936.830 level:20
2024-08-25 15:39:21.866 T:31624 debug : CVideoPlayerVideo::OutputPicture - ttd:140ms pts:1936.965 Clock:1936.824 Level:6
2024-08-25 15:39:21.876 T:31614 debug : CVideoPlayer::ProcessVideoData size:12474 dts:1938.945 pts:1939.105 dur:40.000ms, clock:1936.854 level:20
2024-08-25 15:39:21.885 T:31624 debug : CVideoPlayerVideo::OutputPicture - ttd:140ms pts:1936.985 Clock:1936.845 Level:6
2024-08-25 15:39:21.904 T:31624 debug : CVideoPlayerVideo::OutputPicture - ttd:140ms pts:1937.005 Clock:1936.865 Level:6
2024-08-25 15:39:21.922 T:31614 debug : CVideoPlayer::ProcessVideoData size:6952 dts:1938.965 pts:1938.965 dur:40.000ms, clock:1936.899 level:18
2024-08-25 15:39:21.922 T:31614 debug : CVideoPlayer::ProcessVideoData size:6527 dts:1938.985 pts:1938.985 dur:40.000ms, clock:1936.900 level:18
2024-08-25 15:39:21.923 T:31614 debug : CVideoPlayer::ProcessVideoData size:7441 dts:1939.005 pts:1939.005 dur:40.000ms, clock:1936.900 level:19
2024-08-25 15:39:21.925 T:31624 debug : CVideoPlayerVideo::OutputPicture - ttd:141ms pts:1937.025 Clock:1936.884 Level:6
2024-08-25 15:39:21.945 T:31624 debug : CVideoPlayerVideo::OutputPicture - ttd:141ms pts:1937.045 Clock:1936.904 Level:6
2024-08-25 15:39:21.966 T:31614 debug : CVideoPlayer::ProcessVideoData size:7434 dts:1939.025 pts:1939.025 dur:40.000ms, clock:1936.944 level:19
2024-08-25 15:39:21.967 T:31614 debug : CVideoPlayer::ProcessVideoData size:4348 dts:1939.045 pts:1939.045 dur:40.000ms, clock:1936.944 level:19
2024-08-25 15:39:21.967 T:31614 debug : CVideoPlayer::ProcessVideoData size:4430 dts:1939.065 pts:1939.065 dur:40.000ms, clock:1936.945 level:19
2024-08-25 15:39:22.013 T:31614 debug : CVideoPlayer::ProcessVideoData size:20941 dts:1939.085 pts:1939.245 dur:40.000ms, clock:1936.990 level:20
2024-08-25 15:39:22.060 T:31614 debug : CVideoPlayer::ProcessVideoData size:13004 dts:1939.105 pts:1939.265 dur:40.000ms, clock:1937.038 level:20
2024-08-25 15:39:22.061 T:31614 debug : CVideoPlayer::ProcessVideoData size:6124 dts:1939.125 pts:1939.125 dur:40.000ms, clock:1937.038 level:20
