2024-08-25 14:22:35.468 T:4025 info : JSONRPC Server: Disconnection detected
2024-08-25 14:22:35.902 T:4025 info : JSONRPC Server: New connection added
2024-08-25 14:23:09.380 T:4021 info : ES: Client from ::ffff:192.168.1.15 timed out
2024-08-25 14:23:23.501 T:4025 info : JSONRPC Server: Disconnection detected
2024-08-25 14:24:13.260 T:4021 info : ES: Client from ::ffff:192.168.1.15 timed out
2024-08-25 14:24:30.732 T:4025 info : JSONRPC Server: New connection added
2024-08-25 14:24:33.169 T:3949 info : CVideoPlayer::CloseFile()
2024-08-25 14:24:33.170 T:3949 info : VideoPlayer: waiting for threads to exit
2024-08-25 14:24:33.188 T:20131 info : CVideoPlayer::OnExit()
2024-08-25 14:24:33.189 T:20131 info : Closing stream player 1
2024-08-25 14:24:33.189 T:20131 info : Waiting for audio thread to exit
2024-08-25 14:24:33.193 T:21462 info : thread end: CVideoPlayerAudio::OnExit()
2024-08-25 14:24:33.193 T:20131 info : Closing audio device
2024-08-25 14:24:33.225 T:20131 info : Deleting audio codec
2024-08-25 14:24:33.225 T:20131 info : Closing stream player 2
2024-08-25 14:24:33.225 T:20131 info : waiting for video thread to exit
2024-08-25 14:24:33.233 T:3965 info : CActiveAESink::OpenSink - initialize sink
2024-08-25 14:24:33.275 T:21492 warning : OutputPicture - timeout waiting for buffer
2024-08-25 14:24:33.275 T:21492 info : thread end: video_thread
2024-08-25 14:24:33.277 T:20131 info : deleting video codec
2024-08-25 14:24:33.334 T:3949 info : VideoPlayer: finished waiting
2024-08-25 14:24:33.334 T:3949 info : CVideoPlayer::CloseFile()
2024-08-25 14:24:33.334 T:3949 info : VideoPlayer: waiting for threads to exit
2024-08-25 14:24:33.334 T:3949 info : VideoPlayer: finished waiting
2024-08-25 14:24:33.341 T:25261 info : Deleting settings information for files pvr://channels/tv/%d8%ac%d9%85%d9%8a%d8%b9%20%d8%a7%d9%84%d9%82%d9%86%d9%88%d8%a7%d8%aa@-1/1@pvr.hts_1319697513.pvr
2024-08-25 14:24:33.463 T:3965 info : PulseAudio: Opened device alsa_output.default in pcm mode with Buffersize 150 ms Periodsize 50 ms
2024-08-25 14:24:33.505 T:3949 info : GLES: Maximum texture width: 4096
2024-08-25 14:24:37.115 T:3965 info : CActiveAESink::OpenSink - initialize sink
2024-08-25 14:24:37.120 T:3965 info : PulseAudio: Opened device alsa_output.default in pcm mode with Buffersize 150 ms Periodsize 50 ms
2024-08-25 14:24:37.160 T:3949 info : VideoPlayer::OpenFile: pvr://channels/tv/%d8%ac%d9%85%d9%8a%d8%b9%20%d8%a7%d9%84%d9%82%d9%86%d9%88%d8%a7%d8%aa@-1/1@pvr.hts_1319697513.pvr
2024-08-25 14:24:37.160 T:25280 info : Creating InputStream
2024-08-25 14:24:37.161 T:25280 info : Creating Demuxer
2024-08-25 14:24:37.161 T:25280 info : Opening stream: 1001 source: 256
2024-08-25 14:24:37.161 T:25280 error : OpenStream: Codec id 2 require extradata.
2024-08-25 14:24:37.161 T:25280 warning : OpenStream - Unsupported stream 1001. Stream disabled.
2024-08-25 14:24:37.161 T:25280 info : Opening stream: 1002 source: 256
2024-08-25 14:24:37.161 T:25280 info : Finding audio codec for: 86016
2024-08-25 14:24:37.162 T:25280 info : CDVDAudioCodecFFmpeg::Open() Successful opened audio decoder mp2
2024-08-25 14:24:37.162 T:25280 info : OpenStream: Allowing max Out-Of-Sync Value of 50 ms
2024-08-25 14:24:37.162 T:25280 info : Creating audio thread
2024-08-25 14:24:37.162 T:25281 info : running thread: CVideoPlayerAudio::Process()
2024-08-25 14:24:37.172 T:25280 info : Opening stream: 1001 source: 256
2024-08-25 14:24:37.173 T:25280 info : Creating video codec with codec id: 2
2024-08-25 14:24:37.173 T:25280 info : DVDVideoCodecAmlogic: Opened Amlogic Codec
2024-08-25 14:24:37.173 T:25280 info : Creating video thread
2024-08-25 14:24:37.173 T:25282 info : running thread: video_thread
2024-08-25 14:24:37.173 T:25280 info : Opening stream: 1002 source: 256
2024-08-25 14:24:37.174 T:25280 info : Finding audio codec for: 86016
2024-08-25 14:24:37.174 T:25280 info : CDVDAudioCodecFFmpeg::Open() Successful opened audio decoder mp2
2024-08-25 14:24:37.174 T:25282 info : CDVDVideoCodecAmlogic::AddData: Open decoder: fps:25000/1000
2024-08-25 14:24:37.183 T:25281 info : OpenStream: Allowing max Out-Of-Sync Value of 50 ms
2024-08-25 14:24:37.184 T:25281 info : Creating audio stream (codec id: 86016, channels: 2, sample rate: 48000, no pass-through)
2024-08-25 14:24:37.185 T:3965 info : CActiveAESink::OpenSink - initialize sink
2024-08-25 14:24:37.254 T:3949 info : Constructing CRendererAML
2024-08-25 14:24:37.456 T:3965 info : PulseAudio: Opened device alsa_output.default in pcm mode with Buffersize 150 ms Periodsize 50 ms
2024-08-25 14:24:37.505 T:3949 info : Constructing CRendererAML
2024-08-25 14:24:38.024 T:25282 warning : OutputPicture - timeout waiting for buffer
2024-08-25 14:24:38.525 T:3949 info : [WHITELIST] Searching the whitelist for: width: 720, height: 576, fps: 50.000, 3D: false:(0x4), stereo mode: 0
2024-08-25 14:24:38.527 T:3949 info : Display resolution ADJUST : 3840x2160 @ 50.00 - Full Screen (16) (weight: 0.000)
2024-08-25 14:24:38.527 T:3949 info : GLES: Maximum texture width: 4096
2024-08-25 14:24:38.545 T:25282 warning : OutputPicture - timeout waiting for buffer
2024-08-25 14:25:44.408 T:4025 info : JSONRPC Server: Disconnection detected
2024-08-25 14:26:05.417 T:4032 warning : UpdateTimerTypes: Not calling add-on 'pvr.iptvsimple'. Add-on not (yet) connected.
2024-08-25 14:26:05.428 T:4032 warning : GetTimers: Not calling add-on 'pvr.iptvsimple'. Add-on not (yet) connected.
2024-08-25 14:26:25.226 T:4021 info : ES: Client from ::ffff:192.168.1.15 timed out
2024-08-25 14:28:30.186 T:4025 info : JSONRPC Server: New connection added
2024-08-25 14:28:38.953 T:4025 info : JSONRPC Server: Disconnection detected
2024-08-25 14:30:30.893 T:4025 info : JSONRPC Server: New connection added
2024-08-25 14:31:05.652 T:4025 info : JSONRPC Server: Disconnection detected
2024-08-25 14:31:06.040 T:4032 warning : UpdateTimerTypes: Not calling add-on 'pvr.iptvsimple'. Add-on not (yet) connected.
2024-08-25 14:31:06.052 T:4032 warning : GetTimers: Not calling add-on 'pvr.iptvsimple'. Add-on not (yet) connected.
2024-08-25 14:32:03.325 T:4021 info : ES: Client from ::ffff:192.168.1.15 timed out
2024-08-25 14:34:48.578 T:4025 info : JSONRPC Server: New connection added
2024-08-25 14:34:52.563 T:4025 info : JSONRPC Server: Disconnection detected
2024-08-25 14:35:26.409 T:4025 info : JSONRPC Server: New connection added
2024-08-25 14:35:33.538 T:4025 info : JSONRPC Server: Disconnection detected
2024-08-25 14:36:06.723 T:4032 warning : UpdateTimerTypes: Not calling add-on 'pvr.iptvsimple'. Add-on not (yet) connected.
2024-08-25 14:36:06.733 T:4032 warning : GetTimers: Not calling add-on 'pvr.iptvsimple'. Add-on not (yet) connected.
2024-08-25 14:36:31.800 T:4021 info : ES: Client from ::ffff:192.168.1.15 timed out
2024-08-25 14:37:51.229 T:4025 info : JSONRPC Server: New connection added
2024-08-25 14:37:54.699 T:4025 info : JSONRPC Server: Disconnection detected
2024-08-25 14:38:37.838 T:4025 info : JSONRPC Server: New connection added
2024-08-25 14:38:40.239 T:4025 info : JSONRPC Server: Disconnection detected
2024-08-25 14:41:07.202 T:4032 warning : UpdateTimerTypes: Not calling add-on 'pvr.iptvsimple'. Add-on not (yet) connected.
2024-08-25 14:41:07.212 T:4032 warning : GetTimers: Not calling add-on 'pvr.iptvsimple'. Add-on not (yet) connected.
2024-08-25 14:42:59.284 T:4025 info : JSONRPC Server: New connection added
2024-08-25 14:43:22.408 T:4025 info : JSONRPC Server: Disconnection detected
2024-08-25 14:44:20.949 T:4021 info : ES: Client from ::ffff:192.168.1.15 timed out
2024-08-25 14:46:07.593 T:4032 warning : UpdateTimerTypes: Not calling add-on 'pvr.iptvsimple'. Add-on not (yet) connected.
2024-08-25 14:46:07.604 T:4032 warning : GetTimers: Not calling add-on 'pvr.iptvsimple'. Add-on not (yet) connected.
2024-08-25 14:51:08.070 T:4032 warning : UpdateTimerTypes: Not calling add-on 'pvr.iptvsimple'. Add-on not (yet) connected.
2024-08-25 14:51:08.081 T:4032 warning : GetTimers: Not calling add-on 'pvr.iptvsimple'. Add-on not (yet) connected.
2024-08-25 14:53:43.947 T:4025 info : JSONRPC Server: New connection added
2024-08-25 14:53:46.509 T:4025 info : JSONRPC Server: Disconnection detected
2024-08-25 14:56:08.562 T:4032 warning : UpdateTimerTypes: Not calling add-on 'pvr.iptvsimple'. Add-on not (yet) connected.
2024-08-25 14:56:08.571 T:4032 warning : GetTimers: Not calling add-on 'pvr.iptvsimple'. Add-on not (yet) connected.
2024-08-25 14:59:02.001 T:4025 info : JSONRPC Server: New connection added
2024-08-25 14:59:05.679 T:30403 info : WEATHER: Downloading weather
2024-08-25 14:59:18.423 T:4025 info : JSONRPC Server: Disconnection detected
2024-08-25 14:59:44.636 T:4025 info : JSONRPC Server: New connection added
2024-08-25 14:59:49.298 T:4025 info : JSONRPC Server: Disconnection detected
2024-08-25 15:00:04.771 T:4025 info : JSONRPC Server: New connection added
2024-08-25 15:00:09.473 T:4025 info : JSONRPC Server: Disconnection detected
2024-08-25 15:01:07.694 T:4021 info : ES: Client from ::ffff:192.168.1.15 timed out
2024-08-25 15:01:09.474 T:4032 warning : UpdateTimerTypes: Not calling add-on 'pvr.iptvsimple'. Add-on not (yet) connected.
2024-08-25 15:01:09.486 T:4032 warning : GetTimers: Not calling add-on 'pvr.iptvsimple'. Add-on not (yet) connected.
2024-08-25 15:01:25.618 T:4025 info : JSONRPC Server: New connection added
2024-08-25 15:01:34.864 T:4025 info : JSONRPC Server: Disconnection detected
2024-08-25 15:02:19.459 T:4025 info : JSONRPC Server: New connection added
2024-08-25 15:02:28.435 T:4025 info : JSONRPC Server: Disconnection detected
2024-08-25 15:02:55.561 T:4025 info : JSONRPC Server: New connection added
2024-08-25 15:03:16.765 T:4025 info : JSONRPC Server: Disconnection detected
2024-08-25 15:04:05.086 T:4025 info : JSONRPC Server: New connection added
2024-08-25 15:04:32.008 T:4025 info : JSONRPC Server: Disconnection detected
2024-08-25 15:04:45.186 T:4025 info : JSONRPC Server: New connection added
2024-08-25 15:05:01.754 T:4025 info : JSONRPC Server: Disconnection detected
2024-08-25 15:05:36.291 T:4025 info : JSONRPC Server: New connection added
2024-08-25 15:05:56.536 T:4021 info : ES: Client from ::ffff:192.168.1.15 timed out
2024-08-25 15:06:10.086 T:4032 warning : UpdateTimerTypes: Not calling add-on 'pvr.iptvsimple'. Add-on not (yet) connected.
2024-08-25 15:06:10.097 T:4032 warning : GetTimers: Not calling add-on 'pvr.iptvsimple'. Add-on not (yet) connected.
2024-08-25 15:06:25.565 T:3949 info : CVideoPlayer::CloseFile()
2024-08-25 15:06:25.566 T:3949 info : VideoPlayer: waiting for threads to exit
2024-08-25 15:06:25.591 T:25280 info : CVideoPlayer::OnExit()
2024-08-25 15:06:25.591 T:25280 info : Closing stream player 1
2024-08-25 15:06:25.591 T:25280 info : Waiting for audio thread to exit
2024-08-25 15:06:25.626 T:25281 info : thread end: CVideoPlayerAudio::OnExit()
2024-08-25 15:06:25.626 T:25280 info : Closing audio device
2024-08-25 15:06:25.692 T:25280 info : Deleting audio codec
2024-08-25 15:06:25.692 T:25280 info : Closing stream player 2
2024-08-25 15:06:25.692 T:25280 info : waiting for video thread to exit
2024-08-25 15:06:25.692 T:3965 info : CActiveAESink::OpenSink - initialize sink
2024-08-25 15:06:25.719 T:25282 warning : OutputPicture - timeout waiting for buffer
2024-08-25 15:06:25.719 T:25282 info : thread end: video_thread
2024-08-25 15:06:25.721 T:25280 info : deleting video codec
2024-08-25 15:06:25.779 T:3949 info : VideoPlayer: finished waiting
2024-08-25 15:06:25.779 T:3949 info : CVideoPlayer::CloseFile()
2024-08-25 15:06:25.779 T:3949 info : VideoPlayer: waiting for threads to exit
2024-08-25 15:06:25.779 T:3949 info : VideoPlayer: finished waiting
2024-08-25 15:06:25.785 T:31465 info : Deleting settings information for files pvr://channels/tv/%d8%ac%d9%85%d9%8a%d8%b9%20%d8%a7%d9%84%d9%82%d9%86%d9%88%d8%a7%d8%aa@-1/1@pvr.hts_1319697513.pvr
2024-08-25 15:06:25.931 T:3965 info : PulseAudio: Opened device alsa_output.default in pcm mode with Buffersize 150 ms Periodsize 50 ms
2024-08-25 15:06:25.943 T:3949 info : GLES: Maximum texture width: 4096
2024-08-25 15:06:27.521 T:3965 info : CActiveAESink::OpenSink - initialize sink
2024-08-25 15:06:27.533 T:3965 info : PulseAudio: Opened device alsa_output.default in pcm mode with Buffersize 150 ms Periodsize 50 ms
2024-08-25 15:06:29.933 T:3949 info : VideoPlayer::OpenFile: pvr://recordings/tv/active/Ah Mn Hawaa/Ah%20Mn%20Hawaa, TV%20(Rotana%20Classic), 20240825_120619, 1912303270.pvr
2024-08-25 15:06:29.933 T:31512 info : Creating InputStream
2024-08-25 15:06:29.935 T:31512 info : Creating Demuxer
2024-08-25 15:06:30.101 T:31512 info : Opening stream: 1 source: 256
2024-08-25 15:06:30.101 T:31512 error : OpenStream: Codec id 2 require extradata.
2024-08-25 15:06:30.101 T:31512 warning : OpenStream - Unsupported stream 1. Stream disabled.
2024-08-25 15:06:30.101 T:31512 info : Opening stream: 2 source: 256
2024-08-25 15:06:30.101 T:31512 info : Finding audio codec for: 86016
2024-08-25 15:06:30.101 T:31512 info : CDVDAudioCodecFFmpeg::Open() Successful opened audio decoder mp2
2024-08-25 15:06:30.101 T:31512 info : OpenStream: Allowing max Out-Of-Sync Value of 50 ms
2024-08-25 15:06:30.101 T:31512 info : Creating audio thread
2024-08-25 15:06:30.102 T:31513 info : running thread: CVideoPlayerAudio::Process()
2024-08-25 15:06:30.117 T:31512 error : CDVDDemuxFFmpeg::ParsePacket() invalid width/height
2024-08-25 15:06:30.117 T:31512 info : CDVDDemuxFFmpeg::Read() stream change
2024-08-25 15:06:30.117 T:31512 info : Opening stream: 1 source: 256
2024-08-25 15:06:30.118 T:31512 info : Creating video codec with codec id: 2
2024-08-25 15:06:30.118 T:31512 info : DVDVideoCodecAmlogic: Opened Amlogic Codec
2024-08-25 15:06:30.118 T:31512 info : Creating video thread
2024-08-25 15:06:30.118 T:31515 info : running thread: video_thread
2024-08-25 15:06:30.119 T:31512 info : Opening stream: 2 source: 256
2024-08-25 15:06:30.120 T:31515 info : CDVDVideoCodecAmlogic::AddData: Open decoder: fps:50/1
2024-08-25 15:06:30.123 T:31513 info : Creating audio stream (codec id: 86016, channels: 2, sample rate: 48000, no pass-through)
2024-08-25 15:06:30.123 T:3965 info : CActiveAESink::OpenSink - initialize sink
2024-08-25 15:06:30.157 T:3949 info : Constructing CRendererAML
2024-08-25 15:06:30.182 T:3965 info : PulseAudio: Opened device alsa_output.default in pcm mode with Buffersize 150 ms Periodsize 50 ms
2024-08-25 15:06:30.318 T:3949 info : [WHITELIST] Searching the whitelist for: width: 720, height: 576, fps: 50.000, 3D: false:(0x4), stereo mode: 0
2024-08-25 15:06:30.321 T:3949 info : Display resolution ADJUST : 3840x2160 @ 50.00 - Full Screen (16) (weight: 0.000)
2024-08-25 15:06:30.321 T:3949 info : GLES: Maximum texture width: 4096
2024-08-25 15:06:35.619 T:3949 info : Loading skin file: DialogSeekBar.xml, load type: LOAD_ON_GUI_INIT
2024-08-25 15:06:44.657 T:3949 error : GetRecording: Unsupported item type!
2024-08-25 15:06:47.005 T:4032 warning : GetRecordings: Not calling add-on 'pvr.iptvsimple'. Add-on not (yet) connected.
2024-08-25 15:06:52.458 T:3949 info : Skipped 1 duplicate messages..
2024-08-25 15:06:52.458 T:3949 info : [WHITELIST] Searching the whitelist for: width: 720, height: 576, fps: 50.000, 3D: false:(0x4), stereo mode: 0
2024-08-25 15:06:52.460 T:3949 info : Display resolution ADJUST : 3840x2160 @ 50.00 - Full Screen (16) (weight: 0.000)
2024-08-25 15:06:52.461 T:3949 info : GLES: Maximum texture width: 4096
2024-08-25 15:06:56.545 T:31513 info : CVideoPlayerAudio::Process - stream stalled
2024-08-25 15:06:56.804 T:31512 info : CVideoPlayer::OnExit()
2024-08-25 15:06:56.804 T:31512 info : VideoPlayer: eof, waiting for queues to empty
2024-08-25 15:06:56.804 T:31512 info : Closing stream player 1
2024-08-25 15:06:56.805 T:31512 info : CDVDMessageQueue(audio)::WaitUntilEmpty
2024-08-25 15:06:56.805 T:31512 info : Waiting for audio thread to exit
2024-08-25 15:06:56.805 T:31513 info : thread end: CVideoPlayerAudio::OnExit()
2024-08-25 15:06:56.805 T:31512 info : Closing audio device
2024-08-25 15:06:56.806 T:31512 info : Deleting audio codec
2024-08-25 15:06:56.807 T:31512 info : Closing stream player 2
2024-08-25 15:06:56.807 T:31512 info : CDVDMessageQueue(video)::WaitUntilEmpty
2024-08-25 15:06:56.807 T:31512 info : waiting for video thread to exit
2024-08-25 15:06:56.807 T:31515 info : thread end: video_thread
2024-08-25 15:06:56.807 T:31512 info : deleting video codec
2024-08-25 15:06:56.953 T:3949 info : CVideoPlayer::CloseFile()
2024-08-25 15:06:56.953 T:3949 info : VideoPlayer: waiting for threads to exit
2024-08-25 15:06:56.953 T:3949 info : VideoPlayer: finished waiting
2024-08-25 15:06:56.953 T:3949 info : CVideoPlayer::CloseFile()
2024-08-25 15:06:56.953 T:3949 info : VideoPlayer: waiting for threads to exit
2024-08-25 15:06:56.953 T:3949 info : VideoPlayer: finished waiting
2024-08-25 15:06:56.975 T:3949 info : GLES: Maximum texture width: 4096
2024-08-25 15:06:57.009 T:3965 info : CActiveAESink::OpenSink - initialize sink
2024-08-25 15:06:57.098 T:3949 info : GLES: Maximum texture width: 4096
2024-08-25 15:06:57.271 T:3965 info : PulseAudio: Opened device alsa_output.default in pcm mode with Buffersize 150 ms Periodsize 50 ms
2024-08-25 15:06:59.506 T:3965 info : CActiveAESink::OpenSink - initialize sink
2024-08-25 15:06:59.513 T:3965 info : PulseAudio: Opened device alsa_output.default in pcm mode with Buffersize 150 ms Periodsize 50 ms
2024-08-25 15:07:02.559 T:3949 info : VideoPlayer::OpenFile: pvr://channels/tv/%d8%ac%d9%85%d9%8a%d8%b9%20%d8%a7%d9%84%d9%82%d9%86%d9%88%d8%a7%d8%aa@-1/1@pvr.hts_1319697513.pvr
2024-08-25 15:07:02.561 T:31614 info : Creating InputStream
2024-08-25 15:07:02.944 T:31614 info : Creating Demuxer
2024-08-25 15:07:03.827 T:31614 info : Opening stream: 1001 source: 256
2024-08-25 15:07:03.827 T:31614 error : OpenStream: Codec id 2 require extradata.
2024-08-25 15:07:03.827 T:31614 warning : OpenStream - Unsupported stream 1001. Stream disabled.
2024-08-25 15:07:03.827 T:31614 info : Opening stream: 1002 source: 256
2024-08-25 15:07:03.827 T:31614 info : Finding audio codec for: 86016
2024-08-25 15:07:03.828 T:31614 info : CDVDAudioCodecFFmpeg::Open() Successful opened audio decoder mp2
2024-08-25 15:07:03.828 T:31614 info : OpenStream: Allowing max Out-Of-Sync Value of 50 ms
2024-08-25 15:07:03.828 T:31614 info : Creating audio thread
2024-08-25 15:07:03.828 T:31623 info : running thread: CVideoPlayerAudio::Process()
2024-08-25 15:07:03.836 T:31614 info : Opening stream: 1001 source: 256
2024-08-25 15:07:03.836 T:31614 info : Creating video codec with codec id: 2
2024-08-25 15:07:03.836 T:31614 info : DVDVideoCodecAmlogic: Opened Amlogic Codec
2024-08-25 15:07:03.836 T:31614 info : Creating video thread
2024-08-25 15:07:03.836 T:31624 info : running thread: video_thread
2024-08-25 15:07:03.837 T:31614 info : Opening stream: 1002 source: 256
2024-08-25 15:07:03.837 T:31614 info : Finding audio codec for: 86016
2024-08-25 15:07:03.837 T:31614 info : CDVDAudioCodecFFmpeg::Open() Successful opened audio decoder mp2
2024-08-25 15:07:03.837 T:31624 info : CDVDVideoCodecAmlogic::AddData: Open decoder: fps:25000/1000
2024-08-25 15:07:03.839 T:31623 info : OpenStream: Allowing max Out-Of-Sync Value of 50 ms
2024-08-25 15:07:03.901 T:31623 info : Creating audio stream (codec id: 86016, channels: 2, sample rate: 48000, no pass-through)
2024-08-25 15:07:03.902 T:3965 info : CActiveAESink::OpenSink - initialize sink
2024-08-25 15:07:03.948 T:3965 info : PulseAudio: Opened device alsa_output.default in pcm mode with Buffersize 150 ms Periodsize 50 ms
2024-08-25 15:07:04.465 T:3949 info : Constructing CRendererAML
2024-08-25 15:07:04.977 T:31624 warning : OutputPicture - timeout waiting for buffer
2024-08-25 15:07:04.998 T:3949 info : [WHITELIST] Searching the whitelist for: width: 720, height: 576, fps: 25.000, 3D: false:(0x4), stereo mode: 0
2024-08-25 15:07:05.001 T:3949 info : Display resolution ADJUST : 3840x2160 @ 50.00 - Full Screen (16) (weight: 0.000)
2024-08-25 15:07:05.001 T:3949 info : GLES: Maximum texture width: 4096
2024-08-25 15:07:05.497 T:31624 warning : OutputPicture - timeout waiting for buffer
2024-08-25 15:07:05.658 T:3949 info : Constructing CRendererAML
2024-08-25 15:07:05.680 T:3949 info : [WHITELIST] Searching the whitelist for: width: 720, height: 576, fps: 50.000, 3D: false:(0x4), stereo mode: 0
2024-08-25 15:07:05.682 T:3949 info : Display resolution ADJUST : 3840x2160 @ 50.00 - Full Screen (16) (weight: 0.000)
2024-08-25 15:07:05.682 T:3949 info : GLES: Maximum texture width: 4096
2024-08-25 15:07:06.092 T:4025 info : JSONRPC Server: Disconnection detected
2024-08-25 15:07:06.177 T:31624 warning : OutputPicture - timeout waiting for buffer
2024-08-25 15:07:28.121 T:4025 info : JSONRPC Server: New connection added
2024-08-25 15:07:31.799 T:3949 info : Loading skin file: DialogSeekBar.xml, load type: LOAD_ON_GUI_INIT
2024-08-25 15:07:36.915 T:4025 info : JSONRPC Server: Disconnection detected
2024-08-25 15:07:47.828 T:4025 info : JSONRPC Server: New connection added
2024-08-25 15:07:58.077 T:4025 info : JSONRPC Server: Disconnection detected
2024-08-25 15:08:56.308 T:4021 info : ES: Client from ::ffff:192.168.1.15 timed out
2024-08-25 15:11:10.786 T:4032 warning : UpdateTimerTypes: Not calling add-on 'pvr.iptvsimple'. Add-on not (yet) connected.
2024-08-25 15:11:10.797 T:4032 warning : GetTimers: Not calling add-on 'pvr.iptvsimple'. Add-on not (yet) connected.
2024-08-25 15:16:11.185 T:4032 warning : UpdateTimerTypes: Not calling add-on 'pvr.iptvsimple'. Add-on not (yet) connected.
2024-08-25 15:16:11.196 T:4032 warning : GetTimers: Not calling add-on 'pvr.iptvsimple'. Add-on not (yet) connected.
2024-08-25 15:21:11.712 T:4032 warning : UpdateTimerTypes: Not calling add-on 'pvr.iptvsimple'. Add-on not (yet) connected.
2024-08-25 15:21:11.722 T:4032 warning : GetTimers: Not calling add-on 'pvr.iptvsimple'. Add-on not (yet) connected.
2024-08-25 15:26:12.120 T:4032 warning : UpdateTimerTypes: Not calling add-on 'pvr.iptvsimple'. Add-on not (yet) connected.
2024-08-25 15:26:12.131 T:4032 warning : GetTimers: Not calling add-on 'pvr.iptvsimple'. Add-on not (yet) connected.
2024-08-25 15:31:12.836 T:4032 warning : UpdateTimerTypes: Not calling add-on 'pvr.iptvsimple'. Add-on not (yet) connected.
2024-08-25 15:31:12.846 T:4032 warning : GetTimers: Not calling add-on 'pvr.iptvsimple'. Add-on not (yet) connected.
2024-08-25 15:31:43.042 T:4025 info : JSONRPC Server: New connection added
2024-08-25 15:31:46.764 T:4025 info : JSONRPC Server: Disconnection detected
2024-08-25 15:33:10.799 T:4025 info : JSONRPC Server: New connection added
2024-08-25 15:33:11.983 T:3115 info : WEATHER: Downloading weather
2024-08-25 15:33:24.542 T:3949 info : Loading skin file: Settings.xml, load type: KEEP_IN_MEMORY
2024-08-25 15:33:29.183 T:3949 info : [WHITELIST] Searching the whitelist for: width: 720, height: 576, fps: 50.000, 3D: false:(0x4), stereo mode: 0
2024-08-25 15:33:29.186 T:3949 info : Display resolution ADJUST : 3840x2160 @ 50.00 - Full Screen (16) (weight: 0.000)
2024-08-25 15:33:29.186 T:3949 info : GLES: Maximum texture width: 4096
2024-08-25 15:33:34.719 T:4025 info : JSONRPC Server: Disconnection detected
2024-08-25 15:34:30.226 T:4021 info : ES: Client from ::ffff:192.168.1.15 timed out
2024-08-25 15:35:47.196 T:4025 info : JSONRPC Server: New connection added
2024-08-25 15:36:12.337 T:4032 warning : UpdateTimerTypes: Not calling add-on 'pvr.iptvsimple'. Add-on not (yet) connected.
2024-08-25 15:36:12.349 T:4032 warning : GetTimers: Not calling add-on 'pvr.iptvsimple'. Add-on not (yet) connected.
2024-08-25 15:36:38.010 T:4025 info : JSONRPC Server: Disconnection detected
2024-08-25 15:39:14.163 T:3949 info : Loading skin file: SettingsCategory.xml, load type: KEEP_IN_MEMORY
2024-08-25 15:39:16.983 T:3949 info : Log level changed to "trace"
2024-08-25 15:39:16.983 T:3949 info : Enabled debug logging due to GUI setting. Level 2.
2024-08-25 15:39:16.986 T:3949 debug : ------ Window Init () ------
2024-08-25 15:39:16.990 T:31624 debug : CVideoPlayerVideo::OutputPicture - ttd:120ms pts:1932.065 Clock:1931.945 Level:6
2024-08-25 15:39:17.022 T:31624 debug : CVideoPlayerVideo::OutputPicture - ttd:155ms pts:1932.125 Clock:1931.970 Level:6
2024-08-25 15:39:17.030 T:31624 debug : CVideoPlayerVideo::OutputPicture - ttd:143ms pts:1932.145 Clock:1932.001 Level:6
2024-08-25 15:39:17.047 T:31624 debug : CVideoPlayerVideo::OutputPicture - ttd:155ms pts:1932.165 Clock:1932.009 Level:6
2024-08-25 15:39:17.050 T:31614 debug : CVideoPlayer::ProcessVideoData size:24296 dts:1934.085 pts:1934.245 dur:40.000ms, clock:1932.027 level:18
2024-08-25 15:39:17.052 T:31614 debug : CVideoPlayer::ProcessVideoData size:9700 dts:1934.105 pts:1934.265 dur:40.000ms, clock:1932.029 level:18
2024-08-25 15:39:17.052 T:31614 debug : CVideoPlayer::ProcessVideoData size:4543 dts:1934.125 pts:1934.125 dur:40.000ms, clock:1932.030 level:18
2024-08-25 15:39:17.067 T:31624 debug : CVideoPlayerVideo::OutputPicture - ttd:158ms pts:1932.185 Clock:1932.027 Level:6
2024-08-25 15:39:17.087 T:31624 debug : CVideoPlayerVideo::OutputPicture - ttd:159ms pts:1932.205 Clock:1932.046 Level:6
2024-08-25 15:39:17.095 T:31614 debug : CVideoPlayer::ProcessVideoData size:4336 dts:1934.145 pts:1934.145 dur:40.000ms, clock:1932.072 level:18
2024-08-25 15:39:17.095 T:31614 debug : CVideoPlayer::ProcessVideoData size:6013 dts:1934.165 pts:1934.165 dur:40.000ms, clock:1932.073 level:19
2024-08-25 15:39:17.095 T:31614 debug : CVideoPlayer::ProcessVideoData size:5989 dts:1934.185 pts:1934.185 dur:40.000ms, clock:1932.073 level:19
2024-08-25 15:39:17.106 T:31624 debug : CVideoPlayerVideo::OutputPicture - ttd:158ms pts:1932.225 Clock:1932.066 Level:6
2024-08-25 15:39:17.126 T:31624 debug : CVideoPlayerVideo::OutputPicture - ttd:159ms pts:1932.245 Clock:1932.086 Level:6
2024-08-25 15:39:17.139 T:31614 debug : CVideoPlayer::ProcessVideoData size:5212 dts:1934.205 pts:1934.205 dur:40.000ms, clock:1932.117 level:19
2024-08-25 15:39:17.139 T:31614 debug : CVideoPlayer::ProcessVideoData size:4253 dts:1934.225 pts:1934.225 dur:40.000ms, clock:1932.117 level:19
2024-08-25 15:39:17.146 T:31624 debug : CVideoPlayerVideo::OutputPicture - ttd:159ms pts:1932.265 Clock:1932.106 Level:6
2024-08-25 15:39:17.166 T:31624 debug : CVideoPlayerVideo::OutputPicture - ttd:159ms pts:1932.285 Clock:1932.126 Level:6
2024-08-25 15:39:17.187 T:31624 debug : CVideoPlayerVideo::OutputPicture - ttd:159ms pts:1932.305 Clock:1932.145 Level:6
2024-08-25 15:39:17.189 T:31614 debug : CVideoPlayer::ProcessVideoData size:22985 dts:1934.245 pts:1934.405 dur:40.000ms, clock:1932.167 level:20
2024-08-25 15:39:17.189 T:31614 debug : CVideoPlayer::ProcessVideoData size:9418 dts:1934.265 pts:1934.425 dur:40.000ms, clock:1932.167 level:20
2024-08-25 15:39:17.190 T:31614 debug : CVideoPlayer::ProcessVideoData size:5728 dts:1934.285 pts:1934.285 dur:40.000ms, clock:1932.167 level:20
2024-08-25 15:39:17.190 T:31614 debug : CVideoPlayer::ProcessVideoData size:5679 dts:1934.305 pts:1934.305 dur:40.000ms, clock:1932.167 level:20
2024-08-25 15:39:17.206 T:31624 debug : CVideoPlayerVideo::OutputPicture - ttd:158ms pts:1932.325 Clock:1932.167 Level:6
2024-08-25 15:39:17.227 T:31624 debug : CVideoPlayerVideo::OutputPicture - ttd:159ms pts:1932.345 Clock:1932.185 Level:6
2024-08-25 15:39:17.233 T:31614 debug : CVideoPlayer::ProcessVideoData size:6407 dts:1934.325 pts:1934.325 dur:40.000ms, clock:1932.211 level:18
2024-08-25 15:39:17.233 T:31614 debug : CVideoPlayer::ProcessVideoData size:5079 dts:1934.345 pts:1934.345 dur:40.000ms, clock:1932.211 level:18
2024-08-25 15:39:17.233 T:31614 debug : CVideoPlayer::ProcessVideoData size:6143 dts:1934.365 pts:1934.365 dur:40.000ms, clock:1932.211 level:19
2024-08-25 15:39:17.247 T:31624 debug : CVideoPlayerVideo::OutputPicture - ttd:158ms pts:1932.365 Clock:1932.207 Level:6
2024-08-25 15:39:17.266 T:31624 debug : CVideoPlayerVideo::OutputPicture - ttd:158ms pts:1932.385 Clock:1932.226 Level:6
2024-08-25 15:39:17.279 T:31614 debug : CVideoPlayer::ProcessVideoData size:5222 dts:1934.385 pts:1934.385 dur:40.000ms, clock:1932.257 level:19
2024-08-25 15:39:17.287 T:31624 debug : CVideoPlayerVideo::OutputPicture - ttd:159ms pts:1932.405 Clock:1932.246 Level:6
2024-08-25 15:39:17.306 T:31624 debug : CVideoPlayerVideo::OutputPicture - ttd:158ms pts:1932.425 Clock:1932.266 Level:6
2024-08-25 15:39:17.327 T:31624 debug : CVideoPlayerVideo::OutputPicture - ttd:159ms pts:1932.445 Clock:1932.286 Level:6
2024-08-25 15:39:17.328 T:31614 debug : CVideoPlayer::ProcessVideoData size:21914 dts:1934.405 pts:1934.525 dur:40.000ms, clock:1932.306 level:19
2024-08-25 15:39:17.347 T:31624 debug : CVideoPlayerVideo::OutputPicture - ttd:159ms pts:1932.465 Clock:1932.306 Level:6
2024-08-25 15:39:17.366 T:31624 debug : CVideoPlayerVideo::OutputPicture - ttd:158ms pts:1932.485 Clock:1932.326 Level:6
2024-08-25 15:39:17.372 T:31614 debug : CVideoPlayer::ProcessVideoData size:19247 dts:1934.425 pts:1934.545 dur:40.000ms, clock:1932.349 level:19
2024-08-25 15:39:17.372 T:31614 debug : CVideoPlayer::ProcessVideoData size:4319 dts:1934.445 pts:1934.445 dur:40.000ms, clock:1932.350 level:20
2024-08-25 15:39:17.372 T:31614 debug : CVideoPlayer::ProcessVideoData size:3979 dts:1934.465 pts:1934.465 dur:40.000ms, clock:1932.350 level:20
2024-08-25 15:39:17.386 T:31624 debug : CVideoPlayerVideo::OutputPicture - ttd:159ms pts:1932.505 Clock:1932.346 Level:6
2024-08-25 15:39:17.406 T:31624 debug : CVideoPlayerVideo::OutputPicture - ttd:159ms pts:1932.525 Clock:1932.366 Level:6
2024-08-25 15:39:17.419 T:31614 debug : CVideoPlayer::ProcessVideoData size:3864 dts:1934.485 pts:1934.485 dur:40.000ms, clock:1932.396 level:20
2024-08-25 15:39:17.419 T:31614 debug : CVideoPlayer::ProcessVideoData size:3671 dts:1934.505 pts:1934.505 dur:40.000ms, clock:1932.397 level:20
2024-08-25 15:39:17.420 T:31614 debug : CVideoPlayer::ProcessVideoData size:19507 dts:1934.525 pts:1934.645 dur:40.000ms, clock:1932.397 level:21
2024-08-25 15:39:17.432 T:31624 debug : CVideoPlayerVideo::OutputPicture - ttd:159ms pts:1932.545 Clock:1932.386 Level:6
2024-08-25 15:39:17.446 T:31624 debug : CVideoPlayerVideo::OutputPicture - ttd:151ms pts:1932.565 Clock:1932.413 Level:6
2024-08-25 15:39:17.465 T:31614 debug : CVideoPlayer::ProcessVideoData size:16945 dts:1934.545 pts:1934.665 dur:40.000ms, clock:1932.443 level:20
2024-08-25 15:39:17.466 T:31614 debug : CVideoPlayer::ProcessVideoData size:5983 dts:1934.565 pts:1934.565 dur:40.000ms, clock:1932.443 level:20
2024-08-25 15:39:17.466 T:31614 debug : CVideoPlayer::ProcessVideoData size:4802 dts:1934.585 pts:1934.585 dur:40.000ms, clock:1932.443 level:20
2024-08-25 15:39:17.468 T:31624 debug : CVideoPlayerVideo::OutputPicture - ttd:159ms pts:1932.585 Clock:1932.425 Level:6
2024-08-25 15:39:17.486 T:31624 debug : CVideoPlayerVideo::OutputPicture - ttd:158ms pts:1932.605 Clock:1932.447 Level:6
2024-08-25 15:39:17.507 T:31624 debug : CVideoPlayerVideo::OutputPicture - ttd:159ms pts:1932.625 Clock:1932.466 Level:6
2024-08-25 15:39:17.511 T:31614 debug : CVideoPlayer::ProcessVideoData size:4346 dts:1934.605 pts:1934.605 dur:40.000ms, clock:1932.489 level:18
2024-08-25 15:39:17.512 T:31614 debug : CVideoPlayer::ProcessVideoData size:3814 dts:1934.625 pts:1934.625 dur:40.000ms, clock:1932.489 level:18
2024-08-25 15:39:17.526 T:31624 debug : CVideoPlayerVideo::OutputPicture - ttd:157ms pts:1932.645 Clock:1932.487 Level:6
2024-08-25 15:39:17.546 T:31624 debug : CVideoPlayerVideo::OutputPicture - ttd:159ms pts:1932.665 Clock:1932.506 Level:6
2024-08-25 15:39:17.557 T:31614 debug : CVideoPlayer::ProcessVideoData size:22660 dts:1934.645 pts:1934.765 dur:40.000ms, clock:1932.534 level:18
2024-08-25 15:39:17.557 T:31614 debug : CVideoPlayer::ProcessVideoData size:9802 dts:1934.665 pts:1934.785 dur:40.000ms, clock:1932.534 level:19
2024-08-25 15:39:17.567 T:31624 debug : CVideoPlayerVideo::OutputPicture - ttd:159ms pts:1932.685 Clock:1932.526 Level:6
2024-08-25 15:39:17.587 T:31624 debug : CVideoPlayerVideo::OutputPicture - ttd:159ms pts:1932.705 Clock:1932.546 Level:6
2024-08-25 15:39:17.603 T:31614 debug : CVideoPlayer::ProcessVideoData size:5007 dts:1934.685 pts:1934.685 dur:40.000ms, clock:1932.580 level:19
2024-08-25 15:39:17.603 T:31614 debug : CVideoPlayer::ProcessVideoData size:4000 dts:1934.705 pts:1934.705 dur:40.000ms, clock:1932.581 level:19
2024-08-25 15:39:17.603 T:31614 debug : CVideoPlayer::ProcessVideoData size:4832 dts:1934.725 pts:1934.725 dur:40.000ms, clock:1932.581 level:19
2024-08-25 15:39:17.607 T:31624 debug : CVideoPlayerVideo::OutputPicture - ttd:158ms pts:1932.725 Clock:1932.566 Level:6
2024-08-25 15:39:17.627 T:31624 debug : CVideoPlayerVideo::OutputPicture - ttd:158ms pts:1932.745 Clock:1932.586 Level:6
2024-08-25 15:39:17.646 T:31624 debug : CVideoPlayerVideo::OutputPicture - ttd:158ms pts:1932.765 Clock:1932.606 Level:6
2024-08-25 15:39:17.651 T:31614 debug : CVideoPlayer::ProcessVideoData size:4163 dts:1934.745 pts:1934.745 dur:40.000ms, clock:1932.629 level:20
2024-08-25 15:39:17.666 T:31624 debug : CVideoPlayerVideo::OutputPicture - ttd:159ms pts:1932.785 Clock:1932.626 Level:6
2024-08-25 15:39:17.672 T:31614 debug : CVideoPlayer::ProcessVideoData size:23992 dts:1934.765 pts:1934.925 dur:40.000ms, clock:1932.650 level:20
2024-08-25 15:39:17.686 T:31624 debug : CVideoPlayerVideo::OutputPicture - ttd:159ms pts:1932.805 Clock:1932.645 Level:6
2024-08-25 15:39:17.706 T:31624 debug : CVideoPlayerVideo::OutputPicture - ttd:159ms pts:1932.825 Clock:1932.666 Level:6
2024-08-25 15:39:17.718 T:31614 debug : CVideoPlayer::ProcessVideoData size:9068 dts:1934.785 pts:1934.945 dur:40.000ms, clock:1932.696 level:18
2024-08-25 15:39:17.718 T:31614 debug : CVideoPlayer::ProcessVideoData size:5662 dts:1934.805 pts:1934.805 dur:40.000ms, clock:1932.696 level:18
2024-08-25 15:39:17.719 T:31614 debug : CVideoPlayer::ProcessVideoData size:5079 dts:1934.825 pts:1934.825 dur:40.000ms, clock:1932.696 level:18
2024-08-25 15:39:17.726 T:31624 debug : CVideoPlayerVideo::OutputPicture - ttd:158ms pts:1932.845 Clock:1932.686 Level:6
2024-08-25 15:39:17.747 T:31624 debug : CVideoPlayerVideo::OutputPicture - ttd:159ms pts:1932.865 Clock:1932.706 Level:6
2024-08-25 15:39:17.763 T:31614 debug : CVideoPlayer::ProcessVideoData size:6301 dts:1934.845 pts:1934.845 dur:40.000ms, clock:1932.740 level:18
2024-08-25 15:39:17.763 T:31614 debug : CVideoPlayer::ProcessVideoData size:5455 dts:1934.865 pts:1934.865 dur:40.000ms, clock:1932.741 level:19
2024-08-25 15:39:17.763 T:31614 debug : CVideoPlayer::ProcessVideoData size:5772 dts:1934.885 pts:1934.885 dur:40.000ms, clock:1932.741 level:19
2024-08-25 15:39:17.763 T:31614 debug : CVideoPlayer::ProcessVideoData size:5209 dts:1934.905 pts:1934.905 dur:40.000ms, clock:1932.741 level:19
2024-08-25 15:39:17.767 T:31624 debug : CVideoPlayerVideo::OutputPicture - ttd:159ms pts:1932.885 Clock:1932.726 Level:6
2024-08-25 15:39:17.787 T:31624 debug : CVideoPlayerVideo::OutputPicture - ttd:159ms pts:1932.905 Clock:1932.746 Level:6
2024-08-25 15:39:17.806 T:31624 debug : CVideoPlayerVideo::OutputPicture - ttd:318ms pts:1933.085 Clock:1932.766 Level:6
2024-08-25 15:39:17.827 T:31624 debug : CVideoPlayerVideo::OutputPicture - ttd:319ms pts:1933.105 Clock:1932.786 Level:6
2024-08-25 15:39:17.846 T:31624 debug : CVideoPlayerVideo::OutputPicture - ttd:158ms pts:1932.965 Clock:1932.806 Level:6
2024-08-25 15:39:17.866 T:31624 debug : CVideoPlayerVideo::OutputPicture - ttd:159ms pts:1932.985 Clock:1932.826 Level:6
2024-08-25 15:39:17.886 T:31624 debug : CVideoPlayerVideo::OutputPicture - ttd:159ms pts:1933.005 Clock:1932.845 Level:6
2024-08-25 15:39:17.903 T:31614 debug : CVideoPlayer::ProcessVideoData size:56353 dts:1934.925 pts:1935.085 dur:40.000ms, clock:1932.880 level:19
2024-08-25 15:39:17.903 T:31614 debug : CVideoPlayer::ProcessVideoData size:7707 dts:1934.945 pts:1935.105 dur:40.000ms, clock:1932.880 level:20
2024-08-25 15:39:17.906 T:31624 debug : CVideoPlayerVideo::OutputPicture - ttd:159ms pts:1933.025 Clock:1932.865 Level:6
2024-08-25 15:39:17.927 T:31624 debug : CVideoPlayerVideo::OutputPicture - ttd:158ms pts:1933.045 Clock:1932.886 Level:6
2024-08-25 15:39:17.949 T:31614 debug : CVideoPlayer::ProcessVideoData size:6151 dts:1934.965 pts:1934.965 dur:40.000ms, clock:1932.926 level:18
2024-08-25 15:39:17.949 T:31614 debug : CVideoPlayer::ProcessVideoData size:5572 dts:1934.985 pts:1934.985 dur:40.000ms, clock:1932.927 level:18
2024-08-25 15:39:17.950 T:31614 debug : CVideoPlayer::ProcessVideoData size:5693 dts:1935.005 pts:1935.005 dur:40.000ms, clock:1932.928 level:18
2024-08-25 15:39:17.993 T:31614 debug : CVideoPlayer::ProcessVideoData size:5060 dts:1935.025 pts:1935.025 dur:40.000ms, clock:1932.971 level:19
2024-08-25 15:39:17.994 T:31614 debug : CVideoPlayer::ProcessVideoData size:5353 dts:1935.045 pts:1935.045 dur:40.000ms, clock:1932.971 level:19
2024-08-25 15:39:17.994 T:31614 debug : CVideoPlayer::ProcessVideoData size:4592 dts:1935.065 pts:1935.065 dur:40.000ms, clock:1932.972 level:19
2024-08-25 15:39:17.994 T:31614 debug : CVideoPlayer::ProcessVideoData size:22673 dts:1935.085 pts:1935.245 dur:40.000ms, clock:1932.972 level:19
2024-08-25 15:39:18.040 T:31614 debug : CVideoPlayer::ProcessVideoData size:10214 dts:1935.105 pts:1935.265 dur:40.000ms, clock:1933.017 level:20
2024-08-25 15:39:18.040 T:31614 debug : CVideoPlayer::ProcessVideoData size:6945 dts:1935.125 pts:1935.125 dur:40.000ms, clock:1933.018 level:20
2024-08-25 15:39:18.041 T:31614 debug : CVideoPlayer::ProcessVideoData size:6003 dts:1935.145 pts:1935.145 dur:40.000ms, clock:1933.018 level:20
2024-08-25 15:39:18.083 T:31624 debug : CVideoPlayerVideo::OutputPicture - ttd:158ms pts:1933.065 Clock:1932.906 Level:6
2024-08-25 15:39:18.084 T:31614 debug : CVideoPlayer::ProcessVideoData size:7632 dts:1935.165 pts:1935.165 dur:40.000ms, clock:1933.062 level:20
2024-08-25 15:39:18.085 T:31614 debug : CVideoPlayer::ProcessVideoData size:5946 dts:1935.185 pts:1935.185 dur:40.000ms, clock:1933.063 level:21
2024-08-25 15:39:18.087 T:31624 debug : CVideoPlayerVideo::OutputPicture - ttd:-139ms pts:1932.925 Clock:1933.065 Level:6
2024-08-25 15:39:18.106 T:31624 debug : CVideoPlayerVideo::OutputPicture - ttd:-121ms pts:1932.945 Clock:1933.066 Level:0
2024-08-25 15:39:18.108 T:31624 debug : CVideoPlayerVideo::OutputPicture - ttd:39ms pts:1933.125 Clock:1933.086 Level:1
2024-08-25 15:39:18.110 T:31624 debug : CVideoPlayerVideo::OutputPicture - ttd:57ms pts:1933.145 Clock:1933.087 Level:2
2024-08-25 15:39:18.111 T:31624 debug : CVideoPlayerVideo::OutputPicture - ttd:76ms pts:1933.165 Clock:1933.089 Level:3
2024-08-25 15:39:18.112 T:31624 debug : CVideoPlayerVideo::OutputPicture - ttd:94ms pts:1933.185 Clock:1933.090 Level:4
2024-08-25 15:39:18.114 T:31624 debug : CVideoPlayerVideo::OutputPicture - ttd:113ms pts:1933.205 Clock:1933.091 Level:5
2024-08-25 15:39:18.115 T:31624 debug : CVideoPlayerVideo::OutputPicture - ttd:132ms pts:1933.225 Clock:1933.093 Level:6
2024-08-25 15:39:18.126 T:31614 debug : CVideoPlayer::ProcessVideoData size:6178 dts:1935.205 pts:1935.205 dur:40.000ms, clock:1933.103 level:21
2024-08-25 15:39:18.126 T:31614 debug : CVideoPlayer::ProcessVideoData size:4767 dts:1935.225 pts:1935.225 dur:40.000ms, clock:1933.104 level:21
2024-08-25 15:39:18.127 T:31624 debug : CVideoPlayerVideo::OutputPicture - ttd:151ms pts:1933.245 Clock:1933.094 Level:6
2024-08-25 15:39:18.147 T:31624 debug : CVideoPlayerVideo::OutputPicture - ttd:158ms pts:1933.265 Clock:1933.107 Level:6
2024-08-25 15:39:18.166 T:31624 debug : CVideoPlayerVideo::OutputPicture - ttd:158ms pts:1933.285 Clock:1933.127 Level:6
2024-08-25 15:39:18.171 T:31614 debug : CVideoPlayer::ProcessVideoData size:22601 dts:1935.245 pts:1935.405 dur:40.000ms, clock:1933.149 level:19
2024-08-25 15:39:18.186 T:31624 debug : CVideoPlayerVideo::OutputPicture - ttd:159ms pts:1933.305 Clock:1933.146 Level:6
2024-08-25 15:39:18.206 T:31624 debug : CVideoPlayerVideo::OutputPicture - ttd:159ms pts:1933.325 Clock:1933.166 Level:6
2024-08-25 15:39:18.214 T:31614 debug : CVideoPlayer::ProcessVideoData size:9752 dts:1935.265 pts:1935.425 dur:40.000ms, clock:1933.192 level:19
2024-08-25 15:39:18.214 T:31614 debug : CVideoPlayer::ProcessVideoData size:5095 dts:1935.285 pts:1935.285 dur:40.000ms, clock:1933.192 level:20
2024-08-25 15:39:18.215 T:31614 debug : CVideoPlayer::ProcessVideoData size:4834 dts:1935.305 pts:1935.305 dur:40.000ms, clock:1933.193 level:20
2024-08-25 15:39:18.226 T:31624 debug : CVideoPlayerVideo::OutputPicture - ttd:158ms pts:1933.345 Clock:1933.187 Level:6
2024-08-25 15:39:18.246 T:31624 debug : CVideoPlayerVideo::OutputPicture - ttd:159ms pts:1933.365 Clock:1933.206 Level:6
2024-08-25 15:39:18.262 T:31614 debug : CVideoPlayer::ProcessVideoData size:5483 dts:1935.325 pts:1935.325 dur:40.000ms, clock:1933.240 level:20
2024-08-25 15:39:18.262 T:31614 debug : CVideoPlayer::ProcessVideoData size:4628 dts:1935.345 pts:1935.345 dur:40.000ms, clock:1933.240 level:20
2024-08-25 15:39:18.263 T:31614 debug : CVideoPlayer::ProcessVideoData size:4914 dts:1935.365 pts:1935.365 dur:40.000ms, clock:1933.240 level:21
2024-08-25 15:39:18.263 T:31614 debug : CVideoPlayer::ProcessVideoData size:4444 dts:1935.385 pts:1935.385 dur:40.000ms, clock:1933.240 level:21
2024-08-25 15:39:18.269 T:31624 debug : CVideoPlayerVideo::OutputPicture - ttd:159ms pts:1933.385 Clock:1933.226 Level:6
2024-08-25 15:39:18.286 T:3955 debug : LIRC: - NEW ae 0 KEY_EXIT devinput (KEY_EXIT)
2024-08-25 15:39:18.286 T:31624 debug : CVideoPlayerVideo::OutputPicture - ttd:156ms pts:1933.405 Clock:1933.249 Level:6
2024-08-25 15:39:18.303 T:3949 debug : HandleKey: menu (0xd8) pressed, window 10016, action is PreviousMenu
2024-08-25 15:39:18.311 T:31614 debug : CVideoPlayer::ProcessVideoData size:20593 dts:1935.405 pts:1935.525 dur:40.000ms, clock:1933.288 level:19
2024-08-25 15:39:18.318 T:3949 debug : CGUIWindowManager::PreviousWindow: Deactivate
2024-08-25 15:39:18.322 T:31624 debug : CVideoPlayerVideo::OutputPicture - ttd:159ms pts:1933.425 Clock:1933.266 Level:6
2024-08-25 15:39:18.328 T:31624 debug : CVideoPlayerVideo::OutputPicture - ttd:144ms pts:1933.445 Clock:1933.301 Level:6
2024-08-25 15:39:18.347 T:31624 debug : CVideoPlayerVideo::OutputPicture - ttd:157ms pts:1933.465 Clock:1933.307 Level:6
2024-08-25 15:39:18.357 T:31614 debug : CVideoPlayer::ProcessVideoData size:19675 dts:1935.425 pts:1935.545 dur:40.000ms, clock:1933.335 level:19
2024-08-25 15:39:18.357 T:31614 debug : CVideoPlayer::ProcessVideoData size:4594 dts:1935.445 pts:1935.445 dur:40.000ms, clock:1933.335 level:19
2024-08-25 15:39:18.357 T:31614 debug : CVideoPlayer::ProcessVideoData size:4047 dts:1935.465 pts:1935.465 dur:40.000ms, clock:1933.335 level:20
2024-08-25 15:39:18.357 T:31614 debug : CVideoPlayer::ProcessVideoData size:4095 dts:1935.485 pts:1935.485 dur:40.000ms, clock:1933.335 level:20
2024-08-25 15:39:18.367 T:31624 debug : CVideoPlayerVideo::OutputPicture - ttd:159ms pts:1933.485 Clock:1933.326 Level:6
2024-08-25 15:39:18.387 T:31624 debug : CVideoPlayerVideo::OutputPicture - ttd:158ms pts:1933.505 Clock:1933.346 Level:6
2024-08-25 15:39:18.401 T:31614 debug : CVideoPlayer::ProcessVideoData size:3765 dts:1935.505 pts:1935.505 dur:40.000ms, clock:1933.379 level:20
2024-08-25 15:39:18.407 T:31624 debug : CVideoPlayerVideo::OutputPicture - ttd:158ms pts:1933.525 Clock:1933.366 Level:6
2024-08-25 15:39:18.409 T:3949 debug : ------ Window Deinit (SettingsCategory.xml) ------
2024-08-25 15:39:18.409 T:3949 debug : FreeVisualisation() done
2024-08-25 15:39:18.423 T:3949 debug : CGUIWindowManager::PreviousWindow: Activate new
2024-08-25 15:39:18.423 T:3949 debug : ------ Window Init (Settings.xml) ------
2024-08-25 15:39:18.439 T:31624 debug : CVideoPlayerVideo::OutputPicture - ttd:159ms pts:1933.545 Clock:1933.386 Level:6
2024-08-25 15:39:18.448 T:31614 debug : CVideoPlayer::ProcessVideoData size:19083 dts:1935.525 pts:1935.645 dur:40.000ms, clock:1933.425 level:20
2024-08-25 15:39:18.449 T:31624 debug : CVideoPlayerVideo::OutputPicture - ttd:144ms pts:1933.565 Clock:1933.421 Level:6
2024-08-25 15:39:18.467 T:31624 debug : CVideoPlayerVideo::OutputPicture - ttd:157ms pts:1933.585 Clock:1933.428 Level:6
2024-08-25 15:39:18.486 T:31624 debug : CVideoPlayerVideo::OutputPicture - ttd:158ms pts:1933.605 Clock:1933.446 Level:6
2024-08-25 15:39:18.496 T:31614 debug : CVideoPlayer::ProcessVideoData size:16906 dts:1935.545 pts:1935.665 dur:40.000ms, clock:1933.473 level:20
2024-08-25 15:39:18.496 T:31614 debug : CVideoPlayer::ProcessVideoData size:3787 dts:1935.565 pts:1935.565 dur:40.000ms, clock:1933.474 level:20
2024-08-25 15:39:18.496 T:31614 debug : CVideoPlayer::ProcessVideoData size:3388 dts:1935.585 pts:1935.585 dur:40.000ms, clock:1933.474 level:20
2024-08-25 15:39:18.496 T:31614 debug : CVideoPlayer::ProcessVideoData size:4940 dts:1935.605 pts:1935.605 dur:40.000ms, clock:1933.474 level:21
2024-08-25 15:39:18.496 T:31614 debug : CVideoPlayer::ProcessVideoData size:4153 dts:1935.625 pts:1935.625 dur:40.000ms, clock:1933.474 level:21
2024-08-25 15:39:18.507 T:31624 debug : CVideoPlayerVideo::OutputPicture - ttd:159ms pts:1933.625 Clock:1933.466 Level:6
2024-08-25 15:39:18.528 T:31624 debug : CVideoPlayerVideo::OutputPicture - ttd:157ms pts:1933.645 Clock:1933.487 Level:6
2024-08-25 15:39:18.541 T:31614 debug : CVideoPlayer::ProcessVideoData size:24975 dts:1935.645 pts:1935.765 dur:40.000ms, clock:1933.518 level:19
2024-08-25 15:39:18.541 T:31614 debug : CVideoPlayer::ProcessVideoData size:9485 dts:1935.665 pts:1935.785 dur:40.000ms, clock:1933.519 level:19
2024-08-25 15:39:18.547 T:31624 debug : CVideoPlayerVideo::OutputPicture - ttd:158ms pts:1933.665 Clock:1933.507 Level:6
2024-08-25 15:39:18.567 T:31624 debug : CVideoPlayerVideo::OutputPicture - ttd:158ms pts:1933.685 Clock:1933.526 Level:6
2024-08-25 15:39:18.587 T:31624 debug : CVideoPlayerVideo::OutputPicture - ttd:158ms pts:1933.705 Clock:1933.546 Level:6
2024-08-25 15:39:18.588 T:31614 debug : CVideoPlayer::ProcessVideoData size:5167 dts:1935.685 pts:1935.685 dur:40.000ms, clock:1933.565 level:19
2024-08-25 15:39:18.588 T:31614 debug : CVideoPlayer::ProcessVideoData size:4529 dts:1935.705 pts:1935.705 dur:40.000ms, clock:1933.566 level:20
2024-08-25 15:39:18.588 T:31614 debug : CVideoPlayer::ProcessVideoData size:4887 dts:1935.725 pts:1935.725 dur:40.000ms, clock:1933.566 level:20
2024-08-25 15:39:18.589 T:31614 debug : CVideoPlayer::ProcessVideoData size:4158 dts:1935.745 pts:1935.745 dur:40.000ms, clock:1933.567 level:20
2024-08-25 15:39:18.607 T:31624 debug : CVideoPlayerVideo::OutputPicture - ttd:156ms pts:1933.725 Clock:1933.569 Level:6
2024-08-25 15:39:18.627 T:31624 debug : CVideoPlayerVideo::OutputPicture - ttd:159ms pts:1933.745 Clock:1933.586 Level:6
2024-08-25 15:39:18.646 T:31624 debug : CVideoPlayerVideo::OutputPicture - ttd:159ms pts:1933.765 Clock:1933.606 Level:6
2024-08-25 15:39:18.666 T:31624 debug : CVideoPlayerVideo::OutputPicture - ttd:159ms pts:1933.785 Clock:1933.626 Level:6
2024-08-25 15:39:18.680 T:31614 debug : CVideoPlayer::ProcessVideoData size:23842 dts:1935.765 pts:1935.925 dur:40.000ms, clock:1933.658 level:18
2024-08-25 15:39:18.681 T:31614 debug : CVideoPlayer::ProcessVideoData size:8602 dts:1935.785 pts:1935.945 dur:40.000ms, clock:1933.658 level:18
2024-08-25 15:39:18.681 T:31614 debug : CVideoPlayer::ProcessVideoData size:6066 dts:1935.805 pts:1935.805 dur:40.000ms, clock:1933.658 level:19
2024-08-25 15:39:18.687 T:31624 debug : CVideoPlayerVideo::OutputPicture - ttd:158ms pts:1933.805 Clock:1933.646 Level:6
2024-08-25 15:39:18.707 T:31624 debug : CVideoPlayerVideo::OutputPicture - ttd:158ms pts:1933.825 Clock:1933.666 Level:6
2024-08-25 15:39:18.722 T:31614 debug : CVideoPlayer::ProcessVideoData size:5487 dts:1935.825 pts:1935.825 dur:40.000ms, clock:1933.700 level:19
2024-08-25 15:39:18.722 T:31614 debug : CVideoPlayer::ProcessVideoData size:6390 dts:1935.845 pts:1935.845 dur:40.000ms, clock:1933.700 level:19
2024-08-25 15:39:18.723 T:31614 debug : CVideoPlayer::ProcessVideoData size:5334 dts:1935.865 pts:1935.865 dur:40.000ms, clock:1933.700 level:19
2024-08-25 15:39:18.726 T:31624 debug : CVideoPlayerVideo::OutputPicture - ttd:158ms pts:1933.845 Clock:1933.686 Level:6
2024-08-25 15:39:18.746 T:31624 debug : CVideoPlayerVideo::OutputPicture - ttd:159ms pts:1933.865 Clock:1933.706 Level:6
2024-08-25 15:39:18.767 T:31624 debug : CVideoPlayerVideo::OutputPicture - ttd:159ms pts:1933.885 Clock:1933.726 Level:6
2024-08-25 15:39:18.772 T:31614 debug : CVideoPlayer::ProcessVideoData size:6389 dts:1935.885 pts:1935.885 dur:40.000ms, clock:1933.749 level:20
2024-08-25 15:39:18.772 T:31614 debug : CVideoPlayer::ProcessVideoData size:5519 dts:1935.905 pts:1935.905 dur:40.000ms, clock:1933.750 level:20
2024-08-25 15:39:18.774 T:31614 debug : CVideoPlayer::ProcessVideoData size:20551 dts:1935.925 pts:1936.005 dur:40.000ms, clock:1933.751 level:20
2024-08-25 15:39:18.786 T:31624 debug : CVideoPlayerVideo::OutputPicture - ttd:159ms pts:1933.905 Clock:1933.746 Level:6
2024-08-25 15:39:18.806 T:31624 debug : CVideoPlayerVideo::OutputPicture - ttd:319ms pts:1934.085 Clock:1933.766 Level:6
2024-08-25 15:39:18.827 T:31624 debug : CVideoPlayerVideo::OutputPicture - ttd:319ms pts:1934.105 Clock:1933.786 Level:6
2024-08-25 15:39:18.842 T:31614 debug : CVideoPlayer::ProcessVideoData size:19606 dts:1935.945 pts:1936.025 dur:40.000ms, clock:1933.819 level:20
2024-08-25 15:39:18.846 T:31624 debug : CVideoPlayerVideo::OutputPicture - ttd:158ms pts:1933.965 Clock:1933.806 Level:6
2024-08-25 15:39:18.867 T:31624 debug : CVideoPlayerVideo::OutputPicture - ttd:159ms pts:1933.985 Clock:1933.826 Level:6
2024-08-25 15:39:18.886 T:31624 debug : CVideoPlayerVideo::OutputPicture - ttd:158ms pts:1934.005 Clock:1933.847 Level:6
