2021-07-19 15:50:10.963 T:5029 INFO : INFO: EMBY.hooks.player.Player: [ onAVChange ]
2021-07-19 15:50:10.981 T:5163 DEBUG : DEBUG: EMBY.core.HTTP: ---<[ http ][12 ms]
2021-07-19 15:50:10.993 T:4954 DEBUG : CAMLCodec::SetVideoRect:display(0,0,1920,1080)
2021-07-19 15:50:10.993 T:4954 DEBUG : CAMLCodec::SetVideoRect:gui(0,0,1920,1080)
2021-07-19 15:50:10.993 T:4954 DEBUG : CAMLCodec::SetVideoRect:m_dst_rect(0,0,1920,1080)
2021-07-19 15:50:10.993 T:4954 DEBUG : CAMLCodec::SetVideoRect:dst_rect(0,0,1920,1080)
2021-07-19 15:50:10.993 T:4954 DEBUG : CAMLCodec::SetVideoRect:m_guiStereoMode(0)
2021-07-19 15:50:10.993 T:4954 DEBUG : CAMLCodec::SetVideoRect:m_guiStereoView(0)
2021-07-19 15:50:11.013 T:5148 DEBUG : CVideoPlayerVideo::OutputPicture - ttd:515ms pts:599.200 Clock:598.685 Level:6
2021-07-19 15:50:11.013 T:5148 DEBUG : CVideoPlayerVideo - CDVDMsg::GENERAL_PAUSE: 1
2021-07-19 15:50:11.013 T:5148 DEBUG : CVideoPlayerVideo - CDVDMsg::GENERAL_PAUSE: 0
2021-07-19 15:50:11.015 T:5142 DEBUG : CVideoPlayer::ProcessVideoData size:1558 dts:607.400 pts:607.400 dur:40.000ms, clock:598.855 level:99
2021-07-19 15:50:11.025 T:5142 DEBUG : CVideoPlayer::ProcessVideoData size:1688 dts:607.440 pts:607.480 dur:40.000ms, clock:598.865 level:99
2021-07-19 15:50:11.034 T:5148 DEBUG : CVideoPlayerVideo - CDVDMsg::DEMUXER_PACKET - checking interlace vfmt: progressive
2021-07-19 15:50:11.107 T:5032 INFO : Skipped 1 duplicate messages..
2021-07-19 15:50:11.107 T:5032 ERROR : EXCEPTION Thrown (PythonToCppException) : -->Python callback/script returned the following error<-- - NOTE: IGNORING THIS CAN LEAD TO MEMORY LEAKS! Error Type: Error Contents: 'NoneType' object has no attribute 'split'
Traceback (most recent call last): File "/storage/.kodi/addons/service.languagepreferencemanager/default.py", line 77, in onAVStarted self.evalPrefs()
File "/storage/.kodi/addons/service.languagepreferencemanager/default.py", line 122, in evalPrefs trackIndex = self.evalSubPrefs(settings.SubtitlePrefs)
File "/storage/.kodi/addons/service.languagepreferencemanager/default.py", line 223, in evalSubPrefs codes = codes.split(r',') AttributeError: 'NoneType' object has no attribute 'split' -->End of Python script error report<--
2021-07-19 15:50:11.116 T:5148 DEBUG : CVideoPlayerVideo::OutputPicture - ttd:284ms pts:599.240 Clock:598.956 Level:4
2021-07-19 15:50:11.117 T:5148 DEBUG : CVideoPlayerVideo::OutputPicture - ttd:322ms pts:599.280 Clock:598.957 Level:5
2021-07-19 15:50:11.159 T:5148 DEBUG : CVideoPlayerVideo::OutputPicture - ttd:321ms pts:599.320 Clock:598.999 Level:5
2021-07-19 15:50:11.172 T:5148 DEBUG : CVideoPlayerVideo::OutputPicture - ttd:360ms pts:599.360 Clock:599.000 Level:6
2021-07-19 15:50:11.238 T:5142 DEBUG : CVideoPlayer::ProcessVideoData size:30823 dts:607.480 pts:607.680 dur:40.000ms, clock:599.078 level:88
2021-07-19 15:50:11.239 T:5142 DEBUG : CVideoPlayer::ProcessVideoData size:4687 dts:607.520 pts:607.600 dur:40.000ms, clock:599.078 level:89
2021-07-19 15:50:11.239 T:5142 DEBUG : CVideoPlayer::ProcessVideoData size:1642 dts:607.560 pts:607.560 dur:40.000ms, clock:599.078 level:89
2021-07-19 15:50:11.239 T:5142 DEBUG : CVideoPlayer::ProcessVideoData size:1450 dts:607.600 pts:607.640 dur:40.000ms, clock:599.079 level:90
2021-07-19 15:50:11.276 T:5148 DEBUG : CVideoPlayerVideo::OutputPicture - ttd:284ms pts:599.400 Clock:599.116 Level:4
2021-07-19 15:50:11.277 T:5148 DEBUG : CVideoPlayerVideo::OutputPicture - ttd:323ms pts:599.440 Clock:599.117 Level:5
2021-07-19 15:50:11.315 T:5148 DEBUG : CVideoPlayerVideo::OutputPicture - ttd:325ms pts:599.480 Clock:599.154 Level:5
2021-07-19 15:50:11.330 T:5148 DEBUG : CVideoPlayerVideo::OutputPicture - ttd:364ms pts:599.520 Clock:599.156 Level:6
2021-07-19 15:50:11.364 T:5164 INFO : INFO: EMBY.hooks.monitor.Monitor: [ UserDataChanged ] {'ServerId': '582d15c7dab04b7fb851ac18d8445893', 'UserDataList': [{'IsFavorite': False, 'ItemId': '13635', 'LastPlayedDate': '2021-07-19T05:50:10.0000000+00:00', 'PlayCount': 18, 'PlaybackPositionTicks': 5987320556, 'Played': False, 'PlayedPercentage': 12.445788896464563}], 'UserId': 'de8aeadec54b4fa28d3772ebcf026587', 'MonitorMethod': 'UserDataChanged'}
2021-07-19 15:50:11.365 T:5164 INFO : INFO: EMBY.hooks.monitor.Monitor: [ skip update/13635 ]
2021-07-19 15:50:11.398 T:5148 DEBUG : CVideoPlayerVideo::OutputPicture - ttd:322ms pts:599.560 Clock:599.237 Level:5
2021-07-19 15:50:11.435 T:5148 DEBUG : CVideoPlayerVideo::OutputPicture - ttd:325ms pts:599.600 Clock:599.275 Level:5
2021-07-19 15:50:11.452 T:5148 DEBUG : CVideoPlayerVideo::OutputPicture - ttd:364ms pts:599.640 Clock:599.276 Level:6
2021-07-19 15:50:11.482 T:5142 DEBUG : CVideoPlayer::ProcessVideoData size:27085 dts:607.640 pts:607.840 dur:40.000ms, clock:599.322 level:87
2021-07-19 15:50:11.483 T:5142 DEBUG : CVideoPlayer::ProcessVideoData size:4274 dts:607.680 pts:607.760 dur:40.000ms, clock:599.322 level:88
2021-07-19 15:50:11.483 T:5142 DEBUG : CVideoPlayer::ProcessVideoData size:1399 dts:607.720 pts:607.720 dur:40.000ms, clock:599.322 level:88
2021-07-19 15:50:11.483 T:5142 DEBUG : CVideoPlayer::ProcessVideoData size:1449 dts:607.760 pts:607.800 dur:40.000ms, clock:599.322 level:89
2021-07-19 15:50:11.483 T:5142 DEBUG : CVideoPlayer::ProcessVideoData size:31148 dts:607.800 pts:608.000 dur:40.000ms, clock:599.323 level:89
2021-07-19 15:50:11.483 T:5142 DEBUG : CVideoPlayer::ProcessVideoData size:4577 dts:607.840 pts:607.920 dur:40.000ms, clock:599.323 level:90
2021-07-19 15:50:11.483 T:5142 DEBUG : CVideoPlayer::ProcessVideoData size:1375 dts:607.880 pts:607.880 dur:40.000ms, clock:599.323 level:90
2021-07-19 15:50:11.483 T:5142 DEBUG : CVideoPlayer::ProcessVideoData size:1593 dts:607.920 pts:607.960 dur:40.000ms, clock:599.323 level:91
2021-07-19 15:50:11.494 T:5148 DEBUG : CVideoPlayerVideo::OutputPicture - ttd:363ms pts:599.680 Clock:599.317 Level:6
2021-07-19 15:50:11.597 T:5148 DEBUG : CVideoPlayerVideo::OutputPicture - ttd:283ms pts:599.720 Clock:599.436 Level:4
2021-07-19 15:50:11.598 T:5148 DEBUG : CVideoPlayerVideo::OutputPicture - ttd:322ms pts:599.760 Clock:599.437 Level:5
2021-07-19 15:50:11.635 T:5148 DEBUG : CVideoPlayerVideo::OutputPicture - ttd:325ms pts:599.800 Clock:599.475 Level:5
2021-07-19 15:50:11.652 T:5148 DEBUG : CVideoPlayerVideo::OutputPicture - ttd:364ms pts:599.840 Clock:599.476 Level:6
2021-07-19 15:50:11.737 T:5142 DEBUG : CVideoPlayer::ProcessVideoData size:32702 dts:607.960 pts:608.160 dur:40.000ms, clock:599.576 level:88
2021-07-19 15:50:11.737 T:5142 DEBUG : CVideoPlayer::ProcessVideoData size:4884 dts:608.000 pts:608.080 dur:40.000ms, clock:599.577 level:88
2021-07-19 15:50:11.737 T:5142 DEBUG : CVideoPlayer::ProcessVideoData size:1767 dts:608.040 pts:608.040 dur:40.000ms, clock:599.577 level:89
2021-07-19 15:50:11.737 T:5142 DEBUG : CVideoPlayer::ProcessVideoData size:1697 dts:608.080 pts:608.120 dur:40.000ms, clock:599.577 level:89
2021-07-19 15:50:11.757 T:5148 DEBUG : CVideoPlayerVideo::OutputPicture - ttd:283ms pts:599.880 Clock:599.597 Level:4
2021-07-19 15:50:11.758 T:5148 DEBUG : CVideoPlayerVideo::OutputPicture - ttd:322ms pts:599.920 Clock:599.598 Level:5
2021-07-19 15:50:11.797 T:5148 DEBUG : CVideoPlayerVideo::OutputPicture - ttd:324ms pts:599.960 Clock:599.636 Level:5
2021-07-19 15:50:11.813 T:5148 DEBUG : CVideoPlayerVideo::OutputPicture - ttd:362ms pts:600.000 Clock:599.637 Level:6
2021-07-19 15:50:11.814 T:5030 DEBUG : DatabaseUtils::GetSortFieldList: unknown field 36
2021-07-19 15:50:11.829 T:4961 DEBUG : ActiveAE::SyncStream - average error 108.848362 above threshold of 100.000000
2021-07-19 15:50:11.878 T:4961 DEBUG : ActiveAE::SyncStream - average error 12.848362 below threshold of 30.000000
2021-07-19 15:50:11.916 T:5148 DEBUG : CVideoPlayerVideo::OutputPicture - ttd:284ms pts:600.040 Clock:599.755 Level:4
2021-07-19 15:50:11.917 T:5148 DEBUG : CVideoPlayerVideo::OutputPicture - ttd:323ms pts:600.080 Clock:599.757 Level:5
2021-07-19 15:50:11.955 T:5148 DEBUG : CVideoPlayerVideo::OutputPicture - ttd:325ms pts:600.120 Clock:599.794 Level:5
2021-07-19 15:50:11.973 T:5148 DEBUG : CVideoPlayerVideo::OutputPicture - ttd:364ms pts:600.160 Clock:599.795 Level:6
2021-07-19 15:50:11.981 T:5142 DEBUG : CVideoPlayer::ProcessVideoData size:35874 dts:608.120 pts:608.320 dur:40.000ms, clock:599.820 level:87
2021-07-19 15:50:11.981 T:5142 DEBUG : CVideoPlayer::ProcessVideoData size:4636 dts:608.160 pts:608.240 dur:40.000ms, clock:599.821 level:87
2021-07-19 15:50:11.981 T:5142 DEBUG : CVideoPlayer::ProcessVideoData size:1362 dts:608.200 pts:608.200 dur:40.000ms, clock:599.821 level:88
2021-07-19 15:50:11.981 T:5142 DEBUG : CVideoPlayer::ProcessVideoData size:1453 dts:608.240 pts:608.280 dur:40.000ms, clock:599.821 level:88
2021-07-19 15:50:11.982 T:5142 DEBUG : CVideoPlayer::ProcessVideoData size:15988 dts:608.280 pts:608.360 dur:40.000ms, clock:599.821 level:89
2021-07-19 15:50:11.982 T:5142 DEBUG : CVideoPlayer::ProcessVideoData size:48440 dts:608.320 pts:608.520 dur:40.000ms, clock:599.821 level:89
2021-07-19 15:50:11.982 T:5142 DEBUG : CVideoPlayer::ProcessVideoData size:2872 dts:608.360 pts:608.440 dur:40.000ms, clock:599.821 level:90
2021-07-19 15:50:11.982 T:5142 DEBUG : CVideoPlayer::ProcessVideoData size:1725 dts:608.400 pts:608.400 dur:40.000ms, clock:599.822 level:90
2021-07-19 15:50:11.982 T:5142 DEBUG : CVideoPlayer::ProcessVideoData size:1402 dts:608.440 pts:608.480 dur:40.000ms, clock:599.822 level:91
2021-07-19 15:50:12.077 T:5148 DEBUG : CVideoPlayerVideo::OutputPicture - ttd:284ms pts:600.200 Clock:599.916 Level:4
2021-07-19 15:50:12.078 T:5148 DEBUG : CVideoPlayerVideo::OutputPicture - ttd:322ms pts:600.240 Clock:599.917 Level:5
2021-07-19 15:50:12.115 T:5148 DEBUG : CVideoPlayerVideo::OutputPicture - ttd:325ms pts:600.280 Clock:599.954 Level:5
2021-07-19 15:50:12.150 T:5148 DEBUG : CVideoPlayerVideo::OutputPicture - ttd:364ms pts:600.320 Clock:599.956 Level:6
2021-07-19 15:50:12.237 T:5148 DEBUG : CVideoPlayerVideo::OutputPicture - ttd:284ms pts:600.360 Clock:600.076 Level:4
2021-07-19 15:50:12.238 T:5148 DEBUG : CVideoPlayerVideo::OutputPicture - ttd:322ms pts:600.400 Clock:600.077 Level:5
2021-07-19 15:50:12.275 T:5148 DEBUG : CVideoPlayerVideo::OutputPicture - ttd:325ms pts:600.440 Clock:600.114 Level:5
2021-07-19 15:50:12.293 T:5148 DEBUG : CVideoPlayerVideo::OutputPicture - ttd:364ms pts:600.480 Clock:600.116 Level:6
2021-07-19 15:50:12.337 T:5142 DEBUG : CVideoPlayer::ProcessVideoData size:38905 dts:608.480 pts:608.640 dur:40.000ms, clock:600.176 level:87
2021-07-19 15:50:12.337 T:5142 DEBUG : CVideoPlayer::ProcessVideoData size:2006 dts:608.520 pts:608.560 dur:40.000ms, clock:600.176 level:87
2021-07-19 15:50:12.337 T:5142 DEBUG : CVideoPlayer::ProcessVideoData size:936 dts:608.560 pts:608.600 dur:40.000ms, clock:600.176 level:88
2021-07-19 15:50:12.337 T:5142 DEBUG : CVideoPlayer::ProcessVideoData size:13396 dts:608.600 pts:608.680 dur:40.000ms, clock:600.177 level:88
2021-07-19 15:50:12.396 T:5148 DEBUG : CVideoPlayerVideo::OutputPicture - ttd:284ms pts:600.520 Clock:600.235 Level:4
2021-07-19 15:50:12.397 T:5148 DEBUG : CVideoPlayerVideo::OutputPicture - ttd:323ms pts:600.560 Clock:600.236 Level:5
2021-07-19 15:50:12.434 T:5148 DEBUG : CVideoPlayerVideo::OutputPicture - ttd:326ms pts:600.600 Clock:600.274 Level:5
2021-07-19 15:50:12.470 T:5148 DEBUG : CVideoPlayerVideo::OutputPicture - ttd:365ms pts:600.640 Clock:600.275 Level:6
2021-07-19 15:50:12.555 T:5148 DEBUG : CVideoPlayerVideo::OutputPicture - ttd:285ms pts:600.680 Clock:600.394 Level:4
2021-07-19 15:50:12.557 T:5148 DEBUG : CVideoPlayerVideo::OutputPicture - ttd:324ms pts:600.720 Clock:600.396 Level:5
2021-07-19 15:50:12.581 T:5142 DEBUG : CVideoPlayer::ProcessVideoData size:32366 dts:608.640 pts:608.840 dur:40.000ms, clock:600.420 level:86
2021-07-19 15:50:12.581 T:5142 DEBUG : CVideoPlayer::ProcessVideoData size:2054 dts:608.680 pts:608.760 dur:40.000ms, clock:600.420 level:86
2021-07-19 15:50:12.581 T:5142 DEBUG : CVideoPlayer::ProcessVideoData size:1174 dts:608.720 pts:608.720 dur:40.000ms, clock:600.420 level:87
2021-07-19 15:50:12.581 T:5142 DEBUG : CVideoPlayer::ProcessVideoData size:879 dts:608.760 pts:608.800 dur:40.000ms, clock:600.420 level:87
2021-07-19 15:50:12.582 T:5142 DEBUG : CVideoPlayer::ProcessVideoData size:12309 dts:608.800 pts:608.880 dur:40.000ms, clock:600.421 level:88
2021-07-19 15:50:12.582 T:5142 DEBUG : CVideoPlayer::ProcessVideoData size:15402 dts:608.840 pts:608.920 dur:40.000ms, clock:600.421 level:88
2021-07-19 15:50:12.582 T:5142 DEBUG : CVideoPlayer::ProcessVideoData size:18170 dts:608.880 pts:608.960 dur:40.000ms, clock:600.421 level:89
2021-07-19 15:50:12.582 T:5142 DEBUG : CVideoPlayer::ProcessVideoData size:14867 dts:608.920 pts:609.000 dur:40.000ms, clock:600.422 level:89
2021-07-19 15:50:12.583 T:5142 DEBUG : CVideoPlayer::ProcessVideoData size:15584 dts:608.960 pts:609.040 dur:40.000ms, clock:600.422 level:90
2021-07-19 15:50:12.597 T:5148 DEBUG : CVideoPlayerVideo::OutputPicture - ttd:324ms pts:600.760 Clock:600.436 Level:5
2021-07-19 15:50:12.613 T:5148 DEBUG : CVideoPlayerVideo::OutputPicture - ttd:363ms pts:600.800 Clock:600.437 Level:6
2021-07-19 15:50:12.717 T:5148 DEBUG : CVideoPlayerVideo::OutputPicture - ttd:284ms pts:600.840 Clock:600.556 Level:4
2021-07-19 15:50:12.718 T:5148 DEBUG : CVideoPlayerVideo::OutputPicture - ttd:323ms pts:600.880 Clock:600.557 Level:5
2021-07-19 15:50:12.755 T:5148 DEBUG : CVideoPlayerVideo::OutputPicture - ttd:325ms pts:600.920 Clock:600.594 Level:5
2021-07-19 15:50:12.773 T:5148 DEBUG : CVideoPlayerVideo::OutputPicture - ttd:364ms pts:600.960 Clock:600.595 Level:6
2021-07-19 15:50:12.836 T:5142 DEBUG : CVideoPlayer::ProcessVideoData size:16167 dts:609.000 pts:609.080 dur:40.000ms, clock:600.675 level:87
2021-07-19 15:50:12.837 T:5142 DEBUG : CVideoPlayer::ProcessVideoData size:17913 dts:609.040 pts:609.120 dur:40.000ms, clock:600.676 level:88
2021-07-19 15:50:12.837 T:5142 DEBUG : CVideoPlayer::ProcessVideoData size:15482 dts:609.080 pts:609.160 dur:40.000ms, clock:600.676 level:88
2021-07-19 15:50:12.838 T:5142 DEBUG : CVideoPlayer::ProcessVideoData size:15268 dts:609.120 pts:609.200 dur:40.000ms, clock:600.676 level:89
2021-07-19 15:50:12.838 T:5142 DEBUG : CVideoPlayer::ProcessVideoData size:16784 dts:609.160 pts:609.240 dur:40.000ms, clock:600.677 level:89
2021-07-19 15:50:12.839 T:5142 DEBUG : CVideoPlayer::ProcessVideoData size:18418 dts:609.200 pts:609.280 dur:40.000ms, clock:600.677 level:90
2021-07-19 15:50:12.878 T:5148 DEBUG : CVideoPlayerVideo::OutputPicture - ttd:283ms pts:601.000 Clock:600.717 Level:4
2021-07-19 15:50:12.879 T:5149 DEBUG : CDVDClock::ErrorAdjust - CVideoPlayerAudio::OutputPacket - error:13529.515757, adjusted:13529.515757
2021-07-19 15:50:12.879 T:5148 DEBUG : CVideoPlayerVideo::OutputPicture - ttd:308ms pts:601.040 Clock:600.731 Level:5
2021-07-19 15:50:12.917 T:5148 DEBUG : CVideoPlayerVideo::OutputPicture - ttd:311ms pts:601.080 Clock:600.769 Level:5
2021-07-19 15:50:12.918 T:5148 DEBUG : CVideoPlayerVideo::OutputPicture - ttd:349ms pts:601.120 Clock:600.770 Level:6
2021-07-19 15:50:13.016 T:5148 DEBUG : CVideoPlayerVideo::OutputPicture - ttd:291ms pts:601.160 Clock:600.868 Level:4
2021-07-19 15:50:13.017 T:5148 DEBUG : CVideoPlayerVideo::OutputPicture - ttd:330ms pts:601.200 Clock:600.869 Level:5
2021-07-19 15:50:13.054 T:5148 DEBUG : CVideoPlayerVideo::OutputPicture - ttd:333ms pts:601.240 Clock:600.907 Level:5
2021-07-19 15:50:13.086 T:5142 DEBUG : CVideoPlayer::ProcessVideoData size:17487 dts:609.240 pts:609.320 dur:40.000ms, clock:600.939 level:87
2021-07-19 15:50:13.087 T:5142 DEBUG : CVideoPlayer::ProcessVideoData size:17443 dts:609.280 pts:609.360 dur:40.000ms, clock:600.939 level:88
2021-07-19 15:50:13.087 T:5142 DEBUG : CVideoPlayer::ProcessVideoData size:20001 dts:609.320 pts:609.400 dur:40.000ms, clock:600.939 level:88
2021-07-19 15:50:13.087 T:5142 DEBUG : CVideoPlayer::ProcessVideoData size:17293 dts:609.360 pts:609.440 dur:40.000ms, clock:600.940 level:89
2021-07-19 15:50:13.088 T:5142 DEBUG : CVideoPlayer::ProcessVideoData size:19198 dts:609.400 pts:609.480 dur:40.000ms, clock:600.940 level:89
2021-07-19 15:50:13.088 T:5142 DEBUG : CVideoPlayer::ProcessVideoData size:32021 dts:609.440 pts:609.520 dur:40.000ms, clock:600.940 level:90
2021-07-19 15:50:13.088 T:5142 DEBUG : CVideoPlayer::ProcessVideoData size:20947 dts:609.480 pts:609.560 dur:40.000ms, clock:600.941 level:90
2021-07-19 15:50:13.090 T:5148 DEBUG : CVideoPlayerVideo::OutputPicture - ttd:372ms pts:601.280 Clock:600.908 Level:6
2021-07-19 15:50:13.139 T:5148 DEBUG : CVideoPlayerVideo::OutputPicture - ttd:328ms pts:601.320 Clock:600.991 Level:5
2021-07-19 15:50:13.153 T:5148 DEBUG : CVideoPlayerVideo::OutputPicture - ttd:367ms pts:601.360 Clock:600.992 Level:6
2021-07-19 15:50:13.332 T:5142 DEBUG : CVideoPlayer::ProcessVideoData size:18684 dts:609.520 pts:609.600 dur:40.000ms, clock:601.184 level:87
2021-07-19 15:50:13.333 T:5142 DEBUG : CVideoPlayer::ProcessVideoData size:17020 dts:609.560 pts:609.640 dur:40.000ms, clock:601.185 level:88
2021-07-19 15:50:13.334 T:5142 DEBUG : CVideoPlayer::ProcessVideoData size:16486 dts:609.600 pts:609.680 dur:40.000ms, clock:601.186 level:88
2021-07-19 15:50:13.334 T:5142 DEBUG : CVideoPlayer::ProcessVideoData size:13460 dts:609.640 pts:609.720 dur:40.000ms, clock:601.186 level:89
2021-07-19 15:50:13.334 T:5142 DEBUG : CVideoPlayer::ProcessVideoData size:14044 dts:609.680 pts:609.760 dur:40.000ms, clock:601.187 level:89
2021-07-19 15:50:13.335 T:5142 DEBUG : CVideoPlayer::ProcessVideoData size:13852 dts:609.720 pts:609.800 dur:40.000ms, clock:601.187 level:90
2021-07-19 15:50:13.336 T:5148 DEBUG : CVideoPlayerVideo::OutputPicture - ttd:211ms pts:601.400 Clock:601.188 Level:2
2021-07-19 15:50:13.337 T:5148 DEBUG : CVideoPlayerVideo::OutputPicture - ttd:250ms pts:601.440 Clock:601.190 Level:3
2021-07-19 15:50:13.339 T:5148 DEBUG : CVideoPlayerVideo::OutputPicture - ttd:289ms pts:601.480 Clock:601.191 Level:4
2021-07-19 15:50:13.340 T:5148 DEBUG : CVideoPlayerVideo::OutputPicture - ttd:327ms pts:601.520 Clock:601.192 Level:5
2021-07-19 15:50:13.420 T:5148 DEBUG : CVideoPlayerVideo::OutputPicture - ttd:288ms pts:601.560 Clock:601.272 Level:4
2021-07-19 15:50:13.421 T:5148 DEBUG : CVideoPlayerVideo::OutputPicture - ttd:326ms pts:601.600 Clock:601.273 Level:5
2021-07-19 15:50:13.460 T:5148 DEBUG : CVideoPlayerVideo::OutputPicture - ttd:327ms pts:601.640 Clock:601.313 Level:5
2021-07-19 15:50:13.490 T:5148 DEBUG : CVideoPlayerVideo::OutputPicture - ttd:366ms pts:601.680 Clock:601.314 Level:6
2021-07-19 15:50:13.575 T:5148 DEBUG : CVideoPlayerVideo::OutputPicture - ttd:292ms pts:601.720 Clock:601.427 Level:4
2021-07-19 15:50:13.576 T:5148 DEBUG : CVideoPlayerVideo::OutputPicture - ttd:331ms pts:601.760 Clock:601.428 Level:5
2021-07-19 15:50:13.614 T:5148 DEBUG : CVideoPlayerVideo::OutputPicture - ttd:334ms pts:601.800 Clock:601.466 Level:5
2021-07-19 15:50:13.639 T:5142 DEBUG : CVideoPlayer::ProcessVideoData size:14399 dts:609.760 pts:609.840 dur:40.000ms, clock:601.491 level:87
2021-07-19 15:50:13.639 T:5142 DEBUG : CVideoPlayer::ProcessVideoData size:13816 dts:609.800 pts:609.880 dur:40.000ms, clock:601.491 level:87
2021-07-19 15:50:13.639 T:5142 DEBUG : CVideoPlayer::ProcessVideoData size:12958 dts:609.840 pts:609.920 dur:40.000ms, clock:601.491 level:88
2021-07-19 15:50:13.639 T:5142 DEBUG : CVideoPlayer::ProcessVideoData size:12482 dts:609.880 pts:609.960 dur:40.000ms, clock:601.492 level:88
2021-07-19 15:50:13.640 T:5142 DEBUG : CVideoPlayer::ProcessVideoData size:14692 dts:609.920 pts:610.000 dur:40.000ms, clock:601.492 level:89
2021-07-19 15:50:13.640 T:5142 DEBUG : CVideoPlayer::ProcessVideoData size:12938 dts:609.960 pts:610.040 dur:40.000ms, clock:601.492 level:89
2021-07-19 15:50:13.640 T:5142 DEBUG : CVideoPlayer::ProcessVideoData size:13985 dts:610.000 pts:610.080 dur:40.000ms, clock:601.492 level:90
2021-07-19 15:50:13.650 T:5148 DEBUG : CVideoPlayerVideo::OutputPicture - ttd:372ms pts:601.840 Clock:601.467 Level:6
2021-07-19 15:50:13.735 T:5148 DEBUG : CVideoPlayerVideo::OutputPicture - ttd:292ms pts:601.880 Clock:601.587 Level:4
2021-07-19 15:50:13.736 T:5148 DEBUG : CVideoPlayerVideo::OutputPicture - ttd:331ms pts:601.920 Clock:601.588 Level:5
2021-07-19 15:50:13.780 T:5148 DEBUG : CVideoPlayerVideo::OutputPicture - ttd:328ms pts:601.960 Clock:601.632 Level:5
2021-07-19 15:50:13.810 T:5148 DEBUG : CVideoPlayerVideo::OutputPicture - ttd:366ms pts:602.000 Clock:601.633 Level:6
2021-07-19 15:50:13.859 T:5148 DEBUG : CVideoPlayerVideo::OutputPicture - ttd:328ms pts:602.040 Clock:601.711 Level:5
2021-07-19 15:50:13.884 T:5142 DEBUG : CVideoPlayer::ProcessVideoData size:13014 dts:610.040 pts:610.120 dur:40.000ms, clock:601.736 level:87
2021-07-19 15:50:13.884 T:5142 DEBUG : CVideoPlayer::ProcessVideoData size:14234 dts:610.080 pts:610.160 dur:40.000ms, clock:601.736 level:87
2021-07-19 15:50:13.884 T:5142 DEBUG : CVideoPlayer::ProcessVideoData size:13111 dts:610.120 pts:610.200 dur:40.000ms, clock:601.736 level:88
2021-07-19 15:50:13.884 T:5142 DEBUG : CVideoPlayer::ProcessVideoData size:12454 dts:610.160 pts:610.240 dur:40.000ms, clock:601.737 level:88
2021-07-19 15:50:13.885 T:5142 DEBUG : CVideoPlayer::ProcessVideoData size:12332 dts:610.200 pts:610.280 dur:40.000ms, clock:601.737 level:89
2021-07-19 15:50:13.885 T:5142 DEBUG : CVideoPlayer::ProcessVideoData size:14002 dts:610.240 pts:610.320 dur:40.000ms, clock:601.737 level:89
2021-07-19 15:50:13.899 T:5148 DEBUG : CVideoPlayerVideo::OutputPicture - ttd:329ms pts:602.080 Clock:601.751 Level:5
2021-07-19 15:50:13.913 T:5148 DEBUG : CVideoPlayerVideo::OutputPicture - ttd:367ms pts:602.120 Clock:601.752 Level:6
2021-07-19 15:50:14.017 T:5148 DEBUG : CVideoPlayerVideo::OutputPicture - ttd:291ms pts:602.160 Clock:601.869 Level:4
2021-07-19 15:50:14.018 T:5148 DEBUG : CVideoPlayerVideo::OutputPicture - ttd:330ms pts:602.200 Clock:601.870 Level:5
2021-07-19 15:50:14.061 T:5148 DEBUG : CVideoPlayerVideo::OutputPicture - ttd:326ms pts:602.240 Clock:601.913 Level:5
2021-07-19 15:50:14.073 T:5148 DEBUG : CVideoPlayerVideo::OutputPicture - ttd:365ms pts:602.280 Clock:601.914 Level:6
2021-07-19 15:50:14.138 T:5142 DEBUG : CVideoPlayer::ProcessVideoData size:13472 dts:610.280 pts:610.360 dur:40.000ms, clock:601.990 level:87
2021-07-19 15:50:14.139 T:5142 DEBUG : CVideoPlayer::ProcessVideoData size:13395 dts:610.320 pts:610.400 dur:40.000ms, clock:601.991 level:87
2021-07-19 15:50:14.139 T:5142 DEBUG : CVideoPlayer::ProcessVideoData size:14082 dts:610.360 pts:610.440 dur:40.000ms, clock:601.991 level:88
2021-07-19 15:50:14.139 T:5142 DEBUG : CVideoPlayer::ProcessVideoData size:32715 dts:610.400 pts:610.480 dur:40.000ms, clock:601.991 level:88
2021-07-19 15:50:14.140 T:5142 DEBUG : CVideoPlayer::ProcessVideoData size:19947 dts:610.440 pts:610.520 dur:40.000ms, clock:601.992 level:89
2021-07-19 15:50:14.140 T:5142 DEBUG : CVideoPlayer::ProcessVideoData size:14992 dts:610.480 pts:610.560 dur:40.000ms, clock:601.992 level:89
2021-07-19 15:50:14.178 T:5148 DEBUG : CVideoPlayerVideo::OutputPicture - ttd:290ms pts:602.320 Clock:602.030 Level:4
2021-07-19 15:50:14.179 T:5148 DEBUG : CVideoPlayerVideo::OutputPicture - ttd:329ms pts:602.360 Clock:602.031 Level:5
2021-07-19 15:50:14.217 T:5148 DEBUG : CVideoPlayerVideo::OutputPicture - ttd:331ms pts:602.400 Clock:602.068 Level:5
2021-07-19 15:50:14.250 T:5148 DEBUG : CVideoPlayerVideo::OutputPicture - ttd:370ms pts:602.440 Clock:602.070 Level:6
2021-07-19 15:50:14.299 T:5148 DEBUG : CVideoPlayerVideo::OutputPicture - ttd:329ms pts:602.480 Clock:602.151 Level:5
2021-07-19 15:50:14.337 T:5148 DEBUG : CVideoPlayerVideo::OutputPicture - ttd:331ms pts:602.520 Clock:602.189 Level:5
2021-07-19 15:50:14.353 T:5148 DEBUG : CVideoPlayerVideo::OutputPicture - ttd:370ms pts:602.560 Clock:602.190 Level:6
2021-07-19 15:50:14.384 T:5142 DEBUG : CVideoPlayer::ProcessVideoData size:14931 dts:610.520 pts:610.600 dur:40.000ms, clock:602.236 level:86
2021-07-19 15:50:14.384 T:5142 DEBUG : CVideoPlayer::ProcessVideoData size:13715 dts:610.560 pts:610.640 dur:40.000ms, clock:602.236 level:87
2021-07-19 15:50:14.384 T:5142 DEBUG : CVideoPlayer::ProcessVideoData size:11349 dts:610.600 pts:610.680 dur:40.000ms, clock:602.236 level:87
2021-07-19 15:50:14.385 T:5142 DEBUG : CVideoPlayer::ProcessVideoData size:10786 dts:610.640 pts:610.720 dur:40.000ms, clock:602.236 level:88
2021-07-19 15:50:14.385 T:5142 DEBUG : CVideoPlayer::ProcessVideoData size:11471 dts:610.680 pts:610.760 dur:40.000ms, clock:602.237 level:88
2021-07-19 15:50:14.385 T:5142 DEBUG : CVideoPlayer::ProcessVideoData size:12708 dts:610.720 pts:610.800 dur:40.000ms, clock:602.237 level:89
2021-07-19 15:50:14.385 T:5142 DEBUG : CVideoPlayer::ProcessVideoData size:10602 dts:610.760 pts:610.840 dur:40.000ms, clock:602.237 level:89
2021-07-19 15:50:14.416 T:5148 DEBUG : CVideoPlayerVideo::OutputPicture - ttd:332ms pts:602.600 Clock:602.268 Level:5
2021-07-19 15:50:14.434 T:5148 DEBUG : CVideoPlayerVideo::OutputPicture - ttd:371ms pts:602.640 Clock:602.269 Level:6
2021-07-19 15:50:14.616 T:5148 DEBUG : CVideoPlayerVideo::OutputPicture - ttd:212ms pts:602.680 Clock:602.468 Level:2
2021-07-19 15:50:14.617 T:5148 DEBUG : CVideoPlayerVideo::OutputPicture - ttd:251ms pts:602.720 Clock:602.469 Level:3
2021-07-19 15:50:14.618 T:5148 DEBUG : CVideoPlayerVideo::OutputPicture - ttd:289ms pts:602.760 Clock:602.470 Level:4
2021-07-19 15:50:14.620 T:5148 DEBUG : CVideoPlayerVideo::OutputPicture - ttd:328ms pts:602.800 Clock:602.471 Level:5
2021-07-19 15:50:14.638 T:5142 DEBUG : CVideoPlayer::ProcessVideoData size:9923 dts:610.800 pts:610.880 dur:40.000ms, clock:602.490 level:87
2021-07-19 15:50:14.638 T:5142 DEBUG : CVideoPlayer::ProcessVideoData size:9856 dts:610.840 pts:610.920 dur:40.000ms, clock:602.490 level:87
2021-07-19 15:50:14.639 T:5142 DEBUG : CVideoPlayer::ProcessVideoData size:11062 dts:610.880 pts:610.960 dur:40.000ms, clock:602.490 level:88
2021-07-19 15:50:14.639 T:5142 DEBUG : CVideoPlayer::ProcessVideoData size:9714 dts:610.920 pts:611.000 dur:40.000ms, clock:602.491 level:88
2021-07-19 15:50:14.639 T:5142 DEBUG : CVideoPlayer::ProcessVideoData size:9257 dts:610.960 pts:611.040 dur:40.000ms, clock:602.491 level:89
2021-07-19 15:50:14.639 T:5142 DEBUG : CVideoPlayer::ProcessVideoData size:8763 dts:611.000 pts:611.080 dur:40.000ms, clock:602.491 level:89
2021-07-19 15:50:14.659 T:5148 DEBUG : CVideoPlayerVideo::OutputPicture - ttd:329ms pts:602.840 Clock:602.511 Level:5
2021-07-19 15:50:14.691 T:5148 DEBUG : CVideoPlayerVideo::OutputPicture - ttd:367ms pts:602.880 Clock:602.512 Level:6
2021-07-19 15:50:14.739 T:5148 DEBUG : CVideoPlayerVideo::OutputPicture - ttd:328ms pts:602.920 Clock:602.591 Level:5
2021-07-19 15:50:14.771 T:5148 DEBUG : CVideoPlayerVideo::OutputPicture - ttd:367ms pts:602.960 Clock:602.592 Level:6
2021-07-19 15:50:14.856 T:5148 DEBUG : CVideoPlayerVideo::OutputPicture - ttd:292ms pts:603.000 Clock:602.707 Level:4
2021-07-19 15:50:14.857 T:5148 DEBUG : CVideoPlayerVideo::OutputPicture - ttd:331ms pts:603.040 Clock:602.709 Level:5
2021-07-19 15:50:14.883 T:5142 DEBUG : CVideoPlayer::ProcessVideoData size:10450 dts:611.040 pts:611.120 dur:40.000ms, clock:602.735 level:87
2021-07-19 15:50:14.883 T:5142 DEBUG : CVideoPlayer::ProcessVideoData size:8942 dts:611.080 pts:611.160 dur:40.000ms, clock:602.735 level:87
2021-07-19 15:50:14.884 T:5142 DEBUG : CVideoPlayer::ProcessVideoData size:7085 dts:611.120 pts:611.200 dur:40.000ms, clock:602.735 level:88
2021-07-19 15:50:14.884 T:5142 DEBUG : CVideoPlayer::ProcessVideoData size:6904 dts:611.160 pts:611.240 dur:40.000ms, clock:602.735 level:88
2021-07-19 15:50:14.884 T:5142 DEBUG : CVideoPlayer::ProcessVideoData size:8060 dts:611.200 pts:611.280 dur:40.000ms, clock:602.735 level:89
2021-07-19 15:50:14.884 T:5142 DEBUG : CVideoPlayer::ProcessVideoData size:6812 dts:611.240 pts:611.320 dur:40.000ms, clock:602.735 level:89
2021-07-19 15:50:14.884 T:5142 DEBUG : CVideoPlayer::ProcessVideoData size:6098 dts:611.280 pts:611.360 dur:40.000ms, clock:602.736 level:90
2021-07-19 15:50:14.895 T:5148 DEBUG : CVideoPlayerVideo::OutputPicture - ttd:334ms pts:603.080 Clock:602.746 Level:5
2021-07-19 15:50:14.914 T:5148 DEBUG : CVideoPlayerVideo::OutputPicture - ttd:372ms pts:603.120 Clock:602.747 Level:6
2021-07-19 15:50:14.975 T:5148 DEBUG : CVideoPlayerVideo::OutputPicture - ttd:333ms pts:603.160 Clock:602.826 Level:5
2021-07-19 15:50:15.011 T:5148 DEBUG : CVideoPlayerVideo::OutputPicture - ttd:372ms pts:603.200 Clock:602.828 Level:6
2021-07-19 15:50:15.060 T:5148 DEBUG : CVideoPlayerVideo::OutputPicture - ttd:328ms pts:603.240 Clock:602.911 Level:5
2021-07-19 15:50:15.074 T:5148 DEBUG : CVideoPlayerVideo::OutputPicture - ttd:367ms pts:603.280 Clock:602.912 Level:6
2021-07-19 15:50:15.137 T:5142 DEBUG : CVideoPlayer::ProcessVideoData size:4084 dts:611.320 pts:611.400 dur:40.000ms, clock:602.989 level:87
2021-07-19 15:50:15.138 T:5142 DEBUG : CVideoPlayer::ProcessVideoData size:14392 dts:611.360 pts:611.440 dur:40.000ms, clock:602.989 level:88
2021-07-19 15:50:15.138 T:5142 DEBUG : CVideoPlayer::ProcessVideoData size:7477 dts:611.400 pts:611.480 dur:40.000ms, clock:602.989 level:88
2021-07-19 15:50:15.138 T:5142 DEBUG : CVideoPlayer::ProcessVideoData size:2978 dts:611.440 pts:611.520 dur:40.000ms, clock:602.990 level:89
2021-07-19 15:50:15.138 T:5142 DEBUG : CVideoPlayer::ProcessVideoData size:1816 dts:611.480 pts:611.560 dur:40.000ms, clock:602.990 level:89
2021-07-19 15:50:15.138 T:5142 DEBUG : CVideoPlayer::ProcessVideoData size:1029 dts:611.520 pts:611.600 dur:40.000ms, clock:602.990 level:90
2021-07-19 15:50:15.141 T:5148 DEBUG : CVideoPlayerVideo::OutputPicture - ttd:327ms pts:603.320 Clock:602.992 Level:5
2021-07-19 15:50:15.152 T:5148 DEBUG : CVideoPlayerVideo::OutputPicture - ttd:366ms pts:603.360 Clock:602.994 Level:6
2021-07-19 15:50:15.190 T:5142 DEBUG : CVideoPlayer::ProcessVideoData size:134786 dts:611.560 pts:611.640 dur:40.000ms, clock:603.041 level:89
2021-07-19 15:50:15.256 T:5148 DEBUG : CVideoPlayerVideo::OutputPicture - ttd:292ms pts:603.400 Clock:603.107 Level:4
2021-07-19 15:50:15.257 T:5148 DEBUG : CVideoPlayerVideo::OutputPicture - ttd:331ms pts:603.440 Clock:603.109 Level:5
2021-07-19 15:50:15.301 T:5148 DEBUG : CVideoPlayerVideo::OutputPicture - ttd:327ms pts:603.480 Clock:603.152 Level:5
2021-07-19 15:50:15.331 T:5148 DEBUG : CVideoPlayerVideo::OutputPicture - ttd:366ms pts:603.520 Clock:603.154 Level:6
2021-07-19 15:50:15.416 T:5148 DEBUG : CVideoPlayerVideo::OutputPicture - ttd:292ms pts:603.560 Clock:603.267 Level:4
2021-07-19 15:50:15.417 T:5148 DEBUG : CVideoPlayerVideo::OutputPicture - ttd:331ms pts:603.600 Clock:603.269 Level:5
2021-07-19 15:50:15.434 T:5142 DEBUG : CVideoPlayer::ProcessVideoData size:12194 dts:611.600 pts:611.800 dur:40.000ms, clock:603.285 level:87
2021-07-19 15:50:15.434 T:5142 DEBUG : CVideoPlayer::ProcessVideoData size:1583 dts:611.640 pts:611.720 dur:40.000ms, clock:603.285 level:87
2021-07-19 15:50:15.434 T:5142 DEBUG : CVideoPlayer::ProcessVideoData size:1034 dts:611.680 pts:611.680 dur:40.000ms, clock:603.285 level:88
2021-07-19 15:50:15.434 T:5142 DEBUG : CVideoPlayer::ProcessVideoData size:855 dts:611.720 pts:611.760 dur:40.000ms, clock:603.285 level:88
2021-07-19 15:50:15.461 T:5148 DEBUG : CVideoPlayerVideo::OutputPicture - ttd:328ms pts:603.640 Clock:603.312 Level:5
2021-07-19 15:50:15.475 T:5148 DEBUG : CVideoPlayerVideo::OutputPicture - ttd:366ms pts:603.680 Clock:603.313 Level:6
2021-07-19 15:50:15.578 T:5148 DEBUG : CPtsTracker: detected pattern of length 1: 40000.00, frameduration: 40000.000000
2021-07-19 15:50:15.578 T:5148 DEBUG : CVideoPlayerVideo::OutputPicture - ttd:290ms pts:603.720 Clock:603.430 Level:4
2021-07-19 15:50:15.580 T:5148 DEBUG : CVideoPlayerVideo::OutputPicture - ttd:328ms pts:603.760 Clock:603.431 Level:5
2021-07-19 15:50:15.618 T:5148 DEBUG : CVideoPlayerVideo::OutputPicture - ttd:330ms pts:603.800 Clock:603.469 Level:5
2021-07-19 15:50:15.634 T:5148 DEBUG : CVideoPlayerVideo::OutputPicture - ttd:369ms pts:603.840 Clock:603.470 Level:6
2021-07-19 15:50:15.687 T:5142 DEBUG : CVideoPlayer::ProcessVideoData size:15840 dts:611.760 pts:611.960 dur:40.000ms, clock:603.538 level:86
2021-07-19 15:50:15.687 T:5142 DEBUG : CVideoPlayer::ProcessVideoData size:1301 dts:611.800 pts:611.880 dur:40.000ms, clock:603.539 level:86
2021-07-19 15:50:15.688 T:5142 DEBUG : CVideoPlayer::ProcessVideoData size:912 dts:611.840 pts:611.840 dur:40.000ms, clock:603.539 level:87
2021-07-19 15:50:15.688 T:5142 DEBUG : CVideoPlayer::ProcessVideoData size:901 dts:611.880 pts:611.920 dur:40.000ms, clock:603.539 level:87
2021-07-19 15:50:15.688 T:5142 DEBUG : CVideoPlayer::ProcessVideoData size:15043 dts:611.920 pts:612.120 dur:40.000ms, clock:603.539 level:88
2021-07-19 15:50:15.688 T:5142 DEBUG : CVideoPlayer::ProcessVideoData size:1327 dts:611.960 pts:612.040 dur:40.000ms, clock:603.539 level:88
2021-07-19 15:50:15.688 T:5142 DEBUG : CVideoPlayer::ProcessVideoData size:974 dts:612.000 pts:612.000 dur:40.000ms, clock:603.540 level:89
2021-07-19 15:50:15.688 T:5142 DEBUG : CVideoPlayer::ProcessVideoData size:862 dts:612.040 pts:612.080 dur:40.000ms, clock:603.540 level:89
2021-07-19 15:50:15.740 T:5148 DEBUG : CVideoPlayerVideo::OutputPicture - ttd:288ms pts:603.880 Clock:603.591 Level:4
2021-07-19 15:50:15.741 T:5148 DEBUG : CVideoPlayerVideo::OutputPicture - ttd:327ms pts:603.920 Clock:603.593 Level:5
2021-07-19 15:50:15.779 T:5148 DEBUG : CVideoPlayerVideo::OutputPicture - ttd:330ms pts:603.960 Clock:603.630 Level:5
2021-07-19 15:50:15.807 T:5161 DEBUG : DEBUG: EMBY.core.HTTP: --->[ http ] { "params": { "ItemId": "13635", "MediaSourceId": "1de73922464aa1d183c78fabd273b6a9", "PositionTicks": 6036400146, "RunTimeTicks": 48107202148, "CanSeek": true, "QueueableMediaTypes": "Video,Audio", "VolumeLevel": 100, "IsPaused": false, "IsMuted": false, "PlaySessionId": "c56adcd4cb98490b93b67f7eb7d9652d" }, "type": "POST", "url": "http://192.168.1.10:8096/emby/Sessions/Playing/Progress", "headers": { "Content-type": "application/json", "Accept-Charset": "UTF-8,*", "Accept-encoding": "gzip", "User-Agent": "Emby-Kodi/5.3.2", "Authorization": "Emby Client=Kodi, Device=Kodi (CoreELEC), DeviceId=C86BFD09CCFB4585AC3E449D31D74819, Version=5.3.2, UserId=de8aeadec54b4fa28d3772ebcf026587", "X-Emby-Token": "9cd631b3e7914b5d8ed6207750cefae7" }, "timeout": 30, "verify": true }
2021-07-19 15:50:15.815 T:5148 DEBUG : CVideoPlayerVideo::OutputPicture - ttd:368ms pts:604.000 Clock:603.631 Level:6
2021-07-19 15:50:15.825 T:5161 DEBUG : DEBUG: EMBY.core.HTTP: ---<[ http ][10 ms]
2021-07-19 15:50:15.900 T:5148 DEBUG : CVideoPlayerVideo::OutputPicture - ttd:289ms pts:604.040 Clock:603.751 Level:4
2021-07-19 15:50:15.901 T:5148 DEBUG : CVideoPlayerVideo::OutputPicture - ttd:327ms pts:604.080 Clock:603.752 Level:5
2021-07-19 15:50:15.932 T:5142 DEBUG : CVideoPlayer::ProcessVideoData size:13365 dts:612.080 pts:612.280 dur:40.000ms, clock:603.783 level:87
2021-07-19 15:50:15.932 T:5142 DEBUG : CVideoPlayer::ProcessVideoData size:1361 dts:612.120 pts:612.200 dur:40.000ms, clock:603.783 level:87
2021-07-19 15:50:15.932 T:5142 DEBUG : CVideoPlayer::ProcessVideoData size:924 dts:612.160 pts:612.160 dur:40.000ms, clock:603.783 level:88
2021-07-19 15:50:15.933 T:5142 DEBUG : CVideoPlayer::ProcessVideoData size:862 dts:612.200 pts:612.240 dur:40.000ms, clock:603.784 level:88
2021-07-19 15:50:15.940 T:5148 DEBUG : CVideoPlayerVideo::OutputPicture - ttd:328ms pts:604.120 Clock:603.791 Level:5
2021-07-19 15:50:15.952 T:5148 DEBUG : CVideoPlayerVideo::OutputPicture - ttd:367ms pts:604.160 Clock:603.793 Level:6
2021-07-19 15:50:15.994 T:5148 DEBUG : CVideoPlayerVideo::OutputPicture - ttd:371ms pts:604.200 Clock:603.829 Level:6
2021-07-19 15:50:16.098 T:5148 DEBUG : CVideoPlayerVideo::OutputPicture - ttd:290ms pts:604.240 Clock:603.949 Level:4
2021-07-19 15:50:16.100 T:5148 DEBUG : CVideoPlayerVideo::OutputPicture - ttd:329ms pts:604.280 Clock:603.951 Level:5
2021-07-19 15:50:16.137 T:5148 DEBUG : CVideoPlayerVideo::OutputPicture - ttd:332ms pts:604.320 Clock:603.988 Level:5
2021-07-19 15:50:16.171 T:5148 DEBUG : CVideoPlayerVideo::OutputPicture - ttd:370ms pts:604.360 Clock:603.989 Level:6
2021-07-19 15:50:16.186 T:5142 DEBUG : CVideoPlayer::ProcessVideoData size:12449 dts:612.240 pts:612.440 dur:40.000ms, clock:604.037 level:85
2021-07-19 15:50:16.186 T:5142 DEBUG : CVideoPlayer::ProcessVideoData size:1329 dts:612.280 pts:612.360 dur:40.000ms, clock:604.037 level:86
2021-07-19 15:50:16.186 T:5142 DEBUG : CVideoPlayer::ProcessVideoData size:997 dts:612.320 pts:612.320 dur:40.000ms, clock:604.037 level:86
2021-07-19 15:50:16.186 T:5142 DEBUG : CVideoPlayer::ProcessVideoData size:885 dts:612.360 pts:612.400 dur:40.000ms, clock:604.037 level:87
2021-07-19 15:50:16.187 T:5142 DEBUG : CVideoPlayer::ProcessVideoData size:12845 dts:612.400 pts:612.600 dur:40.000ms, clock:604.038 level:87
2021-07-19 15:50:16.187 T:5142 DEBUG : CVideoPlayer::ProcessVideoData size:1378 dts:612.440 pts:612.520 dur:40.000ms, clock:604.038 level:88
2021-07-19 15:50:16.187 T:5142 DEBUG : CVideoPlayer::ProcessVideoData size:945 dts:612.480 pts:612.480 dur:40.000ms, clock:604.038 level:88
2021-07-19 15:50:16.187 T:5142 DEBUG : CVideoPlayer::ProcessVideoData size:883 dts:612.520 pts:612.560 dur:40.000ms, clock:604.038 level:89
2021-07-19 15:50:16.256 T:5148 DEBUG : CVideoPlayerVideo::OutputPicture - ttd:293ms pts:604.400 Clock:604.107 Level:4
2021-07-19 15:50:16.257 T:5148 DEBUG : CVideoPlayerVideo::OutputPicture - ttd:331ms pts:604.440 Clock:604.108 Level:5
2021-07-19 15:50:16.300 T:5148 DEBUG : CVideoPlayerVideo::OutputPicture - ttd:328ms pts:604.480 Clock:604.151 Level:5
2021-07-19 15:50:16.331 T:5148 DEBUG : CVideoPlayerVideo::OutputPicture - ttd:367ms pts:604.520 Clock:604.153 Level:6
2021-07-19 15:50:16.416 T:5148 DEBUG : CVideoPlayerVideo::OutputPicture - ttd:293ms pts:604.560 Clock:604.267 Level:4
2021-07-19 15:50:16.417 T:5148 DEBUG : CVideoPlayerVideo::OutputPicture - ttd:331ms pts:604.600 Clock:604.268 Level:5
2021-07-19 15:50:16.441 T:5142 DEBUG : CVideoPlayer::ProcessVideoData size:26956 dts:612.560 pts:612.760 dur:40.000ms, clock:604.292 level:86
2021-07-19 15:50:16.441 T:5142 DEBUG : CVideoPlayer::ProcessVideoData size:1206 dts:612.600 pts:612.680 dur:40.000ms, clock:604.292 level:87
2021-07-19 15:50:16.441 T:5142 DEBUG : CVideoPlayer::ProcessVideoData size:854 dts:612.640 pts:612.640 dur:40.000ms, clock:604.292 level:87
2021-07-19 15:50:16.441 T:5142 DEBUG : CVideoPlayer::ProcessVideoData size:897 dts:612.680 pts:612.720 dur:40.000ms, clock:604.292 level:88
2021-07-19 15:50:16.441 T:5142 DEBUG : CVideoPlayer::ProcessVideoData size:12471 dts:612.720 pts:612.920 dur:40.000ms, clock:604.292 level:88
2021-07-19 15:50:16.441 T:5142 DEBUG : CVideoPlayer::ProcessVideoData size:1259 dts:612.760 pts:612.840 dur:40.000ms, clock:604.292 level:89
2021-07-19 15:50:16.442 T:5142 DEBUG : CVideoPlayer::ProcessVideoData size:895 dts:612.800 pts:612.800 dur:40.000ms, clock:604.293 level:89
2021-07-19 15:50:16.442 T:5142 DEBUG : CVideoPlayer::ProcessVideoData size:884 dts:612.840 pts:612.880 dur:40.000ms, clock:604.293 level:90
2021-07-19 15:50:16.461 T:5148 DEBUG : CVideoPlayerVideo::OutputPicture - ttd:327ms pts:604.640 Clock:604.312 Level:5
2021-07-19 15:50:16.474 T:5148 DEBUG : CVideoPlayerVideo::OutputPicture - ttd:366ms pts:604.680 Clock:604.314 Level:6
2021-07-19 15:50:16.578 T:5148 DEBUG : CVideoPlayerVideo::OutputPicture - ttd:290ms pts:604.720 Clock:604.429 Level:4
2021-07-19 15:50:16.580 T:5148 DEBUG : CVideoPlayerVideo::OutputPicture - ttd:329ms pts:604.760 Clock:604.430 Level:5
2021-07-19 15:50:16.617 T:5148 DEBUG : CVideoPlayerVideo::OutputPicture - ttd:332ms pts:604.800 Clock:604.468 Level:5
2021-07-19 15:50:16.634 T:5148 DEBUG : CVideoPlayerVideo::OutputPicture - ttd:371ms pts:604.840 Clock:604.469 Level:6
2021-07-19 15:50:16.701 T:5148 DEBUG : CVideoPlayerVideo::OutputPicture - ttd:327ms pts:604.880 Clock:604.552 Level:5
2021-07-19 15:50:16.732 T:5148 DEBUG : CVideoPlayerVideo::OutputPicture - ttd:366ms pts:604.920 Clock:604.553 Level:6
2021-07-19 15:50:16.736 T:5142 DEBUG : CVideoPlayer::ProcessVideoData size:11559 dts:612.880 pts:613.080 dur:40.000ms, clock:604.587 level:87
2021-07-19 15:50:16.736 T:5142 DEBUG : CVideoPlayer::ProcessVideoData size:1252 dts:612.920 pts:613.000 dur:40.000ms, clock:604.587 level:88
2021-07-19 15:50:16.737 T:5142 DEBUG : CVideoPlayer::ProcessVideoData size:971 dts:612.960 pts:612.960 dur:40.000ms, clock:604.587 level:88
2021-07-19 15:50:16.737 T:5142 DEBUG : CVideoPlayer::ProcessVideoData size:905 dts:613.000 pts:613.040 dur:40.000ms, clock:604.587 level:89
2021-07-19 15:50:16.901 T:5148 DEBUG : CVideoPlayerVideo::OutputPicture - ttd:208ms pts:604.960 Clock:604.752 Level:2
2021-07-19 15:50:16.902 T:5148 DEBUG : CVideoPlayerVideo::OutputPicture - ttd:246ms pts:605.000 Clock:604.753 Level:3
2021-07-19 15:50:16.904 T:5148 DEBUG : CVideoPlayerVideo::OutputPicture - ttd:285ms pts:605.040 Clock:604.755 Level:4
2021-07-19 15:50:16.905 T:5148 DEBUG : CVideoPlayerVideo::OutputPicture - ttd:324ms pts:605.080 Clock:604.756 Level:5
2021-07-19 15:50:16.914 T:5148 DEBUG : CVideoPlayerVideo::OutputPicture - ttd:363ms pts:605.120 Clock:604.757 Level:6
2021-07-19 15:50:16.990 T:5142 DEBUG : CVideoPlayer::ProcessVideoData size:10835 dts:613.040 pts:613.240 dur:40.000ms, clock:604.841 level:85
2021-07-19 15:50:16.990 T:5142 DEBUG : CVideoPlayer::ProcessVideoData size:1270 dts:613.080 pts:613.160 dur:40.000ms, clock:604.841 level:86
2021-07-19 15:50:16.990 T:5142 DEBUG : CVideoPlayer::ProcessVideoData size:946 dts:613.120 pts:613.120 dur:40.000ms, clock:604.841 level:86
2021-07-19 15:50:16.990 T:5142 DEBUG : CVideoPlayer::ProcessVideoData size:897 dts:613.160 pts:613.200 dur:40.000ms, clock:604.841 level:87
2021-07-19 15:50:16.990 T:5142 DEBUG : CVideoPlayer::ProcessVideoData size:10026 dts:613.200 pts:613.400 dur:40.000ms, clock:604.841 level:87
2021-07-19 15:50:16.991 T:5142 DEBUG : CVideoPlayer::ProcessVideoData size:1323 dts:613.240 pts:613.320 dur:40.000ms, clock:604.841 level:88
2021-07-19 15:50:16.991 T:5142 DEBUG : CVideoPlayer::ProcessVideoData size:920 dts:613.280 pts:613.280 dur:40.000ms, clock:604.841 level:88
2021-07-19 15:50:16.991 T:5142 DEBUG : CVideoPlayer::ProcessVideoData size:904 dts:613.320 pts:613.360 dur:40.000ms, clock:604.842 level:89
2021-07-19 15:50:17.018 T:5148 DEBUG : CVideoPlayerVideo::OutputPicture - ttd:291ms pts:605.160 Clock:604.868 Level:4
2021-07-19 15:50:17.019 T:5148 DEBUG : CVideoPlayerVideo::OutputPicture - ttd:330ms pts:605.200 Clock:604.870 Level:5
2021-07-19 15:50:17.057 T:5148 DEBUG : CVideoPlayerVideo::OutputPicture - ttd:332ms pts:605.240 Clock:604.907 Level:5
2021-07-19 15:50:17.092 T:5148 DEBUG : CVideoPlayerVideo::OutputPicture - ttd:371ms pts:605.280 Clock:604.908 Level:6
2021-07-19 15:50:17.176 T:5148 DEBUG : CVideoPlayerVideo::OutputPicture - ttd:293ms pts:605.320 Clock:605.027 Level:4
2021-07-19 15:50:17.178 T:5148 DEBUG : CVideoPlayerVideo::OutputPicture - ttd:331ms pts:605.360 Clock:605.028 Level:5
2021-07-19 15:50:17.221 T:5148 DEBUG : CVideoPlayerVideo::OutputPicture - ttd:328ms pts:605.400 Clock:605.072 Level:5
2021-07-19 15:50:17.235 T:5142 DEBUG : CVideoPlayer::ProcessVideoData size:9628 dts:613.360 pts:613.560 dur:40.000ms, clock:605.085 level:87
2021-07-19 15:50:17.235 T:5142 DEBUG : CVideoPlayer::ProcessVideoData size:1357 dts:613.400 pts:613.480 dur:40.000ms, clock:605.086 level:87
2021-07-19 15:50:17.235 T:5142 DEBUG : CVideoPlayer::ProcessVideoData size:868 dts:613.440 pts:613.440 dur:40.000ms, clock:605.086 level:88
2021-07-19 15:50:17.235 T:5142 DEBUG : CVideoPlayer::ProcessVideoData size:952 dts:613.480 pts:613.520 dur:40.000ms, clock:605.086 level:88
2021-07-19 15:50:17.252 T:5148 DEBUG : CVideoPlayerVideo::OutputPicture - ttd:366ms pts:605.440 Clock:605.073 Level:6
2021-07-19 15:50:17.336 T:5148 DEBUG : CVideoPlayerVideo::OutputPicture - ttd:293ms pts:605.480 Clock:605.187 Level:4
2021-07-19 15:50:17.338 T:5148 DEBUG : CVideoPlayerVideo::OutputPicture - ttd:331ms pts:605.520 Clock:605.188 Level:5
2021-07-19 15:50:17.381 T:5148 DEBUG : CVideoPlayerVideo::OutputPicture - ttd:328ms pts:605.560 Clock:605.232 Level:5
2021-07-19 15:50:17.412 T:5148 DEBUG : CVideoPlayerVideo::OutputPicture - ttd:367ms pts:605.600 Clock:605.233 Level:6
2021-07-19 15:50:17.489 T:5142 DEBUG : CVideoPlayer::ProcessVideoData size:17737 dts:613.520 pts:613.720 dur:40.000ms, clock:605.339 level:85
2021-07-19 15:50:17.489 T:5142 DEBUG : CVideoPlayer::ProcessVideoData size:1164 dts:613.560 pts:613.640 dur:40.000ms, clock:605.339 level:86
2021-07-19 15:50:17.489 T:5142 DEBUG : CVideoPlayer::ProcessVideoData size:885 dts:613.600 pts:613.600 dur:40.000ms, clock:605.339 level:86
2021-07-19 15:50:17.489 T:5142 DEBUG : CVideoPlayer::ProcessVideoData size:968 dts:613.640 pts:613.680 dur:40.000ms, clock:605.339 level:87
2021-07-19 15:50:17.489 T:5142 DEBUG : CVideoPlayer::ProcessVideoData size:9040 dts:613.680 pts:613.880 dur:40.000ms, clock:605.340 level:87
2021-07-19 15:50:17.489 T:5142 DEBUG : CVideoPlayer::ProcessVideoData size:1209 dts:613.720 pts:613.800 dur:40.000ms, clock:605.340 level:88
2021-07-19 15:50:17.489 T:5142 DEBUG : CVideoPlayer::ProcessVideoData size:918 dts:613.760 pts:613.760 dur:40.000ms, clock:605.340 level:88
2021-07-19 15:50:17.489 T:5142 DEBUG : CVideoPlayer::ProcessVideoData size:917 dts:613.800 pts:613.840 dur:40.000ms, clock:605.340 level:89
2021-07-19 15:50:17.497 T:5148 DEBUG : CVideoPlayerVideo::OutputPicture - ttd:292ms pts:605.640 Clock:605.347 Level:4
2021-07-19 15:50:17.498 T:5148 DEBUG : CVideoPlayerVideo::OutputPicture - ttd:331ms pts:605.680 Clock:605.349 Level:5
2021-07-19 15:50:17.542 T:5148 DEBUG : CVideoPlayerVideo::OutputPicture - ttd:327ms pts:605.720 Clock:605.392 Level:5
2021-07-19 15:50:17.555 T:5148 DEBUG : CVideoPlayerVideo::OutputPicture - ttd:366ms pts:605.760 Clock:605.393 Level:6
2021-07-19 15:50:17.658 T:5148 DEBUG : CVideoPlayerVideo::OutputPicture - ttd:291ms pts:605.800 Clock:605.508 Level:4
2021-07-19 15:50:17.659 T:5148 DEBUG : CVideoPlayerVideo::OutputPicture - ttd:330ms pts:605.840 Clock:605.510 Level:5
2021-07-19 15:50:17.697 T:5148 DEBUG : CVideoPlayerVideo::OutputPicture - ttd:333ms pts:605.880 Clock:605.547 Level:5
2021-07-19 15:50:17.732 T:5148 DEBUG : CVideoPlayerVideo::OutputPicture - ttd:371ms pts:605.920 Clock:605.548 Level:6
2021-07-19 15:50:17.732 T:5142 DEBUG : CVideoPlayer::ProcessVideoData size:9422 dts:613.840 pts:614.040 dur:40.000ms, clock:605.583 level:87
2021-07-19 15:50:17.733 T:5142 DEBUG : CVideoPlayer::ProcessVideoData size:1268 dts:613.880 pts:613.960 dur:40.000ms, clock:605.583 level:87
2021-07-19 15:50:17.733 T:5142 DEBUG : CVideoPlayer::ProcessVideoData size:854 dts:613.920 pts:613.920 dur:40.000ms, clock:605.583 level:88
2021-07-19 15:50:17.733 T:5142 DEBUG : CVideoPlayer::ProcessVideoData size:885 dts:613.960 pts:614.000 dur:40.000ms, clock:605.583 level:88
2021-07-19 15:50:17.733 T:5142 DEBUG : CVideoPlayer::ProcessVideoData size:8046 dts:614.000 pts:614.200 dur:40.000ms, clock:605.583 level:89
2021-07-19 15:50:17.733 T:5142 DEBUG : CVideoPlayer::ProcessVideoData size:1268 dts:614.040 pts:614.120 dur:40.000ms, clock:605.584 level:89
2021-07-19 15:50:17.733 T:5142 DEBUG : CVideoPlayer::ProcessVideoData size:918 dts:614.080 pts:614.080 dur:40.000ms, clock:605.584 level:90
2021-07-19 15:50:17.733 T:5142 DEBUG : CVideoPlayer::ProcessVideoData size:935 dts:614.120 pts:614.160 dur:40.000ms, clock:605.584 level:90
2021-07-19 15:50:17.818 T:5148 DEBUG : CVideoPlayerVideo::OutputPicture - ttd:291ms pts:605.960 Clock:605.669 Level:4
2021-07-19 15:50:17.820 T:5148 DEBUG : CVideoPlayerVideo::OutputPicture - ttd:330ms pts:606.000 Clock:605.670 Level:5
2021-07-19 15:50:17.857 T:5148 DEBUG : CVideoPlayerVideo::OutputPicture - ttd:332ms pts:606.040 Clock:605.707 Level:5
2021-07-19 15:50:17.892 T:5148 DEBUG : CVideoPlayerVideo::OutputPicture - ttd:371ms pts:606.080 Clock:605.708 Level:6
2021-07-19 15:50:17.977 T:5148 DEBUG : CVideoPlayerVideo::OutputPicture - ttd:293ms pts:606.120 Clock:605.827 Level:4
2021-07-19 15:50:17.978 T:5148 DEBUG : CVideoPlayerVideo::OutputPicture - ttd:331ms pts:606.160 Clock:605.828 Level:5
2021-07-19 15:50:17.987 T:5142 DEBUG : CVideoPlayer::ProcessVideoData size:7098 dts:614.160 pts:614.360 dur:40.000ms, clock:605.837 level:87
2021-07-19 15:50:17.987 T:5142 DEBUG : CVideoPlayer::ProcessVideoData size:1304 dts:614.200 pts:614.280 dur:40.000ms, clock:605.837 level:87
2021-07-19 15:50:17.987 T:5142 DEBUG : CVideoPlayer::ProcessVideoData size:915 dts:614.240 pts:614.240 dur:40.000ms, clock:605.837 level:88
2021-07-19 15:50:17.987 T:5142 DEBUG : CVideoPlayer::ProcessVideoData size:929 dts:614.280 pts:614.320 dur:40.000ms, clock:605.838 level:88
2021-07-19 15:50:18.021 T:5148 DEBUG : CVideoPlayerVideo::OutputPicture - ttd:328ms pts:606.200 Clock:605.872 Level:5
2021-07-19 15:50:18.052 T:5148 DEBUG : CVideoPlayerVideo::OutputPicture - ttd:367ms pts:606.240 Clock:605.873 Level:6
2021-07-19 15:50:18.138 T:5148 DEBUG : CVideoPlayerVideo::OutputPicture - ttd:292ms pts:606.280 Clock:605.988 Level:4
2021-07-19 15:50:18.139 T:5148 DEBUG : CVideoPlayerVideo::OutputPicture - ttd:330ms pts:606.320 Clock:605.989 Level:5
2021-07-19 15:50:18.177 T:5148 DEBUG : CVideoPlayerVideo::OutputPicture - ttd:333ms pts:606.360 Clock:606.027 Level:5
2021-07-19 15:50:18.212 T:5148 DEBUG : CVideoPlayerVideo::OutputPicture - ttd:372ms pts:606.400 Clock:606.028 Level:6
2021-07-19 15:50:18.241 T:5142 DEBUG : CVideoPlayer::ProcessVideoData size:6014 dts:614.320 pts:614.520 dur:40.000ms, clock:606.091 level:86
2021-07-19 15:50:18.241 T:5142 DEBUG : CVideoPlayer::ProcessVideoData size:1417 dts:614.360 pts:614.440 dur:40.000ms, clock:606.091 level:86
