2021-12-12 12:00:54.028 T:5235 DEBUG : CVideoPlayerVideo::OutputPicture - ttd:322ms pts:10.625 Clock:10.302 Level:4
2021-12-12 12:00:54.069 T:5235 DEBUG : CVideoPlayerVideo::OutputPicture - ttd:323ms pts:10.667 Clock:10.344 Level:4
2021-12-12 12:00:54.110 T:5235 DEBUG : CVideoPlayerVideo::OutputPicture - ttd:323ms pts:10.708 Clock:10.384 Level:5
2021-12-12 12:00:54.151 T:5235 DEBUG : CVideoPlayerVideo::OutputPicture - ttd:325ms pts:10.750 Clock:10.425 Level:5
2021-12-12 12:00:54.191 T:5235 DEBUG : CVideoPlayerVideo::OutputPicture - ttd:326ms pts:10.792 Clock:10.466 Level:5
2021-12-12 12:00:54.198 T:5233 DEBUG : CVideoPlayer::ProcessVideoData size:126411 dts:18.708 pts:18.833 dur:41.000ms, clock:10.472 level:86
2021-12-12 12:00:54.199 T:5233 DEBUG : CVideoPlayer::ProcessVideoData size:56300 dts:18.750 pts:18.792 dur:41.000ms, clock:10.473 level:86
2021-12-12 12:00:54.202 T:5233 DEBUG : CVideoPlayer::ProcessVideoData size:122420 dts:18.792 pts:18.917 dur:41.000ms, clock:10.476 level:87
2021-12-12 12:00:54.204 T:5233 DEBUG : CVideoPlayer::ProcessVideoData size:54101 dts:18.833 pts:18.875 dur:41.000ms, clock:10.479 level:87
2021-12-12 12:00:54.207 T:5233 DEBUG : CVideoPlayer::ProcessVideoData size:124425 dts:18.875 pts:19.000 dur:41.000ms, clock:10.482 level:87
2021-12-12 12:00:54.208 T:5233 DEBUG : CVideoPlayer::ProcessVideoData size:48027 dts:18.917 pts:18.958 dur:41.000ms, clock:10.482 level:88
2021-12-12 12:00:54.234 T:5235 DEBUG : CVideoPlayerVideo::OutputPicture - ttd:324ms pts:10.833 Clock:10.508 Level:5
2021-12-12 12:00:54.250 T:5233 DEBUG : CVideoPlayer::ProcessVideoData size:105941 dts:18.958 pts:19.042 dur:41.000ms, clock:10.525 level:88
2021-12-12 12:00:54.252 T:5233 DEBUG : CVideoPlayer::ProcessVideoData size:203346 dts:19.000 pts:19.083 dur:41.000ms, clock:10.526 level:89
2021-12-12 12:00:54.280 T:5235 DEBUG : CVideoPlayerVideo::OutputPicture - ttd:320ms pts:10.875 Clock:10.555 Level:4
2021-12-12 12:00:54.317 T:5235 DEBUG : CVideoPlayerVideo::OutputPicture - ttd:325ms pts:10.917 Clock:10.591 Level:5
2021-12-12 12:00:54.358 T:5235 DEBUG : CVideoPlayerVideo::OutputPicture - ttd:325ms pts:10.958 Clock:10.632 Level:5
2021-12-12 12:00:54.404 T:5235 DEBUG : CVideoPlayerVideo::OutputPicture - ttd:321ms pts:11.000 Clock:10.679 Level:4
2021-12-12 12:00:54.446 T:5235 DEBUG : CVideoPlayerVideo::OutputPicture - ttd:321ms pts:11.042 Clock:10.721 Level:4
2021-12-12 12:00:54.487 T:5235 DEBUG : CVideoPlayerVideo::OutputPicture - ttd:321ms pts:11.083 Clock:10.761 Level:4
2021-12-12 12:00:54.497 T:5233 DEBUG : CVideoPlayer::ProcessVideoData size:16082 dts:19.042 pts:19.125 dur:41.000ms, clock:10.772 level:86
2021-12-12 12:00:54.500 T:5233 DEBUG : CVideoPlayer::ProcessVideoData size:294554 dts:19.083 pts:19.167 dur:41.000ms, clock:10.774 level:87
2021-12-12 12:00:54.500 T:5233 DEBUG : CVideoPlayer::ProcessVideoData size:4433 dts:19.125 pts:19.208 dur:41.000ms, clock:10.775 level:87
2021-12-12 12:00:54.506 T:5233 DEBUG : CVideoPlayer::ProcessVideoData size:248265 dts:19.167 pts:19.250 dur:41.000ms, clock:10.780 level:87
2021-12-12 12:00:54.508 T:5233 DEBUG : CVideoPlayer::ProcessVideoData size:14486 dts:19.208 pts:19.292 dur:41.000ms, clock:10.782 level:88
2021-12-12 12:00:54.513 T:5233 DEBUG : CVideoPlayer::ProcessVideoData size:286644 dts:19.250 pts:19.333 dur:41.000ms, clock:10.787 level:89
2021-12-12 12:00:54.530 T:5235 DEBUG : CVideoPlayerVideo::OutputPicture - ttd:320ms pts:11.125 Clock:10.804 Level:4
2021-12-12 12:00:54.570 T:5235 DEBUG : CVideoPlayerVideo::OutputPicture - ttd:322ms pts:11.167 Clock:10.844 Level:4
2021-12-12 12:00:54.610 T:5235 DEBUG : CVideoPlayerVideo::OutputPicture - ttd:323ms pts:11.208 Clock:10.885 Level:4
2021-12-12 12:00:54.651 T:5235 DEBUG : CVideoPlayerVideo::OutputPicture - ttd:324ms pts:11.250 Clock:10.926 Level:5
2021-12-12 12:00:54.692 T:5235 DEBUG : CVideoPlayerVideo::OutputPicture - ttd:325ms pts:11.292 Clock:10.966 Level:5
2021-12-12 12:00:54.734 T:5235 DEBUG : CVideoPlayerVideo::OutputPicture - ttd:324ms pts:11.333 Clock:11.008 Level:5
2021-12-12 12:00:54.748 T:5233 DEBUG : CVideoPlayer::ProcessVideoData size:5068 dts:19.292 pts:19.375 dur:41.000ms, clock:11.023 level:86
2021-12-12 12:00:54.751 T:5233 DEBUG : CVideoPlayer::ProcessVideoData size:267980 dts:19.333 pts:19.417 dur:41.000ms, clock:11.025 level:86
2021-12-12 12:00:54.751 T:5233 DEBUG : CVideoPlayer::ProcessVideoData size:8677 dts:19.375 pts:19.458 dur:41.000ms, clock:11.026 level:87
2021-12-12 12:00:54.753 T:5233 DEBUG : CVideoPlayer::ProcessVideoData size:280366 dts:19.417 pts:19.500 dur:41.000ms, clock:11.027 level:87
2021-12-12 12:00:54.753 T:5233 DEBUG : CVideoPlayer::ProcessVideoData size:6113 dts:19.458 pts:19.542 dur:41.000ms, clock:11.028 level:88
2021-12-12 12:00:54.756 T:5233 DEBUG : CVideoPlayer::ProcessVideoData size:258138 dts:19.500 pts:19.583 dur:41.000ms, clock:11.030 level:89
2021-12-12 12:00:54.775 T:5235 DEBUG : CVideoPlayerVideo::OutputPicture - ttd:325ms pts:11.375 Clock:11.050 Level:5
2021-12-12 12:00:54.815 T:5235 DEBUG : CVideoPlayerVideo::OutputPicture - ttd:327ms pts:11.417 Clock:11.090 Level:5
2021-12-12 12:00:54.862 T:5235 DEBUG : CVideoPlayerVideo::OutputPicture - ttd:321ms pts:11.458 Clock:11.137 Level:4
2021-12-12 12:00:54.903 T:5235 DEBUG : CVideoPlayerVideo::OutputPicture - ttd:322ms pts:11.500 Clock:11.177 Level:4
2021-12-12 12:00:54.944 T:5235 DEBUG : CVideoPlayerVideo::OutputPicture - ttd:324ms pts:11.542 Clock:11.218 Level:5
2021-12-12 12:00:54.984 T:5235 DEBUG : CVideoPlayerVideo::OutputPicture - ttd:324ms pts:11.583 Clock:11.259 Level:5
2021-12-12 12:00:55.001 T:5233 DEBUG : CVideoPlayer::ProcessVideoData size:6994 dts:19.542 pts:19.625 dur:41.000ms, clock:11.276 level:86
2021-12-12 12:00:55.003 T:5233 DEBUG : CVideoPlayer::ProcessVideoData size:280000 dts:19.583 pts:19.667 dur:41.000ms, clock:11.278 level:86
2021-12-12 12:00:55.004 T:5233 DEBUG : CVideoPlayer::ProcessVideoData size:7089 dts:19.625 pts:19.708 dur:41.000ms, clock:11.278 level:87
2021-12-12 12:00:55.006 T:5233 DEBUG : CVideoPlayer::ProcessVideoData size:259371 dts:19.667 pts:19.750 dur:41.000ms, clock:11.281 level:87
2021-12-12 12:00:55.007 T:5233 DEBUG : CVideoPlayer::ProcessVideoData size:7309 dts:19.708 pts:19.792 dur:41.000ms, clock:11.281 level:88
2021-12-12 12:00:55.009 T:5233 DEBUG : CVideoPlayer::ProcessVideoData size:272713 dts:19.750 pts:19.833 dur:41.000ms, clock:11.283 level:89
2021-12-12 12:00:55.028 T:5235 DEBUG : CVideoPlayerVideo::OutputPicture - ttd:322ms pts:11.625 Clock:11.302 Level:4
2021-12-12 12:00:55.068 T:5235 DEBUG : CVideoPlayerVideo::OutputPicture - ttd:324ms pts:11.667 Clock:11.342 Level:4
2021-12-12 12:00:55.109 T:5235 DEBUG : CVideoPlayerVideo::OutputPicture - ttd:324ms pts:11.708 Clock:11.383 Level:5
2021-12-12 12:00:55.150 T:5235 DEBUG : CVideoPlayerVideo::OutputPicture - ttd:325ms pts:11.750 Clock:11.425 Level:5
2021-12-12 12:00:55.153 T:5233 DEBUG : CVideoPlayer::ProcessVideoData size:5893 dts:19.792 pts:19.875 dur:41.000ms, clock:11.427 level:87
2021-12-12 12:00:55.155 T:5233 DEBUG : CVideoPlayer::ProcessVideoData size:249824 dts:19.833 pts:19.917 dur:41.000ms, clock:11.430 level:88
2021-12-12 12:00:55.156 T:5233 DEBUG : CVideoPlayer::ProcessVideoData size:15765 dts:19.875 pts:19.958 dur:41.000ms, clock:11.431 level:89
2021-12-12 12:00:55.159 T:5233 DEBUG : CVideoPlayer::ProcessVideoData size:306152 dts:19.917 pts:20.000 dur:41.000ms, clock:11.433 level:89
2021-12-12 12:00:55.192 T:5235 DEBUG : CVideoPlayerVideo::OutputPicture - ttd:325ms pts:11.792 Clock:11.467 Level:5
2021-12-12 12:00:55.232 T:5235 DEBUG : CVideoPlayerVideo::OutputPicture - ttd:326ms pts:11.833 Clock:11.507 Level:5
2021-12-12 12:00:55.279 T:5235 DEBUG : CVideoPlayerVideo::OutputPicture - ttd:321ms pts:11.875 Clock:11.554 Level:4
2021-12-12 12:00:55.281 T:5235 DEBUG : CVideoPlayerVideo::OutputPicture - ttd:361ms pts:11.917 Clock:11.555 Level:5
2021-12-12 12:00:55.282 T:5235 DEBUG : CVideoPlayerVideo::OutputPicture - ttd:401ms pts:11.958 Clock:11.557 Level:6
2021-12-12 12:00:55.396 T:5233 DEBUG : CVideoPlayer::ProcessVideoData size:253609 dts:19.958 pts:20.042 dur:41.000ms, clock:11.670 level:86
2021-12-12 12:00:55.396 T:5233 DEBUG : CVideoPlayer::ProcessVideoData size:3508 dts:20.000 pts:20.083 dur:41.000ms, clock:11.671 level:87
2021-12-12 12:00:55.398 T:5233 DEBUG : CVideoPlayer::ProcessVideoData size:236519 dts:20.042 pts:20.125 dur:41.000ms, clock:11.673 level:87
2021-12-12 12:00:55.399 T:5233 DEBUG : CVideoPlayer::ProcessVideoData size:19151 dts:20.083 pts:20.167 dur:41.000ms, clock:11.673 level:88
2021-12-12 12:00:55.403 T:5233 DEBUG : CVideoPlayer::ProcessVideoData size:294508 dts:20.125 pts:20.208 dur:41.000ms, clock:11.677 level:89
2021-12-12 12:00:55.403 T:5233 DEBUG : CVideoPlayer::ProcessVideoData size:6669 dts:20.167 pts:20.250 dur:41.000ms, clock:11.678 level:89
2021-12-12 12:00:55.407 T:5235 DEBUG : CVideoPlayerVideo::OutputPicture - ttd:318ms pts:12.000 Clock:11.681 Level:4
2021-12-12 12:00:55.442 T:5235 DEBUG : CVideoPlayerVideo::OutputPicture - ttd:325ms pts:12.042 Clock:11.717 Level:5
2021-12-12 12:00:55.483 T:5235 DEBUG : CVideoPlayerVideo::OutputPicture - ttd:325ms pts:12.083 Clock:11.757 Level:5
2021-12-12 12:00:55.525 T:5235 DEBUG : CVideoPlayerVideo::OutputPicture - ttd:326ms pts:12.125 Clock:11.799 Level:5
2021-12-12 12:00:55.552 T:5233 DEBUG : CVideoPlayer::ProcessVideoData size:246252 dts:20.208 pts:20.292 dur:41.000ms, clock:11.827 level:87
2021-12-12 12:00:55.552 T:5233 DEBUG : CVideoPlayer::ProcessVideoData size:15492 dts:20.250 pts:20.333 dur:41.000ms, clock:11.827 level:88
2021-12-12 12:00:55.556 T:5233 DEBUG : CVideoPlayer::ProcessVideoData size:307071 dts:20.292 pts:20.375 dur:41.000ms, clock:11.830 level:89
2021-12-12 12:00:55.568 T:5235 DEBUG : CVideoPlayerVideo::OutputPicture - ttd:324ms pts:12.167 Clock:11.843 Level:5
2021-12-12 12:00:55.609 T:5235 DEBUG : CVideoPlayerVideo::OutputPicture - ttd:324ms pts:12.208 Clock:11.884 Level:5
2021-12-12 12:00:55.650 T:5235 DEBUG : CVideoPlayerVideo::OutputPicture - ttd:325ms pts:12.250 Clock:11.925 Level:5
2021-12-12 12:00:55.691 T:5235 DEBUG : CVideoPlayerVideo::OutputPicture - ttd:326ms pts:12.292 Clock:11.965 Level:5
2021-12-12 12:00:55.738 T:5235 DEBUG : CVideoPlayerVideo::OutputPicture - ttd:320ms pts:12.333 Clock:12.012 Level:4
2021-12-12 12:00:55.778 T:5235 DEBUG : CVideoPlayerVideo::OutputPicture - ttd:322ms pts:12.375 Clock:12.053 Level:4
2021-12-12 12:00:55.795 T:5233 DEBUG : CVideoPlayer::ProcessVideoData size:8305 dts:20.333 pts:20.417 dur:41.000ms, clock:12.069 level:86
2021-12-12 12:00:55.797 T:5233 DEBUG : CVideoPlayer::ProcessVideoData size:288766 dts:20.375 pts:20.458 dur:41.000ms, clock:12.072 level:86
2021-12-12 12:00:55.798 T:5233 DEBUG : CVideoPlayer::ProcessVideoData size:12129 dts:20.417 pts:20.500 dur:41.000ms, clock:12.073 level:87
2021-12-12 12:00:55.802 T:5233 DEBUG : CVideoPlayer::ProcessVideoData size:300304 dts:20.458 pts:20.542 dur:41.000ms, clock:12.076 level:87
2021-12-12 12:00:55.802 T:5233 DEBUG : CVideoPlayer::ProcessVideoData size:12950 dts:20.500 pts:20.583 dur:41.000ms, clock:12.077 level:88
2021-12-12 12:00:55.806 T:5233 DEBUG : CVideoPlayer::ProcessVideoData size:306516 dts:20.542 pts:20.625 dur:41.000ms, clock:12.080 level:89
2021-12-12 12:00:55.821 T:5235 DEBUG : CVideoPlayerVideo::OutputPicture - ttd:321ms pts:12.417 Clock:12.095 Level:4
2021-12-12 12:00:55.862 T:5235 DEBUG : CVideoPlayerVideo::OutputPicture - ttd:321ms pts:12.458 Clock:12.136 Level:4
2021-12-12 12:00:55.902 T:5235 DEBUG : CVideoPlayerVideo::OutputPicture - ttd:323ms pts:12.500 Clock:12.176 Level:4
2021-12-12 12:00:55.942 T:5235 DEBUG : CVideoPlayerVideo::OutputPicture - ttd:325ms pts:12.542 Clock:12.216 Level:5
2021-12-12 12:00:55.949 T:5233 DEBUG : CVideoPlayer::ProcessVideoData size:17411 dts:20.583 pts:20.667 dur:41.000ms, clock:12.223 level:87
2021-12-12 12:00:55.951 T:5233 DEBUG : CVideoPlayer::ProcessVideoData size:305591 dts:20.625 pts:20.708 dur:41.000ms, clock:12.225 level:88
2021-12-12 12:00:55.951 T:5233 DEBUG : CVideoPlayer::ProcessVideoData size:23244 dts:20.667 pts:20.750 dur:41.000ms, clock:12.226 level:89
2021-12-12 12:00:55.953 T:5233 DEBUG : CVideoPlayer::ProcessVideoData size:298509 dts:20.708 pts:20.792 dur:41.000ms, clock:12.227 level:89
2021-12-12 12:00:55.983 T:5235 DEBUG : CVideoPlayerVideo::OutputPicture - ttd:325ms pts:12.583 Clock:12.258 Level:5
2021-12-12 12:00:56.024 T:5235 DEBUG : CVideoPlayerVideo::OutputPicture - ttd:326ms pts:12.625 Clock:12.298 Level:5
2021-12-12 12:00:56.066 T:5235 DEBUG : CVideoPlayerVideo::OutputPicture - ttd:326ms pts:12.667 Clock:12.340 Level:5
2021-12-12 12:00:56.113 T:5235 DEBUG : CVideoPlayerVideo::OutputPicture - ttd:320ms pts:12.708 Clock:12.388 Level:4
2021-12-12 12:00:56.154 T:5235 DEBUG : CVideoPlayerVideo::OutputPicture - ttd:321ms pts:12.750 Clock:12.428 Level:4
2021-12-12 12:00:56.195 T:5235 DEBUG : CVideoPlayerVideo::OutputPicture - ttd:322ms pts:12.792 Clock:12.470 Level:4
2021-12-12 12:00:56.199 T:5233 DEBUG : CVideoPlayer::ProcessVideoData size:40197 dts:20.750 pts:20.833 dur:41.000ms, clock:12.473 level:86
2021-12-12 12:00:56.201 T:5233 DEBUG : CVideoPlayer::ProcessVideoData size:298188 dts:20.792 pts:20.875 dur:41.000ms, clock:12.476 level:87
2021-12-12 12:00:56.203 T:5233 DEBUG : CVideoPlayer::ProcessVideoData size:45728 dts:20.833 pts:20.917 dur:41.000ms, clock:12.477 level:87
2021-12-12 12:00:56.205 T:5233 DEBUG : CVideoPlayer::ProcessVideoData size:293730 dts:20.875 pts:20.958 dur:41.000ms, clock:12.480 level:88
2021-12-12 12:00:56.207 T:5233 DEBUG : CVideoPlayer::ProcessVideoData size:130426 dts:20.917 pts:21.000 dur:41.000ms, clock:12.481 level:89
2021-12-12 12:00:56.236 T:5235 DEBUG : CVideoPlayerVideo::OutputPicture - ttd:322ms pts:12.833 Clock:12.510 Level:4
2021-12-12 12:00:56.276 T:5235 DEBUG : CVideoPlayerVideo::OutputPicture - ttd:324ms pts:12.875 Clock:12.551 Level:4
2021-12-12 12:00:56.323 T:5235 DEBUG : CVideoPlayerVideo::OutputPicture - ttd:319ms pts:12.917 Clock:12.597 Level:4
2021-12-12 12:00:56.363 T:5235 DEBUG : CVideoPlayerVideo::OutputPicture - ttd:320ms pts:12.958 Clock:12.638 Level:4
2021-12-12 12:00:56.404 T:5235 DEBUG : CVideoPlayerVideo::OutputPicture - ttd:321ms pts:13.000 Clock:12.679 Level:4
2021-12-12 12:00:56.445 T:5235 DEBUG : CVideoPlayerVideo::OutputPicture - ttd:322ms pts:13.042 Clock:12.720 Level:4
2021-12-12 12:00:56.453 T:5233 DEBUG : CVideoPlayer::ProcessVideoData size:148879 dts:20.958 pts:21.083 dur:41.000ms, clock:12.727 level:86
2021-12-12 12:00:56.454 T:5233 DEBUG : CVideoPlayer::ProcessVideoData size:51197 dts:21.000 pts:21.042 dur:41.000ms, clock:12.728 level:86
2021-12-12 12:00:56.455 T:5233 DEBUG : CVideoPlayer::ProcessVideoData size:151792 dts:21.042 pts:21.167 dur:41.000ms, clock:12.730 level:87
2021-12-12 12:00:56.456 T:5233 DEBUG : CVideoPlayer::ProcessVideoData size:67682 dts:21.083 pts:21.125 dur:41.000ms, clock:12.731 level:87
2021-12-12 12:00:56.458 T:5233 DEBUG : CVideoPlayer::ProcessVideoData size:155454 dts:21.125 pts:21.250 dur:41.000ms, clock:12.732 level:88
2021-12-12 12:00:56.459 T:5233 DEBUG : CVideoPlayer::ProcessVideoData size:65091 dts:21.167 pts:21.208 dur:41.000ms, clock:12.734 level:89
2021-12-12 12:00:56.486 T:5235 DEBUG : CVideoPlayerVideo::OutputPicture - ttd:322ms pts:13.083 Clock:12.761 Level:4
2021-12-12 12:00:56.502 T:5233 DEBUG : CVideoPlayer::ProcessVideoData size:162077 dts:21.208 pts:21.333 dur:41.000ms, clock:12.776 level:88
2021-12-12 12:00:56.503 T:5233 DEBUG : CVideoPlayer::ProcessVideoData size:63372 dts:21.250 pts:21.292 dur:41.000ms, clock:12.777 level:89
2021-12-12 12:00:56.528 T:5235 DEBUG : CVideoPlayerVideo::OutputPicture - ttd:322ms pts:13.125 Clock:12.802 Level:4
2021-12-12 12:00:56.568 T:5235 DEBUG : CVideoPlayerVideo::OutputPicture - ttd:324ms pts:13.167 Clock:12.843 Level:5
2021-12-12 12:00:56.609 T:5235 DEBUG : CVideoPlayerVideo::OutputPicture - ttd:324ms pts:13.208 Clock:12.883 Level:5
2021-12-12 12:00:56.650 T:5235 DEBUG : CVideoPlayerVideo::OutputPicture - ttd:325ms pts:13.250 Clock:12.925 Level:5
2021-12-12 12:00:56.697 T:5235 DEBUG : CVideoPlayerVideo::OutputPicture - ttd:320ms pts:13.292 Clock:12.972 Level:4
2021-12-12 12:00:56.738 T:5235 DEBUG : CVideoPlayerVideo::OutputPicture - ttd:320ms pts:13.333 Clock:13.012 Level:4
2021-12-12 12:00:56.749 T:5233 DEBUG : CVideoPlayer::ProcessVideoData size:164444 dts:21.292 pts:21.417 dur:41.000ms, clock:13.023 level:86
2021-12-12 12:00:56.750 T:5233 DEBUG : CVideoPlayer::ProcessVideoData size:61368 dts:21.333 pts:21.375 dur:41.000ms, clock:13.025 level:86
2021-12-12 12:00:56.752 T:5233 DEBUG : CVideoPlayer::ProcessVideoData size:163089 dts:21.375 pts:21.500 dur:41.000ms, clock:13.026 level:87
2021-12-12 12:00:56.752 T:5233 DEBUG : CVideoPlayer::ProcessVideoData size:60034 dts:21.417 pts:21.458 dur:41.000ms, clock:13.027 level:87
2021-12-12 12:00:56.755 T:5233 DEBUG : CVideoPlayer::ProcessVideoData size:168874 dts:21.458 pts:21.583 dur:41.000ms, clock:13.030 level:88
2021-12-12 12:00:56.756 T:5233 DEBUG : CVideoPlayer::ProcessVideoData size:63339 dts:21.500 pts:21.542 dur:41.000ms, clock:13.031 level:89
2021-12-12 12:00:56.774 T:5235 DEBUG : CVideoPlayerVideo::OutputPicture - ttd:326ms pts:13.375 Clock:13.048 Level:5
2021-12-12 12:00:56.821 T:5235 DEBUG : CVideoPlayerVideo::OutputPicture - ttd:321ms pts:13.417 Clock:13.095 Level:4
2021-12-12 12:00:56.862 T:5235 DEBUG : CVideoPlayerVideo::OutputPicture - ttd:322ms pts:13.458 Clock:13.136 Level:4
2021-12-12 12:00:56.902 T:5235 DEBUG : CVideoPlayerVideo::OutputPicture - ttd:323ms pts:13.500 Clock:13.177 Level:4
2021-12-12 12:00:56.943 T:5235 DEBUG : CVideoPlayerVideo::OutputPicture - ttd:324ms pts:13.542 Clock:13.217 Level:5
2021-12-12 12:00:56.985 T:5235 DEBUG : CVideoPlayerVideo::OutputPicture - ttd:323ms pts:13.583 Clock:13.260 Level:5
2021-12-12 12:00:57.004 T:5233 DEBUG : CVideoPlayer::ProcessVideoData size:170264 dts:21.542 pts:21.667 dur:41.000ms, clock:13.278 level:86
2021-12-12 12:00:57.005 T:5233 DEBUG : CVideoPlayer::ProcessVideoData size:72092 dts:21.583 pts:21.625 dur:41.000ms, clock:13.279 level:86
2021-12-12 12:00:57.006 T:5233 DEBUG : CVideoPlayer::ProcessVideoData size:169381 dts:21.625 pts:21.750 dur:41.000ms, clock:13.281 level:87
2021-12-12 12:00:57.007 T:5233 DEBUG : CVideoPlayer::ProcessVideoData size:66394 dts:21.667 pts:21.708 dur:41.000ms, clock:13.282 level:87
2021-12-12 12:00:57.009 T:5233 DEBUG : CVideoPlayer::ProcessVideoData size:172574 dts:21.708 pts:21.833 dur:41.000ms, clock:13.284 level:88
2021-12-12 12:00:57.011 T:5233 DEBUG : CVideoPlayer::ProcessVideoData size:68091 dts:21.750 pts:21.792 dur:41.000ms, clock:13.285 level:89
2021-12-12 12:00:57.028 T:5235 DEBUG : CVideoPlayerVideo::OutputPicture - ttd:322ms pts:13.625 Clock:13.303 Level:4
2021-12-12 12:00:57.069 T:5235 DEBUG : CVideoPlayerVideo::OutputPicture - ttd:323ms pts:13.667 Clock:13.344 Level:4
2021-12-12 12:00:57.110 T:5235 DEBUG : CVideoPlayerVideo::OutputPicture - ttd:323ms pts:13.708 Clock:13.384 Level:5
2021-12-12 12:00:57.150 T:5235 DEBUG : CVideoPlayerVideo::OutputPicture - ttd:325ms pts:13.750 Clock:13.425 Level:5
2021-12-12 12:00:57.156 T:5233 DEBUG : CVideoPlayer::ProcessVideoData size:176887 dts:21.792 pts:21.917 dur:41.000ms, clock:13.430 level:87
2021-12-12 12:00:57.157 T:5233 DEBUG : CVideoPlayer::ProcessVideoData size:76325 dts:21.833 pts:21.875 dur:41.000ms, clock:13.431 level:88
2021-12-12 12:00:57.159 T:5233 DEBUG : CVideoPlayer::ProcessVideoData size:163727 dts:21.875 pts:21.958 dur:41.000ms, clock:13.433 level:89
2021-12-12 12:00:57.161 T:5233 DEBUG : CVideoPlayer::ProcessVideoData size:268681 dts:21.917 pts:22.000 dur:41.000ms, clock:13.435 level:89
2021-12-12 12:00:57.197 T:5235 DEBUG : CVideoPlayerVideo::OutputPicture - ttd:320ms pts:13.792 Clock:13.472 Level:4
2021-12-12 12:00:57.238 T:5235 DEBUG : CVideoPlayerVideo::OutputPicture - ttd:320ms pts:13.833 Clock:13.512 Level:4
2021-12-12 12:00:57.279 T:5235 DEBUG : CVideoPlayerVideo::OutputPicture - ttd:321ms pts:13.875 Clock:13.553 Level:4
2021-12-12 12:00:57.280 T:5235 DEBUG : CVideoPlayerVideo::OutputPicture - ttd:362ms pts:13.917 Clock:13.555 Level:5
2021-12-12 12:00:57.281 T:5235 DEBUG : CVideoPlayerVideo::OutputPicture - ttd:402ms pts:13.958 Clock:13.556 Level:6
2021-12-12 12:00:57.398 T:5233 DEBUG : CVideoPlayer::ProcessVideoData size:130638 dts:21.958 pts:22.083 dur:41.000ms, clock:13.672 level:86
2021-12-12 12:00:57.400 T:5233 DEBUG : CVideoPlayer::ProcessVideoData size:53816 dts:22.000 pts:22.042 dur:41.000ms, clock:13.675 level:87
2021-12-12 12:00:57.403 T:5233 DEBUG : CVideoPlayer::ProcessVideoData size:188268 dts:22.042 pts:22.167 dur:41.000ms, clock:13.677 level:87
2021-12-12 12:00:57.405 T:5235 DEBUG : CVideoPlayerVideo::OutputPicture - ttd:320ms pts:14.000 Clock:13.680 Level:4
2021-12-12 12:00:57.406 T:5233 DEBUG : CVideoPlayer::ProcessVideoData size:71231 dts:22.083 pts:22.125 dur:41.000ms, clock:13.681 level:88
2021-12-12 12:00:57.408 T:5233 DEBUG : CVideoPlayer::ProcessVideoData size:161548 dts:22.125 pts:22.250 dur:41.000ms, clock:13.683 level:89
2021-12-12 12:00:57.409 T:5233 DEBUG : CVideoPlayer::ProcessVideoData size:80286 dts:22.167 pts:22.208 dur:41.000ms, clock:13.684 level:89
2021-12-12 12:00:57.441 T:5235 DEBUG : CVideoPlayerVideo::OutputPicture - ttd:326ms pts:14.042 Clock:13.716 Level:5
2021-12-12 12:00:57.486 T:5235 DEBUG : CVideoPlayerVideo::OutputPicture - ttd:322ms pts:14.083 Clock:13.760 Level:4
2021-12-12 12:00:57.526 T:5235 DEBUG : CVideoPlayerVideo::OutputPicture - ttd:324ms pts:14.125 Clock:13.801 Level:5
2021-12-12 12:00:57.535 T:5102 DEBUG : PushCecKeypress - received key d8 duration 0
2021-12-12 12:00:57.567 T:5235 DEBUG : CVideoPlayerVideo::OutputPicture - ttd:325ms pts:14.167 Clock:13.841 Level:5
2021-12-12 12:00:57.567 T:5013 DEBUG : HandleKey: menu (0xd8) pressed, action is Stop
2021-12-12 12:00:57.568 T:5013 INFO : CVideoPlayer::CloseFile()
2021-12-12 12:00:57.569 T:5013 DEBUG : DeleteRenderer - deleting renderer
2021-12-12 12:00:57.570 T:5013 INFO : VideoPlayer: waiting for threads to exit
2021-12-12 12:00:57.576 T:5233 INFO : CVideoPlayer::OnExit()
2021-12-12 12:00:57.576 T:5233 INFO : Closing stream player 1
2021-12-12 12:00:57.577 T:5233 INFO : Waiting for audio thread to exit
2021-12-12 12:00:57.594 T:5236 INFO : thread end: CVideoPlayerAudio::OnExit()
2021-12-12 12:00:57.594 T:5236 DEBUG : Thread VideoPlayerAudio 3272594048 terminating
2021-12-12 12:00:57.594 T:5233 INFO : Closing audio device
2021-12-12 12:00:57.605 T:5102 DEBUG : PushCecKeypress - received key d8 duration 71
2021-12-12 12:00:57.634 T:5235 DEBUG : CVideoPlayerVideo::OutputPicture - ttd:319ms pts:14.208 Clock:13.888 Level:0
2021-12-12 12:00:57.644 T:5233 DEBUG : CDVDAudio::Flush - flush audio stream
2021-12-12 12:00:57.644 T:5021 DEBUG : CActiveAE::DiscardStream - audio stream deleted
2021-12-12 12:00:57.645 T:5021 DEBUG : CActiveAE::ClearDiscardedBuffers - buffer pool deleted
2021-12-12 12:00:57.646 T:5022 INFO : Skipped 2 duplicate messages..
2021-12-12 12:00:57.646 T:5022 INFO : CActiveAESink::OpenSink - initialize sink
2021-12-12 12:00:57.648 T:5233 INFO : Deleting audio codec
2021-12-12 12:00:57.648 T:5233 INFO : Closing stream player 2
2021-12-12 12:00:57.648 T:5233 INFO : waiting for video thread to exit
2021-12-12 12:00:57.655 T:5235 DEBUG : CVideoPlayerVideo::OutputPicture - ttd:340ms pts:14.250 Clock:13.910 Level:0
2021-12-12 12:00:57.655 T:5235 INFO : thread end: video_thread
2021-12-12 12:00:57.655 T:5235 DEBUG : Thread VideoPlayerVideo 3264201344 terminating
2021-12-12 12:00:57.669 T:5233 INFO : deleting video codec
2021-12-12 12:00:57.670 T:5233 DEBUG : CAMLCodec::CloseDecoder
2021-12-12 12:00:57.675 T:5233 DEBUG : CAMLVideoBufferPool::~CAMLVideoBufferPool: Deleting 9 buffers
2021-12-12 12:00:57.675 T:5233 INFO : Closing stream player 3
2021-12-12 12:00:57.682 T:5234 DEBUG : Thread FileCache 3280986752 terminating
2021-12-12 12:00:57.707 T:5070 INFO : Deleting settings information for files smb://media-pc/kodi/test/test_file.mkv
2021-12-12 12:00:57.738 T:5233 DEBUG : CSMBFile::Close closing fd 10000
2021-12-12 12:00:57.740 T:5233 DEBUG : Thread VideoPlayer 3289379456 terminating
2021-12-12 12:00:57.742 T:5013 INFO : VideoPlayer: finished waiting
2021-12-12 12:00:57.742 T:5013 INFO : CVideoPlayer::CloseFile()
2021-12-12 12:00:57.742 T:5013 INFO : VideoPlayer: waiting for threads to exit
2021-12-12 12:00:57.742 T:5013 INFO : VideoPlayer: finished waiting
2021-12-12 12:00:57.744 T:5117 DEBUG : DoWork - Saving file state for video item smb://media-pc/kodi/test/test_file.mkv
2021-12-12 12:00:57.744 T:5013 DEBUG : Radio UECP (RDS) Processor - delete ~CDVDRadioRDSData
2021-12-12 12:00:57.771 T:5077 DEBUG : OnPlayBackStopped: CApplication::OnPlayBackStopped
2021-12-12 12:00:57.775 T:5013 DEBUG : CGUIWindowManager::PreviousWindow: Deactivate
2021-12-12 12:00:57.776 T:5013 DEBUG : ------ Window Deinit (VideoFullScreen.xml) ------
2021-12-12 12:00:57.801 T:5013 DEBUG : AMLUtils::aml_handle_display_stereo_mode old mode 3doff new mode 3doff
2021-12-12 12:00:57.801 T:5013 DEBUG : AMLUtils::aml_handle_display_stereo_mode - no change needed
2021-12-12 12:00:57.844 T:5022 DEBUG : CActiveAESink::OpenSink - trying to open device ALSA:surround71:CARD=AMLAUGESOUND,DEV=0
2021-12-12 12:00:57.844 T:5022 INFO : CAESinkALSA::Initialize - Attempting to open device "surround71:CARD=AMLAUGESOUND,DEV=0"
2021-12-12 12:00:57.852 T:5022 INFO : CAESinkALSA::Initialize - Opened device "surround71:CARD=AMLAUGESOUND,DEV=0"
2021-12-12 12:00:57.854 T:5022 INFO : CAESinkALSA::InitializeHW - Your hardware does not support AE_FMT_FLOAT, trying other formats
2021-12-12 12:00:57.855 T:5022 INFO : CAESinkALSA::InitializeHW - Using data format AE_FMT_S24NE4
2021-12-12 12:00:57.855 T:5022 DEBUG : CAESinkALSA::InitializeHW - Request: periodSize 2205, bufferSize 8820
2021-12-12 12:00:57.911 T:5022 DEBUG : CAESinkALSA::InitializeHW - Got: periodSize 2205, bufferSize 8820
2021-12-12 12:00:57.911 T:5022 DEBUG : CAESinkALSA::InitializeHW - Setting timeout to 200 ms
2021-12-12 12:00:57.912 T:5022 DEBUG : CAESinkALSA::GetChannelLayout - Input Channel Count: 2 Output Channel Count: 2
2021-12-12 12:00:57.912 T:5022 DEBUG : CAESinkALSA::GetChannelLayout - Requested Layout: FL, FR
2021-12-12 12:00:57.912 T:5022 DEBUG : CAESinkALSA::GetChannelLayout - Got Layout: FL, FR (ALSA: FL FR)
2021-12-12 12:00:57.912 T:5022 DEBUG : CActiveAESink::OpenSink - ALSA Initialized:
2021-12-12 12:00:57.912 T:5022 DEBUG : Output Device : AML-AUGESOUND
2021-12-12 12:00:57.912 T:5022 DEBUG : Sample Rate : 44100
2021-12-12 12:00:57.912 T:5022 DEBUG : Sample Format : AE_FMT_S24NE4
2021-12-12 12:00:57.913 T:5022 DEBUG : Channel Count : 2
2021-12-12 12:00:57.913 T:5022 DEBUG : Channel Layout: FL, FR
2021-12-12 12:00:57.913 T:5022 DEBUG : Frames : 2205
2021-12-12 12:00:57.913 T:5022 DEBUG : Frame Size : 8
2021-12-12 12:00:57.916 T:5021 DEBUG : CActiveAE::ClearDiscardedBuffers - buffer pool deleted
2021-12-12 12:00:57.985 T:5013 INFO : Skipped 1 duplicate messages..
2021-12-12 12:00:57.985 T:5013 DEBUG : AMLUtils::aml_handle_display_stereo_mode old mode 3doff new mode 3doff
2021-12-12 12:00:57.986 T:5013 DEBUG : AMLUtils::aml_handle_display_stereo_mode - no change needed
2021-12-12 12:00:57.986 T:5013 INFO : GLES: Maximum texture width: 8192
2021-12-12 12:00:57.995 T:5013 DEBUG : CGUIWindowManager::PreviousWindow: Activate new
2021-12-12 12:00:57.995 T:5013 DEBUG : ------ Window Init (FileManager.xml) ------
2021-12-12 12:00:57.997 T:5250 DEBUG : Thread waiting start, auto delete: false
2021-12-12 12:00:58.040 T:5250 DEBUG : Thread waiting 3289379456 terminating
2021-12-12 12:00:58.097 T:5251 DEBUG : Thread waiting start, auto delete: false
2021-12-12 12:00:58.138 T:5251 DEBUG : Thread waiting 3289379456 terminating
2021-12-12 12:00:58.186 T:5013 DEBUG : ffmpeg[(nil)X]: [image2] Custom AVIOContext makes no sense and will be ignored with AVFMT_NOFILE format.
2021-12-12 12:00:58.188 T:5070 DEBUG : ffmpeg[0x2469fd0X]: [image2] Custom AVIOContext makes no sense and will be ignored with AVFMT_NOFILE format.
2021-12-12 12:00:58.363 T:5070 DEBUG : DoWork - took 177 ms to load special://masterprofile/Thumbnails/5/55e106bf.jpg
2021-12-12 12:00:58.697 T:5166 DEBUG : Twitch: Player: |onPlayBackStopped|
2021-12-12 12:00:58.727 T:5088 DEBUG : [plugin.video.youtube] PlaybackMonitor active threads: ||
2021-12-12 12:01:07.459 T:5070 DEBUG : ffmpeg[0x2469fd0X]: [image2] Custom AVIOContext makes no sense and will be ignored with AVFMT_NOFILE format.
2021-12-12 12:01:07.563 T:5070 DEBUG : DoWork - took 110 ms to load special://masterprofile/Thumbnails/a/a9acd8b6.jpg
2021-12-12 12:01:09.550 T:5088 DEBUG : requested setting (kodion.view.default) was not found.
2021-12-12 12:01:09.550 T:5088 DEBUG : requested setting (kodion.view.episodes) was not found.
2021-12-12 12:01:09.550 T:5088 DEBUG : requested setting (kodion.view.override) was not found.
2021-12-12 12:01:09.596 T:5170 DEBUG : requested setting (kodion.view.default) was not found.
2021-12-12 12:01:09.596 T:5170 DEBUG : requested setting (kodion.view.episodes) was not found.
2021-12-12 12:01:09.596 T:5170 DEBUG : requested setting (kodion.view.override) was not found.
2021-12-12 12:01:09.622 T:5170 DEBUG : requested setting (kodion.view.default) was not found.
2021-12-12 12:01:09.622 T:5170 DEBUG : requested setting (kodion.view.episodes) was not found.
2021-12-12 12:01:09.622 T:5170 DEBUG : requested setting (kodion.view.override) was not found.
2021-12-12 12:01:18.788 T:5077 DEBUG : ffmpeg[0x3a903e8X]: [image2] Custom AVIOContext makes no sense and will be ignored with AVFMT_NOFILE format.
2021-12-12 12:01:18.994 T:5077 DEBUG : DoWork - took 215 ms to load special://masterprofile/Thumbnails/a/a8aabac4.jpg
2021-12-12 12:01:28.036 T:5013 DEBUG : SECTION:UnloadDelayed(DLL: libamcodec.so)
2021-12-12 12:01:30.044 T:5077 DEBUG : ffmpeg[0x3a903e8X]: [image2] Custom AVIOContext makes no sense and will be ignored with AVFMT_NOFILE format.
2021-12-12 12:01:30.152 T:5077 DEBUG : DoWork - took 112 ms to load special://masterprofile/Thumbnails/a/a48cc5b4.jpg
2021-12-12 12:01:41.408 T:5077 DEBUG : ffmpeg[0x3a903e8X]: [image2] Custom AVIOContext makes no sense and will be ignored with AVFMT_NOFILE format.
2021-12-12 12:01:52.832 T:5077 DEBUG : ffmpeg[0x3a903e8X]: [image2] Custom AVIOContext makes no sense and will be ignored with AVFMT_NOFILE format.
2021-12-12 12:02:04.109 T:5078 DEBUG : ffmpeg[0x3d5be78X]: [image2] Custom AVIOContext makes no sense and will be ignored with AVFMT_NOFILE format.
2021-12-12 12:02:04.289 T:5078 DEBUG : DoWork - took 187 ms to load special://masterprofile/Thumbnails/c/cf63e07b.jpg
2021-12-12 12:02:07.703 T:5102 DEBUG : PushCecKeypress - received key a9 duration 0
2021-12-12 12:02:07.714 T:5013 DEBUG : HandleKey: 169 (0xa9, obc86) pressed, action is Left
2021-12-12 12:02:07.828 T:5102 DEBUG : PushCecKeypress - received key a9 duration 126
2021-12-12 12:02:09.674 T:5088 DEBUG : requested setting (kodion.view.default) was not found.
2021-12-12 12:02:09.674 T:5088 DEBUG : requested setting (kodion.view.episodes) was not found.
2021-12-12 12:02:09.675 T:5088 DEBUG : requested setting (kodion.view.override) was not found.
2021-12-12 12:02:09.721 T:5170 DEBUG : requested setting (kodion.view.default) was not found.
2021-12-12 12:02:09.721 T:5170 DEBUG : requested setting (kodion.view.episodes) was not found.
2021-12-12 12:02:09.721 T:5170 DEBUG : requested setting (kodion.view.override) was not found.
2021-12-12 12:02:09.752 T:5170 DEBUG : requested setting (kodion.view.default) was not found.
2021-12-12 12:02:09.753 T:5170 DEBUG : requested setting (kodion.view.episodes) was not found.
2021-12-12 12:02:09.753 T:5170 DEBUG : requested setting (kodion.view.override) was not found.
2021-12-12 12:02:10.073 T:5102 DEBUG : PushCecKeypress - received key a7 duration 0
2021-12-12 12:02:10.087 T:5013 DEBUG : HandleKey: 167 (0xa7, obc88) pressed, action is Down
2021-12-12 12:02:10.147 T:5102 DEBUG : PushCecKeypress - received key a7 duration 74
2021-12-12 12:02:10.250 T:5102 DEBUG : PushCecKeypress - received key a7 duration 0
2021-12-12 12:02:10.259 T:5013 DEBUG : HandleKey: 167 (0xa7, obc88) pressed, action is Down
2021-12-12 12:02:10.326 T:5102 DEBUG : PushCecKeypress - received key a7 duration 76
2021-12-12 12:02:10.422 T:5102 DEBUG : PushCecKeypress - received key a7 duration 0
2021-12-12 12:02:10.453 T:5013 DEBUG : HandleKey: 167 (0xa7, obc88) pressed, action is Down
2021-12-12 12:02:10.495 T:5102 DEBUG : PushCecKeypress - received key a7 duration 74
2021-12-12 12:02:10.591 T:5102 DEBUG : PushCecKeypress - received key a7 duration 0
2021-12-12 12:02:10.592 T:5013 DEBUG : HandleKey: 167 (0xa7, obc88) pressed, action is Down
2021-12-12 12:02:10.661 T:5102 DEBUG : PushCecKeypress - received key a7 duration 71
2021-12-12 12:02:10.756 T:5102 DEBUG : PushCecKeypress - received key a7 duration 0
2021-12-12 12:02:10.775 T:5013 DEBUG : HandleKey: 167 (0xa7, obc88) pressed, action is Down
2021-12-12 12:02:10.828 T:5102 DEBUG : PushCecKeypress - received key a7 duration 72
2021-12-12 12:02:10.923 T:5102 DEBUG : PushCecKeypress - received key a7 duration 0
2021-12-12 12:02:10.960 T:5013 DEBUG : HandleKey: 167 (0xa7, obc88) pressed, action is Down
2021-12-12 12:02:10.994 T:5102 DEBUG : PushCecKeypress - received key a7 duration 71
2021-12-12 12:02:11.089 T:5102 DEBUG : PushCecKeypress - received key a7 duration 0
2021-12-12 12:02:11.110 T:5013 DEBUG : HandleKey: 167 (0xa7, obc88) pressed, action is Down
2021-12-12 12:02:11.160 T:5102 DEBUG : PushCecKeypress - received key a7 duration 71
2021-12-12 12:02:11.371 T:5102 DEBUG : PushCecKeypress - received key a7 duration 0
2021-12-12 12:02:11.397 T:5013 DEBUG : HandleKey: 167 (0xa7, obc88) pressed, action is Down
2021-12-12 12:02:11.477 T:5102 DEBUG : PushCecKeypress - received key a7 duration 105
2021-12-12 12:02:11.572 T:5102 DEBUG : PushCecKeypress - received key a7 duration 0
2021-12-12 12:02:11.606 T:5013 DEBUG : HandleKey: 167 (0xa7, obc88) pressed, action is Down
2021-12-12 12:02:11.643 T:5102 DEBUG : PushCecKeypress - received key a7 duration 70
2021-12-12 12:02:11.873 T:5102 DEBUG : PushCecKeypress - received key a7 duration 0
2021-12-12 12:02:11.881 T:5013 DEBUG : HandleKey: 167 (0xa7, obc88) pressed, action is Down
2021-12-12 12:02:11.979 T:5102 DEBUG : PushCecKeypress - received key a7 duration 106
2021-12-12 12:02:12.074 T:5102 DEBUG : PushCecKeypress - received key a7 duration 0
2021-12-12 12:02:12.117 T:5013 DEBUG : HandleKey: 167 (0xa7, obc88) pressed, action is Down
2021-12-12 12:02:12.158 T:5102 DEBUG : PushCecKeypress - received key a7 duration 83
2021-12-12 12:02:12.532 T:5102 DEBUG : PushCecKeypress - received key b duration 0
2021-12-12 12:02:12.577 T:5013 DEBUG : HandleKey: 11 (0x0b, obc244) pressed, action is Select
2021-12-12 12:02:12.577 T:5013 DEBUG : Activating window ID: 10111
2021-12-12 12:02:12.577 T:5013 DEBUG : ------ Window Init (DialogButtonMenu.xml) ------
2021-12-12 12:02:12.577 T:5013 INFO : Loading skin file: DialogButtonMenu.xml, load type: KEEP_IN_MEMORY
2021-12-12 12:02:12.637 T:5102 DEBUG : PushCecKeypress - received key b duration 105
2021-12-12 12:02:13.191 T:5102 DEBUG : PushCecKeypress - received key a8 duration 0
2021-12-12 12:02:13.204 T:5013 DEBUG : HandleKey: 168 (0xa8, obc87) pressed, action is Right
2021-12-12 12:02:13.265 T:5102 DEBUG : PushCecKeypress - received key a8 duration 75
2021-12-12 12:02:13.404 T:5102 DEBUG : PushCecKeypress - received key a8 duration 0
2021-12-12 12:02:13.419 T:5013 DEBUG : HandleKey: 168 (0xa8, obc87) pressed, action is Right
2021-12-12 12:02:13.479 T:5102 DEBUG : PushCecKeypress - received key a8 duration 75
2021-12-12 12:02:13.574 T:5102 DEBUG : PushCecKeypress - received key a8 duration 0
2021-12-12 12:02:13.586 T:5013 DEBUG : HandleKey: 168 (0xa8, obc87) pressed, action is Right
2021-12-12 12:02:13.668 T:5102 DEBUG : PushCecKeypress - received key a8 duration 94
2021-12-12 12:02:14.253 T:5102 DEBUG : PushCecKeypress - received key b duration 0
2021-12-12 12:02:14.262 T:5013 DEBUG : HandleKey: 11 (0x0b, obc244) pressed, action is Select
2021-12-12 12:02:14.309 T:5013 INFO : Stopping player
2021-12-12 12:02:14.309 T:5076 DEBUG : Thread AlarmClock 3785204352 terminating
2021-12-12 12:02:14.310 T:5013 INFO : Storing total System Uptime
2021-12-12 12:02:14.310 T:5013 INFO : Saving settings
2021-12-12 12:02:14.327 T:5102 DEBUG : PushCecKeypress - received key b duration 75
2021-12-12 12:02:14.352 T:5013 INFO : Saving skin settings
2021-12-12 12:02:14.372 T:5013 INFO : Stopping all
2021-12-12 12:02:14.372 T:5107 DEBUG : Thread JobWorker 3542368896 terminating (autodelete)
2021-12-12 12:02:14.372 T:5078 DEBUG : Thread JobWorker 3751793280 terminating (autodelete)
2021-12-12 12:02:14.372 T:5077 DEBUG : Thread JobWorker 3776725632 terminating (autodelete)
2021-12-12 12:02:14.373 T:5117 DEBUG : Thread JobWorker 3566641792 terminating (autodelete)
2021-12-12 12:02:14.373 T:5070 DEBUG : Thread JobWorker 3760185984 terminating (autodelete)
2021-12-12 12:02:14.373 T:5013 DEBUG : NetworkMessage - Signaling network services to stop
2021-12-12 12:02:14.373 T:5013 INFO : ES: Stopping event server
2021-12-12 12:02:14.373 T:5013 DEBUG : NetworkMessage - Waiting for network services to stop
2021-12-12 12:02:14.373 T:5013 INFO : stopping zeroconf publishing
2021-12-12 12:02:14.381 T:5013 INFO : Stopped
2021-12-12 12:02:14.557 T:5118 DEBUG : Thread PVRGUIInfo 3146789504 terminating
2021-12-12 12:02:14.801 T:5108 DEBUG : Thread CECAdapterUpdate 3533976192 terminating
2021-12-12 12:02:14.861 T:5096 INFO : ES: UDP Event server stopped
2021-12-12 12:02:14.861 T:5096 DEBUG : Thread EventServer 3425178240 terminating
2021-12-12 12:02:14.867 T:5097 DEBUG : Thread TCPServer 3416785536 terminating
2021-12-12 12:02:14.867 T:5013 INFO : stop dvd detect media
2021-12-12 12:02:14.873 T:5013 DEBUG : CServiceAddonManager: stopping plugin.video.themoviedb.helper.
2021-12-12 12:02:14.873 T:5013 DEBUG : CPythonInvoker(1, /storage/.kodi/addons/plugin.video.themoviedb.helper/service.py): trigger Monitor abort request
2021-12-12 12:02:14.876 T:5086 INFO : CPythonInvoker(1, /storage/.kodi/addons/plugin.video.themoviedb.helper/service.py): script successfully run
2021-12-12 12:02:14.876 T:5086 DEBUG : onExecutionDone(1, /storage/.kodi/addons/plugin.video.themoviedb.helper/service.py)
2021-12-12 12:02:15.369 T:5086 WARNING : CPythonInvoker(1, /storage/.kodi/addons/plugin.video.themoviedb.helper/service.py): the python script "/storage/.kodi/addons/plugin.video.themoviedb.helper/service.py" has left several classes in memory that we couldn't clean up. The classes include: N9XBMCAddon9xbmcaddon5AddonE
2021-12-12 12:02:15.370 T:5086 INFO : Python interpreter interrupted by user
2021-12-12 12:02:15.370 T:5013 DEBUG : CPythonInvoker(1, /storage/.kodi/addons/plugin.video.themoviedb.helper/service.py): script termination took 497ms
2021-12-12 12:02:15.370 T:5013 DEBUG : CServiceAddonManager: stopping plugin.video.twitch.
2021-12-12 12:02:15.370 T:5013 DEBUG : CPythonInvoker(2, /storage/.kodi/addons/plugin.video.twitch/resources/lib/service_runner.py): trigger Monitor abort request
2021-12-12 12:02:15.372 T:5087 DEBUG : Twitch: LiveNotificationsThread: Stopping...
2021-12-12 12:02:15.372 T:5087 INFO : Twitch: Service: Shutdown
2021-12-12 12:02:15.373 T:5087 INFO : CPythonInvoker(2, /storage/.kodi/addons/plugin.video.twitch/resources/lib/service_runner.py): script successfully run
2021-12-12 12:02:15.373 T:5087 DEBUG : onExecutionDone(2, /storage/.kodi/addons/plugin.video.twitch/resources/lib/service_runner.py)
2021-12-12 12:02:15.373 T:5087 DEBUG : .
2021-12-12 12:02:15.871 T:5087 INFO : Python interpreter interrupted by user
2021-12-12 12:02:15.872 T:5013 DEBUG : CPythonInvoker(2, /storage/.kodi/addons/plugin.video.twitch/resources/lib/service_runner.py): script termination took 501ms
2021-12-12 12:02:15.872 T:5013 DEBUG : CServiceAddonManager: stopping plugin.video.youtube.
2021-12-12 12:02:15.872 T:5013 DEBUG : CPythonInvoker(3, /storage/.kodi/addons/plugin.video.youtube/resources/lib/startup.py): trigger Monitor abort request
2021-12-12 12:02:15.872 T:5088 DEBUG : [plugin.video.youtube] PlaybackMonitor active threads: ||
2021-12-12 12:02:15.872 T:5088 DEBUG : [plugin.video.youtube] HTTPServer: Shutting down |127.0.0.1:60140|
2021-12-12 12:02:15.875 T:5088 INFO : CPythonInvoker(3, /storage/.kodi/addons/plugin.video.youtube/resources/lib/startup.py): script successfully run
2021-12-12 12:02:15.875 T:5088 DEBUG : onExecutionDone(3, /storage/.kodi/addons/plugin.video.youtube/resources/lib/startup.py)
2021-12-12 12:02:15.875 T:5088 DEBUG : .
2021-12-12 12:02:16.327 T:5088 INFO : Python interpreter interrupted by user
2021-12-12 12:02:16.327 T:5013 DEBUG : CPythonInvoker(3, /storage/.kodi/addons/plugin.video.youtube/resources/lib/startup.py): script termination took 455ms
2021-12-12 12:02:16.327 T:5013 DEBUG : CServiceAddonManager: stopping script.common.plugin.cache.
2021-12-12 12:02:16.327 T:5013 DEBUG : CPythonInvoker(4, /storage/.kodi/addons/script.common.plugin.cache/resources/lib/entry_point.py): trigger Monitor abort request
2021-12-12 12:02:16.329 T:5103 DEBUG : Process - CEC adapter processor thread ended
2021-12-12 12:02:16.329 T:5103 DEBUG : Thread CECAdapter 3395814016 terminating
2021-12-12 12:02:16.377 T:5109 DEBUG : StorageServer-2.6.3+matrix.1 Closed down
2021-12-12 12:02:16.378 T:5089 INFO : CPythonInvoker(4, /storage/.kodi/addons/script.common.plugin.cache/resources/lib/entry_point.py): script successfully run
2021-12-12 12:02:16.378 T:5089 DEBUG : onExecutionDone(4, /storage/.kodi/addons/script.common.plugin.cache/resources/lib/entry_point.py)
2021-12-12 12:02:16.677 T:5089 INFO : Python interpreter interrupted by user
2021-12-12 12:02:16.678 T:5013 DEBUG : CPythonInvoker(4, /storage/.kodi/addons/script.common.plugin.cache/resources/lib/entry_point.py): script termination took 351ms
2021-12-12 12:02:16.678 T:5086 DEBUG : Thread LanguageInvoker 3646485120 terminating
2021-12-12 12:02:16.678 T:5087 DEBUG : Thread LanguageInvoker 3638092416 terminating
2021-12-12 12:02:16.678 T:5088 DEBUG : Thread LanguageInvoker 3629699712 terminating
2021-12-12 12:02:16.678 T:5089 DEBUG : Thread LanguageInvoker 3621307008 terminating
2021-12-12 12:02:16.678 T:5013 DEBUG : CServiceAddonManager: stopping script.embuary.helper.
2021-12-12 12:02:16.678 T:5013 DEBUG : CPythonInvoker(5, /storage/.kodi/addons/script.embuary.helper/service.py): trigger Monitor abort request
2021-12-12 12:02:16.679 T:5090 INFO : [ script.embuary.helper ] Service: Player monitor stopped
2021-12-12 12:02:16.679 T:5090 INFO : [ script.embuary.helper ] Service: Stopped
2021-12-12 12:02:16.682 T:5090 INFO : CPythonInvoker(5, /storage/.kodi/addons/script.embuary.helper/service.py): script successfully run
2021-12-12 12:02:16.682 T:5090 DEBUG : onExecutionDone(5, /storage/.kodi/addons/script.embuary.helper/service.py)
2021-12-12 12:02:16.682 T:5090 DEBUG : .
2021-12-12 12:02:16.966 T:5090 INFO : Python interpreter interrupted by user
2021-12-12 12:02:16.966 T:5013 DEBUG : CPythonInvoker(5, /storage/.kodi/addons/script.embuary.helper/service.py): script termination took 288ms
2021-12-12 12:02:16.966 T:5013 DEBUG : CServiceAddonManager: stopping script.embuary.info.
2021-12-12 12:02:16.966 T:5013 DEBUG : CPythonInvoker(6, /storage/.kodi/addons/script.embuary.info/service.py): trigger Monitor abort request
2021-12-12 12:02:16.966 T:5091 INFO : CPythonInvoker(6, /storage/.kodi/addons/script.embuary.info/service.py): script successfully run
2021-12-12 12:02:16.966 T:5091 DEBUG : onExecutionDone(6, /storage/.kodi/addons/script.embuary.info/service.py)
2021-12-12 12:02:16.967 T:5091 DEBUG : .
2021-12-12 12:02:17.298 T:5091 INFO : Python interpreter interrupted by user
2021-12-12 12:02:17.298 T:5013 DEBUG : CPythonInvoker(6, /storage/.kodi/addons/script.embuary.info/service.py): script termination took 332ms
2021-12-12 12:02:17.298 T:5013 DEBUG : CServiceAddonManager: stopping script.module.tubed.api.
2021-12-12 12:02:17.299 T:5013 DEBUG : CPythonInvoker(7, /storage/.kodi/addons/script.module.tubed.api/resources/lib/service.py): trigger Monitor abort request
2021-12-12 12:02:17.459 T:5092 INFO : CPythonInvoker(7, /storage/.kodi/addons/script.module.tubed.api/resources/lib/service.py): script successfully run
2021-12-12 12:02:17.459 T:5092 DEBUG : onExecutionDone(7, /storage/.kodi/addons/script.module.tubed.api/resources/lib/service.py)
2021-12-12 12:02:17.460 T:5092 DEBUG : .
2021-12-12 12:02:17.745 T:5092 INFO : Python interpreter interrupted by user
2021-12-12 12:02:17.745 T:5013 DEBUG : CPythonInvoker(7, /storage/.kodi/addons/script.module.tubed.api/resources/lib/service.py): script termination took 446ms
2021-12-12 12:02:17.746 T:5013 DEBUG : CServiceAddonManager: stopping service.coreelec.settings.
2021-12-12 12:02:17.746 T:5013 DEBUG : CPythonInvoker(8, /usr/share/kodi/addons/service.coreelec.settings/service.py): trigger Monitor abort request
2021-12-12 12:02:17.770 T:5153 INFO : ## CoreELEC Addon ## updates::updateThread ## Stopped
2021-12-12 12:02:17.774 T:5168 INFO : ## CoreELEC Addon ## xdbus Monitor stopped. ##
2021-12-12 12:02:17.796 T:5093 DEBUG : ## CoreELEC Addon ## STOP SERVICE DONE !
2021-12-12 12:02:17.797 T:5169 INFO : ## CoreELEC Addon ## _service_::run ## MESSAGE:exit
2021-12-12 12:02:17.798 T:5093 INFO : CPythonInvoker(8, /usr/share/kodi/addons/service.coreelec.settings/service.py): script successfully run
2021-12-12 12:02:17.798 T:5093 DEBUG : onExecutionDone(8, /usr/share/kodi/addons/service.coreelec.settings/service.py)
2021-12-12 12:02:17.798 T:5093 DEBUG : .
2021-12-12 12:02:17.975 T:5093 INFO : Python interpreter interrupted by user
2021-12-12 12:02:17.975 T:5013 DEBUG : CPythonInvoker(8, /usr/share/kodi/addons/service.coreelec.settings/service.py): script termination took 229ms
2021-12-12 12:02:17.976 T:5021 DEBUG : Thread ActiveAE 3944469120 terminating
2021-12-12 12:02:17.976 T:5091 DEBUG : Thread LanguageInvoker 3693044352 terminating
2021-12-12 12:02:17.976 T:5092 DEBUG : Thread LanguageInvoker 3684651648 terminating
2021-12-12 12:02:17.976 T:5090 DEBUG : Thread LanguageInvoker 3701437056 terminating
2021-12-12 12:02:17.976 T:5093 DEBUG : Thread LanguageInvoker 3676258944 terminating
2021-12-12 12:02:17.976 T:5022 DEBUG : Thread AESink 3934253696 terminating
2021-12-12 12:02:18.019 T:5013 INFO : Application stopped
2021-12-12 12:02:18.219 T:5013 INFO : XBApplicationEx: destroying...
2021-12-12 12:02:18.220 T:5013 INFO : PVR Manager: Stopping
2021-12-12 12:02:18.220 T:5120 DEBUG : Thread PVRTimers 3130004096 terminating
2021-12-12 12:02:18.223 T:5119 INFO : EPG Container: Persisting unsaved events...
2021-12-12 12:02:18.223 T:5119 INFO : EPG Container: Persisting events done
2021-12-12 12:02:18.223 T:5119 DEBUG : Thread EPGUpdater 3138396800 terminating
2021-12-12 12:02:18.377 T:5115 DEBUG : Thread PVRManager 3602223744 terminating
2021-12-12 12:02:18.413 T:5013 INFO : PVR Manager: Stopped
2021-12-12 12:02:18.414 T:5013 DEBUG : AddOnLog: pvr.hts: demux close
2021-12-12 12:02:18.415 T:5112 DEBUG : AddOnLog: pvr.hts: Thread 3251466880 terminating
2021-12-12 12:02:20.030 T:5111 DEBUG : AddOnLog: pvr.hts: Thread 3317691008 terminating
2021-12-12 12:02:20.036 T:5013 DEBUG : SECTION:UnloadDll(/storage/.kodi/addons/pvr.hts/pvr.hts.so.19.0.3)
2021-12-12 12:02:20.037 T:5013 INFO : ADDON: Dll Destroyed - Tvheadend HTSP Client
2021-12-12 12:02:20.039 T:5084 DEBUG : Thread PeripEventScan 3709829760 terminating
2021-12-12 12:02:20.133 T:5081 DEBUG : Thread PeripBusUSBUdev 3735007872 terminating
2021-12-12 12:02:20.134 T:5082 DEBUG : Thread PeripBusCEC 3726615168 terminating
2021-12-12 12:02:20.308 T:5083 DEBUG : Thread PeripBusAddon 3718222464 terminating
2021-12-12 12:02:20.469 T:5013 INFO : AddOnLog: peripheral.joystick: Disabling joystick interface "linux"
2021-12-12 12:02:20.469 T:5013 DEBUG : SECTION:UnloadDll(/usr/lib/kodi/addons/peripheral.joystick/peripheral.joystick.so.19.0.0)
2021-12-12 12:02:20.470 T:5013 INFO : ADDON: Dll Destroyed - Joystick Support
2021-12-12 12:02:20.471 T:5013 INFO : unload skin
2021-12-12 12:02:20.514 T:5013 DEBUG : ------ Window Deinit (Custom_1147_HolidayTheme.xml) ------
2021-12-12 12:02:20.516 T:5013 DEBUG : ------ Window Deinit (FileManager.xml) ------
2021-12-12 12:02:20.533 T:5013 DEBUG : ------ Window Deinit (DialogButtonMenu.xml) ------
2021-12-12 12:02:20.598 T:5013 DEBUG : CloseBundle - Closed bundle
2021-12-12 12:02:20.651 T:5013 INFO : Unloaded skin
2021-12-12 12:02:20.674 T:5013 INFO : unload sections
2021-12-12 12:02:20.713 T:5013 DEBUG : LogindUPowerSyscall - delay lock sleep released
2021-12-12 12:02:20.716 T:5085 DEBUG : Thread Timer 3654877824 terminating
2021-12-12 12:02:20.723 T:5019 DEBUG : Thread Lirc 3960468096 terminating
2021-12-12 12:02:20.724 T:5013 DEBUG : object 0 --> 0 instances
2021-12-12 12:02:20.724 T:5013 DEBUG : object 1 --> 0 instances
2021-12-12 12:02:20.724 T:5013 DEBUG : object 2 --> 0 instances
2021-12-12 12:02:20.724 T:5013 DEBUG : object 3 --> 0 instances
2021-12-12 12:02:20.724 T:5013 DEBUG : object 4 --> 0 instances
2021-12-12 12:02:20.724 T:5013 DEBUG : object 5 --> 0 instances
2021-12-12 12:02:20.724 T:5013 DEBUG : object 6 --> 0 instances
2021-12-12 12:02:20.724 T:5013 DEBUG : object 7 --> 0 instances
2021-12-12 12:02:20.724 T:5013 DEBUG : object 8 --> 0 instances
2021-12-12 12:02:20.724 T:5013 DEBUG : object 9 --> 0 instances
2021-12-12 12:02:20.905 T:5037 DEBUG : Thread libinput 3846173312 terminating
2021-12-12 12:02:21.166 T:5016 DEBUG : Thread Announce 4047782528 terminating
2021-12-12 12:02:21.176 T:5013 INFO : XBApplicationEx: application stopped!
2021-12-12 12:02:21.324 T:5023 DEBUG : Thread FDEventMonitor 3923767936 terminating