2021-12-12 11:57:18.826 T:5183 DEBUG : CVideoPlayer::ProcessVideoData size:664159 dts:0.250 pts:0.250 dur:41.667ms, clock:-0.500 level:1
2021-12-12 11:57:18.838 T:5183 DEBUG : CVideoPlayer::ProcessVideoData size:305966 dts:0.292 pts:0.292 dur:41.667ms, clock:-0.500 level:1
2021-12-12 11:57:18.841 T:5183 DEBUG : CVideoPlayer::ProcessVideoData size:139795 dts:0.333 pts:0.333 dur:41.667ms, clock:-0.500 level:2
2021-12-12 11:57:18.845 T:5183 DEBUG : CVideoPlayer::ProcessVideoData size:110622 dts:0.375 pts:0.375 dur:41.667ms, clock:-0.500 level:2
2021-12-12 11:57:18.874 T:5183 DEBUG : CVideoPlayer::ProcessVideoData size:903742 dts:0.417 pts:0.417 dur:41.667ms, clock:-0.500 level:3
2021-12-12 11:57:18.874 T:5183 DEBUG : CVideoPlayer::HandleMessages - player started 1
2021-12-12 11:57:18.874 T:5070 DEBUG : OnAVChange: CApplication::OnAVChange
2021-12-12 11:57:18.892 T:5183 DEBUG : CVideoPlayer::ProcessVideoData size:477741 dts:0.458 pts:0.458 dur:41.667ms, clock:-0.500 level:3
2021-12-12 11:57:18.898 T:5183 DEBUG : CVideoPlayer::ProcessVideoData size:141076 dts:0.500 pts:0.500 dur:41.667ms, clock:-0.500 level:4
2021-12-12 11:57:18.905 T:5183 DEBUG : CVideoPlayer::ProcessVideoData size:261287 dts:0.542 pts:0.542 dur:41.667ms, clock:-0.500 level:4
2021-12-12 11:57:18.941 T:5183 DEBUG : CVideoPlayer::ProcessVideoData size:1073533 dts:0.583 pts:0.583 dur:41.667ms, clock:-0.500 level:5
2021-12-12 11:57:18.957 T:5183 DEBUG : CVideoPlayer::ProcessVideoData size:580886 dts:0.625 pts:0.625 dur:41.667ms, clock:-0.500 level:5
2021-12-12 11:57:18.962 T:5183 DEBUG : CVideoPlayer::ProcessVideoData size:164206 dts:0.667 pts:0.667 dur:41.667ms, clock:-0.500 level:6
2021-12-12 11:57:18.970 T:5183 DEBUG : CVideoPlayer::ProcessVideoData size:284176 dts:0.708 pts:0.708 dur:41.667ms, clock:-0.500 level:6
2021-12-12 11:57:19.004 T:5183 DEBUG : CVideoPlayer::ProcessVideoData size:1127118 dts:0.750 pts:0.750 dur:41.667ms, clock:-0.500 level:7
2021-12-12 11:57:19.018 T:5183 DEBUG : CVideoPlayer::ProcessVideoData size:472202 dts:0.792 pts:0.792 dur:41.667ms, clock:-0.500 level:7
2021-12-12 11:57:19.025 T:5183 DEBUG : CVideoPlayer::ProcessVideoData size:306619 dts:0.833 pts:0.833 dur:41.667ms, clock:-0.500 level:8
2021-12-12 11:57:19.030 T:5183 DEBUG : CVideoPlayer::ProcessVideoData size:183470 dts:0.875 pts:0.875 dur:41.667ms, clock:-0.500 level:8
2021-12-12 11:57:19.065 T:5183 DEBUG : CVideoPlayer::ProcessVideoData size:1174495 dts:0.917 pts:0.917 dur:41.667ms, clock:-0.500 level:9
2021-12-12 11:57:19.080 T:5183 DEBUG : CVideoPlayer::ProcessVideoData size:545223 dts:0.958 pts:0.958 dur:41.667ms, clock:-0.500 level:9
2021-12-12 11:57:19.106 T:5183 DEBUG : CVideoPlayer::ProcessVideoData size:926390 dts:1.000 pts:1.000 dur:41.667ms, clock:-0.500 level:10
2021-12-12 11:57:19.115 T:5013 DEBUG : Error [-541478725] while reading frame: Unknown error 541478725
2021-12-12 11:57:19.116 T:5183 DEBUG : CVideoPlayer::ProcessVideoData size:334910 dts:1.042 pts:1.042 dur:41.667ms, clock:-0.500 level:10
2021-12-12 11:57:19.117 T:5013 DEBUG : DeleteRenderer - deleting renderer
2021-12-12 11:57:19.117 T:5013 DEBUG : LinuxRendererGLES: Cleaning up GLES resources
2021-12-12 11:57:19.117 T:5013 INFO : Constructing CRendererAML
2021-12-12 11:57:19.117 T:5013 DEBUG : CRenderManager::Configure - 8
2021-12-12 11:57:19.118 T:5185 DEBUG : CVideoPlayerVideo::OutputPicture - ttd:499ms pts:0.000 Clock:-0.500 Level:0
2021-12-12 11:57:19.120 T:5183 DEBUG : CVideoPlayer::ProcessVideoData size:150894 dts:1.083 pts:1.083 dur:41.667ms, clock:-0.500 level:11
2021-12-12 11:57:19.120 T:5183 DEBUG : CVideoPlayer::HandleMessages - player started 2
2021-12-12 11:57:19.120 T:5078 DEBUG : OnAVChange: CApplication::OnAVChange
2021-12-12 11:57:19.120 T:5183 DEBUG : VideoPlayer::Sync - Audio - pts: 0.308, cache: 0.467, totalcache: 0.800, packets:31 level:9
2021-12-12 11:57:19.120 T:5183 DEBUG : VideoPlayer::Sync - Video - pts: 0.000, cache: 0.050, totalcache: 0.100, packets:29 level:11
2021-12-12 11:57:19.120 T:5183 DEBUG : CDVDClock::SetSpeedAdjust - adjusted:0.000000
2021-12-12 11:57:19.120 T:5186 DEBUG : CDVDAudio::Resume - resume audio stream
2021-12-12 11:57:19.120 T:5021 DEBUG : ActiveAE - start sync of audio stream
2021-12-12 11:57:19.120 T:5185 DEBUG : CVideoPlayerVideo - CDVDMsg::GENERAL_RESYNC(-159684.585242)
2021-12-12 11:57:19.121 T:5185 DEBUG : CVideoPlayerVideo - OUTPUT_AGAIN - vfmt, interlace should be checked.
2021-12-12 11:57:19.121 T:5107 DEBUG : OnAVStarted: CApplication::OnAVStarted
2021-12-12 11:57:19.129 T:5185 DEBUG : CVideoPlayerVideo - CDVDMsg::DEMUXER_PACKET - checking interlace vfmt: null
2021-12-12 11:57:19.130 T:5013 DEBUG : CAMLCodec::SetVideoRect: decoder fps has changed, video_rate adjusted from 3997 to 4000
2021-12-12 11:57:19.130 T:5013 DEBUG : CAMLCodec::SetVideoRect:display(0,0,3840,2160)
2021-12-12 11:57:19.130 T:5013 DEBUG : CAMLCodec::SetVideoRect:gui(0,0,1920,1080)
2021-12-12 11:57:19.130 T:5013 DEBUG : CAMLCodec::SetVideoRect:m_dst_rect(0,0,0,0)
2021-12-12 11:57:19.130 T:5013 DEBUG : CAMLCodec::SetVideoRect:dst_rect(0,0,0,0)
2021-12-12 11:57:19.130 T:5013 DEBUG : CAMLCodec::SetVideoRect:m_guiStereoMode(0)
2021-12-12 11:57:19.130 T:5013 DEBUG : CAMLCodec::SetVideoRect:m_guiStereoView(0)
2021-12-12 11:57:19.132 T:5183 DEBUG : CVideoPlayer::ProcessVideoData size:140589 dts:1.125 pts:1.125 dur:41.667ms, clock:-0.147 level:10
2021-12-12 11:57:19.150 T:5013 DEBUG : Activating window ID: 12005
2021-12-12 11:57:19.151 T:5013 DEBUG : ------ Window Deinit (FileManager.xml) ------
2021-12-12 11:57:19.178 T:5013 DEBUG : ------ Window Init (VideoFullScreen.xml) ------
2021-12-12 11:57:19.178 T:5013 INFO : Loading skin file: VideoFullScreen.xml, load type: KEEP_IN_MEMORY
2021-12-12 11:57:19.188 T:5185 DEBUG : CVideoPlayerVideo - CDVDMsg::DEMUXER_PACKET - checking interlace vfmt: null
2021-12-12 11:57:19.204 T:5183 DEBUG : CVideoPlayer::ProcessVideoData size:755824 dts:1.167 pts:1.167 dur:41.667ms, clock:-0.076 level:7
2021-12-12 11:57:19.205 T:5185 DEBUG : CVideoPlayerVideo::OutputPicture - ttd:116ms pts:0.042 Clock:-0.075 Level:0
2021-12-12 11:57:19.209 T:5185 DEBUG : CVideoPlayerVideo::OutputPicture - ttd:153ms pts:0.083 Clock:-0.070 Level:1
2021-12-12 11:57:19.211 T:5185 DEBUG : CVideoPlayerVideo::OutputPicture - ttd:193ms pts:0.125 Clock:-0.069 Level:2
2021-12-12 11:57:19.211 T:5183 DEBUG : CVideoPlayer::ProcessVideoData size:271468 dts:1.208 pts:1.208 dur:41.667ms, clock:-0.069 level:8
2021-12-12 11:57:19.212 T:5185 DEBUG : CVideoPlayerVideo::OutputPicture - ttd:150ms pts:0.083 Clock:-0.068 Level:3
2021-12-12 11:57:19.214 T:5185 DEBUG : CVideoPlayerVideo::OutputPicture - ttd:232ms pts:0.167 Clock:-0.066 Level:4
2021-12-12 11:57:19.214 T:5183 DEBUG : CVideoPlayer::ProcessVideoData size:122667 dts:1.250 pts:1.250 dur:41.667ms, clock:-0.066 level:8
2021-12-12 11:57:19.216 T:5185 DEBUG : CVideoPlayerVideo::OutputPicture - ttd:105ms pts:0.042 Clock:-0.064 Level:5
2021-12-12 11:57:19.216 T:5183 DEBUG : CVideoPlayer::ProcessVideoData size:113015 dts:1.292 pts:1.292 dur:41.667ms, clock:-0.064 level:9
2021-12-12 11:57:19.217 T:5185 DEBUG : CVideoPlayerVideo::OutputPicture - ttd:270ms pts:0.208 Clock:-0.062 Level:6
2021-12-12 11:57:19.222 T:5021 DEBUG : ActiveAE::SyncStream - average error of 28.430653, start adjusting
2021-12-12 11:57:19.222 T:5021 DEBUG : ActiveAE::SyncStream - average error 0.430653 below threshold of 30.000000
2021-12-12 11:57:19.232 T:5013 DEBUG : CDirectoryProvider[-]: refreshing..
2021-12-12 11:57:19.233 T:5117 ERROR : GetDirectory - Error getting -
2021-12-12 11:57:19.237 T:5013 DEBUG : started alarm with name: showosd
2021-12-12 11:57:19.241 T:5013 INFO : [WHITELIST] Searching the whitelist for: width: 3840, height: 2160, fps: 24.016, 3D: false
2021-12-12 11:57:19.241 T:5013 DEBUG : [WHITELIST] Searching for an exact resolution with an exact refresh rate
2021-12-12 11:57:19.242 T:5013 DEBUG : [WHITELIST] No match for an exact resolution with an exact refresh rate
2021-12-12 11:57:19.242 T:5013 DEBUG : [WHITELIST] Searching for an exact resolution with double the refresh rate
2021-12-12 11:57:19.242 T:5013 DEBUG : [WHITELIST] No match for an exact resolution with double the refresh rate
2021-12-12 11:57:19.242 T:5013 DEBUG : [WHITELIST] Searching for an exact resolution with a 3:2 pulldown refresh rate
2021-12-12 11:57:19.242 T:5013 DEBUG : [WHITELIST] No match for a resolution with a 3:2 pulldown refresh rate
2021-12-12 11:57:19.242 T:5013 DEBUG : [WHITELIST] Searching for a desktop resolution with an exact refresh rate
2021-12-12 11:57:19.242 T:5013 DEBUG : [WHITELIST] No match for a desktop resolution with an exact refresh rate
2021-12-12 11:57:19.242 T:5013 DEBUG : [WHITELIST] Searching for a desktop resolution with double the refresh rate
2021-12-12 11:57:19.242 T:5183 DEBUG : CVideoPlayer::ProcessVideoData size:857931 dts:1.333 pts:1.333 dur:41.667ms, clock:-0.037 level:8
2021-12-12 11:57:19.243 T:5013 DEBUG : [WHITELIST] No match for a desktop resolution with double the refresh rate
2021-12-12 11:57:19.243 T:5013 DEBUG : [WHITELIST] Searching for a desktop resolution with a 3:2 pulldown refresh rate
2021-12-12 11:57:19.243 T:5013 DEBUG : [WHITELIST] No match for a desktop resolution with a 3:2 pulldown refresh rate
2021-12-12 11:57:19.243 T:5013 DEBUG : [WHITELIST] No resolution matched
2021-12-12 11:57:19.243 T:5013 INFO : Display resolution ADJUST : 3840x2160 @ 60.00 - Full Screen (16) (weight: 0.000)
2021-12-12 11:57:19.244 T:5185 DEBUG : CVideoPlayerVideo - CDVDMsg::DEMUXER_PACKET - checking interlace vfmt: null
2021-12-12 11:57:19.249 T:5013 DEBUG : ------ Window Deinit (DialogBusy.xml) ------
2021-12-12 11:57:19.251 T:5183 DEBUG : CVideoPlayer::ProcessVideoData size:271113 dts:1.375 pts:1.375 dur:41.667ms, clock:-0.029 level:8
2021-12-12 11:57:19.251 T:5117 DEBUG : OnAVChange: CApplication::OnAVChange
2021-12-12 11:57:19.254 T:5183 DEBUG : CVideoPlayer::ProcessVideoData size:108627 dts:1.417 pts:1.417 dur:41.667ms, clock:-0.026 level:8
2021-12-12 11:57:19.265 T:5183 DEBUG : CVideoPlayer::ProcessVideoData size:117395 dts:1.458 pts:1.458 dur:41.667ms, clock:-0.015 level:8
2021-12-12 11:57:19.287 T:5013 DEBUG : CAMLCodec::SetVideoRect:display(0,0,3840,2160)
2021-12-12 11:57:19.288 T:5013 DEBUG : CAMLCodec::SetVideoRect:gui(0,0,1920,1080)
2021-12-12 11:57:19.288 T:5013 DEBUG : CAMLCodec::SetVideoRect:m_dst_rect(0,0,1920,1080)
2021-12-12 11:57:19.288 T:5013 DEBUG : CAMLCodec::SetVideoRect:dst_rect(0,0,3840,2160)
2021-12-12 11:57:19.288 T:5013 DEBUG : CAMLCodec::SetVideoRect:m_guiStereoMode(0)
2021-12-12 11:57:19.288 T:5013 DEBUG : CAMLCodec::SetVideoRect:m_guiStereoView(0)
2021-12-12 11:57:19.301 T:5183 DEBUG : CVideoPlayer::ProcessVideoData size:932783 dts:1.500 pts:1.500 dur:41.667ms, clock:0.021 level:8
2021-12-12 11:57:19.310 T:5183 DEBUG : CVideoPlayer::ProcessVideoData size:292543 dts:1.542 pts:1.542 dur:41.667ms, clock:0.030 level:9
2021-12-12 11:57:19.313 T:5183 DEBUG : CVideoPlayer::ProcessVideoData size:122513 dts:1.583 pts:1.583 dur:41.667ms, clock:0.033 level:9
2021-12-12 11:57:19.316 T:5183 DEBUG : CVideoPlayer::ProcessVideoData size:134626 dts:1.625 pts:1.625 dur:41.667ms, clock:0.037 level:10
2021-12-12 11:57:19.324 T:5185 DEBUG : CVideoPlayerVideo::OutputPicture - ttd:289ms pts:0.333 Clock:0.044 Level:5
2021-12-12 11:57:19.340 T:5185 DEBUG : CVideoPlayerVideo::OutputPicture - ttd:314ms pts:0.375 Clock:0.060 Level:5
2021-12-12 11:57:19.341 T:5185 DEBUG : CVideoPlayerVideo - CDVDMsg::DEMUXER_PACKET - checking interlace vfmt: null
2021-12-12 11:57:19.344 T:5183 DEBUG : CVideoPlayer::ProcessVideoData size:884948 dts:1.667 pts:1.667 dur:41.667ms, clock:0.064 level:10
2021-12-12 11:57:19.351 T:5183 DEBUG : CVideoPlayer::ProcessVideoData size:263604 dts:1.708 pts:1.708 dur:41.667ms, clock:0.071 level:10
2021-12-12 11:57:19.354 T:5183 DEBUG : CVideoPlayer::ProcessVideoData size:105154 dts:1.750 pts:1.750 dur:41.667ms, clock:0.075 level:11
2021-12-12 11:57:19.358 T:5183 DEBUG : CVideoPlayer::ProcessVideoData size:97248 dts:1.792 pts:1.792 dur:41.667ms, clock:0.078 level:11
2021-12-12 11:57:19.372 T:5183 DEBUG : CVideoPlayer::ProcessVideoData size:429013 dts:1.833 pts:1.833 dur:41.667ms, clock:0.092 level:11
2021-12-12 11:57:19.374 T:5185 DEBUG : CVideoPlayerVideo::OutputPicture - ttd:322ms pts:0.417 Clock:0.094 Level:5
2021-12-12 11:57:19.376 T:5183 DEBUG : CVideoPlayer::ProcessVideoData size:94030 dts:1.875 pts:1.875 dur:41.667ms, clock:0.096 level:11
2021-12-12 11:57:19.404 T:5185 DEBUG : CVideoPlayerVideo::OutputPicture - ttd:334ms pts:0.458 Clock:0.124 Level:6
2021-12-12 11:57:19.424 T:5185 DEBUG : CVideoPlayerVideo::OutputPicture - ttd:355ms pts:0.500 Clock:0.144 Level:4
2021-12-12 11:57:19.427 T:5183 DEBUG : CVideoPlayer::ProcessVideoData size:1034585 dts:1.917 pts:1.917 dur:41.667ms, clock:0.147 level:12
2021-12-12 11:57:19.441 T:5185 DEBUG : CVideoPlayerVideo::OutputPicture - ttd:380ms pts:0.542 Clock:0.161 Level:5
2021-12-12 11:57:19.451 T:5183 DEBUG : CVideoPlayer::ProcessVideoData size:853743 dts:1.958 pts:1.958 dur:41.667ms, clock:0.171 level:12
2021-12-12 11:57:19.457 T:5183 DEBUG : CVideoPlayer::ProcessVideoData size:241916 dts:2.000 pts:2.000 dur:41.667ms, clock:0.177 level:12
2021-12-12 11:57:19.461 T:5183 DEBUG : CVideoPlayer::ProcessVideoData size:115730 dts:2.042 pts:2.042 dur:41.667ms, clock:0.181 level:13
2021-12-12 11:57:19.462 T:5185 DEBUG : CVideoPlayerVideo::OutputPicture - ttd:400ms pts:0.583 Clock:0.183 Level:6
2021-12-12 11:57:19.465 T:5183 DEBUG : CVideoPlayer::ProcessVideoData size:154201 dts:2.083 pts:2.083 dur:41.667ms, clock:0.185 level:14
2021-12-12 11:57:19.491 T:5183 DEBUG : CVideoPlayer::ProcessVideoData size:833295 dts:2.125 pts:2.125 dur:41.667ms, clock:0.212 level:12
2021-12-12 11:57:19.501 T:5183 DEBUG : CVideoPlayer::ProcessVideoData size:376982 dts:2.167 pts:2.167 dur:41.667ms, clock:0.221 level:13
2021-12-12 11:57:19.505 T:5183 DEBUG : CVideoPlayer::ProcessVideoData size:176730 dts:2.208 pts:2.208 dur:41.667ms, clock:0.225 level:14
2021-12-12 11:57:19.510 T:5183 DEBUG : CVideoPlayer::ProcessVideoData size:195049 dts:2.250 pts:2.250 dur:41.667ms, clock:0.230 level:14
2021-12-12 11:57:19.541 T:5183 DEBUG : CVideoPlayer::ProcessVideoData size:998370 dts:2.292 pts:2.292 dur:41.667ms, clock:0.261 level:15
2021-12-12 11:57:19.551 T:5183 DEBUG : CVideoPlayer::ProcessVideoData size:415385 dts:2.333 pts:2.333 dur:41.667ms, clock:0.271 level:15
2021-12-12 11:57:19.557 T:5183 DEBUG : CVideoPlayer::ProcessVideoData size:193601 dts:2.375 pts:2.375 dur:41.667ms, clock:0.277 level:16
2021-12-12 11:57:19.564 T:5183 DEBUG : CVideoPlayer::ProcessVideoData size:236566 dts:2.417 pts:2.417 dur:41.667ms, clock:0.284 level:16
2021-12-12 11:57:19.591 T:5185 DEBUG : CVideoPlayerVideo::OutputPicture - ttd:313ms pts:0.625 Clock:0.311 Level:6
2021-12-12 11:57:19.602 T:5183 DEBUG : CVideoPlayer::ProcessVideoData size:1254154 dts:2.458 pts:2.458 dur:41.667ms, clock:0.322 level:17
2021-12-12 11:57:19.622 T:5183 DEBUG : CVideoPlayer::ProcessVideoData size:761039 dts:2.500 pts:2.500 dur:41.667ms, clock:0.342 level:17
2021-12-12 11:57:19.638 T:5185 DEBUG : CVideoPlayerVideo::OutputPicture - ttd:308ms pts:0.667 Clock:0.358 Level:5
2021-12-12 11:57:19.640 T:5183 DEBUG : CVideoPlayer::ProcessVideoData size:580014 dts:2.542 pts:2.542 dur:41.667ms, clock:0.360 level:17
2021-12-12 11:57:19.656 T:5183 DEBUG : CVideoPlayer::ProcessVideoData size:479780 dts:2.583 pts:2.583 dur:41.667ms, clock:0.376 level:18
2021-12-12 11:57:19.675 T:5185 DEBUG : CVideoPlayerVideo::OutputPicture - ttd:312ms pts:0.708 Clock:0.395 Level:6
2021-12-12 11:57:19.695 T:5183 DEBUG : CVideoPlayer::ProcessVideoData size:1260780 dts:2.625 pts:2.625 dur:41.667ms, clock:0.416 level:18
2021-12-12 11:57:19.715 T:5183 DEBUG : CVideoPlayer::ProcessVideoData size:704754 dts:2.667 pts:2.667 dur:41.667ms, clock:0.435 level:17
2021-12-12 11:57:19.720 T:5185 DEBUG : CVideoPlayerVideo::OutputPicture - ttd:310ms pts:0.750 Clock:0.440 Level:6
2021-12-12 11:57:19.734 T:5183 DEBUG : CVideoPlayer::ProcessVideoData size:520594 dts:2.708 pts:2.708 dur:41.667ms, clock:0.454 level:17
2021-12-12 11:57:19.746 T:5183 DEBUG : CVideoPlayer::ProcessVideoData size:452002 dts:2.750 pts:2.750 dur:41.667ms, clock:0.466 level:17
2021-12-12 11:57:19.754 T:5185 DEBUG : CVideoPlayerVideo::OutputPicture - ttd:317ms pts:0.792 Clock:0.474 Level:6
2021-12-12 11:57:19.774 T:5183 DEBUG : CVideoPlayer::ProcessVideoData size:855038 dts:2.792 pts:2.792 dur:41.667ms, clock:0.494 level:18
2021-12-12 11:57:19.788 T:5183 DEBUG : CVideoPlayer::ProcessVideoData size:538047 dts:2.833 pts:2.833 dur:41.667ms, clock:0.508 level:18
2021-12-12 11:57:19.800 T:5183 DEBUG : CVideoPlayer::ProcessVideoData size:446868 dts:2.875 pts:2.875 dur:41.667ms, clock:0.521 level:19
2021-12-12 11:57:19.807 T:5185 DEBUG : CVideoPlayerVideo::OutputPicture - ttd:306ms pts:0.833 Clock:0.527 Level:5
2021-12-12 11:57:19.835 T:5183 DEBUG : CVideoPlayer::ProcessVideoData size:1149411 dts:2.917 pts:2.917 dur:41.667ms, clock:0.555 level:19
2021-12-12 11:57:19.836 T:5185 DEBUG : CVideoPlayerVideo::OutputPicture - ttd:318ms pts:0.875 Clock:0.556 Level:6
2021-12-12 11:57:19.866 T:5183 DEBUG : CVideoPlayer::ProcessVideoData size:1057428 dts:2.958 pts:2.958 dur:41.667ms, clock:0.586 level:19
2021-12-12 11:57:19.878 T:5183 DEBUG : CVideoPlayer::ProcessVideoData size:456937 dts:3.000 pts:3.000 dur:41.667ms, clock:0.598 level:20
2021-12-12 11:57:19.885 T:5185 DEBUG : CVideoPlayerVideo::OutputPicture - ttd:358ms pts:0.917 Clock:0.558 Level:6
2021-12-12 11:57:19.886 T:5183 DEBUG : CVideoPlayer::ProcessVideoData size:289850 dts:3.042 pts:3.042 dur:41.667ms, clock:0.607 level:20
2021-12-12 11:57:19.894 T:5183 DEBUG : CVideoPlayer::ProcessVideoData size:282553 dts:3.083 pts:3.083 dur:41.667ms, clock:0.614 level:21
2021-12-12 11:57:19.918 T:5185 DEBUG : CVideoPlayerVideo::OutputPicture - ttd:351ms pts:0.958 Clock:0.607 Level:6
2021-12-12 11:57:19.922 T:5183 DEBUG : CVideoPlayer::ProcessVideoData size:927828 dts:3.125 pts:3.125 dur:41.667ms, clock:0.642 level:21
2021-12-12 11:57:19.937 T:5183 DEBUG : CVideoPlayer::ProcessVideoData size:477400 dts:3.167 pts:3.167 dur:41.667ms, clock:0.657 level:21
2021-12-12 11:57:19.946 T:5183 DEBUG : CVideoPlayer::ProcessVideoData size:326194 dts:3.208 pts:3.208 dur:41.667ms, clock:0.666 level:21
2021-12-12 11:57:19.953 T:5183 DEBUG : CVideoPlayer::ProcessVideoData size:278064 dts:3.250 pts:3.250 dur:41.667ms, clock:0.674 level:21
2021-12-12 11:57:19.970 T:5185 DEBUG : CVideoPlayerVideo::OutputPicture - ttd:226ms pts:0.917 Clock:0.690 Level:6
2021-12-12 11:57:19.981 T:5183 DEBUG : CVideoPlayer::ProcessVideoData size:827234 dts:3.292 pts:3.292 dur:41.667ms, clock:0.701 level:20
2021-12-12 11:57:19.997 T:5183 DEBUG : CVideoPlayer::ProcessVideoData size:427882 dts:3.333 pts:3.333 dur:41.667ms, clock:0.717 level:20
2021-12-12 11:57:20.029 T:5183 DEBUG : CVideoPlayer::ProcessVideoData size:286818 dts:3.375 pts:3.375 dur:41.667ms, clock:0.749 level:20
2021-12-12 11:57:20.036 T:5185 DEBUG : CVideoPlayerVideo::OutputPicture - ttd:202ms pts:0.958 Clock:0.756 Level:6
2021-12-12 11:57:20.040 T:5183 DEBUG : CVideoPlayer::ProcessVideoData size:223916 dts:3.417 pts:3.417 dur:41.667ms, clock:0.760 level:20
2021-12-12 11:57:20.060 T:5183 DEBUG : CVideoPlayer::ProcessVideoData size:746282 dts:3.458 pts:3.458 dur:41.667ms, clock:0.780 level:20
2021-12-12 11:57:20.070 T:5185 DEBUG : CVideoPlayerVideo::OutputPicture - ttd:210ms pts:1.000 Clock:0.790 Level:5
2021-12-12 11:57:20.073 T:5183 DEBUG : CVideoPlayer::ProcessVideoData size:411297 dts:3.500 pts:3.500 dur:41.667ms, clock:0.793 level:21
2021-12-12 11:57:20.079 T:5183 DEBUG : CVideoPlayer::ProcessVideoData size:256617 dts:3.542 pts:3.542 dur:41.667ms, clock:0.799 level:21
2021-12-12 11:57:20.086 T:5183 DEBUG : CVideoPlayer::ProcessVideoData size:244588 dts:3.583 pts:3.583 dur:41.667ms, clock:0.806 level:22
2021-12-12 11:57:20.093 T:5185 DEBUG : CVideoPlayerVideo::OutputPicture - ttd:228ms pts:1.042 Clock:0.813 Level:6
2021-12-12 11:57:20.104 T:5183 DEBUG : CVideoPlayer::ProcessVideoData size:586598 dts:3.625 pts:3.625 dur:41.667ms, clock:0.824 level:22
2021-12-12 11:57:20.116 T:5183 DEBUG : CVideoPlayer::ProcessVideoData size:427343 dts:3.667 pts:3.667 dur:41.667ms, clock:0.836 level:22
2021-12-12 11:57:20.124 T:5183 DEBUG : CVideoPlayer::ProcessVideoData size:252992 dts:3.708 pts:3.708 dur:41.667ms, clock:0.844 level:22
2021-12-12 11:57:20.129 T:5183 DEBUG : CVideoPlayer::ProcessVideoData size:211621 dts:3.750 pts:3.750 dur:41.667ms, clock:0.850 level:22
2021-12-12 11:57:20.138 T:5185 DEBUG : CVideoPlayerVideo::OutputPicture - ttd:224ms pts:1.083 Clock:0.859 Level:5
2021-12-12 11:57:20.147 T:5183 DEBUG : CVideoPlayer::ProcessVideoData size:505436 dts:3.792 pts:3.792 dur:41.667ms, clock:0.867 level:23
2021-12-12 11:57:20.152 T:5183 DEBUG : CVideoPlayer::ProcessVideoData size:228069 dts:3.833 pts:3.833 dur:41.667ms, clock:0.873 level:23
2021-12-12 11:57:20.166 T:5183 DEBUG : CVideoPlayer::ProcessVideoData size:473851 dts:3.875 pts:3.875 dur:41.667ms, clock:0.886 level:24
2021-12-12 11:57:20.171 T:5185 DEBUG : CVideoPlayerVideo::OutputPicture - ttd:233ms pts:1.125 Clock:0.892 Level:6
2021-12-12 11:57:20.193 T:5183 DEBUG : CVideoPlayer::ProcessVideoData size:812250 dts:3.917 pts:3.917 dur:41.667ms, clock:0.913 level:24
2021-12-12 11:57:20.205 T:5183 DEBUG : CVideoPlayer::ProcessVideoData size:475183 dts:3.958 pts:3.958 dur:41.667ms, clock:0.925 level:25
2021-12-12 11:57:20.214 T:5183 DEBUG : CVideoPlayer::ProcessVideoData size:328385 dts:4.000 pts:4.000 dur:41.667ms, clock:0.934 level:26
2021-12-12 11:57:20.222 T:5183 DEBUG : CVideoPlayer::ProcessVideoData size:230914 dts:4.042 pts:4.042 dur:41.667ms, clock:0.942 level:26
2021-12-12 11:57:20.224 T:5185 DEBUG : CVideoPlayerVideo::OutputPicture - ttd:222ms pts:1.167 Clock:0.944 Level:5
2021-12-12 11:57:20.230 T:5183 DEBUG : CVideoPlayer::ProcessVideoData size:197931 dts:4.083 pts:4.083 dur:41.667ms, clock:0.950 level:27
2021-12-12 11:57:20.238 T:5185 DEBUG : CVideoPlayerVideo::OutputPicture - ttd:250ms pts:1.208 Clock:0.958 Level:5
2021-12-12 11:57:20.244 T:5183 DEBUG : CVideoPlayer::ProcessVideoData size:458741 dts:4.125 pts:4.125 dur:41.667ms, clock:0.964 level:27
2021-12-12 11:57:20.251 T:5183 DEBUG : CVideoPlayer::ProcessVideoData size:311605 dts:4.167 pts:4.167 dur:41.667ms, clock:0.971 level:28
2021-12-12 11:57:20.259 T:5185 DEBUG : CVideoPlayerVideo::OutputPicture - ttd:270ms pts:1.250 Clock:0.979 Level:4
2021-12-12 11:57:20.261 T:5183 DEBUG : CVideoPlayer::ProcessVideoData size:212038 dts:4.208 pts:4.208 dur:41.667ms, clock:0.981 level:28
2021-12-12 11:57:20.265 T:5183 DEBUG : CVideoPlayer::ProcessVideoData size:188961 dts:4.250 pts:4.250 dur:41.667ms, clock:0.985 level:29
2021-12-12 11:57:20.273 T:5185 DEBUG : CVideoPlayerVideo::OutputPicture - ttd:298ms pts:1.292 Clock:0.993 Level:5
2021-12-12 11:57:20.282 T:5183 DEBUG : CVideoPlayer::ProcessVideoData size:406435 dts:4.292 pts:4.292 dur:41.667ms, clock:1.002 level:28
2021-12-12 11:57:20.290 T:5185 DEBUG : CVideoPlayerVideo::OutputPicture - ttd:323ms pts:1.333 Clock:1.010 Level:6
2021-12-12 11:57:20.297 T:5183 DEBUG : CVideoPlayer::ProcessVideoData size:448998 dts:4.333 pts:4.333 dur:41.667ms, clock:1.017 level:29
2021-12-12 11:57:20.300 T:5183 DEBUG : CVideoPlayer::ProcessVideoData size:162692 dts:4.375 pts:4.375 dur:41.667ms, clock:1.020 level:29
2021-12-12 11:57:20.311 T:5183 DEBUG : CVideoPlayer::ProcessVideoData size:363539 dts:4.417 pts:4.417 dur:41.667ms, clock:1.031 level:29
2021-12-12 11:57:20.318 T:5183 DEBUG : CVideoPlayer::ProcessVideoData size:281812 dts:4.458 pts:4.458 dur:41.667ms, clock:1.038 level:30
2021-12-12 11:57:20.322 T:5183 DEBUG : CVideoPlayer::ProcessVideoData size:136432 dts:4.500 pts:4.500 dur:41.667ms, clock:1.042 level:30
2021-12-12 11:57:20.325 T:5183 DEBUG : CVideoPlayer::ProcessVideoData size:128005 dts:4.542 pts:4.542 dur:41.667ms, clock:1.045 level:31
2021-12-12 11:57:20.334 T:5183 DEBUG : CVideoPlayer::ProcessVideoData size:336358 dts:4.583 pts:4.583 dur:41.667ms, clock:1.054 level:31
2021-12-12 11:57:20.338 T:5185 DEBUG : CVideoPlayerVideo::OutputPicture - ttd:316ms pts:1.375 Clock:1.058 Level:6
2021-12-12 11:57:20.342 T:5183 DEBUG : CVideoPlayer::ProcessVideoData size:250742 dts:4.625 pts:4.625 dur:41.667ms, clock:1.062 level:32
2021-12-12 11:57:20.345 T:5183 DEBUG : CVideoPlayer::ProcessVideoData size:117524 dts:4.667 pts:4.667 dur:41.667ms, clock:1.066 level:32
2021-12-12 11:57:20.349 T:5183 DEBUG : CVideoPlayer::ProcessVideoData size:118708 dts:4.708 pts:4.708 dur:41.667ms, clock:1.069 level:33
2021-12-12 11:57:20.353 T:5183 DEBUG : CVideoPlayer::ProcessVideoData size:149779 dts:4.750 pts:4.750 dur:41.667ms, clock:1.073 level:33
2021-12-12 11:57:20.359 T:5183 DEBUG : CVideoPlayer::ProcessVideoData size:211739 dts:4.792 pts:4.792 dur:41.667ms, clock:1.079 level:34
2021-12-12 11:57:20.362 T:5183 DEBUG : CVideoPlayer::ProcessVideoData size:133766 dts:4.833 pts:4.833 dur:41.667ms, clock:1.083 level:34
2021-12-12 11:57:20.364 T:5183 DEBUG : CVideoPlayer::ProcessVideoData size:64523 dts:4.875 pts:4.875 dur:41.667ms, clock:1.084 level:34
2021-12-12 11:57:20.368 T:5183 DEBUG : CVideoPlayer::ProcessVideoData size:142066 dts:4.917 pts:4.917 dur:41.667ms, clock:1.089 level:34
2021-12-12 11:57:20.370 T:5183 DEBUG : CVideoPlayer::ProcessVideoData size:68653 dts:4.958 pts:4.958 dur:41.667ms, clock:1.091 level:35
2021-12-12 11:57:20.378 T:5183 DEBUG : CVideoPlayer::ProcessVideoData size:236622 dts:5.000 pts:5.000 dur:41.667ms, clock:1.098 level:35
2021-12-12 11:57:20.380 T:5183 DEBUG : CVideoPlayer::ProcessVideoData size:51056 dts:5.042 pts:5.042 dur:41.667ms, clock:1.100 level:36
2021-12-12 11:57:20.388 T:5185 DEBUG : CVideoPlayerVideo::OutputPicture - ttd:309ms pts:1.417 Clock:1.108 Level:6
2021-12-12 11:57:20.391 T:5183 DEBUG : CVideoPlayer::ProcessVideoData size:306508 dts:5.083 pts:5.083 dur:41.667ms, clock:1.111 level:36
2021-12-12 11:57:20.395 T:5183 DEBUG : CVideoPlayer::ProcessVideoData size:123647 dts:5.125 pts:5.125 dur:41.667ms, clock:1.116 level:37
2021-12-12 11:57:20.397 T:5183 DEBUG : CVideoPlayer::ProcessVideoData size:66987 dts:5.167 pts:5.167 dur:41.667ms, clock:1.117 level:37
2021-12-12 11:57:20.398 T:5183 DEBUG : CVideoPlayer::ProcessVideoData size:44754 dts:5.208 pts:5.208 dur:41.667ms, clock:1.118 level:38
2021-12-12 11:57:20.407 T:5183 DEBUG : CVideoPlayer::ProcessVideoData size:306570 dts:5.250 pts:5.250 dur:41.667ms, clock:1.127 level:38
2021-12-12 11:57:20.409 T:5183 DEBUG : CVideoPlayer::ProcessVideoData size:76568 dts:5.292 pts:5.292 dur:41.667ms, clock:1.129 level:39
2021-12-12 11:57:20.410 T:5183 DEBUG : CVideoPlayer::ProcessVideoData size:36675 dts:5.333 pts:5.333 dur:41.667ms, clock:1.131 level:39
2021-12-12 11:57:20.411 T:5183 DEBUG : CVideoPlayer::ProcessVideoData size:33473 dts:5.375 pts:5.375 dur:41.667ms, clock:1.131 level:40
2021-12-12 11:57:20.421 T:5183 DEBUG : CVideoPlayer::ProcessVideoData size:303343 dts:5.417 pts:5.417 dur:41.667ms, clock:1.141 level:40
2021-12-12 11:57:20.424 T:5183 DEBUG : CVideoPlayer::ProcessVideoData size:71496 dts:5.458 pts:5.458 dur:41.667ms, clock:1.144 level:41
2021-12-12 11:57:20.424 T:5185 DEBUG : CVideoPlayerVideo::OutputPicture - ttd:314ms pts:1.458 Clock:1.144 Level:6
2021-12-12 11:57:20.425 T:5183 DEBUG : CVideoPlayer::ProcessVideoData size:28107 dts:5.500 pts:5.500 dur:41.667ms, clock:1.145 level:41
2021-12-12 11:57:20.426 T:5183 DEBUG : CVideoPlayer::ProcessVideoData size:38542 dts:5.542 pts:5.542 dur:41.667ms, clock:1.146 level:42
2021-12-12 11:57:20.437 T:5183 DEBUG : CVideoPlayer::ProcessVideoData size:312121 dts:5.583 pts:5.583 dur:41.667ms, clock:1.157 level:42
2021-12-12 11:57:20.438 T:5183 DEBUG : CVideoPlayer::ProcessVideoData size:82619 dts:5.625 pts:5.625 dur:41.667ms, clock:1.158 level:43
2021-12-12 11:57:20.439 T:5183 DEBUG : CVideoPlayer::ProcessVideoData size:31000 dts:5.667 pts:5.667 dur:41.667ms, clock:1.159 level:43
2021-12-12 11:57:20.440 T:5183 DEBUG : CVideoPlayer::ProcessVideoData size:34189 dts:5.708 pts:5.708 dur:41.667ms, clock:1.160 level:44
2021-12-12 11:57:20.448 T:5183 DEBUG : CVideoPlayer::ProcessVideoData size:331580 dts:5.750 pts:5.750 dur:41.667ms, clock:1.169 level:44
2021-12-12 11:57:20.452 T:5183 DEBUG : CVideoPlayer::ProcessVideoData size:91872 dts:5.792 pts:5.792 dur:41.667ms, clock:1.172 level:45
2021-12-12 11:57:20.453 T:5183 DEBUG : CVideoPlayer::ProcessVideoData size:30413 dts:5.833 pts:5.833 dur:41.667ms, clock:1.174 level:45
2021-12-12 11:57:20.455 T:5183 DEBUG : CVideoPlayer::ProcessVideoData size:41000 dts:5.875 pts:5.875 dur:41.667ms, clock:1.175 level:46
2021-12-12 11:57:20.458 T:5185 DEBUG : CVideoPlayerVideo::OutputPicture - ttd:321ms pts:1.500 Clock:1.178 Level:6
2021-12-12 11:57:20.467 T:5183 DEBUG : CVideoPlayer::ProcessVideoData size:418723 dts:5.917 pts:5.917 dur:41.667ms, clock:1.188 level:46
2021-12-12 11:57:20.477 T:5183 DEBUG : CVideoPlayer::ProcessVideoData size:333106 dts:5.958 pts:5.958 dur:41.667ms, clock:1.197 level:46
2021-12-12 11:57:20.479 T:5183 DEBUG : CVideoPlayer::ProcessVideoData size:53185 dts:6.000 pts:6.000 dur:41.667ms, clock:1.199 level:47
2021-12-12 11:57:20.493 T:5183 DEBUG : CVideoPlayer::ProcessVideoData size:513183 dts:6.042 pts:6.042 dur:41.667ms, clock:1.213 level:47
2021-12-12 11:57:20.496 T:5183 DEBUG : CVideoPlayer::ProcessVideoData size:140666 dts:6.083 pts:6.083 dur:41.667ms, clock:1.217 level:48
2021-12-12 11:57:20.498 T:5183 DEBUG : CVideoPlayer::ProcessVideoData size:55193 dts:6.125 pts:6.125 dur:41.667ms, clock:1.218 level:48
2021-12-12 11:57:20.500 T:5183 DEBUG : CVideoPlayer::ProcessVideoData size:65587 dts:6.167 pts:6.167 dur:41.667ms, clock:1.220 level:49
2021-12-12 11:57:20.506 T:5185 DEBUG : CVideoPlayerVideo::OutputPicture - ttd:315ms pts:1.542 Clock:1.226 Level:5
2021-12-12 11:57:20.512 T:5183 DEBUG : CVideoPlayer::ProcessVideoData size:375590 dts:6.208 pts:6.208 dur:41.667ms, clock:1.232 level:49
2021-12-12 11:57:20.513 T:5183 DEBUG : CVideoPlayer::ProcessVideoData size:100935 dts:6.250 pts:6.250 dur:41.667ms, clock:1.233 level:50
2021-12-12 11:57:20.515 T:5183 DEBUG : CVideoPlayer::ProcessVideoData size:44350 dts:6.292 pts:6.292 dur:41.667ms, clock:1.235 level:51
2021-12-12 11:57:20.517 T:5183 DEBUG : CVideoPlayer::ProcessVideoData size:40185 dts:6.333 pts:6.333 dur:41.667ms, clock:1.237 level:51
2021-12-12 11:57:20.527 T:5183 DEBUG : CVideoPlayer::ProcessVideoData size:379242 dts:6.375 pts:6.375 dur:41.667ms, clock:1.248 level:52
2021-12-12 11:57:20.531 T:5183 DEBUG : CVideoPlayer::ProcessVideoData size:111739 dts:6.417 pts:6.417 dur:41.667ms, clock:1.251 level:52
2021-12-12 11:57:20.532 T:5183 DEBUG : CVideoPlayer::ProcessVideoData size:44513 dts:6.458 pts:6.458 dur:41.667ms, clock:1.253 level:52
2021-12-12 11:57:20.534 T:5183 DEBUG : CVideoPlayer::ProcessVideoData size:49013 dts:6.500 pts:6.500 dur:41.667ms, clock:1.254 level:53
2021-12-12 11:57:20.545 T:5185 DEBUG : CVideoPlayerVideo::OutputPicture - ttd:318ms pts:1.583 Clock:1.265 Level:6
2021-12-12 11:57:20.548 T:5183 DEBUG : CVideoPlayer::ProcessVideoData size:388980 dts:6.542 pts:6.542 dur:41.667ms, clock:1.268 level:53
2021-12-12 11:57:20.551 T:5183 DEBUG : CVideoPlayer::ProcessVideoData size:129589 dts:6.583 pts:6.583 dur:41.667ms, clock:1.271 level:53
2021-12-12 11:57:20.552 T:5183 DEBUG : CVideoPlayer::ProcessVideoData size:46669 dts:6.625 pts:6.625 dur:41.667ms, clock:1.273 level:54
2021-12-12 11:57:20.555 T:5183 DEBUG : CVideoPlayer::ProcessVideoData size:53787 dts:6.667 pts:6.667 dur:41.667ms, clock:1.275 level:54
2021-12-12 11:57:20.566 T:5183 DEBUG : CVideoPlayer::ProcessVideoData size:399471 dts:6.708 pts:6.708 dur:41.667ms, clock:1.286 level:55
2021-12-12 11:57:20.569 T:5183 DEBUG : CVideoPlayer::ProcessVideoData size:129879 dts:6.750 pts:6.750 dur:41.667ms, clock:1.289 level:55
2021-12-12 11:57:20.570 T:5183 DEBUG : CVideoPlayer::ProcessVideoData size:53013 dts:6.792 pts:6.792 dur:41.667ms, clock:1.290 level:56
2021-12-12 11:57:20.572 T:5183 DEBUG : CVideoPlayer::ProcessVideoData size:52247 dts:6.833 pts:6.833 dur:41.667ms, clock:1.292 level:56
2021-12-12 11:57:20.578 T:5183 DEBUG : CVideoPlayer::ProcessVideoData size:206111 dts:6.875 pts:6.875 dur:41.667ms, clock:1.298 level:57
2021-12-12 11:57:20.592 T:5185 DEBUG : CVideoPlayerVideo::OutputPicture - ttd:312ms pts:1.625 Clock:1.312 Level:6
2021-12-12 11:57:20.598 T:5183 DEBUG : CVideoPlayer::ProcessVideoData size:649166 dts:6.917 pts:6.917 dur:41.667ms, clock:1.318 level:57
2021-12-12 11:57:20.609 T:5183 DEBUG : CVideoPlayer::ProcessVideoData size:430470 dts:6.958 pts:6.958 dur:41.667ms, clock:1.329 level:58
2021-12-12 11:57:20.614 T:5183 DEBUG : CVideoPlayer::ProcessVideoData size:151834 dts:7.000 pts:7.000 dur:41.667ms, clock:1.334 level:58
2021-12-12 11:57:20.616 T:5183 DEBUG : CVideoPlayer::ProcessVideoData size:63438 dts:7.042 pts:7.042 dur:41.667ms, clock:1.336 level:59
2021-12-12 11:57:20.617 T:5183 DEBUG : CVideoPlayer::ProcessVideoData size:54330 dts:7.083 pts:7.083 dur:41.667ms, clock:1.338 level:59
2021-12-12 11:57:20.630 T:5183 DEBUG : CVideoPlayer::ProcessVideoData size:419434 dts:7.125 pts:7.125 dur:41.667ms, clock:1.350 level:60
2021-12-12 11:57:20.633 T:5183 DEBUG : CVideoPlayer::ProcessVideoData size:149868 dts:7.167 pts:7.167 dur:41.667ms, clock:1.353 level:60
2021-12-12 11:57:20.635 T:5183 DEBUG : CVideoPlayer::ProcessVideoData size:63019 dts:7.208 pts:7.208 dur:41.667ms, clock:1.355 level:61
2021-12-12 11:57:20.637 T:5183 DEBUG : CVideoPlayer::ProcessVideoData size:66265 dts:7.250 pts:7.250 dur:41.667ms, clock:1.357 level:61
2021-12-12 11:57:20.639 T:5185 DEBUG : CVideoPlayerVideo::OutputPicture - ttd:307ms pts:1.667 Clock:1.359 Level:6
2021-12-12 11:57:20.655 T:5183 DEBUG : CVideoPlayer::ProcessVideoData size:445246 dts:7.292 pts:7.292 dur:41.667ms, clock:1.375 level:61
2021-12-12 11:57:20.658 T:5183 DEBUG : CVideoPlayer::ProcessVideoData size:152357 dts:7.333 pts:7.333 dur:41.667ms, clock:1.378 level:62
2021-12-12 11:57:20.659 T:5183 DEBUG : CVideoPlayer::ProcessVideoData size:66828 dts:7.375 pts:7.375 dur:41.667ms, clock:1.380 level:62
2021-12-12 11:57:20.663 T:5183 DEBUG : CVideoPlayer::ProcessVideoData size:71168 dts:7.417 pts:7.417 dur:41.667ms, clock:1.383 level:63
2021-12-12 11:57:20.670 T:5185 DEBUG : CVideoPlayerVideo::OutputPicture - ttd:318ms pts:1.708 Clock:1.390 Level:6
2021-12-12 11:57:20.676 T:5183 DEBUG : CVideoPlayer::ProcessVideoData size:440978 dts:7.458 pts:7.458 dur:41.667ms, clock:1.396 level:64
2021-12-12 11:57:20.681 T:5183 DEBUG : CVideoPlayer::ProcessVideoData size:171333 dts:7.500 pts:7.500 dur:41.667ms, clock:1.401 level:64
2021-12-12 11:57:20.683 T:5183 DEBUG : CVideoPlayer::ProcessVideoData size:77363 dts:7.542 pts:7.542 dur:41.667ms, clock:1.403 level:65
2021-12-12 11:57:20.685 T:5183 DEBUG : CVideoPlayer::ProcessVideoData size:66278 dts:7.583 pts:7.583 dur:41.667ms, clock:1.405 level:65
2021-12-12 11:57:20.698 T:5183 DEBUG : CVideoPlayer::ProcessVideoData size:442139 dts:7.625 pts:7.625 dur:41.667ms, clock:1.418 level:65
2021-12-12 11:57:20.701 T:5183 DEBUG : CVideoPlayer::ProcessVideoData size:162683 dts:7.667 pts:7.667 dur:41.667ms, clock:1.421 level:66
2021-12-12 11:57:20.705 T:5183 DEBUG : CVideoPlayer::ProcessVideoData size:74065 dts:7.708 pts:7.708 dur:41.667ms, clock:1.426 level:66
2021-12-12 11:57:20.707 T:5185 DEBUG : CVideoPlayerVideo::OutputPicture - ttd:322ms pts:1.750 Clock:1.427 Level:6
2021-12-12 11:57:20.708 T:5183 DEBUG : CVideoPlayer::ProcessVideoData size:72110 dts:7.750 pts:7.750 dur:41.667ms, clock:1.428 level:67
2021-12-12 11:57:20.719 T:5183 DEBUG : CVideoPlayer::ProcessVideoData size:320382 dts:7.792 pts:7.792 dur:41.667ms, clock:1.439 level:67
2021-12-12 11:57:20.722 T:5183 DEBUG : CVideoPlayer::ProcessVideoData size:169769 dts:7.833 pts:7.833 dur:41.667ms, clock:1.443 level:68
2021-12-12 11:57:20.726 T:5183 DEBUG : CVideoPlayer::ProcessVideoData size:82487 dts:7.875 pts:7.875 dur:41.667ms, clock:1.446 level:68
2021-12-12 11:57:20.745 T:5183 DEBUG : CVideoPlayer::ProcessVideoData size:711999 dts:7.917 pts:7.917 dur:41.667ms, clock:1.465 level:69
2021-12-12 11:57:20.754 T:5185 DEBUG : CVideoPlayerVideo::OutputPicture - ttd:317ms pts:1.792 Clock:1.474 Level:6
2021-12-12 11:57:20.760 T:5183 DEBUG : CVideoPlayer::ProcessVideoData size:474347 dts:7.958 pts:7.958 dur:41.667ms, clock:1.480 level:69
2021-12-12 11:57:20.765 T:5183 DEBUG : CVideoPlayer::ProcessVideoData size:192279 dts:8.000 pts:8.000 dur:41.667ms, clock:1.485 level:70
2021-12-12 11:57:20.766 T:5183 DEBUG : CVideoPlayer::ProcessVideoData size:94809 dts:8.042 pts:8.042 dur:41.667ms, clock:1.487 level:70
2021-12-12 11:57:20.768 T:5183 DEBUG : CVideoPlayer::ProcessVideoData size:77241 dts:8.083 pts:8.083 dur:41.667ms, clock:1.488 level:71
2021-12-12 11:57:20.781 T:5183 DEBUG : CVideoPlayer::ProcessVideoData size:469997 dts:8.125 pts:8.125 dur:41.667ms, clock:1.502 level:71
2021-12-12 11:57:20.786 T:5183 DEBUG : CVideoPlayer::ProcessVideoData size:199088 dts:8.167 pts:8.167 dur:41.667ms, clock:1.506 level:72
2021-12-12 11:57:20.790 T:5183 DEBUG : CVideoPlayer::ProcessVideoData size:92457 dts:8.208 pts:8.208 dur:41.667ms, clock:1.510 level:72
2021-12-12 11:57:20.791 T:5183 DEBUG : CVideoPlayer::ProcessVideoData size:82072 dts:8.250 pts:8.250 dur:41.667ms, clock:1.511 level:73
2021-12-12 11:57:20.801 T:5185 DEBUG : CVideoPlayerVideo::OutputPicture - ttd:357ms pts:1.833 Clock:1.475 Level:6
2021-12-12 11:57:20.804 T:5183 DEBUG : CVideoPlayer::ProcessVideoData size:468851 dts:8.292 pts:8.292 dur:41.667ms, clock:1.525 level:73
2021-12-12 11:57:20.812 T:5183 DEBUG : CVideoPlayer::ProcessVideoData size:208186 dts:8.333 pts:8.333 dur:41.667ms, clock:1.532 level:74
2021-12-12 11:57:20.813 T:5183 DEBUG : CVideoPlayer::ProcessVideoData size:95467 dts:8.375 pts:8.375 dur:41.667ms, clock:1.534 level:74
2021-12-12 11:57:20.815 T:5183 DEBUG : CVideoPlayer::ProcessVideoData size:86964 dts:8.417 pts:8.417 dur:41.667ms, clock:1.536 level:75
2021-12-12 11:57:20.821 T:5185 DEBUG : CVideoPlayerVideo::OutputPicture - ttd:351ms pts:1.875 Clock:1.523 Level:6
2021-12-12 11:57:20.832 T:5183 DEBUG : CVideoPlayer::ProcessVideoData size:471506 dts:8.458 pts:8.458 dur:41.667ms, clock:1.552 level:75
2021-12-12 11:57:20.839 T:5183 DEBUG : CVideoPlayer::ProcessVideoData size:197109 dts:8.500 pts:8.500 dur:41.667ms, clock:1.559 level:75
2021-12-12 11:57:20.840 T:5183 DEBUG : CVideoPlayer::ProcessVideoData size:93453 dts:8.542 pts:8.542 dur:41.667ms, clock:1.561 level:76
2021-12-12 11:57:20.844 T:5183 DEBUG : CVideoPlayer::ProcessVideoData size:77513 dts:8.583 pts:8.583 dur:41.667ms, clock:1.564 level:76
2021-12-12 11:57:20.862 T:5183 DEBUG : CVideoPlayer::ProcessVideoData size:477649 dts:8.625 pts:8.625 dur:41.667ms, clock:1.582 level:76
2021-12-12 11:57:20.868 T:5183 DEBUG : CVideoPlayer::ProcessVideoData size:207156 dts:8.667 pts:8.667 dur:41.667ms, clock:1.588 level:77
2021-12-12 11:57:20.869 T:5185 DEBUG : CVideoPlayerVideo::OutputPicture - ttd:327ms pts:1.917 Clock:1.589 Level:6
2021-12-12 11:57:20.870 T:5183 DEBUG : CVideoPlayer::ProcessVideoData size:113910 dts:8.708 pts:8.708 dur:41.667ms, clock:1.590 level:77
2021-12-12 11:57:20.876 T:5183 DEBUG : CVideoPlayer::ProcessVideoData size:112589 dts:8.750 pts:8.750 dur:41.667ms, clock:1.596 level:78
2021-12-12 11:57:20.887 T:5183 DEBUG : CVideoPlayer::ProcessVideoData size:349974 dts:8.792 pts:8.792 dur:41.667ms, clock:1.607 level:78
2021-12-12 11:57:20.893 T:5183 DEBUG : CVideoPlayer::ProcessVideoData size:200781 dts:8.833 pts:8.833 dur:41.667ms, clock:1.613 level:79
2021-12-12 11:57:20.894 T:5183 DEBUG : CVideoPlayer::ProcessVideoData size:119333 dts:8.875 pts:8.875 dur:41.667ms, clock:1.614 level:79
2021-12-12 11:57:20.917 T:5183 DEBUG : CVideoPlayer::ProcessVideoData size:758719 dts:8.917 pts:8.917 dur:41.667ms, clock:1.637 level:80
2021-12-12 11:57:20.921 T:5185 DEBUG : CVideoPlayerVideo::OutputPicture - ttd:316ms pts:1.958 Clock:1.642 Level:6
2021-12-12 11:57:20.940 T:5183 DEBUG : CVideoPlayer::ProcessVideoData size:503559 dts:8.958 pts:8.958 dur:41.667ms, clock:1.660 level:80
2021-12-12 11:57:20.976 T:5185 DEBUG : CVideoPlayerVideo::OutputPicture - ttd:304ms pts:2.000 Clock:1.696 Level:5
2021-12-12 11:57:21.002 T:5183 DEBUG : CVideoPlayer::ProcessVideoData size:220942 dts:9.000 pts:9.000 dur:41.667ms, clock:1.722 level:80
2021-12-12 11:57:21.004 T:5183 DEBUG : CVideoPlayer::ProcessVideoData size:131177 dts:9.042 pts:9.042 dur:41.667ms, clock:1.724 level:80
2021-12-12 11:57:21.006 T:5183 DEBUG : CVideoPlayer::ProcessVideoData size:116386 dts:9.083 pts:9.083 dur:41.667ms, clock:1.726 level:81
2021-12-12 11:57:21.006 T:5185 DEBUG : CVideoPlayerVideo::OutputPicture - ttd:315ms pts:2.042 Clock:1.726 Level:6
2021-12-12 11:57:21.028 T:5183 DEBUG : CVideoPlayer::ProcessVideoData size:485094 dts:9.125 pts:9.125 dur:41.667ms, clock:1.749 level:81
2021-12-12 11:57:21.030 T:5183 DEBUG : CVideoPlayer::ProcessVideoData size:219387 dts:9.167 pts:9.167 dur:41.667ms, clock:1.750 level:81
2021-12-12 11:57:21.031 T:5183 DEBUG : CVideoPlayer::ProcessVideoData size:129268 dts:9.208 pts:9.208 dur:41.667ms, clock:1.751 level:82
2021-12-12 11:57:21.032 T:5183 DEBUG : CVideoPlayer::ProcessVideoData size:106189 dts:9.250 pts:9.250 dur:41.667ms, clock:1.752 level:82
2021-12-12 11:57:21.034 T:5183 DEBUG : CVideoPlayer::ProcessVideoData size:480247 dts:9.292 pts:9.292 dur:41.667ms, clock:1.754 level:83
2021-12-12 11:57:21.040 T:5185 DEBUG : CVideoPlayerVideo::OutputPicture - ttd:323ms pts:2.083 Clock:1.760 Level:6
2021-12-12 11:57:21.092 T:5185 DEBUG : CVideoPlayerVideo::OutputPicture - ttd:313ms pts:2.125 Clock:1.812 Level:5
2021-12-12 11:57:21.119 T:5185 DEBUG : CVideoPlayerVideo::OutputPicture - ttd:327ms pts:2.167 Clock:1.839 Level:6
2021-12-12 11:57:21.148 T:5183 DEBUG : CVideoPlayer::ProcessVideoData size:215811 dts:9.333 pts:9.333 dur:41.667ms, clock:1.868 level:83
2021-12-12 11:57:21.149 T:5183 DEBUG : CVideoPlayer::ProcessVideoData size:126722 dts:9.375 pts:9.375 dur:41.667ms, clock:1.869 level:83
2021-12-12 11:57:21.150 T:5183 DEBUG : CVideoPlayer::ProcessVideoData size:108662 dts:9.417 pts:9.417 dur:41.667ms, clock:1.870 level:84
2021-12-12 11:57:21.152 T:5183 DEBUG : CVideoPlayer::ProcessVideoData size:487531 dts:9.458 pts:9.458 dur:41.667ms, clock:1.872 level:84
2021-12-12 11:57:21.174 T:5185 DEBUG : CVideoPlayerVideo::OutputPicture - ttd:314ms pts:2.208 Clock:1.894 Level:6
2021-12-12 11:57:21.194 T:5183 DEBUG : CVideoPlayer::ProcessVideoData size:230809 dts:9.500 pts:9.500 dur:41.667ms, clock:1.914 level:84
2021-12-12 11:57:21.222 T:5185 DEBUG : CVideoPlayerVideo::OutputPicture - ttd:308ms pts:2.250 Clock:1.942 Level:5
2021-12-12 11:57:21.255 T:5185 DEBUG : CVideoPlayerVideo::OutputPicture - ttd:316ms pts:2.292 Clock:1.975 Level:6
2021-12-12 11:57:21.287 T:5185 DEBUG : CVideoPlayerVideo::OutputPicture - ttd:325ms pts:2.333 Clock:2.008 Level:6
2021-12-12 11:57:21.327 T:5183 DEBUG : CVideoPlayer::ProcessVideoData size:128572 dts:9.542 pts:9.542 dur:41.667ms, clock:2.047 level:84
2021-12-12 11:57:21.328 T:5183 DEBUG : CVideoPlayer::ProcessVideoData size:118113 dts:9.583 pts:9.583 dur:41.667ms, clock:2.048 level:84
2021-12-12 11:57:21.330 T:5183 DEBUG : CVideoPlayer::ProcessVideoData size:481455 dts:9.625 pts:9.625 dur:41.667ms, clock:2.051 level:85
2021-12-12 11:57:21.332 T:5183 DEBUG : CVideoPlayer::ProcessVideoData size:221751 dts:9.667 pts:9.667 dur:41.667ms, clock:2.053 level:85
2021-12-12 11:57:21.334 T:5183 DEBUG : CVideoPlayer::ProcessVideoData size:125952 dts:9.708 pts:9.708 dur:41.667ms, clock:2.054 level:86
2021-12-12 11:57:21.335 T:5183 DEBUG : CVideoPlayer::ProcessVideoData size:117073 dts:9.750 pts:9.750 dur:41.667ms, clock:2.055 level:86
2021-12-12 11:57:21.343 T:5185 DEBUG : CVideoPlayerVideo::OutputPicture - ttd:312ms pts:2.375 Clock:2.063 Level:6
2021-12-12 11:57:21.367 T:5183 DEBUG : CVideoPlayer::ProcessVideoData size:373898 dts:9.792 pts:9.792 dur:41.667ms, clock:2.088 level:86
2021-12-12 11:57:21.370 T:5183 DEBUG : CVideoPlayer::ProcessVideoData size:240707 dts:9.833 pts:9.833 dur:41.667ms, clock:2.090 level:87
2021-12-12 11:57:21.381 T:5183 DEBUG : CVideoPlayer::ProcessVideoData size:140590 dts:9.875 pts:9.875 dur:41.667ms, clock:2.101 level:87
2021-12-12 11:57:21.385 T:5183 DEBUG : CVideoPlayer::ProcessVideoData size:818938 dts:9.917 pts:9.917 dur:41.667ms, clock:2.106 level:87
2021-12-12 11:57:21.388 T:5185 DEBUG : CVideoPlayerVideo::OutputPicture - ttd:308ms pts:2.417 Clock:2.108 Level:6
2021-12-12 11:57:21.419 T:5185 DEBUG : CVideoPlayerVideo::OutputPicture - ttd:319ms pts:2.458 Clock:2.139 Level:6
2021-12-12 11:57:21.420 T:5183 DEBUG : CVideoPlayer::ProcessVideoData size:539487 dts:9.958 pts:9.958 dur:41.667ms, clock:2.140 level:87
2021-12-12 11:57:21.453 T:5185 DEBUG : CVideoPlayerVideo::OutputPicture - ttd:327ms pts:2.500 Clock:2.173 Level:6
2021-12-12 11:57:21.493 T:5183 DEBUG : CVideoPlayer::ProcessVideoData size:261090 dts:10.000 pts:10.000 dur:41.667ms, clock:2.213 level:87
2021-12-12 11:57:21.494 T:5183 DEBUG : CVideoPlayer::ProcessVideoData size:150705 dts:10.042 pts:10.042 dur:41.667ms, clock:2.214 level:88
2021-12-12 11:57:21.495 T:5183 DEBUG : CVideoPlayer::ProcessVideoData size:136468 dts:10.083 pts:10.083 dur:41.667ms, clock:2.215 level:89
2021-12-12 11:57:21.497 T:5183 DEBUG : CVideoPlayer::ProcessVideoData size:498245 dts:10.125 pts:10.125 dur:41.667ms, clock:2.217 level:89
2021-12-12 11:57:21.505 T:5185 DEBUG : CVideoPlayerVideo::OutputPicture - ttd:316ms pts:2.542 Clock:2.225 Level:6
2021-12-12 11:57:21.529 T:5183 DEBUG : CVideoPlayer::ProcessVideoData size:245717 dts:10.167 pts:10.167 dur:41.667ms, clock:2.249 level:89
2021-12-12 11:57:21.530 T:5183 DEBUG : CVideoPlayer::ProcessVideoData size:153107 dts:10.208 pts:10.208 dur:41.667ms, clock:2.250 level:90
2021-12-12 11:57:21.531 T:5183 DEBUG : CVideoPlayer::ProcessVideoData size:124652 dts:10.250 pts:10.250 dur:41.667ms, clock:2.251 level:90
2021-12-12 11:57:21.543 T:5185 DEBUG : CVideoPlayerVideo::OutputPicture - ttd:320ms pts:2.583 Clock:2.263 Level:6
2021-12-12 11:57:21.544 T:5183 DEBUG : CVideoPlayer::ProcessVideoData size:481022 dts:10.292 pts:10.292 dur:41.667ms, clock:2.264 level:90
2021-12-12 11:57:21.566 T:5183 DEBUG : CVideoPlayer::ProcessVideoData size:243341 dts:10.333 pts:10.333 dur:41.667ms, clock:2.287 level:90
2021-12-12 11:57:21.568 T:5183 DEBUG : CVideoPlayer::ProcessVideoData size:140845 dts:10.375 pts:10.375 dur:41.667ms, clock:2.289 level:90
2021-12-12 11:57:21.571 T:5183 DEBUG : CVideoPlayer::ProcessVideoData size:116933 dts:10.417 pts:10.417 dur:41.667ms, clock:2.291 level:91
2021-12-12 11:57:21.573 T:5183 DEBUG : CVideoPlayer::ProcessVideoData size:487325 dts:10.458 pts:10.458 dur:41.667ms, clock:2.293 level:91
2021-12-12 11:57:21.590 T:5185 DEBUG : CVideoPlayerVideo::OutputPicture - ttd:314ms pts:2.625 Clock:2.310 Level:5
2021-12-12 11:57:21.623 T:5185 DEBUG : CVideoPlayerVideo::OutputPicture - ttd:323ms pts:2.667 Clock:2.343 Level:6
2021-12-12 11:57:21.646 T:5183 DEBUG : CVideoPlayer::ProcessVideoData size:247662 dts:10.500 pts:10.500 dur:41.667ms, clock:2.366 level:91
2021-12-12 11:57:21.646 T:5183 DEBUG : CVideoPlayer::ProcessVideoData size:139763 dts:10.542 pts:10.542 dur:41.667ms, clock:2.367 level:92
2021-12-12 11:57:21.648 T:5183 DEBUG : CVideoPlayer::ProcessVideoData size:147115 dts:10.583 pts:10.583 dur:41.667ms, clock:2.368 level:92
2021-12-12 11:57:21.673 T:5185 DEBUG : CVideoPlayerVideo::OutputPicture - ttd:315ms pts:2.708 Clock:2.393 Level:6
2021-12-12 11:57:21.702 T:5183 DEBUG : CVideoPlayer::ProcessVideoData size:478764 dts:10.625 pts:10.625 dur:41.667ms, clock:2.422 level:92
2021-12-12 11:57:21.705 T:5185 DEBUG : CVideoPlayerVideo::OutputPicture - ttd:325ms pts:2.750 Clock:2.425 Level:6
2021-12-12 11:57:21.706 T:5183 DEBUG : CVideoPlayer::ProcessVideoData size:252736 dts:10.667 pts:10.667 dur:41.667ms, clock:2.426 level:92
2021-12-12 11:57:21.727 T:5183 DEBUG : CVideoPlayer::ProcessVideoData size:153568 dts:10.708 pts:10.708 dur:41.667ms, clock:2.447 level:92
2021-12-12 11:57:21.728 T:5183 DEBUG : CVideoPlayer::ProcessVideoData size:139080 dts:10.750 pts:10.750 dur:41.667ms, clock:2.448 level:93
2021-12-12 11:57:21.730 T:5183 DEBUG : CVideoPlayer::ProcessVideoData size:374552 dts:10.792 pts:10.792 dur:41.667ms, clock:2.450 level:93
2021-12-12 11:57:21.754 T:5185 DEBUG : CVideoPlayerVideo::OutputPicture - ttd:317ms pts:2.792 Clock:2.474 Level:6
2021-12-12 11:57:21.772 T:5185 DEBUG : CVideoPlayerVideo::OutputPicture - ttd:357ms pts:2.833 Clock:2.476 Level:6
2021-12-12 11:57:21.822 T:5185 DEBUG : CVideoPlayerVideo::OutputPicture - ttd:380ms pts:2.875 Clock:2.494 Level:6
2021-12-12 11:57:21.833 T:5183 DEBUG : CVideoPlayer::ProcessVideoData size:234314 dts:10.833 pts:10.833 dur:41.667ms, clock:2.553 level:93
2021-12-12 11:57:21.834 T:5183 DEBUG : CVideoPlayer::ProcessVideoData size:149709 dts:10.875 pts:10.875 dur:41.667ms, clock:2.554 level:94
2021-12-12 11:57:21.849 T:5183 DEBUG : CVideoPlayer::ProcessVideoData size:714552 dts:10.917 pts:10.917 dur:41.667ms, clock:2.569 level:93
2021-12-12 11:57:21.862 T:5183 DEBUG : CVideoPlayer::ProcessVideoData size:609768 dts:10.958 pts:10.958 dur:41.667ms, clock:2.583 level:93
2021-12-12 11:57:21.869 T:5185 DEBUG : CVideoPlayerVideo::OutputPicture - ttd:327ms pts:2.917 Clock:2.589 Level:6
2021-12-12 11:57:21.876 T:5183 DEBUG : CVideoPlayer::ProcessVideoData size:329861 dts:11.000 pts:11.000 dur:41.667ms, clock:2.596 level:93
2021-12-12 11:57:21.888 T:5183 DEBUG : CVideoPlayer::ProcessVideoData size:202979 dts:11.042 pts:11.042 dur:41.667ms, clock:2.608 level:93
2021-12-12 11:57:21.889 T:5183 DEBUG : CVideoPlayer::ProcessVideoData size:167511 dts:11.083 pts:11.083 dur:41.667ms, clock:2.609 level:93
2021-12-12 11:57:21.891 T:5183 DEBUG : CVideoPlayer::ProcessVideoData size:548275 dts:11.125 pts:11.125 dur:41.667ms, clock:2.612 level:94
