2021-12-12 11:59:40.090 T:5213 DEBUG : CVideoPlayerVideo::OutputPicture - ttd:133ms pts:8.520 Clock:8.387 Level:5
2021-12-12 11:59:40.108 T:5210 DEBUG : CVideoPlayer::ProcessVideoData size:1082416 dts:17.420 pts:17.800 dur:20.000ms, clock:8.405 level:99
2021-12-12 11:59:40.110 T:5213 DEBUG : CVideoPlayerVideo::OutputPicture - ttd:133ms pts:8.540 Clock:8.407 Level:4
2021-12-12 11:59:40.110 T:5210 DEBUG : CVideoPlayer::ProcessVideoData size:83100 dts:17.440 pts:17.640 dur:20.000ms, clock:8.407 level:99
2021-12-12 11:59:40.111 T:5210 DEBUG : CVideoPlayer::ProcessVideoData size:44408 dts:17.460 pts:17.560 dur:20.000ms, clock:8.409 level:99
2021-12-12 11:59:40.112 T:5210 DEBUG : CVideoPlayer::ProcessVideoData size:20225 dts:17.480 pts:17.520 dur:20.000ms, clock:8.409 level:99
2021-12-12 11:59:40.132 T:5213 DEBUG : CVideoPlayerVideo::OutputPicture - ttd:130ms pts:8.560 Clock:8.429 Level:4
2021-12-12 11:59:40.133 T:5210 DEBUG : CVideoPlayer::ProcessVideoData size:2955 dts:17.500 pts:17.500 dur:20.000ms, clock:8.430 level:99
2021-12-12 11:59:40.153 T:5213 DEBUG : CVideoPlayerVideo::OutputPicture - ttd:130ms pts:8.580 Clock:8.450 Level:4
2021-12-12 11:59:40.172 T:5213 DEBUG : CVideoPlayerVideo::OutputPicture - ttd:130ms pts:8.600 Clock:8.469 Level:4
2021-12-12 11:59:40.175 T:5210 DEBUG : CVideoPlayer::ProcessVideoData size:2345 dts:17.520 pts:17.540 dur:20.000ms, clock:8.472 level:99
2021-12-12 11:59:40.176 T:5210 DEBUG : CVideoPlayer::ProcessVideoData size:20339 dts:17.540 pts:17.600 dur:20.000ms, clock:8.473 level:99
2021-12-12 11:59:40.192 T:5213 DEBUG : CVideoPlayerVideo::OutputPicture - ttd:131ms pts:8.620 Clock:8.489 Level:4
2021-12-12 11:59:40.206 T:5210 DEBUG : CVideoPlayer::ProcessVideoData size:1906 dts:17.560 pts:17.580 dur:20.000ms, clock:8.503 level:99
2021-12-12 11:59:40.207 T:5210 DEBUG : CVideoPlayer::ProcessVideoData size:1319 dts:17.580 pts:17.620 dur:20.000ms, clock:8.504 level:99
2021-12-12 11:59:40.230 T:5213 DEBUG : CVideoPlayerVideo::OutputPicture - ttd:113ms pts:8.640 Clock:8.527 Level:3
2021-12-12 11:59:40.250 T:5213 DEBUG : CVideoPlayerVideo::OutputPicture - ttd:113ms pts:8.660 Clock:8.547 Level:4
2021-12-12 11:59:40.270 T:5210 DEBUG : CVideoPlayer::ProcessVideoData size:22542 dts:17.600 pts:17.720 dur:20.000ms, clock:8.567 level:99
2021-12-12 11:59:40.271 T:5210 DEBUG : CVideoPlayer::ProcessVideoData size:15143 dts:17.620 pts:17.680 dur:20.000ms, clock:8.568 level:99
2021-12-12 11:59:40.273 T:5213 DEBUG : CVideoPlayerVideo::OutputPicture - ttd:109ms pts:8.680 Clock:8.570 Level:3
2021-12-12 11:59:40.289 T:5213 DEBUG : CVideoPlayerVideo::OutputPicture - ttd:114ms pts:8.700 Clock:8.586 Level:4
2021-12-12 11:59:40.292 T:5210 DEBUG : CVideoPlayer::ProcessVideoData size:2091 dts:17.640 pts:17.660 dur:20.000ms, clock:8.589 level:99
2021-12-12 11:59:40.303 T:5210 DEBUG : CVideoPlayer::ProcessVideoData size:2285 dts:17.660 pts:17.700 dur:20.000ms, clock:8.601 level:99
2021-12-12 11:59:40.311 T:5213 DEBUG : CVideoPlayerVideo::OutputPicture - ttd:111ms pts:8.720 Clock:8.608 Level:3
2021-12-12 11:59:40.332 T:5213 DEBUG : CVideoPlayerVideo::OutputPicture - ttd:110ms pts:8.740 Clock:8.630 Level:3
2021-12-12 11:59:40.353 T:5213 DEBUG : CVideoPlayerVideo::OutputPicture - ttd:110ms pts:8.760 Clock:8.650 Level:3
2021-12-12 11:59:40.356 T:5210 DEBUG : CVideoPlayer::ProcessVideoData size:23142 dts:17.680 pts:17.760 dur:20.000ms, clock:8.653 level:99
2021-12-12 11:59:40.367 T:5210 DEBUG : CVideoPlayer::ProcessVideoData size:1833 dts:17.700 pts:17.740 dur:20.000ms, clock:8.664 level:99
2021-12-12 11:59:40.373 T:5213 DEBUG : CVideoPlayerVideo::OutputPicture - ttd:109ms pts:8.780 Clock:8.670 Level:3
2021-12-12 11:59:40.375 T:5210 DEBUG : CVideoPlayer::ProcessVideoData size:3295 dts:17.720 pts:17.780 dur:20.000ms, clock:8.672 level:99
2021-12-12 11:59:40.389 T:5213 DEBUG : CVideoPlayerVideo::OutputPicture - ttd:114ms pts:8.800 Clock:8.686 Level:4
2021-12-12 11:59:40.397 T:5213 DEBUG : CVideoPlayerVideo::OutputPicture - ttd:125ms pts:8.820 Clock:8.694 Level:4
2021-12-12 11:59:40.411 T:5213 DEBUG : CVideoPlayerVideo::OutputPicture - ttd:132ms pts:8.840 Clock:8.708 Level:4
2021-12-12 11:59:40.413 T:5210 DEBUG : CVideoPlayer::ProcessVideoData size:349119 dts:17.740 pts:18.120 dur:20.000ms, clock:8.710 level:99
2021-12-12 11:59:40.414 T:5210 DEBUG : CVideoPlayer::ProcessVideoData size:51669 dts:17.760 pts:17.960 dur:20.000ms, clock:8.712 level:99
2021-12-12 11:59:40.430 T:5213 DEBUG : CVideoPlayerVideo::OutputPicture - ttd:133ms pts:8.860 Clock:8.727 Level:4
2021-12-12 11:59:40.436 T:5210 DEBUG : CVideoPlayer::ProcessVideoData size:26323 dts:17.780 pts:17.880 dur:20.000ms, clock:8.733 level:99
2021-12-12 11:59:40.436 T:5210 DEBUG : CVideoPlayer::ProcessVideoData size:11222 dts:17.800 pts:17.840 dur:20.000ms, clock:8.734 level:99
2021-12-12 11:59:40.452 T:5213 DEBUG : CVideoPlayerVideo::OutputPicture - ttd:131ms pts:8.880 Clock:8.749 Level:4
2021-12-12 11:59:40.467 T:5210 DEBUG : CVideoPlayer::ProcessVideoData size:2134 dts:17.820 pts:17.820 dur:20.000ms, clock:8.764 level:99
2021-12-12 11:59:40.468 T:5210 DEBUG : CVideoPlayer::ProcessVideoData size:1300 dts:17.840 pts:17.860 dur:20.000ms, clock:8.765 level:99
2021-12-12 11:59:40.472 T:5213 DEBUG : CVideoPlayerVideo::OutputPicture - ttd:131ms pts:8.900 Clock:8.769 Level:4
2021-12-12 11:59:40.489 T:5210 DEBUG : CVideoPlayer::ProcessVideoData size:10434 dts:17.860 pts:17.920 dur:20.000ms, clock:8.786 level:99
2021-12-12 11:59:40.491 T:5213 DEBUG : CVideoPlayerVideo::OutputPicture - ttd:131ms pts:8.920 Clock:8.788 Level:4
2021-12-12 11:59:40.511 T:5213 DEBUG : CVideoPlayerVideo::OutputPicture - ttd:131ms pts:8.940 Clock:8.808 Level:4
2021-12-12 11:59:40.530 T:5210 DEBUG : CVideoPlayer::ProcessVideoData size:1227 dts:17.880 pts:17.900 dur:20.000ms, clock:8.827 level:99
2021-12-12 11:59:40.531 T:5210 DEBUG : CVideoPlayer::ProcessVideoData size:1494 dts:17.900 pts:17.940 dur:20.000ms, clock:8.828 level:99
2021-12-12 11:59:40.552 T:5213 DEBUG : CVideoPlayerVideo::OutputPicture - ttd:110ms pts:8.960 Clock:8.849 Level:3
2021-12-12 11:59:40.572 T:5213 DEBUG : CPtsTracker: detected pattern of length 1: 20000.00, frameduration: 20000.000000
2021-12-12 11:59:40.572 T:5213 DEBUG : CVideoPlayerVideo::OutputPicture - ttd:110ms pts:8.980 Clock:8.869 Level:3
2021-12-12 11:59:40.591 T:5213 DEBUG : CVideoPlayerVideo::OutputPicture - ttd:111ms pts:9.000 Clock:8.888 Level:3
2021-12-12 11:59:40.594 T:5210 DEBUG : CVideoPlayer::ProcessVideoData size:30923 dts:17.920 pts:18.040 dur:20.000ms, clock:8.891 level:99
2021-12-12 11:59:40.596 T:5210 DEBUG : CVideoPlayer::ProcessVideoData size:11001 dts:17.940 pts:18.000 dur:20.000ms, clock:8.893 level:99
2021-12-12 11:59:40.614 T:5213 DEBUG : CVideoPlayerVideo::OutputPicture - ttd:108ms pts:9.020 Clock:8.911 Level:3
2021-12-12 11:59:40.629 T:5213 DEBUG : CVideoPlayerVideo::OutputPicture - ttd:113ms pts:9.040 Clock:8.926 Level:3
2021-12-12 11:59:40.638 T:5210 DEBUG : CVideoPlayer::ProcessVideoData size:1935 dts:17.960 pts:17.980 dur:20.000ms, clock:8.935 level:99
2021-12-12 11:59:40.639 T:5210 DEBUG : CVideoPlayer::ProcessVideoData size:2149 dts:17.980 pts:18.020 dur:20.000ms, clock:8.936 level:99
2021-12-12 11:59:40.650 T:5210 DEBUG : CVideoPlayer::ProcessVideoData size:24462 dts:18.000 pts:18.080 dur:20.000ms, clock:8.947 level:99
2021-12-12 11:59:40.651 T:5213 DEBUG : CVideoPlayerVideo::OutputPicture - ttd:112ms pts:9.060 Clock:8.948 Level:3
2021-12-12 11:59:40.681 T:5210 DEBUG : CVideoPlayer::ProcessVideoData size:1883 dts:18.020 pts:18.060 dur:20.000ms, clock:8.978 level:99
2021-12-12 11:59:40.686 T:5021 DEBUG : ActiveAE::SyncStream - average error 445.001500 above threshold of 100.000000
2021-12-12 11:59:40.691 T:5210 DEBUG : CVideoPlayer::ProcessVideoData size:2826 dts:18.040 pts:18.100 dur:20.000ms, clock:8.989 level:99
2021-12-12 11:59:40.714 T:5210 DEBUG : CVideoPlayer::ProcessVideoData size:251852 dts:18.060 pts:18.440 dur:20.000ms, clock:9.011 level:99
2021-12-12 11:59:40.716 T:5210 DEBUG : CVideoPlayer::ProcessVideoData size:57007 dts:18.080 pts:18.280 dur:20.000ms, clock:9.013 level:99
2021-12-12 11:59:40.747 T:5210 DEBUG : CVideoPlayer::ProcessVideoData size:31263 dts:18.100 pts:18.200 dur:20.000ms, clock:9.045 level:99
2021-12-12 11:59:40.748 T:5210 DEBUG : CVideoPlayer::ProcessVideoData size:12607 dts:18.120 pts:18.160 dur:20.000ms, clock:9.045 level:99
2021-12-12 11:59:40.758 T:5210 DEBUG : CVideoPlayer::ProcessVideoData size:2879 dts:18.140 pts:18.140 dur:20.000ms, clock:9.056 level:99
2021-12-12 11:59:40.769 T:5210 DEBUG : CVideoPlayer::ProcessVideoData size:1596 dts:18.160 pts:18.180 dur:20.000ms, clock:9.067 level:99
2021-12-12 11:59:40.790 T:5210 DEBUG : CVideoPlayer::ProcessVideoData size:19140 dts:18.180 pts:18.240 dur:20.000ms, clock:9.087 level:99
2021-12-12 11:59:40.801 T:5210 DEBUG : CVideoPlayer::ProcessVideoData size:2346 dts:18.200 pts:18.220 dur:20.000ms, clock:9.098 level:99
2021-12-12 11:59:40.801 T:5210 DEBUG : CVideoPlayer::ProcessVideoData size:1154 dts:18.220 pts:18.260 dur:20.000ms, clock:9.098 level:99
2021-12-12 11:59:40.832 T:5210 DEBUG : CVideoPlayer::ProcessVideoData size:19875 dts:18.240 pts:18.360 dur:20.000ms, clock:9.129 level:99
2021-12-12 11:59:40.833 T:5210 DEBUG : CVideoPlayer::ProcessVideoData size:21403 dts:18.260 pts:18.320 dur:20.000ms, clock:9.130 level:99
2021-12-12 11:59:40.853 T:5210 DEBUG : CVideoPlayer::ProcessVideoData size:2452 dts:18.280 pts:18.300 dur:20.000ms, clock:9.150 level:99
2021-12-12 11:59:40.854 T:5210 DEBUG : CVideoPlayer::ProcessVideoData size:3571 dts:18.300 pts:18.340 dur:20.000ms, clock:9.152 level:99
2021-12-12 11:59:40.875 T:5210 DEBUG : CVideoPlayer::ProcessVideoData size:32867 dts:18.320 pts:18.400 dur:20.000ms, clock:9.173 level:99
2021-12-12 11:59:40.876 T:5210 DEBUG : CVideoPlayer::ProcessVideoData size:3004 dts:18.340 pts:18.380 dur:20.000ms, clock:9.173 level:99
2021-12-12 11:59:40.890 T:5210 DEBUG : CVideoPlayer::ProcessVideoData size:5189 dts:18.360 pts:18.420 dur:20.000ms, clock:9.188 level:99
2021-12-12 11:59:41.044 T:5213 DEBUG : CVideoPlayerVideo::OutputPicture - ttd:-261ms pts:9.080 Clock:9.341 Level:0
2021-12-12 11:59:41.066 T:5213 DEBUG : CVideoPlayerVideo::OutputPicture - ttd:-263ms pts:9.100 Clock:9.363 Level:0
2021-12-12 11:59:41.075 T:5213 DEBUG : CVideoPlayerVideo::OutputPicture - ttd:-252ms pts:9.120 Clock:9.372 Level:0
2021-12-12 11:59:41.086 T:5021 DEBUG : ActiveAE::SyncStream - average error 0.001500, last average error: 445.001500
2021-12-12 11:59:41.092 T:5213 DEBUG : CPtsTracker: pattern lost on diff 940000.000000, number of losses 1
2021-12-12 11:59:41.093 T:5213 DEBUG : CVideoPlayerVideo::OutputPicture - ttd:670ms pts:10.060 Clock:9.390 Level:0
2021-12-12 11:59:41.099 T:5213 DEBUG : CVideoPlayerVideo::OutputPicture - ttd:683ms pts:10.080 Clock:9.396 Level:1
2021-12-12 11:59:41.111 T:5213 DEBUG : CVideoPlayerVideo::OutputPicture - ttd:691ms pts:10.100 Clock:9.408 Level:2
2021-12-12 11:59:41.120 T:5213 DEBUG : CVideoPlayerVideo::OutputPicture - ttd:702ms pts:10.120 Clock:9.417 Level:3
2021-12-12 11:59:41.130 T:5213 DEBUG : CVideoPlayerVideo::OutputPicture - ttd:713ms pts:10.140 Clock:9.427 Level:4
2021-12-12 11:59:41.137 T:5213 DEBUG : CVideoPlayerVideo::OutputPicture - ttd:726ms pts:10.160 Clock:9.434 Level:5
2021-12-12 11:59:41.144 T:5213 DEBUG : CVideoPlayerVideo::OutputPicture - ttd:739ms pts:10.180 Clock:9.441 Level:6
2021-12-12 11:59:41.159 T:5210 DEBUG : CVideoPlayer::ProcessVideoData size:1085675 dts:18.380 pts:18.760 dur:20.000ms, clock:9.456 level:92
2021-12-12 11:59:41.161 T:5210 DEBUG : CVideoPlayer::ProcessVideoData size:82931 dts:18.400 pts:18.600 dur:20.000ms, clock:9.458 level:92
2021-12-12 11:59:41.162 T:5210 DEBUG : CVideoPlayer::ProcessVideoData size:43161 dts:18.420 pts:18.520 dur:20.000ms, clock:9.459 level:93
2021-12-12 11:59:41.162 T:5210 DEBUG : CVideoPlayer::ProcessVideoData size:19734 dts:18.440 pts:18.480 dur:20.000ms, clock:9.459 level:93
2021-12-12 11:59:41.163 T:5210 DEBUG : CVideoPlayer::ProcessVideoData size:2466 dts:18.460 pts:18.460 dur:20.000ms, clock:9.460 level:93
2021-12-12 11:59:41.163 T:5210 DEBUG : CVideoPlayer::ProcessVideoData size:2091 dts:18.480 pts:18.500 dur:20.000ms, clock:9.461 level:93
2021-12-12 11:59:41.164 T:5210 DEBUG : CVideoPlayer::ProcessVideoData size:19044 dts:18.500 pts:18.560 dur:20.000ms, clock:9.461 level:94
2021-12-12 11:59:41.164 T:5210 DEBUG : CVideoPlayer::ProcessVideoData size:1952 dts:18.520 pts:18.540 dur:20.000ms, clock:9.461 level:94
2021-12-12 11:59:41.165 T:5210 DEBUG : CVideoPlayer::ProcessVideoData size:1202 dts:18.540 pts:18.580 dur:20.000ms, clock:9.462 level:94
2021-12-12 11:59:41.166 T:5210 DEBUG : CVideoPlayer::ProcessVideoData size:27023 dts:18.560 pts:18.680 dur:20.000ms, clock:9.463 level:94
2021-12-12 11:59:41.186 T:5021 DEBUG : ActiveAE::SyncStream - average error of -0.003480, start adjusting
2021-12-12 11:59:41.186 T:5021 DEBUG : ActiveAE::SyncStream - average error -0.003480 below threshold of 30.000000
2021-12-12 11:59:41.237 T:5210 DEBUG : CVideoPlayer::ProcessVideoData size:18720 dts:18.580 pts:18.640 dur:20.000ms, clock:9.534 level:92
2021-12-12 11:59:41.238 T:5210 DEBUG : CVideoPlayer::ProcessVideoData size:1890 dts:18.600 pts:18.620 dur:20.000ms, clock:9.535 level:93
2021-12-12 11:59:41.238 T:5210 DEBUG : CVideoPlayer::ProcessVideoData size:2019 dts:18.620 pts:18.660 dur:20.000ms, clock:9.536 level:93
2021-12-12 11:59:41.239 T:5210 DEBUG : CVideoPlayer::ProcessVideoData size:23080 dts:18.640 pts:18.720 dur:20.000ms, clock:9.536 level:93
2021-12-12 11:59:41.239 T:5210 DEBUG : CVideoPlayer::ProcessVideoData size:1768 dts:18.660 pts:18.700 dur:20.000ms, clock:9.536 level:93
2021-12-12 11:59:41.347 T:5210 DEBUG : CVideoPlayer::ProcessVideoData size:3390 dts:18.680 pts:18.740 dur:20.000ms, clock:9.644 level:94
2021-12-12 11:59:41.452 T:5210 DEBUG : CVideoPlayer::ProcessVideoData size:340583 dts:18.700 pts:19.080 dur:20.000ms, clock:9.749 level:94
2021-12-12 11:59:41.454 T:5210 DEBUG : CVideoPlayer::ProcessVideoData size:83880 dts:18.720 pts:18.920 dur:20.000ms, clock:9.751 level:94
2021-12-12 11:59:41.456 T:5210 DEBUG : CVideoPlayer::ProcessVideoData size:49400 dts:18.740 pts:18.840 dur:20.000ms, clock:9.753 level:94
2021-12-12 11:59:41.456 T:5210 DEBUG : CVideoPlayer::ProcessVideoData size:23784 dts:18.760 pts:18.800 dur:20.000ms, clock:9.753 level:94
2021-12-12 11:59:41.456 T:5210 DEBUG : CVideoPlayer::ProcessVideoData size:2963 dts:18.780 pts:18.780 dur:20.000ms, clock:9.753 level:95
2021-12-12 11:59:41.457 T:5210 DEBUG : CVideoPlayer::ProcessVideoData size:1960 dts:18.800 pts:18.820 dur:20.000ms, clock:9.754 level:95
2021-12-12 11:59:41.457 T:5210 DEBUG : CVideoPlayer::ProcessVideoData size:20757 dts:18.820 pts:18.880 dur:20.000ms, clock:9.755 level:95
2021-12-12 11:59:41.458 T:5210 DEBUG : CVideoPlayer::ProcessVideoData size:1972 dts:18.840 pts:18.860 dur:20.000ms, clock:9.755 level:95
2021-12-12 11:59:41.541 T:5210 DEBUG : CVideoPlayer::ProcessVideoData size:2345 dts:18.860 pts:18.900 dur:20.000ms, clock:9.838 level:96
2021-12-12 11:59:41.543 T:5210 DEBUG : CVideoPlayer::ProcessVideoData size:47480 dts:18.880 pts:19.000 dur:20.000ms, clock:9.840 level:96
2021-12-12 11:59:41.543 T:5210 DEBUG : CVideoPlayer::ProcessVideoData size:20997 dts:18.900 pts:18.960 dur:20.000ms, clock:9.841 level:96
2021-12-12 11:59:41.544 T:5210 DEBUG : CVideoPlayer::ProcessVideoData size:2253 dts:18.920 pts:18.940 dur:20.000ms, clock:9.841 level:96
2021-12-12 11:59:41.545 T:5210 DEBUG : CVideoPlayer::ProcessVideoData size:1869 dts:18.940 pts:18.980 dur:20.000ms, clock:9.842 level:97
2021-12-12 11:59:41.545 T:5210 DEBUG : CVideoPlayer::ProcessVideoData size:23741 dts:18.960 pts:19.040 dur:20.000ms, clock:9.843 level:97
2021-12-12 11:59:41.546 T:5210 DEBUG : CVideoPlayer::ProcessVideoData size:1687 dts:18.980 pts:19.020 dur:20.000ms, clock:9.843 level:97
2021-12-12 11:59:41.594 T:5210 DEBUG : CVideoPlayer::ProcessVideoData size:2896 dts:19.000 pts:19.060 dur:20.000ms, clock:9.892 level:97
2021-12-12 11:59:41.599 T:5210 DEBUG : CVideoPlayer::ProcessVideoData size:176660 dts:19.020 pts:19.280 dur:20.000ms, clock:9.896 level:98
2021-12-12 11:59:41.643 T:5210 DEBUG : CVideoPlayer::ProcessVideoData size:63134 dts:19.040 pts:19.180 dur:20.000ms, clock:9.940 level:98
2021-12-12 11:59:41.645 T:5210 DEBUG : CVideoPlayer::ProcessVideoData size:33956 dts:19.060 pts:19.140 dur:20.000ms, clock:9.942 level:98
2021-12-12 11:59:41.646 T:5210 DEBUG : CVideoPlayer::ProcessVideoData size:15902 dts:19.080 pts:19.120 dur:20.000ms, clock:9.943 level:99
2021-12-12 11:59:41.646 T:5210 DEBUG : CVideoPlayer::ProcessVideoData size:2461 dts:19.100 pts:19.100 dur:20.000ms, clock:9.943 level:99
2021-12-12 11:59:41.648 T:5210 DEBUG : CVideoPlayer::ProcessVideoData size:1925 dts:19.120 pts:19.160 dur:20.000ms, clock:9.945 level:99
2021-12-12 11:59:41.650 T:5210 DEBUG : CVideoPlayer::ProcessVideoData size:26838 dts:19.140 pts:19.240 dur:20.000ms, clock:9.947 level:99
2021-12-12 11:59:41.731 T:5213 DEBUG : CVideoPlayerVideo::OutputPicture - ttd:171ms pts:10.200 Clock:10.028 Level:5
2021-12-12 11:59:41.751 T:5210 DEBUG : CVideoPlayer::ProcessVideoData size:14501 dts:19.160 pts:19.220 dur:20.000ms, clock:10.049 level:99
2021-12-12 11:59:41.791 T:5213 DEBUG : CVideoPlayerVideo::OutputPicture - ttd:131ms pts:10.220 Clock:10.088 Level:3
2021-12-12 11:59:41.812 T:5213 DEBUG : CVideoPlayerVideo::OutputPicture - ttd:130ms pts:10.240 Clock:10.110 Level:3
2021-12-12 11:59:41.814 T:5210 DEBUG : CVideoPlayer::ProcessVideoData size:1943 dts:19.180 pts:19.200 dur:20.000ms, clock:10.111 level:99
2021-12-12 11:59:41.829 T:5213 DEBUG : CVideoPlayerVideo::OutputPicture - ttd:133ms pts:10.260 Clock:10.126 Level:4
2021-12-12 11:59:41.834 T:5210 DEBUG : CVideoPlayer::ProcessVideoData size:2440 dts:19.200 pts:19.260 dur:20.000ms, clock:10.132 level:99
2021-12-12 11:59:41.850 T:5213 DEBUG : CVideoPlayerVideo::OutputPicture - ttd:133ms pts:10.280 Clock:10.147 Level:4
2021-12-12 11:59:41.869 T:5213 DEBUG : CVideoPlayerVideo::OutputPicture - ttd:133ms pts:10.300 Clock:10.166 Level:3
2021-12-12 11:59:41.889 T:5213 DEBUG : CVideoPlayerVideo::OutputPicture - ttd:134ms pts:10.320 Clock:10.186 Level:4
2021-12-12 11:59:41.909 T:5213 DEBUG : CVideoPlayerVideo::OutputPicture - ttd:134ms pts:10.340 Clock:10.206 Level:4
2021-12-12 11:59:41.928 T:5213 DEBUG : CVideoPlayerVideo::OutputPicture - ttd:134ms pts:10.360 Clock:10.225 Level:4
2021-12-12 11:59:41.938 T:5213 DEBUG : CVideoPlayerVideo::OutputPicture - ttd:144ms pts:10.380 Clock:10.235 Level:4
2021-12-12 11:59:41.951 T:5213 DEBUG : CVideoPlayerVideo::OutputPicture - ttd:151ms pts:10.400 Clock:10.248 Level:4
2021-12-12 11:59:41.970 T:5213 DEBUG : CVideoPlayerVideo::OutputPicture - ttd:152ms pts:10.420 Clock:10.268 Level:4
2021-12-12 11:59:41.994 T:5213 DEBUG : CVideoPlayerVideo::OutputPicture - ttd:149ms pts:10.440 Clock:10.291 Level:4
2021-12-12 11:59:42.013 T:5213 DEBUG : CVideoPlayerVideo::OutputPicture - ttd:149ms pts:10.460 Clock:10.310 Level:4
2021-12-12 11:59:42.028 T:5213 DEBUG : CVideoPlayerVideo::OutputPicture - ttd:154ms pts:10.480 Clock:10.325 Level:5
2021-12-12 11:59:42.053 T:5213 DEBUG : CVideoPlayerVideo::OutputPicture - ttd:149ms pts:10.500 Clock:10.350 Level:4
2021-12-12 11:59:42.072 T:5213 DEBUG : CVideoPlayerVideo::OutputPicture - ttd:150ms pts:10.520 Clock:10.369 Level:4
2021-12-12 11:59:42.103 T:5210 DEBUG : CVideoPlayer::ProcessVideoData size:1147486 dts:18442240474082.180 pts:18442240474082.180 dur:20.000ms, clock:10.400 level:96
2021-12-12 11:59:42.103 T:5210 DEBUG : CVideoPlayer::ProcessVideoData size:58092 dts:19.240 pts:19.620 dur:20.000ms, clock:10.401 level:96
2021-12-12 11:59:42.104 T:5210 DEBUG : CVideoPlayer::ProcessVideoData size:581 dts:19.260 pts:19.460 dur:20.000ms, clock:10.401 level:96
2021-12-12 11:59:42.104 T:5210 DEBUG : CVideoPlayer::ProcessVideoData size:476 dts:19.280 pts:19.380 dur:20.000ms, clock:10.401 level:97
2021-12-12 11:59:42.104 T:5210 DEBUG : CVideoPlayer::ProcessVideoData size:317 dts:19.300 pts:19.340 dur:20.000ms, clock:10.401 level:97
2021-12-12 11:59:42.104 T:5210 DEBUG : CVideoPlayer::ProcessVideoData size:306 dts:19.320 pts:19.320 dur:20.000ms, clock:10.401 level:97
2021-12-12 11:59:42.105 T:5210 DEBUG : CVideoPlayer::ProcessVideoData size:135 dts:19.340 pts:19.360 dur:20.000ms, clock:10.402 level:97
2021-12-12 11:59:42.105 T:5210 DEBUG : CVideoPlayer::ProcessVideoData size:353 dts:19.360 pts:19.420 dur:20.000ms, clock:10.402 level:98
2021-12-12 11:59:42.105 T:5210 DEBUG : CVideoPlayer::ProcessVideoData size:176 dts:19.380 pts:19.400 dur:20.000ms, clock:10.402 level:98
2021-12-12 11:59:42.105 T:5210 DEBUG : CVideoPlayer::ProcessVideoData size:136 dts:19.400 pts:19.440 dur:20.000ms, clock:10.402 level:98
2021-12-12 11:59:42.105 T:5210 DEBUG : CVideoPlayer::ProcessVideoData size:1072 dts:19.420 pts:19.540 dur:20.000ms, clock:10.402 level:98
2021-12-12 11:59:42.105 T:5210 DEBUG : CVideoPlayer::ProcessVideoData size:730 dts:19.440 pts:19.500 dur:20.000ms, clock:10.403 level:99
2021-12-12 11:59:42.106 T:5210 DEBUG : CVideoPlayer::ProcessVideoData size:249 dts:19.460 pts:19.480 dur:20.000ms, clock:10.403 level:99
2021-12-12 11:59:42.106 T:5210 DEBUG : CVideoPlayer::ProcessVideoData size:226 dts:19.480 pts:19.520 dur:20.000ms, clock:10.403 level:99
2021-12-12 11:59:42.106 T:5210 DEBUG : CVideoPlayer::ProcessVideoData size:1046 dts:19.500 pts:19.580 dur:20.000ms, clock:10.403 level:99
2021-12-12 11:59:42.108 T:5213 DEBUG : CVideoPlayerVideo::OutputPicture - ttd:135ms pts:10.540 Clock:10.405 Level:4
2021-12-12 11:59:42.109 T:5213 DEBUG : CVideoPlayerVideo::OutputPicture - ttd:153ms pts:10.560 Clock:10.407 Level:4
2021-12-12 11:59:42.111 T:5213 DEBUG : CVideoPlayerVideo::OutputPicture - ttd:171ms pts:10.580 Clock:10.408 Level:5
2021-12-12 11:59:42.112 T:5213 DEBUG : CVideoPlayerVideo::OutputPicture - ttd:190ms pts:10.600 Clock:10.409 Level:6
2021-12-12 11:59:42.130 T:5213 DEBUG : CVideoPlayerVideo::OutputPicture - ttd:209ms pts:10.620 Clock:10.411 Level:6
2021-12-12 11:59:42.147 T:5210 DEBUG : CVideoPlayer::ProcessVideoData size:387 dts:19.520 pts:19.560 dur:20.000ms, clock:10.444 level:99
2021-12-12 11:59:42.191 T:5210 DEBUG : CVideoPlayer::ProcessVideoData size:338 dts:19.540 pts:19.600 dur:20.000ms, clock:10.488 level:98
2021-12-12 11:59:42.193 T:5210 DEBUG : CVideoPlayer::ProcessVideoData size:105111 dts:19.560 pts:19.940 dur:20.000ms, clock:10.490 level:99
2021-12-12 11:59:42.194 T:5210 DEBUG : CVideoPlayer::ProcessVideoData size:1401 dts:19.580 pts:19.780 dur:20.000ms, clock:10.491 level:99
2021-12-12 11:59:42.194 T:5210 DEBUG : CVideoPlayer::ProcessVideoData size:1528 dts:19.600 pts:19.700 dur:20.000ms, clock:10.491 level:99
2021-12-12 11:59:42.194 T:5210 DEBUG : CVideoPlayer::ProcessVideoData size:1067 dts:19.620 pts:19.660 dur:20.000ms, clock:10.491 level:99
2021-12-12 11:59:42.205 T:5210 DEBUG : CVideoPlayer::ProcessVideoData size:420 dts:19.640 pts:19.640 dur:20.000ms, clock:10.502 level:99
2021-12-12 11:59:42.215 T:5210 DEBUG : CVideoPlayer::ProcessVideoData size:212 dts:19.660 pts:19.680 dur:20.000ms, clock:10.513 level:99
2021-12-12 11:59:42.226 T:5210 DEBUG : CVideoPlayer::ProcessVideoData size:935 dts:19.680 pts:19.740 dur:20.000ms, clock:10.523 level:99
2021-12-12 11:59:42.226 T:5210 DEBUG : CVideoPlayer::ProcessVideoData size:441 dts:19.700 pts:19.720 dur:20.000ms, clock:10.524 level:99
2021-12-12 11:59:42.227 T:5210 DEBUG : CVideoPlayer::ProcessVideoData size:333 dts:19.720 pts:19.760 dur:20.000ms, clock:10.524 level:99
2021-12-12 11:59:42.237 T:5210 DEBUG : CVideoPlayer::ProcessVideoData size:1454 dts:19.740 pts:19.860 dur:20.000ms, clock:10.534 level:99
2021-12-12 11:59:42.238 T:5210 DEBUG : CVideoPlayer::ProcessVideoData size:842 dts:19.760 pts:19.820 dur:20.000ms, clock:10.535 level:99
2021-12-12 11:59:42.248 T:5210 DEBUG : CVideoPlayer::ProcessVideoData size:544 dts:19.780 pts:19.800 dur:20.000ms, clock:10.545 level:99
2021-12-12 11:59:42.259 T:5210 DEBUG : CVideoPlayer::ProcessVideoData size:354 dts:19.800 pts:19.840 dur:20.000ms, clock:10.556 level:99
2021-12-12 11:59:42.260 T:5210 DEBUG : CVideoPlayer::ProcessVideoData size:1494 dts:19.820 pts:19.900 dur:20.000ms, clock:10.557 level:99
2021-12-12 11:59:42.270 T:5210 DEBUG : CVideoPlayer::ProcessVideoData size:265 dts:19.840 pts:19.880 dur:20.000ms, clock:10.567 level:99
2021-12-12 11:59:42.285 T:5213 DEBUG : CVideoPlayerVideo::OutputPicture - ttd:1018ms pts:11.600 Clock:10.582 Level:0
2021-12-12 11:59:42.292 T:5213 DEBUG : CVideoPlayerVideo::OutputPicture - ttd:1030ms pts:11.620 Clock:10.589 Level:1
2021-12-12 11:59:42.301 T:5210 DEBUG : CVideoPlayer::ProcessVideoData size:329 dts:19.860 pts:19.920 dur:20.000ms, clock:10.598 level:98
2021-12-12 11:59:42.304 T:5213 DEBUG : CVideoPlayerVideo::OutputPicture - ttd:1038ms pts:11.640 Clock:10.602 Level:2
2021-12-12 11:59:42.311 T:5213 DEBUG : CVideoPlayerVideo::OutputPicture - ttd:1051ms pts:11.660 Clock:10.608 Level:3
2021-12-12 11:59:42.323 T:5213 DEBUG : CVideoPlayerVideo::OutputPicture - ttd:1059ms pts:11.680 Clock:10.621 Level:4
2021-12-12 11:59:42.330 T:5213 DEBUG : CVideoPlayerVideo::OutputPicture - ttd:1072ms pts:11.700 Clock:10.627 Level:5
2021-12-12 11:59:42.339 T:5213 DEBUG : CVideoPlayerVideo::OutputPicture - ttd:1083ms pts:11.720 Clock:10.636 Level:6
2021-12-12 11:59:42.909 T:5210 DEBUG : CVideoPlayer::ProcessVideoData size:1752961 dts:19.880 pts:20.260 dur:20.000ms, clock:11.207 level:89
2021-12-12 11:59:42.910 T:5210 DEBUG : CVideoPlayer::ProcessVideoData size:1310 dts:19.900 pts:20.100 dur:20.000ms, clock:11.207 level:90
2021-12-12 11:59:42.910 T:5210 DEBUG : CVideoPlayer::ProcessVideoData size:1415 dts:19.920 pts:20.020 dur:20.000ms, clock:11.207 level:90
2021-12-12 11:59:42.910 T:5210 DEBUG : CVideoPlayer::ProcessVideoData size:1469 dts:19.940 pts:19.980 dur:20.000ms, clock:11.208 level:90
2021-12-12 11:59:42.911 T:5210 DEBUG : CVideoPlayer::ProcessVideoData size:500 dts:19.960 pts:19.960 dur:20.000ms, clock:11.208 level:90
2021-12-12 11:59:42.911 T:5210 DEBUG : CVideoPlayer::ProcessVideoData size:361 dts:19.980 pts:20.000 dur:20.000ms, clock:11.208 level:91
2021-12-12 11:59:42.911 T:5210 DEBUG : CVideoPlayer::ProcessVideoData size:670 dts:20.000 pts:20.060 dur:20.000ms, clock:11.208 level:91
2021-12-12 11:59:42.911 T:5210 DEBUG : CVideoPlayer::ProcessVideoData size:412 dts:20.020 pts:20.040 dur:20.000ms, clock:11.208 level:91
2021-12-12 11:59:42.911 T:5210 DEBUG : CVideoPlayer::ProcessVideoData size:156 dts:20.040 pts:20.080 dur:20.000ms, clock:11.209 level:91
2021-12-12 11:59:42.912 T:5210 DEBUG : CVideoPlayer::ProcessVideoData size:1632 dts:20.060 pts:20.180 dur:20.000ms, clock:11.209 level:92
2021-12-12 11:59:42.912 T:5210 DEBUG : CVideoPlayer::ProcessVideoData size:703 dts:20.080 pts:20.140 dur:20.000ms, clock:11.209 level:92
2021-12-12 11:59:42.912 T:5210 DEBUG : CVideoPlayer::ProcessVideoData size:148 dts:20.100 pts:20.120 dur:20.000ms, clock:11.209 level:92
2021-12-12 11:59:42.912 T:5210 DEBUG : CVideoPlayer::ProcessVideoData size:448 dts:20.120 pts:20.160 dur:20.000ms, clock:11.209 level:92
2021-12-12 11:59:42.912 T:5210 DEBUG : CVideoPlayer::ProcessVideoData size:1230 dts:20.140 pts:20.220 dur:20.000ms, clock:11.209 level:93
2021-12-12 11:59:42.912 T:5210 DEBUG : CVideoPlayer::ProcessVideoData size:429 dts:20.160 pts:20.200 dur:20.000ms, clock:11.210 level:93
2021-12-12 11:59:42.946 T:5210 DEBUG : CVideoPlayer::ProcessVideoData size:626 dts:20.180 pts:20.240 dur:20.000ms, clock:11.243 level:93
2021-12-12 11:59:43.049 T:5090 DEBUG : [ script.embuary.helper ] Start new fanart grabber process
2021-12-12 11:59:43.144 T:5210 DEBUG : CVideoPlayer::ProcessVideoData size:614373 dts:20.200 pts:20.580 dur:20.000ms, clock:11.441 level:93
2021-12-12 11:59:43.144 T:5210 DEBUG : CVideoPlayer::ProcessVideoData size:920 dts:20.220 pts:20.420 dur:20.000ms, clock:11.441 level:94
2021-12-12 11:59:43.144 T:5210 DEBUG : CVideoPlayer::ProcessVideoData size:1040 dts:20.240 pts:20.340 dur:20.000ms, clock:11.441 level:94
2021-12-12 11:59:43.144 T:5210 DEBUG : CVideoPlayer::ProcessVideoData size:660 dts:20.260 pts:20.300 dur:20.000ms, clock:11.442 level:94
2021-12-12 11:59:43.144 T:5210 DEBUG : CVideoPlayer::ProcessVideoData size:375 dts:20.280 pts:20.280 dur:20.000ms, clock:11.442 level:94
2021-12-12 11:59:43.145 T:5210 DEBUG : CVideoPlayer::ProcessVideoData size:342 dts:20.300 pts:20.320 dur:20.000ms, clock:11.442 level:95
2021-12-12 11:59:43.145 T:5210 DEBUG : CVideoPlayer::ProcessVideoData size:626 dts:20.320 pts:20.380 dur:20.000ms, clock:11.442 level:95
2021-12-12 11:59:43.145 T:5210 DEBUG : CVideoPlayer::ProcessVideoData size:376 dts:20.340 pts:20.360 dur:20.000ms, clock:11.442 level:95
2021-12-12 11:59:43.145 T:5210 DEBUG : CVideoPlayer::ProcessVideoData size:386 dts:20.360 pts:20.400 dur:20.000ms, clock:11.442 level:95
2021-12-12 11:59:43.145 T:5210 DEBUG : CVideoPlayer::ProcessVideoData size:1125 dts:20.380 pts:20.500 dur:20.000ms, clock:11.442 level:96
2021-12-12 11:59:43.145 T:5210 DEBUG : CVideoPlayer::ProcessVideoData size:332 dts:20.400 pts:20.460 dur:20.000ms, clock:11.442 level:96
2021-12-12 11:59:43.145 T:5210 DEBUG : CVideoPlayer::ProcessVideoData size:311 dts:20.420 pts:20.440 dur:20.000ms, clock:11.442 level:96
2021-12-12 11:59:43.145 T:5210 DEBUG : CVideoPlayer::ProcessVideoData size:172 dts:20.440 pts:20.480 dur:20.000ms, clock:11.442 level:96
2021-12-12 11:59:43.145 T:5210 DEBUG : CVideoPlayer::ProcessVideoData size:976 dts:20.460 pts:20.540 dur:20.000ms, clock:11.443 level:97
2021-12-12 11:59:43.146 T:5210 DEBUG : CVideoPlayer::ProcessVideoData size:172 dts:20.480 pts:20.520 dur:20.000ms, clock:11.443 level:97
2021-12-12 11:59:43.198 T:5210 DEBUG : CVideoPlayer::ProcessVideoData size:457 dts:20.500 pts:20.560 dur:20.000ms, clock:11.496 level:97
2021-12-12 11:59:43.203 T:5210 DEBUG : CVideoPlayer::ProcessVideoData size:89211 dts:20.520 pts:20.900 dur:20.000ms, clock:11.500 level:97
2021-12-12 11:59:43.203 T:5210 DEBUG : CVideoPlayer::ProcessVideoData size:1851 dts:20.540 pts:20.740 dur:20.000ms, clock:11.501 level:98
2021-12-12 11:59:43.204 T:5210 DEBUG : CVideoPlayer::ProcessVideoData size:782 dts:20.560 pts:20.660 dur:20.000ms, clock:11.501 level:98
2021-12-12 11:59:43.204 T:5210 DEBUG : CVideoPlayer::ProcessVideoData size:1023 dts:20.580 pts:20.620 dur:20.000ms, clock:11.501 level:98
2021-12-12 11:59:43.204 T:5210 DEBUG : CVideoPlayer::ProcessVideoData size:546 dts:20.600 pts:20.600 dur:20.000ms, clock:11.501 level:98
2021-12-12 11:59:43.204 T:5210 DEBUG : CVideoPlayer::ProcessVideoData size:268 dts:20.620 pts:20.640 dur:20.000ms, clock:11.501 level:99
2021-12-12 11:59:43.204 T:5210 DEBUG : CVideoPlayer::ProcessVideoData size:862 dts:20.640 pts:20.700 dur:20.000ms, clock:11.501 level:99
2021-12-12 11:59:43.204 T:5210 DEBUG : CVideoPlayer::ProcessVideoData size:399 dts:20.660 pts:20.680 dur:20.000ms, clock:11.501 level:99
2021-12-12 11:59:43.205 T:5210 DEBUG : CVideoPlayer::ProcessVideoData size:229 dts:20.680 pts:20.720 dur:20.000ms, clock:11.502 level:99
2021-12-12 11:59:43.271 T:5213 DEBUG : CVideoPlayerVideo::OutputPicture - ttd:171ms pts:11.740 Clock:11.568 Level:5
2021-12-12 11:59:43.286 T:5210 DEBUG : CVideoPlayer::ProcessVideoData size:1260 dts:20.700 pts:20.820 dur:20.000ms, clock:11.583 level:99
2021-12-12 11:59:43.286 T:5210 DEBUG : CVideoPlayer::ProcessVideoData size:623 dts:20.720 pts:20.780 dur:20.000ms, clock:11.584 level:99
2021-12-12 11:59:43.328 T:5213 DEBUG : CVideoPlayerVideo::OutputPicture - ttd:134ms pts:11.760 Clock:11.625 Level:4
2021-12-12 11:59:43.347 T:5213 DEBUG : CVideoPlayerVideo::OutputPicture - ttd:135ms pts:11.780 Clock:11.645 Level:4
2021-12-12 11:59:43.368 T:5210 DEBUG : CVideoPlayer::ProcessVideoData size:230 dts:20.740 pts:20.760 dur:20.000ms, clock:11.665 level:99
2021-12-12 11:59:43.369 T:5210 DEBUG : CVideoPlayer::ProcessVideoData size:366 dts:20.760 pts:20.800 dur:20.000ms, clock:11.666 level:99
2021-12-12 11:59:43.373 T:5213 DEBUG : CVideoPlayerVideo::OutputPicture - ttd:129ms pts:11.800 Clock:11.670 Level:3
2021-12-12 11:59:43.374 T:5090 DEBUG : GetArtistsByWhereJSON query: SELECT a1.*, art.art_id AS idArt, art.type AS artType, art.url AS artURL FROM (SELECT artist.idArtist, strArtist FROM artist WHERE (EXISTS (SELECT 1 FROM song_artist WHERE song_artist.idArtist = artist.idArtist AND song_artist.idRole = 1) OR EXISTS (SELECT 1 FROM album_artist WHERE album_artist.idArtist = artist.idArtist)) AND (artist.strArtist != '') ORDER BY RANDOM() LIMIT 40) AS a1 LEFT JOIN art ON art.media_id = a1.idArtist AND art.media_type = 'artist' GROUP BY a1.idArtist, art.art_id ORDER BY a1.idArtist, arttype
2021-12-12 11:59:43.375 T:5090 DEBUG : GetArtistsByWhereJSON - query took 1 ms
2021-12-12 11:59:43.388 T:5213 DEBUG : CVideoPlayerVideo::OutputPicture - ttd:134ms pts:11.820 Clock:11.685 Level:4
2021-12-12 11:59:43.410 T:5213 DEBUG : CVideoPlayerVideo::OutputPicture - ttd:133ms pts:11.840 Clock:11.707 Level:3
2021-12-12 11:59:43.410 T:5210 DEBUG : CVideoPlayer::ProcessVideoData size:1242 dts:20.780 pts:20.860 dur:20.000ms, clock:11.707 level:99
2021-12-12 11:59:43.431 T:5210 DEBUG : CVideoPlayer::ProcessVideoData size:447 dts:20.800 pts:20.840 dur:20.000ms, clock:11.728 level:99
2021-12-12 11:59:43.432 T:5213 DEBUG : CVideoPlayerVideo::OutputPicture - ttd:130ms pts:11.860 Clock:11.729 Level:3
2021-12-12 11:59:43.453 T:5213 DEBUG : CVideoPlayerVideo::OutputPicture - ttd:129ms pts:11.880 Clock:11.750 Level:3
2021-12-12 11:59:43.456 T:5210 DEBUG : CVideoPlayer::ProcessVideoData size:396 dts:20.820 pts:20.880 dur:20.000ms, clock:11.753 level:99
2021-12-12 11:59:43.473 T:5213 DEBUG : CVideoPlayerVideo::OutputPicture - ttd:130ms pts:11.900 Clock:11.770 Level:3
2021-12-12 11:59:43.492 T:5213 DEBUG : CVideoPlayerVideo::OutputPicture - ttd:131ms pts:11.920 Clock:11.789 Level:3
2021-12-12 11:59:43.500 T:5213 DEBUG : CVideoPlayerVideo::OutputPicture - ttd:143ms pts:11.940 Clock:11.797 Level:4
2021-12-12 11:59:43.512 T:5213 DEBUG : CVideoPlayerVideo::OutputPicture - ttd:151ms pts:11.960 Clock:11.809 Level:4
2021-12-12 11:59:43.531 T:5213 DEBUG : CVideoPlayerVideo::OutputPicture - ttd:151ms pts:11.980 Clock:11.828 Level:4
2021-12-12 11:59:43.551 T:5213 DEBUG : CVideoPlayerVideo::OutputPicture - ttd:152ms pts:12.000 Clock:11.848 Level:4
2021-12-12 11:59:43.571 T:5213 DEBUG : CVideoPlayerVideo::OutputPicture - ttd:152ms pts:12.020 Clock:11.868 Level:4
2021-12-12 11:59:43.590 T:5213 DEBUG : CVideoPlayerVideo::OutputPicture - ttd:152ms pts:12.040 Clock:11.887 Level:4
2021-12-12 11:59:43.609 T:5213 DEBUG : CVideoPlayerVideo::OutputPicture - ttd:153ms pts:12.060 Clock:11.906 Level:4
2021-12-12 11:59:43.650 T:5213 DEBUG : CVideoPlayerVideo::OutputPicture - ttd:133ms pts:12.080 Clock:11.947 Level:4
2021-12-12 11:59:43.669 T:5213 DEBUG : CVideoPlayerVideo::OutputPicture - ttd:133ms pts:12.100 Clock:11.967 Level:4
2021-12-12 11:59:43.689 T:5213 DEBUG : CVideoPlayerVideo::OutputPicture - ttd:134ms pts:12.120 Clock:11.986 Level:4
2021-12-12 11:59:43.711 T:5213 DEBUG : CVideoPlayerVideo::OutputPicture - ttd:132ms pts:12.140 Clock:12.008 Level:3
2021-12-12 11:59:43.732 T:5213 DEBUG : CVideoPlayerVideo::OutputPicture - ttd:130ms pts:12.160 Clock:12.029 Level:3
2021-12-12 11:59:43.747 T:5213 DEBUG : CVideoPlayerVideo::OutputPicture - ttd:136ms pts:12.180 Clock:12.044 Level:4
2021-12-12 11:59:43.767 T:5213 DEBUG : CVideoPlayerVideo::OutputPicture - ttd:135ms pts:12.200 Clock:12.064 Level:4
2021-12-12 11:59:43.787 T:5213 DEBUG : CVideoPlayerVideo::OutputPicture - ttd:136ms pts:12.220 Clock:12.084 Level:4
2021-12-12 11:59:43.813 T:5213 DEBUG : CVideoPlayerVideo::OutputPicture - ttd:130ms pts:12.240 Clock:12.110 Level:3
2021-12-12 11:59:43.821 T:5213 DEBUG : CVideoPlayerVideo::OutputPicture - ttd:142ms pts:12.260 Clock:12.118 Level:4
2021-12-12 11:59:43.827 T:5213 DEBUG : CVideoPlayerVideo::OutputPicture - ttd:155ms pts:12.280 Clock:12.125 Level:5
2021-12-12 11:59:43.852 T:5213 DEBUG : CVideoPlayerVideo::OutputPicture - ttd:150ms pts:12.300 Clock:12.149 Level:4
2021-12-12 11:59:43.868 T:5213 DEBUG : CVideoPlayerVideo::OutputPicture - ttd:154ms pts:12.320 Clock:12.165 Level:5
2021-12-12 11:59:43.869 T:5210 DEBUG : CVideoPlayer::ProcessVideoData size:1713699 dts:20.840 pts:21.220 dur:20.000ms, clock:12.166 level:94
2021-12-12 11:59:43.870 T:5210 DEBUG : CVideoPlayer::ProcessVideoData size:2073 dts:20.860 pts:21.060 dur:20.000ms, clock:12.167 level:94
2021-12-12 11:59:43.870 T:5210 DEBUG : CVideoPlayer::ProcessVideoData size:2898 dts:20.880 pts:20.980 dur:20.000ms, clock:12.168 level:95
2021-12-12 11:59:43.871 T:5210 DEBUG : CVideoPlayer::ProcessVideoData size:1251 dts:20.900 pts:20.940 dur:20.000ms, clock:12.168 level:95
2021-12-12 11:59:43.871 T:5210 DEBUG : CVideoPlayer::ProcessVideoData size:310 dts:20.920 pts:20.920 dur:20.000ms, clock:12.168 level:95
2021-12-12 11:59:43.872 T:5210 DEBUG : CVideoPlayer::ProcessVideoData size:354 dts:20.940 pts:20.960 dur:20.000ms, clock:12.169 level:95
2021-12-12 11:59:43.872 T:5210 DEBUG : CVideoPlayer::ProcessVideoData size:1985 dts:20.960 pts:21.020 dur:20.000ms, clock:12.169 level:96
2021-12-12 11:59:43.872 T:5210 DEBUG : CVideoPlayer::ProcessVideoData size:492 dts:20.980 pts:21.000 dur:20.000ms, clock:12.169 level:96
2021-12-12 11:59:43.892 T:5213 DEBUG : CVideoPlayerVideo::OutputPicture - ttd:150ms pts:12.340 Clock:12.190 Level:4
2021-12-12 11:59:43.893 T:5210 DEBUG : CVideoPlayer::ProcessVideoData size:269 dts:21.000 pts:21.040 dur:20.000ms, clock:12.191 level:96
2021-12-12 11:59:43.894 T:5210 DEBUG : CVideoPlayer::ProcessVideoData size:1478 dts:21.020 pts:21.140 dur:20.000ms, clock:12.191 level:96
2021-12-12 11:59:43.894 T:5210 DEBUG : CVideoPlayer::ProcessVideoData size:1120 dts:21.040 pts:21.100 dur:20.000ms, clock:12.191 level:96
2021-12-12 11:59:43.894 T:5210 DEBUG : CVideoPlayer::ProcessVideoData size:295 dts:21.060 pts:21.080 dur:20.000ms, clock:12.191 level:96
2021-12-12 11:59:43.894 T:5210 DEBUG : CVideoPlayer::ProcessVideoData size:283 dts:21.080 pts:21.120 dur:20.000ms, clock:12.191 level:97
2021-12-12 11:59:43.894 T:5210 DEBUG : CVideoPlayer::ProcessVideoData size:1064 dts:21.100 pts:21.180 dur:20.000ms, clock:12.192 level:97
2021-12-12 11:59:43.895 T:5210 DEBUG : CVideoPlayer::ProcessVideoData size:553 dts:21.120 pts:21.160 dur:20.000ms, clock:12.192 level:97
2021-12-12 11:59:43.907 T:5213 DEBUG : CVideoPlayerVideo::OutputPicture - ttd:155ms pts:12.360 Clock:12.205 Level:5
2021-12-12 11:59:43.933 T:5213 DEBUG : CVideoPlayerVideo::OutputPicture - ttd:149ms pts:12.380 Clock:12.230 Level:4
2021-12-12 11:59:43.950 T:5210 DEBUG : CVideoPlayer::ProcessVideoData size:609 dts:21.140 pts:21.200 dur:20.000ms, clock:12.247 level:97
2021-12-12 11:59:43.971 T:5213 DEBUG : CVideoPlayerVideo::OutputPicture - ttd:131ms pts:12.400 Clock:12.268 Level:3
2021-12-12 11:59:43.991 T:5213 DEBUG : CVideoPlayerVideo::OutputPicture - ttd:132ms pts:12.420 Clock:12.288 Level:3
2021-12-12 11:59:44.010 T:5213 DEBUG : CVideoPlayerVideo::OutputPicture - ttd:133ms pts:12.440 Clock:12.307 Level:3
2021-12-12 11:59:44.032 T:5213 DEBUG : CVideoPlayerVideo::OutputPicture - ttd:131ms pts:12.460 Clock:12.329 Level:3
2021-12-12 11:59:44.054 T:5213 DEBUG : CVideoPlayerVideo::OutputPicture - ttd:129ms pts:12.480 Clock:12.351 Level:3
2021-12-12 11:59:44.061 T:5213 DEBUG : CVideoPlayerVideo::OutputPicture - ttd:141ms pts:12.500 Clock:12.358 Level:4
2021-12-12 11:59:44.071 T:5213 DEBUG : CVideoPlayerVideo::OutputPicture - ttd:151ms pts:12.520 Clock:12.368 Level:4
2021-12-12 11:59:44.089 T:5213 DEBUG : CVideoPlayerVideo::OutputPicture - ttd:153ms pts:12.540 Clock:12.387 Level:4
2021-12-12 11:59:44.098 T:5210 DEBUG : CVideoPlayer::ProcessVideoData size:583965 dts:21.160 pts:21.540 dur:20.000ms, clock:12.396 level:95
2021-12-12 11:59:44.099 T:5210 DEBUG : CVideoPlayer::ProcessVideoData size:3064 dts:21.180 pts:21.380 dur:20.000ms, clock:12.396 level:95
2021-12-12 11:59:44.099 T:5210 DEBUG : CVideoPlayer::ProcessVideoData size:1789 dts:21.200 pts:21.300 dur:20.000ms, clock:12.396 level:96
2021-12-12 11:59:44.099 T:5210 DEBUG : CVideoPlayer::ProcessVideoData size:950 dts:21.220 pts:21.260 dur:20.000ms, clock:12.397 level:96
2021-12-12 11:59:44.100 T:5210 DEBUG : CVideoPlayer::ProcessVideoData size:428 dts:21.240 pts:21.240 dur:20.000ms, clock:12.397 level:96
2021-12-12 11:59:44.100 T:5210 DEBUG : CVideoPlayer::ProcessVideoData size:455 dts:21.260 pts:21.280 dur:20.000ms, clock:12.397 level:96
2021-12-12 11:59:44.100 T:5210 DEBUG : CVideoPlayer::ProcessVideoData size:751 dts:21.280 pts:21.340 dur:20.000ms, clock:12.397 level:97
2021-12-12 11:59:44.100 T:5210 DEBUG : CVideoPlayer::ProcessVideoData size:400 dts:21.300 pts:21.320 dur:20.000ms, clock:12.397 level:97
2021-12-12 11:59:44.100 T:5210 DEBUG : CVideoPlayer::ProcessVideoData size:593 dts:21.320 pts:21.360 dur:20.000ms, clock:12.398 level:97
2021-12-12 11:59:44.101 T:5210 DEBUG : CVideoPlayer::ProcessVideoData size:1987 dts:21.340 pts:21.460 dur:20.000ms, clock:12.398 level:97
2021-12-12 11:59:44.101 T:5210 DEBUG : CVideoPlayer::ProcessVideoData size:791 dts:21.360 pts:21.420 dur:20.000ms, clock:12.398 level:98
2021-12-12 11:59:44.101 T:5210 DEBUG : CVideoPlayer::ProcessVideoData size:289 dts:21.380 pts:21.400 dur:20.000ms, clock:12.398 level:98
2021-12-12 11:59:44.101 T:5210 DEBUG : CVideoPlayer::ProcessVideoData size:283 dts:21.400 pts:21.440 dur:20.000ms, clock:12.398 level:98
2021-12-12 11:59:44.101 T:5210 DEBUG : CVideoPlayer::ProcessVideoData size:1056 dts:21.420 pts:21.500 dur:20.000ms, clock:12.398 level:98
2021-12-12 11:59:44.101 T:5210 DEBUG : CVideoPlayer::ProcessVideoData size:264 dts:21.440 pts:21.480 dur:20.000ms, clock:12.399 level:99
2021-12-12 11:59:44.109 T:5213 DEBUG : CVideoPlayerVideo::OutputPicture - ttd:153ms pts:12.560 Clock:12.406 Level:5
2021-12-12 11:59:44.128 T:5213 DEBUG : CVideoPlayerVideo::OutputPicture - ttd:154ms pts:12.580 Clock:12.425 Level:5
2021-12-12 11:59:44.144 T:5210 DEBUG : CVideoPlayer::ProcessVideoData size:535 dts:21.460 pts:21.520 dur:20.000ms, clock:12.441 level:98
2021-12-12 11:59:44.144 T:5210 DEBUG : CVideoPlayer::ProcessVideoData size:53961 dts:21.480 pts:21.860 dur:20.000ms, clock:12.441 level:99
2021-12-12 11:59:44.144 T:5210 DEBUG : CVideoPlayer::ProcessVideoData size:1692 dts:21.500 pts:21.700 dur:20.000ms, clock:12.442 level:99
2021-12-12 11:59:44.145 T:5210 DEBUG : CVideoPlayer::ProcessVideoData size:1178 dts:21.520 pts:21.620 dur:20.000ms, clock:12.442 level:99
2021-12-12 11:59:44.145 T:5210 DEBUG : CVideoPlayer::ProcessVideoData size:1111 dts:21.540 pts:21.580 dur:20.000ms, clock:12.442 level:99
2021-12-12 11:59:44.147 T:5213 DEBUG : CVideoPlayerVideo::OutputPicture - ttd:155ms pts:12.600 Clock:12.444 Level:5
2021-12-12 11:59:44.165 T:5210 DEBUG : CVideoPlayer::ProcessVideoData size:360 dts:21.560 pts:21.560 dur:20.000ms, clock:12.462 level:99
2021-12-12 11:59:44.166 T:5210 DEBUG : CVideoPlayer::ProcessVideoData size:389 dts:21.580 pts:21.600 dur:20.000ms, clock:12.463 level:99
2021-12-12 11:59:44.173 T:5213 DEBUG : CVideoPlayerVideo::OutputPicture - ttd:149ms pts:12.620 Clock:12.470 Level:4
2021-12-12 11:59:44.189 T:5213 DEBUG : CVideoPlayerVideo::OutputPicture - ttd:153ms pts:12.640 Clock:12.486 Level:5
2021-12-12 11:59:44.207 T:5210 DEBUG : CVideoPlayer::ProcessVideoData size:711 dts:21.600 pts:21.660 dur:20.000ms, clock:12.504 level:99
2021-12-12 11:59:44.207 T:5210 DEBUG : CVideoPlayer::ProcessVideoData size:429 dts:21.620 pts:21.640 dur:20.000ms, clock:12.505 level:99
2021-12-12 11:59:44.209 T:5213 DEBUG : CVideoPlayerVideo::OutputPicture - ttd:153ms pts:12.660 Clock:12.506 Level:5
2021-12-12 11:59:44.228 T:5210 DEBUG : CVideoPlayer::ProcessVideoData size:306 dts:21.640 pts:21.680 dur:20.000ms, clock:12.525 level:99
2021-12-12 11:59:44.230 T:5213 DEBUG : CVideoPlayerVideo::OutputPicture - ttd:152ms pts:12.680 Clock:12.527 Level:5
2021-12-12 11:59:44.249 T:5213 DEBUG : CVideoPlayerVideo::OutputPicture - ttd:153ms pts:12.700 Clock:12.547 Level:4
2021-12-12 11:59:44.269 T:5210 DEBUG : CVideoPlayer::ProcessVideoData size:1015 dts:21.660 pts:21.780 dur:20.000ms, clock:12.567 level:99
2021-12-12 11:59:44.289 T:5213 DEBUG : CVideoPlayerVideo::OutputPicture - ttd:134ms pts:12.720 Clock:12.586 Level:4
2021-12-12 11:59:44.309 T:5213 DEBUG : CVideoPlayerVideo::OutputPicture - ttd:134ms pts:12.740 Clock:12.606 Level:4
2021-12-12 11:59:44.311 T:5210 DEBUG : CVideoPlayer::ProcessVideoData size:996 dts:21.680 pts:21.740 dur:20.000ms, clock:12.608 level:99
2021-12-12 11:59:44.328 T:5213 DEBUG : CVideoPlayerVideo::OutputPicture - ttd:134ms pts:12.760 Clock:12.626 Level:4
2021-12-12 11:59:44.332 T:5210 DEBUG : CVideoPlayer::ProcessVideoData size:106 dts:21.700 pts:21.720 dur:20.000ms, clock:12.629 level:99
2021-12-12 11:59:44.333 T:5210 DEBUG : CVideoPlayer::ProcessVideoData size:401 dts:21.720 pts:21.760 dur:20.000ms, clock:12.630 level:99
2021-12-12 11:59:44.350 T:5213 DEBUG : CVideoPlayerVideo::OutputPicture - ttd:132ms pts:12.780 Clock:12.647 Level:3
2021-12-12 11:59:44.363 T:5210 DEBUG : CVideoPlayer::ProcessVideoData size:2160 dts:21.740 pts:21.820 dur:20.000ms, clock:12.661 level:99
2021-12-12 11:59:44.364 T:5210 DEBUG : CVideoPlayer::ProcessVideoData size:574 dts:21.760 pts:21.800 dur:20.000ms, clock:12.661 level:99
2021-12-12 11:59:44.371 T:5213 DEBUG : CVideoPlayerVideo::OutputPicture - ttd:131ms pts:12.800 Clock:12.669 Level:3
2021-12-12 11:59:44.393 T:5213 DEBUG : CVideoPlayerVideo::OutputPicture - ttd:129ms pts:12.820 Clock:12.690 Level:3
2021-12-12 11:59:44.412 T:5213 DEBUG : CVideoPlayerVideo::OutputPicture - ttd:130ms pts:12.840 Clock:12.709 Level:3
2021-12-12 11:59:44.423 T:5210 DEBUG : CVideoPlayer::ProcessVideoData size:386 dts:21.780 pts:21.840 dur:20.000ms, clock:12.720 level:99
2021-12-12 11:59:44.432 T:5213 DEBUG : CVideoPlayerVideo::OutputPicture - ttd:131ms pts:12.860 Clock:12.729 Level:3
2021-12-12 11:59:44.451 T:5213 DEBUG : CVideoPlayerVideo::OutputPicture - ttd:131ms pts:12.880 Clock:12.748 Level:3
2021-12-12 11:59:44.459 T:5213 DEBUG : CVideoPlayerVideo::OutputPicture - ttd:143ms pts:12.900 Clock:12.756 Level:4
2021-12-12 11:59:44.471 T:5213 DEBUG : CVideoPlayerVideo::OutputPicture - ttd:151ms pts:12.920 Clock:12.768 Level:4
2021-12-12 11:59:44.491 T:5213 DEBUG : CVideoPlayerVideo::OutputPicture - ttd:152ms pts:12.940 Clock:12.788 Level:4
2021-12-12 11:59:44.510 T:5213 DEBUG : CVideoPlayerVideo::OutputPicture - ttd:152ms pts:12.960 Clock:12.808 Level:4
2021-12-12 11:59:44.530 T:5213 DEBUG : CVideoPlayerVideo::OutputPicture - ttd:152ms pts:12.980 Clock:12.827 Level:5
2021-12-12 11:59:44.549 T:5213 DEBUG : CVideoPlayerVideo::OutputPicture - ttd:153ms pts:13.000 Clock:12.846 Level:4
2021-12-12 11:59:44.568 T:5213 DEBUG : CVideoPlayerVideo::OutputPicture - ttd:154ms pts:13.020 Clock:12.865 Level:5
2021-12-12 11:59:44.609 T:5213 DEBUG : CVideoPlayerVideo::OutputPicture - ttd:133ms pts:13.040 Clock:12.906 Level:4
2021-12-12 11:59:44.629 T:5213 DEBUG : CVideoPlayerVideo::OutputPicture - ttd:134ms pts:13.060 Clock:12.926 Level:4
2021-12-12 11:59:44.648 T:5213 DEBUG : CVideoPlayerVideo::OutputPicture - ttd:134ms pts:13.080 Clock:12.945 Level:4
2021-12-12 11:59:44.670 T:5213 DEBUG : CVideoPlayerVideo::OutputPicture - ttd:132ms pts:13.100 Clock:12.967 Level:3
2021-12-12 11:59:44.692 T:5213 DEBUG : CVideoPlayerVideo::OutputPicture - ttd:131ms pts:13.120 Clock:12.989 Level:3
2021-12-12 11:59:44.713 T:5213 DEBUG : CVideoPlayerVideo::OutputPicture - ttd:129ms pts:13.140 Clock:13.010 Level:3
2021-12-12 11:59:44.733 T:5213 DEBUG : CVideoPlayerVideo::OutputPicture - ttd:129ms pts:13.160 Clock:13.030 Level:3
2021-12-12 11:59:44.753 T:5213 DEBUG : CVideoPlayerVideo::OutputPicture - ttd:129ms pts:13.180 Clock:13.050 Level:3
2021-12-12 11:59:44.772 T:5213 DEBUG : CVideoPlayerVideo::OutputPicture - ttd:130ms pts:13.200 Clock:13.070 Level:3
2021-12-12 11:59:44.780 T:5213 DEBUG : CVideoPlayerVideo::OutputPicture - ttd:142ms pts:13.220 Clock:13.077 Level:4
2021-12-12 11:59:44.787 T:5213 DEBUG : CVideoPlayerVideo::OutputPicture - ttd:155ms pts:13.240 Clock:13.084 Level:5
2021-12-12 11:59:44.807 T:5213 DEBUG : CVideoPlayerVideo::OutputPicture - ttd:156ms pts:13.260 Clock:13.104 Level:5
2021-12-12 11:59:44.828 T:5213 DEBUG : CVideoPlayerVideo::OutputPicture - ttd:154ms pts:13.280 Clock:13.125 Level:5
2021-12-12 11:59:44.848 T:5213 DEBUG : CVideoPlayerVideo::OutputPicture - ttd:154ms pts:13.300 Clock:13.145 Level:5
2021-12-12 11:59:44.857 T:5210 DEBUG : CVideoPlayer::ProcessVideoData size:1747392 dts:21.800 pts:22.180 dur:20.000ms, clock:13.155 level:94
2021-12-12 11:59:44.858 T:5210 DEBUG : CVideoPlayer::ProcessVideoData size:6170 dts:21.820 pts:22.020 dur:20.000ms, clock:13.155 level:94
2021-12-12 11:59:44.858 T:5210 DEBUG : CVideoPlayer::ProcessVideoData size:2049 dts:21.840 pts:21.940 dur:20.000ms, clock:13.155 level:94
2021-12-12 11:59:44.858 T:5210 DEBUG : CVideoPlayer::ProcessVideoData size:2639 dts:21.860 pts:21.900 dur:20.000ms, clock:13.155 level:94
2021-12-12 11:59:44.858 T:5210 DEBUG : CVideoPlayer::ProcessVideoData size:745 dts:21.880 pts:21.880 dur:20.000ms, clock:13.155 level:95
2021-12-12 11:59:44.858 T:5210 DEBUG : CVideoPlayer::ProcessVideoData size:496 dts:21.900 pts:21.920 dur:20.000ms, clock:13.155 level:95
2021-12-12 11:59:44.858 T:5210 DEBUG : CVideoPlayer::ProcessVideoData size:1490 dts:21.920 pts:21.980 dur:20.000ms, clock:13.155 level:95
2021-12-12 11:59:44.858 T:5210 DEBUG : CVideoPlayer::ProcessVideoData size:506 dts:21.940 pts:21.960 dur:20.000ms, clock:13.156 level:96
2021-12-12 11:59:44.858 T:5210 DEBUG : CVideoPlayer::ProcessVideoData size:288 dts:21.960 pts:22.000 dur:20.000ms, clock:13.156 level:96
2021-12-12 11:59:44.859 T:5210 DEBUG : CVideoPlayer::ProcessVideoData size:713 dts:21.980 pts:22.100 dur:20.000ms, clock:13.156 level:96
2021-12-12 11:59:44.859 T:5210 DEBUG : CVideoPlayer::ProcessVideoData size:506 dts:22.000 pts:22.060 dur:20.000ms, clock:13.156 level:96
