2021-12-12 11:57:21.920 T:5185 DEBUG : CVideoPlayerVideo::OutputPicture - ttd:317ms pts:2.958 Clock:2.641 Level:6
2021-12-12 11:57:21.944 T:5183 DEBUG : CVideoPlayer::ProcessVideoData size:320759 dts:11.167 pts:11.167 dur:41.667ms, clock:2.664 level:94
2021-12-12 11:57:21.956 T:5185 DEBUG : CVideoPlayerVideo::OutputPicture - ttd:323ms pts:3.000 Clock:2.677 Level:6
2021-12-12 11:57:21.988 T:5183 DEBUG : CVideoPlayer::ProcessVideoData size:182597 dts:11.208 pts:11.208 dur:41.667ms, clock:2.708 level:93
2021-12-12 11:57:21.989 T:5183 DEBUG : CVideoPlayer::ProcessVideoData size:171311 dts:11.250 pts:11.250 dur:41.667ms, clock:2.709 level:94
2021-12-12 11:57:21.992 T:5183 DEBUG : CVideoPlayer::ProcessVideoData size:528173 dts:11.292 pts:11.292 dur:41.667ms, clock:2.712 level:94
2021-12-12 11:57:22.007 T:5185 DEBUG : CVideoPlayerVideo::OutputPicture - ttd:314ms pts:3.042 Clock:2.727 Level:5
2021-12-12 11:57:22.034 T:5183 DEBUG : CVideoPlayer::ProcessVideoData size:306244 dts:11.333 pts:11.333 dur:41.667ms, clock:2.755 level:94
2021-12-12 11:57:22.036 T:5183 DEBUG : CVideoPlayer::ProcessVideoData size:191783 dts:11.375 pts:11.375 dur:41.667ms, clock:2.756 level:94
2021-12-12 11:57:22.039 T:5185 DEBUG : CVideoPlayerVideo::OutputPicture - ttd:324ms pts:3.083 Clock:2.759 Level:6
2021-12-12 11:57:22.091 T:5185 DEBUG : CVideoPlayerVideo::OutputPicture - ttd:313ms pts:3.125 Clock:2.811 Level:5
2021-12-12 11:57:22.108 T:5183 DEBUG : CVideoPlayer::ProcessVideoData size:153760 dts:11.417 pts:11.417 dur:41.667ms, clock:2.828 level:94
2021-12-12 11:57:22.120 T:5185 DEBUG : CVideoPlayerVideo::OutputPicture - ttd:326ms pts:3.167 Clock:2.840 Level:6
2021-12-12 11:57:22.151 T:5183 DEBUG : CVideoPlayer::ProcessVideoData size:511014 dts:11.458 pts:11.458 dur:41.667ms, clock:2.871 level:94
2021-12-12 11:57:22.163 T:5183 DEBUG : CVideoPlayer::ProcessVideoData size:310351 dts:11.500 pts:11.500 dur:41.667ms, clock:2.883 level:94
2021-12-12 11:57:22.172 T:5185 DEBUG : CVideoPlayerVideo::OutputPicture - ttd:315ms pts:3.208 Clock:2.893 Level:6
2021-12-12 11:57:22.176 T:5183 DEBUG : CVideoPlayer::ProcessVideoData size:180392 dts:11.542 pts:11.542 dur:41.667ms, clock:2.896 level:95
2021-12-12 11:57:22.205 T:5185 DEBUG : CVideoPlayerVideo::OutputPicture - ttd:324ms pts:3.250 Clock:2.926 Level:6
2021-12-12 11:57:22.228 T:5183 DEBUG : CVideoPlayer::ProcessVideoData size:147447 dts:11.583 pts:11.583 dur:41.667ms, clock:2.948 level:95
2021-12-12 11:57:22.230 T:5183 DEBUG : CVideoPlayer::ProcessVideoData size:500080 dts:11.625 pts:11.625 dur:41.667ms, clock:2.950 level:95
2021-12-12 11:57:22.254 T:5185 DEBUG : CVideoPlayerVideo::OutputPicture - ttd:317ms pts:3.292 Clock:2.974 Level:6
2021-12-12 11:57:22.287 T:5185 DEBUG : CVideoPlayerVideo::OutputPicture - ttd:325ms pts:3.333 Clock:3.008 Level:6
2021-12-12 11:57:22.324 T:5183 DEBUG : CVideoPlayer::ProcessVideoData size:329430 dts:11.667 pts:11.667 dur:41.667ms, clock:3.044 level:95
2021-12-12 11:57:22.340 T:5185 DEBUG : CVideoPlayerVideo::OutputPicture - ttd:314ms pts:3.375 Clock:3.060 Level:5
2021-12-12 11:57:22.369 T:5185 DEBUG : CVideoPlayerVideo::OutputPicture - ttd:327ms pts:3.417 Clock:3.090 Level:6
2021-12-12 11:57:22.377 T:5183 DEBUG : CVideoPlayer::ProcessVideoData size:191275 dts:11.708 pts:11.708 dur:41.667ms, clock:3.097 level:94
2021-12-12 11:57:22.378 T:5183 DEBUG : CVideoPlayer::ProcessVideoData size:173660 dts:11.750 pts:11.750 dur:41.667ms, clock:3.099 level:95
2021-12-12 11:57:22.424 T:5185 DEBUG : CVideoPlayerVideo::OutputPicture - ttd:313ms pts:3.458 Clock:3.145 Level:5
2021-12-12 11:57:22.432 T:5183 DEBUG : CVideoPlayer::ProcessVideoData size:526142 dts:11.792 pts:11.792 dur:41.667ms, clock:3.152 level:95
2021-12-12 11:57:22.454 T:5185 DEBUG : CVideoPlayerVideo::OutputPicture - ttd:325ms pts:3.500 Clock:3.175 Level:6
2021-12-12 11:57:22.474 T:5183 DEBUG : CVideoPlayer::ProcessVideoData size:361172 dts:11.833 pts:11.833 dur:41.667ms, clock:3.195 level:95
2021-12-12 11:57:22.505 T:5185 DEBUG : CVideoPlayerVideo::OutputPicture - ttd:316ms pts:3.542 Clock:3.225 Level:6
2021-12-12 11:57:22.527 T:5183 DEBUG : CVideoPlayer::ProcessVideoData size:193119 dts:11.875 pts:11.875 dur:41.667ms, clock:3.247 level:94
2021-12-12 11:57:22.536 T:5185 DEBUG : CVideoPlayerVideo::OutputPicture - ttd:327ms pts:3.583 Clock:3.256 Level:6
2021-12-12 11:57:22.580 T:5183 DEBUG : CVideoPlayer::ProcessVideoData size:539239 dts:11.917 pts:11.917 dur:41.667ms, clock:3.300 level:94
2021-12-12 11:57:22.583 T:5183 DEBUG : CVideoPlayer::ProcessVideoData size:442424 dts:11.958 pts:11.958 dur:41.667ms, clock:3.303 level:94
2021-12-12 11:57:22.591 T:5185 DEBUG : CVideoPlayerVideo::OutputPicture - ttd:314ms pts:3.625 Clock:3.311 Level:5
2021-12-12 11:57:22.619 T:5185 DEBUG : CVideoPlayerVideo::OutputPicture - ttd:327ms pts:3.667 Clock:3.340 Level:6
2021-12-12 11:57:22.625 T:5183 DEBUG : CVideoPlayer::ProcessVideoData size:447072 dts:12.000 pts:12.000 dur:41.667ms, clock:3.346 level:94
2021-12-12 11:57:22.673 T:5185 DEBUG : CVideoPlayerVideo::OutputPicture - ttd:315ms pts:3.708 Clock:3.393 Level:6
2021-12-12 11:57:22.679 T:5183 DEBUG : CVideoPlayer::ProcessVideoData size:255501 dts:12.042 pts:12.042 dur:41.667ms, clock:3.399 level:94
2021-12-12 11:57:22.705 T:5185 DEBUG : CVideoPlayerVideo::OutputPicture - ttd:325ms pts:3.750 Clock:3.425 Level:6
2021-12-12 11:57:22.731 T:5183 DEBUG : CVideoPlayer::ProcessVideoData size:292906 dts:12.083 pts:12.083 dur:41.667ms, clock:3.451 level:93
2021-12-12 11:57:22.754 T:5185 DEBUG : CVideoPlayerVideo::OutputPicture - ttd:317ms pts:3.792 Clock:3.474 Level:6
2021-12-12 11:57:22.772 T:5185 DEBUG : CVideoPlayerVideo::OutputPicture - ttd:357ms pts:3.833 Clock:3.476 Level:6
2021-12-12 11:57:22.773 T:5183 DEBUG : CVideoPlayer::ProcessVideoData size:129361 dts:12.125 pts:12.125 dur:41.667ms, clock:3.493 level:93
2021-12-12 11:57:22.822 T:5185 DEBUG : CVideoPlayerVideo::OutputPicture - ttd:380ms pts:3.875 Clock:3.495 Level:6
2021-12-12 11:57:22.825 T:5183 DEBUG : CVideoPlayer::ProcessVideoData size:129190 dts:12.167 pts:12.167 dur:41.667ms, clock:3.545 level:94
2021-12-12 11:57:22.826 T:5183 DEBUG : CVideoPlayer::ProcessVideoData size:170896 dts:12.208 pts:12.208 dur:41.667ms, clock:3.546 level:94
2021-12-12 11:57:22.874 T:5185 DEBUG : CVideoPlayerVideo::OutputPicture - ttd:323ms pts:3.917 Clock:3.594 Level:6
2021-12-12 11:57:22.879 T:5183 DEBUG : CVideoPlayer::ProcessVideoData size:7163 dts:12.250 pts:12.250 dur:41.667ms, clock:3.599 level:92
2021-12-12 11:57:22.919 T:5185 DEBUG : CVideoPlayerVideo::OutputPicture - ttd:318ms pts:3.958 Clock:3.640 Level:6
2021-12-12 11:57:22.930 T:5183 DEBUG : CVideoPlayer::ProcessVideoData size:3876 dts:12.292 pts:12.292 dur:41.667ms, clock:3.650 level:90
2021-12-12 11:57:22.955 T:5185 DEBUG : CVideoPlayerVideo::OutputPicture - ttd:324ms pts:4.000 Clock:3.675 Level:6
2021-12-12 11:57:22.972 T:5183 DEBUG : CVideoPlayer::ProcessVideoData size:4931 dts:12.333 pts:12.333 dur:41.667ms, clock:3.692 level:90
2021-12-12 11:57:23.009 T:5185 DEBUG : CVideoPlayerVideo::OutputPicture - ttd:312ms pts:4.042 Clock:3.729 Level:5
2021-12-12 11:57:23.023 T:5183 DEBUG : CVideoPlayer::ProcessVideoData size:1840 dts:12.375 pts:12.375 dur:41.667ms, clock:3.743 level:90
2021-12-12 11:57:23.023 T:5183 DEBUG : CVideoPlayer::ProcessVideoData size:1427 dts:12.417 pts:12.417 dur:41.667ms, clock:3.744 level:90
2021-12-12 11:57:23.037 T:5185 DEBUG : CVideoPlayerVideo::OutputPicture - ttd:326ms pts:4.083 Clock:3.757 Level:6
2021-12-12 11:57:23.075 T:5183 DEBUG : CVideoPlayer::ProcessVideoData size:2134 dts:12.458 pts:12.458 dur:41.667ms, clock:3.795 level:90
2021-12-12 11:57:23.089 T:5185 DEBUG : CVideoPlayerVideo::OutputPicture - ttd:316ms pts:4.125 Clock:3.809 Level:6
2021-12-12 11:57:23.125 T:5185 DEBUG : CVideoPlayerVideo::OutputPicture - ttd:321ms pts:4.167 Clock:3.845 Level:6
2021-12-12 11:57:23.171 T:5185 DEBUG : CVideoPlayerVideo::OutputPicture - ttd:316ms pts:4.208 Clock:3.892 Level:6
2021-12-12 11:57:23.177 T:5183 DEBUG : CVideoPlayer::ProcessVideoData size:1528 dts:12.500 pts:12.500 dur:41.667ms, clock:3.897 level:90
2021-12-12 11:57:23.177 T:5183 DEBUG : CVideoPlayer::ProcessVideoData size:1212 dts:12.542 pts:12.542 dur:41.667ms, clock:3.898 level:90
2021-12-12 11:57:23.222 T:5185 DEBUG : CVideoPlayerVideo::OutputPicture - ttd:307ms pts:4.250 Clock:3.943 Level:5
2021-12-12 11:57:23.228 T:5183 DEBUG : CVideoPlayer::ProcessVideoData size:1039 dts:12.583 pts:12.583 dur:41.667ms, clock:3.949 level:90
2021-12-12 11:57:23.255 T:5185 DEBUG : CVideoPlayerVideo::OutputPicture - ttd:317ms pts:4.292 Clock:3.975 Level:6
2021-12-12 11:57:23.280 T:5183 DEBUG : CVideoPlayer::ProcessVideoData size:1287 dts:12.625 pts:12.625 dur:41.667ms, clock:4.000 level:90
2021-12-12 11:57:23.280 T:5183 DEBUG : CVideoPlayer::ProcessVideoData size:917 dts:12.667 pts:12.667 dur:41.667ms, clock:4.000 level:90
2021-12-12 11:57:23.308 T:5185 DEBUG : CVideoPlayerVideo::OutputPicture - ttd:305ms pts:4.333 Clock:4.028 Level:5
2021-12-12 11:57:23.336 T:5185 DEBUG : CVideoPlayerVideo::OutputPicture - ttd:318ms pts:4.375 Clock:4.056 Level:6
2021-12-12 11:57:23.372 T:5183 DEBUG : CVideoPlayer::ProcessVideoData size:842 dts:12.708 pts:12.708 dur:41.667ms, clock:4.092 level:90
2021-12-12 11:57:23.372 T:5183 DEBUG : CVideoPlayer::ProcessVideoData size:813 dts:12.750 pts:12.750 dur:41.667ms, clock:4.092 level:90
2021-12-12 11:57:23.393 T:5185 DEBUG : CVideoPlayerVideo::OutputPicture - ttd:303ms pts:4.417 Clock:4.113 Level:5
2021-12-12 11:57:23.423 T:5183 DEBUG : CVideoPlayer::ProcessVideoData size:701 dts:12.792 pts:12.792 dur:41.667ms, clock:4.143 level:90
2021-12-12 11:57:23.425 T:5185 DEBUG : CVideoPlayerVideo::OutputPicture - ttd:313ms pts:4.458 Clock:4.145 Level:6
2021-12-12 11:57:23.472 T:5185 DEBUG : CVideoPlayerVideo::OutputPicture - ttd:308ms pts:4.500 Clock:4.192 Level:5
2021-12-12 11:57:23.475 T:5183 DEBUG : CVideoPlayer::ProcessVideoData size:647 dts:12.833 pts:12.833 dur:41.667ms, clock:4.195 level:90
2021-12-12 11:57:23.502 T:5185 DEBUG : CVideoPlayerVideo::OutputPicture - ttd:319ms pts:4.542 Clock:4.223 Level:6
2021-12-12 11:57:23.526 T:5183 DEBUG : CVideoPlayer::ProcessVideoData size:651 dts:12.875 pts:12.875 dur:41.667ms, clock:4.246 level:90
2021-12-12 11:57:23.554 T:5185 DEBUG : CVideoPlayerVideo::OutputPicture - ttd:309ms pts:4.583 Clock:4.274 Level:5
2021-12-12 11:57:23.578 T:5183 DEBUG : CVideoPlayer::ProcessVideoData size:122356 dts:12.917 pts:12.917 dur:41.667ms, clock:4.298 level:90
2021-12-12 11:57:23.586 T:5185 DEBUG : CVideoPlayerVideo::OutputPicture - ttd:318ms pts:4.625 Clock:4.306 Level:6
2021-12-12 11:57:23.629 T:5183 DEBUG : CVideoPlayer::ProcessVideoData size:69080 dts:12.958 pts:12.958 dur:41.667ms, clock:4.349 level:90
2021-12-12 11:57:23.631 T:5183 DEBUG : CVideoPlayer::ProcessVideoData size:426997 dts:13.000 pts:13.000 dur:41.667ms, clock:4.351 level:90
2021-12-12 11:57:23.640 T:5185 DEBUG : CVideoPlayerVideo::OutputPicture - ttd:306ms pts:4.667 Clock:4.360 Level:5
2021-12-12 11:57:23.669 T:5185 DEBUG : CVideoPlayerVideo::OutputPicture - ttd:319ms pts:4.708 Clock:4.389 Level:6
2021-12-12 11:57:23.674 T:5183 DEBUG : CVideoPlayer::ProcessVideoData size:430701 dts:13.042 pts:13.042 dur:41.667ms, clock:4.394 level:90
2021-12-12 11:57:23.720 T:5185 DEBUG : CVideoPlayerVideo::OutputPicture - ttd:309ms pts:4.750 Clock:4.440 Level:5
2021-12-12 11:57:23.728 T:5183 DEBUG : CVideoPlayer::ProcessVideoData size:624100 dts:13.083 pts:13.083 dur:41.667ms, clock:4.448 level:90
2021-12-12 11:57:23.759 T:5185 DEBUG : CVideoPlayerVideo::OutputPicture - ttd:312ms pts:4.792 Clock:4.479 Level:6
2021-12-12 11:57:23.782 T:5183 DEBUG : CVideoPlayer::ProcessVideoData size:774197 dts:13.125 pts:13.125 dur:41.667ms, clock:4.502 level:90
2021-12-12 11:57:23.803 T:5185 DEBUG : CVideoPlayerVideo::OutputPicture - ttd:353ms pts:4.833 Clock:4.480 Level:5
2021-12-12 11:57:23.826 T:5183 DEBUG : CVideoPlayer::ProcessVideoData size:770231 dts:13.167 pts:13.167 dur:41.667ms, clock:4.546 level:91
2021-12-12 11:57:23.830 T:5183 DEBUG : CVideoPlayer::ProcessVideoData size:776407 dts:13.208 pts:13.208 dur:41.667ms, clock:4.550 level:91
2021-12-12 11:57:23.836 T:5185 DEBUG : CVideoPlayerVideo::OutputPicture - ttd:350ms pts:4.875 Clock:4.524 Level:6
2021-12-12 11:57:23.872 T:5183 DEBUG : CVideoPlayer::ProcessVideoData size:382637 dts:13.250 pts:13.250 dur:41.667ms, clock:4.593 level:90
2021-12-12 11:57:23.888 T:5185 DEBUG : CVideoPlayerVideo::OutputPicture - ttd:308ms pts:4.917 Clock:4.608 Level:5
2021-12-12 11:57:23.919 T:5185 DEBUG : CVideoPlayerVideo::OutputPicture - ttd:318ms pts:4.958 Clock:4.639 Level:6
2021-12-12 11:57:23.928 T:5183 DEBUG : CVideoPlayer::ProcessVideoData size:932955 dts:13.292 pts:13.292 dur:41.667ms, clock:4.648 level:90
2021-12-12 11:57:23.973 T:5185 DEBUG : CVideoPlayerVideo::OutputPicture - ttd:307ms pts:5.000 Clock:4.693 Level:5
2021-12-12 11:57:23.981 T:5183 DEBUG : CVideoPlayer::ProcessVideoData size:541851 dts:13.333 pts:13.333 dur:41.667ms, clock:4.701 level:90
2021-12-12 11:57:24.007 T:5185 DEBUG : CVideoPlayerVideo::OutputPicture - ttd:314ms pts:5.042 Clock:4.727 Level:6
2021-12-12 11:57:24.055 T:5185 DEBUG : CVideoPlayerVideo::OutputPicture - ttd:308ms pts:5.083 Clock:4.775 Level:5
2021-12-12 11:57:24.076 T:5183 DEBUG : CVideoPlayer::ProcessVideoData size:329991 dts:13.375 pts:13.375 dur:41.667ms, clock:4.796 level:89
2021-12-12 11:57:24.090 T:5185 DEBUG : CVideoPlayerVideo::OutputPicture - ttd:314ms pts:5.125 Clock:4.810 Level:6
2021-12-12 11:57:24.138 T:5185 DEBUG : CVideoPlayerVideo::OutputPicture - ttd:308ms pts:5.167 Clock:4.858 Level:5
2021-12-12 11:57:24.171 T:5185 DEBUG : CVideoPlayerVideo::OutputPicture - ttd:317ms pts:5.208 Clock:4.891 Level:6
2021-12-12 11:57:24.221 T:5185 DEBUG : CVideoPlayerVideo::OutputPicture - ttd:308ms pts:5.250 Clock:4.942 Level:5
2021-12-12 11:57:24.239 T:5183 DEBUG : CVideoPlayer::ProcessVideoData size:345208 dts:13.417 pts:13.417 dur:41.667ms, clock:4.960 level:87
2021-12-12 11:57:24.257 T:5185 DEBUG : CVideoPlayerVideo::OutputPicture - ttd:315ms pts:5.292 Clock:4.977 Level:6
2021-12-12 11:57:24.274 T:5183 DEBUG : CVideoPlayer::ProcessVideoData size:963668 dts:13.458 pts:13.458 dur:41.667ms, clock:4.994 level:87
2021-12-12 11:57:24.304 T:5185 DEBUG : CVideoPlayerVideo::OutputPicture - ttd:309ms pts:5.333 Clock:5.024 Level:5
2021-12-12 11:57:24.337 T:5185 DEBUG : CVideoPlayerVideo::OutputPicture - ttd:318ms pts:5.375 Clock:5.057 Level:6
2021-12-12 11:57:24.388 T:5185 DEBUG : CVideoPlayerVideo::OutputPicture - ttd:308ms pts:5.417 Clock:5.108 Level:5
2021-12-12 11:57:24.423 T:5185 DEBUG : CVideoPlayerVideo::OutputPicture - ttd:315ms pts:5.458 Clock:5.143 Level:6
2021-12-12 11:57:24.470 T:5185 DEBUG : CVideoPlayerVideo::OutputPicture - ttd:309ms pts:5.500 Clock:5.190 Level:5
2021-12-12 11:57:24.508 T:5185 DEBUG : CVideoPlayerVideo::OutputPicture - ttd:313ms pts:5.542 Clock:5.228 Level:6
2021-12-12 11:57:24.555 T:5185 DEBUG : CVideoPlayerVideo::OutputPicture - ttd:308ms pts:5.583 Clock:5.275 Level:5
2021-12-12 11:57:24.571 T:5183 DEBUG : CVideoPlayer::ProcessVideoData size:519839 dts:13.500 pts:13.500 dur:41.667ms, clock:5.291 level:84
2021-12-12 11:57:24.593 T:5185 DEBUG : CVideoPlayerVideo::OutputPicture - ttd:311ms pts:5.625 Clock:5.313 Level:6
2021-12-12 11:57:24.640 T:5185 DEBUG : CVideoPlayerVideo::OutputPicture - ttd:306ms pts:5.667 Clock:5.360 Level:5
2021-12-12 11:57:24.674 T:5185 DEBUG : CVideoPlayerVideo::OutputPicture - ttd:314ms pts:5.708 Clock:5.394 Level:6
2021-12-12 11:57:24.720 T:5185 DEBUG : CVideoPlayerVideo::OutputPicture - ttd:309ms pts:5.750 Clock:5.440 Level:5
2021-12-12 11:57:24.744 T:5183 DEBUG : CVideoPlayer::ProcessVideoData size:292225 dts:13.542 pts:13.542 dur:41.667ms, clock:5.464 level:83
2021-12-12 11:57:24.755 T:5185 DEBUG : CVideoPlayerVideo::OutputPicture - ttd:316ms pts:5.792 Clock:5.475 Level:6
2021-12-12 11:57:24.803 T:5185 DEBUG : CVideoPlayerVideo::OutputPicture - ttd:356ms pts:5.833 Clock:5.476 Level:5
2021-12-12 11:57:24.835 T:5185 DEBUG : CVideoPlayerVideo::OutputPicture - ttd:350ms pts:5.875 Clock:5.524 Level:6
2021-12-12 11:57:24.848 T:5183 DEBUG : CVideoPlayer::ProcessVideoData size:314259 dts:13.583 pts:13.583 dur:41.667ms, clock:5.568 level:83
2021-12-12 11:57:24.853 T:5183 DEBUG : CVideoPlayer::ProcessVideoData size:1001756 dts:13.625 pts:13.625 dur:41.667ms, clock:5.573 level:83
2021-12-12 11:57:24.890 T:5185 DEBUG : CVideoPlayerVideo::OutputPicture - ttd:307ms pts:5.917 Clock:5.610 Level:5
2021-12-12 11:57:24.924 T:5185 DEBUG : CPtsTracker: detected pattern of length 1: 41667.00, frameduration: 41666.666667
2021-12-12 11:57:24.924 T:5185 DEBUG : CVideoPlayerVideo::OutputPicture - ttd:314ms pts:5.958 Clock:5.644 Level:6
2021-12-12 11:57:24.971 T:5185 DEBUG : CVideoPlayerVideo::OutputPicture - ttd:308ms pts:6.000 Clock:5.691 Level:5
2021-12-12 11:57:24.988 T:5183 DEBUG : CVideoPlayer::ProcessVideoData size:530414 dts:13.667 pts:13.667 dur:41.667ms, clock:5.709 level:81
2021-12-12 11:57:25.007 T:5185 DEBUG : CVideoPlayerVideo::OutputPicture - ttd:314ms pts:6.042 Clock:5.728 Level:6
2021-12-12 11:57:25.055 T:5185 DEBUG : CVideoPlayerVideo::OutputPicture - ttd:308ms pts:6.083 Clock:5.775 Level:5
2021-12-12 11:57:25.089 T:5185 DEBUG : CVideoPlayerVideo::OutputPicture - ttd:315ms pts:6.125 Clock:5.809 Level:6
2021-12-12 11:57:25.112 T:5183 DEBUG : CVideoPlayer::ProcessVideoData size:305733 dts:13.708 pts:13.708 dur:41.667ms, clock:5.832 level:80
2021-12-12 11:57:25.142 T:5185 DEBUG : CVideoPlayerVideo::OutputPicture - ttd:304ms pts:6.167 Clock:5.863 Level:5
2021-12-12 11:57:25.166 T:5183 DEBUG : CVideoPlayer::ProcessVideoData size:281374 dts:13.750 pts:13.750 dur:41.667ms, clock:5.886 level:80
2021-12-12 11:57:25.172 T:5185 DEBUG : CVideoPlayerVideo::OutputPicture - ttd:316ms pts:6.208 Clock:5.892 Level:6
2021-12-12 11:57:25.193 T:5183 DEBUG : CVideoPlayer::ProcessVideoData size:912506 dts:13.792 pts:13.792 dur:41.667ms, clock:5.913 level:80
2021-12-12 11:57:25.220 T:5185 DEBUG : CVideoPlayerVideo::OutputPicture - ttd:309ms pts:6.250 Clock:5.940 Level:5
2021-12-12 11:57:25.254 T:5185 DEBUG : CVideoPlayerVideo::OutputPicture - ttd:317ms pts:6.292 Clock:5.974 Level:6
2021-12-12 11:57:25.307 T:5185 DEBUG : CVideoPlayerVideo::OutputPicture - ttd:306ms pts:6.333 Clock:6.027 Level:5
2021-12-12 11:57:25.337 T:5185 DEBUG : CVideoPlayerVideo::OutputPicture - ttd:318ms pts:6.375 Clock:6.057 Level:6
2021-12-12 11:57:25.390 T:5185 DEBUG : CVideoPlayerVideo::OutputPicture - ttd:306ms pts:6.417 Clock:6.110 Level:5
2021-12-12 11:57:25.425 T:5185 DEBUG : CVideoPlayerVideo::OutputPicture - ttd:313ms pts:6.458 Clock:6.145 Level:6
2021-12-12 11:57:25.449 T:5183 DEBUG : CVideoPlayer::ProcessVideoData size:433942 dts:13.833 pts:13.833 dur:41.667ms, clock:6.169 level:78
2021-12-12 11:57:25.472 T:5185 DEBUG : CVideoPlayerVideo::OutputPicture - ttd:307ms pts:6.500 Clock:6.192 Level:5
2021-12-12 11:57:25.491 T:5183 DEBUG : CVideoPlayer::ProcessVideoData size:240659 dts:13.875 pts:13.875 dur:41.667ms, clock:6.212 level:78
2021-12-12 11:57:25.508 T:5185 DEBUG : CVideoPlayerVideo::OutputPicture - ttd:313ms pts:6.542 Clock:6.228 Level:6
2021-12-12 11:57:25.555 T:5185 DEBUG : CVideoPlayerVideo::OutputPicture - ttd:307ms pts:6.583 Clock:6.276 Level:5
2021-12-12 11:57:25.585 T:5183 DEBUG : CVideoPlayer::ProcessVideoData size:235533 dts:13.917 pts:13.917 dur:41.667ms, clock:6.305 level:77
2021-12-12 11:57:25.590 T:5185 DEBUG : CVideoPlayerVideo::OutputPicture - ttd:314ms pts:6.625 Clock:6.310 Level:6
2021-12-12 11:57:25.637 T:5185 DEBUG : CVideoPlayerVideo::OutputPicture - ttd:309ms pts:6.667 Clock:6.357 Level:5
2021-12-12 11:57:25.660 T:5183 DEBUG : CVideoPlayer::ProcessVideoData size:640007 dts:13.958 pts:13.958 dur:41.667ms, clock:6.380 level:77
2021-12-12 11:57:25.673 T:5185 DEBUG : CVideoPlayerVideo::OutputPicture - ttd:315ms pts:6.708 Clock:6.393 Level:6
2021-12-12 11:57:25.721 T:5185 DEBUG : CVideoPlayerVideo::OutputPicture - ttd:309ms pts:6.750 Clock:6.441 Level:5
2021-12-12 11:57:25.755 T:5185 DEBUG : CVideoPlayerVideo::OutputPicture - ttd:316ms pts:6.792 Clock:6.475 Level:6
2021-12-12 11:57:25.802 T:5185 DEBUG : CVideoPlayerVideo::OutputPicture - ttd:356ms pts:6.833 Clock:6.477 Level:6
2021-12-12 11:57:25.835 T:5185 DEBUG : CVideoPlayerVideo::OutputPicture - ttd:351ms pts:6.875 Clock:6.523 Level:6
2021-12-12 11:57:25.853 T:5183 DEBUG : CVideoPlayer::ProcessVideoData size:1286800 dts:14.000 pts:14.000 dur:41.667ms, clock:6.573 level:76
2021-12-12 11:57:25.886 T:5185 DEBUG : CalcFrameRate framerate was:24.015695 calculated:24.000000
2021-12-12 11:57:25.886 T:5185 DEBUG : CVideoPlayerVideo::OutputPicture - ttd:310ms pts:6.917 Clock:6.606 Level:5
2021-12-12 11:57:25.920 T:5185 DEBUG : CRenderManager::Configure - change configuration. 3840x2160. display: 3840x2160. framerate: 24.00.
2021-12-12 11:57:26.036 T:5013 DEBUG : DeleteRenderer - deleting renderer
2021-12-12 11:57:26.037 T:5013 INFO : Constructing CRendererAML
2021-12-12 11:57:26.037 T:5013 DEBUG : CRenderManager::Configure - 8
2021-12-12 11:57:26.037 T:5185 DEBUG : CVideoPlayerVideo::OutputPicture - ttd:201ms pts:6.958 Clock:6.757 Level:0
2021-12-12 11:57:26.038 T:5185 DEBUG : CVideoPlayerVideo::OutputPicture - ttd:241ms pts:7.000 Clock:6.759 Level:1
2021-12-12 11:57:26.040 T:5185 DEBUG : CVideoPlayerVideo::OutputPicture - ttd:281ms pts:7.042 Clock:6.760 Level:2
2021-12-12 11:57:26.041 T:5185 DEBUG : CVideoPlayerVideo::OutputPicture - ttd:322ms pts:7.083 Clock:6.761 Level:3
2021-12-12 11:57:26.042 T:5185 DEBUG : CVideoPlayerVideo::OutputPicture - ttd:362ms pts:7.125 Clock:6.763 Level:4
2021-12-12 11:57:26.044 T:5185 DEBUG : CVideoPlayerVideo::OutputPicture - ttd:402ms pts:7.167 Clock:6.764 Level:5
2021-12-12 11:57:26.047 T:5078 DEBUG : OnAVChange: CApplication::OnAVChange
2021-12-12 11:57:26.066 T:5185 DEBUG : CVideoPlayerVideo::OutputPicture - ttd:421ms pts:7.208 Clock:6.787 Level:6
2021-12-12 11:57:26.070 T:5013 INFO : [WHITELIST] Searching the whitelist for: width: 3840, height: 2160, fps: 24.000, 3D: false
2021-12-12 11:57:26.070 T:5013 DEBUG : [WHITELIST] Searching for an exact resolution with an exact refresh rate
2021-12-12 11:57:26.071 T:5013 DEBUG : [WHITELIST] Matched an exact resolution with an exact refresh rate 3840x2160 @ 24.00 - Full Screen (39)
2021-12-12 11:57:26.071 T:5013 DEBUG : [WHITELIST] Searching for an exact resolution with double the refresh rate
2021-12-12 11:57:26.072 T:5183 DEBUG : CVideoPlayer::ProcessVideoData size:882751 dts:14.042 pts:14.042 dur:41.667ms, clock:6.792 level:74
2021-12-12 11:57:26.072 T:5013 INFO : Display resolution ADJUST : 3840x2160 @ 24.00 - Full Screen (39) (weight: 0.000)
2021-12-12 11:57:26.073 T:5013 INFO : VideoPlayer: OnLostDisplay received
2021-12-12 11:57:26.073 T:5013 DEBUG : AMLUtils::aml_handle_display_stereo_mode old mode 3doff new mode 3doff
2021-12-12 11:57:26.073 T:5013 DEBUG : AMLUtils::aml_handle_display_stereo_mode - no change needed
2021-12-12 11:57:26.074 T:5185 DEBUG : CVideoPlayerVideo - CDVDMsg::GENERAL_PAUSE: 1
2021-12-12 11:57:26.120 T:5186 DEBUG : CVideoPlayerAudio - CDVDMsg::GENERAL_PAUSE: 1
2021-12-12 11:57:26.325 T:5013 DEBUG : AMLUtils::aml_handle_display_stereo_mode old mode 3doff new mode 3doff
2021-12-12 11:57:26.325 T:5013 DEBUG : AMLUtils::aml_handle_display_stereo_mode - no change needed
2021-12-12 11:57:26.326 T:5013 INFO : GLES: Maximum texture width: 8192
2021-12-12 11:57:26.336 T:5013 DEBUG : CAMLCodec::SetVideoRect:display(0,0,3840,2160)
2021-12-12 11:57:26.336 T:5013 DEBUG : CAMLCodec::SetVideoRect:gui(0,0,1920,1080)
2021-12-12 11:57:26.336 T:5013 DEBUG : CAMLCodec::SetVideoRect:m_dst_rect(0,0,1920,1080)
2021-12-12 11:57:26.336 T:5013 DEBUG : CAMLCodec::SetVideoRect:dst_rect(0,0,3840,2160)
2021-12-12 11:57:26.336 T:5013 DEBUG : CAMLCodec::SetVideoRect:m_guiStereoMode(0)
2021-12-12 11:57:26.336 T:5013 DEBUG : CAMLCodec::SetVideoRect:m_guiStereoView(0)
2021-12-12 11:57:28.075 T:5013 INFO : VideoPlayer: OnResetDisplay received
2021-12-12 11:57:28.075 T:5186 DEBUG : CVideoPlayerAudio - CDVDMsg::GENERAL_PAUSE: 0
2021-12-12 11:57:28.076 T:5186 DEBUG : CDVDClock::ErrorAdjust - CVideoPlayerAudio::OutputPacket - error:40423.183991, adjusted:40423.183991
2021-12-12 11:57:28.077 T:5185 DEBUG : CVideoPlayerVideo - CDVDMsg::GENERAL_PAUSE: 0
2021-12-12 11:57:28.077 T:5021 DEBUG : ActiveAE::SyncStream - average error 451.277389 above threshold of 100.000000
2021-12-12 11:57:28.081 T:5185 DEBUG : CVideoPlayerVideo::OutputPicture - ttd:412ms pts:7.250 Clock:6.837 Level:5
2021-12-12 11:57:28.086 T:5077 DEBUG : OnAVChange: CApplication::OnAVChange
2021-12-12 11:57:28.119 T:5183 DEBUG : CVideoPlayer::ProcessVideoData size:351264 dts:14.083 pts:14.083 dur:41.667ms, clock:6.875 level:72
2021-12-12 11:57:28.125 T:5183 DEBUG : CVideoPlayer::ProcessVideoData size:208407 dts:14.125 pts:14.125 dur:41.667ms, clock:6.882 level:72
2021-12-12 11:57:28.137 T:5183 DEBUG : CVideoPlayer::ProcessVideoData size:189500 dts:14.167 pts:14.167 dur:41.667ms, clock:6.894 level:72
2021-12-12 11:57:28.151 T:5183 DEBUG : CVideoPlayer::ProcessVideoData size:700287 dts:14.208 pts:14.208 dur:41.667ms, clock:6.908 level:72
2021-12-12 11:57:28.164 T:5185 DEBUG : CVideoPlayerVideo::OutputPicture - ttd:371ms pts:7.292 Clock:6.920 Level:5
2021-12-12 11:57:28.249 T:5185 DEBUG : CVideoPlayerVideo::OutputPicture - ttd:328ms pts:7.333 Clock:7.005 Level:5
2021-12-12 11:57:28.319 T:5021 DEBUG : ActiveAE::SyncStream - average error 3.277389, last average error: 451.277389
2021-12-12 11:57:28.328 T:5185 DEBUG : CVideoPlayerVideo::OutputPicture - ttd:290ms pts:7.375 Clock:7.085 Level:4
2021-12-12 11:57:28.346 T:5183 DEBUG : CVideoPlayer::ProcessVideoData size:311643 dts:14.250 pts:14.250 dur:41.667ms, clock:7.102 level:71
2021-12-12 11:57:28.371 T:5185 DEBUG : CVideoPlayerVideo::OutputPicture - ttd:288ms pts:7.417 Clock:7.128 Level:4
2021-12-12 11:57:28.413 T:5185 DEBUG : CVideoPlayerVideo::OutputPicture - ttd:289ms pts:7.458 Clock:7.169 Level:4
2021-12-12 11:57:28.419 T:5021 DEBUG : ActiveAE::SyncStream - average error of -25.523661, start adjusting
2021-12-12 11:57:28.419 T:5021 DEBUG : ActiveAE::SyncStream - average error 6.476339 below threshold of 30.000000
2021-12-12 11:57:28.453 T:5185 DEBUG : CVideoPlayerVideo::OutputPicture - ttd:290ms pts:7.500 Clock:7.210 Level:4
2021-12-12 11:57:28.480 T:5183 DEBUG : CVideoPlayer::ProcessVideoData size:182768 dts:14.292 pts:14.292 dur:41.667ms, clock:7.236 level:70
2021-12-12 11:57:28.483 T:5183 DEBUG : CVideoPlayer::ProcessVideoData size:154973 dts:14.333 pts:14.333 dur:41.667ms, clock:7.239 level:71
2021-12-12 11:57:28.488 T:5183 DEBUG : CVideoPlayer::ProcessVideoData size:702610 dts:14.375 pts:14.375 dur:41.667ms, clock:7.244 level:71
2021-12-12 11:57:28.497 T:5185 DEBUG : CVideoPlayerVideo::OutputPicture - ttd:288ms pts:7.542 Clock:7.254 Level:4
2021-12-12 11:57:28.539 T:5185 DEBUG : CVideoPlayerVideo::OutputPicture - ttd:287ms pts:7.583 Clock:7.295 Level:4
2021-12-12 11:57:28.569 T:5186 INFO : CVideoPlayerAudio: display reset occurred, checking for passthrough
2021-12-12 11:57:28.580 T:5185 DEBUG : CVideoPlayerVideo::OutputPicture - ttd:288ms pts:7.625 Clock:7.336 Level:4
2021-12-12 11:57:28.621 T:5185 DEBUG : CVideoPlayerVideo::OutputPicture - ttd:289ms pts:7.667 Clock:7.378 Level:4
2021-12-12 11:57:28.643 T:5183 DEBUG : CVideoPlayer::ProcessVideoData size:271391 dts:14.417 pts:14.417 dur:41.667ms, clock:7.399 level:70
2021-12-12 11:57:28.663 T:5185 DEBUG : CVideoPlayerVideo::OutputPicture - ttd:288ms pts:7.708 Clock:7.420 Level:4
2021-12-12 11:57:28.685 T:5183 DEBUG : CVideoPlayer::ProcessVideoData size:145950 dts:14.458 pts:14.458 dur:41.667ms, clock:7.442 level:70
2021-12-12 11:57:28.705 T:5185 DEBUG : CVideoPlayerVideo::OutputPicture - ttd:288ms pts:7.750 Clock:7.462 Level:4
2021-12-12 11:57:28.745 T:5185 DEBUG : CVideoPlayerVideo::OutputPicture - ttd:290ms pts:7.792 Clock:7.501 Level:4
2021-12-12 11:57:28.746 T:5185 DEBUG : CVideoPlayerVideo::OutputPicture - ttd:330ms pts:7.833 Clock:7.503 Level:5
2021-12-12 11:57:28.748 T:5185 DEBUG : CVideoPlayerVideo::OutputPicture - ttd:370ms pts:7.875 Clock:7.504 Level:6
2021-12-12 11:57:28.770 T:5183 DEBUG : CVideoPlayer::ProcessVideoData size:145895 dts:14.500 pts:14.500 dur:41.667ms, clock:7.526 level:70
2021-12-12 11:57:28.788 T:5183 DEBUG : CVideoPlayer::ProcessVideoData size:723306 dts:14.542 pts:14.542 dur:41.667ms, clock:7.544 level:70
2021-12-12 11:57:28.811 T:5183 DEBUG : CVideoPlayer::ProcessVideoData size:287145 dts:14.583 pts:14.583 dur:41.667ms, clock:7.567 level:70
2021-12-12 11:57:28.813 T:5183 DEBUG : CVideoPlayer::ProcessVideoData size:155674 dts:14.625 pts:14.625 dur:41.667ms, clock:7.569 level:70
2021-12-12 11:57:28.814 T:5183 DEBUG : CVideoPlayer::ProcessVideoData size:148452 dts:14.667 pts:14.667 dur:41.667ms, clock:7.571 level:71
2021-12-12 11:57:28.872 T:5185 DEBUG : CVideoPlayerVideo::OutputPicture - ttd:288ms pts:7.917 Clock:7.629 Level:4
2021-12-12 11:57:28.890 T:5183 DEBUG : CVideoPlayer::ProcessVideoData size:731162 dts:14.708 pts:14.708 dur:41.667ms, clock:7.647 level:71
2021-12-12 11:57:28.915 T:5185 DEBUG : CVideoPlayerVideo::OutputPicture - ttd:286ms pts:7.958 Clock:7.672 Level:4
2021-12-12 11:57:28.954 T:5185 DEBUG : CVideoPlayerVideo::OutputPicture - ttd:289ms pts:8.000 Clock:7.710 Level:4
2021-12-12 11:57:28.994 T:5183 DEBUG : CVideoPlayer::ProcessVideoData size:282493 dts:14.750 pts:14.750 dur:41.667ms, clock:7.750 level:70
2021-12-12 11:57:29.000 T:5185 DEBUG : CVideoPlayerVideo::OutputPicture - ttd:285ms pts:8.042 Clock:7.757 Level:4
2021-12-12 11:57:29.039 T:5185 DEBUG : CVideoPlayerVideo::OutputPicture - ttd:287ms pts:8.083 Clock:7.796 Level:4
2021-12-12 11:57:29.078 T:5185 DEBUG : CVideoPlayerVideo::OutputPicture - ttd:290ms pts:8.125 Clock:7.834 Level:4
2021-12-12 11:57:29.097 T:5183 DEBUG : CVideoPlayer::ProcessVideoData size:159347 dts:14.792 pts:14.792 dur:41.667ms, clock:7.853 level:70
2021-12-12 11:57:29.119 T:5185 DEBUG : CVideoPlayerVideo::OutputPicture - ttd:290ms pts:8.167 Clock:7.876 Level:4
2021-12-12 11:57:29.149 T:5183 DEBUG : CVideoPlayer::ProcessVideoData size:143473 dts:14.833 pts:14.833 dur:41.667ms, clock:7.906 level:69
2021-12-12 11:57:29.164 T:5183 DEBUG : CVideoPlayer::ProcessVideoData size:514055 dts:14.875 pts:14.875 dur:41.667ms, clock:7.920 level:69
2021-12-12 11:57:29.165 T:5185 DEBUG : CVideoPlayerVideo::OutputPicture - ttd:286ms pts:8.208 Clock:7.922 Level:4
2021-12-12 11:57:29.204 T:5185 DEBUG : CVideoPlayerVideo::OutputPicture - ttd:289ms pts:8.250 Clock:7.961 Level:4
2021-12-12 11:57:29.250 T:5185 DEBUG : CVideoPlayerVideo::OutputPicture - ttd:285ms pts:8.292 Clock:8.006 Level:4
2021-12-12 11:57:29.288 T:5185 DEBUG : CVideoPlayerVideo::OutputPicture - ttd:288ms pts:8.333 Clock:8.045 Level:4
2021-12-12 11:57:29.318 T:5183 DEBUG : CVideoPlayer::ProcessVideoData size:250090 dts:14.917 pts:14.917 dur:41.667ms, clock:8.074 level:69
2021-12-12 11:57:29.320 T:5183 DEBUG : CVideoPlayer::ProcessVideoData size:156327 dts:14.958 pts:14.958 dur:41.667ms, clock:8.076 level:69
2021-12-12 11:57:29.331 T:5185 DEBUG : CVideoPlayerVideo::OutputPicture - ttd:287ms pts:8.375 Clock:8.087 Level:4
2021-12-12 11:57:29.357 T:5183 DEBUG : CVideoPlayer::ProcessVideoData size:1060960 dts:15.000 pts:15.000 dur:41.667ms, clock:8.114 level:69
2021-12-12 11:57:29.368 T:5185 DEBUG : CVideoPlayerVideo::OutputPicture - ttd:291ms pts:8.417 Clock:8.125 Level:5
2021-12-12 11:57:29.414 T:5185 DEBUG : CVideoPlayerVideo::OutputPicture - ttd:287ms pts:8.458 Clock:8.171 Level:4
2021-12-12 11:57:29.453 T:5185 DEBUG : CVideoPlayerVideo::OutputPicture - ttd:290ms pts:8.500 Clock:8.209 Level:4
2021-12-12 11:57:29.468 T:5186 DEBUG : CDVDClock::ErrorAdjust - CVideoPlayerAudio::OutputPacket - error:21334.282756, adjusted:21334.282756
2021-12-12 11:57:29.496 T:5185 DEBUG : CVideoPlayerVideo::OutputPicture - ttd:267ms pts:8.542 Clock:8.274 Level:4
2021-12-12 11:57:29.527 T:5183 DEBUG : CVideoPlayer::ProcessVideoData size:708084 dts:15.042 pts:15.042 dur:41.667ms, clock:8.305 level:67
2021-12-12 11:57:29.534 T:5185 DEBUG : CVideoPlayerVideo::OutputPicture - ttd:271ms pts:8.583 Clock:8.312 Level:5
2021-12-12 11:57:29.579 T:5185 DEBUG : CVideoPlayerVideo::OutputPicture - ttd:268ms pts:8.625 Clock:8.357 Level:4
2021-12-12 11:57:29.618 T:5185 DEBUG : CVideoPlayerVideo::OutputPicture - ttd:270ms pts:8.667 Clock:8.396 Level:5
2021-12-12 11:57:29.659 T:5185 DEBUG : CVideoPlayerVideo::OutputPicture - ttd:271ms pts:8.708 Clock:8.437 Level:5
2021-12-12 11:57:29.682 T:5183 DEBUG : CVideoPlayer::ProcessVideoData size:268675 dts:15.083 pts:15.083 dur:41.667ms, clock:8.460 level:67
2021-12-12 11:57:29.702 T:5185 DEBUG : CVideoPlayerVideo::OutputPicture - ttd:270ms pts:8.750 Clock:8.480 Level:4
2021-12-12 11:57:29.725 T:5183 DEBUG : CVideoPlayer::ProcessVideoData size:155127 dts:15.125 pts:15.125 dur:41.667ms, clock:8.502 level:66
2021-12-12 11:57:29.726 T:5183 DEBUG : CVideoPlayer::ProcessVideoData size:129911 dts:15.167 pts:15.167 dur:41.667ms, clock:8.503 level:67
2021-12-12 11:57:29.746 T:5185 DEBUG : CVideoPlayerVideo::OutputPicture - ttd:267ms pts:8.792 Clock:8.524 Level:4
2021-12-12 11:57:29.747 T:5185 DEBUG : CVideoPlayerVideo::OutputPicture - ttd:308ms pts:8.833 Clock:8.525 Level:5
2021-12-12 11:57:29.749 T:5185 DEBUG : CVideoPlayerVideo::OutputPicture - ttd:348ms pts:8.875 Clock:8.527 Level:6
2021-12-12 11:57:29.781 T:5183 DEBUG : CVideoPlayer::ProcessVideoData size:673601 dts:15.208 pts:15.208 dur:41.667ms, clock:8.559 level:66
2021-12-12 11:57:29.793 T:5183 DEBUG : CVideoPlayer::ProcessVideoData size:264498 dts:15.250 pts:15.250 dur:41.667ms, clock:8.571 level:66
2021-12-12 11:57:29.795 T:5183 DEBUG : CVideoPlayer::ProcessVideoData size:148569 dts:15.292 pts:15.292 dur:41.667ms, clock:8.573 level:67
2021-12-12 11:57:29.796 T:5183 DEBUG : CVideoPlayer::ProcessVideoData size:130078 dts:15.333 pts:15.333 dur:41.667ms, clock:8.574 level:67
2021-12-12 11:57:29.873 T:5185 DEBUG : CVideoPlayerVideo::OutputPicture - ttd:266ms pts:8.917 Clock:8.651 Level:4
2021-12-12 11:57:29.893 T:5183 DEBUG : CVideoPlayer::ProcessVideoData size:768336 dts:15.375 pts:15.375 dur:41.667ms, clock:8.670 level:67
2021-12-12 11:57:29.909 T:5185 DEBUG : CVideoPlayerVideo::OutputPicture - ttd:271ms pts:8.958 Clock:8.687 Level:5
2021-12-12 11:57:29.954 T:5185 DEBUG : CVideoPlayerVideo::OutputPicture - ttd:267ms pts:9.000 Clock:8.732 Level:4
2021-12-12 11:57:29.996 T:5185 DEBUG : CVideoPlayerVideo::OutputPicture - ttd:268ms pts:9.042 Clock:8.774 Level:4
2021-12-12 11:57:30.017 T:5183 DEBUG : CVideoPlayer::ProcessVideoData size:238617 dts:15.417 pts:15.417 dur:41.667ms, clock:8.794 level:67
2021-12-12 11:57:30.037 T:5185 DEBUG : CVideoPlayerVideo::OutputPicture - ttd:268ms pts:9.083 Clock:8.815 Level:4
2021-12-12 11:57:30.059 T:5183 DEBUG : CVideoPlayer::ProcessVideoData size:149512 dts:15.458 pts:15.458 dur:41.667ms, clock:8.837 level:67
2021-12-12 11:57:30.080 T:5185 DEBUG : CVideoPlayerVideo::OutputPicture - ttd:267ms pts:9.125 Clock:8.858 Level:4
2021-12-12 11:57:30.101 T:5183 DEBUG : CVideoPlayer::ProcessVideoData size:119544 dts:15.500 pts:15.500 dur:41.667ms, clock:8.879 level:67
2021-12-12 11:57:30.106 T:5183 DEBUG : CVideoPlayer::ProcessVideoData size:717420 dts:15.542 pts:15.542 dur:41.667ms, clock:8.884 level:67
2021-12-12 11:57:30.124 T:5185 DEBUG : CVideoPlayerVideo::OutputPicture - ttd:265ms pts:9.167 Clock:8.902 Level:4
2021-12-12 11:57:30.164 T:5185 DEBUG : CVideoPlayerVideo::OutputPicture - ttd:266ms pts:9.208 Clock:8.942 Level:4
2021-12-12 11:57:30.203 T:5185 DEBUG : CVideoPlayerVideo::OutputPicture - ttd:268ms pts:9.250 Clock:8.981 Level:4
2021-12-12 11:57:30.245 T:5185 DEBUG : CVideoPlayerVideo::OutputPicture - ttd:269ms pts:9.292 Clock:9.022 Level:4
2021-12-12 11:57:30.262 T:5183 DEBUG : CVideoPlayer::ProcessVideoData size:289197 dts:15.583 pts:15.583 dur:41.667ms, clock:9.040 level:66
2021-12-12 11:57:30.286 T:5185 DEBUG : CVideoPlayerVideo::OutputPicture - ttd:269ms pts:9.333 Clock:9.064 Level:4
2021-12-12 11:57:30.314 T:5183 DEBUG : CVideoPlayer::ProcessVideoData size:168530 dts:15.625 pts:15.625 dur:41.667ms, clock:9.092 level:66
2021-12-12 11:57:30.316 T:5183 DEBUG : CVideoPlayer::ProcessVideoData size:131608 dts:15.667 pts:15.667 dur:41.667ms, clock:9.093 level:67
2021-12-12 11:57:30.330 T:5185 DEBUG : CVideoPlayerVideo::OutputPicture - ttd:267ms pts:9.375 Clock:9.108 Level:4
2021-12-12 11:57:30.351 T:5183 DEBUG : CVideoPlayer::ProcessVideoData size:740987 dts:15.708 pts:15.708 dur:41.667ms, clock:9.129 level:67
2021-12-12 11:57:30.372 T:5185 DEBUG : CVideoPlayerVideo::OutputPicture - ttd:267ms pts:9.417 Clock:9.149 Level:4
2021-12-12 11:57:30.412 T:5185 DEBUG : CVideoPlayerVideo::OutputPicture - ttd:268ms pts:9.458 Clock:9.190 Level:4
2021-12-12 11:57:30.453 T:5185 DEBUG : CVideoPlayerVideo::OutputPicture - ttd:269ms pts:9.500 Clock:9.231 Level:4
2021-12-12 11:57:30.475 T:5183 DEBUG : CVideoPlayer::ProcessVideoData size:276323 dts:15.750 pts:15.750 dur:41.667ms, clock:9.253 level:66
2021-12-12 11:57:30.497 T:5185 DEBUG : CVideoPlayerVideo::OutputPicture - ttd:266ms pts:9.542 Clock:9.275 Level:4
2021-12-12 11:57:30.518 T:5183 DEBUG : CVideoPlayer::ProcessVideoData size:160189 dts:15.792 pts:15.792 dur:41.667ms, clock:9.295 level:66
2021-12-12 11:57:30.520 T:5183 DEBUG : CVideoPlayer::ProcessVideoData size:134860 dts:15.833 pts:15.833 dur:41.667ms, clock:9.297 level:66
2021-12-12 11:57:30.540 T:5185 DEBUG : CVideoPlayerVideo::OutputPicture - ttd:265ms pts:9.583 Clock:9.318 Level:4
2021-12-12 11:57:30.564 T:5183 DEBUG : CVideoPlayer::ProcessVideoData size:524503 dts:15.875 pts:15.875 dur:41.667ms, clock:9.342 level:66
2021-12-12 11:57:30.577 T:5185 DEBUG : CVideoPlayerVideo::OutputPicture - ttd:270ms pts:9.625 Clock:9.355 Level:4
2021-12-12 11:57:30.618 T:5185 DEBUG : CVideoPlayerVideo::OutputPicture - ttd:270ms pts:9.667 Clock:9.396 Level:5
2021-12-12 11:57:30.648 T:5183 DEBUG : CVideoPlayer::ProcessVideoData size:258882 dts:15.917 pts:15.917 dur:41.667ms, clock:9.426 level:66
2021-12-12 11:57:30.661 T:5185 DEBUG : CVideoPlayerVideo::OutputPicture - ttd:269ms pts:9.708 Clock:9.439 Level:4
2021-12-12 11:57:30.706 T:5185 DEBUG : CVideoPlayerVideo::OutputPicture - ttd:266ms pts:9.750 Clock:9.484 Level:4
2021-12-12 11:57:30.721 T:5183 DEBUG : CVideoPlayer::ProcessVideoData size:155788 dts:15.958 pts:15.958 dur:41.667ms, clock:9.498 level:66
2021-12-12 11:57:30.749 T:5185 DEBUG : CVideoPlayerVideo::OutputPicture - ttd:264ms pts:9.792 Clock:9.527 Level:4
2021-12-12 11:57:30.751 T:5185 DEBUG : CVideoPlayerVideo::OutputPicture - ttd:305ms pts:9.833 Clock:9.528 Level:5
2021-12-12 11:57:30.752 T:5185 DEBUG : CVideoPlayerVideo::OutputPicture - ttd:345ms pts:9.875 Clock:9.530 Level:6
2021-12-12 11:57:30.778 T:5183 DEBUG : CVideoPlayer::ProcessVideoData size:986481 dts:16.000 pts:16.000 dur:41.667ms, clock:9.556 level:66
2021-12-12 11:57:30.814 T:5183 DEBUG : CVideoPlayer::ProcessVideoData size:770871 dts:16.042 pts:16.042 dur:41.667ms, clock:9.592 level:64
2021-12-12 11:57:30.869 T:5185 DEBUG : CVideoPlayerVideo::OutputPicture - ttd:270ms pts:9.917 Clock:9.647 Level:4
2021-12-12 11:57:30.914 T:5185 DEBUG : CVideoPlayerVideo::OutputPicture - ttd:267ms pts:9.958 Clock:9.691 Level:4
2021-12-12 11:57:30.938 T:5183 DEBUG : CVideoPlayer::ProcessVideoData size:291800 dts:16.083 pts:16.083 dur:41.667ms, clock:9.716 level:64
2021-12-12 11:57:30.940 T:5183 DEBUG : CVideoPlayer::ProcessVideoData size:175705 dts:16.125 pts:16.125 dur:41.667ms, clock:9.717 level:64
2021-12-12 11:57:30.941 T:5183 DEBUG : CVideoPlayer::ProcessVideoData size:151239 dts:16.167 pts:16.167 dur:41.667ms, clock:9.719 level:65
2021-12-12 11:57:30.954 T:5185 DEBUG : CVideoPlayerVideo::OutputPicture - ttd:268ms pts:10.000 Clock:9.732 Level:4
2021-12-12 11:57:30.994 T:5102 DEBUG : PushCecKeypress - received key fe duration 0
2021-12-12 11:57:31.000 T:5185 DEBUG : CVideoPlayerVideo::OutputPicture - ttd:264ms pts:10.042 Clock:9.778 Level:4
2021-12-12 11:57:31.027 T:5183 DEBUG : CVideoPlayer::ProcessVideoData size:729661 dts:16.208 pts:16.208 dur:41.667ms, clock:9.805 level:65
2021-12-12 11:57:31.034 T:5013 DEBUG : HandleKey: 254 (0xfe, obc1) pressed, action is PlayerDebug
2021-12-12 11:57:31.036 T:5185 DEBUG : CVideoPlayerVideo::OutputPicture - ttd:269ms pts:10.083 Clock:9.814 Level:4
2021-12-12 11:57:31.065 T:5102 DEBUG : PushCecKeypress - received key fe duration 71
2021-12-12 11:57:31.076 T:5185 DEBUG : CVideoPlayerVideo::OutputPicture - ttd:271ms pts:10.125 Clock:9.854 Level:5
2021-12-12 11:57:31.118 T:5185 DEBUG : CVideoPlayerVideo::OutputPicture - ttd:270ms pts:10.167 Clock:9.896 Level:5
2021-12-12 11:57:31.150 T:5183 DEBUG : CVideoPlayer::ProcessVideoData size:283466 dts:16.250 pts:16.250 dur:41.667ms, clock:9.928 level:64
2021-12-12 11:57:31.151 T:5183 DEBUG : CVideoPlayer::ProcessVideoData size:167506 dts:16.292 pts:16.292 dur:41.667ms, clock:9.929 level:64
2021-12-12 11:57:31.152 T:5183 DEBUG : CVideoPlayer::ProcessVideoData size:139299 dts:16.333 pts:16.333 dur:41.667ms, clock:9.930 level:65
2021-12-12 11:57:31.162 T:5185 DEBUG : CVideoPlayerVideo::OutputPicture - ttd:268ms pts:10.208 Clock:9.940 Level:4
2021-12-12 11:57:31.201 T:5185 DEBUG : CVideoPlayerVideo::OutputPicture - ttd:271ms pts:10.250 Clock:9.979 Level:5
2021-12-12 11:57:31.228 T:5183 DEBUG : CVideoPlayer::ProcessVideoData size:697300 dts:16.375 pts:16.375 dur:41.667ms, clock:10.006 level:65
2021-12-12 11:57:31.244 T:5185 DEBUG : CVideoPlayerVideo::OutputPicture - ttd:270ms pts:10.292 Clock:10.022 Level:5
2021-12-12 11:57:31.289 T:5185 DEBUG : CVideoPlayerVideo::OutputPicture - ttd:266ms pts:10.333 Clock:10.067 Level:4
2021-12-12 11:57:31.327 T:5185 DEBUG : CVideoPlayerVideo::OutputPicture - ttd:270ms pts:10.375 Clock:10.105 Level:5
2021-12-12 11:57:31.352 T:5183 DEBUG : CVideoPlayer::ProcessVideoData size:291286 dts:16.417 pts:16.417 dur:41.667ms, clock:10.130 level:64
2021-12-12 11:57:31.353 T:5183 DEBUG : CVideoPlayer::ProcessVideoData size:161188 dts:16.458 pts:16.458 dur:41.667ms, clock:10.131 level:64
2021-12-12 11:57:31.370 T:5185 DEBUG : CVideoPlayerVideo::OutputPicture - ttd:268ms pts:10.417 Clock:10.148 Level:5
2021-12-12 11:57:31.409 T:5185 DEBUG : CVideoPlayerVideo::OutputPicture - ttd:271ms pts:10.458 Clock:10.187 Level:5
2021-12-12 11:57:31.455 T:5185 DEBUG : CVideoPlayerVideo::OutputPicture - ttd:267ms pts:10.500 Clock:10.232 Level:4
2021-12-12 11:57:31.477 T:5183 DEBUG : CVideoPlayer::ProcessVideoData size:148236 dts:16.500 pts:16.500 dur:41.667ms, clock:10.254 level:64
2021-12-12 11:57:31.482 T:5183 DEBUG : CVideoPlayer::ProcessVideoData size:699060 dts:16.542 pts:16.542 dur:41.667ms, clock:10.260 level:65
2021-12-12 11:57:31.495 T:5185 DEBUG : CVideoPlayerVideo::OutputPicture - ttd:268ms pts:10.542 Clock:10.273 Level:5
2021-12-12 11:57:31.525 T:5183 DEBUG : CVideoPlayer::ProcessVideoData size:310728 dts:16.583 pts:16.583 dur:41.667ms, clock:10.303 level:64
2021-12-12 11:57:31.540 T:5185 DEBUG : CVideoPlayerVideo::OutputPicture - ttd:265ms pts:10.583 Clock:10.318 Level:4
2021-12-12 11:57:31.579 T:5185 DEBUG : CVideoPlayerVideo::OutputPicture - ttd:268ms pts:10.625 Clock:10.357 Level:4
2021-12-12 11:57:31.618 T:5185 DEBUG : CVideoPlayerVideo::OutputPicture - ttd:271ms pts:10.667 Clock:10.396 Level:5
2021-12-12 11:57:31.648 T:5183 DEBUG : CVideoPlayer::ProcessVideoData size:180016 dts:16.625 pts:16.625 dur:41.667ms, clock:10.426 level:64
2021-12-12 11:57:31.650 T:5183 DEBUG : CVideoPlayer::ProcessVideoData size:155159 dts:16.667 pts:16.667 dur:41.667ms, clock:10.427 level:64
2021-12-12 11:57:31.661 T:5185 DEBUG : CVideoPlayerVideo::OutputPicture - ttd:269ms pts:10.708 Clock:10.439 Level:5
2021-12-12 11:57:31.695 T:5183 DEBUG : CVideoPlayer::ProcessVideoData size:760608 dts:16.708 pts:16.708 dur:41.667ms, clock:10.473 level:64
2021-12-12 11:57:31.703 T:5185 DEBUG : CVideoPlayerVideo::OutputPicture - ttd:268ms pts:10.750 Clock:10.481 Level:5
2021-12-12 11:57:31.745 T:5185 DEBUG : CVideoPlayerVideo::OutputPicture - ttd:268ms pts:10.792 Clock:10.523 Level:5
2021-12-12 11:57:31.747 T:5185 DEBUG : CVideoPlayerVideo::OutputPicture - ttd:308ms pts:10.833 Clock:10.525 Level:5
2021-12-12 11:57:31.748 T:5185 DEBUG : CVideoPlayerVideo::OutputPicture - ttd:348ms pts:10.875 Clock:10.526 Level:6
2021-12-12 11:57:31.780 T:5183 DEBUG : CVideoPlayer::ProcessVideoData size:338002 dts:16.750 pts:16.750 dur:41.667ms, clock:10.558 level:63
2021-12-12 11:57:31.813 T:5183 DEBUG : CVideoPlayer::ProcessVideoData size:193780 dts:16.792 pts:16.792 dur:41.667ms, clock:10.590 level:63
2021-12-12 11:57:31.816 T:5183 DEBUG : CVideoPlayer::ProcessVideoData size:192389 dts:16.833 pts:16.833 dur:41.667ms, clock:10.593 level:63
2021-12-12 11:57:31.832 T:5183 DEBUG : CVideoPlayer::ProcessVideoData size:541094 dts:16.875 pts:16.875 dur:41.667ms, clock:10.610 level:63
2021-12-12 11:57:31.870 T:5185 DEBUG : CVideoPlayerVideo::OutputPicture - ttd:268ms pts:10.917 Clock:10.648 Level:5
2021-12-12 11:57:31.895 T:5183 DEBUG : CVideoPlayer::ProcessVideoData size:295568 dts:16.917 pts:16.917 dur:41.667ms, clock:10.673 level:63
2021-12-12 11:57:31.912 T:5185 DEBUG : CVideoPlayerVideo::OutputPicture - ttd:268ms pts:10.958 Clock:10.690 Level:4
2021-12-12 11:57:31.952 T:5185 DEBUG : CVideoPlayerVideo::OutputPicture - ttd:270ms pts:11.000 Clock:10.730 Level:5
2021-12-12 11:57:31.978 T:5183 DEBUG : CVideoPlayer::ProcessVideoData size:199232 dts:16.958 pts:16.958 dur:41.667ms, clock:10.756 level:63
2021-12-12 11:57:31.996 T:5183 DEBUG : CVideoPlayer::ProcessVideoData size:928818 dts:17.000 pts:17.000 dur:41.667ms, clock:10.773 level:63
2021-12-12 11:57:31.998 T:5185 DEBUG : CVideoPlayerVideo::OutputPicture - ttd:266ms pts:11.042 Clock:10.776 Level:4
2021-12-12 11:57:32.021 T:5183 DEBUG : CVideoPlayer::ProcessVideoData size:735183 dts:17.042 pts:17.042 dur:41.667ms, clock:10.799 level:63
2021-12-12 11:57:32.036 T:5185 DEBUG : CVideoPlayerVideo::OutputPicture - ttd:269ms pts:11.083 Clock:10.814 Level:5
2021-12-12 11:57:32.081 T:5185 DEBUG : CVideoPlayerVideo::OutputPicture - ttd:266ms pts:11.125 Clock:10.859 Level:4
2021-12-12 11:57:32.120 T:5185 DEBUG : CVideoPlayerVideo::OutputPicture - ttd:268ms pts:11.167 Clock:10.898 Level:5
2021-12-12 11:57:32.156 T:5183 DEBUG : CVideoPlayer::ProcessVideoData size:343184 dts:17.083 pts:17.083 dur:41.667ms, clock:10.933 level:62
2021-12-12 11:57:32.165 T:5185 DEBUG : CVideoPlayerVideo::OutputPicture - ttd:265ms pts:11.208 Clock:10.943 Level:4
2021-12-12 11:57:32.207 T:5185 DEBUG : CVideoPlayerVideo::OutputPicture - ttd:265ms pts:11.250 Clock:10.985 Level:4
2021-12-12 11:57:32.246 T:5185 DEBUG : CVideoPlayerVideo::OutputPicture - ttd:268ms pts:11.292 Clock:11.024 Level:5
2021-12-12 11:57:32.269 T:5183 DEBUG : CVideoPlayer::ProcessVideoData size:177408 dts:17.125 pts:17.125 dur:41.667ms, clock:11.047 level:61
2021-12-12 11:57:32.271 T:5183 DEBUG : CVideoPlayer::ProcessVideoData size:182554 dts:17.167 pts:17.167 dur:41.667ms, clock:11.049 level:62
2021-12-12 11:57:32.290 T:5185 DEBUG : CVideoPlayerVideo::OutputPicture - ttd:265ms pts:11.333 Clock:11.067 Level:4
2021-12-12 11:57:32.316 T:5183 DEBUG : CVideoPlayer::ProcessVideoData size:681897 dts:17.208 pts:17.208 dur:41.667ms, clock:11.094 level:62
2021-12-12 11:57:32.329 T:5185 DEBUG : CVideoPlayerVideo::OutputPicture - ttd:268ms pts:11.375 Clock:11.107 Level:5
2021-12-12 11:57:32.370 T:5185 DEBUG : CVideoPlayerVideo::OutputPicture - ttd:268ms pts:11.417 Clock:11.148 Level:5
2021-12-12 11:57:32.415 T:5185 DEBUG : CVideoPlayerVideo::OutputPicture - ttd:265ms pts:11.458 Clock:11.193 Level:4
2021-12-12 11:57:32.453 T:5185 DEBUG : CVideoPlayerVideo::OutputPicture - ttd:269ms pts:11.500 Clock:11.231 Level:5
2021-12-12 11:57:32.497 T:5185 DEBUG : CVideoPlayerVideo::OutputPicture - ttd:266ms pts:11.542 Clock:11.275 Level:4
2021-12-12 11:57:32.535 T:5185 DEBUG : CVideoPlayerVideo::OutputPicture - ttd:270ms pts:11.583 Clock:11.313 Level:5
2021-12-12 11:57:32.579 T:5185 DEBUG : CVideoPlayerVideo::OutputPicture - ttd:267ms pts:11.625 Clock:11.357 Level:4
2021-12-12 11:57:32.624 T:5185 DEBUG : CVideoPlayerVideo::OutputPicture - ttd:265ms pts:11.667 Clock:11.402 Level:4
2021-12-12 11:57:32.662 T:5185 DEBUG : CVideoPlayerVideo::OutputPicture - ttd:268ms pts:11.708 Clock:11.440 Level:5
2021-12-12 11:57:32.706 T:5185 DEBUG : CVideoPlayerVideo::OutputPicture - ttd:266ms pts:11.750 Clock:11.484 Level:4
2021-12-12 11:57:32.744 T:5185 DEBUG : CVideoPlayerVideo::OutputPicture - ttd:269ms pts:11.792 Clock:11.522 Level:5
2021-12-12 11:57:32.746 T:5185 DEBUG : CVideoPlayerVideo::OutputPicture - ttd:309ms pts:11.833 Clock:11.524 Level:5
2021-12-12 11:57:32.747 T:5185 DEBUG : CVideoPlayerVideo::OutputPicture - ttd:349ms pts:11.875 Clock:11.525 Level:6
2021-12-12 11:57:32.868 T:5185 DEBUG : CVideoPlayerVideo::OutputPicture - ttd:271ms pts:11.917 Clock:11.646 Level:5
2021-12-12 11:57:32.895 T:5183 DEBUG : CVideoPlayer::ProcessVideoData size:323823 dts:17.250 pts:17.250 dur:41.667ms, clock:11.673 level:52
2021-12-12 11:57:32.896 T:5183 DEBUG : CVideoPlayer::ProcessVideoData size:202243 dts:17.292 pts:17.292 dur:41.667ms, clock:11.674 level:53
2021-12-12 11:57:32.910 T:5185 DEBUG : CVideoPlayerVideo::OutputPicture - ttd:270ms pts:11.958 Clock:11.688 Level:5
2021-12-12 11:57:32.938 T:5183 DEBUG : CVideoPlayer::ProcessVideoData size:176792 dts:17.333 pts:17.333 dur:41.667ms, clock:11.716 level:53
2021-12-12 11:57:32.940 T:5183 DEBUG : CVideoPlayer::ProcessVideoData size:642184 dts:17.375 pts:17.375 dur:41.667ms, clock:11.718 level:53
2021-12-12 11:57:32.952 T:5185 DEBUG : CVideoPlayerVideo::OutputPicture - ttd:270ms pts:12.000 Clock:11.730 Level:5
2021-12-12 11:57:32.973 T:5183 DEBUG : CVideoPlayer::ProcessVideoData size:320791 dts:17.417 pts:17.417 dur:41.667ms, clock:11.751 level:53
2021-12-12 11:57:32.975 T:5183 DEBUG : CVideoPlayer::ProcessVideoData size:194442 dts:17.458 pts:17.458 dur:41.667ms, clock:11.753 level:54
