2021-12-12 12:00:41.182 T:5233 DEBUG : CVideoPlayer::ProcessVideoData size:22951 dts:2.542 pts:2.542 dur:41.000ms, clock:-0.375 level:30
2021-12-12 12:00:41.182 T:5233 DEBUG : CVideoPlayer::ProcessVideoData size:38303 dts:2.583 pts:2.750 dur:41.000ms, clock:-0.375 level:30
2021-12-12 12:00:41.183 T:5233 DEBUG : CVideoPlayer::ProcessVideoData size:28073 dts:2.625 pts:2.708 dur:41.000ms, clock:-0.375 level:31
2021-12-12 12:00:41.184 T:5233 DEBUG : CVideoPlayer::ProcessVideoData size:21473 dts:2.667 pts:2.667 dur:41.000ms, clock:-0.375 level:31
2021-12-12 12:00:41.185 T:5233 DEBUG : CVideoPlayer::ProcessVideoData size:38261 dts:2.708 pts:2.875 dur:41.000ms, clock:-0.375 level:32
2021-12-12 12:00:41.185 T:5233 DEBUG : CVideoPlayer::ProcessVideoData size:28891 dts:2.750 pts:2.833 dur:41.000ms, clock:-0.375 level:32
2021-12-12 12:00:41.187 T:5233 DEBUG : CVideoPlayer::ProcessVideoData size:21262 dts:2.792 pts:2.792 dur:41.000ms, clock:-0.375 level:33
2021-12-12 12:00:41.187 T:5233 DEBUG : CVideoPlayer::ProcessVideoData size:34900 dts:2.833 pts:2.917 dur:41.000ms, clock:-0.375 level:33
2021-12-12 12:00:41.188 T:5233 DEBUG : CVideoPlayer::ProcessVideoData size:3088 dts:2.875 pts:2.958 dur:41.000ms, clock:-0.375 level:34
2021-12-12 12:00:41.188 T:5233 DEBUG : CVideoPlayer::ProcessVideoData size:4617 dts:2.917 pts:3.000 dur:41.000ms, clock:-0.375 level:34
2021-12-12 12:00:41.190 T:5233 DEBUG : CVideoPlayer::ProcessVideoData size:290 dts:2.958 pts:3.125 dur:41.000ms, clock:-0.375 level:35
2021-12-12 12:00:41.190 T:5233 DEBUG : CVideoPlayer::ProcessVideoData size:273 dts:3.000 pts:3.083 dur:41.000ms, clock:-0.375 level:35
2021-12-12 12:00:41.190 T:5233 DEBUG : CVideoPlayer::ProcessVideoData size:270 dts:3.042 pts:3.042 dur:41.000ms, clock:-0.375 level:36
2021-12-12 12:00:41.190 T:5233 DEBUG : CVideoPlayer::ProcessVideoData size:303 dts:3.083 pts:3.250 dur:41.000ms, clock:-0.375 level:36
2021-12-12 12:00:41.190 T:5233 DEBUG : CVideoPlayer::ProcessVideoData size:290 dts:3.125 pts:3.208 dur:41.000ms, clock:-0.375 level:37
2021-12-12 12:00:41.190 T:5233 DEBUG : CVideoPlayer::ProcessVideoData size:276 dts:3.167 pts:3.167 dur:41.000ms, clock:-0.375 level:37
2021-12-12 12:00:41.191 T:5233 DEBUG : CVideoPlayer::ProcessVideoData size:320 dts:3.208 pts:3.375 dur:41.000ms, clock:-0.375 level:38
2021-12-12 12:00:41.191 T:5233 DEBUG : CVideoPlayer::ProcessVideoData size:301 dts:3.250 pts:3.333 dur:41.000ms, clock:-0.375 level:39
2021-12-12 12:00:41.192 T:5233 DEBUG : CVideoPlayer::ProcessVideoData size:293 dts:3.292 pts:3.292 dur:41.000ms, clock:-0.375 level:39
2021-12-12 12:00:41.192 T:5233 DEBUG : CVideoPlayer::ProcessVideoData size:334 dts:3.333 pts:3.500 dur:41.000ms, clock:-0.375 level:40
2021-12-12 12:00:41.192 T:5233 DEBUG : CVideoPlayer::ProcessVideoData size:314 dts:3.375 pts:3.458 dur:41.000ms, clock:-0.375 level:40
2021-12-12 12:00:41.192 T:5233 DEBUG : CVideoPlayer::ProcessVideoData size:307 dts:3.417 pts:3.417 dur:41.000ms, clock:-0.375 level:41
2021-12-12 12:00:41.193 T:5233 DEBUG : CVideoPlayer::ProcessVideoData size:348 dts:3.458 pts:3.625 dur:41.000ms, clock:-0.375 level:41
2021-12-12 12:00:41.193 T:5233 DEBUG : CVideoPlayer::ProcessVideoData size:326 dts:3.500 pts:3.583 dur:41.000ms, clock:-0.375 level:42
2021-12-12 12:00:41.193 T:5233 DEBUG : CVideoPlayer::ProcessVideoData size:323 dts:3.542 pts:3.542 dur:41.000ms, clock:-0.375 level:42
2021-12-12 12:00:41.193 T:5233 DEBUG : CVideoPlayer::ProcessVideoData size:349 dts:3.583 pts:3.750 dur:41.000ms, clock:-0.375 level:43
2021-12-12 12:00:41.193 T:5233 DEBUG : CVideoPlayer::ProcessVideoData size:333 dts:3.625 pts:3.708 dur:41.000ms, clock:-0.375 level:43
2021-12-12 12:00:41.193 T:5233 DEBUG : CVideoPlayer::ProcessVideoData size:333 dts:3.667 pts:3.667 dur:41.000ms, clock:-0.375 level:44
2021-12-12 12:00:41.194 T:5233 DEBUG : CVideoPlayer::ProcessVideoData size:349 dts:3.708 pts:3.875 dur:41.000ms, clock:-0.375 level:44
2021-12-12 12:00:41.194 T:5233 DEBUG : CVideoPlayer::ProcessVideoData size:336 dts:3.750 pts:3.833 dur:41.000ms, clock:-0.375 level:45
2021-12-12 12:00:41.194 T:5233 DEBUG : CVideoPlayer::ProcessVideoData size:333 dts:3.792 pts:3.792 dur:41.000ms, clock:-0.375 level:45
2021-12-12 12:00:41.194 T:5233 DEBUG : CVideoPlayer::ProcessVideoData size:349 dts:3.833 pts:3.958 dur:41.000ms, clock:-0.375 level:46
2021-12-12 12:00:41.194 T:5233 DEBUG : CVideoPlayer::ProcessVideoData size:333 dts:3.875 pts:3.917 dur:41.000ms, clock:-0.375 level:46
2021-12-12 12:00:41.195 T:5233 DEBUG : CVideoPlayer::ProcessVideoData size:4617 dts:3.917 pts:4.000 dur:41.000ms, clock:-0.375 level:47
2021-12-12 12:00:41.195 T:5233 DEBUG : CVideoPlayer::ProcessVideoData size:268 dts:3.958 pts:4.083 dur:41.000ms, clock:-0.375 level:47
2021-12-12 12:00:41.196 T:5233 DEBUG : CVideoPlayer::ProcessVideoData size:264 dts:4.000 pts:4.042 dur:41.000ms, clock:-0.375 level:48
2021-12-12 12:00:41.200 T:5233 DEBUG : CVideoPlayer::ProcessVideoData size:293432 dts:4.042 pts:4.125 dur:41.000ms, clock:-0.375 level:48
2021-12-12 12:00:41.205 T:5233 DEBUG : CVideoPlayer::ProcessVideoData size:190597 dts:4.083 pts:4.167 dur:41.000ms, clock:-0.375 level:49
2021-12-12 12:00:41.209 T:5233 DEBUG : CVideoPlayer::ProcessVideoData size:162413 dts:4.125 pts:4.208 dur:41.000ms, clock:-0.375 level:49
2021-12-12 12:00:41.209 T:5233 DEBUG : CDVDClock::SetSpeedAdjust - adjusted:0.000000
2021-12-12 12:00:41.209 T:5013 DEBUG : ------ Window Init (DialogBusy.xml) ------
2021-12-12 12:00:41.214 T:5233 DEBUG : CVideoPlayer::ProcessVideoData size:157844 dts:4.167 pts:4.250 dur:41.000ms, clock:-0.375 level:50
2021-12-12 12:00:41.214 T:5013 DEBUG : Alignment of external buffer is not suitable for ffmpeg intrinsics - please fix your malloc
2021-12-12 12:00:41.218 T:5233 INFO : Skipped 1 duplicate messages..
2021-12-12 12:00:41.218 T:5233 DEBUG : CVideoPlayer::ProcessVideoData size:151447 dts:4.208 pts:4.292 dur:41.000ms, clock:-0.375 level:50
2021-12-12 12:00:41.220 T:5013 DEBUG : Alignment of external buffer is not suitable for ffmpeg intrinsics - please fix your malloc
2021-12-12 12:00:41.224 T:5233 DEBUG : CVideoPlayer::ProcessVideoData size:158026 dts:4.250 pts:4.333 dur:41.000ms, clock:-0.375 level:51
2021-12-12 12:00:41.225 T:5013 DEBUG : Alignment of external buffer is not suitable for ffmpeg intrinsics - please fix your malloc
2021-12-12 12:00:41.228 T:5233 DEBUG : CVideoPlayer::ProcessVideoData size:163503 dts:4.292 pts:4.375 dur:41.000ms, clock:-0.375 level:52
2021-12-12 12:00:41.229 T:5013 DEBUG : Alignment of external buffer is not suitable for ffmpeg intrinsics - please fix your malloc
2021-12-12 12:00:41.232 T:5233 INFO : Skipped 1 duplicate messages..
2021-12-12 12:00:41.232 T:5233 DEBUG : CVideoPlayer::ProcessVideoData size:147627 dts:4.333 pts:4.417 dur:41.000ms, clock:-0.375 level:52
2021-12-12 12:00:41.235 T:5013 DEBUG : Alignment of external buffer is not suitable for ffmpeg intrinsics - please fix your malloc
2021-12-12 12:00:41.238 T:5233 DEBUG : CVideoPlayer::ProcessVideoData size:142261 dts:4.375 pts:4.458 dur:41.000ms, clock:-0.375 level:53
2021-12-12 12:00:41.239 T:5013 DEBUG : Alignment of external buffer is not suitable for ffmpeg intrinsics - please fix your malloc
2021-12-12 12:00:41.242 T:5233 DEBUG : CVideoPlayer::ProcessVideoData size:160960 dts:4.417 pts:4.500 dur:41.000ms, clock:-0.375 level:53
2021-12-12 12:00:41.242 T:5013 DEBUG : Alignment of external buffer is not suitable for ffmpeg intrinsics - please fix your malloc
2021-12-12 12:00:41.248 T:5233 INFO : Skipped 1 duplicate messages..
2021-12-12 12:00:41.248 T:5233 DEBUG : CVideoPlayer::ProcessVideoData size:144585 dts:4.458 pts:4.542 dur:41.000ms, clock:-0.375 level:54
2021-12-12 12:00:41.248 T:5013 DEBUG : Alignment of external buffer is not suitable for ffmpeg intrinsics - please fix your malloc
2021-12-12 12:00:41.252 T:5233 INFO : Skipped 1 duplicate messages..
2021-12-12 12:00:41.252 T:5233 DEBUG : CVideoPlayer::ProcessVideoData size:147951 dts:4.500 pts:4.583 dur:41.000ms, clock:-0.375 level:54
2021-12-12 12:00:41.254 T:5013 DEBUG : Alignment of external buffer is not suitable for ffmpeg intrinsics - please fix your malloc
2021-12-12 12:00:41.256 T:5233 DEBUG : CVideoPlayer::ProcessVideoData size:145786 dts:4.542 pts:4.625 dur:41.000ms, clock:-0.375 level:55
2021-12-12 12:00:41.257 T:5013 DEBUG : Alignment of external buffer is not suitable for ffmpeg intrinsics - please fix your malloc
2021-12-12 12:00:41.260 T:5233 DEBUG : CVideoPlayer::ProcessVideoData size:139066 dts:4.583 pts:4.667 dur:41.000ms, clock:-0.375 level:55
2021-12-12 12:00:41.262 T:5013 DEBUG : Alignment of external buffer is not suitable for ffmpeg intrinsics - please fix your malloc
2021-12-12 12:00:41.264 T:5233 DEBUG : CVideoPlayer::ProcessVideoData size:141712 dts:4.625 pts:4.708 dur:41.000ms, clock:-0.375 level:56
2021-12-12 12:00:41.265 T:5013 DEBUG : Alignment of external buffer is not suitable for ffmpeg intrinsics - please fix your malloc
2021-12-12 12:00:41.270 T:5233 INFO : Skipped 2 duplicate messages..
2021-12-12 12:00:41.270 T:5233 DEBUG : CVideoPlayer::ProcessVideoData size:136768 dts:4.667 pts:4.750 dur:41.000ms, clock:-0.375 level:56
2021-12-12 12:00:41.272 T:5013 DEBUG : Alignment of external buffer is not suitable for ffmpeg intrinsics - please fix your malloc
2021-12-12 12:00:41.274 T:5233 DEBUG : CVideoPlayer::ProcessVideoData size:141283 dts:4.708 pts:4.792 dur:41.000ms, clock:-0.375 level:57
2021-12-12 12:00:41.275 T:5013 DEBUG : Alignment of external buffer is not suitable for ffmpeg intrinsics - please fix your malloc
2021-12-12 12:00:41.278 T:5233 INFO : Skipped 1 duplicate messages..
2021-12-12 12:00:41.278 T:5233 DEBUG : CVideoPlayer::ProcessVideoData size:141153 dts:4.750 pts:4.833 dur:41.000ms, clock:-0.375 level:57
2021-12-12 12:00:41.280 T:5013 DEBUG : Alignment of external buffer is not suitable for ffmpeg intrinsics - please fix your malloc
2021-12-12 12:00:41.282 T:5233 DEBUG : CVideoPlayer::ProcessVideoData size:142058 dts:4.792 pts:4.875 dur:41.000ms, clock:-0.375 level:58
2021-12-12 12:00:41.283 T:5013 DEBUG : Alignment of external buffer is not suitable for ffmpeg intrinsics - please fix your malloc
2021-12-12 12:00:41.286 T:5233 INFO : Skipped 1 duplicate messages..
2021-12-12 12:00:41.286 T:5233 DEBUG : CVideoPlayer::ProcessVideoData size:145232 dts:4.833 pts:4.917 dur:41.000ms, clock:-0.375 level:58
2021-12-12 12:00:41.289 T:5013 DEBUG : Alignment of external buffer is not suitable for ffmpeg intrinsics - please fix your malloc
2021-12-12 12:00:41.292 T:5233 DEBUG : CVideoPlayer::ProcessVideoData size:138771 dts:4.875 pts:4.958 dur:41.000ms, clock:-0.375 level:59
2021-12-12 12:00:41.292 T:5013 DEBUG : Alignment of external buffer is not suitable for ffmpeg intrinsics - please fix your malloc
2021-12-12 12:00:41.296 T:5233 INFO : Skipped 1 duplicate messages..
2021-12-12 12:00:41.296 T:5233 DEBUG : CVideoPlayer::ProcessVideoData size:145454 dts:4.917 pts:5.000 dur:41.000ms, clock:-0.375 level:59
2021-12-12 12:00:41.298 T:5013 DEBUG : Alignment of external buffer is not suitable for ffmpeg intrinsics - please fix your malloc
2021-12-12 12:00:41.304 T:5233 INFO : Skipped 2 duplicate messages..
2021-12-12 12:00:41.304 T:5233 DEBUG : CVideoPlayer::ProcessVideoData size:271621 dts:4.958 pts:5.042 dur:41.000ms, clock:-0.375 level:60
2021-12-12 12:00:41.307 T:5013 DEBUG : Alignment of external buffer is not suitable for ffmpeg intrinsics - please fix your malloc
2021-12-12 12:00:41.310 T:5233 DEBUG : CVideoPlayer::ProcessVideoData size:191399 dts:5.000 pts:5.125 dur:41.000ms, clock:-0.375 level:60
2021-12-12 12:00:41.310 T:5013 DEBUG : Alignment of external buffer is not suitable for ffmpeg intrinsics - please fix your malloc
2021-12-12 12:00:41.315 T:5233 INFO : Skipped 1 duplicate messages..
2021-12-12 12:00:41.315 T:5233 DEBUG : CVideoPlayer::ProcessVideoData size:93239 dts:5.042 pts:5.083 dur:41.000ms, clock:-0.375 level:61
2021-12-12 12:00:41.317 T:5013 DEBUG : Alignment of external buffer is not suitable for ffmpeg intrinsics - please fix your malloc
2021-12-12 12:00:41.320 T:5233 INFO : Skipped 1 duplicate messages..
2021-12-12 12:00:41.320 T:5233 DEBUG : CVideoPlayer::ProcessVideoData size:183298 dts:5.083 pts:5.208 dur:41.000ms, clock:-0.375 level:61
2021-12-12 12:00:41.322 T:5233 DEBUG : CVideoPlayer::ProcessVideoData size:76226 dts:5.125 pts:5.167 dur:41.000ms, clock:-0.375 level:62
2021-12-12 12:00:41.323 T:5013 DEBUG : Alignment of external buffer is not suitable for ffmpeg intrinsics - please fix your malloc
2021-12-12 12:00:41.328 T:5233 INFO : Skipped 1 duplicate messages..
2021-12-12 12:00:41.328 T:5233 DEBUG : CVideoPlayer::ProcessVideoData size:175189 dts:5.167 pts:5.292 dur:41.000ms, clock:-0.375 level:62
2021-12-12 12:00:41.328 T:5013 DEBUG : Alignment of external buffer is not suitable for ffmpeg intrinsics - please fix your malloc
2021-12-12 12:00:41.329 T:5233 DEBUG : CVideoPlayer::ProcessVideoData size:76720 dts:5.208 pts:5.250 dur:41.000ms, clock:-0.375 level:63
2021-12-12 12:00:41.330 T:5013 DEBUG : Alignment of external buffer is not suitable for ffmpeg intrinsics - please fix your malloc
2021-12-12 12:00:41.334 T:5233 INFO : Skipped 1 duplicate messages..
2021-12-12 12:00:41.334 T:5233 DEBUG : CVideoPlayer::ProcessVideoData size:174512 dts:5.250 pts:5.375 dur:41.000ms, clock:-0.375 level:64
2021-12-12 12:00:41.335 T:5013 DEBUG : Alignment of external buffer is not suitable for ffmpeg intrinsics - please fix your malloc
2021-12-12 12:00:41.337 T:5233 DEBUG : CVideoPlayer::ProcessVideoData size:81833 dts:5.292 pts:5.333 dur:41.000ms, clock:-0.375 level:64
2021-12-12 12:00:41.337 T:5013 DEBUG : Alignment of external buffer is not suitable for ffmpeg intrinsics - please fix your malloc
2021-12-12 12:00:41.343 T:5233 INFO : Skipped 2 duplicate messages..
2021-12-12 12:00:41.343 T:5233 DEBUG : CVideoPlayer::ProcessVideoData size:181104 dts:5.333 pts:5.458 dur:41.000ms, clock:-0.375 level:65
2021-12-12 12:00:41.345 T:5233 DEBUG : CVideoPlayer::ProcessVideoData size:86993 dts:5.375 pts:5.417 dur:41.000ms, clock:-0.375 level:65
2021-12-12 12:00:41.346 T:5013 DEBUG : Alignment of external buffer is not suitable for ffmpeg intrinsics - please fix your malloc
2021-12-12 12:00:41.351 T:5233 INFO : Skipped 1 duplicate messages..
2021-12-12 12:00:41.351 T:5233 DEBUG : CVideoPlayer::ProcessVideoData size:181424 dts:5.417 pts:5.542 dur:41.000ms, clock:-0.375 level:66
2021-12-12 12:00:41.351 T:5013 DEBUG : Alignment of external buffer is not suitable for ffmpeg intrinsics - please fix your malloc
2021-12-12 12:00:41.353 T:5233 DEBUG : CVideoPlayer::ProcessVideoData size:84756 dts:5.458 pts:5.500 dur:41.000ms, clock:-0.375 level:66
2021-12-12 12:00:41.354 T:5013 DEBUG : Alignment of external buffer is not suitable for ffmpeg intrinsics - please fix your malloc
2021-12-12 12:00:41.358 T:5233 INFO : Skipped 1 duplicate messages..
2021-12-12 12:00:41.358 T:5233 DEBUG : CVideoPlayer::ProcessVideoData size:175410 dts:5.500 pts:5.625 dur:41.000ms, clock:-0.375 level:67
2021-12-12 12:00:41.359 T:5013 DEBUG : Alignment of external buffer is not suitable for ffmpeg intrinsics - please fix your malloc
2021-12-12 12:00:41.363 T:5233 INFO : Skipped 1 duplicate messages..
2021-12-12 12:00:41.363 T:5233 DEBUG : CVideoPlayer::ProcessVideoData size:86781 dts:5.542 pts:5.583 dur:41.000ms, clock:-0.375 level:67
2021-12-12 12:00:41.365 T:5013 DEBUG : Alignment of external buffer is not suitable for ffmpeg intrinsics - please fix your malloc
2021-12-12 12:00:41.369 T:5233 INFO : Skipped 1 duplicate messages..
2021-12-12 12:00:41.369 T:5233 DEBUG : CVideoPlayer::ProcessVideoData size:171524 dts:5.583 pts:5.708 dur:41.000ms, clock:-0.375 level:68
2021-12-12 12:00:41.370 T:5013 DEBUG : Alignment of external buffer is not suitable for ffmpeg intrinsics - please fix your malloc
2021-12-12 12:00:41.371 T:5233 DEBUG : CVideoPlayer::ProcessVideoData size:86558 dts:5.625 pts:5.667 dur:41.000ms, clock:-0.375 level:68
2021-12-12 12:00:41.373 T:5013 DEBUG : Alignment of external buffer is not suitable for ffmpeg intrinsics - please fix your malloc
2021-12-12 12:00:41.376 T:5233 DEBUG : CVideoPlayer::ProcessVideoData size:92131 dts:5.667 pts:5.750 dur:41.000ms, clock:-0.375 level:69
2021-12-12 12:00:41.376 T:5013 DEBUG : Alignment of external buffer is not suitable for ffmpeg intrinsics - please fix your malloc
2021-12-12 12:00:41.377 T:5233 DEBUG : CVideoPlayer::ProcessVideoData size:94946 dts:5.708 pts:5.792 dur:41.000ms, clock:-0.375 level:69
2021-12-12 12:00:41.378 T:5022 DEBUG : CActiveAESink::OpenSink - trying to open device ALSA:hdmi:CARD=AMLAUGESOUND,DEV=0
2021-12-12 12:00:41.378 T:5022 INFO : CAESinkALSA::Initialize - Attempting to open device "hdmi:CARD=AMLAUGESOUND,DEV=0"
2021-12-12 12:00:41.379 T:5013 DEBUG : Alignment of external buffer is not suitable for ffmpeg intrinsics - please fix your malloc
2021-12-12 12:00:41.381 T:5233 DEBUG : CVideoPlayer::ProcessVideoData size:95596 dts:5.750 pts:5.833 dur:41.000ms, clock:-0.375 level:70
2021-12-12 12:00:41.383 T:5013 DEBUG : Alignment of external buffer is not suitable for ffmpeg intrinsics - please fix your malloc
2021-12-12 12:00:41.384 T:5233 DEBUG : CVideoPlayer::ProcessVideoData size:90600 dts:5.792 pts:5.875 dur:41.000ms, clock:-0.375 level:70
2021-12-12 12:00:41.386 T:5013 DEBUG : Alignment of external buffer is not suitable for ffmpeg intrinsics - please fix your malloc
2021-12-12 12:00:41.388 T:5022 INFO : CAESinkALSA::Initialize - Opened device "hdmi:CARD=AMLAUGESOUND,DEV=0,AES0=0x06,AES1=0x82,AES2=0x00,AES3=0x0e"
2021-12-12 12:00:41.389 T:5022 DEBUG : CAESinkALSA::InitializeHW - Request: periodSize 9600, bufferSize 38400
2021-12-12 12:00:41.389 T:5022 DEBUG : CAESinkALSA::InitializeHW - Got: periodSize 9600, bufferSize 38400
2021-12-12 12:00:41.389 T:5022 DEBUG : CAESinkALSA::InitializeHW - Setting timeout to 200 ms
2021-12-12 12:00:41.390 T:5022 DEBUG : CAESinkALSA::GetChannelLayout - Input Channel Count: 2 Output Channel Count: 2
2021-12-12 12:00:41.390 T:5233 DEBUG : CVideoPlayer::ProcessVideoData size:84256 dts:5.833 pts:5.917 dur:41.000ms, clock:-0.375 level:71
2021-12-12 12:00:41.390 T:5022 DEBUG : CAESinkALSA::GetChannelLayout - Requested Layout: RAW, RAW
2021-12-12 12:00:41.390 T:5022 DEBUG : CAESinkALSA::GetChannelLayout - Got Layout: RAW, RAW (ALSA: none)
2021-12-12 12:00:41.390 T:5022 DEBUG : CActiveAESink::OpenSink - ALSA Initialized:
2021-12-12 12:00:41.390 T:5022 DEBUG : Output Device : AML-AUGESOUND
2021-12-12 12:00:41.390 T:5022 DEBUG : Sample Rate : 192000
2021-12-12 12:00:41.390 T:5022 DEBUG : Sample Format : AE_FMT_S16NE
2021-12-12 12:00:41.390 T:5022 DEBUG : Channel Count : 2
2021-12-12 12:00:41.390 T:5022 DEBUG : Channel Layout: RAW, RAW
2021-12-12 12:00:41.390 T:5022 DEBUG : Frames : 9600
2021-12-12 12:00:41.390 T:5022 DEBUG : Frame Size : 4
2021-12-12 12:00:41.391 T:5013 DEBUG : Alignment of external buffer is not suitable for ffmpeg intrinsics - please fix your malloc
2021-12-12 12:00:41.395 T:5233 INFO : Skipped 1 duplicate messages..
2021-12-12 12:00:41.395 T:5233 DEBUG : CVideoPlayer::ProcessVideoData size:82878 dts:5.875 pts:5.958 dur:41.000ms, clock:-0.375 level:71
2021-12-12 12:00:41.398 T:5233 DEBUG : CVideoPlayer::ProcessVideoData size:107929 dts:5.917 pts:6.000 dur:41.000ms, clock:-0.375 level:72
2021-12-12 12:00:41.398 T:5013 DEBUG : Alignment of external buffer is not suitable for ffmpeg intrinsics - please fix your malloc
2021-12-12 12:00:41.400 T:5021 DEBUG : CActiveAE::ClearDiscardedBuffers - buffer pool deleted
2021-12-12 12:00:41.400 T:5233 DEBUG : CVideoPlayer::ProcessVideoData size:82788 dts:5.958 pts:6.042 dur:41.000ms, clock:-0.375 level:72
2021-12-12 12:00:41.401 T:5021 DEBUG : CActiveAE::ClearDiscardedBuffers - buffer pool deleted
2021-12-12 12:00:41.401 T:5236 DEBUG : CDVDAudio::Pause - pausing audio stream
2021-12-12 12:00:41.402 T:5013 DEBUG : Alignment of external buffer is not suitable for ffmpeg intrinsics - please fix your malloc
2021-12-12 12:00:41.402 T:5233 DEBUG : CVideoPlayer::ProcessVideoData size:87638 dts:6.000 pts:6.083 dur:41.000ms, clock:-0.375 level:73
2021-12-12 12:00:41.402 T:5233 DEBUG : CVideoPlayer::HandleMessages - player started 1
2021-12-12 12:00:41.403 T:5077 DEBUG : OnAVChange: CApplication::OnAVChange
2021-12-12 12:00:41.412 T:5013 DEBUG : Alignment of external buffer is not suitable for ffmpeg intrinsics - please fix your malloc
2021-12-12 12:00:41.413 T:5233 DEBUG : CVideoPlayer::ProcessVideoData size:92233 dts:6.042 pts:6.125 dur:41.000ms, clock:-0.375 level:73
2021-12-12 12:00:41.415 T:5013 DEBUG : Alignment of external buffer is not suitable for ffmpeg intrinsics - please fix your malloc
2021-12-12 12:00:41.416 T:5233 DEBUG : CVideoPlayer::ProcessVideoData size:90437 dts:6.083 pts:6.167 dur:41.000ms, clock:-0.375 level:74
2021-12-12 12:00:41.419 T:5013 DEBUG : Alignment of external buffer is not suitable for ffmpeg intrinsics - please fix your malloc
2021-12-12 12:00:41.420 T:5233 DEBUG : CVideoPlayer::ProcessVideoData size:84110 dts:6.125 pts:6.208 dur:41.000ms, clock:-0.375 level:74
2021-12-12 12:00:41.421 T:5233 DEBUG : CVideoPlayer::ProcessVideoData size:84124 dts:6.167 pts:6.250 dur:41.000ms, clock:-0.375 level:75
2021-12-12 12:00:41.422 T:5013 DEBUG : Alignment of external buffer is not suitable for ffmpeg intrinsics - please fix your malloc
2021-12-12 12:00:41.425 T:5233 DEBUG : CVideoPlayer::ProcessVideoData size:88380 dts:6.208 pts:6.292 dur:41.000ms, clock:-0.375 level:75
2021-12-12 12:00:41.426 T:5013 DEBUG : Alignment of external buffer is not suitable for ffmpeg intrinsics - please fix your malloc
2021-12-12 12:00:41.427 T:5233 DEBUG : CVideoPlayer::ProcessVideoData size:87036 dts:6.250 pts:6.333 dur:41.000ms, clock:-0.375 level:76
2021-12-12 12:00:41.433 T:5013 DEBUG : Alignment of external buffer is not suitable for ffmpeg intrinsics - please fix your malloc
2021-12-12 12:00:41.439 T:5233 INFO : Skipped 1 duplicate messages..
2021-12-12 12:00:41.439 T:5233 DEBUG : CVideoPlayer::ProcessVideoData size:241265 dts:6.292 pts:6.375 dur:41.000ms, clock:-0.375 level:77
2021-12-12 12:00:41.440 T:5013 DEBUG : Alignment of external buffer is not suitable for ffmpeg intrinsics - please fix your malloc
2021-12-12 12:00:41.440 T:5233 DEBUG : CVideoPlayer::ProcessVideoData size:105820 dts:6.333 pts:6.458 dur:41.000ms, clock:-0.375 level:77
2021-12-12 12:00:41.442 T:5233 DEBUG : CVideoPlayer::ProcessVideoData size:34627 dts:6.375 pts:6.417 dur:41.000ms, clock:-0.375 level:78
2021-12-12 12:00:41.443 T:5013 DEBUG : Alignment of external buffer is not suitable for ffmpeg intrinsics - please fix your malloc
2021-12-12 12:00:41.444 T:5233 DEBUG : CVideoPlayer::ProcessVideoData size:102944 dts:6.417 pts:6.542 dur:41.000ms, clock:-0.375 level:78
2021-12-12 12:00:41.446 T:5233 DEBUG : CVideoPlayer::ProcessVideoData size:29378 dts:6.458 pts:6.500 dur:41.000ms, clock:-0.375 level:79
2021-12-12 12:00:41.446 T:5013 DEBUG : Alignment of external buffer is not suitable for ffmpeg intrinsics - please fix your malloc
2021-12-12 12:00:41.448 T:5233 DEBUG : CVideoPlayer::ProcessVideoData size:94761 dts:6.500 pts:6.625 dur:41.000ms, clock:-0.375 level:79
2021-12-12 12:00:41.449 T:5013 DEBUG : Alignment of external buffer is not suitable for ffmpeg intrinsics - please fix your malloc
2021-12-12 12:00:41.450 T:5233 DEBUG : CVideoPlayer::ProcessVideoData size:30632 dts:6.542 pts:6.583 dur:41.000ms, clock:-0.375 level:80
2021-12-12 12:00:41.452 T:5013 DEBUG : Alignment of external buffer is not suitable for ffmpeg intrinsics - please fix your malloc
2021-12-12 12:00:41.454 T:5233 DEBUG : CVideoPlayer::ProcessVideoData size:104416 dts:6.583 pts:6.708 dur:41.000ms, clock:-0.375 level:80
2021-12-12 12:00:41.455 T:5233 DEBUG : CVideoPlayer::ProcessVideoData size:30902 dts:6.625 pts:6.667 dur:41.000ms, clock:-0.375 level:81
2021-12-12 12:00:41.455 T:5013 DEBUG : Alignment of external buffer is not suitable for ffmpeg intrinsics - please fix your malloc
2021-12-12 12:00:41.458 T:5233 INFO : Skipped 1 duplicate messages..
2021-12-12 12:00:41.458 T:5233 DEBUG : CVideoPlayer::ProcessVideoData size:96340 dts:6.667 pts:6.792 dur:41.000ms, clock:-0.375 level:81
2021-12-12 12:00:41.458 T:5233 DEBUG : CVideoPlayer::ProcessVideoData size:29985 dts:6.708 pts:6.750 dur:41.000ms, clock:-0.375 level:82
2021-12-12 12:00:41.460 T:5013 DEBUG : Alignment of external buffer is not suitable for ffmpeg intrinsics - please fix your malloc
2021-12-12 12:00:41.462 T:5233 DEBUG : CVideoPlayer::ProcessVideoData size:98896 dts:6.750 pts:6.875 dur:41.000ms, clock:-0.375 level:82
2021-12-12 12:00:41.463 T:5233 DEBUG : CVideoPlayer::ProcessVideoData size:30197 dts:6.792 pts:6.833 dur:41.000ms, clock:-0.375 level:83
2021-12-12 12:00:41.464 T:5013 DEBUG : Alignment of external buffer is not suitable for ffmpeg intrinsics - please fix your malloc
2021-12-12 12:00:41.466 T:5233 DEBUG : CVideoPlayer::ProcessVideoData size:99016 dts:6.833 pts:6.958 dur:41.000ms, clock:-0.375 level:83
2021-12-12 12:00:41.466 T:5013 DEBUG : Alignment of external buffer is not suitable for ffmpeg intrinsics - please fix your malloc
2021-12-12 12:00:41.467 T:5013 DEBUG : Error [-541478725] while reading frame: Unknown error 541478725
2021-12-12 12:00:41.468 T:5233 DEBUG : CVideoPlayer::ProcessVideoData size:41996 dts:6.875 pts:6.917 dur:41.000ms, clock:-0.375 level:84
2021-12-12 12:00:41.469 T:5013 DEBUG : DeleteRenderer - deleting renderer
2021-12-12 12:00:41.469 T:5013 DEBUG : LinuxRendererGLES: Cleaning up GLES resources
2021-12-12 12:00:41.469 T:5013 INFO : Constructing CRendererAML
2021-12-12 12:00:41.469 T:5013 DEBUG : CRenderManager::Configure - 8
2021-12-12 12:00:41.469 T:5235 DEBUG : CVideoPlayerVideo::OutputPicture - ttd:375ms pts:0.000 Clock:-0.375 Level:0
2021-12-12 12:00:41.469 T:5233 DEBUG : CVideoPlayer::ProcessVideoData size:91842 dts:6.917 pts:7.042 dur:41.000ms, clock:-0.375 level:84
2021-12-12 12:00:41.470 T:5233 DEBUG : CVideoPlayer::HandleMessages - player started 2
2021-12-12 12:00:41.470 T:5233 DEBUG : CDVDClock::SetSpeedAdjust - adjusted:0.000000
2021-12-12 12:00:41.470 T:5233 INFO : Skipped 1 duplicate messages..
2021-12-12 12:00:41.470 T:5233 DEBUG : VideoPlayer::Sync - Audio - pts: 0.288, cache: 0.502, totalcache: 0.800, packets:223 level:85
2021-12-12 12:00:41.470 T:5233 DEBUG : VideoPlayer::Sync - Video - pts: 0.000, cache: 0.050, totalcache: 0.100, packets:169 level:85
2021-12-12 12:00:41.473 T:5236 DEBUG : CDVDAudio::Resume - resume audio stream
2021-12-12 12:00:41.470 T:5107 DEBUG : OnAVChange: CApplication::OnAVChange
2021-12-12 12:00:41.474 T:5021 DEBUG : ActiveAE - start sync of audio stream
2021-12-12 12:00:41.474 T:5107 DEBUG : OnAVStarted: CApplication::OnAVStarted
2021-12-12 12:00:41.475 T:5013 DEBUG : CAMLCodec::SetVideoRect:display(0,0,3840,2160)
2021-12-12 12:00:41.475 T:5235 DEBUG : CAMLCodec::SetSpeed, speed(1000)
2021-12-12 12:00:41.475 T:5013 DEBUG : CAMLCodec::SetVideoRect:gui(0,0,1920,1080)
2021-12-12 12:00:41.475 T:5235 DEBUG : CVideoPlayerVideo - CDVDMsg::GENERAL_RESYNC(-214085.272650)
2021-12-12 12:00:41.475 T:5013 DEBUG : CAMLCodec::SetVideoRect:m_dst_rect(0,0,0,0)
2021-12-12 12:00:41.475 T:5235 DEBUG : CVideoPlayerVideo - OUTPUT_AGAIN - vfmt, interlace should be checked.
2021-12-12 12:00:41.475 T:5013 DEBUG : CAMLCodec::SetVideoRect:dst_rect(0,0,0,0)
2021-12-12 12:00:41.475 T:5013 DEBUG : CAMLCodec::SetVideoRect:m_guiStereoMode(0)
2021-12-12 12:00:41.475 T:5013 DEBUG : CAMLCodec::SetVideoRect:m_guiStereoView(0)
2021-12-12 12:00:41.475 T:5235 DEBUG : CVideoPlayerVideo - CDVDMsg::DEMUXER_PACKET - checking interlace vfmt: null
2021-12-12 12:00:41.482 T:5233 DEBUG : CVideoPlayer::ProcessVideoData size:33576 dts:6.958 pts:7.000 dur:41.000ms, clock:-0.202 level:83
2021-12-12 12:00:41.483 T:5233 DEBUG : CVideoPlayer::ProcessVideoData size:92053 dts:7.000 pts:7.125 dur:41.000ms, clock:-0.201 level:83
2021-12-12 12:00:41.484 T:5233 DEBUG : CVideoPlayer::ProcessVideoData size:29629 dts:7.042 pts:7.083 dur:41.000ms, clock:-0.200 level:83
2021-12-12 12:00:41.485 T:5235 DEBUG : CVideoPlayerVideo::OutputPicture - ttd:240ms pts:0.042 Clock:-0.199 Level:0
2021-12-12 12:00:41.485 T:5233 DEBUG : CVideoPlayer::ProcessVideoData size:94259 dts:7.083 pts:7.208 dur:41.000ms, clock:-0.199 level:83
2021-12-12 12:00:41.486 T:5235 DEBUG : CVideoPlayerVideo - CDVDMsg::DEMUXER_PACKET - checking interlace vfmt: null
2021-12-12 12:00:41.487 T:5235 DEBUG : CVideoPlayerVideo::OutputPicture - ttd:280ms pts:0.083 Clock:-0.197 Level:1
2021-12-12 12:00:41.487 T:5233 DEBUG : CVideoPlayer::ProcessVideoData size:31722 dts:7.125 pts:7.167 dur:41.000ms, clock:-0.197 level:84
2021-12-12 12:00:41.488 T:5235 DEBUG : CVideoPlayerVideo::OutputPicture - ttd:320ms pts:0.125 Clock:-0.196 Level:2
2021-12-12 12:00:41.489 T:5233 DEBUG : CVideoPlayer::ProcessVideoData size:94400 dts:7.167 pts:7.292 dur:41.000ms, clock:-0.195 level:84
2021-12-12 12:00:41.491 T:5235 DEBUG : CVideoPlayerVideo::OutputPicture - ttd:360ms pts:0.167 Clock:-0.194 Level:3
2021-12-12 12:00:41.492 T:5233 DEBUG : CVideoPlayer::ProcessVideoData size:30356 dts:7.208 pts:7.250 dur:41.000ms, clock:-0.192 level:85
2021-12-12 12:00:41.494 T:5235 DEBUG : CVideoPlayerVideo::OutputPicture - ttd:398ms pts:0.208 Clock:-0.190 Level:4
2021-12-12 12:00:41.494 T:5233 DEBUG : CVideoPlayer::ProcessVideoData size:93460 dts:7.250 pts:7.375 dur:41.000ms, clock:-0.190 level:85
2021-12-12 12:00:41.496 T:5233 DEBUG : CVideoPlayer::ProcessVideoData size:32612 dts:7.292 pts:7.333 dur:41.000ms, clock:-0.188 level:85
2021-12-12 12:00:41.501 T:5235 DEBUG : CVideoPlayerVideo::OutputPicture - ttd:432ms pts:0.250 Clock:-0.183 Level:5
2021-12-12 12:00:41.501 T:5233 DEBUG : CVideoPlayer::ProcessVideoData size:108243 dts:7.333 pts:7.458 dur:41.000ms, clock:-0.183 level:85
2021-12-12 12:00:41.503 T:5233 DEBUG : CVideoPlayer::ProcessVideoData size:30420 dts:7.375 pts:7.417 dur:41.000ms, clock:-0.181 level:86
2021-12-12 12:00:41.511 T:5235 DEBUG : CVideoPlayerVideo::OutputPicture - ttd:464ms pts:0.292 Clock:-0.173 Level:6
2021-12-12 12:00:41.512 T:5233 DEBUG : CVideoPlayer::ProcessVideoData size:103309 dts:7.417 pts:7.542 dur:41.000ms, clock:-0.173 level:86
2021-12-12 12:00:41.513 T:5233 DEBUG : CVideoPlayer::ProcessVideoData size:32655 dts:7.458 pts:7.500 dur:41.000ms, clock:-0.171 level:86
2021-12-12 12:00:41.515 T:5013 DEBUG : Activating window ID: 12005
2021-12-12 12:00:41.516 T:5013 DEBUG : ------ Window Deinit (FileManager.xml) ------
2021-12-12 12:00:41.517 T:5013 DEBUG : ------ Window Init (VideoFullScreen.xml) ------
2021-12-12 12:00:41.518 T:5013 DEBUG : CDirectoryProvider[-]: refreshing..
2021-12-12 12:00:41.518 T:5107 ERROR : GetDirectory - Error getting -
2021-12-12 12:00:41.518 T:5233 DEBUG : CVideoPlayer::ProcessVideoData size:104186 dts:7.500 pts:7.625 dur:41.000ms, clock:-0.166 level:87
2021-12-12 12:00:41.519 T:5233 DEBUG : CVideoPlayer::ProcessVideoData size:27519 dts:7.542 pts:7.583 dur:41.000ms, clock:-0.165 level:87
2021-12-12 12:00:41.520 T:5013 DEBUG : started alarm with name: showosd
2021-12-12 12:00:41.523 T:5013 INFO : [WHITELIST] Searching the whitelist for: width: 3840, height: 2160, fps: 24.000, 3D: false
2021-12-12 12:00:41.523 T:5013 DEBUG : [WHITELIST] Searching for an exact resolution with an exact refresh rate
2021-12-12 12:00:41.523 T:5013 DEBUG : [WHITELIST] Matched an exact resolution with an exact refresh rate 3840x2160 @ 24.00 - Full Screen (39)
2021-12-12 12:00:41.524 T:5233 DEBUG : CVideoPlayer::ProcessVideoData size:106071 dts:7.583 pts:7.708 dur:41.000ms, clock:-0.161 level:87
2021-12-12 12:00:41.524 T:5013 DEBUG : [WHITELIST] Searching for an exact resolution with double the refresh rate
2021-12-12 12:00:41.524 T:5013 INFO : Display resolution ADJUST : 3840x2160 @ 24.00 - Full Screen (39) (weight: -128899121152.000)
2021-12-12 12:00:41.524 T:5233 DEBUG : CVideoPlayer::ProcessVideoData size:28129 dts:7.625 pts:7.667 dur:41.000ms, clock:-0.160 level:87
2021-12-12 12:00:41.525 T:5013 INFO : VideoPlayer: OnLostDisplay received
2021-12-12 12:00:41.525 T:5013 DEBUG : AMLUtils::aml_handle_display_stereo_mode old mode 3doff new mode 3doff
2021-12-12 12:00:41.525 T:5013 DEBUG : AMLUtils::aml_handle_display_stereo_mode - no change needed
2021-12-12 12:00:41.530 T:5235 DEBUG : CVideoPlayerVideo - CDVDMsg::DEMUXER_PACKET - checking interlace vfmt: null
2021-12-12 12:00:41.530 T:5235 DEBUG : CVideoPlayerVideo - CDVDMsg::GENERAL_PAUSE: 1
2021-12-12 12:00:41.530 T:5233 DEBUG : CVideoPlayer::ProcessVideoData size:103243 dts:7.667 pts:7.792 dur:41.000ms, clock:-0.159 level:88
2021-12-12 12:00:41.543 T:5236 DEBUG : CVideoPlayerAudio - CDVDMsg::GENERAL_PAUSE: 1
2021-12-12 12:00:41.593 T:5021 DEBUG : ActiveAE::SyncStream - average error of 66.512032, start adjusting
2021-12-12 12:00:41.594 T:5021 DEBUG : ActiveAE::SyncStream - average error 2.512032 below threshold of 30.000000
2021-12-12 12:00:41.773 T:5013 DEBUG : AMLUtils::aml_handle_display_stereo_mode old mode 3doff new mode 3doff
2021-12-12 12:00:41.773 T:5013 DEBUG : AMLUtils::aml_handle_display_stereo_mode - no change needed
2021-12-12 12:00:41.773 T:5013 INFO : GLES: Maximum texture width: 8192
2021-12-12 12:00:41.780 T:5013 DEBUG : ------ Window Deinit (DialogBusy.xml) ------
2021-12-12 12:00:43.564 T:5013 INFO : VideoPlayer: OnResetDisplay received
2021-12-12 12:00:43.565 T:5236 DEBUG : CVideoPlayerAudio - CDVDMsg::GENERAL_PAUSE: 0
2021-12-12 12:00:43.566 T:5235 DEBUG : CVideoPlayerVideo - CDVDMsg::GENERAL_PAUSE: 0
2021-12-12 12:00:43.566 T:5021 DEBUG : ActiveAE::SyncStream - average error 202.491457 above threshold of 100.000000
2021-12-12 12:00:43.567 T:5021 DEBUG : ActiveAE::SyncStream - average error 10.491457, last average error: 202.491457
2021-12-12 12:00:43.585 T:5117 DEBUG : OnAVChange: CApplication::OnAVChange
2021-12-12 12:00:43.585 T:5233 DEBUG : CVideoPlayer::ProcessVideoData size:29132 dts:7.708 pts:7.750 dur:41.000ms, clock:-0.140 level:86
2021-12-12 12:00:43.587 T:5233 DEBUG : CVideoPlayer::ProcessVideoData size:101542 dts:7.750 pts:7.875 dur:41.000ms, clock:-0.138 level:87
2021-12-12 12:00:43.588 T:5233 DEBUG : CVideoPlayer::ProcessVideoData size:27699 dts:7.792 pts:7.833 dur:41.000ms, clock:-0.138 level:87
2021-12-12 12:00:43.593 T:5235 DEBUG : CVideoPlayerVideo - CDVDMsg::DEMUXER_PACKET - checking interlace vfmt: null
2021-12-12 12:00:43.596 T:5233 DEBUG : CVideoPlayer::ProcessVideoData size:103773 dts:7.833 pts:7.917 dur:41.000ms, clock:-0.130 level:87
2021-12-12 12:00:43.597 T:5233 DEBUG : CVideoPlayer::ProcessVideoData size:26850 dts:7.875 pts:7.958 dur:41.000ms, clock:-0.128 level:87
2021-12-12 12:00:43.598 T:5233 DEBUG : CVideoPlayer::ProcessVideoData size:22248 dts:7.917 pts:8.000 dur:41.000ms, clock:-0.128 level:88
2021-12-12 12:00:43.599 T:5233 DEBUG : CVideoPlayer::ProcessVideoData size:606 dts:7.958 pts:8.125 dur:41.000ms, clock:-0.126 level:89
2021-12-12 12:00:43.599 T:5233 DEBUG : CVideoPlayer::ProcessVideoData size:407 dts:8.000 pts:8.083 dur:41.000ms, clock:-0.126 level:89
2021-12-12 12:00:43.600 T:5233 DEBUG : CVideoPlayer::ProcessVideoData size:350 dts:8.042 pts:8.042 dur:41.000ms, clock:-0.126 level:90
2021-12-12 12:00:43.600 T:5233 DEBUG : CVideoPlayer::ProcessVideoData size:620 dts:8.083 pts:8.250 dur:41.000ms, clock:-0.126 level:90
2021-12-12 12:00:43.600 T:5233 DEBUG : CVideoPlayer::ProcessVideoData size:416 dts:8.125 pts:8.208 dur:41.000ms, clock:-0.126 level:91
2021-12-12 12:00:43.600 T:5233 DEBUG : CVideoPlayer::ProcessVideoData size:396 dts:8.167 pts:8.167 dur:41.000ms, clock:-0.126 level:91
2021-12-12 12:00:43.601 T:5233 DEBUG : CVideoPlayer::ProcessVideoData size:943 dts:8.208 pts:8.375 dur:41.000ms, clock:-0.125 level:92
2021-12-12 12:00:43.601 T:5233 DEBUG : CVideoPlayer::ProcessVideoData size:430 dts:8.250 pts:8.333 dur:41.000ms, clock:-0.124 level:92
2021-12-12 12:00:43.601 T:5233 DEBUG : CVideoPlayer::ProcessVideoData size:361 dts:8.292 pts:8.292 dur:41.000ms, clock:-0.124 level:92
2021-12-12 12:00:43.601 T:5233 DEBUG : CVideoPlayer::ProcessVideoData size:610 dts:8.333 pts:8.500 dur:41.000ms, clock:-0.124 level:93
2021-12-12 12:00:43.602 T:5233 DEBUG : CVideoPlayer::ProcessVideoData size:456 dts:8.375 pts:8.458 dur:41.000ms, clock:-0.124 level:93
2021-12-12 12:00:43.602 T:5233 DEBUG : CVideoPlayer::ProcessVideoData size:394 dts:8.417 pts:8.417 dur:41.000ms, clock:-0.124 level:94
2021-12-12 12:00:43.603 T:5233 DEBUG : CVideoPlayer::ProcessVideoData size:863 dts:8.458 pts:8.625 dur:41.000ms, clock:-0.123 level:94
2021-12-12 12:00:43.603 T:5233 DEBUG : CVideoPlayer::ProcessVideoData size:396 dts:8.500 pts:8.583 dur:41.000ms, clock:-0.123 level:95
2021-12-12 12:00:43.603 T:5233 DEBUG : CVideoPlayer::ProcessVideoData size:342 dts:8.542 pts:8.542 dur:41.000ms, clock:-0.122 level:95
2021-12-12 12:00:43.603 T:5233 DEBUG : CVideoPlayer::ProcessVideoData size:852 dts:8.583 pts:8.750 dur:41.000ms, clock:-0.122 level:96
2021-12-12 12:00:43.603 T:5233 DEBUG : CVideoPlayer::ProcessVideoData size:368 dts:8.625 pts:8.708 dur:41.000ms, clock:-0.122 level:96
2021-12-12 12:00:43.604 T:5233 DEBUG : CVideoPlayer::ProcessVideoData size:379 dts:8.667 pts:8.667 dur:41.000ms, clock:-0.122 level:97
2021-12-12 12:00:43.610 T:5013 DEBUG : CAMLCodec::SetVideoRect:display(0,0,3840,2160)
2021-12-12 12:00:43.610 T:5013 DEBUG : CAMLCodec::SetVideoRect:gui(0,0,1920,1080)
2021-12-12 12:00:43.610 T:5013 DEBUG : CAMLCodec::SetVideoRect:m_dst_rect(0,0,1920,1080)
2021-12-12 12:00:43.610 T:5013 DEBUG : CAMLCodec::SetVideoRect:dst_rect(0,0,3840,2160)
2021-12-12 12:00:43.610 T:5013 DEBUG : CAMLCodec::SetVideoRect:m_guiStereoMode(0)
2021-12-12 12:00:43.610 T:5013 DEBUG : CAMLCodec::SetVideoRect:m_guiStereoView(0)
2021-12-12 12:00:43.693 T:5021 DEBUG : ActiveAE::SyncStream - average error of 261.006252, start adjusting
2021-12-12 12:00:43.693 T:5235 DEBUG : CVideoPlayerVideo::OutputPicture - ttd:365ms pts:0.333 Clock:-0.032 Level:6
2021-12-12 12:00:43.776 T:5235 DEBUG : CVideoPlayerVideo::OutputPicture - ttd:324ms pts:0.375 Clock:0.050 Level:5
2021-12-12 12:00:43.820 T:5235 DEBUG : CVideoPlayerVideo::OutputPicture - ttd:322ms pts:0.417 Clock:0.094 Level:5
2021-12-12 12:00:43.860 T:5235 DEBUG : CVideoPlayerVideo::OutputPicture - ttd:323ms pts:0.458 Clock:0.134 Level:5
2021-12-12 12:00:43.893 T:5021 DEBUG : ActiveAE::SyncStream - average error 28.990634, last average error: 261.006252
2021-12-12 12:00:43.900 T:5235 DEBUG : CVideoPlayerVideo::OutputPicture - ttd:325ms pts:0.500 Clock:0.175 Level:5
2021-12-12 12:00:43.944 T:5235 DEBUG : CVideoPlayerVideo::OutputPicture - ttd:323ms pts:0.542 Clock:0.219 Level:4
2021-12-12 12:00:43.985 T:5235 DEBUG : CVideoPlayerVideo::OutputPicture - ttd:323ms pts:0.583 Clock:0.259 Level:5
2021-12-12 12:00:43.993 T:5021 DEBUG : ActiveAE::SyncStream - average error of -3.026977, start adjusting
2021-12-12 12:00:43.994 T:5021 DEBUG : ActiveAE::SyncStream - average error -3.026977 below threshold of 30.000000
2021-12-12 12:00:44.025 T:5235 DEBUG : CVideoPlayerVideo::OutputPicture - ttd:325ms pts:0.625 Clock:0.299 Level:5
2021-12-12 12:00:44.044 T:5236 INFO : CVideoPlayerAudio: display reset occurred, checking for passthrough
2021-12-12 12:00:44.069 T:5235 DEBUG : CVideoPlayerVideo::OutputPicture - ttd:323ms pts:0.667 Clock:0.343 Level:4
2021-12-12 12:00:44.109 T:5235 DEBUG : CVideoPlayerVideo::OutputPicture - ttd:324ms pts:0.708 Clock:0.384 Level:5
2021-12-12 12:00:44.149 T:5235 DEBUG : CVideoPlayerVideo::OutputPicture - ttd:326ms pts:0.750 Clock:0.423 Level:5
2021-12-12 12:00:44.152 T:5233 DEBUG : CVideoPlayer::ProcessVideoData size:695 dts:8.708 pts:8.875 dur:41.000ms, clock:0.427 level:86
2021-12-12 12:00:44.152 T:5233 DEBUG : CVideoPlayer::ProcessVideoData size:405 dts:8.750 pts:8.833 dur:41.000ms, clock:0.427 level:87
2021-12-12 12:00:44.153 T:5233 DEBUG : CVideoPlayer::ProcessVideoData size:334 dts:8.792 pts:8.792 dur:41.000ms, clock:0.427 level:87
2021-12-12 12:00:44.153 T:5233 DEBUG : CVideoPlayer::ProcessVideoData size:755 dts:8.833 pts:9.000 dur:41.000ms, clock:0.427 level:88
2021-12-12 12:00:44.153 T:5233 DEBUG : CVideoPlayer::ProcessVideoData size:621 dts:8.875 pts:8.958 dur:41.000ms, clock:0.427 level:89
2021-12-12 12:00:44.153 T:5233 DEBUG : CVideoPlayer::ProcessVideoData size:408 dts:8.917 pts:8.917 dur:41.000ms, clock:0.428 level:89
2021-12-12 12:00:44.194 T:5235 DEBUG : CVideoPlayerVideo::OutputPicture - ttd:323ms pts:0.792 Clock:0.468 Level:5
2021-12-12 12:00:44.234 T:5235 DEBUG : CVideoPlayerVideo::OutputPicture - ttd:324ms pts:0.833 Clock:0.508 Level:5
2021-12-12 12:00:44.274 T:5235 DEBUG : CVideoPlayerVideo::OutputPicture - ttd:326ms pts:0.875 Clock:0.548 Level:5
2021-12-12 12:00:44.320 T:5235 DEBUG : CVideoPlayerVideo::OutputPicture - ttd:322ms pts:0.917 Clock:0.595 Level:4
2021-12-12 12:00:44.358 T:5235 DEBUG : CVideoPlayerVideo::OutputPicture - ttd:325ms pts:0.958 Clock:0.633 Level:5
2021-12-12 12:00:44.398 T:5233 DEBUG : CVideoPlayer::ProcessVideoData size:1043 dts:8.958 pts:9.125 dur:41.000ms, clock:0.673 level:86
2021-12-12 12:00:44.399 T:5233 DEBUG : CVideoPlayer::ProcessVideoData size:493 dts:9.000 pts:9.083 dur:41.000ms, clock:0.673 level:87
2021-12-12 12:00:44.399 T:5233 DEBUG : CVideoPlayer::ProcessVideoData size:337 dts:9.042 pts:9.042 dur:41.000ms, clock:0.674 level:87
2021-12-12 12:00:44.399 T:5233 DEBUG : CVideoPlayer::ProcessVideoData size:890 dts:9.083 pts:9.250 dur:41.000ms, clock:0.674 level:88
2021-12-12 12:00:44.399 T:5233 DEBUG : CVideoPlayer::ProcessVideoData size:350 dts:9.125 pts:9.208 dur:41.000ms, clock:0.674 level:89
2021-12-12 12:00:44.400 T:5233 DEBUG : CVideoPlayer::ProcessVideoData size:394 dts:9.167 pts:9.167 dur:41.000ms, clock:0.674 level:89
2021-12-12 12:00:44.402 T:5235 DEBUG : CVideoPlayerVideo::OutputPicture - ttd:323ms pts:1.000 Clock:0.677 Level:5
2021-12-12 12:00:44.446 T:5235 DEBUG : CVideoPlayerVideo::OutputPicture - ttd:321ms pts:1.042 Clock:0.721 Level:4
2021-12-12 12:00:44.484 T:5235 DEBUG : CVideoPlayerVideo::OutputPicture - ttd:324ms pts:1.083 Clock:0.758 Level:5
2021-12-12 12:00:44.528 T:5235 DEBUG : CVideoPlayerVideo::OutputPicture - ttd:322ms pts:1.125 Clock:0.803 Level:4
2021-12-12 12:00:44.572 T:5235 DEBUG : CVideoPlayerVideo::OutputPicture - ttd:320ms pts:1.167 Clock:0.846 Level:4
2021-12-12 12:00:44.610 T:5235 DEBUG : CVideoPlayerVideo::OutputPicture - ttd:323ms pts:1.208 Clock:0.884 Level:5
2021-12-12 12:00:44.654 T:5235 DEBUG : CVideoPlayerVideo::OutputPicture - ttd:321ms pts:1.250 Clock:0.928 Level:4
2021-12-12 12:00:44.692 T:5235 DEBUG : CVideoPlayerVideo::OutputPicture - ttd:325ms pts:1.292 Clock:0.966 Level:5
2021-12-12 12:00:44.695 T:5233 DEBUG : CVideoPlayer::ProcessVideoData size:1139 dts:9.208 pts:9.375 dur:41.000ms, clock:0.970 level:86
2021-12-12 12:00:44.696 T:5233 DEBUG : CVideoPlayer::ProcessVideoData size:374 dts:9.250 pts:9.333 dur:41.000ms, clock:0.970 level:86
2021-12-12 12:00:44.696 T:5233 DEBUG : CVideoPlayer::ProcessVideoData size:326 dts:9.292 pts:9.292 dur:41.000ms, clock:0.970 level:87
2021-12-12 12:00:44.697 T:5233 DEBUG : CVideoPlayer::ProcessVideoData size:1006 dts:9.333 pts:9.500 dur:41.000ms, clock:0.971 level:87
2021-12-12 12:00:44.697 T:5233 DEBUG : CVideoPlayer::ProcessVideoData size:380 dts:9.375 pts:9.458 dur:41.000ms, clock:0.972 level:88
2021-12-12 12:00:44.697 T:5233 DEBUG : CVideoPlayer::ProcessVideoData size:353 dts:9.417 pts:9.417 dur:41.000ms, clock:0.972 level:89
2021-12-12 12:00:44.736 T:5235 DEBUG : CVideoPlayerVideo::OutputPicture - ttd:322ms pts:1.333 Clock:1.011 Level:4
2021-12-12 12:00:44.774 T:5235 DEBUG : CVideoPlayerVideo::OutputPicture - ttd:326ms pts:1.375 Clock:1.049 Level:5
2021-12-12 12:00:44.818 T:5235 DEBUG : CVideoPlayerVideo::OutputPicture - ttd:324ms pts:1.417 Clock:1.093 Level:5
2021-12-12 12:00:44.857 T:5235 DEBUG : CVideoPlayerVideo::OutputPicture - ttd:326ms pts:1.458 Clock:1.131 Level:5
2021-12-12 12:00:44.901 T:5235 DEBUG : CVideoPlayerVideo::OutputPicture - ttd:324ms pts:1.500 Clock:1.176 Level:5
2021-12-12 12:00:44.945 T:5235 DEBUG : CVideoPlayerVideo::OutputPicture - ttd:322ms pts:1.542 Clock:1.220 Level:5
2021-12-12 12:00:44.952 T:5233 DEBUG : CVideoPlayer::ProcessVideoData size:11144 dts:9.458 pts:9.625 dur:41.000ms, clock:1.227 level:86
2021-12-12 12:00:44.952 T:5233 DEBUG : CVideoPlayer::ProcessVideoData size:607 dts:9.500 pts:9.583 dur:41.000ms, clock:1.227 level:86
2021-12-12 12:00:44.953 T:5233 DEBUG : CVideoPlayer::ProcessVideoData size:347 dts:9.542 pts:9.542 dur:41.000ms, clock:1.227 level:87
2021-12-12 12:00:44.953 T:5233 DEBUG : CVideoPlayer::ProcessVideoData size:6115 dts:9.583 pts:9.750 dur:41.000ms, clock:1.227 level:87
2021-12-12 12:00:44.953 T:5233 DEBUG : CVideoPlayer::ProcessVideoData size:10827 dts:9.625 pts:9.708 dur:41.000ms, clock:1.228 level:88
2021-12-12 12:00:44.953 T:5233 DEBUG : CVideoPlayer::ProcessVideoData size:3293 dts:9.667 pts:9.667 dur:41.000ms, clock:1.228 level:89
2021-12-12 12:00:44.986 T:5235 DEBUG : CVideoPlayerVideo::OutputPicture - ttd:322ms pts:1.583 Clock:1.260 Level:5
2021-12-12 12:00:45.025 T:5235 DEBUG : CVideoPlayerVideo::OutputPicture - ttd:325ms pts:1.625 Clock:1.299 Level:5
2021-12-12 12:00:45.070 T:5235 DEBUG : CVideoPlayerVideo::OutputPicture - ttd:322ms pts:1.667 Clock:1.344 Level:5
2021-12-12 12:00:45.108 T:5235 DEBUG : CVideoPlayerVideo::OutputPicture - ttd:325ms pts:1.708 Clock:1.383 Level:5
2021-12-12 12:00:45.148 T:5233 DEBUG : CVideoPlayer::ProcessVideoData size:4932 dts:9.708 pts:9.875 dur:41.000ms, clock:1.423 level:86
2021-12-12 12:00:45.148 T:5233 DEBUG : CVideoPlayer::ProcessVideoData size:12125 dts:9.750 pts:9.833 dur:41.000ms, clock:1.423 level:87
2021-12-12 12:00:45.149 T:5233 DEBUG : CVideoPlayer::ProcessVideoData size:1763 dts:9.792 pts:9.792 dur:41.000ms, clock:1.424 level:87
2021-12-12 12:00:45.150 T:5233 DEBUG : CVideoPlayer::ProcessVideoData size:3470 dts:9.833 pts:9.958 dur:41.000ms, clock:1.424 level:88
2021-12-12 12:00:45.150 T:5233 DEBUG : CVideoPlayer::ProcessVideoData size:2861 dts:9.875 pts:9.917 dur:41.000ms, clock:1.424 level:89
2021-12-12 12:00:45.150 T:5233 DEBUG : CVideoPlayer::ProcessVideoData size:9161 dts:9.917 pts:10.000 dur:41.000ms, clock:1.425 level:89
2021-12-12 12:00:45.153 T:5235 DEBUG : CVideoPlayerVideo::OutputPicture - ttd:322ms pts:1.750 Clock:1.428 Level:5
2021-12-12 12:00:45.191 T:5235 DEBUG : CVideoPlayerVideo::OutputPicture - ttd:326ms pts:1.792 Clock:1.466 Level:5
2021-12-12 12:00:45.237 T:5235 DEBUG : CVideoPlayerVideo::OutputPicture - ttd:321ms pts:1.833 Clock:1.511 Level:5
2021-12-12 12:00:45.276 T:5235 DEBUG : CVideoPlayerVideo::OutputPicture - ttd:325ms pts:1.875 Clock:1.550 Level:5
2021-12-12 12:00:45.277 T:5235 DEBUG : CVideoPlayerVideo::OutputPicture - ttd:365ms pts:1.917 Clock:1.552 Level:6
2021-12-12 12:00:45.279 T:5235 DEBUG : CVideoPlayerVideo::OutputPicture - ttd:405ms pts:1.958 Clock:1.553 Level:6
2021-12-12 12:00:45.398 T:5233 DEBUG : CVideoPlayer::ProcessVideoData size:1210 dts:9.958 pts:10.125 dur:41.000ms, clock:1.672 level:86
2021-12-12 12:00:45.398 T:5233 DEBUG : CVideoPlayer::ProcessVideoData size:570 dts:10.000 pts:10.083 dur:41.000ms, clock:1.673 level:87
2021-12-12 12:00:45.398 T:5233 DEBUG : CVideoPlayer::ProcessVideoData size:541 dts:10.042 pts:10.042 dur:41.000ms, clock:1.673 level:87
2021-12-12 12:00:45.398 T:5233 DEBUG : CVideoPlayer::ProcessVideoData size:637 dts:10.083 pts:10.250 dur:41.000ms, clock:1.673 level:88
2021-12-12 12:00:45.399 T:5233 DEBUG : CVideoPlayer::ProcessVideoData size:600 dts:10.125 pts:10.208 dur:41.000ms, clock:1.674 level:89
2021-12-12 12:00:45.400 T:5233 DEBUG : CVideoPlayer::ProcessVideoData size:588 dts:10.167 pts:10.167 dur:41.000ms, clock:1.674 level:89
2021-12-12 12:00:45.402 T:5235 DEBUG : CVideoPlayerVideo::OutputPicture - ttd:323ms pts:2.000 Clock:1.677 Level:4
2021-12-12 12:00:45.447 T:5235 DEBUG : CVideoPlayerVideo::OutputPicture - ttd:320ms pts:2.042 Clock:1.721 Level:4
2021-12-12 12:00:45.484 T:5235 DEBUG : CVideoPlayerVideo::OutputPicture - ttd:324ms pts:2.083 Clock:1.759 Level:4
2021-12-12 12:00:45.528 T:5235 DEBUG : CVideoPlayerVideo::OutputPicture - ttd:322ms pts:2.125 Clock:1.803 Level:4
2021-12-12 12:00:45.566 T:5235 DEBUG : CVideoPlayerVideo::OutputPicture - ttd:326ms pts:2.167 Clock:1.841 Level:4
2021-12-12 12:00:45.610 T:5235 DEBUG : CVideoPlayerVideo::OutputPicture - ttd:323ms pts:2.208 Clock:1.885 Level:4
2021-12-12 12:00:45.647 T:5233 DEBUG : CVideoPlayer::ProcessVideoData size:551 dts:10.208 pts:10.292 dur:41.000ms, clock:1.921 level:86
2021-12-12 12:00:45.650 T:5235 DEBUG : CVideoPlayerVideo::OutputPicture - ttd:325ms pts:2.250 Clock:1.924 Level:4
2021-12-12 12:00:45.651 T:5233 DEBUG : CVideoPlayer::ProcessVideoData size:642595 dts:10.250 pts:10.333 dur:41.000ms, clock:1.925 level:87
2021-12-12 12:00:45.653 T:5233 DEBUG : CVideoPlayer::ProcessVideoData size:219071 dts:10.292 pts:10.375 dur:41.000ms, clock:1.927 level:87
2021-12-12 12:00:45.654 T:5233 DEBUG : CVideoPlayer::ProcessVideoData size:167483 dts:10.333 pts:10.417 dur:41.000ms, clock:1.929 level:88
2021-12-12 12:00:45.656 T:5233 DEBUG : CVideoPlayer::ProcessVideoData size:175462 dts:10.375 pts:10.458 dur:41.000ms, clock:1.930 level:89
2021-12-12 12:00:45.658 T:5233 DEBUG : CVideoPlayer::ProcessVideoData size:169524 dts:10.417 pts:10.500 dur:41.000ms, clock:1.932 level:89
2021-12-12 12:00:45.694 T:5235 DEBUG : CVideoPlayerVideo::OutputPicture - ttd:323ms pts:2.292 Clock:1.969 Level:4
2021-12-12 12:00:45.701 T:5233 DEBUG : CVideoPlayer::ProcessVideoData size:167250 dts:10.458 pts:10.542 dur:41.000ms, clock:1.975 level:89
2021-12-12 12:00:45.738 T:5235 DEBUG : CVideoPlayerVideo::OutputPicture - ttd:320ms pts:2.333 Clock:2.013 Level:4
2021-12-12 12:00:45.776 T:5235 DEBUG : CVideoPlayerVideo::OutputPicture - ttd:324ms pts:2.375 Clock:2.050 Level:5
2021-12-12 12:00:45.819 T:5235 DEBUG : CVideoPlayerVideo::OutputPicture - ttd:323ms pts:2.417 Clock:2.094 Level:4
2021-12-12 12:00:45.857 T:5235 DEBUG : CVideoPlayerVideo::OutputPicture - ttd:326ms pts:2.458 Clock:2.132 Level:5
