2021-12-12 11:59:30.284 T:5022 DEBUG : CAESinkALSA::GetChannelLayout - Got Layout: FL, FR (ALSA: FL FR)
2021-12-12 11:59:30.284 T:5022 DEBUG : CActiveAESink::OpenSink - ALSA Initialized:
2021-12-12 11:59:30.284 T:5022 DEBUG : Output Device : AML-AUGESOUND
2021-12-12 11:59:30.284 T:5022 DEBUG : Sample Rate : 48000
2021-12-12 11:59:30.284 T:5210 DEBUG : CVideoPlayer::ProcessVideoData size:3436 dts:1.580 pts:1.620 dur:20.000ms, clock:0.340 level:11
2021-12-12 11:59:30.284 T:5022 DEBUG : Sample Format : AE_FMT_S24NE4
2021-12-12 11:59:30.284 T:5022 DEBUG : Channel Count : 2
2021-12-12 11:59:30.284 T:5022 DEBUG : Channel Layout: FL, FR
2021-12-12 11:59:30.284 T:5022 DEBUG : Frames : 2400
2021-12-12 11:59:30.284 T:5022 DEBUG : Frame Size : 8
2021-12-12 11:59:30.284 T:5210 DEBUG : CVideoPlayer::ProcessVideoData size:26001 dts:1.600 pts:1.720 dur:20.000ms, clock:0.340 level:11
2021-12-12 11:59:30.285 T:5210 DEBUG : CVideoPlayer::ProcessVideoData size:13690 dts:1.620 pts:1.680 dur:20.000ms, clock:0.340 level:11
2021-12-12 11:59:30.285 T:5210 DEBUG : CVideoPlayer::ProcessVideoData size:3126 dts:1.640 pts:1.660 dur:20.000ms, clock:0.340 level:11
2021-12-12 11:59:30.285 T:5210 DEBUG : CVideoPlayer::ProcessVideoData size:3079 dts:1.660 pts:1.700 dur:20.000ms, clock:0.340 level:12
2021-12-12 11:59:30.285 T:5210 DEBUG : CVideoPlayer::ProcessVideoData size:14463 dts:1.680 pts:1.760 dur:20.000ms, clock:0.340 level:12
2021-12-12 11:59:30.286 T:5210 DEBUG : CVideoPlayer::ProcessVideoData size:3101 dts:1.700 pts:1.740 dur:20.000ms, clock:0.340 level:12
2021-12-12 11:59:30.286 T:5021 DEBUG : CActiveAE::ClearDiscardedBuffers - buffer pool deleted
2021-12-12 11:59:30.288 T:5210 INFO : Skipped 1 duplicate messages..
2021-12-12 11:59:30.288 T:5210 DEBUG : CVideoPlayer::ProcessVideoData size:3720 dts:1.720 pts:1.780 dur:20.000ms, clock:0.340 level:12
2021-12-12 11:59:30.289 T:5210 DEBUG : CVideoPlayer::ProcessVideoData size:179798 dts:1.740 pts:2.120 dur:20.000ms, clock:0.340 level:13
2021-12-12 11:59:30.290 T:5210 DEBUG : CVideoPlayer::ProcessVideoData size:46085 dts:1.760 pts:1.960 dur:20.000ms, clock:0.340 level:13
2021-12-12 11:59:30.291 T:5210 DEBUG : CVideoPlayer::ProcessVideoData size:26496 dts:1.780 pts:1.880 dur:20.000ms, clock:0.340 level:13
2021-12-12 11:59:30.292 T:5210 DEBUG : CVideoPlayer::ProcessVideoData size:14621 dts:1.800 pts:1.840 dur:20.000ms, clock:0.340 level:13
2021-12-12 11:59:30.292 T:5210 DEBUG : CVideoPlayer::ProcessVideoData size:3719 dts:1.820 pts:1.820 dur:20.000ms, clock:0.340 level:14
2021-12-12 11:59:30.293 T:5213 DEBUG : CRenderManager::Configure - change configuration. 3840x2160. display: 3840x2160. framerate: 50.00.
2021-12-12 11:59:30.293 T:5210 DEBUG : CVideoPlayer::ProcessVideoData size:3476 dts:1.840 pts:1.860 dur:20.000ms, clock:0.340 level:13
2021-12-12 11:59:30.293 T:5210 DEBUG : CVideoPlayer::ProcessVideoData size:14258 dts:1.860 pts:1.920 dur:20.000ms, clock:0.340 level:14
2021-12-12 11:59:30.293 T:5210 DEBUG : CVideoPlayer::HandleMessages - player started 1
2021-12-12 11:59:30.293 T:5077 DEBUG : OnAVChange: CApplication::OnAVChange
2021-12-12 11:59:30.295 T:5210 DEBUG : CVideoPlayer::ProcessVideoData size:3334 dts:1.880 pts:1.900 dur:20.000ms, clock:0.340 level:14
2021-12-12 11:59:30.295 T:5210 DEBUG : CVideoPlayer::ProcessVideoData size:3248 dts:1.900 pts:1.940 dur:20.000ms, clock:0.340 level:14
2021-12-12 11:59:30.296 T:5013 DEBUG : DeleteRenderer - deleting renderer
2021-12-12 11:59:30.296 T:5013 DEBUG : LinuxRendererGLES: Cleaning up GLES resources
2021-12-12 11:59:30.296 T:5210 DEBUG : CVideoPlayer::ProcessVideoData size:24511 dts:1.920 pts:2.040 dur:20.000ms, clock:0.340 level:14
2021-12-12 11:59:30.297 T:5210 DEBUG : CVideoPlayer::ProcessVideoData size:14881 dts:1.940 pts:2.000 dur:20.000ms, clock:0.340 level:15
2021-12-12 11:59:30.301 T:5210 DEBUG : CVideoPlayer::ProcessVideoData size:4182 dts:1.960 pts:1.980 dur:20.000ms, clock:0.340 level:15
2021-12-12 11:59:30.302 T:5210 DEBUG : CVideoPlayer::ProcessVideoData size:3961 dts:1.980 pts:2.020 dur:20.000ms, clock:0.340 level:15
2021-12-12 11:59:30.302 T:5210 DEBUG : CVideoPlayer::ProcessVideoData size:15615 dts:2.000 pts:2.080 dur:20.000ms, clock:0.340 level:15
2021-12-12 11:59:30.302 T:5013 INFO : Constructing CRendererAML
2021-12-12 11:59:30.303 T:5210 DEBUG : CVideoPlayer::ProcessVideoData size:4210 dts:2.020 pts:2.060 dur:20.000ms, clock:0.340 level:16
2021-12-12 11:59:30.304 T:5013 DEBUG : CRenderManager::Configure - 8
2021-12-12 11:59:30.305 T:5210 DEBUG : CVideoPlayer::ProcessVideoData size:4626 dts:2.040 pts:2.100 dur:20.000ms, clock:0.340 level:16
2021-12-12 11:59:30.306 T:5213 DEBUG : CVideoPlayerVideo::OutputPicture - ttd:499ms pts:0.840 Clock:0.340 Level:0
2021-12-12 11:59:30.307 T:5210 DEBUG : CVideoPlayer::ProcessVideoData size:138321 dts:2.060 pts:2.440 dur:20.000ms, clock:0.340 level:16
2021-12-12 11:59:30.307 T:5078 DEBUG : OnAVChange: CApplication::OnAVChange
2021-12-12 11:59:30.308 T:5210 DEBUG : CVideoPlayer::ProcessVideoData size:44417 dts:2.080 pts:2.280 dur:20.000ms, clock:0.340 level:17
2021-12-12 11:59:30.308 T:5210 DEBUG : CVideoPlayer::HandleMessages - player started 2
2021-12-12 11:59:30.308 T:5210 DEBUG : VideoPlayer::Sync - Audio - pts: 0.597, cache: 0.462, totalcache: 0.800, packets:60 level:12
2021-12-12 11:59:30.308 T:5210 DEBUG : VideoPlayer::Sync - Video - pts: 0.840, cache: 0.050, totalcache: 0.100, packets:82 level:17
2021-12-12 11:59:30.309 T:5212 DEBUG : CDVDAudio::Resume - resume audio stream
2021-12-12 11:59:30.309 T:5210 DEBUG : CDVDClock::SetSpeedAdjust - adjusted:0.000000
2021-12-12 11:59:30.309 T:5213 DEBUG : CVideoPlayerVideo - CDVDMsg::GENERAL_RESYNC(615699.531215)
2021-12-12 11:59:30.309 T:5213 DEBUG : CVideoPlayerVideo - OUTPUT_AGAIN - vfmt, interlace should be checked.
2021-12-12 11:59:30.309 T:5021 DEBUG : ActiveAE - start sync of audio stream
2021-12-12 11:59:30.309 T:5078 DEBUG : OnAVStarted: CApplication::OnAVStarted
2021-12-12 11:59:30.311 T:5210 DEBUG : CVideoPlayer::ProcessVideoData size:27370 dts:2.100 pts:2.200 dur:20.000ms, clock:0.618 level:17
2021-12-12 11:59:30.312 T:5210 DEBUG : CVideoPlayer::ProcessVideoData size:15195 dts:2.120 pts:2.160 dur:20.000ms, clock:0.619 level:17
2021-12-12 11:59:30.313 T:5213 DEBUG : CVideoPlayerVideo - CDVDMsg::DEMUXER_PACKET - checking interlace vfmt: null
2021-12-12 11:59:30.313 T:5210 DEBUG : CVideoPlayer::ProcessVideoData size:4241 dts:2.140 pts:2.140 dur:20.000ms, clock:0.620 level:17
2021-12-12 11:59:30.313 T:5210 DEBUG : CVideoPlayer::ProcessVideoData size:4113 dts:2.160 pts:2.180 dur:20.000ms, clock:0.620 level:17
2021-12-12 11:59:30.314 T:5210 DEBUG : CVideoPlayer::ProcessVideoData size:14943 dts:2.180 pts:2.240 dur:20.000ms, clock:0.621 level:17
2021-12-12 11:59:30.314 T:5210 DEBUG : CVideoPlayer::ProcessVideoData size:3949 dts:2.200 pts:2.220 dur:20.000ms, clock:0.621 level:17
2021-12-12 11:59:30.316 T:5213 DEBUG : CVideoPlayerVideo - CDVDMsg::DEMUXER_PACKET - checking interlace vfmt: null
2021-12-12 11:59:30.319 T:5210 DEBUG : CVideoPlayer::ProcessVideoData size:4377 dts:2.220 pts:2.260 dur:20.000ms, clock:0.626 level:16
2021-12-12 11:59:30.320 T:5210 DEBUG : CVideoPlayer::ProcessVideoData size:25567 dts:2.240 pts:2.360 dur:20.000ms, clock:0.627 level:16
2021-12-12 11:59:30.320 T:5210 DEBUG : CVideoPlayer::ProcessVideoData size:14279 dts:2.260 pts:2.320 dur:20.000ms, clock:0.627 level:16
2021-12-12 11:59:30.320 T:5210 DEBUG : CVideoPlayer::ProcessVideoData size:3871 dts:2.280 pts:2.300 dur:20.000ms, clock:0.628 level:17
2021-12-12 11:59:30.321 T:5210 DEBUG : CVideoPlayer::ProcessVideoData size:3733 dts:2.300 pts:2.340 dur:20.000ms, clock:0.628 level:17
2021-12-12 11:59:30.322 T:5210 DEBUG : CVideoPlayer::ProcessVideoData size:15007 dts:2.320 pts:2.400 dur:20.000ms, clock:0.629 level:17
2021-12-12 11:59:30.323 T:5210 DEBUG : CVideoPlayer::ProcessVideoData size:3910 dts:2.340 pts:2.380 dur:20.000ms, clock:0.630 level:17
2021-12-12 11:59:30.324 T:5013 DEBUG : CAMLCodec::SetVideoRect:display(0,0,3840,2160)
2021-12-12 11:59:30.324 T:5013 DEBUG : CAMLCodec::SetVideoRect:gui(0,0,1920,1080)
2021-12-12 11:59:30.324 T:5013 DEBUG : CAMLCodec::SetVideoRect:m_dst_rect(0,0,0,0)
2021-12-12 11:59:30.324 T:5013 DEBUG : CAMLCodec::SetVideoRect:dst_rect(0,0,0,0)
2021-12-12 11:59:30.324 T:5013 DEBUG : CAMLCodec::SetVideoRect:m_guiStereoMode(0)
2021-12-12 11:59:30.324 T:5013 DEBUG : CAMLCodec::SetVideoRect:m_guiStereoView(0)
2021-12-12 11:59:30.324 T:5210 DEBUG : CVideoPlayer::ProcessVideoData size:3772 dts:2.360 pts:2.420 dur:20.000ms, clock:0.632 level:17
2021-12-12 11:59:30.326 T:5210 DEBUG : CVideoPlayer::ProcessVideoData size:107462 dts:2.380 pts:2.580 dur:20.000ms, clock:0.633 level:17
2021-12-12 11:59:30.326 T:5210 DEBUG : CVideoPlayer::ProcessVideoData size:23791 dts:2.400 pts:2.520 dur:20.000ms, clock:0.633 level:18
2021-12-12 11:59:30.327 T:5210 DEBUG : CVideoPlayer::ProcessVideoData size:13876 dts:2.420 pts:2.480 dur:20.000ms, clock:0.634 level:18
2021-12-12 11:59:30.327 T:5213 DEBUG : CVideoPlayerVideo - CDVDMsg::DEMUXER_PACKET - checking interlace vfmt: null
2021-12-12 11:59:30.327 T:5210 DEBUG : CVideoPlayer::ProcessVideoData size:3367 dts:2.440 pts:2.460 dur:20.000ms, clock:0.634 level:18
2021-12-12 11:59:30.328 T:5210 DEBUG : CVideoPlayer::ProcessVideoData size:3174 dts:2.460 pts:2.500 dur:20.000ms, clock:0.635 level:18
2021-12-12 11:59:30.328 T:5210 DEBUG : CVideoPlayer::ProcessVideoData size:11282 dts:2.480 pts:2.560 dur:20.000ms, clock:0.636 level:18
2021-12-12 11:59:30.329 T:5210 DEBUG : CVideoPlayer::ProcessVideoData size:3184 dts:2.500 pts:2.540 dur:20.000ms, clock:0.636 level:19
2021-12-12 11:59:30.335 T:5210 DEBUG : CVideoPlayer::ProcessVideoData size:198505 dts:18442240474082.180 pts:18442240474082.180 dur:20.000ms, clock:0.643 level:19
2021-12-12 11:59:30.340 T:5210 DEBUG : CVideoPlayer::ProcessVideoData size:136539 dts:2.540 pts:2.920 dur:20.000ms, clock:0.647 level:18
2021-12-12 11:59:30.346 T:5210 DEBUG : CVideoPlayer::ProcessVideoData size:105803 dts:2.560 pts:2.760 dur:20.000ms, clock:0.653 level:19
2021-12-12 11:59:30.346 T:5013 DEBUG : Activating window ID: 12005
2021-12-12 11:59:30.346 T:5013 DEBUG : ------ Window Deinit (FileManager.xml) ------
2021-12-12 11:59:30.347 T:5210 DEBUG : CVideoPlayer::ProcessVideoData size:74906 dts:2.580 pts:2.680 dur:20.000ms, clock:0.655 level:19
2021-12-12 11:59:30.349 T:5210 DEBUG : CVideoPlayer::ProcessVideoData size:53885 dts:2.600 pts:2.640 dur:20.000ms, clock:0.656 level:19
2021-12-12 11:59:30.350 T:5210 DEBUG : CVideoPlayer::ProcessVideoData size:25374 dts:2.620 pts:2.620 dur:20.000ms, clock:0.657 level:19
2021-12-12 11:59:30.350 T:5013 DEBUG : ------ Window Init (VideoFullScreen.xml) ------
2021-12-12 11:59:30.352 T:5210 DEBUG : CVideoPlayer::ProcessVideoData size:25567 dts:2.640 pts:2.660 dur:20.000ms, clock:0.659 level:19
2021-12-12 11:59:30.352 T:5013 DEBUG : CDirectoryProvider[-]: refreshing..
2021-12-12 11:59:30.353 T:5117 ERROR : GetDirectory - Error getting -
2021-12-12 11:59:30.356 T:5210 DEBUG : CVideoPlayer::ProcessVideoData size:50409 dts:2.660 pts:2.720 dur:20.000ms, clock:0.663 level:20
2021-12-12 11:59:30.356 T:5013 DEBUG : started alarm with name: showosd
2021-12-12 11:59:30.357 T:5213 DEBUG : CVideoPlayerVideo - CDVDMsg::DEMUXER_PACKET - checking interlace vfmt: null
2021-12-12 11:59:30.356 T:5210 DEBUG : CVideoPlayer::ProcessVideoData size:24050 dts:2.680 pts:2.700 dur:20.000ms, clock:0.664 level:20
2021-12-12 11:59:30.359 T:5210 DEBUG : CVideoPlayer::ProcessVideoData size:22552 dts:2.700 pts:2.740 dur:20.000ms, clock:0.666 level:20
2021-12-12 11:59:30.362 T:5210 DEBUG : CVideoPlayer::ProcessVideoData size:82383 dts:2.720 pts:2.840 dur:20.000ms, clock:0.669 level:20
2021-12-12 11:59:30.363 T:5013 INFO : [WHITELIST] Searching the whitelist for: width: 3840, height: 2160, fps: 50.000, 3D: false
2021-12-12 11:59:30.364 T:5210 DEBUG : CVideoPlayer::ProcessVideoData size:54914 dts:2.740 pts:2.800 dur:20.000ms, clock:0.671 level:21
2021-12-12 11:59:30.364 T:5013 DEBUG : [WHITELIST] Searching for an exact resolution with an exact refresh rate
2021-12-12 11:59:30.364 T:5013 DEBUG : [WHITELIST] Matched an exact resolution with an exact refresh rate 3840x2160 @ 50.00 - Full Screen (43)
2021-12-12 11:59:30.364 T:5013 DEBUG : [WHITELIST] Searching for an exact resolution with double the refresh rate
2021-12-12 11:59:30.370 T:5210 DEBUG : CVideoPlayer::ProcessVideoData size:23879 dts:2.760 pts:2.780 dur:20.000ms, clock:0.677 level:21
2021-12-12 11:59:30.373 T:5210 DEBUG : CVideoPlayer::ProcessVideoData size:25993 dts:2.780 pts:2.820 dur:20.000ms, clock:0.680 level:21
2021-12-12 11:59:30.374 T:5213 DEBUG : CVideoPlayerVideo::OutputPicture - ttd:179ms pts:0.860 Clock:0.681 Level:0
2021-12-12 11:59:30.375 T:5210 DEBUG : CVideoPlayer::ProcessVideoData size:56456 dts:2.800 pts:2.880 dur:20.000ms, clock:0.682 level:21
2021-12-12 11:59:30.375 T:5013 INFO : Display resolution ADJUST : 3840x2160 @ 50.00 - Full Screen (43) (weight: 0.000)
2021-12-12 11:59:30.376 T:5210 DEBUG : CVideoPlayer::ProcessVideoData size:27031 dts:2.820 pts:2.860 dur:20.000ms, clock:0.683 level:21
2021-12-12 11:59:30.377 T:5013 INFO : VideoPlayer: OnLostDisplay received
2021-12-12 11:59:30.377 T:5013 DEBUG : AMLUtils::aml_handle_display_stereo_mode old mode 3doff new mode 3doff
2021-12-12 11:59:30.377 T:5013 DEBUG : AMLUtils::aml_handle_display_stereo_mode - no change needed
2021-12-12 11:59:30.381 T:5213 DEBUG : CVideoPlayerVideo - CDVDMsg::GENERAL_PAUSE: 1
2021-12-12 11:59:30.389 T:5212 DEBUG : CVideoPlayerAudio - CDVDMsg::GENERAL_PAUSE: 1
2021-12-12 11:59:30.452 T:5021 DEBUG : ActiveAE::SyncStream - average error of -498.108864, start adjusting
2021-12-12 11:59:30.586 T:5013 DEBUG : AMLUtils::aml_handle_display_stereo_mode old mode 3doff new mode 3doff
2021-12-12 11:59:30.586 T:5013 DEBUG : AMLUtils::aml_handle_display_stereo_mode - no change needed
2021-12-12 11:59:30.608 T:5013 INFO : GLES: Maximum texture width: 8192
2021-12-12 11:59:30.626 T:5013 DEBUG : ------ Window Deinit (DialogBusy.xml) ------
2021-12-12 11:59:32.386 T:5013 INFO : VideoPlayer: OnResetDisplay received
2021-12-12 11:59:32.386 T:5212 DEBUG : CVideoPlayerAudio - CDVDMsg::GENERAL_PAUSE: 0
2021-12-12 11:59:32.387 T:5213 DEBUG : CVideoPlayerVideo - CDVDMsg::GENERAL_PAUSE: 0
2021-12-12 11:59:32.388 T:5212 INFO : CVideoPlayerAudio: display reset occurred, checking for passthrough
2021-12-12 11:59:32.388 T:5213 DEBUG : CVideoPlayerVideo::OutputPicture - ttd:195ms pts:0.880 Clock:0.685 Level:1
2021-12-12 11:59:32.389 T:5213 DEBUG : CVideoPlayerVideo::OutputPicture - ttd:213ms pts:0.900 Clock:0.686 Level:2
2021-12-12 11:59:32.390 T:5212 INFO : CDVDAudioCodecFFmpeg::Open() Successful opened audio decoder aac
2021-12-12 11:59:32.390 T:5213 DEBUG : CVideoPlayerVideo::OutputPicture - ttd:232ms pts:0.920 Clock:0.688 Level:3
2021-12-12 11:59:32.391 T:5070 DEBUG : OnAVChange: CApplication::OnAVChange
2021-12-12 11:59:32.393 T:5210 DEBUG : CVideoPlayer::ProcessVideoData size:27492 dts:2.840 pts:2.900 dur:20.000ms, clock:0.690 level:20
2021-12-12 11:59:32.394 T:5021 DEBUG : ActiveAE::SyncStream - average error -0.016341 below threshold of 30.000000
2021-12-12 11:59:32.395 T:5213 DEBUG : CVideoPlayerVideo::OutputPicture - ttd:248ms pts:0.940 Clock:0.692 Level:4
2021-12-12 11:59:32.396 T:5213 DEBUG : CVideoPlayerVideo::OutputPicture - ttd:266ms pts:0.960 Clock:0.693 Level:5
2021-12-12 11:59:32.398 T:5213 DEBUG : CVideoPlayerVideo::OutputPicture - ttd:285ms pts:0.980 Clock:0.695 Level:6
2021-12-12 11:59:32.399 T:5210 DEBUG : CVideoPlayer::ProcessVideoData size:135217 dts:2.860 pts:3.240 dur:20.000ms, clock:0.696 level:21
2021-12-12 11:59:32.408 T:5210 DEBUG : CVideoPlayer::ProcessVideoData size:81856 dts:2.880 pts:3.080 dur:20.000ms, clock:0.706 level:21
2021-12-12 11:59:32.411 T:5210 DEBUG : CVideoPlayer::ProcessVideoData size:78829 dts:2.900 pts:3.000 dur:20.000ms, clock:0.708 level:21
2021-12-12 11:59:32.411 T:5210 DEBUG : CVideoPlayer::ProcessVideoData size:55403 dts:2.920 pts:2.960 dur:20.000ms, clock:0.709 level:21
2021-12-12 11:59:32.412 T:5210 DEBUG : CVideoPlayer::ProcessVideoData size:29182 dts:2.940 pts:2.940 dur:20.000ms, clock:0.709 level:21
2021-12-12 11:59:32.414 T:5210 DEBUG : CVideoPlayer::ProcessVideoData size:30622 dts:2.960 pts:2.980 dur:20.000ms, clock:0.711 level:22
2021-12-12 11:59:32.415 T:5210 DEBUG : CVideoPlayer::ProcessVideoData size:50058 dts:2.980 pts:3.040 dur:20.000ms, clock:0.712 level:21
2021-12-12 11:59:32.415 T:5210 DEBUG : CVideoPlayer::ProcessVideoData size:26223 dts:3.000 pts:3.020 dur:20.000ms, clock:0.713 level:22
2021-12-12 11:59:32.417 T:5210 DEBUG : CVideoPlayer::ProcessVideoData size:26771 dts:3.020 pts:3.060 dur:20.000ms, clock:0.714 level:22
2021-12-12 11:59:32.419 T:5210 DEBUG : CVideoPlayer::ProcessVideoData size:72777 dts:3.040 pts:3.160 dur:20.000ms, clock:0.716 level:22
2021-12-12 11:59:32.420 T:5210 DEBUG : CVideoPlayer::ProcessVideoData size:48715 dts:3.060 pts:3.120 dur:20.000ms, clock:0.717 level:22
2021-12-12 11:59:32.421 T:5210 DEBUG : CVideoPlayer::ProcessVideoData size:27949 dts:3.080 pts:3.100 dur:20.000ms, clock:0.718 level:23
2021-12-12 11:59:32.422 T:5210 DEBUG : CVideoPlayer::ProcessVideoData size:27559 dts:3.100 pts:3.140 dur:20.000ms, clock:0.719 level:23
2021-12-12 11:59:32.427 T:5210 DEBUG : CVideoPlayer::ProcessVideoData size:48749 dts:3.120 pts:3.200 dur:20.000ms, clock:0.724 level:23
2021-12-12 11:59:32.428 T:5210 DEBUG : CVideoPlayer::ProcessVideoData size:27107 dts:3.140 pts:3.180 dur:20.000ms, clock:0.725 level:23
2021-12-12 11:59:32.431 T:5210 DEBUG : CVideoPlayer::ProcessVideoData size:22243 dts:3.160 pts:3.220 dur:20.000ms, clock:0.728 level:23
2021-12-12 11:59:32.435 T:5210 DEBUG : CVideoPlayer::ProcessVideoData size:232652 dts:3.180 pts:3.560 dur:20.000ms, clock:0.732 level:23
2021-12-12 11:59:32.437 T:5210 DEBUG : CVideoPlayer::ProcessVideoData size:89061 dts:3.200 pts:3.400 dur:20.000ms, clock:0.734 level:24
2021-12-12 11:59:32.438 T:5210 DEBUG : CVideoPlayer::ProcessVideoData size:72863 dts:3.220 pts:3.320 dur:20.000ms, clock:0.735 level:23
2021-12-12 11:59:32.439 T:5210 DEBUG : CVideoPlayer::ProcessVideoData size:48301 dts:3.240 pts:3.280 dur:20.000ms, clock:0.736 level:24
2021-12-12 11:59:32.439 T:5210 DEBUG : CVideoPlayer::ProcessVideoData size:21042 dts:3.260 pts:3.260 dur:20.000ms, clock:0.737 level:24
2021-12-12 11:59:32.440 T:5210 DEBUG : CVideoPlayer::ProcessVideoData size:23883 dts:3.280 pts:3.300 dur:20.000ms, clock:0.737 level:24
2021-12-12 11:59:32.441 T:5210 DEBUG : CVideoPlayer::ProcessVideoData size:47882 dts:3.300 pts:3.360 dur:20.000ms, clock:0.738 level:25
2021-12-12 11:59:32.441 T:5210 DEBUG : CVideoPlayer::ProcessVideoData size:23113 dts:3.320 pts:3.340 dur:20.000ms, clock:0.739 level:25
2021-12-12 11:59:32.443 T:5210 DEBUG : CVideoPlayer::ProcessVideoData size:24187 dts:3.340 pts:3.380 dur:20.000ms, clock:0.740 level:25
2021-12-12 11:59:32.444 T:5210 DEBUG : CVideoPlayer::ProcessVideoData size:69487 dts:3.360 pts:3.480 dur:20.000ms, clock:0.741 level:25
2021-12-12 11:59:32.445 T:5210 DEBUG : CVideoPlayer::ProcessVideoData size:43011 dts:3.380 pts:3.440 dur:20.000ms, clock:0.742 level:25
2021-12-12 11:59:32.445 T:5210 DEBUG : CVideoPlayer::ProcessVideoData size:22118 dts:3.400 pts:3.420 dur:20.000ms, clock:0.742 level:25
2021-12-12 11:59:32.446 T:5210 DEBUG : CVideoPlayer::ProcessVideoData size:17859 dts:3.420 pts:3.460 dur:20.000ms, clock:0.743 level:26
2021-12-12 11:59:32.447 T:5210 DEBUG : CVideoPlayer::ProcessVideoData size:41108 dts:3.440 pts:3.520 dur:20.000ms, clock:0.744 level:26
2021-12-12 11:59:32.448 T:5210 DEBUG : CVideoPlayer::ProcessVideoData size:16298 dts:3.460 pts:3.500 dur:20.000ms, clock:0.745 level:26
2021-12-12 11:59:32.450 T:5210 DEBUG : CVideoPlayer::ProcessVideoData size:17313 dts:3.480 pts:3.540 dur:20.000ms, clock:0.748 level:26
2021-12-12 11:59:32.453 T:5210 DEBUG : CVideoPlayer::ProcessVideoData size:150816 dts:3.500 pts:3.880 dur:20.000ms, clock:0.750 level:26
2021-12-12 11:59:32.455 T:5210 DEBUG : CVideoPlayer::ProcessVideoData size:93235 dts:3.520 pts:3.720 dur:20.000ms, clock:0.752 level:26
2021-12-12 11:59:32.456 T:5210 DEBUG : CVideoPlayer::ProcessVideoData size:64480 dts:3.540 pts:3.640 dur:20.000ms, clock:0.753 level:27
2021-12-12 11:59:32.457 T:5210 DEBUG : CVideoPlayer::ProcessVideoData size:42069 dts:3.560 pts:3.600 dur:20.000ms, clock:0.754 level:27
2021-12-12 11:59:32.458 T:5210 DEBUG : CVideoPlayer::ProcessVideoData size:17496 dts:3.580 pts:3.580 dur:20.000ms, clock:0.755 level:27
2021-12-12 11:59:32.460 T:5210 DEBUG : CVideoPlayer::ProcessVideoData size:21070 dts:3.600 pts:3.620 dur:20.000ms, clock:0.756 level:27
2021-12-12 11:59:32.461 T:5210 DEBUG : CVideoPlayer::ProcessVideoData size:44648 dts:3.620 pts:3.680 dur:20.000ms, clock:0.758 level:27
2021-12-12 11:59:32.462 T:5210 DEBUG : CVideoPlayer::ProcessVideoData size:23079 dts:3.640 pts:3.660 dur:20.000ms, clock:0.759 level:28
2021-12-12 11:59:32.463 T:5210 DEBUG : CVideoPlayer::ProcessVideoData size:24009 dts:3.660 pts:3.700 dur:20.000ms, clock:0.760 level:28
2021-12-12 11:59:32.465 T:5210 DEBUG : CVideoPlayer::ProcessVideoData size:80377 dts:3.680 pts:3.800 dur:20.000ms, clock:0.762 level:28
2021-12-12 11:59:32.466 T:5210 DEBUG : CVideoPlayer::ProcessVideoData size:50055 dts:3.700 pts:3.760 dur:20.000ms, clock:0.763 level:28
2021-12-12 11:59:32.468 T:5210 DEBUG : CVideoPlayer::ProcessVideoData size:25618 dts:3.720 pts:3.740 dur:20.000ms, clock:0.765 level:28
2021-12-12 11:59:32.469 T:5210 DEBUG : CVideoPlayer::ProcessVideoData size:27575 dts:3.740 pts:3.780 dur:20.000ms, clock:0.766 level:29
2021-12-12 11:59:32.470 T:5210 DEBUG : CVideoPlayer::ProcessVideoData size:56334 dts:3.760 pts:3.840 dur:20.000ms, clock:0.767 level:29
2021-12-12 11:59:32.472 T:5210 DEBUG : CVideoPlayer::ProcessVideoData size:29164 dts:3.780 pts:3.820 dur:20.000ms, clock:0.769 level:29
2021-12-12 11:59:32.474 T:5210 DEBUG : CVideoPlayer::ProcessVideoData size:28180 dts:3.800 pts:3.860 dur:20.000ms, clock:0.771 level:29
2021-12-12 11:59:32.476 T:5210 DEBUG : CVideoPlayer::ProcessVideoData size:148491 dts:3.820 pts:4.200 dur:20.000ms, clock:0.773 level:30
2021-12-12 11:59:32.479 T:5210 DEBUG : CVideoPlayer::ProcessVideoData size:99193 dts:3.840 pts:4.040 dur:20.000ms, clock:0.776 level:29
2021-12-12 11:59:32.480 T:5210 DEBUG : CVideoPlayer::ProcessVideoData size:70945 dts:3.860 pts:3.960 dur:20.000ms, clock:0.777 level:30
2021-12-12 11:59:32.481 T:5210 DEBUG : CVideoPlayer::ProcessVideoData size:50313 dts:3.880 pts:3.920 dur:20.000ms, clock:0.778 level:30
2021-12-12 11:59:32.482 T:5210 DEBUG : CVideoPlayer::ProcessVideoData size:25110 dts:3.900 pts:3.900 dur:20.000ms, clock:0.779 level:30
2021-12-12 11:59:32.483 T:5210 DEBUG : CVideoPlayer::ProcessVideoData size:26315 dts:3.920 pts:3.940 dur:20.000ms, clock:0.780 level:30
2021-12-12 11:59:32.484 T:5210 DEBUG : CVideoPlayer::ProcessVideoData size:45117 dts:3.940 pts:4.000 dur:20.000ms, clock:0.781 level:31
2021-12-12 11:59:32.485 T:5210 DEBUG : CVideoPlayer::ProcessVideoData size:22553 dts:3.960 pts:3.980 dur:20.000ms, clock:0.782 level:31
2021-12-12 11:59:32.486 T:5210 DEBUG : CVideoPlayer::ProcessVideoData size:18996 dts:3.980 pts:4.020 dur:20.000ms, clock:0.783 level:31
2021-12-12 11:59:32.488 T:5210 DEBUG : CVideoPlayer::ProcessVideoData size:67682 dts:4.000 pts:4.120 dur:20.000ms, clock:0.785 level:31
2021-12-12 11:59:32.490 T:5210 DEBUG : CVideoPlayer::ProcessVideoData size:46971 dts:4.020 pts:4.080 dur:20.000ms, clock:0.787 level:31
2021-12-12 11:59:32.490 T:5210 DEBUG : CVideoPlayer::ProcessVideoData size:21461 dts:4.040 pts:4.060 dur:20.000ms, clock:0.788 level:32
2021-12-12 11:59:32.491 T:5013 DEBUG : CAMLCodec::SetVideoRect:display(0,0,3840,2160)
2021-12-12 11:59:32.492 T:5013 DEBUG : CAMLCodec::SetVideoRect:gui(0,0,1920,1080)
2021-12-12 11:59:32.492 T:5013 DEBUG : CAMLCodec::SetVideoRect:m_dst_rect(0,0,1920,1080)
2021-12-12 11:59:32.492 T:5013 DEBUG : CAMLCodec::SetVideoRect:dst_rect(0,0,3840,2160)
2021-12-12 11:59:32.492 T:5013 DEBUG : CAMLCodec::SetVideoRect:m_guiStereoMode(0)
2021-12-12 11:59:32.492 T:5013 DEBUG : CAMLCodec::SetVideoRect:m_guiStereoView(0)
2021-12-12 11:59:32.492 T:5210 DEBUG : CVideoPlayer::ProcessVideoData size:22768 dts:4.060 pts:4.100 dur:20.000ms, clock:0.789 level:32
2021-12-12 11:59:32.493 T:5210 DEBUG : CVideoPlayer::ProcessVideoData size:46249 dts:4.080 pts:4.160 dur:20.000ms, clock:0.790 level:32
2021-12-12 11:59:32.494 T:5210 DEBUG : CVideoPlayer::ProcessVideoData size:22240 dts:4.100 pts:4.140 dur:20.000ms, clock:0.791 level:32
2021-12-12 11:59:32.497 T:5210 DEBUG : CVideoPlayer::ProcessVideoData size:20311 dts:4.120 pts:4.180 dur:20.000ms, clock:0.794 level:32
2021-12-12 11:59:32.500 T:5210 DEBUG : CVideoPlayer::ProcessVideoData size:237242 dts:4.140 pts:4.520 dur:20.000ms, clock:0.797 level:32
2021-12-12 11:59:32.502 T:5210 DEBUG : CVideoPlayer::ProcessVideoData size:89314 dts:4.160 pts:4.360 dur:20.000ms, clock:0.799 level:33
2021-12-12 11:59:32.504 T:5210 DEBUG : CVideoPlayer::ProcessVideoData size:77180 dts:4.180 pts:4.280 dur:20.000ms, clock:0.801 level:33
2021-12-12 11:59:32.505 T:5210 DEBUG : CVideoPlayer::ProcessVideoData size:49190 dts:4.200 pts:4.240 dur:20.000ms, clock:0.802 level:33
2021-12-12 11:59:32.505 T:5210 DEBUG : CVideoPlayer::ProcessVideoData size:21138 dts:4.220 pts:4.220 dur:20.000ms, clock:0.803 level:33
2021-12-12 11:59:32.507 T:5210 DEBUG : CVideoPlayer::ProcessVideoData size:23448 dts:4.240 pts:4.260 dur:20.000ms, clock:0.805 level:33
2021-12-12 11:59:32.508 T:5210 DEBUG : CVideoPlayer::ProcessVideoData size:50582 dts:4.260 pts:4.320 dur:20.000ms, clock:0.806 level:33
2021-12-12 11:59:32.510 T:5210 DEBUG : CVideoPlayer::ProcessVideoData size:25472 dts:4.280 pts:4.300 dur:20.000ms, clock:0.807 level:34
2021-12-12 11:59:32.512 T:5210 DEBUG : CVideoPlayer::ProcessVideoData size:25543 dts:4.300 pts:4.340 dur:20.000ms, clock:0.809 level:34
2021-12-12 11:59:32.513 T:5210 DEBUG : CVideoPlayer::ProcessVideoData size:72512 dts:4.320 pts:4.440 dur:20.000ms, clock:0.810 level:34
2021-12-12 11:59:32.514 T:5210 DEBUG : CVideoPlayer::ProcessVideoData size:49113 dts:4.340 pts:4.400 dur:20.000ms, clock:0.811 level:34
2021-12-12 11:59:32.515 T:5210 DEBUG : CVideoPlayer::ProcessVideoData size:25879 dts:4.360 pts:4.380 dur:20.000ms, clock:0.812 level:34
2021-12-12 11:59:32.516 T:5210 DEBUG : CVideoPlayer::ProcessVideoData size:24262 dts:4.380 pts:4.420 dur:20.000ms, clock:0.813 level:34
2021-12-12 11:59:32.517 T:5210 DEBUG : CVideoPlayer::ProcessVideoData size:47762 dts:4.400 pts:4.480 dur:20.000ms, clock:0.814 level:35
2021-12-12 11:59:32.518 T:5210 DEBUG : CVideoPlayer::ProcessVideoData size:23319 dts:4.420 pts:4.460 dur:20.000ms, clock:0.815 level:35
2021-12-12 11:59:32.521 T:5210 DEBUG : CVideoPlayer::ProcessVideoData size:22452 dts:4.440 pts:4.500 dur:20.000ms, clock:0.818 level:35
2021-12-12 11:59:32.523 T:5210 DEBUG : CVideoPlayer::ProcessVideoData size:157298 dts:4.460 pts:4.840 dur:20.000ms, clock:0.820 level:35
2021-12-12 11:59:32.525 T:5210 DEBUG : CVideoPlayer::ProcessVideoData size:105415 dts:4.480 pts:4.680 dur:20.000ms, clock:0.822 level:35
2021-12-12 11:59:32.527 T:5210 DEBUG : CVideoPlayer::ProcessVideoData size:75284 dts:4.500 pts:4.600 dur:20.000ms, clock:0.824 level:35
2021-12-12 11:59:32.528 T:5210 DEBUG : CVideoPlayer::ProcessVideoData size:43467 dts:4.520 pts:4.560 dur:20.000ms, clock:0.825 level:36
2021-12-12 11:59:32.529 T:5210 DEBUG : CVideoPlayer::ProcessVideoData size:20304 dts:4.540 pts:4.540 dur:20.000ms, clock:0.826 level:36
2021-12-12 11:59:32.530 T:5210 DEBUG : CVideoPlayer::ProcessVideoData size:21959 dts:4.560 pts:4.580 dur:20.000ms, clock:0.828 level:36
2021-12-12 11:59:32.532 T:5210 DEBUG : CVideoPlayer::ProcessVideoData size:53284 dts:4.580 pts:4.640 dur:20.000ms, clock:0.829 level:36
2021-12-12 11:59:32.532 T:5210 DEBUG : CVideoPlayer::ProcessVideoData size:25216 dts:4.600 pts:4.620 dur:20.000ms, clock:0.830 level:37
2021-12-12 11:59:32.534 T:5210 DEBUG : CVideoPlayer::ProcessVideoData size:27881 dts:4.620 pts:4.660 dur:20.000ms, clock:0.831 level:37
2021-12-12 11:59:32.536 T:5210 DEBUG : CVideoPlayer::ProcessVideoData size:76304 dts:4.640 pts:4.760 dur:20.000ms, clock:0.833 level:37
2021-12-12 11:59:32.537 T:5210 DEBUG : CVideoPlayer::ProcessVideoData size:56889 dts:4.660 pts:4.720 dur:20.000ms, clock:0.834 level:37
2021-12-12 11:59:32.538 T:5210 DEBUG : CVideoPlayer::ProcessVideoData size:27774 dts:4.680 pts:4.700 dur:20.000ms, clock:0.835 level:37
2021-12-12 11:59:32.539 T:5210 DEBUG : CVideoPlayer::ProcessVideoData size:29199 dts:4.700 pts:4.740 dur:20.000ms, clock:0.837 level:37
2021-12-12 11:59:32.540 T:5210 DEBUG : CVideoPlayer::ProcessVideoData size:53189 dts:4.720 pts:4.800 dur:20.000ms, clock:0.838 level:38
2021-12-12 11:59:32.541 T:5210 DEBUG : CVideoPlayer::ProcessVideoData size:26780 dts:4.740 pts:4.780 dur:20.000ms, clock:0.838 level:38
2021-12-12 11:59:32.543 T:5210 DEBUG : CVideoPlayer::ProcessVideoData size:24192 dts:4.760 pts:4.820 dur:20.000ms, clock:0.840 level:38
2021-12-12 11:59:32.545 T:5210 DEBUG : CVideoPlayer::ProcessVideoData size:132069 dts:4.780 pts:5.160 dur:20.000ms, clock:0.842 level:38
2021-12-12 11:59:32.548 T:5210 DEBUG : CVideoPlayer::ProcessVideoData size:90575 dts:4.800 pts:5.000 dur:20.000ms, clock:0.845 level:38
2021-12-12 11:59:32.549 T:5210 DEBUG : CVideoPlayer::ProcessVideoData size:75465 dts:4.820 pts:4.920 dur:20.000ms, clock:0.846 level:39
2021-12-12 11:59:32.550 T:5210 DEBUG : CVideoPlayer::ProcessVideoData size:50167 dts:4.840 pts:4.880 dur:20.000ms, clock:0.847 level:39
2021-12-12 11:59:32.551 T:5210 DEBUG : CVideoPlayer::ProcessVideoData size:25442 dts:4.860 pts:4.860 dur:20.000ms, clock:0.848 level:39
2021-12-12 11:59:32.552 T:5210 DEBUG : CVideoPlayer::ProcessVideoData size:25971 dts:4.880 pts:4.900 dur:20.000ms, clock:0.849 level:39
2021-12-12 11:59:32.553 T:5210 DEBUG : CVideoPlayer::ProcessVideoData size:52908 dts:4.900 pts:4.960 dur:20.000ms, clock:0.850 level:40
2021-12-12 11:59:32.554 T:5210 DEBUG : CVideoPlayer::ProcessVideoData size:26586 dts:4.920 pts:4.940 dur:20.000ms, clock:0.851 level:40
2021-12-12 11:59:32.556 T:5210 DEBUG : CVideoPlayer::ProcessVideoData size:27084 dts:4.940 pts:4.980 dur:20.000ms, clock:0.853 level:40
2021-12-12 11:59:32.557 T:5210 DEBUG : CVideoPlayer::ProcessVideoData size:75333 dts:4.960 pts:5.080 dur:20.000ms, clock:0.854 level:40
2021-12-12 11:59:32.558 T:5210 DEBUG : CVideoPlayer::ProcessVideoData size:56209 dts:4.980 pts:5.040 dur:20.000ms, clock:0.855 level:40
2021-12-12 11:59:32.558 T:5210 DEBUG : CVideoPlayer::ProcessVideoData size:29420 dts:5.000 pts:5.020 dur:20.000ms, clock:0.855 level:40
2021-12-12 11:59:32.560 T:5210 DEBUG : CVideoPlayer::ProcessVideoData size:31381 dts:5.020 pts:5.060 dur:20.000ms, clock:0.857 level:41
2021-12-12 11:59:32.561 T:5210 DEBUG : CVideoPlayer::ProcessVideoData size:56263 dts:5.040 pts:5.120 dur:20.000ms, clock:0.858 level:41
2021-12-12 11:59:32.562 T:5210 DEBUG : CVideoPlayer::ProcessVideoData size:30781 dts:5.060 pts:5.100 dur:20.000ms, clock:0.859 level:41
2021-12-12 11:59:32.564 T:5210 DEBUG : CVideoPlayer::ProcessVideoData size:27849 dts:5.080 pts:5.140 dur:20.000ms, clock:0.862 level:41
2021-12-12 11:59:32.568 T:5210 DEBUG : CVideoPlayer::ProcessVideoData size:227105 dts:5.100 pts:5.480 dur:20.000ms, clock:0.865 level:41
2021-12-12 11:59:32.571 T:5213 DEBUG : CVideoPlayerVideo::OutputPicture - ttd:131ms pts:1.000 Clock:0.868 Level:4
2021-12-12 11:59:32.571 T:5210 DEBUG : CVideoPlayer::ProcessVideoData size:108410 dts:5.120 pts:5.320 dur:20.000ms, clock:0.868 level:41
2021-12-12 11:59:32.573 T:5210 DEBUG : CVideoPlayer::ProcessVideoData size:73916 dts:5.140 pts:5.240 dur:20.000ms, clock:0.870 level:42
2021-12-12 11:59:32.575 T:5210 DEBUG : CVideoPlayer::ProcessVideoData size:46649 dts:5.160 pts:5.200 dur:20.000ms, clock:0.872 level:42
2021-12-12 11:59:32.576 T:5210 DEBUG : CVideoPlayer::ProcessVideoData size:22353 dts:5.180 pts:5.180 dur:20.000ms, clock:0.873 level:42
2021-12-12 11:59:32.577 T:5210 DEBUG : CVideoPlayer::ProcessVideoData size:20780 dts:5.200 pts:5.220 dur:20.000ms, clock:0.874 level:42
2021-12-12 11:59:32.578 T:5210 DEBUG : CVideoPlayer::ProcessVideoData size:45253 dts:5.220 pts:5.280 dur:20.000ms, clock:0.875 level:42
2021-12-12 11:59:32.578 T:5210 DEBUG : CVideoPlayer::ProcessVideoData size:20267 dts:5.240 pts:5.260 dur:20.000ms, clock:0.876 level:42
2021-12-12 11:59:32.580 T:5210 DEBUG : CVideoPlayer::ProcessVideoData size:20453 dts:5.260 pts:5.300 dur:20.000ms, clock:0.877 level:43
2021-12-12 11:59:32.581 T:5210 DEBUG : CVideoPlayer::ProcessVideoData size:74889 dts:5.280 pts:5.400 dur:20.000ms, clock:0.878 level:43
2021-12-12 11:59:32.581 T:5210 DEBUG : CVideoPlayer::ProcessVideoData size:49364 dts:5.300 pts:5.360 dur:20.000ms, clock:0.879 level:43
2021-12-12 11:59:32.582 T:5210 DEBUG : CVideoPlayer::ProcessVideoData size:20279 dts:5.320 pts:5.340 dur:20.000ms, clock:0.879 level:43
2021-12-12 11:59:32.583 T:5210 DEBUG : CVideoPlayer::ProcessVideoData size:21689 dts:5.340 pts:5.380 dur:20.000ms, clock:0.880 level:44
2021-12-12 11:59:32.584 T:5210 DEBUG : CVideoPlayer::ProcessVideoData size:49200 dts:5.360 pts:5.440 dur:20.000ms, clock:0.881 level:44
2021-12-12 11:59:32.584 T:5210 DEBUG : CVideoPlayer::ProcessVideoData size:19984 dts:5.380 pts:5.420 dur:20.000ms, clock:0.881 level:44
2021-12-12 11:59:32.586 T:5210 DEBUG : CVideoPlayer::ProcessVideoData size:23083 dts:5.400 pts:5.460 dur:20.000ms, clock:0.883 level:44
2021-12-12 11:59:32.589 T:5210 DEBUG : CVideoPlayer::ProcessVideoData size:120719 dts:5.420 pts:5.580 dur:20.000ms, clock:0.886 level:44
2021-12-12 11:59:32.589 T:5213 DEBUG : CVideoPlayerVideo::OutputPicture - ttd:133ms pts:1.020 Clock:0.886 Level:4
2021-12-12 11:59:32.591 T:5210 DEBUG : CVideoPlayer::ProcessVideoData size:65419 dts:5.440 pts:5.540 dur:20.000ms, clock:0.888 level:45
2021-12-12 11:59:32.593 T:5210 DEBUG : CVideoPlayer::ProcessVideoData size:40398 dts:5.460 pts:5.520 dur:20.000ms, clock:0.890 level:45
2021-12-12 11:59:32.594 T:5210 DEBUG : CVideoPlayer::ProcessVideoData size:23216 dts:5.480 pts:5.500 dur:20.000ms, clock:0.891 level:45
2021-12-12 11:59:32.595 T:5210 DEBUG : CVideoPlayer::ProcessVideoData size:26479 dts:5.500 pts:5.560 dur:20.000ms, clock:0.892 level:45
2021-12-12 11:59:32.606 T:5210 DEBUG : CVideoPlayer::ProcessVideoData size:537218 dts:18442240474082.180 pts:18442240474082.180 dur:20.000ms, clock:0.903 level:45
2021-12-12 11:59:32.608 T:5210 DEBUG : CVideoPlayer::ProcessVideoData size:136454 dts:5.540 pts:5.920 dur:20.000ms, clock:0.905 level:45
2021-12-12 11:59:32.610 T:5210 DEBUG : CVideoPlayer::ProcessVideoData size:45206 dts:5.560 pts:5.760 dur:20.000ms, clock:0.907 level:45
2021-12-12 11:59:32.611 T:5210 DEBUG : CVideoPlayer::ProcessVideoData size:26263 dts:5.580 pts:5.680 dur:20.000ms, clock:0.908 level:46
2021-12-12 11:59:32.613 T:5210 DEBUG : CVideoPlayer::ProcessVideoData size:17460 dts:5.600 pts:5.640 dur:20.000ms, clock:0.910 level:46
2021-12-12 11:59:32.613 T:5213 DEBUG : CVideoPlayerVideo::OutputPicture - ttd:129ms pts:1.040 Clock:0.910 Level:3
2021-12-12 11:59:32.614 T:5210 DEBUG : CVideoPlayer::ProcessVideoData size:11380 dts:5.620 pts:5.620 dur:20.000ms, clock:0.911 level:46
2021-12-12 11:59:32.616 T:5210 DEBUG : CVideoPlayer::ProcessVideoData size:26520 dts:5.640 pts:5.660 dur:20.000ms, clock:0.913 level:46
2021-12-12 11:59:32.618 T:5210 DEBUG : CVideoPlayer::ProcessVideoData size:50166 dts:5.660 pts:5.720 dur:20.000ms, clock:0.915 level:46
2021-12-12 11:59:32.618 T:5210 DEBUG : CVideoPlayer::ProcessVideoData size:15010 dts:5.680 pts:5.700 dur:20.000ms, clock:0.915 level:47
2021-12-12 11:59:32.620 T:5210 DEBUG : CVideoPlayer::ProcessVideoData size:20997 dts:5.700 pts:5.740 dur:20.000ms, clock:0.917 level:47
2021-12-12 11:59:32.621 T:5210 DEBUG : CVideoPlayer::ProcessVideoData size:71047 dts:5.720 pts:5.840 dur:20.000ms, clock:0.918 level:47
2021-12-12 11:59:32.622 T:5210 DEBUG : CVideoPlayer::ProcessVideoData size:44320 dts:5.740 pts:5.800 dur:20.000ms, clock:0.919 level:47
2021-12-12 11:59:32.622 T:5210 DEBUG : CVideoPlayer::ProcessVideoData size:12588 dts:5.760 pts:5.780 dur:20.000ms, clock:0.919 level:47
2021-12-12 11:59:32.623 T:5210 DEBUG : CVideoPlayer::ProcessVideoData size:12116 dts:5.780 pts:5.820 dur:20.000ms, clock:0.921 level:47
2021-12-12 11:59:32.625 T:5210 DEBUG : CVideoPlayer::ProcessVideoData size:49228 dts:5.800 pts:5.880 dur:20.000ms, clock:0.922 level:48
2021-12-12 11:59:32.625 T:5210 DEBUG : CVideoPlayer::ProcessVideoData size:12087 dts:5.820 pts:5.860 dur:20.000ms, clock:0.922 level:48
2021-12-12 11:59:32.628 T:5210 DEBUG : CVideoPlayer::ProcessVideoData size:16863 dts:5.840 pts:5.900 dur:20.000ms, clock:0.925 level:48
2021-12-12 11:59:32.631 T:5213 DEBUG : CVideoPlayerVideo::OutputPicture - ttd:131ms pts:1.060 Clock:0.928 Level:3
2021-12-12 11:59:32.631 T:5210 DEBUG : CVideoPlayer::ProcessVideoData size:173180 dts:5.860 pts:6.240 dur:20.000ms, clock:0.929 level:48
2021-12-12 11:59:32.635 T:5210 DEBUG : CVideoPlayer::ProcessVideoData size:81290 dts:5.880 pts:6.080 dur:20.000ms, clock:0.932 level:48
2021-12-12 11:59:32.637 T:5210 DEBUG : CVideoPlayer::ProcessVideoData size:47881 dts:5.900 pts:6.000 dur:20.000ms, clock:0.934 level:49
2021-12-12 11:59:32.637 T:5210 DEBUG : CVideoPlayer::ProcessVideoData size:25840 dts:5.920 pts:5.960 dur:20.000ms, clock:0.935 level:49
2021-12-12 11:59:32.638 T:5210 DEBUG : CVideoPlayer::ProcessVideoData size:7528 dts:5.940 pts:5.940 dur:20.000ms, clock:0.935 level:49
2021-12-12 11:59:32.638 T:5210 DEBUG : CVideoPlayer::ProcessVideoData size:5955 dts:5.960 pts:5.980 dur:20.000ms, clock:0.935 level:49
2021-12-12 11:59:32.639 T:5210 DEBUG : CVideoPlayer::ProcessVideoData size:26348 dts:5.980 pts:6.040 dur:20.000ms, clock:0.936 level:49
2021-12-12 11:59:32.639 T:5210 DEBUG : CVideoPlayer::ProcessVideoData size:9581 dts:6.000 pts:6.020 dur:20.000ms, clock:0.936 level:49
2021-12-12 11:59:32.640 T:5210 DEBUG : CVideoPlayer::ProcessVideoData size:10007 dts:6.020 pts:6.060 dur:20.000ms, clock:0.938 level:50
2021-12-12 11:59:32.642 T:5210 DEBUG : CVideoPlayer::ProcessVideoData size:55940 dts:6.040 pts:6.160 dur:20.000ms, clock:0.939 level:50
2021-12-12 11:59:32.643 T:5210 DEBUG : CVideoPlayer::ProcessVideoData size:40946 dts:6.060 pts:6.120 dur:20.000ms, clock:0.940 level:50
2021-12-12 11:59:32.643 T:5210 DEBUG : CVideoPlayer::ProcessVideoData size:12407 dts:6.080 pts:6.100 dur:20.000ms, clock:0.940 level:50
2021-12-12 11:59:32.644 T:5210 DEBUG : CVideoPlayer::ProcessVideoData size:12805 dts:6.100 pts:6.140 dur:20.000ms, clock:0.941 level:50
2021-12-12 11:59:32.645 T:5210 DEBUG : CVideoPlayer::ProcessVideoData size:43069 dts:6.120 pts:6.200 dur:20.000ms, clock:0.942 level:51
2021-12-12 11:59:32.645 T:5210 DEBUG : CVideoPlayer::ProcessVideoData size:12213 dts:6.140 pts:6.180 dur:20.000ms, clock:0.942 level:51
2021-12-12 11:59:32.649 T:5210 DEBUG : CVideoPlayer::ProcessVideoData size:12681 dts:6.160 pts:6.220 dur:20.000ms, clock:0.946 level:51
2021-12-12 11:59:32.652 T:5213 DEBUG : CVideoPlayerVideo::OutputPicture - ttd:131ms pts:1.080 Clock:0.949 Level:4
2021-12-12 11:59:32.663 T:5210 DEBUG : CVideoPlayer::ProcessVideoData size:717039 dts:6.180 pts:6.560 dur:20.000ms, clock:0.960 level:51
2021-12-12 11:59:32.665 T:5210 DEBUG : CVideoPlayer::ProcessVideoData size:84396 dts:6.200 pts:6.400 dur:20.000ms, clock:0.962 level:51
2021-12-12 11:59:32.666 T:5210 DEBUG : CVideoPlayer::ProcessVideoData size:58688 dts:6.220 pts:6.320 dur:20.000ms, clock:0.963 level:51
2021-12-12 11:59:32.668 T:5210 DEBUG : CVideoPlayer::ProcessVideoData size:38138 dts:6.240 pts:6.280 dur:20.000ms, clock:0.965 level:52
2021-12-12 11:59:32.668 T:5210 DEBUG : CVideoPlayer::ProcessVideoData size:10379 dts:6.260 pts:6.260 dur:20.000ms, clock:0.965 level:52
2021-12-12 11:59:32.670 T:5210 DEBUG : CVideoPlayer::ProcessVideoData size:10626 dts:6.280 pts:6.300 dur:20.000ms, clock:0.967 level:52
2021-12-12 11:59:32.671 T:5210 DEBUG : CVideoPlayer::ProcessVideoData size:37469 dts:6.300 pts:6.360 dur:20.000ms, clock:0.968 level:53
2021-12-12 11:59:32.672 T:5210 DEBUG : CVideoPlayer::ProcessVideoData size:9531 dts:6.320 pts:6.340 dur:20.000ms, clock:0.969 level:53
2021-12-12 11:59:32.673 T:5213 DEBUG : CVideoPlayerVideo::OutputPicture - ttd:130ms pts:1.100 Clock:0.970 Level:3
2021-12-12 11:59:32.674 T:5210 DEBUG : CVideoPlayer::ProcessVideoData size:5809 dts:6.340 pts:6.380 dur:20.000ms, clock:0.971 level:53
2021-12-12 11:59:32.676 T:5210 DEBUG : CVideoPlayer::ProcessVideoData size:52380 dts:6.360 pts:6.480 dur:20.000ms, clock:0.973 level:53
2021-12-12 11:59:32.677 T:5210 DEBUG : CVideoPlayer::ProcessVideoData size:38292 dts:6.380 pts:6.440 dur:20.000ms, clock:0.974 level:54
2021-12-12 11:59:32.678 T:5210 DEBUG : CVideoPlayer::ProcessVideoData size:11733 dts:6.400 pts:6.420 dur:20.000ms, clock:0.975 level:54
2021-12-12 11:59:32.679 T:5210 DEBUG : CVideoPlayer::ProcessVideoData size:11112 dts:6.420 pts:6.460 dur:20.000ms, clock:0.976 level:54
2021-12-12 11:59:32.681 T:5210 DEBUG : CVideoPlayer::ProcessVideoData size:47920 dts:6.440 pts:6.520 dur:20.000ms, clock:0.978 level:54
2021-12-12 11:59:32.681 T:5210 DEBUG : CVideoPlayer::ProcessVideoData size:10948 dts:6.460 pts:6.500 dur:20.000ms, clock:0.978 level:55
2021-12-12 11:59:32.684 T:5210 DEBUG : CVideoPlayer::ProcessVideoData size:12927 dts:6.480 pts:6.540 dur:20.000ms, clock:0.981 level:55
2021-12-12 11:59:32.688 T:5213 DEBUG : CVideoPlayerVideo::OutputPicture - ttd:134ms pts:1.120 Clock:0.985 Level:4
2021-12-12 11:59:32.689 T:5210 DEBUG : CVideoPlayer::ProcessVideoData size:210907 dts:6.500 pts:6.880 dur:20.000ms, clock:0.986 level:55
2021-12-12 11:59:32.692 T:5210 DEBUG : CVideoPlayer::ProcessVideoData size:100704 dts:6.520 pts:6.720 dur:20.000ms, clock:0.989 level:55
2021-12-12 11:59:32.693 T:5210 DEBUG : CVideoPlayer::ProcessVideoData size:58648 dts:6.540 pts:6.640 dur:20.000ms, clock:0.990 level:55
2021-12-12 11:59:32.694 T:5210 DEBUG : CVideoPlayer::ProcessVideoData size:31620 dts:6.560 pts:6.600 dur:20.000ms, clock:0.992 level:55
2021-12-12 11:59:32.696 T:5210 DEBUG : CVideoPlayer::ProcessVideoData size:8277 dts:6.580 pts:6.580 dur:20.000ms, clock:0.993 level:56
2021-12-12 11:59:32.697 T:5210 DEBUG : CVideoPlayer::ProcessVideoData size:7045 dts:6.600 pts:6.620 dur:20.000ms, clock:0.994 level:56
2021-12-12 11:59:32.697 T:5210 DEBUG : CVideoPlayer::ProcessVideoData size:30920 dts:6.620 pts:6.680 dur:20.000ms, clock:0.994 level:56
2021-12-12 11:59:32.698 T:5210 DEBUG : CVideoPlayer::ProcessVideoData size:11527 dts:6.640 pts:6.660 dur:20.000ms, clock:0.995 level:56
2021-12-12 11:59:32.699 T:5210 DEBUG : CVideoPlayer::ProcessVideoData size:12568 dts:6.660 pts:6.700 dur:20.000ms, clock:0.996 level:57
2021-12-12 11:59:32.700 T:5210 DEBUG : CVideoPlayer::ProcessVideoData size:55663 dts:6.680 pts:6.800 dur:20.000ms, clock:0.997 level:57
2021-12-12 11:59:32.700 T:5210 DEBUG : CVideoPlayer::ProcessVideoData size:28112 dts:6.700 pts:6.760 dur:20.000ms, clock:0.997 level:57
2021-12-12 11:59:32.700 T:5210 DEBUG : CVideoPlayer::ProcessVideoData size:8724 dts:6.720 pts:6.740 dur:20.000ms, clock:0.998 level:57
2021-12-12 11:59:32.701 T:5210 DEBUG : CVideoPlayer::ProcessVideoData size:13028 dts:6.740 pts:6.780 dur:20.000ms, clock:0.998 level:58
2021-12-12 11:59:32.702 T:5210 DEBUG : CVideoPlayer::ProcessVideoData size:46272 dts:6.760 pts:6.840 dur:20.000ms, clock:0.999 level:58
2021-12-12 11:59:32.702 T:5210 DEBUG : CVideoPlayer::ProcessVideoData size:12758 dts:6.780 pts:6.820 dur:20.000ms, clock:1.000 level:58
2021-12-12 11:59:32.705 T:5210 DEBUG : CVideoPlayer::ProcessVideoData size:14633 dts:6.800 pts:6.860 dur:20.000ms, clock:1.002 level:58
2021-12-12 11:59:32.707 T:5210 DEBUG : CVideoPlayer::ProcessVideoData size:170218 dts:6.820 pts:7.200 dur:20.000ms, clock:1.004 level:59
2021-12-12 11:59:32.709 T:5210 DEBUG : CVideoPlayer::ProcessVideoData size:86492 dts:6.840 pts:7.040 dur:20.000ms, clock:1.006 level:59
2021-12-12 11:59:32.709 T:5213 DEBUG : CVideoPlayerVideo::OutputPicture - ttd:133ms pts:1.140 Clock:1.007 Level:4
2021-12-12 11:59:32.711 T:5210 DEBUG : CVideoPlayer::ProcessVideoData size:56466 dts:6.860 pts:6.960 dur:20.000ms, clock:1.008 level:59
2021-12-12 11:59:32.712 T:5210 DEBUG : CVideoPlayer::ProcessVideoData size:31737 dts:6.880 pts:6.920 dur:20.000ms, clock:1.009 level:59
2021-12-12 11:59:32.713 T:5210 DEBUG : CVideoPlayer::ProcessVideoData size:12984 dts:6.900 pts:6.900 dur:20.000ms, clock:1.010 level:59
2021-12-12 11:59:32.714 T:5210 DEBUG : CVideoPlayer::ProcessVideoData size:10221 dts:6.920 pts:6.940 dur:20.000ms, clock:1.011 level:60
2021-12-12 11:59:32.716 T:5210 DEBUG : CVideoPlayer::ProcessVideoData size:35155 dts:6.940 pts:7.000 dur:20.000ms, clock:1.013 level:60
2021-12-12 11:59:32.717 T:5210 DEBUG : CVideoPlayer::ProcessVideoData size:12275 dts:6.960 pts:6.980 dur:20.000ms, clock:1.014 level:60
2021-12-12 11:59:32.717 T:5210 DEBUG : CVideoPlayer::ProcessVideoData size:5822 dts:6.980 pts:7.020 dur:20.000ms, clock:1.015 level:60
2021-12-12 11:59:32.718 T:5210 DEBUG : CVideoPlayer::ProcessVideoData size:41561 dts:7.000 pts:7.120 dur:20.000ms, clock:1.015 level:61
2021-12-12 11:59:32.719 T:5210 DEBUG : CVideoPlayer::ProcessVideoData size:33887 dts:7.020 pts:7.080 dur:20.000ms, clock:1.016 level:61
2021-12-12 11:59:32.719 T:5210 DEBUG : CVideoPlayer::ProcessVideoData size:12536 dts:7.040 pts:7.060 dur:20.000ms, clock:1.017 level:61
2021-12-12 11:59:32.720 T:5210 DEBUG : CVideoPlayer::ProcessVideoData size:14749 dts:7.060 pts:7.100 dur:20.000ms, clock:1.017 level:61
2021-12-12 11:59:32.721 T:5210 DEBUG : CVideoPlayer::ProcessVideoData size:44573 dts:7.080 pts:7.160 dur:20.000ms, clock:1.018 level:62
2021-12-12 11:59:32.721 T:5210 DEBUG : CVideoPlayer::ProcessVideoData size:13642 dts:7.100 pts:7.140 dur:20.000ms, clock:1.019 level:62
2021-12-12 11:59:32.724 T:5210 DEBUG : CVideoPlayer::ProcessVideoData size:14611 dts:7.120 pts:7.180 dur:20.000ms, clock:1.021 level:62
2021-12-12 11:59:32.728 T:5213 DEBUG : CVideoPlayerVideo::OutputPicture - ttd:134ms pts:1.160 Clock:1.025 Level:4
2021-12-12 11:59:32.738 T:5210 DEBUG : CVideoPlayer::ProcessVideoData size:718856 dts:7.140 pts:7.520 dur:20.000ms, clock:1.035 level:62
2021-12-12 11:59:32.741 T:5210 DEBUG : CVideoPlayer::ProcessVideoData size:85644 dts:7.160 pts:7.360 dur:20.000ms, clock:1.038 level:63
2021-12-12 11:59:32.742 T:5210 DEBUG : CVideoPlayer::ProcessVideoData size:61146 dts:7.180 pts:7.280 dur:20.000ms, clock:1.039 level:63
2021-12-12 11:59:32.744 T:5210 DEBUG : CVideoPlayer::ProcessVideoData size:41947 dts:7.200 pts:7.240 dur:20.000ms, clock:1.041 level:63
2021-12-12 11:59:32.744 T:5213 DEBUG : CVideoPlayerVideo::OutputPicture - ttd:139ms pts:1.180 Clock:1.041 Level:4
2021-12-12 11:59:32.744 T:5210 DEBUG : CVideoPlayer::ProcessVideoData size:11991 dts:7.220 pts:7.220 dur:20.000ms, clock:1.042 level:63
2021-12-12 11:59:32.746 T:5210 DEBUG : CVideoPlayer::ProcessVideoData size:12661 dts:7.240 pts:7.260 dur:20.000ms, clock:1.044 level:64
2021-12-12 11:59:32.748 T:5210 DEBUG : CVideoPlayer::ProcessVideoData size:39170 dts:7.260 pts:7.320 dur:20.000ms, clock:1.045 level:64
2021-12-12 11:59:32.749 T:5210 DEBUG : CVideoPlayer::ProcessVideoData size:11483 dts:7.280 pts:7.300 dur:20.000ms, clock:1.046 level:64
2021-12-12 11:59:32.750 T:5210 DEBUG : CVideoPlayer::ProcessVideoData size:6181 dts:7.300 pts:7.340 dur:20.000ms, clock:1.047 level:64
2021-12-12 11:59:32.751 T:5210 DEBUG : CVideoPlayer::ProcessVideoData size:48754 dts:7.320 pts:7.440 dur:20.000ms, clock:1.048 level:65
2021-12-12 11:59:32.752 T:5213 DEBUG : CVideoPlayerVideo::OutputPicture - ttd:151ms pts:1.200 Clock:1.049 Level:4
2021-12-12 11:59:32.752 T:5210 DEBUG : CVideoPlayer::ProcessVideoData size:33204 dts:7.340 pts:7.400 dur:20.000ms, clock:1.049 level:65
2021-12-12 11:59:32.753 T:5210 DEBUG : CVideoPlayer::ProcessVideoData size:11996 dts:7.360 pts:7.380 dur:20.000ms, clock:1.050 level:65
2021-12-12 11:59:32.754 T:5210 DEBUG : CVideoPlayer::ProcessVideoData size:12018 dts:7.380 pts:7.420 dur:20.000ms, clock:1.052 level:65
2021-12-12 11:59:32.756 T:5210 DEBUG : CVideoPlayer::ProcessVideoData size:47493 dts:7.400 pts:7.480 dur:20.000ms, clock:1.053 level:65
2021-12-12 11:59:32.757 T:5210 DEBUG : CVideoPlayer::ProcessVideoData size:10870 dts:7.420 pts:7.460 dur:20.000ms, clock:1.054 level:66
2021-12-12 11:59:32.760 T:5210 DEBUG : CVideoPlayer::ProcessVideoData size:11736 dts:7.440 pts:7.500 dur:20.000ms, clock:1.057 level:66
2021-12-12 11:59:32.762 T:5210 DEBUG : CVideoPlayer::ProcessVideoData size:207165 dts:7.460 pts:7.840 dur:20.000ms, clock:1.059 level:66
2021-12-12 11:59:32.763 T:5210 DEBUG : CVideoPlayer::ProcessVideoData size:94932 dts:7.480 pts:7.680 dur:20.000ms, clock:1.061 level:66
2021-12-12 11:59:32.764 T:5210 DEBUG : CVideoPlayer::ProcessVideoData size:55799 dts:7.500 pts:7.600 dur:20.000ms, clock:1.061 level:66
2021-12-12 11:59:32.765 T:5210 DEBUG : CVideoPlayer::ProcessVideoData size:30032 dts:7.520 pts:7.560 dur:20.000ms, clock:1.062 level:67
2021-12-12 11:59:32.765 T:5210 DEBUG : CVideoPlayer::ProcessVideoData size:10342 dts:7.540 pts:7.540 dur:20.000ms, clock:1.062 level:67
2021-12-12 11:59:32.766 T:5210 DEBUG : CVideoPlayer::ProcessVideoData size:6921 dts:7.560 pts:7.580 dur:20.000ms, clock:1.063 level:67
2021-12-12 11:59:32.767 T:5210 DEBUG : CVideoPlayer::ProcessVideoData size:33450 dts:7.580 pts:7.640 dur:20.000ms, clock:1.064 level:67
2021-12-12 11:59:32.768 T:5210 DEBUG : CVideoPlayer::ProcessVideoData size:9948 dts:7.600 pts:7.620 dur:20.000ms, clock:1.065 level:67
2021-12-12 11:59:32.768 T:5210 DEBUG : CVideoPlayer::ProcessVideoData size:10618 dts:7.620 pts:7.660 dur:20.000ms, clock:1.066 level:67
2021-12-12 11:59:32.770 T:5210 DEBUG : CVideoPlayer::ProcessVideoData size:52304 dts:7.640 pts:7.760 dur:20.000ms, clock:1.067 level:68
