2021-12-12 11:59:32.771 T:5210 DEBUG : CVideoPlayer::ProcessVideoData size:25127 dts:7.660 pts:7.720 dur:20.000ms, clock:1.068 level:68
2021-12-12 11:59:32.772 T:5210 DEBUG : CVideoPlayer::ProcessVideoData size:9711 dts:7.680 pts:7.700 dur:20.000ms, clock:1.069 level:68
2021-12-12 11:59:32.774 T:5210 DEBUG : CVideoPlayer::ProcessVideoData size:10166 dts:7.700 pts:7.740 dur:20.000ms, clock:1.071 level:68
2021-12-12 11:59:32.774 T:5213 DEBUG : CVideoPlayerVideo::OutputPicture - ttd:149ms pts:1.220 Clock:1.071 Level:4
2021-12-12 11:59:32.775 T:5210 DEBUG : CVideoPlayer::ProcessVideoData size:45032 dts:7.720 pts:7.800 dur:20.000ms, clock:1.072 level:69
2021-12-12 11:59:32.776 T:5210 DEBUG : CVideoPlayer::ProcessVideoData size:10251 dts:7.740 pts:7.780 dur:20.000ms, clock:1.073 level:69
2021-12-12 11:59:32.778 T:5210 DEBUG : CVideoPlayer::ProcessVideoData size:11757 dts:7.760 pts:7.820 dur:20.000ms, clock:1.076 level:69
2021-12-12 11:59:32.780 T:5210 DEBUG : CVideoPlayer::ProcessVideoData size:181119 dts:7.780 pts:8.160 dur:20.000ms, clock:1.077 level:69
2021-12-12 11:59:32.781 T:5210 DEBUG : CVideoPlayer::ProcessVideoData size:84620 dts:7.800 pts:8.000 dur:20.000ms, clock:1.079 level:70
2021-12-12 11:59:32.782 T:5210 DEBUG : CVideoPlayer::ProcessVideoData size:54000 dts:7.820 pts:7.920 dur:20.000ms, clock:1.079 level:70
2021-12-12 11:59:32.783 T:5210 DEBUG : CVideoPlayer::ProcessVideoData size:35962 dts:7.840 pts:7.880 dur:20.000ms, clock:1.080 level:70
2021-12-12 11:59:32.783 T:5210 DEBUG : CVideoPlayer::ProcessVideoData size:11388 dts:7.860 pts:7.860 dur:20.000ms, clock:1.081 level:70
2021-12-12 11:59:32.784 T:5210 DEBUG : CVideoPlayer::ProcessVideoData size:10213 dts:7.880 pts:7.900 dur:20.000ms, clock:1.081 level:71
2021-12-12 11:59:32.785 T:5210 DEBUG : CVideoPlayer::ProcessVideoData size:38925 dts:7.900 pts:7.960 dur:20.000ms, clock:1.082 level:71
2021-12-12 11:59:32.785 T:5210 DEBUG : CVideoPlayer::ProcessVideoData size:11278 dts:7.920 pts:7.940 dur:20.000ms, clock:1.082 level:71
2021-12-12 11:59:32.786 T:5210 DEBUG : CVideoPlayer::ProcessVideoData size:4615 dts:7.940 pts:7.980 dur:20.000ms, clock:1.083 level:72
2021-12-12 11:59:32.787 T:5210 DEBUG : CVideoPlayer::ProcessVideoData size:42828 dts:7.960 pts:8.080 dur:20.000ms, clock:1.084 level:72
2021-12-12 11:59:32.788 T:5210 DEBUG : CVideoPlayer::ProcessVideoData size:35176 dts:7.980 pts:8.040 dur:20.000ms, clock:1.085 level:72
2021-12-12 11:59:32.788 T:5210 DEBUG : CVideoPlayer::ProcessVideoData size:10361 dts:8.000 pts:8.020 dur:20.000ms, clock:1.085 level:72
2021-12-12 11:59:32.789 T:5210 DEBUG : CVideoPlayer::ProcessVideoData size:12757 dts:8.020 pts:8.060 dur:20.000ms, clock:1.086 level:73
2021-12-12 11:59:32.791 T:5210 DEBUG : CVideoPlayer::ProcessVideoData size:43714 dts:8.040 pts:8.120 dur:20.000ms, clock:1.088 level:73
2021-12-12 11:59:32.792 T:5213 DEBUG : CVideoPlayerVideo::OutputPicture - ttd:151ms pts:1.240 Clock:1.089 Level:5
2021-12-12 11:59:32.792 T:5210 DEBUG : CVideoPlayer::ProcessVideoData size:12158 dts:8.060 pts:8.100 dur:20.000ms, clock:1.089 level:73
2021-12-12 11:59:32.796 T:5210 DEBUG : CVideoPlayer::ProcessVideoData size:12477 dts:8.080 pts:8.140 dur:20.000ms, clock:1.093 level:73
2021-12-12 11:59:32.806 T:5210 DEBUG : CVideoPlayer::ProcessVideoData size:718735 dts:8.100 pts:8.480 dur:20.000ms, clock:1.103 level:73
2021-12-12 11:59:32.808 T:5210 DEBUG : CVideoPlayer::ProcessVideoData size:89626 dts:8.120 pts:8.320 dur:20.000ms, clock:1.105 level:73
2021-12-12 11:59:32.809 T:5210 DEBUG : CVideoPlayer::ProcessVideoData size:58503 dts:8.140 pts:8.240 dur:20.000ms, clock:1.107 level:73
2021-12-12 11:59:32.811 T:5210 DEBUG : CVideoPlayer::ProcessVideoData size:43225 dts:8.160 pts:8.200 dur:20.000ms, clock:1.108 level:74
2021-12-12 11:59:32.812 T:5210 DEBUG : CVideoPlayer::ProcessVideoData size:12241 dts:8.180 pts:8.180 dur:20.000ms, clock:1.109 level:74
2021-12-12 11:59:32.813 T:5210 DEBUG : CVideoPlayer::ProcessVideoData size:9908 dts:8.200 pts:8.220 dur:20.000ms, clock:1.110 level:74
2021-12-12 11:59:32.814 T:5210 DEBUG : CVideoPlayer::ProcessVideoData size:38149 dts:8.220 pts:8.280 dur:20.000ms, clock:1.111 level:74
2021-12-12 11:59:32.815 T:5213 DEBUG : CVideoPlayerVideo::OutputPicture - ttd:148ms pts:1.260 Clock:1.112 Level:4
2021-12-12 11:59:32.815 T:5210 DEBUG : CVideoPlayer::ProcessVideoData size:12587 dts:8.240 pts:8.260 dur:20.000ms, clock:1.112 level:75
2021-12-12 11:59:32.816 T:5210 DEBUG : CVideoPlayer::ProcessVideoData size:5465 dts:8.260 pts:8.300 dur:20.000ms, clock:1.113 level:75
2021-12-12 11:59:32.818 T:5210 DEBUG : CVideoPlayer::ProcessVideoData size:54148 dts:8.280 pts:8.400 dur:20.000ms, clock:1.115 level:75
2021-12-12 11:59:32.819 T:5210 DEBUG : CVideoPlayer::ProcessVideoData size:36153 dts:8.300 pts:8.360 dur:20.000ms, clock:1.116 level:75
2021-12-12 11:59:32.819 T:5210 DEBUG : CVideoPlayer::ProcessVideoData size:10702 dts:8.320 pts:8.340 dur:20.000ms, clock:1.117 level:76
2021-12-12 11:59:32.820 T:5210 DEBUG : CVideoPlayer::ProcessVideoData size:11336 dts:8.340 pts:8.380 dur:20.000ms, clock:1.117 level:76
2021-12-12 11:59:32.821 T:5210 DEBUG : CVideoPlayer::ProcessVideoData size:48777 dts:8.360 pts:8.440 dur:20.000ms, clock:1.118 level:76
2021-12-12 11:59:32.821 T:5210 DEBUG : CVideoPlayer::ProcessVideoData size:10846 dts:8.380 pts:8.420 dur:20.000ms, clock:1.118 level:76
2021-12-12 11:59:32.824 T:5210 DEBUG : CVideoPlayer::ProcessVideoData size:12980 dts:8.400 pts:8.460 dur:20.000ms, clock:1.121 level:77
2021-12-12 11:59:32.826 T:5210 DEBUG : CVideoPlayer::ProcessVideoData size:215103 dts:8.420 pts:8.800 dur:20.000ms, clock:1.123 level:77
2021-12-12 11:59:32.829 T:5210 DEBUG : CVideoPlayer::ProcessVideoData size:96466 dts:8.440 pts:8.640 dur:20.000ms, clock:1.126 level:77
2021-12-12 11:59:32.830 T:5210 DEBUG : CVideoPlayer::ProcessVideoData size:59868 dts:8.460 pts:8.560 dur:20.000ms, clock:1.127 level:77
2021-12-12 11:59:32.831 T:5213 DEBUG : CVideoPlayerVideo::OutputPicture - ttd:151ms pts:1.280 Clock:1.128 Level:5
2021-12-12 11:59:32.832 T:5210 DEBUG : CVideoPlayer::ProcessVideoData size:32080 dts:8.480 pts:8.520 dur:20.000ms, clock:1.129 level:77
2021-12-12 11:59:32.832 T:5210 DEBUG : CVideoPlayer::ProcessVideoData size:9756 dts:8.500 pts:8.500 dur:20.000ms, clock:1.129 level:78
2021-12-12 11:59:32.833 T:5210 DEBUG : CVideoPlayer::ProcessVideoData size:7822 dts:8.520 pts:8.540 dur:20.000ms, clock:1.130 level:78
2021-12-12 11:59:32.835 T:5210 DEBUG : CVideoPlayer::ProcessVideoData size:31767 dts:8.540 pts:8.600 dur:20.000ms, clock:1.132 level:78
2021-12-12 11:59:32.836 T:5210 DEBUG : CVideoPlayer::ProcessVideoData size:9971 dts:8.560 pts:8.580 dur:20.000ms, clock:1.133 level:78
2021-12-12 11:59:32.838 T:5210 DEBUG : CVideoPlayer::ProcessVideoData size:11980 dts:8.580 pts:8.620 dur:20.000ms, clock:1.135 level:79
2021-12-12 11:59:32.839 T:5210 DEBUG : CVideoPlayer::ProcessVideoData size:52795 dts:8.600 pts:8.720 dur:20.000ms, clock:1.136 level:79
2021-12-12 11:59:32.839 T:5210 DEBUG : CVideoPlayer::ProcessVideoData size:26124 dts:8.620 pts:8.680 dur:20.000ms, clock:1.137 level:79
2021-12-12 11:59:32.840 T:5210 DEBUG : CVideoPlayer::ProcessVideoData size:10699 dts:8.640 pts:8.660 dur:20.000ms, clock:1.137 level:79
2021-12-12 11:59:32.841 T:5210 DEBUG : CVideoPlayer::ProcessVideoData size:11767 dts:8.660 pts:8.700 dur:20.000ms, clock:1.138 level:80
2021-12-12 11:59:32.841 T:5210 DEBUG : CVideoPlayer::ProcessVideoData size:42137 dts:8.680 pts:8.760 dur:20.000ms, clock:1.138 level:80
2021-12-12 11:59:32.842 T:5210 DEBUG : CVideoPlayer::ProcessVideoData size:11736 dts:8.700 pts:8.740 dur:20.000ms, clock:1.139 level:80
2021-12-12 11:59:32.843 T:5210 DEBUG : CVideoPlayer::ProcessVideoData size:12322 dts:8.720 pts:8.780 dur:20.000ms, clock:1.140 level:80
2021-12-12 11:59:32.845 T:5210 DEBUG : CVideoPlayer::ProcessVideoData size:157228 dts:8.740 pts:9.120 dur:20.000ms, clock:1.142 level:81
2021-12-12 11:59:32.846 T:5210 DEBUG : CVideoPlayer::ProcessVideoData size:79721 dts:8.760 pts:8.960 dur:20.000ms, clock:1.143 level:81
2021-12-12 11:59:32.848 T:5210 DEBUG : CVideoPlayer::ProcessVideoData size:54175 dts:8.780 pts:8.880 dur:20.000ms, clock:1.145 level:81
2021-12-12 11:59:32.848 T:5213 DEBUG : CVideoPlayerVideo::OutputPicture - ttd:154ms pts:1.300 Clock:1.145 Level:5
2021-12-12 11:59:32.849 T:5210 DEBUG : CVideoPlayer::ProcessVideoData size:35542 dts:8.800 pts:8.840 dur:20.000ms, clock:1.146 level:81
2021-12-12 11:59:32.849 T:5210 DEBUG : CVideoPlayer::ProcessVideoData size:12762 dts:8.820 pts:8.820 dur:20.000ms, clock:1.146 level:82
2021-12-12 11:59:32.850 T:5210 DEBUG : CVideoPlayer::ProcessVideoData size:9531 dts:8.840 pts:8.860 dur:20.000ms, clock:1.147 level:82
2021-12-12 11:59:32.851 T:5210 DEBUG : CVideoPlayer::ProcessVideoData size:36527 dts:8.860 pts:8.920 dur:20.000ms, clock:1.149 level:82
2021-12-12 11:59:32.852 T:5210 DEBUG : CVideoPlayer::ProcessVideoData size:10170 dts:8.880 pts:8.900 dur:20.000ms, clock:1.149 level:82
2021-12-12 11:59:32.853 T:5210 DEBUG : CVideoPlayer::ProcessVideoData size:4911 dts:8.900 pts:8.940 dur:20.000ms, clock:1.151 level:83
2021-12-12 11:59:32.855 T:5210 DEBUG : CVideoPlayer::ProcessVideoData size:45872 dts:8.920 pts:9.040 dur:20.000ms, clock:1.152 level:83
2021-12-12 11:59:32.856 T:5210 DEBUG : CVideoPlayer::ProcessVideoData size:37911 dts:8.940 pts:9.000 dur:20.000ms, clock:1.153 level:83
2021-12-12 11:59:32.857 T:5210 DEBUG : CVideoPlayer::ProcessVideoData size:12865 dts:8.960 pts:8.980 dur:20.000ms, clock:1.154 level:83
2021-12-12 11:59:32.858 T:5210 DEBUG : CVideoPlayer::ProcessVideoData size:12423 dts:8.980 pts:9.020 dur:20.000ms, clock:1.155 level:83
2021-12-12 11:59:32.858 T:5210 DEBUG : CVideoPlayer::ProcessVideoData size:42742 dts:9.000 pts:9.080 dur:20.000ms, clock:1.155 level:84
2021-12-12 11:59:32.859 T:5210 DEBUG : CVideoPlayer::ProcessVideoData size:12744 dts:9.020 pts:9.060 dur:20.000ms, clock:1.156 level:84
2021-12-12 11:59:32.859 T:5210 DEBUG : ffmpeg[0x4a6f848X]: [mpegts] Packet corrupt (stream = 0, dts = 6845399).
2021-12-12 11:59:32.860 T:5210 DEBUG : CVideoPlayer::ProcessVideoData size:13729 dts:9.040 pts:9.100 dur:20.000ms, clock:1.157 level:84
2021-12-12 11:59:32.862 T:5210 DEBUG : CVideoPlayer::ProcessVideoData size:86067 dts:9.060 pts:9.440 dur:20.000ms, clock:1.159 level:84
2021-12-12 11:59:32.862 T:5210 DEBUG : ffmpeg[0x4a6f848X]: [mpegts] Packet corrupt (stream = 1, dts = 6784559).
2021-12-12 11:59:32.864 T:5210 DEBUG : CVideoPlayer::CheckContinuity - resync forward :2, prev:9059989.888889, curr:15419989.888889, diff:6340000.000000
2021-12-12 11:59:32.864 T:5210 DEBUG : CVideoPlayer::ProcessVideoData size:79157 dts:18442240474082.180 pts:18442240474082.180 dur:20.000ms, clock:1.161 level:85
2021-12-12 11:59:32.865 T:5210 DEBUG : CVideoPlayer::CheckContinuity - resync forward :2, prev:9059989.888889, curr:15439989.888889, diff:6360000.000000
2021-12-12 11:59:32.865 T:5210 DEBUG : CVideoPlayer::CheckContinuity - update correction: 6360000.000000
2021-12-12 11:59:32.865 T:5210 DEBUG : CVideoPlayer::ProcessVideoData size:62714 dts:9.080 pts:9.180 dur:20.000ms, clock:1.162 level:85
2021-12-12 11:59:32.865 T:5210 DEBUG : CVideoPlayer::ProcessVideoData size:48549 dts:9.100 pts:9.140 dur:20.000ms, clock:1.163 level:85
2021-12-12 11:59:32.866 T:5210 DEBUG : CVideoPlayer::ProcessVideoData size:21132 dts:9.120 pts:9.120 dur:20.000ms, clock:1.163 level:85
2021-12-12 11:59:32.867 T:5210 DEBUG : CVideoPlayer::ProcessVideoData size:20635 dts:9.140 pts:9.160 dur:20.000ms, clock:1.165 level:85
2021-12-12 11:59:32.868 T:5210 DEBUG : CVideoPlayer::ProcessVideoData size:40850 dts:9.160 pts:9.220 dur:20.000ms, clock:1.165 level:86
2021-12-12 11:59:32.869 T:5210 DEBUG : CVideoPlayer::ProcessVideoData size:20442 dts:9.180 pts:9.200 dur:20.000ms, clock:1.166 level:86
2021-12-12 11:59:32.870 T:5210 DEBUG : CVideoPlayer::ProcessVideoData size:19533 dts:9.200 pts:9.240 dur:20.000ms, clock:1.167 level:86
2021-12-12 11:59:32.871 T:5210 DEBUG : CVideoPlayer::ProcessVideoData size:55346 dts:9.220 pts:9.340 dur:20.000ms, clock:1.168 level:86
2021-12-12 11:59:32.871 T:5210 DEBUG : CVideoPlayer::ProcessVideoData size:41384 dts:9.240 pts:9.300 dur:20.000ms, clock:1.169 level:87
2021-12-12 11:59:32.872 T:5210 DEBUG : CVideoPlayer::ProcessVideoData size:19907 dts:9.260 pts:9.280 dur:20.000ms, clock:1.169 level:87
2021-12-12 11:59:32.873 T:5210 DEBUG : CVideoPlayer::ProcessVideoData size:19000 dts:9.280 pts:9.320 dur:20.000ms, clock:1.170 level:87
2021-12-12 11:59:32.874 T:5210 DEBUG : CVideoPlayer::ProcessVideoData size:41881 dts:9.300 pts:9.380 dur:20.000ms, clock:1.171 level:87
2021-12-12 11:59:32.874 T:5210 DEBUG : CVideoPlayer::ProcessVideoData size:18979 dts:9.320 pts:9.360 dur:20.000ms, clock:1.171 level:88
2021-12-12 11:59:32.876 T:5210 DEBUG : CVideoPlayer::ProcessVideoData size:19154 dts:9.340 pts:9.400 dur:20.000ms, clock:1.173 level:88
2021-12-12 11:59:32.877 T:5210 DEBUG : CVideoPlayer::ProcessVideoData size:130540 dts:9.360 pts:9.740 dur:20.000ms, clock:1.174 level:88
2021-12-12 11:59:32.878 T:5210 DEBUG : CVideoPlayer::ProcessVideoData size:72759 dts:9.380 pts:9.580 dur:20.000ms, clock:1.175 level:88
2021-12-12 11:59:32.879 T:5210 DEBUG : CVideoPlayer::ProcessVideoData size:54677 dts:9.400 pts:9.500 dur:20.000ms, clock:1.176 level:89
2021-12-12 11:59:32.880 T:5210 DEBUG : CVideoPlayer::ProcessVideoData size:43839 dts:9.420 pts:9.460 dur:20.000ms, clock:1.177 level:89
2021-12-12 11:59:32.880 T:5210 DEBUG : CVideoPlayer::ProcessVideoData size:21527 dts:9.440 pts:9.440 dur:20.000ms, clock:1.178 level:89
2021-12-12 11:59:32.881 T:5210 DEBUG : CVideoPlayer::CheckContinuity - resync backward :1, prev:8405323.222222, curr:2066656.555556, diff:-6338666.666667
2021-12-12 11:59:32.882 T:5210 DEBUG : CVideoPlayer::ProcessVideoData size:22277 dts:9.460 pts:9.480 dur:20.000ms, clock:1.179 level:89
2021-12-12 11:59:32.882 T:5210 DEBUG : CVideoPlayer::ProcessVideoData size:41050 dts:9.480 pts:9.540 dur:20.000ms, clock:1.179 level:90
2021-12-12 11:59:32.883 T:5210 DEBUG : CVideoPlayer::ProcessVideoData size:22177 dts:9.500 pts:9.520 dur:20.000ms, clock:1.180 level:90
2021-12-12 11:59:32.884 T:5210 DEBUG : CVideoPlayer::ProcessVideoData size:18947 dts:9.520 pts:9.560 dur:20.000ms, clock:1.181 level:90
2021-12-12 11:59:32.885 T:5210 DEBUG : CVideoPlayer::ProcessVideoData size:57347 dts:9.540 pts:9.660 dur:20.000ms, clock:1.182 level:90
2021-12-12 11:59:32.886 T:5210 DEBUG : CVideoPlayer::ProcessVideoData size:40541 dts:9.560 pts:9.620 dur:20.000ms, clock:1.183 level:91
2021-12-12 11:59:32.887 T:5210 DEBUG : CVideoPlayer::ProcessVideoData size:22083 dts:9.580 pts:9.600 dur:20.000ms, clock:1.184 level:91
2021-12-12 11:59:32.888 T:5210 DEBUG : CVideoPlayer::ProcessVideoData size:22318 dts:9.600 pts:9.640 dur:20.000ms, clock:1.185 level:91
2021-12-12 11:59:32.889 T:5210 DEBUG : CVideoPlayer::ProcessVideoData size:45809 dts:9.620 pts:9.700 dur:20.000ms, clock:1.187 level:91
2021-12-12 11:59:32.891 T:5210 DEBUG : CVideoPlayer::ProcessVideoData size:23144 dts:9.640 pts:9.680 dur:20.000ms, clock:1.188 level:92
2021-12-12 11:59:32.891 T:5213 DEBUG : CVideoPlayerVideo::OutputPicture - ttd:131ms pts:1.320 Clock:1.188 Level:4
2021-12-12 11:59:32.895 T:5210 DEBUG : CVideoPlayer::ProcessVideoData size:23689 dts:9.660 pts:9.720 dur:20.000ms, clock:1.192 level:92
2021-12-12 11:59:32.901 T:5210 DEBUG : CVideoPlayer::ProcessVideoData size:463690 dts:9.680 pts:10.060 dur:20.000ms, clock:1.198 level:92
2021-12-12 11:59:32.902 T:5210 DEBUG : CVideoPlayer::ProcessVideoData size:76178 dts:9.700 pts:9.900 dur:20.000ms, clock:1.199 level:92
2021-12-12 11:59:32.903 T:5210 DEBUG : CVideoPlayer::ProcessVideoData size:62545 dts:9.720 pts:9.820 dur:20.000ms, clock:1.200 level:93
2021-12-12 11:59:32.904 T:5210 DEBUG : CVideoPlayer::ProcessVideoData size:46479 dts:9.740 pts:9.780 dur:20.000ms, clock:1.201 level:93
2021-12-12 11:59:32.905 T:5210 DEBUG : CVideoPlayer::ProcessVideoData size:24537 dts:9.760 pts:9.760 dur:20.000ms, clock:1.202 level:93
2021-12-12 11:59:32.905 T:5210 DEBUG : CVideoPlayer::ProcessVideoData size:23446 dts:9.780 pts:9.800 dur:20.000ms, clock:1.203 level:93
2021-12-12 11:59:32.906 T:5210 DEBUG : CVideoPlayer::ProcessVideoData size:45873 dts:9.800 pts:9.860 dur:20.000ms, clock:1.203 level:93
2021-12-12 11:59:32.907 T:5210 DEBUG : CVideoPlayer::ProcessVideoData size:24247 dts:9.820 pts:9.840 dur:20.000ms, clock:1.205 level:94
2021-12-12 11:59:32.909 T:5210 DEBUG : CVideoPlayer::ProcessVideoData size:20059 dts:9.840 pts:9.880 dur:20.000ms, clock:1.206 level:94
2021-12-12 11:59:32.911 T:5210 DEBUG : CVideoPlayer::ProcessVideoData size:60839 dts:9.860 pts:9.980 dur:20.000ms, clock:1.208 level:94
2021-12-12 11:59:32.911 T:5213 DEBUG : CVideoPlayerVideo::OutputPicture - ttd:132ms pts:1.340 Clock:1.208 Level:4
2021-12-12 11:59:32.912 T:5210 DEBUG : CVideoPlayer::ProcessVideoData size:41959 dts:9.880 pts:9.940 dur:20.000ms, clock:1.210 level:94
2021-12-12 11:59:32.914 T:5210 DEBUG : CVideoPlayer::ProcessVideoData size:23918 dts:9.900 pts:9.920 dur:20.000ms, clock:1.211 level:95
2021-12-12 11:59:32.915 T:5210 DEBUG : CVideoPlayer::ProcessVideoData size:24044 dts:9.920 pts:9.960 dur:20.000ms, clock:1.213 level:95
2021-12-12 11:59:32.917 T:5210 DEBUG : CVideoPlayer::ProcessVideoData size:47810 dts:9.940 pts:10.020 dur:20.000ms, clock:1.214 level:95
2021-12-12 11:59:32.918 T:5210 DEBUG : CVideoPlayer::ProcessVideoData size:22964 dts:9.960 pts:10.000 dur:20.000ms, clock:1.215 level:95
2021-12-12 11:59:32.920 T:5210 DEBUG : CVideoPlayer::ProcessVideoData size:21667 dts:9.980 pts:10.040 dur:20.000ms, clock:1.217 level:95
2021-12-12 11:59:32.922 T:5210 DEBUG : CVideoPlayer::ProcessVideoData size:149227 dts:10.000 pts:10.380 dur:20.000ms, clock:1.219 level:96
2021-12-12 11:59:32.923 T:5210 DEBUG : CVideoPlayer::ProcessVideoData size:80721 dts:10.020 pts:10.220 dur:20.000ms, clock:1.220 level:96
2021-12-12 11:59:32.924 T:5210 DEBUG : CVideoPlayer::ProcessVideoData size:64281 dts:10.040 pts:10.140 dur:20.000ms, clock:1.221 level:96
2021-12-12 11:59:32.925 T:5210 DEBUG : CVideoPlayer::ProcessVideoData size:50088 dts:10.060 pts:10.100 dur:20.000ms, clock:1.222 level:96
2021-12-12 11:59:32.925 T:5210 DEBUG : CVideoPlayer::ProcessVideoData size:22015 dts:10.080 pts:10.080 dur:20.000ms, clock:1.222 level:97
2021-12-12 11:59:32.926 T:5210 DEBUG : CVideoPlayer::ProcessVideoData size:20917 dts:10.100 pts:10.120 dur:20.000ms, clock:1.223 level:97
2021-12-12 11:59:32.927 T:5213 DEBUG : CVideoPlayerVideo::OutputPicture - ttd:136ms pts:1.360 Clock:1.224 Level:4
2021-12-12 11:59:32.928 T:5210 DEBUG : CVideoPlayer::ProcessVideoData size:42438 dts:10.120 pts:10.180 dur:20.000ms, clock:1.225 level:97
2021-12-12 11:59:32.928 T:5210 DEBUG : CVideoPlayer::ProcessVideoData size:20856 dts:10.140 pts:10.160 dur:20.000ms, clock:1.226 level:97
2021-12-12 11:59:32.930 T:5210 DEBUG : CVideoPlayer::ProcessVideoData size:19930 dts:10.160 pts:10.200 dur:20.000ms, clock:1.227 level:98
2021-12-12 11:59:32.931 T:5210 DEBUG : CVideoPlayer::ProcessVideoData size:56152 dts:10.180 pts:10.300 dur:20.000ms, clock:1.229 level:98
2021-12-12 11:59:32.933 T:5210 DEBUG : CVideoPlayer::ProcessVideoData size:41424 dts:10.200 pts:10.260 dur:20.000ms, clock:1.230 level:98
2021-12-12 11:59:32.934 T:5210 DEBUG : CVideoPlayer::ProcessVideoData size:20202 dts:10.220 pts:10.240 dur:20.000ms, clock:1.231 level:98
2021-12-12 11:59:32.935 T:5210 DEBUG : CVideoPlayer::ProcessVideoData size:19900 dts:10.240 pts:10.280 dur:20.000ms, clock:1.232 level:99
2021-12-12 11:59:32.937 T:5210 DEBUG : CVideoPlayer::ProcessVideoData size:42325 dts:10.260 pts:10.340 dur:20.000ms, clock:1.234 level:99
2021-12-12 11:59:32.938 T:5210 DEBUG : CVideoPlayer::ProcessVideoData size:18871 dts:10.280 pts:10.320 dur:20.000ms, clock:1.235 level:99
2021-12-12 11:59:32.940 T:5210 DEBUG : CVideoPlayer::ProcessVideoData size:20208 dts:10.300 pts:10.360 dur:20.000ms, clock:1.237 level:99
2021-12-12 11:59:32.953 T:5210 DEBUG : CVideoPlayer::ProcessVideoData size:127090 dts:10.320 pts:10.620 dur:20.000ms, clock:1.250 level:99
2021-12-12 11:59:32.953 T:5213 DEBUG : CVideoPlayerVideo::OutputPicture - ttd:129ms pts:1.380 Clock:1.250 Level:3
2021-12-12 11:59:32.973 T:5213 DEBUG : CVideoPlayerVideo::OutputPicture - ttd:130ms pts:1.400 Clock:1.270 Level:3
2021-12-12 11:59:32.975 T:5210 DEBUG : CVideoPlayer::ProcessVideoData size:72854 dts:10.340 pts:10.500 dur:20.000ms, clock:1.272 level:99
2021-12-12 11:59:32.976 T:5210 DEBUG : CVideoPlayer::ProcessVideoData size:57164 dts:10.360 pts:10.440 dur:20.000ms, clock:1.273 level:99
2021-12-12 11:59:32.999 T:5213 DEBUG : CVideoPlayerVideo::OutputPicture - ttd:123ms pts:1.420 Clock:1.296 Level:3
2021-12-12 11:59:33.012 T:5213 DEBUG : CVideoPlayerVideo::OutputPicture - ttd:130ms pts:1.440 Clock:1.309 Level:3
2021-12-12 11:59:33.028 T:5210 DEBUG : CVideoPlayer::ProcessVideoData size:39935 dts:10.380 pts:10.420 dur:20.000ms, clock:1.325 level:99
2021-12-12 11:59:33.029 T:5210 DEBUG : CVideoPlayer::ProcessVideoData size:20545 dts:10.400 pts:10.400 dur:20.000ms, clock:1.326 level:99
2021-12-12 11:59:33.031 T:5213 DEBUG : CVideoPlayerVideo::OutputPicture - ttd:131ms pts:1.460 Clock:1.328 Level:4
2021-12-12 11:59:33.051 T:5210 DEBUG : CVideoPlayer::ProcessVideoData size:37231 dts:10.420 pts:10.480 dur:20.000ms, clock:1.348 level:99
2021-12-12 11:59:33.053 T:5213 DEBUG : CVideoPlayerVideo::OutputPicture - ttd:130ms pts:1.480 Clock:1.350 Level:3
2021-12-12 11:59:33.061 T:5213 DEBUG : CVideoPlayerVideo::OutputPicture - ttd:142ms pts:1.500 Clock:1.358 Level:4
2021-12-12 11:59:33.068 T:5213 DEBUG : CVideoPlayerVideo::OutputPicture - ttd:155ms pts:1.520 Clock:1.365 Level:5
2021-12-12 11:59:33.083 T:5210 DEBUG : CVideoPlayer::ProcessVideoData size:20848 dts:10.440 pts:10.460 dur:20.000ms, clock:1.381 level:99
2021-12-12 11:59:33.085 T:5210 DEBUG : CVideoPlayer::ProcessVideoData size:57381 dts:10.460 pts:10.560 dur:20.000ms, clock:1.382 level:99
2021-12-12 11:59:33.088 T:5210 DEBUG : CVideoPlayer::ProcessVideoData size:38222 dts:10.480 pts:10.540 dur:20.000ms, clock:1.385 level:99
2021-12-12 11:59:33.089 T:5210 DEBUG : CVideoPlayer::ProcessVideoData size:20366 dts:10.500 pts:10.520 dur:20.000ms, clock:1.386 level:99
2021-12-12 11:59:33.091 T:5213 DEBUG : CVideoPlayerVideo::OutputPicture - ttd:151ms pts:1.540 Clock:1.388 Level:5
2021-12-12 11:59:33.107 T:5213 DEBUG : CVideoPlayerVideo::OutputPicture - ttd:156ms pts:1.560 Clock:1.404 Level:5
2021-12-12 11:59:33.128 T:5213 DEBUG : CVideoPlayerVideo::OutputPicture - ttd:154ms pts:1.580 Clock:1.426 Level:5
2021-12-12 11:59:33.132 T:5210 DEBUG : CVideoPlayer::ProcessVideoData size:37582 dts:10.520 pts:10.600 dur:20.000ms, clock:1.429 level:99
2021-12-12 11:59:33.142 T:5210 DEBUG : CVideoPlayer::ProcessVideoData size:21488 dts:10.540 pts:10.580 dur:20.000ms, clock:1.439 level:99
2021-12-12 11:59:33.150 T:5213 DEBUG : CVideoPlayerVideo::OutputPicture - ttd:152ms pts:1.600 Clock:1.447 Level:5
2021-12-12 11:59:33.170 T:5213 DEBUG : CVideoPlayerVideo::OutputPicture - ttd:153ms pts:1.620 Clock:1.467 Level:5
2021-12-12 11:59:33.189 T:5210 DEBUG : CVideoPlayer::ProcessVideoData size:584257 dts:18442240474082.180 pts:18442240474082.180 dur:20.000ms, clock:1.486 level:99
2021-12-12 11:59:33.192 T:5210 DEBUG : CVideoPlayer::ProcessVideoData size:277099 dts:10.580 pts:10.960 dur:20.000ms, clock:1.489 level:99
2021-12-12 11:59:33.209 T:5213 DEBUG : CVideoPlayerVideo::OutputPicture - ttd:134ms pts:1.640 Clock:1.506 Level:4
2021-12-12 11:59:33.230 T:5213 DEBUG : CVideoPlayerVideo::OutputPicture - ttd:132ms pts:1.660 Clock:1.527 Level:4
2021-12-12 11:59:33.234 T:5210 DEBUG : CVideoPlayer::ProcessVideoData size:39397 dts:10.600 pts:10.800 dur:20.000ms, clock:1.531 level:99
2021-12-12 11:59:33.245 T:5210 DEBUG : CVideoPlayer::ProcessVideoData size:17242 dts:10.620 pts:10.720 dur:20.000ms, clock:1.542 level:99
2021-12-12 11:59:33.250 T:5213 DEBUG : CVideoPlayerVideo::OutputPicture - ttd:132ms pts:1.680 Clock:1.547 Level:4
2021-12-12 11:59:33.266 T:5210 DEBUG : CVideoPlayer::ProcessVideoData size:12139 dts:10.640 pts:10.680 dur:20.000ms, clock:1.563 level:99
2021-12-12 11:59:33.270 T:5213 DEBUG : CVideoPlayerVideo::OutputPicture - ttd:133ms pts:1.700 Clock:1.567 Level:4
2021-12-12 11:59:33.287 T:5210 DEBUG : CVideoPlayer::ProcessVideoData size:2009 dts:10.660 pts:10.660 dur:20.000ms, clock:1.585 level:99
2021-12-12 11:59:33.291 T:5213 DEBUG : CVideoPlayerVideo::OutputPicture - ttd:131ms pts:1.720 Clock:1.589 Level:3
2021-12-12 11:59:33.299 T:5213 DEBUG : CVideoPlayerVideo::OutputPicture - ttd:143ms pts:1.740 Clock:1.596 Level:4
2021-12-12 11:59:33.309 T:5210 DEBUG : CVideoPlayer::ProcessVideoData size:3134 dts:10.680 pts:10.700 dur:20.000ms, clock:1.606 level:99
2021-12-12 11:59:33.309 T:5213 DEBUG : CVideoPlayerVideo::OutputPicture - ttd:153ms pts:1.760 Clock:1.607 Level:5
2021-12-12 11:59:33.320 T:5210 DEBUG : CVideoPlayer::ProcessVideoData size:30748 dts:10.700 pts:10.760 dur:20.000ms, clock:1.617 level:99
2021-12-12 11:59:33.328 T:5213 DEBUG : CVideoPlayerVideo::OutputPicture - ttd:154ms pts:1.780 Clock:1.625 Level:5
2021-12-12 11:59:33.331 T:5210 DEBUG : CVideoPlayer::ProcessVideoData size:1791 dts:10.720 pts:10.740 dur:20.000ms, clock:1.628 level:99
2021-12-12 11:59:33.350 T:5213 DEBUG : CVideoPlayerVideo::OutputPicture - ttd:152ms pts:1.800 Clock:1.647 Level:5
2021-12-12 11:59:33.353 T:5210 DEBUG : CVideoPlayer::ProcessVideoData size:2708 dts:10.740 pts:10.780 dur:20.000ms, clock:1.650 level:99
2021-12-12 11:59:33.372 T:5213 DEBUG : CVideoPlayerVideo::OutputPicture - ttd:150ms pts:1.820 Clock:1.669 Level:4
2021-12-12 11:59:33.375 T:5210 DEBUG : CVideoPlayer::ProcessVideoData size:67932 dts:10.760 pts:10.880 dur:20.000ms, clock:1.672 level:99
2021-12-12 11:59:33.388 T:5213 DEBUG : CVideoPlayerVideo::OutputPicture - ttd:154ms pts:1.840 Clock:1.685 Level:5
2021-12-12 11:59:33.396 T:5210 DEBUG : CVideoPlayer::ProcessVideoData size:21100 dts:10.780 pts:10.840 dur:20.000ms, clock:1.693 level:99
2021-12-12 11:59:33.410 T:5213 DEBUG : CVideoPlayerVideo::OutputPicture - ttd:153ms pts:1.860 Clock:1.707 Level:5
2021-12-12 11:59:33.417 T:5210 DEBUG : CVideoPlayer::ProcessVideoData size:2011 dts:10.800 pts:10.820 dur:20.000ms, clock:1.714 level:99
2021-12-12 11:59:33.428 T:5210 DEBUG : CVideoPlayer::ProcessVideoData size:2328 dts:10.820 pts:10.860 dur:20.000ms, clock:1.725 level:99
2021-12-12 11:59:33.432 T:5213 DEBUG : CVideoPlayerVideo::OutputPicture - ttd:150ms pts:1.880 Clock:1.729 Level:4
2021-12-12 11:59:33.436 T:5021 DEBUG : ActiveAE::SyncStream - average error 223.848474 above threshold of 100.000000
2021-12-12 11:59:33.448 T:5210 DEBUG : CVideoPlayer::ProcessVideoData size:35749 dts:10.840 pts:10.920 dur:20.000ms, clock:1.746 level:99
2021-12-12 11:59:33.449 T:5210 DEBUG : CVideoPlayer::ProcessVideoData size:1596 dts:10.860 pts:10.900 dur:20.000ms, clock:1.746 level:99
2021-12-12 11:59:33.454 T:5213 DEBUG : CVideoPlayerVideo::OutputPicture - ttd:148ms pts:1.900 Clock:1.751 Level:4
2021-12-12 11:59:33.470 T:5213 DEBUG : CVideoPlayerVideo::OutputPicture - ttd:152ms pts:1.920 Clock:1.767 Level:5
2021-12-12 11:59:33.492 T:5213 DEBUG : CVideoPlayerVideo::OutputPicture - ttd:151ms pts:1.940 Clock:1.789 Level:5
2021-12-12 11:59:33.494 T:5210 DEBUG : CVideoPlayer::ProcessVideoData size:3033 dts:10.880 pts:10.940 dur:20.000ms, clock:1.791 level:99
2021-12-12 11:59:33.517 T:5210 DEBUG : CVideoPlayer::ProcessVideoData size:245015 dts:10.900 pts:11.280 dur:20.000ms, clock:1.814 level:99
2021-12-12 11:59:33.530 T:5213 DEBUG : CVideoPlayerVideo::OutputPicture - ttd:132ms pts:1.960 Clock:1.827 Level:4
2021-12-12 11:59:33.549 T:5210 DEBUG : CVideoPlayer::ProcessVideoData size:88553 dts:10.920 pts:11.120 dur:20.000ms, clock:1.846 level:99
2021-12-12 11:59:33.552 T:5213 DEBUG : CVideoPlayerVideo::OutputPicture - ttd:131ms pts:1.980 Clock:1.849 Level:3
2021-12-12 11:59:33.571 T:5210 DEBUG : CVideoPlayer::ProcessVideoData size:47260 dts:10.940 pts:11.040 dur:20.000ms, clock:1.868 level:99
2021-12-12 11:59:33.571 T:5213 DEBUG : CVideoPlayerVideo::OutputPicture - ttd:131ms pts:2.000 Clock:1.869 Level:4
2021-12-12 11:59:33.586 T:5021 DEBUG : ActiveAE::SyncStream - average error 23.848474, last average error: 223.848474
2021-12-12 11:59:33.591 T:5213 DEBUG : CVideoPlayerVideo::OutputPicture - ttd:131ms pts:2.020 Clock:1.888 Level:4
2021-12-12 11:59:33.593 T:5210 DEBUG : CVideoPlayer::ProcessVideoData size:16283 dts:10.960 pts:11.000 dur:20.000ms, clock:1.890 level:99
2021-12-12 11:59:33.608 T:5213 DEBUG : CVideoPlayerVideo::OutputPicture - ttd:135ms pts:2.040 Clock:1.905 Level:4
2021-12-12 11:59:33.614 T:5210 DEBUG : CVideoPlayer::ProcessVideoData size:1832 dts:10.980 pts:10.980 dur:20.000ms, clock:1.911 level:99
2021-12-12 11:59:33.615 T:5210 DEBUG : CVideoPlayer::ProcessVideoData size:2025 dts:11.000 pts:11.020 dur:20.000ms, clock:1.912 level:99
2021-12-12 11:59:33.628 T:5213 DEBUG : CVideoPlayerVideo::OutputPicture - ttd:134ms pts:2.060 Clock:1.925 Level:4
2021-12-12 11:59:33.649 T:5213 DEBUG : CVideoPlayerVideo::OutputPicture - ttd:133ms pts:2.080 Clock:1.946 Level:4
2021-12-12 11:59:33.656 T:5210 DEBUG : CVideoPlayer::ProcessVideoData size:20176 dts:11.020 pts:11.080 dur:20.000ms, clock:1.953 level:99
2021-12-12 11:59:33.667 T:5210 DEBUG : CVideoPlayer::ProcessVideoData size:1825 dts:11.040 pts:11.060 dur:20.000ms, clock:1.964 level:99
2021-12-12 11:59:33.670 T:5213 DEBUG : CVideoPlayerVideo::OutputPicture - ttd:133ms pts:2.100 Clock:1.967 Level:4
2021-12-12 11:59:33.686 T:5021 DEBUG : ActiveAE::SyncStream - average error of 15.839968, start adjusting
2021-12-12 11:59:33.686 T:5021 DEBUG : ActiveAE::SyncStream - average error 0.839968 below threshold of 30.000000
2021-12-12 11:59:33.689 T:5210 DEBUG : CVideoPlayer::ProcessVideoData size:2762 dts:11.060 pts:11.100 dur:20.000ms, clock:1.986 level:99
2021-12-12 11:59:33.691 T:5213 DEBUG : CVideoPlayerVideo::OutputPicture - ttd:131ms pts:2.120 Clock:1.988 Level:4
2021-12-12 11:59:33.699 T:5213 DEBUG : CVideoPlayerVideo::OutputPicture - ttd:143ms pts:2.140 Clock:1.996 Level:4
2021-12-12 11:59:33.711 T:5210 DEBUG : CVideoPlayer::ProcessVideoData size:55507 dts:11.080 pts:11.200 dur:20.000ms, clock:2.008 level:99
2021-12-12 11:59:33.712 T:5210 DEBUG : CVideoPlayer::ProcessVideoData size:42873 dts:11.100 pts:11.160 dur:20.000ms, clock:2.009 level:99
2021-12-12 11:59:33.712 T:5213 DEBUG : CVideoPlayerVideo::OutputPicture - ttd:150ms pts:2.160 Clock:2.009 Level:4
2021-12-12 11:59:33.727 T:5213 DEBUG : CVideoPlayerVideo::OutputPicture - ttd:155ms pts:2.180 Clock:2.025 Level:5
2021-12-12 11:59:33.733 T:5210 DEBUG : CVideoPlayer::ProcessVideoData size:4961 dts:11.120 pts:11.140 dur:20.000ms, clock:2.030 level:99
2021-12-12 11:59:33.749 T:5213 DEBUG : CVideoPlayerVideo::OutputPicture - ttd:153ms pts:2.200 Clock:2.046 Level:5
2021-12-12 11:59:33.755 T:5210 DEBUG : CVideoPlayer::ProcessVideoData size:7024 dts:11.140 pts:11.180 dur:20.000ms, clock:2.052 level:99
2021-12-12 11:59:33.766 T:5210 DEBUG : CVideoPlayer::ProcessVideoData size:56448 dts:11.160 pts:11.240 dur:20.000ms, clock:2.063 level:99
2021-12-12 11:59:33.771 T:5213 DEBUG : CVideoPlayerVideo::OutputPicture - ttd:151ms pts:2.220 Clock:2.068 Level:5
2021-12-12 11:59:33.788 T:5210 DEBUG : CVideoPlayer::ProcessVideoData size:4294 dts:11.180 pts:11.220 dur:20.000ms, clock:2.085 level:99
2021-12-12 11:59:33.791 T:5213 DEBUG : CVideoPlayerVideo::OutputPicture - ttd:151ms pts:2.240 Clock:2.088 Level:5
2021-12-12 11:59:33.811 T:5213 DEBUG : CVideoPlayerVideo::OutputPicture - ttd:152ms pts:2.260 Clock:2.108 Level:5
2021-12-12 11:59:33.812 T:5210 DEBUG : CVideoPlayer::ProcessVideoData size:7261 dts:11.200 pts:11.260 dur:20.000ms, clock:2.109 level:99
2021-12-12 11:59:33.845 T:5210 DEBUG : CVideoPlayer::ProcessVideoData size:644732 dts:11.220 pts:11.600 dur:20.000ms, clock:2.142 level:99
2021-12-12 11:59:33.850 T:5213 DEBUG : CVideoPlayerVideo::OutputPicture - ttd:132ms pts:2.280 Clock:2.147 Level:4
2021-12-12 11:59:33.868 T:5210 DEBUG : CVideoPlayer::ProcessVideoData size:100530 dts:11.240 pts:11.440 dur:20.000ms, clock:2.165 level:99
2021-12-12 11:59:33.870 T:5213 DEBUG : CVideoPlayerVideo::OutputPicture - ttd:133ms pts:2.300 Clock:2.167 Level:4
2021-12-12 11:59:33.889 T:5213 DEBUG : CVideoPlayerVideo::OutputPicture - ttd:133ms pts:2.320 Clock:2.187 Level:4
2021-12-12 11:59:33.899 T:5210 DEBUG : CVideoPlayer::ProcessVideoData size:66210 dts:11.260 pts:11.360 dur:20.000ms, clock:2.196 level:99
2021-12-12 11:59:33.909 T:5213 DEBUG : CVideoPlayerVideo::OutputPicture - ttd:133ms pts:2.340 Clock:2.206 Level:4
2021-12-12 11:59:33.910 T:5210 DEBUG : CVideoPlayer::ProcessVideoData size:38656 dts:11.280 pts:11.320 dur:20.000ms, clock:2.207 level:99
2021-12-12 11:59:33.931 T:5213 DEBUG : CVideoPlayerVideo::OutputPicture - ttd:131ms pts:2.360 Clock:2.228 Level:4
2021-12-12 11:59:33.932 T:5210 DEBUG : CVideoPlayer::ProcessVideoData size:5003 dts:11.300 pts:11.300 dur:20.000ms, clock:2.229 level:99
2021-12-12 11:59:33.952 T:5213 DEBUG : CVideoPlayerVideo::OutputPicture - ttd:131ms pts:2.380 Clock:2.249 Level:4
2021-12-12 11:59:33.954 T:5210 DEBUG : CVideoPlayer::ProcessVideoData size:4011 dts:11.320 pts:11.340 dur:20.000ms, clock:2.251 level:99
2021-12-12 11:59:33.973 T:5213 DEBUG : CVideoPlayerVideo::OutputPicture - ttd:130ms pts:2.400 Clock:2.270 Level:4
2021-12-12 11:59:33.975 T:5210 DEBUG : CVideoPlayer::ProcessVideoData size:39628 dts:11.340 pts:11.400 dur:20.000ms, clock:2.273 level:99
2021-12-12 11:59:33.976 T:5210 DEBUG : CVideoPlayer::ProcessVideoData size:4247 dts:11.360 pts:11.380 dur:20.000ms, clock:2.273 level:99
2021-12-12 11:59:33.993 T:5213 DEBUG : CVideoPlayerVideo::OutputPicture - ttd:130ms pts:2.420 Clock:2.290 Level:3
2021-12-12 11:59:34.008 T:5210 DEBUG : CVideoPlayer::ProcessVideoData size:2174 dts:11.380 pts:11.420 dur:20.000ms, clock:2.305 level:99
2021-12-12 11:59:34.012 T:5213 DEBUG : CVideoPlayerVideo::OutputPicture - ttd:130ms pts:2.440 Clock:2.309 Level:3
2021-12-12 11:59:34.020 T:5213 DEBUG : CVideoPlayerVideo::OutputPicture - ttd:142ms pts:2.460 Clock:2.317 Level:4
2021-12-12 11:59:34.030 T:5210 DEBUG : CVideoPlayer::ProcessVideoData size:43441 dts:11.400 pts:11.520 dur:20.000ms, clock:2.328 level:99
2021-12-12 11:59:34.033 T:5213 DEBUG : CVideoPlayerVideo::OutputPicture - ttd:149ms pts:2.480 Clock:2.330 Level:4
2021-12-12 11:59:34.041 T:5210 DEBUG : CVideoPlayer::ProcessVideoData size:40813 dts:11.420 pts:11.480 dur:20.000ms, clock:2.339 level:99
2021-12-12 11:59:34.047 T:5213 DEBUG : CVideoPlayerVideo::OutputPicture - ttd:155ms pts:2.500 Clock:2.345 Level:5
2021-12-12 11:59:34.049 T:5213 DEBUG : CVideoPlayerVideo::OutputPicture - ttd:173ms pts:2.520 Clock:2.346 Level:6
2021-12-12 11:59:34.050 T:5213 DEBUG : CVideoPlayerVideo::OutputPicture - ttd:192ms pts:2.540 Clock:2.347 Level:6
2021-12-12 11:59:34.052 T:5210 DEBUG : CVideoPlayer::ProcessVideoData size:2956 dts:11.440 pts:11.460 dur:20.000ms, clock:2.349 level:99
2021-12-12 11:59:34.070 T:5213 DEBUG : CVideoPlayerVideo::OutputPicture - ttd:210ms pts:2.560 Clock:2.349 Level:6
2021-12-12 11:59:34.091 T:5213 DEBUG : CVideoPlayerVideo::OutputPicture - ttd:210ms pts:2.580 Clock:2.369 Level:6
2021-12-12 11:59:34.104 T:5210 DEBUG : CVideoPlayer::ProcessVideoData size:6277 dts:11.460 pts:11.500 dur:20.000ms, clock:2.401 level:99
2021-12-12 11:59:34.115 T:5210 DEBUG : CVideoPlayer::ProcessVideoData size:52416 dts:11.480 pts:11.560 dur:20.000ms, clock:2.412 level:99
2021-12-12 11:59:34.115 T:5210 DEBUG : CVideoPlayer::ProcessVideoData size:5207 dts:11.500 pts:11.540 dur:20.000ms, clock:2.413 level:99
2021-12-12 11:59:34.129 T:5210 DEBUG : CVideoPlayer::ProcessVideoData size:5129 dts:11.520 pts:11.580 dur:20.000ms, clock:2.426 level:99
2021-12-12 11:59:34.135 T:5210 DEBUG : CVideoPlayer::ProcessVideoData size:303012 dts:11.540 pts:11.920 dur:20.000ms, clock:2.432 level:99
2021-12-12 11:59:34.136 T:5210 DEBUG : CVideoPlayer::ProcessVideoData size:94847 dts:11.560 pts:11.760 dur:20.000ms, clock:2.434 level:99
2021-12-12 11:59:34.189 T:5210 DEBUG : CVideoPlayer::ProcessVideoData size:56007 dts:11.580 pts:11.680 dur:20.000ms, clock:2.487 level:98
2021-12-12 11:59:34.190 T:5210 DEBUG : CVideoPlayer::ProcessVideoData size:26187 dts:11.600 pts:11.640 dur:20.000ms, clock:2.487 level:99
2021-12-12 11:59:34.190 T:5210 DEBUG : CVideoPlayer::ProcessVideoData size:2385 dts:11.620 pts:11.620 dur:20.000ms, clock:2.488 level:99
2021-12-12 11:59:34.192 T:5210 DEBUG : CVideoPlayer::ProcessVideoData size:2455 dts:11.640 pts:11.660 dur:20.000ms, clock:2.489 level:99
2021-12-12 11:59:34.192 T:5210 DEBUG : CVideoPlayer::ProcessVideoData size:33281 dts:11.660 pts:11.720 dur:20.000ms, clock:2.490 level:99
2021-12-12 11:59:34.193 T:5210 DEBUG : CVideoPlayer::ProcessVideoData size:2559 dts:11.680 pts:11.700 dur:20.000ms, clock:2.490 level:99
2021-12-12 11:59:34.204 T:5210 DEBUG : CVideoPlayer::ProcessVideoData size:3309 dts:11.700 pts:11.740 dur:20.000ms, clock:2.501 level:99
2021-12-12 11:59:34.232 T:5213 DEBUG : CVideoPlayerVideo::OutputPicture - ttd:1030ms pts:3.560 Clock:2.529 Level:0
2021-12-12 11:59:34.242 T:5213 DEBUG : CVideoPlayerVideo::OutputPicture - ttd:1041ms pts:3.580 Clock:2.539 Level:1
2021-12-12 11:59:34.247 T:5210 DEBUG : CVideoPlayer::ProcessVideoData size:56601 dts:11.720 pts:11.840 dur:20.000ms, clock:2.544 level:98
2021-12-12 11:59:34.247 T:5210 DEBUG : CVideoPlayer::ProcessVideoData size:24683 dts:11.740 pts:11.800 dur:20.000ms, clock:2.545 level:98
2021-12-12 11:59:34.248 T:5210 DEBUG : CVideoPlayer::ProcessVideoData size:2684 dts:11.760 pts:11.780 dur:20.000ms, clock:2.545 level:99
2021-12-12 11:59:34.249 T:5210 DEBUG : CVideoPlayer::ProcessVideoData size:3646 dts:11.780 pts:11.820 dur:20.000ms, clock:2.546 level:98
2021-12-12 11:59:34.250 T:5210 DEBUG : CVideoPlayer::ProcessVideoData size:42542 dts:11.800 pts:11.880 dur:20.000ms, clock:2.547 level:99
2021-12-12 11:59:34.251 T:5210 DEBUG : CVideoPlayer::ProcessVideoData size:2802 dts:11.820 pts:11.860 dur:20.000ms, clock:2.548 level:99
2021-12-12 11:59:34.254 T:5213 DEBUG : CVideoPlayerVideo::OutputPicture - ttd:1048ms pts:3.600 Clock:2.551 Level:2
2021-12-12 11:59:34.261 T:5213 DEBUG : CVideoPlayerVideo::OutputPicture - ttd:1061ms pts:3.620 Clock:2.558 Level:3
2021-12-12 11:59:34.268 T:5213 DEBUG : CVideoPlayerVideo::OutputPicture - ttd:1074ms pts:3.640 Clock:2.565 Level:4
2021-12-12 11:59:34.283 T:5213 DEBUG : CVideoPlayerVideo::OutputPicture - ttd:1080ms pts:3.660 Clock:2.580 Level:5
2021-12-12 11:59:34.290 T:5213 DEBUG : CVideoPlayerVideo::OutputPicture - ttd:1092ms pts:3.680 Clock:2.587 Level:6
2021-12-12 11:59:34.297 T:5210 DEBUG : CVideoPlayer::ProcessVideoData size:4285 dts:11.840 pts:11.900 dur:20.000ms, clock:2.595 level:97
2021-12-12 11:59:34.344 T:5210 DEBUG : CVideoPlayer::ProcessVideoData size:242884 dts:11.860 pts:12.240 dur:20.000ms, clock:2.641 level:96
2021-12-12 11:59:34.347 T:5210 DEBUG : CVideoPlayer::ProcessVideoData size:94863 dts:11.880 pts:12.080 dur:20.000ms, clock:2.644 level:96
2021-12-12 11:59:34.440 T:5210 DEBUG : CVideoPlayer::ProcessVideoData size:63318 dts:11.900 pts:12.000 dur:20.000ms, clock:2.737 level:93
2021-12-12 11:59:34.440 T:5210 DEBUG : CVideoPlayer::ProcessVideoData size:27071 dts:11.920 pts:11.960 dur:20.000ms, clock:2.737 level:93
2021-12-12 11:59:34.441 T:5210 DEBUG : CVideoPlayer::ProcessVideoData size:3288 dts:11.940 pts:11.940 dur:20.000ms, clock:2.738 level:93
2021-12-12 11:59:34.441 T:5210 DEBUG : CVideoPlayer::ProcessVideoData size:3110 dts:11.960 pts:11.980 dur:20.000ms, clock:2.739 level:93
2021-12-12 11:59:34.442 T:5210 DEBUG : CVideoPlayer::ProcessVideoData size:32370 dts:11.980 pts:12.040 dur:20.000ms, clock:2.739 level:94
2021-12-12 11:59:34.442 T:5210 DEBUG : CVideoPlayer::ProcessVideoData size:3408 dts:12.000 pts:12.020 dur:20.000ms, clock:2.739 level:94
2021-12-12 11:59:34.443 T:5210 DEBUG : CVideoPlayer::ProcessVideoData size:2094 dts:12.020 pts:12.060 dur:20.000ms, clock:2.740 level:94
2021-12-12 11:59:34.445 T:5210 DEBUG : CVideoPlayer::ProcessVideoData size:46542 dts:12.040 pts:12.160 dur:20.000ms, clock:2.742 level:94
2021-12-12 11:59:34.445 T:5210 DEBUG : CVideoPlayer::ProcessVideoData size:33862 dts:12.060 pts:12.120 dur:20.000ms, clock:2.743 level:94
2021-12-12 11:59:34.446 T:5210 DEBUG : CVideoPlayer::ProcessVideoData size:2976 dts:12.080 pts:12.100 dur:20.000ms, clock:2.743 level:95
2021-12-12 11:59:34.488 T:5210 DEBUG : CVideoPlayer::ProcessVideoData size:5386 dts:12.100 pts:12.140 dur:20.000ms, clock:2.785 level:93
2021-12-12 11:59:34.489 T:5210 DEBUG : CVideoPlayer::ProcessVideoData size:50536 dts:12.120 pts:12.200 dur:20.000ms, clock:2.786 level:93
2021-12-12 11:59:34.489 T:5210 DEBUG : CVideoPlayer::ProcessVideoData size:4697 dts:12.140 pts:12.180 dur:20.000ms, clock:2.787 level:94
2021-12-12 11:59:34.543 T:5210 DEBUG : CVideoPlayer::ProcessVideoData size:6333 dts:12.160 pts:12.220 dur:20.000ms, clock:2.840 level:93
2021-12-12 11:59:34.746 T:5210 DEBUG : CVideoPlayer::ProcessVideoData size:649687 dts:12.180 pts:12.560 dur:20.000ms, clock:3.043 level:94
2021-12-12 11:59:34.789 T:5210 DEBUG : CVideoPlayer::ProcessVideoData size:101701 dts:12.200 pts:12.400 dur:20.000ms, clock:3.086 level:94
2021-12-12 11:59:34.791 T:5210 DEBUG : CVideoPlayer::ProcessVideoData size:67663 dts:12.220 pts:12.320 dur:20.000ms, clock:3.088 level:94
2021-12-12 11:59:34.792 T:5210 DEBUG : CVideoPlayer::ProcessVideoData size:36776 dts:12.240 pts:12.280 dur:20.000ms, clock:3.089 level:94
2021-12-12 11:59:34.792 T:5210 DEBUG : CVideoPlayer::ProcessVideoData size:5105 dts:12.260 pts:12.260 dur:20.000ms, clock:3.089 level:94
2021-12-12 11:59:34.895 T:5210 DEBUG : CVideoPlayer::ProcessVideoData size:3685 dts:12.280 pts:12.300 dur:20.000ms, clock:3.192 level:95
2021-12-12 11:59:34.895 T:5210 DEBUG : CVideoPlayer::ProcessVideoData size:40223 dts:12.300 pts:12.360 dur:20.000ms, clock:3.192 level:95
2021-12-12 11:59:34.896 T:5210 DEBUG : CVideoPlayer::ProcessVideoData size:4166 dts:12.320 pts:12.340 dur:20.000ms, clock:3.193 level:95
2021-12-12 11:59:34.897 T:5210 DEBUG : CVideoPlayer::ProcessVideoData size:2309 dts:12.340 pts:12.380 dur:20.000ms, clock:3.194 level:95
2021-12-12 11:59:34.898 T:5210 DEBUG : CVideoPlayer::ProcessVideoData size:51984 dts:12.360 pts:12.480 dur:20.000ms, clock:3.195 level:96
2021-12-12 11:59:34.898 T:5210 DEBUG : CVideoPlayer::ProcessVideoData size:32314 dts:12.380 pts:12.440 dur:20.000ms, clock:3.196 level:96
2021-12-12 11:59:34.899 T:5210 DEBUG : CVideoPlayer::ProcessVideoData size:3115 dts:12.400 pts:12.420 dur:20.000ms, clock:3.196 level:96
2021-12-12 11:59:34.900 T:5210 DEBUG : CVideoPlayer::ProcessVideoData size:4542 dts:12.420 pts:12.460 dur:20.000ms, clock:3.197 level:96
2021-12-12 11:59:34.900 T:5210 DEBUG : CVideoPlayer::ProcessVideoData size:49521 dts:12.440 pts:12.520 dur:20.000ms, clock:3.197 level:97
2021-12-12 11:59:34.941 T:5210 DEBUG : CVideoPlayer::ProcessVideoData size:3156 dts:12.460 pts:12.500 dur:20.000ms, clock:3.239 level:97
2021-12-12 11:59:34.996 T:5210 DEBUG : CVideoPlayer::ProcessVideoData size:6119 dts:12.480 pts:12.540 dur:20.000ms, clock:3.293 level:97
2021-12-12 11:59:35.041 T:5210 DEBUG : CVideoPlayer::ProcessVideoData size:311384 dts:12.500 pts:12.880 dur:20.000ms, clock:3.338 level:97
2021-12-12 11:59:35.043 T:5210 DEBUG : CVideoPlayer::ProcessVideoData size:99417 dts:12.520 pts:12.720 dur:20.000ms, clock:3.340 level:98
2021-12-12 11:59:35.044 T:5210 DEBUG : CVideoPlayer::ProcessVideoData size:55524 dts:12.540 pts:12.640 dur:20.000ms, clock:3.341 level:98
2021-12-12 11:59:35.044 T:5210 DEBUG : CVideoPlayer::ProcessVideoData size:26680 dts:12.560 pts:12.600 dur:20.000ms, clock:3.341 level:98
2021-12-12 11:59:35.146 T:5210 DEBUG : CVideoPlayer::ProcessVideoData size:2579 dts:12.580 pts:12.580 dur:20.000ms, clock:3.443 level:99
2021-12-12 11:59:35.147 T:5210 DEBUG : CVideoPlayer::ProcessVideoData size:2682 dts:12.600 pts:12.620 dur:20.000ms, clock:3.444 level:99
2021-12-12 11:59:35.147 T:5210 DEBUG : CVideoPlayer::ProcessVideoData size:31147 dts:12.620 pts:12.680 dur:20.000ms, clock:3.445 level:99
2021-12-12 11:59:35.148 T:5210 DEBUG : CVideoPlayer::ProcessVideoData size:3120 dts:12.640 pts:12.660 dur:20.000ms, clock:3.445 level:99
2021-12-12 11:59:35.231 T:5213 DEBUG : CVideoPlayerVideo::OutputPicture - ttd:171ms pts:3.700 Clock:3.528 Level:5
2021-12-12 11:59:35.250 T:5210 DEBUG : CVideoPlayer::ProcessVideoData size:4273 dts:12.660 pts:12.700 dur:20.000ms, clock:3.547 level:99
2021-12-12 11:59:35.290 T:5213 DEBUG : CVideoPlayerVideo::OutputPicture - ttd:132ms pts:3.720 Clock:3.587 Level:3
2021-12-12 11:59:35.309 T:5213 DEBUG : CVideoPlayerVideo::OutputPicture - ttd:133ms pts:3.740 Clock:3.606 Level:3
2021-12-12 11:59:35.312 T:5210 DEBUG : CVideoPlayer::ProcessVideoData size:54210 dts:12.680 pts:12.800 dur:20.000ms, clock:3.609 level:99
2021-12-12 11:59:35.323 T:5210 DEBUG : CVideoPlayer::ProcessVideoData size:24072 dts:12.700 pts:12.760 dur:20.000ms, clock:3.620 level:99
2021-12-12 11:59:35.329 T:5213 DEBUG : CVideoPlayerVideo::OutputPicture - ttd:134ms pts:3.760 Clock:3.626 Level:3
2021-12-12 11:59:35.344 T:5210 DEBUG : CVideoPlayer::ProcessVideoData size:2634 dts:12.720 pts:12.740 dur:20.000ms, clock:3.641 level:99
2021-12-12 11:59:35.350 T:5213 DEBUG : CVideoPlayerVideo::OutputPicture - ttd:132ms pts:3.780 Clock:3.648 Level:3
2021-12-12 11:59:35.365 T:5210 DEBUG : CVideoPlayer::ProcessVideoData size:3626 dts:12.740 pts:12.780 dur:20.000ms, clock:3.662 level:99
2021-12-12 11:59:35.372 T:5213 DEBUG : CVideoPlayerVideo::OutputPicture - ttd:130ms pts:3.800 Clock:3.669 Level:3
2021-12-12 11:59:35.387 T:5210 DEBUG : CVideoPlayer::ProcessVideoData size:43923 dts:12.760 pts:12.840 dur:20.000ms, clock:3.684 level:99
2021-12-12 11:59:35.387 T:5213 DEBUG : CVideoPlayerVideo::OutputPicture - ttd:135ms pts:3.820 Clock:3.685 Level:3
2021-12-12 11:59:35.408 T:5210 DEBUG : CVideoPlayer::ProcessVideoData size:2345 dts:12.780 pts:12.820 dur:20.000ms, clock:3.705 level:99
2021-12-12 11:59:35.410 T:5213 DEBUG : CVideoPlayerVideo::OutputPicture - ttd:133ms pts:3.840 Clock:3.707 Level:3
2021-12-12 11:59:35.429 T:5213 DEBUG : CVideoPlayerVideo::OutputPicture - ttd:133ms pts:3.860 Clock:3.726 Level:3
2021-12-12 11:59:35.432 T:5210 DEBUG : CVideoPlayer::ProcessVideoData size:5903 dts:12.800 pts:12.860 dur:20.000ms, clock:3.729 level:99
2021-12-12 11:59:35.448 T:5210 DEBUG : CVideoPlayer::ProcessVideoData size:249209 dts:12.820 pts:13.200 dur:20.000ms, clock:3.745 level:99
2021-12-12 11:59:35.450 T:5213 DEBUG : CVideoPlayerVideo::OutputPicture - ttd:133ms pts:3.880 Clock:3.747 Level:3
2021-12-12 11:59:35.457 T:5213 DEBUG : CVideoPlayerVideo::OutputPicture - ttd:145ms pts:3.900 Clock:3.755 Level:4
2021-12-12 11:59:35.467 T:5213 DEBUG : CVideoPlayerVideo::OutputPicture - ttd:155ms pts:3.920 Clock:3.764 Level:5
2021-12-12 11:59:35.471 T:5210 DEBUG : CVideoPlayer::ProcessVideoData size:94664 dts:12.840 pts:13.040 dur:20.000ms, clock:3.768 level:99
2021-12-12 11:59:35.473 T:5210 DEBUG : CVideoPlayer::ProcessVideoData size:54571 dts:12.860 pts:12.960 dur:20.000ms, clock:3.770 level:99
2021-12-12 11:59:35.492 T:5213 DEBUG : CVideoPlayerVideo::OutputPicture - ttd:150ms pts:3.940 Clock:3.789 Level:4
2021-12-12 11:59:35.494 T:5210 DEBUG : CVideoPlayer::ProcessVideoData size:25153 dts:12.880 pts:12.920 dur:20.000ms, clock:3.791 level:99
2021-12-12 11:59:35.514 T:5213 DEBUG : CVideoPlayerVideo::OutputPicture - ttd:149ms pts:3.960 Clock:3.811 Level:4
2021-12-12 11:59:35.514 T:5210 DEBUG : CVideoPlayer::ProcessVideoData size:3287 dts:12.900 pts:12.900 dur:20.000ms, clock:3.812 level:99
2021-12-12 11:59:35.525 T:5210 DEBUG : CVideoPlayer::ProcessVideoData size:2843 dts:12.920 pts:12.940 dur:20.000ms, clock:3.823 level:99
2021-12-12 11:59:35.530 T:5213 DEBUG : CVideoPlayerVideo::OutputPicture - ttd:152ms pts:3.980 Clock:3.827 Level:4
2021-12-12 11:59:35.546 T:5210 DEBUG : CVideoPlayer::ProcessVideoData size:36435 dts:12.940 pts:13.000 dur:20.000ms, clock:3.844 level:99
2021-12-12 11:59:35.549 T:5213 DEBUG : CVideoPlayerVideo::OutputPicture - ttd:153ms pts:4.000 Clock:3.846 Level:4
2021-12-12 11:59:35.567 T:5210 DEBUG : CVideoPlayer::ProcessVideoData size:3479 dts:12.960 pts:12.980 dur:20.000ms, clock:3.864 level:99
2021-12-12 11:59:35.569 T:5213 DEBUG : CVideoPlayerVideo::OutputPicture - ttd:154ms pts:4.020 Clock:3.866 Level:4
2021-12-12 11:59:35.589 T:5210 DEBUG : CVideoPlayer::ProcessVideoData size:3229 dts:12.980 pts:13.020 dur:20.000ms, clock:3.886 level:99
2021-12-12 11:59:35.591 T:5210 DEBUG : CVideoPlayer::ProcessVideoData size:48856 dts:13.000 pts:13.120 dur:20.000ms, clock:3.888 level:99
2021-12-12 11:59:35.609 T:5213 DEBUG : CVideoPlayerVideo::OutputPicture - ttd:134ms pts:4.040 Clock:3.906 Level:3
2021-12-12 11:59:35.628 T:5213 DEBUG : CVideoPlayerVideo::OutputPicture - ttd:134ms pts:4.060 Clock:3.925 Level:3
2021-12-12 11:59:35.643 T:5210 DEBUG : CVideoPlayer::ProcessVideoData size:22652 dts:13.020 pts:13.080 dur:20.000ms, clock:3.940 level:99
2021-12-12 11:59:35.647 T:5213 DEBUG : CVideoPlayerVideo::OutputPicture - ttd:135ms pts:4.080 Clock:3.945 Level:3
2021-12-12 11:59:35.664 T:5210 DEBUG : CVideoPlayer::ProcessVideoData size:3373 dts:13.040 pts:13.060 dur:20.000ms, clock:3.961 level:99
2021-12-12 11:59:35.669 T:5213 DEBUG : CVideoPlayerVideo::OutputPicture - ttd:133ms pts:4.100 Clock:3.966 Level:3
2021-12-12 11:59:35.685 T:5210 DEBUG : CVideoPlayer::ProcessVideoData size:5911 dts:13.060 pts:13.100 dur:20.000ms, clock:3.982 level:99
2021-12-12 11:59:35.690 T:5213 DEBUG : CVideoPlayerVideo::OutputPicture - ttd:132ms pts:4.120 Clock:3.987 Level:3
2021-12-12 11:59:35.706 T:5210 DEBUG : CVideoPlayer::ProcessVideoData size:50526 dts:13.080 pts:13.160 dur:20.000ms, clock:4.004 level:99
2021-12-12 11:59:35.712 T:5213 DEBUG : CVideoPlayerVideo::OutputPicture - ttd:131ms pts:4.140 Clock:4.009 Level:3
