2021-12-12 11:57:32.996 T:5185 DEBUG : CVideoPlayerVideo::OutputPicture - ttd:267ms pts:12.042 Clock:11.774 Level:4
2021-12-12 11:57:33.017 T:5183 DEBUG : CVideoPlayer::ProcessVideoData size:175017 dts:17.500 pts:17.500 dur:41.667ms, clock:11.794 level:54
2021-12-12 11:57:33.020 T:5183 DEBUG : CVideoPlayer::ProcessVideoData size:697794 dts:17.542 pts:17.542 dur:41.667ms, clock:11.798 level:54
2021-12-12 11:57:33.034 T:5185 DEBUG : CVideoPlayerVideo::OutputPicture - ttd:271ms pts:12.083 Clock:11.812 Level:5
2021-12-12 11:57:33.053 T:5183 DEBUG : CVideoPlayer::ProcessVideoData size:388437 dts:17.583 pts:17.583 dur:41.667ms, clock:11.831 level:54
2021-12-12 11:57:33.055 T:5183 DEBUG : CVideoPlayer::ProcessVideoData size:220569 dts:17.625 pts:17.625 dur:41.667ms, clock:11.832 level:55
2021-12-12 11:57:33.057 T:5183 DEBUG : CVideoPlayer::ProcessVideoData size:221826 dts:17.667 pts:17.667 dur:41.667ms, clock:11.834 level:55
2021-12-12 11:57:33.078 T:5185 DEBUG : CVideoPlayerVideo::OutputPicture - ttd:269ms pts:12.125 Clock:11.855 Level:5
2021-12-12 11:57:33.102 T:5183 DEBUG : CVideoPlayer::ProcessVideoData size:671199 dts:17.708 pts:17.708 dur:41.667ms, clock:11.880 level:55
2021-12-12 11:57:33.121 T:5185 DEBUG : CVideoPlayerVideo::OutputPicture - ttd:267ms pts:12.167 Clock:11.899 Level:4
2021-12-12 11:57:33.146 T:5183 DEBUG : CVideoPlayer::ProcessVideoData size:345226 dts:17.750 pts:17.750 dur:41.667ms, clock:11.924 level:55
2021-12-12 11:57:33.147 T:5183 DEBUG : CVideoPlayer::ProcessVideoData size:224089 dts:17.792 pts:17.792 dur:41.667ms, clock:11.925 level:56
2021-12-12 11:57:33.165 T:5185 DEBUG : CVideoPlayerVideo::OutputPicture - ttd:265ms pts:12.208 Clock:11.943 Level:4
2021-12-12 11:57:33.180 T:5183 DEBUG : CVideoPlayer::ProcessVideoData size:189098 dts:17.833 pts:17.833 dur:41.667ms, clock:11.957 level:56
2021-12-12 11:57:33.184 T:5183 DEBUG : CVideoPlayer::ProcessVideoData size:552767 dts:17.875 pts:17.875 dur:41.667ms, clock:11.962 level:56
2021-12-12 11:57:33.201 T:5185 DEBUG : CVideoPlayerVideo::OutputPicture - ttd:270ms pts:12.250 Clock:11.979 Level:5
2021-12-12 11:57:33.246 T:5185 DEBUG : CVideoPlayerVideo::OutputPicture - ttd:267ms pts:12.292 Clock:12.024 Level:4
2021-12-12 11:57:33.286 T:5185 DEBUG : CVideoPlayerVideo::OutputPicture - ttd:270ms pts:12.333 Clock:12.063 Level:5
2021-12-12 11:57:33.331 T:5185 DEBUG : CVideoPlayerVideo::OutputPicture - ttd:266ms pts:12.375 Clock:12.109 Level:4
2021-12-12 11:57:33.370 T:5185 DEBUG : CVideoPlayerVideo::OutputPicture - ttd:269ms pts:12.417 Clock:12.147 Level:5
2021-12-12 11:57:33.415 T:5185 DEBUG : CVideoPlayerVideo::OutputPicture - ttd:265ms pts:12.458 Clock:12.193 Level:4
2021-12-12 11:57:33.454 T:5185 DEBUG : CVideoPlayerVideo::OutputPicture - ttd:268ms pts:12.500 Clock:12.232 Level:5
2021-12-12 11:57:33.493 T:5185 DEBUG : CVideoPlayerVideo::OutputPicture - ttd:270ms pts:12.542 Clock:12.271 Level:5
2021-12-12 11:57:33.539 T:5185 DEBUG : CVideoPlayerVideo::OutputPicture - ttd:266ms pts:12.583 Clock:12.317 Level:4
2021-12-12 11:57:33.578 T:5185 DEBUG : CVideoPlayerVideo::OutputPicture - ttd:269ms pts:12.625 Clock:12.356 Level:5
2021-12-12 11:57:33.623 T:5185 DEBUG : CVideoPlayerVideo::OutputPicture - ttd:265ms pts:12.667 Clock:12.401 Level:4
2021-12-12 11:57:33.662 T:5185 DEBUG : CVideoPlayerVideo::OutputPicture - ttd:268ms pts:12.708 Clock:12.440 Level:5
2021-12-12 11:57:33.707 T:5185 DEBUG : CVideoPlayerVideo::OutputPicture - ttd:264ms pts:12.750 Clock:12.485 Level:4
2021-12-12 11:57:33.746 T:5185 DEBUG : CVideoPlayerVideo::OutputPicture - ttd:267ms pts:12.792 Clock:12.524 Level:4
2021-12-12 11:57:33.748 T:5185 DEBUG : CVideoPlayerVideo::OutputPicture - ttd:307ms pts:12.833 Clock:12.525 Level:5
2021-12-12 11:57:33.749 T:5185 DEBUG : CVideoPlayerVideo::OutputPicture - ttd:348ms pts:12.875 Clock:12.527 Level:6
2021-12-12 11:57:33.831 T:5185 DEBUG : CVideoPlayerVideo::OutputPicture - ttd:307ms pts:12.917 Clock:12.609 Level:5
2021-12-12 11:57:33.833 T:5185 DEBUG : CVideoPlayerVideo::OutputPicture - ttd:347ms pts:12.958 Clock:12.611 Level:6
2021-12-12 11:57:33.856 T:5183 DEBUG : CVideoPlayer::ProcessVideoData size:350297 dts:17.917 pts:17.917 dur:41.667ms, clock:12.634 level:56
2021-12-12 11:57:33.899 T:5183 DEBUG : CVideoPlayer::ProcessVideoData size:214242 dts:17.958 pts:17.958 dur:41.667ms, clock:12.677 level:56
2021-12-12 11:57:33.905 T:5183 DEBUG : CVideoPlayer::ProcessVideoData size:904652 dts:18.000 pts:18.000 dur:41.667ms, clock:12.683 level:56
2021-12-12 11:57:33.954 T:5185 DEBUG : CVideoPlayerVideo::OutputPicture - ttd:268ms pts:13.000 Clock:12.732 Level:5
2021-12-12 11:57:33.990 T:5183 DEBUG : CVideoPlayer::ProcessVideoData size:642542 dts:18.042 pts:18.042 dur:41.667ms, clock:12.768 level:56
2021-12-12 11:57:33.996 T:5185 DEBUG : CVideoPlayerVideo::OutputPicture - ttd:267ms pts:13.042 Clock:12.774 Level:4
2021-12-12 11:57:34.023 T:5183 DEBUG : CVideoPlayer::ProcessVideoData size:389662 dts:18.083 pts:18.083 dur:41.667ms, clock:12.801 level:56
2021-12-12 11:57:34.041 T:5185 DEBUG : CVideoPlayerVideo::OutputPicture - ttd:264ms pts:13.083 Clock:12.819 Level:4
2021-12-12 11:57:34.046 T:5183 DEBUG : CVideoPlayer::ProcessVideoData size:250370 dts:18.125 pts:18.125 dur:41.667ms, clock:12.824 level:56
2021-12-12 11:57:34.048 T:5183 DEBUG : CVideoPlayer::ProcessVideoData size:203403 dts:18.167 pts:18.167 dur:41.667ms, clock:12.826 level:56
2021-12-12 11:57:34.052 T:5183 DEBUG : CVideoPlayer::ProcessVideoData size:621545 dts:18.208 pts:18.208 dur:41.667ms, clock:12.830 level:57
2021-12-12 11:57:34.076 T:5185 DEBUG : CVideoPlayerVideo::OutputPicture - ttd:271ms pts:13.125 Clock:12.854 Level:5
2021-12-12 11:57:34.106 T:5183 DEBUG : CVideoPlayer::ProcessVideoData size:359877 dts:18.250 pts:18.250 dur:41.667ms, clock:12.884 level:57
2021-12-12 11:57:34.109 T:5183 DEBUG : CVideoPlayer::ProcessVideoData size:242034 dts:18.292 pts:18.292 dur:41.667ms, clock:12.887 level:57
2021-12-12 11:57:34.120 T:5185 DEBUG : CVideoPlayerVideo::OutputPicture - ttd:268ms pts:13.167 Clock:12.898 Level:4
2021-12-12 11:57:34.151 T:5183 DEBUG : CVideoPlayer::ProcessVideoData size:211685 dts:18.333 pts:18.333 dur:41.667ms, clock:12.929 level:57
2021-12-12 11:57:34.170 T:5183 DEBUG : CVideoPlayer::ProcessVideoData size:630908 dts:18.375 pts:18.375 dur:41.667ms, clock:12.948 level:57
2021-12-12 11:57:34.170 T:5185 DEBUG : CVideoPlayerVideo::OutputPicture - ttd:260ms pts:13.208 Clock:12.948 Level:4
2021-12-12 11:57:34.173 T:5183 DEBUG : CVideoPlayer::ProcessVideoData size:383912 dts:18.417 pts:18.417 dur:41.667ms, clock:12.951 level:57
2021-12-12 11:57:34.176 T:5183 DEBUG : CVideoPlayer::ProcessVideoData size:256775 dts:18.458 pts:18.458 dur:41.667ms, clock:12.954 level:58
2021-12-12 11:57:34.204 T:5185 DEBUG : CVideoPlayerVideo::OutputPicture - ttd:268ms pts:13.250 Clock:12.982 Level:5
2021-12-12 11:57:34.228 T:5183 DEBUG : CVideoPlayer::ProcessVideoData size:219591 dts:18.500 pts:18.500 dur:41.667ms, clock:13.006 level:58
2021-12-12 11:57:34.230 T:5183 DEBUG : CVideoPlayer::ProcessVideoData size:618928 dts:18.542 pts:18.542 dur:41.667ms, clock:13.008 level:58
2021-12-12 11:57:34.243 T:5185 DEBUG : CVideoPlayerVideo::OutputPicture - ttd:270ms pts:13.292 Clock:13.021 Level:5
2021-12-12 11:57:34.289 T:5185 DEBUG : CVideoPlayerVideo::OutputPicture - ttd:266ms pts:13.333 Clock:13.067 Level:4
2021-12-12 11:57:34.327 T:5185 DEBUG : CVideoPlayerVideo::OutputPicture - ttd:270ms pts:13.375 Clock:13.104 Level:5
2021-12-12 11:57:34.346 T:5183 DEBUG : CVideoPlayer::ProcessVideoData size:379393 dts:18.583 pts:18.583 dur:41.667ms, clock:13.124 level:57
2021-12-12 11:57:34.349 T:5183 DEBUG : CVideoPlayer::ProcessVideoData size:246843 dts:18.625 pts:18.625 dur:41.667ms, clock:13.127 level:57
2021-12-12 11:57:34.351 T:5183 DEBUG : CVideoPlayer::ProcessVideoData size:219111 dts:18.667 pts:18.667 dur:41.667ms, clock:13.129 level:58
2021-12-12 11:57:34.356 T:5183 DEBUG : CVideoPlayer::ProcessVideoData size:649620 dts:18.708 pts:18.708 dur:41.667ms, clock:13.134 level:58
2021-12-12 11:57:34.359 T:5183 DEBUG : CVideoPlayer::ProcessVideoData size:419622 dts:18.750 pts:18.750 dur:41.667ms, clock:13.137 level:59
2021-12-12 11:57:34.370 T:5185 DEBUG : CVideoPlayerVideo::OutputPicture - ttd:269ms pts:13.417 Clock:13.147 Level:5
2021-12-12 11:57:34.415 T:5185 DEBUG : CVideoPlayerVideo::OutputPicture - ttd:265ms pts:13.458 Clock:13.193 Level:4
2021-12-12 11:57:34.454 T:5185 DEBUG : CVideoPlayerVideo::OutputPicture - ttd:268ms pts:13.500 Clock:13.231 Level:4
2021-12-12 11:57:34.483 T:5183 DEBUG : CVideoPlayer::ProcessVideoData size:258963 dts:18.792 pts:18.792 dur:41.667ms, clock:13.261 level:59
2021-12-12 11:57:34.487 T:5183 DEBUG : CVideoPlayer::ProcessVideoData size:245291 dts:18.833 pts:18.833 dur:41.667ms, clock:13.265 level:59
2021-12-12 11:57:34.492 T:5183 DEBUG : CVideoPlayer::ProcessVideoData size:597181 dts:18.875 pts:18.875 dur:41.667ms, clock:13.270 level:60
2021-12-12 11:57:34.496 T:5185 DEBUG : CVideoPlayerVideo::OutputPicture - ttd:267ms pts:13.542 Clock:13.274 Level:5
2021-12-12 11:57:34.524 T:5183 DEBUG : CVideoPlayer::ProcessVideoData size:381079 dts:18.917 pts:18.917 dur:41.667ms, clock:13.302 level:60
2021-12-12 11:57:34.539 T:5185 DEBUG : CVideoPlayerVideo::OutputPicture - ttd:266ms pts:13.583 Clock:13.316 Level:4
2021-12-12 11:57:34.567 T:5183 DEBUG : CVideoPlayer::ProcessVideoData size:262449 dts:18.958 pts:18.958 dur:41.667ms, clock:13.345 level:59
2021-12-12 11:57:34.581 T:5185 DEBUG : CVideoPlayerVideo::OutputPicture - ttd:266ms pts:13.625 Clock:13.359 Level:4
2021-12-12 11:57:34.602 T:5183 DEBUG : CVideoPlayer::ProcessVideoData size:758069 dts:19.000 pts:19.000 dur:41.667ms, clock:13.380 level:59
2021-12-12 11:57:34.618 T:5185 DEBUG : CVideoPlayerVideo::OutputPicture - ttd:270ms pts:13.667 Clock:13.396 Level:5
2021-12-12 11:57:34.652 T:5102 DEBUG : PushCecKeypress - received key d8 duration 0
2021-12-12 11:57:34.656 T:5183 DEBUG : CVideoPlayer::ProcessVideoData size:626761 dts:19.042 pts:19.042 dur:41.667ms, clock:13.434 level:59
2021-12-12 11:57:34.661 T:5013 DEBUG : HandleKey: menu (0xd8) pressed, action is Stop
2021-12-12 11:57:34.661 T:5013 INFO : CVideoPlayer::CloseFile()
2021-12-12 11:57:34.664 T:5013 DEBUG : DeleteRenderer - deleting renderer
2021-12-12 11:57:34.664 T:5013 INFO : VideoPlayer: waiting for threads to exit
2021-12-12 11:57:34.667 T:5183 INFO : CVideoPlayer::OnExit()
2021-12-12 11:57:34.667 T:5183 INFO : Closing stream player 1
2021-12-12 11:57:34.668 T:5183 INFO : Waiting for audio thread to exit
2021-12-12 11:57:34.685 T:5185 DEBUG : CVideoPlayerVideo::OutputPicture - ttd:266ms pts:13.708 Clock:13.442 Level:0
2021-12-12 11:57:34.716 T:5186 INFO : thread end: CVideoPlayerAudio::OnExit()
2021-12-12 11:57:34.716 T:5186 DEBUG : Thread VideoPlayerAudio 3264201344 terminating
2021-12-12 11:57:34.717 T:5183 INFO : Closing audio device
2021-12-12 11:57:34.723 T:5102 DEBUG : PushCecKeypress - received key d8 duration 71
2021-12-12 11:57:34.723 T:5185 DEBUG : CVideoPlayerVideo::OutputPicture - ttd:267ms pts:13.750 Clock:13.482 Level:0
2021-12-12 11:57:34.744 T:5185 DEBUG : CVideoPlayerVideo::OutputPicture - ttd:288ms pts:13.792 Clock:13.503 Level:0
2021-12-12 11:57:34.765 T:5185 DEBUG : CVideoPlayerVideo::OutputPicture - ttd:309ms pts:13.833 Clock:13.524 Level:0
2021-12-12 11:57:34.765 T:5183 DEBUG : CDVDAudio::Flush - flush audio stream
2021-12-12 11:57:34.765 T:5021 DEBUG : CActiveAE::DiscardStream - audio stream deleted
2021-12-12 11:57:34.766 T:5021 DEBUG : CActiveAE::ClearDiscardedBuffers - buffer pool deleted
2021-12-12 11:57:34.768 T:5183 INFO : Skipped 2 duplicate messages..
2021-12-12 11:57:34.768 T:5183 INFO : Deleting audio codec
2021-12-12 11:57:34.768 T:5183 INFO : Closing stream player 2
2021-12-12 11:57:34.768 T:5183 INFO : waiting for video thread to exit
2021-12-12 11:57:34.769 T:5022 INFO : CActiveAESink::OpenSink - initialize sink
2021-12-12 11:57:34.786 T:5185 DEBUG : CVideoPlayerVideo::OutputPicture - ttd:330ms pts:13.875 Clock:13.544 Level:0
2021-12-12 11:57:34.786 T:5185 INFO : thread end: video_thread
2021-12-12 11:57:34.786 T:5185 DEBUG : Thread VideoPlayerVideo 3272594048 terminating
2021-12-12 11:57:34.810 T:5183 INFO : deleting video codec
2021-12-12 11:57:34.810 T:5183 DEBUG : CAMLCodec::CloseDecoder
2021-12-12 11:57:34.822 T:5183 DEBUG : CAMLVideoBufferPool::~CAMLVideoBufferPool: Deleting 9 buffers
2021-12-12 11:57:34.843 T:5184 DEBUG : Thread FileCache 3280986752 terminating
2021-12-12 11:57:34.884 T:5183 DEBUG : CSMBFile::Close closing fd 10000
2021-12-12 11:57:34.885 T:5183 DEBUG : Thread VideoPlayer 3289379456 terminating
2021-12-12 11:57:34.885 T:5013 INFO : VideoPlayer: finished waiting
2021-12-12 11:57:34.886 T:5013 INFO : CVideoPlayer::CloseFile()
2021-12-12 11:57:34.886 T:5013 INFO : VideoPlayer: waiting for threads to exit
2021-12-12 11:57:34.886 T:5013 INFO : VideoPlayer: finished waiting
2021-12-12 11:57:34.888 T:5117 INFO : Deleting settings information for files smb://media-pc/kodi/test/ISS_4k_HDR10plus_ff.mp4
2021-12-12 11:57:34.888 T:5013 DEBUG : Radio UECP (RDS) Processor - delete ~CDVDRadioRDSData
2021-12-12 11:57:34.893 T:5078 DEBUG : DoWork - Saving file state for video item smb://media-pc/kodi/test/ISS_4k_HDR10plus_ff.mp4
2021-12-12 11:57:34.919 T:5070 DEBUG : OnPlayBackStopped: CApplication::OnPlayBackStopped
2021-12-12 11:57:34.929 T:5013 DEBUG : CGUIWindowManager::PreviousWindow: Deactivate
2021-12-12 11:57:34.930 T:5013 DEBUG : ------ Window Deinit (VideoFullScreen.xml) ------
2021-12-12 11:57:34.966 T:5022 DEBUG : CActiveAESink::OpenSink - trying to open device ALSA:surround71:CARD=AMLAUGESOUND,DEV=0
2021-12-12 11:57:34.967 T:5022 INFO : CAESinkALSA::Initialize - Attempting to open device "surround71:CARD=AMLAUGESOUND,DEV=0"
2021-12-12 11:57:34.980 T:5022 INFO : CAESinkALSA::Initialize - Opened device "surround71:CARD=AMLAUGESOUND,DEV=0"
2021-12-12 11:57:34.982 T:5022 INFO : CAESinkALSA::InitializeHW - Your hardware does not support AE_FMT_FLOAT, trying other formats
2021-12-12 11:57:34.982 T:5022 INFO : CAESinkALSA::InitializeHW - Using data format AE_FMT_S24NE4
2021-12-12 11:57:34.982 T:5022 DEBUG : CAESinkALSA::InitializeHW - Request: periodSize 2205, bufferSize 8820
2021-12-12 11:57:34.985 T:5013 DEBUG : AMLUtils::aml_handle_display_stereo_mode old mode 3doff new mode 3doff
2021-12-12 11:57:34.985 T:5013 DEBUG : AMLUtils::aml_handle_display_stereo_mode - no change needed
2021-12-12 11:57:35.039 T:5022 DEBUG : CAESinkALSA::InitializeHW - Got: periodSize 2205, bufferSize 8820
2021-12-12 11:57:35.039 T:5022 DEBUG : CAESinkALSA::InitializeHW - Setting timeout to 200 ms
2021-12-12 11:57:35.040 T:5022 DEBUG : CAESinkALSA::GetChannelLayout - Input Channel Count: 2 Output Channel Count: 2
2021-12-12 11:57:35.040 T:5022 DEBUG : CAESinkALSA::GetChannelLayout - Requested Layout: FL, FR
2021-12-12 11:57:35.040 T:5022 DEBUG : CAESinkALSA::GetChannelLayout - Got Layout: FL, FR (ALSA: FL FR)
2021-12-12 11:57:35.040 T:5022 DEBUG : CActiveAESink::OpenSink - ALSA Initialized:
2021-12-12 11:57:35.040 T:5022 DEBUG : Output Device : AML-AUGESOUND
2021-12-12 11:57:35.041 T:5022 DEBUG : Sample Rate : 44100
2021-12-12 11:57:35.041 T:5022 DEBUG : Sample Format : AE_FMT_S24NE4
2021-12-12 11:57:35.041 T:5022 DEBUG : Channel Count : 2
2021-12-12 11:57:35.041 T:5022 DEBUG : Channel Layout: FL, FR
2021-12-12 11:57:35.041 T:5022 DEBUG : Frames : 2205
2021-12-12 11:57:35.041 T:5022 DEBUG : Frame Size : 8
2021-12-12 11:57:35.045 T:5021 DEBUG : CActiveAE::ClearDiscardedBuffers - buffer pool deleted
2021-12-12 11:57:35.236 T:5013 INFO : Skipped 1 duplicate messages..
2021-12-12 11:57:35.236 T:5013 DEBUG : AMLUtils::aml_handle_display_stereo_mode old mode 3doff new mode 3doff
2021-12-12 11:57:35.236 T:5013 DEBUG : AMLUtils::aml_handle_display_stereo_mode - no change needed
2021-12-12 11:57:35.237 T:5013 INFO : GLES: Maximum texture width: 8192
2021-12-12 11:57:35.246 T:5013 DEBUG : CGUIWindowManager::PreviousWindow: Activate new
2021-12-12 11:57:35.246 T:5013 DEBUG : ------ Window Init (FileManager.xml) ------
2021-12-12 11:57:35.248 T:5204 DEBUG : Thread waiting start, auto delete: false
2021-12-12 11:57:35.292 T:5204 DEBUG : Thread waiting 3289379456 terminating
2021-12-12 11:57:35.351 T:5205 DEBUG : Thread waiting start, auto delete: false
2021-12-12 11:57:35.386 T:5205 DEBUG : Thread waiting 3289379456 terminating
2021-12-12 11:57:35.446 T:5013 DEBUG : ffmpeg[(nil)X]: [image2] Custom AVIOContext makes no sense and will be ignored with AVFMT_NOFILE format.
2021-12-12 11:57:35.452 T:5077 DEBUG : ffmpeg[0x3a903e8X]: [image2] Custom AVIOContext makes no sense and will be ignored with AVFMT_NOFILE format.
2021-12-12 11:57:35.656 T:5077 DEBUG : DoWork - took 220 ms to load special://masterprofile/Thumbnails/b/b9e239df.jpg
2021-12-12 11:57:35.976 T:5088 DEBUG : [plugin.video.youtube] PlaybackMonitor active threads: ||
2021-12-12 11:57:36.024 T:5166 DEBUG : Twitch: Player: |onPlayBackStopped|
2021-12-12 11:57:48.759 T:5070 DEBUG : ffmpeg[0x2469fd0X]: [image2] Custom AVIOContext makes no sense and will be ignored with AVFMT_NOFILE format.
2021-12-12 11:58:00.141 T:5078 DEBUG : ffmpeg[0x3d5be78X]: [image2] Custom AVIOContext makes no sense and will be ignored with AVFMT_NOFILE format.
2021-12-12 11:58:00.344 T:5078 DEBUG : DoWork - took 209 ms to load special://masterprofile/Thumbnails/7/7c22cff7.jpg
2021-12-12 11:58:04.977 T:5013 DEBUG : SECTION:UnloadDelayed(DLL: libamcodec.so)
2021-12-12 11:58:09.201 T:5088 DEBUG : requested setting (kodion.view.default) was not found.
2021-12-12 11:58:09.201 T:5088 DEBUG : requested setting (kodion.view.episodes) was not found.
2021-12-12 11:58:09.201 T:5088 DEBUG : requested setting (kodion.view.override) was not found.
2021-12-12 11:58:09.240 T:5170 DEBUG : requested setting (kodion.view.default) was not found.
2021-12-12 11:58:09.240 T:5170 DEBUG : requested setting (kodion.view.episodes) was not found.
2021-12-12 11:58:09.240 T:5170 DEBUG : requested setting (kodion.view.override) was not found.
2021-12-12 11:58:09.258 T:5170 DEBUG : requested setting (kodion.view.default) was not found.
2021-12-12 11:58:09.258 T:5170 DEBUG : requested setting (kodion.view.episodes) was not found.
2021-12-12 11:58:09.259 T:5170 DEBUG : requested setting (kodion.view.override) was not found.
2021-12-12 11:58:11.429 T:5107 DEBUG : ffmpeg[0x3ea2090X]: [image2] Custom AVIOContext makes no sense and will be ignored with AVFMT_NOFILE format.
2021-12-12 11:58:11.577 T:5107 DEBUG : DoWork - took 155 ms to load special://masterprofile/Thumbnails/8/8498e366.jpg
2021-12-12 11:58:22.820 T:5107 DEBUG : ffmpeg[0x3ea2090X]: [image2] Custom AVIOContext makes no sense and will be ignored with AVFMT_NOFILE format.
2021-12-12 11:58:23.052 T:5107 DEBUG : DoWork - took 248 ms to load special://masterprofile/Thumbnails/b/bd40539a.jpg
2021-12-12 11:58:45.608 T:5077 DEBUG : ffmpeg[0x3a903e8X]: [image2] Custom AVIOContext makes no sense and will be ignored with AVFMT_NOFILE format.
2021-12-12 11:58:45.822 T:5077 DEBUG : DoWork - took 227 ms to load special://masterprofile/Thumbnails/d/d5a72861.jpg
2021-12-12 11:58:56.958 T:5077 DEBUG : ffmpeg[0x3a903e8X]: [image2] Custom AVIOContext makes no sense and will be ignored with AVFMT_NOFILE format.
2021-12-12 11:58:57.083 T:5077 DEBUG : DoWork - took 136 ms to load special://masterprofile/Thumbnails/f/f919d3d3.jpg
2021-12-12 11:59:08.314 T:5117 DEBUG : ffmpeg[0xc107bbc0X]: [image2] Custom AVIOContext makes no sense and will be ignored with AVFMT_NOFILE format.
2021-12-12 11:59:08.529 T:5117 DEBUG : DoWork - took 225 ms to load special://masterprofile/Thumbnails/0/0bca0ee3.jpg
2021-12-12 11:59:09.305 T:5088 DEBUG : requested setting (kodion.view.default) was not found.
2021-12-12 11:59:09.306 T:5088 DEBUG : requested setting (kodion.view.episodes) was not found.
2021-12-12 11:59:09.306 T:5088 DEBUG : requested setting (kodion.view.override) was not found.
2021-12-12 11:59:09.345 T:5170 DEBUG : requested setting (kodion.view.default) was not found.
2021-12-12 11:59:09.345 T:5170 DEBUG : requested setting (kodion.view.episodes) was not found.
2021-12-12 11:59:09.345 T:5170 DEBUG : requested setting (kodion.view.override) was not found.
2021-12-12 11:59:09.363 T:5170 DEBUG : requested setting (kodion.view.default) was not found.
2021-12-12 11:59:09.363 T:5170 DEBUG : requested setting (kodion.view.episodes) was not found.
2021-12-12 11:59:09.363 T:5170 DEBUG : requested setting (kodion.view.override) was not found.
2021-12-12 11:59:13.174 T:5013 INFO : Samba is idle. Closing the remaining connections
2021-12-12 11:59:19.629 T:5117 DEBUG : ffmpeg[0xc107bbc0X]: [image2] Custom AVIOContext makes no sense and will be ignored with AVFMT_NOFILE format.
2021-12-12 11:59:19.840 T:5117 DEBUG : DoWork - took 215 ms to load special://masterprofile/Thumbnails/c/ce3466e8.jpg
2021-12-12 11:59:25.424 T:5102 DEBUG : PushCecKeypress - received key a7 duration 0
2021-12-12 11:59:25.467 T:5013 DEBUG : HandleKey: 167 (0xa7, obc88) pressed, action is Down
2021-12-12 11:59:25.597 T:5102 DEBUG : PushCecKeypress - received key a7 duration 173
2021-12-12 11:59:25.851 T:5102 DEBUG : PushCecKeypress - received key a7 duration 0
2021-12-12 11:59:25.882 T:5013 DEBUG : HandleKey: 167 (0xa7, obc88) pressed, action is Down
2021-12-12 11:59:26.036 T:5102 DEBUG : PushCecKeypress - received key a7 duration 184
2021-12-12 11:59:28.340 T:5102 DEBUG : PushCecKeypress - received key b duration 0
2021-12-12 11:59:28.341 T:5013 DEBUG : HandleKey: 11 (0x0b, obc244) pressed, action is Select
2021-12-12 11:59:28.392 T:5013 DEBUG : CPlayerCoreFactory::GetPlayers(smb://media-pc/kodi/test/TravelXP 4K HDR HLG Demo.ts)
2021-12-12 11:59:28.392 T:5013 DEBUG : CPlayerSelectionRule::GetPlayers: considering rule: system rules
2021-12-12 11:59:28.392 T:5013 DEBUG : CPlayerSelectionRule::GetPlayers: matches rule: system rules
2021-12-12 11:59:28.392 T:5013 DEBUG : CPlayerSelectionRule::GetPlayers: considering rule: mms/udp
2021-12-12 11:59:28.392 T:5013 DEBUG : CPlayerSelectionRule::GetPlayers: considering rule: lastfm/shout
2021-12-12 11:59:28.392 T:5013 DEBUG : CPlayerSelectionRule::GetPlayers: considering rule: rtmp
2021-12-12 11:59:28.392 T:5013 DEBUG : CPlayerSelectionRule::GetPlayers: considering rule: rtsp
2021-12-12 11:59:28.392 T:5013 DEBUG : CPlayerSelectionRule::GetPlayers: considering rule: streams
2021-12-12 11:59:28.392 T:5013 DEBUG : CPlayerSelectionRule::GetPlayers: considering rule: dvd
2021-12-12 11:59:28.392 T:5013 DEBUG : CPlayerSelectionRule::GetPlayers: considering rule: discimage
2021-12-12 11:59:28.392 T:5013 DEBUG : CPlayerSelectionRule::GetPlayers: considering rule: sdp/asf
2021-12-12 11:59:28.392 T:5013 DEBUG : CPlayerSelectionRule::GetPlayers: considering rule: nsv
2021-12-12 11:59:28.392 T:5013 DEBUG : CPlayerSelectionRule::GetPlayers: considering rule: radio
2021-12-12 11:59:28.392 T:5013 DEBUG : CPlayerCoreFactory::GetPlayers: matched 0 rules with players
2021-12-12 11:59:28.392 T:5013 DEBUG : CPlayerCoreFactory::GetPlayers: adding videodefaultplayer (VideoPlayer)
2021-12-12 11:59:28.392 T:5013 DEBUG : CPlayerCoreFactory::GetPlayers: for video=1, audio=0
2021-12-12 11:59:28.392 T:5013 DEBUG : CPlayerCoreFactory::GetPlayers: for video=1, audio=1
2021-12-12 11:59:28.392 T:5013 DEBUG : CPlayerCoreFactory::GetPlayers: added 1 players
2021-12-12 11:59:28.396 T:5013 DEBUG : Radio UECP (RDS) Processor - new CDVDRadioRDSData
2021-12-12 11:59:28.396 T:5013 INFO : VideoPlayer::OpenFile: smb://media-pc/kodi/test/TravelXP 4K HDR HLG Demo.ts
2021-12-12 11:59:28.396 T:5210 DEBUG : Thread VideoPlayer start, auto delete: false
2021-12-12 11:59:28.396 T:5013 DEBUG : OnPlayBackStarted: CApplication::OnPlayBackStarted
2021-12-12 11:59:28.397 T:5210 INFO : Creating InputStream
2021-12-12 11:59:28.410 T:5117 DEBUG : Loading settings for smb://media-pc/kodi/test/TravelXP 4K HDR HLG Demo.ts
2021-12-12 11:59:28.417 T:5013 DEBUG : CVideoGUIInfo::InitCurrentItem(smb://media-pc/kodi/test/TravelXP 4K HDR HLG Demo.ts)
2021-12-12 11:59:28.461 T:5210 DEBUG : CFileCache::Open - opening
2021-12-12 11:59:28.463 T:5210 DEBUG : CSMBFile::Open - opened smb://USERNAME:PASSWORD@media-pc/kodi/test/TravelXP 4K HDR HLG Demo.ts, fd=10000
2021-12-12 11:59:28.466 T:5210 DEBUG : CFileCache::Open - source chunk size is 65536, setting cache chunk size to 65536
2021-12-12 11:59:28.466 T:5210 DEBUG : CFileCache::Open - using single memory cache sized 278921216 bytes
2021-12-12 11:59:28.468 T:5211 DEBUG : Thread FileCache start, auto delete: false
2021-12-12 11:59:28.468 T:5210 DEBUG : ScanForExternalSubtitles: Searching for subtitles...
2021-12-12 11:59:28.484 T:5210 DEBUG : ScanForExternalSubtitles: END (total time: 15 ms)
2021-12-12 11:59:28.484 T:5210 INFO : Creating Demuxer
2021-12-12 11:59:28.485 T:5102 DEBUG : PushCecKeypress - received key b duration 146
2021-12-12 11:59:28.494 T:5013 DEBUG : CPlayerGUIInfo::InitCurrentItem(smb://media-pc/kodi/test/TravelXP 4K HDR HLG Demo.ts)
2021-12-12 11:59:28.555 T:5210 DEBUG : Open - avformat_find_stream_info starting
2021-12-12 11:59:28.577 T:5166 DEBUG : Twitch: Player: |onPlayBackStarted| isTwitch |False| SeekTime ||
2021-12-12 11:59:28.580 T:5210 ERROR : ffmpeg[0x4a6f848X]: [hevc] PPS id out of range: 0
2021-12-12 11:59:28.587 T:5210 INFO : Skipped 1 duplicate messages..
2021-12-12 11:59:28.587 T:5210 DEBUG : ffmpeg[0x4a6f848X]: [hevc] Error parsing NAL unit #2.
2021-12-12 11:59:28.588 T:5210 ERROR : ffmpeg[0x4a6f848X]: [hevc] PPS id out of range: 0
2021-12-12 11:59:28.588 T:5210 INFO : Skipped 1 duplicate messages..
2021-12-12 11:59:28.588 T:5210 DEBUG : ffmpeg[0x4a6f848X]: [hevc] Error parsing NAL unit #2.
2021-12-12 11:59:28.588 T:5210 ERROR : ffmpeg[0x4a6f848X]: [hevc] PPS id out of range: 0
2021-12-12 11:59:28.589 T:5210 INFO : Skipped 1 duplicate messages..
2021-12-12 11:59:28.589 T:5210 DEBUG : ffmpeg[0x4a6f848X]: [hevc] Error parsing NAL unit #2.
2021-12-12 11:59:28.589 T:5210 ERROR : ffmpeg[0x4a6f848X]: [hevc] PPS id out of range: 0
2021-12-12 11:59:28.590 T:5210 INFO : Skipped 1 duplicate messages..
2021-12-12 11:59:28.590 T:5210 DEBUG : ffmpeg[0x4a6f848X]: [hevc] Error parsing NAL unit #2.
2021-12-12 11:59:28.590 T:5210 ERROR : ffmpeg[0x4a6f848X]: [hevc] PPS id out of range: 0
2021-12-12 11:59:28.590 T:5210 INFO : Skipped 1 duplicate messages..
2021-12-12 11:59:28.590 T:5210 DEBUG : ffmpeg[0x4a6f848X]: [hevc] Error parsing NAL unit #2.
2021-12-12 11:59:28.590 T:5210 ERROR : ffmpeg[0x4a6f848X]: [hevc] PPS id out of range: 0
2021-12-12 11:59:28.591 T:5210 INFO : Skipped 1 duplicate messages..
2021-12-12 11:59:28.591 T:5210 DEBUG : ffmpeg[0x4a6f848X]: [hevc] Error parsing NAL unit #2.
2021-12-12 11:59:28.591 T:5210 ERROR : ffmpeg[0x4a6f848X]: [hevc] PPS id out of range: 0
2021-12-12 11:59:28.592 T:5210 INFO : Skipped 1 duplicate messages..
2021-12-12 11:59:28.592 T:5210 DEBUG : ffmpeg[0x4a6f848X]: [hevc] Error parsing NAL unit #2.
2021-12-12 11:59:28.592 T:5210 ERROR : ffmpeg[0x4a6f848X]: [hevc] PPS id out of range: 0
2021-12-12 11:59:28.592 T:5210 INFO : Skipped 1 duplicate messages..
2021-12-12 11:59:28.592 T:5210 DEBUG : ffmpeg[0x4a6f848X]: [hevc] Error parsing NAL unit #2.
2021-12-12 11:59:28.593 T:5210 ERROR : ffmpeg[0x4a6f848X]: [hevc] PPS id out of range: 0
2021-12-12 11:59:28.593 T:5210 INFO : Skipped 1 duplicate messages..
2021-12-12 11:59:28.593 T:5210 DEBUG : ffmpeg[0x4a6f848X]: [hevc] Error parsing NAL unit #2.
2021-12-12 11:59:28.593 T:5210 ERROR : ffmpeg[0x4a6f848X]: [hevc] PPS id out of range: 0
2021-12-12 11:59:28.594 T:5210 INFO : Skipped 1 duplicate messages..
2021-12-12 11:59:28.594 T:5210 DEBUG : ffmpeg[0x4a6f848X]: [hevc] Error parsing NAL unit #2.
2021-12-12 11:59:28.594 T:5210 ERROR : ffmpeg[0x4a6f848X]: [hevc] PPS id out of range: 0
2021-12-12 11:59:28.594 T:5013 INFO : Skipped 1 duplicate messages..
2021-12-12 11:59:28.594 T:5013 DEBUG : ------ Window Init (DialogBusy.xml) ------
2021-12-12 11:59:28.595 T:5210 DEBUG : ffmpeg[0x4a6f848X]: [hevc] Error parsing NAL unit #2.
2021-12-12 11:59:28.595 T:5210 ERROR : ffmpeg[0x4a6f848X]: [hevc] PPS id out of range: 0
2021-12-12 11:59:28.595 T:5210 INFO : Skipped 1 duplicate messages..
2021-12-12 11:59:28.595 T:5210 DEBUG : ffmpeg[0x4a6f848X]: [hevc] Error parsing NAL unit #2.
2021-12-12 11:59:28.595 T:5210 ERROR : ffmpeg[0x4a6f848X]: [hevc] PPS id out of range: 0
2021-12-12 11:59:28.596 T:5210 INFO : Skipped 1 duplicate messages..
2021-12-12 11:59:28.596 T:5210 DEBUG : ffmpeg[0x4a6f848X]: [hevc] Error parsing NAL unit #2.
2021-12-12 11:59:28.596 T:5210 ERROR : ffmpeg[0x4a6f848X]: [hevc] PPS id out of range: 0
2021-12-12 11:59:28.596 T:5090 DEBUG : [ script.embuary.helper ] Video playlist has been filled. Clear existing music playlist
2021-12-12 11:59:28.596 T:5210 ERROR : ffmpeg[0x4a6f848X]: [hevc] PPS id out of range: 0
2021-12-12 11:59:28.597 T:5210 DEBUG : ffmpeg[0x4a6f848X]: [hevc] Error parsing NAL unit #2.
2021-12-12 11:59:28.597 T:5210 ERROR : ffmpeg[0x4a6f848X]: [hevc] PPS id out of range: 0
2021-12-12 11:59:28.597 T:5210 INFO : Skipped 1 duplicate messages..
2021-12-12 11:59:28.597 T:5210 DEBUG : ffmpeg[0x4a6f848X]: [hevc] Error parsing NAL unit #2.
2021-12-12 11:59:28.598 T:5210 ERROR : ffmpeg[0x4a6f848X]: [hevc] PPS id out of range: 0
2021-12-12 11:59:28.601 T:5210 INFO : Skipped 1 duplicate messages..
2021-12-12 11:59:28.601 T:5210 DEBUG : ffmpeg[0x4a6f848X]: [hevc] Error parsing NAL unit #2.
2021-12-12 11:59:28.602 T:5210 ERROR : ffmpeg[0x4a6f848X]: [hevc] PPS id out of range: 0
2021-12-12 11:59:28.604 T:5210 INFO : Skipped 1 duplicate messages..
2021-12-12 11:59:28.604 T:5210 DEBUG : ffmpeg[0x4a6f848X]: [hevc] Error parsing NAL unit #2.
2021-12-12 11:59:28.605 T:5210 ERROR : ffmpeg[0x4a6f848X]: [hevc] PPS id out of range: 0
2021-12-12 11:59:28.606 T:5210 INFO : Skipped 1 duplicate messages..
2021-12-12 11:59:28.606 T:5210 DEBUG : ffmpeg[0x4a6f848X]: [hevc] Error parsing NAL unit #2.
2021-12-12 11:59:28.606 T:5210 ERROR : ffmpeg[0x4a6f848X]: [hevc] PPS id out of range: 0
2021-12-12 11:59:28.607 T:5210 INFO : Skipped 1 duplicate messages..
2021-12-12 11:59:28.607 T:5210 DEBUG : ffmpeg[0x4a6f848X]: [hevc] Error parsing NAL unit #2.
2021-12-12 11:59:28.607 T:5210 ERROR : ffmpeg[0x4a6f848X]: [hevc] PPS id out of range: 0
2021-12-12 11:59:28.607 T:5210 INFO : Skipped 1 duplicate messages..
2021-12-12 11:59:28.607 T:5210 DEBUG : ffmpeg[0x4a6f848X]: [hevc] Error parsing NAL unit #2.
2021-12-12 11:59:28.608 T:5210 ERROR : ffmpeg[0x4a6f848X]: [hevc] PPS id out of range: 0
2021-12-12 11:59:28.608 T:5210 INFO : Skipped 1 duplicate messages..
2021-12-12 11:59:28.608 T:5210 DEBUG : ffmpeg[0x4a6f848X]: [hevc] Error parsing NAL unit #2.
2021-12-12 11:59:28.608 T:5210 ERROR : ffmpeg[0x4a6f848X]: [hevc] PPS id out of range: 0
2021-12-12 11:59:28.608 T:5210 INFO : Skipped 1 duplicate messages..
2021-12-12 11:59:28.608 T:5210 DEBUG : ffmpeg[0x4a6f848X]: [hevc] Error parsing NAL unit #2.
2021-12-12 11:59:28.609 T:5210 ERROR : ffmpeg[0x4a6f848X]: [hevc] PPS id out of range: 0
2021-12-12 11:59:28.609 T:5210 INFO : Skipped 1 duplicate messages..
2021-12-12 11:59:28.609 T:5210 DEBUG : ffmpeg[0x4a6f848X]: [hevc] Error parsing NAL unit #2.
2021-12-12 11:59:28.609 T:5210 ERROR : ffmpeg[0x4a6f848X]: [hevc] PPS id out of range: 0
2021-12-12 11:59:28.609 T:5210 INFO : Skipped 1 duplicate messages..
2021-12-12 11:59:28.609 T:5210 DEBUG : ffmpeg[0x4a6f848X]: [hevc] Error parsing NAL unit #2.
2021-12-12 11:59:28.610 T:5210 ERROR : ffmpeg[0x4a6f848X]: [hevc] PPS id out of range: 0
2021-12-12 11:59:28.610 T:5210 INFO : Skipped 1 duplicate messages..
2021-12-12 11:59:28.610 T:5210 DEBUG : ffmpeg[0x4a6f848X]: [hevc] Error parsing NAL unit #2.
2021-12-12 11:59:28.611 T:5210 ERROR : ffmpeg[0x4a6f848X]: [hevc] PPS id out of range: 0
2021-12-12 11:59:28.611 T:5210 INFO : Skipped 1 duplicate messages..
2021-12-12 11:59:28.611 T:5210 DEBUG : ffmpeg[0x4a6f848X]: [hevc] Error parsing NAL unit #2.
2021-12-12 11:59:28.612 T:5210 ERROR : ffmpeg[0x4a6f848X]: [hevc] PPS id out of range: 0
2021-12-12 11:59:28.612 T:5210 INFO : Skipped 1 duplicate messages..
2021-12-12 11:59:28.612 T:5210 DEBUG : ffmpeg[0x4a6f848X]: [hevc] Error parsing NAL unit #2.
2021-12-12 11:59:28.612 T:5210 ERROR : ffmpeg[0x4a6f848X]: [hevc] PPS id out of range: 0
2021-12-12 11:59:28.613 T:5013 INFO : Skipped 1 duplicate messages..
2021-12-12 11:59:28.613 T:5013 DEBUG : Alignment of external buffer is not suitable for ffmpeg intrinsics - please fix your malloc
2021-12-12 11:59:28.613 T:5210 DEBUG : ffmpeg[0x4a6f848X]: [hevc] Error parsing NAL unit #2.
2021-12-12 11:59:28.613 T:5210 ERROR : ffmpeg[0x4a6f848X]: [hevc] PPS id out of range: 0
2021-12-12 11:59:28.613 T:5210 INFO : Skipped 1 duplicate messages..
2021-12-12 11:59:28.613 T:5210 DEBUG : ffmpeg[0x4a6f848X]: [hevc] Error parsing NAL unit #2.
2021-12-12 11:59:28.614 T:5210 ERROR : ffmpeg[0x4a6f848X]: [hevc] PPS id out of range: 0
2021-12-12 11:59:28.614 T:5210 INFO : Skipped 1 duplicate messages..
2021-12-12 11:59:28.614 T:5210 DEBUG : ffmpeg[0x4a6f848X]: [hevc] Error parsing NAL unit #2.
2021-12-12 11:59:28.614 T:5210 ERROR : ffmpeg[0x4a6f848X]: [hevc] PPS id out of range: 0
2021-12-12 11:59:28.615 T:5210 INFO : Skipped 1 duplicate messages..
2021-12-12 11:59:28.615 T:5210 DEBUG : ffmpeg[0x4a6f848X]: [hevc] Error parsing NAL unit #2.
2021-12-12 11:59:28.616 T:5210 ERROR : ffmpeg[0x4a6f848X]: [hevc] PPS id out of range: 0
2021-12-12 11:59:28.619 T:5210 INFO : Skipped 1 duplicate messages..
2021-12-12 11:59:28.619 T:5210 DEBUG : ffmpeg[0x4a6f848X]: [hevc] Error parsing NAL unit #2.
2021-12-12 11:59:28.955 T:5013 DEBUG : Error [-541478725] while reading frame: Unknown error 541478725
2021-12-12 11:59:30.034 T:5211 DEBUG : CFileCache::Process - cache completely reset for seek to position 757151052
2021-12-12 11:59:30.041 T:5211 DEBUG : CFileCache::Process - source read hit eof
2021-12-12 11:59:30.091 T:5210 DEBUG : ffmpeg[0x4a6f848X]: [mpegts] PES packet size mismatch
2021-12-12 11:59:30.091 T:5210 DEBUG : ffmpeg[0x4a6f848X]: [mpegts] Packet corrupt (stream = 1, dts = 12584879).
2021-12-12 11:59:30.091 T:5211 DEBUG : CFileCache::Process - cache completely reset for seek to position 0
2021-12-12 11:59:30.147 T:5210 DEBUG : Open - av_find_stream_info finished
2021-12-12 11:59:30.148 T:5210 INFO : ffmpeg[0x4a6f848X]: Input #0, mpegts, from 'smb://media-pc/kodi/test/TravelXP 4K HDR HLG Demo.ts':
2021-12-12 11:59:30.148 T:5210 INFO : ffmpeg[0x4a6f848X]: Duration: 00:01:14.54, start: 66.423989, bitrate: 81292 kb/s
2021-12-12 11:59:30.148 T:5210 INFO : ffmpeg[0x4a6f848X]: Program 4601
2021-12-12 11:59:30.148 T:5210 INFO : ffmpeg[0x4a6f848X]: Program 4602
2021-12-12 11:59:30.148 T:5210 INFO : ffmpeg[0x4a6f848X]: Program 4603
2021-12-12 11:59:30.148 T:5210 INFO : ffmpeg[0x4a6f848X]: Stream #0:0[0x1c9]: Video: hevc (Main 10) ([36][0][0][0] / 0x0024), yuv420p10le(tv, bt2020nc/bt2020/arib-std-b67), 3840x2160 [SAR 1:1 DAR 16:9], 50 fps, 50 tbr, 90k tbn, 50 tbc
2021-12-12 11:59:30.148 T:5210 INFO : ffmpeg[0x4a6f848X]: Stream #0:1[0x1ca]: Audio: aac (LC) ([15][0][0][0] / 0x000F), 48000 Hz, mono, fltp, 192 kb/s
2021-12-12 11:59:30.149 T:5210 DEBUG : DVDDemuxFFmpeg::AddStream - fps:50/1 tbr:50/1 tbn:50/1
2021-12-12 11:59:30.149 T:5210 DEBUG : DVDDemuxFFmpeg::AddStream - fps:50/1p
2021-12-12 11:59:30.149 T:5210 DEBUG : CDVDDemuxFFmpeg::AddStream ID: 0
2021-12-12 11:59:30.149 T:5210 DEBUG : CDVDDemuxFFmpeg::AddStream ID: 1
2021-12-12 11:59:30.149 T:5210 DEBUG : CDVDInputStreamFile::SetReadRate - set cache throttle rate to 11177700 bytes per second
2021-12-12 11:59:30.149 T:5210 INFO : Opening stream: 0 source: 256
2021-12-12 11:59:30.149 T:5210 WARNING : OpenStream - Unsupported stream 0. Stream disabled.
2021-12-12 11:59:30.149 T:5210 INFO : Opening stream: 1 source: 256
2021-12-12 11:59:30.149 T:5210 INFO : Finding audio codec for: 86018
2021-12-12 11:59:30.150 T:5210 INFO : CDVDAudioCodecFFmpeg::Open() Successful opened audio decoder aac
2021-12-12 11:59:30.150 T:5210 INFO : Creating audio thread
2021-12-12 11:59:30.151 T:5212 DEBUG : Thread VideoPlayerAudio start, auto delete: false
2021-12-12 11:59:30.151 T:5212 INFO : running thread: CVideoPlayerAudio::Process()
2021-12-12 11:59:30.151 T:5212 DEBUG : CVideoPlayerAudio - CDVDMsg::GENERAL_PAUSE: 0
2021-12-12 11:59:30.152 T:5210 DEBUG : CDVDClock::SetSpeedAdjust - adjusted:0.000000
2021-12-12 11:59:30.152 T:5210 DEBUG : CVideoPlayer::HandleMessages - player 1 reported state: 0
2021-12-12 11:59:30.152 T:5077 DEBUG : OnAVChange: CApplication::OnAVChange
2021-12-12 11:59:30.162 T:5212 DEBUG : CDVDAudio::Pause - pausing audio stream
2021-12-12 11:59:30.198 T:5210 DEBUG : CDVDDemuxFFmpeg::ParsePacket() fetching extradata, extradata_size(123)
2021-12-12 11:59:30.203 T:5210 INFO : CDVDDemuxFFmpeg::Read() stream change
2021-12-12 11:59:30.203 T:5210 INFO : ffmpeg[0x4a6f848X]: Input #0, mpegts, from 'smb://media-pc/kodi/test/TravelXP 4K HDR HLG Demo.ts':
2021-12-12 11:59:30.203 T:5210 INFO : ffmpeg[0x4a6f848X]: Duration: 00:01:14.54, start: 66.423989, bitrate: 81292 kb/s
2021-12-12 11:59:30.203 T:5210 INFO : ffmpeg[0x4a6f848X]: Program 4601
2021-12-12 11:59:30.203 T:5210 INFO : ffmpeg[0x4a6f848X]: Program 4602
2021-12-12 11:59:30.203 T:5210 INFO : ffmpeg[0x4a6f848X]: Program 4603
2021-12-12 11:59:30.203 T:5210 INFO : ffmpeg[0x4a6f848X]: Stream #0:0[0x1c9]: Video: hevc (Main 10) ([36][0][0][0] / 0x0024), yuv420p10le(tv, bt2020nc/bt2020/arib-std-b67), 3840x2160 [SAR 1:1 DAR 16:9], 50 fps, 50 tbr, 90k tbn, 50 tbc
2021-12-12 11:59:30.204 T:5210 INFO : ffmpeg[0x4a6f848X]: Stream #0:1[0x1ca]: Audio: aac (LC) ([15][0][0][0] / 0x000F), 48000 Hz, mono, fltp, 191 kb/s
2021-12-12 11:59:30.204 T:5210 DEBUG : DVDDemuxFFmpeg::AddStream - fps:50/1 tbr:50/1 tbn:50/1
2021-12-12 11:59:30.204 T:5210 DEBUG : DVDDemuxFFmpeg::AddStream - fps:50/1p
2021-12-12 11:59:30.204 T:5210 DEBUG : CDVDDemuxFFmpeg::AddStream ID: 0
2021-12-12 11:59:30.204 T:5210 DEBUG : CDVDDemuxFFmpeg::AddStream ID: 1
2021-12-12 11:59:30.205 T:5210 INFO : Opening stream: 0 source: 256
2021-12-12 11:59:30.205 T:5210 INFO : CVideoPlayerVideo::OpenStream - Creating codec: 173
2021-12-12 11:59:30.205 T:5210 DEBUG : DVDVideoCodecAmlogic::Open - codec 173 profile:2 extra_size:123 fps:50/1
2021-12-12 11:59:30.205 T:5210 INFO : CBitstreamConverter::Open Invalid hvcC
2021-12-12 11:59:30.205 T:5210 DEBUG : SECTION:LoadDLL(libamcodec.so)
2021-12-12 11:59:30.206 T:5210 DEBUG : Loading: libamcodec.so
2021-12-12 11:59:30.207 T:5210 INFO : DVDVideoCodecAmlogic: Opened Amlogic Codec
2021-12-12 11:59:30.208 T:5210 DEBUG : CVideoPlayerVideo::OpenStream - open stream with codec id: 173 fps:50/1 options:02
2021-12-12 11:59:30.208 T:5210 INFO : Creating video thread
2021-12-12 11:59:30.208 T:5213 DEBUG : Thread VideoPlayerVideo start, auto delete: false
2021-12-12 11:59:30.208 T:5213 INFO : running thread: video_thread
2021-12-12 11:59:30.208 T:5213 DEBUG : CVideoPlayerVideo - CDVDMsg::GENERAL_PAUSE: 0
2021-12-12 11:59:30.208 T:5210 DEBUG : ReadEditDecisionLists - Checking for edit decision lists (EDL) on local drive or remote share for: smb://media-pc/kodi/test/TravelXP 4K HDR HLG Demo.ts
2021-12-12 11:59:30.209 T:5210 INFO : Opening stream: 1 source: 256
2021-12-12 11:59:30.209 T:5210 INFO : Finding audio codec for: 86018
2021-12-12 11:59:30.210 T:5210 INFO : CDVDAudioCodecFFmpeg::Open() Successful opened audio decoder aac
2021-12-12 11:59:30.211 T:5210 DEBUG : CVideoPlayer::HandleMessages - player 2 reported state: 0
2021-12-12 11:59:30.214 T:5210 DEBUG : CVideoPlayer::ProcessVideoData size:1413627 dts:0.460 pts:0.840 dur:20.000ms, clock:0.340 level:0
2021-12-12 11:59:30.214 T:5210 DEBUG : CDVDClock::SetSpeedAdjust - adjusted:0.000000
2021-12-12 11:59:30.214 T:5212 DEBUG : CVideoPlayerAudio - CDVDMsg::GENERAL_PAUSE: 0
2021-12-12 11:59:30.214 T:5212 DEBUG : CDVDAudio::Pause - pausing audio stream
2021-12-12 11:59:30.214 T:5213 DEBUG : CAMLCodec::SetSpeed, speed(0)
2021-12-12 11:59:30.214 T:5213 DEBUG : CVideoPlayerVideo - Stillframe left, switching to normal playback
2021-12-12 11:59:30.215 T:5213 INFO : DVDVideoCodecAmlogic::AddData Open decoder: fps:50/1
2021-12-12 11:59:30.215 T:5210 DEBUG : CVideoPlayer::ProcessVideoData size:58167 dts:0.480 pts:0.680 dur:20.000ms, clock:0.340 level:0
2021-12-12 11:59:30.215 T:5210 DEBUG : CVideoPlayer::HandleMessages - player 1 reported state: 0
2021-12-12 11:59:30.215 T:5213 DEBUG : codecid_to_vformat, id(173) -> vformat(11)
2021-12-12 11:59:30.215 T:5213 DEBUG : codec_tag_to_vdec_type, codec_tag(36) -> vdec_type(0)
2021-12-12 11:59:30.215 T:5213 DEBUG : codec_tag_to_vdec_type, codec_tag(173) -> vdec_type(15)
2021-12-12 11:59:30.215 T:5213 DEBUG : CAMLCodec::OpenDecoder hints.width(3840), hints.height(2160), hints.codec(173), hints.codec_tag(36)
2021-12-12 11:59:30.215 T:5213 DEBUG : CAMLCodec::OpenDecoder hints.fpsrate(50), hints.fpsscale(1), video_rate(1920)
2021-12-12 11:59:30.215 T:5213 DEBUG : CAMLCodec::OpenDecoder hints.aspect(1.777778), video_ratio.num(1), video_ratio.den(1)
2021-12-12 11:59:30.215 T:5213 DEBUG : CAMLCodec::OpenDecoder hints.orientation(0), hints.forced_aspect(0), hints.extrasize(0)
2021-12-12 11:59:30.216 T:5210 DEBUG : CVideoPlayer::ProcessVideoData size:31263 dts:0.500 pts:0.600 dur:20.000ms, clock:0.340 level:0
2021-12-12 11:59:30.216 T:5212 INFO : Creating audio stream (codec id: 86018, channels: 1, sample rate: 48000, no pass-through)
2021-12-12 11:59:30.216 T:5107 DEBUG : OnAVChange: CApplication::OnAVChange
2021-12-12 11:59:30.216 T:5210 DEBUG : CVideoPlayer::ProcessVideoData size:18498 dts:0.520 pts:0.560 dur:20.000ms, clock:0.340 level:1
2021-12-12 11:59:30.216 T:5210 DEBUG : CVideoPlayer::ProcessVideoData size:5512 dts:0.540 pts:0.540 dur:20.000ms, clock:0.340 level:1
2021-12-12 11:59:30.216 T:5212 DEBUG : CVideoPlayerAudio:: synctype set to 0: clock feedback
2021-12-12 11:59:30.216 T:5022 INFO : CActiveAESink::OpenSink - initialize sink
2021-12-12 11:59:30.217 T:5022 DEBUG : CActiveAESink::OpenSink - trying to open device ALSA:surround71:CARD=AMLAUGESOUND,DEV=0
2021-12-12 11:59:30.217 T:5210 DEBUG : CVideoPlayer::ProcessVideoData size:4158 dts:0.560 pts:0.580 dur:20.000ms, clock:0.340 level:1
2021-12-12 11:59:30.217 T:5210 DEBUG : CVideoPlayer::ProcessVideoData size:15189 dts:0.580 pts:0.640 dur:20.000ms, clock:0.340 level:2
2021-12-12 11:59:30.217 T:5210 DEBUG : CVideoPlayer::ProcessVideoData size:4611 dts:0.600 pts:0.620 dur:20.000ms, clock:0.340 level:2
2021-12-12 11:59:30.217 T:5022 INFO : CAESinkALSA::Initialize - Attempting to open device "surround71:CARD=AMLAUGESOUND,DEV=0"
2021-12-12 11:59:30.217 T:5210 DEBUG : CVideoPlayer::ProcessVideoData size:4750 dts:0.620 pts:0.660 dur:20.000ms, clock:0.340 level:2
2021-12-12 11:59:30.218 T:5210 DEBUG : CVideoPlayer::ProcessVideoData size:32360 dts:0.640 pts:0.760 dur:20.000ms, clock:0.340 level:2
2021-12-12 11:59:30.218 T:5210 DEBUG : CVideoPlayer::ProcessVideoData size:15878 dts:0.660 pts:0.720 dur:20.000ms, clock:0.340 level:3
2021-12-12 11:59:30.219 T:5210 DEBUG : CVideoPlayer::ProcessVideoData size:4812 dts:0.680 pts:0.700 dur:20.000ms, clock:0.340 level:3
2021-12-12 11:59:30.219 T:5210 DEBUG : CVideoPlayer::ProcessVideoData size:4940 dts:0.700 pts:0.740 dur:20.000ms, clock:0.340 level:3
2021-12-12 11:59:30.220 T:5210 DEBUG : CVideoPlayer::ProcessVideoData size:21301 dts:0.720 pts:0.800 dur:20.000ms, clock:0.340 level:3
2021-12-12 11:59:30.220 T:5210 DEBUG : CVideoPlayer::ProcessVideoData size:4317 dts:0.740 pts:0.780 dur:20.000ms, clock:0.340 level:4
2021-12-12 11:59:30.222 T:5210 DEBUG : CVideoPlayer::ProcessVideoData size:6077 dts:0.760 pts:0.820 dur:20.000ms, clock:0.340 level:4
2021-12-12 11:59:30.224 T:5210 DEBUG : CVideoPlayer::ProcessVideoData size:185734 dts:0.780 pts:1.160 dur:20.000ms, clock:0.340 level:4
2021-12-12 11:59:30.225 T:5210 DEBUG : CVideoPlayer::ProcessVideoData size:55192 dts:0.800 pts:1.000 dur:20.000ms, clock:0.340 level:4
2021-12-12 11:59:30.225 T:5210 DEBUG : CVideoPlayer::ProcessVideoData size:32115 dts:0.820 pts:0.920 dur:20.000ms, clock:0.340 level:5
2021-12-12 11:59:30.226 T:5210 DEBUG : CVideoPlayer::ProcessVideoData size:18335 dts:0.840 pts:0.880 dur:20.000ms, clock:0.340 level:5
2021-12-12 11:59:30.226 T:5210 DEBUG : CVideoPlayer::ProcessVideoData size:5525 dts:0.860 pts:0.860 dur:20.000ms, clock:0.340 level:5
2021-12-12 11:59:30.227 T:5210 DEBUG : CVideoPlayer::ProcessVideoData size:5742 dts:0.880 pts:0.900 dur:20.000ms, clock:0.340 level:5
2021-12-12 11:59:30.227 T:5210 DEBUG : CVideoPlayer::ProcessVideoData size:16583 dts:0.900 pts:0.960 dur:20.000ms, clock:0.340 level:6
2021-12-12 11:59:30.227 T:5210 DEBUG : CVideoPlayer::ProcessVideoData size:5073 dts:0.920 pts:0.940 dur:20.000ms, clock:0.340 level:6
2021-12-12 11:59:30.228 T:5210 DEBUG : CVideoPlayer::ProcessVideoData size:4931 dts:0.940 pts:0.980 dur:20.000ms, clock:0.340 level:6
2021-12-12 11:59:30.228 T:5210 DEBUG : CVideoPlayer::ProcessVideoData size:30317 dts:0.960 pts:1.080 dur:20.000ms, clock:0.340 level:6
2021-12-12 11:59:30.229 T:5210 DEBUG : CVideoPlayer::ProcessVideoData size:14653 dts:0.980 pts:1.040 dur:20.000ms, clock:0.340 level:7
2021-12-12 11:59:30.229 T:5210 DEBUG : CVideoPlayer::ProcessVideoData size:5133 dts:1.000 pts:1.020 dur:20.000ms, clock:0.340 level:7
2021-12-12 11:59:30.229 T:5210 DEBUG : CVideoPlayer::ProcessVideoData size:4895 dts:1.020 pts:1.060 dur:20.000ms, clock:0.340 level:7
2021-12-12 11:59:30.230 T:5210 DEBUG : CVideoPlayer::ProcessVideoData size:17295 dts:1.040 pts:1.120 dur:20.000ms, clock:0.340 level:7
2021-12-12 11:59:30.230 T:5210 DEBUG : CVideoPlayer::ProcessVideoData size:4957 dts:1.060 pts:1.100 dur:20.000ms, clock:0.340 level:8
2021-12-12 11:59:30.233 T:5210 DEBUG : CVideoPlayer::ProcessVideoData size:6120 dts:1.080 pts:1.140 dur:20.000ms, clock:0.340 level:8
2021-12-12 11:59:30.234 T:5210 DEBUG : CVideoPlayer::ProcessVideoData size:144304 dts:1.100 pts:1.480 dur:20.000ms, clock:0.340 level:8
2021-12-12 11:59:30.237 T:5210 DEBUG : CVideoPlayer::ProcessVideoData size:49272 dts:1.120 pts:1.320 dur:20.000ms, clock:0.340 level:8
2021-12-12 11:59:30.238 T:5210 DEBUG : CVideoPlayer::ProcessVideoData size:31212 dts:1.140 pts:1.240 dur:20.000ms, clock:0.340 level:9
2021-12-12 11:59:30.239 T:5210 DEBUG : CVideoPlayer::ProcessVideoData size:16358 dts:1.160 pts:1.200 dur:20.000ms, clock:0.340 level:9
2021-12-12 11:59:30.239 T:5210 DEBUG : CVideoPlayer::ProcessVideoData size:5521 dts:1.180 pts:1.180 dur:20.000ms, clock:0.340 level:9
2021-12-12 11:59:30.242 T:5210 DEBUG : CVideoPlayer::ProcessVideoData size:4963 dts:1.200 pts:1.220 dur:20.000ms, clock:0.340 level:9
2021-12-12 11:59:30.242 T:5210 DEBUG : CVideoPlayer::ProcessVideoData size:14855 dts:1.220 pts:1.280 dur:20.000ms, clock:0.340 level:9
2021-12-12 11:59:30.243 T:5210 DEBUG : CVideoPlayer::ProcessVideoData size:4414 dts:1.240 pts:1.260 dur:20.000ms, clock:0.340 level:10
2021-12-12 11:59:30.246 T:5022 INFO : CAESinkALSA::Initialize - Opened device "surround71:CARD=AMLAUGESOUND,DEV=0"
2021-12-12 11:59:30.246 T:5210 DEBUG : CVideoPlayer::ProcessVideoData size:3878 dts:1.260 pts:1.300 dur:20.000ms, clock:0.340 level:10
2021-12-12 11:59:30.247 T:5210 DEBUG : CVideoPlayer::ProcessVideoData size:26436 dts:1.280 pts:1.400 dur:20.000ms, clock:0.340 level:10
2021-12-12 11:59:30.247 T:5210 DEBUG : CVideoPlayer::ProcessVideoData size:14079 dts:1.300 pts:1.360 dur:20.000ms, clock:0.340 level:11
2021-12-12 11:59:30.248 T:5210 DEBUG : CVideoPlayer::ProcessVideoData size:4332 dts:1.320 pts:1.340 dur:20.000ms, clock:0.340 level:11
2021-12-12 11:59:30.248 T:5210 DEBUG : CVideoPlayer::ProcessVideoData size:4915 dts:1.340 pts:1.380 dur:20.000ms, clock:0.340 level:11
2021-12-12 11:59:30.249 T:5210 DEBUG : CVideoPlayer::ProcessVideoData size:16666 dts:1.360 pts:1.440 dur:20.000ms, clock:0.340 level:11
2021-12-12 11:59:30.249 T:5210 DEBUG : CVideoPlayer::ProcessVideoData size:4055 dts:1.380 pts:1.420 dur:20.000ms, clock:0.340 level:12
2021-12-12 11:59:30.250 T:5022 INFO : CAESinkALSA::InitializeHW - Your hardware does not support AE_FMT_FLOAT, trying other formats
2021-12-12 11:59:30.250 T:5022 INFO : CAESinkALSA::InitializeHW - Using data format AE_FMT_S24NE4
2021-12-12 11:59:30.250 T:5022 DEBUG : CAESinkALSA::InitializeHW - Request: periodSize 2400, bufferSize 9600
2021-12-12 11:59:30.252 T:5210 DEBUG : CVideoPlayer::ProcessVideoData size:4447 dts:1.400 pts:1.460 dur:20.000ms, clock:0.340 level:12
2021-12-12 11:59:30.281 T:5210 DEBUG : CVideoPlayer::ProcessVideoData size:1414473 dts:1.420 pts:1.800 dur:20.000ms, clock:0.340 level:9
2021-12-12 11:59:30.281 T:5210 DEBUG : CVideoPlayer::ProcessVideoData size:47504 dts:1.440 pts:1.640 dur:20.000ms, clock:0.340 level:9
2021-12-12 11:59:30.282 T:5210 DEBUG : CVideoPlayer::ProcessVideoData size:27738 dts:1.460 pts:1.560 dur:20.000ms, clock:0.340 level:9
2021-12-12 11:59:30.282 T:5210 DEBUG : CVideoPlayer::ProcessVideoData size:15824 dts:1.480 pts:1.520 dur:20.000ms, clock:0.340 level:9
2021-12-12 11:59:30.283 T:5210 DEBUG : CVideoPlayer::ProcessVideoData size:4215 dts:1.500 pts:1.500 dur:20.000ms, clock:0.340 level:10
2021-12-12 11:59:30.283 T:5210 DEBUG : CVideoPlayer::ProcessVideoData size:3885 dts:1.520 pts:1.540 dur:20.000ms, clock:0.340 level:10
2021-12-12 11:59:30.283 T:5022 DEBUG : CAESinkALSA::InitializeHW - Got: periodSize 2400, bufferSize 9600
2021-12-12 11:59:30.283 T:5210 DEBUG : CVideoPlayer::ProcessVideoData size:14388 dts:1.540 pts:1.600 dur:20.000ms, clock:0.340 level:10
2021-12-12 11:59:30.283 T:5022 DEBUG : CAESinkALSA::InitializeHW - Setting timeout to 200 ms
2021-12-12 11:59:30.284 T:5210 DEBUG : CVideoPlayer::ProcessVideoData size:4166 dts:1.560 pts:1.580 dur:20.000ms, clock:0.340 level:10
2021-12-12 11:59:30.284 T:5022 DEBUG : CAESinkALSA::GetChannelLayout - Input Channel Count: 2 Output Channel Count: 2
2021-12-12 11:59:30.284 T:5022 DEBUG : CAESinkALSA::GetChannelLayout - Requested Layout: FL, FR
