2024-07-16 12:43:44.701 T:4462 debug : LoadItemLookup: trying to extract filestream details from video file videodb://movies/titles/899?xsp=%7b%22order%22%3a%7b%22direction%22%3a%22ascending%22%2c%22ignorefolders%22%3a0%2c%22method%22%3a%22random%22%7d%2c%22rules%22%3a%7b%22and%22%3a%5b%7b%22field%22%3a%22lastplayed%22%2c%22operator%22%3a%22notinthelast%22%2c%22value%22%3a%5b%2214%20Days%22%5d%7d%5d%7d%2c%22type%22%3a%22movies%22%7d
2024-07-16 12:43:44.702 T:4462 debug : LoadItemLookup: trying to extract filestream details from video file videodb://movies/titles/2600?xsp=%7b%22order%22%3a%7b%22direction%22%3a%22ascending%22%2c%22ignorefolders%22%3a0%2c%22method%22%3a%22random%22%7d%2c%22rules%22%3a%7b%22and%22%3a%5b%7b%22field%22%3a%22lastplayed%22%2c%22operator%22%3a%22notinthelast%22%2c%22value%22%3a%5b%2214%20Days%22%5d%7d%5d%7d%2c%22type%22%3a%22movies%22%7d
2024-07-16 12:43:44.705 T:4462 debug : CNFSFile::Open - opened volume1/Movies/script.retroarch.launcher.Amlogic-ng.arm-v1.7.1.zip
2024-07-16 12:43:44.716 T:4480 debug : CSMBFile::Open - opened smb://USERNAME:PASSWORD@10.0.0.116/External/4K DV Blus/Batch Convert/tools/gnuplot/demo/ellipses.dat, fd=10002
2024-07-16 12:43:44.768 T:5045 debug : CPythonInvoker(18, /storage/.kodi/addons/script.skinshortcuts/resources/lib/entry_point.py): script successfully run
2024-07-16 12:43:44.768 T:5045 debug : onExecutionDone(18, /storage/.kodi/addons/script.skinshortcuts/resources/lib/entry_point.py)
2024-07-16 12:43:44.769 T:5046 debug : Thread Timer start, auto delete: false
2024-07-16 12:43:44.776 T:5046 debug : Thread Timer 3792343552 terminating
2024-07-16 12:43:44.777 T:5047 debug : Thread Timer start, auto delete: false
2024-07-16 12:43:44.789 T:4511 debug : CSMBFile::Open - opened smb://USERNAME:PASSWORD@10.0.0.116/External/4K DV Blus/Batch Convert/tools/gnuplot/demo/steps.dat, fd=10001
2024-07-16 12:43:44.803 T:4480 debug : CFileCache::Open - source chunk size is 131072, setting cache chunk size to 131072
2024-07-16 12:43:44.803 T:4480 debug : CFileCache::Open - using single memory cache sized 268435456 bytes
2024-07-16 12:43:44.803 T:5048 debug : Thread FileCache start, auto delete: false
2024-07-16 12:43:44.848 T:5045 debug : Python interpreter stopped
2024-07-16 12:43:44.848 T:5045 debug : Thread LanguageInvoker 3103781376 terminating
2024-07-16 12:43:44.853 T:4482 error : Could not find suitable input format: application/octet-stream
2024-07-16 12:43:44.854 T:4482 debug : LoadFromFileInternal - Load of /var/media/ALL_THAT_JAZZ/BDMV/index.bdmv failed.
2024-07-16 12:43:44.854 T:4482 error : [ script.embuary.helper ] Image error: Could not get image for image://video@%2fvar%2fmedia%2fALL_THAT_JAZZ%2fBDMV%2findex.bdmv/ (try 3) -> [Errno 2] No such file or directory: '/storage/.kodi/userdata/addon_data/script.embuary.helper/img/tmp/3420c18a46b671cc5cc5dc0a9e9022ce.jpg'
2024-07-16 12:43:44.871 T:4511 debug : CFileCache::Open - source chunk size is 131072, setting cache chunk size to 131072
2024-07-16 12:43:44.871 T:4511 debug : CFileCache::Open - using single memory cache sized 268435456 bytes
2024-07-16 12:43:44.872 T:5049 debug : Thread FileCache start, auto delete: false
2024-07-16 12:43:44.877 T:5048 debug : CFileCache::Process - source read hit eof
2024-07-16 12:43:44.910 T:5049 debug : CFileCache::Process - source read hit eof
2024-07-16 12:43:44.928 T:4480 debug : ffmpeg[0xdde20e80]: Format luodat detected only with low score of 1, misdetection possible!
2024-07-16 12:43:44.928 T:4480 debug : Open - probing detected format [luodat]
2024-07-16 12:43:44.928 T:4480 debug : Open - avformat_find_stream_info starting
2024-07-16 12:43:44.928 T:4480 debug : Open - av_find_stream_info finished
2024-07-16 12:43:44.929 T:4480 debug : ScanForExternalSubtitles: Searching for subtitles...
2024-07-16 12:43:44.961 T:4511 debug : ffmpeg[0xdde177c8]: Format luodat detected only with low score of 1, misdetection possible!
2024-07-16 12:43:44.961 T:4511 debug : Open - probing detected format [luodat]
2024-07-16 12:43:44.961 T:4511 debug : Open - avformat_find_stream_info starting
2024-07-16 12:43:44.961 T:4511 debug : Open - av_find_stream_info finished
2024-07-16 12:43:44.962 T:4511 debug : ScanForExternalSubtitles: Searching for subtitles...
2024-07-16 12:43:45.139 T:4480 debug : ScanForExternalSubtitles: END (total time: 210 ms)
2024-07-16 12:43:45.139 T:5048 debug : Thread FileCache 3320975872 terminating
2024-07-16 12:43:45.139 T:4480 debug : CSMBFile::Close closing fd 10002
2024-07-16 12:43:45.205 T:4462 error : Open - error probing input format, archive://nfs%3a%2f%2f10.0.0.79%2fvolume1%2fMovies%2fscript.retroarch.launcher.Amlogic-ng.arm-v1.7.1.zip/script.retroarch.launcher.Amlogic-ng.arm/resources/system/mame2003-plus/artwork/warrior.zip
2024-07-16 12:43:45.205 T:4462 debug : CNFSFile::Close closing file volume1/Movies/script.retroarch.launcher.Amlogic-ng.arm-v1.7.1.zip
2024-07-16 12:43:45.215 T:4462 debug : LoadItemLookup: trying to extract filestream details from video file videodb://movies/titles/2954?xsp=%7b%22order%22%3a%7b%22direction%22%3a%22ascending%22%2c%22ignorefolders%22%3a0%2c%22method%22%3a%22random%22%7d%2c%22rules%22%3a%7b%22and%22%3a%5b%7b%22field%22%3a%22lastplayed%22%2c%22operator%22%3a%22notinthelast%22%2c%22value%22%3a%5b%2214%20Days%22%5d%7d%5d%7d%2c%22type%22%3a%22movies%22%7d
2024-07-16 12:43:45.215 T:4462 debug : CFileCache::Open - opening
2024-07-16 12:43:45.255 T:4511 debug : ScanForExternalSubtitles: END (total time: 293 ms)
2024-07-16 12:43:45.256 T:5049 debug : Thread FileCache 2935587328 terminating
2024-07-16 12:43:45.256 T:4511 debug : CSMBFile::Close closing fd 10001
2024-07-16 12:43:45.283 T:5047 debug : Thread Timer 3792343552 terminating
2024-07-16 12:43:45.391 T:4511 debug : CRecentlyAddedJob::UpdateVideos() - Running RecentlyAdded home screen update
2024-07-16 12:43:45.438 T:4478 debug : [plugin.video.themoviedb.helper] CACHE: Initialized
2024-07-16 12:43:45.444 T:4462 debug : CSMBFile::Open - opened smb://USERNAME:PASSWORD@10.0.0.116/PhysicalMediaRips/The Straight Story/The.Straight.Story.1999.2160p.UHD.BluRay.Hybrid.REMUX.DV.HDR.HEVC.DTS-HD.MA.5.1-TRiToN.mkv, fd=-1
2024-07-16 12:43:45.444 T:4462 error : SMBFile->Open: Unable to open file : 'smb://USERNAME:PASSWORD@10.0.0.116/PhysicalMediaRips/The%20Straight%20Story/The.Straight.Story.1999.2160p.UHD.BluRay.Hybrid.REMUX.DV.HDR.HEVC.DTS-HD.MA.5.1-TRiToN.mkv' unix_err:'2' error : 'No such file or directory'
2024-07-16 12:43:45.444 T:4462 error : CFileCache::Open - failed to open
2024-07-16 12:43:45.445 T:4511 debug : CRecentlyAddedJob::UpdateTotal() - Running RecentlyAdded home screen update
2024-07-16 12:43:45.467 T:4480 debug : LoadItemLookup: trying to extract filestream details from video file videodb://movies/titles/2610?xsp=%7b%22order%22%3a%7b%22direction%22%3a%22ascending%22%2c%22ignorefolders%22%3a0%2c%22method%22%3a%22random%22%7d%2c%22rules%22%3a%7b%22and%22%3a%5b%7b%22field%22%3a%22lastplayed%22%2c%22operator%22%3a%22notinthelast%22%2c%22value%22%3a%5b%2214%20Days%22%5d%7d%5d%7d%2c%22type%22%3a%22movies%22%7d
2024-07-16 12:43:45.467 T:4480 debug : CFileCache::Open - opening
2024-07-16 12:43:45.479 T:4480 debug : CNFSFile::Open - opened volume1/Movies/script.retroarch.launcher.Amlogic-ng.arm-v1.7.1.zip
2024-07-16 12:43:45.533 T:4522 debug : request received for /jsonrpc
2024-07-16 12:43:45.603 T:4512 info : PVR Manager: Starting cleanup of cached images.
2024-07-16 12:43:45.662 T:4480 debug : CFileCache::Open - source chunk size is 1, setting cache chunk size to 262144
2024-07-16 12:43:45.662 T:4480 debug : CFileCache::Open - using single memory cache sized 268435456 bytes
2024-07-16 12:43:45.662 T:5051 debug : Thread FileCache start, auto delete: false
2024-07-16 12:43:45.675 T:5051 debug : CFileCache::Process - source read hit eof
2024-07-16 12:43:45.757 T:4480 debug : ffmpeg[0xdde20e80]: Format luodat detected only with low score of 1, misdetection possible!
2024-07-16 12:43:45.757 T:4480 debug : Open - probing detected format [luodat]
2024-07-16 12:43:45.757 T:4480 debug : Open - avformat_find_stream_info starting
2024-07-16 12:43:45.757 T:4480 debug : Open - av_find_stream_info finished
2024-07-16 12:43:45.758 T:4480 debug : ScanForExternalSubtitles: Searching for subtitles...
2024-07-16 12:43:45.766 T:4480 debug : CNFSFile::Open - opened volume1/Movies/script.retroarch.launcher.Amlogic-ng.arm-v1.7.1.zip
2024-07-16 12:43:45.779 T:4522 debug : request received for /jsonrpc
2024-07-16 12:43:45.852 T:4325 info : Skipped 1 duplicate messages..
2024-07-16 12:43:45.852 T:4325 debug : SECTION:UnloadDelayed(DLL: special://xbmcbin/system/players/VideoPlayer/libdvdnav-arm.so)
2024-07-16 12:43:45.887 T:4512 info : PVR Manager: Cleaned up 0 cached images.
2024-07-16 12:43:46.084 T:4478 debug : [plugin.video.themoviedb.helper] CACHE: Initialized
2024-07-16 12:43:46.244 T:4522 debug : request received for /jsonrpc
2024-07-16 12:43:46.660 T:5061 info : Skipped 3 duplicate messages..
2024-07-16 12:43:46.660 T:5061 debug : [plugin.video.themoviedb.helper] CACHE: Initialized
2024-07-16 12:43:46.813 T:4522 debug : request received for /jsonrpc
2024-07-16 12:43:46.979 T:4480 info : Skipped 1 duplicate messages..
2024-07-16 12:43:46.979 T:4480 debug : CNFSFile::Close closing file volume1/Movies/script.retroarch.launcher.Amlogic-ng.arm-v1.7.1.zip
2024-07-16 12:43:46.981 T:4480 debug : ScanArchiveForAssociatedItems: Scanning archive archive://nfs%3a%2f%2f10.0.0.79%2fvolume1%2fMovies%2fscript.retroarch.launcher.Amlogic-ng.arm-v1.7.1.zip/script.retroarch.launcher.Amlogic-ng.arm/resources/system/scummvm/extra/wintermute.zip
2024-07-16 12:43:46.982 T:4480 debug : CZipManager::GetZipList: failed to stat file zip://archive%3a%2f%2fnfs%253a%252f%252f10.0.0.79%252fvolume1%252fMovies%252fscript.retroarch.launcher.Amlogic-ng.arm-v1.7.1.zip%2fscript.retroarch.launcher.Amlogic-ng.arm%2fresources%2fsystem%2fscummvm%2fextra%2fwintermute.zip/
2024-07-16 12:43:46.982 T:4480 error : GetDirectory - Error getting zip://archive%3a%2f%2fnfs%253a%252f%252f10.0.0.79%252fvolume1%252fMovies%252fscript.retroarch.launcher.Amlogic-ng.arm-v1.7.1.zip%2fscript.retroarch.launcher.Amlogic-ng.arm%2fresources%2fsystem%2fscummvm%2fextra%2fwintermute.zip/
2024-07-16 12:43:46.982 T:4480 debug : ScanArchiveForAssociatedItems: Scanning archive archive://nfs%3a%2f%2f10.0.0.79%2fvolume1%2fMovies%2fscript.retroarch.launcher.Amlogic-ng.arm-v1.7.1.zip/script.retroarch.launcher.Amlogic-ng.arm/resources/system/scummvm/extra/vkeybd_default.zip
2024-07-16 12:43:46.982 T:4480 debug : CZipManager::GetZipList: failed to stat file zip://archive%3a%2f%2fnfs%253a%252f%252f10.0.0.79%252fvolume1%252fMovies%252fscript.retroarch.launcher.Amlogic-ng.arm-v1.7.1.zip%2fscript.retroarch.launcher.Amlogic-ng.arm%2fresources%2fsystem%2fscummvm%2fextra%2fvkeybd_default.zip/
2024-07-16 12:43:46.982 T:4480 error : GetDirectory - Error getting zip://archive%3a%2f%2fnfs%253a%252f%252f10.0.0.79%252fvolume1%252fMovies%252fscript.retroarch.launcher.Amlogic-ng.arm-v1.7.1.zip%2fscript.retroarch.launcher.Amlogic-ng.arm%2fresources%2fsystem%2fscummvm%2fextra%2fvkeybd_default.zip/
2024-07-16 12:43:46.982 T:4480 debug : ScanArchiveForAssociatedItems: Scanning archive archive://nfs%3a%2f%2f10.0.0.79%2fvolume1%2fMovies%2fscript.retroarch.launcher.Amlogic-ng.arm-v1.7.1.zip/script.retroarch.launcher.Amlogic-ng.arm/resources/system/scummvm/extra/helpdialog.zip
2024-07-16 12:43:46.982 T:4480 debug : CZipManager::GetZipList: failed to stat file zip://archive%3a%2f%2fnfs%253a%252f%252f10.0.0.79%252fvolume1%252fMovies%252fscript.retroarch.launcher.Amlogic-ng.arm-v1.7.1.zip%2fscript.retroarch.launcher.Amlogic-ng.arm%2fresources%2fsystem%2fscummvm%2fextra%2fhelpdialog.zip/
2024-07-16 12:43:46.982 T:4480 error : GetDirectory - Error getting zip://archive%3a%2f%2fnfs%253a%252f%252f10.0.0.79%252fvolume1%252fMovies%252fscript.retroarch.launcher.Amlogic-ng.arm-v1.7.1.zip%2fscript.retroarch.launcher.Amlogic-ng.arm%2fresources%2fsystem%2fscummvm%2fextra%2fhelpdialog.zip/
2024-07-16 12:43:46.982 T:4480 debug : ScanForExternalSubtitles: END (total time: 1224 ms)
2024-07-16 12:43:46.983 T:5051 debug : Thread FileCache 2935587328 terminating
2024-07-16 12:43:46.986 T:4480 debug : CNFSFile::Close closing file volume1/Movies/script.retroarch.launcher.Amlogic-ng.arm-v1.7.1.zip
2024-07-16 12:43:46.996 T:4480 debug : LoadItemLookup: trying to extract filestream details from video file videodb://movies/titles/2611?xsp=%7b%22order%22%3a%7b%22direction%22%3a%22ascending%22%2c%22ignorefolders%22%3a0%2c%22method%22%3a%22random%22%7d%2c%22rules%22%3a%7b%22and%22%3a%5b%7b%22field%22%3a%22lastplayed%22%2c%22operator%22%3a%22notinthelast%22%2c%22value%22%3a%5b%2214%20Days%22%5d%7d%5d%7d%2c%22type%22%3a%22movies%22%7d
2024-07-16 12:43:46.997 T:4480 debug : CFileCache::Open - opening
2024-07-16 12:43:47.003 T:4480 debug : CNFSFile::Open - opened volume1/Movies/script.retroarch.launcher.Amlogic-ng.arm-v1.7.1.zip
2024-07-16 12:43:47.159 T:4522 debug : request received for /jsonrpc
2024-07-16 12:43:47.196 T:4325 debug : CBlurayCallback::Logger - bluray.c:1463: libbluray version 1.3.4
2024-07-16 12:43:47.196 T:4325 debug : CBlurayCallback::Logger - bluray.c:1488: BLURAY initialized!
2024-07-16 12:43:47.196 T:4325 debug : CBlurayCallback::Logger - register.c:420: bd_psr_write(): PSR18 (MENU_LANG) 0xffffff -> 0x656e67
2024-07-16 12:43:47.197 T:4325 debug : CBlurayCallback::Logger - disc.c:333: failed opening UDF image (null)
2024-07-16 12:43:47.197 T:4325 debug : CBlurayCallback::Logger - aacs.c:79: AACS/Unit_Key_RO.inf found. Disc seems to be AACS protected.
2024-07-16 12:43:47.197 T:4325 debug : CBlurayCallback - Error opening file! (/var/media/ALL_THAT_JAZZ/BDSVM/00000.svm)
2024-07-16 12:43:47.197 T:4325 debug : CBlurayCallback::Logger - bdplus.c:87: BDSVM/00000.svm not found. No BD+ protection.
2024-07-16 12:43:47.197 T:4325 debug : CBlurayCallback::Logger - aacs.c:115: Using libaacs for AACS
2024-07-16 12:43:47.197 T:4325 debug : CBlurayCallback::Logger - aacs.c:139: Loading aacs library (0x51e0c60)
2024-07-16 12:43:47.197 T:4325 debug : CBlurayCallback::Logger - aacs.c:150: Loaded libaacs (0x51e0c60)
2024-07-16 12:43:47.244 T:4480 debug : CFileCache::Open - source chunk size is 1, setting cache chunk size to 262144
2024-07-16 12:43:47.244 T:4480 debug : CFileCache::Open - using single memory cache sized 268435456 bytes
2024-07-16 12:43:47.244 T:5062 debug : Thread FileCache start, auto delete: false
2024-07-16 12:43:47.245 T:5062 debug : CFileCache::Process - source read hit eof
2024-07-16 12:43:47.268 T:4480 debug : ffmpeg[0xdde20e80]: Format luodat detected only with low score of 1, misdetection possible!
2024-07-16 12:43:47.269 T:4480 debug : Open - probing detected format [luodat]
2024-07-16 12:43:47.269 T:4480 debug : Open - avformat_find_stream_info starting
2024-07-16 12:43:47.269 T:4480 debug : Open - av_find_stream_info finished
2024-07-16 12:43:47.269 T:4480 debug : ScanForExternalSubtitles: Searching for subtitles...
2024-07-16 12:43:47.280 T:4480 debug : CNFSFile::Open - opened volume1/Movies/script.retroarch.launcher.Amlogic-ng.arm-v1.7.1.zip
2024-07-16 12:43:48.107 T:4325 debug : CBlurayCallback::Logger - aacs.c:121: No usable AACS libraries found!
2024-07-16 12:43:48.107 T:4325 debug : CBlurayCallback::Logger - dec.c:197: aacs_open() failed: -6!
2024-07-16 12:43:48.109 T:4325 debug : CBlurayCallback - Opening dir /var/media/ALL_THAT_JAZZ/BDMV/META/DL
2024-07-16 12:43:48.109 T:4325 debug : CBlurayCallback - Closed dir (0x6e4c078)
2024-07-16 12:43:48.109 T:4325 debug : CBlurayCallback - Opening dir /var/media/ALL_THAT_JAZZ/BDMV/META/TN
2024-07-16 12:43:48.109 T:4325 debug : CBlurayCallback - Closed dir (0x6e4c078)
2024-07-16 12:43:48.110 T:4325 debug : CBlurayCallback::Logger - bluray.c:1610: BLURAY destroyed!
2024-07-16 12:43:48.110 T:4325 debug : GetDiskUniqueId: Got ID removable://ALL THAT JAZZ_55dcfa4212edbd54924bae2cea61d1706476c2cb for disc with path /var/media/ALL_THAT_JAZZ
2024-07-16 12:43:48.117 T:4325 debug : CPlayerCoreFactory::GetPlayers(/var/media/ALL_THAT_JAZZ/BDMV/index.bdmv)
2024-07-16 12:43:48.117 T:4325 debug : CPlayerSelectionRule::GetPlayers: considering rule: system rules
2024-07-16 12:43:48.118 T:4325 debug : CPlayerSelectionRule::GetPlayers: matches rule: system rules
2024-07-16 12:43:48.118 T:4325 debug : CPlayerSelectionRule::GetPlayers: considering rule: mms/udp
2024-07-16 12:43:48.118 T:4325 debug : CPlayerSelectionRule::GetPlayers: considering rule: lastfm/shout
2024-07-16 12:43:48.118 T:4325 debug : CPlayerSelectionRule::GetPlayers: considering rule: rtmp
2024-07-16 12:43:48.118 T:4325 debug : CPlayerSelectionRule::GetPlayers: considering rule: rtsp
2024-07-16 12:43:48.118 T:4325 debug : CPlayerSelectionRule::GetPlayers: considering rule: streams
2024-07-16 12:43:48.118 T:4325 debug : CPlayerSelectionRule::GetPlayers: considering rule: dvd
2024-07-16 12:43:48.118 T:4325 debug : CPlayerSelectionRule::GetPlayers: considering rule: discimage
2024-07-16 12:43:48.118 T:4325 debug : CPlayerSelectionRule::GetPlayers: considering rule: sdp/asf
2024-07-16 12:43:48.118 T:4325 debug : CPlayerSelectionRule::GetPlayers: considering rule: nsv
2024-07-16 12:43:48.118 T:4325 debug : CPlayerSelectionRule::GetPlayers: considering rule: radio
2024-07-16 12:43:48.118 T:4325 debug : CPlayerCoreFactory::GetPlayers: matched 0 rules with players
2024-07-16 12:43:48.118 T:4325 debug : CPlayerCoreFactory::GetPlayers: adding videodefaultplayer (VideoPlayer)
2024-07-16 12:43:48.118 T:4325 debug : CPlayerCoreFactory::GetPlayers: for video=true, audio=false
2024-07-16 12:43:48.118 T:4325 debug : CPlayerCoreFactory::GetPlayers: for video=true, audio=true
2024-07-16 12:43:48.118 T:4325 debug : CPlayerCoreFactory::GetPlayers: added 1 players
2024-07-16 12:43:48.118 T:5063 debug : Thread waiting start, auto delete: false
2024-07-16 12:43:48.118 T:5063 debug : CBlurayCallback::Logger - bluray.c:1463: libbluray version 1.3.4
2024-07-16 12:43:48.118 T:5063 debug : CBlurayCallback::Logger - bluray.c:1488: BLURAY initialized!
2024-07-16 12:43:48.118 T:5063 debug : CBlurayCallback::Logger - register.c:420: bd_psr_write(): PSR18 (MENU_LANG) 0xffffff -> 0x656e67
2024-07-16 12:43:48.118 T:5063 debug : CBlurayCallback::Logger - disc.c:333: failed opening UDF image (null)
2024-07-16 12:43:48.119 T:5063 debug : CBlurayCallback::Logger - aacs.c:79: AACS/Unit_Key_RO.inf found. Disc seems to be AACS protected.
2024-07-16 12:43:48.119 T:5063 debug : CBlurayCallback - Error opening file! (/var/media/ALL_THAT_JAZZ/BDSVM/00000.svm)
2024-07-16 12:43:48.119 T:5063 debug : CBlurayCallback::Logger - bdplus.c:87: BDSVM/00000.svm not found. No BD+ protection.
2024-07-16 12:43:48.121 T:5063 debug : CBlurayCallback::Logger - aacs.c:115: Using libaacs for AACS
2024-07-16 12:43:48.121 T:5063 debug : CBlurayCallback::Logger - aacs.c:139: Loading aacs library (0xbd7eda90)
2024-07-16 12:43:48.121 T:5063 debug : CBlurayCallback::Logger - aacs.c:150: Loaded libaacs (0xbd7eda90)
2024-07-16 12:43:48.218 T:4325 debug : ------ Window Init (DialogBusy.xml) ------
2024-07-16 12:43:48.269 T:4480 debug : CNFSFile::Close closing file volume1/Movies/script.retroarch.launcher.Amlogic-ng.arm-v1.7.1.zip
2024-07-16 12:43:48.275 T:4480 debug : ScanArchiveForAssociatedItems: Scanning archive archive://nfs%3a%2f%2f10.0.0.79%2fvolume1%2fMovies%2fscript.retroarch.launcher.Amlogic-ng.arm-v1.7.1.zip/script.retroarch.launcher.Amlogic-ng.arm/resources/system/scummvm/extra/wintermute.zip
2024-07-16 12:43:48.275 T:4480 debug : CZipManager::GetZipList: failed to stat file zip://archive%3a%2f%2fnfs%253a%252f%252f10.0.0.79%252fvolume1%252fMovies%252fscript.retroarch.launcher.Amlogic-ng.arm-v1.7.1.zip%2fscript.retroarch.launcher.Amlogic-ng.arm%2fresources%2fsystem%2fscummvm%2fextra%2fwintermute.zip/
2024-07-16 12:43:48.275 T:4480 error : GetDirectory - Error getting zip://archive%3a%2f%2fnfs%253a%252f%252f10.0.0.79%252fvolume1%252fMovies%252fscript.retroarch.launcher.Amlogic-ng.arm-v1.7.1.zip%2fscript.retroarch.launcher.Amlogic-ng.arm%2fresources%2fsystem%2fscummvm%2fextra%2fwintermute.zip/
2024-07-16 12:43:48.275 T:4480 debug : ScanArchiveForAssociatedItems: Scanning archive archive://nfs%3a%2f%2f10.0.0.79%2fvolume1%2fMovies%2fscript.retroarch.launcher.Amlogic-ng.arm-v1.7.1.zip/script.retroarch.launcher.Amlogic-ng.arm/resources/system/scummvm/extra/vkeybd_default.zip
2024-07-16 12:43:48.275 T:4480 debug : CZipManager::GetZipList: failed to stat file zip://archive%3a%2f%2fnfs%253a%252f%252f10.0.0.79%252fvolume1%252fMovies%252fscript.retroarch.launcher.Amlogic-ng.arm-v1.7.1.zip%2fscript.retroarch.launcher.Amlogic-ng.arm%2fresources%2fsystem%2fscummvm%2fextra%2fvkeybd_default.zip/
2024-07-16 12:43:48.275 T:4480 error : GetDirectory - Error getting zip://archive%3a%2f%2fnfs%253a%252f%252f10.0.0.79%252fvolume1%252fMovies%252fscript.retroarch.launcher.Amlogic-ng.arm-v1.7.1.zip%2fscript.retroarch.launcher.Amlogic-ng.arm%2fresources%2fsystem%2fscummvm%2fextra%2fvkeybd_default.zip/
2024-07-16 12:43:48.275 T:4480 debug : ScanArchiveForAssociatedItems: Scanning archive archive://nfs%3a%2f%2f10.0.0.79%2fvolume1%2fMovies%2fscript.retroarch.launcher.Amlogic-ng.arm-v1.7.1.zip/script.retroarch.launcher.Amlogic-ng.arm/resources/system/scummvm/extra/helpdialog.zip
2024-07-16 12:43:48.276 T:4480 debug : CZipManager::GetZipList: failed to stat file zip://archive%3a%2f%2fnfs%253a%252f%252f10.0.0.79%252fvolume1%252fMovies%252fscript.retroarch.launcher.Amlogic-ng.arm-v1.7.1.zip%2fscript.retroarch.launcher.Amlogic-ng.arm%2fresources%2fsystem%2fscummvm%2fextra%2fhelpdialog.zip/
2024-07-16 12:43:48.276 T:4480 error : GetDirectory - Error getting zip://archive%3a%2f%2fnfs%253a%252f%252f10.0.0.79%252fvolume1%252fMovies%252fscript.retroarch.launcher.Amlogic-ng.arm-v1.7.1.zip%2fscript.retroarch.launcher.Amlogic-ng.arm%2fresources%2fsystem%2fscummvm%2fextra%2fhelpdialog.zip/
2024-07-16 12:43:48.276 T:4480 debug : ScanForExternalSubtitles: END (total time: 1007 ms)
2024-07-16 12:43:48.276 T:5062 debug : Thread FileCache 2935587328 terminating
2024-07-16 12:43:48.277 T:4480 debug : CNFSFile::Close closing file volume1/Movies/script.retroarch.launcher.Amlogic-ng.arm-v1.7.1.zip
2024-07-16 12:43:48.281 T:4480 debug : LoadItemLookup: trying to extract filestream details from video file videodb://movies/titles/2598?xsp=%7b%22order%22%3a%7b%22direction%22%3a%22ascending%22%2c%22ignorefolders%22%3a0%2c%22method%22%3a%22random%22%7d%2c%22rules%22%3a%7b%22and%22%3a%5b%7b%22field%22%3a%22lastplayed%22%2c%22operator%22%3a%22notinthelast%22%2c%22value%22%3a%5b%2214%20Days%22%5d%7d%5d%7d%2c%22type%22%3a%22movies%22%7d
2024-07-16 12:43:48.286 T:4480 debug : CNFSFile::Open - opened volume1/Movies/script.retroarch.launcher.Amlogic-ng.arm-v1.7.1.zip
2024-07-16 12:43:48.400 T:4325 debug : ------ Window Deinit (DialogNotification.xml) ------
2024-07-16 12:43:48.532 T:4522 debug : request received for /jsonrpc
2024-07-16 12:43:48.900 T:4480 error : Open - error probing input format, archive://nfs%3a%2f%2f10.0.0.79%2fvolume1%2fMovies%2fscript.retroarch.launcher.Amlogic-ng.arm-v1.7.1.zip/script.retroarch.launcher.Amlogic-ng.arm/resources/system/mame2003-plus/artwork/invaders.zip
2024-07-16 12:43:48.906 T:4480 debug : CNFSFile::Close closing file volume1/Movies/script.retroarch.launcher.Amlogic-ng.arm-v1.7.1.zip
2024-07-16 12:43:48.908 T:4480 debug : LoadItemLookup: trying to extract filestream details from video file videodb://movies/titles/2907?xsp=%7b%22order%22%3a%7b%22direction%22%3a%22ascending%22%2c%22ignorefolders%22%3a0%2c%22method%22%3a%22random%22%7d%2c%22rules%22%3a%7b%22and%22%3a%5b%7b%22field%22%3a%22lastplayed%22%2c%22operator%22%3a%22notinthelast%22%2c%22value%22%3a%5b%2214%20Days%22%5d%7d%5d%7d%2c%22type%22%3a%22movies%22%7d
2024-07-16 12:43:48.908 T:4480 debug : CFileCache::Open - opening
2024-07-16 12:43:49.081 T:4480 debug : CSMBFile::Open - opened smb://USERNAME:PASSWORD@10.0.0.116/External/4K DV Blus/Batch Convert/tools/gnuplot/demo/finance.dat, fd=10002
2024-07-16 12:43:49.134 T:5063 debug : CBlurayCallback::Logger - aacs.c:121: No usable AACS libraries found!
2024-07-16 12:43:49.135 T:5063 debug : CBlurayCallback::Logger - dec.c:197: aacs_open() failed: -6!
2024-07-16 12:43:49.137 T:5063 debug : CBlurayCallback - Opening dir /var/media/ALL_THAT_JAZZ/BDMV/META/DL
2024-07-16 12:43:49.138 T:5063 debug : CBlurayCallback - Closed dir (0xce04d870)
2024-07-16 12:43:49.138 T:5063 debug : CBlurayCallback - Opening dir /var/media/ALL_THAT_JAZZ/BDMV/META/TN
2024-07-16 12:43:49.138 T:5063 debug : CBlurayCallback - Closed dir (0xce04d870)
2024-07-16 12:43:49.138 T:5063 debug : CBlurayCallback - Opening dir /var/media/ALL_THAT_JAZZ/BDMV/PLAYLIST
2024-07-16 12:43:49.142 T:5063 debug : CBlurayCallback - Closed dir (0xeb0b9ad0)
2024-07-16 12:43:49.147 T:5063 debug : CBlurayCallback::Logger - bluray.c:1610: BLURAY destroyed!
2024-07-16 12:43:49.147 T:5063 debug : Thread waiting 2994336256 terminating
2024-07-16 12:43:49.151 T:4480 debug : CFileCache::Open - source chunk size is 131072, setting cache chunk size to 131072
2024-07-16 12:43:49.151 T:4480 debug : CFileCache::Open - using single memory cache sized 268435456 bytes
2024-07-16 12:43:49.152 T:5064 debug : Thread FileCache start, auto delete: false
2024-07-16 12:43:49.152 T:4325 debug : ------ Window Deinit (DialogBusy.xml) ------
2024-07-16 12:43:49.152 T:4325 debug : ------ Window Init (DialogSelect.xml) ------
2024-07-16 12:43:49.214 T:5064 debug : CFileCache::Process - source read hit eof
2024-07-16 12:43:49.222 T:4480 debug : ffmpeg[0xdde20e80]: Format luodat detected only with low score of 1, misdetection possible!
2024-07-16 12:43:49.222 T:4480 debug : Open - probing detected format [luodat]
2024-07-16 12:43:49.222 T:4480 debug : Open - avformat_find_stream_info starting
2024-07-16 12:43:49.222 T:4480 debug : Open - av_find_stream_info finished
2024-07-16 12:43:49.222 T:4480 debug : ScanForExternalSubtitles: Searching for subtitles...
2024-07-16 12:43:49.422 T:4480 debug : ScanForExternalSubtitles: END (total time: 199 ms)
2024-07-16 12:43:49.422 T:5064 debug : Thread FileCache 2935587328 terminating
2024-07-16 12:43:49.423 T:4480 debug : CSMBFile::Close closing fd 10002
2024-07-16 12:43:49.539 T:4480 debug : LoadItemLookup: trying to extract filestream details from video file videodb://movies/titles/2604?xsp=%7b%22order%22%3a%7b%22direction%22%3a%22ascending%22%2c%22ignorefolders%22%3a0%2c%22method%22%3a%22random%22%7d%2c%22rules%22%3a%7b%22and%22%3a%5b%7b%22field%22%3a%22lastplayed%22%2c%22operator%22%3a%22notinthelast%22%2c%22value%22%3a%5b%2214%20Days%22%5d%7d%5d%7d%2c%22type%22%3a%22movies%22%7d
2024-07-16 12:43:49.540 T:4480 debug : CFileCache::Open - opening
2024-07-16 12:43:49.542 T:4480 debug : CNFSFile::Open - opened volume1/Movies/script.retroarch.launcher.Amlogic-ng.arm-v1.7.1.zip
2024-07-16 12:43:49.769 T:4480 debug : CFileCache::Open - source chunk size is 1, setting cache chunk size to 262144
2024-07-16 12:43:49.769 T:4480 debug : CFileCache::Open - using single memory cache sized 268435456 bytes
2024-07-16 12:43:49.769 T:5065 debug : Thread FileCache start, auto delete: false
2024-07-16 12:43:49.774 T:5065 debug : CFileCache::Process - source read hit eof
2024-07-16 12:43:49.780 T:4480 debug : ffmpeg[0xdde20e80]: Format luodat detected only with low score of 1, misdetection possible!
2024-07-16 12:43:49.780 T:4480 debug : Open - probing detected format [luodat]
2024-07-16 12:43:49.780 T:4480 debug : Open - avformat_find_stream_info starting
2024-07-16 12:43:49.780 T:4480 debug : Open - av_find_stream_info finished
2024-07-16 12:43:49.781 T:4480 debug : ScanForExternalSubtitles: Searching for subtitles...
2024-07-16 12:43:49.783 T:4480 debug : CNFSFile::Open - opened volume1/Movies/script.retroarch.launcher.Amlogic-ng.arm-v1.7.1.zip
2024-07-16 12:43:50.564 T:4522 debug : request received for /jsonrpc
2024-07-16 12:43:50.726 T:4325 debug : ------ Window Deinit (DialogSelect.xml) ------
2024-07-16 12:43:50.727 T:4325 debug : CPlayerCoreFactory::GetPlayers(bluray://%2fvar%2fmedia%2fALL_THAT_JAZZ%2f/BDMV/PLAYLIST/00001.mpls)
2024-07-16 12:43:50.727 T:4325 debug : CPlayerSelectionRule::GetPlayers: considering rule: system rules
2024-07-16 12:43:50.727 T:4325 debug : CPlayerSelectionRule::GetPlayers: matches rule: system rules
2024-07-16 12:43:50.727 T:4325 debug : CPlayerSelectionRule::GetPlayers: considering rule: mms/udp
2024-07-16 12:43:50.728 T:4325 debug : CPlayerSelectionRule::GetPlayers: considering rule: lastfm/shout
2024-07-16 12:43:50.728 T:4325 debug : CPlayerSelectionRule::GetPlayers: considering rule: rtmp
2024-07-16 12:43:50.728 T:4325 debug : CPlayerSelectionRule::GetPlayers: considering rule: rtsp
2024-07-16 12:43:50.728 T:4325 debug : CPlayerSelectionRule::GetPlayers: considering rule: streams
2024-07-16 12:43:50.728 T:4325 debug : CPlayerSelectionRule::GetPlayers: considering rule: dvd
2024-07-16 12:43:50.728 T:4325 debug : CPlayerSelectionRule::GetPlayers: considering rule: discimage
2024-07-16 12:43:50.728 T:4325 debug : CPlayerSelectionRule::GetPlayers: considering rule: sdp/asf
2024-07-16 12:43:50.728 T:4325 debug : CPlayerSelectionRule::GetPlayers: considering rule: nsv
2024-07-16 12:43:50.728 T:4325 debug : CPlayerSelectionRule::GetPlayers: considering rule: radio
2024-07-16 12:43:50.728 T:4325 debug : CPlayerCoreFactory::GetPlayers: matched 0 rules with players
2024-07-16 12:43:50.728 T:4325 debug : CPlayerCoreFactory::GetPlayers: adding videodefaultplayer (VideoPlayer)
2024-07-16 12:43:50.728 T:4325 debug : CPlayerCoreFactory::GetPlayers: for video=true, audio=false
2024-07-16 12:43:50.728 T:4325 debug : CPlayerCoreFactory::GetPlayers: for video=true, audio=true
2024-07-16 12:43:50.728 T:4325 debug : CPlayerCoreFactory::GetPlayers: added 1 players
2024-07-16 12:43:50.733 T:4325 debug : Radio UECP (RDS) Processor - new CDVDRadioRDSData
2024-07-16 12:43:50.733 T:4325 debug : Audio ID3 tag processor - new CVideoPlayerAudioID3
2024-07-16 12:43:50.733 T:4325 info : VideoPlayer::OpenFile: /var/media/ALL_THAT_JAZZ/BDMV/index.bdmv
2024-07-16 12:43:50.733 T:5066 debug : Thread VideoPlayer start, auto delete: false
2024-07-16 12:43:50.733 T:4325 debug : OnPlayBackStarted: CApplication::OnPlayBackStarted
2024-07-16 12:43:50.734 T:5066 info : Creating InputStream
2024-07-16 12:43:50.739 T:4511 debug : Loading settings for /var/media/ALL_THAT_JAZZ/BDMV/index.bdmv
2024-07-16 12:43:50.740 T:4325 debug : CVideoGUIInfo::InitCurrentItem(/var/media/ALL_THAT_JAZZ/BDMV/index.bdmv)
2024-07-16 12:43:50.746 T:5066 debug : CBlurayCallback::Logger - bluray.c:1463: libbluray version 1.3.4
2024-07-16 12:43:50.746 T:5066 debug : CBlurayCallback::Logger - bluray.c:1488: BLURAY initialized!
2024-07-16 12:43:50.746 T:5066 debug : CBlurayCallback::Logger - register.c:420: bd_psr_write(): PSR20 (REGION) 0x2 -> 0x1
2024-07-16 12:43:50.746 T:5066 debug : CBlurayCallback::Logger - register.c:420: bd_psr_write(): PSR13 (PARENTAL) 0xff -> 0x63
2024-07-16 12:43:50.746 T:5066 debug : CBlurayCallback::Logger - register.c:420: bd_psr_write(): PSR24 (3D_CAP) 0x0 -> 0xffffffff
2024-07-16 12:43:50.747 T:5066 debug : CBlurayCallback::Logger - register.c:422: bd_psr_write(): PSR31 0x30200 -> 0x310
2024-07-16 12:43:50.747 T:5066 debug : CBlurayCallback::Logger - register.c:422: bd_psr_write(): PSR25 0x0 -> 0xffffffff
2024-07-16 12:43:50.747 T:5066 debug : CBlurayCallback::Logger - register.c:422: bd_psr_write(): PSR26 0x0 -> 0xffffffff
2024-07-16 12:43:50.747 T:5066 debug : CBlurayCallback::Logger - register.c:422: bd_psr_write(): PSR27 0x0 -> 0xffffffff
2024-07-16 12:43:50.747 T:5066 debug : CBlurayCallback::Logger - register.c:420: bd_psr_write(): PSR16 (AUDIO_LANG) 0xffffff -> 0x656e67
2024-07-16 12:43:50.747 T:5066 debug : CBlurayCallback::Logger - register.c:420: bd_psr_write(): PSR17 (PG_AND_SUB_LANG) 0xffffff -> 0x656e67
2024-07-16 12:43:50.747 T:5066 debug : CBlurayCallback::Logger - register.c:420: bd_psr_write(): PSR18 (MENU_LANG) 0xffffff -> 0x656e67
2024-07-16 12:43:50.747 T:5066 debug : CBlurayCallback::Logger - register.c:420: bd_psr_write(): PSR19 (COUNTRY) 0xffff -> 0x656e
2024-07-16 12:43:50.747 T:5066 debug : CDVDInputStreamBluray::Open - opening /var/media/ALL_THAT_JAZZ
2024-07-16 12:43:50.747 T:5066 debug : CBlurayCallback::Logger - aacs.c:79: AACS/Unit_Key_RO.inf found. Disc seems to be AACS protected.
2024-07-16 12:43:50.747 T:5066 debug : CBlurayCallback::Logger - bdplus.c:87: BDSVM/00000.svm not found. No BD+ protection.
2024-07-16 12:43:50.748 T:5066 debug : CBlurayCallback::Logger - aacs.c:115: Using libaacs for AACS
2024-07-16 12:43:50.748 T:5066 debug : CBlurayCallback::Logger - aacs.c:139: Loading aacs library (0xddeb91d8)
2024-07-16 12:43:50.748 T:5066 debug : CBlurayCallback::Logger - aacs.c:150: Loaded libaacs (0xddeb91d8)
2024-07-16 12:43:50.753 T:4325 debug : LoadItemLookup: trying to extract filestream details from video file /var/media/ALL_THAT_JAZZ/BDMV/index.bdmv
2024-07-16 12:43:50.753 T:4325 warning : CreateLoader - unsupported protocol(removable) in removable://ALL THAT JAZZ_55dcfa4212edbd54924bae2cea61d1706476c2cb/
2024-07-16 12:43:50.754 T:4325 debug : CPlayerGUIInfo::InitCurrentItem(/var/media/ALL_THAT_JAZZ/BDMV/index.bdmv)
2024-07-16 12:43:50.855 T:4325 debug : ------ Window Init (DialogBusy.xml) ------
2024-07-16 12:43:50.857 T:4325 debug : CDirectoryProvider[special://skin/extras/playlists/RandomMovies.xsp]: refreshing..
2024-07-16 12:43:50.965 T:4482 error : Could not find suitable input format: application/octet-stream
2024-07-16 12:43:50.965 T:4482 debug : LoadFromFileInternal - Load of /var/media/ALL_THAT_JAZZ/BDMV/index.bdmv failed.
2024-07-16 12:43:50.965 T:4482 error : [ script.embuary.helper ] Image error: Could not get image for image://video@%2fvar%2fmedia%2fALL_THAT_JAZZ%2fBDMV%2findex.bdmv/ (try 1) -> [Errno 2] No such file or directory: '/storage/.kodi/userdata/addon_data/script.embuary.helper/img/tmp/3420c18a46b671cc5cc5dc0a9e9022ce.jpg'
2024-07-16 12:43:51.005 T:4462 debug : LoadItemLookup: trying to extract filestream details from video file videodb://movies/titles/1410?xsp=%7b%22order%22%3a%7b%22direction%22%3a%22ascending%22%2c%22ignorefolders%22%3a0%2c%22method%22%3a%22random%22%7d%2c%22rules%22%3a%7b%22and%22%3a%5b%7b%22field%22%3a%22lastplayed%22%2c%22operator%22%3a%22notinthelast%22%2c%22value%22%3a%5b%2214%20Days%22%5d%7d%5d%7d%2c%22type%22%3a%22movies%22%7d
2024-07-16 12:43:51.006 T:4462 debug : CFileCache::Open - opening
2024-07-16 12:43:51.011 T:4462 debug : CNFSFile::Open - opened volume1/Movies/A.Confucian.Confusion.1994.BluRay.1080p.Remux.AVC.DTS.MA.5.1-STAF_temp/A.Confucian.Confusion.1994.BluRay.1080p.Remux.AVC.DTS.MA.5.1-STAF_new.avs
2024-07-16 12:43:51.013 T:4462 debug : CFileCache::Open - source chunk size is 131072, setting cache chunk size to 131072
2024-07-16 12:43:51.013 T:4462 debug : CFileCache::Open - using single memory cache sized 268435456 bytes
2024-07-16 12:43:51.014 T:5067 debug : Thread FileCache start, auto delete: false
2024-07-16 12:43:51.019 T:5067 debug : CFileCache::Process - source read hit eof
2024-07-16 12:43:51.055 T:4480 debug : CNFSFile::Close closing file volume1/Movies/script.retroarch.launcher.Amlogic-ng.arm-v1.7.1.zip
2024-07-16 12:43:51.057 T:4480 debug : ScanArchiveForAssociatedItems: Scanning archive archive://nfs%3a%2f%2f10.0.0.79%2fvolume1%2fMovies%2fscript.retroarch.launcher.Amlogic-ng.arm-v1.7.1.zip/script.retroarch.launcher.Amlogic-ng.arm/resources/system/scummvm/extra/wintermute.zip
2024-07-16 12:43:51.058 T:4480 debug : CZipManager::GetZipList: failed to stat file zip://archive%3a%2f%2fnfs%253a%252f%252f10.0.0.79%252fvolume1%252fMovies%252fscript.retroarch.launcher.Amlogic-ng.arm-v1.7.1.zip%2fscript.retroarch.launcher.Amlogic-ng.arm%2fresources%2fsystem%2fscummvm%2fextra%2fwintermute.zip/
2024-07-16 12:43:51.058 T:4480 error : GetDirectory - Error getting zip://archive%3a%2f%2fnfs%253a%252f%252f10.0.0.79%252fvolume1%252fMovies%252fscript.retroarch.launcher.Amlogic-ng.arm-v1.7.1.zip%2fscript.retroarch.launcher.Amlogic-ng.arm%2fresources%2fsystem%2fscummvm%2fextra%2fwintermute.zip/
2024-07-16 12:43:51.058 T:4480 debug : ScanArchiveForAssociatedItems: Scanning archive archive://nfs%3a%2f%2f10.0.0.79%2fvolume1%2fMovies%2fscript.retroarch.launcher.Amlogic-ng.arm-v1.7.1.zip/script.retroarch.launcher.Amlogic-ng.arm/resources/system/scummvm/extra/vkeybd_default.zip
2024-07-16 12:43:51.058 T:4480 debug : CZipManager::GetZipList: failed to stat file zip://archive%3a%2f%2fnfs%253a%252f%252f10.0.0.79%252fvolume1%252fMovies%252fscript.retroarch.launcher.Amlogic-ng.arm-v1.7.1.zip%2fscript.retroarch.launcher.Amlogic-ng.arm%2fresources%2fsystem%2fscummvm%2fextra%2fvkeybd_default.zip/
2024-07-16 12:43:51.058 T:4480 error : GetDirectory - Error getting zip://archive%3a%2f%2fnfs%253a%252f%252f10.0.0.79%252fvolume1%252fMovies%252fscript.retroarch.launcher.Amlogic-ng.arm-v1.7.1.zip%2fscript.retroarch.launcher.Amlogic-ng.arm%2fresources%2fsystem%2fscummvm%2fextra%2fvkeybd_default.zip/
2024-07-16 12:43:51.058 T:4480 debug : ScanArchiveForAssociatedItems: Scanning archive archive://nfs%3a%2f%2f10.0.0.79%2fvolume1%2fMovies%2fscript.retroarch.launcher.Amlogic-ng.arm-v1.7.1.zip/script.retroarch.launcher.Amlogic-ng.arm/resources/system/scummvm/extra/helpdialog.zip
2024-07-16 12:43:51.058 T:4480 debug : CZipManager::GetZipList: failed to stat file zip://archive%3a%2f%2fnfs%253a%252f%252f10.0.0.79%252fvolume1%252fMovies%252fscript.retroarch.launcher.Amlogic-ng.arm-v1.7.1.zip%2fscript.retroarch.launcher.Amlogic-ng.arm%2fresources%2fsystem%2fscummvm%2fextra%2fhelpdialog.zip/
2024-07-16 12:43:51.058 T:4480 error : GetDirectory - Error getting zip://archive%3a%2f%2fnfs%253a%252f%252f10.0.0.79%252fvolume1%252fMovies%252fscript.retroarch.launcher.Amlogic-ng.arm-v1.7.1.zip%2fscript.retroarch.launcher.Amlogic-ng.arm%2fresources%2fsystem%2fscummvm%2fextra%2fhelpdialog.zip/
2024-07-16 12:43:51.058 T:4480 debug : ScanForExternalSubtitles: END (total time: 1277 ms)
2024-07-16 12:43:51.058 T:5065 debug : Thread FileCache 2935587328 terminating
2024-07-16 12:43:51.060 T:4480 debug : CNFSFile::Close closing file volume1/Movies/script.retroarch.launcher.Amlogic-ng.arm-v1.7.1.zip
2024-07-16 12:43:51.070 T:4462 error : Open - error probing input format, nfs://10.0.0.79/volume1/Movies/A.Confucian.Confusion.1994.BluRay.1080p.Remux.AVC.DTS.MA.5.1-STAF_temp/A.Confucian.Confusion.1994.BluRay.1080p.Remux.AVC.DTS.MA.5.1-STAF_new.avs
2024-07-16 12:43:51.070 T:5067 debug : Thread FileCache 3320975872 terminating
2024-07-16 12:43:51.071 T:4462 debug : CNFSFile::Close closing file volume1/Movies/A.Confucian.Confusion.1994.BluRay.1080p.Remux.AVC.DTS.MA.5.1-STAF_temp/A.Confucian.Confusion.1994.BluRay.1080p.Remux.AVC.DTS.MA.5.1-STAF_new.avs
2024-07-16 12:43:51.077 T:4462 debug : LoadItemLookup: trying to extract filestream details from video file videodb://movies/titles/2602?xsp=%7b%22order%22%3a%7b%22direction%22%3a%22ascending%22%2c%22ignorefolders%22%3a0%2c%22method%22%3a%22random%22%7d%2c%22rules%22%3a%7b%22and%22%3a%5b%7b%22field%22%3a%22lastplayed%22%2c%22operator%22%3a%22notinthelast%22%2c%22value%22%3a%5b%2214%20Days%22%5d%7d%5d%7d%2c%22type%22%3a%22movies%22%7d
2024-07-16 12:43:51.077 T:4462 debug : CFileCache::Open - opening
2024-07-16 12:43:51.082 T:4462 debug : CNFSFile::Open - opened volume1/Movies/script.retroarch.launcher.Amlogic-ng.arm-v1.7.1.zip
2024-07-16 12:43:51.346 T:4462 debug : CFileCache::Open - source chunk size is 1, setting cache chunk size to 262144
2024-07-16 12:43:51.347 T:4462 debug : CFileCache::Open - using single memory cache sized 268435456 bytes
2024-07-16 12:43:51.347 T:5068 debug : Thread FileCache start, auto delete: false
2024-07-16 12:43:51.355 T:5068 debug : CFileCache::Process - source read hit eof
2024-07-16 12:43:51.413 T:4462 debug : ffmpeg[0x39306a0]: Format luodat detected only with low score of 1, misdetection possible!
2024-07-16 12:43:51.413 T:4462 debug : Open - probing detected format [luodat]
2024-07-16 12:43:51.413 T:4462 debug : Open - avformat_find_stream_info starting
2024-07-16 12:43:51.413 T:4462 debug : Open - av_find_stream_info finished
2024-07-16 12:43:51.413 T:4462 debug : ScanForExternalSubtitles: Searching for subtitles...
2024-07-16 12:43:51.418 T:4462 debug : CNFSFile::Open - opened volume1/Movies/script.retroarch.launcher.Amlogic-ng.arm-v1.7.1.zip
2024-07-16 12:43:51.466 T:4482 error : Could not find suitable input format: application/octet-stream
2024-07-16 12:43:51.466 T:4482 debug : LoadFromFileInternal - Load of /var/media/ALL_THAT_JAZZ/BDMV/index.bdmv failed.
2024-07-16 12:43:51.466 T:4482 error : [ script.embuary.helper ] Image error: Could not get image for image://video@%2fvar%2fmedia%2fALL_THAT_JAZZ%2fBDMV%2findex.bdmv/ (try 2) -> [Errno 2] No such file or directory: '/storage/.kodi/userdata/addon_data/script.embuary.helper/img/tmp/3420c18a46b671cc5cc5dc0a9e9022ce.jpg'
2024-07-16 12:43:51.532 T:4522 debug : request received for /jsonrpc
2024-07-16 12:43:51.877 T:5066 debug : CBlurayCallback::Logger - aacs.c:121: No usable AACS libraries found!
2024-07-16 12:43:51.877 T:5066 debug : CBlurayCallback::Logger - dec.c:197: aacs_open() failed: -5!
2024-07-16 12:43:51.879 T:5066 debug : CBlurayCallback::Logger - bluray.c:3181: PSR change: psr3 = 1
2024-07-16 12:43:51.879 T:5066 debug : CBlurayCallback::Logger - bluray.c:3181: PSR change: psr4 = 65535
2024-07-16 12:43:51.879 T:5066 debug : CBlurayCallback::Logger - bluray.c:3181: PSR change: psr0 = 1
2024-07-16 12:43:51.880 T:5066 debug : CBlurayCallback::Logger - bluray.c:3181: PSR change: psr1 = 255
2024-07-16 12:43:51.880 T:5066 debug : CBlurayCallback::Logger - bluray.c:3181: PSR change: psr2 = 268374015
2024-07-16 12:43:51.880 T:5066 debug : CBlurayCallback::Logger - bluray.c:3181: PSR change: psr14 = 65535
2024-07-16 12:43:51.880 T:5066 debug : CDVDInputStreamBluray::Open - Disc name : ALL THAT JAZZ
2024-07-16 12:43:51.880 T:5066 debug : CDVDInputStreamBluray::Open - First Play supported: 1
2024-07-16 12:43:51.880 T:5066 debug : CDVDInputStreamBluray::Open - Top menu supported : 1
2024-07-16 12:43:51.880 T:5066 debug : CDVDInputStreamBluray::Open - HDMV titles : 7
2024-07-16 12:43:51.880 T:5066 debug : CDVDInputStreamBluray::Open - BD-J titles : 4
2024-07-16 12:43:51.880 T:5066 debug : CDVDInputStreamBluray::Open - BD-J handled : 1
2024-07-16 12:43:51.880 T:5066 debug : CDVDInputStreamBluray::Open - UNSUPPORTED titles : 0
2024-07-16 12:43:51.880 T:5066 debug : CDVDInputStreamBluray::Open - AACS detected : 1
2024-07-16 12:43:51.880 T:5066 debug : CDVDInputStreamBluray::Open - libaacs detected : 1
2024-07-16 12:43:51.880 T:5066 debug : CDVDInputStreamBluray::Open - AACS handled : 0
2024-07-16 12:43:51.880 T:5066 debug : CDVDInputStreamBluray::Open - BD+ detected : 0
2024-07-16 12:43:51.880 T:5066 debug : CDVDInputStreamBluray::Open - libbdplus detected : 0
2024-07-16 12:43:51.880 T:5066 debug : CDVDInputStreamBluray::Open - BD+ handled : 0
2024-07-16 12:43:51.880 T:5066 debug : CDVDInputStreamBluray::Open - no menus (libmmbd, or profile 6 bdj) : 0
2024-07-16 12:43:51.880 T:5066 error : CDVDInputStreamBluray::Open - Media stream scrambled/encrypted with AACS
2024-07-16 12:43:51.880 T:5066 debug : CVideoPlayer::OnDiscNavResult - libbluray the disc/file is encrypted and can't be played (DVDSTATE_NORMAL)
2024-07-16 12:43:51.880 T:5066 error : CVideoPlayer::OpenInputStream - error opening [/var/media/ALL_THAT_JAZZ/BDMV/index.bdmv]
2024-07-16 12:43:51.880 T:5066 info : CVideoPlayer::OnExit()
2024-07-16 12:43:51.880 T:5066 debug : CBlurayCallback::Logger - bluray.c:1610: BLURAY destroyed!
2024-07-16 12:43:51.880 T:5066 debug : Thread VideoPlayer 2994336256 terminating
2024-07-16 12:43:51.885 T:4480 debug : OnPlayBackStopped: CApplication::OnPlayBackStopped
2024-07-16 12:43:51.886 T:4325 debug : ------ Window Init (DialogConfirm.xml) ------
2024-07-16 12:43:51.887 T:4325 debug : CWinSystemAmlogicGLESContext::CreateNewWindow: m_bWindowCreated: true, frac rate 0(0), hdrType: sdr(sdr), force mode switch: false
2024-07-16 12:43:51.887 T:4325 debug : CWinSystemAmlogicGLESContext::CreateNewWindow: cur: iWidth: 1920, iHeight: 1080, iScreenWidth: 1920, iScreenHeight: 1080, fRefreshRate: 120.00, dwFlags: 04
2024-07-16 12:43:51.887 T:4325 debug : CWinSystemAmlogicGLESContext::CreateNewWindow: res: iWidth: 1920, iHeight: 1080, iScreenWidth: 1920, iScreenHeight: 1080, fRefreshRate: 120.00, dwFlags: 04
2024-07-16 12:43:51.887 T:4325 debug : CWinSystemAmlogicGLESContext::CreateNewWindow: No need to create a new window
2024-07-16 12:43:51.887 T:4325 info : GLES: Maximum texture width: 8192
2024-07-16 12:43:51.889 T:4325 info : CVideoPlayer::CloseFile()
2024-07-16 12:43:51.889 T:4325 debug : DeleteRenderer - deleting renderer
2024-07-16 12:43:51.889 T:4325 debug : LinuxRendererGLES: Cleaning up GLES resources
2024-07-16 12:43:51.889 T:4325 info : VideoPlayer: waiting for threads to exit
2024-07-16 12:43:51.890 T:4325 info : VideoPlayer: finished waiting
2024-07-16 12:43:51.890 T:4325 debug : Radio UECP (RDS) Processor - delete ~CDVDRadioRDSData
2024-07-16 12:43:51.890 T:4325 debug : Audio ID3 tag processor - delete ~CVideoPlayerAudioID3
2024-07-16 12:43:51.891 T:4325 debug : ------ Window Init (DialogNotification.xml) ------
2024-07-16 12:43:51.913 T:4325 debug : CDirectoryProvider[special://skin/extras/playlists/RandomMovies.xsp]: refreshing..
2024-07-16 12:43:52.100 T:4511 debug : LoadItemLookup: trying to extract filestream details from video file videodb://movies/titles/2919?xsp=%7b%22order%22%3a%7b%22direction%22%3a%22ascending%22%2c%22ignorefolders%22%3a0%2c%22method%22%3a%22random%22%7d%2c%22rules%22%3a%7b%22and%22%3a%5b%7b%22field%22%3a%22lastplayed%22%2c%22operator%22%3a%22notinthelast%22%2c%22value%22%3a%5b%2214%20Days%22%5d%7d%5d%7d%2c%22type%22%3a%22movies%22%7d
2024-07-16 12:43:52.100 T:4511 debug : CFileCache::Open - opening
2024-07-16 12:43:52.166 T:4511 debug : CSMBFile::Open - opened smb://USERNAME:PASSWORD@10.0.0.116/External/4K DV Blus/Batch Convert/tools/gnuplot/demo/using.dat, fd=10002
2024-07-16 12:43:52.205 T:4511 debug : CFileCache::Open - source chunk size is 131072, setting cache chunk size to 131072
2024-07-16 12:43:52.206 T:4511 debug : CFileCache::Open - using single memory cache sized 268435456 bytes
2024-07-16 12:43:52.206 T:5069 debug : Thread FileCache start, auto delete: false
2024-07-16 12:43:52.256 T:5069 debug : CFileCache::Process - source read hit eof
2024-07-16 12:43:52.259 T:4511 debug : ffmpeg[0xdde177c8]: Format luodat detected only with low score of 1, misdetection possible!
2024-07-16 12:43:52.259 T:4511 debug : Open - probing detected format [luodat]
2024-07-16 12:43:52.259 T:4511 debug : Open - avformat_find_stream_info starting
2024-07-16 12:43:52.259 T:4511 debug : Open - av_find_stream_info finished
2024-07-16 12:43:52.259 T:4511 debug : ScanForExternalSubtitles: Searching for subtitles...
2024-07-16 12:43:52.456 T:4511 debug : ScanForExternalSubtitles: END (total time: 196 ms)
2024-07-16 12:43:52.456 T:5069 debug : Thread FileCache 2994336256 terminating
2024-07-16 12:43:52.456 T:4511 debug : CSMBFile::Close closing fd 10002
2024-07-16 12:43:52.535 T:4462 debug : CNFSFile::Close closing file volume1/Movies/script.retroarch.launcher.Amlogic-ng.arm-v1.7.1.zip
2024-07-16 12:43:52.536 T:4462 debug : ScanArchiveForAssociatedItems: Scanning archive archive://nfs%3a%2f%2f10.0.0.79%2fvolume1%2fMovies%2fscript.retroarch.launcher.Amlogic-ng.arm-v1.7.1.zip/script.retroarch.launcher.Amlogic-ng.arm/resources/system/scummvm/extra/wintermute.zip
2024-07-16 12:43:52.537 T:4462 debug : CZipManager::GetZipList: failed to stat file zip://archive%3a%2f%2fnfs%253a%252f%252f10.0.0.79%252fvolume1%252fMovies%252fscript.retroarch.launcher.Amlogic-ng.arm-v1.7.1.zip%2fscript.retroarch.launcher.Amlogic-ng.arm%2fresources%2fsystem%2fscummvm%2fextra%2fwintermute.zip/
2024-07-16 12:43:52.537 T:4462 error : GetDirectory - Error getting zip://archive%3a%2f%2fnfs%253a%252f%252f10.0.0.79%252fvolume1%252fMovies%252fscript.retroarch.launcher.Amlogic-ng.arm-v1.7.1.zip%2fscript.retroarch.launcher.Amlogic-ng.arm%2fresources%2fsystem%2fscummvm%2fextra%2fwintermute.zip/
2024-07-16 12:43:52.537 T:4462 debug : ScanArchiveForAssociatedItems: Scanning archive archive://nfs%3a%2f%2f10.0.0.79%2fvolume1%2fMovies%2fscript.retroarch.launcher.Amlogic-ng.arm-v1.7.1.zip/script.retroarch.launcher.Amlogic-ng.arm/resources/system/scummvm/extra/vkeybd_default.zip
2024-07-16 12:43:52.537 T:4462 debug : CZipManager::GetZipList: failed to stat file zip://archive%3a%2f%2fnfs%253a%252f%252f10.0.0.79%252fvolume1%252fMovies%252fscript.retroarch.launcher.Amlogic-ng.arm-v1.7.1.zip%2fscript.retroarch.launcher.Amlogic-ng.arm%2fresources%2fsystem%2fscummvm%2fextra%2fvkeybd_default.zip/
2024-07-16 12:43:52.537 T:4462 error : GetDirectory - Error getting zip://archive%3a%2f%2fnfs%253a%252f%252f10.0.0.79%252fvolume1%252fMovies%252fscript.retroarch.launcher.Amlogic-ng.arm-v1.7.1.zip%2fscript.retroarch.launcher.Amlogic-ng.arm%2fresources%2fsystem%2fscummvm%2fextra%2fvkeybd_default.zip/
2024-07-16 12:43:52.537 T:4462 debug : ScanArchiveForAssociatedItems: Scanning archive archive://nfs%3a%2f%2f10.0.0.79%2fvolume1%2fMovies%2fscript.retroarch.launcher.Amlogic-ng.arm-v1.7.1.zip/script.retroarch.launcher.Amlogic-ng.arm/resources/system/scummvm/extra/helpdialog.zip
2024-07-16 12:43:52.538 T:4462 debug : CZipManager::GetZipList: failed to stat file zip://archive%3a%2f%2fnfs%253a%252f%252f10.0.0.79%252fvolume1%252fMovies%252fscript.retroarch.launcher.Amlogic-ng.arm-v1.7.1.zip%2fscript.retroarch.launcher.Amlogic-ng.arm%2fresources%2fsystem%2fscummvm%2fextra%2fhelpdialog.zip/
