2019-09-29 10:51:31.803 T:3539071808 DEBUG: CurlFile::Open(0xd2685d60) https://musicbrainz.org/ws/2/release-group/577a4897-f92e-3a7a-ba95-d58b127f4793?inc=url-rels
2019-09-29 10:51:31.877 T:3539071808 DEBUG: Get: Using "UTF-8" charset for XML "https://musicbrainz.org/ws/2/release-group/577a4897-f92e-3a7a-ba95-d58b127f4793?inc=url-rels"
2019-09-29 10:51:31.879 T:3539071808 DEBUG: scraper: GetAMGAlbumThumbs returned
2019-09-29 10:51:31.884 T:3539071808 DEBUG: Thread MusicInfoScraper 3539071808 terminating
2019-09-29 10:51:32.594 T:3733955392 DEBUG: PushCecKeypress - received key a8 duration 0
2019-09-29 10:51:32.596 T:4091736656 DEBUG: HandleKey: 168 (0xa8, obc87) pressed, action is Right
2019-09-29 10:51:32.647 T:3657970496 DEBUG: ffmpeg[DA083340]: [swscaler] No accelerated colorspace conversion found from yuv420p to bgra.
2019-09-29 10:51:32.772 T:3733955392 DEBUG: PushCecKeypress - received key a8 duration 179
2019-09-29 10:51:32.886 T:4087833408 DEBUG: CAnnouncementManager - Announcement: OnUpdate from xbmc
2019-09-29 10:51:32.886 T:4087833408 DEBUG: GOT ANNOUNCEMENT, type: 32, from xbmc, message OnUpdate
2019-09-29 10:51:32.886 T:4087833408 DEBUG: CAnnouncementManager - Announcement: OnUpdate from xbmc
2019-09-29 10:51:32.886 T:4087833408 DEBUG: GOT ANNOUNCEMENT, type: 32, from xbmc, message OnUpdate
2019-09-29 10:51:32.912 T:3886404416 DEBUG: SELECT albumview.*,albumartistview.* FROM albumview JOIN albumartistview ON albumview.idAlbum = albumartistview.idAlbum WHERE albumview.idAlbum = 82 ORDER BY albumartistview.iOrder
2019-09-29 10:51:32.915 T:3886404416 DEBUG: SELECT songview.*, songartistview.* FROM songview JOIN songartistview ON songview.idSong = songartistview.idSong WHERE songview.idAlbum = 82 ORDER BY songview.iTrack, songartistview.idRole, songartistview.iOrder
2019-09-29 10:51:32.920 T:3886404416 DEBUG: UpdateDatabaseAlbumInfo downloading info for: Vol. 8
2019-09-29 10:51:32.925 T:3886404416 DEBUG: scraper: ResolveIDToUrl returned https://musicbrainz.org/ws/2/release/f0fa0713-69d0-3b17-927b-c01337e76aed?inc=recordings+release-groups+artists+labels+ratings
2019-09-29 10:51:32.925 T:3886404416 DEBUG: -- nfo-scraper: Universal Album Scraper
2019-09-29 10:51:32.925 T:3886404416 DEBUG: -- nfo url: https://musicbrainz.org/ws/2/release/f0fa0713-69d0-3b17-927b-c01337e76aed?inc=recordings+release-groups+artists+labels+ratings
2019-09-29 10:51:32.929 T:3539071808 DEBUG: Thread MusicInfoScraper start, auto delete: false
2019-09-29 10:51:32.930 T:3539071808 DEBUG: GetAlbumDetails: Reading 'https://musicbrainz.org/ws/2/release/f0fa0713-69d0-3b17-927b-c01337e76aed?inc=recordings+release-groups+artists+labels+ratings' using Universal Album Scraper scraper (file: '/storage/.kodi/addons/metadata.album.universal', content: 'albums', version: '3.1.2')
2019-09-29 10:51:32.930 T:3539071808 DEBUG: CurlFile::Open(0xd84028f8) https://musicbrainz.org/ws/2/release/f0fa0713-69d0-3b17-927b-c01337e76aed?inc=recordings+release-groups+artists+labels+ratings
2019-09-29 10:51:32.948 T:3733955392 DEBUG: PushCecKeypress - received key a8 duration 0
2019-09-29 10:51:32.996 T:4091736656 DEBUG: HandleKey: 168 (0xa8, obc87) pressed, action is Right
2019-09-29 10:51:33.021 T:3539071808 DEBUG: Get: Using "UTF-8" charset for XML "https://musicbrainz.org/ws/2/release/f0fa0713-69d0-3b17-927b-c01337e76aed?inc=recordings+release-groups+artists+labels+ratings"
2019-09-29 10:51:33.034 T:3539071808 DEBUG: scraper: GetAlbumDetails returned
f0fa0713-69d0-3b17-927b-c01337e76aedf0fa0713-69d0-3b17-927b-c01337e76aedf0fa0713-69d0-3b17-927b-c01337e76aedf0fa0713-69d0-3b17-927b-c01337e76aedf0fa0713-69d0-3b17-927b-c01337e76aedf0fa0713-69d0-3b17-927b-c01337e76aeda533a3d1-67a5-3cc3-af7a-1f9ac42ff760f0fa0713-69d0-3b17-927b-c01337e76aeda533a3d1-67a5-3cc3-af7a-1f9ac42ff760a533a3d1-67a5-3cc3-af7a-1f9ac42ff760a533a3d1-67a5-3cc3-af7a-1f9ac42ff760a533a3d1-67a5-3cc3-af7a-1f9ac42ff760a533a3d1-67a5-3cc3-af7a-1f9ac42ff760a533a3d1-67a5-3cc3-af7a-1f9ac42ff760a533a3d1-67a5-3cc3-af7a-1f9ac42ff760a533a3d1-67a5-3cc3-af7a-1f9ac42ff760a533a3d1-67a5-3cc3-af7a-1f9ac42ff760https://musicbrainz.org/ws/2/release-group/a533a3d1-67a5-3cc3-af7a-1f9ac42ff760?inc=url-rels
2019-09-29 10:51:33.035 T:3539071808 DEBUG: scraper: GetMBAlbumTitleByMBID returned
https://musicbrainz.org/ws/2/release/f0fa0713-69d0-3b17-927b-c01337e76aed?inc=recordings+release-groups+artists+labels+ratings
2019-09-29 10:51:33.040 T:3539071808 DEBUG: scraper: ParseMBAlbumTitle returned
f0fa0713-69d0-3b17-927b-c01337e76aedVol. 8a533a3d1-67a5-3cc3-af7a-1f9ac42ff760Vol. 8OfficialnormalCassette CaseitaFabrizio De AndréDe André, Fabrizio5Vol. 81974Album51995IT1995ItalyItalyITfalse0falsefalseRIK 764951Cassette11274053La cattiva strada274053422192000Oceano192000533238000Nancy238000544196000Le storie di ieri196000555211000Giugno '73211000566206000Dolce Luna206000477321000Canzone per l'estate321000488333000Amico fragile333000
2019-09-29 10:51:33.043 T:3539071808 DEBUG: scraper: GetMBAlbumArtistsByMBID returned
https://musicbrainz.org/ws/2/release/f0fa0713-69d0-3b17-927b-c01337e76aed?inc=recordings+release-groups+artists+labels+ratings
2019-09-29 10:51:33.046 T:3539071808 DEBUG: scraper: ParseMBAlbumArtists returned
204db5a8-78f1-4078-801f-ae8f456eeb60Fabrizio De André
2019-09-29 10:51:33.047 T:3539071808 DEBUG: scraper: GetMBAlbumArtistByMBID returned
https://musicbrainz.org/ws/2/release/f0fa0713-69d0-3b17-927b-c01337e76aed?inc=recordings+release-groups+artists+labels+ratings
2019-09-29 10:51:33.049 T:3539071808 DEBUG: scraper: ParseMBAlbumArtist returned
Fabrizio De André
2019-09-29 10:51:33.050 T:3539071808 DEBUG: scraper: GetMBAlbumLabelByMBID returned
https://musicbrainz.org/ws/2/release/f0fa0713-69d0-3b17-927b-c01337e76aed?inc=recordings+release-groups+artists+labels+ratings
2019-09-29 10:51:33.051 T:3539071808 DEBUG: scraper: ParseMBAlbumLabel returned
2019-09-29 10:51:33.052 T:3539071808 DEBUG: scraper: GetMBAlbumDateByMBID returned
https://musicbrainz.org/ws/2/release/f0fa0713-69d0-3b17-927b-c01337e76aed?inc=recordings+release-groups+artists+labels+ratings
2019-09-29 10:51:33.055 T:3539071808 DEBUG: scraper: ParseMBAlbumDate returned
19741974
2019-09-29 10:51:33.055 T:3539071808 DEBUG: scraper: GetMBAlbumTracksByMBID returned
https://musicbrainz.org/ws/2/release/f0fa0713-69d0-3b17-927b-c01337e76aed?inc=recordings+release-groups+artists+labels+ratings
2019-09-29 10:51:33.058 T:3908092736 DEBUG: ffmpeg[E8F0C340]: [swscaler] No accelerated colorspace conversion found from yuv420p to bgra.
2019-09-29 10:51:33.059 T:3539071808 DEBUG: scraper: ParseMBAlbumTracks returned
1La cattiva strada2742Oceano1923Nancy2384Le storie di ieri1965Giugno '732116Dolce Luna2067Canzone per l'estate3218Amico fragile333
2019-09-29 10:51:33.060 T:3539071808 DEBUG: scraper: GetTADBAlbumReviewByMBID returned
https://www.theaudiodb.com/api/v1/json/58424d43204d6564696120/album-mb.php?i=a533a3d1-67a5-3cc3-af7a-1f9ac42ff760
2019-09-29 10:51:33.061 T:3539071808 DEBUG: CurlFile::Open(0xd84028f8) https://www.theaudiodb.com/api/v1/json/58424d43204d6564696120/album-mb.php?i=a533a3d1-67a5-3cc3-af7a-1f9ac42ff760
2019-09-29 10:51:33.073 T:3733955392 DEBUG: PushCecKeypress - received key a8 duration 125
2019-09-29 10:51:33.142 T:3539071808 DEBUG: Get: Using content of "https://www.theaudiodb.com/api/v1/json/58424d43204d6564696120/album-mb.php?i=a533a3d1-67a5-3cc3-af7a-1f9ac42ff760" as binary or text with "UTF-8" charset
2019-09-29 10:51:33.143 T:3539071808 DEBUG: scraper: ParseTADBAlbumReview returned
2019-09-29 10:51:33.144 T:3539071808 DEBUG: scraper: GetMBAlbumRatingByMBID returned
https://musicbrainz.org/ws/2/release/f0fa0713-69d0-3b17-927b-c01337e76aed?inc=recordings+release-groups+artists+labels+ratings
2019-09-29 10:51:33.145 T:3539071808 DEBUG: scraper: ParseMBAlbumRating returned
5
2019-09-29 10:51:33.146 T:3539071808 DEBUG: scraper: GetTADBAlbumStylesByMBID returned
https://www.theaudiodb.com/api/v1/json/58424d43204d6564696120/album-mb.php?i=a533a3d1-67a5-3cc3-af7a-1f9ac42ff760
2019-09-29 10:51:33.147 T:3539071808 DEBUG: CurlFile::Open(0xd84028f8) https://www.theaudiodb.com/api/v1/json/58424d43204d6564696120/album-mb.php?i=a533a3d1-67a5-3cc3-af7a-1f9ac42ff760
2019-09-29 10:51:33.168 T:3733955392 DEBUG: PushCecKeypress - received key a8 duration 0
2019-09-29 10:51:33.209 T:3539071808 DEBUG: Get: Using content of "https://www.theaudiodb.com/api/v1/json/58424d43204d6564696120/album-mb.php?i=a533a3d1-67a5-3cc3-af7a-1f9ac42ff760" as binary or text with "UTF-8" charset
2019-09-29 10:51:33.210 T:3539071808 DEBUG: scraper: ParseTADBAlbumStyles returned
2019-09-29 10:51:33.211 T:3539071808 DEBUG: scraper: GetTADBAlbumMoodsByMBID returned
https://www.theaudiodb.com/api/v1/json/58424d43204d6564696120/album-mb.php?i=a533a3d1-67a5-3cc3-af7a-1f9ac42ff760
2019-09-29 10:51:33.212 T:4091736656 DEBUG: HandleKey: 168 (0xa8, obc87) pressed, action is Right
2019-09-29 10:51:33.212 T:3539071808 DEBUG: scraper: ParseTADBAlbumMoods returned
2019-09-29 10:51:33.213 T:3539071808 DEBUG: scraper: GetTADBAlbumThemeByMBID returned
https://www.theaudiodb.com/api/v1/json/58424d43204d6564696120/album-mb.php?i=a533a3d1-67a5-3cc3-af7a-1f9ac42ff760
2019-09-29 10:51:33.215 T:3539071808 DEBUG: scraper: ParseTADBAlbumTheme returned
2019-09-29 10:51:33.216 T:3539071808 DEBUG: scraper: GetFanartTvAlbumThumbsByMBID returned
https://webservice.fanart.tv/v3/music/albums/a533a3d1-67a5-3cc3-af7a-1f9ac42ff760?api_key=ed4b784f97227358b31ca4dd966a04f1
2019-09-29 10:51:33.216 T:3539071808 DEBUG: CurlFile::Open(0xd84028f8) https://webservice.fanart.tv/v3/music/albums/a533a3d1-67a5-3cc3-af7a-1f9ac42ff760?api_key=ed4b784f97227358b31ca4dd966a04f1
2019-09-29 10:51:33.303 T:3733955392 DEBUG: PushCecKeypress - received key a8 duration 134
2019-09-29 10:51:33.408 T:3733955392 DEBUG: PushCecKeypress - received key a8 duration 0
2019-09-29 10:51:33.429 T:4091736656 DEBUG: HandleKey: 168 (0xa8, obc87) pressed, action is Right
2019-09-29 10:51:33.435 T:3539071808 ERROR: CCurlFile::Open failed with code 404 for https://webservice.fanart.tv/v3/music/albums/a533a3d1-67a5-3cc3-af7a-1f9ac42ff760?api_key=ed4b784f97227358b31ca4dd966a04f1:
2019-09-29 10:51:33.435 T:3539071808 ERROR: Run: Unable to parse web site
2019-09-29 10:51:33.436 T:3539071808 DEBUG: scraper: GetFanartTvAlbumDiscartByMBID returned
https://webservice.fanart.tv/v3/music/albums/a533a3d1-67a5-3cc3-af7a-1f9ac42ff760?api_key=ed4b784f97227358b31ca4dd966a04f1
2019-09-29 10:51:33.440 T:3539071808 DEBUG: CurlFile::Open(0xd84028f8) https://webservice.fanart.tv/v3/music/albums/a533a3d1-67a5-3cc3-af7a-1f9ac42ff760?api_key=ed4b784f97227358b31ca4dd966a04f1
2019-09-29 10:51:33.452 T:3657970496 DEBUG: ffmpeg[DA083340]: [swscaler] No accelerated colorspace conversion found from yuv420p to bgra.
2019-09-29 10:51:33.543 T:3733955392 DEBUG: PushCecKeypress - received key a8 duration 135
2019-09-29 10:51:33.553 T:3908092736 DEBUG: ffmpeg[E8F0C340]: [swscaler] No accelerated colorspace conversion found from yuv420p to bgra.
2019-09-29 10:51:33.653 T:3539071808 ERROR: CCurlFile::Open failed with code 404 for https://webservice.fanart.tv/v3/music/albums/a533a3d1-67a5-3cc3-af7a-1f9ac42ff760?api_key=ed4b784f97227358b31ca4dd966a04f1:
2019-09-29 10:51:33.654 T:3539071808 ERROR: Run: Unable to parse web site
2019-09-29 10:51:33.654 T:3539071808 DEBUG: scraper: GetTADBAlbumThumbsByMBID returned
https://www.theaudiodb.com/api/v1/json/58424d43204d6564696120/album-mb.php?i=a533a3d1-67a5-3cc3-af7a-1f9ac42ff760
2019-09-29 10:51:33.658 T:3733955392 DEBUG: PushCecKeypress - received key a8 duration 0
2019-09-29 10:51:33.658 T:3539071808 DEBUG: scraper: ParseTADBAlbumThumbs returned
https://www.theaudiodb.com/images/media/album/thumb/rypuuw1381535870.jpg
2019-09-29 10:51:33.659 T:3539071808 DEBUG: scraper: GetTADBAlbumDiscartByMBID returned
https://www.theaudiodb.com/api/v1/json/58424d43204d6564696120/album-mb.php?i=a533a3d1-67a5-3cc3-af7a-1f9ac42ff760
2019-09-29 10:51:33.661 T:3539071808 DEBUG: scraper: ParseTADBAlbumDiscart returned
2019-09-29 10:51:33.661 T:3539071808 DEBUG: scraper: GetTADBAlbumBackByMBID returned
https://www.theaudiodb.com/api/v1/json/58424d43204d6564696120/album-mb.php?i=a533a3d1-67a5-3cc3-af7a-1f9ac42ff760
2019-09-29 10:51:33.662 T:4091736656 DEBUG: HandleKey: 168 (0xa8, obc87) pressed, action is Right
2019-09-29 10:51:33.663 T:3539071808 DEBUG: scraper: ParseTADBAlbumBack returned
2019-09-29 10:51:33.664 T:3539071808 DEBUG: scraper: GetTADBAlbumSpineByMBID returned
https://www.theaudiodb.com/api/v1/json/58424d43204d6564696120/album-mb.php?i=a533a3d1-67a5-3cc3-af7a-1f9ac42ff760
2019-09-29 10:51:33.665 T:3539071808 DEBUG: scraper: ParseTADBAlbumSpine returned
2019-09-29 10:51:33.666 T:3539071808 DEBUG: CurlFile::Open(0xd84028f8) https://musicbrainz.org/ws/2/release-group/a533a3d1-67a5-3cc3-af7a-1f9ac42ff760?inc=url-rels
2019-09-29 10:51:33.731 T:3539071808 DEBUG: Get: Using "UTF-8" charset for XML "https://musicbrainz.org/ws/2/release-group/a533a3d1-67a5-3cc3-af7a-1f9ac42ff760?inc=url-rels"
2019-09-29 10:51:33.732 T:3539071808 DEBUG: scraper: GetAMGAlbumThumbs returned
2019-09-29 10:51:33.736 T:3539071808 DEBUG: Thread MusicInfoScraper 3539071808 terminating
2019-09-29 10:51:33.746 T:3657970496 DEBUG: ffmpeg[DA083340]: [swscaler] No accelerated colorspace conversion found from yuv420p to bgra.
2019-09-29 10:51:33.782 T:3733955392 DEBUG: PushCecKeypress - received key a8 duration 124
2019-09-29 10:51:34.239 T:3733955392 DEBUG: PushCecKeypress - received key a8 duration 0
2019-09-29 10:51:34.246 T:4091736656 DEBUG: HandleKey: 168 (0xa8, obc87) pressed, action is Right
2019-09-29 10:51:34.373 T:3908092736 DEBUG: ffmpeg[E8F0C340]: [swscaler] No accelerated colorspace conversion found from yuv420p to bgra.
2019-09-29 10:51:34.393 T:3733955392 DEBUG: PushCecKeypress - received key a8 duration 154
2019-09-29 10:51:34.498 T:3733955392 DEBUG: PushCecKeypress - received key a8 duration 0
2019-09-29 10:51:34.529 T:4091736656 DEBUG: HandleKey: 168 (0xa8, obc87) pressed, action is Right
2019-09-29 10:51:34.623 T:3733955392 DEBUG: PushCecKeypress - received key a8 duration 125
2019-09-29 10:51:34.627 T:3908092736 DEBUG: ffmpeg[E8F0C340]: [swscaler] No accelerated colorspace conversion found from yuv420p to bgra.
2019-09-29 10:51:34.739 T:4087833408 DEBUG: CAnnouncementManager - Announcement: OnUpdate from xbmc
2019-09-29 10:51:34.739 T:4087833408 DEBUG: GOT ANNOUNCEMENT, type: 32, from xbmc, message OnUpdate
2019-09-29 10:51:34.739 T:4087833408 DEBUG: CAnnouncementManager - Announcement: OnUpdate from xbmc
2019-09-29 10:51:34.739 T:4087833408 DEBUG: GOT ANNOUNCEMENT, type: 32, from xbmc, message OnUpdate
2019-09-29 10:51:34.748 T:3733955392 DEBUG: PushCecKeypress - received key a8 duration 0
2019-09-29 10:51:34.762 T:4091736656 DEBUG: HandleKey: 168 (0xa8, obc87) pressed, action is Right
2019-09-29 10:51:34.765 T:3886404416 DEBUG: SELECT albumview.*,albumartistview.* FROM albumview JOIN albumartistview ON albumview.idAlbum = albumartistview.idAlbum WHERE albumview.idAlbum = 83 ORDER BY albumartistview.iOrder
2019-09-29 10:51:34.768 T:3886404416 DEBUG: SELECT songview.*, songartistview.* FROM songview JOIN songartistview ON songview.idSong = songartistview.idSong WHERE songview.idAlbum = 83 ORDER BY songview.iTrack, songartistview.idRole, songartistview.iOrder
2019-09-29 10:51:34.772 T:3886404416 DEBUG: UpdateDatabaseAlbumInfo downloading info for: Fabrizio De André
2019-09-29 10:51:34.777 T:3886404416 DEBUG: scraper: ResolveIDToUrl returned https://musicbrainz.org/ws/2/release/bca249d5-7a31-3ada-93de-ff3e3e5b2e86?inc=recordings+release-groups+artists+labels+ratings
2019-09-29 10:51:34.777 T:3886404416 DEBUG: -- nfo-scraper: Universal Album Scraper
2019-09-29 10:51:34.777 T:3886404416 DEBUG: -- nfo url: https://musicbrainz.org/ws/2/release/bca249d5-7a31-3ada-93de-ff3e3e5b2e86?inc=recordings+release-groups+artists+labels+ratings
2019-09-29 10:51:34.782 T:3539071808 DEBUG: Thread MusicInfoScraper start, auto delete: false
2019-09-29 10:51:34.782 T:3539071808 DEBUG: GetAlbumDetails: Reading 'https://musicbrainz.org/ws/2/release/bca249d5-7a31-3ada-93de-ff3e3e5b2e86?inc=recordings+release-groups+artists+labels+ratings' using Universal Album Scraper scraper (file: '/storage/.kodi/addons/metadata.album.universal', content: 'albums', version: '3.1.2')
2019-09-29 10:51:34.783 T:3539071808 DEBUG: CurlFile::Open(0xef3aafa0) https://musicbrainz.org/ws/2/release/bca249d5-7a31-3ada-93de-ff3e3e5b2e86?inc=recordings+release-groups+artists+labels+ratings
2019-09-29 10:51:34.858 T:3657970496 DEBUG: ffmpeg[DA083340]: [swscaler] No accelerated colorspace conversion found from yuv420p to bgra.
2019-09-29 10:51:34.873 T:3733955392 DEBUG: PushCecKeypress - received key a8 duration 124
2019-09-29 10:51:34.877 T:3539071808 DEBUG: Get: Using "UTF-8" charset for XML "https://musicbrainz.org/ws/2/release/bca249d5-7a31-3ada-93de-ff3e3e5b2e86?inc=recordings+release-groups+artists+labels+ratings"
2019-09-29 10:51:34.890 T:3539071808 DEBUG: scraper: GetAlbumDetails returned
bca249d5-7a31-3ada-93de-ff3e3e5b2e86bca249d5-7a31-3ada-93de-ff3e3e5b2e86bca249d5-7a31-3ada-93de-ff3e3e5b2e86bca249d5-7a31-3ada-93de-ff3e3e5b2e86bca249d5-7a31-3ada-93de-ff3e3e5b2e86bca249d5-7a31-3ada-93de-ff3e3e5b2e86186096a6-abf0-3b1c-8512-1a516eb23ee8bca249d5-7a31-3ada-93de-ff3e3e5b2e86186096a6-abf0-3b1c-8512-1a516eb23ee8186096a6-abf0-3b1c-8512-1a516eb23ee8186096a6-abf0-3b1c-8512-1a516eb23ee8186096a6-abf0-3b1c-8512-1a516eb23ee8186096a6-abf0-3b1c-8512-1a516eb23ee8186096a6-abf0-3b1c-8512-1a516eb23ee8186096a6-abf0-3b1c-8512-1a516eb23ee8186096a6-abf0-3b1c-8512-1a516eb23ee8186096a6-abf0-3b1c-8512-1a516eb23ee8https://musicbrainz.org/ws/2/release-group/186096a6-abf0-3b1c-8512-1a516eb23ee8?inc=url-rels
2019-09-29 10:51:34.891 T:3539071808 DEBUG: scraper: GetMBAlbumTitleByMBID returned
https://musicbrainz.org/ws/2/release/bca249d5-7a31-3ada-93de-ff3e3e5b2e86?inc=recordings+release-groups+artists+labels+ratings
2019-09-29 10:51:34.896 T:3539071808 DEBUG: scraper: ParseMBAlbumTitle returned
bca249d5-7a31-3ada-93de-ff3e3e5b2e86Fabrizio De André186096a6-abf0-3b1c-8512-1a516eb23ee8Fabrizio De AndréOfficialnormalAntologia neraitaFabrizio De AndréDe André, Fabrizio5Fabrizio De AndréAntologia nera1976-12-15AlbumCompilation52002-11-25IT2002-11-25ItalyItalyIT0743219742223B0000A9DGFtrue1truefalse743219742221CD11139666Il pescatore139666stereo522188000Bocca di rosa188000stereo, lyrics "Sant'Ilario" and "il cuore tenero..."533231293Le passanti230866544Canzone dell'amore perduto201066La canzone dell'amore perduto1999601974 version; from "Canzoni"4.555275573La cattiva strada274053466177733Un giudice175666577226666Il testamento2250001968 version, stereo; from "Vol. 3"388263666Verranno a chiederti del nostro amore2598935
2019-09-29 10:51:34.899 T:3539071808 DEBUG: scraper: GetMBAlbumArtistsByMBID returned
https://musicbrainz.org/ws/2/release/bca249d5-7a31-3ada-93de-ff3e3e5b2e86?inc=recordings+release-groups+artists+labels+ratings
2019-09-29 10:51:34.902 T:3539071808 DEBUG: scraper: ParseMBAlbumArtists returned
204db5a8-78f1-4078-801f-ae8f456eeb60Fabrizio De André
2019-09-29 10:51:34.903 T:3539071808 DEBUG: scraper: GetMBAlbumArtistByMBID returned
https://musicbrainz.org/ws/2/release/bca249d5-7a31-3ada-93de-ff3e3e5b2e86?inc=recordings+release-groups+artists+labels+ratings
2019-09-29 10:51:34.905 T:3539071808 DEBUG: scraper: ParseMBAlbumArtist returned
Fabrizio De André
2019-09-29 10:51:34.905 T:3539071808 DEBUG: scraper: GetMBAlbumLabelByMBID returned
https://musicbrainz.org/ws/2/release/bca249d5-7a31-3ada-93de-ff3e3e5b2e86?inc=recordings+release-groups+artists+labels+ratings
2019-09-29 10:51:34.907 T:3539071808 DEBUG: scraper: ParseMBAlbumLabel returned
2019-09-29 10:51:34.907 T:3539071808 DEBUG: scraper: GetMBAlbumDateByMBID returned
https://musicbrainz.org/ws/2/release/bca249d5-7a31-3ada-93de-ff3e3e5b2e86?inc=recordings+release-groups+artists+labels+ratings
2019-09-29 10:51:34.910 T:3539071808 DEBUG: scraper: ParseMBAlbumDate returned
1976-12-151976
2019-09-29 10:51:34.910 T:3539071808 DEBUG: scraper: GetMBAlbumTracksByMBID returned
https://musicbrainz.org/ws/2/release/bca249d5-7a31-3ada-93de-ff3e3e5b2e86?inc=recordings+release-groups+artists+labels+ratings
2019-09-29 10:51:34.913 T:3539071808 DEBUG: scraper: ParseMBAlbumTracks returned
1Il pescatore1392Bocca di rosa1883Le passanti2314Canzone dell'amore perduto5La cattiva strada2756Un giudice1777Il testamento2268Verranno a chiederti del nostro amore263
2019-09-29 10:51:34.914 T:3539071808 DEBUG: scraper: GetTADBAlbumReviewByMBID returned
https://www.theaudiodb.com/api/v1/json/58424d43204d6564696120/album-mb.php?i=186096a6-abf0-3b1c-8512-1a516eb23ee8
2019-09-29 10:51:34.915 T:3539071808 DEBUG: CurlFile::Open(0xef3aafa0) https://www.theaudiodb.com/api/v1/json/58424d43204d6564696120/album-mb.php?i=186096a6-abf0-3b1c-8512-1a516eb23ee8
2019-09-29 10:51:34.975 T:3539071808 DEBUG: Get: Using content of "https://www.theaudiodb.com/api/v1/json/58424d43204d6564696120/album-mb.php?i=186096a6-abf0-3b1c-8512-1a516eb23ee8" as binary or text with "UTF-8" charset
2019-09-29 10:51:34.977 T:3539071808 DEBUG: scraper: ParseTADBAlbumReview returned
2019-09-29 10:51:34.977 T:3539071808 DEBUG: scraper: GetMBAlbumRatingByMBID returned
https://musicbrainz.org/ws/2/release/bca249d5-7a31-3ada-93de-ff3e3e5b2e86?inc=recordings+release-groups+artists+labels+ratings
2019-09-29 10:51:34.979 T:3539071808 ERROR: Run: Unable to parse web site
2019-09-29 10:51:34.980 T:3539071808 DEBUG: scraper: GetTADBAlbumStylesByMBID returned
https://www.theaudiodb.com/api/v1/json/58424d43204d6564696120/album-mb.php?i=186096a6-abf0-3b1c-8512-1a516eb23ee8
2019-09-29 10:51:34.981 T:3539071808 DEBUG: CurlFile::Open(0xef3aafa0) https://www.theaudiodb.com/api/v1/json/58424d43204d6564696120/album-mb.php?i=186096a6-abf0-3b1c-8512-1a516eb23ee8
2019-09-29 10:51:35.047 T:3539071808 DEBUG: Get: Using content of "https://www.theaudiodb.com/api/v1/json/58424d43204d6564696120/album-mb.php?i=186096a6-abf0-3b1c-8512-1a516eb23ee8" as binary or text with "UTF-8" charset
2019-09-29 10:51:35.049 T:3539071808 DEBUG: scraper: ParseTADBAlbumStyles returned
2019-09-29 10:51:35.049 T:3539071808 DEBUG: scraper: GetTADBAlbumMoodsByMBID returned
https://www.theaudiodb.com/api/v1/json/58424d43204d6564696120/album-mb.php?i=186096a6-abf0-3b1c-8512-1a516eb23ee8
2019-09-29 10:51:35.051 T:3539071808 DEBUG: scraper: ParseTADBAlbumMoods returned
2019-09-29 10:51:35.051 T:3539071808 DEBUG: scraper: GetTADBAlbumThemeByMBID returned
https://www.theaudiodb.com/api/v1/json/58424d43204d6564696120/album-mb.php?i=186096a6-abf0-3b1c-8512-1a516eb23ee8
2019-09-29 10:51:35.053 T:3539071808 DEBUG: scraper: ParseTADBAlbumTheme returned
2019-09-29 10:51:35.053 T:3539071808 DEBUG: scraper: GetFanartTvAlbumThumbsByMBID returned
https://webservice.fanart.tv/v3/music/albums/186096a6-abf0-3b1c-8512-1a516eb23ee8?api_key=ed4b784f97227358b31ca4dd966a04f1
2019-09-29 10:51:35.054 T:3539071808 DEBUG: CurlFile::Open(0xef3aafa0) https://webservice.fanart.tv/v3/music/albums/186096a6-abf0-3b1c-8512-1a516eb23ee8?api_key=ed4b784f97227358b31ca4dd966a04f1
2019-09-29 10:51:35.277 T:3539071808 ERROR: CCurlFile::Open failed with code 404 for https://webservice.fanart.tv/v3/music/albums/186096a6-abf0-3b1c-8512-1a516eb23ee8?api_key=ed4b784f97227358b31ca4dd966a04f1:
2019-09-29 10:51:35.278 T:3539071808 ERROR: Run: Unable to parse web site
2019-09-29 10:51:35.278 T:3539071808 DEBUG: scraper: GetFanartTvAlbumDiscartByMBID returned
https://webservice.fanart.tv/v3/music/albums/186096a6-abf0-3b1c-8512-1a516eb23ee8?api_key=ed4b784f97227358b31ca4dd966a04f1
2019-09-29 10:51:35.280 T:3539071808 DEBUG: CurlFile::Open(0xef3aafa0) https://webservice.fanart.tv/v3/music/albums/186096a6-abf0-3b1c-8512-1a516eb23ee8?api_key=ed4b784f97227358b31ca4dd966a04f1
2019-09-29 10:51:35.494 T:3539071808 ERROR: CCurlFile::Open failed with code 404 for https://webservice.fanart.tv/v3/music/albums/186096a6-abf0-3b1c-8512-1a516eb23ee8?api_key=ed4b784f97227358b31ca4dd966a04f1:
2019-09-29 10:51:35.494 T:3539071808 ERROR: Run: Unable to parse web site
2019-09-29 10:51:35.495 T:3539071808 DEBUG: scraper: GetTADBAlbumThumbsByMBID returned
https://www.theaudiodb.com/api/v1/json/58424d43204d6564696120/album-mb.php?i=186096a6-abf0-3b1c-8512-1a516eb23ee8
2019-09-29 10:51:35.498 T:3539071808 DEBUG: scraper: ParseTADBAlbumThumbs returned
2019-09-29 10:51:35.499 T:3539071808 DEBUG: scraper: GetTADBAlbumDiscartByMBID returned
https://www.theaudiodb.com/api/v1/json/58424d43204d6564696120/album-mb.php?i=186096a6-abf0-3b1c-8512-1a516eb23ee8
2019-09-29 10:51:35.501 T:3539071808 DEBUG: scraper: ParseTADBAlbumDiscart returned
2019-09-29 10:51:35.501 T:3539071808 DEBUG: scraper: GetTADBAlbumBackByMBID returned
https://www.theaudiodb.com/api/v1/json/58424d43204d6564696120/album-mb.php?i=186096a6-abf0-3b1c-8512-1a516eb23ee8
2019-09-29 10:51:35.503 T:3539071808 DEBUG: scraper: ParseTADBAlbumBack returned
2019-09-29 10:51:35.504 T:3539071808 DEBUG: scraper: GetTADBAlbumSpineByMBID returned
https://www.theaudiodb.com/api/v1/json/58424d43204d6564696120/album-mb.php?i=186096a6-abf0-3b1c-8512-1a516eb23ee8
2019-09-29 10:51:35.505 T:3539071808 DEBUG: scraper: ParseTADBAlbumSpine returned
2019-09-29 10:51:35.506 T:3539071808 DEBUG: CurlFile::Open(0xef3aafa0) https://musicbrainz.org/ws/2/release-group/186096a6-abf0-3b1c-8512-1a516eb23ee8?inc=url-rels
2019-09-29 10:51:35.519 T:3733955392 DEBUG: PushCecKeypress - received key a8 duration 0
2019-09-29 10:51:35.529 T:4091736656 DEBUG: HandleKey: 168 (0xa8, obc87) pressed, action is Right
2019-09-29 10:51:35.583 T:3539071808 DEBUG: Get: Using "UTF-8" charset for XML "https://musicbrainz.org/ws/2/release-group/186096a6-abf0-3b1c-8512-1a516eb23ee8?inc=url-rels"
2019-09-29 10:51:35.585 T:3539071808 DEBUG: scraper: GetAMGAlbumThumbs returned
2019-09-29 10:51:35.589 T:3539071808 DEBUG: Thread MusicInfoScraper 3539071808 terminating
2019-09-29 10:51:35.626 T:3908092736 DEBUG: ffmpeg[E8F0C340]: [swscaler] No accelerated colorspace conversion found from yuv420p to bgra.
2019-09-29 10:51:35.674 T:3733955392 DEBUG: PushCecKeypress - received key a8 duration 155
2019-09-29 10:51:35.768 T:3733955392 DEBUG: PushCecKeypress - received key a8 duration 0
2019-09-29 10:51:35.779 T:4091736656 DEBUG: HandleKey: 168 (0xa8, obc87) pressed, action is Right
2019-09-29 10:51:35.878 T:3894797120 DEBUG: ffmpeg[E825E340]: [swscaler] No accelerated colorspace conversion found from yuv420p to bgra.
2019-09-29 10:51:35.884 T:3733955392 DEBUG: PushCecKeypress - received key a8 duration 117
2019-09-29 10:51:36.478 T:3733955392 DEBUG: PushCecKeypress - received key a8 duration 0
2019-09-29 10:51:36.496 T:4091736656 DEBUG: HandleKey: 168 (0xa8, obc87) pressed, action is Right
2019-09-29 10:51:36.592 T:4087833408 DEBUG: CAnnouncementManager - Announcement: OnUpdate from xbmc
2019-09-29 10:51:36.592 T:4087833408 DEBUG: GOT ANNOUNCEMENT, type: 32, from xbmc, message OnUpdate
2019-09-29 10:51:36.592 T:4087833408 DEBUG: CAnnouncementManager - Announcement: OnUpdate from xbmc
2019-09-29 10:51:36.592 T:4087833408 DEBUG: GOT ANNOUNCEMENT, type: 32, from xbmc, message OnUpdate
2019-09-29 10:51:36.597 T:3908092736 DEBUG: ffmpeg[E8F0C340]: [swscaler] No accelerated colorspace conversion found from yuv420p to bgra.
2019-09-29 10:51:36.616 T:3886404416 DEBUG: SELECT albumview.*,albumartistview.* FROM albumview JOIN albumartistview ON albumview.idAlbum = albumartistview.idAlbum WHERE albumview.idAlbum = 84 ORDER BY albumartistview.iOrder
2019-09-29 10:51:36.619 T:3886404416 DEBUG: SELECT songview.*, songartistview.* FROM songview JOIN songartistview ON songview.idSong = songartistview.idSong WHERE songview.idAlbum = 84 ORDER BY songview.iTrack, songartistview.idRole, songartistview.iOrder
2019-09-29 10:51:36.623 T:3886404416 DEBUG: UpdateDatabaseAlbumInfo downloading info for: Rimini
2019-09-29 10:51:36.628 T:3886404416 DEBUG: scraper: ResolveIDToUrl returned https://musicbrainz.org/ws/2/release/c7f4acb7-8c4a-46b2-81cd-18c4bd589504?inc=recordings+release-groups+artists+labels+ratings
2019-09-29 10:51:36.628 T:3886404416 DEBUG: -- nfo-scraper: Universal Album Scraper
2019-09-29 10:51:36.628 T:3886404416 DEBUG: -- nfo url: https://musicbrainz.org/ws/2/release/c7f4acb7-8c4a-46b2-81cd-18c4bd589504?inc=recordings+release-groups+artists+labels+ratings
2019-09-29 10:51:36.633 T:3733955392 DEBUG: PushCecKeypress - received key a8 duration 155
2019-09-29 10:51:36.633 T:3539071808 DEBUG: Thread MusicInfoScraper start, auto delete: false
2019-09-29 10:51:36.633 T:3539071808 DEBUG: GetAlbumDetails: Reading 'https://musicbrainz.org/ws/2/release/c7f4acb7-8c4a-46b2-81cd-18c4bd589504?inc=recordings+release-groups+artists+labels+ratings' using Universal Album Scraper scraper (file: '/storage/.kodi/addons/metadata.album.universal', content: 'albums', version: '3.1.2')
2019-09-29 10:51:36.634 T:3539071808 DEBUG: CurlFile::Open(0xe6f7fd98) https://musicbrainz.org/ws/2/release/c7f4acb7-8c4a-46b2-81cd-18c4bd589504?inc=recordings+release-groups+artists+labels+ratings
2019-09-29 10:51:36.732 T:3539071808 DEBUG: Get: Using "UTF-8" charset for XML "https://musicbrainz.org/ws/2/release/c7f4acb7-8c4a-46b2-81cd-18c4bd589504?inc=recordings+release-groups+artists+labels+ratings"
2019-09-29 10:51:36.744 T:3539071808 DEBUG: scraper: GetAlbumDetails returned
c7f4acb7-8c4a-46b2-81cd-18c4bd589504c7f4acb7-8c4a-46b2-81cd-18c4bd589504c7f4acb7-8c4a-46b2-81cd-18c4bd589504c7f4acb7-8c4a-46b2-81cd-18c4bd589504c7f4acb7-8c4a-46b2-81cd-18c4bd589504c7f4acb7-8c4a-46b2-81cd-18c4bd589504b82ad28f-6c99-3bbc-b330-d1e5d0632ca6c7f4acb7-8c4a-46b2-81cd-18c4bd589504b82ad28f-6c99-3bbc-b330-d1e5d0632ca6b82ad28f-6c99-3bbc-b330-d1e5d0632ca6b82ad28f-6c99-3bbc-b330-d1e5d0632ca6b82ad28f-6c99-3bbc-b330-d1e5d0632ca6b82ad28f-6c99-3bbc-b330-d1e5d0632ca6b82ad28f-6c99-3bbc-b330-d1e5d0632ca6b82ad28f-6c99-3bbc-b330-d1e5d0632ca6b82ad28f-6c99-3bbc-b330-d1e5d0632ca6b82ad28f-6c99-3bbc-b330-d1e5d0632ca6https://musicbrainz.org/ws/2/release-group/b82ad28f-6c99-3bbc-b330-d1e5d0632ca6?inc=url-rels
2019-09-29 10:51:36.745 T:3539071808 DEBUG: scraper: GetMBAlbumTitleByMBID returned
https://musicbrainz.org/ws/2/release/c7f4acb7-8c4a-46b2-81cd-18c4bd589504?inc=recordings+release-groups+artists+labels+ratings
2019-09-29 10:51:36.750 T:3539071808 DEBUG: scraper: ParseMBAlbumTitle returned
c7f4acb7-8c4a-46b2-81cd-18c4bd589504Riminib82ad28f-6c99-3bbc-b330-d1e5d0632ca6RiminiOfficialnormalJewel CaseitaFabrizio De AndréDe André, Fabrizio5Rimini1978-03-31Album4.65ITItalyItalyITtrue1truefalseCDOR 88971CD11247533Rimini247533522230000Volta la carta229066333324000Coda di lupo324733544332000Andrea331026555113000Tema di Rimini111266366291800Avventura a Durango291800577290000Sally288733588138200Zirichiltaggia138200399281706Parlando del naufragio della London Valour28170641010178000Folaghe1799333
2019-09-29 10:51:36.753 T:3539071808 DEBUG: scraper: GetMBAlbumArtistsByMBID returned
https://musicbrainz.org/ws/2/release/c7f4acb7-8c4a-46b2-81cd-18c4bd589504?inc=recordings+release-groups+artists+labels+ratings
2019-09-29 10:51:36.757 T:3539071808 DEBUG: scraper: ParseMBAlbumArtists returned
204db5a8-78f1-4078-801f-ae8f456eeb60Fabrizio De André
2019-09-29 10:51:36.757 T:3539071808 DEBUG: scraper: GetMBAlbumArtistByMBID returned
https://musicbrainz.org/ws/2/release/c7f4acb7-8c4a-46b2-81cd-18c4bd589504?inc=recordings+release-groups+artists+labels+ratings
2019-09-29 10:51:36.759 T:3539071808 DEBUG: scraper: ParseMBAlbumArtist returned
Fabrizio De André
2019-09-29 10:51:36.760 T:3539071808 DEBUG: scraper: GetMBAlbumLabelByMBID returned
https://musicbrainz.org/ws/2/release/c7f4acb7-8c4a-46b2-81cd-18c4bd589504?inc=recordings+release-groups+artists+labels+ratings
2019-09-29 10:51:36.761 T:3539071808 DEBUG: scraper: ParseMBAlbumLabel returned
2019-09-29 10:51:36.762 T:3539071808 DEBUG: scraper: GetMBAlbumDateByMBID returned
https://musicbrainz.org/ws/2/release/c7f4acb7-8c4a-46b2-81cd-18c4bd589504?inc=recordings+release-groups+artists+labels+ratings
2019-09-29 10:51:36.764 T:3539071808 DEBUG: scraper: ParseMBAlbumDate returned
1978-03-311978
2019-09-29 10:51:36.765 T:3539071808 DEBUG: scraper: GetMBAlbumTracksByMBID returned
https://musicbrainz.org/ws/2/release/c7f4acb7-8c4a-46b2-81cd-18c4bd589504?inc=recordings+release-groups+artists+labels+ratings
2019-09-29 10:51:36.768 T:3539071808 DEBUG: scraper: ParseMBAlbumTracks returned
1Rimini2472Volta la carta2303Coda di lupo3244Andrea3325Tema di Rimini1136Avventura a Durango2917Sally2908Zirichiltaggia1389Parlando del naufragio della London Valour28110Folaghe178
2019-09-29 10:51:36.769 T:3539071808 DEBUG: scraper: GetTADBAlbumReviewByMBID returned
https://www.theaudiodb.com/api/v1/json/58424d43204d6564696120/album-mb.php?i=b82ad28f-6c99-3bbc-b330-d1e5d0632ca6
2019-09-29 10:51:36.770 T:3539071808 DEBUG: CurlFile::Open(0xe6f7fd98) https://www.theaudiodb.com/api/v1/json/58424d43204d6564696120/album-mb.php?i=b82ad28f-6c99-3bbc-b330-d1e5d0632ca6
2019-09-29 10:51:36.834 T:3539071808 DEBUG: Get: Using content of "https://www.theaudiodb.com/api/v1/json/58424d43204d6564696120/album-mb.php?i=b82ad28f-6c99-3bbc-b330-d1e5d0632ca6" as binary or text with "UTF-8" charset
2019-09-29 10:51:36.835 T:3539071808 DEBUG: scraper: ParseTADBAlbumReview returned
2019-09-29 10:51:36.835 T:3539071808 DEBUG: scraper: GetMBAlbumRatingByMBID returned
https://musicbrainz.org/ws/2/release/c7f4acb7-8c4a-46b2-81cd-18c4bd589504?inc=recordings+release-groups+artists+labels+ratings
2019-09-29 10:51:36.837 T:3539071808 DEBUG: scraper: ParseMBAlbumRating returned
4
2019-09-29 10:51:36.838 T:3539071808 DEBUG: scraper: GetTADBAlbumStylesByMBID returned
https://www.theaudiodb.com/api/v1/json/58424d43204d6564696120/album-mb.php?i=b82ad28f-6c99-3bbc-b330-d1e5d0632ca6
2019-09-29 10:51:36.839 T:3539071808 DEBUG: CurlFile::Open(0xe6f7fd98) https://www.theaudiodb.com/api/v1/json/58424d43204d6564696120/album-mb.php?i=b82ad28f-6c99-3bbc-b330-d1e5d0632ca6
2019-09-29 10:51:36.900 T:3539071808 DEBUG: Get: Using content of "https://www.theaudiodb.com/api/v1/json/58424d43204d6564696120/album-mb.php?i=b82ad28f-6c99-3bbc-b330-d1e5d0632ca6" as binary or text with "UTF-8" charset
2019-09-29 10:51:36.902 T:3539071808 DEBUG: scraper: ParseTADBAlbumStyles returned
2019-09-29 10:51:36.902 T:3539071808 DEBUG: scraper: GetTADBAlbumMoodsByMBID returned
https://www.theaudiodb.com/api/v1/json/58424d43204d6564696120/album-mb.php?i=b82ad28f-6c99-3bbc-b330-d1e5d0632ca6
2019-09-29 10:51:36.904 T:3539071808 DEBUG: scraper: ParseTADBAlbumMoods returned
2019-09-29 10:51:36.905 T:3539071808 DEBUG: scraper: GetTADBAlbumThemeByMBID returned
https://www.theaudiodb.com/api/v1/json/58424d43204d6564696120/album-mb.php?i=b82ad28f-6c99-3bbc-b330-d1e5d0632ca6
2019-09-29 10:51:36.906 T:3539071808 DEBUG: scraper: ParseTADBAlbumTheme returned
2019-09-29 10:51:36.907 T:3539071808 DEBUG: scraper: GetFanartTvAlbumThumbsByMBID returned
https://webservice.fanart.tv/v3/music/albums/b82ad28f-6c99-3bbc-b330-d1e5d0632ca6?api_key=ed4b784f97227358b31ca4dd966a04f1
2019-09-29 10:51:36.907 T:3539071808 DEBUG: CurlFile::Open(0xe6f7fd98) https://webservice.fanart.tv/v3/music/albums/b82ad28f-6c99-3bbc-b330-d1e5d0632ca6?api_key=ed4b784f97227358b31ca4dd966a04f1
2019-09-29 10:51:37.128 T:3539071808 ERROR: CCurlFile::Open failed with code 404 for https://webservice.fanart.tv/v3/music/albums/b82ad28f-6c99-3bbc-b330-d1e5d0632ca6?api_key=ed4b784f97227358b31ca4dd966a04f1:
2019-09-29 10:51:37.128 T:3539071808 ERROR: Run: Unable to parse web site
2019-09-29 10:51:37.129 T:3539071808 DEBUG: scraper: GetFanartTvAlbumDiscartByMBID returned
https://webservice.fanart.tv/v3/music/albums/b82ad28f-6c99-3bbc-b330-d1e5d0632ca6?api_key=ed4b784f97227358b31ca4dd966a04f1
2019-09-29 10:51:37.132 T:3539071808 DEBUG: CurlFile::Open(0xe6f7fd98) https://webservice.fanart.tv/v3/music/albums/b82ad28f-6c99-3bbc-b330-d1e5d0632ca6?api_key=ed4b784f97227358b31ca4dd966a04f1
2019-09-29 10:51:37.344 T:3539071808 ERROR: CCurlFile::Open failed with code 404 for https://webservice.fanart.tv/v3/music/albums/b82ad28f-6c99-3bbc-b330-d1e5d0632ca6?api_key=ed4b784f97227358b31ca4dd966a04f1:
2019-09-29 10:51:37.344 T:3539071808 ERROR: Run: Unable to parse web site
2019-09-29 10:51:37.345 T:3539071808 DEBUG: scraper: GetTADBAlbumThumbsByMBID returned
https://www.theaudiodb.com/api/v1/json/58424d43204d6564696120/album-mb.php?i=b82ad28f-6c99-3bbc-b330-d1e5d0632ca6
2019-09-29 10:51:37.350 T:3539071808 DEBUG: scraper: ParseTADBAlbumThumbs returned
https://www.theaudiodb.com/images/media/album/thumb/rutyxy1381535766.jpg
2019-09-29 10:51:37.350 T:3539071808 DEBUG: scraper: GetTADBAlbumDiscartByMBID returned
https://www.theaudiodb.com/api/v1/json/58424d43204d6564696120/album-mb.php?i=b82ad28f-6c99-3bbc-b330-d1e5d0632ca6
2019-09-29 10:51:37.352 T:3539071808 DEBUG: scraper: ParseTADBAlbumDiscart returned
2019-09-29 10:51:37.353 T:3539071808 DEBUG: scraper: GetTADBAlbumBackByMBID returned
https://www.theaudiodb.com/api/v1/json/58424d43204d6564696120/album-mb.php?i=b82ad28f-6c99-3bbc-b330-d1e5d0632ca6
2019-09-29 10:51:37.354 T:3539071808 DEBUG: scraper: ParseTADBAlbumBack returned
2019-09-29 10:51:37.355 T:3539071808 DEBUG: scraper: GetTADBAlbumSpineByMBID returned
https://www.theaudiodb.com/api/v1/json/58424d43204d6564696120/album-mb.php?i=b82ad28f-6c99-3bbc-b330-d1e5d0632ca6
2019-09-29 10:51:37.356 T:3539071808 DEBUG: scraper: ParseTADBAlbumSpine returned
2019-09-29 10:51:37.357 T:3539071808 DEBUG: CurlFile::Open(0xe6f7fd98) https://musicbrainz.org/ws/2/release-group/b82ad28f-6c99-3bbc-b330-d1e5d0632ca6?inc=url-rels
2019-09-29 10:51:37.478 T:3733955392 DEBUG: PushCecKeypress - received key a8 duration 0
2019-09-29 10:51:37.479 T:3539071808 DEBUG: Get: Using "UTF-8" charset for XML "https://musicbrainz.org/ws/2/release-group/b82ad28f-6c99-3bbc-b330-d1e5d0632ca6?inc=url-rels"
2019-09-29 10:51:37.480 T:3539071808 DEBUG: scraper: GetAMGAlbumThumbs returned
2019-09-29 10:51:37.484 T:3539071808 DEBUG: Thread MusicInfoScraper 3539071808 terminating
2019-09-29 10:51:37.496 T:4091736656 DEBUG: HandleKey: 168 (0xa8, obc87) pressed, action is Right
2019-09-29 10:51:37.634 T:3733955392 DEBUG: PushCecKeypress - received key a8 duration 155
2019-09-29 10:51:37.758 T:3733955392 DEBUG: PushCecKeypress - received key a8 duration 0
2019-09-29 10:51:37.779 T:4091736656 DEBUG: HandleKey: 168 (0xa8, obc87) pressed, action is Right
2019-09-29 10:51:37.884 T:3733955392 DEBUG: PushCecKeypress - received key a8 duration 125
2019-09-29 10:51:38.486 T:4087833408 DEBUG: CAnnouncementManager - Announcement: OnUpdate from xbmc
2019-09-29 10:51:38.487 T:4087833408 DEBUG: GOT ANNOUNCEMENT, type: 32, from xbmc, message OnUpdate
2019-09-29 10:51:38.487 T:4087833408 DEBUG: CAnnouncementManager - Announcement: OnUpdate from xbmc
2019-09-29 10:51:38.487 T:4087833408 DEBUG: GOT ANNOUNCEMENT, type: 32, from xbmc, message OnUpdate
2019-09-29 10:51:38.511 T:3886404416 DEBUG: SELECT albumview.*,albumartistview.* FROM albumview JOIN albumartistview ON albumview.idAlbum = albumartistview.idAlbum WHERE albumview.idAlbum = 85 ORDER BY albumartistview.iOrder
2019-09-29 10:51:38.513 T:3886404416 DEBUG: SELECT songview.*, songartistview.* FROM songview JOIN songartistview ON songview.idSong = songartistview.idSong WHERE songview.idAlbum = 85 ORDER BY songview.iTrack, songartistview.idRole, songartistview.iOrder
2019-09-29 10:51:38.542 T:3886404416 DEBUG: UpdateDatabaseAlbumInfo downloading info for: In concerto (arrangiamenti PFM)
2019-09-29 10:51:38.548 T:3886404416 DEBUG: scraper: ResolveIDToUrl returned https://musicbrainz.org/ws/2/release/1e61fef0-350e-322e-b68f-93e776f708ed?inc=recordings+release-groups+artists+labels+ratings
2019-09-29 10:51:38.549 T:3886404416 DEBUG: -- nfo-scraper: Universal Album Scraper
2019-09-29 10:51:38.549 T:3886404416 DEBUG: -- nfo url: https://musicbrainz.org/ws/2/release/1e61fef0-350e-322e-b68f-93e776f708ed?inc=recordings+release-groups+artists+labels+ratings
2019-09-29 10:51:38.554 T:3539071808 DEBUG: Thread MusicInfoScraper start, auto delete: false
2019-09-29 10:51:38.554 T:3539071808 DEBUG: GetAlbumDetails: Reading 'https://musicbrainz.org/ws/2/release/1e61fef0-350e-322e-b68f-93e776f708ed?inc=recordings+release-groups+artists+labels+ratings' using Universal Album Scraper scraper (file: '/storage/.kodi/addons/metadata.album.universal', content: 'albums', version: '3.1.2')
2019-09-29 10:51:38.554 T:3539071808 DEBUG: CurlFile::Open(0xd2685d60) https://musicbrainz.org/ws/2/release/1e61fef0-350e-322e-b68f-93e776f708ed?inc=recordings+release-groups+artists+labels+ratings
2019-09-29 10:51:38.667 T:3539071808 DEBUG: Get: Using "UTF-8" charset for XML "https://musicbrainz.org/ws/2/release/1e61fef0-350e-322e-b68f-93e776f708ed?inc=recordings+release-groups+artists+labels+ratings"
2019-09-29 10:51:38.680 T:3539071808 DEBUG: scraper: GetAlbumDetails returned
1e61fef0-350e-322e-b68f-93e776f708ed1e61fef0-350e-322e-b68f-93e776f708ed1e61fef0-350e-322e-b68f-93e776f708ed1e61fef0-350e-322e-b68f-93e776f708ed1e61fef0-350e-322e-b68f-93e776f708ed1e61fef0-350e-322e-b68f-93e776f708edd526da6d-a2c2-3c83-b0fa-06d2151819431e61fef0-350e-322e-b68f-93e776f708edd526da6d-a2c2-3c83-b0fa-06d215181943d526da6d-a2c2-3c83-b0fa-06d215181943d526da6d-a2c2-3c83-b0fa-06d215181943d526da6d-a2c2-3c83-b0fa-06d215181943d526da6d-a2c2-3c83-b0fa-06d215181943d526da6d-a2c2-3c83-b0fa-06d215181943d526da6d-a2c2-3c83-b0fa-06d215181943d526da6d-a2c2-3c83-b0fa-06d215181943d526da6d-a2c2-3c83-b0fa-06d215181943https://musicbrainz.org/ws/2/release-group/d526da6d-a2c2-3c83-b0fa-06d215181943?inc=url-rels
2019-09-29 10:51:38.681 T:3539071808 DEBUG: scraper: GetMBAlbumTitleByMBID returned
https://musicbrainz.org/ws/2/release/1e61fef0-350e-322e-b68f-93e776f708ed?inc=recordings+release-groups+artists+labels+ratings
2019-09-29 10:51:38.686 T:3539071808 DEBUG: scraper: ParseMBAlbumTitle returned
1e61fef0-350e-322e-b68f-93e776f708edIn concerto (arrangiamenti PFM)d526da6d-a2c2-3c83-b0fa-06d215181943In concerto (arrangiamenti PFM)OfficialnormalCardboard/Paper SleeveitaFabrizio De AndréDe André, Fabrizio5In concerto (arrangiamenti PFM)1979AlbumLive51979ES1979SpainSpainESfalse0falsefalse0201708112" Vinyl11279066Bocca di rosa279066live, 1979-01-13 – 1979-01-1622329600Andrea329600live, 1979-01-13 – 1979-01-1633271773Giugno '73271773live, 1979-01-13 – 1979-01-1644216493Un giudice216493live, 1979-01-13 – 1979-01-1655201573La guerra di Piero201573live, 1979-01-13 – 1979-01-1666255960Il pescatore255960live, 1979-01-13 – 1979-01-1677155933Zirichiltaggia155933live, 1979-01-13 – 1979-01-1688243773La canzone di Marinella243773live, 1979-01-13 – 1979-01-1699243733Volta la carta243733live, 1979-01-13 – 1979-01-161010561266Amico fragile561266live, 1979-01-13 – 1979-01-16
2019-09-29 10:51:38.689 T:3539071808 DEBUG: scraper: GetMBAlbumArtistsByMBID returned
https://musicbrainz.org/ws/2/release/1e61fef0-350e-322e-b68f-93e776f708ed?inc=recordings+release-groups+artists+labels+ratings
2019-09-29 10:51:38.693 T:3539071808 DEBUG: scraper: ParseMBAlbumArtists returned
204db5a8-78f1-4078-801f-ae8f456eeb60Fabrizio De André
2019-09-29 10:51:38.693 T:3539071808 DEBUG: scraper: GetMBAlbumArtistByMBID returned
https://musicbrainz.org/ws/2/release/1e61fef0-350e-322e-b68f-93e776f708ed?inc=recordings+release-groups+artists+labels+ratings
2019-09-29 10:51:38.695 T:3539071808 DEBUG: scraper: ParseMBAlbumArtist returned
Fabrizio De André
2019-09-29 10:51:38.696 T:3539071808 DEBUG: scraper: GetMBAlbumLabelByMBID returned
https://musicbrainz.org/ws/2/release/1e61fef0-350e-322e-b68f-93e776f708ed?inc=recordings+release-groups+artists+labels+ratings
2019-09-29 10:51:38.698 T:3539071808 DEBUG: scraper: ParseMBAlbumLabel returned
2019-09-29 10:51:38.698 T:3539071808 DEBUG: scraper: GetMBAlbumDateByMBID returned
https://musicbrainz.org/ws/2/release/1e61fef0-350e-322e-b68f-93e776f708ed?inc=recordings+release-groups+artists+labels+ratings
2019-09-29 10:51:38.700 T:3539071808 DEBUG: scraper: ParseMBAlbumDate returned
19791979
2019-09-29 10:51:38.701 T:3539071808 DEBUG: scraper: GetMBAlbumTracksByMBID returned
https://musicbrainz.org/ws/2/release/1e61fef0-350e-322e-b68f-93e776f708ed?inc=recordings+release-groups+artists+labels+ratings
2019-09-29 10:51:38.704 T:3539071808 DEBUG: scraper: ParseMBAlbumTracks returned
1Bocca di rosa2792Andrea3293Giugno '732714Un giudice2165La guerra di Piero2016Il pescatore2557Zirichiltaggia1558La canzone di Marinella2439Volta la carta24310Amico fragile561
2019-09-29 10:51:38.705 T:3539071808 DEBUG: scraper: GetTADBAlbumReviewByMBID returned
https://www.theaudiodb.com/api/v1/json/58424d43204d6564696120/album-mb.php?i=d526da6d-a2c2-3c83-b0fa-06d215181943
2019-09-29 10:51:38.705 T:3539071808 DEBUG: CurlFile::Open(0xd2685d60) https://www.theaudiodb.com/api/v1/json/58424d43204d6564696120/album-mb.php?i=d526da6d-a2c2-3c83-b0fa-06d215181943
2019-09-29 10:51:38.773 T:3539071808 DEBUG: Get: Using content of "https://www.theaudiodb.com/api/v1/json/58424d43204d6564696120/album-mb.php?i=d526da6d-a2c2-3c83-b0fa-06d215181943" as binary or text with "UTF-8" charset
2019-09-29 10:51:38.778 T:3539071808 DEBUG: scraper: ParseTADBAlbumReview returned
Fabrizio De André in concerto - Arrangiamenti PFM (noto anche come In concerto con PFM vol. 1 per brevità) è un album dal vivo di Fabrizio De André, pubblicato nel 1979. Il disco è stato registrato durante alcuni concerti tenuti nel gennaio del 1979 insieme alla Premiata Forneria Marconi che riarrangiò le canzoni dal cantautore genovese. L'album è stato pubblicato, nello stesso anno, in Germania Ovest dalla Metronome. L'idea di arrangiare le canzoni musicalmente minimaliste di Fabrizio De André in chiave rock colpì molto la critica ed il pubblico che assistette nel 1979 ai concerti tenuti dal cantautore con il gruppo progressive italiano Premiata Forneria Marconi (più comunemente chiamato con l'acronimo PFM). Dai concerti fu tratto un fortunato album, trascinato dal successo di una scatenata versione de Il pescatore, a cui seguì, l'anno dopo, la pubblicazione dell'altrettanto fortunato Volume 2. Il sodalizio tra De André e la band peraltro risaliva agli anni sessanta quando Mussida, Di Cioccio e soci, che si facevano chiamare ancora Quelli, avevano suonato nell'album La buona novella. Né si esauriranno qui rapporti tra il cantautore e i vari membri della band milanese. Basti pensare che il violinista e polistrumentista Mauro Pagani, tra i componenti originari della PFM, diventerà anni dopo uno dei collaboratori più stretti di Fabrizio De André, a partire dalla realizzazione del celebre Crêuza de mä (1984), e gli stessi Mussida e Premoli prenderanno parte, in occasioni diverse, ai successivi lavori di studio del cantautore. Alcuni dei cosiddetti puristi storsero il naso all'uscita dell'album con la PFM. L'accusa a De André di aver ceduto a compromessi commerciali suonando con un gruppo rock arrivò con oltre un decennio di ritardo rispetto a un altro celebre "tradimento", quello del folk singer Bob Dylan che a metà degli anni sessanta iniziò ad utilizzare strumenti elettrici. Altri apprezzarono invece la svolta musicale del cantautore genovese. Fino ad allora, in Italia, i cantautori erano, almeno secondo alcuni cliché, più interessati ai testi che non alla musica. Il minimalismo negli arrangiamenti era considerato sintomo di qualità. Secondo i detrattori del genere questo minimalismo era semplice trascuratezza, era "suonar male". Con l'incontro De André/PFM finalmente anche le splendide canzoni del cantautore poterono essere valorizzate musicalmente. In ogni caso, dopo il live con la PFM, il tabù fu rotto: anche i cantautori iniziarono a realizzare dischi riccamente arrangiati e suonati da musicisti di prim'ordine. Lo stesso Francesco Guccini, che già da anni si contornava di ottimi musicisti (Vince Tempera, Ares Tavolazzi e molti altri), realizzò, sempre nel 1979, un disco dal vivo con I Nomadi (Album concerto) di sapore più rock rispetto ai suoi lavori in studio della seconda metà degli anni settanta.
2019-09-29 10:51:38.779 T:3539071808 DEBUG: scraper: GetMBAlbumRatingByMBID returned
https://musicbrainz.org/ws/2/release/1e61fef0-350e-322e-b68f-93e776f708ed?inc=recordings+release-groups+artists+labels+ratings
2019-09-29 10:51:38.781 T:3539071808 ERROR: Run: Unable to parse web site
2019-09-29 10:51:38.782 T:3539071808 DEBUG: scraper: GetTADBAlbumStylesByMBID returned
https://www.theaudiodb.com/api/v1/json/58424d43204d6564696120/album-mb.php?i=d526da6d-a2c2-3c83-b0fa-06d215181943
2019-09-29 10:51:38.782 T:3539071808 DEBUG: CurlFile::Open(0xd2685d60) https://www.theaudiodb.com/api/v1/json/58424d43204d6564696120/album-mb.php?i=d526da6d-a2c2-3c83-b0fa-06d215181943
2019-09-29 10:51:38.849 T:3539071808 DEBUG: Get: Using content of "https://www.theaudiodb.com/api/v1/json/58424d43204d6564696120/album-mb.php?i=d526da6d-a2c2-3c83-b0fa-06d215181943" as binary or text with "UTF-8" charset
2019-09-29 10:51:38.850 T:3539071808 DEBUG: scraper: ParseTADBAlbumStyles returned
2019-09-29 10:51:38.851 T:3539071808 DEBUG: scraper: GetTADBAlbumMoodsByMBID returned
https://www.theaudiodb.com/api/v1/json/58424d43204d6564696120/album-mb.php?i=d526da6d-a2c2-3c83-b0fa-06d215181943
2019-09-29 10:51:38.853 T:3539071808 DEBUG: scraper: ParseTADBAlbumMoods returned
2019-09-29 10:51:38.853 T:3539071808 DEBUG: scraper: GetTADBAlbumThemeByMBID returned
https://www.theaudiodb.com/api/v1/json/58424d43204d6564696120/album-mb.php?i=d526da6d-a2c2-3c83-b0fa-06d215181943
2019-09-29 10:51:38.855 T:3539071808 DEBUG: scraper: ParseTADBAlbumTheme returned
2019-09-29 10:51:38.856 T:3539071808 DEBUG: scraper: GetFanartTvAlbumThumbsByMBID returned
https://webservice.fanart.tv/v3/music/albums/d526da6d-a2c2-3c83-b0fa-06d215181943?api_key=ed4b784f97227358b31ca4dd966a04f1
2019-09-29 10:51:38.856 T:3539071808 DEBUG: CurlFile::Open(0xd2685d60) https://webservice.fanart.tv/v3/music/albums/d526da6d-a2c2-3c83-b0fa-06d215181943?api_key=ed4b784f97227358b31ca4dd966a04f1
