2019-09-29 10:52:47.796 T:3894797120 DEBUG: ffmpeg[E825E340]: [swscaler] No accelerated colorspace conversion found from yuv420p to bgra.
2019-09-29 10:52:47.804 T:3657970496 DEBUG: ffmpeg[DA083340]: [swscaler] No accelerated colorspace conversion found from yuv420p to bgra.
2019-09-29 10:52:47.895 T:3733955392 DEBUG: PushCecKeypress - received key a6 duration 155
2019-09-29 10:52:48.019 T:3733955392 DEBUG: PushCecKeypress - received key a6 duration 0
2019-09-29 10:52:48.031 T:4091736656 DEBUG: HandleKey: 166 (0xa6, obc89) pressed, action is Up
2019-09-29 10:52:48.076 T:3886404416 DEBUG: ffmpeg[E7A5D340]: [swscaler] No accelerated colorspace conversion found from yuv420p to bgra.
2019-09-29 10:52:48.083 T:3908092736 DEBUG: ffmpeg[E8F0C340]: [swscaler] No accelerated colorspace conversion found from yuv420p to bgra.
2019-09-29 10:52:48.083 T:3657970496 DEBUG: ffmpeg[DA083340]: [swscaler] No accelerated colorspace conversion found from yuv420p to bgra.
2019-09-29 10:52:48.084 T:3894797120 DEBUG: ffmpeg[E825E340]: [swscaler] No accelerated colorspace conversion found from yuv420p to bgra.
2019-09-29 10:52:48.109 T:3886404416 DEBUG: ffmpeg[E7A5D340]: [swscaler] No accelerated colorspace conversion found from yuv420p to bgra.
2019-09-29 10:52:48.115 T:3908092736 DEBUG: ffmpeg[E8F0C340]: [swscaler] No accelerated colorspace conversion found from yuv420p to bgra.
2019-09-29 10:52:48.117 T:3657970496 DEBUG: ffmpeg[DA083340]: [swscaler] No accelerated colorspace conversion found from yuv420p to bgra.
2019-09-29 10:52:48.122 T:3894797120 DEBUG: ffmpeg[E825E340]: [swscaler] No accelerated colorspace conversion found from yuv420p to bgra.
2019-09-29 10:52:48.145 T:3886404416 DEBUG: ffmpeg[E7A5D340]: [swscaler] No accelerated colorspace conversion found from yuv420p to bgra.
2019-09-29 10:52:48.152 T:3908092736 DEBUG: ffmpeg[E8F0C340]: [swscaler] No accelerated colorspace conversion found from yuv420p to bgra.
2019-09-29 10:52:48.153 T:3733955392 DEBUG: PushCecKeypress - received key a6 duration 134
2019-09-29 10:52:48.154 T:3894797120 DEBUG: ffmpeg[E825E340]: [swscaler] No accelerated colorspace conversion found from yuv420p to bgra.
2019-09-29 10:52:48.269 T:3733955392 DEBUG: PushCecKeypress - received key a6 duration 0
2019-09-29 10:52:48.280 T:4091736656 DEBUG: HandleKey: 166 (0xa6, obc89) pressed, action is Up
2019-09-29 10:52:48.423 T:3733955392 DEBUG: PushCecKeypress - received key a6 duration 154
2019-09-29 10:52:48.949 T:3733955392 DEBUG: PushCecKeypress - received key a8 duration 0
2019-09-29 10:52:48.980 T:4091736656 DEBUG: HandleKey: 168 (0xa8, obc87) pressed, action is Right
2019-09-29 10:52:49.053 T:3733955392 DEBUG: PushCecKeypress - received key a8 duration 104
2019-09-29 10:52:49.339 T:3733955392 DEBUG: PushCecKeypress - received key b duration 0
2019-09-29 10:52:49.347 T:4091736656 DEBUG: HandleKey: 11 (0x0b, obc244) pressed, action is Select
2019-09-29 10:52:49.347 T:4091736656 DEBUG: Activating window ID: 10004
2019-09-29 10:52:49.463 T:3733955392 DEBUG: PushCecKeypress - received key b duration 124
2019-09-29 10:52:49.662 T:4091736656 DEBUG: ------ Window Deinit (Home.xml) ------
2019-09-29 10:52:49.662 T:4091736656 DEBUG: FreeVisualisation() done
2019-09-29 10:52:49.680 T:4091736656 DEBUG: ------ Window Init (Settings.xml) ------
2019-09-29 10:52:51.059 T:3733955392 DEBUG: PushCecKeypress - received key b duration 0
2019-09-29 10:52:51.067 T:4091736656 DEBUG: HandleKey: 11 (0x0b, obc244) pressed, action is Select
2019-09-29 10:52:51.069 T:3482231616 DEBUG: Thread LanguageInvoker start, auto delete: false
2019-09-29 10:52:51.069 T:3482231616 INFO: initializing python engine.
2019-09-29 10:52:51.069 T:3482231616 DEBUG: CPythonInvoker(9, /usr/share/kodi/addons/service.coreelec.settings/default.py): start processing
2019-09-29 10:52:51.109 T:3482231616 DEBUG: -->Python Interpreter Initialized<--
2019-09-29 10:52:51.109 T:3482231616 DEBUG: CPythonInvoker(9, /usr/share/kodi/addons/service.coreelec.settings/default.py): the source file to load is "/usr/share/kodi/addons/service.coreelec.settings/default.py"
2019-09-29 10:52:51.110 T:3482231616 DEBUG: CPythonInvoker(9, /usr/share/kodi/addons/service.coreelec.settings/default.py): setting the Python path to /usr/share/kodi/addons/service.coreelec.settings:/usr/lib/python27.zip:/usr/lib/python2.7:/usr/lib/python2.7/plat-linux2:/usr/lib/python2.7/lib-tk:/usr/lib/python2.7/lib-old:/usr/lib/python2.7/lib-dynload:/usr/lib/python2.7/site-packages:/usr/lib/python2.7/site-packages/gtk-2.0
2019-09-29 10:52:51.110 T:3482231616 DEBUG: CPythonInvoker(9, /usr/share/kodi/addons/service.coreelec.settings/default.py): entering source directory /usr/share/kodi/addons/service.coreelec.settings
2019-09-29 10:52:51.110 T:3482231616 DEBUG: CPythonInvoker(9, /usr/share/kodi/addons/service.coreelec.settings/default.py): instantiating addon using automatically obtained id of "service.coreelec.settings" dependent on version 2.1.0 of the xbmc.python api
2019-09-29 10:52:51.124 T:3482231616 INFO: CPythonInvoker(9, /usr/share/kodi/addons/service.coreelec.settings/default.py): script successfully run
2019-09-29 10:52:51.124 T:3482231616 DEBUG: onExecutionDone(9, /usr/share/kodi/addons/service.coreelec.settings/default.py)
2019-09-29 10:52:51.124 T:3628069696 INFO: ## CoreELEC Addon ## _service_::run ## MESSAGE:'openConfigurationWindow'
2019-09-29 10:52:51.184 T:3733955392 DEBUG: PushCecKeypress - received key b duration 126
2019-09-29 10:52:51.233 T:3482231616 INFO: Python interpreter stopped
2019-09-29 10:52:51.233 T:3628069696 INFO: ## CoreELEC Addon ## _service_::run ## WAITING:
2019-09-29 10:52:51.233 T:3482231616 DEBUG: Thread LanguageInvoker 3482231616 terminating
2019-09-29 10:52:51.241 T:4091736656 DEBUG: ------ Window Init (/usr/share/kodi/addons/service.coreelec.settings/resources/skins/skin.estuary/xml/service-CoreELEC-Settings-mainWindow.xml) ------
2019-09-29 10:52:51.242 T:4091736656 INFO: Loading skin file: /usr/share/kodi/addons/service.coreelec.settings/resources/skins/skin.estuary/xml/service-CoreELEC-Settings-mainWindow.xml, load type: LOAD_ON_GUI_INIT
2019-09-29 10:52:51.271 T:4091736656 ERROR: Window Translator: Can't find window videolibrary
2019-09-29 10:52:51.302 T:4091736656 ERROR: Control 1000 in window 13000 has been asked to focus, but it can't
2019-09-29 10:52:53.469 T:3733955392 DEBUG: PushCecKeypress - received key a6 duration 0
2019-09-29 10:52:53.480 T:4091736656 DEBUG: HandleKey: 166 (0xa6, obc89) pressed, action is Up
2019-09-29 10:52:53.625 T:3733955392 DEBUG: PushCecKeypress - received key a6 duration 155
2019-09-29 10:52:55.179 T:3733955392 DEBUG: PushCecKeypress - received key a7 duration 0
2019-09-29 10:52:55.195 T:4091736656 DEBUG: HandleKey: 167 (0xa7, obc88) pressed, action is Down
2019-09-29 10:52:55.324 T:3733955392 DEBUG: PushCecKeypress - received key a7 duration 145
2019-09-29 10:52:55.690 T:3733955392 DEBUG: PushCecKeypress - received key a8 duration 0
2019-09-29 10:52:55.697 T:4091736656 DEBUG: HandleKey: 168 (0xa8, obc87) pressed, action is Right
2019-09-29 10:52:55.843 T:3733955392 DEBUG: PushCecKeypress - received key a8 duration 154
2019-09-29 10:52:56.549 T:3733955392 DEBUG: PushCecKeypress - received key a7 duration 0
2019-09-29 10:52:56.564 T:4091736656 DEBUG: HandleKey: 167 (0xa7, obc88) pressed, action is Down
2019-09-29 10:52:56.684 T:3733955392 DEBUG: PushCecKeypress - received key a7 duration 135
2019-09-29 10:52:56.778 T:3733955392 DEBUG: PushCecKeypress - received key a7 duration 0
2019-09-29 10:52:56.797 T:4091736656 DEBUG: HandleKey: 167 (0xa7, obc88) pressed, action is Down
2019-09-29 10:52:56.894 T:3733955392 DEBUG: PushCecKeypress - received key a7 duration 116
2019-09-29 10:52:56.988 T:3733955392 DEBUG: PushCecKeypress - received key a7 duration 0
2019-09-29 10:52:56.997 T:4091736656 DEBUG: HandleKey: 167 (0xa7, obc88) pressed, action is Down
2019-09-29 10:52:57.074 T:3733955392 DEBUG: PushCecKeypress - received key a7 duration 86
2019-09-29 10:52:57.170 T:3733955392 DEBUG: PushCecKeypress - received key a7 duration 0
2019-09-29 10:52:57.197 T:4091736656 DEBUG: HandleKey: 167 (0xa7, obc88) pressed, action is Down
2019-09-29 10:52:57.303 T:3733955392 DEBUG: PushCecKeypress - received key a7 duration 133
2019-09-29 10:52:57.397 T:3733955392 DEBUG: PushCecKeypress - received key a7 duration 0
2019-09-29 10:52:57.397 T:4091736656 DEBUG: HandleKey: 167 (0xa7, obc88) pressed, action is Down
2019-09-29 10:52:57.483 T:3733955392 DEBUG: PushCecKeypress - received key a7 duration 87
2019-09-29 10:52:57.629 T:3733955392 DEBUG: PushCecKeypress - received key a7 duration 0
2019-09-29 10:52:57.648 T:4091736656 DEBUG: HandleKey: 167 (0xa7, obc88) pressed, action is Down
2019-09-29 10:52:57.765 T:3733955392 DEBUG: PushCecKeypress - received key a7 duration 136
2019-09-29 10:52:57.859 T:3733955392 DEBUG: PushCecKeypress - received key a7 duration 0
2019-09-29 10:52:57.864 T:4091736656 DEBUG: HandleKey: 167 (0xa7, obc88) pressed, action is Down
2019-09-29 10:52:57.975 T:3733955392 DEBUG: PushCecKeypress - received key a7 duration 116
2019-09-29 10:52:58.079 T:3733955392 DEBUG: PushCecKeypress - received key a7 duration 0
2019-09-29 10:52:58.097 T:4091736656 DEBUG: HandleKey: 167 (0xa7, obc88) pressed, action is Down
2019-09-29 10:52:58.203 T:3733955392 DEBUG: PushCecKeypress - received key a7 duration 123
2019-09-29 10:52:58.399 T:3733955392 DEBUG: PushCecKeypress - received key a7 duration 0
2019-09-29 10:52:58.414 T:4091736656 DEBUG: HandleKey: 167 (0xa7, obc88) pressed, action is Down
2019-09-29 10:52:58.523 T:3733955392 DEBUG: PushCecKeypress - received key a7 duration 125
2019-09-29 10:52:59.112 T:3733955392 DEBUG: PushCecKeypress - received key a6 duration 0
2019-09-29 10:52:59.131 T:4091736656 DEBUG: HandleKey: 166 (0xa6, obc89) pressed, action is Up
2019-09-29 10:52:59.234 T:3733955392 DEBUG: PushCecKeypress - received key a6 duration 123
2019-09-29 10:52:59.369 T:3733955392 DEBUG: PushCecKeypress - received key a6 duration 0
2019-09-29 10:52:59.381 T:4091736656 DEBUG: HandleKey: 166 (0xa6, obc89) pressed, action is Up
2019-09-29 10:52:59.494 T:3733955392 DEBUG: PushCecKeypress - received key a6 duration 124
2019-09-29 10:53:00.220 T:3733955392 DEBUG: PushCecKeypress - received key b duration 0
2019-09-29 10:53:00.250 T:4091736656 DEBUG: HandleKey: 11 (0x0b, obc244) pressed, action is Select
2019-09-29 10:53:00.373 T:3733955392 DEBUG: PushCecKeypress - received key b duration 154
2019-09-29 10:53:02.172 T:3614643008 DEBUG: DialogProgress::Open called
2019-09-29 10:53:02.173 T:3614643008 DEBUG: ------ Window Init (DialogConfirm.xml) ------
2019-09-29 10:53:02.173 T:3614643008 INFO: Loading skin file: DialogConfirm.xml, load type: KEEP_IN_MEMORY
2019-09-29 10:53:02.186 T:3614643008 DEBUG: [Warning] CGUITextureManager::GetTexturePath: could not find texture 'icons/logo.png'
2019-09-29 10:53:18.130 T:3657970496 DEBUG: Previous line repeats 1 times.
2019-09-29 10:53:18.130 T:3657970496 DEBUG: Thread JobWorker 3657970496 terminating (autodelete)
2019-09-29 10:53:18.158 T:3886404416 DEBUG: Thread JobWorker 3886404416 terminating (autodelete)
2019-09-29 10:53:18.166 T:3894797120 DEBUG: Thread JobWorker 3894797120 terminating (autodelete)
2019-09-29 10:53:18.219 T:3908092736 DEBUG: Thread JobWorker 3908092736 terminating (autodelete)
2019-09-29 10:53:25.631 T:4091736656 DEBUG: ------ Window Init (DialogConfirm.xml) ------
2019-09-29 10:53:25.631 T:4091736656 INFO: Loading skin file: DialogConfirm.xml, load type: KEEP_IN_MEMORY
2019-09-29 10:53:25.640 T:4091736656 DEBUG: [Warning] CGUITextureManager::GetTexturePath: could not find texture 'icons/logo.png'
2019-09-29 10:53:25.863 T:4091736656 DEBUG: Previous line repeats 1 times.
2019-09-29 10:53:25.863 T:4091736656 DEBUG: ------ Window Deinit (DialogConfirm.xml) ------
2019-09-29 10:53:30.040 T:3733955392 DEBUG: PushCecKeypress - received key b duration 0
2019-09-29 10:53:30.048 T:4091736656 DEBUG: HandleKey: 11 (0x0b, obc244) pressed, action is Select
2019-09-29 10:53:30.184 T:3733955392 DEBUG: PushCecKeypress - received key b duration 144
2019-09-29 10:53:30.328 T:4091736656 DEBUG: ------ Window Deinit (DialogConfirm.xml) ------
2019-09-29 10:53:32.629 T:3733955392 DEBUG: PushCecKeypress - received key a7 duration 0
2019-09-29 10:53:32.643 T:4091736656 DEBUG: HandleKey: 167 (0xa7, obc88) pressed, action is Down
2019-09-29 10:53:32.754 T:3733955392 DEBUG: PushCecKeypress - received key a7 duration 126
2019-09-29 10:53:33.370 T:3733955392 DEBUG: PushCecKeypress - received key a8 duration 0
2019-09-29 10:53:33.375 T:4091736656 DEBUG: HandleKey: 168 (0xa8, obc87) pressed, action is Right
2019-09-29 10:53:33.474 T:3733955392 DEBUG: PushCecKeypress - received key a8 duration 105
2019-09-29 10:53:34.619 T:3733955392 DEBUG: PushCecKeypress - received key a9 duration 0
2019-09-29 10:53:34.648 T:4091736656 DEBUG: HandleKey: 169 (0xa9, obc86) pressed, action is Left
2019-09-29 10:53:34.725 T:3733955392 DEBUG: PushCecKeypress - received key a9 duration 105
2019-09-29 10:53:35.092 T:3733955392 DEBUG: PushCecKeypress - received key a6 duration 0
2019-09-29 10:53:35.125 T:4091736656 DEBUG: HandleKey: 166 (0xa6, obc89) pressed, action is Up
2019-09-29 10:53:35.225 T:3733955392 DEBUG: PushCecKeypress - received key a6 duration 134
2019-09-29 10:53:36.091 T:3733955392 DEBUG: PushCecKeypress - received key a8 duration 0
2019-09-29 10:53:36.098 T:4091736656 DEBUG: HandleKey: 168 (0xa8, obc87) pressed, action is Right
2019-09-29 10:53:36.245 T:3733955392 DEBUG: PushCecKeypress - received key a8 duration 155
2019-09-29 10:53:36.742 T:3733955392 DEBUG: PushCecKeypress - received key a7 duration 0
2019-09-29 10:53:36.764 T:4091736656 DEBUG: HandleKey: 167 (0xa7, obc88) pressed, action is Down
2019-09-29 10:53:36.874 T:3733955392 DEBUG: PushCecKeypress - received key a7 duration 133
2019-09-29 10:53:36.968 T:3733955392 DEBUG: PushCecKeypress - received key a7 duration 0
2019-09-29 10:53:36.998 T:4091736656 DEBUG: HandleKey: 167 (0xa7, obc88) pressed, action is Down
2019-09-29 10:53:37.055 T:3733955392 DEBUG: PushCecKeypress - received key a7 duration 87
2019-09-29 10:53:37.150 T:3733955392 DEBUG: PushCecKeypress - received key a7 duration 0
2019-09-29 10:53:37.164 T:4091736656 DEBUG: HandleKey: 167 (0xa7, obc88) pressed, action is Down
2019-09-29 10:53:37.244 T:3733955392 DEBUG: PushCecKeypress - received key a7 duration 94
2019-09-29 10:53:37.338 T:3733955392 DEBUG: PushCecKeypress - received key a7 duration 0
2019-09-29 10:53:37.364 T:4091736656 DEBUG: HandleKey: 167 (0xa7, obc88) pressed, action is Down
2019-09-29 10:53:37.423 T:3733955392 DEBUG: PushCecKeypress - received key a7 duration 86
2019-09-29 10:53:37.517 T:3733955392 DEBUG: PushCecKeypress - received key a7 duration 0
2019-09-29 10:53:37.531 T:4091736656 DEBUG: HandleKey: 167 (0xa7, obc88) pressed, action is Down
2019-09-29 10:53:37.604 T:3733955392 DEBUG: PushCecKeypress - received key a7 duration 87
2019-09-29 10:53:37.699 T:3733955392 DEBUG: PushCecKeypress - received key a7 duration 0
2019-09-29 10:53:37.731 T:4091736656 DEBUG: HandleKey: 167 (0xa7, obc88) pressed, action is Down
2019-09-29 10:53:37.794 T:3733955392 DEBUG: PushCecKeypress - received key a7 duration 95
2019-09-29 10:53:37.888 T:3733955392 DEBUG: PushCecKeypress - received key a7 duration 0
2019-09-29 10:53:37.898 T:4091736656 DEBUG: HandleKey: 167 (0xa7, obc88) pressed, action is Down
2019-09-29 10:53:38.005 T:3733955392 DEBUG: PushCecKeypress - received key a7 duration 116
2019-09-29 10:53:51.049 T:3733955392 DEBUG: PushCecKeypress - received key b duration 0
2019-09-29 10:53:51.065 T:4091736656 DEBUG: HandleKey: 11 (0x0b, obc244) pressed, action is Select
2019-09-29 10:53:51.180 T:3733955392 DEBUG: PushCecKeypress - received key b duration 130
2019-09-29 10:53:52.811 T:3614643008 DEBUG: DialogProgress::Open called
2019-09-29 10:53:52.811 T:3614643008 DEBUG: ------ Window Init (DialogConfirm.xml) ------
2019-09-29 10:53:52.811 T:3614643008 DEBUG: [Warning] CGUITextureManager::GetTexturePath: could not find texture 'icons/logo.png'
2019-09-29 10:54:15.948 T:4091736656 DEBUG: Previous line repeats 1 times.
2019-09-29 10:54:15.948 T:4091736656 DEBUG: ------ Window Init (DialogConfirm.xml) ------
2019-09-29 10:54:15.949 T:4091736656 DEBUG: [Warning] CGUITextureManager::GetTexturePath: could not find texture 'icons/logo.png'
2019-09-29 10:54:16.163 T:4091736656 DEBUG: Previous line repeats 1 times.
2019-09-29 10:54:16.163 T:4091736656 DEBUG: ------ Window Deinit (DialogConfirm.xml) ------
2019-09-29 10:54:20.171 T:3733955392 DEBUG: PushCecKeypress - received key b duration 0
2019-09-29 10:54:20.197 T:4091736656 DEBUG: HandleKey: 11 (0x0b, obc244) pressed, action is Select
2019-09-29 10:54:20.295 T:3733955392 DEBUG: PushCecKeypress - received key b duration 125
2019-09-29 10:54:20.447 T:4091736656 DEBUG: ------ Window Deinit (DialogConfirm.xml) ------
2019-09-29 10:54:20.990 T:3733955392 DEBUG: PushCecKeypress - received key b duration 0
2019-09-29 10:54:21.015 T:4091736656 DEBUG: HandleKey: 11 (0x0b, obc244) pressed, action is Select
2019-09-29 10:54:21.145 T:3733955392 DEBUG: PushCecKeypress - received key b duration 155
2019-09-29 10:54:23.401 T:3733955392 DEBUG: PushCecKeypress - received key a8 duration 0
2019-09-29 10:54:23.432 T:4091736656 DEBUG: HandleKey: 168 (0xa8, obc87) pressed, action is Right
2019-09-29 10:54:23.504 T:3733955392 DEBUG: PushCecKeypress - received key a8 duration 104
2019-09-29 10:54:24.071 T:3733955392 DEBUG: PushCecKeypress - received key a6 duration 0
2019-09-29 10:54:24.105 T:4091736656 DEBUG: HandleKey: 166 (0xa6, obc89) pressed, action is Up
2019-09-29 10:54:24.195 T:3733955392 DEBUG: PushCecKeypress - received key a6 duration 124
2019-09-29 10:54:24.671 T:3733955392 DEBUG: PushCecKeypress - received key a6 duration 0
2019-09-29 10:54:24.698 T:4091736656 DEBUG: HandleKey: 166 (0xa6, obc89) pressed, action is Up
2019-09-29 10:54:24.824 T:3733955392 DEBUG: PushCecKeypress - received key a6 duration 153
2019-09-29 10:54:24.940 T:3733955392 DEBUG: PushCecKeypress - received key a6 duration 0
2019-09-29 10:54:24.965 T:4091736656 DEBUG: HandleKey: 166 (0xa6, obc89) pressed, action is Up
2019-09-29 10:54:25.044 T:3733955392 DEBUG: PushCecKeypress - received key a6 duration 105
2019-09-29 10:54:25.610 T:3733955392 DEBUG: PushCecKeypress - received key b duration 0
2019-09-29 10:54:25.632 T:4091736656 DEBUG: HandleKey: 11 (0x0b, obc244) pressed, action is Select
2019-09-29 10:54:25.745 T:3733955392 DEBUG: PushCecKeypress - received key b duration 135
2019-09-29 10:54:27.503 T:3614643008 DEBUG: DialogProgress::Open called
2019-09-29 10:54:27.503 T:3614643008 DEBUG: ------ Window Init (DialogConfirm.xml) ------
2019-09-29 10:54:27.503 T:3614643008 DEBUG: [Warning] CGUITextureManager::GetTexturePath: could not find texture 'icons/logo.png'
2019-09-29 10:54:50.632 T:4091736656 DEBUG: Previous line repeats 1 times.
2019-09-29 10:54:50.632 T:4091736656 DEBUG: ------ Window Init (DialogConfirm.xml) ------
2019-09-29 10:54:50.633 T:4091736656 DEBUG: [Warning] CGUITextureManager::GetTexturePath: could not find texture 'icons/logo.png'
2019-09-29 10:54:50.881 T:4091736656 DEBUG: Previous line repeats 1 times.
2019-09-29 10:54:50.881 T:4091736656 DEBUG: ------ Window Deinit (DialogConfirm.xml) ------
2019-09-29 10:54:52.941 T:3733955392 DEBUG: PushCecKeypress - received key b duration 0
2019-09-29 10:54:52.955 T:4091736656 DEBUG: HandleKey: 11 (0x0b, obc244) pressed, action is Select
2019-09-29 10:54:53.094 T:3733955392 DEBUG: PushCecKeypress - received key b duration 154
2019-09-29 10:54:53.211 T:4091736656 DEBUG: ------ Window Deinit (DialogConfirm.xml) ------
2019-09-29 10:54:55.984 T:3539071808 INFO: PAPlayer::ProcessStream - Stream Finished
2019-09-29 10:54:55.985 T:3539071808 DEBUG: OnQueueNextItem: CApplication::OnQueueNextItem
2019-09-29 10:54:55.986 T:3539071808 DEBUG: CNFSFile::Close closing file Musica/Boz Scaggs/Boz Scaggs - 1969 - Boz Scaggs (Audio Fidelity AFZ 168) [2.0] (SACD[PS3] - 24bit-88.2kHz)/(01) [Boz Scaggs] I'm Easy.wv
2019-09-29 10:54:56.016 T:3908092736 DEBUG: Thread JobWorker start, auto delete: true
2019-09-29 10:54:56.019 T:3908092736 DEBUG: CreateInputStream: All else failed, creating CDVDInputStreamFile
2019-09-29 10:54:56.022 T:3908092736 DEBUG: CNFSFile::Open - opened Musica/Boz Scaggs/Boz Scaggs - 1969 - Boz Scaggs (Audio Fidelity AFZ 168) [2.0] (SACD[PS3] - 24bit-88.2kHz)/(02) [Boz Scaggs] I'll Be Long Gone.wv
2019-09-29 10:54:56.025 T:3908092736 DEBUG: DVDFactoryDemuxer: Create CDVDDemuxFFmpeg.
2019-09-29 10:54:56.067 T:3908092736 DEBUG: Open - probing detected format [wv]
2019-09-29 10:54:56.073 T:3908092736 DEBUG: Open - avformat_find_stream_info starting
2019-09-29 10:54:56.118 T:3908092736 DEBUG: Open - av_find_stream_info finished
2019-09-29 10:54:56.119 T:3908092736 DEBUG: CDVDDemuxFFmpeg::AddStream ID: 0
2019-09-29 10:54:56.119 T:3908092736 NOTICE: CDVDAudioCodecFFmpeg::Open() Successful opened audio decoder wavpack
2019-09-29 10:54:56.137 T:3908092736 DEBUG: CNFSFile::Open - opened Musica/Boz Scaggs/Boz Scaggs - 1969 - Boz Scaggs (Audio Fidelity AFZ 168) [2.0] (SACD[PS3] - 24bit-88.2kHz)/(02) [Boz Scaggs] I'll Be Long Gone.wv
2019-09-29 10:54:56.171 T:3908092736 DEBUG: unrecognized APE tag: ASIN
2019-09-29 10:54:56.171 T:3908092736 DEBUG: unrecognized APE tag: BARCODE
2019-09-29 10:54:56.171 T:3908092736 DEBUG: unrecognized APE tag: CATALOGNUMBER
2019-09-29 10:54:56.171 T:3908092736 DEBUG: unrecognized APE tag: MEDIA
2019-09-29 10:54:56.171 T:3908092736 DEBUG: unrecognized APE tag: MUSICBRAINZ_ALBUMSTATUS
2019-09-29 10:54:56.172 T:3908092736 DEBUG: unrecognized APE tag: MUSICBRAINZ_RELEASETRACKID
2019-09-29 10:54:56.172 T:3908092736 DEBUG: unrecognized APE tag: ORIGINALDATE
2019-09-29 10:54:56.172 T:3908092736 DEBUG: unrecognized APE tag: ORIGINALYEAR
2019-09-29 10:54:56.172 T:3908092736 DEBUG: unrecognized APE tag: RELEASECOUNTRY
2019-09-29 10:54:56.172 T:3908092736 DEBUG: unrecognized APE tag: SCRIPT
2019-09-29 10:54:56.172 T:3908092736 DEBUG: CNFSFile::Close closing file Musica/Boz Scaggs/Boz Scaggs - 1969 - Boz Scaggs (Audio Fidelity AFZ 168) [2.0] (SACD[PS3] - 24bit-88.2kHz)/(02) [Boz Scaggs] I'll Be Long Gone.wv
2019-09-29 10:54:56.219 T:3908092736 DEBUG: SeekTime - seek ended up on time 0.000
2019-09-29 10:54:56.350 T:3894797120 DEBUG: Previous line repeats 1 times.
2019-09-29 10:54:56.350 T:3894797120 DEBUG: Thread JobWorker start, auto delete: true
2019-09-29 10:54:56.350 T:4065796928 DEBUG: CActiveAE::DiscardStream - audio stream deleted
2019-09-29 10:54:56.350 T:4065796928 DEBUG: CActiveAE::ClearDiscardedBuffers - buffer pool deleted
2019-09-29 10:54:56.350 T:3894797120 DEBUG: Previous line repeats 1 times.
2019-09-29 10:54:56.350 T:3894797120 DEBUG: DoWork - Saving file state for audio item musicdb://albums/30/3784.wv?albumid=30&xsp=%7b%22limit%22%3a15%2c%22order%22%3a%7b%22direction%22%3a%22ascending%22%2c%22ignorefolders%22%3a0%2c%22method%22%3a%22random%22%7d%2c%22type%22%3a%22albums%22%7d
2019-09-29 10:54:56.350 T:4065796928 DEBUG: CActiveAE::ClearDiscardedBuffers - buffer pool deleted
2019-09-29 10:54:56.350 T:3539071808 DEBUG: PAPlayer::ProcessStreams - Stream Freed
2019-09-29 10:54:56.358 T:3894797120 DEBUG: DoWork - Marking audio item musicdb://albums/30/3784.wv?albumid=30&xsp=%7b%22limit%22%3a15%2c%22order%22%3a%7b%22direction%22%3a%22ascending%22%2c%22ignorefolders%22%3a0%2c%22method%22%3a%22random%22%7d%2c%22type%22%3a%22albums%22%7d as listened
2019-09-29 10:54:56.376 T:4087833408 DEBUG: CAnnouncementManager - Announcement: OnUpdate from xbmc
2019-09-29 10:54:56.377 T:4087833408 DEBUG: GOT ANNOUNCEMENT, type: 32, from xbmc, message OnUpdate
2019-09-29 10:54:56.461 T:3908092736 INFO: AudioDecoder: File is queued
2019-09-29 10:54:56.462 T:3908092736 DEBUG: AudioDecoder::GetReplayGain - Final Replaygain applied: 1.000000, Track/Album Gain 89.000000, Peak 1.000000
2019-09-29 10:54:56.464 T:4065796928 DEBUG: CActiveAE::ClearDiscardedBuffers - buffer pool deleted
2019-09-29 10:54:56.525 T:3908092736 INFO: PAPlayer::PrepareStream - Ready
2019-09-29 10:54:56.532 T:3539071808 DEBUG: OnPlayBackStarted: CApplication::OnPlayBackStarted
2019-09-29 10:54:56.532 T:3539071808 DEBUG: OnAVStarted: CApplication::OnAVStarted
2019-09-29 10:54:56.532 T:4087833408 DEBUG: CAnnouncementManager - Announcement: OnAVStart from xbmc
2019-09-29 10:54:56.533 T:4087833408 DEBUG: GOT ANNOUNCEMENT, type: 1, from xbmc, message OnAVStart
2019-09-29 10:54:56.549 T:4091736656 DEBUG: CMusicGUIInfo::InitCurrentItem(musicdb://albums/30/3785.wv?albumid=30&xsp=%7b%22limit%22%3a15%2c%22order%22%3a%7b%22direction%22%3a%22ascending%22%2c%22ignorefolders%22%3a0%2c%22method%22%3a%22random%22%7d%2c%22type%22%3a%22albums%22%7d)
2019-09-29 10:54:56.560 T:4091736656 DEBUG: SELECT albumview.*,albumartistview.* FROM albumview JOIN albumartistview ON albumview.idAlbum = albumartistview.idAlbum WHERE albumview.idAlbum = 30 ORDER BY albumartistview.iOrder
2019-09-29 10:54:56.565 T:4091736656 DEBUG: Loading additional tag info for file nfs://192.168.1.10/Musica/Boz Scaggs/Boz Scaggs - 1969 - Boz Scaggs (Audio Fidelity AFZ 168) [2.0] (SACD[PS3] - 24bit-88.2kHz)/(02) [Boz Scaggs] I'll Be Long Gone.wv
2019-09-29 10:54:56.569 T:4091736656 DEBUG: CNFSFile::Open - opened Musica/Boz Scaggs/Boz Scaggs - 1969 - Boz Scaggs (Audio Fidelity AFZ 168) [2.0] (SACD[PS3] - 24bit-88.2kHz)/(02) [Boz Scaggs] I'll Be Long Gone.wv
2019-09-29 10:54:56.595 T:4091736656 DEBUG: unrecognized APE tag: ASIN
2019-09-29 10:54:56.595 T:4091736656 DEBUG: unrecognized APE tag: BARCODE
2019-09-29 10:54:56.595 T:4091736656 DEBUG: unrecognized APE tag: CATALOGNUMBER
2019-09-29 10:54:56.595 T:4091736656 DEBUG: unrecognized APE tag: MEDIA
2019-09-29 10:54:56.595 T:4091736656 DEBUG: unrecognized APE tag: MUSICBRAINZ_ALBUMSTATUS
2019-09-29 10:54:56.596 T:4091736656 DEBUG: unrecognized APE tag: MUSICBRAINZ_RELEASETRACKID
2019-09-29 10:54:56.596 T:4091736656 DEBUG: unrecognized APE tag: ORIGINALDATE
2019-09-29 10:54:56.596 T:4091736656 DEBUG: unrecognized APE tag: ORIGINALYEAR
2019-09-29 10:54:56.596 T:4091736656 DEBUG: unrecognized APE tag: RELEASECOUNTRY
2019-09-29 10:54:56.596 T:4091736656 DEBUG: unrecognized APE tag: SCRIPT
2019-09-29 10:54:56.597 T:4091736656 DEBUG: CNFSFile::Close closing file Musica/Boz Scaggs/Boz Scaggs - 1969 - Boz Scaggs (Audio Fidelity AFZ 168) [2.0] (SACD[PS3] - 24bit-88.2kHz)/(02) [Boz Scaggs] I'll Be Long Gone.wv
2019-09-29 10:54:56.597 T:4091736656 DEBUG: CPlayerGUIInfo::InitCurrentItem(musicdb://albums/30/3785.wv?albumid=30&xsp=%7b%22limit%22%3a15%2c%22order%22%3a%7b%22direction%22%3a%22ascending%22%2c%22ignorefolders%22%3a0%2c%22method%22%3a%22random%22%7d%2c%22type%22%3a%22albums%22%7d)
2019-09-29 10:54:56.597 T:4087833408 DEBUG: CAnnouncementManager - Announcement: OnChanged from xbmc
2019-09-29 10:54:56.598 T:4087833408 DEBUG: GOT ANNOUNCEMENT, type: 1024, from xbmc, message OnChanged
2019-09-29 10:54:56.598 T:4087833408 DEBUG: CAnnouncementManager - Announcement: OnPlay from xbmc
2019-09-29 10:54:56.598 T:4087833408 DEBUG: GOT ANNOUNCEMENT, type: 1, from xbmc, message OnPlay
2019-09-29 10:54:56.698 T:4091736656 DEBUG: ------ Window Init (DialogBusy.xml) ------
2019-09-29 10:54:56.749 T:4091736656 DEBUG: ------ Window Deinit (DialogBusy.xml) ------
2019-09-29 10:55:12.623 T:3733955392 DEBUG: PushCecKeypress - received key a8 duration 0
2019-09-29 10:55:12.649 T:4091736656 DEBUG: HandleKey: 168 (0xa8, obc87) pressed, action is Right
2019-09-29 10:55:12.796 T:3733955392 DEBUG: PushCecKeypress - received key a8 duration 174
2019-09-29 10:55:13.671 T:3733955392 DEBUG: PushCecKeypress - received key b duration 0
2019-09-29 10:55:13.683 T:4091736656 DEBUG: HandleKey: 11 (0x0b, obc244) pressed, action is Select
2019-09-29 10:55:13.793 T:3733955392 DEBUG: PushCecKeypress - received key b duration 122
2019-09-29 10:55:15.391 T:3614643008 DEBUG: DialogProgress::Open called
2019-09-29 10:55:15.391 T:3614643008 DEBUG: ------ Window Init (DialogConfirm.xml) ------
2019-09-29 10:55:15.391 T:3614643008 DEBUG: [Warning] CGUITextureManager::GetTexturePath: could not find texture 'icons/logo.png'
2019-09-29 10:55:26.377 T:3894797120 DEBUG: Previous line repeats 1 times.
2019-09-29 10:55:26.377 T:3894797120 DEBUG: Thread JobWorker 3894797120 terminating (autodelete)
2019-09-29 10:55:26.525 T:3908092736 DEBUG: Thread JobWorker 3908092736 terminating (autodelete)
2019-09-29 10:55:38.966 T:4091736656 DEBUG: ------ Window Init (DialogConfirm.xml) ------
2019-09-29 10:55:38.967 T:4091736656 DEBUG: [Warning] CGUITextureManager::GetTexturePath: could not find texture 'icons/logo.png'
2019-09-29 10:55:39.195 T:4091736656 DEBUG: Previous line repeats 1 times.
2019-09-29 10:55:39.195 T:4091736656 DEBUG: ------ Window Deinit (DialogConfirm.xml) ------
2019-09-29 10:55:41.601 T:3733955392 DEBUG: PushCecKeypress - received key b duration 0
2019-09-29 10:55:41.616 T:4091736656 DEBUG: HandleKey: 11 (0x0b, obc244) pressed, action is Select
2019-09-29 10:55:41.726 T:3733955392 DEBUG: PushCecKeypress - received key b duration 125
2019-09-29 10:55:41.863 T:4091736656 DEBUG: ------ Window Deinit (DialogConfirm.xml) ------
2019-09-29 10:55:45.991 T:3733955392 DEBUG: PushCecKeypress - received key a8 duration 0
2019-09-29 10:55:46.029 T:4091736656 DEBUG: HandleKey: 168 (0xa8, obc87) pressed, action is Right
2019-09-29 10:55:46.117 T:3733955392 DEBUG: PushCecKeypress - received key a8 duration 125
2019-09-29 10:55:47.061 T:3733955392 DEBUG: PushCecKeypress - received key b duration 0
2019-09-29 10:55:47.085 T:4091736656 DEBUG: HandleKey: 11 (0x0b, obc244) pressed, action is Select
2019-09-29 10:55:47.216 T:3733955392 DEBUG: PushCecKeypress - received key b duration 155
2019-09-29 10:55:48.904 T:3614643008 DEBUG: DialogProgress::Open called
2019-09-29 10:55:48.904 T:3614643008 DEBUG: ------ Window Init (DialogConfirm.xml) ------
2019-09-29 10:55:48.904 T:3614643008 DEBUG: [Warning] CGUITextureManager::GetTexturePath: could not find texture 'icons/logo.png'
2019-09-29 10:56:12.200 T:4091736656 DEBUG: Previous line repeats 1 times.
2019-09-29 10:56:12.200 T:4091736656 DEBUG: ------ Window Init (DialogConfirm.xml) ------
2019-09-29 10:56:12.200 T:4091736656 DEBUG: [Warning] CGUITextureManager::GetTexturePath: could not find texture 'icons/logo.png'
2019-09-29 10:56:12.447 T:4091736656 DEBUG: Previous line repeats 1 times.
2019-09-29 10:56:12.448 T:4091736656 DEBUG: ------ Window Deinit (DialogConfirm.xml) ------
2019-09-29 10:56:14.092 T:3733955392 DEBUG: PushCecKeypress - received key b duration 0
2019-09-29 10:56:14.117 T:4091736656 DEBUG: HandleKey: 11 (0x0b, obc244) pressed, action is Select
2019-09-29 10:56:14.215 T:3733955392 DEBUG: PushCecKeypress - received key b duration 123
2019-09-29 10:56:14.397 T:4091736656 DEBUG: ------ Window Deinit (DialogConfirm.xml) ------
2019-09-29 10:56:20.481 T:3733955392 DEBUG: PushCecKeypress - received key a8 duration 0
2019-09-29 10:56:20.517 T:4091736656 DEBUG: HandleKey: 168 (0xa8, obc87) pressed, action is Right
2019-09-29 10:56:20.636 T:3733955392 DEBUG: PushCecKeypress - received key a8 duration 156
2019-09-29 10:56:21.381 T:3733955392 DEBUG: PushCecKeypress - received key a7 duration 0
2019-09-29 10:56:21.383 T:4091736656 DEBUG: HandleKey: 167 (0xa7, obc88) pressed, action is Down
2019-09-29 10:56:21.695 T:3733955392 DEBUG: PushCecKeypress - received key a7 duration 314
2019-09-29 10:56:21.881 T:3733955392 DEBUG: PushCecKeypress - received key a7 duration 0
2019-09-29 10:56:21.911 T:4091736656 DEBUG: HandleKey: 167 (0xa7, obc88) pressed, action is Down
2019-09-29 10:56:22.006 T:3733955392 DEBUG: PushCecKeypress - received key a7 duration 125
2019-09-29 10:56:27.131 T:3733955392 DEBUG: PushCecKeypress - received key a6 duration 0
2019-09-29 10:56:27.150 T:4091736656 DEBUG: HandleKey: 166 (0xa6, obc89) pressed, action is Up
2019-09-29 10:56:27.226 T:3733955392 DEBUG: PushCecKeypress - received key a6 duration 95
2019-09-29 10:56:27.621 T:3733955392 DEBUG: PushCecKeypress - received key a6 duration 0
2019-09-29 10:56:27.634 T:4091736656 DEBUG: HandleKey: 166 (0xa6, obc89) pressed, action is Up
2019-09-29 10:56:27.755 T:3733955392 DEBUG: PushCecKeypress - received key a6 duration 135
2019-09-29 10:56:36.060 T:3733955392 DEBUG: PushCecKeypress - received key a7 duration 0
2019-09-29 10:56:36.067 T:4091736656 DEBUG: HandleKey: 167 (0xa7, obc88) pressed, action is Down
2019-09-29 10:56:36.186 T:3733955392 DEBUG: PushCecKeypress - received key a7 duration 126
2019-09-29 10:56:38.701 T:3733955392 DEBUG: PushCecKeypress - received key a6 duration 0
2019-09-29 10:56:38.712 T:4091736656 DEBUG: HandleKey: 166 (0xa6, obc89) pressed, action is Up
2019-09-29 10:56:38.825 T:3733955392 DEBUG: PushCecKeypress - received key a6 duration 125
2019-09-29 10:56:40.291 T:3733955392 DEBUG: PushCecKeypress - received key a7 duration 0
2019-09-29 10:56:40.306 T:4091736656 DEBUG: HandleKey: 167 (0xa7, obc88) pressed, action is Down
2019-09-29 10:56:40.445 T:3733955392 DEBUG: PushCecKeypress - received key a7 duration 155
2019-09-29 10:56:42.021 T:3733955392 DEBUG: PushCecKeypress - received key a6 duration 0
2019-09-29 10:56:42.050 T:4091736656 DEBUG: HandleKey: 166 (0xa6, obc89) pressed, action is Up
2019-09-29 10:56:42.145 T:3733955392 DEBUG: PushCecKeypress - received key a6 duration 124
2019-09-29 10:56:43.252 T:3733955392 DEBUG: PushCecKeypress - received key a7 duration 0
2019-09-29 10:56:43.262 T:4091736656 DEBUG: HandleKey: 167 (0xa7, obc88) pressed, action is Down
2019-09-29 10:56:43.346 T:3733955392 DEBUG: PushCecKeypress - received key a7 duration 94
2019-09-29 10:56:45.651 T:3733955392 DEBUG: PushCecKeypress - received key a6 duration 0
2019-09-29 10:56:45.684 T:4091736656 DEBUG: HandleKey: 166 (0xa6, obc89) pressed, action is Up
2019-09-29 10:56:45.796 T:3733955392 DEBUG: PushCecKeypress - received key a6 duration 144
2019-09-29 10:56:47.121 T:3733955392 DEBUG: PushCecKeypress - received key b duration 0
2019-09-29 10:56:47.134 T:4091736656 DEBUG: HandleKey: 11 (0x0b, obc244) pressed, action is Select
2019-09-29 10:56:47.246 T:3733955392 DEBUG: PushCecKeypress - received key b duration 125
2019-09-29 10:56:48.875 T:3614643008 DEBUG: DialogProgress::Open called
2019-09-29 10:56:48.875 T:3614643008 DEBUG: ------ Window Init (DialogConfirm.xml) ------
2019-09-29 10:56:48.876 T:3614643008 DEBUG: [Warning] CGUITextureManager::GetTexturePath: could not find texture 'icons/logo.png'
2019-09-29 10:57:12.367 T:4091736656 DEBUG: Previous line repeats 1 times.
2019-09-29 10:57:12.367 T:4091736656 DEBUG: ------ Window Init (DialogConfirm.xml) ------
2019-09-29 10:57:12.368 T:4091736656 DEBUG: [Warning] CGUITextureManager::GetTexturePath: could not find texture 'icons/logo.png'
2019-09-29 10:57:12.586 T:4091736656 DEBUG: Previous line repeats 1 times.
2019-09-29 10:57:12.586 T:4091736656 DEBUG: ------ Window Deinit (DialogConfirm.xml) ------
2019-09-29 10:57:17.651 T:3733955392 DEBUG: PushCecKeypress - received key b duration 0
2019-09-29 10:57:17.668 T:4091736656 DEBUG: HandleKey: 11 (0x0b, obc244) pressed, action is Select
2019-09-29 10:57:17.775 T:3733955392 DEBUG: PushCecKeypress - received key b duration 124
2019-09-29 10:57:17.944 T:4091736656 DEBUG: ------ Window Deinit (DialogConfirm.xml) ------
2019-09-29 10:58:26.293 T:3908092736 DEBUG: Thread JobWorker start, auto delete: true
2019-09-29 10:58:26.294 T:3908092736 INFO: WEATHER: Downloading weather
2019-09-29 10:58:26.295 T:3894797120 DEBUG: Thread LanguageInvoker start, auto delete: false
2019-09-29 10:58:26.295 T:3894797120 INFO: initializing python engine.
2019-09-29 10:58:26.295 T:3894797120 DEBUG: CPythonInvoker(10, /storage/.kodi/addons/weather.yahoo/default.py): start processing
2019-09-29 10:58:26.343 T:3894797120 DEBUG: -->Python Interpreter Initialized<--
2019-09-29 10:58:26.343 T:3894797120 DEBUG: CPythonInvoker(10, /storage/.kodi/addons/weather.yahoo/default.py): the source file to load is "/storage/.kodi/addons/weather.yahoo/default.py"
2019-09-29 10:58:26.344 T:3894797120 DEBUG: CPythonInvoker(10, /storage/.kodi/addons/weather.yahoo/default.py): setting the Python path to /storage/.kodi/addons/weather.yahoo:/storage/.kodi/addons/script.module.certifi/lib:/storage/.kodi/addons/script.module.chardet/lib:/storage/.kodi/addons/script.module.idna/lib:/storage/.kodi/addons/script.module.requests/lib:/storage/.kodi/addons/script.module.urllib3/lib:/usr/lib/python27.zip:/usr/lib/python2.7:/usr/lib/python2.7/plat-linux2:/usr/lib/python2.7/lib-tk:/usr/lib/python2.7/lib-old:/usr/lib/python2.7/lib-dynload:/usr/lib/python2.7/site-packages:/usr/lib/python2.7/site-packages/gtk-2.0
2019-09-29 10:58:26.345 T:3894797120 DEBUG: CPythonInvoker(10, /storage/.kodi/addons/weather.yahoo/default.py): entering source directory /storage/.kodi/addons/weather.yahoo
2019-09-29 10:58:26.345 T:3894797120 DEBUG: CPythonInvoker(10, /storage/.kodi/addons/weather.yahoo/default.py): instantiating addon using automatically obtained id of "weather.yahoo" dependent on version 2.25.0 of the xbmc.python api
2019-09-29 10:58:27.401 T:3894797120 DEBUG: CAddonSettings[weather.yahoo]: loading setting definitions
2019-09-29 10:58:27.401 T:3894797120 DEBUG: CAddonSettings[weather.yahoo]: trying to load setting definitions from old format...
2019-09-29 10:58:27.402 T:3894797120 DEBUG: CAddonSettings[weather.yahoo]: loading setting values
2019-09-29 10:58:27.962 T:3894797120 INFO: CPythonInvoker(10, /storage/.kodi/addons/weather.yahoo/default.py): script successfully run
2019-09-29 10:58:27.963 T:3894797120 DEBUG: onExecutionDone(10, /storage/.kodi/addons/weather.yahoo/default.py)
2019-09-29 10:58:28.099 T:3894797120 INFO: Python interpreter stopped
2019-09-29 10:58:28.099 T:3894797120 DEBUG: Thread LanguageInvoker 3894797120 terminating
2019-09-29 10:58:28.220 T:3908092736 DEBUG: POParser: loaded 130 weather tokens
2019-09-29 10:58:58.224 T:3908092736 DEBUG: Thread JobWorker 3908092736 terminating (autodelete)
2019-09-29 10:58:59.425 T:3539071808 INFO: PAPlayer::ProcessStream - Stream Finished
2019-09-29 10:58:59.425 T:3539071808 DEBUG: OnQueueNextItem: CApplication::OnQueueNextItem
2019-09-29 10:58:59.427 T:3539071808 DEBUG: CNFSFile::Close closing file Musica/Boz Scaggs/Boz Scaggs - 1969 - Boz Scaggs (Audio Fidelity AFZ 168) [2.0] (SACD[PS3] - 24bit-88.2kHz)/(02) [Boz Scaggs] I'll Be Long Gone.wv
2019-09-29 10:58:59.436 T:3908092736 DEBUG: Thread JobWorker start, auto delete: true
2019-09-29 10:58:59.438 T:3908092736 DEBUG: CreateInputStream: All else failed, creating CDVDInputStreamFile
2019-09-29 10:58:59.442 T:3908092736 DEBUG: CNFSFile::Open - opened Musica/Boz Scaggs/Boz Scaggs - 1969 - Boz Scaggs (Audio Fidelity AFZ 168) [2.0] (SACD[PS3] - 24bit-88.2kHz)/(03) [Boz Scaggs] Another Day (Another Letter).wv
2019-09-29 10:58:59.445 T:3908092736 DEBUG: DVDFactoryDemuxer: Create CDVDDemuxFFmpeg.
2019-09-29 10:58:59.473 T:3908092736 DEBUG: Open - probing detected format [wv]
2019-09-29 10:58:59.486 T:3908092736 DEBUG: Open - avformat_find_stream_info starting
2019-09-29 10:58:59.530 T:3908092736 DEBUG: Open - av_find_stream_info finished
2019-09-29 10:58:59.531 T:3908092736 DEBUG: CDVDDemuxFFmpeg::AddStream ID: 0
2019-09-29 10:58:59.531 T:3908092736 NOTICE: CDVDAudioCodecFFmpeg::Open() Successful opened audio decoder wavpack
2019-09-29 10:58:59.551 T:3908092736 DEBUG: CNFSFile::Open - opened Musica/Boz Scaggs/Boz Scaggs - 1969 - Boz Scaggs (Audio Fidelity AFZ 168) [2.0] (SACD[PS3] - 24bit-88.2kHz)/(03) [Boz Scaggs] Another Day (Another Letter).wv
2019-09-29 10:58:59.668 T:3908092736 DEBUG: unrecognized APE tag: ASIN
2019-09-29 10:58:59.668 T:3908092736 DEBUG: unrecognized APE tag: BARCODE
2019-09-29 10:58:59.668 T:3908092736 DEBUG: unrecognized APE tag: CATALOGNUMBER
2019-09-29 10:58:59.668 T:3908092736 DEBUG: unrecognized APE tag: MEDIA
2019-09-29 10:58:59.668 T:3908092736 DEBUG: unrecognized APE tag: MUSICBRAINZ_ALBUMSTATUS
2019-09-29 10:58:59.668 T:3908092736 DEBUG: unrecognized APE tag: MUSICBRAINZ_RELEASETRACKID
2019-09-29 10:58:59.668 T:3908092736 DEBUG: unrecognized APE tag: ORIGINALDATE
2019-09-29 10:58:59.668 T:3908092736 DEBUG: unrecognized APE tag: ORIGINALYEAR
2019-09-29 10:58:59.668 T:3908092736 DEBUG: unrecognized APE tag: RELEASECOUNTRY
2019-09-29 10:58:59.668 T:3908092736 DEBUG: unrecognized APE tag: SCRIPT
2019-09-29 10:58:59.669 T:3908092736 DEBUG: CNFSFile::Close closing file Musica/Boz Scaggs/Boz Scaggs - 1969 - Boz Scaggs (Audio Fidelity AFZ 168) [2.0] (SACD[PS3] - 24bit-88.2kHz)/(03) [Boz Scaggs] Another Day (Another Letter).wv
2019-09-29 10:58:59.709 T:3908092736 DEBUG: SeekTime - seek ended up on time 0.000
2019-09-29 10:58:59.800 T:4065796928 DEBUG: Previous line repeats 1 times.
2019-09-29 10:58:59.800 T:4065796928 DEBUG: CActiveAE::DiscardStream - audio stream deleted
2019-09-29 10:58:59.800 T:3894797120 DEBUG: Thread JobWorker start, auto delete: true
2019-09-29 10:58:59.800 T:4065796928 DEBUG: CActiveAE::ClearDiscardedBuffers - buffer pool deleted
2019-09-29 10:58:59.800 T:3539071808 DEBUG: Previous line repeats 2 times.
2019-09-29 10:58:59.801 T:3539071808 DEBUG: PAPlayer::ProcessStreams - Stream Freed
2019-09-29 10:58:59.801 T:3894797120 DEBUG: DoWork - Saving file state for audio item musicdb://albums/30/3785.wv?albumid=30&xsp=%7b%22limit%22%3a15%2c%22order%22%3a%7b%22direction%22%3a%22ascending%22%2c%22ignorefolders%22%3a0%2c%22method%22%3a%22random%22%7d%2c%22type%22%3a%22albums%22%7d
2019-09-29 10:58:59.808 T:3894797120 DEBUG: DoWork - Marking audio item musicdb://albums/30/3785.wv?albumid=30&xsp=%7b%22limit%22%3a15%2c%22order%22%3a%7b%22direction%22%3a%22ascending%22%2c%22ignorefolders%22%3a0%2c%22method%22%3a%22random%22%7d%2c%22type%22%3a%22albums%22%7d as listened
2019-09-29 10:58:59.826 T:4087833408 DEBUG: CAnnouncementManager - Announcement: OnUpdate from xbmc
2019-09-29 10:58:59.826 T:4087833408 DEBUG: GOT ANNOUNCEMENT, type: 32, from xbmc, message OnUpdate
2019-09-29 10:58:59.947 T:3908092736 INFO: AudioDecoder: File is queued
2019-09-29 10:58:59.948 T:3908092736 DEBUG: AudioDecoder::GetReplayGain - Final Replaygain applied: 1.000000, Track/Album Gain 89.000000, Peak 1.000000
2019-09-29 10:58:59.950 T:4065796928 DEBUG: CActiveAE::ClearDiscardedBuffers - buffer pool deleted
2019-09-29 10:59:00.003 T:3908092736 INFO: PAPlayer::PrepareStream - Ready
2019-09-29 10:59:00.012 T:3539071808 DEBUG: OnPlayBackStarted: CApplication::OnPlayBackStarted
2019-09-29 10:59:00.012 T:3539071808 DEBUG: OnAVStarted: CApplication::OnAVStarted
2019-09-29 10:59:00.013 T:4087833408 DEBUG: CAnnouncementManager - Announcement: OnAVStart from xbmc
2019-09-29 10:59:00.013 T:4087833408 DEBUG: GOT ANNOUNCEMENT, type: 1, from xbmc, message OnAVStart
2019-09-29 10:59:00.019 T:4091736656 DEBUG: CMusicGUIInfo::InitCurrentItem(musicdb://albums/30/3786.wv?albumid=30&xsp=%7b%22limit%22%3a15%2c%22order%22%3a%7b%22direction%22%3a%22ascending%22%2c%22ignorefolders%22%3a0%2c%22method%22%3a%22random%22%7d%2c%22type%22%3a%22albums%22%7d)
2019-09-29 10:59:00.029 T:4091736656 DEBUG: SELECT albumview.*,albumartistview.* FROM albumview JOIN albumartistview ON albumview.idAlbum = albumartistview.idAlbum WHERE albumview.idAlbum = 30 ORDER BY albumartistview.iOrder
2019-09-29 10:59:00.034 T:4091736656 DEBUG: Loading additional tag info for file nfs://192.168.1.10/Musica/Boz Scaggs/Boz Scaggs - 1969 - Boz Scaggs (Audio Fidelity AFZ 168) [2.0] (SACD[PS3] - 24bit-88.2kHz)/(03) [Boz Scaggs] Another Day (Another Letter).wv
2019-09-29 10:59:00.038 T:4091736656 DEBUG: CNFSFile::Open - opened Musica/Boz Scaggs/Boz Scaggs - 1969 - Boz Scaggs (Audio Fidelity AFZ 168) [2.0] (SACD[PS3] - 24bit-88.2kHz)/(03) [Boz Scaggs] Another Day (Another Letter).wv
2019-09-29 10:59:00.133 T:4091736656 DEBUG: unrecognized APE tag: ASIN
2019-09-29 10:59:00.133 T:4091736656 DEBUG: unrecognized APE tag: BARCODE
2019-09-29 10:59:00.133 T:4091736656 DEBUG: unrecognized APE tag: CATALOGNUMBER
2019-09-29 10:59:00.133 T:4091736656 DEBUG: unrecognized APE tag: MEDIA
2019-09-29 10:59:00.134 T:4091736656 DEBUG: unrecognized APE tag: MUSICBRAINZ_ALBUMSTATUS
2019-09-29 10:59:00.134 T:4091736656 DEBUG: unrecognized APE tag: MUSICBRAINZ_RELEASETRACKID
2019-09-29 10:59:00.134 T:4091736656 DEBUG: unrecognized APE tag: ORIGINALDATE
2019-09-29 10:59:00.134 T:4091736656 DEBUG: unrecognized APE tag: ORIGINALYEAR
2019-09-29 10:59:00.134 T:4091736656 DEBUG: unrecognized APE tag: RELEASECOUNTRY
2019-09-29 10:59:00.134 T:4091736656 DEBUG: unrecognized APE tag: SCRIPT
2019-09-29 10:59:00.134 T:4091736656 DEBUG: CNFSFile::Close closing file Musica/Boz Scaggs/Boz Scaggs - 1969 - Boz Scaggs (Audio Fidelity AFZ 168) [2.0] (SACD[PS3] - 24bit-88.2kHz)/(03) [Boz Scaggs] Another Day (Another Letter).wv
2019-09-29 10:59:00.135 T:4091736656 DEBUG: CPlayerGUIInfo::InitCurrentItem(musicdb://albums/30/3786.wv?albumid=30&xsp=%7b%22limit%22%3a15%2c%22order%22%3a%7b%22direction%22%3a%22ascending%22%2c%22ignorefolders%22%3a0%2c%22method%22%3a%22random%22%7d%2c%22type%22%3a%22albums%22%7d)
2019-09-29 10:59:00.135 T:4087833408 DEBUG: CAnnouncementManager - Announcement: OnChanged from xbmc
2019-09-29 10:59:00.135 T:4087833408 DEBUG: GOT ANNOUNCEMENT, type: 1024, from xbmc, message OnChanged
2019-09-29 10:59:00.135 T:4087833408 DEBUG: CAnnouncementManager - Announcement: OnPlay from xbmc
2019-09-29 10:59:00.135 T:4087833408 DEBUG: GOT ANNOUNCEMENT, type: 1, from xbmc, message OnPlay
2019-09-29 10:59:00.235 T:4091736656 DEBUG: ------ Window Init (DialogBusy.xml) ------
2019-09-29 10:59:00.285 T:4091736656 DEBUG: ------ Window Deinit (DialogBusy.xml) ------
2019-09-29 10:59:29.827 T:3894797120 DEBUG: Thread JobWorker 3894797120 terminating (autodelete)
2019-09-29 10:59:30.004 T:3908092736 DEBUG: Thread JobWorker 3908092736 terminating (autodelete)
2019-09-29 11:00:01.644 T:3733955392 DEBUG: PushCecKeypress - received key a8 duration 0
2019-09-29 11:00:01.669 T:4091736656 DEBUG: HandleKey: 168 (0xa8, obc87) pressed, action is Right
2019-09-29 11:00:01.787 T:3733955392 DEBUG: PushCecKeypress - received key a8 duration 144
2019-09-29 11:02:13.637 T:3539071808 INFO: PAPlayer::ProcessStream - Stream Finished
2019-09-29 11:02:13.638 T:3539071808 DEBUG: OnQueueNextItem: CApplication::OnQueueNextItem
2019-09-29 11:02:13.639 T:3539071808 DEBUG: CNFSFile::Close closing file Musica/Boz Scaggs/Boz Scaggs - 1969 - Boz Scaggs (Audio Fidelity AFZ 168) [2.0] (SACD[PS3] - 24bit-88.2kHz)/(03) [Boz Scaggs] Another Day (Another Letter).wv
2019-09-29 11:02:13.656 T:3908092736 DEBUG: Thread JobWorker start, auto delete: true
2019-09-29 11:02:13.658 T:3908092736 DEBUG: CreateInputStream: All else failed, creating CDVDInputStreamFile
2019-09-29 11:02:13.661 T:3908092736 DEBUG: CNFSFile::Open - opened Musica/Boz Scaggs/Boz Scaggs - 1969 - Boz Scaggs (Audio Fidelity AFZ 168) [2.0] (SACD[PS3] - 24bit-88.2kHz)/(04) [Boz Scaggs] Now You're Gone.wv
2019-09-29 11:02:13.664 T:3908092736 DEBUG: DVDFactoryDemuxer: Create CDVDDemuxFFmpeg.
2019-09-29 11:02:13.689 T:3908092736 DEBUG: Open - probing detected format [wv]
2019-09-29 11:02:13.697 T:3908092736 DEBUG: Open - avformat_find_stream_info starting
2019-09-29 11:02:13.742 T:3908092736 DEBUG: Open - av_find_stream_info finished
2019-09-29 11:02:13.743 T:3908092736 DEBUG: CDVDDemuxFFmpeg::AddStream ID: 0
2019-09-29 11:02:13.743 T:3908092736 NOTICE: CDVDAudioCodecFFmpeg::Open() Successful opened audio decoder wavpack
2019-09-29 11:02:13.761 T:3908092736 DEBUG: CNFSFile::Open - opened Musica/Boz Scaggs/Boz Scaggs - 1969 - Boz Scaggs (Audio Fidelity AFZ 168) [2.0] (SACD[PS3] - 24bit-88.2kHz)/(04) [Boz Scaggs] Now You're Gone.wv
2019-09-29 11:02:13.795 T:3908092736 DEBUG: unrecognized APE tag: ASIN
2019-09-29 11:02:13.795 T:3908092736 DEBUG: unrecognized APE tag: BARCODE
2019-09-29 11:02:13.795 T:3908092736 DEBUG: unrecognized APE tag: CATALOGNUMBER
2019-09-29 11:02:13.795 T:3908092736 DEBUG: unrecognized APE tag: MEDIA
2019-09-29 11:02:13.796 T:3908092736 DEBUG: unrecognized APE tag: MUSICBRAINZ_ALBUMSTATUS
2019-09-29 11:02:13.796 T:3908092736 DEBUG: unrecognized APE tag: MUSICBRAINZ_RELEASETRACKID
2019-09-29 11:02:13.796 T:3908092736 DEBUG: unrecognized APE tag: ORIGINALDATE
2019-09-29 11:02:13.796 T:3908092736 DEBUG: unrecognized APE tag: ORIGINALYEAR
2019-09-29 11:02:13.796 T:3908092736 DEBUG: unrecognized APE tag: RELEASECOUNTRY
2019-09-29 11:02:13.796 T:3908092736 DEBUG: unrecognized APE tag: SCRIPT
2019-09-29 11:02:13.796 T:3908092736 DEBUG: CNFSFile::Close closing file Musica/Boz Scaggs/Boz Scaggs - 1969 - Boz Scaggs (Audio Fidelity AFZ 168) [2.0] (SACD[PS3] - 24bit-88.2kHz)/(04) [Boz Scaggs] Now You're Gone.wv
2019-09-29 11:02:13.843 T:3908092736 DEBUG: SeekTime - seek ended up on time 0.000
2019-09-29 11:02:14.012 T:4065796928 DEBUG: Previous line repeats 1 times.
2019-09-29 11:02:14.012 T:4065796928 DEBUG: CActiveAE::DiscardStream - audio stream deleted
2019-09-29 11:02:14.012 T:3894797120 DEBUG: Thread JobWorker start, auto delete: true
2019-09-29 11:02:14.012 T:4065796928 DEBUG: CActiveAE::ClearDiscardedBuffers - buffer pool deleted
2019-09-29 11:02:14.013 T:3539071808 DEBUG: Previous line repeats 2 times.
2019-09-29 11:02:14.013 T:3539071808 DEBUG: PAPlayer::ProcessStreams - Stream Freed
2019-09-29 11:02:14.013 T:3894797120 DEBUG: DoWork - Saving file state for audio item musicdb://albums/30/3786.wv?albumid=30&xsp=%7b%22limit%22%3a15%2c%22order%22%3a%7b%22direction%22%3a%22ascending%22%2c%22ignorefolders%22%3a0%2c%22method%22%3a%22random%22%7d%2c%22type%22%3a%22albums%22%7d
2019-09-29 11:02:14.020 T:3894797120 DEBUG: DoWork - Marking audio item musicdb://albums/30/3786.wv?albumid=30&xsp=%7b%22limit%22%3a15%2c%22order%22%3a%7b%22direction%22%3a%22ascending%22%2c%22ignorefolders%22%3a0%2c%22method%22%3a%22random%22%7d%2c%22type%22%3a%22albums%22%7d as listened
2019-09-29 11:02:14.037 T:4087833408 DEBUG: CAnnouncementManager - Announcement: OnUpdate from xbmc
