2019-09-29 10:51:53.288 T:3482231616 DEBUG: GetAlbumDetails: Reading 'https://musicbrainz.org/ws/2/release/e38e107d-b4a1-4e50-9438-8cedf27bc45d?inc=recordings+release-groups+artists+labels+ratings' using Universal Album Scraper scraper (file: '/storage/.kodi/addons/metadata.album.universal', content: 'albums', version: '3.1.2')
2019-09-29 10:51:53.288 T:3482231616 DEBUG: CurlFile::Open(0xd2685d60) https://musicbrainz.org/ws/2/release/e38e107d-b4a1-4e50-9438-8cedf27bc45d?inc=recordings+release-groups+artists+labels+ratings
2019-09-29 10:51:53.380 T:3482231616 DEBUG: Get: Using "UTF-8" charset for XML "https://musicbrainz.org/ws/2/release/e38e107d-b4a1-4e50-9438-8cedf27bc45d?inc=recordings+release-groups+artists+labels+ratings"
2019-09-29 10:51:53.393 T:3482231616 DEBUG: scraper: GetAlbumDetails returned
e38e107d-b4a1-4e50-9438-8cedf27bc45de38e107d-b4a1-4e50-9438-8cedf27bc45de38e107d-b4a1-4e50-9438-8cedf27bc45de38e107d-b4a1-4e50-9438-8cedf27bc45de38e107d-b4a1-4e50-9438-8cedf27bc45de38e107d-b4a1-4e50-9438-8cedf27bc45d355ed2eb-2b61-335c-b3e4-10ca26a17c88e38e107d-b4a1-4e50-9438-8cedf27bc45d355ed2eb-2b61-335c-b3e4-10ca26a17c88355ed2eb-2b61-335c-b3e4-10ca26a17c88355ed2eb-2b61-335c-b3e4-10ca26a17c88355ed2eb-2b61-335c-b3e4-10ca26a17c88355ed2eb-2b61-335c-b3e4-10ca26a17c88355ed2eb-2b61-335c-b3e4-10ca26a17c88355ed2eb-2b61-335c-b3e4-10ca26a17c88355ed2eb-2b61-335c-b3e4-10ca26a17c88355ed2eb-2b61-335c-b3e4-10ca26a17c88https://musicbrainz.org/ws/2/release-group/355ed2eb-2b61-335c-b3e4-10ca26a17c88?inc=url-rels
2019-09-29 10:51:53.394 T:3482231616 DEBUG: scraper: GetMBAlbumTitleByMBID returned
https://musicbrainz.org/ws/2/release/e38e107d-b4a1-4e50-9438-8cedf27bc45d?inc=recordings+release-groups+artists+labels+ratings
2019-09-29 10:51:53.400 T:3482231616 DEBUG: scraper: ParseMBAlbumTitle returned
e38e107d-b4a1-4e50-9438-8cedf27bc45dA Ghost Is Born355ed2eb-2b61-335c-b3e4-10ca26a17c88A Ghost Is BornOfficialnormalengWilcoWilco4.25A Ghost Is Born2004-06-21Album42005-03-07GB2005-03-07United KingdomUnited KingdomGB075597989229B0007NOKUGtrue6truetrue7559-79892-21CD11336000At Least That’s What You Said336000322282000Hell Is Chrome28200033650000Spiders (Kidsmoke)65000044300000Muzzle of Bees30000055196000Hummingbird19500066371000Handshake Drugs37100077286000Wishful Thinking28500088230000Company in My Back230000299162000I’m a Wheel1610001010221000Theologians2200001111906000Less Than You Think9060001212151000The Late Greats15074722CD11229853Panthers22985322354173At Least That’s What You Said (live)35400033159160The Late Greats (live)15900044372626Handshake Drugs (live)37200055171000Kicking Television169400
2019-09-29 10:51:53.403 T:3482231616 DEBUG: scraper: GetMBAlbumArtistsByMBID returned
https://musicbrainz.org/ws/2/release/e38e107d-b4a1-4e50-9438-8cedf27bc45d?inc=recordings+release-groups+artists+labels+ratings
2019-09-29 10:51:53.408 T:3482231616 DEBUG: scraper: ParseMBAlbumArtists returned
9e53f84d-ef44-4c16-9677-5fd4d78cbd7dWilco
2019-09-29 10:51:53.408 T:3482231616 DEBUG: scraper: GetMBAlbumArtistByMBID returned
https://musicbrainz.org/ws/2/release/e38e107d-b4a1-4e50-9438-8cedf27bc45d?inc=recordings+release-groups+artists+labels+ratings
2019-09-29 10:51:53.410 T:3482231616 DEBUG: scraper: ParseMBAlbumArtist returned
Wilco
2019-09-29 10:51:53.410 T:3482231616 DEBUG: scraper: GetMBAlbumLabelByMBID returned
https://musicbrainz.org/ws/2/release/e38e107d-b4a1-4e50-9438-8cedf27bc45d?inc=recordings+release-groups+artists+labels+ratings
2019-09-29 10:51:53.412 T:3482231616 DEBUG: scraper: ParseMBAlbumLabel returned
2019-09-29 10:51:53.413 T:3482231616 DEBUG: scraper: GetMBAlbumDateByMBID returned
https://musicbrainz.org/ws/2/release/e38e107d-b4a1-4e50-9438-8cedf27bc45d?inc=recordings+release-groups+artists+labels+ratings
2019-09-29 10:51:53.415 T:3482231616 DEBUG: scraper: ParseMBAlbumDate returned
2004-06-212004
2019-09-29 10:51:53.415 T:3482231616 DEBUG: scraper: GetMBAlbumTracksByMBID returned
https://musicbrainz.org/ws/2/release/e38e107d-b4a1-4e50-9438-8cedf27bc45d?inc=recordings+release-groups+artists+labels+ratings
2019-09-29 10:51:53.419 T:3482231616 DEBUG: scraper: ParseMBAlbumTracks returned
1At Least That’s What You Said3362Hell Is Chrome2823Spiders (Kidsmoke)6504Muzzle of Bees3005Hummingbird1966Handshake Drugs3717Wishful Thinking2868Company in My Back2309I’m a Wheel16210Theologians22111Less Than You Think90612The Late Greats1511Panthers2292At Least That’s What You Said (live)3543The Late Greats (live)1594Handshake Drugs (live)3725Kicking Television171
2019-09-29 10:51:53.420 T:3482231616 DEBUG: scraper: GetTADBAlbumReviewByMBID returned
https://www.theaudiodb.com/api/v1/json/58424d43204d6564696120/album-mb.php?i=355ed2eb-2b61-335c-b3e4-10ca26a17c88
2019-09-29 10:51:53.421 T:3482231616 DEBUG: CurlFile::Open(0xd2685d60) https://www.theaudiodb.com/api/v1/json/58424d43204d6564696120/album-mb.php?i=355ed2eb-2b61-335c-b3e4-10ca26a17c88
2019-09-29 10:51:53.485 T:3482231616 DEBUG: Get: Using content of "https://www.theaudiodb.com/api/v1/json/58424d43204d6564696120/album-mb.php?i=355ed2eb-2b61-335c-b3e4-10ca26a17c88" as binary or text with "UTF-8" charset
2019-09-29 10:51:53.488 T:3482231616 DEBUG: scraper: ParseTADBAlbumReview returned
A Ghost Is Born is the fifth studio album by Chicago-based alternative rock band Wilco. Released on June 22, 2004, it features singer Jeff Tweedy on lead guitar more than any previous Wilco album. The band streamed the album online for free, and offered a five song EP to purchasers. Tweedy entered a rehab clinic shortly before the release of the album, delaying its release by two weeks. It also shortened its promotional tour. Despite this, A Ghost Is Born's opening week was the best sales week for the band at the time and the album was met with good reviews from major publications such as Rolling Stone and PopMatters. The album earned Wilco a Grammy Award for Best Alternative Music Album.
2019-09-29 10:51:53.489 T:3482231616 DEBUG: scraper: GetMBAlbumRatingByMBID returned
https://musicbrainz.org/ws/2/release/e38e107d-b4a1-4e50-9438-8cedf27bc45d?inc=recordings+release-groups+artists+labels+ratings
2019-09-29 10:51:53.491 T:3482231616 DEBUG: scraper: ParseMBAlbumRating returned
4
2019-09-29 10:51:53.491 T:3482231616 DEBUG: scraper: GetTADBAlbumStylesByMBID returned
https://www.theaudiodb.com/api/v1/json/58424d43204d6564696120/album-mb.php?i=355ed2eb-2b61-335c-b3e4-10ca26a17c88
2019-09-29 10:51:53.492 T:3482231616 DEBUG: CurlFile::Open(0xd2685d60) https://www.theaudiodb.com/api/v1/json/58424d43204d6564696120/album-mb.php?i=355ed2eb-2b61-335c-b3e4-10ca26a17c88
2019-09-29 10:51:53.569 T:3482231616 DEBUG: Get: Using content of "https://www.theaudiodb.com/api/v1/json/58424d43204d6564696120/album-mb.php?i=355ed2eb-2b61-335c-b3e4-10ca26a17c88" as binary or text with "UTF-8" charset
2019-09-29 10:51:53.570 T:3482231616 DEBUG: scraper: ParseTADBAlbumStyles returned
2019-09-29 10:51:53.571 T:3482231616 DEBUG: scraper: GetTADBAlbumMoodsByMBID returned
https://www.theaudiodb.com/api/v1/json/58424d43204d6564696120/album-mb.php?i=355ed2eb-2b61-335c-b3e4-10ca26a17c88
2019-09-29 10:51:53.573 T:3482231616 DEBUG: scraper: ParseTADBAlbumMoods returned
2019-09-29 10:51:53.573 T:3482231616 DEBUG: scraper: GetTADBAlbumThemeByMBID returned
https://www.theaudiodb.com/api/v1/json/58424d43204d6564696120/album-mb.php?i=355ed2eb-2b61-335c-b3e4-10ca26a17c88
2019-09-29 10:51:53.575 T:3482231616 DEBUG: scraper: ParseTADBAlbumTheme returned
2019-09-29 10:51:53.575 T:3482231616 DEBUG: scraper: GetFanartTvAlbumThumbsByMBID returned
https://webservice.fanart.tv/v3/music/albums/355ed2eb-2b61-335c-b3e4-10ca26a17c88?api_key=ed4b784f97227358b31ca4dd966a04f1
2019-09-29 10:51:53.576 T:3482231616 DEBUG: CurlFile::Open(0xd2685d60) https://webservice.fanart.tv/v3/music/albums/355ed2eb-2b61-335c-b3e4-10ca26a17c88?api_key=ed4b784f97227358b31ca4dd966a04f1
2019-09-29 10:51:53.791 T:3482231616 DEBUG: Get: Using "UTF-8" charset for "https://webservice.fanart.tv/v3/music/albums/355ed2eb-2b61-335c-b3e4-10ca26a17c88?api_key=ed4b784f97227358b31ca4dd966a04f1"
2019-09-29 10:51:53.793 T:3482231616 DEBUG: scraper: ParseFanartTvAlbumThumbs returned
https://assets.fanart.tv/fanart/music/9e53f84d-ef44-4c16-9677-5fd4d78cbd7d/albumcover/a-ghost-is-born-534b09fc9092c.jpghttps://assets.fanart.tv/fanart/music/9e53f84d-ef44-4c16-9677-5fd4d78cbd7d/albumcover/a-ghost-is-born-55c5391c9b681.jpg
2019-09-29 10:51:53.794 T:3482231616 DEBUG: scraper: GetFanartTvAlbumDiscartByMBID returned
https://webservice.fanart.tv/v3/music/albums/355ed2eb-2b61-335c-b3e4-10ca26a17c88?api_key=ed4b784f97227358b31ca4dd966a04f1
2019-09-29 10:51:53.796 T:3482231616 DEBUG: scraper: ParseFanartTvAlbumDiscart returned
https://assets.fanart.tv/fanart/music/9e53f84d-ef44-4c16-9677-5fd4d78cbd7d/cdart/a-ghost-is-born-4f222e1b8c97a.png
2019-09-29 10:51:53.797 T:3482231616 DEBUG: scraper: GetTADBAlbumThumbsByMBID returned
https://www.theaudiodb.com/api/v1/json/58424d43204d6564696120/album-mb.php?i=355ed2eb-2b61-335c-b3e4-10ca26a17c88
2019-09-29 10:51:53.799 T:3482231616 DEBUG: scraper: ParseTADBAlbumThumbs returned
https://www.theaudiodb.com/images/media/album/thumb/a-ghost-is-born-4f222de121418.jpg
2019-09-29 10:51:53.800 T:3482231616 DEBUG: scraper: GetTADBAlbumDiscartByMBID returned
https://www.theaudiodb.com/api/v1/json/58424d43204d6564696120/album-mb.php?i=355ed2eb-2b61-335c-b3e4-10ca26a17c88
2019-09-29 10:51:53.802 T:3482231616 DEBUG: scraper: ParseTADBAlbumDiscart returned
https://www.theaudiodb.com/images/media/album/cdart/a-ghost-is-born-4f222e1b8c97a.png
2019-09-29 10:51:53.802 T:3482231616 DEBUG: scraper: GetTADBAlbumBackByMBID returned
https://www.theaudiodb.com/api/v1/json/58424d43204d6564696120/album-mb.php?i=355ed2eb-2b61-335c-b3e4-10ca26a17c88
2019-09-29 10:51:53.804 T:3482231616 DEBUG: scraper: ParseTADBAlbumBack returned
2019-09-29 10:51:53.804 T:3482231616 DEBUG: scraper: GetTADBAlbumSpineByMBID returned
https://www.theaudiodb.com/api/v1/json/58424d43204d6564696120/album-mb.php?i=355ed2eb-2b61-335c-b3e4-10ca26a17c88
2019-09-29 10:51:53.806 T:3482231616 DEBUG: scraper: ParseTADBAlbumSpine returned
2019-09-29 10:51:53.807 T:3482231616 DEBUG: CurlFile::Open(0xd2685d60) https://musicbrainz.org/ws/2/release-group/355ed2eb-2b61-335c-b3e4-10ca26a17c88?inc=url-rels
2019-09-29 10:51:53.915 T:3482231616 DEBUG: Get: Using "UTF-8" charset for XML "https://musicbrainz.org/ws/2/release-group/355ed2eb-2b61-335c-b3e4-10ca26a17c88?inc=url-rels"
2019-09-29 10:51:53.916 T:3482231616 DEBUG: scraper: GetAMGAlbumThumbs returned
mw0000340331
2019-09-29 10:51:53.917 T:3482231616 DEBUG: scraper: GetAMGAlbumThumbsByAMGID returned
https://www.allmusic.com/album/mw0000340331
2019-09-29 10:51:53.918 T:3482231616 DEBUG: CurlFile::Open(0xd2685d60) https://www.allmusic.com/album/mw0000340331
2019-09-29 10:51:54.142 T:3482231616 DEBUG: Get: Using "UTF-8" charset for HTML "https://www.allmusic.com/album/mw0000340331"
2019-09-29 10:51:54.147 T:3482231616 DEBUG: scraper: ParseAMGAlbumThumbs returned
2019-09-29 10:51:54.153 T:3482231616 DEBUG: Thread MusicInfoScraper 3482231616 terminating
2019-09-29 10:51:55.161 T:4087833408 DEBUG: CAnnouncementManager - Announcement: OnUpdate from xbmc
2019-09-29 10:51:55.161 T:4087833408 DEBUG: GOT ANNOUNCEMENT, type: 32, from xbmc, message OnUpdate
2019-09-29 10:51:55.161 T:4087833408 DEBUG: CAnnouncementManager - Announcement: OnUpdate from xbmc
2019-09-29 10:51:55.161 T:4087833408 DEBUG: GOT ANNOUNCEMENT, type: 32, from xbmc, message OnUpdate
2019-09-29 10:51:55.259 T:3886404416 DEBUG: UpdateDatabaseArtistInfo downloading info for: Wilco
2019-09-29 10:51:55.264 T:3886404416 DEBUG: scraper: ResolveIDToUrl returned https://musicbrainz.org/ws/2/artist/9e53f84d-ef44-4c16-9677-5fd4d78cbd7d?inc=url-rels
2019-09-29 10:51:55.265 T:3886404416 DEBUG: -- nfo-scraper: Universal Artist Scraper
2019-09-29 10:51:55.265 T:3886404416 DEBUG: -- nfo url: https://musicbrainz.org/ws/2/artist/9e53f84d-ef44-4c16-9677-5fd4d78cbd7d?inc=url-rels
2019-09-29 10:51:55.275 T:3886404416 DEBUG: Wilco not have path, nfo file not possible
2019-09-29 10:51:55.446 T:4091736656 INFO: CheckIdle - Closing session to https://www.theaudiodb.com (easy=0xe5dbbba0, multi=0xd24039d0)
2019-09-29 10:51:56.276 T:3482231616 DEBUG: Thread MusicInfoScraper start, auto delete: false
2019-09-29 10:51:56.276 T:3482231616 DEBUG: GetArtistDetails: Reading 'https://musicbrainz.org/ws/2/artist/9e53f84d-ef44-4c16-9677-5fd4d78cbd7d?inc=url-rels' ('Wilco') using Universal Artist Scraper scraper (file: '/storage/.kodi/addons/metadata.artists.universal', content: 'artists', version: '4.3.2')
2019-09-29 10:51:56.276 T:3482231616 DEBUG: CurlFile::Open(0xd2685d60) https://musicbrainz.org/ws/2/artist/9e53f84d-ef44-4c16-9677-5fd4d78cbd7d?inc=url-rels
2019-09-29 10:51:56.458 T:3482231616 DEBUG: Get: Using "UTF-8" charset for XML "https://musicbrainz.org/ws/2/artist/9e53f84d-ef44-4c16-9677-5fd4d78cbd7d?inc=url-rels"
2019-09-29 10:51:56.469 T:3482231616 DEBUG: scraper: GetArtistDetails returned
9e53f84d-ef44-4c16-9677-5fd4d78cbd7dWilcoWilco9e53f84d-ef44-4c16-9677-5fd4d78cbd7d9e53f84d-ef44-4c16-9677-5fd4d78cbd7d9e53f84d-ef44-4c16-9677-5fd4d78cbd7d9e53f84d-ef44-4c16-9677-5fd4d78cbd7d9e53f84d-ef44-4c16-9677-5fd4d78cbd7d9e53f84d-ef44-4c16-9677-5fd4d78cbd7d9e53f84d-ef44-4c16-9677-5fd4d78cbd7d9e53f84d-ef44-4c16-9677-5fd4d78cbd7d9e53f84d-ef44-4c16-9677-5fd4d78cbd7d9e53f84d-ef44-4c16-9677-5fd4d78cbd7dmn00002542159e53f84d-ef44-4c16-9677-5fd4d78cbd7d9e53f84d-ef44-4c16-9677-5fd4d78cbd7d9e53f84d-ef44-4c16-9677-5fd4d78cbd7d9e53f84d-ef44-4c16-9677-5fd4d78cbd7d9e53f84d-ef44-4c16-9677-5fd4d78cbd7d9e53f84d-ef44-4c16-9677-5fd4d78cbd7d
2019-09-29 10:51:56.471 T:3482231616 DEBUG: scraper: GetFanartTvArtistThumbsByMBID returned
https://webservice.fanart.tv/v3/music/9e53f84d-ef44-4c16-9677-5fd4d78cbd7d?api_key=ed4b784f97227358b31ca4dd966a04f1
2019-09-29 10:51:56.472 T:3482231616 DEBUG: CurlFile::Open(0xd2685d60) https://webservice.fanart.tv/v3/music/9e53f84d-ef44-4c16-9677-5fd4d78cbd7d?api_key=ed4b784f97227358b31ca4dd966a04f1
2019-09-29 10:51:56.533 T:3482231616 DEBUG: Get: Using "UTF-8" charset for "https://webservice.fanart.tv/v3/music/9e53f84d-ef44-4c16-9677-5fd4d78cbd7d?api_key=ed4b784f97227358b31ca4dd966a04f1"
2019-09-29 10:51:56.536 T:3482231616 DEBUG: scraper: ParseFanartTvArtistThumbs returned
https://assets.fanart.tv/fanart/music/9e53f84d-ef44-4c16-9677-5fd4d78cbd7d/artistthumb/wilco-50c9df63230d0.jpghttps://assets.fanart.tv/fanart/music/9e53f84d-ef44-4c16-9677-5fd4d78cbd7d/artistthumb/wilco-53aac01c941bb.jpghttps://assets.fanart.tv/fanart/music/9e53f84d-ef44-4c16-9677-5fd4d78cbd7d/artistthumb/wilco-53aac01c891e8.jpg
2019-09-29 10:51:56.537 T:3482231616 DEBUG: scraper: GetFanartTvArtistClearlogoByMBID returned
https://webservice.fanart.tv/v3/music/9e53f84d-ef44-4c16-9677-5fd4d78cbd7d?api_key=ed4b784f97227358b31ca4dd966a04f1
2019-09-29 10:51:56.541 T:3482231616 DEBUG: scraper: ParseFanartTvArtistClearlogo returned
https://assets.fanart.tv/fanart/music/9e53f84d-ef44-4c16-9677-5fd4d78cbd7d/hdmusiclogo/wilco-55afc02060d3d.pnghttps://assets.fanart.tv/fanart/music/9e53f84d-ef44-4c16-9677-5fd4d78cbd7d/hdmusiclogo/wilco-55afc02d0e62c.pnghttps://assets.fanart.tv/fanart/music/9e53f84d-ef44-4c16-9677-5fd4d78cbd7d/hdmusiclogo/wilco-55afc0388ded3.pnghttps://assets.fanart.tv/fanart/music/9e53f84d-ef44-4c16-9677-5fd4d78cbd7d/hdmusiclogo/wilco-5d0202dedf953.png
2019-09-29 10:51:56.542 T:3482231616 DEBUG: scraper: GetFanartTvArtistBannerByMBID returned
https://webservice.fanart.tv/v3/music/9e53f84d-ef44-4c16-9677-5fd4d78cbd7d?api_key=ed4b784f97227358b31ca4dd966a04f1
2019-09-29 10:51:56.545 T:3482231616 DEBUG: scraper: ParseFanartTvArtistBanner returned
https://assets.fanart.tv/fanart/music/9e53f84d-ef44-4c16-9677-5fd4d78cbd7d/musicbanner/wilco-55a718ea1f9b6.jpeg
2019-09-29 10:51:56.546 T:3482231616 DEBUG: scraper: GetTADBArtistThumbsByMBID returned
https://www.theaudiodb.com/api/v1/json/58424d43204d6564696120/artist-mb.php?i=9e53f84d-ef44-4c16-9677-5fd4d78cbd7d
2019-09-29 10:51:56.547 T:3482231616 DEBUG: CurlFile::Open(0xd2685d60) https://www.theaudiodb.com/api/v1/json/58424d43204d6564696120/artist-mb.php?i=9e53f84d-ef44-4c16-9677-5fd4d78cbd7d
2019-09-29 10:51:56.616 T:3482231616 DEBUG: Get: Using content of "https://www.theaudiodb.com/api/v1/json/58424d43204d6564696120/artist-mb.php?i=9e53f84d-ef44-4c16-9677-5fd4d78cbd7d" as binary or text with "UTF-8" charset
2019-09-29 10:51:56.618 T:3482231616 DEBUG: scraper: ParseTADBArtistThumbs returned
https://www.theaudiodb.com/images/media/artist/thumb/tsppry1355406906.jpg
2019-09-29 10:51:56.619 T:3482231616 DEBUG: scraper: GetTADBArtistClearlogoByMBID returned
https://www.theaudiodb.com/api/v1/json/58424d43204d6564696120/artist-mb.php?i=9e53f84d-ef44-4c16-9677-5fd4d78cbd7d
2019-09-29 10:51:56.622 T:3482231616 DEBUG: scraper: ParseTADBArtistClearlogo returned
https://www.theaudiodb.com/images/media/artist/logo/xqvpxx1451925283.png
2019-09-29 10:51:56.622 T:3482231616 DEBUG: scraper: GetTADBArtistClearartByMBID returned
https://www.theaudiodb.com/api/v1/json/58424d43204d6564696120/artist-mb.php?i=9e53f84d-ef44-4c16-9677-5fd4d78cbd7d
2019-09-29 10:51:56.625 T:3482231616 DEBUG: scraper: ParseTADBArtistClearart returned
https://www.theaudiodb.com/images/media/artist/clearart/uqpssy1513343810.png
2019-09-29 10:51:56.626 T:3482231616 DEBUG: scraper: GetTADBArtistLandscapeByMBID returned
https://www.theaudiodb.com/api/v1/json/58424d43204d6564696120/artist-mb.php?i=9e53f84d-ef44-4c16-9677-5fd4d78cbd7d
2019-09-29 10:51:56.628 T:3482231616 DEBUG: scraper: ParseTADBArtistLandscape returned
2019-09-29 10:51:56.629 T:3482231616 DEBUG: scraper: GetTADBArtistBannerByMBID returned
https://www.theaudiodb.com/api/v1/json/58424d43204d6564696120/artist-mb.php?i=9e53f84d-ef44-4c16-9677-5fd4d78cbd7d
2019-09-29 10:51:56.632 T:3482231616 DEBUG: scraper: ParseTADBArtistBanner returned
https://www.theaudiodb.com/images/media/artist/banner/xtwwxt1473934276.jpg
2019-09-29 10:51:56.632 T:3482231616 DEBUG: scraper: GetFanartTvArtistFanartsByMBID returned
https://webservice.fanart.tv/v3/music/9e53f84d-ef44-4c16-9677-5fd4d78cbd7d?api_key=ed4b784f97227358b31ca4dd966a04f1
2019-09-29 10:51:56.636 T:3482231616 DEBUG: scraper: ParseFanartTvArtistFanarts returned
https://assets.fanart.tv/fanart/music/9e53f84d-ef44-4c16-9677-5fd4d78cbd7d/artistbackground/wilco-4f5931457fe71.jpghttps://assets.fanart.tv/fanart/music/9e53f84d-ef44-4c16-9677-5fd4d78cbd7d/artistbackground/wilco-4f59315937ea8.jpghttps://assets.fanart.tv/fanart/music/9e53f84d-ef44-4c16-9677-5fd4d78cbd7d/artistbackground/wilco-50c9df3292feb.jpg
2019-09-29 10:51:56.637 T:3482231616 DEBUG: scraper: GetTADBArtistFanartsByMBID returned
https://www.theaudiodb.com/api/v1/json/58424d43204d6564696120/artist-mb.php?i=9e53f84d-ef44-4c16-9677-5fd4d78cbd7d
2019-09-29 10:51:56.641 T:3482231616 DEBUG: scraper: ParseTADBArtistFanarts returned
https://www.theaudiodb.com/images/media/artist/fanart/wilco-4f5931457fe71.jpghttps://www.theaudiodb.com/images/media/artist/fanart/wilco-4f59315937ea8.jpghttps://www.theaudiodb.com/images/media/artist/fanart/rypupr1355407067.jpg
2019-09-29 10:51:56.644 T:3482231616 DEBUG: scraper: GetAMGData returned
mn0000254215
2019-09-29 10:51:56.644 T:3482231616 DEBUG: scraper: GetAMGArtistYearsActiveByAMGID returned
https://www.allmusic.com/artist/mn0000254215
2019-09-29 10:51:56.645 T:3482231616 DEBUG: CurlFile::Open(0xd2685d60) https://www.allmusic.com/artist/mn0000254215
2019-09-29 10:51:56.970 T:3482231616 DEBUG: Get: Using "UTF-8" charset for HTML "https://www.allmusic.com/artist/mn0000254215"
2019-09-29 10:51:56.973 T:3482231616 DEBUG: scraper: ParseAMGArtistYearsActive returned
1990s - 2010s
2019-09-29 10:51:56.974 T:3482231616 DEBUG: scraper: GetMBDiscographyByMBID returned
https://musicbrainz.org/ws/2/release-group?artist=9e53f84d-ef44-4c16-9677-5fd4d78cbd7d&limit=100&type=album
2019-09-29 10:51:56.975 T:3482231616 DEBUG: CurlFile::Open(0xd2685d60) https://musicbrainz.org/ws/2/release-group?artist=9e53f84d-ef44-4c16-9677-5fd4d78cbd7d&limit=100&type=album
2019-09-29 10:51:57.127 T:3482231616 DEBUG: Get: Using "UTF-8" charset for XML "https://musicbrainz.org/ws/2/release-group?artist=9e53f84d-ef44-4c16-9677-5fd4d78cbd7d&limit=100&type=album"
2019-09-29 10:51:57.156 T:3482231616 DEBUG: scraper: ParseMBDiscography returned
2007Sky Blue Sky2004A Ghost Is Born2016Schmilco2002Yankee Hotel Foxtrot1998Mermaid Avenue2000Why Would You Wanna Live1999Summerteeth2000Mermaid Avenue, Vol. II2015Star Wars1995A.M.2019Ode to Joy
2019-09-29 10:51:57.158 T:3482231616 DEBUG: scraper: GetTADBBiographyByMBID returned
https://www.theaudiodb.com/api/v1/json/58424d43204d6564696120/artist-mb.php?i=9e53f84d-ef44-4c16-9677-5fd4d78cbd7d
2019-09-29 10:51:57.164 T:3482231616 DEBUG: scraper: ParseTADBBiography returned
Wilco is an American alternative rock band based in Chicago, Illinois. The band was formed in 1994 by the remaining members of alternative country group Uncle Tupelo following singer Jay Farrar's departure. Wilco's lineup has changed frequently, with only singer Jeff Tweedy and bassist John Stirratt remaining from the original incarnation. Since early 2004, the other current members are guitarist Nels Cline, multi-instrumentalists Pat Sansone and Mikael Jorgensen, and drummer Glenn Kotche. Wilco has released eight studio albums, a live double album, and four collaborations: three with Billy Bragg, and one with The Minus 5. Wilco's music has been inspired by a wide variety of artists and styles, including Bill Fay and Television, and has in turn influenced music by a number of modern alternative rock acts. The band continued in the alternative country of Uncle Tupelo on its debut album A.M. (1995), but has since introduced more experimental aspects to their music, including elements of alternative rock and classic pop. Wilco garnered media attention for its fourth album, Yankee Hotel Foxtrot (2002), and the controversy surrounding it. After the recording sessions were complete, Reprise Records rejected the album and dismissed Wilco from the label. As part of a buy-out deal, Reprise gave Wilco the rights to the album for free. After streaming Foxtrot on its website, Wilco sold the album to Nonesuch Records in 2002. Both record labels are subsidiaries of Warner Music Group, leading one critic to say the album showed "how screwed up the music business is in the early twenty-first century." Yankee Hotel Foxtrot is Wilco's most successful release to date, selling over 670,000 copies. Wilco won two Grammy Awards for their fifth studio album, 2004's A Ghost Is Born, including Best Alternative Music Album. Wilco's most recent studio album, The Whole Love, was released on September 27, 2011.
2019-09-29 10:51:57.165 T:3482231616 DEBUG: scraper: GetTADBArtistGenresByMBID returned
https://www.theaudiodb.com/api/v1/json/58424d43204d6564696120/artist-mb.php?i=9e53f84d-ef44-4c16-9677-5fd4d78cbd7d
2019-09-29 10:51:57.168 T:3482231616 DEBUG: scraper: ParseTADBArtistGenres returned
Alternative Rock
2019-09-29 10:51:57.169 T:3482231616 DEBUG: scraper: GetTADBArtistStylesByMBID returned
https://www.theaudiodb.com/api/v1/json/58424d43204d6564696120/artist-mb.php?i=9e53f84d-ef44-4c16-9677-5fd4d78cbd7d
2019-09-29 10:51:57.172 T:3482231616 DEBUG: scraper: ParseTADBArtistStyles returned
2019-09-29 10:51:57.172 T:3482231616 DEBUG: scraper: GetTADBArtistMoodsByMBID returned
https://www.theaudiodb.com/api/v1/json/58424d43204d6564696120/artist-mb.php?i=9e53f84d-ef44-4c16-9677-5fd4d78cbd7d
2019-09-29 10:51:57.176 T:3482231616 DEBUG: scraper: ParseTADBArtistMoods returned
Quirky
2019-09-29 10:51:57.176 T:3482231616 DEBUG: scraper: GetTADBLifeSpanByMBID returned
https://www.theaudiodb.com/api/v1/json/58424d43204d6564696120/artist-mb.php?i=9e53f84d-ef44-4c16-9677-5fd4d78cbd7d
2019-09-29 10:51:57.181 T:3482231616 DEBUG: scraper: ParseTADBLifeSpan returned
Chicago (1994)
2019-09-29 10:51:57.186 T:3482231616 DEBUG: Thread MusicInfoScraper 3482231616 terminating
2019-09-29 10:51:57.330 T:4087833408 DEBUG: CAnnouncementManager - Announcement: OnUpdate from xbmc
2019-09-29 10:51:57.330 T:4087833408 DEBUG: GOT ANNOUNCEMENT, type: 32, from xbmc, message OnUpdate
2019-09-29 10:51:58.640 T:3908092736 INFO: easy_acquire - Created session to https://assets.fanart.tv
2019-09-29 10:51:58.963 T:3908092736 DEBUG: CCurlFile::GetMimeType - https://assets.fanart.tv/fanart/music/9e53f84d-ef44-4c16-9677-5fd4d78cbd7d/artistthumb/wilco-50c9df63230d0.jpg -> image/jpeg
2019-09-29 10:51:58.963 T:3908092736 DEBUG: CurlFile::Open(0xe6a353d8) https://assets.fanart.tv/fanart/music/9e53f84d-ef44-4c16-9677-5fd4d78cbd7d/artistthumb/wilco-50c9df63230d0.jpg
2019-09-29 10:52:00.405 T:3886404416 NOTICE: My Music: Scanning for music info using worker thread, operation took 01:19
2019-09-29 10:52:00.407 T:3886404416 DEBUG: Process - Finished scan
2019-09-29 10:52:00.408 T:4087833408 DEBUG: CAnnouncementManager - Announcement: OnScanFinished from xbmc
2019-09-29 10:52:00.408 T:4087833408 DEBUG: GOT ANNOUNCEMENT, type: 32, from xbmc, message OnScanFinished
2019-09-29 10:52:00.431 T:4091736656 DEBUG: CGUIMediaWindow::GetDirectory (musicdb://albums/30/?xsp=%7b%22limit%22%3a15%2c%22order%22%3a%7b%22direction%22%3a%22ascending%22%2c%22ignorefolders%22%3a0%2c%22method%22%3a%22random%22%7d%2c%22type%22%3a%22albums%22%7d)
2019-09-29 10:52:00.431 T:4091736656 DEBUG: ParentPath = [musicdb://albums/30/?xsp=%7b%22limit%22%3a15%2c%22order%22%3a%7b%22direction%22%3a%22ascending%22%2c%22ignorefolders%22%3a0%2c%22method%22%3a%22random%22%7d%2c%22type%22%3a%22albums%22%7d]
2019-09-29 10:52:00.432 T:3482231616 DEBUG: Thread waiting start, auto delete: false
2019-09-29 10:52:00.445 T:3482231616 DEBUG: GetSongsFullByWhere query = SELECT songview.*, songartistview.* FROM songview JOIN songartistview ON songartistview.idsong = songview.idsong WHERE songview.idAlbum = 30 ORDER BY songartistview.idsong, songartistview.idRole, songartistview.iOrder
2019-09-29 10:52:00.448 T:3482231616 DEBUG: GetSongsFullByWhere() - took 6 ms
2019-09-29 10:52:00.459 T:3482231616 DEBUG: Thread waiting 3482231616 terminating
2019-09-29 10:52:00.460 T:4091736656 DEBUG: Custom album format = [%B]
2019-09-29 10:52:00.498 T:3482231616 DEBUG: Previous line repeats 1 times.
2019-09-29 10:52:00.498 T:3482231616 DEBUG: Thread BackgroundLoader start, auto delete: false
2019-09-29 10:52:00.508 T:3482231616 DEBUG: Thread BackgroundLoader 3482231616 terminating
2019-09-29 10:52:00.509 T:4091736656 DEBUG: CGUIMediaWindow::GetDirectory (musicdb://albums/30/?xsp=%7b%22limit%22%3a15%2c%22order%22%3a%7b%22direction%22%3a%22ascending%22%2c%22ignorefolders%22%3a0%2c%22method%22%3a%22random%22%7d%2c%22type%22%3a%22albums%22%7d)
2019-09-29 10:52:00.509 T:4091736656 DEBUG: ParentPath = [musicdb://albums/30/?xsp=%7b%22limit%22%3a15%2c%22order%22%3a%7b%22direction%22%3a%22ascending%22%2c%22ignorefolders%22%3a0%2c%22method%22%3a%22random%22%7d%2c%22type%22%3a%22albums%22%7d]
2019-09-29 10:52:00.511 T:3482231616 DEBUG: Thread waiting start, auto delete: false
2019-09-29 10:52:00.523 T:3482231616 DEBUG: GetSongsFullByWhere query = SELECT songview.*, songartistview.* FROM songview JOIN songartistview ON songartistview.idsong = songview.idsong WHERE songview.idAlbum = 30 ORDER BY songartistview.idsong, songartistview.idRole, songartistview.iOrder
2019-09-29 10:52:00.526 T:3482231616 DEBUG: GetSongsFullByWhere() - took 5 ms
2019-09-29 10:52:00.538 T:3482231616 DEBUG: Thread waiting 3482231616 terminating
2019-09-29 10:52:00.539 T:4091736656 DEBUG: Custom album format = [%B]
2019-09-29 10:52:00.578 T:3482231616 DEBUG: Previous line repeats 1 times.
2019-09-29 10:52:00.578 T:3482231616 DEBUG: Thread BackgroundLoader start, auto delete: false
2019-09-29 10:52:00.604 T:3482231616 DEBUG: Thread BackgroundLoader 3482231616 terminating
2019-09-29 10:52:00.856 T:4091736656 DEBUG: ------ Window Deinit (DialogExtendedProgressBar.xml) ------
2019-09-29 10:52:00.905 T:3908092736 DEBUG: Caching image 'https://assets.fanart.tv/fanart/music/9e53f84d-ef44-4c16-9677-5fd4d78cbd7d/artistthumb/wilco-50c9df63230d0.jpg' to 'a/aa8e1018.jpg':
2019-09-29 10:52:01.146 T:3908092736 DEBUG: cached image 'special://masterprofile/Thumbnails/a/aa8e1018.jpg' size 720x720
2019-09-29 10:52:01.459 T:3908092736 DEBUG: CCurlFile::GetMimeType - https://assets.fanart.tv/fanart/music/9e53f84d-ef44-4c16-9677-5fd4d78cbd7d/artistbackground/wilco-4f5931457fe71.jpg -> image/jpeg
2019-09-29 10:52:01.460 T:3908092736 DEBUG: CurlFile::Open(0xe6a353d8) https://assets.fanart.tv/fanart/music/9e53f84d-ef44-4c16-9677-5fd4d78cbd7d/artistbackground/wilco-4f5931457fe71.jpg
2019-09-29 10:52:02.518 T:3908092736 DEBUG: ffmpeg[E8F0C340]: [swscaler] No accelerated colorspace conversion found from yuv422p to bgra.
2019-09-29 10:52:02.537 T:3908092736 DEBUG: Caching image 'https://assets.fanart.tv/fanart/music/9e53f84d-ef44-4c16-9677-5fd4d78cbd7d/artistbackground/wilco-4f5931457fe71.jpg' to '3/33a71491.jpg':
2019-09-29 10:52:02.538 T:3908092736 DEBUG: cached image 'special://masterprofile/Thumbnails/3/33a71491.jpg' size 1920x1080
2019-09-29 10:52:23.112 T:3733955392 DEBUG: PushCecKeypress - received key d8 duration 0
2019-09-29 10:52:23.113 T:4091736656 DEBUG: HandleKey: menu (0xd8) pressed, action is Back
2019-09-29 10:52:23.116 T:4091736656 DEBUG: CGUIWindowManager::PreviousWindow: Deactivate
2019-09-29 10:52:23.181 T:3733955392 DEBUG: PushCecKeypress - received key d8 duration 70
2019-09-29 10:52:23.424 T:4091736656 DEBUG: ------ Window Deinit (MyMusicNav.xml) ------
2019-09-29 10:52:23.425 T:4091736656 DEBUG: FreeVisualisation() done
2019-09-29 10:52:23.446 T:4091736656 DEBUG: CGUIWindowManager::PreviousWindow: Activate new
2019-09-29 10:52:23.447 T:4091736656 DEBUG: ------ Window Init (Home.xml) ------
2019-09-29 10:52:23.516 T:4091736656 DEBUG: CDirectoryProvider[library://video/movies/]: refreshing..
2019-09-29 10:52:23.516 T:4091736656 DEBUG: CDirectoryProvider[special://skin/playlists/inprogress_movies.xsp]: refreshing..
2019-09-29 10:52:23.516 T:4091736656 DEBUG: CDirectoryProvider[special://skin/playlists/recent_unwatched_movies.xsp]: refreshing..
2019-09-29 10:52:23.516 T:4091736656 DEBUG: CDirectoryProvider[special://skin/playlists/unwatched_movies.xsp]: refreshing..
2019-09-29 10:52:23.516 T:4091736656 DEBUG: CDirectoryProvider[special://skin/playlists/random_movies.xsp]: refreshing..
2019-09-29 10:52:23.516 T:4091736656 DEBUG: CDirectoryProvider[videodb://movies/genres/]: refreshing..
2019-09-29 10:52:23.517 T:4091736656 DEBUG: CDirectoryProvider[library://video/tvshows/]: refreshing..
2019-09-29 10:52:23.517 T:4091736656 DEBUG: CDirectoryProvider[videodb://inprogresstvshows]: refreshing..
2019-09-29 10:52:23.517 T:4091736656 DEBUG: CDirectoryProvider[special://skin/playlists/recent_unwatched_episodes.xsp]: refreshing..
2019-09-29 10:52:23.517 T:4091736656 DEBUG: CDirectoryProvider[special://skin/playlists/unwatched_tvshows.xsp]: refreshing..
2019-09-29 10:52:23.517 T:4091736656 DEBUG: CDirectoryProvider[videodb://tvshows/genres/]: refreshing..
2019-09-29 10:52:23.517 T:4091736656 DEBUG: CDirectoryProvider[videodb://tvshows/studios/]: refreshing..
2019-09-29 10:52:23.517 T:4091736656 DEBUG: CDirectoryProvider[library://music/]: refreshing..
2019-09-29 10:52:23.517 T:4091736656 DEBUG: CDirectoryProvider[musicdb://recentlyplayedalbums]: refreshing..
2019-09-29 10:52:23.517 T:4091736656 DEBUG: CDirectoryProvider[musicdb://recentlyaddedalbums/]: refreshing..
2019-09-29 10:52:23.518 T:4091736656 DEBUG: CDirectoryProvider[special://skin/playlists/random_albums.xsp]: refreshing..
2019-09-29 10:52:23.518 T:4091736656 DEBUG: CDirectoryProvider[special://skin/playlists/random_artists.xsp]: refreshing..
2019-09-29 10:52:23.518 T:4091736656 DEBUG: CDirectoryProvider[special://skin/playlists/unplayed_albums.xsp]: refreshing..
2019-09-29 10:52:23.518 T:4091736656 DEBUG: CDirectoryProvider[special://skin/playlists/mostplayed_albums.xsp]: refreshing..
2019-09-29 10:52:23.518 T:4091736656 DEBUG: CDirectoryProvider[addons://]: refreshing..
2019-09-29 10:52:23.518 T:4091736656 DEBUG: CDirectoryProvider[addons://sources/video/]: refreshing..
2019-09-29 10:52:23.518 T:4091736656 DEBUG: CDirectoryProvider[addons://sources/audio/]: refreshing..
2019-09-29 10:52:23.518 T:4091736656 DEBUG: CDirectoryProvider[addons://sources/game/]: refreshing..
2019-09-29 10:52:23.518 T:4091736656 DEBUG: CDirectoryProvider[addons://sources/executable/]: refreshing..
2019-09-29 10:52:23.518 T:4091736656 DEBUG: CDirectoryProvider[addons://sources/image/]: refreshing..
2019-09-29 10:52:23.519 T:4091736656 DEBUG: CDirectoryProvider[library://video/]: refreshing..
2019-09-29 10:52:23.519 T:4091736656 DEBUG: CDirectoryProvider[sources://video/]: refreshing..
2019-09-29 10:52:23.519 T:4091736656 DEBUG: CDirectoryProvider[special://videoplaylists/]: refreshing..
2019-09-29 10:52:23.519 T:4091736656 DEBUG: CDirectoryProvider[favourites://]: refreshing..
2019-09-29 10:52:23.521 T:4091736656 DEBUG: CDirectoryProvider[sources://pictures/]: refreshing..
2019-09-29 10:52:23.521 T:4091736656 DEBUG: CDirectoryProvider[addons://sources/game/]: refreshing..
2019-09-29 10:52:23.954 T:3657970496 DEBUG: GetRecentlyPlayedAlbums query: SELECT albumview.*, albumartistview.* FROM (SELECT idAlbum FROM albumview WHERE albumview.lastplayed IS NOT NULL AND albumview.strReleaseType = 'album' ORDER BY albumview.lastplayed DESC LIMIT 25) as playedalbums JOIN albumview ON albumview.idAlbum = playedalbums.idAlbum JOIN albumartistview ON albumview.idAlbum = albumartistview.idAlbum ORDER BY albumview.lastplayed DESC, albumartistview.iorder
2019-09-29 10:52:23.978 T:3908092736 DEBUG: GetRecentlyAddedAlbums query: SELECT albumview.*, albumartistview.* FROM (SELECT idAlbum FROM album WHERE strAlbum != '' ORDER BY idAlbum DESC LIMIT 25) AS recentalbums JOIN albumview ON albumview.idAlbum = recentalbums.idAlbum JOIN albumartistview ON albumview.idAlbum = albumartistview.idAlbum ORDER BY albumview.idAlbum desc, albumartistview.iOrder
2019-09-29 10:52:23.987 T:3657970496 DEBUG: GetAlbumsByWhere query: SELECT albumview.* FROM albumview WHERE albumview.strReleaseType = 'album' ORDER BY RANDOM() LIMIT 15
2019-09-29 10:52:23.998 T:3894797120 DEBUG: GetArtistsByWhere query: SELECT artistview.* FROM artistview WHERE (EXISTS (SELECT 1 FROM song_artist WHERE song_artist.idArtist = artistview.idArtist AND song_artist.idRole = 1) OR EXISTS (SELECT 1 FROM album_artist WHERE album_artist.idArtist = artistview.idArtist)) AND (artistview.strArtist != '') ORDER BY RANDOM() LIMIT 15
2019-09-29 10:52:24.010 T:3657970496 DEBUG: GetAlbumsByWhere: Time to fill list with albums 26ms query took 15ms
2019-09-29 10:52:24.022 T:3894797120 DEBUG: GetArtistsByWhere: Time to fill list with artists 28ms query took 15ms
2019-09-29 10:52:24.060 T:3908092736 DEBUG: GetAlbumsByWhere query: SELECT albumview.* FROM albumview WHERE (((CAST(albumview.iTimesPlayed as DECIMAL(5,1)) = 0))) AND (albumview.strReleaseType = 'album') ORDER BY RANDOM() LIMIT 15
2019-09-29 10:52:24.061 T:3657970496 DEBUG: GetAlbumsByWhere query: SELECT albumview.* FROM albumview WHERE (((CAST(albumview.iTimesPlayed as DECIMAL(5,1)) > 0))) AND (albumview.strReleaseType = 'album')
2019-09-29 10:52:24.078 T:3894797120 WARNING: Repository add-on repository.stefanorepository uses plain HTTP for add-on downloads in path http://stefanoaddon.info/zip/ - this is insecure and will make your Kodi installation vulnerable to attacks if enabled!
2019-09-29 10:52:24.084 T:3886404416 DEBUG: ffmpeg[E7A5D340]: [swscaler] No accelerated colorspace conversion found from yuv420p to bgra.
2019-09-29 10:52:24.085 T:3908092736 DEBUG: GetAlbumsByWhere: Time to fill list with albums 36ms query took 18ms
2019-09-29 10:52:24.099 T:3657970496 DEBUG: ffmpeg[DA083340]: [swscaler] No accelerated colorspace conversion found from yuv420p to bgra.
2019-09-29 10:52:24.115 T:3886404416 DEBUG: ffmpeg[E7A5D340]: [swscaler] No accelerated colorspace conversion found from yuv420p to bgra.
2019-09-29 10:52:24.148 T:3657970496 DEBUG: ffmpeg[DA083340]: [swscaler] No accelerated colorspace conversion found from yuv420p to bgra.
2019-09-29 10:52:24.158 T:3908092736 DEBUG: ffmpeg[E8F0C340]: [swscaler] No accelerated colorspace conversion found from yuv420p to bgra.
2019-09-29 10:52:24.158 T:3886404416 DEBUG: ffmpeg[E7A5D340]: [swscaler] No accelerated colorspace conversion found from yuv420p to bgra.
2019-09-29 10:52:24.179 T:3657970496 DEBUG: ffmpeg[DA083340]: [swscaler] No accelerated colorspace conversion found from yuv420p to bgra.
2019-09-29 10:52:24.188 T:3886404416 DEBUG: ffmpeg[E7A5D340]: [swscaler] No accelerated colorspace conversion found from yuv420p to bgra.
2019-09-29 10:52:24.202 T:3908092736 DEBUG: ffmpeg[E8F0C340]: [swscaler] No accelerated colorspace conversion found from yuv420p to bgra.
2019-09-29 10:52:24.216 T:3657970496 DEBUG: ffmpeg[DA083340]: [swscaler] No accelerated colorspace conversion found from yuv420p to bgra.
2019-09-29 10:52:24.237 T:3894797120 DEBUG: CAddonMgr::GetAvailableUpdates took 182 ms
2019-09-29 10:52:24.238 T:3908092736 DEBUG: ffmpeg[E8F0C340]: [swscaler] No accelerated colorspace conversion found from yuv420p to bgra.
2019-09-29 10:52:24.242 T:3657970496 DEBUG: ffmpeg[DA083340]: [swscaler] No accelerated colorspace conversion found from yuv420p to bgra.
2019-09-29 10:52:24.266 T:3894797120 WARNING: Repository add-on repository.stefanorepository uses plain HTTP for add-on downloads in path http://stefanoaddon.info/zip/ - this is insecure and will make your Kodi installation vulnerable to attacks if enabled!
2019-09-29 10:52:24.279 T:3908092736 DEBUG: ffmpeg[E8F0C340]: [swscaler] No accelerated colorspace conversion found from yuv420p to bgra.
2019-09-29 10:52:24.280 T:3657970496 DEBUG: ffmpeg[DA083340]: [swscaler] No accelerated colorspace conversion found from yuv420p to bgra.
2019-09-29 10:52:24.291 T:3894797120 WARNING: Repository add-on repository.stefanorepository uses plain HTTP for add-on downloads in path http://stefanoaddon.info/zip/ - this is insecure and will make your Kodi installation vulnerable to attacks if enabled!
2019-09-29 10:52:24.302 T:3886404416 DEBUG: ffmpeg[E7A5D340]: [swscaler] No accelerated colorspace conversion found from yuv420p to bgra.
2019-09-29 10:52:24.308 T:3908092736 DEBUG: ffmpeg[E8F0C340]: [swscaler] No accelerated colorspace conversion found from yuv420p to bgra.
2019-09-29 10:52:24.333 T:3657970496 DEBUG: ffmpeg[DA083340]: [swscaler] No accelerated colorspace conversion found from yuv420p to bgra.
2019-09-29 10:52:24.337 T:3886404416 DEBUG: DoWork - took 122 ms to load special://masterprofile/Thumbnails/3/3f4187e6.jpg
2019-09-29 10:52:24.471 T:3886404416 DEBUG: CMultiPathDirectory::GetDirectory(multipath://special%3a%2f%2fprofile%2fplaylists%2fvideo/special%3a%2f%2fprofile%2fplaylists%2fmixed/)
2019-09-29 10:52:24.471 T:3886404416 DEBUG: Getting Directory (special://profile/playlists/video)
2019-09-29 10:52:24.473 T:3886404416 DEBUG: Getting Directory (special://profile/playlists/mixed)
2019-09-29 10:52:24.475 T:3886404416 DEBUG: CMultiPathDirectory::MergeItems, items = 0
2019-09-29 10:52:24.495 T:3908092736 DEBUG: NFS: Context for 192.168.1.10/Documentari not open - get a new context.
2019-09-29 10:52:24.515 T:3657970496 DEBUG: CRecentlyAddedJob::UpdateMusic() - Running RecentlyAdded home screen update
2019-09-29 10:52:24.533 T:3657970496 DEBUG: GetRecentlyAddedAlbumSongs() query: SELECT songview.*, songartistview.* FROM (SELECT idAlbum FROM album ORDER BY idAlbum DESC LIMIT 10) AS recentalbums JOIN songview ON songview.idAlbum = recentalbums.idAlbum JOIN songartistview ON songview.idSong = songartistview.idSong ORDER BY songview.idAlbum DESC, songview.idSong, songartistview.idRole, songartistview.iOrder
2019-09-29 10:52:24.586 T:3657970496 DEBUG: GetRecentlyAddedAlbums query: SELECT albumview.*, albumartistview.* FROM (SELECT idAlbum FROM album WHERE strAlbum != '' ORDER BY idAlbum DESC LIMIT 10) AS recentalbums JOIN albumview ON albumview.idAlbum = recentalbums.idAlbum JOIN albumartistview ON albumview.idAlbum = albumartistview.idAlbum ORDER BY albumview.idAlbum desc, albumartistview.iOrder
2019-09-29 10:52:24.605 T:3657970496 DEBUG: CRecentlyAddedJob::UpdateTotal() - Running RecentlyAdded home screen update
2019-09-29 10:52:24.615 T:3657970496 DEBUG: GetArtistsByWhere query: SELECT COUNT(DISTINCT artistview.idArtist) FROM artistview WHERE (EXISTS (SELECT 1 FROM song_artist WHERE song_artist.idArtist = artistview.idArtist AND song_artist.idRole = 1) OR EXISTS (SELECT 1 FROM album_artist WHERE album_artist.idArtist = artistview.idArtist)) AND (artistview.strArtist != '')
2019-09-29 10:52:24.690 T:3908092736 DEBUG: NFS: Connected to server 192.168.1.10 and export /Documentari
2019-09-29 10:52:24.690 T:3908092736 DEBUG: NFS: chunks: r/w 131072/131072
2019-09-29 10:52:24.711 T:3886404416 DEBUG: NFS: Context for 192.168.1.10/Fotografie not open - get a new context.
2019-09-29 10:52:24.778 T:3886404416 DEBUG: NFS: Connected to server 192.168.1.10 and export /Fotografie
2019-09-29 10:52:24.778 T:3886404416 DEBUG: NFS: chunks: r/w 131072/131072
2019-09-29 10:52:24.780 T:3908092736 DEBUG: NFS: Context for 192.168.1.10/Serie TV not open - get a new context.
2019-09-29 10:52:24.873 T:3908092736 DEBUG: NFS: Connected to server 192.168.1.10 and export /Serie TV
2019-09-29 10:52:24.873 T:3908092736 DEBUG: NFS: chunks: r/w 131072/131072
2019-09-29 10:52:24.910 T:3886404416 DEBUG: NFS: Refreshing context for 192.168.1.10/Musica, old: 3257201, new: 3257201
2019-09-29 10:52:24.910 T:3886404416 DEBUG: NFS: Using cached context.
2019-09-29 10:52:24.914 T:3908092736 DEBUG: NFS: Context for 192.168.1.10/Film not open - get a new context.
2019-09-29 10:52:24.950 T:3908092736 DEBUG: NFS: Connected to server 192.168.1.10 and export /Film
2019-09-29 10:52:24.950 T:3908092736 DEBUG: NFS: chunks: r/w 131072/131072
2019-09-29 10:52:24.970 T:3886404416 DEBUG: NFS: Refreshing context for 192.168.1.10/Musica, old: 3257201, new: 3257261
2019-09-29 10:52:24.970 T:3886404416 DEBUG: NFS: Using cached context.
2019-09-29 10:52:24.976 T:3886404416 DEBUG: CNFSFile::Open - opened Musica/Fabrizio De Andre'/Fabrizio De Andre' - Opera Completa (2009)/Disc 15 Of 19/cover.jpg
2019-09-29 10:52:25.456 T:3886404416 DEBUG: CNFSFile::Close closing file Musica/Fabrizio De Andre'/Fabrizio De Andre' - Opera Completa (2009)/Disc 15 Of 19/cover.jpg
2019-09-29 10:52:25.456 T:3886404416 DEBUG: Recaching image 'nfs://192.168.1.10/Musica/Fabrizio De Andre'/Fabrizio De Andre' - Opera Completa (2009)/Disc 15 Of 19/cover.jpg' to '0/0b80d027.jpg':
2019-09-29 10:52:25.961 T:3886404416 DEBUG: cached image 'special://masterprofile/Thumbnails/0/0b80d027.jpg' size 710x720
2019-09-29 10:52:26.580 T:3733955392 DEBUG: PushCecKeypress - received key a6 duration 0
2019-09-29 10:52:26.597 T:4091736656 DEBUG: HandleKey: 166 (0xa6, obc89) pressed, action is Up
2019-09-29 10:52:26.678 T:3657970496 DEBUG: ffmpeg[DA083340]: [swscaler] No accelerated colorspace conversion found from yuv420p to bgra.
2019-09-29 10:52:26.704 T:3733955392 DEBUG: PushCecKeypress - received key a6 duration 124
2019-09-29 10:52:26.706 T:3657970496 DEBUG: DoWork - took 107 ms to load special://masterprofile/Thumbnails/5/5bc56c46.jpg
2019-09-29 10:52:27.336 T:4091736656 INFO: CheckIdle - Closing session to https://musicbrainz.org (easy=0xf0a10858, multi=0xf0a13c88)
2019-09-29 10:52:28.498 T:3733955392 DEBUG: PushCecKeypress - received key a9 duration 0
2019-09-29 10:52:28.530 T:4091736656 DEBUG: HandleKey: 169 (0xa9, obc86) pressed, action is Left
2019-09-29 10:52:28.603 T:3733955392 DEBUG: PushCecKeypress - received key a9 duration 105
2019-09-29 10:52:28.759 T:3733955392 DEBUG: PushCecKeypress - received key a9 duration 0
2019-09-29 10:52:28.763 T:4091736656 DEBUG: HandleKey: 169 (0xa9, obc86) pressed, action is Left
2019-09-29 10:52:28.865 T:3733955392 DEBUG: PushCecKeypress - received key a9 duration 106
2019-09-29 10:52:29.028 T:3733955392 DEBUG: PushCecKeypress - received key a9 duration 0
2019-09-29 10:52:29.030 T:4091736656 DEBUG: HandleKey: 169 (0xa9, obc86) pressed, action is Left
2019-09-29 10:52:29.056 T:3886404416 DEBUG: ffmpeg[E7A5D340]: [swscaler] No accelerated colorspace conversion found from yuv420p to bgra.
2019-09-29 10:52:29.097 T:3894797120 DEBUG: ffmpeg[E825E340]: [swscaler] No accelerated colorspace conversion found from yuv420p to bgra.
2019-09-29 10:52:29.120 T:3657970496 DEBUG: ffmpeg[DA083340]: [swscaler] No accelerated colorspace conversion found from yuv420p to bgra.
2019-09-29 10:52:29.143 T:3657970496 DEBUG: DoWork - took 111 ms to load special://masterprofile/Thumbnails/3/33a71491.jpg
2019-09-29 10:52:29.153 T:3733955392 DEBUG: PushCecKeypress - received key a9 duration 125
2019-09-29 10:52:29.319 T:3733955392 DEBUG: PushCecKeypress - received key a9 duration 0
2019-09-29 10:52:29.363 T:4091736656 DEBUG: HandleKey: 169 (0xa9, obc86) pressed, action is Left
2019-09-29 10:52:29.393 T:3733955392 DEBUG: PushCecKeypress - received key a9 duration 74
2019-09-29 10:52:29.436 T:3894797120 DEBUG: ffmpeg[E825E340]: [swscaler] No accelerated colorspace conversion found from yuv420p to bgra.
2019-09-29 10:52:29.488 T:3733955392 DEBUG: PushCecKeypress - received key a9 duration 0
2019-09-29 10:52:29.513 T:4091736656 DEBUG: HandleKey: 169 (0xa9, obc86) pressed, action is Left
2019-09-29 10:52:29.593 T:3733955392 DEBUG: PushCecKeypress - received key a9 duration 104
2019-09-29 10:52:29.708 T:3733955392 DEBUG: PushCecKeypress - received key a9 duration 0
2019-09-29 10:52:29.713 T:4091736656 DEBUG: HandleKey: 169 (0xa9, obc86) pressed, action is Left
2019-09-29 10:52:29.790 T:3886404416 DEBUG: ffmpeg[E7A5D340]: [swscaler] No accelerated colorspace conversion found from yuv420p to bgra.
2019-09-29 10:52:29.814 T:3733955392 DEBUG: PushCecKeypress - received key a9 duration 106
2019-09-29 10:52:30.019 T:3733955392 DEBUG: PushCecKeypress - received key a9 duration 0
2019-09-29 10:52:30.063 T:4091736656 DEBUG: HandleKey: 169 (0xa9, obc86) pressed, action is Left
2019-09-29 10:52:30.108 T:3657970496 DEBUG: ffmpeg[DA083340]: [swscaler] No accelerated colorspace conversion found from yuv420p to bgra.
2019-09-29 10:52:30.153 T:3733955392 DEBUG: PushCecKeypress - received key a9 duration 134
2019-09-29 10:52:30.247 T:3733955392 DEBUG: PushCecKeypress - received key a9 duration 0
2019-09-29 10:52:30.263 T:4091736656 DEBUG: HandleKey: 169 (0xa9, obc86) pressed, action is Left
2019-09-29 10:52:30.315 T:3908092736 DEBUG: ffmpeg[E8F0C340]: [swscaler] No accelerated colorspace conversion found from yuv420p to bgra.
2019-09-29 10:52:30.333 T:3733955392 DEBUG: PushCecKeypress - received key a9 duration 87
2019-09-29 10:52:30.458 T:3733955392 DEBUG: PushCecKeypress - received key a9 duration 0
2019-09-29 10:52:30.481 T:4091736656 DEBUG: HandleKey: 169 (0xa9, obc86) pressed, action is Left
2019-09-29 10:52:30.554 T:3894797120 DEBUG: ffmpeg[E825E340]: [swscaler] No accelerated colorspace conversion found from yuv420p to bgra.
2019-09-29 10:52:30.564 T:3733955392 DEBUG: PushCecKeypress - received key a9 duration 105
2019-09-29 10:52:30.658 T:3733955392 DEBUG: PushCecKeypress - received key a9 duration 0
2019-09-29 10:52:30.663 T:4091736656 DEBUG: HandleKey: 169 (0xa9, obc86) pressed, action is Left
2019-09-29 10:52:30.714 T:3894797120 DEBUG: ffmpeg[E825E340]: [swscaler] No accelerated colorspace conversion found from yuv420p to bgra.
2019-09-29 10:52:30.813 T:3733955392 DEBUG: PushCecKeypress - received key a9 duration 154
2019-09-29 10:52:30.990 T:3733955392 DEBUG: PushCecKeypress - received key a9 duration 0
2019-09-29 10:52:31.014 T:4091736656 DEBUG: HandleKey: 169 (0xa9, obc86) pressed, action is Left
2019-09-29 10:52:31.071 T:3886404416 DEBUG: ffmpeg[E7A5D340]: [swscaler] No accelerated colorspace conversion found from yuv420p to bgra.
2019-09-29 10:52:31.122 T:3733955392 DEBUG: PushCecKeypress - received key a9 duration 133
2019-09-29 10:52:31.340 T:3733955392 DEBUG: PushCecKeypress - received key a9 duration 0
2019-09-29 10:52:31.363 T:4091736656 DEBUG: HandleKey: 169 (0xa9, obc86) pressed, action is Left
2019-09-29 10:52:31.414 T:3908092736 DEBUG: ffmpeg[E8F0C340]: [swscaler] No accelerated colorspace conversion found from yuv420p to bgra.
2019-09-29 10:52:31.474 T:3733955392 DEBUG: PushCecKeypress - received key a9 duration 134
2019-09-29 10:52:31.629 T:3733955392 DEBUG: PushCecKeypress - received key a9 duration 0
2019-09-29 10:52:31.630 T:4091736656 DEBUG: HandleKey: 169 (0xa9, obc86) pressed, action is Left
2019-09-29 10:52:31.690 T:3657970496 DEBUG: ffmpeg[DA083340]: [swscaler] No accelerated colorspace conversion found from yuv420p to bgra.
2019-09-29 10:52:31.733 T:3733955392 DEBUG: PushCecKeypress - received key a9 duration 105
2019-09-29 10:52:32.580 T:4091736656 INFO: CheckIdle - Closing session to https://assets.fanart.tv (easy=0xe6adf178, multi=0xe5170fa0)
2019-09-29 10:52:34.549 T:3733955392 DEBUG: PushCecKeypress - received key a6 duration 0
2019-09-29 10:52:34.563 T:4091736656 DEBUG: HandleKey: 166 (0xa6, obc89) pressed, action is Up
2019-09-29 10:52:34.744 T:3733955392 DEBUG: PushCecKeypress - received key a6 duration 194
2019-09-29 10:52:46.939 T:3733955392 DEBUG: PushCecKeypress - received key a9 duration 0
2019-09-29 10:52:46.947 T:4091736656 DEBUG: HandleKey: 169 (0xa9, obc86) pressed, action is Left
2019-09-29 10:52:47.083 T:3733955392 DEBUG: PushCecKeypress - received key a9 duration 144
2019-09-29 10:52:47.740 T:3733955392 DEBUG: PushCecKeypress - received key a6 duration 0
2019-09-29 10:52:47.747 T:4091736656 DEBUG: HandleKey: 166 (0xa6, obc89) pressed, action is Up
2019-09-29 10:52:47.773 T:3908092736 ERROR: DoWork - Direct texture file loading failed for resource://resource.images.studios.white/CBC Television.png
2019-09-29 10:52:47.774 T:3908092736 DEBUG: GetImageHash - unable to stat url resource://resource.images.studios.white/CBC Television.png
