2024-06-06 15:00:51.258 T:3469964160 DEBUG: CVideoPlayerVideo::OutputPicture - ttd:229ms pts:37.788 Clock:37.558 Level:3
2024-06-06 15:00:51.288 T:3461571456 DEBUG: CVideoPlayer::ProcessVideoData size:257645 dts:45.754 pts:45.796 dur:41.000ms, clock:37.589 level:83
2024-06-06 15:00:51.300 T:3469964160 DEBUG: CVideoPlayerVideo::OutputPicture - ttd:228ms pts:37.829 Clock:37.601 Level:3
2024-06-06 15:00:51.341 T:3469964160 DEBUG: CVideoPlayerVideo::OutputPicture - ttd:229ms pts:37.871 Clock:37.642 Level:3
2024-06-06 15:00:51.374 T:3461571456 DEBUG: CVideoPlayer::ProcessVideoData size:379994 dts:45.796 pts:45.837 dur:41.000ms, clock:37.674 level:83
2024-06-06 15:00:51.383 T:3469964160 DEBUG: CVideoPlayerVideo::OutputPicture - ttd:229ms pts:37.913 Clock:37.684 Level:4
2024-06-06 15:00:51.419 T:3461571456 DEBUG: CVideoPlayer::ProcessVideoData size:248647 dts:45.837 pts:45.879 dur:41.000ms, clock:37.719 level:83
2024-06-06 15:00:51.424 T:3469964160 DEBUG: CVideoPlayerVideo::OutputPicture - ttd:230ms pts:37.955 Clock:37.725 Level:3
2024-06-06 15:00:51.454 T:3461571456 DEBUG: CVideoPlayer::ProcessVideoData size:249014 dts:45.879 pts:45.921 dur:41.000ms, clock:37.754 level:83
2024-06-06 15:00:51.467 T:3469964160 DEBUG: CVideoPlayerVideo::OutputPicture - ttd:229ms pts:37.996 Clock:37.767 Level:3
2024-06-06 15:00:51.498 T:3461571456 DEBUG: CVideoPlayer::ProcessVideoData size:265736 dts:45.921 pts:45.963 dur:41.000ms, clock:37.799 level:83
2024-06-06 15:00:51.508 T:3469964160 DEBUG: CVideoPlayerVideo::OutputPicture - ttd:229ms pts:38.038 Clock:37.808 Level:3
2024-06-06 15:00:51.543 T:3461571456 DEBUG: CVideoPlayer::ProcessVideoData size:247726 dts:45.963 pts:46.004 dur:41.000ms, clock:37.844 level:83
2024-06-06 15:00:51.547 T:3469964160 DEBUG: CVideoPlayerVideo::OutputPicture - ttd:232ms pts:38.080 Clock:37.847 Level:4
2024-06-06 15:00:51.584 T:3461571456 DEBUG: CVideoPlayer::ProcessVideoData size:246495 dts:46.004 pts:46.046 dur:41.000ms, clock:37.884 level:83
2024-06-06 15:00:51.592 T:3469964160 DEBUG: CVideoPlayerVideo::OutputPicture - ttd:229ms pts:38.121 Clock:37.892 Level:3
2024-06-06 15:00:51.627 T:3461571456 DEBUG: CVideoPlayer::ProcessVideoData size:249816 dts:46.046 pts:46.088 dur:41.000ms, clock:37.928 level:83
2024-06-06 15:00:51.634 T:3469964160 DEBUG: CVideoPlayerVideo::OutputPicture - ttd:228ms pts:38.163 Clock:37.934 Level:3
2024-06-06 15:00:51.672 T:3461571456 DEBUG: CVideoPlayer::ProcessVideoData size:250805 dts:46.088 pts:46.129 dur:41.000ms, clock:37.973 level:83
2024-06-06 15:00:51.676 T:3469964160 DEBUG: CVideoPlayerVideo::OutputPicture - ttd:228ms pts:38.205 Clock:37.976 Level:3
2024-06-06 15:00:51.715 T:3461571456 DEBUG: CVideoPlayer::ProcessVideoData size:269012 dts:46.129 pts:46.171 dur:41.000ms, clock:38.015 level:83
2024-06-06 15:00:51.718 T:3469964160 DEBUG: CVideoPlayerVideo::OutputPicture - ttd:228ms pts:38.247 Clock:38.018 Level:3
2024-06-06 15:00:51.761 T:3461571456 DEBUG: CVideoPlayer::ProcessVideoData size:251914 dts:46.171 pts:46.213 dur:41.000ms, clock:38.061 level:83
2024-06-06 15:00:51.762 T:3469964160 DEBUG: CVideoPlayerVideo::OutputPicture - ttd:225ms pts:38.288 Clock:38.063 Level:3
2024-06-06 15:00:51.793 T:3461571456 DEBUG: CVideoPlayer::ProcessVideoData size:250764 dts:46.213 pts:46.255 dur:41.000ms, clock:38.094 level:83
2024-06-06 15:00:51.797 T:3469964160 DEBUG: CVideoPlayerVideo::OutputPicture - ttd:232ms pts:38.330 Clock:38.097 Level:4
2024-06-06 15:00:51.838 T:3461571456 DEBUG: CVideoPlayer::ProcessVideoData size:255542 dts:46.255 pts:46.296 dur:41.000ms, clock:38.138 level:83
2024-06-06 15:00:51.839 T:3469964160 DEBUG: CVideoPlayerVideo::OutputPicture - ttd:232ms pts:38.372 Clock:38.140 Level:4
2024-06-06 15:00:51.872 T:3461571456 DEBUG: CVideoPlayer::ProcessVideoData size:269321 dts:46.296 pts:46.338 dur:41.000ms, clock:38.172 level:83
2024-06-06 15:00:51.881 T:3469964160 DEBUG: CVideoPlayerVideo::OutputPicture - ttd:231ms pts:38.413 Clock:38.181 Level:4
2024-06-06 15:00:51.916 T:3461571456 DEBUG: CVideoPlayer::ProcessVideoData size:254159 dts:46.338 pts:46.380 dur:41.000ms, clock:38.217 level:83
2024-06-06 15:00:51.924 T:3469964160 DEBUG: CVideoPlayerVideo::OutputPicture - ttd:230ms pts:38.455 Clock:38.225 Level:3
2024-06-06 15:00:51.959 T:3461571456 DEBUG: CVideoPlayer::ProcessVideoData size:257277 dts:46.380 pts:46.421 dur:41.000ms, clock:38.260 level:83
2024-06-06 15:00:51.966 T:3469964160 DEBUG: CVideoPlayerVideo::OutputPicture - ttd:230ms pts:38.497 Clock:38.267 Level:3
2024-06-06 15:00:52.003 T:3461571456 DEBUG: CVideoPlayer::ProcessVideoData size:258972 dts:46.421 pts:46.463 dur:41.000ms, clock:38.304 level:83
2024-06-06 15:00:52.009 T:3469964160 DEBUG: CVideoPlayerVideo::OutputPicture - ttd:229ms pts:38.539 Clock:38.309 Level:3
2024-06-06 15:00:52.037 T:3904856960 DEBUG: Thread JobWorker 3904856960 terminating (autodelete)
2024-06-06 15:00:52.037 T:3914302336 DEBUG: Thread JobWorker 3914302336 terminating (autodelete)
2024-06-06 15:00:52.037 T:3896464256 DEBUG: Thread JobWorker 3896464256 terminating (autodelete)
2024-06-06 15:00:52.046 T:3461571456 DEBUG: CVideoPlayer::ProcessVideoData size:254860 dts:46.463 pts:46.505 dur:41.000ms, clock:38.347 level:83
2024-06-06 15:00:52.052 T:3469964160 DEBUG: CVideoPlayerVideo::OutputPicture - ttd:228ms pts:38.580 Clock:38.352 Level:4
2024-06-06 15:00:52.054 T:3461571456 DEBUG: CVideoPlayer::ProcessVideoData size:261217 dts:46.505 pts:46.547 dur:41.000ms, clock:38.354 level:83
2024-06-06 15:00:52.079 T:3461571456 DEBUG: CVideoPlayer::ProcessVideoData size:385280 dts:46.547 pts:46.588 dur:41.000ms, clock:38.379 level:83
2024-06-06 15:00:52.093 T:3469964160 DEBUG: CVideoPlayerVideo::OutputPicture - ttd:228ms pts:38.622 Clock:38.394 Level:3
2024-06-06 15:00:52.133 T:3469964160 DEBUG: CVideoPlayerVideo::OutputPicture - ttd:230ms pts:38.664 Clock:38.434 Level:3
2024-06-06 15:00:52.171 T:3461571456 DEBUG: CVideoPlayer::ProcessVideoData size:246450 dts:46.588 pts:46.630 dur:41.000ms, clock:38.472 level:83
2024-06-06 15:00:52.173 T:3469964160 DEBUG: CVideoPlayerVideo::OutputPicture - ttd:231ms pts:38.705 Clock:38.474 Level:4
2024-06-06 15:00:52.204 T:3461571456 DEBUG: CVideoPlayer::ProcessVideoData size:241660 dts:46.630 pts:46.672 dur:41.000ms, clock:38.505 level:83
2024-06-06 15:00:52.214 T:3469964160 DEBUG: CVideoPlayerVideo::OutputPicture - ttd:232ms pts:38.747 Clock:38.515 Level:4
2024-06-06 15:00:52.257 T:3469964160 DEBUG: CVideoPlayerVideo::OutputPicture - ttd:231ms pts:38.789 Clock:38.558 Level:4
2024-06-06 15:00:52.262 T:3461571456 DEBUG: CVideoPlayer::ProcessVideoData size:243831 dts:46.672 pts:46.713 dur:41.000ms, clock:38.563 level:83
2024-06-06 15:00:52.295 T:3461571456 DEBUG: CVideoPlayer::ProcessVideoData size:264685 dts:46.713 pts:46.755 dur:41.000ms, clock:38.595 level:83
2024-06-06 15:00:52.299 T:3469964160 DEBUG: CVideoPlayerVideo::OutputPicture - ttd:231ms pts:38.831 Clock:38.599 Level:4
2024-06-06 15:00:52.340 T:3461571456 DEBUG: CVideoPlayer::ProcessVideoData size:249344 dts:46.755 pts:46.797 dur:41.000ms, clock:38.641 level:83
2024-06-06 15:00:52.342 T:3469964160 DEBUG: CVideoPlayerVideo::OutputPicture - ttd:229ms pts:38.872 Clock:38.643 Level:4
2024-06-06 15:00:52.373 T:3461571456 DEBUG: CVideoPlayer::ProcessVideoData size:250026 dts:46.797 pts:46.838 dur:41.000ms, clock:38.674 level:83
2024-06-06 15:00:52.384 T:3469964160 DEBUG: CVideoPlayerVideo::OutputPicture - ttd:230ms pts:38.914 Clock:38.684 Level:4
2024-06-06 15:00:52.425 T:3469964160 DEBUG: CVideoPlayerVideo::OutputPicture - ttd:230ms pts:38.956 Clock:38.725 Level:4
2024-06-06 15:00:52.429 T:3461571456 DEBUG: CVideoPlayer::ProcessVideoData size:250316 dts:46.838 pts:46.880 dur:41.000ms, clock:38.729 level:83
2024-06-06 15:00:52.462 T:3461571456 DEBUG: CVideoPlayer::ProcessVideoData size:271107 dts:46.880 pts:46.922 dur:41.000ms, clock:38.762 level:83
2024-06-06 15:00:52.469 T:3469964160 DEBUG: CVideoPlayerVideo::OutputPicture - ttd:227ms pts:38.997 Clock:38.769 Level:3
2024-06-06 15:00:52.506 T:3469964160 DEBUG: CVideoPlayerVideo::OutputPicture - ttd:232ms pts:39.039 Clock:38.807 Level:4
2024-06-06 15:00:52.508 T:3461571456 DEBUG: CVideoPlayer::ProcessVideoData size:252755 dts:46.922 pts:46.964 dur:41.000ms, clock:38.808 level:83
2024-06-06 15:00:52.550 T:3461571456 DEBUG: CVideoPlayer::ProcessVideoData size:246961 dts:46.964 pts:47.005 dur:41.000ms, clock:38.851 level:83
2024-06-06 15:00:52.552 T:3469964160 DEBUG: CVideoPlayerVideo::OutputPicture - ttd:228ms pts:39.081 Clock:38.853 Level:3
2024-06-06 15:00:52.585 T:3461571456 DEBUG: CVideoPlayer::ProcessVideoData size:250209 dts:47.005 pts:47.047 dur:41.000ms, clock:38.886 level:83
2024-06-06 15:00:52.594 T:3469964160 DEBUG: CVideoPlayerVideo::OutputPicture - ttd:227ms pts:39.122 Clock:38.894 Level:3
2024-06-06 15:00:52.630 T:3461571456 DEBUG: CVideoPlayer::ProcessVideoData size:249476 dts:47.047 pts:47.089 dur:41.000ms, clock:38.930 level:83
2024-06-06 15:00:52.637 T:3469964160 DEBUG: CVideoPlayerVideo::OutputPicture - ttd:227ms pts:39.164 Clock:38.937 Level:3
2024-06-06 15:00:52.674 T:3461571456 DEBUG: CVideoPlayer::ProcessVideoData size:274008 dts:47.089 pts:47.130 dur:41.000ms, clock:38.975 level:83
2024-06-06 15:00:52.678 T:3469964160 DEBUG: CVideoPlayerVideo::OutputPicture - ttd:227ms pts:39.206 Clock:38.979 Level:4
2024-06-06 15:00:52.718 T:3461571456 DEBUG: CVideoPlayer::ProcessVideoData size:252041 dts:47.130 pts:47.172 dur:41.000ms, clock:39.018 level:83
2024-06-06 15:00:52.720 T:3469964160 DEBUG: CVideoPlayerVideo::OutputPicture - ttd:227ms pts:39.248 Clock:39.020 Level:4
2024-06-06 15:00:52.752 T:3461571456 DEBUG: CVideoPlayer::ProcessVideoData size:252226 dts:47.172 pts:47.214 dur:41.000ms, clock:39.053 level:83
2024-06-06 15:00:52.761 T:3469964160 DEBUG: CVideoPlayerVideo::OutputPicture - ttd:227ms pts:39.289 Clock:39.062 Level:3
2024-06-06 15:00:52.795 T:3461571456 DEBUG: CVideoPlayer::ProcessVideoData size:252591 dts:47.214 pts:47.256 dur:41.000ms, clock:39.096 level:83
2024-06-06 15:00:52.803 T:3469964160 DEBUG: CVideoPlayerVideo::OutputPicture - ttd:227ms pts:39.331 Clock:39.104 Level:3
2024-06-06 15:00:52.840 T:3461571456 DEBUG: CVideoPlayer::ProcessVideoData size:261076 dts:47.256 pts:47.297 dur:41.000ms, clock:39.140 level:83
2024-06-06 15:00:52.841 T:3469964160 DEBUG: CVideoPlayerVideo::OutputPicture - ttd:231ms pts:39.373 Clock:39.142 Level:4
2024-06-06 15:00:52.883 T:3469964160 DEBUG: CVideoPlayerVideo::OutputPicture - ttd:231ms pts:39.414 Clock:39.183 Level:4
2024-06-06 15:00:52.886 T:3461571456 DEBUG: CVideoPlayer::ProcessVideoData size:326318 dts:47.297 pts:47.339 dur:41.000ms, clock:39.186 level:83
2024-06-06 15:00:52.920 T:3461571456 DEBUG: CVideoPlayer::ProcessVideoData size:254802 dts:47.339 pts:47.381 dur:41.000ms, clock:39.221 level:83
2024-06-06 15:00:52.924 T:3469964160 DEBUG: CVideoPlayerVideo::OutputPicture - ttd:231ms pts:39.456 Clock:39.225 Level:4
2024-06-06 15:00:52.963 T:3461571456 DEBUG: CVideoPlayer::ProcessVideoData size:254737 dts:47.381 pts:47.422 dur:41.000ms, clock:39.264 level:83
2024-06-06 15:00:52.966 T:3469964160 DEBUG: CVideoPlayerVideo::OutputPicture - ttd:231ms pts:39.498 Clock:39.266 Level:4
2024-06-06 15:00:52.998 T:3461571456 DEBUG: CVideoPlayer::ProcessVideoData size:254079 dts:47.422 pts:47.464 dur:41.000ms, clock:39.299 level:83
2024-06-06 15:00:53.008 T:3469964160 DEBUG: CVideoPlayerVideo::OutputPicture - ttd:231ms pts:39.540 Clock:39.309 Level:4
2024-06-06 15:00:53.053 T:3461571456 DEBUG: CVideoPlayer::ProcessVideoData size:250971 dts:47.464 pts:47.506 dur:41.000ms, clock:39.353 level:83
2024-06-06 15:00:53.056 T:3469964160 DEBUG: CVideoPlayerVideo::OutputPicture - ttd:224ms pts:39.581 Clock:39.356 Level:3
2024-06-06 15:00:53.058 T:3461571456 DEBUG: CVideoPlayer::ProcessVideoData size:256459 dts:47.506 pts:47.548 dur:41.000ms, clock:39.358 level:83
2024-06-06 15:00:53.092 T:3469964160 DEBUG: CVideoPlayerVideo::OutputPicture - ttd:230ms pts:39.623 Clock:39.392 Level:4
2024-06-06 15:00:53.094 T:3461571456 DEBUG: CVideoPlayer::ProcessVideoData size:249400 dts:47.548 pts:47.589 dur:41.000ms, clock:39.395 level:83
2024-06-06 15:00:53.127 T:3461571456 DEBUG: CVideoPlayer::ProcessVideoData size:253904 dts:47.589 pts:47.631 dur:41.000ms, clock:39.428 level:83
2024-06-06 15:00:53.133 T:3469964160 DEBUG: CVideoPlayerVideo::OutputPicture - ttd:231ms pts:39.665 Clock:39.433 Level:4
2024-06-06 15:00:53.173 T:3461571456 DEBUG: CVideoPlayer::ProcessVideoData size:258512 dts:47.631 pts:47.673 dur:41.000ms, clock:39.474 level:83
2024-06-06 15:00:53.175 T:3469964160 DEBUG: CVideoPlayerVideo::OutputPicture - ttd:230ms pts:39.706 Clock:39.475 Level:4
2024-06-06 15:00:53.207 T:3461571456 DEBUG: CVideoPlayer::ProcessVideoData size:265846 dts:47.673 pts:47.714 dur:41.000ms, clock:39.507 level:83
2024-06-06 15:00:53.216 T:3469964160 DEBUG: CVideoPlayerVideo::OutputPicture - ttd:231ms pts:39.748 Clock:39.517 Level:4
2024-06-06 15:00:53.241 T:3461571456 DEBUG: CVideoPlayer::ProcessVideoData size:262513 dts:47.714 pts:47.756 dur:41.000ms, clock:39.541 level:83
2024-06-06 15:00:53.260 T:3469964160 DEBUG: CVideoPlayerVideo::OutputPicture - ttd:229ms pts:39.790 Clock:39.560 Level:3
2024-06-06 15:00:53.301 T:3469964160 DEBUG: CVideoPlayerVideo::OutputPicture - ttd:229ms pts:39.831 Clock:39.602 Level:3
2024-06-06 15:00:53.306 T:3461571456 DEBUG: CVideoPlayer::ProcessVideoData size:263422 dts:47.756 pts:47.798 dur:41.000ms, clock:39.606 level:83
2024-06-06 15:00:53.343 T:3469964160 DEBUG: CVideoPlayerVideo::OutputPicture - ttd:229ms pts:39.873 Clock:39.644 Level:3
2024-06-06 15:00:53.379 T:3461571456 DEBUG: CVideoPlayer::ProcessVideoData size:268220 dts:47.798 pts:47.839 dur:41.000ms, clock:39.680 level:83
2024-06-06 15:00:53.383 T:3469964160 DEBUG: CVideoPlayerVideo::OutputPicture - ttd:231ms pts:39.915 Clock:39.684 Level:4
2024-06-06 15:00:53.425 T:3461571456 DEBUG: CVideoPlayer::ProcessVideoData size:264102 dts:47.839 pts:47.881 dur:41.000ms, clock:39.725 level:83
2024-06-06 15:00:53.426 T:3469964160 DEBUG: CVideoPlayerVideo::OutputPicture - ttd:230ms pts:39.957 Clock:39.727 Level:4
2024-06-06 15:00:53.468 T:3461571456 DEBUG: CVideoPlayer::ProcessVideoData size:262711 dts:47.881 pts:47.923 dur:41.000ms, clock:39.768 level:83
2024-06-06 15:00:53.470 T:3469964160 DEBUG: CVideoPlayerVideo::OutputPicture - ttd:227ms pts:39.998 Clock:39.770 Level:3
2024-06-06 15:00:53.502 T:3461571456 DEBUG: CVideoPlayer::ProcessVideoData size:260522 dts:47.923 pts:47.965 dur:41.000ms, clock:39.802 level:83
2024-06-06 15:00:53.512 T:3469964160 DEBUG: CVideoPlayerVideo::OutputPicture - ttd:227ms pts:40.040 Clock:39.813 Level:3
2024-06-06 15:00:53.537 T:3461571456 DEBUG: CVideoPlayer::ProcessVideoData size:335240 dts:47.965 pts:48.006 dur:41.000ms, clock:39.837 level:83
2024-06-06 15:00:53.550 T:3469964160 DEBUG: CVideoPlayerVideo::OutputPicture - ttd:231ms pts:40.082 Clock:39.850 Level:4
2024-06-06 15:00:53.592 T:3461571456 DEBUG: CVideoPlayer::ProcessVideoData size:257159 dts:48.006 pts:48.048 dur:41.000ms, clock:39.893 level:83
2024-06-06 15:00:53.595 T:3469964160 DEBUG: CVideoPlayerVideo::OutputPicture - ttd:227ms pts:40.123 Clock:39.895 Level:3
2024-06-06 15:00:53.624 T:3461571456 DEBUG: CVideoPlayer::ProcessVideoData size:261456 dts:48.048 pts:48.090 dur:41.000ms, clock:39.925 level:83
2024-06-06 15:00:53.632 T:3469964160 DEBUG: CVideoPlayerVideo::OutputPicture - ttd:232ms pts:40.165 Clock:39.932 Level:4
2024-06-06 15:00:53.670 T:3461571456 DEBUG: CVideoPlayer::ProcessVideoData size:259554 dts:48.090 pts:48.131 dur:41.000ms, clock:39.970 level:83
2024-06-06 15:00:53.679 T:3469964160 DEBUG: CVideoPlayerVideo::OutputPicture - ttd:227ms pts:40.207 Clock:39.980 Level:3
2024-06-06 15:00:53.712 T:3461571456 DEBUG: CVideoPlayer::ProcessVideoData size:261052 dts:48.131 pts:48.173 dur:41.000ms, clock:40.013 level:83
2024-06-06 15:00:53.720 T:3469964160 DEBUG: CVideoPlayerVideo::OutputPicture - ttd:228ms pts:40.249 Clock:40.021 Level:3
2024-06-06 15:00:53.758 T:3461571456 DEBUG: CVideoPlayer::ProcessVideoData size:264318 dts:48.173 pts:48.215 dur:41.000ms, clock:40.058 level:83
2024-06-06 15:00:53.762 T:3469964160 DEBUG: CVideoPlayerVideo::OutputPicture - ttd:227ms pts:40.290 Clock:40.062 Level:3
2024-06-06 15:00:53.801 T:3461571456 DEBUG: CVideoPlayer::ProcessVideoData size:261269 dts:48.215 pts:48.257 dur:41.000ms, clock:40.101 level:83
2024-06-06 15:00:53.803 T:3469964160 DEBUG: CVideoPlayerVideo::OutputPicture - ttd:228ms pts:40.332 Clock:40.104 Level:3
2024-06-06 15:00:53.844 T:3469964160 DEBUG: CVideoPlayerVideo::OutputPicture - ttd:229ms pts:40.374 Clock:40.145 Level:4
2024-06-06 15:00:53.846 T:3461571456 DEBUG: CVideoPlayer::ProcessVideoData size:261368 dts:48.257 pts:48.298 dur:41.000ms, clock:40.146 level:83
2024-06-06 15:00:53.879 T:3461571456 DEBUG: CVideoPlayer::ProcessVideoData size:258007 dts:48.298 pts:48.340 dur:41.000ms, clock:40.179 level:83
2024-06-06 15:00:53.885 T:3469964160 DEBUG: CVideoPlayerVideo::OutputPicture - ttd:229ms pts:40.415 Clock:40.186 Level:3
2024-06-06 15:00:53.923 T:3461571456 DEBUG: CVideoPlayer::ProcessVideoData size:252671 dts:48.340 pts:48.382 dur:41.000ms, clock:40.223 level:83
2024-06-06 15:00:53.928 T:3469964160 DEBUG: CVideoPlayerVideo::OutputPicture - ttd:228ms pts:40.457 Clock:40.228 Level:4
2024-06-06 15:00:53.966 T:3461571456 DEBUG: CVideoPlayer::ProcessVideoData size:255096 dts:48.382 pts:48.423 dur:41.000ms, clock:40.266 level:83
2024-06-06 15:00:53.970 T:3469964160 DEBUG: CVideoPlayerVideo::OutputPicture - ttd:228ms pts:40.499 Clock:40.270 Level:4
2024-06-06 15:00:54.011 T:3461571456 DEBUG: CVideoPlayer::ProcessVideoData size:255166 dts:48.423 pts:48.465 dur:41.000ms, clock:40.312 level:83
2024-06-06 15:00:54.013 T:3469964160 DEBUG: CVideoPlayerVideo::OutputPicture - ttd:227ms pts:40.541 Clock:40.313 Level:4
2024-06-06 15:00:54.044 T:3461571456 DEBUG: CVideoPlayer::ProcessVideoData size:259146 dts:48.465 pts:48.507 dur:41.000ms, clock:40.345 level:83
2024-06-06 15:00:54.049 T:3461571456 DEBUG: CVideoPlayer::ProcessVideoData size:262061 dts:48.507 pts:48.549 dur:41.000ms, clock:40.349 level:83
2024-06-06 15:00:54.054 T:3469964160 DEBUG: CVideoPlayerVideo::OutputPicture - ttd:227ms pts:40.582 Clock:40.355 Level:3
2024-06-06 15:00:54.092 T:3461571456 DEBUG: CVideoPlayer::ProcessVideoData size:260066 dts:48.549 pts:48.590 dur:41.000ms, clock:40.392 level:83
2024-06-06 15:00:54.096 T:3469964160 DEBUG: CVideoPlayerVideo::OutputPicture - ttd:227ms pts:40.624 Clock:40.396 Level:3
2024-06-06 15:00:54.128 T:3461571456 DEBUG: CVideoPlayer::ProcessVideoData size:262165 dts:48.590 pts:48.632 dur:41.000ms, clock:40.428 level:83
2024-06-06 15:00:54.136 T:3469964160 DEBUG: CVideoPlayerVideo::OutputPicture - ttd:229ms pts:40.666 Clock:40.437 Level:3
2024-06-06 15:00:54.171 T:3461571456 DEBUG: CVideoPlayer::ProcessVideoData size:259501 dts:48.632 pts:48.674 dur:41.000ms, clock:40.472 level:83
2024-06-06 15:00:54.181 T:3469964160 DEBUG: CVideoPlayerVideo::OutputPicture - ttd:225ms pts:40.707 Clock:40.481 Level:3
2024-06-06 15:00:54.217 T:3461571456 DEBUG: CVideoPlayer::ProcessVideoData size:329334 dts:48.674 pts:48.715 dur:41.000ms, clock:40.517 level:83
2024-06-06 15:00:54.218 T:3469964160 DEBUG: CVideoPlayerVideo::OutputPicture - ttd:230ms pts:40.749 Clock:40.519 Level:4
2024-06-06 15:00:54.259 T:3469964160 DEBUG: CVideoPlayerVideo::OutputPicture - ttd:231ms pts:40.791 Clock:40.560 Level:4
2024-06-06 15:00:54.296 T:3461571456 DEBUG: CVideoPlayer::ProcessVideoData size:275235 dts:48.715 pts:48.757 dur:41.000ms, clock:40.596 level:83
2024-06-06 15:00:54.304 T:3469964160 DEBUG: CVideoPlayerVideo::OutputPicture - ttd:227ms pts:40.832 Clock:40.604 Level:3
2024-06-06 15:00:54.346 T:3469964160 DEBUG: CVideoPlayerVideo::OutputPicture - ttd:227ms pts:40.874 Clock:40.647 Level:3
2024-06-06 15:00:54.349 T:3461571456 DEBUG: CVideoPlayer::ProcessVideoData size:265976 dts:48.757 pts:48.799 dur:41.000ms, clock:40.649 level:83
2024-06-06 15:00:54.374 T:3461571456 DEBUG: CVideoPlayer::ProcessVideoData size:269597 dts:48.799 pts:48.840 dur:41.000ms, clock:40.674 level:83
2024-06-06 15:00:54.382 T:3469964160 DEBUG: CVideoPlayerVideo::OutputPicture - ttd:233ms pts:40.916 Clock:40.683 Level:4
2024-06-06 15:00:54.417 T:3461571456 DEBUG: CVideoPlayer::ProcessVideoData size:267387 dts:48.840 pts:48.882 dur:41.000ms, clock:40.718 level:83
2024-06-06 15:00:54.424 T:3469964160 DEBUG: CVideoPlayerVideo::OutputPicture - ttd:233ms pts:40.958 Clock:40.725 Level:4
2024-06-06 15:00:54.462 T:3461571456 DEBUG: CVideoPlayer::ProcessVideoData size:272289 dts:48.882 pts:48.924 dur:41.000ms, clock:40.763 level:83
2024-06-06 15:00:54.467 T:3469964160 DEBUG: CVideoPlayerVideo::OutputPicture - ttd:231ms pts:40.999 Clock:40.768 Level:4
2024-06-06 15:00:54.505 T:3461571456 DEBUG: CVideoPlayer::ProcessVideoData size:259926 dts:48.924 pts:48.966 dur:41.000ms, clock:40.805 level:83
2024-06-06 15:00:54.509 T:3469964160 DEBUG: CVideoPlayerVideo::OutputPicture - ttd:231ms pts:41.041 Clock:40.809 Level:4
2024-06-06 15:00:54.550 T:3461571456 DEBUG: CVideoPlayer::ProcessVideoData size:266398 dts:48.966 pts:49.007 dur:41.000ms, clock:40.851 level:83
2024-06-06 15:00:54.553 T:3469964160 DEBUG: CVideoPlayerVideo::OutputPicture - ttd:229ms pts:41.083 Clock:40.854 Level:4
2024-06-06 15:00:54.593 T:3461571456 DEBUG: CVideoPlayer::ProcessVideoData size:259178 dts:49.007 pts:49.049 dur:41.000ms, clock:40.893 level:83
2024-06-06 15:00:54.596 T:3469964160 DEBUG: CVideoPlayerVideo::OutputPicture - ttd:227ms pts:41.124 Clock:40.897 Level:4
2024-06-06 15:00:54.626 T:3461571456 DEBUG: CVideoPlayer::ProcessVideoData size:263470 dts:49.049 pts:49.091 dur:41.000ms, clock:40.927 level:83
2024-06-06 15:00:54.634 T:3469964160 DEBUG: CVideoPlayerVideo::OutputPicture - ttd:231ms pts:41.166 Clock:40.935 Level:4
2024-06-06 15:00:54.672 T:3461571456 DEBUG: CVideoPlayer::ProcessVideoData size:267566 dts:49.091 pts:49.132 dur:41.000ms, clock:40.972 level:83
2024-06-06 15:00:54.675 T:3469964160 DEBUG: CVideoPlayerVideo::OutputPicture - ttd:232ms pts:41.208 Clock:40.975 Level:4
2024-06-06 15:00:54.705 T:3461571456 DEBUG: CVideoPlayer::ProcessVideoData size:249915 dts:49.132 pts:49.174 dur:41.000ms, clock:41.005 level:83
2024-06-06 15:00:54.718 T:3469964160 DEBUG: CVideoPlayerVideo::OutputPicture - ttd:231ms pts:41.250 Clock:41.019 Level:4
2024-06-06 15:00:54.760 T:3461571456 DEBUG: CVideoPlayer::ProcessVideoData size:253113 dts:49.174 pts:49.216 dur:41.000ms, clock:41.060 level:83
2024-06-06 15:00:54.761 T:3469964160 DEBUG: CVideoPlayerVideo::OutputPicture - ttd:229ms pts:41.291 Clock:41.061 Level:4
2024-06-06 15:00:54.803 T:3461571456 DEBUG: CVideoPlayer::ProcessVideoData size:251702 dts:49.216 pts:49.258 dur:41.000ms, clock:41.103 level:83
2024-06-06 15:00:54.805 T:3469964160 DEBUG: CVideoPlayerVideo::OutputPicture - ttd:227ms pts:41.333 Clock:41.105 Level:4
2024-06-06 15:00:54.847 T:3469964160 DEBUG: CVideoPlayerVideo::OutputPicture - ttd:227ms pts:41.375 Clock:41.147 Level:3
2024-06-06 15:00:54.849 T:3461571456 DEBUG: CVideoPlayer::ProcessVideoData size:244948 dts:49.258 pts:49.299 dur:41.000ms, clock:41.149 level:83
2024-06-06 15:00:54.882 T:3461571456 DEBUG: CVideoPlayer::ProcessVideoData size:248562 dts:49.299 pts:49.341 dur:41.000ms, clock:41.183 level:83
2024-06-06 15:00:54.888 T:3469964160 DEBUG: CVideoPlayerVideo::OutputPicture - ttd:227ms pts:41.416 Clock:41.189 Level:3
2024-06-06 15:00:54.934 T:3461571456 DEBUG: CVideoPlayer::ProcessVideoData size:246946 dts:49.341 pts:49.383 dur:41.000ms, clock:41.235 level:83
2024-06-06 15:00:54.936 T:3469964160 DEBUG: CVideoPlayerVideo::OutputPicture - ttd:221ms pts:41.458 Clock:41.237 Level:3
2024-06-06 15:00:54.967 T:3461571456 DEBUG: CVideoPlayer::ProcessVideoData size:250940 dts:49.383 pts:49.424 dur:41.000ms, clock:41.268 level:83
2024-06-06 15:00:54.971 T:3469964160 DEBUG: CVideoPlayerVideo::OutputPicture - ttd:228ms pts:41.500 Clock:41.271 Level:3
2024-06-06 15:00:55.004 T:3461571456 DEBUG: CVideoPlayer::ProcessVideoData size:249740 dts:49.424 pts:49.466 dur:41.000ms, clock:41.304 level:83
2024-06-06 15:00:55.012 T:3469964160 DEBUG: CVideoPlayerVideo::OutputPicture - ttd:229ms pts:41.542 Clock:41.312 Level:3
2024-06-06 15:00:55.047 T:3461571456 DEBUG: CVideoPlayer::ProcessVideoData size:250230 dts:49.466 pts:49.508 dur:41.000ms, clock:41.348 level:83
2024-06-06 15:00:55.050 T:3469964160 DEBUG: CVideoPlayerVideo::OutputPicture - ttd:232ms pts:41.583 Clock:41.350 Level:4
2024-06-06 15:00:55.054 T:3461571456 DEBUG: CVideoPlayer::ProcessVideoData size:328497 dts:49.508 pts:49.550 dur:41.000ms, clock:41.354 level:83
2024-06-06 15:00:55.095 T:3469964160 DEBUG: CVideoPlayerVideo::OutputPicture - ttd:229ms pts:41.625 Clock:41.395 Level:3
2024-06-06 15:00:55.137 T:3469964160 DEBUG: CVideoPlayerVideo::OutputPicture - ttd:229ms pts:41.667 Clock:41.438 Level:4
2024-06-06 15:00:55.141 T:3461571456 DEBUG: CVideoPlayer::ProcessVideoData size:260032 dts:49.550 pts:49.591 dur:41.000ms, clock:41.441 level:83
2024-06-06 15:00:55.174 T:3461571456 DEBUG: CVideoPlayer::ProcessVideoData size:259962 dts:49.591 pts:49.633 dur:41.000ms, clock:41.474 level:83
2024-06-06 15:00:55.182 T:3469964160 DEBUG: CVideoPlayerVideo::OutputPicture - ttd:225ms pts:41.708 Clock:41.482 Level:4
2024-06-06 15:00:55.209 T:3461571456 DEBUG: CVideoPlayer::ProcessVideoData size:265704 dts:49.633 pts:49.675 dur:41.000ms, clock:41.509 level:83
2024-06-06 15:00:55.217 T:3469964160 DEBUG: CVideoPlayerVideo::OutputPicture - ttd:232ms pts:41.750 Clock:41.517 Level:4
2024-06-06 15:00:55.253 T:3461571456 DEBUG: CVideoPlayer::ProcessVideoData size:269640 dts:49.675 pts:49.716 dur:41.000ms, clock:41.553 level:83
2024-06-06 15:00:55.261 T:3469964160 DEBUG: CVideoPlayerVideo::OutputPicture - ttd:230ms pts:41.792 Clock:41.562 Level:3
2024-06-06 15:00:55.299 T:3461571456 DEBUG: CVideoPlayer::ProcessVideoData size:259188 dts:49.716 pts:49.758 dur:41.000ms, clock:41.599 level:83
2024-06-06 15:00:55.304 T:3469964160 DEBUG: CVideoPlayerVideo::OutputPicture - ttd:228ms pts:41.833 Clock:41.604 Level:3
2024-06-06 15:00:55.343 T:3461571456 DEBUG: CVideoPlayer::ProcessVideoData size:259759 dts:49.758 pts:49.800 dur:41.000ms, clock:41.644 level:83
2024-06-06 15:00:55.346 T:3469964160 DEBUG: CVideoPlayerVideo::OutputPicture - ttd:228ms pts:41.875 Clock:41.647 Level:4
2024-06-06 15:00:55.383 T:3461571456 DEBUG: CVideoPlayer::ProcessVideoData size:256419 dts:49.800 pts:49.841 dur:41.000ms, clock:41.683 level:83
2024-06-06 15:00:55.384 T:3469964160 DEBUG: CVideoPlayerVideo::OutputPicture - ttd:232ms pts:41.917 Clock:41.685 Level:4
2024-06-06 15:00:55.416 T:3461571456 DEBUG: CVideoPlayer::ProcessVideoData size:263693 dts:49.841 pts:49.883 dur:41.000ms, clock:41.716 level:83
2024-06-06 15:00:55.425 T:3469964160 DEBUG: CVideoPlayerVideo::OutputPicture - ttd:233ms pts:41.959 Clock:41.726 Level:4
2024-06-06 15:00:55.473 T:3469964160 DEBUG: CVideoPlayerVideo::OutputPicture - ttd:226ms pts:42.000 Clock:41.773 Level:3
2024-06-06 15:00:55.474 T:3461571456 DEBUG: CVideoPlayer::ProcessVideoData size:262614 dts:49.883 pts:49.925 dur:41.000ms, clock:41.775 level:83
2024-06-06 15:00:55.500 T:3461571456 DEBUG: CVideoPlayer::ProcessVideoData size:251910 dts:49.925 pts:49.967 dur:41.000ms, clock:41.801 level:83
2024-06-06 15:00:55.514 T:3469964160 DEBUG: CVideoPlayerVideo::OutputPicture - ttd:227ms pts:42.042 Clock:41.815 Level:3
2024-06-06 15:00:55.544 T:3461571456 DEBUG: CVideoPlayer::ProcessVideoData size:260118 dts:49.967 pts:50.008 dur:41.000ms, clock:41.844 level:83
2024-06-06 15:00:55.555 T:3469964160 DEBUG: CVideoPlayerVideo::OutputPicture - ttd:228ms pts:42.084 Clock:41.856 Level:3
2024-06-06 15:00:55.588 T:3461571456 DEBUG: CVideoPlayer::ProcessVideoData size:245572 dts:50.008 pts:50.050 dur:41.000ms, clock:41.888 level:83
2024-06-06 15:00:55.596 T:3469964160 DEBUG: CVideoPlayerVideo::OutputPicture - ttd:228ms pts:42.125 Clock:41.897 Level:3
2024-06-06 15:00:55.631 T:3461571456 DEBUG: CVideoPlayer::ProcessVideoData size:257806 dts:50.050 pts:50.092 dur:41.000ms, clock:41.931 level:83
2024-06-06 15:00:55.639 T:3469964160 DEBUG: CVideoPlayerVideo::OutputPicture - ttd:227ms pts:42.167 Clock:41.939 Level:3
2024-06-06 15:00:55.673 T:3461571456 DEBUG: CVideoPlayer::ProcessVideoData size:250565 dts:50.092 pts:50.133 dur:41.000ms, clock:41.974 level:83
2024-06-06 15:00:55.681 T:3469964160 DEBUG: CVideoPlayerVideo::OutputPicture - ttd:227ms pts:42.209 Clock:41.982 Level:3
2024-06-06 15:00:55.717 T:3461571456 DEBUG: CVideoPlayer::ProcessVideoData size:261895 dts:50.133 pts:50.175 dur:41.000ms, clock:42.018 level:83
2024-06-06 15:00:55.718 T:3469964160 DEBUG: CVideoPlayerVideo::OutputPicture - ttd:232ms pts:42.251 Clock:42.018 Level:4
2024-06-06 15:00:55.752 T:3461571456 DEBUG: CVideoPlayer::ProcessVideoData size:250583 dts:50.175 pts:50.217 dur:41.000ms, clock:42.052 level:83
2024-06-06 15:00:55.760 T:3469964160 DEBUG: CVideoPlayerVideo::OutputPicture - ttd:231ms pts:42.292 Clock:42.060 Level:4
2024-06-06 15:00:55.795 T:3461571456 DEBUG: CVideoPlayer::ProcessVideoData size:261138 dts:50.217 pts:50.259 dur:41.000ms, clock:42.096 level:83
2024-06-06 15:00:55.803 T:3469964160 DEBUG: CVideoPlayerVideo::OutputPicture - ttd:230ms pts:42.334 Clock:42.104 Level:4
2024-06-06 15:00:55.840 T:3461571456 DEBUG: CVideoPlayer::ProcessVideoData size:261686 dts:50.259 pts:50.300 dur:41.000ms, clock:42.140 level:83
2024-06-06 15:00:55.845 T:3469964160 DEBUG: CVideoPlayerVideo::OutputPicture - ttd:230ms pts:42.376 Clock:42.146 Level:3
2024-06-06 15:00:55.883 T:3461571456 DEBUG: CVideoPlayer::ProcessVideoData size:245422 dts:50.300 pts:50.342 dur:41.000ms, clock:42.183 level:83
2024-06-06 15:00:55.887 T:3469964160 DEBUG: CVideoPlayerVideo::OutputPicture - ttd:229ms pts:42.417 Clock:42.187 Level:4
2024-06-06 15:00:55.928 T:3461571456 DEBUG: CVideoPlayer::ProcessVideoData size:374800 dts:50.342 pts:50.384 dur:41.000ms, clock:42.228 level:83
2024-06-06 15:00:55.930 T:3469964160 DEBUG: CVideoPlayerVideo::OutputPicture - ttd:228ms pts:42.459 Clock:42.230 Level:4
2024-06-06 15:00:55.964 T:3461571456 DEBUG: CVideoPlayer::ProcessVideoData size:253017 dts:50.384 pts:50.425 dur:41.000ms, clock:42.264 level:83
2024-06-06 15:00:55.971 T:3469964160 DEBUG: CVideoPlayerVideo::OutputPicture - ttd:229ms pts:42.501 Clock:42.272 Level:3
2024-06-06 15:00:56.007 T:3461571456 DEBUG: CVideoPlayer::ProcessVideoData size:253796 dts:50.425 pts:50.467 dur:41.000ms, clock:42.307 level:83
2024-06-06 15:00:56.015 T:3469964160 DEBUG: CVideoPlayerVideo::OutputPicture - ttd:227ms pts:42.543 Clock:42.315 Level:3
2024-06-06 15:00:56.053 T:3461571456 DEBUG: CVideoPlayer::ProcessVideoData size:247982 dts:50.467 pts:50.509 dur:41.000ms, clock:42.353 level:83
2024-06-06 15:00:56.056 T:3469964160 DEBUG: CVideoPlayerVideo::OutputPicture - ttd:227ms pts:42.584 Clock:42.357 Level:3
2024-06-06 15:00:56.097 T:3469964160 DEBUG: CVideoPlayerVideo::OutputPicture - ttd:228ms pts:42.626 Clock:42.397 Level:3
2024-06-06 15:00:56.107 T:3461571456 DEBUG: CVideoPlayer::ProcessVideoData size:251178 dts:50.509 pts:50.551 dur:41.000ms, clock:42.407 level:83
2024-06-06 15:00:56.139 T:3469964160 DEBUG: CVideoPlayerVideo::OutputPicture - ttd:228ms pts:42.668 Clock:42.440 Level:3
2024-06-06 15:00:56.141 T:3461571456 DEBUG: CVideoPlayer::ProcessVideoData size:258165 dts:50.551 pts:50.592 dur:41.000ms, clock:42.442 level:83
2024-06-06 15:00:56.175 T:3461571456 DEBUG: CVideoPlayer::ProcessVideoData size:254651 dts:50.592 pts:50.634 dur:41.000ms, clock:42.475 level:83
2024-06-06 15:00:56.182 T:3469964160 DEBUG: CVideoPlayerVideo::OutputPicture - ttd:226ms pts:42.709 Clock:42.483 Level:4
2024-06-06 15:00:56.220 T:3461571456 DEBUG: CVideoPlayer::ProcessVideoData size:265042 dts:50.634 pts:50.676 dur:41.000ms, clock:42.520 level:83
2024-06-06 15:00:56.223 T:3469964160 DEBUG: CVideoPlayerVideo::OutputPicture - ttd:227ms pts:42.751 Clock:42.524 Level:3
2024-06-06 15:00:56.253 T:3461571456 DEBUG: CVideoPlayer::ProcessVideoData size:252088 dts:50.676 pts:50.717 dur:41.000ms, clock:42.554 level:83
2024-06-06 15:00:56.260 T:3469964160 DEBUG: CVideoPlayerVideo::OutputPicture - ttd:232ms pts:42.793 Clock:42.560 Level:4
2024-06-06 15:00:56.298 T:3461571456 DEBUG: CVideoPlayer::ProcessVideoData size:261965 dts:50.717 pts:50.759 dur:41.000ms, clock:42.599 level:83
2024-06-06 15:00:56.306 T:3469964160 DEBUG: CVideoPlayerVideo::OutputPicture - ttd:227ms pts:42.834 Clock:42.607 Level:3
2024-06-06 15:00:56.342 T:3461571456 DEBUG: CVideoPlayer::ProcessVideoData size:259170 dts:50.759 pts:50.801 dur:41.000ms, clock:42.643 level:83
2024-06-06 15:00:56.343 T:3469964160 DEBUG: CVideoPlayerVideo::OutputPicture - ttd:232ms pts:42.876 Clock:42.644 Level:4
2024-06-06 15:00:56.388 T:3461571456 DEBUG: CVideoPlayer::ProcessVideoData size:260563 dts:50.801 pts:50.842 dur:41.000ms, clock:42.688 level:83
2024-06-06 15:00:56.389 T:3469964160 DEBUG: CVideoPlayerVideo::OutputPicture - ttd:228ms pts:42.918 Clock:42.690 Level:4
2024-06-06 15:00:56.420 T:3461571456 DEBUG: CVideoPlayer::ProcessVideoData size:264252 dts:50.842 pts:50.884 dur:41.000ms, clock:42.721 level:83
2024-06-06 15:00:56.430 T:3469964160 DEBUG: CVideoPlayerVideo::OutputPicture - ttd:229ms pts:42.960 Clock:42.731 Level:4
2024-06-06 15:00:56.465 T:3461571456 DEBUG: CVideoPlayer::ProcessVideoData size:255044 dts:50.884 pts:50.926 dur:41.000ms, clock:42.765 level:83
2024-06-06 15:00:56.473 T:3469964160 DEBUG: CVideoPlayerVideo::OutputPicture - ttd:227ms pts:43.001 Clock:42.774 Level:3
2024-06-06 15:00:56.508 T:3461571456 DEBUG: CVideoPlayer::ProcessVideoData size:264010 dts:50.926 pts:50.968 dur:41.000ms, clock:42.809 level:83
2024-06-06 15:00:56.511 T:3469964160 DEBUG: CVideoPlayerVideo::OutputPicture - ttd:231ms pts:43.043 Clock:42.811 Level:4
2024-06-06 15:00:56.543 T:3461571456 DEBUG: CVideoPlayer::ProcessVideoData size:261833 dts:50.968 pts:51.009 dur:41.000ms, clock:42.844 level:83
2024-06-06 15:00:56.553 T:3469964160 DEBUG: CVideoPlayerVideo::OutputPicture - ttd:231ms pts:43.085 Clock:42.854 Level:4
2024-06-06 15:00:56.598 T:3469964160 DEBUG: CVideoPlayerVideo::OutputPicture - ttd:227ms pts:43.126 Clock:42.898 Level:3
2024-06-06 15:00:56.603 T:3461571456 DEBUG: CVideoPlayer::ProcessVideoData size:263857 dts:51.009 pts:51.051 dur:41.000ms, clock:42.903 level:83
2024-06-06 15:00:56.638 T:3461571456 DEBUG: CVideoPlayer::ProcessVideoData size:256362 dts:51.051 pts:51.093 dur:41.000ms, clock:42.938 level:83
2024-06-06 15:00:56.640 T:3469964160 DEBUG: CVideoPlayerVideo::OutputPicture - ttd:227ms pts:43.168 Clock:42.941 Level:3
2024-06-06 15:00:56.671 T:3461571456 DEBUG: CVideoPlayer::ProcessVideoData size:262197 dts:51.093 pts:51.134 dur:41.000ms, clock:42.972 level:83
2024-06-06 15:00:56.683 T:3469964160 DEBUG: CVideoPlayerVideo::OutputPicture - ttd:226ms pts:43.210 Clock:42.983 Level:4
2024-06-06 15:00:56.717 T:3461571456 DEBUG: CVideoPlayer::ProcessVideoData size:260027 dts:51.134 pts:51.176 dur:41.000ms, clock:43.018 level:83
2024-06-06 15:00:56.719 T:3469964160 DEBUG: CVideoPlayerVideo::OutputPicture - ttd:232ms pts:43.252 Clock:43.019 Level:4
2024-06-06 15:00:56.760 T:3469964160 DEBUG: CVideoPlayerVideo::OutputPicture - ttd:232ms pts:43.293 Clock:43.061 Level:4
2024-06-06 15:00:56.763 T:3461571456 DEBUG: CVideoPlayer::ProcessVideoData size:265783 dts:51.176 pts:51.218 dur:41.000ms, clock:43.063 level:83
2024-06-06 15:00:56.798 T:3461571456 DEBUG: CVideoPlayer::ProcessVideoData size:259167 dts:51.218 pts:51.260 dur:41.000ms, clock:43.098 level:83
2024-06-06 15:00:56.804 T:3469964160 DEBUG: CVideoPlayerVideo::OutputPicture - ttd:231ms pts:43.335 Clock:43.104 Level:4
2024-06-06 15:00:56.843 T:3461571456 DEBUG: CVideoPlayer::ProcessVideoData size:258472 dts:51.260 pts:51.301 dur:41.000ms, clock:43.144 level:83
2024-06-06 15:00:56.845 T:3469964160 DEBUG: CVideoPlayerVideo::OutputPicture - ttd:231ms pts:43.377 Clock:43.145 Level:4
2024-06-06 15:00:56.886 T:3469964160 DEBUG: CVideoPlayerVideo::OutputPicture - ttd:231ms pts:43.418 Clock:43.186 Level:4
2024-06-06 15:00:56.887 T:3461571456 DEBUG: CVideoPlayer::ProcessVideoData size:260416 dts:51.301 pts:51.343 dur:41.000ms, clock:43.188 level:83
2024-06-06 15:00:56.929 T:3469964160 DEBUG: CVideoPlayerVideo::OutputPicture - ttd:231ms pts:43.460 Clock:43.229 Level:4
2024-06-06 15:00:56.933 T:3461571456 DEBUG: CVideoPlayer::ProcessVideoData size:391884 dts:51.343 pts:51.385 dur:41.000ms, clock:43.234 level:83
2024-06-06 15:00:56.967 T:3461571456 DEBUG: CVideoPlayer::ProcessVideoData size:256337 dts:51.385 pts:51.426 dur:41.000ms, clock:43.268 level:83
2024-06-06 15:00:56.971 T:3469964160 DEBUG: CVideoPlayerVideo::OutputPicture - ttd:230ms pts:43.502 Clock:43.272 Level:3
2024-06-06 15:00:57.011 T:3461571456 DEBUG: CVideoPlayer::ProcessVideoData size:253050 dts:51.426 pts:51.468 dur:41.000ms, clock:43.312 level:83
2024-06-06 15:00:57.014 T:3469964160 DEBUG: CVideoPlayerVideo::OutputPicture - ttd:229ms pts:43.544 Clock:43.314 Level:3
2024-06-06 15:00:57.058 T:3469964160 DEBUG: CVideoPlayerVideo::OutputPicture - ttd:226ms pts:43.585 Clock:43.359 Level:3
2024-06-06 15:00:57.059 T:3461571456 DEBUG: CVideoPlayer::ProcessVideoData size:256601 dts:51.468 pts:51.510 dur:41.000ms, clock:43.360 level:83
2024-06-06 15:00:57.092 T:3461571456 DEBUG: CVideoPlayer::ProcessVideoData size:254138 dts:51.510 pts:51.552 dur:41.000ms, clock:43.392 level:83
2024-06-06 15:00:57.093 T:3469964160 DEBUG: CVideoPlayerVideo::OutputPicture - ttd:233ms pts:43.627 Clock:43.394 Level:4
2024-06-06 15:00:57.136 T:3461571456 DEBUG: CVideoPlayer::ProcessVideoData size:260093 dts:51.552 pts:51.593 dur:41.000ms, clock:43.437 level:83
2024-06-06 15:00:57.138 T:3469964160 DEBUG: CVideoPlayerVideo::OutputPicture - ttd:230ms pts:43.669 Clock:43.438 Level:4
2024-06-06 15:00:57.179 T:3461571456 DEBUG: CVideoPlayer::ProcessVideoData size:249777 dts:51.593 pts:51.635 dur:41.000ms, clock:43.480 level:83
2024-06-06 15:00:57.181 T:3469964160 DEBUG: CVideoPlayerVideo::OutputPicture - ttd:228ms pts:43.710 Clock:43.482 Level:4
2024-06-06 15:00:57.212 T:3461571456 DEBUG: CVideoPlayer::ProcessVideoData size:257513 dts:51.635 pts:51.677 dur:41.000ms, clock:43.512 level:83
2024-06-06 15:00:57.222 T:3469964160 DEBUG: CVideoPlayerVideo::OutputPicture - ttd:229ms pts:43.752 Clock:43.522 Level:3
2024-06-06 15:00:57.253 T:3461571456 DEBUG: CVideoPlayer::ProcessVideoData size:257673 dts:51.677 pts:51.718 dur:41.000ms, clock:43.554 level:83
2024-06-06 15:00:57.262 T:3469964160 DEBUG: CVideoPlayerVideo::OutputPicture - ttd:231ms pts:43.794 Clock:43.562 Level:3
2024-06-06 15:00:57.296 T:3461571456 DEBUG: CVideoPlayer::ProcessVideoData size:254106 dts:51.718 pts:51.760 dur:41.000ms, clock:43.596 level:83
2024-06-06 15:00:57.303 T:3469964160 DEBUG: CVideoPlayerVideo::OutputPicture - ttd:231ms pts:43.835 Clock:43.604 Level:3
2024-06-06 15:00:57.340 T:3461571456 DEBUG: CVideoPlayer::ProcessVideoData size:259179 dts:51.760 pts:51.802 dur:41.000ms, clock:43.640 level:83
2024-06-06 15:00:57.348 T:3469964160 DEBUG: CVideoPlayerVideo::OutputPicture - ttd:228ms pts:43.877 Clock:43.648 Level:3
2024-06-06 15:00:57.386 T:3461571456 DEBUG: CVideoPlayer::ProcessVideoData size:256350 dts:51.802 pts:51.843 dur:41.000ms, clock:43.686 level:83
2024-06-06 15:00:57.390 T:3469964160 DEBUG: CVideoPlayerVideo::OutputPicture - ttd:228ms pts:43.919 Clock:43.690 Level:4
2024-06-06 15:00:57.418 T:3461571456 DEBUG: CVideoPlayer::ProcessVideoData size:256479 dts:51.843 pts:51.885 dur:41.000ms, clock:43.718 level:83
2024-06-06 15:00:57.427 T:3469964160 DEBUG: CVideoPlayerVideo::OutputPicture - ttd:233ms pts:43.961 Clock:43.728 Level:4
2024-06-06 15:00:57.474 T:3461571456 DEBUG: CVideoPlayer::ProcessVideoData size:255290 dts:51.885 pts:51.927 dur:41.000ms, clock:43.775 level:83
2024-06-06 15:00:57.476 T:3469964160 DEBUG: CVideoPlayerVideo::OutputPicture - ttd:225ms pts:44.002 Clock:43.776 Level:4
2024-06-06 15:00:57.507 T:3461571456 DEBUG: CVideoPlayer::ProcessVideoData size:260056 dts:51.927 pts:51.969 dur:41.000ms, clock:43.808 level:83
2024-06-06 15:00:57.511 T:3469964160 DEBUG: CVideoPlayerVideo::OutputPicture - ttd:232ms pts:44.044 Clock:43.811 Level:4
2024-06-06 15:00:57.552 T:3461571456 DEBUG: CVideoPlayer::ProcessVideoData size:262462 dts:51.969 pts:52.010 dur:41.000ms, clock:43.852 level:83
2024-06-06 15:00:57.553 T:3469964160 DEBUG: CVideoPlayerVideo::OutputPicture - ttd:232ms pts:44.086 Clock:43.854 Level:4
2024-06-06 15:00:57.595 T:3461571456 DEBUG: CVideoPlayer::ProcessVideoData size:262375 dts:52.010 pts:52.052 dur:41.000ms, clock:43.895 level:83
2024-06-06 15:00:57.595 T:3469964160 DEBUG: CVideoPlayerVideo::OutputPicture - ttd:231ms pts:44.127 Clock:43.896 Level:4
2024-06-06 15:00:57.637 T:3469964160 DEBUG: CVideoPlayerVideo::OutputPicture - ttd:231ms pts:44.169 Clock:43.938 Level:4
2024-06-06 15:00:57.641 T:3461571456 DEBUG: CVideoPlayer::ProcessVideoData size:256201 dts:52.052 pts:52.094 dur:41.000ms, clock:43.941 level:83
2024-06-06 15:00:57.674 T:3461571456 DEBUG: CVideoPlayer::ProcessVideoData size:258596 dts:52.094 pts:52.135 dur:41.000ms, clock:43.974 level:83
2024-06-06 15:00:57.681 T:3469964160 DEBUG: CVideoPlayerVideo::OutputPicture - ttd:229ms pts:44.211 Clock:43.982 Level:3
2024-06-06 15:00:57.718 T:3461571456 DEBUG: CVideoPlayer::ProcessVideoData size:259104 dts:52.135 pts:52.177 dur:41.000ms, clock:44.019 level:83
2024-06-06 15:00:57.724 T:3469964160 DEBUG: CVideoPlayerVideo::OutputPicture - ttd:228ms pts:44.253 Clock:44.025 Level:3
2024-06-06 15:00:57.761 T:3461571456 DEBUG: CVideoPlayer::ProcessVideoData size:264296 dts:52.177 pts:52.219 dur:41.000ms, clock:44.062 level:83
2024-06-06 15:00:57.766 T:3469964160 DEBUG: CVideoPlayerVideo::OutputPicture - ttd:227ms pts:44.294 Clock:44.066 Level:3
2024-06-06 15:00:57.797 T:3461571456 DEBUG: CVideoPlayer::ProcessVideoData size:264056 dts:52.219 pts:52.261 dur:41.000ms, clock:44.097 level:83
2024-06-06 15:00:57.807 T:3469964160 DEBUG: CVideoPlayerVideo::OutputPicture - ttd:228ms pts:44.336 Clock:44.108 Level:3
2024-06-06 15:00:57.840 T:3461571456 DEBUG: CVideoPlayer::ProcessVideoData size:256714 dts:52.261 pts:52.302 dur:41.000ms, clock:44.140 level:83
2024-06-06 15:00:57.849 T:3469964160 DEBUG: CVideoPlayerVideo::OutputPicture - ttd:228ms pts:44.378 Clock:44.150 Level:3
2024-06-06 15:00:57.890 T:3469964160 DEBUG: CVideoPlayerVideo::OutputPicture - ttd:228ms pts:44.419 Clock:44.191 Level:3
2024-06-06 15:00:57.895 T:3461571456 DEBUG: CVideoPlayer::ProcessVideoData size:261410 dts:52.302 pts:52.344 dur:41.000ms, clock:44.195 level:83
2024-06-06 15:00:57.932 T:3469964160 DEBUG: CVideoPlayerVideo::OutputPicture - ttd:228ms pts:44.461 Clock:44.233 Level:3
2024-06-06 15:00:57.932 T:3461571456 DEBUG: CVideoPlayer::ProcessVideoData size:393458 dts:52.344 pts:52.386 dur:41.000ms, clock:44.233 level:83
2024-06-06 15:00:57.969 T:3461571456 DEBUG: CVideoPlayer::ProcessVideoData size:245585 dts:52.386 pts:52.427 dur:41.000ms, clock:44.269 level:83
2024-06-06 15:00:57.974 T:3469964160 DEBUG: CVideoPlayerVideo::OutputPicture - ttd:228ms pts:44.503 Clock:44.275 Level:3
2024-06-06 15:00:58.013 T:3461571456 DEBUG: CVideoPlayer::ProcessVideoData size:251903 dts:52.427 pts:52.469 dur:41.000ms, clock:44.313 level:83
2024-06-06 15:00:58.016 T:3469964160 DEBUG: CVideoPlayerVideo::OutputPicture - ttd:228ms pts:44.545 Clock:44.316 Level:3
2024-06-06 15:00:58.047 T:3461571456 DEBUG: CVideoPlayer::ProcessVideoData size:259924 dts:52.469 pts:52.511 dur:41.000ms, clock:44.348 level:83
2024-06-06 15:00:58.058 T:3469964160 DEBUG: CVideoPlayerVideo::OutputPicture - ttd:227ms pts:44.586 Clock:44.358 Level:3
2024-06-06 15:00:58.100 T:3469964160 DEBUG: CVideoPlayerVideo::OutputPicture - ttd:227ms pts:44.628 Clock:44.400 Level:3
2024-06-06 15:00:58.102 T:3461571456 DEBUG: CVideoPlayer::ProcessVideoData size:246630 dts:52.511 pts:52.553 dur:41.000ms, clock:44.402 level:83
2024-06-06 15:00:58.112 T:3775697792 DEBUG: PushCecKeypress - received key b duration 0
2024-06-06 15:00:58.127 T:3461571456 DEBUG: CVideoPlayer::ProcessVideoData size:265454 dts:52.553 pts:52.594 dur:41.000ms, clock:44.427 level:83
2024-06-06 15:00:58.138 T:4060590144 DEBUG: HandleKey: 11 (0x0b, obc244) pressed, action is OSD
2024-06-06 15:00:58.138 T:4060590144 DEBUG: ------ Window Init (VideoOSD.xml) ------
2024-06-06 15:00:58.147 T:3469964160 DEBUG: CVideoPlayerVideo::OutputPicture - ttd:228ms pts:44.670 Clock:44.442 Level:4
2024-06-06 15:00:58.149 T:4060590144 DEBUG: ------ Window Init (DialogSeekBar.xml) ------
2024-06-06 15:00:58.170 T:3461571456 DEBUG: CVideoPlayer::ProcessVideoData size:243540 dts:52.594 pts:52.636 dur:41.000ms, clock:44.471 level:83
2024-06-06 15:00:58.180 T:4060590144 DEBUG: ------ Window Init (Custom_1109_TopBarOverlay.xml) ------
2024-06-06 15:00:58.180 T:3469964160 DEBUG: CVideoPlayerVideo::OutputPicture - ttd:230ms pts:44.711 Clock:44.481 Level:4
2024-06-06 15:00:58.218 T:3461571456 DEBUG: CVideoPlayer::ProcessVideoData size:261024 dts:52.636 pts:52.678 dur:41.000ms, clock:44.518 level:83
2024-06-06 15:00:58.224 T:3469964160 DEBUG: CVideoPlayerVideo::OutputPicture - ttd:228ms pts:44.753 Clock:44.525 Level:3
2024-06-06 15:00:58.254 T:3461571456 DEBUG: CVideoPlayer::ProcessVideoData size:252127 dts:52.678 pts:52.719 dur:41.000ms, clock:44.554 level:83
2024-06-06 15:00:58.266 T:3469964160 DEBUG: CVideoPlayerVideo::OutputPicture - ttd:228ms pts:44.795 Clock:44.567 Level:3
2024-06-06 15:00:58.299 T:3461571456 DEBUG: CVideoPlayer::ProcessVideoData size:251946 dts:52.719 pts:52.761 dur:41.000ms, clock:44.599 level:83
2024-06-06 15:00:58.309 T:3469964160 DEBUG: CVideoPlayerVideo::OutputPicture - ttd:226ms pts:44.836 Clock:44.610 Level:3
2024-06-06 15:00:58.342 T:3461571456 DEBUG: CVideoPlayer::ProcessVideoData size:254836 dts:52.761 pts:52.803 dur:41.000ms, clock:44.642 level:83
2024-06-06 15:00:58.351 T:3469964160 DEBUG: CVideoPlayerVideo::OutputPicture - ttd:226ms pts:44.878 Clock:44.652 Level:3
2024-06-06 15:00:58.388 T:3469964160 DEBUG: CVideoPlayerVideo::OutputPicture - ttd:231ms pts:44.920 Clock:44.689 Level:4
2024-06-06 15:00:58.391 T:3461571456 DEBUG: CVideoPlayer::ProcessVideoData size:254150 dts:52.803 pts:52.844 dur:41.000ms, clock:44.691 level:83
2024-06-06 15:00:58.425 T:3461571456 DEBUG: CVideoPlayer::ProcessVideoData size:259525 dts:52.844 pts:52.886 dur:41.000ms, clock:44.725 level:83
2024-06-06 15:00:58.434 T:3469964160 DEBUG: CVideoPlayerVideo::OutputPicture - ttd:228ms pts:44.962 Clock:44.733 Level:3
2024-06-06 15:00:58.476 T:3469964160 DEBUG: CVideoPlayerVideo::OutputPicture - ttd:226ms pts:45.003 Clock:44.777 Level:3
2024-06-06 15:00:58.481 T:3461571456 DEBUG: CVideoPlayer::ProcessVideoData size:256421 dts:52.886 pts:52.928 dur:41.000ms, clock:44.781 level:83
2024-06-06 15:00:58.503 T:3461571456 DEBUG: CVideoPlayer::ProcessVideoData size:251108 dts:52.928 pts:52.970 dur:41.000ms, clock:44.804 level:83
2024-06-06 15:00:58.512 T:3469964160 DEBUG: CVideoPlayerVideo::OutputPicture - ttd:233ms pts:45.045 Clock:44.812 Level:4
2024-06-06 15:00:58.549 T:3461571456 DEBUG: CVideoPlayer::ProcessVideoData size:409454 dts:52.970 pts:53.011 dur:41.000ms, clock:44.850 level:83
2024-06-06 15:00:58.553 T:3469964160 DEBUG: CVideoPlayerVideo::OutputPicture - ttd:233ms pts:45.087 Clock:44.854 Level:4
2024-06-06 15:00:58.595 T:3461571456 DEBUG: CVideoPlayer::ProcessVideoData size:255981 dts:53.011 pts:53.053 dur:41.000ms, clock:44.895 level:83
2024-06-06 15:00:58.596 T:3469964160 DEBUG: CVideoPlayerVideo::OutputPicture - ttd:231ms pts:45.128 Clock:44.897 Level:4
2024-06-06 15:00:58.638 T:3469964160 DEBUG: CVideoPlayerVideo::OutputPicture - ttd:231ms pts:45.170 Clock:44.938 Level:4
2024-06-06 15:00:58.640 T:3461571456 DEBUG: CVideoPlayer::ProcessVideoData size:248722 dts:53.053 pts:53.095 dur:41.000ms, clock:44.941 level:83
2024-06-06 15:00:58.682 T:3469964160 DEBUG: CVideoPlayerVideo::OutputPicture - ttd:229ms pts:45.212 Clock:44.982 Level:4
2024-06-06 15:00:58.688 T:3461571456 DEBUG: CVideoPlayer::ProcessVideoData size:261663 dts:53.095 pts:53.136 dur:41.000ms, clock:44.988 level:83
2024-06-06 15:00:58.712 T:3461571456 DEBUG: CVideoPlayer::ProcessVideoData size:242014 dts:53.136 pts:53.178 dur:41.000ms, clock:45.013 level:83
2024-06-06 15:00:58.724 T:3469964160 DEBUG: CVideoPlayerVideo::OutputPicture - ttd:229ms pts:45.254 Clock:45.024 Level:3
2024-06-06 15:00:58.758 T:3461571456 DEBUG: CVideoPlayer::ProcessVideoData size:259907 dts:53.178 pts:53.220 dur:41.000ms, clock:45.059 level:83
2024-06-06 15:00:58.767 T:3469964160 DEBUG: CVideoPlayerVideo::OutputPicture - ttd:227ms pts:45.295 Clock:45.067 Level:3
2024-06-06 15:00:58.805 T:3469964160 DEBUG: CVideoPlayerVideo::OutputPicture - ttd:231ms pts:45.337 Clock:45.105 Level:4
2024-06-06 15:00:58.807 T:3461571456 DEBUG: CVideoPlayer::ProcessVideoData size:244598 dts:53.220 pts:53.262 dur:41.000ms, clock:45.107 level:83
2024-06-06 15:00:58.846 T:3469964160 DEBUG: CVideoPlayerVideo::OutputPicture - ttd:232ms pts:45.379 Clock:45.147 Level:4
2024-06-06 15:00:58.856 T:3461571456 DEBUG: CVideoPlayer::ProcessVideoData size:260854 dts:53.262 pts:53.303 dur:41.000ms, clock:45.157 level:83
2024-06-06 15:00:58.878 T:3775697792 DEBUG: PushCecKeypress - received key a8 duration 0
2024-06-06 15:00:58.889 T:3469964160 DEBUG: CVideoPlayerVideo::OutputPicture - ttd:230ms pts:45.420 Clock:45.189 Level:4
2024-06-06 15:00:58.889 T:4060590144 DEBUG: HandleKey: 168 (0xa8, obc87) pressed, action is Right
2024-06-06 15:00:58.893 T:3461571456 DEBUG: CVideoPlayer::ProcessVideoData size:250417 dts:53.303 pts:53.345 dur:41.000ms, clock:45.193 level:83
2024-06-06 15:00:58.931 T:3469964160 DEBUG: CVideoPlayerVideo::OutputPicture - ttd:230ms pts:45.462 Clock:45.231 Level:4
2024-06-06 15:00:58.931 T:3461571456 DEBUG: CVideoPlayer::ProcessVideoData size:251126 dts:53.345 pts:53.387 dur:41.000ms, clock:45.232 level:83
2024-06-06 15:00:58.973 T:3469964160 DEBUG: CVideoPlayerVideo::OutputPicture - ttd:230ms pts:45.504 Clock:45.273 Level:4
