2024-06-06 15:02:18.672 T:3652187008 DEBUG: CVideoPlayer::ProcessVideoData size:71851 dts:4203.629 pts:4203.712 dur:41.700ms, clock:4199.500 level:38
2024-06-06 15:02:18.673 T:3652187008 DEBUG: CVideoPlayer::ProcessVideoData size:34542 dts:4203.670 pts:4203.670 dur:41.700ms, clock:4199.500 level:39
2024-06-06 15:02:18.675 T:3652187008 DEBUG: CVideoPlayer::ProcessVideoData size:74520 dts:4203.712 pts:4203.795 dur:41.700ms, clock:4199.500 level:39
2024-06-06 15:02:18.676 T:3652187008 DEBUG: CVideoPlayer::ProcessVideoData size:39061 dts:4203.754 pts:4203.754 dur:41.700ms, clock:4199.500 level:39
2024-06-06 15:02:18.676 T:3652187008 DEBUG: CVideoPlayer::ProcessVideoData size:79182 dts:4203.795 pts:4203.879 dur:41.700ms, clock:4199.500 level:40
2024-06-06 15:02:18.677 T:3652187008 DEBUG: CVideoPlayer::ProcessVideoData size:39857 dts:4203.837 pts:4203.837 dur:41.700ms, clock:4199.500 level:40
2024-06-06 15:02:18.678 T:3652187008 DEBUG: CVideoPlayer::ProcessVideoData size:86713 dts:4203.879 pts:4203.962 dur:41.700ms, clock:4199.500 level:41
2024-06-06 15:02:18.679 T:3652187008 DEBUG: CVideoPlayer::ProcessVideoData size:46597 dts:4203.921 pts:4203.921 dur:41.700ms, clock:4199.500 level:41
2024-06-06 15:02:18.679 T:3652187008 DEBUG: CVideoPlayer::ProcessVideoData size:107192 dts:4203.962 pts:4204.046 dur:41.700ms, clock:4199.500 level:42
2024-06-06 15:02:18.680 T:3652187008 DEBUG: CVideoPlayer::ProcessVideoData size:48049 dts:4204.004 pts:4204.004 dur:41.700ms, clock:4199.500 level:42
2024-06-06 15:02:18.680 T:3652187008 DEBUG: CVideoPlayer::ProcessVideoData size:101802 dts:4204.046 pts:4204.129 dur:41.700ms, clock:4199.500 level:43
2024-06-06 15:02:18.681 T:3652187008 DEBUG: CVideoPlayer::ProcessVideoData size:49828 dts:4204.087 pts:4204.087 dur:41.700ms, clock:4199.500 level:43
2024-06-06 15:02:18.708 T:3668460416 DEBUG: CRenderManager::Configure - change configuration. 1920x1080. display: 1920x1080. framerate: 23.98.
2024-06-06 15:02:18.709 T:4060590144 DEBUG: DeleteRenderer - deleting renderer
2024-06-06 15:02:18.709 T:4060590144 DEBUG: LinuxRendererGLES: Cleaning up GLES resources
2024-06-06 15:02:18.710 T:4060590144 INFO: Constructing CRendererAML
2024-06-06 15:02:18.710 T:4060590144 DEBUG: CRenderManager::Configure - 8
2024-06-06 15:02:18.711 T:3668460416 DEBUG: CVideoPlayerVideo::OutputPicture - ttd:499ms pts:4200.000 Clock:4199.500 Level:0
2024-06-06 15:02:18.713 T:4060590144 DEBUG: CAMLCodec::SetVideoRect:display(0,0,1920,1080)
2024-06-06 15:02:18.713 T:4060590144 DEBUG: CAMLCodec::SetVideoRect:gui(0,0,1920,1080)
2024-06-06 15:02:18.713 T:4060590144 DEBUG: CAMLCodec::SetVideoRect:m_dst_rect(0,0,1920,1080)
2024-06-06 15:02:18.713 T:4060590144 DEBUG: CAMLCodec::SetVideoRect:dst_rect(0,0,1920,1080)
2024-06-06 15:02:18.713 T:4060590144 DEBUG: CAMLCodec::SetVideoRect:m_guiStereoMode(0)
2024-06-06 15:02:18.713 T:4060590144 DEBUG: CAMLCodec::SetVideoRect:m_guiStereoView(0)
2024-06-06 15:02:18.764 T:3652187008 DEBUG: CVideoPlayer::ProcessVideoData size:130787 dts:4204.129 pts:4204.213 dur:41.700ms, clock:4199.500 level:42
2024-06-06 15:02:18.765 T:3652187008 DEBUG: CVideoPlayer::HandleMessages - player started 2
2024-06-06 15:02:18.765 T:3914302336 DEBUG: OnAVChange: CApplication::OnAVChange
2024-06-06 15:02:18.765 T:3652187008 DEBUG: VideoPlayer::Sync - Audio - pts: 4200.288, cache: 0.509, totalcache: 0.800, packets:130 level:48
2024-06-06 15:02:18.765 T:3652187008 DEBUG: VideoPlayer::Sync - Video - pts: 4200.000, cache: 0.050, totalcache: 0.100, packets:101 level:42
2024-06-06 15:02:18.765 T:3914302336 DEBUG: StereoscopicsManager: autodetected stereo mode for movie mode block_lr is: hardware_based
2024-06-06 15:02:18.765 T:3652187008 DEBUG: CDVDClock::SetSpeedAdjust - adjusted:0.000000
2024-06-06 15:02:18.765 T:3914302336 DEBUG: StereoscopicsManager: autodetected stereo mode for movie mode block_lr is: hardware_based
2024-06-06 15:02:18.765 T:3379557248 DEBUG: CDVDAudio::Resume - resume audio stream
2024-06-06 15:02:18.765 T:3668460416 DEBUG: CVideoPlayerVideo - CDVDMsg::GENERAL_RESYNC(4199779359.780881)
2024-06-06 15:02:18.765 T:3668460416 DEBUG: CAMLCodec::SetSpeed, speed(1000)
2024-06-06 15:02:18.766 T:4038480768 DEBUG: ActiveAE - start sync of audio stream
2024-06-06 15:02:18.766 T:3652187008 DEBUG: CVideoPlayer::ProcessVideoData size:56260 dts:4204.171 pts:4204.171 dur:41.700ms, clock:4199.781 level:42
2024-06-06 15:02:18.767 T:3914302336 DEBUG: StereoscopicsManager: stereo mode setting changed to hardware_based
2024-06-06 15:02:18.767 T:3914302336 DEBUG: StereoscopicsManager::ApplyStereoMode: trying to apply stereo mode. Current: off | Target: hardware_based
2024-06-06 15:02:18.767 T:3914302336 DEBUG: StereoscopicsManager: stereo mode changed to hardware_based
2024-06-06 15:02:18.767 T:3652187008 DEBUG: CVideoPlayer::ProcessVideoData size:116412 dts:4204.213 pts:4204.296 dur:41.700ms, clock:4199.782 level:42
2024-06-06 15:02:18.767 T:3914302336 DEBUG: OnAVChange: CApplication::OnAVChange
2024-06-06 15:02:18.767 T:3914302336 DEBUG: StereoscopicsManager: autodetected stereo mode for movie mode block_lr is: hardware_based
2024-06-06 15:02:18.767 T:3914302336 DEBUG: OnAVStarted: CApplication::OnAVStarted
2024-06-06 15:02:18.768 T:3668460416 DEBUG: CVideoPlayerVideo::OutputPicture - ttd:217ms pts:4200.000 Clock:4199.782 Level:0
2024-06-06 15:02:18.768 T:3652187008 DEBUG: CVideoPlayer::ProcessVideoData size:59311 dts:4204.254 pts:4204.254 dur:41.700ms, clock:4199.783 level:43
2024-06-06 15:02:18.769 T:4060590144 DEBUG: Search for exact 3D mode match
2024-06-06 15:02:18.770 T:4060590144 DEBUG: exact match found: 1920x1080 @ 60.00i - Full Screen
2024-06-06 15:02:18.770 T:3652187008 DEBUG: CVideoPlayer::ProcessVideoData size:130911 dts:4204.296 pts:4204.379 dur:41.700ms, clock:4199.784 level:43
2024-06-06 15:02:18.772 T:3668460416 DEBUG: CVideoPlayerVideo::OutputPicture - ttd:296ms pts:4200.083 Clock:4199.787 Level:1
2024-06-06 15:02:18.778 T:3652187008 DEBUG: CVideoPlayer::ProcessVideoData size:61238 dts:4204.338 pts:4204.338 dur:41.700ms, clock:4199.793 level:44
2024-06-06 15:02:18.779 T:4060590144 NOTICE: VideoPlayer: OnLostDisplay received
2024-06-06 15:02:18.779 T:4060590144 DEBUG: Flush - flushing renderer
2024-06-06 15:02:18.779 T:3668460416 DEBUG: CVideoPlayerVideo - CDVDMsg::GENERAL_PAUSE: 1
2024-06-06 15:02:18.779 T:4060590144 DEBUG: AMLUtils::aml_handle_display_stereo_mode old mode 3doff new mode 3dfp
2024-06-06 15:02:18.779 T:4060590144 DEBUG: AMLUtils::aml_handle_display_stereo_mode setting new mode
2024-06-06 15:02:18.779 T:3652187008 DEBUG: CVideoPlayer::ProcessVideoData size:259162 dts:4204.379 pts:4204.463 dur:41.700ms, clock:4199.793 level:44
2024-06-06 15:02:18.780 T:4060590144 ERROR: GetString: error reading /sys/class/amhdmitx/amhdmitx0/custom_mode
2024-06-06 15:02:18.780 T:3379557248 DEBUG: CVideoPlayerAudio - CDVDMsg::GENERAL_PAUSE: 1
2024-06-06 15:02:18.870 T:4038480768 DEBUG: ActiveAE::SyncStream - average error of 71.398795, start adjusting
2024-06-06 15:02:18.871 T:4038480768 DEBUG: ActiveAE::SyncStream - average error 21.398795 below threshold of 30.000000
2024-06-06 15:02:21.709 T:3461571456 NOTICE: CDVDVideoCodecFFmpeg::CDropControl: calculated diff time: 45454
2024-06-06 15:02:22.999 T:4060590144 NOTICE: VideoPlayer: OnResetDisplay received
2024-06-06 15:02:22.999 T:3379557248 DEBUG: CVideoPlayerAudio - CDVDMsg::GENERAL_PAUSE: 0
2024-06-06 15:02:22.999 T:3668460416 DEBUG: CVideoPlayerVideo - CDVDMsg::GENERAL_PAUSE: 0
2024-06-06 15:02:22.999 T:4060590144 INFO: GLES: Maximum texture width: 8192
2024-06-06 15:02:23.001 T:3668460416 DEBUG: CVideoPlayerVideo::OutputPicture - ttd:329ms pts:4200.125 Clock:4199.796 Level:2
2024-06-06 15:02:23.001 T:4038480768 DEBUG: ActiveAE::SyncStream - average error 374.044196 above threshold of 100.000000
2024-06-06 15:02:23.002 T:4060590144 DEBUG: Activating window ID: 12005
2024-06-06 15:02:23.002 T:3668460416 DEBUG: CVideoPlayerVideo::OutputPicture - ttd:369ms pts:4200.167 Clock:4199.797 Level:3
2024-06-06 15:02:23.004 T:3668460416 DEBUG: CVideoPlayerVideo::OutputPicture - ttd:410ms pts:4200.209 Clock:4199.798 Level:4
2024-06-06 15:02:23.005 T:3668460416 DEBUG: CVideoPlayerVideo::OutputPicture - ttd:450ms pts:4200.250 Clock:4199.799 Level:5
2024-06-06 15:02:23.006 T:4060590144 DEBUG: ------ Window Deinit (MyVideoNav.xml) ------
2024-06-06 15:02:23.006 T:4060590144 DEBUG: FreeVisualisation() done
2024-06-06 15:02:23.007 T:4060590144 DEBUG: ------ Window Init (VideoFullScreen.xml) ------
2024-06-06 15:02:23.007 T:4060590144 DEBUG: ------ Window Init (DialogNotification.xml) ------
2024-06-06 15:02:23.008 T:4060590144 NOTICE: Whitelist search for: width: 1920, height: 1080, fps: 23.976, 3D: true
2024-06-06 15:02:23.008 T:4060590144 DEBUG: Whitelist is empty using default one
2024-06-06 15:02:23.008 T:4060590144 DEBUG: Trying to find exact refresh rate
2024-06-06 15:02:23.008 T:4060590144 DEBUG: Matched exact whitelisted Resolution 1920x1080 @ 23.98 - Full Screen (32)
2024-06-06 15:02:23.008 T:4060590144 NOTICE: Display resolution ADJUST : 1920x1080 @ 23.98 - Full Screen (32) (weight: 0.000)
2024-06-06 15:02:23.008 T:4060590144 DEBUG: Search for exact 3D mode match
2024-06-06 15:02:23.008 T:4060590144 DEBUG: exact match found: 1920x1080 @ 23.98 - Full Screen
2024-06-06 15:02:23.009 T:4060590144 NOTICE: VideoPlayer: OnLostDisplay received
2024-06-06 15:02:23.009 T:4060590144 DEBUG: Flush - flushing renderer
2024-06-06 15:02:23.009 T:4060590144 DEBUG: AMLUtils::aml_handle_display_stereo_mode old mode 3dfp new mode 3dfp
2024-06-06 15:02:23.009 T:4060590144 DEBUG: AMLUtils::aml_handle_display_stereo_mode setting new mode
2024-06-06 15:02:23.009 T:4060590144 ERROR: GetString: error reading /sys/class/amhdmitx/amhdmitx0/custom_mode
2024-06-06 15:02:23.011 T:3668460416 DEBUG: CVideoPlayerVideo - CDVDMsg::GENERAL_PAUSE: 1
2024-06-06 15:02:23.170 T:4038480768 DEBUG: ActiveAE::SyncStream - average error 24.044196, last average error: 374.044196
2024-06-06 15:02:23.270 T:4038480768 DEBUG: ActiveAE::SyncStream - average error of 623.203801, start adjusting
2024-06-06 15:02:23.463 T:4060590144 NOTICE: VideoPlayer: OnResetDisplay received
2024-06-06 15:02:23.463 T:3668460416 DEBUG: CVideoPlayerVideo - CDVDMsg::GENERAL_PAUSE: 0
2024-06-06 15:02:23.463 T:4060590144 INFO: GLES: Maximum texture width: 8192
2024-06-06 15:02:23.467 T:4060590144 DEBUG: ------ Window Deinit (DialogBusy.xml) ------
2024-06-06 15:02:23.467 T:3668460416 DEBUG: CVideoPlayerVideo::OutputPicture - ttd:484ms pts:4200.292 Clock:4199.808 Level:6
2024-06-06 15:02:23.486 T:3469964160 DEBUG: OnAVChange: CApplication::OnAVChange
2024-06-06 15:02:23.486 T:3469964160 DEBUG: StereoscopicsManager: autodetected stereo mode for movie mode block_lr is: hardware_based
2024-06-06 15:02:23.488 T:3652187008 DEBUG: CVideoPlayer::ProcessVideoData size:54535 dts:4204.421 pts:4204.421 dur:41.700ms, clock:4199.828 level:43
2024-06-06 15:02:23.489 T:3652187008 DEBUG: CVideoPlayer::ProcessVideoData size:132786 dts:4204.463 pts:4204.546 dur:41.700ms, clock:4199.829 level:44
2024-06-06 15:02:23.490 T:3652187008 DEBUG: CVideoPlayer::ProcessVideoData size:60070 dts:4204.505 pts:4204.505 dur:41.700ms, clock:4199.830 level:44
2024-06-06 15:02:23.490 T:3652187008 DEBUG: CVideoPlayer::ProcessVideoData size:154908 dts:4204.546 pts:4204.630 dur:41.700ms, clock:4199.831 level:45
2024-06-06 15:02:23.491 T:3652187008 DEBUG: CVideoPlayer::ProcessVideoData size:73448 dts:4204.588 pts:4204.588 dur:41.700ms, clock:4199.832 level:45
2024-06-06 15:02:23.493 T:3652187008 DEBUG: CVideoPlayer::ProcessVideoData size:158696 dts:4204.630 pts:4204.713 dur:41.700ms, clock:4199.833 level:46
2024-06-06 15:02:23.494 T:3652187008 DEBUG: CVideoPlayer::ProcessVideoData size:82451 dts:4204.671 pts:4204.671 dur:41.700ms, clock:4199.834 level:46
2024-06-06 15:02:23.495 T:3652187008 DEBUG: CVideoPlayer::ProcessVideoData size:189807 dts:4204.713 pts:4204.796 dur:41.700ms, clock:4199.835 level:47
2024-06-06 15:02:23.496 T:3652187008 DEBUG: CVideoPlayer::ProcessVideoData size:89522 dts:4204.755 pts:4204.755 dur:41.700ms, clock:4199.836 level:47
2024-06-06 15:02:23.496 T:3652187008 DEBUG: CVideoPlayer::ProcessVideoData size:158937 dts:4204.796 pts:4204.880 dur:41.700ms, clock:4199.837 level:48
2024-06-06 15:02:23.498 T:3652187008 DEBUG: CVideoPlayer::ProcessVideoData size:83695 dts:4204.838 pts:4204.838 dur:41.700ms, clock:4199.838 level:48
2024-06-06 15:02:23.499 T:3652187008 DEBUG: CVideoPlayer::ProcessVideoData size:292593 dts:4204.880 pts:4204.963 dur:41.700ms, clock:4199.840 level:49
2024-06-06 15:02:23.500 T:3652187008 DEBUG: CVideoPlayer::ProcessVideoData size:125636 dts:4204.922 pts:4204.922 dur:41.700ms, clock:4199.841 level:50
2024-06-06 15:02:23.501 T:3652187008 DEBUG: CVideoPlayer::ProcessVideoData size:179803 dts:4204.963 pts:4205.047 dur:41.700ms, clock:4199.842 level:50
2024-06-06 15:02:23.502 T:3652187008 DEBUG: CVideoPlayer::ProcessVideoData size:81418 dts:4205.005 pts:4205.005 dur:41.700ms, clock:4199.842 level:51
2024-06-06 15:02:23.503 T:3652187008 DEBUG: CVideoPlayer::ProcessVideoData size:171335 dts:4205.047 pts:4205.130 dur:41.700ms, clock:4199.843 level:51
2024-06-06 15:02:23.504 T:3652187008 DEBUG: CVideoPlayer::ProcessVideoData size:86189 dts:4205.088 pts:4205.088 dur:41.700ms, clock:4199.844 level:52
2024-06-06 15:02:23.504 T:3652187008 DEBUG: CVideoPlayer::ProcessVideoData size:205530 dts:4205.130 pts:4205.214 dur:41.700ms, clock:4199.845 level:52
2024-06-06 15:02:23.516 T:3652187008 DEBUG: CVideoPlayer::ProcessVideoData size:85255 dts:4205.172 pts:4205.172 dur:41.700ms, clock:4199.857 level:53
2024-06-06 15:02:23.518 T:3652187008 DEBUG: CVideoPlayer::ProcessVideoData size:172755 dts:4205.214 pts:4205.297 dur:41.700ms, clock:4199.858 level:53
2024-06-06 15:02:23.519 T:3652187008 DEBUG: CVideoPlayer::ProcessVideoData size:85769 dts:4205.255 pts:4205.255 dur:41.700ms, clock:4199.859 level:54
2024-06-06 15:02:23.520 T:3652187008 DEBUG: CVideoPlayer::ProcessVideoData size:210330 dts:4205.297 pts:4205.380 dur:41.700ms, clock:4199.860 level:54
2024-06-06 15:02:23.521 T:3652187008 DEBUG: CVideoPlayer::ProcessVideoData size:83265 dts:4205.339 pts:4205.339 dur:41.700ms, clock:4199.861 level:55
2024-06-06 15:02:23.521 T:3652187008 DEBUG: CVideoPlayer::ProcessVideoData size:157216 dts:4205.380 pts:4205.464 dur:41.700ms, clock:4199.862 level:55
2024-06-06 15:02:23.522 T:3652187008 DEBUG: CVideoPlayer::ProcessVideoData size:86198 dts:4205.422 pts:4205.422 dur:41.700ms, clock:4199.863 level:56
2024-06-06 15:02:23.523 T:3652187008 DEBUG: CVideoPlayer::ProcessVideoData size:180393 dts:4205.464 pts:4205.547 dur:41.700ms, clock:4199.864 level:56
2024-06-06 15:02:23.524 T:3652187008 DEBUG: CVideoPlayer::ProcessVideoData size:75476 dts:4205.506 pts:4205.506 dur:41.700ms, clock:4199.865 level:57
2024-06-06 15:02:23.525 T:3652187008 DEBUG: CVideoPlayer::ProcessVideoData size:164740 dts:4205.547 pts:4205.631 dur:41.700ms, clock:4199.865 level:57
2024-06-06 15:02:23.526 T:3652187008 DEBUG: CVideoPlayer::ProcessVideoData size:78371 dts:4205.589 pts:4205.589 dur:41.700ms, clock:4199.867 level:58
2024-06-06 15:02:23.527 T:3652187008 DEBUG: CVideoPlayer::ProcessVideoData size:193085 dts:4205.631 pts:4205.714 dur:41.700ms, clock:4199.867 level:58
2024-06-06 15:02:23.528 T:3652187008 DEBUG: CVideoPlayer::ProcessVideoData size:81206 dts:4205.672 pts:4205.672 dur:41.700ms, clock:4199.869 level:59
2024-06-06 15:02:23.529 T:3652187008 DEBUG: CVideoPlayer::ProcessVideoData size:337251 dts:4205.714 pts:4205.797 dur:41.700ms, clock:4199.870 level:59
2024-06-06 15:02:23.531 T:3652187008 DEBUG: CVideoPlayer::ProcessVideoData size:76812 dts:4205.756 pts:4205.756 dur:41.700ms, clock:4199.871 level:60
2024-06-06 15:02:23.531 T:3652187008 DEBUG: CVideoPlayer::ProcessVideoData size:169446 dts:4205.797 pts:4205.881 dur:41.700ms, clock:4199.872 level:60
2024-06-06 15:02:23.533 T:3652187008 DEBUG: CVideoPlayer::ProcessVideoData size:75813 dts:4205.839 pts:4205.839 dur:41.700ms, clock:4199.873 level:61
2024-06-06 15:02:23.533 T:3652187008 DEBUG: CVideoPlayer::ProcessVideoData size:171425 dts:4205.881 pts:4205.964 dur:41.700ms, clock:4199.874 level:61
2024-06-06 15:02:23.534 T:3652187008 DEBUG: CVideoPlayer::ProcessVideoData size:75311 dts:4205.923 pts:4205.923 dur:41.700ms, clock:4199.875 level:62
2024-06-06 15:02:23.535 T:3652187008 DEBUG: CVideoPlayer::ProcessVideoData size:146626 dts:4205.964 pts:4206.048 dur:41.700ms, clock:4199.876 level:63
2024-06-06 15:02:23.536 T:3652187008 DEBUG: CVideoPlayer::ProcessVideoData size:78191 dts:4206.006 pts:4206.006 dur:41.700ms, clock:4199.877 level:63
2024-06-06 15:02:23.537 T:3652187008 DEBUG: CVideoPlayer::ProcessVideoData size:184183 dts:4206.048 pts:4206.131 dur:41.700ms, clock:4199.878 level:64
2024-06-06 15:02:23.538 T:3652187008 DEBUG: CVideoPlayer::ProcessVideoData size:77702 dts:4206.089 pts:4206.089 dur:41.700ms, clock:4199.879 level:64
2024-06-06 15:02:23.539 T:3652187008 DEBUG: CVideoPlayer::ProcessVideoData size:147048 dts:4206.131 pts:4206.215 dur:41.700ms, clock:4199.879 level:65
2024-06-06 15:02:23.540 T:3652187008 DEBUG: CVideoPlayer::ProcessVideoData size:79024 dts:4206.173 pts:4206.173 dur:41.700ms, clock:4199.881 level:65
2024-06-06 15:02:23.541 T:3652187008 DEBUG: CVideoPlayer::ProcessVideoData size:185977 dts:4206.215 pts:4206.298 dur:41.700ms, clock:4199.881 level:66
2024-06-06 15:02:23.542 T:3652187008 DEBUG: CVideoPlayer::ProcessVideoData size:81766 dts:4206.256 pts:4206.256 dur:41.700ms, clock:4199.882 level:66
2024-06-06 15:02:23.542 T:3652187008 DEBUG: CVideoPlayer::ProcessVideoData size:147625 dts:4206.298 pts:4206.381 dur:41.700ms, clock:4199.883 level:67
2024-06-06 15:02:23.544 T:3652187008 DEBUG: CVideoPlayer::ProcessVideoData size:77763 dts:4206.340 pts:4206.340 dur:41.700ms, clock:4199.884 level:67
2024-06-06 15:02:23.544 T:3652187008 DEBUG: CVideoPlayer::ProcessVideoData size:182727 dts:4206.381 pts:4206.465 dur:41.700ms, clock:4199.885 level:68
2024-06-06 15:02:23.545 T:3652187008 DEBUG: CVideoPlayer::ProcessVideoData size:76367 dts:4206.423 pts:4206.423 dur:41.700ms, clock:4199.886 level:68
2024-06-06 15:02:23.546 T:3652187008 DEBUG: CVideoPlayer::ProcessVideoData size:130864 dts:4206.465 pts:4206.548 dur:41.700ms, clock:4199.886 level:69
2024-06-06 15:02:23.547 T:3652187008 DEBUG: CVideoPlayer::ProcessVideoData size:73501 dts:4206.507 pts:4206.507 dur:41.700ms, clock:4199.888 level:69
2024-06-06 15:02:23.549 T:3652187008 DEBUG: CVideoPlayer::ProcessVideoData size:396439 dts:4206.548 pts:4206.632 dur:41.700ms, clock:4199.889 level:70
2024-06-06 15:02:23.550 T:3652187008 DEBUG: CVideoPlayer::ProcessVideoData size:68460 dts:4206.590 pts:4206.590 dur:41.700ms, clock:4199.891 level:70
2024-06-06 15:02:23.551 T:3652187008 DEBUG: CVideoPlayer::ProcessVideoData size:140010 dts:4206.632 pts:4206.715 dur:41.700ms, clock:4199.892 level:71
2024-06-06 15:02:23.551 T:3668460416 DEBUG: CVideoPlayerVideo::OutputPicture - ttd:524ms pts:4200.334 Clock:4199.809 Level:6
2024-06-06 15:02:23.553 T:3652187008 DEBUG: CVideoPlayer::ProcessVideoData size:67604 dts:4206.673 pts:4206.673 dur:41.700ms, clock:4199.893 level:71
2024-06-06 15:02:23.553 T:3652187008 DEBUG: CVideoPlayer::ProcessVideoData size:135772 dts:4206.715 pts:4206.798 dur:41.700ms, clock:4199.894 level:72
2024-06-06 15:02:23.554 T:3652187008 DEBUG: CVideoPlayer::ProcessVideoData size:75551 dts:4206.757 pts:4206.757 dur:41.700ms, clock:4199.895 level:72
2024-06-06 15:02:23.555 T:3652187008 DEBUG: CVideoPlayer::ProcessVideoData size:156412 dts:4206.798 pts:4206.882 dur:41.700ms, clock:4199.895 level:73
2024-06-06 15:02:23.556 T:3652187008 DEBUG: CVideoPlayer::ProcessVideoData size:72622 dts:4206.840 pts:4206.840 dur:41.700ms, clock:4199.897 level:73
2024-06-06 15:02:23.557 T:3652187008 DEBUG: CVideoPlayer::ProcessVideoData size:123536 dts:4206.882 pts:4206.965 dur:41.700ms, clock:4199.897 level:74
2024-06-06 15:02:23.558 T:3652187008 DEBUG: CVideoPlayer::ProcessVideoData size:69104 dts:4206.924 pts:4206.924 dur:41.700ms, clock:4199.898 level:75
2024-06-06 15:02:23.559 T:3652187008 DEBUG: CVideoPlayer::ProcessVideoData size:136777 dts:4206.965 pts:4207.007 dur:41.700ms, clock:4199.899 level:75
2024-06-06 15:02:23.562 T:3652187008 DEBUG: CVideoPlayer::ProcessVideoData size:580233 dts:4207.007 pts:4207.049 dur:41.700ms, clock:4199.903 level:76
2024-06-06 15:02:23.563 T:3652187008 DEBUG: CVideoPlayer::ProcessVideoData size:183746 dts:4207.049 pts:4207.132 dur:41.700ms, clock:4199.903 level:76
2024-06-06 15:02:23.564 T:3652187008 DEBUG: CVideoPlayer::ProcessVideoData size:105269 dts:4207.090 pts:4207.090 dur:41.700ms, clock:4199.905 level:77
2024-06-06 15:02:23.566 T:3652187008 DEBUG: CVideoPlayer::ProcessVideoData size:196064 dts:4207.132 pts:4207.216 dur:41.700ms, clock:4199.906 level:77
2024-06-06 15:02:23.567 T:3652187008 DEBUG: CVideoPlayer::ProcessVideoData size:109153 dts:4207.174 pts:4207.174 dur:41.700ms, clock:4199.907 level:78
2024-06-06 15:02:23.568 T:3652187008 DEBUG: CVideoPlayer::ProcessVideoData size:187123 dts:4207.216 pts:4207.299 dur:41.700ms, clock:4199.908 level:78
2024-06-06 15:02:23.569 T:3652187008 DEBUG: CVideoPlayer::ProcessVideoData size:115472 dts:4207.257 pts:4207.257 dur:41.700ms, clock:4199.910 level:79
2024-06-06 15:02:23.570 T:3652187008 DEBUG: CVideoPlayer::ProcessVideoData size:199369 dts:4207.299 pts:4207.382 dur:41.700ms, clock:4199.911 level:79
2024-06-06 15:02:23.572 T:3652187008 DEBUG: CVideoPlayer::ProcessVideoData size:117386 dts:4207.341 pts:4207.341 dur:41.700ms, clock:4199.912 level:80
2024-06-06 15:02:23.573 T:3652187008 DEBUG: CVideoPlayer::ProcessVideoData size:197930 dts:4207.382 pts:4207.466 dur:41.700ms, clock:4199.913 level:80
2024-06-06 15:02:23.574 T:3652187008 DEBUG: CVideoPlayer::ProcessVideoData size:123168 dts:4207.424 pts:4207.424 dur:41.700ms, clock:4199.914 level:81
2024-06-06 15:02:23.575 T:3652187008 DEBUG: CVideoPlayer::ProcessVideoData size:222797 dts:4207.466 pts:4207.549 dur:41.700ms, clock:4199.916 level:81
2024-06-06 15:02:23.577 T:3652187008 DEBUG: CVideoPlayer::ProcessVideoData size:118386 dts:4207.507 pts:4207.507 dur:41.700ms, clock:4199.917 level:82
2024-06-06 15:02:23.577 T:3652187008 DEBUG: CVideoPlayer::ProcessVideoData size:206875 dts:4207.549 pts:4207.633 dur:41.700ms, clock:4199.918 level:82
2024-06-06 15:02:23.579 T:3652187008 DEBUG: CVideoPlayer::ProcessVideoData size:120378 dts:4207.591 pts:4207.591 dur:41.700ms, clock:4199.919 level:83
2024-06-06 15:02:23.580 T:3652187008 DEBUG: CVideoPlayer::ProcessVideoData size:195364 dts:4207.633 pts:4207.716 dur:41.700ms, clock:4199.920 level:83
2024-06-06 15:02:23.581 T:3652187008 DEBUG: CVideoPlayer::ProcessVideoData size:120640 dts:4207.674 pts:4207.674 dur:41.700ms, clock:4199.922 level:84
2024-06-06 15:02:23.582 T:3652187008 DEBUG: CVideoPlayer::ProcessVideoData size:236981 dts:4207.716 pts:4207.799 dur:41.700ms, clock:4199.923 level:84
2024-06-06 15:02:23.584 T:3652187008 DEBUG: CVideoPlayer::ProcessVideoData size:129800 dts:4207.758 pts:4207.758 dur:41.700ms, clock:4199.924 level:85
2024-06-06 15:02:23.587 T:3652187008 DEBUG: CVideoPlayer::ProcessVideoData size:767062 dts:4207.799 pts:4207.883 dur:41.700ms, clock:4199.928 level:85
2024-06-06 15:02:23.588 T:3652187008 DEBUG: CVideoPlayer::ProcessVideoData size:117099 dts:4207.841 pts:4207.841 dur:41.700ms, clock:4199.929 level:86
2024-06-06 15:02:23.589 T:3652187008 DEBUG: CVideoPlayer::ProcessVideoData size:161452 dts:4207.883 pts:4207.966 dur:41.700ms, clock:4199.930 level:87
2024-06-06 15:02:23.590 T:3652187008 DEBUG: CVideoPlayer::ProcessVideoData size:107784 dts:4207.925 pts:4207.925 dur:41.700ms, clock:4199.931 level:87
2024-06-06 15:02:23.591 T:3652187008 DEBUG: CVideoPlayer::ProcessVideoData size:192998 dts:4207.966 pts:4208.050 dur:41.700ms, clock:4199.932 level:88
2024-06-06 15:02:23.593 T:3652187008 DEBUG: CVideoPlayer::ProcessVideoData size:101844 dts:4208.008 pts:4208.008 dur:41.700ms, clock:4199.934 level:88
2024-06-06 15:02:23.594 T:3652187008 DEBUG: CVideoPlayer::ProcessVideoData size:180581 dts:4208.050 pts:4208.133 dur:41.700ms, clock:4199.935 level:89
2024-06-06 15:02:23.596 T:3652187008 DEBUG: CVideoPlayer::ProcessVideoData size:112717 dts:4208.091 pts:4208.091 dur:41.700ms, clock:4199.936 level:89
2024-06-06 15:02:23.596 T:3652187008 DEBUG: CVideoPlayer::ProcessVideoData size:176607 dts:4208.133 pts:4208.217 dur:41.700ms, clock:4199.937 level:90
2024-06-06 15:02:23.598 T:3652187008 DEBUG: CVideoPlayer::ProcessVideoData size:113821 dts:4208.175 pts:4208.175 dur:41.700ms, clock:4199.938 level:90
2024-06-06 15:02:23.599 T:3652187008 DEBUG: CVideoPlayer::ProcessVideoData size:202100 dts:4208.217 pts:4208.300 dur:41.700ms, clock:4199.939 level:91
2024-06-06 15:02:23.600 T:3652187008 DEBUG: CVideoPlayer::ProcessVideoData size:116199 dts:4208.258 pts:4208.258 dur:41.700ms, clock:4199.941 level:91
2024-06-06 15:02:23.635 T:3668460416 DEBUG: CVideoPlayerVideo::OutputPicture - ttd:482ms pts:4200.375 Clock:4199.893 Level:6
2024-06-06 15:02:23.676 T:3668460416 DEBUG: CVideoPlayerVideo::OutputPicture - ttd:437ms pts:4200.417 Clock:4199.979 Level:6
2024-06-06 15:02:23.707 T:3652187008 DEBUG: CVideoPlayer::ProcessVideoData size:206617 dts:4208.300 pts:4208.383 dur:41.700ms, clock:4200.048 level:91
2024-06-06 15:02:23.709 T:3652187008 DEBUG: CVideoPlayer::ProcessVideoData size:128318 dts:4208.342 pts:4208.342 dur:41.700ms, clock:4200.049 level:92
2024-06-06 15:02:23.710 T:3652187008 DEBUG: CVideoPlayer::ProcessVideoData size:255025 dts:4208.383 pts:4208.467 dur:41.700ms, clock:4200.050 level:92
2024-06-06 15:02:23.711 T:3652187008 DEBUG: CVideoPlayer::ProcessVideoData size:133026 dts:4208.425 pts:4208.425 dur:41.700ms, clock:4200.052 level:93
2024-06-06 15:02:23.712 T:3652187008 DEBUG: CVideoPlayer::ProcessVideoData size:214959 dts:4208.467 pts:4208.550 dur:41.700ms, clock:4200.053 level:93
2024-06-06 15:02:23.713 T:3652187008 DEBUG: CVideoPlayer::ProcessVideoData size:120967 dts:4208.508 pts:4208.508 dur:41.700ms, clock:4200.054 level:94
2024-06-06 15:02:23.714 T:3652187008 DEBUG: CVideoPlayer::ProcessVideoData size:216261 dts:4208.550 pts:4208.634 dur:41.700ms, clock:4200.055 level:94
2024-06-06 15:02:23.716 T:3652187008 DEBUG: CVideoPlayer::ProcessVideoData size:118497 dts:4208.592 pts:4208.592 dur:41.700ms, clock:4200.056 level:95
2024-06-06 15:02:23.719 T:3668460416 DEBUG: CVideoPlayerVideo::OutputPicture - ttd:440ms pts:4200.459 Clock:4200.018 Level:6
2024-06-06 15:02:23.720 T:3652187008 DEBUG: CVideoPlayer::ProcessVideoData size:716155 dts:4208.634 pts:4208.717 dur:41.700ms, clock:4200.060 level:95
2024-06-06 15:02:23.721 T:3652187008 DEBUG: CVideoPlayer::ProcessVideoData size:113492 dts:4208.675 pts:4208.675 dur:41.700ms, clock:4200.062 level:96
2024-06-06 15:02:23.722 T:3652187008 DEBUG: CVideoPlayer::ProcessVideoData size:176030 dts:4208.717 pts:4208.800 dur:41.700ms, clock:4200.063 level:96
2024-06-06 15:02:23.723 T:3652187008 DEBUG: CVideoPlayer::ProcessVideoData size:111113 dts:4208.759 pts:4208.759 dur:41.700ms, clock:4200.064 level:97
2024-06-06 15:02:23.727 T:3652187008 DEBUG: CVideoPlayer::ProcessVideoData size:237978 dts:4208.800 pts:4208.884 dur:41.700ms, clock:4200.067 level:97
2024-06-06 15:02:23.728 T:3652187008 DEBUG: CVideoPlayer::ProcessVideoData size:131933 dts:4208.842 pts:4208.842 dur:41.700ms, clock:4200.069 level:98
2024-06-06 15:02:23.730 T:3652187008 DEBUG: CVideoPlayer::ProcessVideoData size:304882 dts:4208.884 pts:4208.967 dur:41.700ms, clock:4200.070 level:99
2024-06-06 15:02:23.739 T:3652187008 DEBUG: CVideoPlayer::ProcessVideoData size:175078 dts:4208.926 pts:4208.926 dur:41.700ms, clock:4200.079 level:99
2024-06-06 15:02:23.759 T:3668460416 DEBUG: CVideoPlayerVideo::OutputPicture - ttd:437ms pts:4200.501 Clock:4200.063 Level:6
2024-06-06 15:02:23.771 T:3652187008 DEBUG: CVideoPlayer::ProcessVideoData size:277681 dts:4208.967 pts:4209.051 dur:41.700ms, clock:4200.111 level:99
2024-06-06 15:02:23.782 T:3652187008 DEBUG: CVideoPlayer::ProcessVideoData size:186275 dts:4209.009 pts:4209.009 dur:41.700ms, clock:4200.123 level:99
2024-06-06 15:02:23.784 T:3652187008 DEBUG: CVideoPlayer::ProcessVideoData size:245716 dts:4209.051 pts:4209.134 dur:41.700ms, clock:4200.124 level:99
2024-06-06 15:02:23.795 T:3652187008 DEBUG: CVideoPlayer::ProcessVideoData size:165451 dts:4209.092 pts:4209.092 dur:41.700ms, clock:4200.135 level:99
2024-06-06 15:02:23.808 T:3652187008 DEBUG: CVideoPlayer::ProcessVideoData size:246613 dts:4209.134 pts:4209.218 dur:41.700ms, clock:4200.148 level:99
2024-06-06 15:02:23.809 T:3652187008 DEBUG: CVideoPlayer::ProcessVideoData size:159647 dts:4209.176 pts:4209.176 dur:41.700ms, clock:4200.149 level:99
2024-06-06 15:02:23.820 T:3652187008 DEBUG: CVideoPlayer::ProcessVideoData size:263429 dts:4209.218 pts:4209.301 dur:41.700ms, clock:4200.161 level:99
2024-06-06 15:02:23.822 T:3652187008 DEBUG: CVideoPlayer::ProcessVideoData size:173044 dts:4209.259 pts:4209.259 dur:41.700ms, clock:4200.163 level:99
2024-06-06 15:02:23.834 T:3652187008 DEBUG: CVideoPlayer::ProcessVideoData size:284546 dts:4209.301 pts:4209.384 dur:41.700ms, clock:4200.174 level:99
2024-06-06 15:02:23.835 T:3652187008 DEBUG: CVideoPlayer::ProcessVideoData size:174726 dts:4209.343 pts:4209.343 dur:41.700ms, clock:4200.176 level:99
2024-06-06 15:02:23.844 T:4060590144 DEBUG: CAMLCodec::SetVideoRect:display(0,0,1920,1080)
2024-06-06 15:02:23.844 T:4060590144 DEBUG: CAMLCodec::SetVideoRect:gui(0,0,1920,1080)
2024-06-06 15:02:23.844 T:4060590144 DEBUG: CAMLCodec::SetVideoRect:m_dst_rect(0,0,1920,1080)
2024-06-06 15:02:23.844 T:4060590144 DEBUG: CAMLCodec::SetVideoRect:dst_rect(0,0,1920,2205)
2024-06-06 15:02:23.844 T:4060590144 DEBUG: CAMLCodec::SetVideoRect:m_guiStereoMode(8)
2024-06-06 15:02:23.844 T:4060590144 DEBUG: CAMLCodec::SetVideoRect:m_guiStereoView(0)
2024-06-06 15:02:23.847 T:3652187008 DEBUG: CVideoPlayer::ProcessVideoData size:242673 dts:4209.384 pts:4209.468 dur:41.700ms, clock:4200.187 level:99
2024-06-06 15:02:23.858 T:3652187008 DEBUG: CVideoPlayer::ProcessVideoData size:170443 dts:4209.426 pts:4209.426 dur:41.700ms, clock:4200.199 level:99
2024-06-06 15:02:23.926 T:3668460416 DEBUG: CVideoPlayerVideo::OutputPicture - ttd:275ms pts:4200.542 Clock:4200.267 Level:4
2024-06-06 15:02:23.972 T:3668460416 DEBUG: CVideoPlayerVideo::OutputPicture - ttd:270ms pts:4200.584 Clock:4200.313 Level:3
2024-06-06 15:02:24.012 T:3668460416 DEBUG: CVideoPlayerVideo::OutputPicture - ttd:272ms pts:4200.626 Clock:4200.353 Level:3
2024-06-06 15:02:24.052 T:3668460416 DEBUG: CVideoPlayerVideo::OutputPicture - ttd:274ms pts:4200.667 Clock:4200.393 Level:3
2024-06-06 15:02:24.071 T:4038480768 DEBUG: ActiveAE::SyncStream - average error 15.476531, last average error: 623.203801
2024-06-06 15:02:24.092 T:3668460416 DEBUG: CVideoPlayerVideo::OutputPicture - ttd:276ms pts:4200.709 Clock:4200.433 Level:4
2024-06-06 15:02:24.139 T:3668460416 DEBUG: CVideoPlayerVideo::OutputPicture - ttd:271ms pts:4200.751 Clock:4200.479 Level:3
2024-06-06 15:02:24.179 T:3668460416 DEBUG: CVideoPlayerVideo::OutputPicture - ttd:273ms pts:4200.792 Clock:4200.519 Level:3
2024-06-06 15:02:24.219 T:3668460416 DEBUG: CVideoPlayerVideo::OutputPicture - ttd:274ms pts:4200.834 Clock:4200.559 Level:3
2024-06-06 15:02:24.220 T:4038480768 DEBUG: ActiveAE::SyncStream - average error of -9.858004, start adjusting
2024-06-06 15:02:24.220 T:4038480768 DEBUG: ActiveAE::SyncStream - average error -0.003838 below threshold of 30.000000
2024-06-06 15:02:24.259 T:3668460416 DEBUG: CVideoPlayerVideo::OutputPicture - ttd:276ms pts:4200.876 Clock:4200.600 Level:4
2024-06-06 15:02:24.306 T:3668460416 DEBUG: CVideoPlayerVideo::OutputPicture - ttd:271ms pts:4200.918 Clock:4200.646 Level:3
2024-06-06 15:02:24.346 T:3668460416 DEBUG: CVideoPlayerVideo::OutputPicture - ttd:273ms pts:4200.959 Clock:4200.686 Level:3
2024-06-06 15:02:24.371 T:3379557248 DEBUG: CVideoPlayerAudio - CDVDMsg::GENERAL_PAUSE: 1
2024-06-06 15:02:24.371 T:3379557248 DEBUG: CVideoPlayerAudio - CDVDMsg::GENERAL_PAUSE: 0
2024-06-06 15:02:24.385 T:3668460416 DEBUG: CVideoPlayerVideo::OutputPicture - ttd:275ms pts:4201.001 Clock:4200.726 Level:3
2024-06-06 15:02:24.432 T:3668460416 DEBUG: CVideoPlayerVideo::OutputPicture - ttd:270ms pts:4201.043 Clock:4200.772 Level:3
2024-06-06 15:02:24.472 T:3668460416 DEBUG: CVideoPlayerVideo::OutputPicture - ttd:272ms pts:4201.084 Clock:4200.812 Level:3
2024-06-06 15:02:24.478 T:3652187008 DEBUG: CVideoPlayer::ProcessVideoData size:964719 dts:4209.468 pts:4209.551 dur:41.700ms, clock:4200.818 level:89
2024-06-06 15:02:24.480 T:3652187008 DEBUG: CVideoPlayer::ProcessVideoData size:155018 dts:4209.510 pts:4209.510 dur:41.700ms, clock:4200.820 level:90
2024-06-06 15:02:24.513 T:3668460416 DEBUG: CVideoPlayerVideo::OutputPicture - ttd:272ms pts:4201.126 Clock:4200.854 Level:3
2024-06-06 15:02:24.553 T:3668460416 DEBUG: CVideoPlayerVideo::OutputPicture - ttd:273ms pts:4201.168 Clock:4200.894 Level:3
2024-06-06 15:02:24.573 T:3652187008 DEBUG: CVideoPlayer::ProcessVideoData size:248865 dts:4209.551 pts:4209.635 dur:41.700ms, clock:4200.913 level:89
2024-06-06 15:02:24.574 T:3652187008 DEBUG: CVideoPlayer::ProcessVideoData size:161559 dts:4209.593 pts:4209.593 dur:41.700ms, clock:4200.915 level:90
2024-06-06 15:02:24.596 T:3668460416 DEBUG: CVideoPlayerVideo::OutputPicture - ttd:273ms pts:4201.210 Clock:4200.936 Level:3
2024-06-06 15:02:24.627 T:3652187008 DEBUG: CVideoPlayer::ProcessVideoData size:241671 dts:4209.635 pts:4209.718 dur:41.700ms, clock:4200.967 level:90
2024-06-06 15:02:24.636 T:3668460416 DEBUG: CVideoPlayerVideo::OutputPicture - ttd:274ms pts:4201.251 Clock:4200.977 Level:3
2024-06-06 15:02:24.676 T:3668460416 DEBUG: CVideoPlayerVideo::OutputPicture - ttd:276ms pts:4201.293 Clock:4201.017 Level:4
2024-06-06 15:02:24.679 T:3652187008 DEBUG: CVideoPlayer::ProcessVideoData size:163527 dts:4209.676 pts:4209.676 dur:41.700ms, clock:4201.019 level:89
2024-06-06 15:02:24.723 T:3668460416 DEBUG: CVideoPlayerVideo::OutputPicture - ttd:271ms pts:4201.335 Clock:4201.063 Level:3
2024-06-06 15:02:24.731 T:3652187008 DEBUG: CVideoPlayer::ProcessVideoData size:254151 dts:4209.718 pts:4209.801 dur:41.700ms, clock:4201.072 level:89
2024-06-06 15:02:24.761 T:3668460416 DEBUG: CVideoPlayerVideo::OutputPicture - ttd:274ms pts:4201.376 Clock:4201.101 Level:3
2024-06-06 15:02:24.773 T:3652187008 DEBUG: CVideoPlayer::ProcessVideoData size:162127 dts:4209.760 pts:4209.760 dur:41.700ms, clock:4201.114 level:89
2024-06-06 15:02:24.775 T:3652187008 DEBUG: CVideoPlayer::ProcessVideoData size:255548 dts:4209.801 pts:4209.885 dur:41.700ms, clock:4201.115 level:90
2024-06-06 15:02:24.807 T:3668460416 DEBUG: CVideoPlayerVideo::OutputPicture - ttd:270ms pts:4201.418 Clock:4201.148 Level:3
2024-06-06 15:02:24.845 T:3668460416 DEBUG: CVideoPlayerVideo::OutputPicture - ttd:273ms pts:4201.460 Clock:4201.186 Level:3
2024-06-06 15:02:24.878 T:3652187008 DEBUG: CVideoPlayer::ProcessVideoData size:169193 dts:4209.843 pts:4209.843 dur:41.700ms, clock:4201.218 level:89
2024-06-06 15:02:24.880 T:3652187008 DEBUG: CVideoPlayer::ProcessVideoData size:318622 dts:4209.885 pts:4209.968 dur:41.700ms, clock:4201.220 level:89
2024-06-06 15:02:24.886 T:3668460416 DEBUG: CVideoPlayerVideo::OutputPicture - ttd:274ms pts:4201.502 Clock:4201.227 Level:3
2024-06-06 15:02:24.922 T:3652187008 DEBUG: CVideoPlayer::ProcessVideoData size:179240 dts:4209.927 pts:4209.927 dur:41.700ms, clock:4201.263 level:90
2024-06-06 15:02:24.930 T:3668460416 DEBUG: CVideoPlayerVideo::OutputPicture - ttd:272ms pts:4201.543 Clock:4201.271 Level:3
2024-06-06 15:02:24.970 T:3668460416 DEBUG: CVideoPlayerVideo::OutputPicture - ttd:274ms pts:4201.585 Clock:4201.311 Level:3
2024-06-06 15:02:24.975 T:3652187008 DEBUG: CVideoPlayer::ProcessVideoData size:272993 dts:4209.968 pts:4210.052 dur:41.700ms, clock:4201.315 level:89
2024-06-06 15:02:25.014 T:3668460416 DEBUG: CVideoPlayerVideo::OutputPicture - ttd:271ms pts:4201.627 Clock:4201.355 Level:3
2024-06-06 15:02:25.027 T:3652187008 DEBUG: CVideoPlayer::ProcessVideoData size:172810 dts:4210.010 pts:4210.010 dur:41.700ms, clock:4201.368 level:89
2024-06-06 15:02:25.029 T:3652187008 DEBUG: CVideoPlayer::ProcessVideoData size:267740 dts:4210.052 pts:4210.135 dur:41.700ms, clock:4201.369 level:90
2024-06-06 15:02:25.055 T:3668460416 DEBUG: CVideoPlayerVideo::OutputPicture - ttd:273ms pts:4201.668 Clock:4201.395 Level:3
2024-06-06 15:02:25.099 T:3668460416 DEBUG: CVideoPlayerVideo::OutputPicture - ttd:270ms pts:4201.710 Clock:4201.439 Level:3
2024-06-06 15:02:25.122 T:3652187008 DEBUG: CVideoPlayer::ProcessVideoData size:143495 dts:4210.093 pts:4210.093 dur:41.700ms, clock:4201.463 level:89
2024-06-06 15:02:25.123 T:3652187008 DEBUG: CVideoPlayer::ProcessVideoData size:216382 dts:4210.135 pts:4210.219 dur:41.700ms, clock:4201.464 level:90
2024-06-06 15:02:25.139 T:3668460416 DEBUG: CVideoPlayerVideo::OutputPicture - ttd:272ms pts:4201.752 Clock:4201.479 Level:3
2024-06-06 15:02:25.176 T:3652187008 DEBUG: CVideoPlayer::ProcessVideoData size:144143 dts:4210.177 pts:4210.177 dur:41.700ms, clock:4201.516 level:89
2024-06-06 15:02:25.177 T:3668460416 DEBUG: CVideoPlayerVideo::OutputPicture - ttd:275ms pts:4201.793 Clock:4201.518 Level:4
2024-06-06 15:02:25.223 T:3668460416 DEBUG: CVideoPlayerVideo::OutputPicture - ttd:271ms pts:4201.835 Clock:4201.564 Level:3
2024-06-06 15:02:25.228 T:3652187008 DEBUG: CVideoPlayer::ProcessVideoData size:248896 dts:4210.219 pts:4210.302 dur:41.700ms, clock:4201.568 level:89
2024-06-06 15:02:25.229 T:3652187008 DEBUG: CVideoPlayer::ProcessVideoData size:148378 dts:4210.260 pts:4210.260 dur:41.700ms, clock:4201.570 level:90
2024-06-06 15:02:25.263 T:3668460416 DEBUG: CVideoPlayerVideo::OutputPicture - ttd:272ms pts:4201.877 Clock:4201.604 Level:3
2024-06-06 15:02:25.275 T:3652187008 DEBUG: CVideoPlayer::ProcessVideoData size:767767 dts:4210.302 pts:4210.385 dur:41.700ms, clock:4201.615 level:90
2024-06-06 15:02:25.304 T:3668460416 DEBUG: CVideoPlayerVideo::OutputPicture - ttd:273ms pts:4201.919 Clock:4201.645 Level:3
2024-06-06 15:02:25.327 T:3652187008 DEBUG: CVideoPlayer::ProcessVideoData size:137866 dts:4210.344 pts:4210.344 dur:41.700ms, clock:4201.667 level:90
2024-06-06 15:02:25.344 T:3668460416 DEBUG: CVideoPlayerVideo::OutputPicture - ttd:275ms pts:4201.960 Clock:4201.685 Level:4
2024-06-06 15:02:25.379 T:3652187008 DEBUG: CVideoPlayer::ProcessVideoData size:202223 dts:4210.385 pts:4210.469 dur:41.700ms, clock:4201.719 level:89
2024-06-06 15:02:25.385 T:3668460416 DEBUG: CVideoPlayerVideo::OutputPicture - ttd:276ms pts:4202.002 Clock:4201.726 Level:4
2024-06-06 15:02:25.431 T:3652187008 DEBUG: CVideoPlayer::ProcessVideoData size:128009 dts:4210.427 pts:4210.427 dur:41.700ms, clock:4201.771 level:89
2024-06-06 15:02:25.432 T:3668460416 DEBUG: CVideoPlayerVideo::OutputPicture - ttd:271ms pts:4202.044 Clock:4201.773 Level:3
2024-06-06 15:02:25.473 T:3652187008 DEBUG: CVideoPlayer::ProcessVideoData size:252887 dts:4210.469 pts:4210.552 dur:41.700ms, clock:4201.813 level:89
2024-06-06 15:02:25.474 T:3668460416 DEBUG: CVideoPlayerVideo::OutputPicture - ttd:270ms pts:4202.085 Clock:4201.814 Level:3
2024-06-06 15:02:25.514 T:3668460416 DEBUG: CVideoPlayerVideo::OutputPicture - ttd:272ms pts:4202.127 Clock:4201.854 Level:3
2024-06-06 15:02:25.525 T:3652187008 DEBUG: CVideoPlayer::ProcessVideoData size:137966 dts:4210.511 pts:4210.511 dur:41.700ms, clock:4201.865 level:89
2024-06-06 15:02:25.554 T:3668460416 DEBUG: CVideoPlayerVideo::OutputPicture - ttd:274ms pts:4202.169 Clock:4201.894 Level:3
2024-06-06 15:02:25.577 T:3652187008 DEBUG: CVideoPlayer::ProcessVideoData size:237995 dts:4210.552 pts:4210.636 dur:41.700ms, clock:4201.918 level:89
2024-06-06 15:02:25.579 T:3652187008 DEBUG: CVideoPlayer::ProcessVideoData size:138396 dts:4210.594 pts:4210.594 dur:41.700ms, clock:4201.920 level:90
2024-06-06 15:02:25.594 T:3668460416 DEBUG: CVideoPlayerVideo::OutputPicture - ttd:276ms pts:4202.211 Clock:4201.935 Level:4
2024-06-06 15:02:25.631 T:3652187008 DEBUG: CVideoPlayer::ProcessVideoData size:249321 dts:4210.636 pts:4210.719 dur:41.700ms, clock:4201.971 level:90
2024-06-06 15:02:25.641 T:3668460416 DEBUG: CVideoPlayerVideo::OutputPicture - ttd:270ms pts:4202.252 Clock:4201.981 Level:3
2024-06-06 15:02:25.673 T:3652187008 DEBUG: CVideoPlayer::ProcessVideoData size:134557 dts:4210.677 pts:4210.677 dur:41.700ms, clock:4202.013 level:89
2024-06-06 15:02:25.681 T:3668460416 DEBUG: CVideoPlayerVideo::OutputPicture - ttd:272ms pts:4202.294 Clock:4202.021 Level:3
2024-06-06 15:02:25.721 T:3668460416 DEBUG: CVideoPlayerVideo::OutputPicture - ttd:273ms pts:4202.336 Clock:4202.062 Level:3
2024-06-06 15:02:25.725 T:3652187008 DEBUG: CVideoPlayer::ProcessVideoData size:225380 dts:4210.719 pts:4210.802 dur:41.700ms, clock:4202.065 level:89
2024-06-06 15:02:25.727 T:3652187008 DEBUG: CVideoPlayer::ProcessVideoData size:135618 dts:4210.761 pts:4210.761 dur:41.700ms, clock:4202.067 level:90
2024-06-06 15:02:25.762 T:3668460416 DEBUG: CVideoPlayerVideo::OutputPicture - ttd:274ms pts:4202.377 Clock:4202.102 Level:3
2024-06-06 15:02:25.802 T:3668460416 DEBUG: CVideoPlayerVideo::OutputPicture - ttd:276ms pts:4202.419 Clock:4202.142 Level:4
2024-06-06 15:02:25.829 T:3652187008 DEBUG: CVideoPlayer::ProcessVideoData size:253921 dts:4210.802 pts:4210.886 dur:41.700ms, clock:4202.170 level:89
2024-06-06 15:02:25.831 T:3652187008 DEBUG: CVideoPlayer::ProcessVideoData size:138499 dts:4210.844 pts:4210.844 dur:41.700ms, clock:4202.172 level:90
2024-06-06 15:02:25.847 T:3668460416 DEBUG: CVideoPlayerVideo::OutputPicture - ttd:273ms pts:4202.461 Clock:4202.187 Level:3
2024-06-06 15:02:25.873 T:3652187008 DEBUG: CVideoPlayer::ProcessVideoData size:258482 dts:4210.886 pts:4210.969 dur:41.700ms, clock:4202.214 level:90
2024-06-06 15:02:25.875 T:3652187008 DEBUG: CVideoPlayer::ProcessVideoData size:155900 dts:4210.928 pts:4210.928 dur:41.700ms, clock:4202.216 level:90
2024-06-06 15:02:25.887 T:3668460416 DEBUG: CVideoPlayerVideo::OutputPicture - ttd:275ms pts:4202.502 Clock:4202.227 Level:3
2024-06-06 15:02:25.931 T:3668460416 DEBUG: CVideoPlayerVideo::OutputPicture - ttd:272ms pts:4202.544 Clock:4202.272 Level:3
2024-06-06 15:02:25.971 T:3668460416 DEBUG: CVideoPlayerVideo::OutputPicture - ttd:273ms pts:4202.586 Clock:4202.312 Level:3
2024-06-06 15:02:25.981 T:3652187008 DEBUG: CVideoPlayer::ProcessVideoData size:645280 dts:4210.969 pts:4211.011 dur:41.700ms, clock:4202.321 level:89
2024-06-06 15:02:26.016 T:3668460416 DEBUG: CVideoPlayerVideo::OutputPicture - ttd:271ms pts:4202.628 Clock:4202.356 Level:3
2024-06-06 15:02:26.023 T:3652187008 DEBUG: CVideoPlayer::ProcessVideoData size:265633 dts:4211.011 pts:4211.094 dur:41.700ms, clock:4202.363 level:89
2024-06-06 15:02:26.055 T:3668460416 DEBUG: CVideoPlayerVideo::OutputPicture - ttd:273ms pts:4202.669 Clock:4202.396 Level:3
2024-06-06 15:02:26.075 T:3652187008 DEBUG: CVideoPlayer::ProcessVideoData size:137979 dts:4211.053 pts:4211.053 dur:41.700ms, clock:4202.416 level:89
2024-06-06 15:02:26.077 T:3652187008 DEBUG: CVideoPlayer::ProcessVideoData size:243091 dts:4211.094 pts:4211.178 dur:41.700ms, clock:4202.417 level:90
2024-06-06 15:02:26.096 T:3668460416 DEBUG: CVideoPlayerVideo::OutputPicture - ttd:274ms pts:4202.711 Clock:4202.437 Level:3
2024-06-06 15:02:26.129 T:3652187008 DEBUG: CVideoPlayer::ProcessVideoData size:163796 dts:4211.136 pts:4211.136 dur:41.700ms, clock:4202.470 level:89
2024-06-06 15:02:26.136 T:3668460416 DEBUG: CVideoPlayerVideo::OutputPicture - ttd:275ms pts:4202.753 Clock:4202.477 Level:4
2024-06-06 15:02:26.180 T:3668460416 DEBUG: CVideoPlayerVideo::OutputPicture - ttd:273ms pts:4202.794 Clock:4202.521 Level:3
2024-06-06 15:02:26.181 T:3652187008 DEBUG: CVideoPlayer::ProcessVideoData size:241776 dts:4211.178 pts:4211.261 dur:41.700ms, clock:4202.522 level:89
2024-06-06 15:02:26.222 T:3668460416 DEBUG: CVideoPlayerVideo::OutputPicture - ttd:274ms pts:4202.836 Clock:4202.562 Level:3
2024-06-06 15:02:26.224 T:3652187008 DEBUG: CVideoPlayer::ProcessVideoData size:157207 dts:4211.220 pts:4211.220 dur:41.700ms, clock:4202.564 level:89
2024-06-06 15:02:26.266 T:3668460416 DEBUG: CVideoPlayerVideo::OutputPicture - ttd:271ms pts:4202.878 Clock:4202.606 Level:3
2024-06-06 15:02:26.276 T:3652187008 DEBUG: CVideoPlayer::ProcessVideoData size:264467 dts:4211.261 pts:4211.345 dur:41.700ms, clock:4202.617 level:89
2024-06-06 15:02:26.278 T:3652187008 DEBUG: CVideoPlayer::ProcessVideoData size:158163 dts:4211.303 pts:4211.303 dur:41.700ms, clock:4202.618 level:90
2024-06-06 15:02:26.306 T:3668460416 DEBUG: CVideoPlayerVideo::OutputPicture - ttd:273ms pts:4202.920 Clock:4202.646 Level:3
2024-06-06 15:02:26.346 T:3668460416 DEBUG: CVideoPlayerVideo::OutputPicture - ttd:274ms pts:4202.961 Clock:4202.686 Level:3
2024-06-06 15:02:26.381 T:3652187008 DEBUG: CVideoPlayer::ProcessVideoData size:239371 dts:4211.345 pts:4211.428 dur:41.700ms, clock:4202.721 level:89
2024-06-06 15:02:26.383 T:3652187008 DEBUG: CVideoPlayer::ProcessVideoData size:147155 dts:4211.386 pts:4211.386 dur:41.700ms, clock:4202.723 level:89
2024-06-06 15:02:26.386 T:3668460416 DEBUG: CVideoPlayerVideo::OutputPicture - ttd:276ms pts:4203.003 Clock:4202.726 Level:4
2024-06-06 15:02:26.425 T:3652187008 DEBUG: CVideoPlayer::ProcessVideoData size:257332 dts:4211.428 pts:4211.511 dur:41.700ms, clock:4202.765 level:89
2024-06-06 15:02:26.432 T:3668460416 DEBUG: CVideoPlayerVideo::OutputPicture - ttd:271ms pts:4203.045 Clock:4202.773 Level:3
2024-06-06 15:02:26.472 T:3668460416 DEBUG: CVideoPlayerVideo::OutputPicture - ttd:273ms pts:4203.086 Clock:4202.813 Level:3
2024-06-06 15:02:26.477 T:3652187008 DEBUG: CVideoPlayer::ProcessVideoData size:157189 dts:4211.470 pts:4211.470 dur:41.700ms, clock:4202.817 level:89
2024-06-06 15:02:26.512 T:3668460416 DEBUG: CVideoPlayerVideo::OutputPicture - ttd:275ms pts:4203.128 Clock:4202.853 Level:4
2024-06-06 15:02:26.529 T:3652187008 DEBUG: CVideoPlayer::ProcessVideoData size:211682 dts:4211.511 pts:4211.595 dur:41.700ms, clock:4202.870 level:89
2024-06-06 15:02:26.531 T:3652187008 DEBUG: CVideoPlayer::ProcessVideoData size:160594 dts:4211.553 pts:4211.553 dur:41.700ms, clock:4202.872 level:90
2024-06-06 15:02:26.552 T:3668460416 DEBUG: CVideoPlayerVideo::OutputPicture - ttd:276ms pts:4203.170 Clock:4202.893 Level:4
2024-06-06 15:02:26.573 T:3652187008 DEBUG: CVideoPlayer::ProcessVideoData size:220339 dts:4211.595 pts:4211.678 dur:41.700ms, clock:4202.913 level:90
2024-06-06 15:02:26.594 T:3668460416 DEBUG: CVideoPlayerVideo::OutputPicture - ttd:276ms pts:4203.212 Clock:4202.935 Level:4
2024-06-06 15:02:26.625 T:3652187008 DEBUG: CVideoPlayer::ProcessVideoData size:172941 dts:4211.637 pts:4211.637 dur:41.700ms, clock:4202.966 level:90
2024-06-06 15:02:26.641 T:3668460416 DEBUG: CVideoPlayerVideo::OutputPicture - ttd:271ms pts:4203.253 Clock:4202.982 Level:3
2024-06-06 15:02:26.678 T:3652187008 DEBUG: CVideoPlayer::ProcessVideoData size:236253 dts:4211.678 pts:4211.762 dur:41.700ms, clock:4203.018 level:90
2024-06-06 15:02:26.680 T:3652187008 DEBUG: CVideoPlayer::ProcessVideoData size:156826 dts:4211.720 pts:4211.720 dur:41.700ms, clock:4203.020 level:90
2024-06-06 15:02:26.682 T:3668460416 DEBUG: CVideoPlayerVideo::OutputPicture - ttd:272ms pts:4203.295 Clock:4203.022 Level:3
2024-06-06 15:02:26.722 T:3668460416 DEBUG: CVideoPlayerVideo::OutputPicture - ttd:274ms pts:4203.337 Clock:4203.062 Level:3
2024-06-06 15:02:26.762 T:3668460416 DEBUG: CVideoPlayerVideo::OutputPicture - ttd:275ms pts:4203.378 Clock:4203.103 Level:4
2024-06-06 15:02:26.775 T:3652187008 DEBUG: CVideoPlayer::ProcessVideoData size:634798 dts:4211.762 pts:4211.845 dur:41.700ms, clock:4203.116 level:89
2024-06-06 15:02:26.803 T:3668460416 DEBUG: CVideoPlayerVideo::OutputPicture - ttd:276ms pts:4203.420 Clock:4203.143 Level:4
2024-06-06 15:02:26.827 T:3652187008 DEBUG: CVideoPlayer::ProcessVideoData size:136952 dts:4211.803 pts:4211.803 dur:41.700ms, clock:4203.168 level:89
2024-06-06 15:02:26.828 T:3652187008 DEBUG: CVideoPlayer::ProcessVideoData size:205263 dts:4211.845 pts:4211.929 dur:41.700ms, clock:4203.169 level:90
2024-06-06 15:02:26.850 T:3668460416 DEBUG: CVideoPlayerVideo::OutputPicture - ttd:271ms pts:4203.462 Clock:4203.190 Level:3
2024-06-06 15:02:26.881 T:3652187008 DEBUG: CVideoPlayer::ProcessVideoData size:151643 dts:4211.887 pts:4211.887 dur:41.700ms, clock:4203.221 level:89
2024-06-06 15:02:26.890 T:3668460416 DEBUG: CVideoPlayerVideo::OutputPicture - ttd:273ms pts:4203.503 Clock:4203.230 Level:3
2024-06-06 15:02:26.923 T:3652187008 DEBUG: CVideoPlayer::ProcessVideoData size:245291 dts:4211.929 pts:4212.012 dur:41.700ms, clock:4203.263 level:89
2024-06-06 15:02:26.930 T:3668460416 DEBUG: CVideoPlayerVideo::OutputPicture - ttd:274ms pts:4203.545 Clock:4203.271 Level:3
2024-06-06 15:02:26.970 T:3668460416 DEBUG: CVideoPlayerVideo::OutputPicture - ttd:276ms pts:4203.587 Clock:4203.311 Level:4
2024-06-06 15:02:26.975 T:3652187008 DEBUG: CVideoPlayer::ProcessVideoData size:155954 dts:4211.970 pts:4211.970 dur:41.700ms, clock:4203.315 level:89
2024-06-06 15:02:26.976 T:3652187008 DEBUG: CVideoPlayer::ProcessVideoData size:227260 dts:4212.012 pts:4212.095 dur:41.700ms, clock:4203.316 level:90
2024-06-06 15:02:27.016 T:3668460416 DEBUG: CVideoPlayerVideo::OutputPicture - ttd:271ms pts:4203.629 Clock:4203.357 Level:3
2024-06-06 15:02:27.056 T:3668460416 DEBUG: CVideoPlayerVideo::OutputPicture - ttd:273ms pts:4203.670 Clock:4203.397 Level:3
2024-06-06 15:02:27.079 T:3652187008 DEBUG: CVideoPlayer::ProcessVideoData size:151397 dts:4212.054 pts:4212.054 dur:41.700ms, clock:4203.419 level:89
2024-06-06 15:02:27.080 T:3652187008 DEBUG: CVideoPlayer::ProcessVideoData size:235768 dts:4212.095 pts:4212.179 dur:41.700ms, clock:4203.421 level:90
2024-06-06 15:02:27.096 T:3668460416 DEBUG: CVideoPlayerVideo::OutputPicture - ttd:275ms pts:4203.712 Clock:4203.437 Level:3
