2024-06-06 15:02:04.816 T:3643794304 DEBUG: CVideoPlayer::ProcessVideoData size:15973 dts:25.589 pts:25.589 dur:41.000ms, clock:17.003 level:91
2024-06-06 15:02:04.816 T:3643794304 DEBUG: CVideoPlayer::ProcessVideoData size:15995 dts:25.630 pts:25.630 dur:41.000ms, clock:17.003 level:91
2024-06-06 15:02:04.816 T:3643794304 DEBUG: CVideoPlayer::ProcessVideoData size:15975 dts:25.672 pts:25.672 dur:41.000ms, clock:17.003 level:92
2024-06-06 15:02:04.817 T:3643794304 DEBUG: CVideoPlayer::ProcessVideoData size:22504 dts:25.714 pts:25.714 dur:41.000ms, clock:17.004 level:92
2024-06-06 15:02:04.832 T:3652187008 DEBUG: CVideoPlayerVideo::OutputPicture - ttd:179ms pts:17.198 Clock:17.019 Level:2
2024-06-06 15:02:04.837 T:3775697792 DEBUG: PushCecKeypress - received key b duration 0
2024-06-06 15:02:04.840 T:4060590144 DEBUG: HandleKey: 11 (0x0b, obc244) pressed, action is OSD
2024-06-06 15:02:04.840 T:4060590144 DEBUG: ------ Window Init (VideoOSD.xml) ------
2024-06-06 15:02:04.844 T:4060590144 DEBUG: ------ Window Init (DialogSeekBar.xml) ------
2024-06-06 15:02:04.857 T:4060590144 DEBUG: ------ Window Init (Custom_1109_TopBarOverlay.xml) ------
2024-06-06 15:02:04.864 T:3652187008 DEBUG: CVideoPlayerVideo::OutputPicture - ttd:188ms pts:17.240 Clock:17.051 Level:3
2024-06-06 15:02:04.869 T:3643794304 DEBUG: CVideoPlayer::ProcessVideoData size:44152 dts:25.756 pts:25.756 dur:41.000ms, clock:17.056 level:92
2024-06-06 15:02:04.915 T:3652187008 DEBUG: CVideoPlayerVideo::OutputPicture - ttd:179ms pts:17.282 Clock:17.102 Level:2
2024-06-06 15:02:04.947 T:3652187008 DEBUG: CVideoPlayerVideo::OutputPicture - ttd:188ms pts:17.323 Clock:17.134 Level:3
2024-06-06 15:02:04.998 T:3652187008 DEBUG: CVideoPlayerVideo::OutputPicture - ttd:179ms pts:17.365 Clock:17.185 Level:2
2024-06-06 15:02:05.022 T:3643794304 DEBUG: CVideoPlayer::ProcessVideoData size:13389 dts:25.797 pts:25.797 dur:41.000ms, clock:17.209 level:91
2024-06-06 15:02:05.022 T:3643794304 DEBUG: CVideoPlayer::ProcessVideoData size:15283 dts:25.839 pts:25.839 dur:41.000ms, clock:17.209 level:91
2024-06-06 15:02:05.023 T:3643794304 DEBUG: CVideoPlayer::ProcessVideoData size:15715 dts:25.881 pts:25.881 dur:41.000ms, clock:17.210 level:92
2024-06-06 15:02:05.023 T:3643794304 DEBUG: CVideoPlayer::ProcessVideoData size:16306 dts:25.923 pts:25.923 dur:41.000ms, clock:17.210 level:92
2024-06-06 15:02:05.031 T:3652187008 DEBUG: CVideoPlayerVideo::OutputPicture - ttd:188ms pts:17.407 Clock:17.218 Level:3
2024-06-06 15:02:05.082 T:3652187008 DEBUG: CVideoPlayerVideo::OutputPicture - ttd:179ms pts:17.449 Clock:17.269 Level:2
2024-06-06 15:02:05.114 T:3652187008 DEBUG: CVideoPlayerVideo::OutputPicture - ttd:188ms pts:17.490 Clock:17.301 Level:3
2024-06-06 15:02:05.166 T:3652187008 DEBUG: CVideoPlayerVideo::OutputPicture - ttd:179ms pts:17.532 Clock:17.353 Level:2
2024-06-06 15:02:05.198 T:3652187008 DEBUG: CVideoPlayerVideo::OutputPicture - ttd:189ms pts:17.574 Clock:17.385 Level:3
2024-06-06 15:02:05.218 T:3643794304 DEBUG: CVideoPlayer::ProcessVideoData size:16675 dts:25.964 pts:25.964 dur:41.000ms, clock:17.405 level:90
2024-06-06 15:02:05.218 T:3643794304 DEBUG: CVideoPlayer::ProcessVideoData size:16788 dts:26.006 pts:26.006 dur:41.000ms, clock:17.405 level:91
2024-06-06 15:02:05.219 T:3643794304 DEBUG: CVideoPlayer::ProcessVideoData size:17268 dts:26.048 pts:26.048 dur:41.000ms, clock:17.406 level:91
2024-06-06 15:02:05.219 T:3643794304 DEBUG: CVideoPlayer::ProcessVideoData size:17430 dts:26.089 pts:26.089 dur:41.000ms, clock:17.406 level:92
2024-06-06 15:02:05.220 T:3643794304 DEBUG: CVideoPlayer::ProcessVideoData size:16844 dts:26.131 pts:26.131 dur:41.000ms, clock:17.407 level:92
2024-06-06 15:02:05.249 T:3652187008 DEBUG: CVideoPlayerVideo::OutputPicture - ttd:179ms pts:17.616 Clock:17.436 Level:2
2024-06-06 15:02:05.281 T:3652187008 DEBUG: CVideoPlayerVideo::OutputPicture - ttd:188ms pts:17.657 Clock:17.468 Level:3
2024-06-06 15:02:05.332 T:3652187008 DEBUG: CVideoPlayerVideo::OutputPicture - ttd:179ms pts:17.699 Clock:17.519 Level:2
2024-06-06 15:02:05.365 T:3652187008 DEBUG: CVideoPlayerVideo::OutputPicture - ttd:189ms pts:17.741 Clock:17.552 Level:3
2024-06-06 15:02:05.415 T:3643794304 DEBUG: CVideoPlayer::ProcessVideoData size:17125 dts:26.173 pts:26.173 dur:41.000ms, clock:17.602 level:91
2024-06-06 15:02:05.415 T:3643794304 DEBUG: CVideoPlayer::ProcessVideoData size:16850 dts:26.215 pts:26.215 dur:41.000ms, clock:17.602 level:91
2024-06-06 15:02:05.416 T:3643794304 DEBUG: CVideoPlayer::ProcessVideoData size:16787 dts:26.256 pts:26.256 dur:41.000ms, clock:17.603 level:92
2024-06-06 15:02:05.416 T:3643794304 DEBUG: CVideoPlayer::ProcessVideoData size:16223 dts:26.298 pts:26.298 dur:41.000ms, clock:17.603 level:92
2024-06-06 15:02:05.417 T:3652187008 DEBUG: CVideoPlayerVideo::OutputPicture - ttd:178ms pts:17.783 Clock:17.604 Level:2
2024-06-06 15:02:05.443 T:3652187008 DEBUG: CVideoPlayerVideo::OutputPicture - ttd:193ms pts:17.824 Clock:17.630 Level:3
2024-06-06 15:02:05.494 T:3652187008 DEBUG: CVideoPlayerVideo::OutputPicture - ttd:184ms pts:17.866 Clock:17.681 Level:2
2024-06-06 15:02:05.532 T:3652187008 DEBUG: CVideoPlayerVideo::OutputPicture - ttd:188ms pts:17.908 Clock:17.719 Level:3
2024-06-06 15:02:05.577 T:3652187008 DEBUG: CVideoPlayerVideo::OutputPicture - ttd:185ms pts:17.950 Clock:17.764 Level:2
2024-06-06 15:02:05.612 T:3652187008 DEBUG: CVideoPlayerVideo::OutputPicture - ttd:192ms pts:17.991 Clock:17.799 Level:3
2024-06-06 15:02:05.613 T:3652187008 DEBUG: CVideoPlayerVideo::OutputPicture - ttd:232ms pts:18.033 Clock:17.800 Level:4
2024-06-06 15:02:05.615 T:3652187008 DEBUG: CVideoPlayerVideo::OutputPicture - ttd:273ms pts:18.075 Clock:17.802 Level:5
2024-06-06 15:02:05.620 T:3643794304 DEBUG: CVideoPlayer::ProcessVideoData size:22027 dts:26.340 pts:26.340 dur:41.000ms, clock:17.807 level:90
2024-06-06 15:02:05.620 T:3643794304 DEBUG: CVideoPlayer::ProcessVideoData size:15088 dts:26.382 pts:26.382 dur:41.000ms, clock:17.807 level:91
2024-06-06 15:02:05.620 T:3643794304 DEBUG: CVideoPlayer::ProcessVideoData size:15142 dts:26.423 pts:26.423 dur:41.000ms, clock:17.808 level:91
2024-06-06 15:02:05.622 T:3643794304 DEBUG: CVideoPlayer::ProcessVideoData size:14881 dts:26.465 pts:26.465 dur:41.000ms, clock:17.809 level:91
2024-06-06 15:02:05.622 T:3643794304 DEBUG: CVideoPlayer::ProcessVideoData size:14940 dts:26.507 pts:26.507 dur:41.000ms, clock:17.809 level:92
2024-06-06 15:02:05.747 T:3652187008 DEBUG: CVideoPlayerVideo::OutputPicture - ttd:183ms pts:18.117 Clock:17.934 Level:2
2024-06-06 15:02:05.765 T:3643794304 DEBUG: CVideoPlayer::ProcessVideoData size:14854 dts:26.549 pts:26.549 dur:41.000ms, clock:17.953 level:91
2024-06-06 15:02:05.766 T:3643794304 DEBUG: CVideoPlayer::ProcessVideoData size:14958 dts:26.590 pts:26.590 dur:41.000ms, clock:17.953 level:91
2024-06-06 15:02:05.766 T:3643794304 DEBUG: CVideoPlayer::ProcessVideoData size:15334 dts:26.632 pts:26.632 dur:41.000ms, clock:17.953 level:92
2024-06-06 15:02:05.767 T:3643794304 DEBUG: CVideoPlayer::ProcessVideoData size:15079 dts:26.674 pts:26.674 dur:41.000ms, clock:17.954 level:92
2024-06-06 15:02:05.781 T:3652187008 DEBUG: CVideoPlayerVideo::OutputPicture - ttd:190ms pts:18.158 Clock:17.968 Level:3
2024-06-06 15:02:05.818 T:3643794304 DEBUG: CVideoPlayer::ProcessVideoData size:48340 dts:26.716 pts:26.716 dur:41.000ms, clock:18.005 level:92
2024-06-06 15:02:05.827 T:3652187008 DEBUG: CVideoPlayerVideo::OutputPicture - ttd:186ms pts:18.200 Clock:18.014 Level:2
2024-06-06 15:02:05.865 T:3652187008 DEBUG: CVideoPlayerVideo::OutputPicture - ttd:189ms pts:18.242 Clock:18.052 Level:3
2024-06-06 15:02:05.916 T:3652187008 DEBUG: CVideoPlayerVideo::OutputPicture - ttd:180ms pts:18.284 Clock:18.103 Level:2
2024-06-06 15:02:05.948 T:3652187008 DEBUG: CVideoPlayerVideo::OutputPicture - ttd:189ms pts:18.325 Clock:18.135 Level:3
2024-06-06 15:02:05.972 T:3643794304 DEBUG: CVideoPlayer::ProcessVideoData size:13347 dts:26.757 pts:26.757 dur:41.000ms, clock:18.159 level:91
2024-06-06 15:02:05.973 T:3643794304 DEBUG: CVideoPlayer::ProcessVideoData size:15061 dts:26.799 pts:26.799 dur:41.000ms, clock:18.160 level:91
2024-06-06 15:02:05.973 T:3643794304 DEBUG: CVideoPlayer::ProcessVideoData size:15710 dts:26.841 pts:26.841 dur:41.000ms, clock:18.160 level:92
2024-06-06 15:02:05.973 T:3643794304 DEBUG: CVideoPlayer::ProcessVideoData size:15638 dts:26.883 pts:26.883 dur:41.000ms, clock:18.160 level:92
2024-06-06 15:02:05.994 T:3652187008 DEBUG: CVideoPlayerVideo::OutputPicture - ttd:186ms pts:18.367 Clock:18.181 Level:2
2024-06-06 15:02:06.032 T:3652187008 DEBUG: CVideoPlayerVideo::OutputPicture - ttd:189ms pts:18.409 Clock:18.219 Level:3
2024-06-06 15:02:06.041 T:3775697792 DEBUG: PushCecKeypress - received key a8 duration 0
2024-06-06 15:02:06.056 T:4060590144 DEBUG: HandleKey: 168 (0xa8, obc87) pressed, action is Right
2024-06-06 15:02:06.077 T:3652187008 DEBUG: CVideoPlayerVideo::OutputPicture - ttd:185ms pts:18.450 Clock:18.264 Level:2
2024-06-06 15:02:06.109 T:3652187008 DEBUG: CVideoPlayerVideo::OutputPicture - ttd:195ms pts:18.492 Clock:18.296 Level:3
2024-06-06 15:02:06.161 T:3652187008 DEBUG: CVideoPlayerVideo::OutputPicture - ttd:186ms pts:18.534 Clock:18.348 Level:2
2024-06-06 15:02:06.168 T:3643794304 DEBUG: CVideoPlayer::ProcessVideoData size:15760 dts:26.924 pts:26.924 dur:41.000ms, clock:18.355 level:90
2024-06-06 15:02:06.168 T:3643794304 DEBUG: CVideoPlayer::ProcessVideoData size:20610 dts:26.966 pts:26.966 dur:41.000ms, clock:18.355 level:91
2024-06-06 15:02:06.169 T:3643794304 DEBUG: CVideoPlayer::ProcessVideoData size:15385 dts:27.008 pts:27.008 dur:41.000ms, clock:18.356 level:91
2024-06-06 15:02:06.170 T:3643794304 DEBUG: CVideoPlayer::ProcessVideoData size:14617 dts:27.050 pts:27.050 dur:41.000ms, clock:18.357 level:92
2024-06-06 15:02:06.170 T:3643794304 DEBUG: CVideoPlayer::ProcessVideoData size:14831 dts:27.091 pts:27.091 dur:41.000ms, clock:18.357 level:92
2024-06-06 15:02:06.193 T:3652187008 DEBUG: CVideoPlayerVideo::OutputPicture - ttd:195ms pts:18.576 Clock:18.380 Level:3
2024-06-06 15:02:06.244 T:3652187008 DEBUG: CVideoPlayerVideo::OutputPicture - ttd:185ms pts:18.617 Clock:18.431 Level:2
2024-06-06 15:02:06.277 T:3652187008 DEBUG: CVideoPlayerVideo::OutputPicture - ttd:194ms pts:18.659 Clock:18.464 Level:3
2024-06-06 15:02:06.329 T:3652187008 DEBUG: CVideoPlayerVideo::OutputPicture - ttd:185ms pts:18.701 Clock:18.516 Level:2
2024-06-06 15:02:06.361 T:3652187008 DEBUG: CVideoPlayerVideo::OutputPicture - ttd:195ms pts:18.743 Clock:18.548 Level:3
2024-06-06 15:02:06.374 T:3643794304 DEBUG: CVideoPlayer::ProcessVideoData size:14754 dts:27.133 pts:27.133 dur:41.000ms, clock:18.561 level:90
2024-06-06 15:02:06.375 T:3643794304 DEBUG: CVideoPlayer::ProcessVideoData size:14604 dts:27.175 pts:27.175 dur:41.000ms, clock:18.562 level:91
2024-06-06 15:02:06.376 T:3643794304 DEBUG: CVideoPlayer::ProcessVideoData size:14452 dts:27.217 pts:27.217 dur:41.000ms, clock:18.563 level:91
2024-06-06 15:02:06.376 T:3643794304 DEBUG: CVideoPlayer::ProcessVideoData size:14127 dts:27.258 pts:27.258 dur:41.000ms, clock:18.563 level:92
2024-06-06 15:02:06.412 T:3652187008 DEBUG: CVideoPlayerVideo::OutputPicture - ttd:184ms pts:18.784 Clock:18.599 Level:2
2024-06-06 15:02:06.444 T:3652187008 DEBUG: CVideoPlayerVideo::OutputPicture - ttd:194ms pts:18.826 Clock:18.631 Level:3
2024-06-06 15:02:06.495 T:3652187008 DEBUG: CVideoPlayerVideo::OutputPicture - ttd:185ms pts:18.868 Clock:18.682 Level:2
2024-06-06 15:02:06.527 T:3652187008 DEBUG: CVideoPlayerVideo::OutputPicture - ttd:195ms pts:18.910 Clock:18.715 Level:3
2024-06-06 15:02:06.570 T:3643794304 DEBUG: CVideoPlayer::ProcessVideoData size:14601 dts:27.300 pts:27.300 dur:41.000ms, clock:18.757 level:90
2024-06-06 15:02:06.570 T:3643794304 DEBUG: CVideoPlayer::ProcessVideoData size:14638 dts:27.342 pts:27.342 dur:41.000ms, clock:18.757 level:91
2024-06-06 15:02:06.571 T:3643794304 DEBUG: CVideoPlayer::ProcessVideoData size:14556 dts:27.384 pts:27.384 dur:41.000ms, clock:18.758 level:91
2024-06-06 15:02:06.572 T:3643794304 DEBUG: CVideoPlayer::ProcessVideoData size:14517 dts:27.425 pts:27.425 dur:41.000ms, clock:18.759 level:92
2024-06-06 15:02:06.572 T:3643794304 DEBUG: CVideoPlayer::ProcessVideoData size:14821 dts:27.467 pts:27.467 dur:41.000ms, clock:18.759 level:92
2024-06-06 15:02:06.581 T:3652187008 DEBUG: CVideoPlayerVideo::OutputPicture - ttd:182ms pts:18.951 Clock:18.768 Level:2
2024-06-06 15:02:06.582 T:3652187008 DEBUG: CVideoPlayerVideo::OutputPicture - ttd:223ms pts:18.993 Clock:18.769 Level:3
2024-06-06 15:02:06.584 T:3652187008 DEBUG: CVideoPlayerVideo::OutputPicture - ttd:264ms pts:19.035 Clock:18.771 Level:4
2024-06-06 15:02:06.716 T:3643794304 DEBUG: CVideoPlayer::ProcessVideoData size:14662 dts:27.509 pts:27.509 dur:41.000ms, clock:18.903 level:91
2024-06-06 15:02:06.716 T:3643794304 DEBUG: CVideoPlayer::ProcessVideoData size:14292 dts:27.551 pts:27.551 dur:41.000ms, clock:18.903 level:92
2024-06-06 15:02:07.174 T:3652187008 DEBUG: CVideoPlayerVideo::OutputPicture - ttd:172ms pts:19.077 Clock:18.904 Level:2
2024-06-06 15:02:07.174 T:3775697792 DEBUG: PushCecKeypress - received key b duration 0
2024-06-06 15:02:07.174 T:3775697792 DEBUG: PushCecKeypress - received key b duration 72
2024-06-06 15:02:07.174 T:3643794304 DEBUG: CVideoPlayer::ProcessVideoData size:20284 dts:27.592 pts:27.592 dur:41.000ms, clock:19.361 level:92
2024-06-06 15:02:07.175 T:3643794304 DEBUG: CVideoPlayer::ProcessVideoData size:14199 dts:27.634 pts:27.634 dur:41.000ms, clock:19.362 level:93
2024-06-06 15:02:07.176 T:3643794304 DEBUG: CVideoPlayer::ProcessVideoData size:44537 dts:27.676 pts:27.676 dur:41.000ms, clock:19.363 level:93
2024-06-06 15:02:07.177 T:3652187008 DEBUG: CVideoPlayerVideo::OutputPicture - ttd:-246ms pts:19.118 Clock:19.365 Level:1
2024-06-06 15:02:07.178 T:3643794304 DEBUG: CVideoPlayer::ProcessVideoData size:11412 dts:27.717 pts:27.717 dur:41.000ms, clock:19.365 level:94
2024-06-06 15:02:07.178 T:3643794304 DEBUG: CVideoPlayer::ProcessVideoData size:13568 dts:27.759 pts:27.759 dur:41.000ms, clock:19.365 level:94
2024-06-06 15:02:07.179 T:3643794304 DEBUG: CVideoPlayer::ProcessVideoData size:14498 dts:27.801 pts:27.801 dur:41.000ms, clock:19.366 level:95
2024-06-06 15:02:07.179 T:3643794304 DEBUG: CVideoPlayer::ProcessVideoData size:14925 dts:27.843 pts:27.843 dur:41.000ms, clock:19.366 level:95
2024-06-06 15:02:07.180 T:3652187008 DEBUG: CVideoPlayerVideo::OutputPicture - ttd:-207ms pts:19.160 Clock:19.367 Level:2
2024-06-06 15:02:07.181 T:3643794304 DEBUG: CVideoPlayer::ProcessVideoData size:15206 dts:27.884 pts:27.884 dur:41.000ms, clock:19.368 level:96
2024-06-06 15:02:07.181 T:3643794304 DEBUG: CVideoPlayer::ProcessVideoData size:15336 dts:27.926 pts:27.926 dur:41.000ms, clock:19.368 level:96
2024-06-06 15:02:07.182 T:3643794304 DEBUG: CVideoPlayer::ProcessVideoData size:15304 dts:27.968 pts:27.968 dur:41.000ms, clock:19.369 level:97
2024-06-06 15:02:07.182 T:3643794304 DEBUG: CVideoPlayer::ProcessVideoData size:15363 dts:28.010 pts:28.010 dur:41.000ms, clock:19.369 level:98
2024-06-06 15:02:07.183 T:3652187008 DEBUG: CVideoPlayerVideo::OutputPicture - ttd:-168ms pts:19.202 Clock:19.370 Level:3
2024-06-06 15:02:07.188 T:4060590144 DEBUG: HandleKey: 11 (0x0b, obc244) pressed, action is Select
2024-06-06 15:02:07.188 T:4060590144 NOTICE: CVideoPlayer::CloseFile()
2024-06-06 15:02:07.189 T:4060590144 DEBUG: DeleteRenderer - deleting renderer
2024-06-06 15:02:07.189 T:4060590144 NOTICE: VideoPlayer: waiting for threads to exit
2024-06-06 15:02:07.193 T:3643794304 NOTICE: CVideoPlayer::OnExit()
2024-06-06 15:02:07.193 T:3643794304 NOTICE: Closing stream player 1
2024-06-06 15:02:07.193 T:3643794304 NOTICE: Waiting for audio thread to exit
2024-06-06 15:02:07.212 T:3652187008 DEBUG: CVideoPlayerVideo::OutputPicture - ttd:-155ms pts:19.244 Clock:19.399 Level:0
2024-06-06 15:02:07.214 T:3568010112 NOTICE: thread end: CVideoPlayerAudio::OnExit()
2024-06-06 15:02:07.214 T:3568010112 DEBUG: Thread VideoPlayerAudio 3568010112 terminating
2024-06-06 15:02:07.215 T:3643794304 NOTICE: Closing audio device
2024-06-06 15:02:07.233 T:3652187008 DEBUG: CVideoPlayerVideo::OutputPicture - ttd:-116ms pts:19.285 Clock:19.401 Level:0
2024-06-06 15:02:07.255 T:3652187008 DEBUG: CVideoPlayerVideo::OutputPicture - ttd:-94ms pts:19.327 Clock:19.422 Level:0
2024-06-06 15:02:07.264 T:3643794304 DEBUG: CDVDAudio::Flush - flush audio stream
2024-06-06 15:02:07.264 T:4038480768 DEBUG: CActiveAE::DiscardStream - audio stream deleted
2024-06-06 15:02:07.264 T:4038480768 DEBUG: CActiveAE::ClearDiscardedBuffers - buffer pool deleted
2024-06-06 15:02:07.266 T:4028625792 DEBUG: Previous line repeats 2 times.
2024-06-06 15:02:07.266 T:4028625792 INFO: CActiveAESink::OpenSink - initialize sink
2024-06-06 15:02:07.266 T:3643794304 NOTICE: Deleting audio codec
2024-06-06 15:02:07.266 T:3643794304 NOTICE: Closing stream player 2
2024-06-06 15:02:07.266 T:3643794304 NOTICE: waiting for video thread to exit
2024-06-06 15:02:07.275 T:3652187008 DEBUG: CVideoPlayerVideo::OutputPicture - ttd:-74ms pts:19.369 Clock:19.443 Level:0
2024-06-06 15:02:07.276 T:3652187008 NOTICE: thread end: video_thread
2024-06-06 15:02:07.276 T:3652187008 DEBUG: Thread VideoPlayerVideo 3652187008 terminating
2024-06-06 15:02:07.277 T:3643794304 NOTICE: deleting video codec
2024-06-06 15:02:07.277 T:3643794304 DEBUG: CAMLCodec::CloseDecoder
2024-06-06 15:02:07.286 T:3643794304 DEBUG: CAMLVideoBufferPool::~CAMLVideoBufferPool: Deleting 7 buffers
2024-06-06 15:02:07.295 T:3643794304 DEBUG: Thread VideoPlayer 3643794304 terminating
2024-06-06 15:02:07.295 T:4060590144 NOTICE: VideoPlayer: finished waiting
2024-06-06 15:02:07.295 T:4060590144 NOTICE: CVideoPlayer::CloseFile()
2024-06-06 15:02:07.295 T:4060590144 NOTICE: VideoPlayer: waiting for threads to exit
2024-06-06 15:02:07.295 T:4060590144 NOTICE: VideoPlayer: finished waiting
2024-06-06 15:02:07.297 T:4060590144 DEBUG: Radio UECP (RDS) Processor - delete ~CDVDRadioRDSData
2024-06-06 15:02:07.298 T:3469964160 INFO: Deleting settings information for files /var/media/android1/Kodi/CoreElec/3D/test2.mk3d.webm
2024-06-06 15:02:07.299 T:3461571456 DEBUG: DoWork - Saving file state for video item /var/media/android1/Kodi/CoreElec/3D/test2.mk3d.webm
2024-06-06 15:02:07.464 T:4028625792 DEBUG: CActiveAESink::OpenSink - trying to open device ALSA:surround71:CARD=AMLAUGESOUND,DEV=0
2024-06-06 15:02:07.464 T:4028625792 INFO: CAESinkALSA::Initialize - Attempting to open device "surround71:CARD=AMLAUGESOUND,DEV=0"
2024-06-06 15:02:07.469 T:4028625792 INFO: CAESinkALSA::Initialize - Opened device "surround71:CARD=AMLAUGESOUND,DEV=0"
2024-06-06 15:02:07.470 T:4028625792 INFO: CAESinkALSA::InitializeHW - Your hardware does not support AE_FMT_FLOAT, trying other formats
2024-06-06 15:02:07.470 T:4028625792 INFO: CAESinkALSA::InitializeHW - Using data format AE_FMT_S24NE4
2024-06-06 15:02:07.470 T:4028625792 DEBUG: CAESinkALSA::InitializeHW - Request: periodSize 2205, bufferSize 8820
2024-06-06 15:02:07.474 T:4028625792 DEBUG: CAESinkALSA::InitializeHW - Got: periodSize 2205, bufferSize 8820
2024-06-06 15:02:07.474 T:4028625792 DEBUG: CAESinkALSA::InitializeHW - Setting timeout to 200 ms
2024-06-06 15:02:07.474 T:4028625792 DEBUG: CAESinkALSA::GetChannelLayout - Input Channel Count: 2 Output Channel Count: 2
2024-06-06 15:02:07.474 T:4028625792 DEBUG: CAESinkALSA::GetChannelLayout - Requested Layout: FL, FR
2024-06-06 15:02:07.474 T:4028625792 DEBUG: CAESinkALSA::GetChannelLayout - Got Layout: FL, FR (ALSA: FL FR)
2024-06-06 15:02:07.474 T:4028625792 DEBUG: CActiveAESink::OpenSink - ALSA Initialized:
2024-06-06 15:02:07.474 T:4028625792 DEBUG: Output Device : AML-AUGESOUND
2024-06-06 15:02:07.474 T:4028625792 DEBUG: Sample Rate : 44100
2024-06-06 15:02:07.474 T:4028625792 DEBUG: Sample Format : AE_FMT_S24NE4
2024-06-06 15:02:07.474 T:4028625792 DEBUG: Channel Count : 2
2024-06-06 15:02:07.474 T:4028625792 DEBUG: Channel Layout: FL, FR
2024-06-06 15:02:07.474 T:4028625792 DEBUG: Frames : 2205
2024-06-06 15:02:07.474 T:4028625792 DEBUG: Frame Size : 8
2024-06-06 15:02:07.475 T:4038480768 DEBUG: CActiveAE::ClearDiscardedBuffers - buffer pool deleted
2024-06-06 15:02:08.963 T:3469964160 DEBUG: OnPlayBackStopped: CApplication::OnPlayBackStopped
2024-06-06 15:02:08.977 T:4060590144 DEBUG: CGUIWindowManager::PreviousWindow: Deactivate
2024-06-06 15:02:08.978 T:4060590144 DEBUG: ------ Window Deinit (VideoOSD.xml) ------
2024-06-06 15:02:08.978 T:4060590144 DEBUG: ------ Window Deinit (VideoFullScreen.xml) ------
2024-06-06 15:02:08.988 T:4060590144 DEBUG: CGUIWindowManager::PreviousWindow: Activate new
2024-06-06 15:02:08.995 T:4060590144 DEBUG: ------ Window Init (MyVideoNav.xml) ------
2024-06-06 15:02:08.997 T:4060590144 DEBUG: CGUIMediaWindow::GetDirectory (/var/media/android1/Kodi/CoreElec/3D/)
2024-06-06 15:02:08.997 T:4060590144 DEBUG: ParentPath = [/var/media/android1/Kodi/CoreElec/3D/]
2024-06-06 15:02:09.017 T:3643794304 DEBUG: Thread BackgroundLoader start, auto delete: false
2024-06-06 15:02:09.031 T:3643794304 DEBUG: Thread BackgroundLoader 3643794304 terminating
2024-06-06 15:02:09.139 T:4060590144 DEBUG: ------ Window Deinit (DialogSeekBar.xml) ------
2024-06-06 15:02:09.170 T:4060590144 DEBUG: ------ Window Deinit (Custom_1109_TopBarOverlay.xml) ------
2024-06-06 15:02:09.173 T:4060590144 DEBUG: StereoscopicsManager: stereo mode setting changed to off
2024-06-06 15:02:09.173 T:4060590144 DEBUG: StereoscopicsManager::ApplyStereoMode: trying to apply stereo mode. Current: split_vertical | Target: off
2024-06-06 15:02:09.173 T:4060590144 DEBUG: StereoscopicsManager: stereo mode changed to off
2024-06-06 15:02:09.173 T:4060590144 DEBUG: ------ Window Init (DialogNotification.xml) ------
2024-06-06 15:02:09.205 T:4060590144 DEBUG: AMLUtils::aml_handle_display_stereo_mode old mode 3dlr new mode 3doff
2024-06-06 15:02:09.205 T:4060590144 DEBUG: AMLUtils::aml_handle_display_stereo_mode setting new mode
2024-06-06 15:02:09.205 T:4060590144 ERROR: GetString: error reading /sys/class/amhdmitx/amhdmitx0/custom_mode
2024-06-06 15:02:09.475 T:4060590144 INFO: GLES: Maximum texture width: 8192
2024-06-06 15:02:12.010 T:3775697792 DEBUG: PushCecKeypress - received key a6 duration 0
2024-06-06 15:02:12.030 T:4060590144 DEBUG: HandleKey: 166 (0xa6, obc89) pressed, action is Up
2024-06-06 15:02:12.036 T:3469964160 DEBUG: DoWork - trying to extract thumb from video file /var/media/android1/Tests/RPU-FEL TEST ST DL p7.mp4
2024-06-06 15:02:12.036 T:3469964160 DEBUG: CreateInputStream: All else failed, creating CDVDInputStreamFile
2024-06-06 15:02:12.037 T:3469964160 DEBUG: DVDFactoryDemuxer: Create CDVDDemuxFFmpeg.
2024-06-06 15:02:12.038 T:3461571456 DEBUG: ffmpeg[CE536380]: [swscaler] No accelerated colorspace conversion found from yuv420p to bgra.
2024-06-06 15:02:12.063 T:3469964160 DEBUG: Open - probing detected format [mov,mp4,m4a,3gp,3g2,mj2]
2024-06-06 15:02:12.069 T:3469964160 DEBUG: Open - avformat_find_stream_info starting
2024-06-06 15:02:12.178 T:3775697792 DEBUG: PushCecKeypress - received key a6 duration 168
2024-06-06 15:02:12.225 T:3469964160 DEBUG: Open - av_find_stream_info finished
2024-06-06 15:02:12.226 T:3469964160 DEBUG: DVDDemuxFFmpeg::AddStream - fps:24000/1001 tbr:24000/1001 tbn:24000/1001
2024-06-06 15:02:12.226 T:3469964160 DEBUG: DVDDemuxFFmpeg::AddStream - fps:24000/1001p
2024-06-06 15:02:12.226 T:3469964160 DEBUG: CDVDDemuxFFmpeg::AddStream ID: 0
2024-06-06 15:02:12.226 T:3469964160 DEBUG: ScanForExternalSubtitles: Searching for subtitles...
2024-06-06 15:02:12.228 T:3469964160 DEBUG: ScanForExternalSubtitles: END (total time: 2 ms)
2024-06-06 15:02:12.228 T:3469964160 NOTICE: CDVDVideoCodecFFmpeg::Open() Using codec: HEVC (High Efficiency Video Coding)
2024-06-06 15:02:12.229 T:3469964160 DEBUG: CDVDVideoCodecFFmpeg - Updated codec: ff-hevc
2024-06-06 15:02:12.229 T:3469964160 DEBUG: ExtractThumb - seeking to pos 20214ms (total: 60643ms) in /var/media/android1/Tests/RPU-FEL TEST ST DL p7.mp4
2024-06-06 15:02:12.229 T:3469964160 DEBUG: SeekTime - unknown position after seek
2024-06-06 15:02:12.981 T:3469964160 DEBUG: cached image 'special://masterprofile/Thumbnails/5/5f84f2f5.jpg' size 720x405
2024-06-06 15:02:13.013 T:3469964160 DEBUG: ExtractThumb - measured 977 ms to extract thumb from file in 3 packets.
2024-06-06 15:02:13.945 T:3914302336 DEBUG: DoWork - trying to extract thumb from video file /var/media/android1/Tests/RPU-FEL TEST ST DL p7.mkv
2024-06-06 15:02:13.945 T:3914302336 DEBUG: CreateInputStream: All else failed, creating CDVDInputStreamFile
2024-06-06 15:02:13.946 T:3914302336 DEBUG: DVDFactoryDemuxer: Create CDVDDemuxFFmpeg.
2024-06-06 15:02:13.964 T:3914302336 DEBUG: Open - probing detected format [matroska,webm]
2024-06-06 15:02:13.971 T:3914302336 DEBUG: Open - avformat_find_stream_info starting
2024-06-06 15:02:14.120 T:3914302336 DEBUG: Open - av_find_stream_info finished
2024-06-06 15:02:14.120 T:3914302336 DEBUG: DVDDemuxFFmpeg::AddStream - fps:24000/1001 tbr:24000/1001 tbn:24000/1001
2024-06-06 15:02:14.120 T:3914302336 DEBUG: DVDDemuxFFmpeg::AddStream - fps:24000/1001p
2024-06-06 15:02:14.120 T:3914302336 DEBUG: CDVDDemuxFFmpeg::AddStream ID: 0
2024-06-06 15:02:14.120 T:3914302336 DEBUG: ScanForExternalSubtitles: Searching for subtitles...
2024-06-06 15:02:14.123 T:3914302336 DEBUG: ScanForExternalSubtitles: END (total time: 3 ms)
2024-06-06 15:02:14.123 T:3914302336 NOTICE: CDVDVideoCodecFFmpeg::Open() Using codec: HEVC (High Efficiency Video Coding)
2024-06-06 15:02:14.123 T:3914302336 DEBUG: CDVDVideoCodecFFmpeg - Updated codec: ff-hevc
2024-06-06 15:02:14.123 T:3914302336 DEBUG: ExtractThumb - seeking to pos 20214ms (total: 60644ms) in /var/media/android1/Tests/RPU-FEL TEST ST DL p7.mkv
2024-06-06 15:02:14.123 T:3914302336 DEBUG: SeekTime - seek ended up on time 20.103
2024-06-06 15:02:14.406 T:4060590144 DEBUG: ------ Window Deinit (DialogNotification.xml) ------
2024-06-06 15:02:14.609 T:3775697792 DEBUG: PushCecKeypress - received key a6 duration 0
2024-06-06 15:02:14.644 T:4060590144 DEBUG: HandleKey: 166 (0xa6, obc89) pressed, action is Up
2024-06-06 15:02:14.779 T:3775697792 DEBUG: PushCecKeypress - received key a6 duration 170
2024-06-06 15:02:14.893 T:3914302336 DEBUG: cached image 'special://masterprofile/Thumbnails/a/af165977.jpg' size 720x405
2024-06-06 15:02:14.926 T:3914302336 DEBUG: ExtractThumb - measured 981 ms to extract thumb from file in 3 packets.
2024-06-06 15:02:15.098 T:3461571456 DEBUG: DoWork - trying to extract thumb from video file /var/media/android1/Tests/RPU-FEL TEST DT DL p7.ts
2024-06-06 15:02:15.098 T:3461571456 DEBUG: CreateInputStream: All else failed, creating CDVDInputStreamFile
2024-06-06 15:02:15.098 T:3461571456 DEBUG: DVDFactoryDemuxer: Create CDVDDemuxFFmpeg.
2024-06-06 15:02:15.102 T:3461571456 DEBUG: Open - probing detected format [mpegts]
2024-06-06 15:02:15.102 T:3461571456 DEBUG: Open - avformat_find_stream_info starting
2024-06-06 15:02:15.275 T:3461571456 DEBUG: Open - av_find_stream_info finished
2024-06-06 15:02:15.275 T:3461571456 DEBUG: DVDDemuxFFmpeg::AddStream - fps:24000/1001 tbr:24000/1001 tbn:24000/1001
2024-06-06 15:02:15.276 T:3461571456 DEBUG: DVDDemuxFFmpeg::AddStream - fps:24000/1001p
2024-06-06 15:02:15.276 T:3461571456 DEBUG: CDVDDemuxFFmpeg::AddStream ID: 0
2024-06-06 15:02:15.276 T:3461571456 DEBUG: DVDDemuxFFmpeg::AddStream - fps:24000/1001 tbr:24000/1001 tbn:24000/1001
2024-06-06 15:02:15.276 T:3461571456 DEBUG: DVDDemuxFFmpeg::AddStream - fps:24000/1001p
2024-06-06 15:02:15.276 T:3461571456 DEBUG: CDVDDemuxFFmpeg::AddStream ID: 1
2024-06-06 15:02:15.276 T:3461571456 DEBUG: ScanForExternalSubtitles: Searching for subtitles...
2024-06-06 15:02:15.278 T:3461571456 DEBUG: ScanForExternalSubtitles: END (total time: 2 ms)
2024-06-06 15:02:15.278 T:3461571456 NOTICE: CDVDVideoCodecFFmpeg::Open() Using codec: HEVC (High Efficiency Video Coding)
2024-06-06 15:02:15.279 T:3461571456 DEBUG: CDVDVideoCodecFFmpeg - Updated codec: ff-hevc
2024-06-06 15:02:15.279 T:3461571456 DEBUG: ExtractThumb - seeking to pos 20200ms (total: 60602ms) in /var/media/android1/Tests/RPU-FEL TEST DT DL p7.ts
2024-06-06 15:02:15.336 T:3461571456 DEBUG: SeekTime - seek ended up on time 20.187
2024-06-06 15:02:15.341 T:3461571456 ERROR: ffmpeg[CE536380]: [hevc] Could not find ref with POC 0
2024-06-06 15:02:15.349 T:3461571456 ERROR: ffmpeg[CE536380]: [hevc] Could not find ref with POC 2
2024-06-06 15:02:15.359 T:3461571456 ERROR: ffmpeg[CE536380]: [hevc] Could not find ref with POC 3
2024-06-06 15:02:15.706 T:3461571456 DEBUG: cached image 'special://masterprofile/Thumbnails/8/81b4e6c7.jpg' size 720x405
2024-06-06 15:02:15.733 T:3461571456 DEBUG: ExtractThumb - measured 635 ms to extract thumb from file in 10 packets.
2024-06-06 15:02:16.108 T:3775697792 DEBUG: PushCecKeypress - received key b duration 0
2024-06-06 15:02:16.131 T:4060590144 DEBUG: HandleKey: 11 (0x0b, obc244) pressed, action is Select
2024-06-06 15:02:16.180 T:3775697792 DEBUG: PushCecKeypress - received key b duration 72
2024-06-06 15:02:16.690 T:3461571456 DEBUG: DoWork - trying to extract thumb from video file /var/media/android1/Tests/RPU-FEL TEST DT DL p7.mp4
2024-06-06 15:02:16.691 T:3461571456 DEBUG: CreateInputStream: All else failed, creating CDVDInputStreamFile
2024-06-06 15:02:16.691 T:3461571456 DEBUG: DVDFactoryDemuxer: Create CDVDDemuxFFmpeg.
2024-06-06 15:02:16.700 T:3461571456 DEBUG: Open - probing detected format [mov,mp4,m4a,3gp,3g2,mj2]
2024-06-06 15:02:16.708 T:3461571456 DEBUG: Open - avformat_find_stream_info starting
2024-06-06 15:02:16.740 T:4060590144 DEBUG: OnPlayMedia /var/media/android1/Kodi/CoreElec/3D/ISO-full3D-sample.iso
2024-06-06 15:02:16.755 T:3652187008 DEBUG: Thread waiting start, auto delete: false
2024-06-06 15:02:16.757 T:3652187008 DEBUG: CBlurayCallback::Logger - bluray.c:1408: libbluray version 1.0.2
2024-06-06 15:02:16.757 T:3652187008 DEBUG: CBlurayCallback::Logger - bluray.c:1435: BLURAY initialized!
2024-06-06 15:02:16.757 T:3652187008 DEBUG: CBlurayCallback::Logger - register.c:420: bd_psr_write(): PSR18 (MENU_LANG) 0xffffff -> 0x656e67
2024-06-06 15:02:16.757 T:3652187008 DEBUG: CBlurayCallback::Logger - disc.c:326: failed opening UDF image (null)
2024-06-06 15:02:16.758 T:3652187008 DEBUG: CBlurayCallback - Error opening file! (udf://%2fvar%2fmedia%2fandroid1%2fKodi%2fCoreElec%2f3D%2fISO-full3D-sample.iso/AACS/Unit_Key_RO.inf)
2024-06-06 15:02:16.758 T:3652187008 DEBUG: CBlurayCallback::Logger - aacs.c:83: AACS/Unit_Key_RO.inf not found. No AACS protection.
2024-06-06 15:02:16.759 T:3652187008 DEBUG: CBlurayCallback - Opening dir udf://%2fvar%2fmedia%2fandroid1%2fKodi%2fCoreElec%2f3D%2fISO-full3D-sample.iso/BDMV/META/DL
2024-06-06 15:02:16.760 T:3652187008 ERROR: GetDirectory - Error getting udf://%2fvar%2fmedia%2fandroid1%2fKodi%2fCoreElec%2f3D%2fISO-full3D-sample.iso/BDMV/META/DL
2024-06-06 15:02:16.761 T:3652187008 DEBUG: CBlurayCallback - Error opening dir! (udf://%2fvar%2fmedia%2fandroid1%2fKodi%2fCoreElec%2f3D%2fISO-full3D-sample.iso/BDMV/META/DL)
2024-06-06 15:02:16.761 T:3652187008 DEBUG: CBlurayCallback - Opening dir udf://%2fvar%2fmedia%2fandroid1%2fKodi%2fCoreElec%2f3D%2fISO-full3D-sample.iso/BDMV/PLAYLIST
2024-06-06 15:02:16.780 T:3652187008 DEBUG: CBlurayCallback - Closed dir (0xf024e290)
2024-06-06 15:02:16.790 T:3652187008 DEBUG: CBlurayCallback::Logger - bluray.c:1552: BLURAY destroyed!
2024-06-06 15:02:16.790 T:3652187008 DEBUG: Thread waiting 3652187008 terminating
2024-06-06 15:02:16.790 T:4060590144 DEBUG: ------ Window Init (DialogSelect.xml) ------
2024-06-06 15:02:16.790 T:4060590144 INFO: Loading skin file: DialogSelect.xml, load type: KEEP_IN_MEMORY
2024-06-06 15:02:16.795 T:4060590144 DEBUG: [Warning] CGUITextureManager::GetTexturePath: could not find texture 'icons/logo.png'
2024-06-06 15:02:16.874 T:3461571456 DEBUG: Previous line repeats 1 times.
2024-06-06 15:02:16.874 T:3461571456 DEBUG: Open - av_find_stream_info finished
2024-06-06 15:02:16.874 T:3461571456 DEBUG: DVDDemuxFFmpeg::AddStream - fps:24000/1001 tbr:24000/1001 tbn:24000/1001
2024-06-06 15:02:16.874 T:3461571456 DEBUG: DVDDemuxFFmpeg::AddStream - fps:24000/1001p
2024-06-06 15:02:16.874 T:3461571456 DEBUG: CDVDDemuxFFmpeg::AddStream ID: 0
2024-06-06 15:02:16.874 T:3461571456 DEBUG: DVDDemuxFFmpeg::AddStream - fps:24000/1001 tbr:24000/1001 tbn:24000/1001
2024-06-06 15:02:16.874 T:3461571456 DEBUG: DVDDemuxFFmpeg::AddStream - fps:24000/1001p
2024-06-06 15:02:16.874 T:3461571456 DEBUG: CDVDDemuxFFmpeg::AddStream ID: 1
2024-06-06 15:02:16.874 T:3461571456 DEBUG: ScanForExternalSubtitles: Searching for subtitles...
2024-06-06 15:02:16.877 T:3461571456 DEBUG: ScanForExternalSubtitles: END (total time: 3 ms)
2024-06-06 15:02:16.877 T:3461571456 NOTICE: CDVDVideoCodecFFmpeg::Open() Using codec: HEVC (High Efficiency Video Coding)
2024-06-06 15:02:16.877 T:3461571456 DEBUG: CDVDVideoCodecFFmpeg - Updated codec: ff-hevc
2024-06-06 15:02:16.877 T:3461571456 DEBUG: ExtractThumb - seeking to pos 20214ms (total: 60643ms) in /var/media/android1/Tests/RPU-FEL TEST DT DL p7.mp4
2024-06-06 15:02:16.877 T:3461571456 DEBUG: SeekTime - unknown position after seek
2024-06-06 15:02:16.899 T:3461571456 ERROR: ffmpeg[CE536380]: [hevc] PPS id out of range: 0
2024-06-06 15:02:16.899 T:3461571456 DEBUG: ffmpeg[CE536380]: [hevc] Error parsing NAL unit #6.
2024-06-06 15:02:16.899 T:3461571456 ERROR: ffmpeg[CE536380]: [hevc] PPS id out of range: 0
2024-06-06 15:02:16.899 T:3461571456 DEBUG: ffmpeg[CE536380]: [hevc] Error parsing NAL unit #1.
2024-06-06 15:02:16.899 T:3461571456 ERROR: ffmpeg[CE536380]: [hevc] PPS id out of range: 0
2024-06-06 15:02:16.899 T:3461571456 DEBUG: ffmpeg[CE536380]: [hevc] Error parsing NAL unit #1.
2024-06-06 15:02:16.899 T:3461571456 ERROR: ffmpeg[CE536380]: [hevc] PPS id out of range: 0
2024-06-06 15:02:16.899 T:3461571456 DEBUG: ffmpeg[CE536380]: [hevc] Error parsing NAL unit #1.
2024-06-06 15:02:16.899 T:3461571456 ERROR: ffmpeg[CE536380]: [hevc] PPS id out of range: 0
2024-06-06 15:02:16.899 T:3461571456 DEBUG: ffmpeg[CE536380]: [hevc] Error parsing NAL unit #6.
2024-06-06 15:02:16.899 T:3461571456 ERROR: ffmpeg[CE536380]: [hevc] PPS id out of range: 0
2024-06-06 15:02:16.899 T:3461571456 DEBUG: ffmpeg[CE536380]: [hevc] Error parsing NAL unit #1.
2024-06-06 15:02:16.903 T:3461571456 ERROR: ffmpeg[CE536380]: [hevc] PPS id out of range: 0
2024-06-06 15:02:16.903 T:3461571456 DEBUG: ffmpeg[CE536380]: [hevc] Error parsing NAL unit #1.
2024-06-06 15:02:16.903 T:3461571456 ERROR: ffmpeg[CE536380]: [hevc] PPS id out of range: 0
2024-06-06 15:02:16.903 T:3461571456 DEBUG: ffmpeg[CE536380]: [hevc] Error parsing NAL unit #1.
2024-06-06 15:02:16.903 T:3461571456 ERROR: ffmpeg[CE536380]: [hevc] PPS id out of range: 0
2024-06-06 15:02:16.903 T:3461571456 DEBUG: ffmpeg[CE536380]: [hevc] Error parsing NAL unit #6.
2024-06-06 15:02:16.905 T:3461571456 ERROR: ffmpeg[CE536380]: [hevc] PPS id out of range: 0
2024-06-06 15:02:16.905 T:3461571456 DEBUG: ffmpeg[CE536380]: [hevc] Error parsing NAL unit #1.
2024-06-06 15:02:16.905 T:3461571456 ERROR: ffmpeg[CE536380]: [hevc] PPS id out of range: 0
2024-06-06 15:02:16.905 T:3461571456 DEBUG: ffmpeg[CE536380]: [hevc] Error parsing NAL unit #1.
2024-06-06 15:02:16.905 T:3461571456 ERROR: ffmpeg[CE536380]: [hevc] PPS id out of range: 0
2024-06-06 15:02:16.905 T:3461571456 DEBUG: ffmpeg[CE536380]: [hevc] Error parsing NAL unit #1.
2024-06-06 15:02:16.908 T:3461571456 ERROR: ffmpeg[CE536380]: [hevc] PPS id out of range: 0
2024-06-06 15:02:16.908 T:3461571456 DEBUG: ffmpeg[CE536380]: [hevc] Error parsing NAL unit #1.
2024-06-06 15:02:16.908 T:3461571456 ERROR: ffmpeg[CE536380]: [hevc] PPS id out of range: 0
2024-06-06 15:02:16.908 T:3461571456 DEBUG: ffmpeg[CE536380]: [hevc] Error parsing NAL unit #1.
2024-06-06 15:02:16.909 T:3461571456 ERROR: ffmpeg[CE536380]: [hevc] PPS id out of range: 0
2024-06-06 15:02:16.909 T:3461571456 DEBUG: ffmpeg[CE536380]: [hevc] Error parsing NAL unit #1.
2024-06-06 15:02:16.909 T:3461571456 ERROR: ffmpeg[CE536380]: [hevc] PPS id out of range: 0
2024-06-06 15:02:16.909 T:3461571456 DEBUG: ffmpeg[CE536380]: [hevc] Error parsing NAL unit #1.
2024-06-06 15:02:16.909 T:3461571456 ERROR: ffmpeg[CE536380]: [hevc] PPS id out of range: 0
2024-06-06 15:02:16.909 T:3461571456 DEBUG: ffmpeg[CE536380]: [hevc] Error parsing NAL unit #1.
2024-06-06 15:02:16.910 T:3461571456 ERROR: ffmpeg[CE536380]: [hevc] PPS id out of range: 0
2024-06-06 15:02:16.910 T:3461571456 DEBUG: ffmpeg[CE536380]: [hevc] Error parsing NAL unit #1.
2024-06-06 15:02:16.912 T:3461571456 ERROR: ffmpeg[CE536380]: [hevc] PPS id out of range: 0
2024-06-06 15:02:16.912 T:3461571456 DEBUG: ffmpeg[CE536380]: [hevc] Error parsing NAL unit #1.
2024-06-06 15:02:16.912 T:3461571456 ERROR: ffmpeg[CE536380]: [hevc] PPS id out of range: 0
2024-06-06 15:02:16.912 T:3461571456 DEBUG: ffmpeg[CE536380]: [hevc] Error parsing NAL unit #1.
2024-06-06 15:02:16.912 T:3461571456 ERROR: ffmpeg[CE536380]: [hevc] PPS id out of range: 0
2024-06-06 15:02:16.912 T:3461571456 DEBUG: ffmpeg[CE536380]: [hevc] Error parsing NAL unit #1.
2024-06-06 15:02:16.912 T:3461571456 ERROR: ffmpeg[CE536380]: [hevc] PPS id out of range: 0
2024-06-06 15:02:16.912 T:3461571456 DEBUG: ffmpeg[CE536380]: [hevc] Error parsing NAL unit #1.
2024-06-06 15:02:16.912 T:3461571456 ERROR: ffmpeg[CE536380]: [hevc] PPS id out of range: 0
2024-06-06 15:02:16.912 T:3461571456 DEBUG: ffmpeg[CE536380]: [hevc] Error parsing NAL unit #1.
2024-06-06 15:02:16.912 T:3461571456 ERROR: ffmpeg[CE536380]: [hevc] PPS id out of range: 0
2024-06-06 15:02:16.912 T:3461571456 DEBUG: ffmpeg[CE536380]: [hevc] Error parsing NAL unit #1.
2024-06-06 15:02:16.914 T:3461571456 ERROR: ffmpeg[CE536380]: [hevc] PPS id out of range: 0
2024-06-06 15:02:16.915 T:3461571456 DEBUG: ffmpeg[CE536380]: [hevc] Error parsing NAL unit #1.
2024-06-06 15:02:16.915 T:3461571456 ERROR: ffmpeg[CE536380]: [hevc] PPS id out of range: 0
2024-06-06 15:02:16.916 T:3461571456 DEBUG: ffmpeg[CE536380]: [hevc] Error parsing NAL unit #1.
2024-06-06 15:02:16.916 T:3461571456 ERROR: ffmpeg[CE536380]: [hevc] PPS id out of range: 0
2024-06-06 15:02:16.916 T:3461571456 DEBUG: ffmpeg[CE536380]: [hevc] Error parsing NAL unit #1.
2024-06-06 15:02:16.916 T:3461571456 ERROR: ffmpeg[CE536380]: [hevc] PPS id out of range: 0
2024-06-06 15:02:16.916 T:3461571456 DEBUG: ffmpeg[CE536380]: [hevc] Error parsing NAL unit #1.
2024-06-06 15:02:16.916 T:3461571456 ERROR: ffmpeg[CE536380]: [hevc] PPS id out of range: 0
2024-06-06 15:02:16.916 T:3461571456 DEBUG: ffmpeg[CE536380]: [hevc] Error parsing NAL unit #1.
2024-06-06 15:02:16.916 T:3461571456 ERROR: ffmpeg[CE536380]: [hevc] PPS id out of range: 0
2024-06-06 15:02:16.916 T:3461571456 DEBUG: ffmpeg[CE536380]: [hevc] Error parsing NAL unit #1.
2024-06-06 15:02:16.918 T:3461571456 ERROR: ffmpeg[CE536380]: [hevc] PPS id out of range: 0
2024-06-06 15:02:16.918 T:3461571456 DEBUG: ffmpeg[CE536380]: [hevc] Error parsing NAL unit #1.
2024-06-06 15:02:16.919 T:3461571456 ERROR: ffmpeg[CE536380]: [hevc] PPS id out of range: 0
2024-06-06 15:02:16.919 T:3461571456 DEBUG: ffmpeg[CE536380]: [hevc] Error parsing NAL unit #1.
2024-06-06 15:02:16.921 T:3461571456 ERROR: ffmpeg[CE536380]: [hevc] PPS id out of range: 0
2024-06-06 15:02:16.921 T:3461571456 DEBUG: ffmpeg[CE536380]: [hevc] Error parsing NAL unit #6.
2024-06-06 15:02:16.925 T:3461571456 ERROR: ffmpeg[CE536380]: [hevc] PPS id out of range: 0
2024-06-06 15:02:16.925 T:3461571456 DEBUG: ffmpeg[CE536380]: [hevc] Error parsing NAL unit #1.
2024-06-06 15:02:16.925 T:3461571456 ERROR: ffmpeg[CE536380]: [hevc] PPS id out of range: 0
2024-06-06 15:02:16.926 T:3461571456 DEBUG: ffmpeg[CE536380]: [hevc] Error parsing NAL unit #1.
2024-06-06 15:02:16.926 T:3461571456 ERROR: ffmpeg[CE536380]: [hevc] PPS id out of range: 0
2024-06-06 15:02:16.926 T:3461571456 DEBUG: ffmpeg[CE536380]: [hevc] Error parsing NAL unit #1.
2024-06-06 15:02:16.928 T:3461571456 ERROR: ffmpeg[CE536380]: [hevc] PPS id out of range: 0
2024-06-06 15:02:16.928 T:3461571456 DEBUG: ffmpeg[CE536380]: [hevc] Error parsing NAL unit #1.
2024-06-06 15:02:16.928 T:3461571456 ERROR: ffmpeg[CE536380]: [hevc] PPS id out of range: 0
2024-06-06 15:02:16.928 T:3461571456 DEBUG: ffmpeg[CE536380]: [hevc] Error parsing NAL unit #1.
2024-06-06 15:02:16.928 T:3461571456 ERROR: ffmpeg[CE536380]: [hevc] PPS id out of range: 0
2024-06-06 15:02:16.928 T:3461571456 DEBUG: ffmpeg[CE536380]: [hevc] Error parsing NAL unit #1.
2024-06-06 15:02:16.928 T:3461571456 ERROR: ffmpeg[CE536380]: [hevc] PPS id out of range: 0
2024-06-06 15:02:16.928 T:3461571456 DEBUG: ffmpeg[CE536380]: [hevc] Error parsing NAL unit #1.
2024-06-06 15:02:16.928 T:3461571456 ERROR: ffmpeg[CE536380]: [hevc] PPS id out of range: 0
2024-06-06 15:02:16.928 T:3461571456 DEBUG: ffmpeg[CE536380]: [hevc] Error parsing NAL unit #1.
2024-06-06 15:02:16.929 T:3461571456 ERROR: ffmpeg[CE536380]: [hevc] PPS id out of range: 0
2024-06-06 15:02:16.929 T:3461571456 DEBUG: ffmpeg[CE536380]: [hevc] Error parsing NAL unit #1.
2024-06-06 15:02:16.931 T:3461571456 ERROR: ffmpeg[CE536380]: [hevc] PPS id out of range: 0
2024-06-06 15:02:16.931 T:3461571456 DEBUG: ffmpeg[CE536380]: [hevc] Error parsing NAL unit #1.
2024-06-06 15:02:16.931 T:3461571456 ERROR: ffmpeg[CE536380]: [hevc] PPS id out of range: 0
2024-06-06 15:02:16.931 T:3461571456 DEBUG: ffmpeg[CE536380]: [hevc] Error parsing NAL unit #1.
2024-06-06 15:02:16.931 T:3461571456 ERROR: ffmpeg[CE536380]: [hevc] PPS id out of range: 0
2024-06-06 15:02:16.931 T:3461571456 DEBUG: ffmpeg[CE536380]: [hevc] Error parsing NAL unit #1.
2024-06-06 15:02:16.931 T:3461571456 ERROR: ffmpeg[CE536380]: [hevc] PPS id out of range: 0
2024-06-06 15:02:16.931 T:3461571456 DEBUG: ffmpeg[CE536380]: [hevc] Error parsing NAL unit #1.
2024-06-06 15:02:16.932 T:3461571456 ERROR: ffmpeg[CE536380]: [hevc] PPS id out of range: 0
2024-06-06 15:02:16.932 T:3461571456 DEBUG: ffmpeg[CE536380]: [hevc] Error parsing NAL unit #1.
2024-06-06 15:02:16.932 T:3461571456 ERROR: ffmpeg[CE536380]: [hevc] PPS id out of range: 0
2024-06-06 15:02:16.932 T:3461571456 DEBUG: ffmpeg[CE536380]: [hevc] Error parsing NAL unit #1.
2024-06-06 15:02:16.936 T:3461571456 ERROR: ffmpeg[CE536380]: [hevc] PPS id out of range: 0
2024-06-06 15:02:16.936 T:3461571456 DEBUG: ffmpeg[CE536380]: [hevc] Error parsing NAL unit #1.
2024-06-06 15:02:16.937 T:3461571456 ERROR: ffmpeg[CE536380]: [hevc] PPS id out of range: 0
2024-06-06 15:02:16.938 T:3461571456 DEBUG: ffmpeg[CE536380]: [hevc] Error parsing NAL unit #1.
2024-06-06 15:02:16.938 T:3461571456 ERROR: ffmpeg[CE536380]: [hevc] PPS id out of range: 0
2024-06-06 15:02:16.938 T:3461571456 DEBUG: ffmpeg[CE536380]: [hevc] Error parsing NAL unit #1.
2024-06-06 15:02:16.938 T:3461571456 ERROR: ffmpeg[CE536380]: [hevc] PPS id out of range: 0
2024-06-06 15:02:16.938 T:3461571456 DEBUG: ffmpeg[CE536380]: [hevc] Error parsing NAL unit #1.
2024-06-06 15:02:16.938 T:3461571456 ERROR: ffmpeg[CE536380]: [hevc] PPS id out of range: 0
2024-06-06 15:02:16.938 T:3461571456 DEBUG: ffmpeg[CE536380]: [hevc] Error parsing NAL unit #1.
2024-06-06 15:02:16.938 T:3461571456 ERROR: ffmpeg[CE536380]: [hevc] PPS id out of range: 0
2024-06-06 15:02:16.938 T:3461571456 DEBUG: ffmpeg[CE536380]: [hevc] Error parsing NAL unit #1.
2024-06-06 15:02:16.940 T:3461571456 ERROR: ffmpeg[CE536380]: [hevc] PPS id out of range: 0
2024-06-06 15:02:16.940 T:3461571456 DEBUG: ffmpeg[CE536380]: [hevc] Error parsing NAL unit #1.
2024-06-06 15:02:16.940 T:3461571456 ERROR: ffmpeg[CE536380]: [hevc] PPS id out of range: 0
2024-06-06 15:02:16.940 T:3461571456 DEBUG: ffmpeg[CE536380]: [hevc] Error parsing NAL unit #1.
2024-06-06 15:02:16.942 T:3461571456 ERROR: ffmpeg[CE536380]: [hevc] PPS id out of range: 0
2024-06-06 15:02:16.942 T:3461571456 DEBUG: ffmpeg[CE536380]: [hevc] Error parsing NAL unit #6.
2024-06-06 15:02:16.942 T:3461571456 ERROR: ffmpeg[CE536380]: [hevc] PPS id out of range: 0
2024-06-06 15:02:16.942 T:3461571456 DEBUG: ffmpeg[CE536380]: [hevc] Error parsing NAL unit #1.
2024-06-06 15:02:16.943 T:3461571456 ERROR: ffmpeg[CE536380]: [hevc] PPS id out of range: 0
2024-06-06 15:02:16.943 T:3461571456 DEBUG: ffmpeg[CE536380]: [hevc] Error parsing NAL unit #1.
2024-06-06 15:02:16.943 T:3461571456 ERROR: ffmpeg[CE536380]: [hevc] PPS id out of range: 0
2024-06-06 15:02:16.943 T:3461571456 DEBUG: ffmpeg[CE536380]: [hevc] Error parsing NAL unit #1.
2024-06-06 15:02:16.944 T:3461571456 ERROR: ffmpeg[CE536380]: [hevc] PPS id out of range: 0
2024-06-06 15:02:16.944 T:3461571456 DEBUG: ffmpeg[CE536380]: [hevc] Error parsing NAL unit #1.
2024-06-06 15:02:16.944 T:3461571456 ERROR: ffmpeg[CE536380]: [hevc] PPS id out of range: 0
2024-06-06 15:02:16.944 T:3461571456 DEBUG: ffmpeg[CE536380]: [hevc] Error parsing NAL unit #1.
2024-06-06 15:02:16.944 T:3461571456 ERROR: ffmpeg[CE536380]: [hevc] PPS id out of range: 0
2024-06-06 15:02:16.944 T:3461571456 DEBUG: ffmpeg[CE536380]: [hevc] Error parsing NAL unit #1.
2024-06-06 15:02:16.944 T:3461571456 ERROR: ffmpeg[CE536380]: [hevc] PPS id out of range: 0
2024-06-06 15:02:16.945 T:3461571456 DEBUG: ffmpeg[CE536380]: [hevc] Error parsing NAL unit #1.
2024-06-06 15:02:16.945 T:3461571456 ERROR: ffmpeg[CE536380]: [hevc] PPS id out of range: 0
2024-06-06 15:02:16.945 T:3461571456 DEBUG: ffmpeg[CE536380]: [hevc] Error parsing NAL unit #1.
2024-06-06 15:02:16.946 T:3461571456 ERROR: ffmpeg[CE536380]: [hevc] PPS id out of range: 0
2024-06-06 15:02:16.946 T:3461571456 DEBUG: ffmpeg[CE536380]: [hevc] Error parsing NAL unit #1.
2024-06-06 15:02:16.947 T:3461571456 ERROR: ffmpeg[CE536380]: [hevc] PPS id out of range: 0
2024-06-06 15:02:16.947 T:3461571456 DEBUG: ffmpeg[CE536380]: [hevc] Error parsing NAL unit #1.
2024-06-06 15:02:16.947 T:3461571456 ERROR: ffmpeg[CE536380]: [hevc] PPS id out of range: 0
2024-06-06 15:02:16.947 T:3461571456 DEBUG: ffmpeg[CE536380]: [hevc] Error parsing NAL unit #1.
2024-06-06 15:02:16.948 T:3461571456 ERROR: ffmpeg[CE536380]: [hevc] PPS id out of range: 0
2024-06-06 15:02:16.948 T:3461571456 DEBUG: ffmpeg[CE536380]: [hevc] Error parsing NAL unit #1.
2024-06-06 15:02:16.948 T:3461571456 ERROR: ffmpeg[CE536380]: [hevc] PPS id out of range: 0
2024-06-06 15:02:16.948 T:3461571456 DEBUG: ffmpeg[CE536380]: [hevc] Error parsing NAL unit #1.
2024-06-06 15:02:16.948 T:3461571456 ERROR: ffmpeg[CE536380]: [hevc] PPS id out of range: 0
2024-06-06 15:02:16.948 T:3461571456 DEBUG: ffmpeg[CE536380]: [hevc] Error parsing NAL unit #1.
2024-06-06 15:02:16.948 T:3461571456 ERROR: ffmpeg[CE536380]: [hevc] PPS id out of range: 0
2024-06-06 15:02:16.948 T:3461571456 DEBUG: ffmpeg[CE536380]: [hevc] Error parsing NAL unit #1.
2024-06-06 15:02:16.951 T:3461571456 ERROR: ffmpeg[CE536380]: [hevc] PPS id out of range: 0
2024-06-06 15:02:16.951 T:3461571456 DEBUG: ffmpeg[CE536380]: [hevc] Error parsing NAL unit #1.
2024-06-06 15:02:16.951 T:3461571456 ERROR: ffmpeg[CE536380]: [hevc] PPS id out of range: 0
2024-06-06 15:02:16.951 T:3461571456 DEBUG: ffmpeg[CE536380]: [hevc] Error parsing NAL unit #1.
2024-06-06 15:02:16.953 T:3461571456 ERROR: ffmpeg[CE536380]: [hevc] PPS id out of range: 0
2024-06-06 15:02:16.953 T:3461571456 DEBUG: ffmpeg[CE536380]: [hevc] Error parsing NAL unit #1.
2024-06-06 15:02:16.953 T:3461571456 ERROR: ffmpeg[CE536380]: [hevc] PPS id out of range: 0
2024-06-06 15:02:16.953 T:3461571456 DEBUG: ffmpeg[CE536380]: [hevc] Error parsing NAL unit #1.
2024-06-06 15:02:16.953 T:3461571456 ERROR: ffmpeg[CE536380]: [hevc] PPS id out of range: 0
2024-06-06 15:02:16.953 T:3461571456 DEBUG: ffmpeg[CE536380]: [hevc] Error parsing NAL unit #1.
2024-06-06 15:02:16.953 T:3461571456 ERROR: ffmpeg[CE536380]: [hevc] PPS id out of range: 0
2024-06-06 15:02:16.953 T:3461571456 DEBUG: ffmpeg[CE536380]: [hevc] Error parsing NAL unit #1.
2024-06-06 15:02:16.955 T:3461571456 ERROR: ffmpeg[CE536380]: [hevc] PPS id out of range: 0
2024-06-06 15:02:16.955 T:3461571456 DEBUG: ffmpeg[CE536380]: [hevc] Error parsing NAL unit #1.
2024-06-06 15:02:16.955 T:3461571456 ERROR: ffmpeg[CE536380]: [hevc] PPS id out of range: 0
2024-06-06 15:02:16.955 T:3461571456 DEBUG: ffmpeg[CE536380]: [hevc] Error parsing NAL unit #1.
2024-06-06 15:02:16.957 T:3461571456 ERROR: ffmpeg[CE536380]: [hevc] PPS id out of range: 0
2024-06-06 15:02:16.957 T:3461571456 DEBUG: ffmpeg[CE536380]: [hevc] Error parsing NAL unit #6.
2024-06-06 15:02:16.957 T:3461571456 ERROR: ffmpeg[CE536380]: [hevc] PPS id out of range: 0
2024-06-06 15:02:16.957 T:3461571456 DEBUG: ffmpeg[CE536380]: [hevc] Error parsing NAL unit #1.
2024-06-06 15:02:16.958 T:3461571456 ERROR: ffmpeg[CE536380]: [hevc] PPS id out of range: 0
2024-06-06 15:02:16.958 T:3461571456 DEBUG: ffmpeg[CE536380]: [hevc] Error parsing NAL unit #1.
2024-06-06 15:02:16.958 T:3461571456 ERROR: ffmpeg[CE536380]: [hevc] PPS id out of range: 0
2024-06-06 15:02:16.958 T:3461571456 DEBUG: ffmpeg[CE536380]: [hevc] Error parsing NAL unit #1.
2024-06-06 15:02:16.960 T:3461571456 ERROR: ffmpeg[CE536380]: [hevc] PPS id out of range: 0
2024-06-06 15:02:16.960 T:3461571456 DEBUG: ffmpeg[CE536380]: [hevc] Error parsing NAL unit #1.
2024-06-06 15:02:16.960 T:3461571456 ERROR: ffmpeg[CE536380]: [hevc] PPS id out of range: 0
2024-06-06 15:02:16.960 T:3461571456 DEBUG: ffmpeg[CE536380]: [hevc] Error parsing NAL unit #1.
2024-06-06 15:02:16.960 T:3461571456 ERROR: ffmpeg[CE536380]: [hevc] PPS id out of range: 0
2024-06-06 15:02:16.960 T:3461571456 DEBUG: ffmpeg[CE536380]: [hevc] Error parsing NAL unit #1.
2024-06-06 15:02:16.960 T:3461571456 ERROR: ffmpeg[CE536380]: [hevc] PPS id out of range: 0
2024-06-06 15:02:16.960 T:3461571456 DEBUG: ffmpeg[CE536380]: [hevc] Error parsing NAL unit #1.
2024-06-06 15:02:16.960 T:3461571456 ERROR: ffmpeg[CE536380]: [hevc] PPS id out of range: 0
