2024-06-06 15:00:13.111 T:3461571456 DEBUG: CVideoPlayer::ProcessVideoData size:231290 dts:5.964 pts:6.006 dur:41.000ms, clock:-0.109 level:55
2024-06-06 15:00:13.121 T:3461571456 DEBUG: CVideoPlayer::ProcessVideoData size:217885 dts:6.006 pts:6.048 dur:41.000ms, clock:-0.098 level:54
2024-06-06 15:00:13.122 T:3461571456 DEBUG: CVideoPlayer::ProcessVideoData size:217122 dts:6.048 pts:6.089 dur:41.000ms, clock:-0.097 level:54
2024-06-06 15:00:13.124 T:3461571456 DEBUG: CVideoPlayer::ProcessVideoData size:216145 dts:6.089 pts:6.131 dur:41.000ms, clock:-0.096 level:55
2024-06-06 15:00:13.126 T:3461571456 DEBUG: CVideoPlayer::ProcessVideoData size:214365 dts:6.131 pts:6.173 dur:41.000ms, clock:-0.094 level:55
2024-06-06 15:00:13.128 T:3461571456 DEBUG: CVideoPlayer::ProcessVideoData size:217324 dts:6.173 pts:6.215 dur:41.000ms, clock:-0.092 level:55
2024-06-06 15:00:13.130 T:3461571456 DEBUG: CVideoPlayer::ProcessVideoData size:218516 dts:6.215 pts:6.256 dur:41.000ms, clock:-0.090 level:56
2024-06-06 15:00:13.131 T:3461571456 DEBUG: CVideoPlayer::ProcessVideoData size:213315 dts:6.256 pts:6.298 dur:41.000ms, clock:-0.089 level:56
2024-06-06 15:00:13.133 T:3461571456 DEBUG: CVideoPlayer::ProcessVideoData size:210800 dts:6.298 pts:6.340 dur:41.000ms, clock:-0.087 level:56
2024-06-06 15:00:13.134 T:3461571456 DEBUG: CVideoPlayer::ProcessVideoData size:210879 dts:6.340 pts:6.381 dur:41.000ms, clock:-0.085 level:57
2024-06-06 15:00:13.136 T:3461571456 DEBUG: CVideoPlayer::ProcessVideoData size:203311 dts:6.381 pts:6.423 dur:41.000ms, clock:-0.084 level:57
2024-06-06 15:00:13.138 T:3461571456 DEBUG: CVideoPlayer::ProcessVideoData size:198025 dts:6.423 pts:6.465 dur:41.000ms, clock:-0.082 level:58
2024-06-06 15:00:13.139 T:3461571456 DEBUG: CVideoPlayer::ProcessVideoData size:195068 dts:6.465 pts:6.507 dur:41.000ms, clock:-0.080 level:58
2024-06-06 15:00:13.141 T:3461571456 DEBUG: CVideoPlayer::ProcessVideoData size:239693 dts:6.507 pts:6.548 dur:41.000ms, clock:-0.078 level:59
2024-06-06 15:00:13.143 T:3461571456 DEBUG: CVideoPlayer::ProcessVideoData size:199363 dts:6.548 pts:6.590 dur:41.000ms, clock:-0.077 level:59
2024-06-06 15:00:13.144 T:3461571456 DEBUG: CVideoPlayer::ProcessVideoData size:200544 dts:6.590 pts:6.632 dur:41.000ms, clock:-0.076 level:60
2024-06-06 15:00:13.146 T:3461571456 DEBUG: CVideoPlayer::ProcessVideoData size:209343 dts:6.632 pts:6.673 dur:41.000ms, clock:-0.074 level:60
2024-06-06 15:00:13.147 T:3461571456 DEBUG: CVideoPlayer::ProcessVideoData size:209371 dts:6.673 pts:6.715 dur:41.000ms, clock:-0.072 level:61
2024-06-06 15:00:13.149 T:3461571456 DEBUG: CVideoPlayer::ProcessVideoData size:224684 dts:6.715 pts:6.757 dur:41.000ms, clock:-0.071 level:61
2024-06-06 15:00:13.151 T:3461571456 DEBUG: CVideoPlayer::ProcessVideoData size:215136 dts:6.757 pts:6.798 dur:41.000ms, clock:-0.069 level:62
2024-06-06 15:00:13.153 T:3461571456 DEBUG: CVideoPlayer::ProcessVideoData size:218668 dts:6.798 pts:6.840 dur:41.000ms, clock:-0.067 level:63
2024-06-06 15:00:13.154 T:3461571456 DEBUG: CVideoPlayer::ProcessVideoData size:218430 dts:6.840 pts:6.882 dur:41.000ms, clock:-0.066 level:63
2024-06-06 15:00:13.164 T:3461571456 DEBUG: CVideoPlayer::ProcessVideoData size:217674 dts:6.882 pts:6.924 dur:41.000ms, clock:-0.055 level:64
2024-06-06 15:00:13.166 T:3461571456 DEBUG: CVideoPlayer::ProcessVideoData size:224850 dts:6.924 pts:6.965 dur:41.000ms, clock:-0.054 level:64
2024-06-06 15:00:13.168 T:3461571456 DEBUG: CVideoPlayer::ProcessVideoData size:214293 dts:6.965 pts:7.007 dur:41.000ms, clock:-0.052 level:65
2024-06-06 15:00:13.169 T:3461571456 DEBUG: CVideoPlayer::ProcessVideoData size:227305 dts:7.007 pts:7.049 dur:41.000ms, clock:-0.050 level:65
2024-06-06 15:00:13.171 T:3461571456 DEBUG: CVideoPlayer::ProcessVideoData size:218041 dts:7.049 pts:7.090 dur:41.000ms, clock:-0.049 level:66
2024-06-06 15:00:13.173 T:3461571456 DEBUG: CVideoPlayer::ProcessVideoData size:218445 dts:7.090 pts:7.132 dur:41.000ms, clock:-0.047 level:66
2024-06-06 15:00:13.175 T:3461571456 DEBUG: CVideoPlayer::ProcessVideoData size:224987 dts:7.132 pts:7.174 dur:41.000ms, clock:-0.045 level:67
2024-06-06 15:00:13.176 T:4038480768 DEBUG: ActiveAE::SyncStream - average error of -26.071084, start adjusting
2024-06-06 15:00:13.176 T:4038480768 DEBUG: ActiveAE::SyncStream - average error -0.008584 below threshold of 30.000000
2024-06-06 15:00:13.176 T:3461571456 DEBUG: CVideoPlayer::ProcessVideoData size:213362 dts:7.174 pts:7.216 dur:41.000ms, clock:-0.043 level:67
2024-06-06 15:00:13.178 T:3461571456 DEBUG: CVideoPlayer::ProcessVideoData size:225138 dts:7.216 pts:7.257 dur:41.000ms, clock:-0.042 level:68
2024-06-06 15:00:13.180 T:3461571456 DEBUG: CVideoPlayer::ProcessVideoData size:204848 dts:7.257 pts:7.299 dur:41.000ms, clock:-0.040 level:68
2024-06-06 15:00:13.181 T:3461571456 DEBUG: CVideoPlayer::ProcessVideoData size:214015 dts:7.299 pts:7.341 dur:41.000ms, clock:-0.039 level:69
2024-06-06 15:00:13.183 T:3461571456 DEBUG: CVideoPlayer::ProcessVideoData size:204152 dts:7.341 pts:7.382 dur:41.000ms, clock:-0.036 level:69
2024-06-06 15:00:13.185 T:3461571456 DEBUG: CVideoPlayer::ProcessVideoData size:198551 dts:7.382 pts:7.424 dur:41.000ms, clock:-0.035 level:70
2024-06-06 15:00:13.186 T:3461571456 DEBUG: CVideoPlayer::ProcessVideoData size:204954 dts:7.424 pts:7.466 dur:41.000ms, clock:-0.034 level:70
2024-06-06 15:00:13.188 T:3461571456 DEBUG: CVideoPlayer::ProcessVideoData size:286165 dts:7.466 pts:7.508 dur:41.000ms, clock:-0.032 level:71
2024-06-06 15:00:13.190 T:3461571456 DEBUG: CVideoPlayer::ProcessVideoData size:215625 dts:7.508 pts:7.549 dur:41.000ms, clock:-0.030 level:71
2024-06-06 15:00:13.192 T:3461571456 DEBUG: CVideoPlayer::ProcessVideoData size:214122 dts:7.549 pts:7.591 dur:41.000ms, clock:-0.028 level:72
2024-06-06 15:00:13.194 T:3461571456 DEBUG: CVideoPlayer::ProcessVideoData size:216509 dts:7.591 pts:7.633 dur:41.000ms, clock:-0.026 level:72
2024-06-06 15:00:13.195 T:3461571456 DEBUG: CVideoPlayer::ProcessVideoData size:227812 dts:7.633 pts:7.674 dur:41.000ms, clock:-0.024 level:73
2024-06-06 15:00:13.197 T:3461571456 DEBUG: CVideoPlayer::ProcessVideoData size:219735 dts:7.674 pts:7.716 dur:41.000ms, clock:-0.022 level:73
2024-06-06 15:00:13.198 T:3461571456 DEBUG: CVideoPlayer::ProcessVideoData size:235310 dts:7.716 pts:7.758 dur:41.000ms, clock:-0.021 level:74
2024-06-06 15:00:13.209 T:3461571456 DEBUG: CVideoPlayer::ProcessVideoData size:215129 dts:7.758 pts:7.799 dur:41.000ms, clock:-0.011 level:75
2024-06-06 15:00:13.211 T:3461571456 DEBUG: CVideoPlayer::ProcessVideoData size:230735 dts:7.799 pts:7.841 dur:41.000ms, clock:-0.009 level:75
2024-06-06 15:00:13.213 T:3461571456 DEBUG: CVideoPlayer::ProcessVideoData size:212034 dts:7.841 pts:7.883 dur:41.000ms, clock:-0.007 level:76
2024-06-06 15:00:13.213 T:3461571456 DEBUG: CVideoPlayer::ProcessVideoData size:219240 dts:7.883 pts:7.925 dur:41.000ms, clock:-0.006 level:76
2024-06-06 15:00:13.215 T:3461571456 DEBUG: CVideoPlayer::ProcessVideoData size:209356 dts:7.925 pts:7.966 dur:41.000ms, clock:-0.004 level:77
2024-06-06 15:00:13.218 T:3461571456 DEBUG: CVideoPlayer::ProcessVideoData size:207224 dts:7.966 pts:8.008 dur:41.000ms, clock:-0.002 level:77
2024-06-06 15:00:13.219 T:3461571456 DEBUG: CVideoPlayer::ProcessVideoData size:280029 dts:8.008 pts:8.050 dur:41.000ms, clock:-0.000 level:78
2024-06-06 15:00:13.221 T:3461571456 DEBUG: CVideoPlayer::ProcessVideoData size:196689 dts:8.050 pts:8.091 dur:41.000ms, clock:0.002 level:78
2024-06-06 15:00:13.222 T:3461571456 DEBUG: CVideoPlayer::ProcessVideoData size:191630 dts:8.091 pts:8.133 dur:41.000ms, clock:0.002 level:79
2024-06-06 15:00:13.224 T:3461571456 DEBUG: CVideoPlayer::ProcessVideoData size:196129 dts:8.133 pts:8.175 dur:41.000ms, clock:0.004 level:79
2024-06-06 15:00:13.226 T:3461571456 DEBUG: CVideoPlayer::ProcessVideoData size:193225 dts:8.175 pts:8.217 dur:41.000ms, clock:0.006 level:80
2024-06-06 15:00:13.228 T:3461571456 DEBUG: CVideoPlayer::ProcessVideoData size:196697 dts:8.217 pts:8.258 dur:41.000ms, clock:0.008 level:80
2024-06-06 15:00:13.229 T:3461571456 DEBUG: CVideoPlayer::ProcessVideoData size:195567 dts:8.258 pts:8.300 dur:41.000ms, clock:0.009 level:81
2024-06-06 15:00:13.231 T:3461571456 DEBUG: CVideoPlayer::ProcessVideoData size:198228 dts:8.300 pts:8.342 dur:41.000ms, clock:0.011 level:81
2024-06-06 15:00:13.232 T:3461571456 DEBUG: CVideoPlayer::ProcessVideoData size:197895 dts:8.342 pts:8.383 dur:41.000ms, clock:0.012 level:82
2024-06-06 15:00:13.233 T:3461571456 DEBUG: CVideoPlayer::ProcessVideoData size:198087 dts:8.383 pts:8.425 dur:41.000ms, clock:0.014 level:82
2024-06-06 15:00:13.234 T:3461571456 DEBUG: CVideoPlayer::ProcessVideoData size:199329 dts:8.425 pts:8.467 dur:41.000ms, clock:0.014 level:83
2024-06-06 15:00:13.237 T:3461571456 DEBUG: CVideoPlayer::ProcessVideoData size:222900 dts:8.467 pts:8.509 dur:41.000ms, clock:0.017 level:83
2024-06-06 15:00:13.238 T:3461571456 DEBUG: CVideoPlayer::ProcessVideoData size:218256 dts:8.509 pts:8.550 dur:41.000ms, clock:0.019 level:84
2024-06-06 15:00:13.240 T:3461571456 DEBUG: CVideoPlayer::ProcessVideoData size:238764 dts:8.550 pts:8.592 dur:41.000ms, clock:0.021 level:84
2024-06-06 15:00:13.242 T:3461571456 DEBUG: CVideoPlayer::ProcessVideoData size:226332 dts:8.592 pts:8.634 dur:41.000ms, clock:0.022 level:85
2024-06-06 15:00:13.243 T:3461571456 DEBUG: CVideoPlayer::ProcessVideoData size:190636 dts:8.634 pts:8.675 dur:41.000ms, clock:0.023 level:85
2024-06-06 15:00:13.254 T:3461571456 DEBUG: CVideoPlayer::ProcessVideoData size:152436 dts:8.675 pts:8.717 dur:41.000ms, clock:0.034 level:86
2024-06-06 15:00:13.254 T:3461571456 DEBUG: CVideoPlayer::ProcessVideoData size:165155 dts:8.717 pts:8.759 dur:41.000ms, clock:0.035 level:87
2024-06-06 15:00:13.256 T:3461571456 DEBUG: CVideoPlayer::ProcessVideoData size:243646 dts:8.759 pts:8.800 dur:41.000ms, clock:0.037 level:87
2024-06-06 15:00:13.258 T:3461571456 DEBUG: CVideoPlayer::ProcessVideoData size:216491 dts:8.800 pts:8.842 dur:41.000ms, clock:0.038 level:88
2024-06-06 15:00:13.481 T:3461571456 DEBUG: CVideoPlayer::ProcessVideoData size:181767 dts:8.842 pts:8.884 dur:41.000ms, clock:0.262 level:88
2024-06-06 15:00:13.483 T:3461571456 DEBUG: CVideoPlayer::ProcessVideoData size:232606 dts:8.884 pts:8.926 dur:41.000ms, clock:0.263 level:89
2024-06-06 15:00:13.587 T:3461571456 DEBUG: CVideoPlayer::ProcessVideoData size:299382 dts:8.926 pts:8.967 dur:41.000ms, clock:0.367 level:89
2024-06-06 15:00:13.588 T:3461571456 DEBUG: CVideoPlayer::ProcessVideoData size:301265 dts:8.967 pts:9.009 dur:41.000ms, clock:0.368 level:90
2024-06-06 15:00:13.681 T:3461571456 DEBUG: CVideoPlayer::ProcessVideoData size:294726 dts:9.009 pts:9.051 dur:41.000ms, clock:0.461 level:90
2024-06-06 15:00:13.683 T:3461571456 DEBUG: CVideoPlayer::ProcessVideoData size:278234 dts:9.051 pts:9.092 dur:41.000ms, clock:0.463 level:91
2024-06-06 15:00:13.736 T:3461571456 DEBUG: CVideoPlayer::ProcessVideoData size:268866 dts:9.092 pts:9.134 dur:41.000ms, clock:0.516 level:91
2024-06-06 15:00:13.737 T:3461571456 DEBUG: CVideoPlayer::ProcessVideoData size:265259 dts:9.134 pts:9.176 dur:41.000ms, clock:0.517 level:92
2024-06-06 15:00:13.830 T:3461571456 DEBUG: CVideoPlayer::ProcessVideoData size:233196 dts:9.176 pts:9.218 dur:41.000ms, clock:0.610 level:92
2024-06-06 15:00:13.831 T:3461571456 DEBUG: CVideoPlayer::ProcessVideoData size:213167 dts:9.218 pts:9.259 dur:41.000ms, clock:0.611 level:93
2024-06-06 15:00:13.934 T:3461571456 DEBUG: CVideoPlayer::ProcessVideoData size:207534 dts:9.259 pts:9.301 dur:41.000ms, clock:0.714 level:93
2024-06-06 15:00:13.935 T:3461571456 DEBUG: CVideoPlayer::ProcessVideoData size:205962 dts:9.301 pts:9.343 dur:41.000ms, clock:0.716 level:94
2024-06-06 15:00:13.987 T:3461571456 DEBUG: CVideoPlayer::ProcessVideoData size:200495 dts:9.343 pts:9.384 dur:41.000ms, clock:0.768 level:94
2024-06-06 15:00:14.031 T:3461571456 DEBUG: CVideoPlayer::ProcessVideoData size:198921 dts:9.384 pts:9.426 dur:41.000ms, clock:0.811 level:95
2024-06-06 15:00:14.033 T:3461571456 DEBUG: CVideoPlayer::ProcessVideoData size:220307 dts:9.426 pts:9.468 dur:41.000ms, clock:0.814 level:95
2024-06-06 15:00:14.137 T:3461571456 DEBUG: CVideoPlayer::ProcessVideoData size:189440 dts:9.468 pts:9.510 dur:41.000ms, clock:0.917 level:96
2024-06-06 15:00:14.137 T:3461571456 DEBUG: CVideoPlayer::ProcessVideoData size:224497 dts:9.510 pts:9.551 dur:41.000ms, clock:0.918 level:96
2024-06-06 15:00:14.177 T:3626500992 DEBUG: CDVDClock::ErrorAdjust - CVideoPlayerAudio::OutputPacket - error:-29845.967263, adjusted:-29845.967263
2024-06-06 15:00:14.180 T:3461571456 DEBUG: CVideoPlayer::ProcessVideoData size:246236 dts:9.551 pts:9.593 dur:41.000ms, clock:0.930 level:97
2024-06-06 15:00:14.233 T:3461571456 DEBUG: CVideoPlayer::ProcessVideoData size:228020 dts:9.593 pts:9.635 dur:41.000ms, clock:0.983 level:97
2024-06-06 15:00:14.234 T:3461571456 DEBUG: CVideoPlayer::ProcessVideoData size:261373 dts:9.635 pts:9.676 dur:41.000ms, clock:0.985 level:98
2024-06-06 15:00:14.337 T:3461571456 DEBUG: CVideoPlayer::ProcessVideoData size:234912 dts:9.676 pts:9.718 dur:41.000ms, clock:1.088 level:99
2024-06-06 15:00:14.339 T:3461571456 DEBUG: CVideoPlayer::ProcessVideoData size:222186 dts:9.718 pts:9.760 dur:41.000ms, clock:1.089 level:99
2024-06-06 15:00:15.051 T:4060590144 NOTICE: VideoPlayer: OnLostDisplay received
2024-06-06 15:00:15.051 T:4060590144 DEBUG: Flush - flushing renderer
2024-06-06 15:00:15.051 T:4060590144 DEBUG: AMLUtils::aml_handle_display_stereo_mode old mode 3dfp new mode 3dfp
2024-06-06 15:00:15.051 T:4060590144 DEBUG: AMLUtils::aml_handle_display_stereo_mode setting new mode
2024-06-06 15:00:15.051 T:4060590144 ERROR: GetString: error reading /sys/class/amhdmitx/amhdmitx0/custom_mode
2024-06-06 15:00:15.055 T:3469964160 DEBUG: CVideoPlayerVideo - CDVDMsg::GENERAL_PAUSE: 1
2024-06-06 15:00:15.077 T:3626500992 DEBUG: CVideoPlayerAudio - CDVDMsg::GENERAL_PAUSE: 1
2024-06-06 15:00:15.511 T:4060590144 NOTICE: VideoPlayer: OnResetDisplay received
2024-06-06 15:00:15.511 T:3626500992 DEBUG: CVideoPlayerAudio - CDVDMsg::GENERAL_PAUSE: 0
2024-06-06 15:00:15.512 T:3626500992 DEBUG: CDVDClock::ErrorAdjust - CVideoPlayerAudio::OutputPacket - error:11341.070150, adjusted:11341.070150
2024-06-06 15:00:15.523 T:3469964160 DEBUG: CVideoPlayerVideo - CDVDMsg::GENERAL_PAUSE: 0
2024-06-06 15:00:15.523 T:3469964160 DEBUG: CVideoPlayerVideo::OutputPicture - ttd:-1521ms pts:0.292 Clock:1.813 Level:5
2024-06-06 15:00:15.523 T:4060590144 INFO: GLES: Maximum texture width: 8192
2024-06-06 15:00:15.524 T:3469964160 DEBUG: CVideoPlayerVideo::OutputPicture - ttd:-1480ms pts:0.334 Clock:1.814 Level:0
2024-06-06 15:00:15.525 T:3469964160 DEBUG: CVideoPlayerVideo::OutputPicture - ttd:-1440ms pts:0.375 Clock:1.816 Level:1
2024-06-06 15:00:15.527 T:3469964160 DEBUG: CVideoPlayerVideo::OutputPicture - ttd:-1399ms pts:0.417 Clock:1.817 Level:2
2024-06-06 15:00:15.528 T:3469964160 DEBUG: CVideoPlayerVideo::OutputPicture - ttd:-1359ms pts:0.459 Clock:1.818 Level:3
2024-06-06 15:00:15.532 T:4060590144 DEBUG: CAMLCodec::SetVideoRect:display(0,0,1920,1080)
2024-06-06 15:00:15.532 T:4060590144 DEBUG: CAMLCodec::SetVideoRect:gui(0,0,1920,1080)
2024-06-06 15:00:15.532 T:4060590144 DEBUG: CAMLCodec::SetVideoRect:m_dst_rect(0,0,1920,1080)
2024-06-06 15:00:15.532 T:4060590144 DEBUG: CAMLCodec::SetVideoRect:dst_rect(0,0,1920,2205)
2024-06-06 15:00:15.532 T:4060590144 DEBUG: CAMLCodec::SetVideoRect:m_guiStereoMode(8)
2024-06-06 15:00:15.532 T:4060590144 DEBUG: CAMLCodec::SetVideoRect:m_guiStereoView(0)
2024-06-06 15:00:15.534 T:4060590144 DEBUG: ------ Window Deinit (DialogBusy.xml) ------
2024-06-06 15:00:15.555 T:3914302336 DEBUG: OnAVChange: CApplication::OnAVChange
2024-06-06 15:00:15.555 T:3914302336 DEBUG: StereoscopicsManager: autodetected stereo mode for movie mode block_lr is: hardware_based
2024-06-06 15:00:15.555 T:3469964160 DEBUG: CVideoPlayerVideo::OutputPicture - ttd:-1344ms pts:0.501 Clock:1.845 Level:0
2024-06-06 15:00:15.559 T:3461571456 DEBUG: CVideoPlayer::ProcessVideoData size:222245 dts:9.760 pts:9.801 dur:41.000ms, clock:1.849 level:99
2024-06-06 15:00:15.569 T:3469964160 DEBUG: CVideoPlayerVideo::OutputPicture - ttd:-1317ms pts:0.542 Clock:1.859 Level:1
2024-06-06 15:00:15.577 T:3469964160 DEBUG: CVideoPlayerVideo::OutputPicture - ttd:-1282ms pts:0.584 Clock:1.867 Level:2
2024-06-06 15:00:15.595 T:3469964160 DEBUG: CVideoPlayerVideo::OutputPicture - ttd:-1258ms pts:0.626 Clock:1.885 Level:3
2024-06-06 15:00:15.601 T:3461571456 DEBUG: CVideoPlayer::ProcessVideoData size:237226 dts:9.801 pts:9.843 dur:41.000ms, clock:1.892 level:99
2024-06-06 15:00:15.603 T:3461571456 DEBUG: CVideoPlayer::ProcessVideoData size:239108 dts:9.843 pts:9.885 dur:41.000ms, clock:1.893 level:99
2024-06-06 15:00:15.609 T:3469964160 DEBUG: CVideoPlayerVideo::OutputPicture - ttd:-1232ms pts:0.667 Clock:1.899 Level:0
2024-06-06 15:00:15.628 T:3469964160 DEBUG: CVideoPlayerVideo::OutputPicture - ttd:-1209ms pts:0.709 Clock:1.918 Level:1
2024-06-06 15:00:15.635 T:3461571456 DEBUG: CVideoPlayer::ProcessVideoData size:236840 dts:9.885 pts:9.927 dur:41.000ms, clock:1.926 level:99
2024-06-06 15:00:15.638 T:3461571456 DEBUG: CVideoPlayer::ProcessVideoData size:210330 dts:9.927 pts:9.968 dur:41.000ms, clock:1.928 level:99
2024-06-06 15:00:15.646 T:3469964160 DEBUG: CVideoPlayerVideo::OutputPicture - ttd:-1185ms pts:0.751 Clock:1.937 Level:0
2024-06-06 15:00:15.648 T:3469964160 DEBUG: CVideoPlayerVideo::OutputPicture - ttd:-1145ms pts:0.792 Clock:1.938 Level:1
2024-06-06 15:00:15.649 T:3469964160 DEBUG: CVideoPlayerVideo::OutputPicture - ttd:-1105ms pts:0.834 Clock:1.939 Level:2
2024-06-06 15:00:15.650 T:3461571456 DEBUG: CVideoPlayer::ProcessVideoData size:227746 dts:9.968 pts:10.010 dur:41.000ms, clock:1.940 level:99
2024-06-06 15:00:15.681 T:3461571456 DEBUG: CVideoPlayer::ProcessVideoData size:220029 dts:10.010 pts:10.052 dur:41.000ms, clock:1.971 level:99
2024-06-06 15:00:15.682 T:3469964160 DEBUG: CVideoPlayerVideo::OutputPicture - ttd:-1096ms pts:0.876 Clock:1.973 Level:0
2024-06-06 15:00:15.684 T:3469964160 DEBUG: CVideoPlayerVideo::OutputPicture - ttd:-1055ms pts:0.918 Clock:1.974 Level:1
2024-06-06 15:00:15.703 T:3461571456 DEBUG: CVideoPlayer::ProcessVideoData size:218592 dts:10.052 pts:10.093 dur:41.000ms, clock:1.993 level:99
2024-06-06 15:00:15.705 T:3461571456 DEBUG: CVideoPlayer::ProcessVideoData size:235595 dts:10.093 pts:10.135 dur:41.000ms, clock:1.995 level:99
2024-06-06 15:00:15.717 T:3461571456 DEBUG: CVideoPlayer::ProcessVideoData size:273145 dts:10.135 pts:10.177 dur:41.000ms, clock:2.007 level:99
2024-06-06 15:00:15.719 T:3469964160 DEBUG: CVideoPlayerVideo::OutputPicture - ttd:-1050ms pts:0.959 Clock:2.010 Level:2
2024-06-06 15:00:15.739 T:3461571456 DEBUG: CVideoPlayer::ProcessVideoData size:213300 dts:10.177 pts:10.219 dur:41.000ms, clock:2.029 level:99
2024-06-06 15:00:15.745 T:3469964160 DEBUG: CVideoPlayerVideo::OutputPicture - ttd:-1034ms pts:1.001 Clock:2.035 Level:0
2024-06-06 15:00:15.762 T:3461571456 DEBUG: CVideoPlayer::ProcessVideoData size:301155 dts:10.219 pts:10.260 dur:41.000ms, clock:2.052 level:99
2024-06-06 15:00:15.764 T:3469964160 DEBUG: CVideoPlayerVideo::OutputPicture - ttd:-1011ms pts:1.043 Clock:2.054 Level:0
2024-06-06 15:00:15.775 T:3461571456 DEBUG: CVideoPlayer::ProcessVideoData size:301112 dts:10.260 pts:10.302 dur:41.000ms, clock:2.065 level:99
2024-06-06 15:00:15.777 T:3469964160 DEBUG: CVideoPlayerVideo::OutputPicture - ttd:-983ms pts:1.084 Clock:2.067 Level:1
2024-06-06 15:00:15.796 T:3469964160 DEBUG: CVideoPlayerVideo::OutputPicture - ttd:-960ms pts:1.126 Clock:2.086 Level:2
2024-06-06 15:00:15.801 T:3461571456 DEBUG: CVideoPlayer::ProcessVideoData size:297019 dts:10.302 pts:10.344 dur:41.000ms, clock:2.091 level:99
2024-06-06 15:00:15.804 T:3469964160 DEBUG: CVideoPlayerVideo::OutputPicture - ttd:-925ms pts:1.168 Clock:2.094 Level:0
2024-06-06 15:00:15.813 T:3461571456 DEBUG: CVideoPlayer::ProcessVideoData size:276421 dts:10.344 pts:10.385 dur:41.000ms, clock:2.103 level:99
2024-06-06 15:00:15.825 T:3461571456 DEBUG: CVideoPlayer::ProcessVideoData size:271637 dts:10.385 pts:10.427 dur:41.000ms, clock:2.115 level:99
2024-06-06 15:00:15.828 T:3469964160 DEBUG: CVideoPlayerVideo::OutputPicture - ttd:-908ms pts:1.210 Clock:2.118 Level:1
2024-06-06 15:00:15.848 T:3469964160 DEBUG: CVideoPlayerVideo::OutputPicture - ttd:-886ms pts:1.251 Clock:2.138 Level:0
2024-06-06 15:00:15.848 T:3461571456 DEBUG: CVideoPlayer::ProcessVideoData size:273306 dts:10.427 pts:10.469 dur:41.000ms, clock:2.138 level:99
2024-06-06 15:00:15.861 T:3469964160 DEBUG: CVideoPlayerVideo::OutputPicture - ttd:-858ms pts:1.293 Clock:2.151 Level:1
2024-06-06 15:00:15.870 T:3461571456 DEBUG: CVideoPlayer::ProcessVideoData size:258903 dts:10.469 pts:10.511 dur:41.000ms, clock:2.160 level:99
2024-06-06 15:00:15.882 T:3461571456 DEBUG: CVideoPlayer::ProcessVideoData size:266670 dts:10.511 pts:10.552 dur:41.000ms, clock:2.173 level:99
2024-06-06 15:00:15.887 T:3469964160 DEBUG: CVideoPlayerVideo::OutputPicture - ttd:-841ms pts:1.335 Clock:2.177 Level:2
2024-06-06 15:00:15.904 T:3461571456 DEBUG: CVideoPlayer::ProcessVideoData size:270383 dts:10.552 pts:10.594 dur:41.000ms, clock:2.195 level:99
2024-06-06 15:00:15.906 T:3469964160 DEBUG: CVideoPlayerVideo::OutputPicture - ttd:-820ms pts:1.376 Clock:2.196 Level:0
2024-06-06 15:00:15.919 T:3469964160 DEBUG: CVideoPlayerVideo::OutputPicture - ttd:-790ms pts:1.418 Clock:2.209 Level:1
2024-06-06 15:00:15.927 T:3461571456 DEBUG: CVideoPlayer::ProcessVideoData size:271459 dts:10.594 pts:10.636 dur:41.000ms, clock:2.217 level:99
2024-06-06 15:00:15.933 T:3469964160 DEBUG: CVideoPlayerVideo::OutputPicture - ttd:-763ms pts:1.460 Clock:2.223 Level:0
2024-06-06 15:00:15.949 T:3461571456 DEBUG: CVideoPlayer::ProcessVideoData size:283900 dts:10.636 pts:10.677 dur:41.000ms, clock:2.239 level:99
2024-06-06 15:00:15.952 T:3461571456 DEBUG: CVideoPlayer::ProcessVideoData size:265622 dts:10.677 pts:10.719 dur:41.000ms, clock:2.242 level:99
2024-06-06 15:00:15.957 T:3469964160 DEBUG: CVideoPlayerVideo::OutputPicture - ttd:-745ms pts:1.502 Clock:2.248 Level:1
2024-06-06 15:00:15.973 T:3461571456 DEBUG: CVideoPlayer::ProcessVideoData size:232458 dts:10.719 pts:10.761 dur:41.000ms, clock:2.264 level:99
2024-06-06 15:00:15.977 T:3469964160 DEBUG: CVideoPlayerVideo::OutputPicture - ttd:-723ms pts:1.543 Clock:2.267 Level:0
2024-06-06 15:00:15.985 T:3461571456 DEBUG: CVideoPlayer::ProcessVideoData size:220760 dts:10.761 pts:10.802 dur:41.000ms, clock:2.275 level:99
2024-06-06 15:00:15.990 T:3469964160 DEBUG: CVideoPlayerVideo::OutputPicture - ttd:-694ms pts:1.585 Clock:2.280 Level:1
2024-06-06 15:00:16.002 T:3469964160 DEBUG: CVideoPlayerVideo::OutputPicture - ttd:-665ms pts:1.627 Clock:2.293 Level:2
2024-06-06 15:00:16.007 T:3461571456 DEBUG: CVideoPlayer::ProcessVideoData size:204323 dts:10.802 pts:10.844 dur:41.000ms, clock:2.297 level:99
2024-06-06 15:00:16.015 T:3469964160 DEBUG: CVideoPlayerVideo::OutputPicture - ttd:-637ms pts:1.668 Clock:2.305 Level:0
2024-06-06 15:00:16.019 T:3461571456 DEBUG: CVideoPlayer::ProcessVideoData size:201358 dts:10.844 pts:10.886 dur:41.000ms, clock:2.309 level:99
2024-06-06 15:00:16.031 T:3461571456 DEBUG: CVideoPlayer::ProcessVideoData size:229214 dts:10.886 pts:10.928 dur:41.000ms, clock:2.321 level:99
2024-06-06 15:00:16.034 T:3469964160 DEBUG: CVideoPlayerVideo::OutputPicture - ttd:-614ms pts:1.710 Clock:2.325 Level:1
2024-06-06 15:00:16.054 T:3461571456 DEBUG: CVideoPlayer::ProcessVideoData size:230381 dts:10.928 pts:10.969 dur:41.000ms, clock:2.344 level:99
2024-06-06 15:00:16.054 T:3469964160 DEBUG: CVideoPlayerVideo::OutputPicture - ttd:-592ms pts:1.752 Clock:2.344 Level:2
2024-06-06 15:00:16.074 T:3469964160 DEBUG: CVideoPlayerVideo::OutputPicture - ttd:-571ms pts:1.793 Clock:2.364 Level:0
2024-06-06 15:00:16.092 T:3469964160 DEBUG: CVideoPlayerVideo::OutputPicture - ttd:-547ms pts:1.835 Clock:2.382 Level:1
2024-06-06 15:00:16.116 T:3461571456 DEBUG: CVideoPlayer::ProcessVideoData size:230801 dts:10.969 pts:11.011 dur:41.000ms, clock:2.406 level:95
2024-06-06 15:00:16.118 T:3461571456 DEBUG: CVideoPlayer::ProcessVideoData size:226443 dts:11.011 pts:11.053 dur:41.000ms, clock:2.409 level:95
2024-06-06 15:00:16.119 T:3469964160 DEBUG: CVideoPlayerVideo::OutputPicture - ttd:-531ms pts:1.877 Clock:2.409 Level:0
2024-06-06 15:00:16.120 T:3461571456 DEBUG: CVideoPlayer::ProcessVideoData size:230657 dts:11.053 pts:11.094 dur:41.000ms, clock:2.410 level:96
2024-06-06 15:00:16.128 T:3469964160 DEBUG: CVideoPlayerVideo::OutputPicture - ttd:-498ms pts:1.919 Clock:2.418 Level:1
2024-06-06 15:00:16.143 T:3461571456 DEBUG: CVideoPlayer::ProcessVideoData size:233075 dts:11.094 pts:11.136 dur:41.000ms, clock:2.433 level:95
2024-06-06 15:00:16.144 T:3461571456 DEBUG: CVideoPlayer::ProcessVideoData size:228034 dts:11.136 pts:11.178 dur:41.000ms, clock:2.434 level:95
2024-06-06 15:00:16.145 T:3469964160 DEBUG: CVideoPlayerVideo::OutputPicture - ttd:-474ms pts:1.960 Clock:2.435 Level:0
2024-06-06 15:00:16.156 T:3461571456 DEBUG: CVideoPlayer::ProcessVideoData size:225246 dts:11.178 pts:11.220 dur:41.000ms, clock:2.446 level:95
2024-06-06 15:00:16.161 T:3469964160 DEBUG: CVideoPlayerVideo::OutputPicture - ttd:-449ms pts:2.002 Clock:2.452 Level:1
2024-06-06 15:00:16.176 T:4038480768 DEBUG: ActiveAE::SyncStream - average error 413.702901 above threshold of 100.000000
2024-06-06 15:00:16.178 T:3461571456 DEBUG: CVideoPlayer::ProcessVideoData size:215534 dts:11.220 pts:11.261 dur:41.000ms, clock:2.468 level:94
2024-06-06 15:00:16.178 T:3469964160 DEBUG: CVideoPlayerVideo::OutputPicture - ttd:-424ms pts:2.044 Clock:2.468 Level:2
2024-06-06 15:00:16.180 T:3461571456 DEBUG: CVideoPlayer::ProcessVideoData size:227611 dts:11.261 pts:11.303 dur:41.000ms, clock:2.470 level:95
2024-06-06 15:00:16.192 T:3461571456 DEBUG: CVideoPlayer::ProcessVideoData size:223337 dts:11.303 pts:11.345 dur:41.000ms, clock:2.482 level:95
2024-06-06 15:00:16.196 T:3469964160 DEBUG: CVideoPlayerVideo::OutputPicture - ttd:-400ms pts:2.085 Clock:2.486 Level:0
2024-06-06 15:00:16.204 T:3461571456 DEBUG: CVideoPlayer::ProcessVideoData size:228921 dts:11.345 pts:11.386 dur:41.000ms, clock:2.494 level:94
2024-06-06 15:00:16.206 T:3461571456 DEBUG: CVideoPlayer::ProcessVideoData size:231989 dts:11.386 pts:11.428 dur:41.000ms, clock:2.496 level:95
2024-06-06 15:00:16.212 T:3469964160 DEBUG: CVideoPlayerVideo::OutputPicture - ttd:-375ms pts:2.127 Clock:2.503 Level:1
2024-06-06 15:00:16.218 T:3461571456 DEBUG: CVideoPlayer::ProcessVideoData size:243456 dts:11.428 pts:11.470 dur:41.000ms, clock:2.508 level:95
2024-06-06 15:00:16.230 T:3469964160 DEBUG: CVideoPlayerVideo::OutputPicture - ttd:-350ms pts:2.169 Clock:2.520 Level:0
2024-06-06 15:00:16.230 T:3461571456 DEBUG: CVideoPlayer::ProcessVideoData size:239190 dts:11.470 pts:11.512 dur:41.000ms, clock:2.520 level:94
2024-06-06 15:00:16.232 T:3461571456 DEBUG: CVideoPlayer::ProcessVideoData size:236689 dts:11.512 pts:11.553 dur:41.000ms, clock:2.522 level:95
2024-06-06 15:00:16.248 T:3469964160 DEBUG: CVideoPlayerVideo::OutputPicture - ttd:-326ms pts:2.211 Clock:2.538 Level:1
2024-06-06 15:00:16.257 T:3469964160 DEBUG: CVideoPlayerVideo::OutputPicture - ttd:-294ms pts:2.252 Clock:2.547 Level:2
2024-06-06 15:00:16.281 T:3469964160 DEBUG: CVideoPlayerVideo::OutputPicture - ttd:-277ms pts:2.294 Clock:2.571 Level:0
2024-06-06 15:00:16.295 T:3469964160 DEBUG: CVideoPlayerVideo::OutputPicture - ttd:-249ms pts:2.336 Clock:2.585 Level:1
2024-06-06 15:00:16.315 T:3469964160 DEBUG: CVideoPlayerVideo::OutputPicture - ttd:-228ms pts:2.377 Clock:2.605 Level:0
2024-06-06 15:00:16.323 T:3469964160 DEBUG: CVideoPlayerVideo::OutputPicture - ttd:-194ms pts:2.419 Clock:2.613 Level:1
2024-06-06 15:00:16.337 T:3469964160 DEBUG: CVideoPlayerVideo::OutputPicture - ttd:-165ms pts:2.461 Clock:2.627 Level:2
2024-06-06 15:00:16.351 T:3469964160 DEBUG: CVideoPlayerVideo::OutputPicture - ttd:-137ms pts:2.503 Clock:2.641 Level:0
2024-06-06 15:00:16.371 T:3469964160 DEBUG: CVideoPlayerVideo::OutputPicture - ttd:-116ms pts:2.544 Clock:2.661 Level:1
2024-06-06 15:00:16.391 T:3469964160 DEBUG: CVideoPlayerVideo::OutputPicture - ttd:-95ms pts:2.586 Clock:2.681 Level:0
2024-06-06 15:00:16.405 T:3469964160 DEBUG: CVideoPlayerVideo::OutputPicture - ttd:-66ms pts:2.628 Clock:2.695 Level:1
2024-06-06 15:00:16.419 T:3469964160 DEBUG: CVideoPlayerVideo::OutputPicture - ttd:-39ms pts:2.669 Clock:2.709 Level:2
2024-06-06 15:00:16.433 T:3469964160 DEBUG: CVideoPlayerVideo::OutputPicture - ttd:-11ms pts:2.711 Clock:2.723 Level:0
2024-06-06 15:00:16.447 T:3469964160 DEBUG: CVideoPlayerVideo::OutputPicture - ttd:16ms pts:2.753 Clock:2.737 Level:1
2024-06-06 15:00:16.473 T:3469964160 DEBUG: CVideoPlayerVideo::OutputPicture - ttd:30ms pts:2.794 Clock:2.763 Level:0
2024-06-06 15:00:16.487 T:3469964160 DEBUG: CVideoPlayerVideo::OutputPicture - ttd:58ms pts:2.836 Clock:2.777 Level:1
2024-06-06 15:00:16.501 T:3469964160 DEBUG: CVideoPlayerVideo::OutputPicture - ttd:87ms pts:2.878 Clock:2.791 Level:2
2024-06-06 15:00:16.526 T:4038480768 DEBUG: ActiveAE::SyncStream - average error 13.702901, last average error: 413.702901
2024-06-06 15:00:16.527 T:3469964160 DEBUG: CVideoPlayerVideo::OutputPicture - ttd:102ms pts:2.920 Clock:2.817 Level:0
2024-06-06 15:00:16.541 T:3469964160 DEBUG: CVideoPlayerVideo::OutputPicture - ttd:129ms pts:2.961 Clock:2.831 Level:1
2024-06-06 15:00:16.556 T:3469964160 DEBUG: CVideoPlayerVideo::OutputPicture - ttd:156ms pts:3.003 Clock:2.846 Level:1
2024-06-06 15:00:16.572 T:3469964160 DEBUG: CVideoPlayerVideo::OutputPicture - ttd:183ms pts:3.045 Clock:2.862 Level:2
2024-06-06 15:00:16.588 T:3469964160 DEBUG: CVideoPlayerVideo::OutputPicture - ttd:208ms pts:3.086 Clock:2.878 Level:3
2024-06-06 15:00:16.603 T:3469964160 DEBUG: CVideoPlayerVideo::OutputPicture - ttd:234ms pts:3.128 Clock:2.893 Level:3
2024-06-06 15:00:16.626 T:4038480768 DEBUG: ActiveAE::SyncStream - average error of 60.115634, start adjusting
2024-06-06 15:00:16.626 T:4038480768 DEBUG: ActiveAE::SyncStream - average error 10.115634 below threshold of 30.000000
2024-06-06 15:00:16.639 T:3469964160 DEBUG: CVideoPlayerVideo::OutputPicture - ttd:241ms pts:3.170 Clock:2.929 Level:3
2024-06-06 15:00:16.682 T:3469964160 DEBUG: CVideoPlayerVideo::OutputPicture - ttd:239ms pts:3.212 Clock:2.972 Level:3
2024-06-06 15:00:16.689 T:3461571456 DEBUG: CVideoPlayer::ProcessVideoData size:234126 dts:11.553 pts:11.595 dur:41.000ms, clock:2.979 level:89
2024-06-06 15:00:16.690 T:3461571456 DEBUG: CVideoPlayer::ProcessVideoData size:227216 dts:11.595 pts:11.637 dur:41.000ms, clock:2.980 level:89
2024-06-06 15:00:16.724 T:3469964160 DEBUG: CVideoPlayerVideo::OutputPicture - ttd:239ms pts:3.253 Clock:3.014 Level:3
2024-06-06 15:00:16.732 T:3461571456 DEBUG: CVideoPlayer::ProcessVideoData size:234519 dts:11.637 pts:11.678 dur:41.000ms, clock:3.023 level:89
2024-06-06 15:00:16.734 T:3461571456 DEBUG: CVideoPlayer::ProcessVideoData size:244550 dts:11.678 pts:11.720 dur:41.000ms, clock:3.024 level:90
2024-06-06 15:00:16.764 T:3469964160 DEBUG: CVideoPlayerVideo::OutputPicture - ttd:240ms pts:3.295 Clock:3.054 Level:3
2024-06-06 15:00:16.805 T:3469964160 DEBUG: CVideoPlayerVideo::OutputPicture - ttd:241ms pts:3.337 Clock:3.095 Level:3
2024-06-06 15:00:16.837 T:3461571456 DEBUG: CVideoPlayer::ProcessVideoData size:249491 dts:11.720 pts:11.762 dur:41.000ms, clock:3.128 level:89
2024-06-06 15:00:16.839 T:3461571456 DEBUG: CVideoPlayer::ProcessVideoData size:224304 dts:11.762 pts:11.803 dur:41.000ms, clock:3.129 level:89
2024-06-06 15:00:16.847 T:3469964160 DEBUG: CVideoPlayerVideo::OutputPicture - ttd:241ms pts:3.378 Clock:3.137 Level:3
2024-06-06 15:00:16.887 T:3469964160 DEBUG: CVideoPlayerVideo::OutputPicture - ttd:242ms pts:3.420 Clock:3.177 Level:4
2024-06-06 15:00:16.929 T:3469964160 DEBUG: CVideoPlayerVideo::OutputPicture - ttd:242ms pts:3.462 Clock:3.220 Level:4
2024-06-06 15:00:16.931 T:3461571456 DEBUG: CVideoPlayer::ProcessVideoData size:195556 dts:11.803 pts:11.845 dur:41.000ms, clock:3.222 level:89
2024-06-06 15:00:16.933 T:3461571456 DEBUG: CVideoPlayer::ProcessVideoData size:180094 dts:11.845 pts:11.887 dur:41.000ms, clock:3.223 level:89
2024-06-06 15:00:16.935 T:3461571456 DEBUG: CVideoPlayer::ProcessVideoData size:224357 dts:11.887 pts:11.929 dur:41.000ms, clock:3.225 level:90
2024-06-06 15:00:16.970 T:3469964160 DEBUG: CVideoPlayerVideo::OutputPicture - ttd:243ms pts:3.504 Clock:3.260 Level:4
2024-06-06 15:00:17.017 T:3469964160 DEBUG: CVideoPlayerVideo::OutputPicture - ttd:237ms pts:3.545 Clock:3.307 Level:3
2024-06-06 15:00:17.038 T:3461571456 DEBUG: CVideoPlayer::ProcessVideoData size:223702 dts:11.929 pts:11.970 dur:41.000ms, clock:3.328 level:89
2024-06-06 15:00:17.040 T:3461571456 DEBUG: CVideoPlayer::ProcessVideoData size:284138 dts:11.970 pts:12.012 dur:41.000ms, clock:3.330 level:90
2024-06-06 15:00:17.058 T:3469964160 DEBUG: CVideoPlayerVideo::OutputPicture - ttd:238ms pts:3.587 Clock:3.348 Level:3
2024-06-06 15:00:17.098 T:3469964160 DEBUG: CVideoPlayerVideo::OutputPicture - ttd:240ms pts:3.629 Clock:3.389 Level:3
2024-06-06 15:00:17.133 T:3461571456 DEBUG: CVideoPlayer::ProcessVideoData size:273393 dts:12.012 pts:12.054 dur:41.000ms, clock:3.423 level:89
2024-06-06 15:00:17.136 T:3461571456 DEBUG: CVideoPlayer::ProcessVideoData size:277603 dts:12.054 pts:12.095 dur:41.000ms, clock:3.426 level:89
2024-06-06 15:00:17.140 T:3469964160 DEBUG: CVideoPlayerVideo::OutputPicture - ttd:239ms pts:3.670 Clock:3.430 Level:3
2024-06-06 15:00:17.178 T:3461571456 DEBUG: CVideoPlayer::ProcessVideoData size:285844 dts:12.095 pts:12.137 dur:41.000ms, clock:3.468 level:89
2024-06-06 15:00:17.180 T:3469964160 DEBUG: CVideoPlayerVideo::OutputPicture - ttd:241ms pts:3.712 Clock:3.471 Level:3
2024-06-06 15:00:17.221 T:3469964160 DEBUG: CVideoPlayerVideo::OutputPicture - ttd:242ms pts:3.754 Clock:3.511 Level:4
2024-06-06 15:00:17.231 T:3461571456 DEBUG: CVideoPlayer::ProcessVideoData size:273655 dts:12.137 pts:12.179 dur:41.000ms, clock:3.521 level:89
2024-06-06 15:00:17.233 T:3461571456 DEBUG: CVideoPlayer::ProcessVideoData size:262965 dts:12.179 pts:12.221 dur:41.000ms, clock:3.523 level:90
2024-06-06 15:00:17.268 T:3469964160 DEBUG: CVideoPlayerVideo::OutputPicture - ttd:237ms pts:3.795 Clock:3.558 Level:3
2024-06-06 15:00:17.308 T:3469964160 DEBUG: CVideoPlayerVideo::OutputPicture - ttd:238ms pts:3.837 Clock:3.598 Level:3
2024-06-06 15:00:17.336 T:3461571456 DEBUG: CVideoPlayer::ProcessVideoData size:261632 dts:12.221 pts:12.262 dur:41.000ms, clock:3.626 level:89
2024-06-06 15:00:17.338 T:3461571456 DEBUG: CVideoPlayer::ProcessVideoData size:251765 dts:12.262 pts:12.304 dur:41.000ms, clock:3.628 level:90
2024-06-06 15:00:17.349 T:3469964160 DEBUG: CVideoPlayerVideo::OutputPicture - ttd:240ms pts:3.879 Clock:3.639 Level:3
2024-06-06 15:00:17.389 T:3469964160 DEBUG: CVideoPlayerVideo::OutputPicture - ttd:241ms pts:3.921 Clock:3.679 Level:3
2024-06-06 15:00:17.430 T:3469964160 DEBUG: CVideoPlayerVideo::OutputPicture - ttd:242ms pts:3.962 Clock:3.720 Level:4
2024-06-06 15:00:17.431 T:3461571456 DEBUG: CVideoPlayer::ProcessVideoData size:246297 dts:12.304 pts:12.346 dur:41.000ms, clock:3.721 level:89
2024-06-06 15:00:17.433 T:3461571456 DEBUG: CVideoPlayer::ProcessVideoData size:238512 dts:12.346 pts:12.387 dur:41.000ms, clock:3.723 level:89
2024-06-06 15:00:17.477 T:3469964160 DEBUG: CVideoPlayerVideo::OutputPicture - ttd:237ms pts:4.004 Clock:3.767 Level:3
2024-06-06 15:00:17.486 T:3461571456 DEBUG: CVideoPlayer::ProcessVideoData size:221684 dts:12.387 pts:12.429 dur:41.000ms, clock:3.776 level:89
2024-06-06 15:00:17.487 T:3461571456 DEBUG: CVideoPlayer::ProcessVideoData size:222426 dts:12.429 pts:12.471 dur:41.000ms, clock:3.777 level:90
2024-06-06 15:00:17.517 T:3469964160 DEBUG: CVideoPlayerVideo::OutputPicture - ttd:238ms pts:4.046 Clock:3.807 Level:3
2024-06-06 15:00:17.557 T:3469964160 DEBUG: CVideoPlayerVideo::OutputPicture - ttd:239ms pts:4.087 Clock:3.848 Level:3
2024-06-06 15:00:17.580 T:3461571456 DEBUG: CVideoPlayer::ProcessVideoData size:193783 dts:12.471 pts:12.513 dur:41.000ms, clock:3.870 level:89
2024-06-06 15:00:17.581 T:3461571456 DEBUG: CVideoPlayer::ProcessVideoData size:213700 dts:12.513 pts:12.554 dur:41.000ms, clock:3.871 level:90
2024-06-06 15:00:17.598 T:3469964160 DEBUG: CVideoPlayerVideo::OutputPicture - ttd:240ms pts:4.129 Clock:3.888 Level:3
2024-06-06 15:00:17.628 T:3626500992 DEBUG: CDVDClock::ErrorAdjust - CVideoPlayerAudio::OutputPacket - error:10265.157950, adjusted:10265.157950
2024-06-06 15:00:17.639 T:3469964160 DEBUG: CVideoPlayerVideo::OutputPicture - ttd:231ms pts:4.171 Clock:3.940 Level:3
2024-06-06 15:00:17.680 T:3469964160 DEBUG: CVideoPlayerVideo::OutputPicture - ttd:232ms pts:4.213 Clock:3.980 Level:4
2024-06-06 15:00:17.684 T:3461571456 DEBUG: CVideoPlayer::ProcessVideoData size:206480 dts:12.554 pts:12.596 dur:41.000ms, clock:3.985 level:89
2024-06-06 15:00:17.686 T:3461571456 DEBUG: CVideoPlayer::ProcessVideoData size:218634 dts:12.596 pts:12.638 dur:41.000ms, clock:3.986 level:89
2024-06-06 15:00:17.729 T:3469964160 DEBUG: CVideoPlayerVideo::OutputPicture - ttd:224ms pts:4.254 Clock:4.030 Level:3
2024-06-06 15:00:17.739 T:3461571456 DEBUG: CVideoPlayer::ProcessVideoData size:215441 dts:12.638 pts:12.679 dur:41.000ms, clock:4.039 level:89
2024-06-06 15:00:17.740 T:3461571456 DEBUG: CVideoPlayer::ProcessVideoData size:213916 dts:12.679 pts:12.721 dur:41.000ms, clock:4.040 level:90
2024-06-06 15:00:17.763 T:3469964160 DEBUG: CVideoPlayerVideo::OutputPicture - ttd:232ms pts:4.296 Clock:4.064 Level:4
2024-06-06 15:00:17.810 T:3469964160 DEBUG: CVideoPlayerVideo::OutputPicture - ttd:227ms pts:4.338 Clock:4.110 Level:3
2024-06-06 15:00:17.833 T:3461571456 DEBUG: CVideoPlayer::ProcessVideoData size:203644 dts:12.721 pts:12.763 dur:41.000ms, clock:4.134 level:89
2024-06-06 15:00:17.834 T:3461571456 DEBUG: CVideoPlayer::ProcessVideoData size:196827 dts:12.763 pts:12.804 dur:41.000ms, clock:4.135 level:90
2024-06-06 15:00:17.851 T:3469964160 DEBUG: CVideoPlayerVideo::OutputPicture - ttd:227ms pts:4.379 Clock:4.151 Level:3
2024-06-06 15:00:17.891 T:3469964160 DEBUG: CVideoPlayerVideo::OutputPicture - ttd:229ms pts:4.421 Clock:4.191 Level:3
2024-06-06 15:00:17.931 T:3469964160 DEBUG: CVideoPlayerVideo::OutputPicture - ttd:231ms pts:4.463 Clock:4.232 Level:3
2024-06-06 15:00:17.938 T:3461571456 DEBUG: CVideoPlayer::ProcessVideoData size:222206 dts:12.804 pts:12.846 dur:41.000ms, clock:4.238 level:89
2024-06-06 15:00:17.939 T:3461571456 DEBUG: CVideoPlayer::ProcessVideoData size:183658 dts:12.846 pts:12.888 dur:41.000ms, clock:4.240 level:89
2024-06-06 15:00:17.973 T:3469964160 DEBUG: CVideoPlayerVideo::OutputPicture - ttd:231ms pts:4.505 Clock:4.274 Level:3
2024-06-06 15:00:17.981 T:3461571456 DEBUG: CVideoPlayer::ProcessVideoData size:185337 dts:12.888 pts:12.930 dur:41.000ms, clock:4.282 level:89
2024-06-06 15:00:17.983 T:3461571456 DEBUG: CVideoPlayer::ProcessVideoData size:169618 dts:12.930 pts:12.971 dur:41.000ms, clock:4.283 level:90
2024-06-06 15:00:18.015 T:3469964160 DEBUG: CVideoPlayerVideo::OutputPicture - ttd:230ms pts:4.546 Clock:4.315 Level:3
2024-06-06 15:00:18.055 T:3469964160 DEBUG: CVideoPlayerVideo::OutputPicture - ttd:232ms pts:4.588 Clock:4.356 Level:4
2024-06-06 15:00:18.080 T:3461571456 DEBUG: CVideoPlayer::ProcessVideoData size:165255 dts:12.971 pts:13.013 dur:41.000ms, clock:4.380 level:89
2024-06-06 15:00:18.081 T:3461571456 DEBUG: CVideoPlayer::ProcessVideoData size:167458 dts:13.013 pts:13.055 dur:41.000ms, clock:4.382 level:90
2024-06-06 15:00:18.097 T:3469964160 DEBUG: CVideoPlayerVideo::OutputPicture - ttd:232ms pts:4.630 Clock:4.397 Level:4
2024-06-06 15:00:18.144 T:3469964160 DEBUG: CVideoPlayerVideo::OutputPicture - ttd:226ms pts:4.671 Clock:4.444 Level:3
2024-06-06 15:00:18.180 T:3469964160 DEBUG: CVideoPlayerVideo::OutputPicture - ttd:232ms pts:4.713 Clock:4.481 Level:4
2024-06-06 15:00:18.184 T:3461571456 DEBUG: CVideoPlayer::ProcessVideoData size:163249 dts:13.055 pts:13.096 dur:41.000ms, clock:4.485 level:89
2024-06-06 15:00:18.186 T:3461571456 DEBUG: CVideoPlayer::ProcessVideoData size:214036 dts:13.096 pts:13.138 dur:41.000ms, clock:4.486 level:89
2024-06-06 15:00:18.188 T:3461571456 DEBUG: CVideoPlayer::ProcessVideoData size:266531 dts:13.138 pts:13.180 dur:41.000ms, clock:4.488 level:90
2024-06-06 15:00:18.221 T:3469964160 DEBUG: CVideoPlayerVideo::OutputPicture - ttd:233ms pts:4.755 Clock:4.522 Level:4
2024-06-06 15:00:18.268 T:3469964160 DEBUG: CVideoPlayerVideo::OutputPicture - ttd:227ms pts:4.796 Clock:4.568 Level:3
2024-06-06 15:00:18.281 T:3461571456 DEBUG: CVideoPlayer::ProcessVideoData size:222503 dts:13.180 pts:13.222 dur:41.000ms, clock:4.581 level:89
2024-06-06 15:00:18.282 T:3461571456 DEBUG: CVideoPlayer::ProcessVideoData size:209919 dts:13.222 pts:13.263 dur:41.000ms, clock:4.583 level:90
2024-06-06 15:00:18.307 T:4060590144 DEBUG: ------ Window Deinit (DialogNotification.xml) ------
2024-06-06 15:00:18.311 T:3469964160 DEBUG: CVideoPlayerVideo::OutputPicture - ttd:226ms pts:4.838 Clock:4.611 Level:3
2024-06-06 15:00:18.351 T:3469964160 DEBUG: CVideoPlayerVideo::OutputPicture - ttd:228ms pts:4.880 Clock:4.651 Level:3
2024-06-06 15:00:18.386 T:3461571456 DEBUG: CVideoPlayer::ProcessVideoData size:234451 dts:13.263 pts:13.305 dur:41.000ms, clock:4.686 level:89
2024-06-06 15:00:18.387 T:3461571456 DEBUG: CVideoPlayer::ProcessVideoData size:276290 dts:13.305 pts:13.347 dur:41.000ms, clock:4.688 level:89
2024-06-06 15:00:18.392 T:3469964160 DEBUG: CVideoPlayerVideo::OutputPicture - ttd:230ms pts:4.922 Clock:4.692 Level:3
2024-06-06 15:00:18.430 T:3461571456 DEBUG: CVideoPlayer::ProcessVideoData size:247761 dts:13.347 pts:13.388 dur:41.000ms, clock:4.730 level:89
2024-06-06 15:00:18.432 T:3469964160 DEBUG: CVideoPlayerVideo::OutputPicture - ttd:230ms pts:4.963 Clock:4.733 Level:3
2024-06-06 15:00:18.473 T:3469964160 DEBUG: CVideoPlayerVideo::OutputPicture - ttd:231ms pts:5.005 Clock:4.773 Level:4
2024-06-06 15:00:18.482 T:3461571456 DEBUG: CVideoPlayer::ProcessVideoData size:224793 dts:13.388 pts:13.430 dur:41.000ms, clock:4.783 level:89
2024-06-06 15:00:18.484 T:3461571456 DEBUG: CVideoPlayer::ProcessVideoData size:270869 dts:13.430 pts:13.472 dur:41.000ms, clock:4.785 level:90
2024-06-06 15:00:18.513 T:3469964160 DEBUG: CVideoPlayerVideo::OutputPicture - ttd:233ms pts:5.047 Clock:4.814 Level:4
2024-06-06 15:00:18.555 T:3469964160 DEBUG: CPtsTracker: detected pattern of length 1: 41708.33, frameduration: 41708.333333
2024-06-06 15:00:18.556 T:3469964160 DEBUG: CVideoPlayerVideo::OutputPicture - ttd:232ms pts:5.088 Clock:4.856 Level:4
2024-06-06 15:00:18.588 T:3461571456 DEBUG: CVideoPlayer::ProcessVideoData size:237615 dts:13.472 pts:13.514 dur:41.000ms, clock:4.889 level:89
2024-06-06 15:00:18.589 T:3461571456 DEBUG: CVideoPlayer::ProcessVideoData size:242464 dts:13.514 pts:13.555 dur:41.000ms, clock:4.890 level:89
2024-06-06 15:00:18.596 T:3469964160 DEBUG: CVideoPlayerVideo::OutputPicture - ttd:233ms pts:5.130 Clock:4.897 Level:4
2024-06-06 15:00:18.643 T:3469964160 DEBUG: CVideoPlayerVideo::OutputPicture - ttd:228ms pts:5.172 Clock:4.944 Level:3
2024-06-06 15:00:18.683 T:3461571456 DEBUG: CVideoPlayer::ProcessVideoData size:264219 dts:13.555 pts:13.597 dur:41.000ms, clock:4.983 level:89
2024-06-06 15:00:18.685 T:3469964160 DEBUG: CVideoPlayerVideo::OutputPicture - ttd:228ms pts:5.214 Clock:4.985 Level:3
2024-06-06 15:00:18.685 T:3461571456 DEBUG: CVideoPlayer::ProcessVideoData size:241895 dts:13.597 pts:13.639 dur:41.000ms, clock:4.985 level:89
2024-06-06 15:00:18.725 T:3469964160 DEBUG: CVideoPlayerVideo::OutputPicture - ttd:229ms pts:5.255 Clock:5.026 Level:3
2024-06-06 15:00:18.738 T:3461571456 DEBUG: CVideoPlayer::ProcessVideoData size:309907 dts:13.639 pts:13.680 dur:41.000ms, clock:5.038 level:89
2024-06-06 15:00:18.740 T:3461571456 DEBUG: CVideoPlayer::ProcessVideoData size:290486 dts:13.680 pts:13.722 dur:41.000ms, clock:5.040 level:90
2024-06-06 15:00:18.766 T:3469964160 DEBUG: CVideoPlayerVideo::OutputPicture - ttd:230ms pts:5.297 Clock:5.066 Level:3
2024-06-06 15:00:18.806 T:3469964160 DEBUG: CVideoPlayerVideo::OutputPicture - ttd:232ms pts:5.339 Clock:5.107 Level:3
2024-06-06 15:00:18.833 T:3461571456 DEBUG: CVideoPlayer::ProcessVideoData size:272744 dts:13.722 pts:13.764 dur:41.000ms, clock:5.134 level:89
2024-06-06 15:00:18.835 T:3461571456 DEBUG: CVideoPlayer::ProcessVideoData size:291838 dts:13.764 pts:13.805 dur:41.000ms, clock:5.135 level:89
2024-06-06 15:00:18.848 T:3469964160 DEBUG: CVideoPlayerVideo::OutputPicture - ttd:231ms pts:5.380 Clock:5.149 Level:3
2024-06-06 15:00:18.887 T:3461571456 DEBUG: CVideoPlayer::ProcessVideoData size:272985 dts:13.805 pts:13.847 dur:41.000ms, clock:5.188 level:89
2024-06-06 15:00:18.889 T:3469964160 DEBUG: CVideoPlayerVideo::OutputPicture - ttd:232ms pts:5.422 Clock:5.189 Level:4
2024-06-06 15:00:18.935 T:3469964160 DEBUG: CVideoPlayerVideo::OutputPicture - ttd:228ms pts:5.464 Clock:5.236 Level:3
2024-06-06 15:00:18.976 T:3469964160 DEBUG: CVideoPlayerVideo::OutputPicture - ttd:229ms pts:5.506 Clock:5.276 Level:3
2024-06-06 15:00:18.981 T:3461571456 DEBUG: CVideoPlayer::ProcessVideoData size:244639 dts:13.847 pts:13.889 dur:41.000ms, clock:5.281 level:89
2024-06-06 15:00:18.982 T:3461571456 DEBUG: CVideoPlayer::ProcessVideoData size:224022 dts:13.889 pts:13.931 dur:41.000ms, clock:5.283 level:89
2024-06-06 15:00:19.017 T:3469964160 DEBUG: CVideoPlayerVideo::OutputPicture - ttd:229ms pts:5.547 Clock:5.317 Level:3
2024-06-06 15:00:19.036 T:3461571456 DEBUG: CVideoPlayer::ProcessVideoData size:240651 dts:13.931 pts:13.972 dur:41.000ms, clock:5.336 level:89
2024-06-06 15:00:19.037 T:3461571456 DEBUG: CVideoPlayer::ProcessVideoData size:285384 dts:13.972 pts:14.014 dur:41.000ms, clock:5.338 level:89
2024-06-06 15:00:19.058 T:3469964160 DEBUG: CVideoPlayerVideo::OutputPicture - ttd:230ms pts:5.589 Clock:5.358 Level:3
2024-06-06 15:00:19.098 T:3469964160 DEBUG: CVideoPlayerVideo::OutputPicture - ttd:232ms pts:5.631 Clock:5.399 Level:4
2024-06-06 15:00:19.131 T:3461571456 DEBUG: CVideoPlayer::ProcessVideoData size:250888 dts:14.014 pts:14.056 dur:41.000ms, clock:5.431 level:89
2024-06-06 15:00:19.132 T:3461571456 DEBUG: CVideoPlayer::ProcessVideoData size:242089 dts:14.056 pts:14.097 dur:41.000ms, clock:5.433 level:89
2024-06-06 15:00:19.140 T:3469964160 DEBUG: CVideoPlayerVideo::OutputPicture - ttd:231ms pts:5.672 Clock:5.440 Level:4
2024-06-06 15:00:19.180 T:3469964160 DEBUG: CVideoPlayerVideo::OutputPicture - ttd:233ms pts:5.714 Clock:5.481 Level:4
2024-06-06 15:00:19.227 T:3469964160 DEBUG: CVideoPlayerVideo::OutputPicture - ttd:228ms pts:5.756 Clock:5.527 Level:3
2024-06-06 15:00:19.236 T:3461571456 DEBUG: CVideoPlayer::ProcessVideoData size:241453 dts:14.097 pts:14.139 dur:41.000ms, clock:5.536 level:89
2024-06-06 15:00:19.238 T:3461571456 DEBUG: CVideoPlayer::ProcessVideoData size:331134 dts:14.139 pts:14.181 dur:41.000ms, clock:5.538 level:89
2024-06-06 15:00:19.267 T:3469964160 DEBUG: CVideoPlayerVideo::OutputPicture - ttd:229ms pts:5.797 Clock:5.568 Level:3
2024-06-06 15:00:19.281 T:3461571456 DEBUG: CVideoPlayer::ProcessVideoData size:265238 dts:14.181 pts:14.223 dur:41.000ms, clock:5.581 level:89
2024-06-06 15:00:19.282 T:3461571456 DEBUG: CVideoPlayer::ProcessVideoData size:209908 dts:14.223 pts:14.264 dur:41.000ms, clock:5.583 level:90
2024-06-06 15:00:19.310 T:3469964160 DEBUG: CVideoPlayerVideo::OutputPicture - ttd:228ms pts:5.839 Clock:5.611 Level:3
2024-06-06 15:00:19.351 T:3469964160 DEBUG: CVideoPlayerVideo::OutputPicture - ttd:229ms pts:5.881 Clock:5.651 Level:3
2024-06-06 15:00:19.385 T:3461571456 DEBUG: CVideoPlayer::ProcessVideoData size:218530 dts:14.264 pts:14.306 dur:41.000ms, clock:5.686 level:89
2024-06-06 15:00:19.387 T:3461571456 DEBUG: CVideoPlayer::ProcessVideoData size:250693 dts:14.306 pts:14.348 dur:41.000ms, clock:5.687 level:89
2024-06-06 15:00:19.393 T:3469964160 DEBUG: CVideoPlayerVideo::OutputPicture - ttd:229ms pts:5.923 Clock:5.693 Level:3
2024-06-06 15:00:19.429 T:3461571456 DEBUG: CVideoPlayer::ProcessVideoData size:201848 dts:14.348 pts:14.389 dur:41.000ms, clock:5.729 level:89
2024-06-06 15:00:19.433 T:3469964160 DEBUG: CVideoPlayerVideo::OutputPicture - ttd:230ms pts:5.964 Clock:5.734 Level:3
2024-06-06 15:00:19.474 T:3469964160 DEBUG: CVideoPlayerVideo::OutputPicture - ttd:231ms pts:6.006 Clock:5.774 Level:3
2024-06-06 15:00:19.482 T:3461571456 DEBUG: CVideoPlayer::ProcessVideoData size:205238 dts:14.389 pts:14.431 dur:41.000ms, clock:5.782 level:89
2024-06-06 15:00:19.483 T:3461571456 DEBUG: CVideoPlayer::ProcessVideoData size:221697 dts:14.431 pts:14.473 dur:41.000ms, clock:5.784 level:90
2024-06-06 15:00:19.517 T:3469964160 DEBUG: CVideoPlayerVideo::OutputPicture - ttd:230ms pts:6.048 Clock:5.818 Level:3
2024-06-06 15:00:19.558 T:3469964160 DEBUG: CVideoPlayerVideo::OutputPicture - ttd:230ms pts:6.089 Clock:5.858 Level:3
2024-06-06 15:00:19.587 T:3461571456 DEBUG: CVideoPlayer::ProcessVideoData size:266048 dts:14.473 pts:14.515 dur:41.000ms, clock:5.888 level:89
2024-06-06 15:00:19.588 T:3461571456 DEBUG: CVideoPlayer::ProcessVideoData size:213810 dts:14.515 pts:14.556 dur:41.000ms, clock:5.889 level:89
2024-06-06 15:00:19.598 T:3469964160 DEBUG: CVideoPlayerVideo::OutputPicture - ttd:232ms pts:6.131 Clock:5.899 Level:4
2024-06-06 15:00:19.639 T:3469964160 DEBUG: CVideoPlayerVideo::OutputPicture - ttd:233ms pts:6.173 Clock:5.940 Level:4
2024-06-06 15:00:19.682 T:3461571456 DEBUG: CVideoPlayer::ProcessVideoData size:224895 dts:14.556 pts:14.598 dur:41.000ms, clock:5.983 level:89
2024-06-06 15:00:19.684 T:3461571456 DEBUG: CVideoPlayer::ProcessVideoData size:223280 dts:14.598 pts:14.640 dur:41.000ms, clock:5.984 level:89
