2024-06-06 15:01:29.311 T:3559617408 DEBUG: CVideoPlayer::ProcessVideoData size:154897 dts:4.504 pts:4.588 dur:41.000ms, clock:-0.500 level:48
2024-06-06 15:01:29.311 T:3559617408 DEBUG: CVideoPlayer::ProcessVideoData size:73437 dts:4.546 pts:4.546 dur:41.000ms, clock:-0.500 level:49
2024-06-06 15:01:29.312 T:3559617408 DEBUG: CVideoPlayer::ProcessVideoData size:158685 dts:4.588 pts:4.671 dur:41.000ms, clock:-0.500 level:50
2024-06-06 15:01:29.313 T:3559617408 DEBUG: CVideoPlayer::ProcessVideoData size:82440 dts:4.629 pts:4.629 dur:41.000ms, clock:-0.500 level:50
2024-06-06 15:01:29.313 T:3576402816 DEBUG: CRenderManager::Configure - change configuration. 1920x1080. display: 1920x1080. framerate: 23.98.
2024-06-06 15:01:29.314 T:3559617408 DEBUG: CVideoPlayer::ProcessVideoData size:189796 dts:4.671 pts:4.755 dur:41.000ms, clock:-0.500 level:51
2024-06-06 15:01:29.315 T:3559617408 DEBUG: CVideoPlayer::ProcessVideoData size:89511 dts:4.713 pts:4.713 dur:41.000ms, clock:-0.500 level:51
2024-06-06 15:01:29.317 T:3559617408 DEBUG: CVideoPlayer::ProcessVideoData size:158926 dts:4.755 pts:4.838 dur:41.000ms, clock:-0.500 level:52
2024-06-06 15:01:29.317 T:3559617408 DEBUG: CVideoPlayer::ProcessVideoData size:83684 dts:4.796 pts:4.796 dur:41.000ms, clock:-0.500 level:52
2024-06-06 15:01:29.321 T:3559617408 DEBUG: CVideoPlayer::ProcessVideoData size:292582 dts:4.838 pts:4.921 dur:41.000ms, clock:-0.500 level:53
2024-06-06 15:01:29.323 T:3559617408 DEBUG: CVideoPlayer::ProcessVideoData size:125625 dts:4.880 pts:4.880 dur:41.000ms, clock:-0.500 level:53
2024-06-06 15:01:29.325 T:4060590144 DEBUG: DeleteRenderer - deleting renderer
2024-06-06 15:01:29.325 T:4060590144 DEBUG: LinuxRendererGLES: Cleaning up GLES resources
2024-06-06 15:01:29.326 T:4060590144 INFO: Constructing CRendererAML
2024-06-06 15:01:29.326 T:4060590144 DEBUG: CRenderManager::Configure - 8
2024-06-06 15:01:29.326 T:3576402816 DEBUG: CVideoPlayerVideo::OutputPicture - ttd:499ms pts:0.000 Clock:-0.500 Level:0
2024-06-06 15:01:29.326 T:3559617408 DEBUG: CVideoPlayer::ProcessVideoData size:179792 dts:4.921 pts:5.005 dur:41.000ms, clock:-0.500 level:54
2024-06-06 15:01:29.326 T:3461571456 DEBUG: OnAVChange: CApplication::OnAVChange
2024-06-06 15:01:29.327 T:3559617408 DEBUG: CVideoPlayer::ProcessVideoData size:81407 dts:4.963 pts:4.963 dur:41.000ms, clock:-0.500 level:54
2024-06-06 15:01:29.327 T:3559617408 DEBUG: CVideoPlayer::HandleMessages - player started 2
2024-06-06 15:01:29.327 T:3559617408 DEBUG: VideoPlayer::Sync - Audio - pts: 0.289, cache: 0.500, totalcache: 0.800, packets:161 level:60
2024-06-06 15:01:29.327 T:3559617408 DEBUG: VideoPlayer::Sync - Video - pts: 0.000, cache: 0.050, totalcache: 0.100, packets:122 level:55
2024-06-06 15:01:29.327 T:3559617408 DEBUG: CDVDClock::SetSpeedAdjust - adjusted:0.000000
2024-06-06 15:01:29.327 T:3914302336 DEBUG: CDVDAudio::Resume - resume audio stream
2024-06-06 15:01:29.327 T:3461571456 DEBUG: OnAVStarted: CApplication::OnAVStarted
2024-06-06 15:01:29.328 T:4038480768 DEBUG: ActiveAE - start sync of audio stream
2024-06-06 15:01:29.330 T:4060590144 DEBUG: CAMLCodec::SetVideoRect:display(0,0,1920,1080)
2024-06-06 15:01:29.330 T:4060590144 DEBUG: CAMLCodec::SetVideoRect:gui(0,0,1920,1080)
2024-06-06 15:01:29.330 T:4060590144 DEBUG: CAMLCodec::SetVideoRect:m_dst_rect(0,0,1920,1080)
2024-06-06 15:01:29.330 T:4060590144 DEBUG: CAMLCodec::SetVideoRect:dst_rect(0,0,1920,1080)
2024-06-06 15:01:29.330 T:4060590144 DEBUG: CAMLCodec::SetVideoRect:m_guiStereoMode(0)
2024-06-06 15:01:29.330 T:4060590144 DEBUG: CAMLCodec::SetVideoRect:m_guiStereoView(0)
2024-06-06 15:01:29.331 T:3576402816 DEBUG: CVideoPlayerVideo - CDVDMsg::GENERAL_RESYNC(-210854.677119)
2024-06-06 15:01:29.331 T:3576402816 DEBUG: CAMLCodec::SetSpeed, speed(1000)
2024-06-06 15:01:29.336 T:3559617408 DEBUG: CVideoPlayer::ProcessVideoData size:171324 dts:5.005 pts:5.088 dur:41.000ms, clock:-0.202 level:54
2024-06-06 15:01:29.337 T:4060590144 DEBUG: Activating window ID: 12005
2024-06-06 15:01:29.337 T:3559617408 DEBUG: CVideoPlayer::ProcessVideoData size:86178 dts:5.047 pts:5.047 dur:41.000ms, clock:-0.200 level:55
2024-06-06 15:01:29.342 T:3559617408 DEBUG: CVideoPlayer::ProcessVideoData size:205519 dts:5.088 pts:5.172 dur:41.000ms, clock:-0.196 level:55
2024-06-06 15:01:29.343 T:3559617408 DEBUG: CVideoPlayer::ProcessVideoData size:85244 dts:5.130 pts:5.130 dur:41.000ms, clock:-0.195 level:55
2024-06-06 15:01:29.344 T:3559617408 DEBUG: CVideoPlayer::ProcessVideoData size:172744 dts:5.172 pts:5.255 dur:41.000ms, clock:-0.194 level:56
2024-06-06 15:01:29.344 T:3576402816 DEBUG: CVideoPlayerVideo::OutputPicture - ttd:193ms pts:0.000 Clock:-0.194 Level:0
2024-06-06 15:01:29.344 T:3559617408 DEBUG: CVideoPlayer::ProcessVideoData size:85758 dts:5.213 pts:5.213 dur:41.000ms, clock:-0.194 level:56
2024-06-06 15:01:29.346 T:3559617408 DEBUG: CVideoPlayer::ProcessVideoData size:210319 dts:5.255 pts:5.339 dur:41.000ms, clock:-0.192 level:57
2024-06-06 15:01:29.346 T:3559617408 DEBUG: CVideoPlayer::ProcessVideoData size:83254 dts:5.297 pts:5.297 dur:41.000ms, clock:-0.192 level:57
2024-06-06 15:01:29.347 T:3559617408 DEBUG: CVideoPlayer::ProcessVideoData size:157205 dts:5.339 pts:5.422 dur:41.000ms, clock:-0.191 level:58
2024-06-06 15:01:29.347 T:3559617408 DEBUG: CVideoPlayer::ProcessVideoData size:86187 dts:5.380 pts:5.380 dur:41.000ms, clock:-0.190 level:58
2024-06-06 15:01:29.348 T:3559617408 DEBUG: CVideoPlayer::ProcessVideoData size:180382 dts:5.422 pts:5.505 dur:41.000ms, clock:-0.190 level:59
2024-06-06 15:01:29.348 T:3559617408 DEBUG: CVideoPlayer::ProcessVideoData size:75465 dts:5.464 pts:5.464 dur:41.000ms, clock:-0.189 level:59
2024-06-06 15:01:29.350 T:3559617408 DEBUG: CVideoPlayer::ProcessVideoData size:164729 dts:5.505 pts:5.589 dur:41.000ms, clock:-0.188 level:60
2024-06-06 15:01:29.350 T:3559617408 DEBUG: CVideoPlayer::ProcessVideoData size:78360 dts:5.547 pts:5.547 dur:41.000ms, clock:-0.188 level:60
2024-06-06 15:01:29.351 T:3559617408 DEBUG: CVideoPlayer::ProcessVideoData size:193074 dts:5.589 pts:5.672 dur:41.000ms, clock:-0.187 level:60
2024-06-06 15:01:29.352 T:3559617408 DEBUG: CVideoPlayer::ProcessVideoData size:81195 dts:5.630 pts:5.630 dur:41.000ms, clock:-0.186 level:61
2024-06-06 15:01:29.353 T:3559617408 DEBUG: CVideoPlayer::ProcessVideoData size:337240 dts:5.672 pts:5.756 dur:41.000ms, clock:-0.184 level:61
2024-06-06 15:01:29.354 T:3559617408 DEBUG: CVideoPlayer::ProcessVideoData size:76801 dts:5.714 pts:5.714 dur:41.000ms, clock:-0.184 level:62
2024-06-06 15:01:29.355 T:3559617408 DEBUG: CVideoPlayer::ProcessVideoData size:169435 dts:5.756 pts:5.839 dur:41.000ms, clock:-0.183 level:63
2024-06-06 15:01:29.355 T:3559617408 DEBUG: CVideoPlayer::ProcessVideoData size:75802 dts:5.797 pts:5.797 dur:41.000ms, clock:-0.182 level:63
2024-06-06 15:01:29.356 T:3559617408 DEBUG: CVideoPlayer::ProcessVideoData size:171414 dts:5.839 pts:5.922 dur:41.000ms, clock:-0.181 level:64
2024-06-06 15:01:29.357 T:3559617408 DEBUG: CVideoPlayer::ProcessVideoData size:75300 dts:5.881 pts:5.881 dur:41.000ms, clock:-0.181 level:64
2024-06-06 15:01:29.357 T:3559617408 DEBUG: CVideoPlayer::ProcessVideoData size:146615 dts:5.922 pts:6.006 dur:41.000ms, clock:-0.180 level:65
2024-06-06 15:01:29.358 T:3559617408 DEBUG: CVideoPlayer::ProcessVideoData size:78180 dts:5.964 pts:5.964 dur:41.000ms, clock:-0.180 level:65
2024-06-06 15:01:29.360 T:3559617408 DEBUG: CVideoPlayer::ProcessVideoData size:184172 dts:6.006 pts:6.089 dur:41.000ms, clock:-0.178 level:65
2024-06-06 15:01:29.360 T:3559617408 DEBUG: CVideoPlayer::ProcessVideoData size:77691 dts:6.048 pts:6.048 dur:41.000ms, clock:-0.178 level:66
2024-06-06 15:01:29.361 T:3559617408 DEBUG: CVideoPlayer::ProcessVideoData size:147037 dts:6.089 pts:6.173 dur:41.000ms, clock:-0.177 level:66
2024-06-06 15:01:29.361 T:3559617408 DEBUG: CVideoPlayer::ProcessVideoData size:79013 dts:6.131 pts:6.131 dur:41.000ms, clock:-0.176 level:67
2024-06-06 15:01:29.362 T:3576402816 DEBUG: CVideoPlayerVideo::OutputPicture - ttd:217ms pts:0.042 Clock:-0.175 Level:1
2024-06-06 15:01:29.363 T:3559617408 DEBUG: CVideoPlayer::ProcessVideoData size:185966 dts:6.173 pts:6.256 dur:41.000ms, clock:-0.175 level:67
2024-06-06 15:01:29.364 T:3559617408 DEBUG: CVideoPlayer::ProcessVideoData size:81755 dts:6.214 pts:6.214 dur:41.000ms, clock:-0.174 level:68
2024-06-06 15:01:29.364 T:3559617408 DEBUG: CVideoPlayer::ProcessVideoData size:147614 dts:6.256 pts:6.340 dur:41.000ms, clock:-0.174 level:68
2024-06-06 15:01:29.365 T:3559617408 DEBUG: CVideoPlayer::ProcessVideoData size:77752 dts:6.298 pts:6.298 dur:41.000ms, clock:-0.173 level:69
2024-06-06 15:01:29.365 T:3559617408 DEBUG: CVideoPlayer::ProcessVideoData size:182716 dts:6.340 pts:6.423 dur:41.000ms, clock:-0.172 level:69
2024-06-06 15:01:29.366 T:3559617408 DEBUG: CVideoPlayer::ProcessVideoData size:76356 dts:6.381 pts:6.381 dur:41.000ms, clock:-0.172 level:70
2024-06-06 15:01:29.367 T:3559617408 DEBUG: CVideoPlayer::ProcessVideoData size:130853 dts:6.423 pts:6.506 dur:41.000ms, clock:-0.171 level:70
2024-06-06 15:01:29.367 T:3559617408 DEBUG: CVideoPlayer::ProcessVideoData size:73490 dts:6.465 pts:6.465 dur:41.000ms, clock:-0.170 level:71
2024-06-06 15:01:29.369 T:3559617408 DEBUG: CVideoPlayer::ProcessVideoData size:396428 dts:6.506 pts:6.590 dur:41.000ms, clock:-0.168 level:71
2024-06-06 15:01:29.370 T:3559617408 DEBUG: CVideoPlayer::ProcessVideoData size:68449 dts:6.548 pts:6.548 dur:41.000ms, clock:-0.168 level:72
2024-06-06 15:01:29.371 T:3559617408 DEBUG: CVideoPlayer::ProcessVideoData size:139999 dts:6.590 pts:6.673 dur:41.000ms, clock:-0.166 level:72
2024-06-06 15:01:29.372 T:3559617408 DEBUG: CVideoPlayer::ProcessVideoData size:67593 dts:6.631 pts:6.631 dur:41.000ms, clock:-0.166 level:73
2024-06-06 15:01:29.372 T:3559617408 DEBUG: CVideoPlayer::ProcessVideoData size:135761 dts:6.673 pts:6.757 dur:41.000ms, clock:-0.165 level:73
2024-06-06 15:01:29.373 T:3559617408 DEBUG: CVideoPlayer::ProcessVideoData size:75540 dts:6.715 pts:6.715 dur:41.000ms, clock:-0.165 level:73
2024-06-06 15:01:29.374 T:3559617408 DEBUG: CVideoPlayer::ProcessVideoData size:156401 dts:6.757 pts:6.840 dur:41.000ms, clock:-0.164 level:74
2024-06-06 15:01:29.374 T:3559617408 DEBUG: CVideoPlayer::ProcessVideoData size:72611 dts:6.798 pts:6.798 dur:41.000ms, clock:-0.164 level:75
2024-06-06 15:01:29.375 T:3559617408 DEBUG: CVideoPlayer::ProcessVideoData size:123525 dts:6.840 pts:6.923 dur:41.000ms, clock:-0.163 level:75
2024-06-06 15:01:29.375 T:3559617408 DEBUG: CVideoPlayer::ProcessVideoData size:69093 dts:6.882 pts:6.882 dur:41.000ms, clock:-0.162 level:76
2024-06-06 15:01:29.376 T:3559617408 DEBUG: CVideoPlayer::ProcessVideoData size:136766 dts:6.923 pts:6.965 dur:41.000ms, clock:-0.162 level:76
2024-06-06 15:01:29.382 T:3559617408 DEBUG: CVideoPlayer::ProcessVideoData size:580222 dts:6.965 pts:7.007 dur:41.000ms, clock:-0.156 level:76
2024-06-06 15:01:29.383 T:3559617408 DEBUG: CVideoPlayer::ProcessVideoData size:183735 dts:7.007 pts:7.090 dur:41.000ms, clock:-0.154 level:77
2024-06-06 15:01:29.384 T:3559617408 DEBUG: CVideoPlayer::ProcessVideoData size:105258 dts:7.049 pts:7.049 dur:41.000ms, clock:-0.154 level:77
2024-06-06 15:01:29.385 T:3559617408 DEBUG: CVideoPlayer::ProcessVideoData size:196053 dts:7.090 pts:7.174 dur:41.000ms, clock:-0.153 level:78
2024-06-06 15:01:29.385 T:3559617408 DEBUG: CVideoPlayer::ProcessVideoData size:109142 dts:7.132 pts:7.132 dur:41.000ms, clock:-0.152 level:78
2024-06-06 15:01:29.387 T:3559617408 DEBUG: CVideoPlayer::ProcessVideoData size:187112 dts:7.174 pts:7.257 dur:41.000ms, clock:-0.150 level:79
2024-06-06 15:01:29.388 T:3559617408 DEBUG: CVideoPlayer::ProcessVideoData size:115461 dts:7.215 pts:7.215 dur:41.000ms, clock:-0.150 level:79
2024-06-06 15:01:29.390 T:3559617408 DEBUG: CVideoPlayer::ProcessVideoData size:199358 dts:7.257 pts:7.341 dur:41.000ms, clock:-0.148 level:79
2024-06-06 15:01:29.390 T:3559617408 DEBUG: CVideoPlayer::ProcessVideoData size:117375 dts:7.299 pts:7.299 dur:41.000ms, clock:-0.147 level:80
2024-06-06 15:01:29.391 T:3576402816 DEBUG: CVideoPlayerVideo::OutputPicture - ttd:229ms pts:0.083 Clock:-0.146 Level:2
2024-06-06 15:01:29.392 T:3559617408 DEBUG: CVideoPlayer::ProcessVideoData size:197919 dts:7.341 pts:7.424 dur:41.000ms, clock:-0.145 level:80
2024-06-06 15:01:29.393 T:3559617408 DEBUG: CVideoPlayer::ProcessVideoData size:123157 dts:7.382 pts:7.382 dur:41.000ms, clock:-0.145 level:81
2024-06-06 15:01:29.394 T:3559617408 DEBUG: CVideoPlayer::ProcessVideoData size:222786 dts:7.424 pts:7.507 dur:41.000ms, clock:-0.144 level:81
2024-06-06 15:01:29.395 T:3559617408 DEBUG: CVideoPlayer::ProcessVideoData size:118375 dts:7.466 pts:7.466 dur:41.000ms, clock:-0.143 level:82
2024-06-06 15:01:29.406 T:3559617408 DEBUG: CVideoPlayer::ProcessVideoData size:206864 dts:7.507 pts:7.591 dur:41.000ms, clock:-0.132 level:82
2024-06-06 15:01:29.407 T:3559617408 DEBUG: CVideoPlayer::ProcessVideoData size:120367 dts:7.549 pts:7.549 dur:41.000ms, clock:-0.131 level:82
2024-06-06 15:01:29.409 T:3559617408 DEBUG: CVideoPlayer::ProcessVideoData size:195353 dts:7.591 pts:7.674 dur:41.000ms, clock:-0.129 level:82
2024-06-06 15:01:29.409 T:3559617408 DEBUG: CVideoPlayer::ProcessVideoData size:120629 dts:7.632 pts:7.632 dur:41.000ms, clock:-0.129 level:83
2024-06-06 15:01:29.411 T:3559617408 DEBUG: CVideoPlayer::ProcessVideoData size:236970 dts:7.674 pts:7.758 dur:41.000ms, clock:-0.127 level:83
2024-06-06 15:01:29.411 T:3576402816 DEBUG: CVideoPlayerVideo::OutputPicture - ttd:251ms pts:0.125 Clock:-0.127 Level:3
2024-06-06 15:01:29.411 T:3559617408 DEBUG: CVideoPlayer::ProcessVideoData size:129789 dts:7.716 pts:7.716 dur:41.000ms, clock:-0.126 level:84
2024-06-06 15:01:29.419 T:3559617408 DEBUG: CVideoPlayer::ProcessVideoData size:767051 dts:7.758 pts:7.841 dur:41.000ms, clock:-0.119 level:84
2024-06-06 15:01:29.419 T:3559617408 DEBUG: CVideoPlayer::ProcessVideoData size:117088 dts:7.799 pts:7.799 dur:41.000ms, clock:-0.118 level:84
2024-06-06 15:01:29.421 T:3559617408 DEBUG: CVideoPlayer::ProcessVideoData size:161441 dts:7.841 pts:7.924 dur:41.000ms, clock:-0.117 level:85
2024-06-06 15:01:29.421 T:3559617408 DEBUG: CVideoPlayer::ProcessVideoData size:107773 dts:7.883 pts:7.883 dur:41.000ms, clock:-0.117 level:85
2024-06-06 15:01:29.422 T:3559617408 DEBUG: CVideoPlayer::ProcessVideoData size:192987 dts:7.924 pts:8.008 dur:41.000ms, clock:-0.116 level:86
2024-06-06 15:01:29.422 T:3559617408 DEBUG: CVideoPlayer::ProcessVideoData size:101833 dts:7.966 pts:7.966 dur:41.000ms, clock:-0.115 level:87
2024-06-06 15:01:29.423 T:3559617408 DEBUG: CVideoPlayer::ProcessVideoData size:180570 dts:8.008 pts:8.091 dur:41.000ms, clock:-0.115 level:87
2024-06-06 15:01:29.424 T:3559617408 DEBUG: CVideoPlayer::ProcessVideoData size:112706 dts:8.050 pts:8.050 dur:41.000ms, clock:-0.114 level:88
2024-06-06 15:01:29.426 T:3559617408 DEBUG: CVideoPlayer::ProcessVideoData size:176596 dts:8.091 pts:8.175 dur:41.000ms, clock:-0.112 level:88
2024-06-06 15:01:29.427 T:3559617408 DEBUG: CVideoPlayer::ProcessVideoData size:113810 dts:8.133 pts:8.133 dur:41.000ms, clock:-0.111 level:89
2024-06-06 15:01:29.428 T:3559617408 DEBUG: CVideoPlayer::ProcessVideoData size:202089 dts:8.175 pts:8.258 dur:41.000ms, clock:-0.109 level:89
2024-06-06 15:01:29.429 T:3559617408 DEBUG: CVideoPlayer::ProcessVideoData size:116188 dts:8.216 pts:8.216 dur:41.000ms, clock:-0.109 level:89
2024-06-06 15:01:29.430 T:3576402816 DEBUG: CVideoPlayerVideo::OutputPicture - ttd:274ms pts:0.167 Clock:-0.108 Level:4
2024-06-06 15:01:29.431 T:3559617408 DEBUG: CVideoPlayer::ProcessVideoData size:206606 dts:8.258 pts:8.342 dur:41.000ms, clock:-0.107 level:90
2024-06-06 15:01:29.432 T:3559617408 DEBUG: CVideoPlayer::ProcessVideoData size:128307 dts:8.300 pts:8.300 dur:41.000ms, clock:-0.106 level:90
2024-06-06 15:01:29.434 T:3559617408 DEBUG: CVideoPlayer::ProcessVideoData size:255014 dts:8.342 pts:8.425 dur:41.000ms, clock:-0.104 level:91
2024-06-06 15:01:29.435 T:3559617408 DEBUG: CVideoPlayer::ProcessVideoData size:133015 dts:8.383 pts:8.383 dur:41.000ms, clock:-0.103 level:91
2024-06-06 15:01:29.436 T:3559617408 DEBUG: CVideoPlayer::ProcessVideoData size:214948 dts:8.425 pts:8.508 dur:41.000ms, clock:-0.102 level:92
2024-06-06 15:01:29.436 T:3559617408 DEBUG: CVideoPlayer::ProcessVideoData size:120956 dts:8.467 pts:8.467 dur:41.000ms, clock:-0.101 level:92
2024-06-06 15:01:29.438 T:3559617408 DEBUG: CVideoPlayer::ProcessVideoData size:216250 dts:8.508 pts:8.592 dur:41.000ms, clock:-0.100 level:93
2024-06-06 15:01:29.440 T:3559617408 DEBUG: CVideoPlayer::ProcessVideoData size:118486 dts:8.550 pts:8.550 dur:41.000ms, clock:-0.098 level:93
2024-06-06 15:01:29.454 T:3559617408 DEBUG: CVideoPlayer::ProcessVideoData size:716144 dts:8.592 pts:8.675 dur:41.000ms, clock:-0.084 level:93
2024-06-06 15:01:29.455 T:3559617408 DEBUG: CVideoPlayer::ProcessVideoData size:113481 dts:8.633 pts:8.633 dur:41.000ms, clock:-0.083 level:93
2024-06-06 15:01:29.457 T:3559617408 DEBUG: CVideoPlayer::ProcessVideoData size:176019 dts:8.675 pts:8.759 dur:41.000ms, clock:-0.081 level:93
2024-06-06 15:01:29.457 T:3559617408 DEBUG: CVideoPlayer::ProcessVideoData size:111102 dts:8.717 pts:8.717 dur:41.000ms, clock:-0.081 level:94
2024-06-06 15:01:29.458 T:3576402816 DEBUG: CVideoPlayerVideo::OutputPicture - ttd:287ms pts:0.208 Clock:-0.080 Level:5
2024-06-06 15:01:29.458 T:3559617408 DEBUG: CVideoPlayer::ProcessVideoData size:237967 dts:8.759 pts:8.842 dur:41.000ms, clock:-0.079 level:94
2024-06-06 15:01:29.459 T:3559617408 DEBUG: CVideoPlayer::ProcessVideoData size:131922 dts:8.800 pts:8.800 dur:41.000ms, clock:-0.079 level:95
2024-06-06 15:01:29.462 T:3559617408 DEBUG: CVideoPlayer::ProcessVideoData size:304871 dts:8.842 pts:8.925 dur:41.000ms, clock:-0.076 level:95
2024-06-06 15:01:29.462 T:3559617408 DEBUG: CVideoPlayer::ProcessVideoData size:175067 dts:8.884 pts:8.884 dur:41.000ms, clock:-0.075 level:96
2024-06-06 15:01:29.467 T:4038480768 DEBUG: ActiveAE::SyncStream - average error of 6.057455, start adjusting
2024-06-06 15:01:29.467 T:4038480768 DEBUG: ActiveAE::SyncStream - average error 0.057455 below threshold of 30.000000
2024-06-06 15:01:29.566 T:3568010112 DEBUG: Thread BackgroundLoader 3568010112 terminating
2024-06-06 15:01:29.567 T:4060590144 DEBUG: ------ Window Deinit (MyVideoNav.xml) ------
2024-06-06 15:01:29.567 T:4060590144 DEBUG: FreeVisualisation() done
2024-06-06 15:01:29.567 T:4060590144 DEBUG: ------ Window Init (VideoFullScreen.xml) ------
2024-06-06 15:01:29.568 T:4060590144 NOTICE: Whitelist search for: width: 1920, height: 1080, fps: 23.976, 3D: false
2024-06-06 15:01:29.568 T:4060590144 DEBUG: Whitelist is empty using default one
2024-06-06 15:01:29.568 T:4060590144 DEBUG: Trying to find exact refresh rate
2024-06-06 15:01:29.568 T:4060590144 DEBUG: Matched exact whitelisted Resolution 1920x1080 @ 23.98 - Full Screen (32)
2024-06-06 15:01:29.568 T:4060590144 NOTICE: Display resolution ADJUST : 1920x1080 @ 23.98 - Full Screen (32) (weight: 0.000)
2024-06-06 15:01:29.569 T:4060590144 NOTICE: VideoPlayer: OnLostDisplay received
2024-06-06 15:01:29.569 T:4060590144 DEBUG: Flush - flushing renderer
2024-06-06 15:01:29.569 T:4060590144 DEBUG: AMLUtils::aml_handle_display_stereo_mode old mode 3doff new mode 3doff
2024-06-06 15:01:29.569 T:4060590144 DEBUG: AMLUtils::aml_handle_display_stereo_mode - no change needed
2024-06-06 15:01:29.569 T:4060590144 ERROR: GetString: error reading /sys/class/amhdmitx/amhdmitx0/custom_mode
2024-06-06 15:01:29.570 T:3576402816 DEBUG: CVideoPlayerVideo - CDVDMsg::GENERAL_PAUSE: 1
2024-06-06 15:01:29.818 T:3914302336 DEBUG: CVideoPlayerAudio - CDVDMsg::GENERAL_PAUSE: 1
2024-06-06 15:01:29.855 T:4060590144 NOTICE: VideoPlayer: OnResetDisplay received
2024-06-06 15:01:29.855 T:3914302336 DEBUG: CVideoPlayerAudio - CDVDMsg::GENERAL_PAUSE: 0
2024-06-06 15:01:29.856 T:3576402816 DEBUG: CVideoPlayerVideo - CDVDMsg::GENERAL_PAUSE: 0
2024-06-06 15:01:29.857 T:4060590144 INFO: GLES: Maximum texture width: 8192
2024-06-06 15:01:29.859 T:3576402816 DEBUG: CVideoPlayerVideo::OutputPicture - ttd:216ms pts:0.250 Clock:0.033 Level:5
2024-06-06 15:01:29.860 T:3576402816 DEBUG: CVideoPlayerVideo::OutputPicture - ttd:257ms pts:0.292 Clock:0.035 Level:6
2024-06-06 15:01:29.861 T:4060590144 DEBUG: ------ Window Deinit (DialogBusy.xml) ------
2024-06-06 15:01:29.863 T:3576402816 DEBUG: CVideoPlayerVideo::OutputPicture - ttd:297ms pts:0.334 Clock:0.036 Level:6
2024-06-06 15:01:29.877 T:3461571456 DEBUG: OnAVChange: CApplication::OnAVChange
2024-06-06 15:01:29.902 T:3576402816 DEBUG: CVideoPlayerVideo::OutputPicture - ttd:336ms pts:0.375 Clock:0.039 Level:6
2024-06-06 15:01:29.944 T:3576402816 DEBUG: CVideoPlayerVideo::OutputPicture - ttd:339ms pts:0.417 Clock:0.078 Level:6
2024-06-06 15:01:29.985 T:3576402816 DEBUG: CVideoPlayerVideo::OutputPicture - ttd:338ms pts:0.459 Clock:0.120 Level:6
2024-06-06 15:01:30.023 T:3559617408 DEBUG: CVideoPlayer::ProcessVideoData size:277670 dts:8.925 pts:9.009 dur:41.000ms, clock:0.197 level:90
2024-06-06 15:01:30.027 T:3559617408 DEBUG: CVideoPlayer::ProcessVideoData size:186264 dts:8.967 pts:8.967 dur:41.000ms, clock:0.201 level:91
2024-06-06 15:01:30.030 T:3559617408 DEBUG: CVideoPlayer::ProcessVideoData size:245705 dts:9.009 pts:9.092 dur:41.000ms, clock:0.204 level:91
2024-06-06 15:01:30.033 T:3559617408 DEBUG: CVideoPlayer::ProcessVideoData size:165440 dts:9.051 pts:9.051 dur:41.000ms, clock:0.208 level:91
2024-06-06 15:01:30.037 T:3559617408 DEBUG: CVideoPlayer::ProcessVideoData size:246602 dts:9.092 pts:9.176 dur:41.000ms, clock:0.211 level:92
2024-06-06 15:01:30.039 T:3559617408 DEBUG: CVideoPlayer::ProcessVideoData size:159636 dts:9.134 pts:9.134 dur:41.000ms, clock:0.213 level:92
2024-06-06 15:01:30.074 T:4060590144 DEBUG: CAMLCodec::SetVideoRect:display(0,0,1920,1080)
2024-06-06 15:01:30.074 T:4060590144 DEBUG: CAMLCodec::SetVideoRect:gui(0,0,1920,1080)
2024-06-06 15:01:30.074 T:4060590144 DEBUG: CAMLCodec::SetVideoRect:m_dst_rect(0,0,1920,1080)
2024-06-06 15:01:30.074 T:4060590144 DEBUG: CAMLCodec::SetVideoRect:dst_rect(0,0,1920,1080)
2024-06-06 15:01:30.074 T:4060590144 DEBUG: CAMLCodec::SetVideoRect:m_guiStereoMode(0)
2024-06-06 15:01:30.074 T:4060590144 DEBUG: CAMLCodec::SetVideoRect:m_guiStereoView(0)
2024-06-06 15:01:30.123 T:3559617408 DEBUG: CVideoPlayer::ProcessVideoData size:263418 dts:9.176 pts:9.259 dur:41.000ms, clock:0.297 level:93
2024-06-06 15:01:30.125 T:3559617408 DEBUG: CVideoPlayer::ProcessVideoData size:173033 dts:9.217 pts:9.217 dur:41.000ms, clock:0.300 level:93
2024-06-06 15:01:30.152 T:3576402816 DEBUG: CVideoPlayerVideo::OutputPicture - ttd:173ms pts:0.500 Clock:0.326 Level:4
2024-06-06 15:01:30.193 T:3576402816 DEBUG: CVideoPlayerVideo::OutputPicture - ttd:174ms pts:0.542 Clock:0.367 Level:4
2024-06-06 15:01:30.234 T:3576402816 DEBUG: CVideoPlayerVideo::OutputPicture - ttd:176ms pts:0.584 Clock:0.408 Level:4
2024-06-06 15:01:30.281 T:3576402816 DEBUG: CVideoPlayerVideo::OutputPicture - ttd:170ms pts:0.625 Clock:0.455 Level:3
2024-06-06 15:01:30.321 T:3576402816 DEBUG: CVideoPlayerVideo::OutputPicture - ttd:171ms pts:0.667 Clock:0.496 Level:4
2024-06-06 15:01:30.362 T:3576402816 DEBUG: CVideoPlayerVideo::OutputPicture - ttd:172ms pts:0.709 Clock:0.536 Level:3
2024-06-06 15:01:30.373 T:3559617408 DEBUG: CVideoPlayer::ProcessVideoData size:284535 dts:9.259 pts:9.343 dur:41.000ms, clock:0.547 level:91
2024-06-06 15:01:30.376 T:3559617408 DEBUG: CVideoPlayer::ProcessVideoData size:174715 dts:9.301 pts:9.301 dur:41.000ms, clock:0.550 level:92
2024-06-06 15:01:30.379 T:3559617408 DEBUG: CVideoPlayer::ProcessVideoData size:242662 dts:9.343 pts:9.426 dur:41.000ms, clock:0.553 level:92
2024-06-06 15:01:30.381 T:3559617408 DEBUG: CVideoPlayer::ProcessVideoData size:170432 dts:9.384 pts:9.384 dur:41.000ms, clock:0.555 level:93
2024-06-06 15:01:30.391 T:3559617408 DEBUG: CVideoPlayer::ProcessVideoData size:964708 dts:9.426 pts:9.509 dur:41.000ms, clock:0.565 level:93
2024-06-06 15:01:30.393 T:3559617408 DEBUG: CVideoPlayer::ProcessVideoData size:155007 dts:9.468 pts:9.468 dur:41.000ms, clock:0.567 level:94
2024-06-06 15:01:30.405 T:3576402816 DEBUG: CVideoPlayerVideo::OutputPicture - ttd:172ms pts:0.751 Clock:0.579 Level:3
2024-06-06 15:01:30.426 T:3559617408 DEBUG: CVideoPlayer::ProcessVideoData size:248854 dts:9.509 pts:9.593 dur:41.000ms, clock:0.601 level:94
2024-06-06 15:01:30.429 T:3559617408 DEBUG: CVideoPlayer::ProcessVideoData size:161548 dts:9.551 pts:9.551 dur:41.000ms, clock:0.603 level:94
2024-06-06 15:01:30.446 T:3576402816 DEBUG: CVideoPlayerVideo::OutputPicture - ttd:171ms pts:0.792 Clock:0.620 Level:3
2024-06-06 15:01:30.467 T:4038480768 DEBUG: ActiveAE::SyncStream - average error 186.183043 above threshold of 100.000000
2024-06-06 15:01:30.487 T:3576402816 DEBUG: CVideoPlayerVideo::OutputPicture - ttd:172ms pts:0.834 Clock:0.661 Level:3
2024-06-06 15:01:30.527 T:3576402816 DEBUG: CVideoPlayerVideo::OutputPicture - ttd:174ms pts:0.876 Clock:0.702 Level:4
2024-06-06 15:01:30.569 T:3576402816 DEBUG: CVideoPlayerVideo::OutputPicture - ttd:173ms pts:0.917 Clock:0.743 Level:4
2024-06-06 15:01:30.609 T:3576402816 DEBUG: CVideoPlayerVideo::OutputPicture - ttd:175ms pts:0.959 Clock:0.784 Level:4
2024-06-06 15:01:30.617 T:4038480768 DEBUG: ActiveAE::SyncStream - average error 0.183043 below threshold of 30.000000
2024-06-06 15:01:30.650 T:3576402816 DEBUG: CVideoPlayerVideo::OutputPicture - ttd:176ms pts:1.001 Clock:0.825 Level:4
2024-06-06 15:01:30.697 T:3576402816 DEBUG: CVideoPlayerVideo::OutputPicture - ttd:171ms pts:1.043 Clock:0.872 Level:3
2024-06-06 15:01:30.739 T:3576402816 DEBUG: CVideoPlayerVideo::OutputPicture - ttd:170ms pts:1.084 Clock:0.913 Level:3
2024-06-06 15:01:30.779 T:3576402816 DEBUG: CVideoPlayerVideo::OutputPicture - ttd:172ms pts:1.126 Clock:0.954 Level:3
2024-06-06 15:01:30.821 T:3576402816 DEBUG: CVideoPlayerVideo::OutputPicture - ttd:173ms pts:1.168 Clock:0.995 Level:4
2024-06-06 15:01:30.861 T:3576402816 DEBUG: CVideoPlayerVideo::OutputPicture - ttd:173ms pts:1.209 Clock:1.035 Level:3
2024-06-06 15:01:30.877 T:3559617408 DEBUG: CVideoPlayer::ProcessVideoData size:241660 dts:9.593 pts:9.676 dur:41.000ms, clock:1.051 level:89
2024-06-06 15:01:30.879 T:3559617408 DEBUG: CVideoPlayer::ProcessVideoData size:163516 dts:9.634 pts:9.634 dur:41.000ms, clock:1.053 level:90
2024-06-06 15:01:30.882 T:3559617408 DEBUG: CVideoPlayer::ProcessVideoData size:254140 dts:9.676 pts:9.760 dur:41.000ms, clock:1.056 level:90
2024-06-06 15:01:30.884 T:3559617408 DEBUG: CVideoPlayer::ProcessVideoData size:162116 dts:9.718 pts:9.718 dur:41.000ms, clock:1.058 level:91
2024-06-06 15:01:30.886 T:3559617408 DEBUG: CVideoPlayer::ProcessVideoData size:255537 dts:9.760 pts:9.843 dur:41.000ms, clock:1.061 level:91
2024-06-06 15:01:30.888 T:3559617408 DEBUG: CVideoPlayer::ProcessVideoData size:169182 dts:9.801 pts:9.801 dur:41.000ms, clock:1.062 level:92
2024-06-06 15:01:30.904 T:3576402816 DEBUG: CVideoPlayerVideo::OutputPicture - ttd:172ms pts:1.251 Clock:1.079 Level:4
2024-06-06 15:01:30.946 T:3576402816 DEBUG: CVideoPlayerVideo::OutputPicture - ttd:173ms pts:1.293 Clock:1.120 Level:3
2024-06-06 15:01:30.974 T:3559617408 DEBUG: CVideoPlayer::ProcessVideoData size:318611 dts:9.843 pts:9.926 dur:41.000ms, clock:1.148 level:91
2024-06-06 15:01:30.975 T:3559617408 DEBUG: CVideoPlayer::ProcessVideoData size:179229 dts:9.885 pts:9.885 dur:41.000ms, clock:1.150 level:92
2024-06-06 15:01:30.984 T:3576402816 DEBUG: CVideoPlayerVideo::OutputPicture - ttd:176ms pts:1.335 Clock:1.159 Level:4
2024-06-06 15:01:31.026 T:3576402816 DEBUG: CVideoPlayerVideo::OutputPicture - ttd:176ms pts:1.376 Clock:1.200 Level:4
2024-06-06 15:01:31.070 T:3576402816 DEBUG: CVideoPlayerVideo::OutputPicture - ttd:173ms pts:1.418 Clock:1.244 Level:4
2024-06-06 15:01:31.111 T:3576402816 DEBUG: CVideoPlayerVideo::OutputPicture - ttd:174ms pts:1.460 Clock:1.285 Level:4
2024-06-06 15:01:31.153 T:3576402816 DEBUG: CVideoPlayerVideo::OutputPicture - ttd:173ms pts:1.501 Clock:1.328 Level:4
2024-06-06 15:01:31.198 T:3576402816 DEBUG: CVideoPlayerVideo::OutputPicture - ttd:171ms pts:1.543 Clock:1.372 Level:3
2024-06-06 15:01:31.222 T:3559617408 DEBUG: CVideoPlayer::ProcessVideoData size:272982 dts:9.926 pts:10.010 dur:41.000ms, clock:1.396 level:89
2024-06-06 15:01:31.224 T:3559617408 DEBUG: CVideoPlayer::ProcessVideoData size:172799 dts:9.968 pts:9.968 dur:41.000ms, clock:1.399 level:90
2024-06-06 15:01:31.227 T:3559617408 DEBUG: CVideoPlayer::ProcessVideoData size:267729 dts:10.010 pts:10.093 dur:41.000ms, clock:1.401 level:90
2024-06-06 15:01:31.229 T:3559617408 DEBUG: CVideoPlayer::ProcessVideoData size:143484 dts:10.052 pts:10.052 dur:41.000ms, clock:1.403 level:91
2024-06-06 15:01:31.230 T:3559617408 DEBUG: CVideoPlayer::ProcessVideoData size:216371 dts:10.093 pts:10.177 dur:41.000ms, clock:1.405 level:91
2024-06-06 15:01:31.232 T:3559617408 DEBUG: CVideoPlayer::ProcessVideoData size:144132 dts:10.135 pts:10.135 dur:41.000ms, clock:1.406 level:91
2024-06-06 15:01:31.238 T:3576402816 DEBUG: CVideoPlayerVideo::OutputPicture - ttd:173ms pts:1.585 Clock:1.412 Level:4
2024-06-06 15:01:31.275 T:3559617408 DEBUG: CVideoPlayer::ProcessVideoData size:248885 dts:10.177 pts:10.260 dur:41.000ms, clock:1.449 level:91
2024-06-06 15:01:31.279 T:3576402816 DEBUG: CVideoPlayerVideo::OutputPicture - ttd:172ms pts:1.626 Clock:1.453 Level:4
2024-06-06 15:01:31.287 T:3559617408 DEBUG: CVideoPlayer::ProcessVideoData size:148367 dts:10.218 pts:10.218 dur:41.000ms, clock:1.461 level:92
2024-06-06 15:01:31.324 T:3576402816 DEBUG: CVideoPlayerVideo::OutputPicture - ttd:170ms pts:1.668 Clock:1.498 Level:3
2024-06-06 15:01:31.364 T:3576402816 DEBUG: CVideoPlayerVideo::OutputPicture - ttd:171ms pts:1.710 Clock:1.539 Level:3
2024-06-06 15:01:31.376 T:3559617408 DEBUG: CVideoPlayer::ProcessVideoData size:767756 dts:10.260 pts:10.344 dur:41.000ms, clock:1.550 level:91
2024-06-06 15:01:31.378 T:3559617408 DEBUG: CVideoPlayer::ProcessVideoData size:137855 dts:10.302 pts:10.302 dur:41.000ms, clock:1.552 level:92
2024-06-06 15:01:31.404 T:3576402816 DEBUG: CVideoPlayerVideo::OutputPicture - ttd:174ms pts:1.752 Clock:1.578 Level:4
2024-06-06 15:01:31.444 T:3576402816 DEBUG: CVideoPlayerVideo::OutputPicture - ttd:174ms pts:1.793 Clock:1.618 Level:4
2024-06-06 15:01:31.484 T:3576402816 DEBUG: CVideoPlayerVideo::OutputPicture - ttd:176ms pts:1.835 Clock:1.659 Level:4
2024-06-06 15:01:31.523 T:3559617408 DEBUG: CVideoPlayer::ProcessVideoData size:202212 dts:10.344 pts:10.427 dur:41.000ms, clock:1.697 level:90
2024-06-06 15:01:31.525 T:3559617408 DEBUG: CVideoPlayer::ProcessVideoData size:127998 dts:10.385 pts:10.385 dur:41.000ms, clock:1.699 level:91
2024-06-06 15:01:31.526 T:3576402816 DEBUG: CVideoPlayerVideo::OutputPicture - ttd:176ms pts:1.877 Clock:1.701 Level:4
2024-06-06 15:01:31.528 T:3559617408 DEBUG: CVideoPlayer::ProcessVideoData size:252876 dts:10.427 pts:10.510 dur:41.000ms, clock:1.703 level:91
2024-06-06 15:01:31.530 T:3559617408 DEBUG: CVideoPlayer::ProcessVideoData size:137955 dts:10.469 pts:10.469 dur:41.000ms, clock:1.704 level:92
2024-06-06 15:01:31.573 T:3576402816 DEBUG: CVideoPlayerVideo::OutputPicture - ttd:170ms pts:1.918 Clock:1.747 Level:4
2024-06-06 15:01:31.614 T:3576402816 DEBUG: CVideoPlayerVideo::OutputPicture - ttd:172ms pts:1.960 Clock:1.788 Level:3
2024-06-06 15:01:31.654 T:3576402816 DEBUG: CVideoPlayerVideo::OutputPicture - ttd:173ms pts:2.002 Clock:1.828 Level:3
2024-06-06 15:01:31.668 T:3914302336 DEBUG: CDVDClock::ErrorAdjust - CVideoPlayerAudio::OutputPacket - error:68886.827071, adjusted:68886.827071
2024-06-06 15:01:31.696 T:3576402816 DEBUG: CVideoPlayerVideo::OutputPicture - ttd:104ms pts:2.044 Clock:1.939 Level:4
2024-06-06 15:01:31.736 T:3576402816 DEBUG: CVideoPlayerVideo::OutputPicture - ttd:105ms pts:2.085 Clock:1.979 Level:4
2024-06-06 15:01:31.778 T:3559617408 DEBUG: CVideoPlayer::ProcessVideoData size:237984 dts:10.510 pts:10.594 dur:41.000ms, clock:2.021 level:89
2024-06-06 15:01:31.779 T:3559617408 DEBUG: CVideoPlayer::ProcessVideoData size:138385 dts:10.552 pts:10.552 dur:41.000ms, clock:2.022 level:90
2024-06-06 15:01:31.781 T:3576402816 DEBUG: CVideoPlayerVideo::OutputPicture - ttd:103ms pts:2.127 Clock:2.024 Level:4
2024-06-06 15:01:31.783 T:3559617408 DEBUG: CVideoPlayer::ProcessVideoData size:249310 dts:10.594 pts:10.677 dur:41.000ms, clock:2.026 level:90
2024-06-06 15:01:31.784 T:3559617408 DEBUG: CVideoPlayer::ProcessVideoData size:134546 dts:10.635 pts:10.635 dur:41.000ms, clock:2.027 level:91
2024-06-06 15:01:31.790 T:3559617408 DEBUG: CVideoPlayer::ProcessVideoData size:225369 dts:10.677 pts:10.761 dur:41.000ms, clock:2.033 level:91
2024-06-06 15:01:31.792 T:3559617408 DEBUG: CVideoPlayer::ProcessVideoData size:135607 dts:10.719 pts:10.719 dur:41.000ms, clock:2.035 level:92
2024-06-06 15:01:31.822 T:3576402816 DEBUG: CVideoPlayerVideo::OutputPicture - ttd:103ms pts:2.169 Clock:2.065 Level:3
2024-06-06 15:01:31.826 T:3559617408 DEBUG: CVideoPlayer::ProcessVideoData size:253910 dts:10.761 pts:10.844 dur:41.000ms, clock:2.069 level:92
2024-06-06 15:01:31.828 T:3559617408 DEBUG: CVideoPlayer::ProcessVideoData size:138488 dts:10.802 pts:10.802 dur:41.000ms, clock:2.071 level:92
2024-06-06 15:01:31.863 T:3576402816 DEBUG: CVideoPlayerVideo::OutputPicture - ttd:104ms pts:2.210 Clock:2.106 Level:3
2024-06-06 15:01:31.903 T:3576402816 DEBUG: CVideoPlayerVideo::OutputPicture - ttd:105ms pts:2.252 Clock:2.146 Level:4
2024-06-06 15:01:31.944 T:3576402816 DEBUG: CVideoPlayerVideo::OutputPicture - ttd:106ms pts:2.294 Clock:2.188 Level:4
2024-06-06 15:01:31.973 T:3559617408 DEBUG: CVideoPlayer::ProcessVideoData size:258471 dts:10.844 pts:10.927 dur:41.000ms, clock:2.216 level:91
2024-06-06 15:01:31.975 T:3559617408 DEBUG: CVideoPlayer::ProcessVideoData size:155889 dts:10.886 pts:10.886 dur:41.000ms, clock:2.218 level:92
2024-06-06 15:01:31.982 T:3559617408 DEBUG: CVideoPlayer::ProcessVideoData size:645269 dts:10.927 pts:10.969 dur:41.000ms, clock:2.225 level:92
2024-06-06 15:01:31.986 T:3576402816 DEBUG: CVideoPlayerVideo::OutputPicture - ttd:107ms pts:2.336 Clock:2.229 Level:4
2024-06-06 15:01:32.028 T:3576402816 DEBUG: CVideoPlayerVideo::OutputPicture - ttd:105ms pts:2.377 Clock:2.271 Level:4
2024-06-06 15:01:32.073 T:3576402816 DEBUG: CVideoPlayerVideo::OutputPicture - ttd:103ms pts:2.419 Clock:2.316 Level:3
2024-06-06 15:01:32.113 T:3576402816 DEBUG: CVideoPlayerVideo::OutputPicture - ttd:104ms pts:2.461 Clock:2.356 Level:3
2024-06-06 15:01:32.158 T:3576402816 DEBUG: CVideoPlayerVideo::OutputPicture - ttd:101ms pts:2.502 Clock:2.401 Level:3
2024-06-06 15:01:32.198 T:3576402816 DEBUG: CVideoPlayerVideo::OutputPicture - ttd:102ms pts:2.544 Clock:2.442 Level:3
2024-06-06 15:01:32.229 T:3559617408 DEBUG: CVideoPlayer::ProcessVideoData size:265622 dts:10.969 pts:11.053 dur:41.000ms, clock:2.472 level:89
2024-06-06 15:01:32.231 T:3559617408 DEBUG: CVideoPlayer::ProcessVideoData size:137968 dts:11.011 pts:11.011 dur:41.000ms, clock:2.474 level:90
2024-06-06 15:01:32.236 T:3559617408 DEBUG: CVideoPlayer::ProcessVideoData size:243080 dts:11.053 pts:11.136 dur:41.000ms, clock:2.479 level:90
2024-06-06 15:01:32.237 T:3559617408 DEBUG: CVideoPlayer::ProcessVideoData size:163785 dts:11.094 pts:11.094 dur:41.000ms, clock:2.480 level:91
2024-06-06 15:01:32.239 T:3576402816 DEBUG: CVideoPlayerVideo::OutputPicture - ttd:103ms pts:2.586 Clock:2.482 Level:4
2024-06-06 15:01:32.240 T:3559617408 DEBUG: CVideoPlayer::ProcessVideoData size:241765 dts:11.136 pts:11.219 dur:41.000ms, clock:2.483 level:91
2024-06-06 15:01:32.244 T:3559617408 DEBUG: CVideoPlayer::ProcessVideoData size:157196 dts:11.178 pts:11.178 dur:41.000ms, clock:2.487 level:92
2024-06-06 15:01:32.281 T:3576402816 DEBUG: CVideoPlayerVideo::OutputPicture - ttd:103ms pts:2.627 Clock:2.524 Level:3
2024-06-06 15:01:32.319 T:3576402816 DEBUG: CVideoPlayerVideo::OutputPicture - ttd:106ms pts:2.669 Clock:2.562 Level:4
2024-06-06 15:01:32.366 T:3576402816 DEBUG: CVideoPlayerVideo::OutputPicture - ttd:102ms pts:2.711 Clock:2.609 Level:3
2024-06-06 15:01:32.404 T:3576402816 DEBUG: CVideoPlayerVideo::OutputPicture - ttd:105ms pts:2.753 Clock:2.647 Level:4
2024-06-06 15:01:32.447 T:3576402816 DEBUG: CVideoPlayerVideo::OutputPicture - ttd:104ms pts:2.794 Clock:2.690 Level:3
2024-06-06 15:01:32.480 T:3559617408 DEBUG: CVideoPlayer::ProcessVideoData size:264456 dts:11.219 pts:11.303 dur:41.000ms, clock:2.723 level:89
2024-06-06 15:01:32.483 T:3559617408 DEBUG: CVideoPlayer::ProcessVideoData size:158152 dts:11.261 pts:11.261 dur:41.000ms, clock:2.726 level:90
2024-06-06 15:01:32.485 T:3559617408 DEBUG: CVideoPlayer::ProcessVideoData size:239360 dts:11.303 pts:11.386 dur:41.000ms, clock:2.728 level:90
2024-06-06 15:01:32.487 T:3559617408 DEBUG: CVideoPlayer::ProcessVideoData size:147144 dts:11.345 pts:11.345 dur:41.000ms, clock:2.731 level:91
2024-06-06 15:01:32.490 T:3559617408 DEBUG: CVideoPlayer::ProcessVideoData size:257321 dts:11.386 pts:11.470 dur:41.000ms, clock:2.733 level:91
2024-06-06 15:01:32.492 T:3576402816 DEBUG: CVideoPlayerVideo::OutputPicture - ttd:100ms pts:2.836 Clock:2.735 Level:4
2024-06-06 15:01:32.493 T:3559617408 DEBUG: CVideoPlayer::ProcessVideoData size:157178 dts:11.428 pts:11.428 dur:41.000ms, clock:2.736 level:92
2024-06-06 15:01:32.529 T:3576402816 DEBUG: CVideoPlayerVideo::OutputPicture - ttd:106ms pts:2.878 Clock:2.772 Level:4
2024-06-06 15:01:32.570 T:3576402816 DEBUG: CVideoPlayerVideo::OutputPicture - ttd:105ms pts:2.919 Clock:2.814 Level:4
2024-06-06 15:01:32.576 T:3559617408 DEBUG: CVideoPlayer::ProcessVideoData size:211671 dts:11.470 pts:11.553 dur:41.000ms, clock:2.819 level:91
2024-06-06 15:01:32.579 T:3559617408 DEBUG: CVideoPlayer::ProcessVideoData size:160583 dts:11.511 pts:11.511 dur:41.000ms, clock:2.822 level:92
2024-06-06 15:01:32.611 T:3576402816 DEBUG: CVideoPlayerVideo::OutputPicture - ttd:106ms pts:2.961 Clock:2.854 Level:4
2024-06-06 15:01:32.653 T:3576402816 DEBUG: CVideoPlayerVideo::OutputPicture - ttd:106ms pts:3.003 Clock:2.896 Level:4
2024-06-06 15:01:32.700 T:3576402816 DEBUG: CVideoPlayerVideo::OutputPicture - ttd:101ms pts:3.045 Clock:2.943 Level:3
2024-06-06 15:01:32.741 T:3576402816 DEBUG: CVideoPlayerVideo::OutputPicture - ttd:102ms pts:3.086 Clock:2.984 Level:3
2024-06-06 15:01:32.782 T:3576402816 DEBUG: CVideoPlayerVideo::OutputPicture - ttd:102ms pts:3.128 Clock:3.025 Level:3
2024-06-06 15:01:32.822 T:3576402816 DEBUG: CVideoPlayerVideo::OutputPicture - ttd:104ms pts:3.170 Clock:3.065 Level:3
2024-06-06 15:01:32.825 T:3559617408 DEBUG: CVideoPlayer::ProcessVideoData size:220328 dts:11.553 pts:11.636 dur:41.000ms, clock:3.069 level:89
2024-06-06 15:01:32.827 T:3559617408 DEBUG: CVideoPlayer::ProcessVideoData size:172930 dts:11.595 pts:11.595 dur:41.000ms, clock:3.070 level:90
2024-06-06 15:01:32.829 T:3559617408 DEBUG: CVideoPlayer::ProcessVideoData size:236242 dts:11.636 pts:11.720 dur:41.000ms, clock:3.072 level:90
2024-06-06 15:01:32.831 T:3559617408 DEBUG: CVideoPlayer::ProcessVideoData size:156815 dts:11.678 pts:11.678 dur:41.000ms, clock:3.074 level:91
2024-06-06 15:01:32.836 T:3559617408 DEBUG: CVideoPlayer::ProcessVideoData size:634787 dts:11.720 pts:11.803 dur:41.000ms, clock:3.079 level:91
2024-06-06 15:01:32.838 T:3559617408 DEBUG: CVideoPlayer::ProcessVideoData size:136941 dts:11.762 pts:11.762 dur:41.000ms, clock:3.081 level:92
2024-06-06 15:01:32.865 T:3576402816 DEBUG: CVideoPlayerVideo::OutputPicture - ttd:103ms pts:3.211 Clock:3.108 Level:3
2024-06-06 15:01:32.905 T:3576402816 DEBUG: CVideoPlayerVideo::OutputPicture - ttd:104ms pts:3.253 Clock:3.149 Level:4
2024-06-06 15:01:32.947 T:3576402816 DEBUG: CVideoPlayerVideo::OutputPicture - ttd:104ms pts:3.295 Clock:3.190 Level:3
2024-06-06 15:01:32.973 T:3559617408 DEBUG: CVideoPlayer::ProcessVideoData size:205252 dts:11.803 pts:11.887 dur:41.000ms, clock:3.216 level:91
2024-06-06 15:01:32.974 T:3559617408 DEBUG: CVideoPlayer::ProcessVideoData size:151632 dts:11.845 pts:11.845 dur:41.000ms, clock:3.217 level:91
2024-06-06 15:01:32.977 T:3559617408 DEBUG: CVideoPlayer::ProcessVideoData size:245280 dts:11.887 pts:11.970 dur:41.000ms, clock:3.220 level:92
2024-06-06 15:01:32.979 T:3559617408 DEBUG: CVideoPlayer::ProcessVideoData size:155943 dts:11.928 pts:11.928 dur:41.000ms, clock:3.222 level:92
2024-06-06 15:01:32.990 T:3576402816 DEBUG: CVideoPlayerVideo::OutputPicture - ttd:103ms pts:3.337 Clock:3.233 Level:3
2024-06-06 15:01:33.031 T:3576402816 DEBUG: CVideoPlayerVideo::OutputPicture - ttd:103ms pts:3.378 Clock:3.274 Level:3
2024-06-06 15:01:33.073 T:3576402816 DEBUG: CVideoPlayerVideo::OutputPicture - ttd:104ms pts:3.420 Clock:3.316 Level:4
2024-06-06 15:01:33.114 T:3576402816 DEBUG: CVideoPlayerVideo::OutputPicture - ttd:105ms pts:3.462 Clock:3.357 Level:3
2024-06-06 15:01:33.154 T:3576402816 DEBUG: CVideoPlayerVideo::OutputPicture - ttd:105ms pts:3.503 Clock:3.397 Level:3
2024-06-06 15:01:33.200 T:3576402816 DEBUG: CVideoPlayerVideo::OutputPicture - ttd:101ms pts:3.545 Clock:3.443 Level:3
2024-06-06 15:01:33.240 T:3576402816 DEBUG: CVideoPlayerVideo::OutputPicture - ttd:103ms pts:3.587 Clock:3.483 Level:3
2024-06-06 15:01:33.276 T:3559617408 DEBUG: CVideoPlayer::ProcessVideoData size:227249 dts:11.970 pts:12.054 dur:41.000ms, clock:3.519 level:89
2024-06-06 15:01:33.277 T:3559617408 DEBUG: CVideoPlayer::ProcessVideoData size:151386 dts:12.012 pts:12.012 dur:41.000ms, clock:3.520 level:89
2024-06-06 15:01:33.279 T:3559617408 DEBUG: CVideoPlayer::ProcessVideoData size:235757 dts:12.054 pts:12.137 dur:41.000ms, clock:3.522 level:90
2024-06-06 15:01:33.281 T:3559617408 DEBUG: CVideoPlayer::ProcessVideoData size:151830 dts:12.095 pts:12.095 dur:41.000ms, clock:3.524 level:90
2024-06-06 15:01:33.283 T:3576402816 DEBUG: CVideoPlayerVideo::OutputPicture - ttd:102ms pts:3.628 Clock:3.526 Level:4
2024-06-06 15:01:33.286 T:3559617408 DEBUG: CVideoPlayer::ProcessVideoData size:250404 dts:12.137 pts:12.220 dur:41.000ms, clock:3.529 level:91
2024-06-06 15:01:33.290 T:3559617408 DEBUG: CVideoPlayer::ProcessVideoData size:165229 dts:12.179 pts:12.179 dur:41.000ms, clock:3.533 level:91
2024-06-06 15:01:33.324 T:3559617408 DEBUG: CVideoPlayer::ProcessVideoData size:244955 dts:12.220 pts:12.304 dur:41.000ms, clock:3.567 level:91
2024-06-06 15:01:33.326 T:3576402816 DEBUG: CVideoPlayerVideo::OutputPicture - ttd:101ms pts:3.670 Clock:3.569 Level:3
2024-06-06 15:01:33.328 T:3559617408 DEBUG: CVideoPlayer::ProcessVideoData size:176673 dts:12.262 pts:12.262 dur:41.000ms, clock:3.571 level:92
2024-06-06 15:01:33.367 T:3576402816 DEBUG: CVideoPlayerVideo::OutputPicture - ttd:102ms pts:3.712 Clock:3.610 Level:3
2024-06-06 15:01:33.408 T:3576402816 DEBUG: CVideoPlayerVideo::OutputPicture - ttd:102ms pts:3.754 Clock:3.651 Level:3
2024-06-06 15:01:33.449 T:3576402816 DEBUG: CVideoPlayerVideo::OutputPicture - ttd:102ms pts:3.795 Clock:3.692 Level:3
2024-06-06 15:01:33.490 T:3576402816 DEBUG: CVideoPlayerVideo::OutputPicture - ttd:103ms pts:3.837 Clock:3.733 Level:3
2024-06-06 15:01:33.531 T:3576402816 DEBUG: CVideoPlayerVideo::OutputPicture - ttd:104ms pts:3.879 Clock:3.774 Level:3
2024-06-06 15:01:33.573 T:3576402816 DEBUG: CVideoPlayerVideo::OutputPicture - ttd:103ms pts:3.920 Clock:3.816 Level:4
2024-06-06 15:01:33.576 T:3559617408 DEBUG: CVideoPlayer::ProcessVideoData size:305934 dts:12.304 pts:12.387 dur:41.000ms, clock:3.819 level:89
2024-06-06 15:01:33.577 T:3559617408 DEBUG: CVideoPlayer::ProcessVideoData size:162614 dts:12.346 pts:12.346 dur:41.000ms, clock:3.820 level:90
2024-06-06 15:01:33.580 T:3559617408 DEBUG: CVideoPlayer::ProcessVideoData size:249333 dts:12.387 pts:12.471 dur:41.000ms, clock:3.823 level:90
2024-06-06 15:01:33.581 T:3559617408 DEBUG: CVideoPlayer::ProcessVideoData size:133517 dts:12.429 pts:12.429 dur:41.000ms, clock:3.824 level:91
2024-06-06 15:01:33.584 T:3559617408 DEBUG: CVideoPlayer::ProcessVideoData size:222568 dts:12.471 pts:12.554 dur:41.000ms, clock:3.827 level:91
2024-06-06 15:01:33.586 T:3559617408 DEBUG: CVideoPlayer::ProcessVideoData size:108670 dts:12.512 pts:12.512 dur:41.000ms, clock:3.829 level:92
2024-06-06 15:01:33.615 T:3576402816 DEBUG: CVideoPlayerVideo::OutputPicture - ttd:104ms pts:3.962 Clock:3.858 Level:3
2024-06-06 15:01:33.631 T:3559617408 DEBUG: CVideoPlayer::ProcessVideoData size:266105 dts:12.554 pts:12.637 dur:41.000ms, clock:3.874 level:92
2024-06-06 15:01:33.632 T:3559617408 DEBUG: CVideoPlayer::ProcessVideoData size:75951 dts:12.596 pts:12.596 dur:41.000ms, clock:3.875 level:92
2024-06-06 15:01:33.657 T:3576402816 DEBUG: CVideoPlayerVideo::OutputPicture - ttd:104ms pts:4.004 Clock:3.900 Level:4
2024-06-06 15:01:33.698 T:3576402816 DEBUG: CVideoPlayerVideo::OutputPicture - ttd:104ms pts:4.046 Clock:3.941 Level:4
2024-06-06 15:01:33.740 T:3576402816 DEBUG: CVideoPlayerVideo::OutputPicture - ttd:104ms pts:4.087 Clock:3.983 Level:4
2024-06-06 15:01:33.781 T:3576402816 DEBUG: CVideoPlayerVideo::OutputPicture - ttd:104ms pts:4.129 Clock:4.024 Level:3
2024-06-06 15:01:33.824 T:3576402816 DEBUG: CVideoPlayerVideo::OutputPicture - ttd:104ms pts:4.171 Clock:4.067 Level:3
2024-06-06 15:01:33.865 T:3576402816 DEBUG: CVideoPlayerVideo::OutputPicture - ttd:104ms pts:4.212 Clock:4.108 Level:4
2024-06-06 15:01:33.879 T:3559617408 DEBUG: CVideoPlayer::ProcessVideoData size:184137 dts:12.637 pts:12.721 dur:41.000ms, clock:4.122 level:90
2024-06-06 15:01:33.880 T:3559617408 DEBUG: CVideoPlayer::ProcessVideoData size:77506 dts:12.679 pts:12.679 dur:41.000ms, clock:4.123 level:90
2024-06-06 15:01:33.882 T:3559617408 DEBUG: CVideoPlayer::ProcessVideoData size:170522 dts:12.721 pts:12.804 dur:41.000ms, clock:4.125 level:91
2024-06-06 15:01:33.883 T:3559617408 DEBUG: CVideoPlayer::ProcessVideoData size:88087 dts:12.763 pts:12.763 dur:41.000ms, clock:4.126 level:91
2024-06-06 15:01:33.885 T:3559617408 DEBUG: CVideoPlayer::ProcessVideoData size:155145 dts:12.804 pts:12.888 dur:41.000ms, clock:4.128 level:92
2024-06-06 15:01:33.886 T:3559617408 DEBUG: CVideoPlayer::ProcessVideoData size:92580 dts:12.846 pts:12.846 dur:41.000ms, clock:4.129 level:92
2024-06-06 15:01:33.908 T:3576402816 DEBUG: CVideoPlayerVideo::OutputPicture - ttd:102ms pts:4.254 Clock:4.151 Level:3
2024-06-06 15:01:33.949 T:3576402816 DEBUG: CVideoPlayerVideo::OutputPicture - ttd:103ms pts:4.296 Clock:4.192 Level:3
2024-06-06 15:01:33.991 T:3576402816 DEBUG: CVideoPlayerVideo::OutputPicture - ttd:103ms pts:4.338 Clock:4.234 Level:3
2024-06-06 15:01:34.033 T:3576402816 DEBUG: CVideoPlayerVideo::OutputPicture - ttd:103ms pts:4.379 Clock:4.276 Level:3
2024-06-06 15:01:34.071 T:3559617408 DEBUG: CVideoPlayer::ProcessVideoData size:153578 dts:12.888 pts:12.971 dur:41.000ms, clock:4.314 level:90
2024-06-06 15:01:34.072 T:3559617408 DEBUG: CVideoPlayer::ProcessVideoData size:98514 dts:12.929 pts:12.929 dur:41.000ms, clock:4.315 level:91
2024-06-06 15:01:34.074 T:3576402816 DEBUG: CVideoPlayerVideo::OutputPicture - ttd:104ms pts:4.421 Clock:4.317 Level:4
2024-06-06 15:01:34.077 T:3559617408 DEBUG: CVideoPlayer::ProcessVideoData size:152804 dts:12.971 pts:13.055 dur:41.000ms, clock:4.320 level:91
2024-06-06 15:01:34.078 T:3559617408 DEBUG: CVideoPlayer::ProcessVideoData size:96461 dts:13.013 pts:13.013 dur:41.000ms, clock:4.321 level:92
2024-06-06 15:01:34.115 T:3576402816 DEBUG: CVideoPlayerVideo::OutputPicture - ttd:104ms pts:4.463 Clock:4.358 Level:3
2024-06-06 15:01:34.157 T:3576402816 DEBUG: CVideoPlayerVideo::OutputPicture - ttd:104ms pts:4.504 Clock:4.400 Level:3
2024-06-06 15:01:34.198 T:3576402816 DEBUG: CVideoPlayerVideo::OutputPicture - ttd:104ms pts:4.546 Clock:4.441 Level:3
2024-06-06 15:01:34.224 T:3559617408 DEBUG: CVideoPlayer::ProcessVideoData size:140250 dts:13.055 pts:13.138 dur:41.000ms, clock:4.467 level:91
2024-06-06 15:01:34.225 T:3559617408 DEBUG: CVideoPlayer::ProcessVideoData size:96522 dts:13.096 pts:13.096 dur:41.000ms, clock:4.468 level:91
2024-06-06 15:01:34.227 T:3559617408 DEBUG: CVideoPlayer::ProcessVideoData size:119906 dts:13.138 pts:13.180 dur:41.000ms, clock:4.470 level:92
2024-06-06 15:01:34.230 T:3559617408 DEBUG: CVideoPlayer::ProcessVideoData size:135597 dts:13.180 pts:13.221 dur:41.000ms, clock:4.473 level:92
2024-06-06 15:01:34.241 T:3576402816 DEBUG: CVideoPlayerVideo::OutputPicture - ttd:103ms pts:4.588 Clock:4.484 Level:3
2024-06-06 15:01:34.282 T:3576402816 DEBUG: CVideoPlayerVideo::OutputPicture - ttd:103ms pts:4.629 Clock:4.525 Level:3
2024-06-06 15:01:34.324 T:3576402816 DEBUG: CVideoPlayerVideo::OutputPicture - ttd:103ms pts:4.671 Clock:4.567 Level:4
2024-06-06 15:01:34.365 T:3576402816 DEBUG: CVideoPlayerVideo::OutputPicture - ttd:105ms pts:4.713 Clock:4.608 Level:3
2024-06-06 15:01:34.405 T:3576402816 DEBUG: CVideoPlayerVideo::OutputPicture - ttd:106ms pts:4.755 Clock:4.648 Level:4
2024-06-06 15:01:34.447 T:3576402816 DEBUG: CVideoPlayerVideo::OutputPicture - ttd:105ms pts:4.796 Clock:4.690 Level:4
2024-06-06 15:01:34.488 T:3576402816 DEBUG: CVideoPlayerVideo::OutputPicture - ttd:107ms pts:4.838 Clock:4.731 Level:4
2024-06-06 15:01:34.526 T:3559617408 DEBUG: CVideoPlayer::ProcessVideoData size:97133 dts:13.221 pts:13.263 dur:41.000ms, clock:4.769 level:89
2024-06-06 15:01:34.527 T:3559617408 DEBUG: CVideoPlayer::ProcessVideoData size:101697 dts:13.263 pts:13.305 dur:41.000ms, clock:4.770 level:89
2024-06-06 15:01:34.529 T:3559617408 DEBUG: CVideoPlayer::ProcessVideoData size:94748 dts:13.305 pts:13.347 dur:41.000ms, clock:4.772 level:90
2024-06-06 15:01:34.529 T:3576402816 DEBUG: CVideoPlayerVideo::OutputPicture - ttd:107ms pts:4.880 Clock:4.773 Level:4
2024-06-06 15:01:34.531 T:3559617408 DEBUG: CVideoPlayer::ProcessVideoData size:98868 dts:13.347 pts:13.388 dur:41.000ms, clock:4.774 level:90
