2024-06-06 15:00:58.977 T:3461571456 DEBUG: CVideoPlayer::ProcessVideoData size:254467 dts:53.387 pts:53.428 dur:41.000ms, clock:45.277 level:83
2024-06-06 15:00:59.012 T:3461571456 DEBUG: CVideoPlayer::ProcessVideoData size:254653 dts:53.428 pts:53.470 dur:41.000ms, clock:45.313 level:83
2024-06-06 15:00:59.013 T:3775697792 DEBUG: PushCecKeypress - received key a8 duration 135
2024-06-06 15:00:59.016 T:3469964160 DEBUG: CVideoPlayerVideo::OutputPicture - ttd:229ms pts:45.546 Clock:45.316 Level:4
2024-06-06 15:00:59.056 T:3461571456 DEBUG: CVideoPlayer::ProcessVideoData size:250355 dts:53.470 pts:53.512 dur:41.000ms, clock:45.357 level:83
2024-06-06 15:00:59.059 T:3469964160 DEBUG: CVideoPlayerVideo::OutputPicture - ttd:227ms pts:45.587 Clock:45.359 Level:4
2024-06-06 15:00:59.091 T:3461571456 DEBUG: CVideoPlayer::ProcessVideoData size:259732 dts:53.512 pts:53.554 dur:41.000ms, clock:45.391 level:83
2024-06-06 15:00:59.100 T:3469964160 DEBUG: CVideoPlayerVideo::OutputPicture - ttd:229ms pts:45.629 Clock:45.400 Level:3
2024-06-06 15:00:59.134 T:3461571456 DEBUG: CVideoPlayer::ProcessVideoData size:252301 dts:53.554 pts:53.595 dur:41.000ms, clock:45.434 level:83
2024-06-06 15:00:59.138 T:3469964160 DEBUG: CVideoPlayerVideo::OutputPicture - ttd:233ms pts:45.671 Clock:45.438 Level:4
2024-06-06 15:00:59.183 T:3469964160 DEBUG: CVideoPlayerVideo::OutputPicture - ttd:228ms pts:45.712 Clock:45.484 Level:3
2024-06-06 15:00:59.186 T:3461571456 DEBUG: CVideoPlayer::ProcessVideoData size:254800 dts:53.595 pts:53.637 dur:41.000ms, clock:45.487 level:83
2024-06-06 15:00:59.220 T:3461571456 DEBUG: CVideoPlayer::ProcessVideoData size:314057 dts:53.637 pts:53.679 dur:41.000ms, clock:45.520 level:83
2024-06-06 15:00:59.225 T:3469964160 DEBUG: CVideoPlayerVideo::OutputPicture - ttd:228ms pts:45.754 Clock:45.526 Level:3
2024-06-06 15:00:59.269 T:3469964160 DEBUG: CVideoPlayerVideo::OutputPicture - ttd:226ms pts:45.796 Clock:45.569 Level:3
2024-06-06 15:00:59.269 T:3461571456 DEBUG: CVideoPlayer::ProcessVideoData size:266875 dts:53.679 pts:53.720 dur:41.000ms, clock:45.570 level:83
2024-06-06 15:00:59.307 T:3469964160 DEBUG: CVideoPlayerVideo::OutputPicture - ttd:229ms pts:45.837 Clock:45.607 Level:4
2024-06-06 15:00:59.307 T:3461571456 DEBUG: CVideoPlayer::ProcessVideoData size:281990 dts:53.720 pts:53.762 dur:41.000ms, clock:45.608 level:83
2024-06-06 15:00:59.349 T:3469964160 DEBUG: CVideoPlayerVideo::OutputPicture - ttd:229ms pts:45.879 Clock:45.650 Level:3
2024-06-06 15:00:59.356 T:3461571456 DEBUG: CVideoPlayer::ProcessVideoData size:275592 dts:53.762 pts:53.804 dur:41.000ms, clock:45.656 level:83
2024-06-06 15:00:59.391 T:3461571456 DEBUG: CVideoPlayer::ProcessVideoData size:268696 dts:53.804 pts:53.845 dur:41.000ms, clock:45.691 level:83
2024-06-06 15:00:59.391 T:3469964160 DEBUG: CVideoPlayerVideo::OutputPicture - ttd:229ms pts:45.921 Clock:45.692 Level:4
2024-06-06 15:00:59.428 T:3461571456 DEBUG: CVideoPlayer::ProcessVideoData size:277749 dts:53.845 pts:53.887 dur:41.000ms, clock:45.728 level:83
2024-06-06 15:00:59.434 T:3469964160 DEBUG: CVideoPlayerVideo::OutputPicture - ttd:228ms pts:45.963 Clock:45.734 Level:3
2024-06-06 15:00:59.472 T:3461571456 DEBUG: CVideoPlayer::ProcessVideoData size:265156 dts:53.887 pts:53.929 dur:41.000ms, clock:45.773 level:83
2024-06-06 15:00:59.475 T:3469964160 DEBUG: CVideoPlayerVideo::OutputPicture - ttd:228ms pts:46.004 Clock:45.776 Level:4
2024-06-06 15:00:59.508 T:3461571456 DEBUG: CVideoPlayer::ProcessVideoData size:264787 dts:53.929 pts:53.971 dur:41.000ms, clock:45.808 level:83
2024-06-06 15:00:59.517 T:3469964160 DEBUG: CVideoPlayerVideo::OutputPicture - ttd:228ms pts:46.046 Clock:45.818 Level:3
2024-06-06 15:00:59.559 T:3469964160 DEBUG: CVideoPlayerVideo::OutputPicture - ttd:228ms pts:46.088 Clock:45.860 Level:3
2024-06-06 15:00:59.562 T:3461571456 DEBUG: CVideoPlayer::ProcessVideoData size:269752 dts:53.971 pts:54.012 dur:41.000ms, clock:45.862 level:83
2024-06-06 15:00:59.595 T:3461571456 DEBUG: CVideoPlayer::ProcessVideoData size:258532 dts:54.012 pts:54.054 dur:41.000ms, clock:45.896 level:83
2024-06-06 15:00:59.597 T:3469964160 DEBUG: CVideoPlayerVideo::OutputPicture - ttd:231ms pts:46.129 Clock:45.897 Level:4
2024-06-06 15:00:59.639 T:3469964160 DEBUG: CVideoPlayerVideo::OutputPicture - ttd:231ms pts:46.171 Clock:45.939 Level:4
2024-06-06 15:00:59.641 T:3461571456 DEBUG: CVideoPlayer::ProcessVideoData size:250251 dts:54.054 pts:54.096 dur:41.000ms, clock:45.942 level:83
2024-06-06 15:00:59.674 T:3461571456 DEBUG: CVideoPlayer::ProcessVideoData size:236895 dts:54.096 pts:54.137 dur:41.000ms, clock:45.974 level:83
2024-06-06 15:00:59.682 T:3469964160 DEBUG: CVideoPlayerVideo::OutputPicture - ttd:230ms pts:46.213 Clock:45.982 Level:4
2024-06-06 15:00:59.719 T:3461571456 DEBUG: CVideoPlayer::ProcessVideoData size:243988 dts:54.137 pts:54.179 dur:41.000ms, clock:46.019 level:83
2024-06-06 15:00:59.724 T:3469964160 DEBUG: CVideoPlayerVideo::OutputPicture - ttd:230ms pts:46.255 Clock:46.024 Level:4
2024-06-06 15:00:59.762 T:3461571456 DEBUG: CVideoPlayer::ProcessVideoData size:242448 dts:54.179 pts:54.221 dur:41.000ms, clock:46.062 level:83
2024-06-06 15:00:59.765 T:3469964160 DEBUG: CVideoPlayerVideo::OutputPicture - ttd:230ms pts:46.296 Clock:46.066 Level:4
2024-06-06 15:00:59.806 T:3461571456 DEBUG: CVideoPlayer::ProcessVideoData size:248961 dts:54.221 pts:54.263 dur:41.000ms, clock:46.107 level:83
2024-06-06 15:00:59.808 T:3469964160 DEBUG: CVideoPlayerVideo::OutputPicture - ttd:230ms pts:46.338 Clock:46.108 Level:4
2024-06-06 15:00:59.841 T:3461571456 DEBUG: CVideoPlayer::ProcessVideoData size:244822 dts:54.263 pts:54.304 dur:41.000ms, clock:46.141 level:83
2024-06-06 15:00:59.850 T:3469964160 DEBUG: CVideoPlayerVideo::OutputPicture - ttd:229ms pts:46.380 Clock:46.150 Level:3
2024-06-06 15:00:59.885 T:3461571456 DEBUG: CVideoPlayer::ProcessVideoData size:217654 dts:54.304 pts:54.346 dur:41.000ms, clock:46.186 level:83
2024-06-06 15:00:59.891 T:3469964160 DEBUG: CVideoPlayerVideo::OutputPicture - ttd:229ms pts:46.421 Clock:46.192 Level:4
2024-06-06 15:00:59.930 T:3461571456 DEBUG: CVideoPlayer::ProcessVideoData size:209211 dts:54.346 pts:54.388 dur:41.000ms, clock:46.230 level:83
2024-06-06 15:00:59.933 T:3469964160 DEBUG: CVideoPlayerVideo::OutputPicture - ttd:229ms pts:46.463 Clock:46.233 Level:4
2024-06-06 15:00:59.963 T:3461571456 DEBUG: CVideoPlayer::ProcessVideoData size:230262 dts:54.388 pts:54.429 dur:41.000ms, clock:46.263 level:83
2024-06-06 15:00:59.974 T:3469964160 DEBUG: CVideoPlayerVideo::OutputPicture - ttd:230ms pts:46.505 Clock:46.275 Level:4
2024-06-06 15:01:00.007 T:3461571456 DEBUG: CVideoPlayer::ProcessVideoData size:237203 dts:54.429 pts:54.471 dur:41.000ms, clock:46.307 level:83
2024-06-06 15:01:00.011 T:3461571456 DEBUG: CVideoPlayer::ProcessVideoData size:232925 dts:54.471 pts:54.513 dur:41.000ms, clock:46.312 level:83
2024-06-06 15:01:00.017 T:3469964160 DEBUG: CVideoPlayerVideo::OutputPicture - ttd:230ms pts:46.547 Clock:46.317 Level:4
2024-06-06 15:01:00.055 T:3461571456 DEBUG: CVideoPlayer::ProcessVideoData size:227312 dts:54.513 pts:54.555 dur:41.000ms, clock:46.356 level:83
2024-06-06 15:01:00.058 T:3469964160 DEBUG: CVideoPlayerVideo::OutputPicture - ttd:229ms pts:46.588 Clock:46.359 Level:4
2024-06-06 15:01:00.100 T:3461571456 DEBUG: CVideoPlayer::ProcessVideoData size:231772 dts:54.555 pts:54.596 dur:41.000ms, clock:46.400 level:83
2024-06-06 15:01:00.102 T:3469964160 DEBUG: CVideoPlayerVideo::OutputPicture - ttd:227ms pts:46.630 Clock:46.402 Level:4
2024-06-06 15:01:00.134 T:3461571456 DEBUG: CVideoPlayer::ProcessVideoData size:245441 dts:54.596 pts:54.638 dur:41.000ms, clock:46.434 level:83
2024-06-06 15:01:00.141 T:3469964160 DEBUG: CVideoPlayerVideo::OutputPicture - ttd:230ms pts:46.672 Clock:46.442 Level:4
2024-06-06 15:01:00.182 T:3469964160 DEBUG: CVideoPlayerVideo::OutputPicture - ttd:230ms pts:46.713 Clock:46.482 Level:4
2024-06-06 15:01:00.186 T:3461571456 DEBUG: CVideoPlayer::ProcessVideoData size:249342 dts:54.638 pts:54.680 dur:41.000ms, clock:46.487 level:83
2024-06-06 15:01:00.219 T:3461571456 DEBUG: CVideoPlayer::ProcessVideoData size:238704 dts:54.680 pts:54.721 dur:41.000ms, clock:46.520 level:83
2024-06-06 15:01:00.225 T:3469964160 DEBUG: CVideoPlayerVideo::OutputPicture - ttd:229ms pts:46.755 Clock:46.525 Level:4
2024-06-06 15:01:00.263 T:3461571456 DEBUG: CVideoPlayer::ProcessVideoData size:230882 dts:54.721 pts:54.763 dur:41.000ms, clock:46.564 level:83
2024-06-06 15:01:00.265 T:3461571456 DEBUG: CVideoPlayer::ProcessVideoData size:223843 dts:54.763 pts:54.805 dur:41.000ms, clock:46.565 level:84
2024-06-06 15:01:00.269 T:3469964160 DEBUG: CVideoPlayerVideo::OutputPicture - ttd:227ms pts:46.797 Clock:46.569 Level:3
2024-06-06 15:01:00.300 T:3461571456 DEBUG: CVideoPlayer::ProcessVideoData size:255073 dts:54.805 pts:54.846 dur:41.000ms, clock:46.600 level:84
2024-06-06 15:01:00.305 T:3775697792 DEBUG: PushCecKeypress - received key b duration 0
2024-06-06 15:01:00.306 T:4060590144 DEBUG: HandleKey: 11 (0x0b, obc244) pressed, action is Select
2024-06-06 15:01:00.307 T:4060590144 NOTICE: CVideoPlayer::CloseFile()
2024-06-06 15:01:00.307 T:4060590144 DEBUG: DeleteRenderer - deleting renderer
2024-06-06 15:01:00.307 T:4060590144 NOTICE: VideoPlayer: waiting for threads to exit
2024-06-06 15:01:00.310 T:3461571456 NOTICE: CVideoPlayer::OnExit()
2024-06-06 15:01:00.310 T:3461571456 NOTICE: Closing stream player 1
2024-06-06 15:01:00.310 T:3461571456 NOTICE: Waiting for audio thread to exit
2024-06-06 15:01:00.327 T:3626500992 NOTICE: thread end: CVideoPlayerAudio::OnExit()
2024-06-06 15:01:00.327 T:3461571456 NOTICE: Closing audio device
2024-06-06 15:01:00.328 T:3626500992 DEBUG: Thread VideoPlayerAudio 3626500992 terminating
2024-06-06 15:01:00.331 T:3469964160 DEBUG: CVideoPlayerVideo::OutputPicture - ttd:226ms pts:46.838 Clock:46.611 Level:0
2024-06-06 15:01:00.367 T:3469964160 DEBUG: CVideoPlayerVideo::OutputPicture - ttd:232ms pts:46.880 Clock:46.647 Level:0
2024-06-06 15:01:00.376 T:3775697792 DEBUG: PushCecKeypress - received key b duration 72
2024-06-06 15:01:00.377 T:3461571456 DEBUG: CDVDAudio::Flush - flush audio stream
2024-06-06 15:01:00.377 T:4038480768 DEBUG: CActiveAE::DiscardStream - audio stream deleted
2024-06-06 15:01:00.378 T:4038480768 DEBUG: CActiveAE::ClearDiscardedBuffers - buffer pool deleted
2024-06-06 15:01:00.381 T:3461571456 DEBUG: Previous line repeats 2 times.
2024-06-06 15:01:00.381 T:3461571456 NOTICE: Deleting audio codec
2024-06-06 15:01:00.382 T:3461571456 NOTICE: Closing stream player 2
2024-06-06 15:01:00.382 T:3461571456 NOTICE: waiting for video thread to exit
2024-06-06 15:01:00.383 T:4028625792 INFO: CActiveAESink::OpenSink - initialize sink
2024-06-06 15:01:00.388 T:3469964160 DEBUG: CVideoPlayerVideo::OutputPicture - ttd:253ms pts:46.922 Clock:46.669 Level:0
2024-06-06 15:01:00.389 T:3469964160 NOTICE: thread end: video_thread
2024-06-06 15:01:00.389 T:3469964160 DEBUG: Thread VideoPlayerVideo 3469964160 terminating
2024-06-06 15:01:00.398 T:3461571456 NOTICE: deleting video codec
2024-06-06 15:01:00.398 T:3461571456 DEBUG: CAMLCodec::CloseDecoder
2024-06-06 15:01:00.419 T:3461571456 DEBUG: CAMLVideoBufferPool::~CAMLVideoBufferPool: Deleting 7 buffers
2024-06-06 15:01:00.419 T:4060590144 NOTICE: VideoPlayer: finished waiting
2024-06-06 15:01:00.419 T:4060590144 NOTICE: CVideoPlayer::CloseFile()
2024-06-06 15:01:00.419 T:4060590144 NOTICE: VideoPlayer: waiting for threads to exit
2024-06-06 15:01:00.419 T:4060590144 NOTICE: VideoPlayer: finished waiting
2024-06-06 15:01:00.420 T:4060590144 DEBUG: Radio UECP (RDS) Processor - delete ~CDVDRadioRDSData
2024-06-06 15:01:00.420 T:3461571456 DEBUG: Thread VideoPlayer 3461571456 terminating
2024-06-06 15:01:00.431 T:3469964160 DEBUG: Thread JobWorker start, auto delete: true
2024-06-06 15:01:00.438 T:3469964160 INFO: Deleting settings information for files /var/media/android1/Kodi/CoreElec/3D/DTS Paint Symphony (DTS-HD MA 7.1).3D.MVC.mkv
2024-06-06 15:01:00.439 T:3469964160 DEBUG: DoWork - Saving file state for video item /var/media/android1/Kodi/CoreElec/3D/DTS Paint Symphony (DTS-HD MA 7.1).3D.MVC.mkv
2024-06-06 15:01:00.442 T:3461571456 DEBUG: Thread JobWorker start, auto delete: true
2024-06-06 15:01:00.576 T:4028625792 DEBUG: CActiveAESink::OpenSink - trying to open device ALSA:surround71:CARD=AMLAUGESOUND,DEV=0
2024-06-06 15:01:00.577 T:4028625792 INFO: CAESinkALSA::Initialize - Attempting to open device "surround71:CARD=AMLAUGESOUND,DEV=0"
2024-06-06 15:01:00.581 T:4028625792 INFO: CAESinkALSA::Initialize - Opened device "surround71:CARD=AMLAUGESOUND,DEV=0"
2024-06-06 15:01:00.582 T:4028625792 INFO: CAESinkALSA::InitializeHW - Your hardware does not support AE_FMT_FLOAT, trying other formats
2024-06-06 15:01:00.583 T:4028625792 INFO: CAESinkALSA::InitializeHW - Using data format AE_FMT_S24NE4
2024-06-06 15:01:00.583 T:4028625792 DEBUG: CAESinkALSA::InitializeHW - Request: periodSize 2205, bufferSize 8820
2024-06-06 15:01:00.611 T:4028625792 DEBUG: CAESinkALSA::InitializeHW - Got: periodSize 2205, bufferSize 8820
2024-06-06 15:01:00.611 T:4028625792 DEBUG: CAESinkALSA::InitializeHW - Setting timeout to 200 ms
2024-06-06 15:01:00.611 T:4028625792 DEBUG: CAESinkALSA::GetChannelLayout - Input Channel Count: 2 Output Channel Count: 2
2024-06-06 15:01:00.611 T:4028625792 DEBUG: CAESinkALSA::GetChannelLayout - Requested Layout: FL, FR
2024-06-06 15:01:00.611 T:4028625792 DEBUG: CAESinkALSA::GetChannelLayout - Got Layout: FL, FR (ALSA: FL FR)
2024-06-06 15:01:00.612 T:4028625792 DEBUG: CActiveAESink::OpenSink - ALSA Initialized:
2024-06-06 15:01:00.612 T:4028625792 DEBUG: Output Device : AML-AUGESOUND
2024-06-06 15:01:00.612 T:4028625792 DEBUG: Sample Rate : 44100
2024-06-06 15:01:00.612 T:4028625792 DEBUG: Sample Format : AE_FMT_S24NE4
2024-06-06 15:01:00.612 T:4028625792 DEBUG: Channel Count : 2
2024-06-06 15:01:00.612 T:4028625792 DEBUG: Channel Layout: FL, FR
2024-06-06 15:01:00.612 T:4028625792 DEBUG: Frames : 2205
2024-06-06 15:01:00.612 T:4028625792 DEBUG: Frame Size : 8
2024-06-06 15:01:00.613 T:4038480768 DEBUG: CActiveAE::ClearDiscardedBuffers - buffer pool deleted
2024-06-06 15:01:01.997 T:3469964160 DEBUG: Previous line repeats 1 times.
2024-06-06 15:01:01.997 T:3469964160 DEBUG: OnPlayBackStopped: CApplication::OnPlayBackStopped
2024-06-06 15:01:02.001 T:4060590144 DEBUG: CGUIWindowManager::PreviousWindow: Deactivate
2024-06-06 15:01:02.001 T:4060590144 DEBUG: ------ Window Deinit (VideoOSD.xml) ------
2024-06-06 15:01:02.001 T:4060590144 DEBUG: ------ Window Deinit (VideoFullScreen.xml) ------
2024-06-06 15:01:02.005 T:4060590144 DEBUG: Search for exact 3D mode match
2024-06-06 15:01:02.005 T:4060590144 DEBUG: exact match found: 1920x1080 @ 60.00i - Full Screen
2024-06-06 15:01:02.006 T:4060590144 DEBUG: AMLUtils::aml_handle_display_stereo_mode old mode 3dfp new mode 3dfp
2024-06-06 15:01:02.006 T:4060590144 DEBUG: AMLUtils::aml_handle_display_stereo_mode setting new mode
2024-06-06 15:01:02.009 T:4060590144 ERROR: GetString: error reading /sys/class/amhdmitx/amhdmitx0/custom_mode
2024-06-06 15:01:11.316 T:4060590144 INFO: GLES: Maximum texture width: 8192
2024-06-06 15:01:11.317 T:4060590144 DEBUG: CGUIWindowManager::PreviousWindow: Activate new
2024-06-06 15:01:11.324 T:4060590144 DEBUG: ------ Window Init (MyVideoNav.xml) ------
2024-06-06 15:01:11.326 T:4060590144 DEBUG: CGUIMediaWindow::GetDirectory (/var/media/android1/Kodi/CoreElec/3D/)
2024-06-06 15:01:11.326 T:4060590144 DEBUG: ParentPath = [/var/media/android1/Kodi/CoreElec/3D/]
2024-06-06 15:01:11.352 T:3626500992 DEBUG: Thread BackgroundLoader start, auto delete: false
2024-06-06 15:01:11.370 T:3626500992 DEBUG: Thread BackgroundLoader 3626500992 terminating
2024-06-06 15:01:11.477 T:4060590144 DEBUG: ------ Window Deinit (DialogSeekBar.xml) ------
2024-06-06 15:01:11.505 T:4060590144 DEBUG: ------ Window Deinit (Custom_1109_TopBarOverlay.xml) ------
2024-06-06 15:01:11.506 T:4060590144 DEBUG: StereoscopicsManager: stereo mode setting changed to off
2024-06-06 15:01:11.506 T:4060590144 DEBUG: StereoscopicsManager::ApplyStereoMode: trying to apply stereo mode. Current: hardware_based | Target: off
2024-06-06 15:01:11.506 T:4060590144 DEBUG: StereoscopicsManager: stereo mode changed to off
2024-06-06 15:01:11.507 T:4060590144 DEBUG: ------ Window Init (DialogNotification.xml) ------
2024-06-06 15:01:11.520 T:4060590144 DEBUG: AMLUtils::aml_handle_display_stereo_mode old mode 3dfp new mode 3doff
2024-06-06 15:01:11.520 T:4060590144 DEBUG: AMLUtils::aml_handle_display_stereo_mode setting new mode
2024-06-06 15:01:11.520 T:4060590144 ERROR: GetString: error reading /sys/class/amhdmitx/amhdmitx0/custom_mode
2024-06-06 15:01:11.791 T:4060590144 INFO: GLES: Maximum texture width: 8192
2024-06-06 15:01:16.775 T:4060590144 DEBUG: ------ Window Deinit (DialogNotification.xml) ------
2024-06-06 15:01:22.712 T:3775697792 DEBUG: PushCecKeypress - received key a6 duration 0
2024-06-06 15:01:24.412 T:3775697792 DEBUG: PushCecKeypress - received key a6 duration 223
2024-06-06 15:01:24.440 T:4060590144 DEBUG: HandleKey: 166 (0xa6, obc89) pressed, action is Up
2024-06-06 15:01:26.412 T:3775697792 DEBUG: PushCecKeypress - received key a7 duration 0
2024-06-06 15:01:26.413 T:4060590144 DEBUG: HandleKey: 167 (0xa7, obc88) pressed, action is Down
2024-06-06 15:01:26.615 T:3775697792 DEBUG: PushCecKeypress - received key a7 duration 203
2024-06-06 15:01:27.010 T:3775697792 DEBUG: PushCecKeypress - received key a6 duration 0
2024-06-06 15:01:27.014 T:4060590144 DEBUG: HandleKey: 166 (0xa6, obc89) pressed, action is Up
2024-06-06 15:01:27.206 T:3775697792 DEBUG: PushCecKeypress - received key a6 duration 196
2024-06-06 15:01:27.352 T:3775697792 DEBUG: PushCecKeypress - received key a6 duration 0
2024-06-06 15:01:27.352 T:4060590144 DEBUG: HandleKey: 166 (0xa6, obc89) pressed, action is Up
2024-06-06 15:01:27.359 T:3469964160 DEBUG: DoWork - trying to extract thumb from video file /var/media/android1/Tests/White clipping pattern DV p8 4000nits.mp4
2024-06-06 15:01:27.359 T:3469964160 DEBUG: CreateInputStream: All else failed, creating CDVDInputStreamFile
2024-06-06 15:01:27.360 T:3469964160 DEBUG: DVDFactoryDemuxer: Create CDVDDemuxFFmpeg.
2024-06-06 15:01:27.369 T:3469964160 DEBUG: Open - probing detected format [mov,mp4,m4a,3gp,3g2,mj2]
2024-06-06 15:01:27.397 T:3469964160 DEBUG: Open - avformat_find_stream_info starting
2024-06-06 15:01:27.504 T:3469964160 DEBUG: Open - av_find_stream_info finished
2024-06-06 15:01:27.504 T:3469964160 DEBUG: DVDDemuxFFmpeg::AddStream - fps:24000/1001 tbr:24000/1001 tbn:24000/1001
2024-06-06 15:01:27.504 T:3469964160 DEBUG: DVDDemuxFFmpeg::AddStream - fps:24000/1001p
2024-06-06 15:01:27.504 T:3469964160 DEBUG: CDVDDemuxFFmpeg::AddStream ID: 0
2024-06-06 15:01:27.505 T:3469964160 DEBUG: ScanForExternalSubtitles: Searching for subtitles...
2024-06-06 15:01:27.508 T:3469964160 DEBUG: ScanForExternalSubtitles: END (total time: 4 ms)
2024-06-06 15:01:27.508 T:3469964160 NOTICE: CDVDVideoCodecFFmpeg::Open() Using codec: HEVC (High Efficiency Video Coding)
2024-06-06 15:01:27.508 T:3469964160 DEBUG: CDVDVideoCodecFFmpeg - Updated codec: ff-hevc
2024-06-06 15:01:27.508 T:3469964160 DEBUG: ExtractThumb - seeking to pos 200200ms (total: 600600ms) in /var/media/android1/Tests/White clipping pattern DV p8 4000nits.mp4
2024-06-06 15:01:27.508 T:3469964160 DEBUG: SeekTime - unknown position after seek
2024-06-06 15:01:27.565 T:3775697792 DEBUG: PushCecKeypress - received key a6 duration 213
2024-06-06 15:01:27.929 T:3469964160 DEBUG: cached image 'special://masterprofile/Thumbnails/5/506023d5.jpg' size 720x405
2024-06-06 15:01:27.964 T:3469964160 DEBUG: ExtractThumb - measured 605 ms to extract thumb from file in 3 packets.
2024-06-06 15:01:29.008 T:3775697792 DEBUG: PushCecKeypress - received key b duration 0
2024-06-06 15:01:29.012 T:4060590144 DEBUG: HandleKey: 11 (0x0b, obc244) pressed, action is Select
2024-06-06 15:01:29.021 T:4060590144 DEBUG: OnPlayMedia /var/media/android1/Kodi/CoreElec/3D/3D-full-MVC.mkv
2024-06-06 15:01:29.038 T:4060590144 DEBUG: CPlayerCoreFactory::GetPlayers(/var/media/android1/Kodi/CoreElec/3D/3D-full-MVC.mkv)
2024-06-06 15:01:29.038 T:4060590144 DEBUG: CPlayerSelectionRule::GetPlayers: considering rule: system rules
2024-06-06 15:01:29.038 T:4060590144 DEBUG: CPlayerSelectionRule::GetPlayers: matches rule: system rules
2024-06-06 15:01:29.038 T:4060590144 DEBUG: CPlayerSelectionRule::GetPlayers: considering rule: mms/udp
2024-06-06 15:01:29.038 T:4060590144 DEBUG: CPlayerSelectionRule::GetPlayers: considering rule: lastfm/shout
2024-06-06 15:01:29.038 T:4060590144 DEBUG: CPlayerSelectionRule::GetPlayers: considering rule: rtmp
2024-06-06 15:01:29.039 T:4060590144 DEBUG: CPlayerSelectionRule::GetPlayers: considering rule: rtsp
2024-06-06 15:01:29.039 T:4060590144 DEBUG: CPlayerSelectionRule::GetPlayers: considering rule: streams
2024-06-06 15:01:29.039 T:4060590144 DEBUG: CPlayerSelectionRule::GetPlayers: considering rule: dvd
2024-06-06 15:01:29.039 T:4060590144 DEBUG: CPlayerSelectionRule::GetPlayers: considering rule: dvdimage
2024-06-06 15:01:29.039 T:4060590144 DEBUG: CPlayerSelectionRule::GetPlayers: considering rule: sdp/asf
2024-06-06 15:01:29.039 T:4060590144 DEBUG: CPlayerSelectionRule::GetPlayers: considering rule: nsv
2024-06-06 15:01:29.039 T:4060590144 DEBUG: CPlayerSelectionRule::GetPlayers: considering rule: radio
2024-06-06 15:01:29.039 T:4060590144 DEBUG: CPlayerCoreFactory::GetPlayers: matched 0 rules with players
2024-06-06 15:01:29.039 T:4060590144 DEBUG: CPlayerCoreFactory::GetPlayers: adding videodefaultplayer (VideoPlayer)
2024-06-06 15:01:29.039 T:4060590144 DEBUG: CPlayerCoreFactory::GetPlayers: for video=1, audio=0
2024-06-06 15:01:29.039 T:4060590144 DEBUG: CPlayerCoreFactory::GetPlayers: for video=1, audio=1
2024-06-06 15:01:29.039 T:4060590144 DEBUG: CPlayerCoreFactory::GetPlayers: added 1 players
2024-06-06 15:01:29.040 T:4060590144 DEBUG: Radio UECP (RDS) Processor - new CDVDRadioRDSData
2024-06-06 15:01:29.040 T:4060590144 NOTICE: VideoPlayer::OpenFile: /var/media/android1/Kodi/CoreElec/3D/3D-full-MVC.mkv
2024-06-06 15:01:29.041 T:4060590144 DEBUG: OnPlayBackStarted: CApplication::OnPlayBackStarted
2024-06-06 15:01:29.041 T:3568010112 DEBUG: Thread BackgroundLoader start, auto delete: false
2024-06-06 15:01:29.046 T:4060590144 DEBUG: CVideoGUIInfo::InitCurrentItem(/var/media/android1/Kodi/CoreElec/3D/3D-full-MVC.mkv)
2024-06-06 15:01:29.046 T:4060590144 DEBUG: CPlayerGUIInfo::InitCurrentItem(/var/media/android1/Kodi/CoreElec/3D/3D-full-MVC.mkv)
2024-06-06 15:01:29.047 T:3559617408 DEBUG: Thread VideoPlayer start, auto delete: false
2024-06-06 15:01:29.047 T:3559617408 NOTICE: Creating InputStream
2024-06-06 15:01:29.054 T:3559617408 DEBUG: CreateInputStream: All else failed, creating CDVDInputStreamFile
2024-06-06 15:01:29.055 T:3559617408 DEBUG: ScanForExternalSubtitles: Searching for subtitles...
2024-06-06 15:01:29.057 T:3559617408 DEBUG: ScanForExternalSubtitles: END (total time: 3 ms)
2024-06-06 15:01:29.057 T:3559617408 NOTICE: Creating Demuxer
2024-06-06 15:01:29.057 T:3559617408 DEBUG: DVDFactoryDemuxer: Create CDVDDemuxFFmpeg.
2024-06-06 15:01:29.058 T:3461571456 DEBUG: Loading settings for /var/media/android1/Kodi/CoreElec/3D/3D-full-MVC.mkv
2024-06-06 15:01:29.059 T:3559617408 DEBUG: Open - probing detected format [matroska,webm]
2024-06-06 15:01:29.077 T:3775697792 DEBUG: PushCecKeypress - received key b duration 70
2024-06-06 15:01:29.085 T:3559617408 DEBUG: Open - avformat_find_stream_info starting
2024-06-06 15:01:29.146 T:4060590144 DEBUG: ------ Window Init (DialogBusy.xml) ------
2024-06-06 15:01:29.157 T:3559617408 ERROR: ffmpeg[D42B7380]: [h264] sps_id 1 out of range
2024-06-06 15:01:29.161 T:3559617408 DEBUG: Open - av_find_stream_info finished
2024-06-06 15:01:29.161 T:3559617408 INFO: ffmpeg[D42B7380]: Input #0, matroska,webm, from '/var/media/android1/Kodi/CoreElec/3D/3D-full-MVC.mkv':
2024-06-06 15:01:29.161 T:3559617408 INFO: ffmpeg[D42B7380]: Metadata:
2024-06-06 15:01:29.161 T:3559617408 INFO: ffmpeg[D42B7380]: encoder : libebml v1.3.3 + libmatroska v1.4.4
2024-06-06 15:01:29.161 T:3559617408 INFO: ffmpeg[D42B7380]: creation_time :
2015-12-21T22:24:11.000000Z
2024-06-06 15:01:29.161 T:3559617408 INFO: ffmpeg[D42B7380]: Duration: 00:01:00.08, start: 0.042000, bitrate: 34054 kb/s
2024-06-06 15:01:29.161 T:3559617408 INFO: ffmpeg[D42B7380]: Stream #0:0(eng): Video: h264 (High), yuv420p(progressive), 1920x1080 [SAR 1:1 DAR 16:9], 23.98 fps, 23.98 tbr, 1k tbn, 47.95 tbc
2024-06-06 15:01:29.161 T:3559617408 INFO: ffmpeg[D42B7380]: Metadata:
2024-06-06 15:01:29.161 T:3559617408 INFO: ffmpeg[D42B7380]: BPS : 33612171
2024-06-06 15:01:29.161 T:3559617408 INFO: ffmpeg[D42B7380]: BPS-eng : 33612171
2024-06-06 15:01:29.161 T:3559617408 INFO: ffmpeg[D42B7380]: DURATION : 00:01:00.060000000
2024-06-06 15:01:29.161 T:3559617408 INFO: ffmpeg[D42B7380]: DURATION-eng : 00:01:00.060000000
2024-06-06 15:01:29.161 T:3559617408 INFO: ffmpeg[D42B7380]: NUMBER_OF_FRAMES: 1440
2024-06-06 15:01:29.161 T:3559617408 INFO: ffmpeg[D42B7380]: NUMBER_OF_FRAMES-eng: 1440
2024-06-06 15:01:29.161 T:3559617408 INFO: ffmpeg[D42B7380]: NUMBER_OF_BYTES : 252343376
2024-06-06 15:01:29.161 T:3559617408 INFO: ffmpeg[D42B7380]: NUMBER_OF_BYTES-eng: 252343376
2024-06-06 15:01:29.161 T:3559617408 INFO: ffmpeg[D42B7380]: _STATISTICS_WRITING_APP: mkvmerge v8.6.1 ('Flying') 64bit
2024-06-06 15:01:29.161 T:3559617408 INFO: ffmpeg[D42B7380]: _STATISTICS_WRITING_APP-eng: mkvmerge v8.6.1 ('Flying') 64bit
2024-06-06 15:01:29.161 T:3559617408 INFO: ffmpeg[D42B7380]: _STATISTICS_WRITING_DATE_UTC:
2015-12-21 22:24:11
2024-06-06 15:01:29.161 T:3559617408 INFO: ffmpeg[D42B7380]: _STATISTICS_WRITING_DATE_UTC-eng:
2015-12-21 22:24:11
2024-06-06 15:01:29.161 T:3559617408 INFO: ffmpeg[D42B7380]: _STATISTICS_TAGS: BPS DURATION NUMBER_OF_FRAMES NUMBER_OF_BYTES
2024-06-06 15:01:29.161 T:3559617408 INFO: ffmpeg[D42B7380]: _STATISTICS_TAGS-eng: BPS DURATION NUMBER_OF_FRAMES NUMBER_OF_BYTES
2024-06-06 15:01:29.162 T:3559617408 INFO: ffmpeg[D42B7380]: Stream #0:1(eng): Audio: ac3, 48000 Hz, 5.1(side), fltp, 448 kb/s (default)
2024-06-06 15:01:29.162 T:3559617408 INFO: ffmpeg[D42B7380]: Metadata:
2024-06-06 15:01:29.162 T:3559617408 INFO: ffmpeg[D42B7380]: title : Surround 5.1
2024-06-06 15:01:29.162 T:3559617408 INFO: ffmpeg[D42B7380]: BPS : 448000
2024-06-06 15:01:29.162 T:3559617408 INFO: ffmpeg[D42B7380]: BPS-eng : 448000
2024-06-06 15:01:29.162 T:3559617408 INFO: ffmpeg[D42B7380]: DURATION : 00:01:00.032000000
2024-06-06 15:01:29.162 T:3559617408 INFO: ffmpeg[D42B7380]: DURATION-eng : 00:01:00.032000000
2024-06-06 15:01:29.162 T:3559617408 INFO: ffmpeg[D42B7380]: NUMBER_OF_FRAMES: 1876
2024-06-06 15:01:29.162 T:3559617408 INFO: ffmpeg[D42B7380]: NUMBER_OF_FRAMES-eng: 1876
2024-06-06 15:01:29.162 T:3559617408 INFO: ffmpeg[D42B7380]: NUMBER_OF_BYTES : 3361792
2024-06-06 15:01:29.162 T:3559617408 INFO: ffmpeg[D42B7380]: NUMBER_OF_BYTES-eng: 3361792
2024-06-06 15:01:29.162 T:3559617408 INFO: ffmpeg[D42B7380]: _STATISTICS_WRITING_APP: mkvmerge v8.6.1 ('Flying') 64bit
2024-06-06 15:01:29.162 T:3559617408 INFO: ffmpeg[D42B7380]: _STATISTICS_WRITING_APP-eng: mkvmerge v8.6.1 ('Flying') 64bit
2024-06-06 15:01:29.162 T:3559617408 INFO: ffmpeg[D42B7380]: _STATISTICS_WRITING_DATE_UTC:
2015-12-21 22:24:11
2024-06-06 15:01:29.162 T:3559617408 INFO: ffmpeg[D42B7380]: _STATISTICS_WRITING_DATE_UTC-eng:
2015-12-21 22:24:11
2024-06-06 15:01:29.162 T:3559617408 INFO: ffmpeg[D42B7380]: _STATISTICS_TAGS: BPS DURATION NUMBER_OF_FRAMES NUMBER_OF_BYTES
2024-06-06 15:01:29.162 T:3559617408 INFO: ffmpeg[D42B7380]: _STATISTICS_TAGS-eng: BPS DURATION NUMBER_OF_FRAMES NUMBER_OF_BYTES
2024-06-06 15:01:29.162 T:3559617408 DEBUG: DVDDemuxFFmpeg::AddStream - fps:24000/1001 tbr:24000/1001 tbn:48000/1001
2024-06-06 15:01:29.162 T:3559617408 DEBUG: DVDDemuxFFmpeg::AddStream - fps:24000/1001p
2024-06-06 15:01:29.162 T:3559617408 DEBUG: CDVDDemuxFFmpeg::AddStream ID: 0
2024-06-06 15:01:29.162 T:3559617408 DEBUG: CDVDDemuxFFmpeg::AddStream ID: 1
2024-06-06 15:01:29.162 T:3559617408 NOTICE: Opening stream: 0 source: 256
2024-06-06 15:01:29.162 T:3559617408 NOTICE: CVideoPlayerVideo::OpenStream - Creating codec: 27
2024-06-06 15:01:29.162 T:3559617408 DEBUG: DVDVideoCodecAmlogic::Open - codec 27 profile:100 extra_size:624 fps:24000/1001
2024-06-06 15:01:29.162 T:3559617408 INFO: CBitstreamConverter::Open bitstream to annexb init
2024-06-06 15:01:29.162 T:3559617408 INFO: DVDVideoCodecAmlogic: Opened Amlogic Codec
2024-06-06 15:01:29.162 T:3559617408 DEBUG: CVideoPlayerVideo::OpenStream - open stream with codec id: 27 fps:24000/1001 options:02
2024-06-06 15:01:29.162 T:3559617408 NOTICE: Creating video thread
2024-06-06 15:01:29.162 T:3559617408 DEBUG: ReadEditDecisionLists - Checking for edit decision lists (EDL) on local drive or remote share for: /var/media/android1/Kodi/CoreElec/3D/3D-full-MVC.mkv
2024-06-06 15:01:29.162 T:3576402816 DEBUG: Thread VideoPlayerVideo start, auto delete: false
2024-06-06 15:01:29.162 T:3576402816 NOTICE: running thread: video_thread
2024-06-06 15:01:29.162 T:3576402816 DEBUG: CVideoPlayerVideo - CDVDMsg::GENERAL_PAUSE: 0
2024-06-06 15:01:29.162 T:3559617408 NOTICE: Opening stream: 1 source: 256
2024-06-06 15:01:29.162 T:3559617408 NOTICE: Finding audio codec for: 86019
2024-06-06 15:01:29.163 T:3559617408 NOTICE: CDVDAudioCodecFFmpeg::Open() Successful opened audio decoder ac3
2024-06-06 15:01:29.163 T:3559617408 NOTICE: Creating audio thread
2024-06-06 15:01:29.163 T:3914302336 DEBUG: Thread VideoPlayerAudio start, auto delete: false
2024-06-06 15:01:29.163 T:3559617408 DEBUG: CDVDClock::SetSpeedAdjust - adjusted:0.000000
2024-06-06 15:01:29.163 T:3576402816 DEBUG: CAMLCodec::SetSpeed, speed(0)
2024-06-06 15:01:29.163 T:3914302336 NOTICE: running thread: CVideoPlayerAudio::Process()
2024-06-06 15:01:29.163 T:3576402816 DEBUG: CAMLCodec::SetSpeed, speed(1000)
2024-06-06 15:01:29.163 T:3559617408 DEBUG: CVideoPlayer::HandleMessages - player 2 reported state: 0
2024-06-06 15:01:29.163 T:3914302336 DEBUG: CVideoPlayerAudio - CDVDMsg::GENERAL_PAUSE: 0
2024-06-06 15:01:29.163 T:3461571456 DEBUG: OnAVChange: CApplication::OnAVChange
2024-06-06 15:01:29.163 T:3914302336 DEBUG: CDVDAudio::Pause - pausing audio stream
2024-06-06 15:01:29.164 T:3559617408 DEBUG: CVideoPlayer::ProcessVideoData size:389194 dts:18442240474082.180 pts:0.000 dur:41.000ms, clock:-0.500 level:0
2024-06-06 15:01:29.164 T:3559617408 DEBUG: CVideoPlayer::HandleMessages - player 1 reported state: 0
2024-06-06 15:01:29.164 T:3576402816 INFO: CVideoPlayerVideo - Stillframe left, switching to normal playback
2024-06-06 15:01:29.164 T:3559617408 DEBUG: CDVDClock::SetSpeedAdjust - adjusted:0.000000
2024-06-06 15:01:29.164 T:3559617408 DEBUG: CVideoPlayer::ProcessVideoData size:80621 dts:0.000 pts:0.000 dur:41.000ms, clock:-0.500 level:0
2024-06-06 15:01:29.166 T:3576402816 INFO: DVDVideoCodecAmlogic::AddData Open decoder: fps:24000/1001
2024-06-06 15:01:29.167 T:3559617408 DEBUG: CVideoPlayer::ProcessVideoData size:184785 dts:0.000 pts:0.083 dur:41.000ms, clock:-0.500 level:0
2024-06-06 15:01:29.167 T:3576402816 DEBUG: codecid_to_vformat, id(27) -> vformat(2)
2024-06-06 15:01:29.167 T:3576402816 DEBUG: codec_tag_to_vdec_type, codec_tag(826496589) -> vdec_type(4)
2024-06-06 15:01:29.167 T:3576402816 DEBUG: CAMLCodec::OpenDecoder hints.width(1920), hints.height(1080), hints.codec(27), hints.codec_tag(826496589)
2024-06-06 15:01:29.167 T:3576402816 DEBUG: CAMLCodec::OpenDecoder hints.fpsrate(24000), hints.fpsscale(1001), video_rate(4004)
2024-06-06 15:01:29.167 T:3576402816 DEBUG: CAMLCodec::OpenDecoder hints.aspect(1.777778), video_ratio.num(1), video_ratio.den(1)
2024-06-06 15:01:29.167 T:3576402816 DEBUG: CAMLCodec::OpenDecoder hints.orientation(0), hints.forced_aspect(1), hints.extrasize(610)
2024-06-06 15:01:29.167 T:3559617408 DEBUG: CVideoPlayer::ProcessVideoData size:80824 dts:0.042 pts:0.042 dur:41.000ms, clock:-0.500 level:0
2024-06-06 15:01:29.169 T:3559617408 DEBUG: CVideoPlayer::ProcessVideoData size:159273 dts:0.083 pts:0.167 dur:41.000ms, clock:-0.500 level:1
2024-06-06 15:01:29.170 T:3559617408 DEBUG: CVideoPlayer::ProcessVideoData size:85740 dts:0.125 pts:0.125 dur:41.000ms, clock:-0.500 level:2
2024-06-06 15:01:29.174 T:3914302336 DEBUG: CDVDAudio::Pause - pausing audio stream
2024-06-06 15:01:29.174 T:3914302336 NOTICE: Creating audio stream (codec id: 86019, channels: 6, sample rate: 48000, no pass-through)
2024-06-06 15:01:29.175 T:3559617408 DEBUG: CVideoPlayer::ProcessVideoData size:223097 dts:0.167 pts:0.250 dur:41.000ms, clock:-0.500 level:2
2024-06-06 15:01:29.175 T:3914302336 DEBUG: CVideoPlayerAudio:: synctype set to 0: clock feedback
2024-06-06 15:01:29.176 T:4028625792 INFO: CActiveAESink::OpenSink - initialize sink
2024-06-06 15:01:29.176 T:3559617408 DEBUG: CVideoPlayer::ProcessVideoData size:87675 dts:0.208 pts:0.208 dur:41.000ms, clock:-0.500 level:3
2024-06-06 15:01:29.176 T:4028625792 DEBUG: CActiveAESink::OpenSink - trying to open device ALSA:surround71:CARD=AMLAUGESOUND,DEV=0
2024-06-06 15:01:29.177 T:4028625792 INFO: CAESinkALSA::Initialize - Attempting to open device "surround71:CARD=AMLAUGESOUND,DEV=0"
2024-06-06 15:01:29.178 T:3559617408 DEBUG: CVideoPlayer::ProcessVideoData size:195671 dts:0.250 pts:0.334 dur:41.000ms, clock:-0.500 level:3
2024-06-06 15:01:29.182 T:3576402816 DEBUG: CAMLCodec::SetSpeed, speed(0)
2024-06-06 15:01:29.183 T:4028625792 INFO: CAESinkALSA::Initialize - Opened device "surround71:CARD=AMLAUGESOUND,DEV=0"
2024-06-06 15:01:29.188 T:3559617408 DEBUG: CVideoPlayer::ProcessVideoData size:90596 dts:0.292 pts:0.292 dur:41.000ms, clock:-0.500 level:3
2024-06-06 15:01:29.188 T:4028625792 INFO: CAESinkALSA::InitializeHW - Your hardware does not support AE_FMT_FLOAT, trying other formats
2024-06-06 15:01:29.189 T:4028625792 INFO: CAESinkALSA::InitializeHW - Using data format AE_FMT_S24NE4
2024-06-06 15:01:29.189 T:4028625792 DEBUG: CAESinkALSA::InitializeHW - Request: periodSize 2400, bufferSize 9600
2024-06-06 15:01:29.196 T:3559617408 DEBUG: CVideoPlayer::ProcessVideoData size:234799 dts:0.334 pts:0.417 dur:41.000ms, clock:-0.500 level:3
2024-06-06 15:01:29.197 T:3559617408 DEBUG: CVideoPlayer::ProcessVideoData size:102764 dts:0.375 pts:0.375 dur:41.000ms, clock:-0.500 level:3
2024-06-06 15:01:29.197 T:3559617408 DEBUG: CVideoPlayer::ProcessVideoData size:177189 dts:0.417 pts:0.500 dur:41.000ms, clock:-0.500 level:3
2024-06-06 15:01:29.202 T:3559617408 DEBUG: CVideoPlayer::ProcessVideoData size:96695 dts:0.459 pts:0.459 dur:41.000ms, clock:-0.500 level:4
2024-06-06 15:01:29.205 T:3559617408 DEBUG: CVideoPlayer::ProcessVideoData size:205708 dts:0.500 pts:0.584 dur:41.000ms, clock:-0.500 level:4
2024-06-06 15:01:29.207 T:3559617408 DEBUG: CVideoPlayer::ProcessVideoData size:91257 dts:0.542 pts:0.542 dur:41.000ms, clock:-0.500 level:4
2024-06-06 15:01:29.209 T:3559617408 DEBUG: CVideoPlayer::ProcessVideoData size:174560 dts:0.584 pts:0.667 dur:41.000ms, clock:-0.500 level:5
2024-06-06 15:01:29.209 T:3559617408 DEBUG: CVideoPlayer::ProcessVideoData size:84689 dts:0.625 pts:0.625 dur:41.000ms, clock:-0.500 level:5
2024-06-06 15:01:29.210 T:3559617408 DEBUG: CVideoPlayer::ProcessVideoData size:178544 dts:0.667 pts:0.751 dur:41.000ms, clock:-0.500 level:6
2024-06-06 15:01:29.211 T:3559617408 DEBUG: CVideoPlayer::ProcessVideoData size:81090 dts:0.709 pts:0.709 dur:41.000ms, clock:-0.500 level:6
2024-06-06 15:01:29.213 T:3559617408 DEBUG: CVideoPlayer::ProcessVideoData size:418710 dts:0.751 pts:0.834 dur:41.000ms, clock:-0.500 level:7
2024-06-06 15:01:29.214 T:3559617408 DEBUG: CVideoPlayer::ProcessVideoData size:81184 dts:0.792 pts:0.792 dur:41.000ms, clock:-0.500 level:7
2024-06-06 15:01:29.215 T:3559617408 DEBUG: CVideoPlayer::ProcessVideoData size:148042 dts:0.834 pts:0.917 dur:41.000ms, clock:-0.500 level:7
2024-06-06 15:01:29.215 T:4028625792 DEBUG: CAESinkALSA::InitializeHW - Got: periodSize 2400, bufferSize 9600
2024-06-06 15:01:29.215 T:4028625792 DEBUG: CAESinkALSA::InitializeHW - Setting timeout to 200 ms
2024-06-06 15:01:29.215 T:3559617408 DEBUG: CVideoPlayer::ProcessVideoData size:70198 dts:0.876 pts:0.876 dur:41.000ms, clock:-0.500 level:8
2024-06-06 15:01:29.215 T:4028625792 DEBUG: CAESinkALSA::GetChannelLayout - Input Channel Count: 2 Output Channel Count: 2
2024-06-06 15:01:29.215 T:4028625792 DEBUG: CAESinkALSA::GetChannelLayout - Requested Layout: FL, FR
2024-06-06 15:01:29.215 T:4028625792 DEBUG: CAESinkALSA::GetChannelLayout - Got Layout: FL, FR (ALSA: FL FR)
2024-06-06 15:01:29.215 T:4028625792 DEBUG: CActiveAESink::OpenSink - ALSA Initialized:
2024-06-06 15:01:29.215 T:4028625792 DEBUG: Output Device : AML-AUGESOUND
2024-06-06 15:01:29.215 T:4028625792 DEBUG: Sample Rate : 48000
2024-06-06 15:01:29.215 T:4028625792 DEBUG: Sample Format : AE_FMT_S24NE4
2024-06-06 15:01:29.215 T:4028625792 DEBUG: Channel Count : 2
2024-06-06 15:01:29.215 T:4028625792 DEBUG: Channel Layout: FL, FR
2024-06-06 15:01:29.215 T:4028625792 DEBUG: Frames : 2400
2024-06-06 15:01:29.215 T:4028625792 DEBUG: Frame Size : 8
2024-06-06 15:01:29.216 T:3559617408 DEBUG: CVideoPlayer::ProcessVideoData size:219881 dts:0.917 pts:1.001 dur:41.000ms, clock:-0.500 level:8
2024-06-06 15:01:29.217 T:3559617408 DEBUG: CVideoPlayer::ProcessVideoData size:84814 dts:0.959 pts:0.959 dur:41.000ms, clock:-0.500 level:9
2024-06-06 15:01:29.219 T:3559617408 DEBUG: CVideoPlayer::ProcessVideoData size:208859 dts:1.001 pts:1.084 dur:41.000ms, clock:-0.500 level:9
2024-06-06 15:01:29.221 T:4038480768 DEBUG: CActiveAE::ClearDiscardedBuffers - buffer pool deleted
2024-06-06 15:01:29.226 T:3559617408 DEBUG: CVideoPlayer::ProcessVideoData size:92292 dts:1.043 pts:1.043 dur:41.000ms, clock:-0.500 level:9
2024-06-06 15:01:29.227 T:4038480768 DEBUG: CActiveAE::ClearDiscardedBuffers - buffer pool deleted
2024-06-06 15:01:29.227 T:3559617408 DEBUG: CVideoPlayer::ProcessVideoData size:203457 dts:1.084 pts:1.168 dur:41.000ms, clock:-0.500 level:10
2024-06-06 15:01:29.228 T:3559617408 DEBUG: CVideoPlayer::ProcessVideoData size:89087 dts:1.126 pts:1.126 dur:41.000ms, clock:-0.500 level:10
2024-06-06 15:01:29.230 T:3559617408 DEBUG: CVideoPlayer::ProcessVideoData size:191567 dts:1.168 pts:1.251 dur:41.000ms, clock:-0.500 level:11
2024-06-06 15:01:29.230 T:3559617408 DEBUG: CVideoPlayer::ProcessVideoData size:93516 dts:1.209 pts:1.209 dur:41.000ms, clock:-0.500 level:11
2024-06-06 15:01:29.232 T:3559617408 DEBUG: CVideoPlayer::ProcessVideoData size:242951 dts:1.251 pts:1.335 dur:41.000ms, clock:-0.500 level:12
2024-06-06 15:01:29.233 T:3559617408 DEBUG: CVideoPlayer::ProcessVideoData size:103605 dts:1.293 pts:1.293 dur:41.000ms, clock:-0.500 level:12
2024-06-06 15:01:29.234 T:3559617408 DEBUG: CVideoPlayer::ProcessVideoData size:200048 dts:1.335 pts:1.418 dur:41.000ms, clock:-0.500 level:13
2024-06-06 15:01:29.235 T:3559617408 DEBUG: CVideoPlayer::ProcessVideoData size:105393 dts:1.376 pts:1.376 dur:41.000ms, clock:-0.500 level:14
2024-06-06 15:01:29.236 T:3559617408 DEBUG: CVideoPlayer::HandleMessages - player started 1
2024-06-06 15:01:29.236 T:3461571456 DEBUG: OnAVChange: CApplication::OnAVChange
2024-06-06 15:01:29.240 T:3559617408 DEBUG: CVideoPlayer::ProcessVideoData size:250216 dts:1.418 pts:1.501 dur:41.000ms, clock:-0.500 level:14
2024-06-06 15:01:29.241 T:3559617408 DEBUG: CVideoPlayer::ProcessVideoData size:106964 dts:1.460 pts:1.460 dur:41.000ms, clock:-0.500 level:14
2024-06-06 15:01:29.244 T:3559617408 DEBUG: CVideoPlayer::ProcessVideoData size:180186 dts:1.501 pts:1.585 dur:41.000ms, clock:-0.500 level:15
2024-06-06 15:01:29.244 T:3559617408 DEBUG: CVideoPlayer::ProcessVideoData size:92506 dts:1.543 pts:1.543 dur:41.000ms, clock:-0.500 level:15
2024-06-06 15:01:29.247 T:3559617408 DEBUG: CVideoPlayer::ProcessVideoData size:377277 dts:1.585 pts:1.668 dur:41.000ms, clock:-0.500 level:16
2024-06-06 15:01:29.247 T:3559617408 DEBUG: CVideoPlayer::ProcessVideoData size:83223 dts:1.626 pts:1.626 dur:41.000ms, clock:-0.500 level:16
2024-06-06 15:01:29.249 T:3559617408 DEBUG: CVideoPlayer::ProcessVideoData size:177800 dts:1.668 pts:1.752 dur:41.000ms, clock:-0.500 level:17
2024-06-06 15:01:29.249 T:3559617408 DEBUG: CVideoPlayer::ProcessVideoData size:80516 dts:1.710 pts:1.710 dur:41.000ms, clock:-0.500 level:17
2024-06-06 15:01:29.250 T:3559617408 DEBUG: CVideoPlayer::ProcessVideoData size:191133 dts:1.752 pts:1.835 dur:41.000ms, clock:-0.500 level:18
2024-06-06 15:01:29.251 T:3559617408 DEBUG: CVideoPlayer::ProcessVideoData size:101161 dts:1.793 pts:1.793 dur:41.000ms, clock:-0.500 level:18
2024-06-06 15:01:29.255 T:3559617408 DEBUG: CVideoPlayer::ProcessVideoData size:218667 dts:1.835 pts:1.918 dur:41.000ms, clock:-0.500 level:18
2024-06-06 15:01:29.257 T:3559617408 DEBUG: CVideoPlayer::ProcessVideoData size:96033 dts:1.877 pts:1.877 dur:41.000ms, clock:-0.500 level:19
2024-06-06 15:01:29.260 T:3559617408 DEBUG: CVideoPlayer::ProcessVideoData size:184754 dts:1.918 pts:2.002 dur:41.000ms, clock:-0.500 level:19
2024-06-06 15:01:29.260 T:3559617408 DEBUG: CVideoPlayer::ProcessVideoData size:96105 dts:1.960 pts:1.960 dur:41.000ms, clock:-0.500 level:20
2024-06-06 15:01:29.262 T:3559617408 DEBUG: CVideoPlayer::ProcessVideoData size:211671 dts:2.002 pts:2.085 dur:41.000ms, clock:-0.500 level:20
2024-06-06 15:01:29.262 T:3559617408 DEBUG: CVideoPlayer::ProcessVideoData size:93996 dts:2.044 pts:2.044 dur:41.000ms, clock:-0.500 level:21
2024-06-06 15:01:29.263 T:3559617408 DEBUG: CVideoPlayer::ProcessVideoData size:148446 dts:2.085 pts:2.169 dur:41.000ms, clock:-0.500 level:21
2024-06-06 15:01:29.264 T:3559617408 DEBUG: CVideoPlayer::ProcessVideoData size:80126 dts:2.127 pts:2.127 dur:41.000ms, clock:-0.500 level:22
2024-06-06 15:01:29.265 T:3559617408 DEBUG: CVideoPlayer::ProcessVideoData size:142083 dts:2.169 pts:2.252 dur:41.000ms, clock:-0.500 level:22
2024-06-06 15:01:29.265 T:3559617408 DEBUG: CVideoPlayer::ProcessVideoData size:70437 dts:2.210 pts:2.210 dur:41.000ms, clock:-0.500 level:23
2024-06-06 15:01:29.266 T:3559617408 DEBUG: CVideoPlayer::ProcessVideoData size:140517 dts:2.252 pts:2.336 dur:41.000ms, clock:-0.500 level:23
2024-06-06 15:01:29.267 T:3559617408 DEBUG: CVideoPlayer::ProcessVideoData size:67189 dts:2.294 pts:2.294 dur:41.000ms, clock:-0.500 level:23
2024-06-06 15:01:29.267 T:3559617408 DEBUG: CVideoPlayer::ProcessVideoData size:150501 dts:2.336 pts:2.419 dur:41.000ms, clock:-0.500 level:24
2024-06-06 15:01:29.268 T:3559617408 DEBUG: CVideoPlayer::ProcessVideoData size:65678 dts:2.377 pts:2.377 dur:41.000ms, clock:-0.500 level:24
2024-06-06 15:01:29.269 T:3559617408 DEBUG: CVideoPlayer::ProcessVideoData size:82382 dts:2.419 pts:2.461 dur:41.000ms, clock:-0.500 level:25
2024-06-06 15:01:29.275 T:3559617408 DEBUG: CVideoPlayer::ProcessVideoData size:242944 dts:2.461 pts:2.502 dur:41.000ms, clock:-0.500 level:25
2024-06-06 15:01:29.277 T:3559617408 DEBUG: CVideoPlayer::ProcessVideoData size:124269 dts:2.502 pts:2.586 dur:41.000ms, clock:-0.500 level:26
2024-06-06 15:01:29.277 T:3559617408 DEBUG: CVideoPlayer::ProcessVideoData size:47853 dts:2.544 pts:2.544 dur:41.000ms, clock:-0.500 level:26
2024-06-06 15:01:29.278 T:3559617408 DEBUG: CVideoPlayer::ProcessVideoData size:103702 dts:2.586 pts:2.669 dur:41.000ms, clock:-0.500 level:27
2024-06-06 15:01:29.278 T:3559617408 DEBUG: CVideoPlayer::ProcessVideoData size:49114 dts:2.627 pts:2.627 dur:41.000ms, clock:-0.500 level:27
2024-06-06 15:01:29.278 T:3559617408 DEBUG: CVideoPlayer::ProcessVideoData size:107199 dts:2.669 pts:2.753 dur:41.000ms, clock:-0.500 level:28
2024-06-06 15:01:29.279 T:3559617408 DEBUG: CVideoPlayer::ProcessVideoData size:48560 dts:2.711 pts:2.711 dur:41.000ms, clock:-0.500 level:28
2024-06-06 15:01:29.280 T:3559617408 DEBUG: CVideoPlayer::ProcessVideoData size:83899 dts:2.753 pts:2.836 dur:41.000ms, clock:-0.500 level:29
2024-06-06 15:01:29.280 T:3559617408 DEBUG: CVideoPlayer::ProcessVideoData size:47665 dts:2.794 pts:2.794 dur:41.000ms, clock:-0.500 level:29
2024-06-06 15:01:29.280 T:3559617408 DEBUG: CVideoPlayer::ProcessVideoData size:93315 dts:2.836 pts:2.919 dur:41.000ms, clock:-0.500 level:30
2024-06-06 15:01:29.280 T:3559617408 DEBUG: CVideoPlayer::ProcessVideoData size:46497 dts:2.878 pts:2.878 dur:41.000ms, clock:-0.500 level:30
2024-06-06 15:01:29.281 T:3559617408 DEBUG: CVideoPlayer::ProcessVideoData size:116681 dts:2.919 pts:3.003 dur:41.000ms, clock:-0.500 level:31
2024-06-06 15:01:29.281 T:3559617408 DEBUG: CVideoPlayer::ProcessVideoData size:46479 dts:2.961 pts:2.961 dur:41.000ms, clock:-0.500 level:31
2024-06-06 15:01:29.282 T:3559617408 DEBUG: CVideoPlayer::ProcessVideoData size:102310 dts:3.003 pts:3.045 dur:41.000ms, clock:-0.500 level:32
2024-06-06 15:01:29.283 T:3559617408 DEBUG: CVideoPlayer::ProcessVideoData size:58200 dts:3.045 pts:3.086 dur:41.000ms, clock:-0.500 level:32
2024-06-06 15:01:29.283 T:3559617408 DEBUG: CVideoPlayer::ProcessVideoData size:62259 dts:3.086 pts:3.128 dur:41.000ms, clock:-0.500 level:32
2024-06-06 15:01:29.283 T:3559617408 DEBUG: CVideoPlayer::ProcessVideoData size:68499 dts:3.128 pts:3.170 dur:41.000ms, clock:-0.500 level:33
2024-06-06 15:01:29.283 T:3559617408 DEBUG: CVideoPlayer::ProcessVideoData size:60808 dts:3.170 pts:3.211 dur:41.000ms, clock:-0.500 level:33
2024-06-06 15:01:29.284 T:3559617408 DEBUG: CVideoPlayer::ProcessVideoData size:63833 dts:3.211 pts:3.253 dur:41.000ms, clock:-0.500 level:34
2024-06-06 15:01:29.284 T:3559617408 DEBUG: CVideoPlayer::ProcessVideoData size:54288 dts:3.253 pts:3.295 dur:41.000ms, clock:-0.500 level:34
2024-06-06 15:01:29.285 T:3559617408 DEBUG: CVideoPlayer::ProcessVideoData size:60943 dts:3.295 pts:3.337 dur:41.000ms, clock:-0.500 level:35
2024-06-06 15:01:29.286 T:3559617408 DEBUG: CVideoPlayer::ProcessVideoData size:51064 dts:3.337 pts:3.378 dur:41.000ms, clock:-0.500 level:35
2024-06-06 15:01:29.287 T:3559617408 DEBUG: CVideoPlayer::ProcessVideoData size:58124 dts:3.378 pts:3.420 dur:41.000ms, clock:-0.500 level:36
2024-06-06 15:01:29.287 T:3559617408 DEBUG: CVideoPlayer::ProcessVideoData size:50122 dts:3.420 pts:3.462 dur:41.000ms, clock:-0.500 level:36
2024-06-06 15:01:29.288 T:3559617408 DEBUG: CVideoPlayer::ProcessVideoData size:56544 dts:3.462 pts:3.503 dur:41.000ms, clock:-0.500 level:37
2024-06-06 15:01:29.289 T:3559617408 DEBUG: CVideoPlayer::ProcessVideoData size:104878 dts:3.503 pts:3.545 dur:41.000ms, clock:-0.500 level:38
2024-06-06 15:01:29.293 T:3559617408 DEBUG: CVideoPlayer::ProcessVideoData size:185532 dts:3.545 pts:3.587 dur:41.000ms, clock:-0.500 level:38
2024-06-06 15:01:29.294 T:3559617408 DEBUG: CVideoPlayer::ProcessVideoData size:71840 dts:3.587 pts:3.670 dur:41.000ms, clock:-0.500 level:38
2024-06-06 15:01:29.294 T:3559617408 DEBUG: CVideoPlayer::ProcessVideoData size:34531 dts:3.628 pts:3.628 dur:41.000ms, clock:-0.500 level:39
2024-06-06 15:01:29.294 T:3559617408 DEBUG: CVideoPlayer::ProcessVideoData size:74509 dts:3.670 pts:3.754 dur:41.000ms, clock:-0.500 level:39
2024-06-06 15:01:29.295 T:3559617408 DEBUG: CVideoPlayer::ProcessVideoData size:39050 dts:3.712 pts:3.712 dur:41.000ms, clock:-0.500 level:40
2024-06-06 15:01:29.295 T:3559617408 DEBUG: CVideoPlayer::ProcessVideoData size:79171 dts:3.754 pts:3.837 dur:41.000ms, clock:-0.500 level:40
2024-06-06 15:01:29.295 T:3559617408 DEBUG: CVideoPlayer::ProcessVideoData size:39846 dts:3.795 pts:3.795 dur:41.000ms, clock:-0.500 level:41
2024-06-06 15:01:29.296 T:3559617408 DEBUG: CVideoPlayer::ProcessVideoData size:86702 dts:3.837 pts:3.920 dur:41.000ms, clock:-0.500 level:41
2024-06-06 15:01:29.296 T:3559617408 DEBUG: CVideoPlayer::ProcessVideoData size:46586 dts:3.879 pts:3.879 dur:41.000ms, clock:-0.500 level:42
2024-06-06 15:01:29.297 T:3559617408 DEBUG: CVideoPlayer::ProcessVideoData size:107181 dts:3.920 pts:4.004 dur:41.000ms, clock:-0.500 level:42
2024-06-06 15:01:29.297 T:3559617408 DEBUG: CVideoPlayer::ProcessVideoData size:48038 dts:3.962 pts:3.962 dur:41.000ms, clock:-0.500 level:43
2024-06-06 15:01:29.298 T:3559617408 DEBUG: CVideoPlayer::ProcessVideoData size:101791 dts:4.004 pts:4.087 dur:41.000ms, clock:-0.500 level:43
2024-06-06 15:01:29.298 T:3559617408 DEBUG: CVideoPlayer::ProcessVideoData size:49817 dts:4.046 pts:4.046 dur:41.000ms, clock:-0.500 level:44
2024-06-06 15:01:29.299 T:3559617408 DEBUG: CVideoPlayer::ProcessVideoData size:130776 dts:4.087 pts:4.171 dur:41.000ms, clock:-0.500 level:44
2024-06-06 15:01:29.299 T:3559617408 DEBUG: CVideoPlayer::ProcessVideoData size:56249 dts:4.129 pts:4.129 dur:41.000ms, clock:-0.500 level:45
2024-06-06 15:01:29.300 T:3559617408 DEBUG: CVideoPlayer::ProcessVideoData size:116401 dts:4.171 pts:4.254 dur:41.000ms, clock:-0.500 level:45
2024-06-06 15:01:29.300 T:3559617408 DEBUG: CVideoPlayer::ProcessVideoData size:59300 dts:4.212 pts:4.212 dur:41.000ms, clock:-0.500 level:46
2024-06-06 15:01:29.300 T:3559617408 DEBUG: CVideoPlayer::ProcessVideoData size:130900 dts:4.254 pts:4.338 dur:41.000ms, clock:-0.500 level:46
2024-06-06 15:01:29.301 T:3559617408 DEBUG: CVideoPlayer::ProcessVideoData size:61227 dts:4.296 pts:4.296 dur:41.000ms, clock:-0.500 level:47
2024-06-06 15:01:29.305 T:3559617408 DEBUG: CVideoPlayer::ProcessVideoData size:259151 dts:4.338 pts:4.421 dur:41.000ms, clock:-0.500 level:47
2024-06-06 15:01:29.307 T:3559617408 DEBUG: CVideoPlayer::ProcessVideoData size:54524 dts:4.379 pts:4.379 dur:41.000ms, clock:-0.500 level:47
2024-06-06 15:01:29.309 T:3559617408 DEBUG: CVideoPlayer::ProcessVideoData size:132775 dts:4.421 pts:4.504 dur:41.000ms, clock:-0.500 level:48
2024-06-06 15:01:29.310 T:3559617408 DEBUG: CVideoPlayer::ProcessVideoData size:60059 dts:4.463 pts:4.463 dur:41.000ms, clock:-0.500 level:48
