2024-06-06 15:01:34.532 T:3559617408 DEBUG: CVideoPlayer::ProcessVideoData size:85491 dts:13.388 pts:13.430 dur:41.000ms, clock:4.775 level:91
2024-06-06 15:01:34.534 T:3559617408 DEBUG: CVideoPlayer::ProcessVideoData size:86709 dts:13.430 pts:13.472 dur:41.000ms, clock:4.777 level:91
2024-06-06 15:01:34.576 T:3576402816 DEBUG: CVideoPlayerVideo::OutputPicture - ttd:101ms pts:4.921 Clock:4.820 Level:3
2024-06-06 15:01:34.617 T:3576402816 DEBUG: CVideoPlayerVideo::OutputPicture - ttd:102ms pts:4.963 Clock:4.860 Level:3
2024-06-06 15:01:34.658 T:3576402816 DEBUG: CVideoPlayerVideo::OutputPicture - ttd:104ms pts:5.005 Clock:4.901 Level:4
2024-06-06 15:01:34.699 T:3576402816 DEBUG: CPtsTracker: detected pattern of length 1: 41708.24, frameduration: 41708.333333
2024-06-06 15:01:34.699 T:3576402816 DEBUG: CVideoPlayerVideo::OutputPicture - ttd:104ms pts:5.047 Clock:4.942 Level:4
2024-06-06 15:01:34.741 T:3576402816 DEBUG: CVideoPlayerVideo::OutputPicture - ttd:103ms pts:5.088 Clock:4.984 Level:4
2024-06-06 15:01:34.771 T:3559617408 DEBUG: CVideoPlayer::ProcessVideoData size:91381 dts:13.472 pts:13.513 dur:41.000ms, clock:5.015 level:89
2024-06-06 15:01:34.772 T:3559617408 DEBUG: CVideoPlayer::ProcessVideoData size:94476 dts:13.513 pts:13.555 dur:41.000ms, clock:5.016 level:90
2024-06-06 15:01:34.774 T:3559617408 DEBUG: CVideoPlayer::ProcessVideoData size:93388 dts:13.555 pts:13.597 dur:41.000ms, clock:5.017 level:90
2024-06-06 15:01:34.777 T:3559617408 DEBUG: CVideoPlayer::ProcessVideoData size:99848 dts:13.597 pts:13.638 dur:41.000ms, clock:5.020 level:90
2024-06-06 15:01:34.778 T:3559617408 DEBUG: CVideoPlayer::ProcessVideoData size:92564 dts:13.638 pts:13.680 dur:41.000ms, clock:5.021 level:91
2024-06-06 15:01:34.781 T:3559617408 DEBUG: CVideoPlayer::ProcessVideoData size:88204 dts:13.680 pts:13.722 dur:41.000ms, clock:5.024 level:91
2024-06-06 15:01:34.784 T:3576402816 DEBUG: CVideoPlayerVideo::OutputPicture - ttd:102ms pts:5.130 Clock:5.027 Level:3
2024-06-06 15:01:34.825 T:3576402816 DEBUG: CVideoPlayerVideo::OutputPicture - ttd:103ms pts:5.172 Clock:5.068 Level:4
2024-06-06 15:01:34.825 T:3559617408 DEBUG: CVideoPlayer::ProcessVideoData size:77432 dts:13.722 pts:13.764 dur:41.000ms, clock:5.068 level:91
2024-06-06 15:01:34.827 T:3559617408 DEBUG: CVideoPlayer::ProcessVideoData size:89882 dts:13.764 pts:13.805 dur:41.000ms, clock:5.070 level:92
2024-06-06 15:01:34.866 T:3576402816 DEBUG: CVideoPlayerVideo::OutputPicture - ttd:104ms pts:5.213 Clock:5.109 Level:3
2024-06-06 15:01:34.906 T:3576402816 DEBUG: CVideoPlayerVideo::OutputPicture - ttd:105ms pts:5.255 Clock:5.149 Level:4
2024-06-06 15:01:34.947 T:3576402816 DEBUG: CVideoPlayerVideo::OutputPicture - ttd:106ms pts:5.297 Clock:5.190 Level:4
2024-06-06 15:01:34.972 T:3559617408 DEBUG: CVideoPlayer::ProcessVideoData size:95327 dts:13.805 pts:13.847 dur:41.000ms, clock:5.215 level:91
2024-06-06 15:01:34.973 T:3559617408 DEBUG: CVideoPlayer::ProcessVideoData size:111212 dts:13.847 pts:13.889 dur:41.000ms, clock:5.216 level:91
2024-06-06 15:01:34.975 T:3559617408 DEBUG: CVideoPlayer::ProcessVideoData size:136444 dts:13.889 pts:13.930 dur:41.000ms, clock:5.218 level:92
2024-06-06 15:01:34.978 T:3559617408 DEBUG: CVideoPlayer::ProcessVideoData size:215193 dts:13.930 pts:13.972 dur:41.000ms, clock:5.221 level:92
2024-06-06 15:01:34.991 T:3576402816 DEBUG: CVideoPlayerVideo::OutputPicture - ttd:104ms pts:5.339 Clock:5.234 Level:4
2024-06-06 15:01:35.032 T:3576402816 DEBUG: CVideoPlayerVideo::OutputPicture - ttd:105ms pts:5.380 Clock:5.275 Level:4
2024-06-06 15:01:35.072 T:3576402816 DEBUG: CVideoPlayerVideo::OutputPicture - ttd:106ms pts:5.422 Clock:5.315 Level:4
2024-06-06 15:01:35.119 T:3576402816 DEBUG: CVideoPlayerVideo::OutputPicture - ttd:102ms pts:5.464 Clock:5.362 Level:3
2024-06-06 15:01:35.159 T:3576402816 DEBUG: CVideoPlayerVideo::OutputPicture - ttd:102ms pts:5.505 Clock:5.402 Level:3
2024-06-06 15:01:35.200 T:3576402816 DEBUG: CVideoPlayerVideo::OutputPicture - ttd:103ms pts:5.547 Clock:5.443 Level:3
2024-06-06 15:01:35.224 T:3559617408 DEBUG: CVideoPlayer::ProcessVideoData size:205842 dts:13.972 pts:14.014 dur:41.000ms, clock:5.468 level:90
2024-06-06 15:01:35.228 T:3559617408 DEBUG: CVideoPlayer::ProcessVideoData size:184659 dts:14.014 pts:14.056 dur:41.000ms, clock:5.471 level:90
2024-06-06 15:01:35.230 T:3559617408 DEBUG: CVideoPlayer::ProcessVideoData size:163752 dts:14.056 pts:14.097 dur:41.000ms, clock:5.473 level:91
2024-06-06 15:01:35.232 T:3559617408 DEBUG: CVideoPlayer::ProcessVideoData size:188145 dts:14.097 pts:14.139 dur:41.000ms, clock:5.476 level:91
2024-06-06 15:01:35.234 T:3559617408 DEBUG: CVideoPlayer::ProcessVideoData size:139267 dts:14.139 pts:14.181 dur:41.000ms, clock:5.477 level:92
2024-06-06 15:01:35.238 T:3559617408 DEBUG: CVideoPlayer::ProcessVideoData size:210235 dts:14.181 pts:14.222 dur:41.000ms, clock:5.481 level:92
2024-06-06 15:01:35.244 T:3576402816 DEBUG: CVideoPlayerVideo::OutputPicture - ttd:102ms pts:5.589 Clock:5.487 Level:3
2024-06-06 15:01:35.272 T:3559617408 DEBUG: CVideoPlayer::ProcessVideoData size:208002 dts:14.222 pts:14.264 dur:41.000ms, clock:5.515 level:92
2024-06-06 15:01:35.284 T:3576402816 DEBUG: CVideoPlayerVideo::OutputPicture - ttd:102ms pts:5.630 Clock:5.527 Level:3
2024-06-06 15:01:35.324 T:3576402816 DEBUG: CVideoPlayerVideo::OutputPicture - ttd:104ms pts:5.672 Clock:5.568 Level:4
2024-06-06 15:01:35.366 T:3576402816 DEBUG: CVideoPlayerVideo::OutputPicture - ttd:104ms pts:5.714 Clock:5.609 Level:3
2024-06-06 15:01:35.408 T:3576402816 DEBUG: CVideoPlayerVideo::OutputPicture - ttd:104ms pts:5.756 Clock:5.651 Level:4
2024-06-06 15:01:35.449 T:3576402816 DEBUG: CVideoPlayerVideo::OutputPicture - ttd:104ms pts:5.797 Clock:5.693 Level:4
2024-06-06 15:01:35.491 T:3576402816 DEBUG: CVideoPlayerVideo::OutputPicture - ttd:105ms pts:5.839 Clock:5.734 Level:4
2024-06-06 15:01:35.521 T:3559617408 DEBUG: CVideoPlayer::ProcessVideoData size:265814 dts:14.264 pts:14.306 dur:41.000ms, clock:5.764 level:90
2024-06-06 15:01:35.525 T:3559617408 DEBUG: CVideoPlayer::ProcessVideoData size:228236 dts:14.306 pts:14.348 dur:41.000ms, clock:5.768 level:90
2024-06-06 15:01:35.528 T:3559617408 DEBUG: CVideoPlayer::ProcessVideoData size:253251 dts:14.348 pts:14.389 dur:41.000ms, clock:5.772 level:90
2024-06-06 15:01:35.532 T:3576402816 DEBUG: CVideoPlayerVideo::OutputPicture - ttd:106ms pts:5.881 Clock:5.775 Level:4
2024-06-06 15:01:35.532 T:3559617408 DEBUG: CVideoPlayer::ProcessVideoData size:270183 dts:14.389 pts:14.431 dur:41.000ms, clock:5.775 level:91
2024-06-06 15:01:35.538 T:3559617408 DEBUG: CVideoPlayer::ProcessVideoData size:266027 dts:14.431 pts:14.473 dur:41.000ms, clock:5.781 level:91
2024-06-06 15:01:35.541 T:3559617408 DEBUG: CVideoPlayer::ProcessVideoData size:305422 dts:14.473 pts:14.514 dur:41.000ms, clock:5.784 level:92
2024-06-06 15:01:35.573 T:3576402816 DEBUG: CVideoPlayerVideo::OutputPicture - ttd:105ms pts:5.922 Clock:5.816 Level:4
2024-06-06 15:01:35.614 T:3576402816 DEBUG: CVideoPlayerVideo::OutputPicture - ttd:107ms pts:5.964 Clock:5.857 Level:4
2024-06-06 15:01:35.661 T:3576402816 DEBUG: CVideoPlayerVideo::OutputPicture - ttd:102ms pts:6.006 Clock:5.904 Level:3
2024-06-06 15:01:35.702 T:3576402816 DEBUG: CVideoPlayerVideo::OutputPicture - ttd:103ms pts:6.048 Clock:5.945 Level:3
2024-06-06 15:01:35.742 T:3576402816 DEBUG: CVideoPlayerVideo::OutputPicture - ttd:103ms pts:6.089 Clock:5.985 Level:4
2024-06-06 15:01:35.780 T:3559617408 DEBUG: CVideoPlayer::ProcessVideoData size:315203 dts:14.514 pts:14.556 dur:41.000ms, clock:6.023 level:89
2024-06-06 15:01:35.785 T:3576402816 DEBUG: CVideoPlayerVideo::OutputPicture - ttd:104ms pts:6.131 Clock:6.027 Level:4
2024-06-06 15:01:35.786 T:3559617408 DEBUG: CVideoPlayer::ProcessVideoData size:310892 dts:14.556 pts:14.598 dur:41.000ms, clock:6.029 level:90
2024-06-06 15:01:35.789 T:3559617408 DEBUG: CVideoPlayer::ProcessVideoData size:330550 dts:14.598 pts:14.639 dur:41.000ms, clock:6.032 level:90
2024-06-06 15:01:35.792 T:3559617408 DEBUG: CVideoPlayer::ProcessVideoData size:302872 dts:14.639 pts:14.681 dur:41.000ms, clock:6.036 level:91
2024-06-06 15:01:35.796 T:3559617408 DEBUG: CVideoPlayer::ProcessVideoData size:310375 dts:14.681 pts:14.723 dur:41.000ms, clock:6.039 level:91
2024-06-06 15:01:35.827 T:3576402816 DEBUG: CVideoPlayerVideo::OutputPicture - ttd:102ms pts:6.173 Clock:6.071 Level:3
2024-06-06 15:01:35.830 T:3559617408 DEBUG: CVideoPlayer::ProcessVideoData size:300786 dts:14.723 pts:14.765 dur:41.000ms, clock:6.073 level:91
2024-06-06 15:01:35.836 T:3559617408 DEBUG: CVideoPlayer::ProcessVideoData size:503681 dts:14.765 pts:14.806 dur:41.000ms, clock:6.079 level:92
2024-06-06 15:01:35.868 T:3576402816 DEBUG: CVideoPlayerVideo::OutputPicture - ttd:102ms pts:6.214 Clock:6.112 Level:3
2024-06-06 15:01:35.909 T:3576402816 DEBUG: CVideoPlayerVideo::OutputPicture - ttd:103ms pts:6.256 Clock:6.152 Level:3
2024-06-06 15:01:35.950 T:3576402816 DEBUG: CVideoPlayerVideo::OutputPicture - ttd:104ms pts:6.298 Clock:6.193 Level:3
2024-06-06 15:01:35.972 T:3559617408 DEBUG: CVideoPlayer::ProcessVideoData size:308729 dts:14.806 pts:14.848 dur:41.000ms, clock:6.215 level:91
2024-06-06 15:01:35.974 T:3559617408 DEBUG: CVideoPlayer::ProcessVideoData size:281992 dts:14.848 pts:14.890 dur:41.000ms, clock:6.217 level:91
2024-06-06 15:01:35.977 T:3559617408 DEBUG: CVideoPlayer::ProcessVideoData size:313161 dts:14.890 pts:14.931 dur:41.000ms, clock:6.220 level:92
2024-06-06 15:01:35.980 T:3559617408 DEBUG: CVideoPlayer::ProcessVideoData size:308661 dts:14.931 pts:14.973 dur:41.000ms, clock:6.223 level:92
2024-06-06 15:01:35.993 T:3576402816 DEBUG: CVideoPlayerVideo::OutputPicture - ttd:103ms pts:6.340 Clock:6.236 Level:3
2024-06-06 15:01:36.035 T:3576402816 DEBUG: CVideoPlayerVideo::OutputPicture - ttd:103ms pts:6.381 Clock:6.278 Level:3
2024-06-06 15:01:36.076 T:3559617408 DEBUG: CVideoPlayer::ProcessVideoData size:384712 dts:14.973 pts:15.015 dur:41.000ms, clock:6.319 level:91
2024-06-06 15:01:36.078 T:3576402816 DEBUG: CVideoPlayerVideo::OutputPicture - ttd:102ms pts:6.423 Clock:6.321 Level:3
2024-06-06 15:01:36.080 T:3559617408 DEBUG: CVideoPlayer::ProcessVideoData size:290569 dts:15.015 pts:15.057 dur:41.000ms, clock:6.323 level:92
2024-06-06 15:01:36.120 T:3576402816 DEBUG: CVideoPlayerVideo::OutputPicture - ttd:102ms pts:6.465 Clock:6.363 Level:3
2024-06-06 15:01:36.160 T:3576402816 DEBUG: CVideoPlayerVideo::OutputPicture - ttd:102ms pts:6.506 Clock:6.404 Level:3
2024-06-06 15:01:36.199 T:3576402816 DEBUG: CVideoPlayerVideo::OutputPicture - ttd:106ms pts:6.548 Clock:6.442 Level:4
2024-06-06 15:01:36.240 T:3576402816 DEBUG: CVideoPlayerVideo::OutputPicture - ttd:107ms pts:6.590 Clock:6.483 Level:4
2024-06-06 15:01:36.285 T:3576402816 DEBUG: CVideoPlayerVideo::OutputPicture - ttd:102ms pts:6.631 Clock:6.528 Level:3
2024-06-06 15:01:36.326 T:3559617408 DEBUG: CVideoPlayer::ProcessVideoData size:162517 dts:15.057 pts:15.098 dur:41.000ms, clock:6.569 level:89
2024-06-06 15:01:36.327 T:3559617408 DEBUG: CVideoPlayer::ProcessVideoData size:145922 dts:15.098 pts:15.140 dur:41.000ms, clock:6.570 level:90
2024-06-06 15:01:36.329 T:3559617408 DEBUG: CVideoPlayer::ProcessVideoData size:132248 dts:15.140 pts:15.182 dur:41.000ms, clock:6.572 level:90
2024-06-06 15:01:36.331 T:3576402816 DEBUG: CVideoPlayerVideo::OutputPicture - ttd:99ms pts:6.673 Clock:6.574 Level:4
2024-06-06 15:01:36.332 T:3559617408 DEBUG: CVideoPlayer::ProcessVideoData size:142793 dts:15.182 pts:15.223 dur:41.000ms, clock:6.575 level:91
2024-06-06 15:01:36.335 T:3559617408 DEBUG: CVideoPlayer::ProcessVideoData size:134254 dts:15.223 pts:15.265 dur:41.000ms, clock:6.578 level:91
2024-06-06 15:01:36.337 T:3559617408 DEBUG: CVideoPlayer::ProcessVideoData size:172511 dts:15.265 pts:15.307 dur:41.000ms, clock:6.581 level:92
2024-06-06 15:01:36.368 T:3576402816 DEBUG: CVideoPlayerVideo::OutputPicture - ttd:104ms pts:6.715 Clock:6.611 Level:3
2024-06-06 15:01:36.372 T:3559617408 DEBUG: CVideoPlayer::ProcessVideoData size:154124 dts:15.307 pts:15.349 dur:41.000ms, clock:6.615 level:92
2024-06-06 15:01:36.373 T:3559617408 DEBUG: CVideoPlayer::ProcessVideoData size:169049 dts:15.349 pts:15.390 dur:41.000ms, clock:6.616 level:92
2024-06-06 15:01:36.409 T:3576402816 DEBUG: CVideoPlayerVideo::OutputPicture - ttd:104ms pts:6.757 Clock:6.652 Level:4
2024-06-06 15:01:36.450 T:3576402816 DEBUG: CVideoPlayerVideo::OutputPicture - ttd:105ms pts:6.798 Clock:6.693 Level:4
2024-06-06 15:01:36.491 T:3576402816 DEBUG: CVideoPlayerVideo::OutputPicture - ttd:105ms pts:6.840 Clock:6.734 Level:4
2024-06-06 15:01:36.532 T:3576402816 DEBUG: CVideoPlayerVideo::OutputPicture - ttd:106ms pts:6.882 Clock:6.775 Level:4
2024-06-06 15:01:36.573 T:3576402816 DEBUG: CVideoPlayerVideo::OutputPicture - ttd:107ms pts:6.923 Clock:6.816 Level:4
2024-06-06 15:01:36.620 T:3576402816 DEBUG: CVideoPlayerVideo::OutputPicture - ttd:101ms pts:6.965 Clock:6.863 Level:3
2024-06-06 15:01:36.622 T:3559617408 DEBUG: CVideoPlayer::ProcessVideoData size:128628 dts:15.390 pts:15.432 dur:41.000ms, clock:6.865 level:90
2024-06-06 15:01:36.623 T:3559617408 DEBUG: CVideoPlayer::ProcessVideoData size:125528 dts:15.432 pts:15.474 dur:41.000ms, clock:6.866 level:90
2024-06-06 15:01:36.625 T:3559617408 DEBUG: CVideoPlayer::ProcessVideoData size:98311 dts:15.474 pts:15.515 dur:41.000ms, clock:6.868 level:91
2024-06-06 15:01:36.628 T:3559617408 DEBUG: CVideoPlayer::ProcessVideoData size:141127 dts:15.515 pts:15.557 dur:41.000ms, clock:6.871 level:91
2024-06-06 15:01:36.629 T:3559617408 DEBUG: CVideoPlayer::ProcessVideoData size:113707 dts:15.557 pts:15.599 dur:41.000ms, clock:6.872 level:92
2024-06-06 15:01:36.632 T:3559617408 DEBUG: CVideoPlayer::ProcessVideoData size:120690 dts:15.599 pts:15.640 dur:41.000ms, clock:6.875 level:92
2024-06-06 15:01:36.659 T:3576402816 DEBUG: CVideoPlayerVideo::OutputPicture - ttd:105ms pts:7.007 Clock:6.902 Level:3
2024-06-06 15:01:36.701 T:3576402816 DEBUG: CVideoPlayerVideo::OutputPicture - ttd:105ms pts:7.049 Clock:6.944 Level:3
2024-06-06 15:01:36.743 T:3576402816 DEBUG: CVideoPlayerVideo::OutputPicture - ttd:104ms pts:7.090 Clock:6.986 Level:4
2024-06-06 15:01:36.784 T:3576402816 DEBUG: CVideoPlayerVideo::OutputPicture - ttd:104ms pts:7.132 Clock:7.027 Level:4
2024-06-06 15:01:36.821 T:3775697792 DEBUG: PushCecKeypress - received key b duration 0
2024-06-06 15:01:36.824 T:4060590144 DEBUG: HandleKey: 11 (0x0b, obc244) pressed, action is OSD
2024-06-06 15:01:36.825 T:4060590144 DEBUG: ------ Window Init (VideoOSD.xml) ------
2024-06-06 15:01:36.828 T:3576402816 DEBUG: CVideoPlayerVideo::OutputPicture - ttd:103ms pts:7.174 Clock:7.071 Level:4
2024-06-06 15:01:36.829 T:3559617408 DEBUG: CVideoPlayer::ProcessVideoData size:114770 dts:15.640 pts:15.682 dur:41.000ms, clock:7.072 level:90
2024-06-06 15:01:36.831 T:3559617408 DEBUG: CVideoPlayer::ProcessVideoData size:139039 dts:15.682 pts:15.724 dur:41.000ms, clock:7.074 level:91
2024-06-06 15:01:36.833 T:3559617408 DEBUG: CVideoPlayer::ProcessVideoData size:111043 dts:15.724 pts:15.766 dur:41.000ms, clock:7.076 level:91
2024-06-06 15:01:36.836 T:3559617408 DEBUG: CVideoPlayer::ProcessVideoData size:175709 dts:15.766 pts:15.807 dur:41.000ms, clock:7.079 level:92
2024-06-06 15:01:36.841 T:4060590144 DEBUG: ------ Window Init (DialogSeekBar.xml) ------
2024-06-06 15:01:36.866 T:4060590144 DEBUG: ------ Window Init (Custom_1109_TopBarOverlay.xml) ------
2024-06-06 15:01:36.868 T:3576402816 DEBUG: CVideoPlayerVideo::OutputPicture - ttd:104ms pts:7.215 Clock:7.111 Level:4
2024-06-06 15:01:36.888 T:3775697792 DEBUG: PushCecKeypress - received key b duration 68
2024-06-06 15:01:36.908 T:3576402816 DEBUG: CVideoPlayerVideo::OutputPicture - ttd:105ms pts:7.257 Clock:7.151 Level:4
2024-06-06 15:01:36.949 T:3576402816 DEBUG: CVideoPlayerVideo::OutputPicture - ttd:106ms pts:7.299 Clock:7.192 Level:4
2024-06-06 15:01:36.996 T:3576402816 DEBUG: CVideoPlayerVideo::OutputPicture - ttd:101ms pts:7.341 Clock:7.239 Level:3
2024-06-06 15:01:37.032 T:3576402816 DEBUG: CVideoPlayerVideo::OutputPicture - ttd:107ms pts:7.382 Clock:7.275 Level:4
2024-06-06 15:01:37.071 T:3559617408 DEBUG: CVideoPlayer::ProcessVideoData size:150030 dts:15.807 pts:15.849 dur:41.000ms, clock:7.314 level:89
2024-06-06 15:01:37.073 T:3559617408 DEBUG: CVideoPlayer::ProcessVideoData size:108176 dts:15.849 pts:15.891 dur:41.000ms, clock:7.316 level:90
2024-06-06 15:01:37.075 T:3559617408 DEBUG: CVideoPlayer::ProcessVideoData size:133344 dts:15.891 pts:15.932 dur:41.000ms, clock:7.318 level:90
2024-06-06 15:01:37.078 T:3559617408 DEBUG: CVideoPlayer::ProcessVideoData size:105332 dts:15.932 pts:15.974 dur:41.000ms, clock:7.321 level:91
2024-06-06 15:01:37.080 T:3559617408 DEBUG: CVideoPlayer::ProcessVideoData size:163709 dts:15.974 pts:16.016 dur:41.000ms, clock:7.323 level:91
2024-06-06 15:01:37.084 T:3559617408 DEBUG: CVideoPlayer::ProcessVideoData size:117438 dts:16.016 pts:16.058 dur:41.000ms, clock:7.327 level:92
2024-06-06 15:01:37.087 T:3576402816 DEBUG: CVideoPlayerVideo::OutputPicture - ttd:94ms pts:7.424 Clock:7.330 Level:3
2024-06-06 15:01:37.115 T:3576402816 DEBUG: CVideoPlayerVideo::OutputPicture - ttd:107ms pts:7.466 Clock:7.358 Level:4
2024-06-06 15:01:37.162 T:3576402816 DEBUG: CVideoPlayerVideo::OutputPicture - ttd:101ms pts:7.507 Clock:7.405 Level:3
2024-06-06 15:01:37.204 T:3576402816 DEBUG: CVideoPlayerVideo::OutputPicture - ttd:102ms pts:7.549 Clock:7.447 Level:3
2024-06-06 15:01:37.245 T:3576402816 DEBUG: CVideoPlayerVideo::OutputPicture - ttd:102ms pts:7.591 Clock:7.488 Level:3
2024-06-06 15:01:37.272 T:3559617408 DEBUG: CVideoPlayer::ProcessVideoData size:143077 dts:16.058 pts:16.099 dur:41.000ms, clock:7.515 level:90
2024-06-06 15:01:37.273 T:3559617408 DEBUG: CVideoPlayer::ProcessVideoData size:105058 dts:16.099 pts:16.141 dur:41.000ms, clock:7.516 level:90
2024-06-06 15:01:37.275 T:3559617408 DEBUG: CVideoPlayer::ProcessVideoData size:134405 dts:16.141 pts:16.183 dur:41.000ms, clock:7.518 level:91
2024-06-06 15:01:37.276 T:3559617408 DEBUG: CVideoPlayer::ProcessVideoData size:118993 dts:16.183 pts:16.224 dur:41.000ms, clock:7.519 level:91
2024-06-06 15:01:37.278 T:3559617408 DEBUG: CVideoPlayer::ProcessVideoData size:171166 dts:16.224 pts:16.266 dur:41.000ms, clock:7.521 level:92
2024-06-06 15:01:37.287 T:3576402816 DEBUG: CVideoPlayerVideo::OutputPicture - ttd:102ms pts:7.632 Clock:7.530 Level:4
2024-06-06 15:01:37.321 T:3559617408 DEBUG: CVideoPlayer::ProcessVideoData size:226225 dts:16.266 pts:16.308 dur:41.000ms, clock:7.565 level:92
2024-06-06 15:01:37.328 T:3576402816 DEBUG: CVideoPlayerVideo::OutputPicture - ttd:102ms pts:7.674 Clock:7.571 Level:3
2024-06-06 15:01:37.370 T:3576402816 DEBUG: CVideoPlayerVideo::OutputPicture - ttd:103ms pts:7.716 Clock:7.613 Level:4
2024-06-06 15:01:37.410 T:3576402816 DEBUG: CVideoPlayerVideo::OutputPicture - ttd:104ms pts:7.758 Clock:7.653 Level:4
2024-06-06 15:01:37.426 T:3559617408 DEBUG: CVideoPlayer::ProcessVideoData size:177762 dts:16.308 pts:16.350 dur:41.000ms, clock:7.669 level:91
2024-06-06 15:01:37.429 T:3559617408 DEBUG: CVideoPlayer::ProcessVideoData size:238529 dts:16.350 pts:16.391 dur:41.000ms, clock:7.672 level:92
2024-06-06 15:01:37.451 T:3576402816 DEBUG: CVideoPlayerVideo::OutputPicture - ttd:104ms pts:7.799 Clock:7.694 Level:4
2024-06-06 15:01:37.492 T:3576402816 DEBUG: CVideoPlayerVideo::OutputPicture - ttd:105ms pts:7.841 Clock:7.735 Level:4
2024-06-06 15:01:37.533 T:3576402816 DEBUG: CVideoPlayerVideo::OutputPicture - ttd:106ms pts:7.883 Clock:7.776 Level:4
2024-06-06 15:01:37.580 T:3576402816 DEBUG: CVideoPlayerVideo::OutputPicture - ttd:100ms pts:7.924 Clock:7.823 Level:3
2024-06-06 15:01:37.621 T:3576402816 DEBUG: CVideoPlayerVideo::OutputPicture - ttd:102ms pts:7.966 Clock:7.864 Level:3
2024-06-06 15:01:37.662 T:3576402816 DEBUG: CVideoPlayerVideo::OutputPicture - ttd:103ms pts:8.008 Clock:7.905 Level:4
2024-06-06 15:01:37.676 T:3559617408 DEBUG: CVideoPlayer::ProcessVideoData size:219641 dts:16.391 pts:16.433 dur:41.000ms, clock:7.919 level:89
2024-06-06 15:01:37.679 T:3559617408 DEBUG: CVideoPlayer::ProcessVideoData size:188111 dts:16.433 pts:16.475 dur:41.000ms, clock:7.922 level:90
2024-06-06 15:01:37.680 T:3775697792 DEBUG: PushCecKeypress - received key a8 duration 0
2024-06-06 15:01:37.682 T:3559617408 DEBUG: CVideoPlayer::ProcessVideoData size:205986 dts:16.475 pts:16.516 dur:41.000ms, clock:7.925 level:90
2024-06-06 15:01:37.685 T:3559617408 DEBUG: CVideoPlayer::ProcessVideoData size:170449 dts:16.516 pts:16.558 dur:41.000ms, clock:7.928 level:91
2024-06-06 15:01:37.687 T:3559617408 DEBUG: CVideoPlayer::ProcessVideoData size:234322 dts:16.558 pts:16.600 dur:41.000ms, clock:7.931 level:91
2024-06-06 15:01:37.691 T:3559617408 DEBUG: CVideoPlayer::ProcessVideoData size:163287 dts:16.600 pts:16.641 dur:41.000ms, clock:7.934 level:91
2024-06-06 15:01:37.700 T:4060590144 DEBUG: HandleKey: 168 (0xa8, obc87) pressed, action is Right
2024-06-06 15:01:37.705 T:3576402816 DEBUG: CVideoPlayerVideo::OutputPicture - ttd:102ms pts:8.050 Clock:7.948 Level:3
2024-06-06 15:01:37.724 T:3559617408 DEBUG: CVideoPlayer::ProcessVideoData size:229001 dts:16.641 pts:16.683 dur:41.000ms, clock:7.967 level:92
2024-06-06 15:01:37.746 T:3576402816 DEBUG: CVideoPlayerVideo::OutputPicture - ttd:101ms pts:8.091 Clock:7.989 Level:3
2024-06-06 15:01:37.787 T:3576402816 DEBUG: CVideoPlayerVideo::OutputPicture - ttd:102ms pts:8.133 Clock:8.030 Level:3
2024-06-06 15:01:37.829 T:3576402816 DEBUG: CVideoPlayerVideo::OutputPicture - ttd:102ms pts:8.175 Clock:8.072 Level:3
2024-06-06 15:01:37.836 T:3775697792 DEBUG: PushCecKeypress - received key a8 duration 156
2024-06-06 15:01:37.867 T:3576402816 DEBUG: CVideoPlayerVideo::OutputPicture - ttd:105ms pts:8.216 Clock:8.110 Level:4
2024-06-06 15:01:37.909 T:3576402816 DEBUG: CVideoPlayerVideo::OutputPicture - ttd:106ms pts:8.258 Clock:8.152 Level:4
2024-06-06 15:01:37.954 T:3576402816 DEBUG: CVideoPlayerVideo::OutputPicture - ttd:103ms pts:8.300 Clock:8.197 Level:3
2024-06-06 15:01:37.970 T:3559617408 DEBUG: CVideoPlayer::ProcessVideoData size:170676 dts:16.683 pts:16.725 dur:41.000ms, clock:8.213 level:89
2024-06-06 15:01:37.972 T:3559617408 DEBUG: CVideoPlayer::ProcessVideoData size:177441 dts:16.725 pts:16.767 dur:41.000ms, clock:8.215 level:90
2024-06-06 15:01:37.974 T:3559617408 DEBUG: CVideoPlayer::ProcessVideoData size:150840 dts:16.767 pts:16.808 dur:41.000ms, clock:8.217 level:90
2024-06-06 15:01:37.975 T:3559617408 DEBUG: CVideoPlayer::ProcessVideoData size:169458 dts:16.808 pts:16.850 dur:41.000ms, clock:8.218 level:91
2024-06-06 15:01:37.977 T:3559617408 DEBUG: CVideoPlayer::ProcessVideoData size:171754 dts:16.850 pts:16.892 dur:41.000ms, clock:8.220 level:91
2024-06-06 15:01:37.979 T:3559617408 DEBUG: CVideoPlayer::ProcessVideoData size:188771 dts:16.892 pts:16.933 dur:41.000ms, clock:8.222 level:92
2024-06-06 15:01:37.995 T:3576402816 DEBUG: CVideoPlayerVideo::OutputPicture - ttd:104ms pts:8.342 Clock:8.238 Level:4
2024-06-06 15:01:38.035 T:3576402816 DEBUG: CVideoPlayerVideo::OutputPicture - ttd:104ms pts:8.383 Clock:8.278 Level:4
2024-06-06 15:01:38.073 T:3559617408 DEBUG: CVideoPlayer::ProcessVideoData size:145978 dts:16.933 pts:16.975 dur:41.000ms, clock:8.316 level:91
2024-06-06 15:01:38.076 T:3559617408 DEBUG: CVideoPlayer::ProcessVideoData size:170272 dts:16.975 pts:17.017 dur:41.000ms, clock:8.319 level:91
2024-06-06 15:01:38.077 T:3576402816 DEBUG: CVideoPlayerVideo::OutputPicture - ttd:104ms pts:8.425 Clock:8.320 Level:4
2024-06-06 15:01:38.082 T:3559617408 DEBUG: CVideoPlayer::ProcessVideoData size:177206 dts:17.017 pts:17.059 dur:41.000ms, clock:8.325 level:92
2024-06-06 15:01:38.120 T:3576402816 DEBUG: CVideoPlayerVideo::OutputPicture - ttd:104ms pts:8.467 Clock:8.363 Level:4
2024-06-06 15:01:38.162 T:3576402816 DEBUG: CVideoPlayerVideo::OutputPicture - ttd:103ms pts:8.508 Clock:8.405 Level:3
2024-06-06 15:01:38.204 T:3576402816 DEBUG: CVideoPlayerVideo::OutputPicture - ttd:103ms pts:8.550 Clock:8.447 Level:3
2024-06-06 15:01:38.222 T:3559617408 DEBUG: CVideoPlayer::ProcessVideoData size:260009 dts:17.059 pts:17.100 dur:41.000ms, clock:8.465 level:91
2024-06-06 15:01:38.224 T:3559617408 DEBUG: CVideoPlayer::ProcessVideoData size:153811 dts:17.100 pts:17.142 dur:41.000ms, clock:8.467 level:91
2024-06-06 15:01:38.226 T:3559617408 DEBUG: CVideoPlayer::ProcessVideoData size:174547 dts:17.142 pts:17.184 dur:41.000ms, clock:8.469 level:92
2024-06-06 15:01:38.231 T:3559617408 DEBUG: CVideoPlayer::ProcessVideoData size:282737 dts:17.184 pts:17.225 dur:41.000ms, clock:8.474 level:92
2024-06-06 15:01:38.245 T:3576402816 DEBUG: CVideoPlayerVideo::OutputPicture - ttd:103ms pts:8.592 Clock:8.488 Level:4
2024-06-06 15:01:38.280 T:3775697792 DEBUG: PushCecKeypress - received key b duration 0
2024-06-06 15:01:38.284 T:4060590144 DEBUG: HandleKey: 11 (0x0b, obc244) pressed, action is Select
2024-06-06 15:01:38.284 T:4060590144 NOTICE: CVideoPlayer::CloseFile()
2024-06-06 15:01:38.284 T:4060590144 DEBUG: DeleteRenderer - deleting renderer
2024-06-06 15:01:38.284 T:4060590144 NOTICE: VideoPlayer: waiting for threads to exit
2024-06-06 15:01:38.286 T:3576402816 DEBUG: CVideoPlayerVideo::OutputPicture - ttd:104ms pts:8.633 Clock:8.529 Level:0
2024-06-06 15:01:38.292 T:3559617408 NOTICE: CVideoPlayer::OnExit()
2024-06-06 15:01:38.292 T:3559617408 NOTICE: Closing stream player 1
2024-06-06 15:01:38.292 T:3559617408 NOTICE: Waiting for audio thread to exit
2024-06-06 15:01:38.317 T:3914302336 NOTICE: thread end: CVideoPlayerAudio::OnExit()
2024-06-06 15:01:38.317 T:3914302336 DEBUG: Thread VideoPlayerAudio 3914302336 terminating
2024-06-06 15:01:38.317 T:3559617408 NOTICE: Closing audio device
2024-06-06 15:01:38.344 T:3576402816 DEBUG: CVideoPlayerVideo::OutputPicture - ttd:106ms pts:8.675 Clock:8.568 Level:0
2024-06-06 15:01:38.365 T:3576402816 DEBUG: CVideoPlayerVideo::OutputPicture - ttd:128ms pts:8.717 Clock:8.589 Level:0
2024-06-06 15:01:38.367 T:3559617408 DEBUG: CDVDAudio::Flush - flush audio stream
2024-06-06 15:01:38.367 T:4038480768 DEBUG: CActiveAE::DiscardStream - audio stream deleted
2024-06-06 15:01:38.367 T:4038480768 DEBUG: CActiveAE::ClearDiscardedBuffers - buffer pool deleted
2024-06-06 15:01:38.368 T:3559617408 DEBUG: Previous line repeats 2 times.
2024-06-06 15:01:38.368 T:3559617408 NOTICE: Deleting audio codec
2024-06-06 15:01:38.368 T:3559617408 NOTICE: Closing stream player 2
2024-06-06 15:01:38.368 T:4028625792 INFO: CActiveAESink::OpenSink - initialize sink
2024-06-06 15:01:38.368 T:3559617408 NOTICE: waiting for video thread to exit
2024-06-06 15:01:38.379 T:3775697792 DEBUG: PushCecKeypress - received key b duration 98
2024-06-06 15:01:38.385 T:3576402816 DEBUG: CVideoPlayerVideo::OutputPicture - ttd:149ms pts:8.759 Clock:8.609 Level:0
2024-06-06 15:01:38.385 T:3576402816 NOTICE: thread end: video_thread
2024-06-06 15:01:38.385 T:3576402816 DEBUG: Thread VideoPlayerVideo 3576402816 terminating
2024-06-06 15:01:38.394 T:3559617408 NOTICE: deleting video codec
2024-06-06 15:01:38.394 T:3559617408 DEBUG: CAMLCodec::CloseDecoder
2024-06-06 15:01:38.432 T:3559617408 DEBUG: CAMLVideoBufferPool::~CAMLVideoBufferPool: Deleting 7 buffers
2024-06-06 15:01:38.433 T:3559617408 DEBUG: Thread VideoPlayer 3559617408 terminating
2024-06-06 15:01:38.433 T:4060590144 NOTICE: VideoPlayer: finished waiting
2024-06-06 15:01:38.433 T:4060590144 NOTICE: CVideoPlayer::CloseFile()
2024-06-06 15:01:38.433 T:4060590144 NOTICE: VideoPlayer: waiting for threads to exit
2024-06-06 15:01:38.433 T:4060590144 NOTICE: VideoPlayer: finished waiting
2024-06-06 15:01:38.435 T:4060590144 DEBUG: Radio UECP (RDS) Processor - delete ~CDVDRadioRDSData
2024-06-06 15:01:38.444 T:3469964160 INFO: Deleting settings information for files /var/media/android1/Kodi/CoreElec/3D/3D-full-MVC.mkv
2024-06-06 15:01:38.446 T:3469964160 DEBUG: DoWork - Saving file state for video item /var/media/android1/Kodi/CoreElec/3D/3D-full-MVC.mkv
2024-06-06 15:01:38.567 T:4028625792 DEBUG: CActiveAESink::OpenSink - trying to open device ALSA:surround71:CARD=AMLAUGESOUND,DEV=0
2024-06-06 15:01:38.567 T:4028625792 INFO: CAESinkALSA::Initialize - Attempting to open device "surround71:CARD=AMLAUGESOUND,DEV=0"
2024-06-06 15:01:38.572 T:4028625792 INFO: CAESinkALSA::Initialize - Opened device "surround71:CARD=AMLAUGESOUND,DEV=0"
2024-06-06 15:01:38.573 T:4028625792 INFO: CAESinkALSA::InitializeHW - Your hardware does not support AE_FMT_FLOAT, trying other formats
2024-06-06 15:01:38.573 T:4028625792 INFO: CAESinkALSA::InitializeHW - Using data format AE_FMT_S24NE4
2024-06-06 15:01:38.573 T:4028625792 DEBUG: CAESinkALSA::InitializeHW - Request: periodSize 2205, bufferSize 8820
2024-06-06 15:01:38.599 T:4028625792 DEBUG: CAESinkALSA::InitializeHW - Got: periodSize 2205, bufferSize 8820
2024-06-06 15:01:38.599 T:4028625792 DEBUG: CAESinkALSA::InitializeHW - Setting timeout to 200 ms
2024-06-06 15:01:38.599 T:4028625792 DEBUG: CAESinkALSA::GetChannelLayout - Input Channel Count: 2 Output Channel Count: 2
2024-06-06 15:01:38.599 T:4028625792 DEBUG: CAESinkALSA::GetChannelLayout - Requested Layout: FL, FR
2024-06-06 15:01:38.599 T:4028625792 DEBUG: CAESinkALSA::GetChannelLayout - Got Layout: FL, FR (ALSA: FL FR)
2024-06-06 15:01:38.599 T:4028625792 DEBUG: CActiveAESink::OpenSink - ALSA Initialized:
2024-06-06 15:01:38.599 T:4028625792 DEBUG: Output Device : AML-AUGESOUND
2024-06-06 15:01:38.599 T:4028625792 DEBUG: Sample Rate : 44100
2024-06-06 15:01:38.599 T:4028625792 DEBUG: Sample Format : AE_FMT_S24NE4
2024-06-06 15:01:38.599 T:4028625792 DEBUG: Channel Count : 2
2024-06-06 15:01:38.599 T:4028625792 DEBUG: Channel Layout: FL, FR
2024-06-06 15:01:38.599 T:4028625792 DEBUG: Frames : 2205
2024-06-06 15:01:38.600 T:4028625792 DEBUG: Frame Size : 8
2024-06-06 15:01:38.601 T:4038480768 DEBUG: CActiveAE::ClearDiscardedBuffers - buffer pool deleted
2024-06-06 15:01:39.243 T:3469964160 DEBUG: Previous line repeats 1 times.
2024-06-06 15:01:39.243 T:3469964160 DEBUG: OnPlayBackStopped: CApplication::OnPlayBackStopped
2024-06-06 15:01:39.247 T:4060590144 DEBUG: CGUIWindowManager::PreviousWindow: Deactivate
2024-06-06 15:01:39.247 T:4060590144 DEBUG: ------ Window Deinit (VideoOSD.xml) ------
2024-06-06 15:01:39.247 T:4060590144 DEBUG: ------ Window Deinit (VideoFullScreen.xml) ------
2024-06-06 15:01:39.265 T:4060590144 DEBUG: AMLUtils::aml_handle_display_stereo_mode old mode 3doff new mode 3doff
2024-06-06 15:01:39.265 T:4060590144 DEBUG: AMLUtils::aml_handle_display_stereo_mode - no change needed
2024-06-06 15:01:39.266 T:4060590144 ERROR: GetString: error reading /sys/class/amhdmitx/amhdmitx0/custom_mode
2024-06-06 15:01:39.539 T:4060590144 INFO: GLES: Maximum texture width: 8192
2024-06-06 15:01:39.540 T:4060590144 DEBUG: CGUIWindowManager::PreviousWindow: Activate new
2024-06-06 15:01:39.547 T:4060590144 DEBUG: ------ Window Init (MyVideoNav.xml) ------
2024-06-06 15:01:39.550 T:4060590144 DEBUG: CGUIMediaWindow::GetDirectory (/var/media/android1/Kodi/CoreElec/3D/)
2024-06-06 15:01:39.550 T:4060590144 DEBUG: ParentPath = [/var/media/android1/Kodi/CoreElec/3D/]
2024-06-06 15:01:39.574 T:3559617408 DEBUG: Thread BackgroundLoader start, auto delete: false
2024-06-06 15:01:39.590 T:3559617408 DEBUG: Thread BackgroundLoader 3559617408 terminating
2024-06-06 15:01:39.699 T:4060590144 DEBUG: ------ Window Deinit (DialogSeekBar.xml) ------
2024-06-06 15:01:39.726 T:4060590144 DEBUG: ------ Window Deinit (Custom_1109_TopBarOverlay.xml) ------
2024-06-06 15:01:41.709 T:3775697792 DEBUG: PushCecKeypress - received key a7 duration 0
2024-06-06 15:01:41.729 T:4060590144 DEBUG: HandleKey: 167 (0xa7, obc88) pressed, action is Down
2024-06-06 15:01:41.731 T:3469964160 DEBUG: DoWork - trying to extract thumb from video file /var/media/android1/Tests/White clipping pattern DV p8 4000nits.mkv
2024-06-06 15:01:41.731 T:3469964160 DEBUG: CreateInputStream: All else failed, creating CDVDInputStreamFile
2024-06-06 15:01:41.732 T:3469964160 DEBUG: DVDFactoryDemuxer: Create CDVDDemuxFFmpeg.
2024-06-06 15:01:41.754 T:3469964160 DEBUG: Open - probing detected format [matroska,webm]
2024-06-06 15:01:41.760 T:3469964160 DEBUG: Open - avformat_find_stream_info starting
2024-06-06 15:01:41.876 T:3469964160 DEBUG: Open - av_find_stream_info finished
2024-06-06 15:01:41.877 T:3469964160 DEBUG: DVDDemuxFFmpeg::AddStream - fps:24000/1001 tbr:24000/1001 tbn:24000/1001
2024-06-06 15:01:41.877 T:3469964160 DEBUG: DVDDemuxFFmpeg::AddStream - fps:24000/1001p
2024-06-06 15:01:41.877 T:3469964160 DEBUG: CDVDDemuxFFmpeg::AddStream ID: 0
2024-06-06 15:01:41.877 T:3469964160 DEBUG: ScanForExternalSubtitles: Searching for subtitles...
2024-06-06 15:01:41.879 T:3469964160 DEBUG: ScanForExternalSubtitles: END (total time: 2 ms)
2024-06-06 15:01:41.879 T:3469964160 NOTICE: CDVDVideoCodecFFmpeg::Open() Using codec: HEVC (High Efficiency Video Coding)
2024-06-06 15:01:41.879 T:3469964160 DEBUG: CDVDVideoCodecFFmpeg - Updated codec: ff-hevc
2024-06-06 15:01:41.879 T:3469964160 DEBUG: ExtractThumb - seeking to pos 200200ms (total: 600600ms) in /var/media/android1/Tests/White clipping pattern DV p8 4000nits.mkv
2024-06-06 15:01:41.885 T:3469964160 DEBUG: SeekTime - seek ended up on time 198.115
2024-06-06 15:01:41.886 T:3775697792 DEBUG: PushCecKeypress - received key a7 duration 177
2024-06-06 15:01:42.031 T:3775697792 DEBUG: PushCecKeypress - received key a7 duration 0
2024-06-06 15:01:42.033 T:4060590144 DEBUG: HandleKey: 167 (0xa7, obc88) pressed, action is Down
2024-06-06 15:01:42.137 T:3775697792 DEBUG: PushCecKeypress - received key a7 duration 107
2024-06-06 15:01:42.270 T:3775697792 DEBUG: PushCecKeypress - received key a7 duration 0
2024-06-06 15:01:42.283 T:4060590144 DEBUG: HandleKey: 167 (0xa7, obc88) pressed, action is Down
2024-06-06 15:01:42.290 T:3461571456 DEBUG: ffmpeg[CE536380]: [swscaler] No accelerated colorspace conversion found from yuv420p to bgra.
2024-06-06 15:01:42.385 T:3469964160 DEBUG: cached image 'special://masterprofile/Thumbnails/a/a0f28857.jpg' size 720x405
2024-06-06 15:01:42.386 T:3775697792 DEBUG: PushCecKeypress - received key a7 duration 116
2024-06-06 15:01:42.428 T:3469964160 DEBUG: ExtractThumb - measured 697 ms to extract thumb from file in 5 packets.
2024-06-06 15:01:42.602 T:3469964160 DEBUG: DoWork - trying to extract thumb from video file /var/media/android1/Tests/RPU.out.of.sync.p8.mp4
2024-06-06 15:01:42.603 T:3469964160 DEBUG: CreateInputStream: All else failed, creating CDVDInputStreamFile
2024-06-06 15:01:42.604 T:3469964160 DEBUG: DVDFactoryDemuxer: Create CDVDDemuxFFmpeg.
2024-06-06 15:01:42.611 T:3469964160 DEBUG: Open - probing detected format [mov,mp4,m4a,3gp,3g2,mj2]
2024-06-06 15:01:42.624 T:3469964160 DEBUG: Open - avformat_find_stream_info starting
2024-06-06 15:01:42.772 T:3469964160 DEBUG: Open - av_find_stream_info finished
2024-06-06 15:01:42.772 T:3469964160 DEBUG: DVDDemuxFFmpeg::AddStream - fps:24000/1001 tbr:24000/1001 tbn:24000/1001
2024-06-06 15:01:42.772 T:3469964160 DEBUG: DVDDemuxFFmpeg::AddStream - fps:24000/1001p
2024-06-06 15:01:42.772 T:3469964160 DEBUG: CDVDDemuxFFmpeg::AddStream ID: 0
2024-06-06 15:01:42.772 T:3469964160 DEBUG: DVDDemuxFFmpeg::AddStream - fps:24000/1001 tbr:24000/1001 tbn:24000/1001
2024-06-06 15:01:42.772 T:3469964160 DEBUG: DVDDemuxFFmpeg::AddStream - fps:24000/1001p
2024-06-06 15:01:42.772 T:3469964160 DEBUG: CDVDDemuxFFmpeg::AddStream ID: 1
2024-06-06 15:01:42.772 T:3469964160 DEBUG: ScanForExternalSubtitles: Searching for subtitles...
2024-06-06 15:01:42.774 T:3469964160 DEBUG: ScanForExternalSubtitles: END (total time: 2 ms)
2024-06-06 15:01:42.774 T:3469964160 NOTICE: CDVDVideoCodecFFmpeg::Open() Using codec: HEVC (High Efficiency Video Coding)
2024-06-06 15:01:42.774 T:3469964160 DEBUG: CDVDVideoCodecFFmpeg - Updated codec: ff-hevc
2024-06-06 15:01:42.774 T:3469964160 DEBUG: ExtractThumb - seeking to pos 15056ms (total: 45170ms) in /var/media/android1/Tests/RPU.out.of.sync.p8.mp4
2024-06-06 15:01:42.774 T:3469964160 DEBUG: SeekTime - unknown position after seek
2024-06-06 15:01:42.865 T:3469964160 DEBUG: cached image 'special://masterprofile/Thumbnails/2/2e017d02.jpg' size 720x405
2024-06-06 15:01:42.891 T:3469964160 DEBUG: ExtractThumb - measured 289 ms to extract thumb from file in 2 packets.
2024-06-06 15:01:43.057 T:3461571456 DEBUG: DoWork - trying to extract thumb from video file /var/media/android1/Tests/RPU.out.of.sync.p7.mp4
2024-06-06 15:01:43.058 T:3461571456 DEBUG: CreateInputStream: All else failed, creating CDVDInputStreamFile
2024-06-06 15:01:43.058 T:3461571456 DEBUG: DVDFactoryDemuxer: Create CDVDDemuxFFmpeg.
2024-06-06 15:01:43.068 T:3461571456 DEBUG: Open - probing detected format [mov,mp4,m4a,3gp,3g2,mj2]
2024-06-06 15:01:43.075 T:3461571456 DEBUG: Open - avformat_find_stream_info starting
2024-06-06 15:01:43.227 T:3461571456 DEBUG: Open - av_find_stream_info finished
2024-06-06 15:01:43.227 T:3461571456 DEBUG: DVDDemuxFFmpeg::AddStream - fps:24000/1001 tbr:24000/1001 tbn:24000/1001
2024-06-06 15:01:43.227 T:3461571456 DEBUG: DVDDemuxFFmpeg::AddStream - fps:24000/1001p
2024-06-06 15:01:43.227 T:3461571456 DEBUG: CDVDDemuxFFmpeg::AddStream ID: 0
2024-06-06 15:01:43.227 T:3461571456 DEBUG: DVDDemuxFFmpeg::AddStream - fps:24000/1001 tbr:24000/1001 tbn:24000/1001
2024-06-06 15:01:43.227 T:3461571456 DEBUG: DVDDemuxFFmpeg::AddStream - fps:24000/1001p
2024-06-06 15:01:43.227 T:3461571456 DEBUG: CDVDDemuxFFmpeg::AddStream ID: 1
2024-06-06 15:01:43.227 T:3461571456 DEBUG: ScanForExternalSubtitles: Searching for subtitles...
2024-06-06 15:01:43.230 T:3461571456 DEBUG: ScanForExternalSubtitles: END (total time: 3 ms)
2024-06-06 15:01:43.230 T:3461571456 NOTICE: CDVDVideoCodecFFmpeg::Open() Using codec: HEVC (High Efficiency Video Coding)
2024-06-06 15:01:43.230 T:3461571456 DEBUG: CDVDVideoCodecFFmpeg - Updated codec: ff-hevc
2024-06-06 15:01:43.230 T:3461571456 DEBUG: ExtractThumb - seeking to pos 15056ms (total: 45170ms) in /var/media/android1/Tests/RPU.out.of.sync.p7.mp4
2024-06-06 15:01:43.230 T:3461571456 DEBUG: SeekTime - unknown position after seek
2024-06-06 15:01:43.313 T:3461571456 DEBUG: cached image 'special://masterprofile/Thumbnails/b/b69934aa.jpg' size 720x405
2024-06-06 15:01:43.339 T:3461571456 DEBUG: ExtractThumb - measured 282 ms to extract thumb from file in 2 packets.
2024-06-06 15:01:43.507 T:3461571456 DEBUG: DoWork - trying to extract thumb from video file /var/media/android1/Tests/RPU-FEL TEST ST DL p7.ts
2024-06-06 15:01:43.507 T:3461571456 DEBUG: CreateInputStream: All else failed, creating CDVDInputStreamFile
2024-06-06 15:01:43.508 T:3461571456 DEBUG: DVDFactoryDemuxer: Create CDVDDemuxFFmpeg.
2024-06-06 15:01:43.513 T:3461571456 DEBUG: Open - probing detected format [mpegts]
2024-06-06 15:01:43.513 T:3461571456 DEBUG: Open - avformat_find_stream_info starting
2024-06-06 15:01:43.688 T:3461571456 DEBUG: Open - av_find_stream_info finished
2024-06-06 15:01:43.689 T:3461571456 DEBUG: DVDDemuxFFmpeg::AddStream - fps:24000/1001 tbr:24000/1001 tbn:24000/1001
2024-06-06 15:01:43.689 T:3461571456 DEBUG: DVDDemuxFFmpeg::AddStream - fps:24000/1001p
2024-06-06 15:01:43.689 T:3461571456 DEBUG: CDVDDemuxFFmpeg::AddStream ID: 0
2024-06-06 15:01:43.689 T:3461571456 DEBUG: ScanForExternalSubtitles: Searching for subtitles...
2024-06-06 15:01:43.691 T:3461571456 DEBUG: ScanForExternalSubtitles: END (total time: 2 ms)
2024-06-06 15:01:43.691 T:3461571456 NOTICE: CDVDVideoCodecFFmpeg::Open() Using codec: HEVC (High Efficiency Video Coding)
2024-06-06 15:01:43.691 T:3461571456 DEBUG: CDVDVideoCodecFFmpeg - Updated codec: ff-hevc
2024-06-06 15:01:43.691 T:3461571456 DEBUG: ExtractThumb - seeking to pos 20186ms (total: 60560ms) in /var/media/android1/Tests/RPU-FEL TEST ST DL p7.ts
2024-06-06 15:01:43.749 T:3461571456 DEBUG: SeekTime - seek ended up on time 20.145
2024-06-06 15:01:43.766 T:3461571456 ERROR: ffmpeg[CE536380]: [hevc] Could not find ref with POC 0
2024-06-06 15:01:43.788 T:3461571456 ERROR: ffmpeg[CE536380]: [hevc] Could not find ref with POC 3
2024-06-06 15:01:43.809 T:3461571456 ERROR: ffmpeg[CE536380]: [hevc] Could not find ref with POC 5
2024-06-06 15:01:44.007 T:3775697792 DEBUG: PushCecKeypress - received key a7 duration 0
2024-06-06 15:01:44.017 T:4060590144 DEBUG: HandleKey: 167 (0xa7, obc88) pressed, action is Down
2024-06-06 15:01:44.078 T:3775697792 DEBUG: PushCecKeypress - received key a7 duration 71
2024-06-06 15:01:47.143 T:3775697792 DEBUG: PushCecKeypress - received key b duration 0
2024-06-06 15:01:47.173 T:4060590144 DEBUG: HandleKey: 11 (0x0b, obc244) pressed, action is Select
2024-06-06 15:01:47.177 T:4060590144 DEBUG: OnPlayMedia /var/media/android1/Kodi/CoreElec/3D/test2.mk3d.webm
2024-06-06 15:01:47.187 T:4060590144 DEBUG: CPlayerCoreFactory::GetPlayers(/var/media/android1/Kodi/CoreElec/3D/test2.mk3d.webm)
2024-06-06 15:01:47.187 T:4060590144 DEBUG: CPlayerSelectionRule::GetPlayers: considering rule: system rules
2024-06-06 15:01:47.187 T:4060590144 DEBUG: CPlayerSelectionRule::GetPlayers: matches rule: system rules
2024-06-06 15:01:47.187 T:4060590144 DEBUG: CPlayerSelectionRule::GetPlayers: considering rule: mms/udp
2024-06-06 15:01:47.187 T:4060590144 DEBUG: CPlayerSelectionRule::GetPlayers: considering rule: lastfm/shout
2024-06-06 15:01:47.187 T:4060590144 DEBUG: CPlayerSelectionRule::GetPlayers: considering rule: rtmp
2024-06-06 15:01:47.187 T:4060590144 DEBUG: CPlayerSelectionRule::GetPlayers: considering rule: rtsp
2024-06-06 15:01:47.187 T:4060590144 DEBUG: CPlayerSelectionRule::GetPlayers: considering rule: streams
2024-06-06 15:01:47.187 T:4060590144 DEBUG: CPlayerSelectionRule::GetPlayers: considering rule: dvd
2024-06-06 15:01:47.187 T:4060590144 DEBUG: CPlayerSelectionRule::GetPlayers: considering rule: dvdimage
2024-06-06 15:01:47.187 T:4060590144 DEBUG: CPlayerSelectionRule::GetPlayers: considering rule: sdp/asf
2024-06-06 15:01:47.187 T:4060590144 DEBUG: CPlayerSelectionRule::GetPlayers: considering rule: nsv
2024-06-06 15:01:47.187 T:4060590144 DEBUG: CPlayerSelectionRule::GetPlayers: considering rule: radio
2024-06-06 15:01:47.187 T:4060590144 DEBUG: CPlayerCoreFactory::GetPlayers: matched 0 rules with players
2024-06-06 15:01:47.187 T:4060590144 DEBUG: CPlayerCoreFactory::GetPlayers: adding videodefaultplayer (VideoPlayer)
2024-06-06 15:01:47.187 T:4060590144 DEBUG: CPlayerCoreFactory::GetPlayers: for video=1, audio=0
2024-06-06 15:01:47.187 T:4060590144 DEBUG: CPlayerCoreFactory::GetPlayers: for video=1, audio=1
2024-06-06 15:01:47.187 T:4060590144 DEBUG: CPlayerCoreFactory::GetPlayers: added 1 players
2024-06-06 15:01:47.188 T:4060590144 DEBUG: Radio UECP (RDS) Processor - new CDVDRadioRDSData
2024-06-06 15:01:47.188 T:4060590144 NOTICE: VideoPlayer::OpenFile: /var/media/android1/Kodi/CoreElec/3D/test2.mk3d.webm
2024-06-06 15:01:47.189 T:4060590144 DEBUG: OnPlayBackStarted: CApplication::OnPlayBackStarted
2024-06-06 15:01:47.189 T:3643794304 DEBUG: Thread VideoPlayer start, auto delete: false
2024-06-06 15:01:47.189 T:3652187008 DEBUG: Thread BackgroundLoader start, auto delete: false
2024-06-06 15:01:47.189 T:3643794304 NOTICE: Creating InputStream
2024-06-06 15:01:47.191 T:3643794304 DEBUG: CreateInputStream: All else failed, creating CDVDInputStreamFile
2024-06-06 15:01:47.192 T:3643794304 DEBUG: ScanForExternalSubtitles: Searching for subtitles...
2024-06-06 15:01:47.193 T:3469964160 DEBUG: Loading settings for /var/media/android1/Kodi/CoreElec/3D/test2.mk3d.webm
2024-06-06 15:01:47.193 T:3643794304 DEBUG: ScanForExternalSubtitles: END (total time: 1 ms)
2024-06-06 15:01:47.193 T:3643794304 NOTICE: Creating Demuxer
2024-06-06 15:01:47.193 T:3643794304 DEBUG: DVDFactoryDemuxer: Create CDVDDemuxFFmpeg.
2024-06-06 15:01:47.195 T:4060590144 DEBUG: CVideoGUIInfo::InitCurrentItem(/var/media/android1/Kodi/CoreElec/3D/test2.mk3d.webm)
2024-06-06 15:01:47.195 T:4060590144 DEBUG: CPlayerGUIInfo::InitCurrentItem(/var/media/android1/Kodi/CoreElec/3D/test2.mk3d.webm)
2024-06-06 15:01:47.201 T:3652187008 DEBUG: Thread BackgroundLoader 3652187008 terminating
2024-06-06 15:01:47.211 T:3643794304 DEBUG: Open - probing detected format [matroska,webm]
2024-06-06 15:01:47.214 T:3643794304 DEBUG: Open - avformat_find_stream_info starting
2024-06-06 15:01:47.215 T:3775697792 DEBUG: PushCecKeypress - received key b duration 72
2024-06-06 15:01:47.294 T:3643794304 DEBUG: Open - av_find_stream_info finished
2024-06-06 15:01:47.294 T:3643794304 INFO: ffmpeg[D92FE380]: Input #0, matroska,webm, from '/var/media/android1/Kodi/CoreElec/3D/test2.mk3d.webm':
2024-06-06 15:01:47.294 T:3643794304 INFO: ffmpeg[D92FE380]: Metadata:
2024-06-06 15:01:47.294 T:3643794304 INFO: ffmpeg[D92FE380]: encoder : libebml v1.3.0 + libmatroska v1.4.1
2024-06-06 15:01:47.294 T:3643794304 INFO: ffmpeg[D92FE380]: creation_time :
2014-08-31T13:15:19.000000Z
2024-06-06 15:01:47.294 T:3643794304 INFO: ffmpeg[D92FE380]: Duration: 00:00:50.09, start: 0.000000, bitrate: 3556 kb/s
2024-06-06 15:01:47.294 T:3643794304 INFO: ffmpeg[D92FE380]: Stream #0:0: Audio: aac (LC), 44100 Hz, stereo, fltp (default)
2024-06-06 15:01:47.294 T:3643794304 INFO: ffmpeg[D92FE380]: Metadata:
2024-06-06 15:01:47.294 T:3643794304 INFO: ffmpeg[D92FE380]: BPS : 3100
2024-06-06 15:01:47.294 T:3643794304 INFO: ffmpeg[D92FE380]: BPS-eng : 3100
2024-06-06 15:01:47.294 T:3643794304 INFO: ffmpeg[D92FE380]: DURATION : 00:00:50.085000000
2024-06-06 15:01:47.294 T:3643794304 INFO: ffmpeg[D92FE380]: DURATION-eng : 00:00:50.085000000
2024-06-06 15:01:47.294 T:3643794304 INFO: ffmpeg[D92FE380]: NUMBER_OF_FRAMES: 2157
2024-06-06 15:01:47.294 T:3643794304 INFO: ffmpeg[D92FE380]: NUMBER_OF_FRAMES-eng: 2157
2024-06-06 15:01:47.294 T:3643794304 INFO: ffmpeg[D92FE380]: NUMBER_OF_BYTES : 19413
2024-06-06 15:01:47.294 T:3643794304 INFO: ffmpeg[D92FE380]: NUMBER_OF_BYTES-eng: 19413
2024-06-06 15:01:47.294 T:3643794304 INFO: ffmpeg[D92FE380]: _STATISTICS_WRITING_APP: mkvmerge v7.1.0 ('Good Love') 64bit built on Jul 28 2014 09:14:58
2024-06-06 15:01:47.294 T:3643794304 INFO: ffmpeg[D92FE380]: _STATISTICS_WRITING_APP-eng: mkvmerge v7.1.0 ('Good Love') 64bit built on Jul 28 2014 09:14:58
2024-06-06 15:01:47.294 T:3643794304 INFO: ffmpeg[D92FE380]: _STATISTICS_WRITING_DATE_UTC:
2014-08-31 13:15:19
2024-06-06 15:01:47.294 T:3643794304 INFO: ffmpeg[D92FE380]: _STATISTICS_WRITING_DATE_UTC-eng:
2014-08-31 13:15:19
2024-06-06 15:01:47.294 T:3643794304 INFO: ffmpeg[D92FE380]: _STATISTICS_TAGS: BPS DURATION NUMBER_OF_FRAMES NUMBER_OF_BYTES
2024-06-06 15:01:47.294 T:3643794304 INFO: ffmpeg[D92FE380]: _STATISTICS_TAGS-eng: BPS DURATION NUMBER_OF_FRAMES NUMBER_OF_BYTES
2024-06-06 15:01:47.294 T:3643794304 INFO: ffmpeg[D92FE380]: Stream #0:1: Video: h264 (High), yuv420p(progressive), 1920x540 [SAR 1:1 DAR 32:9], 23.96 fps, 23.96 tbr, 1k tbn, 47.91 tbc (default)
2024-06-06 15:01:47.294 T:3643794304 INFO: ffmpeg[D92FE380]: Metadata:
2024-06-06 15:01:47.294 T:3643794304 INFO: ffmpeg[D92FE380]: stereo_mode : left_right
2024-06-06 15:01:47.294 T:3643794304 INFO: ffmpeg[D92FE380]: BPS : 3550046
2024-06-06 15:01:47.294 T:3643794304 INFO: ffmpeg[D92FE380]: BPS-eng : 3550046
2024-06-06 15:01:47.294 T:3643794304 INFO: ffmpeg[D92FE380]: DURATION : 00:00:50.092000000
2024-06-06 15:01:47.294 T:3643794304 INFO: ffmpeg[D92FE380]: DURATION-eng : 00:00:50.092000000
2024-06-06 15:01:47.294 T:3643794304 INFO: ffmpeg[D92FE380]: NUMBER_OF_FRAMES: 1200
2024-06-06 15:01:47.294 T:3643794304 INFO: ffmpeg[D92FE380]: NUMBER_OF_FRAMES-eng: 1200
2024-06-06 15:01:47.294 T:3643794304 INFO: ffmpeg[D92FE380]: NUMBER_OF_BYTES : 22228619
2024-06-06 15:01:47.294 T:3643794304 INFO: ffmpeg[D92FE380]: NUMBER_OF_BYTES-eng: 22228619
2024-06-06 15:01:47.294 T:3643794304 INFO: ffmpeg[D92FE380]: _STATISTICS_WRITING_APP: mkvmerge v7.1.0 ('Good Love') 64bit built on Jul 28 2014 09:14:58
2024-06-06 15:01:47.294 T:3643794304 INFO: ffmpeg[D92FE380]: _STATISTICS_WRITING_APP-eng: mkvmerge v7.1.0 ('Good Love') 64bit built on Jul 28 2014 09:14:58
2024-06-06 15:01:47.294 T:3643794304 INFO: ffmpeg[D92FE380]: _STATISTICS_WRITING_DATE_UTC:
2014-08-31 13:15:19
2024-06-06 15:01:47.294 T:3643794304 INFO: ffmpeg[D92FE380]: _STATISTICS_WRITING_DATE_UTC-eng:
2014-08-31 13:15:19
2024-06-06 15:01:47.294 T:3643794304 INFO: ffmpeg[D92FE380]: _STATISTICS_TAGS: BPS DURATION NUMBER_OF_FRAMES NUMBER_OF_BYTES
2024-06-06 15:01:47.294 T:3643794304 INFO: ffmpeg[D92FE380]: _STATISTICS_TAGS-eng: BPS DURATION NUMBER_OF_FRAMES NUMBER_OF_BYTES
2024-06-06 15:01:47.294 T:3643794304 INFO: ffmpeg[D92FE380]: Side data:
2024-06-06 15:01:47.295 T:3643794304 INFO: ffmpeg[D92FE380]: stereo3d: side by side
2024-06-06 15:01:47.295 T:3643794304 DEBUG: CDVDDemuxFFmpeg::AddStream ID: 0
2024-06-06 15:01:47.295 T:3643794304 DEBUG: DVDDemuxFFmpeg::AddStream - fps:5989/250 tbr:5989/250 tbn:5989/125
2024-06-06 15:01:47.295 T:3643794304 DEBUG: DVDDemuxFFmpeg::AddStream - fps:5989/250p
2024-06-06 15:01:47.295 T:3643794304 DEBUG: CDVDDemuxFFmpeg::AddStream ID: 1
2024-06-06 15:01:47.295 T:3643794304 NOTICE: Opening stream: 1 source: 256
2024-06-06 15:01:47.295 T:3643794304 NOTICE: CVideoPlayerVideo::OpenStream - Creating codec: 27
2024-06-06 15:01:47.295 T:3643794304 DEBUG: DVDVideoCodecAmlogic::Open - codec 27 profile:100 extra_size:41 fps:5989/250
2024-06-06 15:01:47.295 T:3643794304 INFO: CBitstreamConverter::Open bitstream to annexb init
2024-06-06 15:01:47.295 T:3643794304 INFO: DVDVideoCodecAmlogic: Opened Amlogic Codec
2024-06-06 15:01:47.295 T:3643794304 DEBUG: CVideoPlayerVideo::OpenStream - open stream with codec id: 27 fps:5989/250 options:02
2024-06-06 15:01:47.295 T:3643794304 NOTICE: Creating video thread
2024-06-06 15:01:47.295 T:3643794304 DEBUG: ReadEditDecisionLists - Checking for edit decision lists (EDL) on local drive or remote share for: /var/media/android1/Kodi/CoreElec/3D/test2.mk3d.webm
