2024-06-04 18:08:13.686 T:4365 debug : CVideoPlayer::ProcessVideoData size:176715 dts:19.186 pts:19.186 dur:41.700ms, clock:7.853 level:100
2024-06-04 18:08:13.693 T:4365 debug : CVideoPlayer::ProcessVideoData size:175771 dts:19.228 pts:19.228 dur:41.700ms, clock:7.860 level:100
2024-06-04 18:08:13.696 T:4365 debug : CVideoPlayer::ProcessPacket packet from enhancement layer: size:15583 dts:19.228 pts:19.228 dur:41.700ms
2024-06-04 18:08:13.708 T:4368 debug : CVideoPlayerVideo::OutputPicture - ttd:424ms pts:8.300 Clock:7.875 Level:6
2024-06-04 18:08:13.736 T:4365 debug : CVideoPlayer::ProcessPacket packet from enhancement layer: size:27000 dts:19.269 pts:19.394 dur:41.700ms
2024-06-04 18:08:13.741 T:4365 debug : CVideoPlayer::ProcessVideoData size:326469 dts:19.269 pts:19.394 dur:41.700ms, clock:7.908 level:100
2024-06-04 18:08:13.754 T:4368 debug : CVideoPlayerVideo::OutputPicture - ttd:421ms pts:8.342 Clock:7.920 Level:5
2024-06-04 18:08:13.755 T:4365 debug : CVideoPlayer::ProcessPacket packet from enhancement layer: size:15086 dts:19.311 pts:19.311 dur:41.700ms
2024-06-04 18:08:13.759 T:4365 debug : CVideoPlayer::ProcessVideoData size:175741 dts:19.311 pts:19.311 dur:41.700ms, clock:7.926 level:100
2024-06-04 18:08:13.775 T:4365 debug : CVideoPlayer::ProcessVideoData size:175133 dts:19.353 pts:19.353 dur:41.700ms, clock:7.942 level:100
2024-06-04 18:08:13.795 T:4368 debug : CVideoPlayerVideo::OutputPicture - ttd:420ms pts:8.383 Clock:7.962 Level:5
2024-06-04 18:08:13.809 T:4365 debug : CVideoPlayer::ProcessPacket packet from enhancement layer: size:14725 dts:19.353 pts:19.353 dur:41.700ms
2024-06-04 18:08:13.835 T:4368 debug : CVideoPlayerVideo::OutputPicture - ttd:423ms pts:8.425 Clock:8.002 Level:6
2024-06-04 18:08:13.856 T:4365 debug : CVideoPlayer::ProcessPacket packet from enhancement layer: size:34663 dts:19.394 pts:19.519 dur:41.700ms
2024-06-04 18:08:13.860 T:4365 debug : CVideoPlayer::ProcessVideoData size:323957 dts:19.394 pts:19.519 dur:41.700ms, clock:8.027 level:100
2024-06-04 18:08:13.864 T:4365 debug : CVideoPlayer::ProcessPacket packet from enhancement layer: size:19291 dts:19.436 pts:19.436 dur:41.700ms
2024-06-04 18:08:13.881 T:4368 debug : CVideoPlayerVideo::OutputPicture - ttd:419ms pts:8.467 Clock:8.048 Level:5
2024-06-04 18:08:13.893 T:4365 debug : CVideoPlayer::ProcessVideoData size:176218 dts:19.436 pts:19.436 dur:41.700ms, clock:8.060 level:100
2024-06-04 18:08:13.901 T:4365 debug : CVideoPlayer::ProcessVideoData size:174780 dts:19.478 pts:19.478 dur:41.700ms, clock:8.068 level:100
2024-06-04 18:08:13.903 T:4365 debug : CVideoPlayer::ProcessPacket packet from enhancement layer: size:19114 dts:19.478 pts:19.478 dur:41.700ms
2024-06-04 18:08:13.918 T:4368 debug : CVideoPlayerVideo::OutputPicture - ttd:423ms pts:8.508 Clock:8.085 Level:6
2024-06-04 18:08:13.944 T:4365 debug : CVideoPlayer::ProcessPacket packet from enhancement layer: size:34753 dts:19.519 pts:19.645 dur:41.700ms
2024-06-04 18:08:13.947 T:4365 debug : CVideoPlayer::ProcessVideoData size:319748 dts:19.519 pts:19.645 dur:41.700ms, clock:8.114 level:100
2024-06-04 18:08:13.960 T:4368 debug : CVideoPlayerVideo::OutputPicture - ttd:423ms pts:8.550 Clock:8.127 Level:5
2024-06-04 18:08:14.004 T:4368 debug : CVideoPlayerVideo::OutputPicture - ttd:420ms pts:8.592 Clock:8.171 Level:5
2024-06-04 18:08:14.029 T:4365 debug : CVideoPlayer::ProcessPacket packet from enhancement layer: size:18704 dts:19.561 pts:19.561 dur:41.700ms
2024-06-04 18:08:14.043 T:4368 debug : CVideoPlayerVideo::OutputPicture - ttd:423ms pts:8.634 Clock:8.210 Level:6
2024-06-04 18:08:14.050 T:4365 debug : CVideoPlayer::ProcessVideoData size:174073 dts:19.561 pts:19.561 dur:41.700ms, clock:8.216 level:100
2024-06-04 18:08:14.068 T:4365 debug : CVideoPlayer::ProcessVideoData size:173008 dts:19.603 pts:19.603 dur:41.700ms, clock:8.235 level:100
2024-06-04 18:08:14.085 T:4368 debug : CVideoPlayerVideo::OutputPicture - ttd:423ms pts:8.675 Clock:8.252 Level:6
2024-06-04 18:08:14.111 T:4365 debug : CVideoPlayer::ProcessPacket packet from enhancement layer: size:18518 dts:19.603 pts:19.603 dur:41.700ms
2024-06-04 18:08:14.111 T:4365 debug : CVideoPlayer::ProcessPacket packet from enhancement layer: size:85934 dts:19.645 pts:19.770 dur:41.700ms
2024-06-04 18:08:14.119 T:4365 debug : CVideoPlayer::ProcessVideoData size:715062 dts:19.645 pts:19.770 dur:41.700ms, clock:8.286 level:100
2024-06-04 18:08:14.125 T:4368 debug : CVideoPlayerVideo::OutputPicture - ttd:424ms pts:8.717 Clock:8.292 Level:6
2024-06-04 18:08:14.168 T:4368 debug : CVideoPlayerVideo::OutputPicture - ttd:423ms pts:8.759 Clock:8.335 Level:6
2024-06-04 18:08:14.208 T:4368 debug : CVideoPlayerVideo::OutputPicture - ttd:425ms pts:8.800 Clock:8.375 Level:6
2024-06-04 18:08:14.236 T:4365 debug : CVideoPlayer::ProcessPacket packet from enhancement layer: size:16140 dts:19.686 pts:19.686 dur:41.700ms
2024-06-04 18:08:14.239 T:4365 debug : CVideoPlayer::ProcessVideoData size:174395 dts:19.686 pts:19.686 dur:41.700ms, clock:8.406 level:100
2024-06-04 18:08:14.246 T:4365 debug : CVideoPlayer::ProcessVideoData size:172151 dts:19.728 pts:19.728 dur:41.700ms, clock:8.413 level:100
2024-06-04 18:08:14.249 T:4365 debug : CVideoPlayer::ProcessPacket packet from enhancement layer: size:15960 dts:19.728 pts:19.728 dur:41.700ms
2024-06-04 18:08:14.250 T:4368 debug : CVideoPlayerVideo::OutputPicture - ttd:424ms pts:8.842 Clock:8.417 Level:6
2024-06-04 18:08:14.294 T:4368 debug : CVideoPlayerVideo::OutputPicture - ttd:423ms pts:8.884 Clock:8.460 Level:6
2024-06-04 18:08:14.313 T:4365 debug : CVideoPlayer::ProcessPacket packet from enhancement layer: size:25518 dts:19.770 pts:19.895 dur:41.700ms
2024-06-04 18:08:14.317 T:4365 debug : CVideoPlayer::ProcessVideoData size:329797 dts:19.770 pts:19.895 dur:41.700ms, clock:8.484 level:100
2024-06-04 18:08:14.335 T:4368 debug : CVideoPlayerVideo::OutputPicture - ttd:423ms pts:8.926 Clock:8.502 Level:6
2024-06-04 18:08:14.352 T:4365 debug : CVideoPlayer::ProcessPacket packet from enhancement layer: size:15502 dts:19.811 pts:19.811 dur:41.700ms
2024-06-04 18:08:14.354 T:4365 debug : CVideoPlayer::ProcessVideoData size:179261 dts:19.811 pts:19.811 dur:41.700ms, clock:8.521 level:100
2024-06-04 18:08:14.371 T:4365 debug : CVideoPlayer::ProcessVideoData size:179847 dts:19.853 pts:19.853 dur:41.700ms, clock:8.538 level:100
2024-06-04 18:08:14.378 T:4368 debug : CVideoPlayerVideo::OutputPicture - ttd:422ms pts:8.967 Clock:8.545 Level:5
2024-06-04 18:08:14.383 T:4365 debug : CVideoPlayer::ProcessPacket packet from enhancement layer: size:15584 dts:19.853 pts:19.853 dur:41.700ms
2024-06-04 18:08:14.422 T:4368 debug : CVideoPlayerVideo::OutputPicture - ttd:419ms pts:9.009 Clock:8.589 Level:5
2024-06-04 18:08:14.428 T:4365 debug : CVideoPlayer::ProcessPacket packet from enhancement layer: size:28492 dts:19.895 pts:20.020 dur:41.700ms
2024-06-04 18:08:14.432 T:4365 debug : CVideoPlayer::ProcessVideoData size:315105 dts:19.895 pts:20.020 dur:41.700ms, clock:8.599 level:100
2024-06-04 18:08:14.436 T:4365 debug : CVideoPlayer::ProcessPacket packet from enhancement layer: size:15907 dts:19.937 pts:19.937 dur:41.700ms
2024-06-04 18:08:14.439 T:4365 debug : CVideoPlayer::ProcessVideoData size:172301 dts:19.937 pts:19.937 dur:41.700ms, clock:8.606 level:100
2024-06-04 18:08:14.455 T:4340 debug : request received for /jsonrpc
2024-06-04 18:08:14.459 T:4368 debug : CVideoPlayerVideo::OutputPicture - ttd:424ms pts:9.051 Clock:8.626 Level:6
2024-06-04 18:08:14.468 T:4340 debug : request received for /jsonrpc
2024-06-04 18:08:14.493 T:4365 info : Skipped 2 duplicate messages..
2024-06-04 18:08:14.493 T:4365 debug : CVideoPlayer::ProcessVideoData size:172224 dts:19.978 pts:19.978 dur:41.700ms, clock:8.660 level:100
2024-06-04 18:08:14.504 T:4368 debug : CVideoPlayerVideo::OutputPicture - ttd:421ms pts:9.092 Clock:8.671 Level:5
2024-06-04 18:08:14.506 T:4365 debug : CVideoPlayer::ProcessPacket packet from enhancement layer: size:15859 dts:19.978 pts:19.978 dur:41.700ms
2024-06-04 18:08:14.512 T:4365 debug : CVideoPlayer::ProcessPacket packet from enhancement layer: size:27629 dts:20.020 pts:20.145 dur:41.700ms
2024-06-04 18:08:14.519 T:4365 debug : CVideoPlayer::ProcessVideoData size:301239 dts:20.020 pts:20.145 dur:41.700ms, clock:8.686 level:100
2024-06-04 18:08:14.523 T:4365 debug : CVideoPlayer::ProcessPacket packet from enhancement layer: size:15391 dts:20.062 pts:20.062 dur:41.700ms
2024-06-04 18:08:14.544 T:4368 debug : CVideoPlayerVideo::OutputPicture - ttd:423ms pts:9.134 Clock:8.710 Level:6
2024-06-04 18:08:14.558 T:4365 debug : CVideoPlayer::ProcessVideoData size:170688 dts:20.062 pts:20.062 dur:41.700ms, clock:8.725 level:100
2024-06-04 18:08:14.565 T:4365 debug : CVideoPlayer::ProcessVideoData size:171520 dts:20.103 pts:20.103 dur:41.700ms, clock:8.732 level:100
2024-06-04 18:08:14.579 T:4365 debug : CVideoPlayer::ProcessPacket packet from enhancement layer: size:14994 dts:20.103 pts:20.103 dur:41.700ms
2024-06-04 18:08:14.584 T:4365 debug : CVideoPlayer::ProcessPacket packet from enhancement layer: size:28449 dts:20.145 pts:20.270 dur:41.700ms
2024-06-04 18:08:14.585 T:4368 debug : CVideoPlayerVideo::OutputPicture - ttd:423ms pts:9.176 Clock:8.752 Level:6
2024-06-04 18:08:14.605 T:4365 debug : CVideoPlayer::ProcessVideoData size:297147 dts:20.145 pts:20.270 dur:41.700ms, clock:8.772 level:100
2024-06-04 18:08:14.626 T:4368 debug : CVideoPlayerVideo::OutputPicture - ttd:424ms pts:9.218 Clock:8.793 Level:6
2024-06-04 18:08:14.668 T:4368 debug : CVideoPlayerVideo::OutputPicture - ttd:424ms pts:9.259 Clock:8.835 Level:6
2024-06-04 18:08:14.708 T:4365 debug : CVideoPlayer::ProcessPacket packet from enhancement layer: size:15007 dts:20.187 pts:20.187 dur:41.700ms
2024-06-04 18:08:14.709 T:4368 debug : CVideoPlayerVideo::OutputPicture - ttd:424ms pts:9.301 Clock:8.876 Level:6
2024-06-04 18:08:14.734 T:4365 debug : CVideoPlayer::ProcessVideoData size:164808 dts:20.187 pts:20.187 dur:41.700ms, clock:8.901 level:100
2024-06-04 18:08:14.740 T:4365 debug : CVideoPlayer::ProcessVideoData size:165192 dts:20.229 pts:20.229 dur:41.700ms, clock:8.907 level:100
2024-06-04 18:08:14.741 T:4365 debug : CVideoPlayer::ProcessPacket packet from enhancement layer: size:15072 dts:20.229 pts:20.229 dur:41.700ms
2024-06-04 18:08:14.747 T:4365 debug : CVideoPlayer::ProcessPacket packet from enhancement layer: size:27415 dts:20.270 pts:20.395 dur:41.700ms
2024-06-04 18:08:14.751 T:4368 debug : CVideoPlayerVideo::OutputPicture - ttd:424ms pts:9.343 Clock:8.918 Level:6
2024-06-04 18:08:14.752 T:4365 debug : CVideoPlayer::ProcessVideoData size:292021 dts:20.270 pts:20.395 dur:41.700ms, clock:8.919 level:100
2024-06-04 18:08:14.777 T:4365 debug : CVideoPlayer::ProcessPacket packet from enhancement layer: size:12405 dts:20.312 pts:20.312 dur:41.700ms
2024-06-04 18:08:14.780 T:4365 debug : CVideoPlayer::ProcessVideoData size:189466 dts:20.312 pts:20.312 dur:41.700ms, clock:8.947 level:100
2024-06-04 18:08:14.785 T:4365 debug : CVideoPlayer::ProcessVideoData size:188682 dts:20.354 pts:20.354 dur:41.700ms, clock:8.951 level:100
2024-06-04 18:08:14.789 T:4365 debug : CVideoPlayer::ProcessPacket packet from enhancement layer: size:12235 dts:20.354 pts:20.354 dur:41.700ms
2024-06-04 18:08:14.794 T:4365 debug : CVideoPlayer::ProcessPacket packet from enhancement layer: size:26430 dts:20.395 pts:20.520 dur:41.700ms
2024-06-04 18:08:14.795 T:4368 debug : CVideoPlayerVideo::OutputPicture - ttd:423ms pts:9.384 Clock:8.961 Level:6
2024-06-04 18:08:14.821 T:4365 debug : CVideoPlayer::ProcessVideoData size:335796 dts:20.395 pts:20.520 dur:41.700ms, clock:8.988 level:100
2024-06-04 18:08:14.839 T:4368 debug : CVideoPlayerVideo::OutputPicture - ttd:420ms pts:9.426 Clock:9.005 Level:6
2024-06-04 18:08:14.866 T:4365 debug : CVideoPlayer::ProcessPacket packet from enhancement layer: size:16597 dts:20.437 pts:20.437 dur:41.700ms
2024-06-04 18:08:14.879 T:4368 debug : CVideoPlayerVideo::OutputPicture - ttd:422ms pts:9.468 Clock:9.045 Level:5
2024-06-04 18:08:14.897 T:4365 debug : CVideoPlayer::ProcessVideoData size:186181 dts:20.437 pts:20.437 dur:41.700ms, clock:9.064 level:100
2024-06-04 18:08:14.903 T:4365 debug : CVideoPlayer::ProcessVideoData size:186301 dts:20.479 pts:20.479 dur:41.700ms, clock:9.070 level:100
2024-06-04 18:08:14.909 T:4229 debug : EventClient: button name "right" map "R1" pressed
2024-06-04 18:08:14.918 T:4162 debug : HandleKey: 168 (0xa8, obc87) pressed, window 12005, action is StepForward
2024-06-04 18:08:14.921 T:4368 debug : CVideoPlayerVideo::OutputPicture - ttd:421ms pts:9.509 Clock:9.088 Level:6
2024-06-04 18:08:14.923 T:4162 debug : ------ Window Init (DialogSeekBar.xml) ------
2024-06-04 18:08:14.931 T:4365 debug : CVideoPlayer::ProcessPacket packet from enhancement layer: size:16689 dts:20.479 pts:20.479 dur:41.700ms
2024-06-04 18:08:14.932 T:4365 debug : CVideoPlayer::ProcessPacket packet from enhancement layer: size:79773 dts:20.520 pts:20.646 dur:41.700ms
2024-06-04 18:08:14.942 T:4365 debug : CVideoPlayer::ProcessVideoData size:662368 dts:20.520 pts:20.646 dur:41.700ms, clock:9.109 level:100
2024-06-04 18:08:14.961 T:4368 debug : CVideoPlayerVideo::OutputPicture - ttd:423ms pts:9.551 Clock:9.128 Level:5
2024-06-04 18:08:14.996 T:4365 debug : CVideoPlayer::ProcessPacket packet from enhancement layer: size:14075 dts:20.562 pts:20.562 dur:41.700ms
2024-06-04 18:08:15.000 T:4365 debug : CVideoPlayer::ProcessVideoData size:185526 dts:20.562 pts:20.562 dur:41.700ms, clock:9.167 level:100
2024-06-04 18:08:15.004 T:4368 debug : CVideoPlayerVideo::OutputPicture - ttd:421ms pts:9.593 Clock:9.171 Level:6
2024-06-04 18:08:15.009 T:4365 debug : CVideoPlayer::ProcessVideoData size:184450 dts:20.604 pts:20.604 dur:41.700ms, clock:9.176 level:100
2024-06-04 18:08:15.045 T:4368 debug : CVideoPlayerVideo::OutputPicture - ttd:423ms pts:9.635 Clock:9.211 Level:6
2024-06-04 18:08:15.088 T:4368 debug : CVideoPlayerVideo::OutputPicture - ttd:421ms pts:9.676 Clock:9.255 Level:6
2024-06-04 18:08:15.090 T:4236 debug : easy_acquire - Created session to https://assets.fanart.tv
2024-06-04 18:08:15.104 T:4365 debug : CVideoPlayer::ProcessPacket packet from enhancement layer: size:13950 dts:20.604 pts:20.604 dur:41.700ms
2024-06-04 18:08:15.110 T:4365 debug : CVideoPlayer::ProcessPacket packet from enhancement layer: size:20313 dts:20.646 pts:20.771 dur:41.700ms
2024-06-04 18:08:15.114 T:4365 debug : CVideoPlayer::ProcessVideoData size:337517 dts:20.646 pts:20.771 dur:41.700ms, clock:9.281 level:100
2024-06-04 18:08:15.119 T:4365 debug : CVideoPlayer::ProcessPacket packet from enhancement layer: size:14397 dts:20.687 pts:20.687 dur:41.700ms
2024-06-04 18:08:15.122 T:4365 debug : CVideoPlayer::ProcessVideoData size:189517 dts:20.687 pts:20.687 dur:41.700ms, clock:9.289 level:100
2024-06-04 18:08:15.126 T:4368 debug : CVideoPlayerVideo::OutputPicture - ttd:425ms pts:9.718 Clock:9.293 Level:6
2024-06-04 18:08:15.149 T:4365 debug : CVideoPlayer::ProcessVideoData size:189399 dts:20.729 pts:20.729 dur:41.700ms, clock:9.316 level:100
2024-06-04 18:08:15.169 T:4368 debug : CVideoPlayerVideo::OutputPicture - ttd:423ms pts:9.760 Clock:9.336 Level:6
2024-06-04 18:08:15.212 T:4368 debug : CVideoPlayerVideo::OutputPicture - ttd:423ms pts:9.801 Clock:9.378 Level:6
2024-06-04 18:08:15.235 T:4365 debug : CVideoPlayer::ProcessPacket packet from enhancement layer: size:14257 dts:20.729 pts:20.729 dur:41.700ms
2024-06-04 18:08:15.241 T:4365 debug : CVideoPlayer::ProcessPacket packet from enhancement layer: size:28776 dts:20.771 pts:20.896 dur:41.700ms
2024-06-04 18:08:15.246 T:4365 debug : CVideoPlayer::ProcessVideoData size:324261 dts:20.771 pts:20.896 dur:41.700ms, clock:9.413 level:100
2024-06-04 18:08:15.247 T:4229 debug : EventClient: button name "right" map "R1" pressed
2024-06-04 18:08:15.251 T:4365 debug : CVideoPlayer::ProcessPacket packet from enhancement layer: size:14123 dts:20.812 pts:20.812 dur:41.700ms
2024-06-04 18:08:15.251 T:4162 debug : HandleKey: 168 (0xa8, obc87) pressed, window 12005, action is StepForward
2024-06-04 18:08:15.254 T:4368 debug : CVideoPlayerVideo::OutputPicture - ttd:422ms pts:9.843 Clock:9.420 Level:6
2024-06-04 18:08:15.254 T:4365 debug : CVideoPlayer::ProcessVideoData size:182138 dts:20.812 pts:20.812 dur:41.700ms, clock:9.421 level:100
2024-06-04 18:08:15.270 T:4365 debug : CVideoPlayer::ProcessVideoData size:182244 dts:20.854 pts:20.854 dur:41.700ms, clock:9.437 level:100
2024-06-04 18:08:15.272 T:4365 debug : CVideoPlayer::ProcessPacket packet from enhancement layer: size:13993 dts:20.854 pts:20.854 dur:41.700ms
2024-06-04 18:08:15.278 T:4365 debug : CVideoPlayer::ProcessPacket packet from enhancement layer: size:30657 dts:20.896 pts:21.021 dur:41.700ms
2024-06-04 18:08:15.281 T:4365 debug : CVideoPlayer::ProcessVideoData size:322707 dts:20.896 pts:21.021 dur:41.700ms, clock:9.448 level:100
2024-06-04 18:08:15.285 T:4365 debug : CVideoPlayer::ProcessPacket packet from enhancement layer: size:13674 dts:20.938 pts:20.938 dur:41.700ms
2024-06-04 18:08:15.298 T:4368 debug : CVideoPlayerVideo::OutputPicture - ttd:419ms pts:9.885 Clock:9.465 Level:5
2024-06-04 18:08:15.338 T:4368 debug : CVideoPlayerVideo::OutputPicture - ttd:421ms pts:9.927 Clock:9.505 Level:5
2024-06-04 18:08:15.361 T:4365 debug : CVideoPlayer::ProcessVideoData size:181955 dts:20.938 pts:20.938 dur:41.700ms, clock:9.528 level:100
2024-06-04 18:08:15.368 T:4365 debug : CVideoPlayer::ProcessVideoData size:182760 dts:20.979 pts:20.979 dur:41.700ms, clock:9.535 level:100
2024-06-04 18:08:15.371 T:4365 debug : CVideoPlayer::ProcessPacket packet from enhancement layer: size:13938 dts:20.979 pts:20.979 dur:41.700ms
2024-06-04 18:08:15.376 T:4368 debug : CVideoPlayerVideo::OutputPicture - ttd:425ms pts:9.968 Clock:9.543 Level:6
2024-06-04 18:08:15.394 T:4229 debug : EventClient: button name "right" map "R1" pressed
2024-06-04 18:08:15.418 T:4368 debug : CVideoPlayerVideo::OutputPicture - ttd:425ms pts:10.010 Clock:9.585 Level:6
2024-06-04 18:08:15.427 T:4162 debug : HandleKey: 168 (0xa8, obc87) pressed, window 12005, action is StepForward
2024-06-04 18:08:15.447 T:4365 debug : CVideoPlayer::ProcessPacket packet from enhancement layer: size:31704 dts:21.021 pts:21.146 dur:41.700ms
2024-06-04 18:08:15.450 T:4365 debug : CVideoPlayer::ProcessVideoData size:312416 dts:21.021 pts:21.146 dur:41.700ms, clock:9.617 level:100
2024-06-04 18:08:15.461 T:4368 debug : CVideoPlayerVideo::OutputPicture - ttd:423ms pts:10.052 Clock:9.628 Level:5
2024-06-04 18:08:15.486 T:4365 debug : CVideoPlayer::ProcessPacket packet from enhancement layer: size:13032 dts:21.063 pts:21.063 dur:41.700ms
2024-06-04 18:08:15.489 T:4365 debug : CVideoPlayer::ProcessVideoData size:181274 dts:21.063 pts:21.063 dur:41.700ms, clock:9.656 level:99
2024-06-04 18:08:15.501 T:4368 debug : CVideoPlayerVideo::OutputPicture - ttd:425ms pts:10.093 Clock:9.668 Level:6
2024-06-04 18:08:15.506 T:4365 debug : CVideoPlayer::ProcessVideoData size:180172 dts:21.104 pts:21.104 dur:41.700ms, clock:9.673 level:99
2024-06-04 18:08:15.509 T:4365 debug : CVideoPlayer::ProcessPacket packet from enhancement layer: size:12833 dts:21.104 pts:21.104 dur:41.700ms
2024-06-04 18:08:15.517 T:4365 debug : CVideoPlayer::ProcessPacket packet from enhancement layer: size:31793 dts:21.146 pts:21.271 dur:41.700ms
2024-06-04 18:08:15.522 T:4365 debug : CVideoPlayer::ProcessVideoData size:306229 dts:21.146 pts:21.271 dur:41.700ms, clock:9.689 level:100
2024-06-04 18:08:15.533 T:4229 debug : EventClient: button name "right" map "R1" pressed
2024-06-04 18:08:15.545 T:4162 debug : HandleKey: 168 (0xa8, obc87) pressed, window 12005, action is StepForward
2024-06-04 18:08:15.545 T:4368 debug : CVideoPlayerVideo::OutputPicture - ttd:422ms pts:10.135 Clock:9.712 Level:6
2024-06-04 18:08:15.588 T:4368 debug : CVideoPlayerVideo::OutputPicture - ttd:421ms pts:10.177 Clock:9.755 Level:6
2024-06-04 18:08:15.596 T:4365 debug : CVideoPlayer::ProcessPacket packet from enhancement layer: size:12693 dts:21.188 pts:21.188 dur:41.700ms
2024-06-04 18:08:15.599 T:4365 debug : CVideoPlayer::ProcessVideoData size:180493 dts:21.188 pts:21.188 dur:41.700ms, clock:9.766 level:98
2024-06-04 18:08:15.615 T:4365 debug : CVideoPlayer::ProcessVideoData size:179690 dts:21.230 pts:21.230 dur:41.700ms, clock:9.782 level:97
2024-06-04 18:08:15.617 T:4365 debug : CVideoPlayer::ProcessPacket packet from enhancement layer: size:12399 dts:21.230 pts:21.230 dur:41.700ms
2024-06-04 18:08:15.624 T:4365 debug : CVideoPlayer::ProcessPacket packet from enhancement layer: size:31421 dts:21.271 pts:21.396 dur:41.700ms
2024-06-04 18:08:15.629 T:4368 debug : CVideoPlayerVideo::OutputPicture - ttd:422ms pts:10.219 Clock:9.796 Level:5
2024-06-04 18:08:15.629 T:4365 debug : CVideoPlayer::ProcessVideoData size:296512 dts:21.271 pts:21.396 dur:41.700ms, clock:9.796 level:98
2024-06-04 18:08:15.659 T:4229 debug : EventClient: button name "right" map "R1" pressed
2024-06-04 18:08:15.669 T:4162 debug : HandleKey: 168 (0xa8, obc87) pressed, window 12005, action is StepForward
2024-06-04 18:08:15.669 T:4368 debug : CVideoPlayerVideo::OutputPicture - ttd:423ms pts:10.260 Clock:9.836 Level:6
2024-06-04 18:08:15.684 T:4365 debug : CVideoPlayer::ProcessPacket packet from enhancement layer: size:12679 dts:21.313 pts:21.313 dur:41.700ms
2024-06-04 18:08:15.686 T:4365 debug : CVideoPlayer::ProcessVideoData size:177714 dts:21.313 pts:21.313 dur:41.700ms, clock:9.853 level:100
2024-06-04 18:08:15.702 T:4365 debug : CVideoPlayer::ProcessVideoData size:173523 dts:21.355 pts:21.355 dur:41.700ms, clock:9.869 level:96
2024-06-04 18:08:15.714 T:4368 debug : CVideoPlayerVideo::OutputPicture - ttd:420ms pts:10.302 Clock:9.881 Level:6
2024-06-04 18:08:15.728 T:4365 debug : CVideoPlayer::ProcessPacket packet from enhancement layer: size:12192 dts:21.355 pts:21.355 dur:41.700ms
2024-06-04 18:08:15.729 T:4365 debug : CVideoPlayer::ProcessPacket packet from enhancement layer: size:78696 dts:21.396 pts:21.521 dur:41.700ms
2024-06-04 18:08:15.735 T:4365 debug : CVideoPlayer::ProcessVideoData size:633453 dts:21.396 pts:21.521 dur:41.700ms, clock:9.902 level:96
2024-06-04 18:08:15.751 T:4368 debug : CVideoPlayerVideo::OutputPicture - ttd:425ms pts:10.344 Clock:9.918 Level:6
2024-06-04 18:08:15.770 T:4365 debug : CVideoPlayer::ProcessPacket packet from enhancement layer: size:10747 dts:21.438 pts:21.438 dur:41.700ms
2024-06-04 18:08:15.779 T:4229 debug : EventClient: button name "right" map "R1" pressed
2024-06-04 18:08:15.793 T:4368 debug : CVideoPlayerVideo::OutputPicture - ttd:425ms pts:10.385 Clock:9.960 Level:6
2024-06-04 18:08:15.794 T:4162 debug : HandleKey: 168 (0xa8, obc87) pressed, window 12005, action is StepForward
2024-06-04 18:08:15.836 T:4236 debug : CCurlFile::GetMimeType - -> image/png
2024-06-04 18:08:15.836 T:4236 debug : CurlFile::Open -
2024-06-04 18:08:15.838 T:4368 debug : CVideoPlayerVideo::OutputPicture - ttd:422ms pts:10.427 Clock:10.005 Level:6
2024-06-04 18:08:15.867 T:4365 debug : CVideoPlayer::ProcessVideoData size:174057 dts:21.438 pts:21.438 dur:41.700ms, clock:10.034 level:95
2024-06-04 18:08:15.879 T:4368 debug : CVideoPlayerVideo::OutputPicture - ttd:423ms pts:10.469 Clock:10.046 Level:6
2024-06-04 18:08:15.888 T:4365 debug : CVideoPlayer::ProcessVideoData size:172379 dts:21.480 pts:21.480 dur:41.700ms, clock:10.054 level:100
2024-06-04 18:08:15.906 T:4229 debug : EventClient: button name "right" map "R1" pressed
2024-06-04 18:08:15.911 T:4365 debug : CVideoPlayer::ProcessPacket packet from enhancement layer: size:10730 dts:21.480 pts:21.480 dur:41.700ms
2024-06-04 18:08:15.919 T:4162 debug : HandleKey: 168 (0xa8, obc87) pressed, window 12005, action is StepForward
2024-06-04 18:08:15.922 T:4368 debug : CVideoPlayerVideo::OutputPicture - ttd:421ms pts:10.510 Clock:10.089 Level:6
2024-06-04 18:08:15.960 T:4365 debug : CVideoPlayer::ProcessPacket packet from enhancement layer: size:24449 dts:21.521 pts:21.647 dur:41.700ms
2024-06-04 18:08:15.963 T:4368 debug : CVideoPlayerVideo::OutputPicture - ttd:421ms pts:10.552 Clock:10.130 Level:6
2024-06-04 18:08:15.978 T:4365 debug : CVideoPlayer::ProcessVideoData size:298482 dts:21.521 pts:21.647 dur:41.700ms, clock:10.145 level:95
2024-06-04 18:08:15.993 T:4365 debug : CVideoPlayer::ProcessPacket packet from enhancement layer: size:9924 dts:21.563 pts:21.563 dur:41.700ms
2024-06-04 18:08:15.995 T:4365 debug : CVideoPlayer::ProcessVideoData size:176720 dts:21.563 pts:21.563 dur:41.700ms, clock:10.162 level:95
2024-06-04 18:08:16.002 T:4368 debug : CVideoPlayerVideo::OutputPicture - ttd:424ms pts:10.594 Clock:10.169 Level:6
2024-06-04 18:08:16.003 T:4365 debug : CVideoPlayer::ProcessVideoData size:176467 dts:21.605 pts:21.605 dur:41.700ms, clock:10.170 level:100
2024-06-04 18:08:16.011 T:4229 debug : EventClient: button name "right" map "R1" pressed
2024-06-04 18:08:16.016 T:4365 debug : CVideoPlayer::ProcessPacket packet from enhancement layer: size:10295 dts:21.605 pts:21.605 dur:41.700ms
2024-06-04 18:08:16.023 T:4340 debug : request received for /jsonrpc
2024-06-04 18:08:16.044 T:4162 info : Skipped 2 duplicate messages..
2024-06-04 18:08:16.044 T:4162 debug : HandleKey: 168 (0xa8, obc87) pressed, window 12005, action is StepForward
2024-06-04 18:08:16.045 T:4368 debug : CVideoPlayerVideo::OutputPicture - ttd:424ms pts:10.636 Clock:10.212 Level:6
2024-06-04 18:08:16.048 T:4340 debug : request received for /jsonrpc
2024-06-04 18:08:16.063 T:4365 debug : CVideoPlayer::ProcessPacket packet from enhancement layer: size:29384 dts:21.647 pts:21.772 dur:41.700ms
2024-06-04 18:08:16.069 T:4365 debug : CVideoPlayer::ProcessVideoData size:289315 dts:21.647 pts:21.772 dur:41.700ms, clock:10.236 level:94
2024-06-04 18:08:16.088 T:4368 debug : CVideoPlayerVideo::OutputPicture - ttd:422ms pts:10.677 Clock:10.255 Level:6
2024-06-04 18:08:16.112 T:4365 debug : CVideoPlayer::ProcessPacket packet from enhancement layer: size:11085 dts:21.688 pts:21.688 dur:41.700ms
2024-06-04 18:08:16.116 T:4365 debug : CVideoPlayer::ProcessVideoData size:172578 dts:21.688 pts:21.688 dur:41.700ms, clock:10.283 level:82
2024-06-04 18:08:16.120 T:4229 debug : EventClient: button name "right" map "R1" pressed
2024-06-04 18:08:16.121 T:4365 debug : CVideoPlayer::ProcessVideoData size:171696 dts:21.730 pts:21.730 dur:41.700ms, clock:10.288 level:82
2024-06-04 18:08:16.123 T:4365 debug : CVideoPlayer::ProcessPacket packet from enhancement layer: size:10884 dts:21.730 pts:21.730 dur:41.700ms
2024-06-04 18:08:16.127 T:4162 debug : HandleKey: 168 (0xa8, obc87) pressed, window 12005, action is StepForward
2024-06-04 18:08:16.128 T:4368 debug : CVideoPlayerVideo::OutputPicture - ttd:424ms pts:10.719 Clock:10.295 Level:6
2024-06-04 18:08:16.129 T:4365 debug : CVideoPlayer::ProcessPacket packet from enhancement layer: size:31059 dts:21.772 pts:21.897 dur:41.700ms
2024-06-04 18:08:16.135 T:4365 debug : CVideoPlayer::ProcessVideoData size:286459 dts:21.772 pts:21.897 dur:41.700ms, clock:10.302 level:84
2024-06-04 18:08:16.171 T:4368 debug : CVideoPlayerVideo::OutputPicture - ttd:422ms pts:10.761 Clock:10.338 Level:6
2024-06-04 18:08:16.213 T:4368 debug : CVideoPlayerVideo::OutputPicture - ttd:422ms pts:10.802 Clock:10.380 Level:6
2024-06-04 18:08:16.238 T:4229 debug : EventClient: button name "right" map "R1" pressed
2024-06-04 18:08:16.241 T:4365 debug : CVideoPlayer::ProcessPacket packet from enhancement layer: size:11631 dts:21.813 pts:21.813 dur:41.700ms
2024-06-04 18:08:16.248 T:4365 debug : CVideoPlayer::ProcessVideoData size:172402 dts:21.813 pts:21.813 dur:41.700ms, clock:10.415 level:82
2024-06-04 18:08:16.253 T:4162 debug : HandleKey: 168 (0xa8, obc87) pressed, window 12005, action is StepForward
2024-06-04 18:08:16.261 T:4365 debug : CVideoPlayer::ProcessVideoData size:171193 dts:21.855 pts:21.855 dur:41.700ms, clock:10.428 level:82
2024-06-04 18:08:16.263 T:4365 debug : CVideoPlayer::ProcessPacket packet from enhancement layer: size:11811 dts:21.855 pts:21.855 dur:41.700ms
2024-06-04 18:08:16.264 T:4368 debug : CVideoPlayerVideo::OutputPicture - ttd:413ms pts:10.844 Clock:10.431 Level:5
2024-06-04 18:08:16.269 T:4365 debug : CVideoPlayer::ProcessPacket packet from enhancement layer: size:32131 dts:21.897 pts:22.022 dur:41.700ms
2024-06-04 18:08:16.271 T:4365 debug : CVideoPlayer::ProcessVideoData size:283089 dts:21.897 pts:22.022 dur:41.700ms, clock:10.438 level:83
2024-06-04 18:08:16.276 T:4365 debug : CVideoPlayer::ProcessPacket packet from enhancement layer: size:11497 dts:21.939 pts:21.939 dur:41.700ms
2024-06-04 18:08:16.298 T:4368 debug : CVideoPlayerVideo::OutputPicture - ttd:421ms pts:10.886 Clock:10.464 Level:6
2024-06-04 18:08:16.313 T:4365 debug : CVideoPlayer::ProcessVideoData size:171276 dts:21.939 pts:21.939 dur:41.700ms, clock:10.480 level:83
2024-06-04 18:08:16.319 T:4365 debug : CVideoPlayer::ProcessVideoData size:170434 dts:21.980 pts:21.980 dur:41.700ms, clock:10.486 level:83
2024-06-04 18:08:16.338 T:4368 debug : CVideoPlayerVideo::OutputPicture - ttd:422ms pts:10.928 Clock:10.505 Level:6
2024-06-04 18:08:16.362 T:4365 debug : CVideoPlayer::ProcessPacket packet from enhancement layer: size:11055 dts:21.980 pts:21.980 dur:41.700ms
2024-06-04 18:08:16.368 T:4365 debug : CVideoPlayer::ProcessPacket packet from enhancement layer: size:32779 dts:22.022 pts:22.147 dur:41.700ms
2024-06-04 18:08:16.371 T:4365 debug : CVideoPlayer::ProcessVideoData size:281783 dts:22.022 pts:22.147 dur:41.700ms, clock:10.538 level:84
2024-06-04 18:08:16.374 T:4365 debug : CVideoPlayer::ProcessPacket packet from enhancement layer: size:10690 dts:22.064 pts:22.064 dur:41.700ms
2024-06-04 18:08:16.381 T:4365 debug : CVideoPlayer::ProcessVideoData size:171050 dts:22.064 pts:22.064 dur:41.700ms, clock:10.548 level:85
2024-06-04 18:08:16.382 T:4368 debug : CVideoPlayerVideo::OutputPicture - ttd:420ms pts:10.969 Clock:10.549 Level:5
2024-06-04 18:08:16.387 T:4365 debug : CVideoPlayer::ProcessVideoData size:169487 dts:22.105 pts:22.105 dur:41.700ms, clock:10.554 level:84
2024-06-04 18:08:16.397 T:4365 debug : CVideoPlayer::ProcessPacket packet from enhancement layer: size:10481 dts:22.105 pts:22.105 dur:41.700ms
2024-06-04 18:08:16.403 T:4365 debug : CVideoPlayer::ProcessPacket packet from enhancement layer: size:32572 dts:22.147 pts:22.272 dur:41.700ms
2024-06-04 18:08:16.407 T:4365 debug : CVideoPlayer::ProcessVideoData size:280633 dts:22.147 pts:22.272 dur:41.700ms, clock:10.574 level:100
2024-06-04 18:08:16.422 T:4368 debug : CVideoPlayerVideo::OutputPicture - ttd:422ms pts:11.011 Clock:10.589 Level:6
2024-06-04 18:08:16.463 T:4368 debug : CVideoPlayerVideo::OutputPicture - ttd:422ms pts:11.053 Clock:10.630 Level:6
2024-06-04 18:08:16.484 T:4365 debug : CVideoPlayer::ProcessPacket packet from enhancement layer: size:11129 dts:22.189 pts:22.189 dur:41.700ms
2024-06-04 18:08:16.504 T:4368 debug : CVideoPlayerVideo::OutputPicture - ttd:423ms pts:11.094 Clock:10.671 Level:6
2024-06-04 18:08:16.545 T:4365 debug : CVideoPlayer::ProcessVideoData size:170109 dts:22.189 pts:22.189 dur:41.700ms, clock:10.712 level:85
2024-06-04 18:08:16.547 T:4368 debug : CVideoPlayerVideo::OutputPicture - ttd:422ms pts:11.136 Clock:10.714 Level:6
2024-06-04 18:08:16.589 T:4368 debug : CVideoPlayerVideo::OutputPicture - ttd:421ms pts:11.178 Clock:10.756 Level:6
2024-06-04 18:08:16.590 T:4365 debug : CVideoPlayer::ProcessVideoData size:170382 dts:22.231 pts:22.231 dur:41.700ms, clock:10.757 level:100
2024-06-04 18:08:16.626 T:4365 debug : CVideoPlayer::ProcessPacket packet from enhancement layer: size:11001 dts:22.231 pts:22.231 dur:41.700ms
2024-06-04 18:08:16.628 T:4368 debug : CVideoPlayerVideo::OutputPicture - ttd:425ms pts:11.220 Clock:10.795 Level:6
2024-06-04 18:08:16.628 T:4365 debug : CVideoPlayer::ProcessPacket packet from enhancement layer: size:76144 dts:22.272 pts:22.397 dur:41.700ms
2024-06-04 18:08:16.640 T:4365 debug : CVideoPlayer::ProcessVideoData size:619501 dts:22.272 pts:22.397 dur:41.700ms, clock:10.807 level:85
2024-06-04 18:08:16.673 T:4368 debug : CVideoPlayerVideo::OutputPicture - ttd:421ms pts:11.261 Clock:10.840 Level:6
2024-06-04 18:08:16.713 T:4368 debug : CVideoPlayerVideo::OutputPicture - ttd:422ms pts:11.303 Clock:10.880 Level:6
2024-06-04 18:08:16.736 T:4365 debug : CVideoPlayer::ProcessPacket packet from enhancement layer: size:9575 dts:22.314 pts:22.314 dur:41.700ms
2024-06-04 18:08:16.739 T:4365 debug : CVideoPlayer::ProcessVideoData size:170087 dts:22.314 pts:22.314 dur:41.700ms, clock:10.906 level:83
2024-06-04 18:08:16.745 T:4365 debug : CVideoPlayer::ProcessVideoData size:169826 dts:22.356 pts:22.356 dur:41.700ms, clock:10.911 level:83
2024-06-04 18:08:16.745 T:4365 debug : CVideoPlayer::ProcessPacket packet from enhancement layer: size:9528 dts:22.356 pts:22.356 dur:41.700ms
2024-06-04 18:08:16.755 T:4368 debug : CVideoPlayerVideo::OutputPicture - ttd:422ms pts:11.345 Clock:10.922 Level:6
2024-06-04 18:08:16.797 T:4368 debug : CVideoPlayerVideo::OutputPicture - ttd:422ms pts:11.386 Clock:10.964 Level:6
2024-06-04 18:08:16.836 T:4368 debug : CVideoPlayerVideo::OutputPicture - ttd:425ms pts:11.428 Clock:11.003 Level:6
2024-06-04 18:08:16.862 T:4365 debug : CVideoPlayer::ProcessPacket packet from enhancement layer: size:23569 dts:22.397 pts:22.522 dur:41.700ms
2024-06-04 18:08:16.865 T:4365 debug : CVideoPlayer::ProcessVideoData size:289446 dts:22.397 pts:22.522 dur:41.700ms, clock:11.032 level:83
2024-06-04 18:08:16.868 T:4365 debug : CVideoPlayer::ProcessPacket packet from enhancement layer: size:9853 dts:22.439 pts:22.439 dur:41.700ms
2024-06-04 18:08:16.873 T:4365 debug : CVideoPlayer::ProcessVideoData size:176727 dts:22.439 pts:22.439 dur:41.700ms, clock:11.040 level:83
2024-06-04 18:08:16.878 T:4368 debug : CVideoPlayerVideo::OutputPicture - ttd:424ms pts:11.470 Clock:11.045 Level:6
2024-06-04 18:08:16.881 T:4365 debug : CVideoPlayer::ProcessVideoData size:176787 dts:22.481 pts:22.481 dur:41.700ms, clock:11.048 level:83
2024-06-04 18:08:16.883 T:4365 debug : CVideoPlayer::ProcessPacket packet from enhancement layer: size:9683 dts:22.481 pts:22.481 dur:41.700ms
2024-06-04 18:08:16.900 T:4365 debug : CVideoPlayer::ProcessPacket packet from enhancement layer: size:27596 dts:22.522 pts:22.648 dur:41.700ms
2024-06-04 18:08:16.905 T:4365 debug : CVideoPlayer::ProcessVideoData size:286328 dts:22.522 pts:22.648 dur:41.700ms, clock:11.072 level:100
2024-06-04 18:08:16.920 T:4368 debug : CVideoPlayerVideo::OutputPicture - ttd:424ms pts:11.511 Clock:11.087 Level:6
2024-06-04 18:08:16.962 T:4368 debug : CVideoPlayerVideo::OutputPicture - ttd:424ms pts:11.553 Clock:11.129 Level:6
2024-06-04 18:08:16.989 T:4365 debug : CVideoPlayer::ProcessPacket packet from enhancement layer: size:10270 dts:22.564 pts:22.564 dur:41.700ms
2024-06-04 18:08:16.994 T:4365 debug : CVideoPlayer::ProcessVideoData size:172300 dts:22.564 pts:22.564 dur:41.700ms, clock:11.161 level:84
2024-06-04 18:08:16.999 T:4365 debug : CVideoPlayer::ProcessVideoData size:186979 dts:22.606 pts:22.606 dur:41.700ms, clock:11.166 level:84
2024-06-04 18:08:17.005 T:4368 debug : CVideoPlayerVideo::OutputPicture - ttd:422ms pts:11.595 Clock:11.172 Level:6
2024-06-04 18:08:17.009 T:4368 debug : CAMLCodec::SetSpeed, speed(0)
2024-06-04 18:08:17.009 T:4365 debug : CDVDClock::SetSpeedAdjust - adjusted:0.000000
2024-06-04 18:08:17.009 T:4365 debug : demuxer seek to: 3011342.456597
2024-06-04 18:08:17.009 T:4365 debug : CBlurayCallback::Logger - register.c:420: bd_psr_write(): PSR8 (TIME) 0x7fff8 -> 0x81bb200
2024-06-04 18:08:17.010 T:4365 debug : CBlurayCallback::Logger - bluray.c:3181: PSR change: psr8 = 136032768
2024-06-04 18:08:17.010 T:4365 debug : CBlurayCallback::Logger - register.c:420: bd_psr_write(): PSR5 (CHAPTER) 0x1 -> 0x7
2024-06-04 18:08:17.010 T:4365 debug : CBlurayCallback::Logger - bluray.c:3181: PSR change: psr5 = 7
2024-06-04 18:08:17.010 T:4365 debug : CBlurayCallback::Logger - bluray.c:1694: Seek to 26843157888
2024-06-04 18:08:17.010 T:4365 debug : CDVDInputStreamBluray - BD_EVENT_SEEK
2024-06-04 18:08:17.010 T:4365 debug : CDVDInputStreamBluray - BD_EVENT_CHAPTER 7
2024-06-04 18:08:17.011 T:4365 debug : demuxer seek to: 3011342.456597, success
2024-06-04 18:08:17.011 T:4365 debug : CVideoPlayer::FlushBuffers - flushing buffers
2024-06-04 18:08:17.084 T:4369 debug : CDVDAudio::Pause - pausing audio stream
2024-06-04 18:08:17.085 T:4368 debug : CAMLCodec::Reset
2024-06-04 18:08:17.098 T:4369 debug : CDVDAudio::Flush - flush audio stream
2024-06-04 18:08:17.098 T:4369 debug : CDVDAudio::Pause - pausing audio stream
2024-06-04 18:08:17.135 T:4369 debug : CVideoPlayerAudio - CDVDMsg::GENERAL_SYNCHRONIZE
2024-06-04 18:08:17.135 T:4368 debug : CVideoPlayerVideo - CDVDMsg::GENERAL_SYNCHRONIZE
2024-06-04 18:08:17.218 T:4365 debug : CVideoPlayer::ProcessPacket packet from enhancement layer: size:60174 dts:3011.175 pts:3011.300 dur:41.700ms
2024-06-04 18:08:17.218 T:4368 debug : CVideoPlayerVideo - Stillframe left, switching to normal playback
2024-06-04 18:08:17.224 T:4365 debug : CVideoPlayer::ProcessPacket packet from enhancement layer: size:15898 dts:3011.216 pts:3011.216 dur:41.700ms
2024-06-04 18:08:17.226 T:4369 info : CAEStreamParser::SyncTrueHD - TrueHD stream detected (8 channels, 48000Hz)
2024-06-04 18:08:17.228 T:4365 debug : CVideoPlayer::ProcessVideoData size:196928 dts:3011.216 pts:3011.216 dur:41.700ms, clock:3010.716 level:0
2024-06-04 18:08:17.235 T:4365 debug : CVideoPlayer::ProcessVideoData size:203289 dts:3011.258 pts:3011.258 dur:41.700ms, clock:3010.716 level:0
2024-06-04 18:08:17.241 T:4365 debug : CVideoPlayer::ProcessPacket packet from enhancement layer: size:15528 dts:3011.258 pts:3011.258 dur:41.700ms
2024-06-04 18:08:17.247 T:4365 debug : CVideoPlayer::ProcessPacket packet from enhancement layer: size:27857 dts:3011.300 pts:3011.425 dur:41.700ms
2024-06-04 18:08:17.251 T:4365 debug : CVideoPlayer::ProcessVideoData size:416331 dts:3011.300 pts:3011.425 dur:41.700ms, clock:3010.716 level:0
2024-06-04 18:08:17.257 T:4365 debug : CVideoPlayer::ProcessPacket packet from enhancement layer: size:20702 dts:3011.342 pts:3011.342 dur:41.700ms
2024-06-04 18:08:17.262 T:4365 debug : CVideoPlayer::HandleMessages - player started 1
2024-06-04 18:08:17.262 T:4312 debug : OnAVChange: CApplication::OnAVChange
2024-06-04 18:08:17.263 T:4365 debug : CVideoPlayer::ProcessVideoData size:178265 dts:3011.342 pts:3011.342 dur:41.700ms, clock:3010.716 level:0
2024-06-04 18:08:17.268 T:4365 debug : CVideoPlayer::ProcessVideoData size:204184 dts:3011.383 pts:3011.383 dur:41.700ms, clock:3010.716 level:0
2024-06-04 18:08:17.273 T:4365 debug : CVideoPlayer::ProcessPacket packet from enhancement layer: size:16534 dts:3011.383 pts:3011.383 dur:41.700ms
2024-06-04 18:08:17.279 T:4365 debug : CVideoPlayer::ProcessPacket packet from enhancement layer: size:33574 dts:3011.425 pts:3011.550 dur:41.700ms
2024-06-04 18:08:17.282 T:4365 debug : CVideoPlayer::ProcessVideoData size:411455 dts:3011.425 pts:3011.550 dur:41.700ms, clock:3010.716 level:0
2024-06-04 18:08:17.286 T:4365 debug : CVideoPlayer::ProcessPacket packet from enhancement layer: size:22410 dts:3011.467 pts:3011.467 dur:41.700ms
2024-06-04 18:08:17.289 T:4365 debug : CVideoPlayer::ProcessVideoData size:166870 dts:3011.467 pts:3011.467 dur:41.700ms, clock:3010.716 level:0
2024-06-04 18:08:17.296 T:4365 debug : CVideoPlayer::ProcessVideoData size:194631 dts:3011.508 pts:3011.508 dur:41.700ms, clock:3010.716 level:0
2024-06-04 18:08:17.302 T:4365 debug : CVideoPlayer::ProcessPacket packet from enhancement layer: size:17891 dts:3011.508 pts:3011.508 dur:41.700ms
2024-06-04 18:08:17.309 T:4365 debug : CVideoPlayer::ProcessPacket packet from enhancement layer: size:34387 dts:3011.550 pts:3011.675 dur:41.700ms
2024-06-04 18:08:17.312 T:4365 debug : CVideoPlayer::ProcessVideoData size:412582 dts:3011.550 pts:3011.675 dur:41.700ms, clock:3010.716 level:0
2024-06-04 18:08:17.317 T:4365 debug : CVideoPlayer::ProcessPacket packet from enhancement layer: size:17750 dts:3011.592 pts:3011.592 dur:41.700ms
2024-06-04 18:08:17.320 T:4365 debug : CVideoPlayer::ProcessVideoData size:194270 dts:3011.592 pts:3011.592 dur:41.700ms, clock:3010.716 level:0
2024-06-04 18:08:17.326 T:4365 debug : CVideoPlayer::ProcessVideoData size:191509 dts:3011.634 pts:3011.634 dur:41.700ms, clock:3010.716 level:0
2024-06-04 18:08:17.331 T:4365 debug : CVideoPlayer::ProcessPacket packet from enhancement layer: size:18487 dts:3011.634 pts:3011.634 dur:41.700ms
2024-06-04 18:08:17.340 T:4365 debug : CVideoPlayer::ProcessPacket packet from enhancement layer: size:34360 dts:3011.675 pts:3011.800 dur:41.700ms
2024-06-04 18:08:17.346 T:4365 debug : CVideoPlayer::ProcessVideoData size:400281 dts:3011.675 pts:3011.800 dur:41.700ms, clock:3010.716 level:0
2024-06-04 18:08:17.349 T:4365 debug : CVideoPlayer::ProcessPacket packet from enhancement layer: size:18545 dts:3011.717 pts:3011.717 dur:41.700ms
2024-06-04 18:08:17.352 T:4365 debug : CVideoPlayer::ProcessVideoData size:187586 dts:3011.717 pts:3011.717 dur:41.700ms, clock:3010.716 level:0
2024-06-04 18:08:17.359 T:4365 debug : CVideoPlayer::ProcessVideoData size:186208 dts:3011.759 pts:3011.759 dur:41.700ms, clock:3010.716 level:0
2024-06-04 18:08:17.363 T:4365 debug : CVideoPlayer::ProcessPacket packet from enhancement layer: size:18546 dts:3011.759 pts:3011.759 dur:41.700ms
2024-06-04 18:08:17.372 T:4365 debug : CVideoPlayer::ProcessPacket packet from enhancement layer: size:34137 dts:3011.800 pts:3011.925 dur:41.700ms
2024-06-04 18:08:17.375 T:4365 debug : CVideoPlayer::ProcessVideoData size:393989 dts:3011.800 pts:3011.925 dur:41.700ms, clock:3010.716 level:0
2024-06-04 18:08:17.380 T:4365 debug : CVideoPlayer::ProcessPacket packet from enhancement layer: size:18358 dts:3011.842 pts:3011.842 dur:41.700ms
2024-06-04 18:08:17.382 T:4365 debug : CVideoPlayer::ProcessVideoData size:184387 dts:3011.842 pts:3011.842 dur:41.700ms, clock:3010.716 level:0
2024-06-04 18:08:17.389 T:4365 debug : CVideoPlayer::ProcessVideoData size:182803 dts:3011.884 pts:3011.884 dur:41.700ms, clock:3010.716 level:0
2024-06-04 18:08:17.393 T:4365 debug : CVideoPlayer::ProcessPacket packet from enhancement layer: size:18520 dts:3011.884 pts:3011.884 dur:41.700ms
2024-06-04 18:08:17.400 T:4365 debug : CVideoPlayer::ProcessPacket packet from enhancement layer: size:31802 dts:3011.925 pts:3012.051 dur:41.700ms
2024-06-04 18:08:17.404 T:4365 debug : CVideoPlayer::ProcessVideoData size:388672 dts:3011.925 pts:3012.051 dur:41.700ms, clock:3010.716 level:0
2024-06-04 18:08:17.409 T:4365 debug : CVideoPlayer::ProcessPacket packet from enhancement layer: size:23763 dts:3011.967 pts:3011.967 dur:41.700ms
2024-06-04 18:08:17.413 T:4365 debug : CVideoPlayer::ProcessVideoData size:180855 dts:3011.967 pts:3011.967 dur:41.700ms, clock:3010.716 level:0
2024-06-04 18:08:17.420 T:4365 debug : CVideoPlayer::ProcessVideoData size:179361 dts:3012.009 pts:3012.009 dur:41.700ms, clock:3010.716 level:0
2024-06-04 18:08:17.437 T:4365 debug : CVideoPlayer::ProcessPacket packet from enhancement layer: size:18087 dts:3012.009 pts:3012.009 dur:41.700ms
2024-06-04 18:08:17.444 T:4365 debug : CVideoPlayer::ProcessPacket packet from enhancement layer: size:57160 dts:3012.051 pts:3012.176 dur:41.700ms
2024-06-04 18:08:17.452 T:4365 debug : CVideoPlayer::ProcessVideoData size:906749 dts:3012.051 pts:3012.176 dur:41.700ms, clock:3010.716 level:0
2024-06-04 18:08:17.457 T:4365 debug : CVideoPlayer::ProcessPacket packet from enhancement layer: size:22349 dts:3012.092 pts:3012.092 dur:41.700ms
2024-06-04 18:08:17.463 T:4365 debug : CVideoPlayer::ProcessVideoData size:180436 dts:3012.092 pts:3012.092 dur:41.700ms, clock:3010.716 level:0
2024-06-04 18:08:17.469 T:4365 debug : CVideoPlayer::ProcessVideoData size:179384 dts:3012.134 pts:3012.134 dur:41.700ms, clock:3010.716 level:0
2024-06-04 18:08:17.475 T:4365 debug : CVideoPlayer::ProcessPacket packet from enhancement layer: size:22184 dts:3012.134 pts:3012.134 dur:41.700ms
2024-06-04 18:08:17.481 T:4365 debug : CVideoPlayer::ProcessPacket packet from enhancement layer: size:25410 dts:3012.176 pts:3012.301 dur:41.700ms
2024-06-04 18:08:17.488 T:4365 debug : CVideoPlayer::ProcessVideoData size:416948 dts:3012.176 pts:3012.301 dur:41.700ms, clock:3010.716 level:0
2024-06-04 18:08:17.490 T:4365 debug : CVideoPlayer::ProcessPacket packet from enhancement layer: size:21287 dts:3012.217 pts:3012.217 dur:41.700ms
2024-06-04 18:08:17.495 T:4365 debug : CVideoPlayer::ProcessVideoData size:186676 dts:3012.217 pts:3012.217 dur:41.700ms, clock:3010.716 level:0
2024-06-04 18:08:17.500 T:4365 debug : CVideoPlayer::ProcessVideoData size:185950 dts:3012.259 pts:3012.259 dur:41.700ms, clock:3010.716 level:0
2024-06-04 18:08:17.505 T:4365 debug : CVideoPlayer::ProcessPacket packet from enhancement layer: size:21472 dts:3012.259 pts:3012.259 dur:41.700ms
2024-06-04 18:08:17.511 T:4365 debug : CVideoPlayer::ProcessPacket packet from enhancement layer: size:41127 dts:3012.301 pts:3012.426 dur:41.700ms
2024-06-04 18:08:17.518 T:4365 debug : CVideoPlayer::ProcessVideoData size:413881 dts:3012.301 pts:3012.426 dur:41.700ms, clock:3010.716 level:0
2024-06-04 18:08:17.521 T:4365 debug : CVideoPlayer::ProcessPacket packet from enhancement layer: size:23813 dts:3012.343 pts:3012.343 dur:41.700ms
2024-06-04 18:08:17.526 T:4365 debug : CVideoPlayer::ProcessVideoData size:184888 dts:3012.343 pts:3012.343 dur:41.700ms, clock:3010.716 level:0
2024-06-04 18:08:17.532 T:4365 debug : CVideoPlayer::ProcessVideoData size:183223 dts:3012.384 pts:3012.384 dur:41.700ms, clock:3010.716 level:0
2024-06-04 18:08:17.536 T:4365 debug : CVideoPlayer::ProcessPacket packet from enhancement layer: size:18383 dts:3012.384 pts:3012.384 dur:41.700ms
2024-06-04 18:08:17.545 T:4365 debug : CVideoPlayer::ProcessPacket packet from enhancement layer: size:42708 dts:3012.426 pts:3012.551 dur:41.700ms
2024-06-04 18:08:17.550 T:4365 debug : CVideoPlayer::ProcessVideoData size:404718 dts:3012.426 pts:3012.551 dur:41.700ms, clock:3010.716 level:0
2024-06-04 18:08:17.553 T:4365 debug : CVideoPlayer::ProcessPacket packet from enhancement layer: size:24296 dts:3012.468 pts:3012.468 dur:41.700ms
2024-06-04 18:08:17.559 T:4365 debug : CVideoPlayer::ProcessVideoData size:184754 dts:3012.468 pts:3012.468 dur:41.700ms, clock:3010.716 level:0
2024-06-04 18:08:17.564 T:4365 debug : CVideoPlayer::ProcessVideoData size:183877 dts:3012.509 pts:3012.509 dur:41.700ms, clock:3010.716 level:0
2024-06-04 18:08:17.570 T:4365 debug : CVideoPlayer::ProcessPacket packet from enhancement layer: size:18730 dts:3012.509 pts:3012.509 dur:41.700ms
2024-06-04 18:08:17.577 T:4365 debug : CVideoPlayer::ProcessPacket packet from enhancement layer: size:32506 dts:3012.551 pts:3012.676 dur:41.700ms
2024-06-04 18:08:17.581 T:4365 debug : CVideoPlayer::ProcessVideoData size:401146 dts:3012.551 pts:3012.676 dur:41.700ms, clock:3010.716 level:0
2024-06-04 18:08:17.584 T:4365 debug : CVideoPlayer::ProcessPacket packet from enhancement layer: size:24146 dts:3012.593 pts:3012.593 dur:41.700ms
2024-06-04 18:08:17.590 T:4365 debug : CVideoPlayer::ProcessVideoData size:182055 dts:3012.593 pts:3012.593 dur:41.700ms, clock:3010.716 level:0
2024-06-04 18:08:17.596 T:4365 debug : CVideoPlayer::ProcessVideoData size:179500 dts:3012.635 pts:3012.635 dur:41.700ms, clock:3010.716 level:0
2024-06-04 18:08:17.601 T:4365 debug : CVideoPlayer::ProcessPacket packet from enhancement layer: size:18573 dts:3012.635 pts:3012.635 dur:41.700ms
2024-06-04 18:08:17.606 T:4365 debug : CVideoPlayer::ProcessPacket packet from enhancement layer: size:41125 dts:3012.676 pts:3012.801 dur:41.700ms
2024-06-04 18:08:17.611 T:4365 debug : CVideoPlayer::ProcessVideoData size:397521 dts:3012.676 pts:3012.801 dur:41.700ms, clock:3010.716 level:0
2024-06-04 18:08:17.619 T:4340 debug : request received for /jsonrpc
2024-06-04 18:08:17.623 T:4365 debug : CVideoPlayer::ProcessPacket packet from enhancement layer: size:24137 dts:3012.718 pts:3012.718 dur:41.700ms
2024-06-04 18:08:17.631 T:4340 debug : request received for /jsonrpc
2024-06-04 18:08:17.631 T:4365 debug : CVideoPlayer::ProcessVideoData size:179549 dts:3012.718 pts:3012.718 dur:41.700ms, clock:3010.716 level:0
2024-06-04 18:08:17.634 T:4368 debug : CVideoPlayerVideo::OutputPicture - ttd:499ms pts:3011.216 Clock:3010.716 Level:0
2024-06-04 18:08:17.636 T:4340 debug : request received for /jsonrpc
2024-06-04 18:08:17.638 T:4236 debug : Caching image 'https://assets.fanart.tv/fanart/movies/370172/hdmovieclearart/no-time-to-die-5dea83f78476f.png' to '9/9a9134b5.png':
2024-06-04 18:08:17.638 T:4236 debug : cached image 'special://masterprofile/Thumbnails/9/9a9134b5.png' size 1000x562
2024-06-04 18:08:17.638 T:4365 debug : CVideoPlayer::ProcessVideoData size:179122 dts:3012.760 pts:3012.760 dur:41.700ms, clock:3010.716 level:0
2024-06-04 18:08:17.643 T:4340 debug : request received for /jsonrpc
2024-06-04 18:08:17.644 T:4365 debug : CVideoPlayer::ProcessPacket packet from enhancement layer: size:18446 dts:3012.760 pts:3012.760 dur:41.700ms
2024-06-04 18:08:17.648 T:4365 debug : CVideoPlayer::ProcessPacket packet from enhancement layer: size:40651 dts:3012.801 pts:3012.926 dur:41.700ms
2024-06-04 18:08:17.654 T:4365 debug : CVideoPlayer::ProcessVideoData size:396829 dts:3012.801 pts:3012.926 dur:41.700ms, clock:3010.716 level:1
2024-06-04 18:08:17.657 T:4365 debug : CVideoPlayer::ProcessPacket packet from enhancement layer: size:24368 dts:3012.843 pts:3012.843 dur:41.700ms
2024-06-04 18:08:17.662 T:4365 debug : CVideoPlayer::ProcessVideoData size:181327 dts:3012.843 pts:3012.843 dur:41.700ms, clock:3010.716 level:2
2024-06-04 18:08:17.666 T:4365 debug : CVideoPlayer::ProcessVideoData size:178984 dts:3012.885 pts:3012.885 dur:41.700ms, clock:3010.716 level:2
