2024-06-04 18:08:38.422 T:4365 debug : CVideoPlayer::ProcessVideoData size:378961 dts:3870.200 pts:3870.325 dur:41.700ms, clock:3857.000 level:42
2024-06-04 18:08:38.428 T:4365 debug : CVideoPlayer::ProcessPacket packet from enhancement layer: size:33635 dts:3870.241 pts:3870.241 dur:41.700ms
2024-06-04 18:08:38.430 T:4365 debug : CVideoPlayer::ProcessVideoData size:149433 dts:3870.241 pts:3870.241 dur:41.700ms, clock:3857.007 level:42
2024-06-04 18:08:38.436 T:4365 debug : CVideoPlayer::ProcessVideoData size:154723 dts:3870.283 pts:3870.283 dur:41.700ms, clock:3857.013 level:42
2024-06-04 18:08:38.441 T:4365 debug : CVideoPlayer::ProcessPacket packet from enhancement layer: size:32974 dts:3870.283 pts:3870.283 dur:41.700ms
2024-06-04 18:08:38.443 T:4368 debug : CVideoPlayerVideo::OutputPicture - ttd:417ms pts:3857.437 Clock:3857.020 Level:6
2024-06-04 18:08:38.448 T:4365 debug : CVideoPlayer::ProcessPacket packet from enhancement layer: size:50050 dts:3870.325 pts:3870.450 dur:41.700ms
2024-06-04 18:08:38.452 T:4365 debug : CVideoPlayer::ProcessVideoData size:406153 dts:3870.325 pts:3870.450 dur:41.700ms, clock:3857.029 level:44
2024-06-04 18:08:38.457 T:4365 debug : CVideoPlayer::ProcessPacket packet from enhancement layer: size:34696 dts:3870.366 pts:3870.366 dur:41.700ms
2024-06-04 18:08:38.459 T:4365 debug : CVideoPlayer::ProcessVideoData size:157398 dts:3870.366 pts:3870.366 dur:41.700ms, clock:3857.037 level:44
2024-06-04 18:08:38.465 T:4365 debug : CVideoPlayer::ProcessVideoData size:158223 dts:3870.408 pts:3870.408 dur:41.700ms, clock:3857.042 level:44
2024-06-04 18:08:38.471 T:4365 debug : CVideoPlayer::ProcessPacket packet from enhancement layer: size:35053 dts:3870.408 pts:3870.408 dur:41.700ms
2024-06-04 18:08:38.476 T:4365 debug : CVideoPlayer::ProcessPacket packet from enhancement layer: size:49493 dts:3870.450 pts:3870.575 dur:41.700ms
2024-06-04 18:08:38.484 T:4365 debug : CVideoPlayer::ProcessVideoData size:424364 dts:3870.450 pts:3870.575 dur:41.700ms, clock:3857.062 level:45
2024-06-04 18:08:38.486 T:4368 debug : CVideoPlayerVideo::OutputPicture - ttd:415ms pts:3857.478 Clock:3857.063 Level:6
2024-06-04 18:08:38.488 T:4365 debug : CVideoPlayer::ProcessPacket packet from enhancement layer: size:35089 dts:3870.491 pts:3870.491 dur:41.700ms
2024-06-04 18:08:38.492 T:4365 debug : CVideoPlayer::ProcessVideoData size:168479 dts:3870.491 pts:3870.491 dur:41.700ms, clock:3857.069 level:46
2024-06-04 18:08:38.496 T:4365 debug : CVideoPlayer::ProcessVideoData size:174469 dts:3870.533 pts:3870.533 dur:41.700ms, clock:3857.074 level:45
2024-06-04 18:08:38.502 T:4365 debug : CVideoPlayer::ProcessPacket packet from enhancement layer: size:34620 dts:3870.533 pts:3870.533 dur:41.700ms
2024-06-04 18:08:38.508 T:4365 debug : CVideoPlayer::ProcessPacket packet from enhancement layer: size:50929 dts:3870.575 pts:3870.700 dur:41.700ms
2024-06-04 18:08:38.514 T:4365 debug : CVideoPlayer::ProcessVideoData size:428897 dts:3870.575 pts:3870.700 dur:41.700ms, clock:3857.091 level:47
2024-06-04 18:08:38.519 T:4365 debug : CVideoPlayer::ProcessPacket packet from enhancement layer: size:27834 dts:3870.617 pts:3870.617 dur:41.700ms
2024-06-04 18:08:38.522 T:4365 debug : CVideoPlayer::ProcessVideoData size:173567 dts:3870.617 pts:3870.617 dur:41.700ms, clock:3857.099 level:47
2024-06-04 18:08:38.527 T:4368 debug : CVideoPlayerVideo::OutputPicture - ttd:416ms pts:3857.520 Clock:3857.104 Level:6
2024-06-04 18:08:38.529 T:4365 debug : CVideoPlayer::ProcessVideoData size:174858 dts:3870.658 pts:3870.658 dur:41.700ms, clock:3857.107 level:47
2024-06-04 18:08:38.535 T:4365 debug : CVideoPlayer::ProcessPacket packet from enhancement layer: size:35268 dts:3870.658 pts:3870.658 dur:41.700ms
2024-06-04 18:08:38.541 T:4365 debug : CVideoPlayer::ProcessPacket packet from enhancement layer: size:42156 dts:3870.700 pts:3870.825 dur:41.700ms
2024-06-04 18:08:38.544 T:4365 debug : CVideoPlayer::ProcessVideoData size:443877 dts:3870.700 pts:3870.825 dur:41.700ms, clock:3857.121 level:48
2024-06-04 18:08:38.548 T:4365 debug : CVideoPlayer::ProcessPacket packet from enhancement layer: size:36107 dts:3870.742 pts:3870.742 dur:41.700ms
2024-06-04 18:08:38.552 T:4365 debug : CVideoPlayer::ProcessVideoData size:173481 dts:3870.742 pts:3870.742 dur:41.700ms, clock:3857.129 level:49
2024-06-04 18:08:38.557 T:4365 debug : CVideoPlayer::ProcessVideoData size:174824 dts:3870.783 pts:3870.783 dur:41.700ms, clock:3857.135 level:49
2024-06-04 18:08:38.569 T:4368 debug : CVideoPlayerVideo::OutputPicture - ttd:415ms pts:3857.562 Clock:3857.146 Level:6
2024-06-04 18:08:38.583 T:4365 debug : CVideoPlayer::ProcessPacket packet from enhancement layer: size:28614 dts:3870.783 pts:3870.783 dur:41.700ms
2024-06-04 18:08:38.586 T:4365 debug : CVideoPlayer::ProcessPacket packet from enhancement layer: size:88958 dts:3870.825 pts:3870.950 dur:41.700ms
2024-06-04 18:08:38.591 T:4365 debug : CVideoPlayer::ProcessVideoData size:1068698 dts:3870.825 pts:3870.950 dur:41.700ms, clock:3857.169 level:50
2024-06-04 18:08:38.597 T:4365 debug : CVideoPlayer::ProcessPacket packet from enhancement layer: size:28428 dts:3870.867 pts:3870.867 dur:41.700ms
2024-06-04 18:08:38.600 T:4365 debug : CVideoPlayer::ProcessVideoData size:181116 dts:3870.867 pts:3870.867 dur:41.700ms, clock:3857.177 level:51
2024-06-04 18:08:38.606 T:4365 debug : CVideoPlayer::ProcessVideoData size:182764 dts:3870.909 pts:3870.909 dur:41.700ms, clock:3857.183 level:50
2024-06-04 18:08:38.608 T:4368 debug : CVideoPlayerVideo::OutputPicture - ttd:418ms pts:3857.604 Clock:3857.185 Level:6
2024-06-04 18:08:38.614 T:4365 debug : CVideoPlayer::ProcessPacket packet from enhancement layer: size:35451 dts:3870.909 pts:3870.909 dur:41.700ms
2024-06-04 18:08:38.621 T:4365 debug : CVideoPlayer::ProcessPacket packet from enhancement layer: size:31186 dts:3870.950 pts:3871.075 dur:41.700ms
2024-06-04 18:08:38.626 T:4365 debug : CVideoPlayer::ProcessVideoData size:576277 dts:3870.950 pts:3871.075 dur:41.700ms, clock:3857.204 level:51
2024-06-04 18:08:38.631 T:4365 debug : CVideoPlayer::ProcessPacket packet from enhancement layer: size:35253 dts:3870.992 pts:3870.992 dur:41.700ms
2024-06-04 18:08:38.635 T:4365 debug : CVideoPlayer::ProcessVideoData size:195360 dts:3870.992 pts:3870.992 dur:41.700ms, clock:3857.212 level:52
2024-06-04 18:08:38.642 T:4365 debug : CVideoPlayer::ProcessVideoData size:201057 dts:3871.034 pts:3871.034 dur:41.700ms, clock:3857.219 level:52
2024-06-04 18:08:38.650 T:4365 debug : CVideoPlayer::ProcessPacket packet from enhancement layer: size:35030 dts:3871.034 pts:3871.034 dur:41.700ms
2024-06-04 18:08:38.652 T:4368 debug : CVideoPlayerVideo::OutputPicture - ttd:416ms pts:3857.645 Clock:3857.229 Level:6
2024-06-04 18:08:38.657 T:4365 debug : CVideoPlayer::ProcessPacket packet from enhancement layer: size:56347 dts:3871.075 pts:3871.201 dur:41.700ms
2024-06-04 18:08:38.660 T:4365 debug : CVideoPlayer::ProcessVideoData size:532660 dts:3871.075 pts:3871.201 dur:41.700ms, clock:3857.238 level:53
2024-06-04 18:08:38.665 T:4365 debug : CVideoPlayer::ProcessPacket packet from enhancement layer: size:31943 dts:3871.117 pts:3871.117 dur:41.700ms
2024-06-04 18:08:38.671 T:4365 debug : CVideoPlayer::ProcessVideoData size:185234 dts:3871.117 pts:3871.117 dur:41.700ms, clock:3857.248 level:53
2024-06-04 18:08:38.675 T:4365 debug : CVideoPlayer::ProcessVideoData size:189444 dts:3871.159 pts:3871.159 dur:41.700ms, clock:3857.252 level:53
2024-06-04 18:08:38.682 T:4365 debug : CVideoPlayer::ProcessPacket packet from enhancement layer: size:31699 dts:3871.159 pts:3871.159 dur:41.700ms
2024-06-04 18:08:38.688 T:4365 debug : CVideoPlayer::ProcessPacket packet from enhancement layer: size:57271 dts:3871.201 pts:3871.326 dur:41.700ms
2024-06-04 18:08:38.693 T:4365 debug : CVideoPlayer::ProcessVideoData size:450854 dts:3871.201 pts:3871.326 dur:41.700ms, clock:3857.271 level:54
2024-06-04 18:08:38.695 T:4368 debug : CVideoPlayerVideo::OutputPicture - ttd:414ms pts:3857.687 Clock:3857.273 Level:6
2024-06-04 18:08:38.698 T:4365 debug : CVideoPlayer::ProcessPacket packet from enhancement layer: size:33203 dts:3871.242 pts:3871.242 dur:41.700ms
2024-06-04 18:08:38.701 T:4365 debug : CVideoPlayer::ProcessVideoData size:194962 dts:3871.242 pts:3871.242 dur:41.700ms, clock:3857.278 level:55
2024-06-04 18:08:38.706 T:4365 debug : CVideoPlayer::ProcessVideoData size:199334 dts:3871.284 pts:3871.284 dur:41.700ms, clock:3857.284 level:55
2024-06-04 18:08:38.714 T:4365 debug : CVideoPlayer::ProcessPacket packet from enhancement layer: size:33284 dts:3871.284 pts:3871.284 dur:41.700ms
2024-06-04 18:08:38.721 T:4365 debug : CVideoPlayer::ProcessPacket packet from enhancement layer: size:59344 dts:3871.326 pts:3871.451 dur:41.700ms
2024-06-04 18:08:38.726 T:4365 debug : CVideoPlayer::ProcessVideoData size:466164 dts:3871.326 pts:3871.451 dur:41.700ms, clock:3857.303 level:56
2024-06-04 18:08:38.729 T:4365 debug : CVideoPlayer::ProcessPacket packet from enhancement layer: size:34139 dts:3871.367 pts:3871.367 dur:41.700ms
2024-06-04 18:08:38.735 T:4365 debug : CVideoPlayer::ProcessVideoData size:199350 dts:3871.367 pts:3871.367 dur:41.700ms, clock:3857.312 level:56
2024-06-04 18:08:38.737 T:4368 debug : CVideoPlayerVideo::OutputPicture - ttd:414ms pts:3857.729 Clock:3857.314 Level:6
2024-06-04 18:08:38.740 T:4365 debug : CVideoPlayer::ProcessVideoData size:200080 dts:3871.409 pts:3871.409 dur:41.700ms, clock:3857.317 level:56
2024-06-04 18:08:38.747 T:4365 debug : CVideoPlayer::ProcessPacket packet from enhancement layer: size:34193 dts:3871.409 pts:3871.409 dur:41.700ms
2024-06-04 18:08:38.758 T:4365 debug : CVideoPlayer::ProcessVideoData size:483501 dts:3871.451 pts:3871.576 dur:41.700ms, clock:3857.335 level:57
2024-06-04 18:08:38.761 T:4365 debug : CVideoPlayer::ProcessPacket packet from enhancement layer: size:63676 dts:3871.451 pts:3871.576 dur:41.700ms
2024-06-04 18:08:38.767 T:4365 debug : CVideoPlayer::ProcessVideoData size:205569 dts:3871.492 pts:3871.492 dur:41.700ms, clock:3857.344 level:58
2024-06-04 18:08:38.768 T:4365 debug : CVideoPlayer::ProcessPacket packet from enhancement layer: size:34226 dts:3871.492 pts:3871.492 dur:41.700ms
2024-06-04 18:08:38.773 T:4368 debug : CVideoPlayerVideo::OutputPicture - ttd:419ms pts:3857.770 Clock:3857.351 Level:6
2024-06-04 18:08:38.774 T:4365 debug : CVideoPlayer::ProcessVideoData size:205768 dts:3871.534 pts:3871.534 dur:41.700ms, clock:3857.352 level:58
2024-06-04 18:08:38.788 T:4365 debug : CVideoPlayer::ProcessPacket packet from enhancement layer: size:34020 dts:3871.534 pts:3871.534 dur:41.700ms
2024-06-04 18:08:38.791 T:4365 debug : CVideoPlayer::ProcessPacket packet from enhancement layer: size:81276 dts:3871.576 pts:3871.701 dur:41.700ms
2024-06-04 18:08:38.794 T:4365 debug : CVideoPlayer::ProcessVideoData size:432361 dts:3871.576 pts:3871.701 dur:41.700ms, clock:3857.371 level:59
2024-06-04 18:08:38.799 T:4365 debug : CVideoPlayer::ProcessPacket packet from enhancement layer: size:42721 dts:3871.618 pts:3871.618 dur:41.700ms
2024-06-04 18:08:38.802 T:4365 debug : CVideoPlayer::ProcessVideoData size:175832 dts:3871.618 pts:3871.618 dur:41.700ms, clock:3857.379 level:59
2024-06-04 18:08:38.808 T:4365 debug : CVideoPlayer::ProcessVideoData size:179147 dts:3871.659 pts:3871.659 dur:41.700ms, clock:3857.385 level:60
2024-06-04 18:08:38.816 T:4368 debug : CVideoPlayerVideo::OutputPicture - ttd:419ms pts:3857.812 Clock:3857.393 Level:6
2024-06-04 18:08:38.829 T:4365 debug : CVideoPlayer::ProcessPacket packet from enhancement layer: size:42764 dts:3871.659 pts:3871.659 dur:41.700ms
2024-06-04 18:08:38.835 T:4365 debug : CVideoPlayer::ProcessPacket packet from enhancement layer: size:64743 dts:3871.701 pts:3871.826 dur:41.700ms
2024-06-04 18:08:38.844 T:4365 debug : CVideoPlayer::ProcessVideoData size:1137135 dts:3871.701 pts:3871.826 dur:41.700ms, clock:3857.422 level:61
2024-06-04 18:08:38.847 T:4365 debug : CVideoPlayer::ProcessPacket packet from enhancement layer: size:33956 dts:3871.743 pts:3871.743 dur:41.700ms
2024-06-04 18:08:38.852 T:4365 debug : CVideoPlayer::ProcessVideoData size:187457 dts:3871.743 pts:3871.743 dur:41.700ms, clock:3857.429 level:61
2024-06-04 18:08:38.856 T:4365 debug : CVideoPlayer::ProcessVideoData size:187434 dts:3871.784 pts:3871.784 dur:41.700ms, clock:3857.433 level:61
2024-06-04 18:08:38.860 T:4368 debug : CVideoPlayerVideo::OutputPicture - ttd:416ms pts:3857.854 Clock:3857.438 Level:6
2024-06-04 18:08:38.865 T:4365 debug : CVideoPlayer::ProcessPacket packet from enhancement layer: size:33997 dts:3871.784 pts:3871.784 dur:41.700ms
2024-06-04 18:08:38.871 T:4365 debug : CVideoPlayer::ProcessPacket packet from enhancement layer: size:55178 dts:3871.826 pts:3871.951 dur:41.700ms
2024-06-04 18:08:38.877 T:4365 debug : CVideoPlayer::ProcessVideoData size:461911 dts:3871.826 pts:3871.951 dur:41.700ms, clock:3857.455 level:62
2024-06-04 18:08:38.881 T:4365 debug : CVideoPlayer::ProcessPacket packet from enhancement layer: size:32190 dts:3871.868 pts:3871.868 dur:41.700ms
2024-06-04 18:08:38.885 T:4365 debug : CVideoPlayer::ProcessVideoData size:196059 dts:3871.868 pts:3871.868 dur:41.700ms, clock:3857.462 level:63
2024-06-04 18:08:38.889 T:4365 debug : CVideoPlayer::ProcessVideoData size:196845 dts:3871.910 pts:3871.910 dur:41.700ms, clock:3857.466 level:62
2024-06-04 18:08:38.896 T:4365 debug : CVideoPlayer::ProcessPacket packet from enhancement layer: size:32509 dts:3871.910 pts:3871.910 dur:41.700ms
2024-06-04 18:08:38.899 T:4368 debug : CVideoPlayerVideo::OutputPicture - ttd:418ms pts:3857.896 Clock:3857.477 Level:6
2024-06-04 18:08:38.902 T:4365 debug : CVideoPlayer::ProcessPacket packet from enhancement layer: size:52384 dts:3871.951 pts:3872.076 dur:41.700ms
2024-06-04 18:08:38.909 T:4365 debug : CVideoPlayer::ProcessVideoData size:467638 dts:3871.951 pts:3872.076 dur:41.700ms, clock:3857.486 level:64
2024-06-04 18:08:38.913 T:4365 debug : CVideoPlayer::ProcessPacket packet from enhancement layer: size:28310 dts:3871.993 pts:3871.993 dur:41.700ms
2024-06-04 18:08:38.917 T:4365 debug : CVideoPlayer::ProcessVideoData size:187106 dts:3871.993 pts:3871.993 dur:41.700ms, clock:3857.494 level:64
2024-06-04 18:08:38.921 T:4365 debug : CVideoPlayer::ProcessVideoData size:187377 dts:3872.035 pts:3872.035 dur:41.700ms, clock:3857.498 level:64
2024-06-04 18:08:38.929 T:4365 debug : CVideoPlayer::ProcessPacket packet from enhancement layer: size:28372 dts:3872.035 pts:3872.035 dur:41.700ms
2024-06-04 18:08:38.937 T:4365 debug : CVideoPlayer::ProcessVideoData size:485359 dts:3872.076 pts:3872.202 dur:41.700ms, clock:3857.514 level:64
2024-06-04 18:08:38.937 T:4365 debug : CVideoPlayer::ProcessPacket packet from enhancement layer: size:46843 dts:3872.076 pts:3872.202 dur:41.700ms
2024-06-04 18:08:38.946 T:4368 debug : CVideoPlayerVideo::OutputPicture - ttd:413ms pts:3857.937 Clock:3857.523 Level:6
2024-06-04 18:08:38.947 T:4365 debug : CVideoPlayer::ProcessVideoData size:212176 dts:3872.118 pts:3872.118 dur:41.700ms, clock:3857.524 level:65
2024-06-04 18:08:38.948 T:4365 debug : CVideoPlayer::ProcessPacket packet from enhancement layer: size:24450 dts:3872.118 pts:3872.118 dur:41.700ms
2024-06-04 18:08:38.954 T:4365 debug : CVideoPlayer::ProcessVideoData size:218670 dts:3872.160 pts:3872.160 dur:41.700ms, clock:3857.531 level:66
2024-06-04 18:08:38.960 T:4365 debug : CVideoPlayer::ProcessPacket packet from enhancement layer: size:23441 dts:3872.160 pts:3872.160 dur:41.700ms
2024-06-04 18:08:38.968 T:4365 debug : CVideoPlayer::ProcessVideoData size:484770 dts:3872.202 pts:3872.327 dur:41.700ms, clock:3857.545 level:66
2024-06-04 18:08:38.987 T:4368 debug : CVideoPlayerVideo::OutputPicture - ttd:415ms pts:3857.979 Clock:3857.563 Level:6
2024-06-04 18:08:39.026 T:4368 debug : CVideoPlayerVideo::OutputPicture - ttd:417ms pts:3858.021 Clock:3857.603 Level:6
2024-06-04 18:08:39.068 T:4368 debug : CVideoPlayerVideo::OutputPicture - ttd:417ms pts:3858.062 Clock:3857.645 Level:6
2024-06-04 18:08:39.111 T:4368 debug : CVideoPlayerVideo::OutputPicture - ttd:415ms pts:3858.104 Clock:3857.688 Level:6
2024-06-04 18:08:39.149 T:4368 debug : CVideoPlayerVideo::OutputPicture - ttd:419ms pts:3858.146 Clock:3857.727 Level:6
2024-06-04 18:08:39.194 T:4368 debug : CVideoPlayerVideo::OutputPicture - ttd:415ms pts:3858.188 Clock:3857.772 Level:6
2024-06-04 18:08:39.236 T:4368 debug : CVideoPlayerVideo::OutputPicture - ttd:416ms pts:3858.229 Clock:3857.813 Level:6
2024-06-04 18:08:39.277 T:4368 debug : CVideoPlayerVideo::OutputPicture - ttd:417ms pts:3858.271 Clock:3857.854 Level:6
2024-06-04 18:08:39.316 T:4368 debug : CVideoPlayerVideo::OutputPicture - ttd:419ms pts:3858.313 Clock:3857.893 Level:6
2024-06-04 18:08:39.360 T:4368 debug : CVideoPlayerVideo::OutputPicture - ttd:417ms pts:3858.354 Clock:3857.937 Level:6
2024-06-04 18:08:39.404 T:4368 debug : CVideoPlayerVideo::OutputPicture - ttd:415ms pts:3858.396 Clock:3857.981 Level:6
2024-06-04 18:08:39.444 T:4368 debug : CVideoPlayerVideo::OutputPicture - ttd:416ms pts:3858.438 Clock:3858.021 Level:6
2024-06-04 18:08:39.485 T:4368 debug : CVideoPlayerVideo::OutputPicture - ttd:417ms pts:3858.479 Clock:3858.062 Level:6
2024-06-04 18:08:39.527 T:4368 debug : CVideoPlayerVideo::OutputPicture - ttd:416ms pts:3858.521 Clock:3858.105 Level:6
2024-06-04 18:08:39.566 T:4368 debug : CVideoPlayerVideo::OutputPicture - ttd:419ms pts:3858.563 Clock:3858.143 Level:6
2024-06-04 18:08:39.610 T:4368 debug : CVideoPlayerVideo::OutputPicture - ttd:417ms pts:3858.605 Clock:3858.187 Level:6
2024-06-04 18:08:39.650 T:4368 debug : CVideoPlayerVideo::OutputPicture - ttd:418ms pts:3858.646 Clock:3858.228 Level:6
2024-06-04 18:08:39.658 T:4162 debug : ------ Window Deinit (DialogSeekBar.xml) ------
2024-06-04 18:08:39.692 T:4368 debug : CVideoPlayerVideo::OutputPicture - ttd:419ms pts:3858.688 Clock:3858.269 Level:6
2024-06-04 18:08:39.735 T:4368 debug : CVideoPlayerVideo::OutputPicture - ttd:417ms pts:3858.730 Clock:3858.312 Level:6
2024-06-04 18:08:39.779 T:4368 debug : CVideoPlayerVideo::OutputPicture - ttd:414ms pts:3858.771 Clock:3858.357 Level:6
2024-06-04 18:08:39.805 T:4340 debug : request received for /jsonrpc
2024-06-04 18:08:39.821 T:4368 info : Skipped 1 duplicate messages..
2024-06-04 18:08:39.821 T:4368 debug : CVideoPlayerVideo::OutputPicture - ttd:414ms pts:3858.813 Clock:3858.398 Level:6
2024-06-04 18:08:39.822 T:4340 debug : request received for /jsonrpc
2024-06-04 18:08:39.860 T:4368 info : Skipped 1 duplicate messages..
2024-06-04 18:08:39.860 T:4368 debug : CVideoPlayerVideo::OutputPicture - ttd:417ms pts:3858.855 Clock:3858.438 Level:6
2024-06-04 18:08:39.901 T:4368 debug : CVideoPlayerVideo::OutputPicture - ttd:417ms pts:3858.897 Clock:3858.479 Level:6
2024-06-04 18:08:39.943 T:4368 debug : CVideoPlayerVideo::OutputPicture - ttd:417ms pts:3858.938 Clock:3858.520 Level:6
2024-06-04 18:08:39.983 T:4368 debug : CVideoPlayerVideo::OutputPicture - ttd:419ms pts:3858.980 Clock:3858.560 Level:6
2024-06-04 18:08:40.025 T:4368 debug : CVideoPlayerVideo::OutputPicture - ttd:419ms pts:3859.022 Clock:3858.602 Level:6
2024-06-04 18:08:40.068 T:4368 debug : CVideoPlayerVideo::OutputPicture - ttd:418ms pts:3859.063 Clock:3858.645 Level:6
2024-06-04 18:08:40.090 T:4365 debug : CVideoPlayer::ProcessPacket packet from enhancement layer: size:44491 dts:3872.202 pts:3872.327 dur:41.700ms
2024-06-04 18:08:40.099 T:4365 debug : CVideoPlayer::ProcessVideoData size:217613 dts:3872.243 pts:3872.243 dur:41.700ms, clock:3858.676 level:66
2024-06-04 18:08:40.110 T:4368 debug : CVideoPlayerVideo::OutputPicture - ttd:417ms pts:3859.105 Clock:3858.688 Level:6
2024-06-04 18:08:40.151 T:4368 debug : CVideoPlayerVideo::OutputPicture - ttd:418ms pts:3859.147 Clock:3858.728 Level:6
2024-06-04 18:08:40.195 T:4368 debug : CVideoPlayerVideo::OutputPicture - ttd:416ms pts:3859.189 Clock:3858.772 Level:6
2024-06-04 18:08:40.234 T:4368 debug : CVideoPlayerVideo::OutputPicture - ttd:418ms pts:3859.230 Clock:3858.811 Level:6
2024-06-04 18:08:40.277 T:4368 debug : CVideoPlayerVideo::OutputPicture - ttd:417ms pts:3859.272 Clock:3858.854 Level:6
2024-06-04 18:08:40.319 T:4368 debug : CVideoPlayerVideo::OutputPicture - ttd:417ms pts:3859.314 Clock:3858.897 Level:6
2024-06-04 18:08:40.359 T:4368 debug : CVideoPlayerVideo::OutputPicture - ttd:419ms pts:3859.355 Clock:3858.936 Level:6
2024-06-04 18:08:40.402 T:4368 debug : CVideoPlayerVideo::OutputPicture - ttd:418ms pts:3859.397 Clock:3858.979 Level:6
2024-06-04 18:08:40.442 T:4368 debug : CVideoPlayerVideo::OutputPicture - ttd:419ms pts:3859.439 Clock:3859.020 Level:6
2024-06-04 18:08:40.486 T:4368 debug : CVideoPlayerVideo::OutputPicture - ttd:417ms pts:3859.480 Clock:3859.063 Level:6
2024-06-04 18:08:40.529 T:4368 debug : CVideoPlayerVideo::OutputPicture - ttd:415ms pts:3859.522 Clock:3859.106 Level:6
2024-06-04 18:08:40.569 T:4368 debug : CVideoPlayerVideo::OutputPicture - ttd:417ms pts:3859.564 Clock:3859.146 Level:6
2024-06-04 18:08:40.572 T:4368 debug : CVideoPlayerVideo::OutputPicture - ttd:458ms pts:3859.606 Clock:3859.147 Level:6
2024-06-04 18:08:40.651 T:4368 debug : CVideoPlayerVideo::OutputPicture - ttd:418ms pts:3859.647 Clock:3859.228 Level:6
2024-06-04 18:08:40.692 T:4368 debug : CVideoPlayerVideo::OutputPicture - ttd:419ms pts:3859.689 Clock:3859.269 Level:6
2024-06-04 18:08:40.734 T:4368 debug : CVideoPlayerVideo::OutputPicture - ttd:419ms pts:3859.731 Clock:3859.311 Level:6
2024-06-04 18:08:40.777 T:4368 debug : CVideoPlayerVideo::OutputPicture - ttd:417ms pts:3859.772 Clock:3859.355 Level:6
2024-06-04 18:08:40.817 T:4368 debug : CVideoPlayerVideo::OutputPicture - ttd:419ms pts:3859.814 Clock:3859.395 Level:6
2024-06-04 18:08:40.833 T:4365 debug : CVideoPlayer::ProcessPacket packet from enhancement layer: size:22535 dts:3872.243 pts:3872.243 dur:41.700ms
2024-06-04 18:08:40.849 T:4365 debug : CVideoPlayer::ProcessVideoData size:218298 dts:3872.285 pts:3872.285 dur:41.700ms, clock:3859.426 level:66
2024-06-04 18:08:40.860 T:4368 debug : CVideoPlayerVideo::OutputPicture - ttd:418ms pts:3859.856 Clock:3859.437 Level:6
2024-06-04 18:08:40.905 T:4368 debug : CVideoPlayerVideo::OutputPicture - ttd:415ms pts:3859.898 Clock:3859.482 Level:6
2024-06-04 18:08:40.946 T:4368 debug : CVideoPlayerVideo::OutputPicture - ttd:416ms pts:3859.939 Clock:3859.523 Level:6
2024-06-04 18:08:40.988 T:4368 debug : CVideoPlayerVideo::OutputPicture - ttd:416ms pts:3859.981 Clock:3859.565 Level:6
2024-06-04 18:08:41.029 T:4368 debug : CVideoPlayerVideo::OutputPicture - ttd:416ms pts:3860.023 Clock:3859.607 Level:5
2024-06-04 18:08:41.071 T:4368 debug : CVideoPlayerVideo::OutputPicture - ttd:416ms pts:3860.064 Clock:3859.648 Level:5
2024-06-04 18:08:41.110 T:4368 debug : CVideoPlayerVideo::OutputPicture - ttd:418ms pts:3860.106 Clock:3859.688 Level:6
2024-06-04 18:08:41.151 T:4368 debug : CVideoPlayerVideo::OutputPicture - ttd:420ms pts:3860.148 Clock:3859.728 Level:6
2024-06-04 18:08:41.192 T:4368 debug : CVideoPlayerVideo::OutputPicture - ttd:419ms pts:3860.190 Clock:3859.770 Level:6
2024-06-04 18:08:41.238 T:4368 debug : CVideoPlayerVideo::OutputPicture - ttd:415ms pts:3860.231 Clock:3859.815 Level:5
2024-06-04 18:08:41.251 T:4365 debug : CVideoPlayer::ProcessPacket packet from enhancement layer: size:22384 dts:3872.285 pts:3872.285 dur:41.700ms
2024-06-04 18:08:41.257 T:4365 debug : CVideoPlayer::ProcessPacket packet from enhancement layer: size:49399 dts:3872.327 pts:3872.452 dur:41.700ms
2024-06-04 18:08:41.258 T:4340 debug : request received for /jsonrpc
2024-06-04 18:08:41.265 T:4365 debug : CVideoPlayer::ProcessVideoData size:429487 dts:3872.327 pts:3872.452 dur:41.700ms, clock:3859.842 level:66
2024-06-04 18:08:41.273 T:4342 debug : request received for /jsonrpc
2024-06-04 18:08:41.278 T:4368 info : Skipped 1 duplicate messages..
2024-06-04 18:08:41.278 T:4368 debug : CVideoPlayerVideo::OutputPicture - ttd:417ms pts:3860.273 Clock:3859.855 Level:5
2024-06-04 18:08:41.322 T:4368 debug : CVideoPlayerVideo::OutputPicture - ttd:415ms pts:3860.315 Clock:3859.899 Level:5
2024-06-04 18:08:41.363 T:4368 debug : CVideoPlayerVideo::OutputPicture - ttd:415ms pts:3860.356 Clock:3859.941 Level:5
2024-06-04 18:08:41.405 T:4368 debug : CVideoPlayerVideo::OutputPicture - ttd:415ms pts:3860.398 Clock:3859.982 Level:5
2024-06-04 18:08:41.405 T:4340 debug : request received for /jsonrpc
2024-06-04 18:08:41.439 T:4229 info : Skipped 3 duplicate messages..
2024-06-04 18:08:41.439 T:4229 debug : EventClient: button name "right" map "R1" pressed
2024-06-04 18:08:41.444 T:4162 debug : HandleKey: 168 (0xa8, obc87) pressed, window 12005, action is StepForward
2024-06-04 18:08:41.447 T:4162 debug : ------ Window Init (DialogSeekBar.xml) ------
2024-06-04 18:08:41.448 T:4368 debug : CVideoPlayerVideo::OutputPicture - ttd:414ms pts:3860.440 Clock:3860.026 Level:6
2024-06-04 18:08:41.479 T:4342 debug : request received for /jsonrpc
2024-06-04 18:08:41.488 T:4368 info : Skipped 1 duplicate messages..
2024-06-04 18:08:41.488 T:4368 debug : CVideoPlayerVideo::OutputPicture - ttd:415ms pts:3860.481 Clock:3860.066 Level:5
2024-06-04 18:08:41.533 T:4368 debug : CVideoPlayerVideo::OutputPicture - ttd:413ms pts:3860.523 Clock:3860.110 Level:5
2024-06-04 18:08:41.545 T:4365 debug : CVideoPlayer::ProcessPacket packet from enhancement layer: size:28290 dts:3872.368 pts:3872.368 dur:41.700ms
2024-06-04 18:08:41.550 T:4365 debug : CVideoPlayer::ProcessVideoData size:178761 dts:3872.368 pts:3872.368 dur:41.700ms, clock:3860.127 level:66
2024-06-04 18:08:41.575 T:4368 debug : CVideoPlayerVideo::OutputPicture - ttd:413ms pts:3860.565 Clock:3860.152 Level:5
2024-06-04 18:08:41.613 T:4368 debug : CVideoPlayerVideo::OutputPicture - ttd:415ms pts:3860.607 Clock:3860.191 Level:6
2024-06-04 18:08:41.658 T:4368 debug : CPtsTracker: detected pattern of length 1: 41708.33, frameduration: 41708.333333
2024-06-04 18:08:41.658 T:4368 debug : CVideoPlayerVideo::OutputPicture - ttd:413ms pts:3860.648 Clock:3860.235 Level:6
2024-06-04 18:08:41.697 T:4368 debug : CVideoPlayerVideo::OutputPicture - ttd:416ms pts:3860.690 Clock:3860.274 Level:6
2024-06-04 18:08:41.710 T:4229 debug : EventClient: button name "right" map "R1" pressed
2024-06-04 18:08:41.736 T:4162 debug : HandleKey: 168 (0xa8, obc87) pressed, window 12005, action is StepForward
2024-06-04 18:08:41.741 T:4368 debug : CVideoPlayerVideo::OutputPicture - ttd:413ms pts:3860.732 Clock:3860.319 Level:6
2024-06-04 18:08:41.781 T:4368 debug : CVideoPlayerVideo::OutputPicture - ttd:415ms pts:3860.773 Clock:3860.358 Level:6
2024-06-04 18:08:41.824 T:4368 debug : CVideoPlayerVideo::OutputPicture - ttd:414ms pts:3860.815 Clock:3860.401 Level:6
2024-06-04 18:08:41.865 T:4368 debug : CVideoPlayerVideo::OutputPicture - ttd:414ms pts:3860.857 Clock:3860.442 Level:5
2024-06-04 18:08:41.907 T:4368 debug : CVideoPlayerVideo::OutputPicture - ttd:414ms pts:3860.899 Clock:3860.484 Level:5
2024-06-04 18:08:41.949 T:4368 debug : CVideoPlayerVideo::OutputPicture - ttd:414ms pts:3860.940 Clock:3860.526 Level:5
2024-06-04 18:08:41.971 T:4229 debug : EventClient: button name "right" map "R1" pressed
2024-06-04 18:08:41.986 T:4162 debug : HandleKey: 168 (0xa8, obc87) pressed, window 12005, action is StepForward
2024-06-04 18:08:41.989 T:4368 debug : CVideoPlayerVideo::OutputPicture - ttd:415ms pts:3860.982 Clock:3860.567 Level:6
2024-06-04 18:08:42.032 T:4368 debug : CVideoPlayerVideo::OutputPicture - ttd:414ms pts:3861.024 Clock:3860.609 Level:6
2024-06-04 18:08:42.069 T:4368 debug : CVideoPlayerVideo::OutputPicture - ttd:419ms pts:3861.065 Clock:3860.646 Level:6
2024-06-04 18:08:42.112 T:4368 debug : CVideoPlayerVideo::OutputPicture - ttd:418ms pts:3861.107 Clock:3860.689 Level:6
2024-06-04 18:08:42.155 T:4368 debug : CVideoPlayerVideo::OutputPicture - ttd:416ms pts:3861.149 Clock:3860.732 Level:6
2024-06-04 18:08:42.199 T:4368 debug : CVideoPlayerVideo::OutputPicture - ttd:414ms pts:3861.191 Clock:3860.776 Level:6
2024-06-04 18:08:42.238 T:4368 debug : CVideoPlayerVideo::OutputPicture - ttd:416ms pts:3861.232 Clock:3860.815 Level:6
2024-06-04 18:08:42.259 T:4365 debug : CVideoPlayer::ProcessVideoData size:178082 dts:3872.410 pts:3872.410 dur:41.700ms, clock:3860.836 level:66
2024-06-04 18:08:42.278 T:4368 debug : CVideoPlayerVideo::OutputPicture - ttd:418ms pts:3861.274 Clock:3860.856 Level:6
2024-06-04 18:08:42.321 T:4368 debug : CVideoPlayerVideo::OutputPicture - ttd:417ms pts:3861.316 Clock:3860.898 Level:6
2024-06-04 18:08:42.364 T:4368 debug : CVideoPlayerVideo::OutputPicture - ttd:415ms pts:3861.357 Clock:3860.942 Level:6
2024-06-04 18:08:42.406 T:4368 debug : CVideoPlayerVideo::OutputPicture - ttd:416ms pts:3861.399 Clock:3860.983 Level:6
2024-06-04 18:08:42.444 T:4368 debug : CVideoPlayerVideo::OutputPicture - ttd:419ms pts:3861.441 Clock:3861.022 Level:6
2024-06-04 18:08:42.487 T:4368 debug : CVideoPlayerVideo::OutputPicture - ttd:418ms pts:3861.482 Clock:3861.064 Level:6
2024-06-04 18:08:42.505 T:4365 debug : CVideoPlayer::ProcessPacket packet from enhancement layer: size:27960 dts:3872.410 pts:3872.410 dur:41.700ms
2024-06-04 18:08:42.510 T:4365 debug : CVideoPlayer::ProcessPacket packet from enhancement layer: size:49657 dts:3872.452 pts:3872.577 dur:41.700ms
2024-06-04 18:08:42.515 T:4365 debug : CVideoPlayer::ProcessVideoData size:424863 dts:3872.452 pts:3872.577 dur:41.700ms, clock:3861.092 level:67
2024-06-04 18:08:42.532 T:4368 debug : CVideoPlayerVideo::OutputPicture - ttd:415ms pts:3861.524 Clock:3861.109 Level:6
2024-06-04 18:08:42.573 T:4368 debug : CVideoPlayerVideo::OutputPicture - ttd:415ms pts:3861.566 Clock:3861.150 Level:6
2024-06-04 18:08:42.612 T:4368 debug : CVideoPlayerVideo::OutputPicture - ttd:418ms pts:3861.608 Clock:3861.190 Level:6
2024-06-04 18:08:42.656 T:4368 debug : CVideoPlayerVideo::OutputPicture - ttd:416ms pts:3861.649 Clock:3861.233 Level:6
2024-06-04 18:08:42.696 T:4368 debug : CVideoPlayerVideo::OutputPicture - ttd:418ms pts:3861.691 Clock:3861.273 Level:6
2024-06-04 18:08:42.738 T:4365 debug : CDVDClock::SetSpeedAdjust - adjusted:0.000000
2024-06-04 18:08:42.738 T:4368 debug : CAMLCodec::SetSpeed, speed(0)
2024-06-04 18:08:42.738 T:4365 debug : demuxer seek to: 3921520.646539
2024-06-04 18:08:42.738 T:4365 debug : CBlurayCallback::Logger - register.c:420: bd_psr_write(): PSR8 (TIME) 0xa5f6e00 -> 0xa8ca600
2024-06-04 18:08:42.739 T:4365 debug : CBlurayCallback::Logger - bluray.c:3181: PSR change: psr8 = 176989696
2024-06-04 18:08:42.739 T:4365 debug : CBlurayCallback::Logger - register.c:418: bd_psr_write(5, 9): no change in value
2024-06-04 18:08:42.739 T:4365 debug : CBlurayCallback::Logger - bluray.c:3142: PSR write: psr5 = 9
2024-06-04 18:08:42.739 T:4365 debug : CBlurayCallback::Logger - bluray.c:1694: Seek to 34942237440
2024-06-04 18:08:42.739 T:4365 debug : CDVDInputStreamBluray - BD_EVENT_SEEK
2024-06-04 18:08:42.741 T:4369 debug : CDVDAudio::Pause - pausing audio stream
2024-06-04 18:08:42.742 T:4365 debug : demuxer seek to: 3921520.646539, success
2024-06-04 18:08:42.742 T:4365 debug : CVideoPlayer::FlushBuffers - flushing buffers
2024-06-04 18:08:42.782 T:4368 debug : CVideoPlayerVideo::OutputPicture - ttd:417ms pts:3861.733 Clock:3861.315 Level:5
2024-06-04 18:08:42.786 T:4368 debug : CVideoPlayerVideo::OutputPicture - ttd:459ms pts:3861.774 Clock:3861.315 Level:6
2024-06-04 18:08:42.789 T:4368 debug : CAMLCodec::Reset
2024-06-04 18:08:42.805 T:4369 debug : CDVDAudio::Flush - flush audio stream
2024-06-04 18:08:42.805 T:4369 debug : CDVDAudio::Pause - pausing audio stream
2024-06-04 18:08:42.869 T:4368 debug : CVideoPlayerVideo - CDVDMsg::GENERAL_SYNCHRONIZE
2024-06-04 18:08:42.869 T:4369 debug : CVideoPlayerAudio - CDVDMsg::GENERAL_SYNCHRONIZE
2024-06-04 18:08:42.961 T:4369 info : CAEStreamParser::SyncTrueHD - TrueHD stream detected (8 channels, 48000Hz)
2024-06-04 18:08:42.965 T:4365 debug : CVideoPlayer::ProcessPacket packet from enhancement layer: size:114104 dts:3921.334 pts:3921.459 dur:41.700ms
2024-06-04 18:08:42.965 T:4368 debug : CVideoPlayerVideo - Stillframe left, switching to normal playback
2024-06-04 18:08:42.976 T:4365 debug : CVideoPlayer::ProcessPacket packet from enhancement layer: size:21039 dts:3921.376 pts:3921.376 dur:41.700ms
2024-06-04 18:08:42.984 T:4365 debug : CVideoPlayer::ProcessVideoData size:154627 dts:3921.376 pts:3921.376 dur:41.700ms, clock:3920.876 level:0
2024-06-04 18:08:42.989 T:4365 debug : CVideoPlayer::ProcessVideoData size:183263 dts:3921.417 pts:3921.417 dur:41.700ms, clock:3920.876 level:0
2024-06-04 18:08:42.989 T:4340 debug : request received for /jsonrpc
2024-06-04 18:08:42.997 T:4365 debug : CVideoPlayer::ProcessPacket packet from enhancement layer: size:18751 dts:3921.417 pts:3921.417 dur:41.700ms
2024-06-04 18:08:42.999 T:4340 debug : request received for /jsonrpc
2024-06-04 18:08:43.002 T:4365 debug : CVideoPlayer::ProcessPacket packet from enhancement layer: size:31536 dts:3921.459 pts:3921.584 dur:41.700ms
2024-06-04 18:08:43.007 T:4340 debug : request received for /jsonrpc
2024-06-04 18:08:43.007 T:4365 debug : CVideoPlayer::HandleMessages - player started 1
2024-06-04 18:08:43.007 T:4210 debug : OnAVChange: CApplication::OnAVChange
2024-06-04 18:08:43.010 T:4365 debug : CVideoPlayer::ProcessVideoData size:465121 dts:3921.459 pts:3921.584 dur:41.700ms, clock:3920.876 level:0
2024-06-04 18:08:43.013 T:4340 debug : request received for /jsonrpc
2024-06-04 18:08:43.020 T:4365 debug : CVideoPlayer::ProcessPacket packet from enhancement layer: size:23812 dts:3921.501 pts:3921.501 dur:41.700ms
2024-06-04 18:08:43.025 T:4365 debug : CVideoPlayer::ProcessVideoData size:156463 dts:3921.501 pts:3921.501 dur:41.700ms, clock:3920.876 level:0
2024-06-04 18:08:43.033 T:4365 debug : CVideoPlayer::ProcessVideoData size:155799 dts:3921.542 pts:3921.542 dur:41.700ms, clock:3920.876 level:0
2024-06-04 18:08:43.038 T:4365 debug : CVideoPlayer::ProcessPacket packet from enhancement layer: size:23704 dts:3921.542 pts:3921.542 dur:41.700ms
2024-06-04 18:08:43.046 T:4365 debug : CVideoPlayer::ProcessPacket packet from enhancement layer: size:43865 dts:3921.584 pts:3921.709 dur:41.700ms
2024-06-04 18:08:43.053 T:4365 debug : CVideoPlayer::ProcessVideoData size:387736 dts:3921.584 pts:3921.709 dur:41.700ms, clock:3920.876 level:0
2024-06-04 18:08:43.062 T:4365 debug : CVideoPlayer::ProcessPacket packet from enhancement layer: size:21045 dts:3921.626 pts:3921.626 dur:41.700ms
2024-06-04 18:08:43.065 T:4365 debug : CVideoPlayer::ProcessVideoData size:181113 dts:3921.626 pts:3921.626 dur:41.700ms, clock:3920.876 level:0
2024-06-04 18:08:43.073 T:4365 debug : CVideoPlayer::ProcessVideoData size:151681 dts:3921.668 pts:3921.668 dur:41.700ms, clock:3920.876 level:0
2024-06-04 18:08:43.079 T:4365 debug : CVideoPlayer::ProcessPacket packet from enhancement layer: size:24893 dts:3921.668 pts:3921.668 dur:41.700ms
2024-06-04 18:08:43.085 T:4365 debug : CVideoPlayer::ProcessPacket packet from enhancement layer: size:41384 dts:3921.709 pts:3921.834 dur:41.700ms
2024-06-04 18:08:43.092 T:4365 debug : CVideoPlayer::ProcessVideoData size:444760 dts:3921.709 pts:3921.834 dur:41.700ms, clock:3920.876 level:0
2024-06-04 18:08:43.095 T:4365 debug : CVideoPlayer::ProcessPacket packet from enhancement layer: size:24988 dts:3921.751 pts:3921.751 dur:41.700ms
2024-06-04 18:08:43.098 T:4365 debug : CVideoPlayer::ProcessVideoData size:153904 dts:3921.751 pts:3921.751 dur:41.700ms, clock:3920.876 level:0
2024-06-04 18:08:43.104 T:4365 debug : CVideoPlayer::ProcessVideoData size:152533 dts:3921.793 pts:3921.793 dur:41.700ms, clock:3920.876 level:0
2024-06-04 18:08:43.109 T:4365 debug : CVideoPlayer::ProcessPacket packet from enhancement layer: size:18475 dts:3921.793 pts:3921.793 dur:41.700ms
2024-06-04 18:08:43.114 T:4365 debug : CVideoPlayer::ProcessPacket packet from enhancement layer: size:35729 dts:3921.834 pts:3921.960 dur:41.700ms
2024-06-04 18:08:43.119 T:4365 debug : CVideoPlayer::ProcessVideoData size:383957 dts:3921.834 pts:3921.960 dur:41.700ms, clock:3920.876 level:0
2024-06-04 18:08:43.122 T:4365 debug : CVideoPlayer::ProcessPacket packet from enhancement layer: size:18361 dts:3921.876 pts:3921.876 dur:41.700ms
2024-06-04 18:08:43.128 T:4365 debug : CVideoPlayer::ProcessVideoData size:152795 dts:3921.876 pts:3921.876 dur:41.700ms, clock:3920.876 level:0
2024-06-04 18:08:43.132 T:4365 debug : CVideoPlayer::ProcessVideoData size:153120 dts:3921.918 pts:3921.918 dur:41.700ms, clock:3920.876 level:0
2024-06-04 18:08:43.137 T:4365 debug : CVideoPlayer::ProcessPacket packet from enhancement layer: size:18490 dts:3921.918 pts:3921.918 dur:41.700ms
2024-06-04 18:08:43.143 T:4365 debug : CVideoPlayer::ProcessPacket packet from enhancement layer: size:35282 dts:3921.960 pts:3922.085 dur:41.700ms
2024-06-04 18:08:43.147 T:4365 debug : CVideoPlayer::ProcessVideoData size:384128 dts:3921.960 pts:3922.085 dur:41.700ms, clock:3920.876 level:0
2024-06-04 18:08:43.152 T:4365 debug : CVideoPlayer::ProcessPacket packet from enhancement layer: size:18944 dts:3922.001 pts:3922.001 dur:41.700ms
2024-06-04 18:08:43.156 T:4365 debug : CVideoPlayer::ProcessVideoData size:156360 dts:3922.001 pts:3922.001 dur:41.700ms, clock:3920.876 level:0
2024-06-04 18:08:43.162 T:4365 debug : CVideoPlayer::ProcessVideoData size:156670 dts:3922.043 pts:3922.043 dur:41.700ms, clock:3920.876 level:0
2024-06-04 18:08:43.167 T:4365 debug : CVideoPlayer::ProcessPacket packet from enhancement layer: size:18839 dts:3922.043 pts:3922.043 dur:41.700ms
2024-06-04 18:08:43.172 T:4365 debug : CVideoPlayer::ProcessPacket packet from enhancement layer: size:34705 dts:3922.085 pts:3922.210 dur:41.700ms
2024-06-04 18:08:43.177 T:4365 debug : CVideoPlayer::ProcessVideoData size:390696 dts:3922.085 pts:3922.210 dur:41.700ms, clock:3920.876 level:0
2024-06-04 18:08:43.180 T:4365 debug : CVideoPlayer::ProcessPacket packet from enhancement layer: size:18926 dts:3922.126 pts:3922.126 dur:41.700ms
2024-06-04 18:08:43.186 T:4365 debug : CVideoPlayer::ProcessVideoData size:161058 dts:3922.126 pts:3922.126 dur:41.700ms, clock:3920.876 level:0
2024-06-04 18:08:43.190 T:4365 debug : CVideoPlayer::ProcessVideoData size:160524 dts:3922.168 pts:3922.168 dur:41.700ms, clock:3920.876 level:0
2024-06-04 18:08:43.213 T:4365 debug : CVideoPlayer::ProcessPacket packet from enhancement layer: size:18864 dts:3922.168 pts:3922.168 dur:41.700ms
2024-06-04 18:08:43.216 T:4365 debug : CVideoPlayer::ProcessPacket packet from enhancement layer: size:85205 dts:3922.210 pts:3922.335 dur:41.700ms
2024-06-04 18:08:43.221 T:4365 debug : CVideoPlayer::ProcessVideoData size:931762 dts:3922.210 pts:3922.335 dur:41.700ms, clock:3920.876 level:0
2024-06-04 18:08:43.224 T:4365 debug : CVideoPlayer::ProcessPacket packet from enhancement layer: size:17736 dts:3922.252 pts:3922.252 dur:41.700ms
2024-06-04 18:08:43.228 T:4365 debug : CVideoPlayer::ProcessVideoData size:159944 dts:3922.252 pts:3922.252 dur:41.700ms, clock:3920.876 level:0
2024-06-04 18:08:43.233 T:4365 debug : CVideoPlayer::ProcessVideoData size:159793 dts:3922.293 pts:3922.293 dur:41.700ms, clock:3920.876 level:0
2024-06-04 18:08:43.241 T:4365 debug : CVideoPlayer::ProcessPacket packet from enhancement layer: size:17585 dts:3922.293 pts:3922.293 dur:41.700ms
2024-06-04 18:08:43.249 T:4365 debug : CVideoPlayer::ProcessPacket packet from enhancement layer: size:23808 dts:3922.335 pts:3922.460 dur:41.700ms
2024-06-04 18:08:43.253 T:4365 debug : CVideoPlayer::ProcessVideoData size:483815 dts:3922.335 pts:3922.460 dur:41.700ms, clock:3920.876 level:0
2024-06-04 18:08:43.256 T:4365 debug : CVideoPlayer::ProcessPacket packet from enhancement layer: size:17310 dts:3922.377 pts:3922.377 dur:41.700ms
2024-06-04 18:08:43.261 T:4365 debug : CVideoPlayer::ProcessVideoData size:163908 dts:3922.377 pts:3922.377 dur:41.700ms, clock:3920.876 level:0
2024-06-04 18:08:43.265 T:4365 debug : CVideoPlayer::ProcessVideoData size:163562 dts:3922.418 pts:3922.418 dur:41.700ms, clock:3920.876 level:0
2024-06-04 18:08:43.271 T:4365 debug : CVideoPlayer::ProcessPacket packet from enhancement layer: size:17590 dts:3922.418 pts:3922.418 dur:41.700ms
2024-06-04 18:08:43.279 T:4365 debug : CVideoPlayer::ProcessPacket packet from enhancement layer: size:33742 dts:3922.460 pts:3922.585 dur:41.700ms
2024-06-04 18:08:43.286 T:4365 debug : CVideoPlayer::ProcessVideoData size:416288 dts:3922.460 pts:3922.585 dur:41.700ms, clock:3920.876 level:0
2024-06-04 18:08:43.289 T:4365 debug : CVideoPlayer::ProcessPacket packet from enhancement layer: size:18953 dts:3922.502 pts:3922.502 dur:41.700ms
2024-06-04 18:08:43.292 T:4365 debug : CVideoPlayer::ProcessVideoData size:158948 dts:3922.502 pts:3922.502 dur:41.700ms, clock:3920.876 level:0
2024-06-04 18:08:43.298 T:4365 debug : CVideoPlayer::ProcessVideoData size:158543 dts:3922.543 pts:3922.543 dur:41.700ms, clock:3920.876 level:0
2024-06-04 18:08:43.302 T:4368 debug : CVideoPlayerVideo::OutputPicture - ttd:499ms pts:3921.376 Clock:3920.876 Level:0
2024-06-04 18:08:43.304 T:4365 debug : CVideoPlayer::ProcessPacket packet from enhancement layer: size:19249 dts:3922.543 pts:3922.543 dur:41.700ms
2024-06-04 18:08:43.312 T:4365 debug : CVideoPlayer::ProcessPacket packet from enhancement layer: size:39161 dts:3922.585 pts:3922.710 dur:41.700ms
2024-06-04 18:08:43.316 T:4365 debug : CVideoPlayer::ProcessVideoData size:410117 dts:3922.585 pts:3922.710 dur:41.700ms, clock:3920.876 level:1
2024-06-04 18:08:43.322 T:4365 debug : CVideoPlayer::ProcessPacket packet from enhancement layer: size:20098 dts:3922.627 pts:3922.627 dur:41.700ms
2024-06-04 18:08:43.325 T:4365 debug : CVideoPlayer::ProcessVideoData size:158790 dts:3922.627 pts:3922.627 dur:41.700ms, clock:3920.876 level:2
2024-06-04 18:08:43.331 T:4365 debug : CVideoPlayer::ProcessVideoData size:159206 dts:3922.669 pts:3922.669 dur:41.700ms, clock:3920.876 level:2
2024-06-04 18:08:43.331 T:4365 debug : CVideoPlayer::HandleMessages - player started 2
2024-06-04 18:08:43.331 T:4365 debug : CDVDClock::SetSpeedAdjust - adjusted:0.000000
2024-06-04 18:08:43.331 T:4365 info : Skipped 1 duplicate messages..
2024-06-04 18:08:43.331 T:4365 debug : VideoPlayer::Sync - Audio - pts: 3921.495, cache: 0.388, totalcache: 0.685, packets:1611 level:15
2024-06-04 18:08:43.331 T:4365 debug : VideoPlayer::Sync - Video - pts: 3921.376, cache: 0.050, totalcache: 0.100, packets:32 level:2
2024-06-04 18:08:43.331 T:4368 debug : CAMLCodec::SetSpeed, speed(1000)
2024-06-04 18:08:43.331 T:4369 debug : CDVDAudio::Resume - resume audio stream
2024-06-04 18:08:43.333 T:4196 debug : ActiveAE - start sync of audio stream
2024-06-04 18:08:43.333 T:4368 debug : CVideoPlayerVideo - CDVDMsg::GENERAL_RESYNC(3921106860.673820)
2024-06-04 18:08:43.333 T:4368 debug : CVideoPlayerVideo - OUTPUT_AGAIN - vfmt, interlace should be checked.
2024-06-04 18:08:43.334 T:4368 debug : CVideoPlayerVideo - CDVDMsg::DEMUXER_PACKET - checking interlace vfmt: null
2024-06-04 18:08:43.336 T:4365 debug : CVideoPlayer::ProcessPacket packet from enhancement layer: size:19981 dts:3922.669 pts:3922.669 dur:41.700ms
2024-06-04 18:08:43.344 T:4365 debug : CVideoPlayer::ProcessPacket packet from enhancement layer: size:38759 dts:3922.710 pts:3922.835 dur:41.700ms
2024-06-04 18:08:43.347 T:4365 debug : CVideoPlayer::ProcessVideoData size:406962 dts:3922.710 pts:3922.835 dur:41.700ms, clock:3921.123 level:1
2024-06-04 18:08:43.347 T:4368 debug : CVideoPlayerVideo - CDVDMsg::DEMUXER_PACKET - checking interlace vfmt: null
2024-06-04 18:08:43.352 T:4365 debug : CVideoPlayer::ProcessPacket packet from enhancement layer: size:20101 dts:3922.752 pts:3922.752 dur:41.700ms
2024-06-04 18:08:43.353 T:4368 debug : CVideoPlayerVideo::OutputPicture - ttd:289ms pts:3921.417 Clock:3921.128 Level:0
2024-06-04 18:08:43.354 T:4368 debug : CVideoPlayerVideo::OutputPicture - ttd:329ms pts:3921.459 Clock:3921.130 Level:1
2024-06-04 18:08:43.354 T:4365 debug : CVideoPlayer::ProcessVideoData size:159506 dts:3922.752 pts:3922.752 dur:41.700ms, clock:3921.130 level:0
2024-06-04 18:08:43.356 T:4368 debug : CVideoPlayerVideo::OutputPicture - ttd:369ms pts:3921.501 Clock:3921.132 Level:2
2024-06-04 18:08:43.359 T:4365 debug : CVideoPlayer::ProcessVideoData size:157229 dts:3922.794 pts:3922.794 dur:41.700ms, clock:3921.135 level:0
2024-06-04 18:08:43.362 T:4368 debug : CVideoPlayerVideo::OutputPicture - ttd:404ms pts:3921.543 Clock:3921.138 Level:3
2024-06-04 18:08:43.362 T:4368 debug : CVideoPlayerVideo - CDVDMsg::DEMUXER_PACKET - checking interlace vfmt: null
2024-06-04 18:08:43.364 T:4365 debug : CVideoPlayer::ProcessPacket packet from enhancement layer: size:20005 dts:3922.794 pts:3922.794 dur:41.700ms
2024-06-04 18:08:43.364 T:4368 debug : CVideoPlayerVideo::OutputPicture - ttd:444ms pts:3921.584 Clock:3921.140 Level:4
2024-06-04 18:08:43.372 T:4365 debug : CVideoPlayer::ProcessPacket packet from enhancement layer: size:38286 dts:3922.835 pts:3922.961 dur:41.700ms
2024-06-04 18:08:43.372 T:4368 debug : CVideoPlayerVideo::OutputPicture - ttd:477ms pts:3921.626 Clock:3921.148 Level:5
2024-06-04 18:08:43.378 T:4365 debug : CVideoPlayer::ProcessVideoData size:404284 dts:3922.835 pts:3922.961 dur:41.700ms, clock:3921.153 level:0
2024-06-04 18:08:43.381 T:4365 debug : CVideoPlayer::ProcessPacket packet from enhancement layer: size:19936 dts:3922.877 pts:3922.877 dur:41.700ms
2024-06-04 18:08:43.383 T:4368 debug : CVideoPlayerVideo - CDVDMsg::DEMUXER_PACKET - checking interlace vfmt: null
2024-06-04 18:08:43.385 T:4365 debug : CVideoPlayer::ProcessVideoData size:158513 dts:3922.877 pts:3922.877 dur:41.700ms, clock:3921.161 level:0
2024-06-04 18:08:43.390 T:4365 debug : CVideoPlayer::ProcessVideoData size:157278 dts:3922.919 pts:3922.919 dur:41.700ms, clock:3921.165 level:0
2024-06-04 18:08:43.390 T:4368 debug : CVideoPlayerVideo::OutputPicture - ttd:502ms pts:3921.668 Clock:3921.166 Level:6
2024-06-04 18:08:43.394 T:4365 debug : CVideoPlayer::ProcessPacket packet from enhancement layer: size:19660 dts:3922.919 pts:3922.919 dur:41.700ms
2024-06-04 18:08:43.401 T:4365 debug : CVideoPlayer::ProcessPacket packet from enhancement layer: size:29653 dts:3922.961 pts:3923.086 dur:41.700ms
2024-06-04 18:08:43.405 T:4365 debug : CVideoPlayer::ProcessVideoData size:406240 dts:3922.961 pts:3923.086 dur:41.700ms, clock:3921.181 level:0
2024-06-04 18:08:43.410 T:4365 debug : CVideoPlayer::ProcessPacket packet from enhancement layer: size:19689 dts:3923.002 pts:3923.002 dur:41.700ms
2024-06-04 18:08:43.412 T:4365 debug : CVideoPlayer::ProcessVideoData size:159069 dts:3923.002 pts:3923.002 dur:41.700ms, clock:3921.188 level:0
2024-06-04 18:08:43.419 T:4365 debug : CVideoPlayer::ProcessVideoData size:157488 dts:3923.044 pts:3923.044 dur:41.700ms, clock:3921.194 level:0
2024-06-04 18:08:43.442 T:4365 debug : CVideoPlayer::ProcessPacket packet from enhancement layer: size:19731 dts:3923.044 pts:3923.044 dur:41.700ms
2024-06-04 18:08:43.443 T:4365 debug : CVideoPlayer::ProcessPacket packet from enhancement layer: size:92504 dts:3923.086 pts:3923.211 dur:41.700ms
2024-06-04 18:08:43.445 T:4196 debug : ActiveAE::SyncStream - average error of 22.841013, start adjusting
2024-06-04 18:08:43.445 T:4196 debug : ActiveAE::SyncStream - average error 2.841013 below threshold of 30.000000
2024-06-04 18:08:43.450 T:4365 debug : CVideoPlayer::ProcessVideoData size:929260 dts:3923.086 pts:3923.211 dur:41.700ms, clock:3921.226 level:0
2024-06-04 18:08:43.458 T:4365 debug : CVideoPlayer::ProcessPacket packet from enhancement layer: size:18344 dts:3923.127 pts:3923.127 dur:41.700ms
2024-06-04 18:08:43.460 T:4365 debug : CVideoPlayer::ProcessVideoData size:160686 dts:3923.127 pts:3923.127 dur:41.700ms, clock:3921.236 level:0
2024-06-04 18:08:43.466 T:4365 debug : CVideoPlayer::ProcessVideoData size:158846 dts:3923.169 pts:3923.169 dur:41.700ms, clock:3921.241 level:0
2024-06-04 18:08:43.471 T:4365 debug : CVideoPlayer::ProcessPacket packet from enhancement layer: size:18337 dts:3923.169 pts:3923.169 dur:41.700ms
2024-06-04 18:08:43.477 T:4365 debug : CVideoPlayer::ProcessPacket packet from enhancement layer: size:29011 dts:3923.211 pts:3923.336 dur:41.700ms
2024-06-04 18:08:43.480 T:4365 debug : CVideoPlayer::ProcessVideoData size:420392 dts:3923.211 pts:3923.336 dur:41.700ms, clock:3921.256 level:0
2024-06-04 18:08:43.485 T:4365 debug : CVideoPlayer::ProcessPacket packet from enhancement layer: size:18419 dts:3923.253 pts:3923.253 dur:41.700ms
2024-06-04 18:08:43.489 T:4365 debug : CVideoPlayer::ProcessVideoData size:165610 dts:3923.253 pts:3923.253 dur:41.700ms, clock:3921.265 level:0
2024-06-04 18:08:43.495 T:4368 debug : CVideoPlayerVideo::OutputPicture - ttd:439ms pts:3921.709 Clock:3921.270 Level:5
2024-06-04 18:08:43.495 T:4365 debug : CVideoPlayer::ProcessVideoData size:164049 dts:3923.294 pts:3923.294 dur:41.700ms, clock:3921.271 level:0
2024-06-04 18:08:43.502 T:4365 debug : CVideoPlayer::ProcessPacket packet from enhancement layer: size:18649 dts:3923.294 pts:3923.294 dur:41.700ms
2024-06-04 18:08:43.507 T:4365 debug : CVideoPlayer::ProcessPacket packet from enhancement layer: size:36733 dts:3923.336 pts:3923.461 dur:41.700ms
2024-06-04 18:08:43.510 T:4365 debug : CVideoPlayer::ProcessVideoData size:410315 dts:3923.336 pts:3923.461 dur:41.700ms, clock:3921.286 level:0
2024-06-04 18:08:43.513 T:4365 debug : CVideoPlayer::ProcessPacket packet from enhancement layer: size:20067 dts:3923.378 pts:3923.378 dur:41.700ms
2024-06-04 18:08:43.518 T:4365 debug : CVideoPlayer::ProcessVideoData size:161057 dts:3923.378 pts:3923.378 dur:41.700ms, clock:3921.293 level:0
2024-06-04 18:08:43.523 T:4365 debug : CVideoPlayer::ProcessVideoData size:159812 dts:3923.419 pts:3923.419 dur:41.700ms, clock:3921.299 level:0
2024-06-04 18:08:43.530 T:4365 debug : CVideoPlayer::ProcessPacket packet from enhancement layer: size:20235 dts:3923.419 pts:3923.419 dur:41.700ms
