2024-06-04 18:09:02.030 T:4365 debug : CVideoPlayer::ProcessVideoData size:368928 dts:4411.157 pts:4411.282 dur:41.700ms, clock:4401.939 level:76
2024-06-04 18:09:02.031 T:4340 debug : request received for /jsonrpc
2024-06-04 18:09:02.033 T:4365 debug : CVideoPlayer::ProcessPacket packet from enhancement layer: size:21623 dts:4411.198 pts:4411.198 dur:41.700ms
2024-06-04 18:09:02.042 T:4340 debug : request received for /jsonrpc
2024-06-04 18:09:02.052 T:4368 info : Skipped 1 duplicate messages..
2024-06-04 18:09:02.052 T:4368 debug : CVideoPlayerVideo::OutputPicture - ttd:394ms pts:4402.356 Clock:4401.961 Level:5
2024-06-04 18:09:02.056 T:4340 debug : request received for /jsonrpc
2024-06-04 18:09:02.088 T:4365 debug : CVideoPlayer::ProcessVideoData size:143981 dts:4411.198 pts:4411.198 dur:41.700ms, clock:4401.997 level:76
2024-06-04 18:09:02.093 T:4368 debug : CVideoPlayerVideo::OutputPicture - ttd:396ms pts:4402.398 Clock:4402.002 Level:6
2024-06-04 18:09:02.095 T:4365 debug : CVideoPlayer::ProcessVideoData size:143842 dts:4411.240 pts:4411.240 dur:41.700ms, clock:4402.004 level:76
2024-06-04 18:09:02.110 T:4342 debug : request received for /jsonrpc
2024-06-04 18:09:02.133 T:4368 info : Skipped 1 duplicate messages..
2024-06-04 18:09:02.133 T:4368 debug : CVideoPlayerVideo::OutputPicture - ttd:397ms pts:4402.440 Clock:4402.042 Level:6
2024-06-04 18:09:02.137 T:4365 debug : CVideoPlayer::ProcessPacket packet from enhancement layer: size:16377 dts:4411.240 pts:4411.240 dur:41.700ms
2024-06-04 18:09:02.145 T:4365 debug : CVideoPlayer::ProcessPacket packet from enhancement layer: size:44901 dts:4411.282 pts:4411.407 dur:41.700ms
2024-06-04 18:09:02.153 T:4365 debug : CVideoPlayer::ProcessVideoData size:959278 dts:4411.282 pts:4411.407 dur:41.700ms, clock:4402.062 level:76
2024-06-04 18:09:02.172 T:4368 debug : CVideoPlayerVideo::OutputPicture - ttd:400ms pts:4402.481 Clock:4402.081 Level:6
2024-06-04 18:09:02.217 T:4368 debug : CVideoPlayerVideo::OutputPicture - ttd:397ms pts:4402.523 Clock:4402.126 Level:5
2024-06-04 18:09:02.237 T:4365 debug : CVideoPlayer::ProcessPacket packet from enhancement layer: size:20177 dts:4411.323 pts:4411.323 dur:41.700ms
2024-06-04 18:09:02.241 T:4365 debug : CVideoPlayer::ProcessVideoData size:146938 dts:4411.323 pts:4411.323 dur:41.700ms, clock:4402.149 level:75
2024-06-04 18:09:02.248 T:4365 debug : CVideoPlayer::ProcessVideoData size:145852 dts:4411.365 pts:4411.365 dur:41.700ms, clock:4402.157 level:75
2024-06-04 18:09:02.254 T:4365 debug : CVideoPlayer::ProcessPacket packet from enhancement layer: size:14918 dts:4411.365 pts:4411.365 dur:41.700ms
2024-06-04 18:09:02.256 T:4368 debug : CVideoPlayerVideo::OutputPicture - ttd:400ms pts:4402.565 Clock:4402.165 Level:6
2024-06-04 18:09:02.297 T:4368 debug : CVideoPlayerVideo::OutputPicture - ttd:400ms pts:4402.607 Clock:4402.206 Level:6
2024-06-04 18:09:02.312 T:4365 debug : CVideoPlayer::ProcessPacket packet from enhancement layer: size:30819 dts:4411.407 pts:4411.532 dur:41.700ms
2024-06-04 18:09:02.319 T:4365 debug : CVideoPlayer::ProcessVideoData size:390496 dts:4411.407 pts:4411.532 dur:41.700ms, clock:4402.228 level:75
2024-06-04 18:09:02.342 T:4368 debug : CVideoPlayerVideo::OutputPicture - ttd:397ms pts:4402.648 Clock:4402.250 Level:6
2024-06-04 18:09:02.363 T:4365 debug : CVideoPlayer::ProcessPacket packet from enhancement layer: size:18703 dts:4411.449 pts:4411.449 dur:41.700ms
2024-06-04 18:09:02.365 T:4365 debug : CVideoPlayer::ProcessVideoData size:153702 dts:4411.449 pts:4411.449 dur:41.700ms, clock:4402.274 level:75
2024-06-04 18:09:02.366 T:4229 debug : EventClient: button name "right" map "R1" pressed
2024-06-04 18:09:02.372 T:4365 debug : CVideoPlayer::ProcessVideoData size:153247 dts:4411.490 pts:4411.490 dur:41.700ms, clock:4402.281 level:75
2024-06-04 18:09:02.383 T:4162 debug : HandleKey: 168 (0xa8, obc87) pressed, window 12005, action is StepForward
2024-06-04 18:09:02.383 T:4368 debug : CVideoPlayerVideo::OutputPicture - ttd:397ms pts:4402.690 Clock:4402.292 Level:6
2024-06-04 18:09:02.387 T:4162 debug : ------ Window Init (DialogSeekBar.xml) ------
2024-06-04 18:09:02.390 T:4365 debug : CVideoPlayer::ProcessPacket packet from enhancement layer: size:18925 dts:4411.490 pts:4411.490 dur:41.700ms
2024-06-04 18:09:02.423 T:4368 debug : CVideoPlayerVideo::OutputPicture - ttd:400ms pts:4402.732 Clock:4402.331 Level:6
2024-06-04 18:09:02.440 T:4365 debug : CVideoPlayer::ProcessPacket packet from enhancement layer: size:39054 dts:4411.532 pts:4411.657 dur:41.700ms
2024-06-04 18:09:02.448 T:4365 debug : CVideoPlayer::ProcessVideoData size:387367 dts:4411.532 pts:4411.657 dur:41.700ms, clock:4402.356 level:76
2024-06-04 18:09:02.465 T:4368 debug : CVideoPlayerVideo::OutputPicture - ttd:399ms pts:4402.773 Clock:4402.374 Level:6
2024-06-04 18:09:02.482 T:4365 debug : CVideoPlayer::ProcessPacket packet from enhancement layer: size:21666 dts:4411.574 pts:4411.574 dur:41.700ms
2024-06-04 18:09:02.487 T:4365 debug : CVideoPlayer::ProcessVideoData size:146313 dts:4411.574 pts:4411.574 dur:41.700ms, clock:4402.396 level:75
2024-06-04 18:09:02.492 T:4365 debug : CVideoPlayer::ProcessVideoData size:147798 dts:4411.615 pts:4411.615 dur:41.700ms, clock:4402.401 level:75
2024-06-04 18:09:02.508 T:4365 debug : CVideoPlayer::ProcessPacket packet from enhancement layer: size:21959 dts:4411.615 pts:4411.615 dur:41.700ms
2024-06-04 18:09:02.510 T:4368 debug : CVideoPlayerVideo::OutputPicture - ttd:396ms pts:4402.815 Clock:4402.419 Level:6
2024-06-04 18:09:02.511 T:4368 debug : CVideoPlayerVideo::OutputPicture - ttd:436ms pts:4402.857 Clock:4402.420 Level:6
2024-06-04 18:09:02.536 T:4365 debug : CVideoPlayer::ProcessPacket packet from enhancement layer: size:47136 dts:4411.657 pts:4411.782 dur:41.700ms
2024-06-04 18:09:02.542 T:4365 debug : CVideoPlayer::ProcessVideoData size:331671 dts:4411.657 pts:4411.782 dur:41.700ms, clock:4402.451 level:74
2024-06-04 18:09:02.545 T:4365 debug : CVideoPlayer::ProcessPacket packet from enhancement layer: size:16652 dts:4411.699 pts:4411.699 dur:41.700ms
2024-06-04 18:09:02.560 T:4365 debug : CVideoPlayer::ProcessVideoData size:148494 dts:4411.699 pts:4411.699 dur:41.700ms, clock:4402.469 level:75
2024-06-04 18:09:02.565 T:4365 debug : CVideoPlayer::ProcessVideoData size:147789 dts:4411.741 pts:4411.741 dur:41.700ms, clock:4402.474 level:74
2024-06-04 18:09:02.570 T:4365 debug : CVideoPlayer::ProcessPacket packet from enhancement layer: size:16636 dts:4411.741 pts:4411.741 dur:41.700ms
2024-06-04 18:09:02.575 T:4365 debug : CVideoPlayer::ProcessPacket packet from enhancement layer: size:42368 dts:4411.782 pts:4411.907 dur:41.700ms
2024-06-04 18:09:02.580 T:4365 debug : CVideoPlayer::ProcessVideoData size:382291 dts:4411.782 pts:4411.907 dur:41.700ms, clock:4402.489 level:75
2024-06-04 18:09:02.583 T:4365 debug : CVideoPlayer::ProcessPacket packet from enhancement layer: size:25351 dts:4411.824 pts:4411.824 dur:41.700ms
2024-06-04 18:09:02.588 T:4365 debug : CVideoPlayer::ProcessVideoData size:121065 dts:4411.824 pts:4411.824 dur:41.700ms, clock:4402.497 level:76
2024-06-04 18:09:02.592 T:4368 debug : CVideoPlayerVideo::OutputPicture - ttd:398ms pts:4402.898 Clock:4402.500 Level:6
2024-06-04 18:09:02.601 T:4229 debug : EventClient: button name "right" map "R1" pressed
2024-06-04 18:09:02.603 T:4365 debug : CVideoPlayer::ProcessVideoData size:148883 dts:4411.866 pts:4411.866 dur:41.700ms, clock:4402.512 level:76
2024-06-04 18:09:02.632 T:4162 debug : HandleKey: 168 (0xa8, obc87) pressed, window 12005, action is StepForward
2024-06-04 18:09:02.633 T:4368 debug : CVideoPlayerVideo::OutputPicture - ttd:398ms pts:4402.940 Clock:4402.542 Level:6
2024-06-04 18:09:02.676 T:4368 debug : CVideoPlayerVideo::OutputPicture - ttd:396ms pts:4402.982 Clock:4402.585 Level:6
2024-06-04 18:09:02.678 T:4365 debug : CVideoPlayer::ProcessPacket packet from enhancement layer: size:16128 dts:4411.866 pts:4411.866 dur:41.700ms
2024-06-04 18:09:02.697 T:4365 debug : CVideoPlayer::ProcessPacket packet from enhancement layer: size:36014 dts:4411.907 pts:4412.032 dur:41.700ms
2024-06-04 18:09:02.701 T:4365 debug : CVideoPlayer::ProcessVideoData size:328608 dts:4411.907 pts:4412.032 dur:41.700ms, clock:4402.610 level:75
2024-06-04 18:09:02.706 T:4365 debug : CVideoPlayer::ProcessPacket packet from enhancement layer: size:21407 dts:4411.949 pts:4411.949 dur:41.700ms
2024-06-04 18:09:02.710 T:4365 debug : CVideoPlayer::ProcessVideoData size:148882 dts:4411.949 pts:4411.949 dur:41.700ms, clock:4402.619 level:76
2024-06-04 18:09:02.714 T:4368 debug : CVideoPlayerVideo::OutputPicture - ttd:400ms pts:4403.024 Clock:4402.623 Level:6
2024-06-04 18:09:02.717 T:4365 debug : CVideoPlayer::ProcessVideoData size:149646 dts:4411.991 pts:4411.991 dur:41.700ms, clock:4402.625 level:76
2024-06-04 18:09:02.723 T:4365 debug : CVideoPlayer::ProcessPacket packet from enhancement layer: size:15995 dts:4411.991 pts:4411.991 dur:41.700ms
2024-06-04 18:09:02.728 T:4365 debug : CVideoPlayer::ProcessPacket packet from enhancement layer: size:40226 dts:4412.032 pts:4412.158 dur:41.700ms
2024-06-04 18:09:02.731 T:4365 debug : CVideoPlayer::ProcessVideoData size:380898 dts:4412.032 pts:4412.158 dur:41.700ms, clock:4402.640 level:76
2024-06-04 18:09:02.736 T:4365 debug : CVideoPlayer::ProcessPacket packet from enhancement layer: size:25711 dts:4412.074 pts:4412.074 dur:41.700ms
2024-06-04 18:09:02.762 T:4368 debug : CVideoPlayerVideo::OutputPicture - ttd:394ms pts:4403.065 Clock:4402.671 Level:6
2024-06-04 18:09:02.762 T:4365 debug : CVideoPlayer::ProcessVideoData size:122840 dts:4412.074 pts:4412.074 dur:41.700ms, clock:4402.671 level:100
2024-06-04 18:09:02.781 T:4365 debug : CVideoPlayer::ProcessVideoData size:150106 dts:4412.116 pts:4412.116 dur:41.700ms, clock:4402.690 level:76
2024-06-04 18:09:02.801 T:4365 debug : CVideoPlayer::ProcessPacket packet from enhancement layer: size:16284 dts:4412.116 pts:4412.116 dur:41.700ms
2024-06-04 18:09:02.803 T:4368 debug : CVideoPlayerVideo::OutputPicture - ttd:395ms pts:4403.107 Clock:4402.712 Level:6
2024-06-04 18:09:02.822 T:4229 debug : EventClient: button name "right" map "R1" pressed
2024-06-04 18:09:02.841 T:4162 debug : HandleKey: 168 (0xa8, obc87) pressed, window 12005, action is StepForward
2024-06-04 18:09:02.842 T:4368 debug : CVideoPlayerVideo::OutputPicture - ttd:398ms pts:4403.149 Clock:4402.750 Level:6
2024-06-04 18:09:02.865 T:4365 debug : CVideoPlayer::ProcessPacket packet from enhancement layer: size:62844 dts:4412.158 pts:4412.283 dur:41.700ms
2024-06-04 18:09:02.884 T:4368 debug : CVideoPlayerVideo::OutputPicture - ttd:397ms pts:4403.190 Clock:4402.793 Level:6
2024-06-04 18:09:02.907 T:4365 debug : CVideoPlayer::ProcessVideoData size:973809 dts:4412.158 pts:4412.283 dur:41.700ms, clock:4402.816 level:77
2024-06-04 18:09:02.923 T:4368 debug : CVideoPlayerVideo::OutputPicture - ttd:400ms pts:4403.232 Clock:4402.831 Level:6
2024-06-04 18:09:02.943 T:4365 debug : CVideoPlayer::ProcessPacket packet from enhancement layer: size:24136 dts:4412.199 pts:4412.199 dur:41.700ms
2024-06-04 18:09:02.966 T:4368 debug : CVideoPlayerVideo::OutputPicture - ttd:399ms pts:4403.274 Clock:4402.875 Level:6
2024-06-04 18:09:02.982 T:4365 debug : CVideoPlayer::ProcessVideoData size:122953 dts:4412.199 pts:4412.199 dur:41.700ms, clock:4402.890 level:100
2024-06-04 18:09:02.999 T:4365 debug : CVideoPlayer::ProcessVideoData size:150489 dts:4412.241 pts:4412.241 dur:41.700ms, clock:4402.907 level:76
2024-06-04 18:09:03.009 T:4368 debug : CVideoPlayerVideo::OutputPicture - ttd:398ms pts:4403.316 Clock:4402.917 Level:6
2024-06-04 18:09:03.041 T:4229 debug : EventClient: button name "right" map "R1" pressed
2024-06-04 18:09:03.049 T:4162 debug : HandleKey: 168 (0xa8, obc87) pressed, window 12005, action is StepForward
2024-06-04 18:09:03.052 T:4368 debug : CVideoPlayerVideo::OutputPicture - ttd:396ms pts:4403.357 Clock:4402.961 Level:6
2024-06-04 18:09:03.066 T:4365 debug : CVideoPlayer::ProcessPacket packet from enhancement layer: size:14745 dts:4412.241 pts:4412.241 dur:41.700ms
2024-06-04 18:09:03.078 T:4365 debug : CVideoPlayer::ProcessPacket packet from enhancement layer: size:32484 dts:4412.283 pts:4412.408 dur:41.700ms
2024-06-04 18:09:03.081 T:4365 debug : CVideoPlayer::ProcessVideoData size:396196 dts:4412.283 pts:4412.408 dur:41.700ms, clock:4402.990 level:76
2024-06-04 18:09:03.084 T:4365 debug : CVideoPlayer::ProcessPacket packet from enhancement layer: size:19552 dts:4412.324 pts:4412.324 dur:41.700ms
2024-06-04 18:09:03.093 T:4368 debug : CVideoPlayerVideo::OutputPicture - ttd:397ms pts:4403.399 Clock:4403.002 Level:6
2024-06-04 18:09:03.133 T:4368 debug : CVideoPlayerVideo::OutputPicture - ttd:398ms pts:4403.441 Clock:4403.042 Level:6
2024-06-04 18:09:03.178 T:4368 debug : CVideoPlayerVideo::OutputPicture - ttd:395ms pts:4403.482 Clock:4403.087 Level:5
2024-06-04 18:09:03.183 T:4365 debug : CVideoPlayer::ProcessVideoData size:158096 dts:4412.324 pts:4412.324 dur:41.700ms, clock:4403.091 level:100
2024-06-04 18:09:03.199 T:4365 debug : CVideoPlayer::ProcessVideoData size:129637 dts:4412.366 pts:4412.366 dur:41.700ms, clock:4403.108 level:75
2024-06-04 18:09:03.206 T:4365 debug : CVideoPlayer::ProcessPacket packet from enhancement layer: size:23617 dts:4412.366 pts:4412.366 dur:41.700ms
2024-06-04 18:09:03.216 T:4365 debug : CVideoPlayer::ProcessPacket packet from enhancement layer: size:41581 dts:4412.408 pts:4412.533 dur:41.700ms
2024-06-04 18:09:03.220 T:4368 debug : CVideoPlayerVideo::OutputPicture - ttd:395ms pts:4403.524 Clock:4403.129 Level:5
2024-06-04 18:09:03.224 T:4365 debug : CVideoPlayer::ProcessVideoData size:395586 dts:4412.408 pts:4412.533 dur:41.700ms, clock:4403.133 level:76
2024-06-04 18:09:03.228 T:4365 debug : CVideoPlayer::ProcessPacket packet from enhancement layer: size:25729 dts:4412.450 pts:4412.450 dur:41.700ms
2024-06-04 18:09:03.260 T:4229 debug : EventClient: button name "right" map "R1" pressed
2024-06-04 18:09:03.262 T:4368 debug : CVideoPlayerVideo::OutputPicture - ttd:395ms pts:4403.566 Clock:4403.170 Level:5
2024-06-04 18:09:03.267 T:4365 debug : CVideoPlayer::ProcessVideoData size:125804 dts:4412.450 pts:4412.450 dur:41.700ms, clock:4403.176 level:100
2024-06-04 18:09:03.292 T:4365 debug : CVideoPlayer::ProcessVideoData size:154339 dts:4412.491 pts:4412.491 dur:41.700ms, clock:4403.201 level:76
2024-06-04 18:09:03.299 T:4162 debug : HandleKey: 168 (0xa8, obc87) pressed, window 12005, action is StepForward
2024-06-04 18:09:03.303 T:4368 debug : CVideoPlayerVideo::OutputPicture - ttd:396ms pts:4403.608 Clock:4403.211 Level:6
2024-06-04 18:09:03.328 T:4365 debug : CVideoPlayer::ProcessPacket packet from enhancement layer: size:16469 dts:4412.491 pts:4412.491 dur:41.700ms
2024-06-04 18:09:03.336 T:4365 debug : CVideoPlayer::ProcessPacket packet from enhancement layer: size:49054 dts:4412.533 pts:4412.658 dur:41.700ms
2024-06-04 18:09:03.343 T:4365 debug : CVideoPlayer::ProcessVideoData size:336689 dts:4412.533 pts:4412.658 dur:41.700ms, clock:4403.252 level:75
2024-06-04 18:09:03.343 T:4368 debug : CVideoPlayerVideo::OutputPicture - ttd:397ms pts:4403.649 Clock:4403.252 Level:6
2024-06-04 18:09:03.347 T:4365 debug : CVideoPlayer::ProcessPacket packet from enhancement layer: size:21963 dts:4412.575 pts:4412.575 dur:41.700ms
2024-06-04 18:09:03.351 T:4365 debug : CVideoPlayer::ProcessVideoData size:154503 dts:4412.575 pts:4412.575 dur:41.700ms, clock:4403.260 level:76
2024-06-04 18:09:03.355 T:4365 debug : CVideoPlayer::ProcessVideoData size:126311 dts:4412.616 pts:4412.616 dur:41.700ms, clock:4403.264 level:76
2024-06-04 18:09:03.361 T:4365 debug : CVideoPlayer::ProcessPacket packet from enhancement layer: size:26561 dts:4412.616 pts:4412.616 dur:41.700ms
2024-06-04 18:09:03.366 T:4365 debug : CVideoPlayer::ProcessPacket packet from enhancement layer: size:35446 dts:4412.658 pts:4412.783 dur:41.700ms
2024-06-04 18:09:03.371 T:4365 debug : CVideoPlayer::ProcessVideoData size:387557 dts:4412.658 pts:4412.783 dur:41.700ms, clock:4403.279 level:77
2024-06-04 18:09:03.384 T:4368 debug : CVideoPlayerVideo::OutputPicture - ttd:398ms pts:4403.691 Clock:4403.293 Level:6
2024-06-04 18:09:03.397 T:4365 debug : CVideoPlayer::ProcessPacket packet from enhancement layer: size:16922 dts:4412.700 pts:4412.700 dur:41.700ms
2024-06-04 18:09:03.399 T:4365 debug : CVideoPlayer::ProcessVideoData size:155612 dts:4412.700 pts:4412.700 dur:41.700ms, clock:4403.308 level:100
2024-06-04 18:09:03.424 T:4368 debug : CVideoPlayerVideo::OutputPicture - ttd:400ms pts:4403.733 Clock:4403.333 Level:6
2024-06-04 18:09:03.436 T:4365 debug : CVideoPlayer::ProcessVideoData size:126514 dts:4412.742 pts:4412.742 dur:41.700ms, clock:4403.345 level:76
2024-06-04 18:09:03.451 T:4365 debug : CVideoPlayer::ProcessPacket packet from enhancement layer: size:26401 dts:4412.742 pts:4412.742 dur:41.700ms
2024-06-04 18:09:03.457 T:4365 debug : CVideoPlayer::ProcessPacket packet from enhancement layer: size:33663 dts:4412.783 pts:4412.908 dur:41.700ms
2024-06-04 18:09:03.465 T:4365 debug : CVideoPlayer::ProcessVideoData size:391721 dts:4412.783 pts:4412.908 dur:41.700ms, clock:4403.374 level:77
2024-06-04 18:09:03.468 T:4368 debug : CVideoPlayerVideo::OutputPicture - ttd:397ms pts:4403.774 Clock:4403.377 Level:6
2024-06-04 18:09:03.489 T:4365 debug : CVideoPlayer::ProcessPacket packet from enhancement layer: size:21873 dts:4412.825 pts:4412.825 dur:41.700ms
2024-06-04 18:09:03.510 T:4368 debug : CVideoPlayerVideo::OutputPicture - ttd:397ms pts:4403.816 Clock:4403.418 Level:6
2024-06-04 18:09:03.545 T:4365 debug : CVideoPlayer::ProcessVideoData size:155818 dts:4412.825 pts:4412.825 dur:41.700ms, clock:4403.454 level:100
2024-06-04 18:09:03.549 T:4368 debug : CVideoPlayerVideo::OutputPicture - ttd:399ms pts:4403.858 Clock:4403.458 Level:6
2024-06-04 18:09:03.554 T:4365 debug : CVideoPlayer::ProcessVideoData size:127368 dts:4412.867 pts:4412.867 dur:41.700ms, clock:4403.463 level:100
2024-06-04 18:09:03.570 T:4365 debug : CVideoPlayer::ProcessPacket packet from enhancement layer: size:25983 dts:4412.867 pts:4412.867 dur:41.700ms
2024-06-04 18:09:03.575 T:4365 debug : CVideoPlayer::ProcessPacket packet from enhancement layer: size:32957 dts:4412.908 pts:4413.033 dur:41.700ms
2024-06-04 18:09:03.581 T:4365 debug : CVideoPlayer::ProcessVideoData size:397998 dts:4412.908 pts:4413.033 dur:41.700ms, clock:4403.490 level:77
2024-06-04 18:09:03.590 T:4368 debug : CVideoPlayerVideo::OutputPicture - ttd:400ms pts:4403.900 Clock:4403.499 Level:6
2024-06-04 18:09:03.616 T:4365 debug : CVideoPlayer::ProcessPacket packet from enhancement layer: size:21774 dts:4412.950 pts:4412.950 dur:41.700ms
2024-06-04 18:09:03.624 T:4340 debug : request received for /jsonrpc
2024-06-04 18:09:03.638 T:4368 info : Skipped 1 duplicate messages..
2024-06-04 18:09:03.638 T:4368 debug : CVideoPlayerVideo::OutputPicture - ttd:394ms pts:4403.941 Clock:4403.547 Level:5
2024-06-04 18:09:03.639 T:4340 debug : request received for /jsonrpc
2024-06-04 18:09:03.663 T:4365 info : Skipped 1 duplicate messages..
2024-06-04 18:09:03.663 T:4365 debug : CVideoPlayer::ProcessVideoData size:158487 dts:4412.950 pts:4412.950 dur:41.700ms, clock:4403.572 level:76
2024-06-04 18:09:03.667 T:4365 debug : CVideoPlayer::ProcessVideoData size:127993 dts:4412.992 pts:4412.992 dur:41.700ms, clock:4403.576 level:100
2024-06-04 18:09:03.679 T:4368 debug : CVideoPlayerVideo::OutputPicture - ttd:395ms pts:4403.983 Clock:4403.588 Level:5
2024-06-04 18:09:03.697 T:4365 debug : CVideoPlayer::ProcessPacket packet from enhancement layer: size:26166 dts:4412.992 pts:4412.992 dur:41.700ms
2024-06-04 18:09:03.704 T:4365 debug : CVideoPlayer::ProcessPacket packet from enhancement layer: size:46961 dts:4413.033 pts:4413.159 dur:41.700ms
2024-06-04 18:09:03.716 T:4368 debug : CVideoPlayerVideo::OutputPicture - ttd:399ms pts:4404.025 Clock:4403.625 Level:6
2024-06-04 18:09:03.760 T:4368 debug : CVideoPlayerVideo::OutputPicture - ttd:397ms pts:4404.066 Clock:4403.669 Level:6
2024-06-04 18:09:03.777 T:4365 debug : CVideoPlayer::ProcessVideoData size:1028692 dts:4413.033 pts:4413.159 dur:41.700ms, clock:4403.686 level:77
2024-06-04 18:09:03.802 T:4368 debug : CVideoPlayerVideo::OutputPicture - ttd:397ms pts:4404.108 Clock:4403.710 Level:6
2024-06-04 18:09:03.824 T:4365 debug : CVideoPlayer::ProcessPacket packet from enhancement layer: size:20833 dts:4413.075 pts:4413.075 dur:41.700ms
2024-06-04 18:09:03.838 T:4365 debug : CVideoPlayer::ProcessVideoData size:162903 dts:4413.075 pts:4413.075 dur:41.700ms, clock:4403.747 level:76
2024-06-04 18:09:03.843 T:4368 debug : CVideoPlayerVideo::OutputPicture - ttd:397ms pts:4404.150 Clock:4403.752 Level:6
2024-06-04 18:09:03.844 T:4365 debug : CVideoPlayer::ProcessVideoData size:132702 dts:4413.117 pts:4413.117 dur:41.700ms, clock:4403.753 level:100
2024-06-04 18:09:03.858 T:4365 debug : CVideoPlayer::ProcessPacket packet from enhancement layer: size:25382 dts:4413.117 pts:4413.117 dur:41.700ms
2024-06-04 18:09:03.884 T:4368 debug : CVideoPlayerVideo::OutputPicture - ttd:398ms pts:4404.192 Clock:4403.793 Level:6
2024-06-04 18:09:03.928 T:4368 debug : CVideoPlayerVideo::OutputPicture - ttd:396ms pts:4404.233 Clock:4403.837 Level:6
2024-06-04 18:09:03.937 T:4365 debug : CVideoPlayer::ProcessPacket packet from enhancement layer: size:28447 dts:4413.159 pts:4413.284 dur:41.700ms
2024-06-04 18:09:03.942 T:4365 debug : CVideoPlayer::ProcessVideoData size:368470 dts:4413.159 pts:4413.284 dur:41.700ms, clock:4403.851 level:77
2024-06-04 18:09:03.968 T:4368 debug : CVideoPlayerVideo::OutputPicture - ttd:398ms pts:4404.275 Clock:4403.877 Level:6
2024-06-04 18:09:03.988 T:4365 debug : CVideoPlayer::ProcessPacket packet from enhancement layer: size:24260 dts:4413.200 pts:4413.200 dur:41.700ms
2024-06-04 18:09:03.996 T:4365 debug : CVideoPlayer::ProcessVideoData size:140406 dts:4413.200 pts:4413.200 dur:41.700ms, clock:4403.905 level:77
2024-06-04 18:09:04.009 T:4368 debug : CVideoPlayerVideo::OutputPicture - ttd:398ms pts:4404.317 Clock:4403.918 Level:6
2024-06-04 18:09:04.014 T:4365 debug : CVideoPlayer::ProcessVideoData size:142148 dts:4413.242 pts:4413.242 dur:41.700ms, clock:4403.923 level:100
2024-06-04 18:09:04.048 T:4365 debug : CVideoPlayer::ProcessPacket packet from enhancement layer: size:24066 dts:4413.242 pts:4413.242 dur:41.700ms
2024-06-04 18:09:04.051 T:4365 debug : CDVDClock::SetSpeedAdjust - adjusted:0.000000
2024-06-04 18:09:04.051 T:4365 debug : demuxer seek to: 4704163.853268
2024-06-04 18:09:04.051 T:4365 debug : CBlurayCallback::Logger - register.c:420: bd_psr_write(): PSR8 (TIME) 0xbd25500 -> 0xca5b700
2024-06-04 18:09:04.051 T:4365 debug : CBlurayCallback::Logger - bluray.c:3181: PSR change: psr8 = 212186880
2024-06-04 18:09:04.051 T:4365 debug : CBlurayCallback::Logger - register.c:418: bd_psr_write(5, 10): no change in value
2024-06-04 18:09:04.051 T:4365 debug : CBlurayCallback::Logger - bluray.c:3142: PSR write: psr5 = 10
2024-06-04 18:09:04.051 T:4365 debug : CBlurayCallback::Logger - bluray.c:1694: Seek to 41649187008
2024-06-04 18:09:04.051 T:4365 debug : CDVDInputStreamBluray - BD_EVENT_SEEK
2024-06-04 18:09:04.053 T:4369 debug : CDVDAudio::Pause - pausing audio stream
2024-06-04 18:09:04.054 T:4368 debug : CAMLCodec::SetSpeed, speed(0)
2024-06-04 18:09:04.056 T:4365 debug : demuxer seek to: 4704163.853268, success
2024-06-04 18:09:04.056 T:4365 debug : CVideoPlayer::FlushBuffers - flushing buffers
2024-06-04 18:09:04.067 T:4368 debug : CVideoPlayerVideo::OutputPicture - ttd:398ms pts:4404.358 Clock:4403.959 Level:5
2024-06-04 18:09:04.096 T:4369 debug : CDVDAudio::Flush - flush audio stream
2024-06-04 18:09:04.096 T:4369 debug : CDVDAudio::Pause - pausing audio stream
2024-06-04 18:09:04.096 T:4368 debug : CAMLCodec::Reset
2024-06-04 18:09:04.135 T:4368 debug : CVideoPlayerVideo - CDVDMsg::GENERAL_SYNCHRONIZE
2024-06-04 18:09:04.135 T:4369 debug : CVideoPlayerAudio - CDVDMsg::GENERAL_SYNCHRONIZE
2024-06-04 18:09:04.194 T:4365 debug : CVideoPlayer::ProcessPacket packet from enhancement layer: size:92369 dts:4703.490 pts:4703.615 dur:41.700ms
2024-06-04 18:09:04.196 T:4368 debug : CVideoPlayerVideo - Stillframe left, switching to normal playback
2024-06-04 18:09:04.200 T:4365 debug : CVideoPlayer::ProcessPacket packet from enhancement layer: size:23705 dts:4703.532 pts:4703.532 dur:41.700ms
2024-06-04 18:09:04.204 T:4365 debug : CVideoPlayer::ProcessVideoData size:142731 dts:4703.532 pts:4703.532 dur:41.700ms, clock:4703.032 level:0
2024-06-04 18:09:04.206 T:4369 info : CAEStreamParser::SyncTrueHD - TrueHD stream detected (8 channels, 48000Hz)
2024-06-04 18:09:04.212 T:4365 debug : CVideoPlayer::ProcessVideoData size:166954 dts:4703.574 pts:4703.574 dur:41.700ms, clock:4703.032 level:0
2024-06-04 18:09:04.217 T:4365 debug : CVideoPlayer::ProcessPacket packet from enhancement layer: size:20334 dts:4703.574 pts:4703.574 dur:41.700ms
2024-06-04 18:09:04.224 T:4365 debug : CVideoPlayer::ProcessPacket packet from enhancement layer: size:40990 dts:4703.615 pts:4703.741 dur:41.700ms
2024-06-04 18:09:04.228 T:4365 debug : CVideoPlayer::ProcessVideoData size:392920 dts:4703.615 pts:4703.741 dur:41.700ms, clock:4703.032 level:0
2024-06-04 18:09:04.231 T:4365 debug : CVideoPlayer::ProcessPacket packet from enhancement layer: size:20337 dts:4703.657 pts:4703.657 dur:41.700ms
2024-06-04 18:09:04.236 T:4365 debug : CVideoPlayer::ProcessVideoData size:170717 dts:4703.657 pts:4703.657 dur:41.700ms, clock:4703.032 level:0
2024-06-04 18:09:04.240 T:4365 debug : CVideoPlayer::ProcessVideoData size:171874 dts:4703.699 pts:4703.699 dur:41.700ms, clock:4703.032 level:0
2024-06-04 18:09:04.245 T:4365 debug : CVideoPlayer::ProcessPacket packet from enhancement layer: size:20638 dts:4703.699 pts:4703.699 dur:41.700ms
2024-06-04 18:09:04.250 T:4365 debug : CVideoPlayer::HandleMessages - player started 1
2024-06-04 18:09:04.250 T:4228 debug : OnAVChange: CApplication::OnAVChange
2024-06-04 18:09:04.254 T:4365 debug : CVideoPlayer::ProcessPacket packet from enhancement layer: size:48630 dts:4703.741 pts:4703.866 dur:41.700ms
2024-06-04 18:09:04.259 T:4365 debug : CVideoPlayer::ProcessVideoData size:384087 dts:4703.741 pts:4703.866 dur:41.700ms, clock:4703.032 level:0
2024-06-04 18:09:04.263 T:4365 debug : CVideoPlayer::ProcessPacket packet from enhancement layer: size:22547 dts:4703.782 pts:4703.782 dur:41.700ms
2024-06-04 18:09:04.268 T:4365 debug : CVideoPlayer::ProcessVideoData size:167974 dts:4703.782 pts:4703.782 dur:41.700ms, clock:4703.032 level:0
2024-06-04 18:09:04.272 T:4365 debug : CVideoPlayer::ProcessVideoData size:168359 dts:4703.824 pts:4703.824 dur:41.700ms, clock:4703.032 level:0
2024-06-04 18:09:04.282 T:4365 debug : CVideoPlayer::ProcessPacket packet from enhancement layer: size:22576 dts:4703.824 pts:4703.824 dur:41.700ms
2024-06-04 18:09:04.290 T:4365 debug : CVideoPlayer::ProcessPacket packet from enhancement layer: size:42297 dts:4703.866 pts:4703.991 dur:41.700ms
2024-06-04 18:09:04.293 T:4365 debug : CVideoPlayer::ProcessVideoData size:451272 dts:4703.866 pts:4703.991 dur:41.700ms, clock:4703.032 level:0
2024-06-04 18:09:04.297 T:4365 debug : CVideoPlayer::ProcessPacket packet from enhancement layer: size:25560 dts:4703.907 pts:4703.907 dur:41.700ms
2024-06-04 18:09:04.301 T:4365 debug : CVideoPlayer::ProcessVideoData size:143549 dts:4703.907 pts:4703.907 dur:41.700ms, clock:4703.032 level:0
2024-06-04 18:09:04.305 T:4365 debug : CVideoPlayer::ProcessVideoData size:166623 dts:4703.949 pts:4703.949 dur:41.700ms, clock:4703.032 level:0
2024-06-04 18:09:04.310 T:4365 debug : CVideoPlayer::ProcessPacket packet from enhancement layer: size:22327 dts:4703.949 pts:4703.949 dur:41.700ms
2024-06-04 18:09:04.319 T:4365 debug : CVideoPlayer::ProcessPacket packet from enhancement layer: size:46725 dts:4703.991 pts:4704.116 dur:41.700ms
2024-06-04 18:09:04.324 T:4365 debug : CVideoPlayer::ProcessVideoData size:382676 dts:4703.991 pts:4704.116 dur:41.700ms, clock:4703.032 level:0
2024-06-04 18:09:04.327 T:4365 debug : CVideoPlayer::ProcessPacket packet from enhancement layer: size:21848 dts:4704.033 pts:4704.033 dur:41.700ms
2024-06-04 18:09:04.331 T:4365 debug : CVideoPlayer::ProcessVideoData size:167385 dts:4704.033 pts:4704.033 dur:41.700ms, clock:4703.032 level:0
2024-06-04 18:09:04.335 T:4365 debug : CVideoPlayer::ProcessVideoData size:166167 dts:4704.074 pts:4704.074 dur:41.700ms, clock:4703.032 level:0
2024-06-04 18:09:04.343 T:4365 debug : CVideoPlayer::ProcessPacket packet from enhancement layer: size:15961 dts:4704.074 pts:4704.074 dur:41.700ms
2024-06-04 18:09:04.349 T:4365 debug : CVideoPlayer::ProcessPacket packet from enhancement layer: size:40014 dts:4704.116 pts:4704.241 dur:41.700ms
2024-06-04 18:09:04.356 T:4365 debug : CVideoPlayer::ProcessVideoData size:455669 dts:4704.116 pts:4704.241 dur:41.700ms, clock:4703.032 level:0
2024-06-04 18:09:04.359 T:4365 debug : CVideoPlayer::ProcessPacket packet from enhancement layer: size:25182 dts:4704.158 pts:4704.158 dur:41.700ms
2024-06-04 18:09:04.364 T:4365 debug : CVideoPlayer::ProcessVideoData size:143414 dts:4704.158 pts:4704.158 dur:41.700ms, clock:4703.032 level:0
2024-06-04 18:09:04.368 T:4365 debug : CVideoPlayer::ProcessVideoData size:165140 dts:4704.199 pts:4704.199 dur:41.700ms, clock:4703.032 level:0
2024-06-04 18:09:04.373 T:4365 debug : CVideoPlayer::ProcessPacket packet from enhancement layer: size:21698 dts:4704.199 pts:4704.199 dur:41.700ms
2024-06-04 18:09:04.381 T:4365 debug : CVideoPlayer::ProcessPacket packet from enhancement layer: size:44199 dts:4704.241 pts:4704.366 dur:41.700ms
2024-06-04 18:09:04.387 T:4365 debug : CVideoPlayer::ProcessVideoData size:383498 dts:4704.241 pts:4704.366 dur:41.700ms, clock:4703.032 level:0
2024-06-04 18:09:04.390 T:4365 debug : CVideoPlayer::ProcessPacket packet from enhancement layer: size:21699 dts:4704.283 pts:4704.283 dur:41.700ms
2024-06-04 18:09:04.393 T:4365 debug : CVideoPlayer::ProcessVideoData size:165736 dts:4704.283 pts:4704.283 dur:41.700ms, clock:4703.032 level:0
2024-06-04 18:09:04.399 T:4365 debug : CVideoPlayer::ProcessVideoData size:166878 dts:4704.324 pts:4704.324 dur:41.700ms, clock:4703.032 level:0
2024-06-04 18:09:04.419 T:4365 debug : CVideoPlayer::ProcessPacket packet from enhancement layer: size:21871 dts:4704.324 pts:4704.324 dur:41.700ms
2024-06-04 18:09:04.425 T:4365 debug : CVideoPlayer::ProcessPacket packet from enhancement layer: size:59304 dts:4704.366 pts:4704.491 dur:41.700ms
2024-06-04 18:09:04.433 T:4365 debug : CVideoPlayer::ProcessVideoData size:975362 dts:4704.366 pts:4704.491 dur:41.700ms, clock:4703.032 level:0
2024-06-04 18:09:04.438 T:4365 debug : CVideoPlayer::ProcessPacket packet from enhancement layer: size:20633 dts:4704.408 pts:4704.408 dur:41.700ms
2024-06-04 18:09:04.441 T:4365 debug : CVideoPlayer::ProcessVideoData size:164285 dts:4704.408 pts:4704.408 dur:41.700ms, clock:4703.032 level:0
2024-06-04 18:09:04.450 T:4365 debug : CVideoPlayer::ProcessVideoData size:164933 dts:4704.450 pts:4704.450 dur:41.700ms, clock:4703.032 level:0
2024-06-04 18:09:04.455 T:4365 debug : CVideoPlayer::ProcessPacket packet from enhancement layer: size:20590 dts:4704.450 pts:4704.450 dur:41.700ms
2024-06-04 18:09:04.461 T:4365 debug : CVideoPlayer::ProcessPacket packet from enhancement layer: size:31414 dts:4704.491 pts:4704.616 dur:41.700ms
2024-06-04 18:09:04.464 T:4365 debug : CVideoPlayer::ProcessVideoData size:463689 dts:4704.491 pts:4704.616 dur:41.700ms, clock:4703.032 level:0
2024-06-04 18:09:04.468 T:4365 debug : CVideoPlayer::ProcessPacket packet from enhancement layer: size:23828 dts:4704.533 pts:4704.533 dur:41.700ms
2024-06-04 18:09:04.474 T:4365 debug : CVideoPlayer::ProcessVideoData size:145539 dts:4704.533 pts:4704.533 dur:41.700ms, clock:4703.032 level:0
2024-06-04 18:09:04.480 T:4365 debug : CVideoPlayer::ProcessVideoData size:145484 dts:4704.575 pts:4704.575 dur:41.700ms, clock:4703.032 level:0
2024-06-04 18:09:04.486 T:4365 debug : CVideoPlayer::ProcessPacket packet from enhancement layer: size:23828 dts:4704.575 pts:4704.575 dur:41.700ms
2024-06-04 18:09:04.491 T:4365 debug : CVideoPlayer::ProcessPacket packet from enhancement layer: size:47233 dts:4704.616 pts:4704.742 dur:41.700ms
2024-06-04 18:09:04.496 T:4365 debug : CVideoPlayer::ProcessVideoData size:385019 dts:4704.616 pts:4704.742 dur:41.700ms, clock:4703.032 level:0
2024-06-04 18:09:04.500 T:4365 debug : CVideoPlayer::ProcessPacket packet from enhancement layer: size:22974 dts:4704.658 pts:4704.658 dur:41.700ms
2024-06-04 18:09:04.505 T:4365 debug : CVideoPlayer::ProcessVideoData size:168029 dts:4704.658 pts:4704.658 dur:41.700ms, clock:4703.032 level:0
2024-06-04 18:09:04.510 T:4365 debug : CVideoPlayer::ProcessVideoData size:142609 dts:4704.700 pts:4704.700 dur:41.700ms, clock:4703.032 level:0
2024-06-04 18:09:04.518 T:4365 debug : CVideoPlayer::ProcessPacket packet from enhancement layer: size:26274 dts:4704.700 pts:4704.700 dur:41.700ms
2024-06-04 18:09:04.522 T:4365 debug : CVideoPlayer::ProcessPacket packet from enhancement layer: size:44366 dts:4704.742 pts:4704.867 dur:41.700ms
2024-06-04 18:09:04.529 T:4365 debug : CVideoPlayer::ProcessVideoData size:453143 dts:4704.742 pts:4704.867 dur:41.700ms, clock:4703.032 level:0
2024-06-04 18:09:04.532 T:4365 debug : CVideoPlayer::ProcessPacket packet from enhancement layer: size:26356 dts:4704.783 pts:4704.783 dur:41.700ms
2024-06-04 18:09:04.538 T:4365 debug : CVideoPlayer::ProcessVideoData size:142383 dts:4704.783 pts:4704.783 dur:41.700ms, clock:4703.032 level:0
2024-06-04 18:09:04.542 T:4365 debug : CVideoPlayer::ProcessVideoData size:140457 dts:4704.825 pts:4704.825 dur:41.700ms, clock:4703.032 level:0
2024-06-04 18:09:04.546 T:4368 debug : CVideoPlayerVideo::OutputPicture - ttd:499ms pts:4703.532 Clock:4703.032 Level:0
2024-06-04 18:09:04.547 T:4365 debug : CVideoPlayer::ProcessPacket packet from enhancement layer: size:26687 dts:4704.825 pts:4704.825 dur:41.700ms
2024-06-04 18:09:04.555 T:4365 debug : CVideoPlayer::ProcessPacket packet from enhancement layer: size:48954 dts:4704.867 pts:4704.992 dur:41.700ms
2024-06-04 18:09:04.555 T:4365 debug : CVideoPlayer::HandleMessages - player started 2
2024-06-04 18:09:04.555 T:4365 debug : CDVDClock::SetSpeedAdjust - adjusted:0.000000
2024-06-04 18:09:04.555 T:4365 info : Skipped 1 duplicate messages..
2024-06-04 18:09:04.555 T:4365 debug : VideoPlayer::Sync - Audio - pts: 4703.721, cache: 0.406, totalcache: 0.685, packets:1590 level:15
2024-06-04 18:09:04.555 T:4368 debug : CAMLCodec::SetSpeed, speed(1000)
2024-06-04 18:09:04.555 T:4365 debug : VideoPlayer::Sync - Video - pts: 4703.532, cache: 0.050, totalcache: 0.100, packets:32 level:1
2024-06-04 18:09:04.555 T:4368 debug : CVideoPlayerVideo - CDVDMsg::GENERAL_RESYNC(4703314942.674152)
2024-06-04 18:09:04.555 T:4369 debug : CDVDAudio::Resume - resume audio stream
2024-06-04 18:09:04.555 T:4368 debug : CVideoPlayerVideo - OUTPUT_AGAIN - vfmt, interlace should be checked.
2024-06-04 18:09:04.555 T:4196 debug : ActiveAE - start sync of audio stream
2024-06-04 18:09:04.556 T:4368 debug : CVideoPlayerVideo - CDVDMsg::DEMUXER_PACKET - checking interlace vfmt: null
2024-06-04 18:09:04.559 T:4365 debug : CVideoPlayer::ProcessVideoData size:383696 dts:4704.867 pts:4704.992 dur:41.700ms, clock:4703.319 level:0
2024-06-04 18:09:04.564 T:4365 debug : CVideoPlayer::ProcessPacket packet from enhancement layer: size:22749 dts:4704.908 pts:4704.908 dur:41.700ms
2024-06-04 18:09:04.569 T:4365 debug : CVideoPlayer::ProcessVideoData size:163626 dts:4704.908 pts:4704.908 dur:41.700ms, clock:4703.329 level:0
2024-06-04 18:09:04.573 T:4365 debug : CVideoPlayer::ProcessVideoData size:163409 dts:4704.950 pts:4704.950 dur:41.700ms, clock:4703.333 level:0
2024-06-04 18:09:04.578 T:4368 debug : CVideoPlayerVideo::OutputPicture - ttd:486ms pts:4703.824 Clock:4703.337 Level:0
2024-06-04 18:09:04.578 T:4368 debug : CVideoPlayerVideo - CDVDMsg::DEMUXER_PACKET - checking interlace vfmt: null
2024-06-04 18:09:04.579 T:4365 debug : CVideoPlayer::ProcessPacket packet from enhancement layer: size:22610 dts:4704.950 pts:4704.950 dur:41.700ms
2024-06-04 18:09:04.580 T:4368 debug : CVideoPlayerVideo::OutputPicture - ttd:525ms pts:4703.866 Clock:4703.340 Level:1
2024-06-04 18:09:04.581 T:4368 debug : CVideoPlayerVideo::OutputPicture - ttd:607ms pts:4703.949 Clock:4703.341 Level:2
2024-06-04 18:09:04.582 T:4368 debug : CVideoPlayerVideo::OutputPicture - ttd:648ms pts:4703.991 Clock:4703.342 Level:3
2024-06-04 18:09:04.584 T:4368 debug : CVideoPlayerVideo::OutputPicture - ttd:688ms pts:4704.033 Clock:4703.344 Level:4
2024-06-04 18:09:04.585 T:4368 debug : CVideoPlayerVideo::OutputPicture - ttd:729ms pts:4704.074 Clock:4703.345 Level:5
2024-06-04 18:09:04.585 T:4365 debug : CVideoPlayer::ProcessPacket packet from enhancement layer: size:50175 dts:4704.992 pts:4705.117 dur:41.700ms
2024-06-04 18:09:04.588 T:4365 debug : CVideoPlayer::ProcessVideoData size:380333 dts:4704.992 pts:4705.117 dur:41.700ms, clock:4703.348 level:0
2024-06-04 18:09:04.594 T:4365 debug : CVideoPlayer::ProcessPacket packet from enhancement layer: size:22760 dts:4705.034 pts:4705.034 dur:41.700ms
2024-06-04 18:09:04.597 T:4365 debug : CVideoPlayer::ProcessVideoData size:165734 dts:4705.034 pts:4705.034 dur:41.700ms, clock:4703.357 level:0
2024-06-04 18:09:04.601 T:4368 debug : CVideoPlayerVideo::OutputPicture - ttd:754ms pts:4704.116 Clock:4703.361 Level:6
2024-06-04 18:09:04.602 T:4368 debug : CVideoPlayerVideo - CDVDMsg::DEMUXER_PACKET - checking interlace vfmt: null
2024-06-04 18:09:04.603 T:4365 debug : CVideoPlayer::ProcessVideoData size:165286 dts:4705.075 pts:4705.075 dur:41.700ms, clock:4703.363 level:0
2024-06-04 18:09:04.609 T:4365 debug : CVideoPlayer::ProcessPacket packet from enhancement layer: size:22845 dts:4705.075 pts:4705.075 dur:41.700ms
2024-06-04 18:09:04.616 T:4365 debug : CVideoPlayer::ProcessPacket packet from enhancement layer: size:40710 dts:4705.117 pts:4705.242 dur:41.700ms
2024-06-04 18:09:04.619 T:4365 debug : CVideoPlayer::ProcessVideoData size:450838 dts:4705.117 pts:4705.242 dur:41.700ms, clock:4703.379 level:0
2024-06-04 18:09:04.624 T:4365 debug : CVideoPlayer::ProcessPacket packet from enhancement layer: size:25150 dts:4705.159 pts:4705.159 dur:41.700ms
2024-06-04 18:09:04.624 T:4368 debug : CVideoPlayerVideo - CDVDMsg::DEMUXER_PACKET - checking interlace vfmt: null
2024-06-04 18:09:04.626 T:4365 debug : CVideoPlayer::ProcessVideoData size:141953 dts:4705.159 pts:4705.159 dur:41.700ms, clock:4703.386 level:0
2024-06-04 18:09:04.632 T:4365 debug : CVideoPlayer::ProcessVideoData size:164513 dts:4705.200 pts:4705.200 dur:41.700ms, clock:4703.392 level:0
2024-06-04 18:09:04.657 T:4365 debug : CVideoPlayer::ProcessPacket packet from enhancement layer: size:21908 dts:4705.200 pts:4705.200 dur:41.700ms
2024-06-04 18:09:04.658 T:4365 debug : CVideoPlayer::ProcessPacket packet from enhancement layer: size:93356 dts:4705.242 pts:4705.367 dur:41.700ms
2024-06-04 18:09:04.662 T:4365 debug : CVideoPlayer::ProcessVideoData size:866641 dts:4705.242 pts:4705.367 dur:41.700ms, clock:4703.422 level:0
2024-06-04 18:09:04.666 T:4365 debug : CVideoPlayer::ProcessPacket packet from enhancement layer: size:20680 dts:4705.284 pts:4705.284 dur:41.700ms
2024-06-04 18:09:04.668 T:4365 debug : CVideoPlayer::ProcessVideoData size:168124 dts:4705.284 pts:4705.284 dur:41.700ms, clock:4703.428 level:0
2024-06-04 18:09:04.672 T:4196 debug : ActiveAE::SyncStream - average error of 35.146232, start adjusting
2024-06-04 18:09:04.672 T:4196 debug : ActiveAE::SyncStream - average error 15.146232 below threshold of 30.000000
2024-06-04 18:09:04.675 T:4365 debug : CVideoPlayer::ProcessVideoData size:142257 dts:4705.325 pts:4705.325 dur:41.700ms, clock:4703.435 level:0
2024-06-04 18:09:04.682 T:4365 debug : CVideoPlayer::ProcessPacket packet from enhancement layer: size:24364 dts:4705.325 pts:4705.325 dur:41.700ms
2024-06-04 18:09:04.689 T:4365 debug : CVideoPlayer::ProcessPacket packet from enhancement layer: size:34380 dts:4705.367 pts:4705.492 dur:41.700ms
2024-06-04 18:09:04.693 T:4365 debug : CVideoPlayer::ProcessVideoData size:465424 dts:4705.367 pts:4705.492 dur:41.700ms, clock:4703.453 level:0
2024-06-04 18:09:04.696 T:4365 debug : CVideoPlayer::ProcessPacket packet from enhancement layer: size:24517 dts:4705.409 pts:4705.409 dur:41.700ms
2024-06-04 18:09:04.699 T:4365 debug : CVideoPlayer::ProcessVideoData size:150967 dts:4705.409 pts:4705.409 dur:41.700ms, clock:4703.459 level:0
2024-06-04 18:09:04.705 T:4365 debug : CVideoPlayer::ProcessVideoData size:150440 dts:4705.451 pts:4705.451 dur:41.700ms, clock:4703.465 level:0
2024-06-04 18:09:04.710 T:4365 debug : CVideoPlayer::ProcessPacket packet from enhancement layer: size:24281 dts:4705.451 pts:4705.451 dur:41.700ms
2024-06-04 18:09:04.720 T:4365 debug : CVideoPlayer::ProcessPacket packet from enhancement layer: size:37558 dts:4705.492 pts:4705.617 dur:41.700ms
2024-06-04 18:09:04.726 T:4365 debug : CVideoPlayer::ProcessVideoData size:387923 dts:4705.492 pts:4705.617 dur:41.700ms, clock:4703.486 level:0
2024-06-04 18:09:04.730 T:4365 debug : CVideoPlayer::ProcessPacket packet from enhancement layer: size:22739 dts:4705.534 pts:4705.534 dur:41.700ms
2024-06-04 18:09:04.732 T:4365 debug : CVideoPlayer::ProcessVideoData size:173231 dts:4705.534 pts:4705.534 dur:41.700ms, clock:4703.492 level:0
2024-06-04 18:09:04.737 T:4365 debug : CVideoPlayer::ProcessVideoData size:147711 dts:4705.576 pts:4705.576 dur:41.700ms, clock:4703.497 level:0
2024-06-04 18:09:04.743 T:4365 debug : CVideoPlayer::ProcessPacket packet from enhancement layer: size:26468 dts:4705.576 pts:4705.576 dur:41.700ms
2024-06-04 18:09:04.749 T:4365 debug : CVideoPlayer::ProcessPacket packet from enhancement layer: size:35920 dts:4705.617 pts:4705.743 dur:41.700ms
2024-06-04 18:09:04.755 T:4365 debug : CVideoPlayer::ProcessVideoData size:455240 dts:4705.617 pts:4705.743 dur:41.700ms, clock:4703.515 level:0
2024-06-04 18:09:04.758 T:4365 debug : CVideoPlayer::ProcessPacket packet from enhancement layer: size:26389 dts:4705.659 pts:4705.659 dur:41.700ms
2024-06-04 18:09:04.762 T:4365 debug : CVideoPlayer::ProcessVideoData size:147893 dts:4705.659 pts:4705.659 dur:41.700ms, clock:4703.522 level:0
2024-06-04 18:09:04.766 T:4365 debug : CVideoPlayer::ProcessVideoData size:171900 dts:4705.701 pts:4705.701 dur:41.700ms, clock:4703.526 level:0
2024-06-04 18:09:04.772 T:4365 debug : CVideoPlayer::ProcessPacket packet from enhancement layer: size:16806 dts:4705.701 pts:4705.701 dur:41.700ms
2024-06-04 18:09:04.779 T:4365 debug : CVideoPlayer::ProcessPacket packet from enhancement layer: size:49988 dts:4705.743 pts:4705.868 dur:41.700ms
2024-06-04 18:09:04.783 T:4365 debug : CVideoPlayer::ProcessVideoData size:384795 dts:4705.743 pts:4705.868 dur:41.700ms, clock:4703.543 level:0
2024-06-04 18:09:04.788 T:4365 debug : CVideoPlayer::ProcessPacket packet from enhancement layer: size:16512 dts:4705.784 pts:4705.784 dur:41.700ms
2024-06-04 18:09:04.790 T:4365 debug : CVideoPlayer::ProcessVideoData size:171791 dts:4705.784 pts:4705.784 dur:41.700ms, clock:4703.550 level:0
2024-06-04 18:09:04.796 T:4365 debug : CVideoPlayer::ProcessVideoData size:146908 dts:4705.826 pts:4705.826 dur:41.700ms, clock:4703.556 level:0
2024-06-04 18:09:04.802 T:4365 debug : CVideoPlayer::ProcessPacket packet from enhancement layer: size:19561 dts:4705.826 pts:4705.826 dur:41.700ms
2024-06-04 18:09:04.808 T:4365 debug : CVideoPlayer::ProcessPacket packet from enhancement layer: size:33119 dts:4705.868 pts:4705.993 dur:41.700ms
2024-06-04 18:09:04.811 T:4365 debug : CVideoPlayer::ProcessVideoData size:452643 dts:4705.868 pts:4705.993 dur:41.700ms, clock:4703.571 level:0
2024-06-04 18:09:04.816 T:4365 debug : CVideoPlayer::ProcessPacket packet from enhancement layer: size:25715 dts:4705.909 pts:4705.909 dur:41.700ms
2024-06-04 18:09:04.820 T:4365 debug : CVideoPlayer::ProcessVideoData size:145385 dts:4705.909 pts:4705.909 dur:41.700ms, clock:4703.580 level:0
2024-06-04 18:09:04.826 T:4365 debug : CVideoPlayer::ProcessVideoData size:169910 dts:4705.951 pts:4705.951 dur:41.700ms, clock:4703.586 level:0
2024-06-04 18:09:04.831 T:4365 debug : CVideoPlayer::ProcessPacket packet from enhancement layer: size:16271 dts:4705.951 pts:4705.951 dur:41.700ms
2024-06-04 18:09:04.836 T:4365 debug : CVideoPlayer::ProcessPacket packet from enhancement layer: size:47721 dts:4705.993 pts:4706.118 dur:41.700ms
2024-06-04 18:09:04.841 T:4365 debug : CVideoPlayer::ProcessVideoData size:381423 dts:4705.993 pts:4706.118 dur:41.700ms, clock:4703.601 level:0
2024-06-04 18:09:04.844 T:4365 debug : CVideoPlayer::ProcessPacket packet from enhancement layer: size:16226 dts:4706.035 pts:4706.035 dur:41.700ms
2024-06-04 18:09:04.850 T:4365 debug : CVideoPlayer::ProcessVideoData size:169052 dts:4706.035 pts:4706.035 dur:41.700ms, clock:4703.610 level:0
2024-06-04 18:09:04.854 T:4365 debug : CVideoPlayer::ProcessVideoData size:168026 dts:4706.076 pts:4706.076 dur:41.700ms, clock:4703.614 level:0
2024-06-04 18:09:04.873 T:4365 debug : CVideoPlayer::ProcessPacket packet from enhancement layer: size:16287 dts:4706.076 pts:4706.076 dur:41.700ms
2024-06-04 18:09:04.879 T:4365 debug : CVideoPlayer::ProcessPacket packet from enhancement layer: size:60412 dts:4706.118 pts:4706.243 dur:41.700ms
2024-06-04 18:09:04.884 T:4365 debug : CVideoPlayer::ProcessVideoData size:979669 dts:4706.118 pts:4706.243 dur:41.700ms, clock:4703.644 level:0
2024-06-04 18:09:04.890 T:4365 debug : CVideoPlayer::ProcessPacket packet from enhancement layer: size:20980 dts:4706.160 pts:4706.160 dur:41.700ms
2024-06-04 18:09:04.893 T:4365 debug : CVideoPlayer::ProcessVideoData size:171517 dts:4706.160 pts:4706.160 dur:41.700ms, clock:4703.653 level:0
2024-06-04 18:09:04.899 T:4365 debug : CVideoPlayer::ProcessVideoData size:146142 dts:4706.201 pts:4706.201 dur:41.700ms, clock:4703.659 level:0
2024-06-04 18:09:04.906 T:4365 debug : CVideoPlayer::ProcessPacket packet from enhancement layer: size:24868 dts:4706.201 pts:4706.201 dur:41.700ms
2024-06-04 18:09:04.912 T:4365 debug : CVideoPlayer::ProcessPacket packet from enhancement layer: size:31737 dts:4706.243 pts:4706.368 dur:41.700ms
2024-06-04 18:09:04.915 T:4365 debug : CVideoPlayer::ProcessVideoData size:464650 dts:4706.243 pts:4706.368 dur:41.700ms, clock:4703.675 level:0
2024-06-04 18:09:04.920 T:4365 debug : CVideoPlayer::ProcessPacket packet from enhancement layer: size:23690 dts:4706.285 pts:4706.285 dur:41.700ms
2024-06-04 18:09:04.923 T:4365 debug : CVideoPlayer::ProcessVideoData size:148592 dts:4706.285 pts:4706.285 dur:41.700ms, clock:4703.683 level:0
2024-06-04 18:09:04.930 T:4365 debug : CVideoPlayer::ProcessVideoData size:149800 dts:4706.326 pts:4706.326 dur:41.700ms, clock:4703.690 level:0
2024-06-04 18:09:04.931 T:4368 debug : CVideoPlayerVideo::OutputPicture - ttd:468ms pts:4704.158 Clock:4703.689 Level:6
2024-06-04 18:09:04.935 T:4365 debug : CVideoPlayer::ProcessPacket packet from enhancement layer: size:23977 dts:4706.326 pts:4706.326 dur:41.700ms
2024-06-04 18:09:04.942 T:4365 debug : CVideoPlayer::ProcessPacket packet from enhancement layer: size:46930 dts:4706.368 pts:4706.493 dur:41.700ms
2024-06-04 18:09:04.945 T:4365 debug : CVideoPlayer::ProcessVideoData size:384992 dts:4706.368 pts:4706.493 dur:41.700ms, clock:4703.705 level:0
2024-06-04 18:09:04.948 T:4365 debug : CVideoPlayer::ProcessPacket packet from enhancement layer: size:22266 dts:4706.410 pts:4706.410 dur:41.700ms
2024-06-04 18:09:04.952 T:4365 debug : CVideoPlayer::ProcessVideoData size:166740 dts:4706.410 pts:4706.410 dur:41.700ms, clock:4703.712 level:0
2024-06-04 18:09:04.956 T:4365 debug : CVideoPlayer::ProcessVideoData size:143295 dts:4706.452 pts:4706.452 dur:41.700ms, clock:4703.716 level:0
2024-06-04 18:09:04.961 T:4365 debug : CVideoPlayer::ProcessPacket packet from enhancement layer: size:25800 dts:4706.452 pts:4706.452 dur:41.700ms
2024-06-04 18:09:04.969 T:4365 debug : CVideoPlayer::ProcessPacket packet from enhancement layer: size:50394 dts:4706.493 pts:4706.618 dur:41.700ms
2024-06-04 18:09:04.974 T:4365 debug : CVideoPlayer::ProcessVideoData size:380650 dts:4706.493 pts:4706.618 dur:41.700ms, clock:4703.734 level:0
2024-06-04 18:09:04.975 T:4368 debug : CVideoPlayerVideo::OutputPicture - ttd:470ms pts:4704.199 Clock:4703.729 Level:6
2024-06-04 18:09:04.977 T:4365 debug : CVideoPlayer::ProcessPacket packet from enhancement layer: size:22688 dts:4706.535 pts:4706.535 dur:41.700ms
2024-06-04 18:09:04.979 T:4365 debug : CVideoPlayer::ProcessVideoData size:169422 dts:4706.535 pts:4706.535 dur:41.700ms, clock:4703.739 level:1
2024-06-04 18:09:04.985 T:4365 debug : CVideoPlayer::ProcessVideoData size:143756 dts:4706.577 pts:4706.577 dur:41.700ms, clock:4703.745 level:0
2024-06-04 18:09:04.992 T:4365 debug : CVideoPlayer::ProcessPacket packet from enhancement layer: size:26084 dts:4706.577 pts:4706.577 dur:41.700ms
2024-06-04 18:09:04.998 T:4365 debug : CVideoPlayer::ProcessPacket packet from enhancement layer: size:32396 dts:4706.618 pts:4706.744 dur:41.700ms
2024-06-04 18:09:05.001 T:4365 debug : CVideoPlayer::ProcessVideoData size:449441 dts:4706.618 pts:4706.744 dur:41.700ms, clock:4703.761 level:0
2024-06-04 18:09:05.007 T:4365 debug : CVideoPlayer::ProcessPacket packet from enhancement layer: size:25633 dts:4706.660 pts:4706.660 dur:41.700ms
2024-06-04 18:09:05.010 T:4365 debug : CVideoPlayer::ProcessVideoData size:144858 dts:4706.660 pts:4706.660 dur:41.700ms, clock:4703.770 level:0
2024-06-04 18:09:05.016 T:4365 debug : CVideoPlayer::ProcessVideoData size:145971 dts:4706.702 pts:4706.702 dur:41.700ms, clock:4703.776 level:0
2024-06-04 18:09:05.019 T:4365 debug : CVideoPlayer::ProcessPacket packet from enhancement layer: size:25566 dts:4706.702 pts:4706.702 dur:41.700ms
