2024-06-04 18:08:53.375 T:4368 debug : CVideoPlayerVideo::OutputPicture - ttd:401ms pts:3931.553 Clock:3931.151 Level:5
2024-06-04 18:08:53.416 T:4368 debug : CVideoPlayerVideo::OutputPicture - ttd:402ms pts:3931.594 Clock:3931.192 Level:6
2024-06-04 18:08:53.436 T:4365 debug : CVideoPlayer::ProcessVideoData size:412843 dts:3940.561 pts:3940.687 dur:41.700ms, clock:3931.212 level:74
2024-06-04 18:08:53.442 T:4365 debug : CVideoPlayer::ProcessPacket packet from enhancement layer: size:22099 dts:3940.603 pts:3940.603 dur:41.700ms
2024-06-04 18:08:53.445 T:4365 debug : CVideoPlayer::ProcessVideoData size:176378 dts:3940.603 pts:3940.603 dur:41.700ms, clock:3931.220 level:75
2024-06-04 18:08:53.452 T:4365 debug : CVideoPlayer::ProcessVideoData size:175850 dts:3940.645 pts:3940.645 dur:41.700ms, clock:3931.227 level:75
2024-06-04 18:08:53.457 T:4368 debug : CVideoPlayerVideo::OutputPicture - ttd:403ms pts:3931.636 Clock:3931.233 Level:6
2024-06-04 18:08:53.458 T:4365 debug : CVideoPlayer::ProcessPacket packet from enhancement layer: size:21725 dts:3940.645 pts:3940.645 dur:41.700ms
2024-06-04 18:08:53.466 T:4365 debug : CVideoPlayer::ProcessPacket packet from enhancement layer: size:38055 dts:3940.687 pts:3940.812 dur:41.700ms
2024-06-04 18:08:53.470 T:4365 debug : CVideoPlayer::ProcessVideoData size:405441 dts:3940.687 pts:3940.812 dur:41.700ms, clock:3931.246 level:75
2024-06-04 18:08:53.475 T:4365 debug : CVideoPlayer::ProcessPacket packet from enhancement layer: size:21821 dts:3940.728 pts:3940.728 dur:41.700ms
2024-06-04 18:08:53.478 T:4365 debug : CVideoPlayer::ProcessVideoData size:173802 dts:3940.728 pts:3940.728 dur:41.700ms, clock:3931.253 level:76
2024-06-04 18:08:53.494 T:4365 debug : CVideoPlayer::ProcessVideoData size:174012 dts:3940.770 pts:3940.770 dur:41.700ms, clock:3931.270 level:75
2024-06-04 18:08:53.498 T:4368 debug : CVideoPlayerVideo::OutputPicture - ttd:404ms pts:3931.678 Clock:3931.274 Level:6
2024-06-04 18:08:53.538 T:4368 debug : CVideoPlayerVideo::OutputPicture - ttd:405ms pts:3931.719 Clock:3931.314 Level:6
2024-06-04 18:08:53.583 T:4368 debug : CVideoPlayerVideo::OutputPicture - ttd:402ms pts:3931.761 Clock:3931.359 Level:6
2024-06-04 18:08:53.591 T:4365 debug : CVideoPlayer::ProcessPacket packet from enhancement layer: size:22024 dts:3940.770 pts:3940.770 dur:41.700ms
2024-06-04 18:08:53.591 T:4365 debug : CVideoPlayer::ProcessPacket packet from enhancement layer: size:66585 dts:3940.812 pts:3940.937 dur:41.700ms
2024-06-04 18:08:53.610 T:4365 debug : CVideoPlayer::ProcessVideoData size:927031 dts:3940.812 pts:3940.937 dur:41.700ms, clock:3931.386 level:76
2024-06-04 18:08:53.625 T:4368 debug : CVideoPlayerVideo::OutputPicture - ttd:401ms pts:3931.803 Clock:3931.401 Level:6
2024-06-04 18:08:53.666 T:4368 debug : CVideoPlayerVideo::OutputPicture - ttd:402ms pts:3931.845 Clock:3931.442 Level:6
2024-06-04 18:08:53.712 T:4368 debug : CVideoPlayerVideo::OutputPicture - ttd:398ms pts:3931.886 Clock:3931.487 Level:6
2024-06-04 18:08:53.727 T:4365 debug : CVideoPlayer::ProcessPacket packet from enhancement layer: size:20375 dts:3940.853 pts:3940.853 dur:41.700ms
2024-06-04 18:08:53.750 T:4368 debug : CVideoPlayerVideo::OutputPicture - ttd:401ms pts:3931.928 Clock:3931.526 Level:6
2024-06-04 18:08:53.767 T:4365 debug : CVideoPlayer::ProcessVideoData size:171804 dts:3940.853 pts:3940.853 dur:41.700ms, clock:3931.543 level:73
2024-06-04 18:08:53.776 T:4365 debug : CVideoPlayer::ProcessVideoData size:169840 dts:3940.895 pts:3940.895 dur:41.700ms, clock:3931.552 level:73
2024-06-04 18:08:53.784 T:4365 debug : CVideoPlayer::ProcessPacket packet from enhancement layer: size:19970 dts:3940.895 pts:3940.895 dur:41.700ms
2024-06-04 18:08:53.789 T:4368 debug : CVideoPlayerVideo::OutputPicture - ttd:404ms pts:3931.970 Clock:3931.565 Level:6
2024-06-04 18:08:53.833 T:4368 debug : CVideoPlayerVideo::OutputPicture - ttd:403ms pts:3932.011 Clock:3931.608 Level:6
2024-06-04 18:08:53.854 T:4365 debug : CVideoPlayer::ProcessPacket packet from enhancement layer: size:31648 dts:3940.937 pts:3941.062 dur:41.700ms
2024-06-04 18:08:53.859 T:4365 debug : CVideoPlayer::ProcessVideoData size:417596 dts:3940.937 pts:3941.062 dur:41.700ms, clock:3931.634 level:74
2024-06-04 18:08:53.874 T:4368 debug : CVideoPlayerVideo::OutputPicture - ttd:403ms pts:3932.053 Clock:3931.650 Level:6
2024-06-04 18:08:53.904 T:4365 debug : CVideoPlayer::ProcessPacket packet from enhancement layer: size:19624 dts:3940.979 pts:3940.979 dur:41.700ms
2024-06-04 18:08:53.919 T:4368 debug : CVideoPlayerVideo::OutputPicture - ttd:399ms pts:3932.095 Clock:3931.695 Level:5
2024-06-04 18:08:53.931 T:4365 debug : CVideoPlayer::ProcessVideoData size:174099 dts:3940.979 pts:3940.979 dur:41.700ms, clock:3931.707 level:73
2024-06-04 18:08:53.938 T:4365 debug : CVideoPlayer::ProcessVideoData size:172710 dts:3941.020 pts:3941.020 dur:41.700ms, clock:3931.714 level:73
2024-06-04 18:08:53.958 T:4368 debug : CVideoPlayerVideo::OutputPicture - ttd:402ms pts:3932.137 Clock:3931.734 Level:5
2024-06-04 18:08:53.985 T:4365 debug : CVideoPlayer::ProcessPacket packet from enhancement layer: size:19901 dts:3941.020 pts:3941.020 dur:41.700ms
2024-06-04 18:08:53.992 T:4365 debug : CVideoPlayer::ProcessPacket packet from enhancement layer: size:41539 dts:3941.062 pts:3941.187 dur:41.700ms
2024-06-04 18:08:53.996 T:4365 debug : CVideoPlayer::ProcessVideoData size:406642 dts:3941.062 pts:3941.187 dur:41.700ms, clock:3931.772 level:74
2024-06-04 18:08:54.001 T:4368 debug : CVideoPlayerVideo::OutputPicture - ttd:401ms pts:3932.178 Clock:3931.776 Level:5
2024-06-04 18:08:54.032 T:4365 debug : CVideoPlayer::ProcessPacket packet from enhancement layer: size:23011 dts:3941.104 pts:3941.104 dur:41.700ms
2024-06-04 18:08:54.044 T:4368 debug : CVideoPlayerVideo::OutputPicture - ttd:400ms pts:3932.220 Clock:3931.819 Level:5
2024-06-04 18:08:54.084 T:4368 debug : CVideoPlayerVideo::OutputPicture - ttd:402ms pts:3932.262 Clock:3931.859 Level:5
2024-06-04 18:08:54.089 T:4365 debug : CVideoPlayer::ProcessVideoData size:165644 dts:3941.104 pts:3941.104 dur:41.700ms, clock:3931.865 level:73
2024-06-04 18:08:54.102 T:4340 debug : request received for /jsonrpc
2024-06-04 18:08:54.117 T:4365 info : Skipped 1 duplicate messages..
2024-06-04 18:08:54.117 T:4365 debug : CVideoPlayer::ProcessVideoData size:164496 dts:3941.145 pts:3941.145 dur:41.700ms, clock:3931.893 level:71
2024-06-04 18:08:54.122 T:4340 debug : request received for /jsonrpc
2024-06-04 18:08:54.124 T:4365 debug : CVideoPlayer::ProcessPacket packet from enhancement layer: size:23012 dts:3941.145 pts:3941.145 dur:41.700ms
2024-06-04 18:08:54.126 T:4368 debug : CVideoPlayerVideo::OutputPicture - ttd:401ms pts:3932.303 Clock:3931.902 Level:5
2024-06-04 18:08:54.130 T:4365 debug : CVideoPlayer::ProcessPacket packet from enhancement layer: size:43029 dts:3941.187 pts:3941.312 dur:41.700ms
2024-06-04 18:08:54.131 T:4340 debug : request received for /jsonrpc
2024-06-04 18:08:54.147 T:4365 debug : CVideoPlayer::ProcessVideoData size:401165 dts:3941.187 pts:3941.312 dur:41.700ms, clock:3931.923 level:72
2024-06-04 18:08:54.151 T:4365 debug : CVideoPlayer::ProcessPacket packet from enhancement layer: size:23112 dts:3941.229 pts:3941.229 dur:41.700ms
2024-06-04 18:08:54.156 T:4365 debug : CVideoPlayer::ProcessVideoData size:160312 dts:3941.229 pts:3941.229 dur:41.700ms, clock:3931.932 level:73
2024-06-04 18:08:54.167 T:4368 debug : CVideoPlayerVideo::OutputPicture - ttd:402ms pts:3932.345 Clock:3931.943 Level:6
2024-06-04 18:08:54.184 T:4365 debug : CVideoPlayer::ProcessVideoData size:159177 dts:3941.271 pts:3941.271 dur:41.700ms, clock:3931.960 level:72
2024-06-04 18:08:54.188 T:4365 debug : CVideoPlayer::ProcessPacket packet from enhancement layer: size:22982 dts:3941.271 pts:3941.271 dur:41.700ms
2024-06-04 18:08:54.195 T:4365 debug : CVideoPlayer::ProcessPacket packet from enhancement layer: size:40920 dts:3941.312 pts:3941.437 dur:41.700ms
2024-06-04 18:08:54.210 T:4368 debug : CVideoPlayerVideo::OutputPicture - ttd:401ms pts:3932.387 Clock:3931.986 Level:5
2024-06-04 18:08:54.210 T:4365 debug : CVideoPlayer::ProcessVideoData size:394020 dts:3941.312 pts:3941.437 dur:41.700ms, clock:3931.986 level:100
2024-06-04 18:08:54.233 T:4365 debug : CVideoPlayer::ProcessPacket packet from enhancement layer: size:22139 dts:3941.354 pts:3941.354 dur:41.700ms
2024-06-04 18:08:54.236 T:4365 debug : CVideoPlayer::ProcessVideoData size:160714 dts:3941.354 pts:3941.354 dur:41.700ms, clock:3932.012 level:100
2024-06-04 18:08:54.252 T:4368 debug : CVideoPlayerVideo::OutputPicture - ttd:401ms pts:3932.428 Clock:3932.027 Level:5
2024-06-04 18:08:54.264 T:4365 debug : CVideoPlayer::ProcessVideoData size:159993 dts:3941.396 pts:3941.396 dur:41.700ms, clock:3932.039 level:73
2024-06-04 18:08:54.269 T:4365 debug : CVideoPlayer::ProcessPacket packet from enhancement layer: size:21964 dts:3941.396 pts:3941.396 dur:41.700ms
2024-06-04 18:08:54.293 T:4368 debug : CVideoPlayerVideo::OutputPicture - ttd:400ms pts:3932.470 Clock:3932.069 Level:5
2024-06-04 18:08:54.334 T:4368 debug : CVideoPlayerVideo::OutputPicture - ttd:402ms pts:3932.512 Clock:3932.110 Level:6
2024-06-04 18:08:54.357 T:4365 debug : CVideoPlayer::ProcessPacket packet from enhancement layer: size:37445 dts:3941.437 pts:3941.562 dur:41.700ms
2024-06-04 18:08:54.362 T:4365 debug : CVideoPlayer::ProcessVideoData size:395266 dts:3941.437 pts:3941.562 dur:41.700ms, clock:3932.137 level:74
2024-06-04 18:08:54.373 T:4368 debug : CVideoPlayerVideo::OutputPicture - ttd:404ms pts:3932.554 Clock:3932.149 Level:6
2024-06-04 18:08:54.388 T:4365 debug : CVideoPlayer::ProcessPacket packet from enhancement layer: size:21326 dts:3941.479 pts:3941.479 dur:41.700ms
2024-06-04 18:08:54.392 T:4365 debug : CVideoPlayer::ProcessVideoData size:166759 dts:3941.479 pts:3941.479 dur:41.700ms, clock:3932.168 level:74
2024-06-04 18:08:54.409 T:4365 debug : CVideoPlayer::ProcessVideoData size:166560 dts:3941.521 pts:3941.521 dur:41.700ms, clock:3932.185 level:73
2024-06-04 18:08:54.414 T:4365 debug : CVideoPlayer::ProcessPacket packet from enhancement layer: size:21401 dts:3941.521 pts:3941.521 dur:41.700ms
2024-06-04 18:08:54.415 T:4368 debug : CVideoPlayerVideo::OutputPicture - ttd:404ms pts:3932.595 Clock:3932.191 Level:6
2024-06-04 18:08:54.461 T:4368 debug : CVideoPlayerVideo::OutputPicture - ttd:400ms pts:3932.637 Clock:3932.237 Level:6
2024-06-04 18:08:54.484 T:4365 debug : CVideoPlayer::ProcessVideoData size:287807 dts:3941.562 pts:3941.604 dur:41.700ms, clock:3932.260 level:74
2024-06-04 18:08:54.498 T:4368 debug : CVideoPlayerVideo::OutputPicture - ttd:404ms pts:3932.679 Clock:3932.274 Level:6
2024-06-04 18:08:54.544 T:4368 debug : CVideoPlayerVideo::OutputPicture - ttd:400ms pts:3932.720 Clock:3932.320 Level:6
2024-06-04 18:08:54.548 T:4365 debug : CVideoPlayer::ProcessPacket packet from enhancement layer: size:34108 dts:3941.562 pts:3941.604 dur:41.700ms
2024-06-04 18:08:54.557 T:4365 debug : CVideoPlayer::ProcessVideoData size:283729 dts:3941.604 pts:3941.646 dur:41.700ms, clock:3932.333 level:73
2024-06-04 18:08:54.585 T:4368 debug : CVideoPlayerVideo::OutputPicture - ttd:400ms pts:3932.762 Clock:3932.361 Level:6
2024-06-04 18:08:54.588 T:4365 debug : CVideoPlayer::ProcessVideoData size:1074416 dts:3941.646 pts:3941.688 dur:41.700ms, clock:3932.364 level:74
2024-06-04 18:08:54.623 T:4368 debug : CVideoPlayerVideo::OutputPicture - ttd:405ms pts:3932.804 Clock:3932.398 Level:6
2024-06-04 18:08:54.668 T:4368 debug : CVideoPlayerVideo::OutputPicture - ttd:402ms pts:3932.846 Clock:3932.443 Level:6
2024-06-04 18:08:54.708 T:4368 debug : CVideoPlayerVideo::OutputPicture - ttd:403ms pts:3932.887 Clock:3932.484 Level:6
2024-06-04 18:08:54.748 T:4365 debug : CVideoPlayer::ProcessPacket packet from enhancement layer: size:37904 dts:3941.604 pts:3941.646 dur:41.700ms
2024-06-04 18:08:54.750 T:4368 debug : CVideoPlayerVideo::OutputPicture - ttd:402ms pts:3932.929 Clock:3932.526 Level:6
2024-06-04 18:08:54.751 T:4365 debug : CVideoPlayer::ProcessPacket packet from enhancement layer: size:70918 dts:3941.646 pts:3941.688 dur:41.700ms
2024-06-04 18:08:54.772 T:4365 debug : CVideoPlayer::ProcessPacket packet from enhancement layer: size:45563 dts:3941.688 pts:3941.813 dur:41.700ms
2024-06-04 18:08:54.792 T:4368 debug : CVideoPlayerVideo::OutputPicture - ttd:403ms pts:3932.971 Clock:3932.567 Level:6
2024-06-04 18:08:54.811 T:4365 debug : CVideoPlayer::ProcessVideoData size:462908 dts:3941.688 pts:3941.813 dur:41.700ms, clock:3932.587 level:73
2024-06-04 18:08:54.834 T:4368 debug : CVideoPlayerVideo::OutputPicture - ttd:402ms pts:3933.012 Clock:3932.610 Level:5
2024-06-04 18:08:54.855 T:4365 debug : CVideoPlayer::ProcessPacket packet from enhancement layer: size:29299 dts:3941.729 pts:3941.729 dur:41.700ms
2024-06-04 18:08:54.877 T:4368 debug : CVideoPlayerVideo::OutputPicture - ttd:401ms pts:3933.054 Clock:3932.653 Level:6
2024-06-04 18:08:54.893 T:4365 debug : CVideoPlayer::ProcessVideoData size:201606 dts:3941.729 pts:3941.729 dur:41.700ms, clock:3932.669 level:72
2024-06-04 18:08:54.898 T:4365 debug : CVideoPlayer::ProcessVideoData size:200449 dts:3941.771 pts:3941.771 dur:41.700ms, clock:3932.674 level:73
2024-06-04 18:08:54.907 T:4365 debug : CVideoPlayer::ProcessPacket packet from enhancement layer: size:29669 dts:3941.771 pts:3941.771 dur:41.700ms
2024-06-04 18:08:54.916 T:4368 debug : CVideoPlayerVideo::OutputPicture - ttd:404ms pts:3933.096 Clock:3932.691 Level:6
2024-06-04 18:08:54.926 T:4365 debug : CVideoPlayer::ProcessPacket packet from enhancement layer: size:56426 dts:3941.813 pts:3941.938 dur:41.700ms
2024-06-04 18:08:54.961 T:4368 debug : CVideoPlayerVideo::OutputPicture - ttd:400ms pts:3933.138 Clock:3932.737 Level:5
2024-06-04 18:08:54.988 T:4365 debug : CVideoPlayer::ProcessVideoData size:458082 dts:3941.813 pts:3941.938 dur:41.700ms, clock:3932.763 level:72
2024-06-04 18:08:54.991 T:4365 debug : CVideoPlayer::ProcessPacket packet from enhancement layer: size:33308 dts:3941.854 pts:3941.854 dur:41.700ms
2024-06-04 18:08:54.995 T:4365 debug : CVideoPlayer::ProcessVideoData size:194590 dts:3941.854 pts:3941.854 dur:41.700ms, clock:3932.771 level:72
2024-06-04 18:08:55.001 T:4365 debug : CVideoPlayer::ProcessVideoData size:195656 dts:3941.896 pts:3941.896 dur:41.700ms, clock:3932.777 level:72
2024-06-04 18:08:55.001 T:4368 debug : CVideoPlayerVideo::OutputPicture - ttd:402ms pts:3933.179 Clock:3932.777 Level:6
2024-06-04 18:08:55.020 T:4365 debug : CVideoPlayer::ProcessPacket packet from enhancement layer: size:33493 dts:3941.896 pts:3941.896 dur:41.700ms
2024-06-04 18:08:55.026 T:4365 debug : CVideoPlayer::ProcessPacket packet from enhancement layer: size:55707 dts:3941.938 pts:3942.063 dur:41.700ms
2024-06-04 18:08:55.037 T:4365 debug : CVideoPlayer::ProcessVideoData size:449426 dts:3941.938 pts:3942.063 dur:41.700ms, clock:3932.813 level:72
2024-06-04 18:08:55.042 T:4365 debug : CVideoPlayer::ProcessPacket packet from enhancement layer: size:33480 dts:3941.980 pts:3941.980 dur:41.700ms
2024-06-04 18:08:55.044 T:4368 debug : CVideoPlayerVideo::OutputPicture - ttd:400ms pts:3933.221 Clock:3932.820 Level:5
2024-06-04 18:08:55.084 T:4368 debug : CVideoPlayerVideo::OutputPicture - ttd:402ms pts:3933.263 Clock:3932.860 Level:6
2024-06-04 18:08:55.108 T:4365 debug : CVideoPlayer::ProcessVideoData size:193501 dts:3941.980 pts:3941.980 dur:41.700ms, clock:3932.884 level:72
2024-06-04 18:08:55.124 T:4368 debug : CVideoPlayerVideo::OutputPicture - ttd:-12ms pts:3932.887 Clock:3932.900 Level:6
2024-06-04 18:08:55.134 T:4365 debug : CVideoPlayer::ProcessVideoData size:193800 dts:3942.021 pts:3942.021 dur:41.700ms, clock:3932.909 level:72
2024-06-04 18:08:55.152 T:4365 debug : CVideoPlayer::ProcessPacket packet from enhancement layer: size:25622 dts:3942.021 pts:3942.021 dur:41.700ms
2024-06-04 18:08:55.169 T:4368 debug : CVideoPlayerVideo::OutputPicture - ttd:-15ms pts:3932.929 Clock:3932.944 Level:6
2024-06-04 18:08:55.209 T:4368 debug : CVideoPlayerVideo::OutputPicture - ttd:-14ms pts:3932.971 Clock:3932.985 Level:6
2024-06-04 18:08:55.232 T:4365 debug : CVideoPlayer::ProcessPacket packet from enhancement layer: size:52343 dts:3942.063 pts:3942.188 dur:41.700ms
2024-06-04 18:08:55.240 T:4365 debug : CVideoPlayer::ProcessVideoData size:452042 dts:3942.063 pts:3942.188 dur:41.700ms, clock:3933.016 level:72
2024-06-04 18:08:55.244 T:4365 debug : CVideoPlayer::ProcessPacket packet from enhancement layer: size:33382 dts:3942.105 pts:3942.105 dur:41.700ms
2024-06-04 18:08:55.251 T:4368 debug : CVideoPlayerVideo::OutputPicture - ttd:-14ms pts:3933.012 Clock:3933.027 Level:6
2024-06-04 18:08:55.260 T:4229 debug : EventClient: button name "up" map "R1" pressed
2024-06-04 18:08:55.271 T:4365 debug : CVideoPlayer::ProcessVideoData size:195585 dts:3942.105 pts:3942.105 dur:41.700ms, clock:3933.046 level:72
2024-06-04 18:08:55.275 T:4365 debug : CVideoPlayer::ProcessVideoData size:193847 dts:3942.146 pts:3942.146 dur:41.700ms, clock:3933.051 level:72
2024-06-04 18:08:55.292 T:4162 debug : HandleKey: 166 (0xa6, obc89) pressed, window 12005, action is ChapterOrBigStepForward
2024-06-04 18:08:55.293 T:4368 debug : CVideoPlayerVideo::OutputPicture - ttd:-15ms pts:3933.054 Clock:3933.069 Level:6
2024-06-04 18:08:55.296 T:4365 debug : CDVDClock::SetSpeedAdjust - adjusted:0.000000
2024-06-04 18:08:55.296 T:4365 debug : SeekChapter - chapter seeking using input stream
2024-06-04 18:08:55.296 T:4365 debug : CBlurayCallback::Logger - register.c:420: bd_psr_write(): PSR8 (TIME) 0xa8ca600 -> 0xbd25500
2024-06-04 18:08:55.296 T:4365 debug : CBlurayCallback::Logger - bluray.c:3181: PSR change: psr8 = 198333696
2024-06-04 18:08:55.296 T:4365 debug : CBlurayCallback::Logger - register.c:420: bd_psr_write(): PSR5 (CHAPTER) 0x9 -> 0xa
2024-06-04 18:08:55.296 T:4365 debug : CBlurayCallback::Logger - bluray.c:3181: PSR change: psr5 = 10
2024-06-04 18:08:55.296 T:4365 debug : CBlurayCallback::Logger - bluray.c:1694: Seek to 39005812992
2024-06-04 18:08:55.296 T:4365 debug : CDVDInputStreamBluray - BD_EVENT_SEEK
2024-06-04 18:08:55.296 T:4368 debug : CAMLCodec::SetSpeed, speed(0)
2024-06-04 18:08:55.296 T:4365 debug : CDVDInputStreamBluray - BD_EVENT_CHAPTER 10
2024-06-04 18:08:55.297 T:4365 debug : CVideoPlayer::FlushBuffers - flushing buffers
2024-06-04 18:08:55.341 T:4369 debug : CDVDAudio::Pause - pausing audio stream
2024-06-04 18:08:55.341 T:4368 debug : CAMLCodec::Reset
2024-06-04 18:08:55.349 T:4369 debug : CDVDAudio::Flush - flush audio stream
2024-06-04 18:08:55.349 T:4369 debug : CDVDAudio::Pause - pausing audio stream
2024-06-04 18:08:55.377 T:4368 debug : CVideoPlayerVideo - CDVDMsg::GENERAL_SYNCHRONIZE
2024-06-04 18:08:55.377 T:4369 debug : CVideoPlayerAudio - CDVDMsg::GENERAL_SYNCHRONIZE
2024-06-04 18:08:55.380 T:4365 debug : CVideoPlayer - CDVDMsg::GENERAL_SYNCHRONIZE
2024-06-04 18:08:55.381 T:4162 debug : ------ Window Init (DialogSeekBar.xml) ------
2024-06-04 18:08:55.479 T:4369 info : CAEStreamParser::SyncTrueHD - TrueHD stream detected (8 channels, 48000Hz)
2024-06-04 18:08:55.490 T:4365 debug : CVideoPlayer::ProcessPacket packet from enhancement layer: size:393834 dts:4395.725 pts:4395.766 dur:41.700ms
2024-06-04 18:08:55.490 T:4368 debug : CVideoPlayerVideo - Stillframe left, switching to normal playback
2024-06-04 18:08:55.504 T:4365 debug : CVideoPlayer::ProcessPacket packet from enhancement layer: size:451094 dts:4395.766 pts:4395.891 dur:41.700ms
2024-06-04 18:08:55.510 T:4365 debug : CVideoPlayer::ProcessVideoData size:412087 dts:4395.766 pts:4395.891 dur:41.700ms, clock:4395.391 level:0
2024-06-04 18:08:55.513 T:4365 debug : CVideoPlayer::ProcessPacket packet from enhancement layer: size:57785 dts:4395.808 pts:4395.808 dur:41.700ms
2024-06-04 18:08:55.519 T:4365 debug : CVideoPlayer::ProcessVideoData size:172745 dts:4395.808 pts:4395.808 dur:41.700ms, clock:4395.391 level:0
2024-06-04 18:08:55.523 T:4365 debug : CVideoPlayer::ProcessVideoData size:174204 dts:4395.850 pts:4395.850 dur:41.700ms, clock:4395.391 level:0
2024-06-04 18:08:55.528 T:4365 debug : CVideoPlayer::ProcessPacket packet from enhancement layer: size:29142 dts:4395.850 pts:4395.850 dur:41.700ms
2024-06-04 18:08:55.535 T:4365 debug : CVideoPlayer::ProcessPacket packet from enhancement layer: size:27908 dts:4395.891 pts:4396.016 dur:41.700ms
2024-06-04 18:08:55.535 T:4365 debug : CVideoPlayer::HandleMessages - player started 1
2024-06-04 18:08:55.535 T:4312 debug : OnAVChange: CApplication::OnAVChange
2024-06-04 18:08:55.540 T:4365 debug : CVideoPlayer::ProcessVideoData size:378036 dts:4395.891 pts:4396.016 dur:41.700ms, clock:4395.391 level:0
2024-06-04 18:08:55.547 T:4365 debug : CVideoPlayer::ProcessPacket packet from enhancement layer: size:25825 dts:4395.933 pts:4395.933 dur:41.700ms
2024-06-04 18:08:55.550 T:4365 debug : CVideoPlayer::ProcessVideoData size:173684 dts:4395.933 pts:4395.933 dur:41.700ms, clock:4395.391 level:0
2024-06-04 18:08:55.556 T:4365 debug : CVideoPlayer::ProcessVideoData size:172146 dts:4395.975 pts:4395.975 dur:41.700ms, clock:4395.391 level:0
2024-06-04 18:08:55.562 T:4365 debug : CVideoPlayer::ProcessPacket packet from enhancement layer: size:25901 dts:4395.975 pts:4395.975 dur:41.700ms
2024-06-04 18:08:55.567 T:4365 debug : CVideoPlayer::ProcessPacket packet from enhancement layer: size:32679 dts:4396.016 pts:4396.142 dur:41.700ms
2024-06-04 18:08:55.574 T:4365 debug : CVideoPlayer::ProcessVideoData size:379155 dts:4396.016 pts:4396.142 dur:41.700ms, clock:4395.391 level:0
2024-06-04 18:08:55.580 T:4365 debug : CVideoPlayer::ProcessPacket packet from enhancement layer: size:24957 dts:4396.058 pts:4396.058 dur:41.700ms
2024-06-04 18:08:55.583 T:4365 debug : CVideoPlayer::ProcessVideoData size:172332 dts:4396.058 pts:4396.058 dur:41.700ms, clock:4395.391 level:0
2024-06-04 18:08:55.590 T:4365 debug : CVideoPlayer::ProcessVideoData size:171799 dts:4396.100 pts:4396.100 dur:41.700ms, clock:4395.391 level:0
2024-06-04 18:08:55.594 T:4365 debug : CVideoPlayer::ProcessPacket packet from enhancement layer: size:18184 dts:4396.100 pts:4396.100 dur:41.700ms
2024-06-04 18:08:55.601 T:4365 debug : CVideoPlayer::ProcessPacket packet from enhancement layer: size:33325 dts:4396.142 pts:4396.267 dur:41.700ms
2024-06-04 18:08:55.607 T:4365 debug : CVideoPlayer::ProcessVideoData size:366624 dts:4396.142 pts:4396.267 dur:41.700ms, clock:4395.391 level:0
2024-06-04 18:08:55.610 T:4365 debug : CVideoPlayer::ProcessPacket packet from enhancement layer: size:24613 dts:4396.183 pts:4396.183 dur:41.700ms
2024-06-04 18:08:55.615 T:4365 debug : CVideoPlayer::ProcessVideoData size:173470 dts:4396.183 pts:4396.183 dur:41.700ms, clock:4395.391 level:0
2024-06-04 18:08:55.619 T:4365 debug : CVideoPlayer::ProcessVideoData size:173516 dts:4396.225 pts:4396.225 dur:41.700ms, clock:4395.391 level:0
2024-06-04 18:08:55.624 T:4365 debug : CVideoPlayer::ProcessPacket packet from enhancement layer: size:17756 dts:4396.225 pts:4396.225 dur:41.700ms
2024-06-04 18:08:55.632 T:4365 debug : CVideoPlayer::ProcessPacket packet from enhancement layer: size:25410 dts:4396.267 pts:4396.392 dur:41.700ms
2024-06-04 18:08:55.636 T:4365 debug : CVideoPlayer::ProcessVideoData size:377736 dts:4396.267 pts:4396.392 dur:41.700ms, clock:4395.391 level:0
2024-06-04 18:08:55.641 T:4365 debug : CVideoPlayer::ProcessPacket packet from enhancement layer: size:25111 dts:4396.308 pts:4396.308 dur:41.700ms
2024-06-04 18:08:55.645 T:4365 debug : CVideoPlayer::ProcessVideoData size:170363 dts:4396.308 pts:4396.308 dur:41.700ms, clock:4395.391 level:0
2024-06-04 18:08:55.651 T:4365 debug : CVideoPlayer::ProcessVideoData size:173335 dts:4396.350 pts:4396.350 dur:41.700ms, clock:4395.391 level:0
2024-06-04 18:08:55.655 T:4365 debug : CVideoPlayer::ProcessPacket packet from enhancement layer: size:18363 dts:4396.350 pts:4396.350 dur:41.700ms
2024-06-04 18:08:55.661 T:4365 debug : CVideoPlayer::ProcessPacket packet from enhancement layer: size:26262 dts:4396.392 pts:4396.517 dur:41.700ms
2024-06-04 18:08:55.667 T:4365 debug : CVideoPlayer::ProcessVideoData size:363778 dts:4396.392 pts:4396.517 dur:41.700ms, clock:4395.391 level:0
2024-06-04 18:08:55.671 T:4365 debug : CVideoPlayer::ProcessPacket packet from enhancement layer: size:25223 dts:4396.434 pts:4396.434 dur:41.700ms
2024-06-04 18:08:55.676 T:4365 debug : CVideoPlayer::ProcessVideoData size:173187 dts:4396.434 pts:4396.434 dur:41.700ms, clock:4395.391 level:0
2024-06-04 18:08:55.681 T:4340 debug : request received for /jsonrpc
2024-06-04 18:08:55.682 T:4365 debug : CVideoPlayer::ProcessVideoData size:170956 dts:4396.475 pts:4396.475 dur:41.700ms, clock:4395.391 level:0
2024-06-04 18:08:55.690 T:4340 debug : request received for /jsonrpc
2024-06-04 18:08:55.708 T:4365 info : Skipped 2 duplicate messages..
2024-06-04 18:08:55.708 T:4365 debug : CVideoPlayer::ProcessPacket packet from enhancement layer: size:18275 dts:4396.475 pts:4396.475 dur:41.700ms
2024-06-04 18:08:55.709 T:4365 debug : CVideoPlayer::ProcessPacket packet from enhancement layer: size:71390 dts:4396.517 pts:4396.642 dur:41.700ms
2024-06-04 18:08:55.714 T:4365 debug : CVideoPlayer::ProcessVideoData size:944205 dts:4396.517 pts:4396.642 dur:41.700ms, clock:4395.391 level:1
2024-06-04 18:08:55.720 T:4365 debug : CVideoPlayer::ProcessPacket packet from enhancement layer: size:19355 dts:4396.559 pts:4396.559 dur:41.700ms
2024-06-04 18:08:55.726 T:4365 debug : CVideoPlayer::ProcessVideoData size:198840 dts:4396.559 pts:4396.559 dur:41.700ms, clock:4395.391 level:0
2024-06-04 18:08:55.732 T:4365 debug : CVideoPlayer::ProcessVideoData size:172252 dts:4396.600 pts:4396.600 dur:41.700ms, clock:4395.391 level:0
2024-06-04 18:08:55.739 T:4365 debug : CVideoPlayer::ProcessPacket packet from enhancement layer: size:24016 dts:4396.600 pts:4396.600 dur:41.700ms
2024-06-04 18:08:55.745 T:4365 debug : CVideoPlayer::ProcessPacket packet from enhancement layer: size:17209 dts:4396.642 pts:4396.767 dur:41.700ms
2024-06-04 18:08:55.748 T:4365 debug : CVideoPlayer::ProcessVideoData size:437332 dts:4396.642 pts:4396.767 dur:41.700ms, clock:4395.391 level:0
2024-06-04 18:08:55.752 T:4365 debug : CVideoPlayer::ProcessPacket packet from enhancement layer: size:25733 dts:4396.684 pts:4396.684 dur:41.700ms
2024-06-04 18:08:55.756 T:4365 debug : CVideoPlayer::ProcessVideoData size:172682 dts:4396.684 pts:4396.684 dur:41.700ms, clock:4395.391 level:0
2024-06-04 18:08:55.762 T:4365 debug : CVideoPlayer::ProcessVideoData size:198798 dts:4396.726 pts:4396.726 dur:41.700ms, clock:4395.391 level:0
2024-06-04 18:08:55.765 T:4365 debug : CVideoPlayer::ProcessPacket packet from enhancement layer: size:14751 dts:4396.726 pts:4396.726 dur:41.700ms
2024-06-04 18:08:55.775 T:4365 debug : CVideoPlayer::ProcessPacket packet from enhancement layer: size:38310 dts:4396.767 pts:4396.892 dur:41.700ms
2024-06-04 18:08:55.779 T:4365 debug : CVideoPlayer::ProcessVideoData size:365462 dts:4396.767 pts:4396.892 dur:41.700ms, clock:4395.391 level:0
2024-06-04 18:08:55.784 T:4365 debug : CVideoPlayer::ProcessPacket packet from enhancement layer: size:15274 dts:4396.809 pts:4396.809 dur:41.700ms
2024-06-04 18:08:55.787 T:4365 debug : CVideoPlayer::ProcessVideoData size:196056 dts:4396.809 pts:4396.809 dur:41.700ms, clock:4395.391 level:0
2024-06-04 18:08:55.794 T:4365 debug : CVideoPlayer::ProcessVideoData size:170231 dts:4396.851 pts:4396.851 dur:41.700ms, clock:4395.391 level:0
2024-06-04 18:08:55.799 T:4365 debug : CVideoPlayer::ProcessPacket packet from enhancement layer: size:26478 dts:4396.851 pts:4396.851 dur:41.700ms
2024-06-04 18:08:55.808 T:4365 debug : CVideoPlayer::ProcessPacket packet from enhancement layer: size:30618 dts:4396.892 pts:4397.017 dur:41.700ms
2024-06-04 18:08:55.812 T:4365 debug : CVideoPlayer::ProcessVideoData size:422897 dts:4396.892 pts:4397.017 dur:41.700ms, clock:4395.391 level:0
2024-06-04 18:08:55.817 T:4365 debug : CVideoPlayer::ProcessPacket packet from enhancement layer: size:17855 dts:4396.934 pts:4396.934 dur:41.700ms
2024-06-04 18:08:55.822 T:4365 debug : CVideoPlayer::ProcessVideoData size:197079 dts:4396.934 pts:4396.934 dur:41.700ms, clock:4395.391 level:0
2024-06-04 18:08:55.826 T:4365 debug : CVideoPlayer::ProcessVideoData size:197684 dts:4396.976 pts:4396.976 dur:41.700ms, clock:4395.391 level:0
2024-06-04 18:08:55.831 T:4368 debug : CVideoPlayerVideo::OutputPicture - ttd:499ms pts:4395.891 Clock:4395.391 Level:0
2024-06-04 18:08:55.831 T:4365 debug : CVideoPlayer::ProcessPacket packet from enhancement layer: size:17519 dts:4396.976 pts:4396.976 dur:41.700ms
2024-06-04 18:08:55.841 T:4365 debug : CVideoPlayer::ProcessPacket packet from enhancement layer: size:31638 dts:4397.017 pts:4397.143 dur:41.700ms
2024-06-04 18:08:55.841 T:4365 debug : CVideoPlayer::HandleMessages - player started 2
2024-06-04 18:08:55.841 T:4365 debug : CDVDClock::SetSpeedAdjust - adjusted:0.000000
2024-06-04 18:08:55.841 T:4365 info : Skipped 1 duplicate messages..
2024-06-04 18:08:55.841 T:4365 debug : VideoPlayer::Sync - Audio - pts: 4395.881, cache: 0.386, totalcache: 0.685, packets:1590 level:15
2024-06-04 18:08:55.841 T:4368 debug : CAMLCodec::SetSpeed, speed(1000)
2024-06-04 18:08:55.841 T:4365 debug : VideoPlayer::Sync - Video - pts: 4395.891, cache: 0.050, totalcache: 0.100, packets:30 level:1
2024-06-04 18:08:55.841 T:4368 debug : CVideoPlayerVideo - CDVDMsg::GENERAL_RESYNC(4395791355.000000)
2024-06-04 18:08:55.841 T:4369 debug : CDVDAudio::Resume - resume audio stream
2024-06-04 18:08:55.841 T:4368 debug : CVideoPlayerVideo - OUTPUT_AGAIN - vfmt, interlace should be checked.
2024-06-04 18:08:55.841 T:4196 debug : ActiveAE - start sync of audio stream
2024-06-04 18:08:55.841 T:4368 debug : CVideoPlayerVideo - CDVDMsg::DEMUXER_PACKET - checking interlace vfmt: null
2024-06-04 18:08:55.845 T:4365 debug : CVideoPlayer::ProcessVideoData size:367840 dts:4397.017 pts:4397.143 dur:41.700ms, clock:4395.795 level:0
2024-06-04 18:08:55.849 T:4365 debug : CVideoPlayer::ProcessPacket packet from enhancement layer: size:17078 dts:4397.059 pts:4397.059 dur:41.700ms
2024-06-04 18:08:55.852 T:4365 debug : CVideoPlayer::ProcessVideoData size:194810 dts:4397.059 pts:4397.059 dur:41.700ms, clock:4395.803 level:0
2024-06-04 18:08:55.857 T:4368 debug : CVideoPlayerVideo::OutputPicture - ttd:125ms pts:4395.933 Clock:4395.807 Level:0
2024-06-04 18:08:55.858 T:4365 debug : CVideoPlayer::ProcessVideoData size:195780 dts:4397.101 pts:4397.101 dur:41.700ms, clock:4395.809 level:0
2024-06-04 18:08:55.858 T:4368 debug : CVideoPlayerVideo::OutputPicture - ttd:165ms pts:4395.975 Clock:4395.809 Level:1
2024-06-04 18:08:55.863 T:4365 debug : CVideoPlayer::ProcessPacket packet from enhancement layer: size:16761 dts:4397.101 pts:4397.101 dur:41.700ms
2024-06-04 18:08:55.864 T:4368 debug : CVideoPlayerVideo::OutputPicture - ttd:201ms pts:4396.016 Clock:4395.815 Level:2
2024-06-04 18:08:55.864 T:4368 debug : CVideoPlayerVideo - CDVDMsg::DEMUXER_PACKET - checking interlace vfmt: null
2024-06-04 18:08:55.866 T:4368 debug : CVideoPlayerVideo::OutputPicture - ttd:241ms pts:4396.058 Clock:4395.816 Level:3
2024-06-04 18:08:55.867 T:4368 debug : CVideoPlayerVideo::OutputPicture - ttd:282ms pts:4396.100 Clock:4395.817 Level:4
2024-06-04 18:08:55.868 T:4368 debug : CVideoPlayerVideo::OutputPicture - ttd:323ms pts:4396.142 Clock:4395.819 Level:5
2024-06-04 18:08:55.871 T:4365 debug : CVideoPlayer::ProcessPacket packet from enhancement layer: size:28583 dts:4397.143 pts:4397.268 dur:41.700ms
2024-06-04 18:08:55.877 T:4365 debug : CVideoPlayer::ProcessVideoData size:405470 dts:4397.143 pts:4397.268 dur:41.700ms, clock:4395.828 level:0
2024-06-04 18:08:55.881 T:4365 debug : CVideoPlayer::ProcessPacket packet from enhancement layer: size:16440 dts:4397.184 pts:4397.184 dur:41.700ms
2024-06-04 18:08:55.886 T:4365 debug : CVideoPlayer::ProcessVideoData size:196758 dts:4397.184 pts:4397.184 dur:41.700ms, clock:4395.836 level:0
2024-06-04 18:08:55.890 T:4365 debug : CVideoPlayer::ProcessVideoData size:195565 dts:4397.226 pts:4397.226 dur:41.700ms, clock:4395.840 level:0
2024-06-04 18:08:55.890 T:4368 debug : CVideoPlayerVideo::OutputPicture - ttd:342ms pts:4396.183 Clock:4395.840 Level:5
2024-06-04 18:08:55.890 T:4368 debug : CVideoPlayerVideo - CDVDMsg::DEMUXER_PACKET - checking interlace vfmt: null
2024-06-04 18:08:55.895 T:4365 debug : CVideoPlayer::ProcessPacket packet from enhancement layer: size:16667 dts:4397.226 pts:4397.226 dur:41.700ms
2024-06-04 18:08:55.901 T:4365 debug : CVideoPlayer::ProcessPacket packet from enhancement layer: size:25936 dts:4397.268 pts:4397.393 dur:41.700ms
2024-06-04 18:08:55.907 T:4365 debug : CVideoPlayer::ProcessVideoData size:415792 dts:4397.268 pts:4397.393 dur:41.700ms, clock:4395.858 level:0
2024-06-04 18:08:55.911 T:4365 debug : CVideoPlayer::ProcessPacket packet from enhancement layer: size:21800 dts:4397.309 pts:4397.309 dur:41.700ms
2024-06-04 18:08:55.912 T:4368 debug : CVideoPlayerVideo - CDVDMsg::DEMUXER_PACKET - checking interlace vfmt: null
2024-06-04 18:08:55.914 T:4365 debug : CVideoPlayer::ProcessVideoData size:197199 dts:4397.309 pts:4397.309 dur:41.700ms, clock:4395.864 level:0
2024-06-04 18:08:55.922 T:4365 debug : CVideoPlayer::ProcessVideoData size:198399 dts:4397.351 pts:4397.351 dur:41.700ms, clock:4395.873 level:0
2024-06-04 18:08:55.927 T:4368 debug : CVideoPlayerVideo::OutputPicture - ttd:347ms pts:4396.225 Clock:4395.878 Level:6
2024-06-04 18:08:55.947 T:4196 debug : ActiveAE::SyncStream - average error of -107.796376, start adjusting
2024-06-04 18:08:55.947 T:4365 debug : CVideoPlayer::ProcessPacket packet from enhancement layer: size:15713 dts:4397.351 pts:4397.351 dur:41.700ms
2024-06-04 18:08:55.948 T:4365 debug : CVideoPlayer::ProcessPacket packet from enhancement layer: size:94153 dts:4397.393 pts:4397.518 dur:41.700ms
2024-06-04 18:08:55.955 T:4365 debug : CVideoPlayer::ProcessVideoData size:937765 dts:4397.393 pts:4397.518 dur:41.700ms, clock:4395.905 level:0
2024-06-04 18:08:55.960 T:4365 debug : CVideoPlayer::ProcessPacket packet from enhancement layer: size:20947 dts:4397.435 pts:4397.435 dur:41.700ms
2024-06-04 18:08:55.964 T:4365 debug : CVideoPlayer::ProcessVideoData size:196856 dts:4397.435 pts:4397.435 dur:41.700ms, clock:4395.914 level:0
2024-06-04 18:08:55.969 T:4365 debug : CVideoPlayer::ProcessVideoData size:197060 dts:4397.476 pts:4397.476 dur:41.700ms, clock:4395.919 level:0
2024-06-04 18:08:55.971 T:4368 debug : CVideoPlayerVideo::OutputPicture - ttd:345ms pts:4396.267 Clock:4395.922 Level:5
2024-06-04 18:08:55.975 T:4365 debug : CVideoPlayer::ProcessPacket packet from enhancement layer: size:14326 dts:4397.476 pts:4397.476 dur:41.700ms
2024-06-04 18:08:55.983 T:4365 debug : CVideoPlayer::ProcessPacket packet from enhancement layer: size:28004 dts:4397.518 pts:4397.643 dur:41.700ms
2024-06-04 18:08:55.987 T:4365 debug : CVideoPlayer::ProcessVideoData size:431617 dts:4397.518 pts:4397.643 dur:41.700ms, clock:4395.937 level:0
2024-06-04 18:08:55.992 T:4365 debug : CVideoPlayer::ProcessPacket packet from enhancement layer: size:22004 dts:4397.560 pts:4397.560 dur:41.700ms
2024-06-04 18:08:55.994 T:4365 debug : CVideoPlayer::ProcessVideoData size:198072 dts:4397.560 pts:4397.560 dur:41.700ms, clock:4395.945 level:0
2024-06-04 18:08:56.001 T:4365 debug : CVideoPlayer::ProcessVideoData size:199693 dts:4397.601 pts:4397.601 dur:41.700ms, clock:4395.951 level:0
2024-06-04 18:08:56.006 T:4368 debug : CVideoPlayerVideo::OutputPicture - ttd:351ms pts:4396.308 Clock:4395.957 Level:5
2024-06-04 18:08:56.007 T:4365 debug : CVideoPlayer::ProcessPacket packet from enhancement layer: size:15073 dts:4397.601 pts:4397.601 dur:41.700ms
2024-06-04 18:08:56.011 T:4196 debug : ActiveAE::SyncStream - average error -27.796376 below threshold of 30.000000
2024-06-04 18:08:56.013 T:4365 debug : CVideoPlayer::ProcessPacket packet from enhancement layer: size:34766 dts:4397.643 pts:4397.768 dur:41.700ms
2024-06-04 18:08:56.016 T:4365 debug : CVideoPlayer::ProcessVideoData size:419795 dts:4397.643 pts:4397.768 dur:41.700ms, clock:4395.967 level:0
2024-06-04 18:08:56.022 T:4365 debug : CVideoPlayer::ProcessPacket packet from enhancement layer: size:22470 dts:4397.685 pts:4397.685 dur:41.700ms
2024-06-04 18:08:56.027 T:4365 debug : CVideoPlayer::ProcessVideoData size:203682 dts:4397.685 pts:4397.685 dur:41.700ms, clock:4395.977 level:0
2024-06-04 18:08:56.031 T:4365 debug : CVideoPlayer::ProcessVideoData size:171976 dts:4397.727 pts:4397.727 dur:41.700ms, clock:4395.982 level:0
2024-06-04 18:08:56.037 T:4365 debug : CVideoPlayer::ProcessPacket packet from enhancement layer: size:19382 dts:4397.727 pts:4397.727 dur:41.700ms
2024-06-04 18:08:56.043 T:4365 debug : CVideoPlayer::ProcessPacket packet from enhancement layer: size:29589 dts:4397.768 pts:4397.893 dur:41.700ms
2024-06-04 18:08:56.044 T:4368 debug : CVideoPlayerVideo::OutputPicture - ttd:355ms pts:4396.350 Clock:4395.995 Level:6
2024-06-04 18:08:56.047 T:4365 debug : CVideoPlayer::ProcessVideoData size:411770 dts:4397.768 pts:4397.893 dur:41.700ms, clock:4395.998 level:0
2024-06-04 18:08:56.053 T:4365 debug : CVideoPlayer::ProcessPacket packet from enhancement layer: size:15918 dts:4397.810 pts:4397.810 dur:41.700ms
2024-06-04 18:08:56.059 T:4365 debug : CVideoPlayer::ProcessVideoData size:203199 dts:4397.810 pts:4397.810 dur:41.700ms, clock:4396.009 level:0
2024-06-04 18:08:56.065 T:4365 debug : CVideoPlayer::ProcessVideoData size:201233 dts:4397.852 pts:4397.852 dur:41.700ms, clock:4396.016 level:0
2024-06-04 18:08:56.069 T:4365 debug : CVideoPlayer::ProcessPacket packet from enhancement layer: size:15757 dts:4397.852 pts:4397.852 dur:41.700ms
2024-06-04 18:08:56.075 T:4365 debug : CVideoPlayer::ProcessPacket packet from enhancement layer: size:29461 dts:4397.893 pts:4398.018 dur:41.700ms
2024-06-04 18:08:56.080 T:4365 debug : CVideoPlayer::ProcessVideoData size:407020 dts:4397.893 pts:4398.018 dur:41.700ms, clock:4396.031 level:0
2024-06-04 18:08:56.086 T:4365 debug : CVideoPlayer::ProcessPacket packet from enhancement layer: size:22097 dts:4397.935 pts:4397.935 dur:41.700ms
2024-06-04 18:08:56.088 T:4368 debug : CVideoPlayerVideo::OutputPicture - ttd:352ms pts:4396.392 Clock:4396.039 Level:5
2024-06-04 18:08:56.090 T:4365 debug : CVideoPlayer::ProcessVideoData size:201104 dts:4397.935 pts:4397.935 dur:41.700ms, clock:4396.040 level:0
2024-06-04 18:08:56.096 T:4365 debug : CVideoPlayer::ProcessVideoData size:199388 dts:4397.977 pts:4397.977 dur:41.700ms, clock:4396.046 level:0
2024-06-04 18:08:56.101 T:4365 debug : CVideoPlayer::ProcessPacket packet from enhancement layer: size:15305 dts:4397.977 pts:4397.977 dur:41.700ms
2024-06-04 18:08:56.108 T:4365 debug : CVideoPlayer::ProcessVideoData size:411448 dts:4398.018 pts:4398.144 dur:41.700ms, clock:4396.059 level:0
2024-06-04 18:08:56.109 T:4365 debug : CVideoPlayer::ProcessPacket packet from enhancement layer: size:29292 dts:4398.018 pts:4398.144 dur:41.700ms
2024-06-04 18:08:56.115 T:4365 debug : CVideoPlayer::ProcessPacket packet from enhancement layer: size:21875 dts:4398.060 pts:4398.060 dur:41.700ms
2024-06-04 18:08:56.117 T:4365 debug : CVideoPlayer::ProcessVideoData size:207516 dts:4398.060 pts:4398.060 dur:41.700ms, clock:4396.068 level:0
2024-06-04 18:08:56.124 T:4365 debug : CVideoPlayer::ProcessVideoData size:178960 dts:4398.102 pts:4398.102 dur:41.700ms, clock:4396.074 level:0
2024-06-04 18:08:56.129 T:4365 debug : CVideoPlayer::ProcessPacket packet from enhancement layer: size:18567 dts:4398.102 pts:4398.102 dur:41.700ms
2024-06-04 18:08:56.131 T:4368 debug : CVideoPlayerVideo::OutputPicture - ttd:352ms pts:4396.434 Clock:4396.081 Level:5
2024-06-04 18:08:56.139 T:4365 debug : CVideoPlayer::ProcessVideoData size:405077 dts:4398.144 pts:4398.269 dur:41.700ms, clock:4396.090 level:0
2024-06-04 18:08:56.140 T:4365 debug : CVideoPlayer::ProcessPacket packet from enhancement layer: size:28781 dts:4398.144 pts:4398.269 dur:41.700ms
2024-06-04 18:08:56.147 T:4365 debug : CVideoPlayer::ProcessVideoData size:216653 dts:4398.185 pts:4398.185 dur:41.700ms, clock:4396.097 level:0
2024-06-04 18:08:56.147 T:4365 debug : CVideoPlayer::ProcessPacket packet from enhancement layer: size:14413 dts:4398.185 pts:4398.185 dur:41.700ms
2024-06-04 18:08:56.154 T:4365 debug : CVideoPlayer::ProcessVideoData size:208129 dts:4398.227 pts:4398.227 dur:41.700ms, clock:4396.105 level:0
2024-06-04 18:08:56.182 T:4365 debug : CVideoPlayer::ProcessVideoData size:783489 dts:4398.269 pts:4398.394 dur:41.700ms, clock:4396.132 level:0
2024-06-04 18:08:56.183 T:4365 debug : CVideoPlayer::ProcessPacket packet from enhancement layer: size:21153 dts:4398.227 pts:4398.227 dur:41.700ms
2024-06-04 18:08:56.183 T:4365 debug : CVideoPlayer::ProcessPacket packet from enhancement layer: size:88332 dts:4398.269 pts:4398.394 dur:41.700ms
2024-06-04 18:08:56.183 T:4368 debug : CVideoPlayerVideo::OutputPicture - ttd:341ms pts:4396.475 Clock:4396.134 Level:5
2024-06-04 18:08:56.190 T:4365 debug : CVideoPlayer::ProcessVideoData size:212096 dts:4398.310 pts:4398.310 dur:41.700ms, clock:4396.140 level:0
2024-06-04 18:08:56.190 T:4365 debug : CVideoPlayer::ProcessPacket packet from enhancement layer: size:19379 dts:4398.310 pts:4398.310 dur:41.700ms
2024-06-04 18:08:56.197 T:4365 debug : CVideoPlayer::ProcessVideoData size:208137 dts:4398.352 pts:4398.352 dur:41.700ms, clock:4396.148 level:0
2024-06-04 18:08:56.204 T:4365 debug : CVideoPlayer::ProcessPacket packet from enhancement layer: size:13159 dts:4398.352 pts:4398.352 dur:41.700ms
2024-06-04 18:08:56.213 T:4365 debug : CVideoPlayer::ProcessVideoData size:410664 dts:4398.394 pts:4398.519 dur:41.700ms, clock:4396.163 level:0
2024-06-04 18:08:56.213 T:4365 debug : CVideoPlayer::ProcessPacket packet from enhancement layer: size:28280 dts:4398.394 pts:4398.519 dur:41.700ms
2024-06-04 18:08:56.218 T:4368 debug : CVideoPlayerVideo::OutputPicture - ttd:348ms pts:4396.517 Clock:4396.169 Level:5
2024-06-04 18:08:56.220 T:4365 debug : CVideoPlayer::ProcessVideoData size:207054 dts:4398.436 pts:4398.436 dur:41.700ms, clock:4396.171 level:0
2024-06-04 18:08:56.221 T:4365 debug : CVideoPlayer::ProcessPacket packet from enhancement layer: size:18829 dts:4398.436 pts:4398.436 dur:41.700ms
2024-06-04 18:08:56.228 T:4365 debug : CVideoPlayer::ProcessVideoData size:205149 dts:4398.477 pts:4398.477 dur:41.700ms, clock:4396.179 level:0
2024-06-04 18:08:56.234 T:4365 debug : CVideoPlayer::ProcessPacket packet from enhancement layer: size:12854 dts:4398.477 pts:4398.477 dur:41.700ms
2024-06-04 18:08:56.244 T:4365 debug : CVideoPlayer::ProcessVideoData size:411461 dts:4398.519 pts:4398.644 dur:41.700ms, clock:4396.195 level:0
2024-06-04 18:08:56.245 T:4365 debug : CVideoPlayer::ProcessPacket packet from enhancement layer: size:33681 dts:4398.519 pts:4398.644 dur:41.700ms
2024-06-04 18:08:56.250 T:4368 debug : CVideoPlayerVideo::OutputPicture - ttd:358ms pts:4396.559 Clock:4396.200 Level:6
2024-06-04 18:08:56.252 T:4365 debug : CVideoPlayer::ProcessVideoData size:208059 dts:4398.561 pts:4398.561 dur:41.700ms, clock:4396.203 level:0
2024-06-04 18:08:56.253 T:4365 debug : CVideoPlayer::ProcessPacket packet from enhancement layer: size:21465 dts:4398.561 pts:4398.561 dur:41.700ms
2024-06-04 18:08:56.261 T:4365 debug : CVideoPlayer::ProcessVideoData size:207826 dts:4398.602 pts:4398.602 dur:41.700ms, clock:4396.211 level:0
2024-06-04 18:08:56.266 T:4365 debug : CVideoPlayer::ProcessPacket packet from enhancement layer: size:15177 dts:4398.602 pts:4398.602 dur:41.700ms
2024-06-04 18:08:56.274 T:4365 debug : CVideoPlayer::ProcessVideoData size:406998 dts:4398.644 pts:4398.769 dur:41.700ms, clock:4396.225 level:0
2024-06-04 18:08:56.275 T:4365 debug : CVideoPlayer::ProcessPacket packet from enhancement layer: size:28403 dts:4398.644 pts:4398.769 dur:41.700ms
2024-06-04 18:08:56.283 T:4365 debug : CVideoPlayer::ProcessVideoData size:208773 dts:4398.686 pts:4398.686 dur:41.700ms, clock:4396.233 level:0
2024-06-04 18:08:56.283 T:4365 debug : CVideoPlayer::ProcessPacket packet from enhancement layer: size:20929 dts:4398.686 pts:4398.686 dur:41.700ms
2024-06-04 18:08:56.293 T:4365 debug : CVideoPlayer::ProcessVideoData size:207520 dts:4398.728 pts:4398.728 dur:41.700ms, clock:4396.243 level:0
2024-06-04 18:08:56.299 T:4368 debug : CVideoPlayerVideo::OutputPicture - ttd:351ms pts:4396.600 Clock:4396.249 Level:5
2024-06-04 18:08:56.299 T:4365 debug : CVideoPlayer::ProcessPacket packet from enhancement layer: size:14543 dts:4398.728 pts:4398.728 dur:41.700ms
2024-06-04 18:08:56.307 T:4365 debug : CVideoPlayer::ProcessVideoData size:414683 dts:4398.769 pts:4398.894 dur:41.700ms, clock:4396.258 level:0
2024-06-04 18:08:56.310 T:4365 debug : CVideoPlayer::ProcessPacket packet from enhancement layer: size:36131 dts:4398.769 pts:4398.894 dur:41.700ms
2024-06-04 18:08:56.318 T:4365 debug : CVideoPlayer::ProcessVideoData size:214580 dts:4398.811 pts:4398.811 dur:41.700ms, clock:4396.268 level:0
2024-06-04 18:08:56.318 T:4365 debug : CVideoPlayer::ProcessPacket packet from enhancement layer: size:20583 dts:4398.811 pts:4398.811 dur:41.700ms
2024-06-04 18:08:56.325 T:4365 debug : CVideoPlayer::ProcessVideoData size:210558 dts:4398.853 pts:4398.853 dur:41.700ms, clock:4396.276 level:0
2024-06-04 18:08:56.331 T:4365 debug : CVideoPlayer::ProcessPacket packet from enhancement layer: size:14777 dts:4398.853 pts:4398.853 dur:41.700ms
2024-06-04 18:08:56.335 T:4368 debug : CVideoPlayerVideo::OutputPicture - ttd:356ms pts:4396.642 Clock:4396.285 Level:6
2024-06-04 18:08:56.340 T:4365 debug : CVideoPlayer::ProcessVideoData size:413541 dts:4398.894 pts:4399.019 dur:41.700ms, clock:4396.290 level:0
2024-06-04 18:08:56.340 T:4365 debug : CVideoPlayer::ProcessPacket packet from enhancement layer: size:28712 dts:4398.894 pts:4399.019 dur:41.700ms
2024-06-04 18:08:56.348 T:4365 debug : CVideoPlayer::ProcessVideoData size:208978 dts:4398.936 pts:4398.936 dur:41.700ms, clock:4396.299 level:0
2024-06-04 18:08:56.349 T:4365 debug : CVideoPlayer::ProcessPacket packet from enhancement layer: size:21235 dts:4398.936 pts:4398.936 dur:41.700ms
2024-06-04 18:08:56.357 T:4365 debug : CVideoPlayer::ProcessVideoData size:205915 dts:4398.978 pts:4398.978 dur:41.700ms, clock:4396.307 level:0
2024-06-04 18:08:56.362 T:4365 debug : CVideoPlayer::ProcessPacket packet from enhancement layer: size:15058 dts:4398.978 pts:4398.978 dur:41.700ms
2024-06-04 18:08:56.370 T:4365 debug : CVideoPlayer::ProcessVideoData size:409511 dts:4399.019 pts:4399.145 dur:41.700ms, clock:4396.321 level:0
2024-06-04 18:08:56.371 T:4365 debug : CVideoPlayer::ProcessPacket packet from enhancement layer: size:29073 dts:4399.019 pts:4399.145 dur:41.700ms
2024-06-04 18:08:56.378 T:4368 debug : CVideoPlayerVideo::OutputPicture - ttd:355ms pts:4396.684 Clock:4396.328 Level:6
2024-06-04 18:08:56.378 T:4365 debug : CVideoPlayer::ProcessPacket packet from enhancement layer: size:21593 dts:4399.061 pts:4399.061 dur:41.700ms
2024-06-04 18:08:56.384 T:4365 debug : CVideoPlayer::ProcessVideoData size:207626 dts:4399.061 pts:4399.061 dur:41.700ms, clock:4396.335 level:0
2024-06-04 18:08:56.390 T:4365 debug : CVideoPlayer::ProcessVideoData size:204630 dts:4399.103 pts:4399.103 dur:41.700ms, clock:4396.341 level:0
2024-06-04 18:08:56.416 T:4365 debug : CVideoPlayer::ProcessPacket packet from enhancement layer: size:15200 dts:4399.103 pts:4399.103 dur:41.700ms
2024-06-04 18:08:56.417 T:4365 debug : CVideoPlayer::ProcessPacket packet from enhancement layer: size:93317 dts:4399.145 pts:4399.270 dur:41.700ms
2024-06-04 18:08:56.417 T:4368 debug : CVideoPlayerVideo::OutputPicture - ttd:357ms pts:4396.726 Clock:4396.368 Level:6
2024-06-04 18:08:56.422 T:4365 debug : CVideoPlayer::ProcessVideoData size:964149 dts:4399.145 pts:4399.270 dur:41.700ms, clock:4396.373 level:0
2024-06-04 18:08:56.427 T:4365 debug : CVideoPlayer::ProcessPacket packet from enhancement layer: size:20188 dts:4399.186 pts:4399.186 dur:41.700ms
2024-06-04 18:08:56.431 T:4365 debug : CVideoPlayer::ProcessVideoData size:204369 dts:4399.186 pts:4399.186 dur:41.700ms, clock:4396.381 level:0
2024-06-04 18:08:56.437 T:4365 debug : CVideoPlayer::ProcessVideoData size:199953 dts:4399.228 pts:4399.228 dur:41.700ms, clock:4396.387 level:0
2024-06-04 18:08:56.442 T:4365 debug : CVideoPlayer::ProcessPacket packet from enhancement layer: size:13753 dts:4399.228 pts:4399.228 dur:41.700ms
2024-06-04 18:08:56.448 T:4365 debug : CVideoPlayer::ProcessPacket packet from enhancement layer: size:28214 dts:4399.270 pts:4399.395 dur:41.700ms
2024-06-04 18:08:56.451 T:4365 debug : CVideoPlayer::ProcessVideoData size:420271 dts:4399.270 pts:4399.395 dur:41.700ms, clock:4396.401 level:0
2024-06-04 18:08:56.456 T:4365 debug : CVideoPlayer::ProcessPacket packet from enhancement layer: size:21470 dts:4399.311 pts:4399.311 dur:41.700ms
2024-06-04 18:08:56.462 T:4365 debug : CVideoPlayer::ProcessVideoData size:201151 dts:4399.311 pts:4399.311 dur:41.700ms, clock:4396.413 level:0
2024-06-04 18:08:56.466 T:4365 debug : CVideoPlayer::ProcessVideoData size:200849 dts:4399.353 pts:4399.353 dur:41.700ms, clock:4396.417 level:0
2024-06-04 18:08:56.470 T:4368 debug : CVideoPlayerVideo::OutputPicture - ttd:346ms pts:4396.767 Clock:4396.421 Level:5
2024-06-04 18:08:56.472 T:4365 debug : CVideoPlayer::ProcessPacket packet from enhancement layer: size:14944 dts:4399.353 pts:4399.353 dur:41.700ms
2024-06-04 18:08:56.478 T:4365 debug : CVideoPlayer::ProcessPacket packet from enhancement layer: size:34575 dts:4399.395 pts:4399.520 dur:41.700ms
2024-06-04 18:08:56.483 T:4365 debug : CVideoPlayer::ProcessVideoData size:401596 dts:4399.395 pts:4399.520 dur:41.700ms, clock:4396.434 level:0
2024-06-04 18:08:56.486 T:4365 debug : CVideoPlayer::ProcessPacket packet from enhancement layer: size:22760 dts:4399.437 pts:4399.437 dur:41.700ms
