2024-06-04 18:08:27.225 T:4368 debug : CVideoPlayerVideo::OutputPicture - ttd:285ms pts:3020.852 Clock:3020.566 Level:5
2024-06-04 18:08:27.246 T:4365 debug : CVideoPlayer::ProcessVideoData size:167563 dts:3029.652 pts:3029.652 dur:41.700ms, clock:3020.587 level:68
2024-06-04 18:08:27.249 T:4365 debug : CVideoPlayer::ProcessPacket packet from enhancement layer: size:25661 dts:3029.652 pts:3029.652 dur:41.700ms
2024-06-04 18:08:27.260 T:4365 debug : CVideoPlayer::ProcessVideoData size:329041 dts:3029.693 pts:3029.735 dur:41.700ms, clock:3020.601 level:68
2024-06-04 18:08:27.262 T:4365 debug : CVideoPlayer::ProcessPacket packet from enhancement layer: size:30135 dts:3029.693 pts:3029.735 dur:41.700ms
2024-06-04 18:08:27.265 T:4368 debug : CVideoPlayerVideo::OutputPicture - ttd:286ms pts:3020.893 Clock:3020.607 Level:6
2024-06-04 18:08:27.271 T:4365 debug : CVideoPlayer::ProcessVideoData size:279639 dts:3029.735 pts:3029.777 dur:41.700ms, clock:3020.613 level:69
2024-06-04 18:08:27.293 T:4365 debug : CVideoPlayer::ProcessPacket packet from enhancement layer: size:35313 dts:3029.735 pts:3029.777 dur:41.700ms
2024-06-04 18:08:27.305 T:4368 debug : CVideoPlayerVideo::OutputPicture - ttd:288ms pts:3020.935 Clock:3020.646 Level:6
2024-06-04 18:08:27.309 T:4365 debug : CVideoPlayer::ProcessVideoData size:839596 dts:3029.777 pts:3029.818 dur:41.700ms, clock:3020.650 level:69
2024-06-04 18:08:27.348 T:4368 debug : CPtsTracker: pattern lost on diff 625131.000000, number of losses 1
2024-06-04 18:08:27.348 T:4368 debug : CVideoPlayerVideo::OutputPicture - ttd:870ms pts:3021.560 Clock:3020.690 Level:6
2024-06-04 18:08:27.388 T:4368 debug : CVideoPlayerVideo::OutputPicture - ttd:872ms pts:3021.602 Clock:3020.729 Level:6
2024-06-04 18:08:27.429 T:4368 debug : CVideoPlayerVideo::OutputPicture - ttd:872ms pts:3021.644 Clock:3020.771 Level:6
2024-06-04 18:08:27.452 T:4365 debug : CVideoPlayer::ProcessPacket packet from enhancement layer: size:468779 dts:3029.777 pts:3029.818 dur:41.700ms
2024-06-04 18:08:27.473 T:4368 debug : CVideoPlayerVideo::OutputPicture - ttd:870ms pts:3021.685 Clock:3020.815 Level:6
2024-06-04 18:08:27.514 T:4368 debug : CVideoPlayerVideo::OutputPicture - ttd:871ms pts:3021.727 Clock:3020.856 Level:6
2024-06-04 18:08:27.557 T:4368 debug : CVideoPlayerVideo::OutputPicture - ttd:870ms pts:3021.769 Clock:3020.898 Level:6
2024-06-04 18:08:27.588 T:4365 debug : CVideoPlayer::ProcessPacket packet from enhancement layer: size:520009 dts:3029.818 pts:3029.943 dur:41.700ms
2024-06-04 18:08:27.600 T:4368 debug : CVideoPlayerVideo::OutputPicture - ttd:869ms pts:3021.810 Clock:3020.941 Level:6
2024-06-04 18:08:27.617 T:4365 debug : CVideoPlayer::ProcessVideoData size:368505 dts:3029.818 pts:3029.943 dur:41.700ms, clock:3020.959 level:67
2024-06-04 18:08:28.057 T:4368 debug : CVideoPlayerVideo::OutputPicture - ttd:872ms pts:3021.852 Clock:3020.980 Level:6
2024-06-04 18:08:28.101 T:4368 debug : CVideoPlayerVideo::OutputPicture - ttd:450ms pts:3021.894 Clock:3021.443 Level:6
2024-06-04 18:08:28.126 T:4365 debug : CVideoPlayer::ProcessPacket packet from enhancement layer: size:29784 dts:3029.860 pts:3029.860 dur:41.700ms
2024-06-04 18:08:28.131 T:4365 debug : CVideoPlayer::ProcessVideoData size:156894 dts:3029.860 pts:3029.860 dur:41.700ms, clock:3021.473 level:67
2024-06-04 18:08:28.150 T:4365 debug : CVideoPlayer::ProcessVideoData size:154250 dts:3029.902 pts:3029.902 dur:41.700ms, clock:3021.492 level:100
2024-06-04 18:08:28.174 T:4365 debug : CVideoPlayer::ProcessPacket packet from enhancement layer: size:28008 dts:3029.902 pts:3029.902 dur:41.700ms
2024-06-04 18:08:28.181 T:4368 debug : CVideoPlayerVideo::OutputPicture - ttd:413ms pts:3021.936 Clock:3021.522 Level:6
2024-06-04 18:08:28.181 T:4365 debug : CVideoPlayer::ProcessPacket packet from enhancement layer: size:14433 dts:3029.943 pts:3030.069 dur:41.700ms
2024-06-04 18:08:28.199 T:4365 debug : CVideoPlayer::ProcessVideoData size:357511 dts:3029.943 pts:3030.069 dur:41.700ms, clock:3021.541 level:67
2024-06-04 18:08:28.224 T:4368 debug : CVideoPlayerVideo::OutputPicture - ttd:411ms pts:3021.977 Clock:3021.566 Level:6
2024-06-04 18:08:28.245 T:4365 debug : CVideoPlayer::ProcessPacket packet from enhancement layer: size:18651 dts:3029.985 pts:3029.985 dur:41.700ms
2024-06-04 18:08:28.266 T:4368 debug : CVideoPlayerVideo::OutputPicture - ttd:411ms pts:3022.019 Clock:3021.607 Level:6
2024-06-04 18:08:28.267 T:4368 debug : CVideoPlayerVideo::OutputPicture - ttd:451ms pts:3022.061 Clock:3021.609 Level:6
2024-06-04 18:08:28.282 T:4365 debug : CVideoPlayer::ProcessVideoData size:148775 dts:3029.985 pts:3029.985 dur:41.700ms, clock:3021.624 level:66
2024-06-04 18:08:28.289 T:4365 debug : CVideoPlayer::ProcessVideoData size:149675 dts:3030.027 pts:3030.027 dur:41.700ms, clock:3021.631 level:66
2024-06-04 18:08:28.292 T:4365 debug : CVideoPlayer::ProcessPacket packet from enhancement layer: size:18701 dts:3030.027 pts:3030.027 dur:41.700ms
2024-06-04 18:08:28.298 T:4365 debug : CVideoPlayer::ProcessPacket packet from enhancement layer: size:27213 dts:3030.069 pts:3030.194 dur:41.700ms
2024-06-04 18:08:28.302 T:4365 debug : CVideoPlayer::ProcessVideoData size:349815 dts:3030.069 pts:3030.194 dur:41.700ms, clock:3021.644 level:66
2024-06-04 18:08:28.307 T:4365 debug : CVideoPlayer::ProcessPacket packet from enhancement layer: size:18090 dts:3030.110 pts:3030.110 dur:41.700ms
2024-06-04 18:08:28.309 T:4365 debug : CVideoPlayer::ProcessVideoData size:151145 dts:3030.110 pts:3030.110 dur:41.700ms, clock:3021.651 level:67
2024-06-04 18:08:28.328 T:4365 debug : CVideoPlayer::ProcessVideoData size:149477 dts:3030.152 pts:3030.152 dur:41.700ms, clock:3021.669 level:66
2024-06-04 18:08:28.331 T:4365 debug : CVideoPlayer::ProcessPacket packet from enhancement layer: size:18111 dts:3030.152 pts:3030.152 dur:41.700ms
2024-06-04 18:08:28.336 T:4365 debug : CVideoPlayer::ProcessPacket packet from enhancement layer: size:28223 dts:3030.194 pts:3030.319 dur:41.700ms
2024-06-04 18:08:28.340 T:4365 debug : CVideoPlayer::ProcessVideoData size:348441 dts:3030.194 pts:3030.319 dur:41.700ms, clock:3021.682 level:67
2024-06-04 18:08:28.349 T:4368 debug : CVideoPlayerVideo::OutputPicture - ttd:411ms pts:3022.102 Clock:3021.691 Level:6
2024-06-04 18:08:28.366 T:4365 debug : CVideoPlayer::ProcessPacket packet from enhancement layer: size:18308 dts:3030.235 pts:3030.235 dur:41.700ms
2024-06-04 18:08:28.389 T:4368 debug : CVideoPlayerVideo::OutputPicture - ttd:413ms pts:3022.144 Clock:3021.730 Level:6
2024-06-04 18:08:28.403 T:4365 debug : CVideoPlayer::ProcessVideoData size:152522 dts:3030.235 pts:3030.235 dur:41.700ms, clock:3021.744 level:67
2024-06-04 18:08:28.408 T:4365 debug : CVideoPlayer::ProcessVideoData size:151837 dts:3030.277 pts:3030.277 dur:41.700ms, clock:3021.750 level:66
2024-06-04 18:08:28.413 T:4365 debug : CVideoPlayer::ProcessPacket packet from enhancement layer: size:18304 dts:3030.277 pts:3030.277 dur:41.700ms
2024-06-04 18:08:28.434 T:4368 debug : CVideoPlayerVideo::OutputPicture - ttd:410ms pts:3022.186 Clock:3021.775 Level:6
2024-06-04 18:08:28.454 T:4365 debug : CVideoPlayer::ProcessPacket packet from enhancement layer: size:28451 dts:3030.319 pts:3030.444 dur:41.700ms
2024-06-04 18:08:28.458 T:4365 debug : CVideoPlayer::ProcessVideoData size:346360 dts:3030.319 pts:3030.444 dur:41.700ms, clock:3021.800 level:67
2024-06-04 18:08:28.463 T:4365 debug : CVideoPlayer::ProcessPacket packet from enhancement layer: size:18871 dts:3030.361 pts:3030.361 dur:41.700ms
2024-06-04 18:08:28.474 T:4368 debug : CVideoPlayerVideo::OutputPicture - ttd:411ms pts:3022.227 Clock:3021.816 Level:6
2024-06-04 18:08:28.488 T:4365 debug : CVideoPlayer::ProcessVideoData size:150445 dts:3030.361 pts:3030.361 dur:41.700ms, clock:3021.830 level:67
2024-06-04 18:08:28.505 T:4365 debug : CVideoPlayer::ProcessVideoData size:150219 dts:3030.402 pts:3030.402 dur:41.700ms, clock:3021.847 level:67
2024-06-04 18:08:28.516 T:4368 debug : CVideoPlayerVideo::OutputPicture - ttd:411ms pts:3022.269 Clock:3021.858 Level:5
2024-06-04 18:08:28.532 T:4365 debug : CVideoPlayer::ProcessPacket packet from enhancement layer: size:18588 dts:3030.402 pts:3030.402 dur:41.700ms
2024-06-04 18:08:28.538 T:4365 debug : CVideoPlayer::ProcessPacket packet from enhancement layer: size:21143 dts:3030.444 pts:3030.569 dur:41.700ms
2024-06-04 18:08:28.543 T:4365 debug : CVideoPlayer::ProcessVideoData size:416291 dts:3030.444 pts:3030.569 dur:41.700ms, clock:3021.884 level:67
2024-06-04 18:08:28.546 T:4365 debug : CVideoPlayer::ProcessPacket packet from enhancement layer: size:18359 dts:3030.486 pts:3030.486 dur:41.700ms
2024-06-04 18:08:28.560 T:4368 debug : CVideoPlayerVideo::OutputPicture - ttd:409ms pts:3022.311 Clock:3021.902 Level:5
2024-06-04 18:08:28.598 T:4368 debug : CVideoPlayerVideo::OutputPicture - ttd:413ms pts:3022.353 Clock:3021.939 Level:6
2024-06-04 18:08:28.644 T:4368 debug : CVideoPlayerVideo::OutputPicture - ttd:408ms pts:3022.394 Clock:3021.986 Level:6
2024-06-04 18:08:28.685 T:4368 debug : CVideoPlayerVideo::OutputPicture - ttd:409ms pts:3022.436 Clock:3022.027 Level:6
2024-06-04 18:08:28.701 T:4365 debug : CVideoPlayer::ProcessVideoData size:152331 dts:3030.486 pts:3030.486 dur:41.700ms, clock:3022.043 level:67
2024-06-04 18:08:28.705 T:4365 debug : CVideoPlayer::ProcessVideoData size:151629 dts:3030.527 pts:3030.527 dur:41.700ms, clock:3022.047 level:67
2024-06-04 18:08:28.721 T:4340 debug : request received for /jsonrpc
2024-06-04 18:08:28.727 T:4368 debug : CVideoPlayerVideo::OutputPicture - ttd:409ms pts:3022.478 Clock:3022.069 Level:6
2024-06-04 18:08:28.728 T:4365 debug : CVideoPlayer::ProcessPacket packet from enhancement layer: size:18157 dts:3030.527 pts:3030.527 dur:41.700ms
2024-06-04 18:08:28.731 T:4365 debug : CVideoPlayer::ProcessPacket packet from enhancement layer: size:75948 dts:3030.569 pts:3030.694 dur:41.700ms
2024-06-04 18:08:28.733 T:4340 debug : request received for /jsonrpc
2024-06-04 18:08:28.736 T:4365 debug : CVideoPlayer::ProcessVideoData size:859135 dts:3030.569 pts:3030.694 dur:41.700ms, clock:3022.077 level:68
2024-06-04 18:08:28.740 T:4340 debug : request received for /jsonrpc
2024-06-04 18:08:28.751 T:4365 info : Skipped 1 duplicate messages..
2024-06-04 18:08:28.751 T:4365 debug : CVideoPlayer::ProcessPacket packet from enhancement layer: size:17938 dts:3030.611 pts:3030.611 dur:41.700ms
2024-06-04 18:08:28.768 T:4368 debug : CVideoPlayerVideo::OutputPicture - ttd:409ms pts:3022.519 Clock:3022.110 Level:6
2024-06-04 18:08:28.806 T:4368 debug : CVideoPlayerVideo::OutputPicture - ttd:413ms pts:3022.561 Clock:3022.148 Level:6
2024-06-04 18:08:28.822 T:4365 debug : CVideoPlayer::ProcessVideoData size:150703 dts:3030.611 pts:3030.611 dur:41.700ms, clock:3022.164 level:68
2024-06-04 18:08:28.847 T:4368 debug : CVideoPlayerVideo::OutputPicture - ttd:414ms pts:3022.603 Clock:3022.189 Level:6
2024-06-04 18:08:28.871 T:4365 debug : CVideoPlayer::ProcessVideoData size:148996 dts:3030.653 pts:3030.653 dur:41.700ms, clock:3022.212 level:67
2024-06-04 18:08:28.888 T:4365 debug : CVideoPlayer::ProcessPacket packet from enhancement layer: size:17798 dts:3030.653 pts:3030.653 dur:41.700ms
2024-06-04 18:08:28.889 T:4368 debug : CVideoPlayerVideo::OutputPicture - ttd:288ms pts:3022.519 Clock:3022.230 Level:6
2024-06-04 18:08:28.904 T:4365 debug : CVideoPlayer::ProcessPacket packet from enhancement layer: size:23741 dts:3030.694 pts:3030.819 dur:41.700ms
2024-06-04 18:08:28.909 T:4365 debug : CVideoPlayer::ProcessVideoData size:427355 dts:3030.694 pts:3030.819 dur:41.700ms, clock:3022.250 level:68
2024-06-04 18:08:28.912 T:4365 debug : CVideoPlayer::ProcessPacket packet from enhancement layer: size:23677 dts:3030.736 pts:3030.736 dur:41.700ms
2024-06-04 18:08:28.934 T:4368 debug : CVideoPlayerVideo::OutputPicture - ttd:285ms pts:3022.561 Clock:3022.276 Level:6
2024-06-04 18:08:28.950 T:4365 debug : CVideoPlayer::ProcessVideoData size:153879 dts:3030.736 pts:3030.736 dur:41.700ms, clock:3022.292 level:67
2024-06-04 18:08:28.955 T:4365 debug : CVideoPlayer::ProcessVideoData size:152581 dts:3030.778 pts:3030.778 dur:41.700ms, clock:3022.296 level:67
2024-06-04 18:08:28.976 T:4368 debug : CVideoPlayerVideo::OutputPicture - ttd:285ms pts:3022.603 Clock:3022.317 Level:6
2024-06-04 18:08:28.990 T:4365 debug : CVideoPlayer::ProcessPacket packet from enhancement layer: size:17325 dts:3030.778 pts:3030.778 dur:41.700ms
2024-06-04 18:08:28.997 T:4365 debug : CVideoPlayer::ProcessPacket packet from enhancement layer: size:34890 dts:3030.819 pts:3030.944 dur:41.700ms
2024-06-04 18:08:28.999 T:4365 debug : CVideoPlayer::ProcessVideoData size:357466 dts:3030.819 pts:3030.944 dur:41.700ms, clock:3022.341 level:67
2024-06-04 18:08:29.002 T:4365 debug : CVideoPlayer::ProcessPacket packet from enhancement layer: size:15807 dts:3030.861 pts:3030.861 dur:41.700ms
2024-06-04 18:08:29.018 T:4368 debug : CVideoPlayerVideo::OutputPicture - ttd:284ms pts:3022.645 Clock:3022.360 Level:6
2024-06-04 18:08:29.060 T:4368 debug : CVideoPlayerVideo::OutputPicture - ttd:284ms pts:3022.686 Clock:3022.401 Level:5
2024-06-04 18:08:29.086 T:4365 debug : CVideoPlayer::ProcessVideoData size:176054 dts:3030.861 pts:3030.861 dur:41.700ms, clock:3022.428 level:67
2024-06-04 18:08:29.091 T:4365 debug : CVideoPlayer::ProcessVideoData size:147523 dts:3030.903 pts:3030.903 dur:41.700ms, clock:3022.432 level:66
2024-06-04 18:08:29.096 T:4365 debug : CVideoPlayer::ProcessPacket packet from enhancement layer: size:19296 dts:3030.903 pts:3030.903 dur:41.700ms
2024-06-04 18:08:29.098 T:4368 debug : CVideoPlayerVideo::OutputPicture - ttd:288ms pts:3022.728 Clock:3022.439 Level:6
2024-06-04 18:08:29.102 T:4365 debug : CVideoPlayer::ProcessPacket packet from enhancement layer: size:33331 dts:3030.944 pts:3031.070 dur:41.700ms
2024-06-04 18:08:29.105 T:4365 debug : CVideoPlayer::ProcessVideoData size:412866 dts:3030.944 pts:3031.070 dur:41.700ms, clock:3022.447 level:67
2024-06-04 18:08:29.110 T:4365 debug : CVideoPlayer::ProcessPacket packet from enhancement layer: size:19813 dts:3030.986 pts:3030.986 dur:41.700ms
2024-06-04 18:08:29.112 T:4365 debug : CVideoPlayer::ProcessVideoData size:145927 dts:3030.986 pts:3030.986 dur:41.700ms, clock:3022.454 level:67
2024-06-04 18:08:29.118 T:4365 debug : CVideoPlayer::ProcessVideoData size:172120 dts:3031.028 pts:3031.028 dur:41.700ms, clock:3022.459 level:67
2024-06-04 18:08:29.121 T:4365 debug : CVideoPlayer::ProcessPacket packet from enhancement layer: size:16396 dts:3031.028 pts:3031.028 dur:41.700ms
2024-06-04 18:08:29.142 T:4368 debug : CVideoPlayerVideo::OutputPicture - ttd:286ms pts:3022.770 Clock:3022.484 Level:6
2024-06-04 18:08:29.160 T:4365 debug : CVideoPlayer::ProcessPacket packet from enhancement layer: size:38165 dts:3031.070 pts:3031.195 dur:41.700ms
2024-06-04 18:08:29.165 T:4365 debug : CVideoPlayer::ProcessVideoData size:350962 dts:3031.070 pts:3031.195 dur:41.700ms, clock:3022.507 level:68
2024-06-04 18:08:29.168 T:4365 debug : CVideoPlayer::ProcessPacket packet from enhancement layer: size:16384 dts:3031.111 pts:3031.111 dur:41.700ms
2024-06-04 18:08:29.182 T:4368 debug : CVideoPlayerVideo::OutputPicture - ttd:287ms pts:3022.811 Clock:3022.524 Level:6
2024-06-04 18:08:29.203 T:4365 debug : CVideoPlayer::ProcessVideoData size:176141 dts:3031.111 pts:3031.111 dur:41.700ms, clock:3022.545 level:67
2024-06-04 18:08:29.210 T:4365 debug : CVideoPlayer::ProcessVideoData size:147862 dts:3031.153 pts:3031.153 dur:41.700ms, clock:3022.552 level:100
2024-06-04 18:08:29.227 T:4368 debug : CVideoPlayerVideo::OutputPicture - ttd:284ms pts:3022.853 Clock:3022.568 Level:5
2024-06-04 18:08:29.248 T:4365 debug : CVideoPlayer::ProcessPacket packet from enhancement layer: size:19580 dts:3031.153 pts:3031.153 dur:41.700ms
2024-06-04 18:08:29.266 T:4368 debug : CVideoPlayerVideo::OutputPicture - ttd:286ms pts:3022.895 Clock:3022.608 Level:6
2024-06-04 18:08:29.277 T:4365 debug : CVideoPlayer::ProcessPacket packet from enhancement layer: size:32432 dts:3031.195 pts:3031.320 dur:41.700ms
2024-06-04 18:08:29.284 T:4365 debug : CVideoPlayer::ProcessVideoData size:414576 dts:3031.195 pts:3031.320 dur:41.700ms, clock:3022.626 level:67
2024-06-04 18:08:29.287 T:4365 debug : CVideoPlayer::ProcessPacket packet from enhancement layer: size:16078 dts:3031.236 pts:3031.236 dur:41.700ms
2024-06-04 18:08:29.310 T:4368 debug : CVideoPlayerVideo::OutputPicture - ttd:285ms pts:3022.937 Clock:3022.651 Level:5
2024-06-04 18:08:29.322 T:4365 debug : CVideoPlayer::ProcessVideoData size:175339 dts:3031.236 pts:3031.236 dur:41.700ms, clock:3022.663 level:68
2024-06-04 18:08:29.330 T:4365 debug : CVideoPlayer::ProcessVideoData size:146970 dts:3031.278 pts:3031.278 dur:41.700ms, clock:3022.671 level:100
2024-06-04 18:08:29.352 T:4368 debug : CVideoPlayerVideo::OutputPicture - ttd:285ms pts:3022.978 Clock:3022.693 Level:5
2024-06-04 18:08:29.367 T:4365 debug : CVideoPlayer::ProcessPacket packet from enhancement layer: size:19834 dts:3031.278 pts:3031.278 dur:41.700ms
2024-06-04 18:08:29.392 T:4368 debug : CVideoPlayerVideo::OutputPicture - ttd:286ms pts:3023.020 Clock:3022.734 Level:6
2024-06-04 18:08:29.418 T:4365 debug : CVideoPlayer::ProcessPacket packet from enhancement layer: size:30154 dts:3031.320 pts:3031.445 dur:41.700ms
2024-06-04 18:08:29.423 T:4365 debug : CVideoPlayer::ProcessVideoData size:420545 dts:3031.320 pts:3031.445 dur:41.700ms, clock:3022.765 level:68
2024-06-04 18:08:29.436 T:4368 debug : CVideoPlayerVideo::OutputPicture - ttd:284ms pts:3023.062 Clock:3022.778 Level:5
2024-06-04 18:08:29.439 T:4365 debug : CVideoPlayer::ProcessPacket packet from enhancement layer: size:19672 dts:3031.362 pts:3031.362 dur:41.700ms
2024-06-04 18:08:29.474 T:4368 debug : CVideoPlayerVideo::OutputPicture - ttd:287ms pts:3023.103 Clock:3022.816 Level:6
2024-06-04 18:08:29.516 T:4368 debug : CVideoPlayerVideo::OutputPicture - ttd:287ms pts:3023.145 Clock:3022.857 Level:6
2024-06-04 18:08:29.528 T:4365 debug : CVideoPlayer::ProcessVideoData size:148937 dts:3031.362 pts:3031.362 dur:41.700ms, clock:3022.870 level:100
2024-06-04 18:08:29.535 T:4365 debug : CVideoPlayer::ProcessVideoData size:175347 dts:3031.403 pts:3031.403 dur:41.700ms, clock:3022.877 level:68
2024-06-04 18:08:29.557 T:4365 debug : CVideoPlayer::ProcessPacket packet from enhancement layer: size:15681 dts:3031.403 pts:3031.403 dur:41.700ms
2024-06-04 18:08:29.558 T:4365 debug : CVideoPlayer::ProcessPacket packet from enhancement layer: size:76947 dts:3031.445 pts:3031.570 dur:41.700ms
2024-06-04 18:08:29.561 T:4368 debug : CVideoPlayerVideo::OutputPicture - ttd:284ms pts:3023.187 Clock:3022.902 Level:6
2024-06-04 18:08:29.575 T:4365 debug : CVideoPlayer::ProcessVideoData size:864460 dts:3031.445 pts:3031.570 dur:41.700ms, clock:3022.916 level:68
2024-06-04 18:08:29.600 T:4368 debug : CVideoPlayerVideo::OutputPicture - ttd:286ms pts:3023.228 Clock:3022.942 Level:6
2024-06-04 18:08:29.629 T:4365 debug : CVideoPlayer::ProcessPacket packet from enhancement layer: size:24758 dts:3031.487 pts:3031.487 dur:41.700ms
2024-06-04 18:08:29.640 T:4368 debug : CVideoPlayerVideo::OutputPicture - ttd:288ms pts:3023.270 Clock:3022.982 Level:6
2024-06-04 18:08:29.674 T:4365 debug : CVideoPlayer::ProcessVideoData size:149718 dts:3031.487 pts:3031.487 dur:41.700ms, clock:3023.015 level:68
2024-06-04 18:08:29.683 T:4365 debug : CVideoPlayer::ProcessVideoData size:147628 dts:3031.528 pts:3031.528 dur:41.700ms, clock:3023.025 level:68
2024-06-04 18:08:29.685 T:4368 debug : CVideoPlayerVideo::OutputPicture - ttd:285ms pts:3023.312 Clock:3023.026 Level:6
2024-06-04 18:08:29.710 T:4365 debug : CVideoPlayer::ProcessPacket packet from enhancement layer: size:18374 dts:3031.528 pts:3031.528 dur:41.700ms
2024-06-04 18:08:29.714 T:4365 debug : CVideoPlayer::ProcessPacket packet from enhancement layer: size:29706 dts:3031.570 pts:3031.695 dur:41.700ms
2024-06-04 18:08:29.720 T:4365 debug : CVideoPlayer::ProcessVideoData size:366112 dts:3031.570 pts:3031.695 dur:41.700ms, clock:3023.061 level:68
2024-06-04 18:08:29.726 T:4368 debug : CVideoPlayerVideo::OutputPicture - ttd:286ms pts:3023.354 Clock:3023.067 Level:6
2024-06-04 18:08:29.743 T:4365 debug : CVideoPlayer::ProcessPacket packet from enhancement layer: size:14616 dts:3031.612 pts:3031.612 dur:41.700ms
2024-06-04 18:08:29.768 T:4368 debug : CVideoPlayerVideo::OutputPicture - ttd:286ms pts:3023.395 Clock:3023.109 Level:6
2024-06-04 18:08:29.810 T:4368 debug : CVideoPlayerVideo::OutputPicture - ttd:285ms pts:3023.437 Clock:3023.151 Level:6
2024-06-04 18:08:29.822 T:4365 debug : CVideoPlayer::ProcessVideoData size:176486 dts:3031.612 pts:3031.612 dur:41.700ms, clock:3023.163 level:68
2024-06-04 18:08:29.829 T:4365 debug : CVideoPlayer::ProcessVideoData size:150026 dts:3031.654 pts:3031.654 dur:41.700ms, clock:3023.171 level:68
2024-06-04 18:08:29.834 T:4365 debug : CVideoPlayer::ProcessPacket packet from enhancement layer: size:18172 dts:3031.654 pts:3031.654 dur:41.700ms
2024-06-04 18:08:29.844 T:4365 debug : CVideoPlayer::ProcessPacket packet from enhancement layer: size:38689 dts:3031.695 pts:3031.820 dur:41.700ms
2024-06-04 18:08:29.849 T:4368 debug : CVideoPlayerVideo::OutputPicture - ttd:287ms pts:3023.479 Clock:3023.191 Level:6
2024-06-04 18:08:29.849 T:4365 debug : CVideoPlayer::ProcessVideoData size:348682 dts:3031.695 pts:3031.820 dur:41.700ms, clock:3023.191 level:69
2024-06-04 18:08:29.885 T:4365 debug : CVideoPlayer::ProcessPacket packet from enhancement layer: size:17145 dts:3031.737 pts:3031.737 dur:41.700ms
2024-06-04 18:08:29.890 T:4368 debug : CVideoPlayerVideo::OutputPicture - ttd:288ms pts:3023.520 Clock:3023.232 Level:6
2024-06-04 18:08:29.911 T:4365 debug : CVideoPlayer::ProcessVideoData size:174278 dts:3031.737 pts:3031.737 dur:41.700ms, clock:3023.252 level:68
2024-06-04 18:08:29.917 T:4365 debug : CVideoPlayer::ProcessVideoData size:144755 dts:3031.779 pts:3031.779 dur:41.700ms, clock:3023.259 level:68
2024-06-04 18:08:29.920 T:4365 debug : CVideoPlayer::ProcessPacket packet from enhancement layer: size:20571 dts:3031.779 pts:3031.779 dur:41.700ms
2024-06-04 18:08:29.932 T:4368 debug : CVideoPlayerVideo::OutputPicture - ttd:288ms pts:3023.562 Clock:3023.273 Level:6
2024-06-04 18:08:29.965 T:4365 debug : CVideoPlayer::ProcessVideoData size:290209 dts:3031.820 pts:3031.862 dur:41.700ms, clock:3023.307 level:67
2024-06-04 18:08:29.967 T:4365 debug : CVideoPlayer::ProcessPacket packet from enhancement layer: size:29441 dts:3031.820 pts:3031.862 dur:41.700ms
2024-06-04 18:08:29.977 T:4368 debug : CVideoPlayerVideo::OutputPicture - ttd:285ms pts:3023.604 Clock:3023.318 Level:6
2024-06-04 18:08:29.981 T:4365 debug : CVideoPlayer::ProcessVideoData size:234037 dts:3031.862 pts:3031.904 dur:41.700ms, clock:3023.323 level:67
2024-06-04 18:08:29.998 T:4365 debug : CVideoPlayer::ProcessPacket packet from enhancement layer: size:36692 dts:3031.862 pts:3031.904 dur:41.700ms
2024-06-04 18:08:30.013 T:4365 debug : CVideoPlayer::ProcessVideoData size:841712 dts:3031.904 pts:3031.945 dur:41.700ms, clock:3023.355 level:67
2024-06-04 18:08:30.016 T:4368 debug : CVideoPlayerVideo::OutputPicture - ttd:288ms pts:3023.646 Clock:3023.357 Level:6
2024-06-04 18:08:30.057 T:4368 debug : CVideoPlayerVideo::OutputPicture - ttd:288ms pts:3023.687 Clock:3023.399 Level:6
2024-06-04 18:08:30.086 T:4365 debug : CVideoPlayer::ProcessPacket packet from enhancement layer: size:518464 dts:3031.904 pts:3031.945 dur:41.700ms
2024-06-04 18:08:30.103 T:4368 debug : CVideoPlayerVideo::OutputPicture - ttd:284ms pts:3023.729 Clock:3023.444 Level:5
2024-06-04 18:08:30.144 T:4368 debug : CVideoPlayerVideo::OutputPicture - ttd:285ms pts:3023.771 Clock:3023.485 Level:6
2024-06-04 18:08:30.179 T:4365 debug : CVideoPlayer::ProcessPacket packet from enhancement layer: size:573046 dts:3031.945 pts:3032.071 dur:41.700ms
2024-06-04 18:08:30.183 T:4368 debug : CVideoPlayerVideo::OutputPicture - ttd:246ms pts:3023.771 Clock:3023.524 Level:6
2024-06-04 18:08:30.226 T:4368 debug : CVideoPlayerVideo::OutputPicture - ttd:244ms pts:3023.812 Clock:3023.568 Level:6
2024-06-04 18:08:30.247 T:4365 debug : CVideoPlayer::ProcessVideoData size:390778 dts:3031.945 pts:3032.071 dur:41.700ms, clock:3023.588 level:66
2024-06-04 18:08:30.266 T:4368 debug : CVideoPlayerVideo::OutputPicture - ttd:246ms pts:3023.854 Clock:3023.607 Level:6
2024-06-04 18:08:30.283 T:4365 debug : CVideoPlayer::ProcessPacket packet from enhancement layer: size:37390 dts:3031.987 pts:3031.987 dur:41.700ms
2024-06-04 18:08:30.309 T:4368 debug : CVideoPlayerVideo::OutputPicture - ttd:245ms pts:3023.896 Clock:3023.650 Level:5
2024-06-04 18:08:30.313 T:4340 debug : request received for /jsonrpc
2024-06-04 18:08:30.332 T:4365 info : Skipped 2 duplicate messages..
2024-06-04 18:08:30.332 T:4365 debug : CVideoPlayer::ProcessVideoData size:172488 dts:3031.987 pts:3031.987 dur:41.700ms, clock:3023.674 level:65
2024-06-04 18:08:30.336 T:4340 debug : request received for /jsonrpc
2024-06-04 18:08:30.356 T:4365 debug : CVideoPlayer::ProcessVideoData size:171248 dts:3032.029 pts:3032.029 dur:41.700ms, clock:3023.697 level:65
2024-06-04 18:08:30.358 T:4368 debug : CVideoPlayerVideo::OutputPicture - ttd:237ms pts:3023.937 Clock:3023.700 Level:5
2024-06-04 18:08:30.359 T:4365 debug : CVideoPlayer::ProcessPacket packet from enhancement layer: size:28581 dts:3032.029 pts:3032.029 dur:41.700ms
2024-06-04 18:08:30.365 T:4365 debug : CVideoPlayer::ProcessPacket packet from enhancement layer: size:8463 dts:3032.071 pts:3032.196 dur:41.700ms
2024-06-04 18:08:30.390 T:4365 debug : CVideoPlayer::ProcessVideoData size:374925 dts:3032.071 pts:3032.196 dur:41.700ms, clock:3023.732 level:100
2024-06-04 18:08:30.391 T:4368 debug : CVideoPlayerVideo::OutputPicture - ttd:246ms pts:3023.979 Clock:3023.733 Level:6
2024-06-04 18:08:30.404 T:4365 debug : CVideoPlayer::ProcessPacket packet from enhancement layer: size:10658 dts:3032.112 pts:3032.112 dur:41.700ms
2024-06-04 18:08:30.432 T:4368 debug : CVideoPlayerVideo::OutputPicture - ttd:246ms pts:3024.021 Clock:3023.774 Level:6
2024-06-04 18:08:30.454 T:4365 debug : CVideoPlayer::ProcessVideoData size:168233 dts:3032.112 pts:3032.112 dur:41.700ms, clock:3023.795 level:66
2024-06-04 18:08:30.459 T:4365 debug : CVideoPlayer::ProcessVideoData size:167789 dts:3032.154 pts:3032.154 dur:41.700ms, clock:3023.800 level:66
2024-06-04 18:08:30.464 T:4365 debug : CVideoPlayer::ProcessPacket packet from enhancement layer: size:10799 dts:3032.154 pts:3032.154 dur:41.700ms
2024-06-04 18:08:30.468 T:4365 debug : CVideoPlayer::ProcessPacket packet from enhancement layer: size:15656 dts:3032.196 pts:3032.321 dur:41.700ms
2024-06-04 18:08:30.475 T:4368 debug : CVideoPlayerVideo::OutputPicture - ttd:246ms pts:3024.063 Clock:3023.816 Level:6
2024-06-04 18:08:30.476 T:4365 debug : CVideoPlayer::ProcessVideoData size:375170 dts:3032.196 pts:3032.321 dur:41.700ms, clock:3023.818 level:67
2024-06-04 18:08:30.490 T:4365 debug : CVideoPlayer::ProcessPacket packet from enhancement layer: size:10274 dts:3032.237 pts:3032.237 dur:41.700ms
2024-06-04 18:08:30.496 T:4365 debug : CVideoPlayer::ProcessVideoData size:169633 dts:3032.237 pts:3032.237 dur:41.700ms, clock:3023.837 level:66
2024-06-04 18:08:30.500 T:4365 debug : CVideoPlayer::ProcessVideoData size:168864 dts:3032.279 pts:3032.279 dur:41.700ms, clock:3023.842 level:66
2024-06-04 18:08:30.505 T:4365 debug : CVideoPlayer::ProcessPacket packet from enhancement layer: size:10286 dts:3032.279 pts:3032.279 dur:41.700ms
2024-06-04 18:08:30.517 T:4368 debug : CVideoPlayerVideo::OutputPicture - ttd:245ms pts:3024.104 Clock:3023.859 Level:6
2024-06-04 18:08:30.558 T:4368 debug : CVideoPlayerVideo::OutputPicture - ttd:246ms pts:3024.146 Clock:3023.899 Level:6
2024-06-04 18:08:30.586 T:4365 debug : CVideoPlayer::ProcessPacket packet from enhancement layer: size:16211 dts:3032.321 pts:3032.446 dur:41.700ms
2024-06-04 18:08:30.591 T:4365 debug : CVideoPlayer::ProcessVideoData size:370785 dts:3032.321 pts:3032.446 dur:41.700ms, clock:3023.933 level:67
2024-06-04 18:08:30.601 T:4368 debug : CVideoPlayerVideo::OutputPicture - ttd:245ms pts:3024.188 Clock:3023.943 Level:6
2024-06-04 18:08:30.615 T:4365 debug : CVideoPlayer::ProcessPacket packet from enhancement layer: size:10850 dts:3032.363 pts:3032.363 dur:41.700ms
2024-06-04 18:08:30.644 T:4368 debug : CVideoPlayerVideo::OutputPicture - ttd:243ms pts:3024.229 Clock:3023.986 Level:5
2024-06-04 18:08:30.661 T:4365 debug : CVideoPlayer::ProcessVideoData size:168720 dts:3032.363 pts:3032.363 dur:41.700ms, clock:3024.003 level:67
2024-06-04 18:08:30.677 T:4365 debug : CVideoPlayer::ProcessVideoData size:166675 dts:3032.404 pts:3032.404 dur:41.700ms, clock:3024.019 level:100
2024-06-04 18:08:30.685 T:4368 debug : CVideoPlayerVideo::OutputPicture - ttd:244ms pts:3024.271 Clock:3024.027 Level:5
2024-06-04 18:08:30.702 T:4365 debug : CVideoPlayer::ProcessPacket packet from enhancement layer: size:15467 dts:3032.404 pts:3032.404 dur:41.700ms
2024-06-04 18:08:30.726 T:4368 debug : CVideoPlayerVideo::OutputPicture - ttd:245ms pts:3024.313 Clock:3024.067 Level:6
2024-06-04 18:08:30.743 T:4365 debug : CVideoPlayer::ProcessPacket packet from enhancement layer: size:23833 dts:3032.446 pts:3032.571 dur:41.700ms
2024-06-04 18:08:30.746 T:4365 debug : CVideoPlayer::ProcessVideoData size:376392 dts:3032.446 pts:3032.571 dur:41.700ms, clock:3024.087 level:67
2024-06-04 18:08:30.751 T:4365 debug : CVideoPlayer::ProcessPacket packet from enhancement layer: size:16060 dts:3032.488 pts:3032.488 dur:41.700ms
2024-06-04 18:08:30.756 T:4365 debug : CVideoPlayer::ProcessVideoData size:169978 dts:3032.488 pts:3032.488 dur:41.700ms, clock:3024.098 level:67
2024-06-04 18:08:30.762 T:4365 debug : CVideoPlayer::ProcessVideoData size:170368 dts:3032.529 pts:3032.529 dur:41.700ms, clock:3024.103 level:67
2024-06-04 18:08:30.765 T:4365 debug : CVideoPlayer::ProcessPacket packet from enhancement layer: size:15829 dts:3032.529 pts:3032.529 dur:41.700ms
2024-06-04 18:08:30.769 T:4368 debug : CVideoPlayerVideo::OutputPicture - ttd:244ms pts:3024.355 Clock:3024.110 Level:6
2024-06-04 18:08:30.775 T:4365 debug : CVideoPlayer::ProcessPacket packet from enhancement layer: size:25155 dts:3032.571 pts:3032.696 dur:41.700ms
2024-06-04 18:08:30.779 T:4365 debug : CVideoPlayer::ProcessVideoData size:371755 dts:3032.571 pts:3032.696 dur:41.700ms, clock:3024.120 level:68
2024-06-04 18:08:30.782 T:4365 debug : CVideoPlayer::ProcessPacket packet from enhancement layer: size:16594 dts:3032.613 pts:3032.613 dur:41.700ms
2024-06-04 18:08:30.786 T:4365 debug : CVideoPlayer::ProcessVideoData size:173050 dts:3032.613 pts:3032.613 dur:41.700ms, clock:3024.128 level:69
2024-06-04 18:08:30.810 T:4368 debug : CVideoPlayerVideo::OutputPicture - ttd:244ms pts:3024.396 Clock:3024.152 Level:5
2024-06-04 18:08:30.842 T:4365 debug : CVideoPlayer::ProcessVideoData size:171693 dts:3032.655 pts:3032.655 dur:41.700ms, clock:3024.184 level:68
2024-06-04 18:08:30.851 T:4368 debug : CVideoPlayerVideo::OutputPicture - ttd:244ms pts:3024.438 Clock:3024.193 Level:6
2024-06-04 18:08:30.891 T:4365 debug : CVideoPlayer::ProcessPacket packet from enhancement layer: size:16696 dts:3032.655 pts:3032.655 dur:41.700ms
2024-06-04 18:08:30.892 T:4368 debug : CVideoPlayerVideo::OutputPicture - ttd:246ms pts:3024.480 Clock:3024.234 Level:6
2024-06-04 18:08:30.895 T:4229 debug : EventClient: button name "up" map "R1" pressed
2024-06-04 18:08:30.913 T:4365 debug : CVideoPlayer::ProcessPacket packet from enhancement layer: size:59303 dts:3032.696 pts:3032.821 dur:41.700ms
2024-06-04 18:08:30.920 T:4365 debug : CVideoPlayer::ProcessVideoData size:871657 dts:3032.696 pts:3032.821 dur:41.700ms, clock:3024.261 level:69
2024-06-04 18:08:30.933 T:4368 debug : CVideoPlayerVideo::OutputPicture - ttd:246ms pts:3024.521 Clock:3024.275 Level:6
2024-06-04 18:08:30.933 T:4162 debug : HandleKey: 166 (0xa6, obc89) pressed, window 12005, action is ChapterOrBigStepForward
2024-06-04 18:08:30.940 T:4368 debug : CAMLCodec::SetSpeed, speed(0)
2024-06-04 18:08:30.940 T:4365 debug : CDVDClock::SetSpeedAdjust - adjusted:0.000000
2024-06-04 18:08:30.940 T:4365 debug : SeekChapter - chapter seeking using input stream
2024-06-04 18:08:30.940 T:4365 debug : CBlurayCallback::Logger - register.c:420: bd_psr_write(): PSR8 (TIME) 0x81bb200 -> 0x9589c00
2024-06-04 18:08:30.940 T:4365 debug : CBlurayCallback::Logger - bluray.c:3181: PSR change: psr8 = 156802048
2024-06-04 18:08:30.940 T:4365 debug : CBlurayCallback::Logger - register.c:420: bd_psr_write(): PSR5 (CHAPTER) 0x7 -> 0x8
2024-06-04 18:08:30.940 T:4365 debug : CBlurayCallback::Logger - bluray.c:3181: PSR change: psr5 = 8
2024-06-04 18:08:30.940 T:4365 debug : CBlurayCallback::Logger - bluray.c:1694: Seek to 30935168256
2024-06-04 18:08:30.940 T:4365 debug : CDVDInputStreamBluray - BD_EVENT_SEEK
2024-06-04 18:08:30.940 T:4365 debug : CDVDInputStreamBluray - BD_EVENT_CHAPTER 8
2024-06-04 18:08:30.942 T:4365 debug : CVideoPlayer::FlushBuffers - flushing buffers
2024-06-04 18:08:30.991 T:4369 debug : CDVDAudio::Pause - pausing audio stream
2024-06-04 18:08:30.991 T:4368 debug : CAMLCodec::Reset
2024-06-04 18:08:31.007 T:4369 debug : CDVDAudio::Flush - flush audio stream
2024-06-04 18:08:31.007 T:4369 debug : CDVDAudio::Pause - pausing audio stream
2024-06-04 18:08:31.016 T:4368 debug : CVideoPlayerVideo - CDVDMsg::GENERAL_SYNCHRONIZE
2024-06-04 18:08:31.016 T:4369 debug : CVideoPlayerAudio - CDVDMsg::GENERAL_SYNCHRONIZE
2024-06-04 18:08:31.017 T:4365 debug : CVideoPlayer - CDVDMsg::GENERAL_SYNCHRONIZE
2024-06-04 18:08:31.018 T:4162 debug : ------ Window Init (DialogSeekBar.xml) ------
2024-06-04 18:08:31.097 T:4365 debug : CVideoPlayer::ProcessPacket packet from enhancement layer: size:616263 dts:3472.803 pts:3472.844 dur:41.700ms
2024-06-04 18:08:31.097 T:4368 debug : CVideoPlayerVideo - Stillframe left, switching to normal playback
2024-06-04 18:08:31.110 T:4365 debug : CVideoPlayer::ProcessPacket packet from enhancement layer: size:512633 dts:3472.844 pts:3472.969 dur:41.700ms
2024-06-04 18:08:31.115 T:4365 debug : CVideoPlayer::ProcessVideoData size:366533 dts:3472.844 pts:3472.969 dur:41.700ms, clock:3472.469 level:0
2024-06-04 18:08:31.117 T:4365 debug : CVideoPlayer::ProcessPacket packet from enhancement layer: size:29591 dts:3472.886 pts:3472.886 dur:41.700ms
2024-06-04 18:08:31.118 T:4369 info : CAEStreamParser::SyncTrueHD - TrueHD stream detected (8 channels, 48000Hz)
2024-06-04 18:08:31.123 T:4365 debug : CVideoPlayer::ProcessVideoData size:154950 dts:3472.886 pts:3472.886 dur:41.700ms, clock:3472.469 level:0
2024-06-04 18:08:31.130 T:4365 debug : CVideoPlayer::ProcessVideoData size:155550 dts:3472.928 pts:3472.928 dur:41.700ms, clock:3472.469 level:0
2024-06-04 18:08:31.133 T:4365 debug : CVideoPlayer::ProcessPacket packet from enhancement layer: size:22494 dts:3472.928 pts:3472.928 dur:41.700ms
2024-06-04 18:08:31.140 T:4365 debug : CVideoPlayer::ProcessPacket packet from enhancement layer: size:28582 dts:3472.969 pts:3473.095 dur:41.700ms
2024-06-04 18:08:31.144 T:4365 debug : CVideoPlayer::ProcessVideoData size:351591 dts:3472.969 pts:3473.095 dur:41.700ms, clock:3472.469 level:1
2024-06-04 18:08:31.153 T:4365 debug : CVideoPlayer::ProcessPacket packet from enhancement layer: size:24049 dts:3473.011 pts:3473.011 dur:41.700ms
2024-06-04 18:08:31.156 T:4365 debug : CVideoPlayer::ProcessVideoData size:151732 dts:3473.011 pts:3473.011 dur:41.700ms, clock:3472.469 level:0
2024-06-04 18:08:31.156 T:4365 debug : CVideoPlayer::HandleMessages - player started 1
2024-06-04 18:08:31.156 T:4236 debug : OnAVChange: CApplication::OnAVChange
2024-06-04 18:08:31.162 T:4365 debug : CVideoPlayer::ProcessVideoData size:152621 dts:3473.053 pts:3473.053 dur:41.700ms, clock:3472.469 level:0
2024-06-04 18:08:31.164 T:4365 debug : CVideoPlayer::ProcessPacket packet from enhancement layer: size:17221 dts:3473.053 pts:3473.053 dur:41.700ms
2024-06-04 18:08:31.171 T:4365 debug : CVideoPlayer::ProcessPacket packet from enhancement layer: size:26286 dts:3473.095 pts:3473.220 dur:41.700ms
2024-06-04 18:08:31.176 T:4365 debug : CVideoPlayer::ProcessVideoData size:353507 dts:3473.095 pts:3473.220 dur:41.700ms, clock:3472.469 level:0
2024-06-04 18:08:31.179 T:4365 debug : CVideoPlayer::ProcessPacket packet from enhancement layer: size:22828 dts:3473.136 pts:3473.136 dur:41.700ms
2024-06-04 18:08:31.186 T:4365 debug : CVideoPlayer::ProcessVideoData size:152557 dts:3473.136 pts:3473.136 dur:41.700ms, clock:3472.469 level:0
2024-06-04 18:08:31.190 T:4365 debug : CVideoPlayer::ProcessVideoData size:153684 dts:3473.178 pts:3473.178 dur:41.700ms, clock:3472.469 level:0
2024-06-04 18:08:31.194 T:4365 debug : CVideoPlayer::ProcessPacket packet from enhancement layer: size:15982 dts:3473.178 pts:3473.178 dur:41.700ms
2024-06-04 18:08:31.198 T:4365 debug : CVideoPlayer::ProcessPacket packet from enhancement layer: size:26674 dts:3473.220 pts:3473.345 dur:41.700ms
2024-06-04 18:08:31.204 T:4365 debug : CVideoPlayer::ProcessVideoData size:348627 dts:3473.220 pts:3473.345 dur:41.700ms, clock:3472.469 level:1
2024-06-04 18:08:31.207 T:4365 debug : CVideoPlayer::ProcessPacket packet from enhancement layer: size:22744 dts:3473.261 pts:3473.261 dur:41.700ms
2024-06-04 18:08:31.213 T:4365 debug : CVideoPlayer::ProcessVideoData size:150151 dts:3473.261 pts:3473.261 dur:41.700ms, clock:3472.469 level:0
2024-06-04 18:08:31.219 T:4365 debug : CVideoPlayer::ProcessVideoData size:150423 dts:3473.303 pts:3473.303 dur:41.700ms, clock:3472.469 level:0
2024-06-04 18:08:31.222 T:4365 debug : CVideoPlayer::ProcessPacket packet from enhancement layer: size:16152 dts:3473.303 pts:3473.303 dur:41.700ms
2024-06-04 18:08:31.230 T:4365 debug : CVideoPlayer::ProcessPacket packet from enhancement layer: size:28021 dts:3473.345 pts:3473.470 dur:41.700ms
2024-06-04 18:08:31.233 T:4340 debug : request received for /jsonrpc
2024-06-04 18:08:31.236 T:4365 debug : CVideoPlayer::ProcessVideoData size:392801 dts:3473.345 pts:3473.470 dur:41.700ms, clock:3472.469 level:0
2024-06-04 18:08:31.239 T:4365 debug : CVideoPlayer::ProcessPacket packet from enhancement layer: size:17865 dts:3473.386 pts:3473.386 dur:41.700ms
2024-06-04 18:08:31.242 T:4365 debug : CVideoPlayer::ProcessVideoData size:173831 dts:3473.386 pts:3473.386 dur:41.700ms, clock:3472.469 level:0
2024-06-04 18:08:31.248 T:4365 debug : CVideoPlayer::ProcessVideoData size:174602 dts:3473.428 pts:3473.428 dur:41.700ms, clock:3472.469 level:0
2024-06-04 18:08:31.250 T:4342 debug : request received for /jsonrpc
2024-06-04 18:08:31.253 T:4365 info : Skipped 1 duplicate messages..
2024-06-04 18:08:31.253 T:4365 debug : CVideoPlayer::ProcessPacket packet from enhancement layer: size:17602 dts:3473.428 pts:3473.428 dur:41.700ms
2024-06-04 18:08:31.262 T:4365 debug : CVideoPlayer::ProcessPacket packet from enhancement layer: size:27999 dts:3473.470 pts:3473.595 dur:41.700ms
2024-06-04 18:08:31.267 T:4365 debug : CVideoPlayer::ProcessVideoData size:393405 dts:3473.470 pts:3473.595 dur:41.700ms, clock:3472.469 level:0
2024-06-04 18:08:31.273 T:4365 debug : CVideoPlayer::ProcessPacket packet from enhancement layer: size:17266 dts:3473.512 pts:3473.512 dur:41.700ms
2024-06-04 18:08:31.276 T:4365 debug : CVideoPlayer::ProcessVideoData size:173115 dts:3473.512 pts:3473.512 dur:41.700ms, clock:3472.469 level:0
2024-06-04 18:08:31.283 T:4365 debug : CVideoPlayer::ProcessVideoData size:175420 dts:3473.553 pts:3473.553 dur:41.700ms, clock:3472.469 level:0
2024-06-04 18:08:31.299 T:4365 debug : CVideoPlayer::ProcessPacket packet from enhancement layer: size:17207 dts:3473.553 pts:3473.553 dur:41.700ms
2024-06-04 18:08:31.307 T:4365 debug : CVideoPlayer::ProcessPacket packet from enhancement layer: size:50798 dts:3473.595 pts:3473.720 dur:41.700ms
2024-06-04 18:08:31.315 T:4365 debug : CVideoPlayer::ProcessVideoData size:922036 dts:3473.595 pts:3473.720 dur:41.700ms, clock:3472.469 level:0
2024-06-04 18:08:31.319 T:4365 debug : CVideoPlayer::ProcessPacket packet from enhancement layer: size:15928 dts:3473.637 pts:3473.637 dur:41.700ms
2024-06-04 18:08:31.323 T:4365 debug : CVideoPlayer::ProcessVideoData size:181340 dts:3473.637 pts:3473.637 dur:41.700ms, clock:3472.469 level:0
2024-06-04 18:08:31.328 T:4365 debug : CVideoPlayer::ProcessVideoData size:180755 dts:3473.678 pts:3473.678 dur:41.700ms, clock:3472.469 level:0
2024-06-04 18:08:31.333 T:4365 debug : CVideoPlayer::ProcessPacket packet from enhancement layer: size:15776 dts:3473.678 pts:3473.678 dur:41.700ms
2024-06-04 18:08:31.341 T:4365 debug : CVideoPlayer::ProcessPacket packet from enhancement layer: size:28177 dts:3473.720 pts:3473.845 dur:41.700ms
2024-06-04 18:08:31.347 T:4365 debug : CVideoPlayer::ProcessVideoData size:405940 dts:3473.720 pts:3473.845 dur:41.700ms, clock:3472.469 level:0
2024-06-04 18:08:31.350 T:4365 debug : CVideoPlayer::ProcessPacket packet from enhancement layer: size:22446 dts:3473.762 pts:3473.762 dur:41.700ms
2024-06-04 18:08:31.355 T:4365 debug : CVideoPlayer::ProcessVideoData size:177660 dts:3473.762 pts:3473.762 dur:41.700ms, clock:3472.469 level:0
2024-06-04 18:08:31.359 T:4365 debug : CVideoPlayer::ProcessVideoData size:178001 dts:3473.804 pts:3473.804 dur:41.700ms, clock:3472.469 level:0
2024-06-04 18:08:31.364 T:4365 debug : CVideoPlayer::ProcessPacket packet from enhancement layer: size:22851 dts:3473.804 pts:3473.804 dur:41.700ms
2024-06-04 18:08:31.371 T:4365 debug : CVideoPlayer::ProcessPacket packet from enhancement layer: size:45040 dts:3473.845 pts:3473.970 dur:41.700ms
2024-06-04 18:08:31.377 T:4365 debug : CVideoPlayer::ProcessVideoData size:405604 dts:3473.845 pts:3473.970 dur:41.700ms, clock:3472.469 level:0
2024-06-04 18:08:31.382 T:4365 debug : CVideoPlayer::ProcessPacket packet from enhancement layer: size:26319 dts:3473.887 pts:3473.887 dur:41.700ms
2024-06-04 18:08:31.385 T:4365 debug : CVideoPlayer::ProcessVideoData size:175032 dts:3473.887 pts:3473.887 dur:41.700ms, clock:3472.469 level:0
2024-06-04 18:08:31.390 T:4365 debug : CVideoPlayer::ProcessVideoData size:177649 dts:3473.929 pts:3473.929 dur:41.700ms, clock:3472.469 level:0
2024-06-04 18:08:31.424 T:4365 debug : CVideoPlayer::ProcessPacket packet from enhancement layer: size:26374 dts:3473.929 pts:3473.929 dur:41.700ms
2024-06-04 18:08:31.431 T:4365 debug : CVideoPlayer::ProcessPacket packet from enhancement layer: size:46174 dts:3473.970 pts:3474.096 dur:41.700ms
2024-06-04 18:08:31.435 T:4365 debug : CVideoPlayer::ProcessVideoData size:406006 dts:3473.970 pts:3474.096 dur:41.700ms, clock:3472.469 level:0
2024-06-04 18:08:31.441 T:4365 debug : CVideoPlayer::ProcessPacket packet from enhancement layer: size:25770 dts:3474.012 pts:3474.012 dur:41.700ms
2024-06-04 18:08:31.444 T:4365 debug : CVideoPlayer::ProcessVideoData size:179949 dts:3474.012 pts:3474.012 dur:41.700ms, clock:3472.469 level:0
2024-06-04 18:08:31.449 T:4365 debug : CVideoPlayer::ProcessVideoData size:178329 dts:3474.054 pts:3474.054 dur:41.700ms, clock:3472.469 level:0
2024-06-04 18:08:31.454 T:4365 debug : CVideoPlayer::ProcessPacket packet from enhancement layer: size:25704 dts:3474.054 pts:3474.054 dur:41.700ms
2024-06-04 18:08:31.461 T:4365 debug : CVideoPlayer::ProcessPacket packet from enhancement layer: size:45665 dts:3474.096 pts:3474.221 dur:41.700ms
2024-06-04 18:08:31.468 T:4365 debug : CVideoPlayer::ProcessVideoData size:407696 dts:3474.096 pts:3474.221 dur:41.700ms, clock:3472.469 level:0
2024-06-04 18:08:31.471 T:4365 debug : CVideoPlayer::ProcessPacket packet from enhancement layer: size:25801 dts:3474.137 pts:3474.137 dur:41.700ms
2024-06-04 18:08:31.476 T:4365 debug : CVideoPlayer::ProcessVideoData size:177890 dts:3474.137 pts:3474.137 dur:41.700ms, clock:3472.469 level:0
2024-06-04 18:08:31.481 T:4365 debug : CVideoPlayer::ProcessVideoData size:177156 dts:3474.179 pts:3474.179 dur:41.700ms, clock:3472.469 level:0
2024-06-04 18:08:31.487 T:4365 debug : CVideoPlayer::ProcessPacket packet from enhancement layer: size:25638 dts:3474.179 pts:3474.179 dur:41.700ms
2024-06-04 18:08:31.494 T:4365 debug : CVideoPlayer::ProcessPacket packet from enhancement layer: size:44175 dts:3474.221 pts:3474.346 dur:41.700ms
2024-06-04 18:08:31.500 T:4365 debug : CVideoPlayer::ProcessVideoData size:405104 dts:3474.221 pts:3474.346 dur:41.700ms, clock:3472.469 level:0
2024-06-04 18:08:31.505 T:4365 debug : CVideoPlayer::ProcessPacket packet from enhancement layer: size:25499 dts:3474.262 pts:3474.262 dur:41.700ms
2024-06-04 18:08:31.508 T:4365 debug : CVideoPlayer::ProcessVideoData size:177372 dts:3474.262 pts:3474.262 dur:41.700ms, clock:3472.469 level:0
2024-06-04 18:08:31.512 T:4368 debug : CVideoPlayerVideo::OutputPicture - ttd:499ms pts:3472.969 Clock:3472.469 Level:0
2024-06-04 18:08:31.514 T:4365 debug : CVideoPlayer::ProcessVideoData size:179053 dts:3474.304 pts:3474.304 dur:41.700ms, clock:3472.469 level:0
2024-06-04 18:08:31.519 T:4365 debug : CVideoPlayer::ProcessPacket packet from enhancement layer: size:25122 dts:3474.304 pts:3474.304 dur:41.700ms
2024-06-04 18:08:31.521 T:4368 debug : CVideoPlayerVideo::OutputPicture - ttd:541ms pts:3473.011 Clock:3472.469 Level:0
2024-06-04 18:08:31.523 T:4368 debug : CVideoPlayerVideo::OutputPicture - ttd:583ms pts:3473.053 Clock:3472.469 Level:1
2024-06-04 18:08:31.524 T:4368 debug : CVideoPlayerVideo::OutputPicture - ttd:625ms pts:3473.095 Clock:3472.469 Level:2
2024-06-04 18:08:31.525 T:4365 debug : CVideoPlayer::ProcessPacket packet from enhancement layer: size:42892 dts:3474.346 pts:3474.471 dur:41.700ms
2024-06-04 18:08:31.525 T:4365 debug : CVideoPlayer::HandleMessages - player started 2
2024-06-04 18:08:31.525 T:4365 debug : CDVDClock::SetSpeedAdjust - adjusted:0.000000
2024-06-04 18:08:31.525 T:4365 info : Skipped 1 duplicate messages..
2024-06-04 18:08:31.525 T:4365 debug : VideoPlayer::Sync - Audio - pts: 3473.037, cache: 0.380, totalcache: 0.685, packets:1777 level:17
2024-06-04 18:08:31.525 T:4365 debug : VideoPlayer::Sync - Video - pts: 3472.969, cache: 0.050, totalcache: 0.100, packets:36 level:1
2024-06-04 18:08:31.525 T:4368 debug : CVideoPlayerVideo::OutputPicture - ttd:666ms pts:3473.136 Clock:3472.469 Level:3
2024-06-04 18:08:31.525 T:4369 debug : CDVDAudio::Resume - resume audio stream
2024-06-04 18:08:31.526 T:4196 debug : ActiveAE - start sync of audio stream
2024-06-04 18:08:31.528 T:4368 debug : CAMLCodec::SetSpeed, speed(1000)
2024-06-04 18:08:31.528 T:4368 debug : CVideoPlayerVideo - CDVDMsg::GENERAL_RESYNC(3472657160.298153)
2024-06-04 18:08:31.528 T:4368 debug : CVideoPlayerVideo - OUTPUT_AGAIN - vfmt, interlace should be checked.
2024-06-04 18:08:31.529 T:4365 debug : CVideoPlayer::ProcessVideoData size:400750 dts:3474.346 pts:3474.471 dur:41.700ms, clock:3472.661 level:1
2024-06-04 18:08:31.533 T:4368 debug : CVideoPlayerVideo::OutputPicture - ttd:513ms pts:3473.178 Clock:3472.664 Level:4
2024-06-04 18:08:31.533 T:4368 debug : CVideoPlayerVideo - CDVDMsg::DEMUXER_PACKET - checking interlace vfmt: null
2024-06-04 18:08:31.534 T:4368 debug : CVideoPlayerVideo::OutputPicture - ttd:553ms pts:3473.220 Clock:3472.666 Level:5
2024-06-04 18:08:31.534 T:4365 debug : CVideoPlayer::ProcessPacket packet from enhancement layer: size:25407 dts:3474.387 pts:3474.387 dur:41.700ms
2024-06-04 18:08:31.536 T:4368 debug : CVideoPlayerVideo::OutputPicture - ttd:594ms pts:3473.261 Clock:3472.667 Level:6
2024-06-04 18:08:31.538 T:4365 debug : CVideoPlayer::ProcessVideoData size:176530 dts:3474.387 pts:3474.387 dur:41.700ms, clock:3472.669 level:0
2024-06-04 18:08:31.543 T:4365 debug : CVideoPlayer::ProcessVideoData size:179528 dts:3474.429 pts:3474.429 dur:41.700ms, clock:3472.675 level:0
2024-06-04 18:08:31.546 T:4368 debug : CVideoPlayerVideo - CDVDMsg::DEMUXER_PACKET - checking interlace vfmt: null
2024-06-04 18:08:31.561 T:4365 debug : CVideoPlayer::ProcessPacket packet from enhancement layer: size:25637 dts:3474.429 pts:3474.429 dur:41.700ms
2024-06-04 18:08:31.567 T:4365 debug : CVideoPlayer::ProcessPacket packet from enhancement layer: size:60631 dts:3474.471 pts:3474.596 dur:41.700ms
2024-06-04 18:08:31.574 T:4365 debug : CVideoPlayer::ProcessVideoData size:941248 dts:3474.471 pts:3474.596 dur:41.700ms, clock:3472.705 level:0
2024-06-04 18:08:31.577 T:4365 debug : CVideoPlayer::ProcessPacket packet from enhancement layer: size:23366 dts:3474.513 pts:3474.513 dur:41.700ms
2024-06-04 18:08:31.582 T:4365 debug : CVideoPlayer::ProcessVideoData size:178023 dts:3474.513 pts:3474.513 dur:41.700ms, clock:3472.714 level:1
2024-06-04 18:08:31.588 T:4365 debug : CVideoPlayer::ProcessVideoData size:179103 dts:3474.554 pts:3474.554 dur:41.700ms, clock:3472.719 level:1
2024-06-04 18:08:31.593 T:4365 debug : CVideoPlayer::ProcessPacket packet from enhancement layer: size:23485 dts:3474.554 pts:3474.554 dur:41.700ms
2024-06-04 18:08:31.598 T:4365 debug : CVideoPlayer::ProcessPacket packet from enhancement layer: size:38080 dts:3474.596 pts:3474.721 dur:41.700ms
2024-06-04 18:08:31.601 T:4365 debug : CVideoPlayer::ProcessVideoData size:420344 dts:3474.596 pts:3474.721 dur:41.700ms, clock:3472.733 level:2
2024-06-04 18:08:31.606 T:4365 debug : CVideoPlayer::ProcessPacket packet from enhancement layer: size:22768 dts:3474.638 pts:3474.638 dur:41.700ms
2024-06-04 18:08:31.609 T:4365 debug : CVideoPlayer::ProcessVideoData size:179595 dts:3474.638 pts:3474.638 dur:41.700ms, clock:3472.741 level:3
2024-06-04 18:08:31.615 T:4365 debug : CVideoPlayer::ProcessVideoData size:180348 dts:3474.679 pts:3474.679 dur:41.700ms, clock:3472.747 level:3
2024-06-04 18:08:31.621 T:4365 debug : CVideoPlayer::ProcessPacket packet from enhancement layer: size:22909 dts:3474.679 pts:3474.679 dur:41.700ms
2024-06-04 18:08:31.626 T:4196 debug : ActiveAE::SyncStream - average error of 21.158116, start adjusting
