2024-06-04 18:08:17.669 T:4365 debug : CVideoPlayer::ProcessPacket packet from enhancement layer: size:18614 dts:3012.885 pts:3012.885 dur:41.700ms
2024-06-04 18:08:17.671 T:4368 debug : CVideoPlayerVideo::OutputPicture - ttd:541ms pts:3011.258 Clock:3010.716 Level:0
2024-06-04 18:08:17.672 T:4365 debug : CVideoPlayer::HandleMessages - player started 2
2024-06-04 18:08:17.672 T:4365 debug : CDVDClock::SetSpeedAdjust - adjusted:0.000000
2024-06-04 18:08:17.672 T:4368 debug : CAMLCodec::SetSpeed, speed(1000)
2024-06-04 18:08:17.672 T:4365 debug : CDVDClock::SetSpeedAdjust - adjusted:0.000000
2024-06-04 18:08:17.672 T:4365 debug : VideoPlayer::Sync - Audio - pts: 3011.408, cache: 0.395, totalcache: 0.685, packets:1969 level:19
2024-06-04 18:08:17.672 T:4365 debug : VideoPlayer::Sync - Video - pts: 3011.216, cache: 0.050, totalcache: 0.100, packets:41 level:2
2024-06-04 18:08:17.672 T:4368 debug : CVideoPlayerVideo - CDVDMsg::GENERAL_RESYNC(3011013724.048820)
2024-06-04 18:08:17.672 T:4368 debug : CVideoPlayerVideo - OUTPUT_AGAIN - vfmt, interlace should be checked.
2024-06-04 18:08:17.672 T:4369 debug : CDVDAudio::Resume - resume audio stream
2024-06-04 18:08:17.672 T:4196 debug : ActiveAE - start sync of audio stream
2024-06-04 18:08:17.675 T:4368 debug : CVideoPlayerVideo::OutputPicture - ttd:283ms pts:3011.300 Clock:3011.017 Level:1
2024-06-04 18:08:17.675 T:4368 debug : CVideoPlayerVideo - CDVDMsg::DEMUXER_PACKET - checking interlace vfmt: null
2024-06-04 18:08:17.676 T:4368 debug : CVideoPlayerVideo::OutputPicture - ttd:323ms pts:3011.342 Clock:3011.018 Level:2
2024-06-04 18:08:17.678 T:4368 debug : CVideoPlayerVideo::OutputPicture - ttd:364ms pts:3011.383 Clock:3011.019 Level:3
2024-06-04 18:08:17.679 T:4368 debug : CVideoPlayerVideo::OutputPicture - ttd:404ms pts:3011.425 Clock:3011.020 Level:4
2024-06-04 18:08:17.680 T:4368 debug : CVideoPlayerVideo::OutputPicture - ttd:445ms pts:3011.467 Clock:3011.021 Level:5
2024-06-04 18:08:17.681 T:4368 debug : CVideoPlayerVideo::OutputPicture - ttd:485ms pts:3011.508 Clock:3011.023 Level:6
2024-06-04 18:08:17.684 T:4365 debug : CVideoPlayer::ProcessVideoData size:291412 dts:3012.926 pts:3012.968 dur:41.700ms, clock:3011.025 level:1
2024-06-04 18:08:17.684 T:4365 debug : CVideoPlayer::ProcessPacket packet from enhancement layer: size:28931 dts:3012.926 pts:3012.968 dur:41.700ms
2024-06-04 18:08:17.689 T:4368 debug : CVideoPlayerVideo - CDVDMsg::DEMUXER_PACKET - checking interlace vfmt: null
2024-06-04 18:08:17.692 T:4365 debug : CVideoPlayer::ProcessVideoData size:285634 dts:3012.968 pts:3013.010 dur:41.700ms, clock:3011.034 level:0
2024-06-04 18:08:17.698 T:4368 debug : CVideoPlayerVideo - CDVDMsg::DEMUXER_PACKET - checking interlace vfmt: null
2024-06-04 18:08:17.700 T:4365 debug : CVideoPlayer::ProcessPacket packet from enhancement layer: size:32632 dts:3012.968 pts:3013.010 dur:41.700ms
2024-06-04 18:08:17.709 T:4365 debug : CVideoPlayer::ProcessVideoData size:522786 dts:3013.010 pts:3013.052 dur:41.700ms, clock:3011.050 level:0
2024-06-04 18:08:17.711 T:4365 debug : CVideoPlayer::ProcessPacket packet from enhancement layer: size:57196 dts:3013.010 pts:3013.052 dur:41.700ms
2024-06-04 18:08:17.716 T:4365 debug : CVideoPlayer::ProcessPacket packet from enhancement layer: size:27286 dts:3013.052 pts:3013.177 dur:41.700ms
2024-06-04 18:08:17.721 T:4365 debug : CVideoPlayer::ProcessVideoData size:213540 dts:3013.052 pts:3013.177 dur:41.700ms, clock:3011.062 level:1
2024-06-04 18:08:17.722 T:4365 debug : CVideoPlayer::ProcessPacket packet from enhancement layer: size:14823 dts:3013.093 pts:3013.093 dur:41.700ms
2024-06-04 18:08:17.725 T:4365 debug : CVideoPlayer::ProcessVideoData size:99711 dts:3013.093 pts:3013.093 dur:41.700ms, clock:3011.067 level:2
2024-06-04 18:08:17.730 T:4365 debug : CVideoPlayer::ProcessPacket packet from enhancement layer: size:19887 dts:3013.135 pts:3013.135 dur:41.700ms
2024-06-04 18:08:17.733 T:4365 debug : CVideoPlayer::ProcessVideoData size:98171 dts:3013.135 pts:3013.135 dur:41.700ms, clock:3011.075 level:2
2024-06-04 18:08:17.736 T:4365 debug : CVideoPlayer::ProcessPacket packet from enhancement layer: size:39814 dts:3013.177 pts:3013.302 dur:41.700ms
2024-06-04 18:08:17.741 T:4365 debug : CVideoPlayer::ProcessVideoData size:197930 dts:3013.177 pts:3013.302 dur:41.700ms, clock:3011.082 level:3
2024-06-04 18:08:17.744 T:4365 debug : CVideoPlayer::ProcessPacket packet from enhancement layer: size:21225 dts:3013.218 pts:3013.218 dur:41.700ms
2024-06-04 18:08:17.745 T:4365 debug : CVideoPlayer::ProcessVideoData size:97320 dts:3013.218 pts:3013.218 dur:41.700ms, clock:3011.087 level:3
2024-06-04 18:08:17.750 T:4365 debug : CVideoPlayer::ProcessPacket packet from enhancement layer: size:21398 dts:3013.260 pts:3013.260 dur:41.700ms
2024-06-04 18:08:17.752 T:4365 debug : CVideoPlayer::ProcessVideoData size:96976 dts:3013.260 pts:3013.260 dur:41.700ms, clock:3011.094 level:4
2024-06-04 18:08:17.755 T:4365 debug : CVideoPlayer::ProcessPacket packet from enhancement layer: size:40585 dts:3013.302 pts:3013.427 dur:41.700ms
2024-06-04 18:08:17.761 T:4365 debug : CVideoPlayer::ProcessVideoData size:200242 dts:3013.302 pts:3013.427 dur:41.700ms, clock:3011.103 level:4
2024-06-04 18:08:17.763 T:4368 debug : CVideoPlayerVideo::OutputPicture - ttd:495ms pts:3011.550 Clock:3011.054 Level:6
2024-06-04 18:08:17.764 T:4365 debug : CVideoPlayer::ProcessPacket packet from enhancement layer: size:18512 dts:3013.344 pts:3013.344 dur:41.700ms
2024-06-04 18:08:17.768 T:4365 debug : CVideoPlayer::ProcessVideoData size:111007 dts:3013.344 pts:3013.344 dur:41.700ms, clock:3011.109 level:4
2024-06-04 18:08:17.773 T:4368 debug : CVideoPlayerVideo - CDVDMsg::DEMUXER_PACKET - checking interlace vfmt: null
2024-06-04 18:08:17.773 T:4365 debug : CVideoPlayer::ProcessVideoData size:112324 dts:3013.385 pts:3013.385 dur:41.700ms, clock:3011.115 level:3
2024-06-04 18:08:17.774 T:4365 debug : CVideoPlayer::ProcessPacket packet from enhancement layer: size:18413 dts:3013.385 pts:3013.385 dur:41.700ms
2024-06-04 18:08:17.779 T:4365 debug : CVideoPlayer::ProcessPacket packet from enhancement layer: size:37114 dts:3013.427 pts:3013.552 dur:41.700ms
2024-06-04 18:08:17.781 T:4196 debug : ActiveAE::SyncStream - average error of 22.025451, start adjusting
2024-06-04 18:08:17.781 T:4196 debug : ActiveAE::SyncStream - average error 2.025451 below threshold of 30.000000
2024-06-04 18:08:17.783 T:4365 debug : CVideoPlayer::ProcessVideoData size:243570 dts:3013.427 pts:3013.552 dur:41.700ms, clock:3011.125 level:3
2024-06-04 18:08:17.787 T:4365 debug : CVideoPlayer::ProcessPacket packet from enhancement layer: size:18969 dts:3013.469 pts:3013.469 dur:41.700ms
2024-06-04 18:08:17.789 T:4365 debug : CVideoPlayer::ProcessVideoData size:115834 dts:3013.469 pts:3013.469 dur:41.700ms, clock:3011.131 level:3
2024-06-04 18:08:17.795 T:4365 debug : CVideoPlayer::ProcessVideoData size:118195 dts:3013.510 pts:3013.510 dur:41.700ms, clock:3011.137 level:2
2024-06-04 18:08:17.796 T:4365 debug : CVideoPlayer::ProcessPacket packet from enhancement layer: size:18591 dts:3013.510 pts:3013.510 dur:41.700ms
2024-06-04 18:08:17.802 T:4368 debug : CVideoPlayerVideo::OutputPicture - ttd:448ms pts:3011.592 Clock:3011.143 Level:6
2024-06-04 18:08:17.804 T:4365 debug : CVideoPlayer::ProcessPacket packet from enhancement layer: size:35304 dts:3013.552 pts:3013.677 dur:41.700ms
2024-06-04 18:08:17.807 T:4365 debug : CVideoPlayer::ProcessVideoData size:254532 dts:3013.552 pts:3013.677 dur:41.700ms, clock:3011.149 level:3
2024-06-04 18:08:17.810 T:4365 debug : CVideoPlayer::ProcessPacket packet from enhancement layer: size:18210 dts:3013.594 pts:3013.594 dur:41.700ms
2024-06-04 18:08:17.814 T:4365 debug : CVideoPlayer::ProcessVideoData size:127947 dts:3013.594 pts:3013.594 dur:41.700ms, clock:3011.156 level:2
2024-06-04 18:08:17.818 T:4365 debug : CVideoPlayer::ProcessVideoData size:126775 dts:3013.636 pts:3013.636 dur:41.700ms, clock:3011.159 level:2
2024-06-04 18:08:17.820 T:4365 debug : CVideoPlayer::ProcessPacket packet from enhancement layer: size:18479 dts:3013.636 pts:3013.636 dur:41.700ms
2024-06-04 18:08:17.825 T:4365 debug : CVideoPlayer::ProcessPacket packet from enhancement layer: size:36001 dts:3013.677 pts:3013.802 dur:41.700ms
2024-06-04 18:08:17.829 T:4365 debug : CVideoPlayer::ProcessVideoData size:259257 dts:3013.677 pts:3013.802 dur:41.700ms, clock:3011.170 level:1
2024-06-04 18:08:17.834 T:4365 debug : CVideoPlayer::ProcessPacket packet from enhancement layer: size:17941 dts:3013.719 pts:3013.719 dur:41.700ms
2024-06-04 18:08:17.837 T:4365 debug : CVideoPlayer::ProcessVideoData size:138159 dts:3013.719 pts:3013.719 dur:41.700ms, clock:3011.178 level:0
2024-06-04 18:08:17.842 T:4365 debug : CVideoPlayer::ProcessVideoData size:133922 dts:3013.761 pts:3013.761 dur:41.700ms, clock:3011.184 level:0
2024-06-04 18:08:17.859 T:4365 debug : CVideoPlayer::ProcessPacket packet from enhancement layer: size:19244 dts:3013.761 pts:3013.761 dur:41.700ms
2024-06-04 18:08:17.859 T:4365 debug : CVideoPlayer::ProcessPacket packet from enhancement layer: size:68444 dts:3013.802 pts:3013.927 dur:41.700ms
2024-06-04 18:08:17.863 T:4365 debug : CVideoPlayer::ProcessVideoData size:711141 dts:3013.802 pts:3013.927 dur:41.700ms, clock:3011.204 level:0
2024-06-04 18:08:17.865 T:4365 debug : CVideoPlayer::ProcessPacket packet from enhancement layer: size:18548 dts:3013.844 pts:3013.844 dur:41.700ms
2024-06-04 18:08:17.870 T:4365 debug : CVideoPlayer::ProcessVideoData size:133163 dts:3013.844 pts:3013.844 dur:41.700ms, clock:3011.212 level:0
2024-06-04 18:08:17.874 T:4365 debug : CVideoPlayer::ProcessVideoData size:130866 dts:3013.886 pts:3013.886 dur:41.700ms, clock:3011.215 level:0
2024-06-04 18:08:17.876 T:4365 debug : CVideoPlayer::ProcessPacket packet from enhancement layer: size:18722 dts:3013.886 pts:3013.886 dur:41.700ms
2024-06-04 18:08:17.878 T:4368 debug : CVideoPlayerVideo::OutputPicture - ttd:413ms pts:3011.634 Clock:3011.220 Level:6
2024-06-04 18:08:17.882 T:4365 debug : CVideoPlayer::ProcessPacket packet from enhancement layer: size:28649 dts:3013.927 pts:3014.053 dur:41.700ms
2024-06-04 18:08:17.885 T:4365 debug : CVideoPlayer::ProcessVideoData size:278347 dts:3013.927 pts:3014.053 dur:41.700ms, clock:3011.227 level:0
2024-06-04 18:08:17.888 T:4365 debug : CVideoPlayer::ProcessPacket packet from enhancement layer: size:16182 dts:3013.969 pts:3013.969 dur:41.700ms
2024-06-04 18:08:17.893 T:4365 debug : CVideoPlayer::ProcessVideoData size:131527 dts:3013.969 pts:3013.969 dur:41.700ms, clock:3011.234 level:0
2024-06-04 18:08:17.896 T:4365 debug : CVideoPlayer::ProcessVideoData size:123926 dts:3014.011 pts:3014.011 dur:41.700ms, clock:3011.238 level:0
2024-06-04 18:08:17.900 T:4365 debug : CVideoPlayer::ProcessPacket packet from enhancement layer: size:16223 dts:3014.011 pts:3014.011 dur:41.700ms
2024-06-04 18:08:17.905 T:4365 debug : CVideoPlayer::ProcessPacket packet from enhancement layer: size:31001 dts:3014.053 pts:3014.178 dur:41.700ms
2024-06-04 18:08:17.909 T:4365 debug : CVideoPlayer::ProcessVideoData size:319486 dts:3014.053 pts:3014.178 dur:41.700ms, clock:3011.251 level:0
2024-06-04 18:08:17.912 T:4365 debug : CVideoPlayer::ProcessPacket packet from enhancement layer: size:15742 dts:3014.094 pts:3014.094 dur:41.700ms
2024-06-04 18:08:17.916 T:4365 debug : CVideoPlayer::ProcessVideoData size:147259 dts:3014.094 pts:3014.094 dur:41.700ms, clock:3011.258 level:0
2024-06-04 18:08:17.922 T:4368 debug : CVideoPlayerVideo::OutputPicture - ttd:412ms pts:3011.675 Clock:3011.263 Level:6
2024-06-04 18:08:17.923 T:4365 debug : CVideoPlayer::ProcessVideoData size:148147 dts:3014.136 pts:3014.136 dur:41.700ms, clock:3011.265 level:0
2024-06-04 18:08:17.926 T:4365 debug : CVideoPlayer::ProcessPacket packet from enhancement layer: size:15590 dts:3014.136 pts:3014.136 dur:41.700ms
2024-06-04 18:08:17.932 T:4365 debug : CVideoPlayer::ProcessPacket packet from enhancement layer: size:30647 dts:3014.178 pts:3014.303 dur:41.700ms
2024-06-04 18:08:17.935 T:4365 debug : CVideoPlayer::ProcessVideoData size:336079 dts:3014.178 pts:3014.303 dur:41.700ms, clock:3011.276 level:0
2024-06-04 18:08:17.939 T:4365 debug : CVideoPlayer::ProcessPacket packet from enhancement layer: size:15220 dts:3014.219 pts:3014.219 dur:41.700ms
2024-06-04 18:08:17.941 T:4365 debug : CVideoPlayer::ProcessVideoData size:153268 dts:3014.219 pts:3014.219 dur:41.700ms, clock:3011.283 level:0
2024-06-04 18:08:17.947 T:4365 debug : CVideoPlayer::ProcessVideoData size:155307 dts:3014.261 pts:3014.261 dur:41.700ms, clock:3011.288 level:0
2024-06-04 18:08:17.949 T:4365 debug : CVideoPlayer::ProcessPacket packet from enhancement layer: size:20561 dts:3014.261 pts:3014.261 dur:41.700ms
2024-06-04 18:08:17.956 T:4365 debug : CVideoPlayer::ProcessPacket packet from enhancement layer: size:30171 dts:3014.303 pts:3014.428 dur:41.700ms
2024-06-04 18:08:17.961 T:4365 debug : CVideoPlayer::ProcessVideoData size:350483 dts:3014.303 pts:3014.428 dur:41.700ms, clock:3011.303 level:0
2024-06-04 18:08:17.965 T:4365 debug : CVideoPlayer::ProcessPacket packet from enhancement layer: size:20945 dts:3014.345 pts:3014.345 dur:41.700ms
2024-06-04 18:08:17.967 T:4365 debug : CVideoPlayer::ProcessVideoData size:156491 dts:3014.345 pts:3014.345 dur:41.700ms, clock:3011.308 level:0
2024-06-04 18:08:17.972 T:4365 debug : CVideoPlayer::ProcessVideoData size:156416 dts:3014.386 pts:3014.386 dur:41.700ms, clock:3011.314 level:0
2024-06-04 18:08:17.973 T:4368 debug : CVideoPlayerVideo::OutputPicture - ttd:402ms pts:3011.717 Clock:3011.314 Level:5
2024-06-04 18:08:17.976 T:4365 debug : CVideoPlayer::ProcessPacket packet from enhancement layer: size:15098 dts:3014.386 pts:3014.386 dur:41.700ms
2024-06-04 18:08:17.983 T:4365 debug : CVideoPlayer::ProcessPacket packet from enhancement layer: size:38008 dts:3014.428 pts:3014.553 dur:41.700ms
2024-06-04 18:08:17.987 T:4365 debug : CVideoPlayer::ProcessVideoData size:354916 dts:3014.428 pts:3014.553 dur:41.700ms, clock:3011.329 level:0
2024-06-04 18:08:17.990 T:4365 debug : CVideoPlayer::ProcessPacket packet from enhancement layer: size:20884 dts:3014.470 pts:3014.470 dur:41.700ms
2024-06-04 18:08:17.994 T:4365 debug : CVideoPlayer::ProcessVideoData size:159136 dts:3014.470 pts:3014.470 dur:41.700ms, clock:3011.336 level:0
2024-06-04 18:08:17.998 T:4365 debug : CVideoPlayer::ProcessVideoData size:159733 dts:3014.511 pts:3014.511 dur:41.700ms, clock:3011.340 level:0
2024-06-04 18:08:18.002 T:4365 debug : CVideoPlayer::ProcessPacket packet from enhancement layer: size:20832 dts:3014.511 pts:3014.511 dur:41.700ms
2024-06-04 18:08:18.010 T:4365 debug : CVideoPlayer::ProcessPacket packet from enhancement layer: size:38371 dts:3014.553 pts:3014.678 dur:41.700ms
2024-06-04 18:08:18.010 T:4368 debug : CVideoPlayerVideo::OutputPicture - ttd:406ms pts:3011.759 Clock:3011.352 Level:5
2024-06-04 18:08:18.013 T:4365 debug : CVideoPlayer::ProcessVideoData size:359049 dts:3014.553 pts:3014.678 dur:41.700ms, clock:3011.354 level:0
2024-06-04 18:08:18.018 T:4365 debug : CVideoPlayer::ProcessPacket packet from enhancement layer: size:20947 dts:3014.595 pts:3014.595 dur:41.700ms
2024-06-04 18:08:18.020 T:4365 debug : CVideoPlayer::ProcessVideoData size:162805 dts:3014.595 pts:3014.595 dur:41.700ms, clock:3011.362 level:0
2024-06-04 18:08:18.025 T:4365 debug : CVideoPlayer::ProcessVideoData size:160611 dts:3014.637 pts:3014.637 dur:41.700ms, clock:3011.367 level:0
2024-06-04 18:08:18.048 T:4365 debug : CVideoPlayer::ProcessPacket packet from enhancement layer: size:21108 dts:3014.637 pts:3014.637 dur:41.700ms
2024-06-04 18:08:18.048 T:4368 debug : CVideoPlayerVideo::OutputPicture - ttd:410ms pts:3011.800 Clock:3011.390 Level:6
2024-06-04 18:08:18.049 T:4365 debug : CVideoPlayer::ProcessPacket packet from enhancement layer: size:67462 dts:3014.678 pts:3014.803 dur:41.700ms
2024-06-04 18:08:18.053 T:4365 debug : CVideoPlayer::ProcessVideoData size:889188 dts:3014.678 pts:3014.803 dur:41.700ms, clock:3011.395 level:0
2024-06-04 18:08:18.056 T:4365 debug : CVideoPlayer::ProcessPacket packet from enhancement layer: size:20184 dts:3014.720 pts:3014.720 dur:41.700ms
2024-06-04 18:08:18.061 T:4365 debug : CVideoPlayer::ProcessVideoData size:164940 dts:3014.720 pts:3014.720 dur:41.700ms, clock:3011.402 level:0
2024-06-04 18:08:18.065 T:4365 debug : CVideoPlayer::ProcessVideoData size:162793 dts:3014.762 pts:3014.762 dur:41.700ms, clock:3011.407 level:0
2024-06-04 18:08:18.069 T:4365 debug : CVideoPlayer::ProcessPacket packet from enhancement layer: size:20157 dts:3014.762 pts:3014.762 dur:41.700ms
2024-06-04 18:08:18.076 T:4365 debug : CVideoPlayer::ProcessPacket packet from enhancement layer: size:24701 dts:3014.803 pts:3014.928 dur:41.700ms
2024-06-04 18:08:18.080 T:4365 debug : CVideoPlayer::ProcessVideoData size:380972 dts:3014.803 pts:3014.928 dur:41.700ms, clock:3011.421 level:0
2024-06-04 18:08:18.084 T:4365 debug : CVideoPlayer::ProcessPacket packet from enhancement layer: size:19694 dts:3014.845 pts:3014.845 dur:41.700ms
2024-06-04 18:08:18.087 T:4365 debug : CVideoPlayer::ProcessVideoData size:166902 dts:3014.845 pts:3014.845 dur:41.700ms, clock:3011.429 level:0
2024-06-04 18:08:18.092 T:4368 debug : CVideoPlayerVideo::OutputPicture - ttd:408ms pts:3011.842 Clock:3011.434 Level:5
2024-06-04 18:08:18.093 T:4365 debug : CVideoPlayer::ProcessVideoData size:167417 dts:3014.887 pts:3014.887 dur:41.700ms, clock:3011.435 level:0
2024-06-04 18:08:18.098 T:4365 debug : CVideoPlayer::ProcessPacket packet from enhancement layer: size:20314 dts:3014.887 pts:3014.887 dur:41.700ms
2024-06-04 18:08:18.103 T:4365 debug : CVideoPlayer::ProcessPacket packet from enhancement layer: size:41176 dts:3014.928 pts:3015.054 dur:41.700ms
2024-06-04 18:08:18.108 T:4365 debug : CVideoPlayer::ProcessVideoData size:370642 dts:3014.928 pts:3015.054 dur:41.700ms, clock:3011.450 level:0
2024-06-04 18:08:18.111 T:4365 debug : CVideoPlayer::ProcessPacket packet from enhancement layer: size:22315 dts:3014.970 pts:3014.970 dur:41.700ms
2024-06-04 18:08:18.115 T:4365 debug : CVideoPlayer::ProcessVideoData size:161306 dts:3014.970 pts:3014.970 dur:41.700ms, clock:3011.457 level:0
2024-06-04 18:08:18.119 T:4365 debug : CVideoPlayer::ProcessVideoData size:159181 dts:3015.012 pts:3015.012 dur:41.700ms, clock:3011.461 level:0
2024-06-04 18:08:18.124 T:4365 debug : CVideoPlayer::ProcessPacket packet from enhancement layer: size:17228 dts:3015.012 pts:3015.012 dur:41.700ms
2024-06-04 18:08:18.130 T:4365 debug : CVideoPlayer::ProcessPacket packet from enhancement layer: size:44020 dts:3015.054 pts:3015.179 dur:41.700ms
2024-06-04 18:08:18.130 T:4368 debug : CVideoPlayerVideo::OutputPicture - ttd:412ms pts:3011.884 Clock:3011.472 Level:6
2024-06-04 18:08:18.137 T:4365 debug : CVideoPlayer::ProcessVideoData size:374236 dts:3015.054 pts:3015.179 dur:41.700ms, clock:3011.478 level:0
2024-06-04 18:08:18.140 T:4365 debug : CVideoPlayer::ProcessPacket packet from enhancement layer: size:22966 dts:3015.095 pts:3015.095 dur:41.700ms
2024-06-04 18:08:18.142 T:4365 debug : CVideoPlayer::ProcessVideoData size:163415 dts:3015.095 pts:3015.095 dur:41.700ms, clock:3011.484 level:0
2024-06-04 18:08:18.148 T:4365 debug : CVideoPlayer::ProcessVideoData size:163211 dts:3015.137 pts:3015.137 dur:41.700ms, clock:3011.490 level:0
2024-06-04 18:08:18.154 T:4365 debug : CVideoPlayer::ProcessPacket packet from enhancement layer: size:17326 dts:3015.137 pts:3015.137 dur:41.700ms
2024-06-04 18:08:18.158 T:4365 debug : CVideoPlayer::ProcessPacket packet from enhancement layer: size:35356 dts:3015.179 pts:3015.304 dur:41.700ms
2024-06-04 18:08:18.163 T:4365 debug : CVideoPlayer::ProcessVideoData size:372866 dts:3015.179 pts:3015.304 dur:41.700ms, clock:3011.504 level:0
2024-06-04 18:08:18.165 T:4365 debug : CVideoPlayer::ProcessPacket packet from enhancement layer: size:22975 dts:3015.220 pts:3015.220 dur:41.700ms
2024-06-04 18:08:18.172 T:4365 debug : CVideoPlayer::ProcessVideoData size:167028 dts:3015.220 pts:3015.220 dur:41.700ms, clock:3011.513 level:0
2024-06-04 18:08:18.172 T:4368 debug : CVideoPlayerVideo::OutputPicture - ttd:411ms pts:3011.926 Clock:3011.514 Level:6
2024-06-04 18:08:18.176 T:4365 debug : CVideoPlayer::ProcessVideoData size:166157 dts:3015.262 pts:3015.262 dur:41.700ms, clock:3011.518 level:0
2024-06-04 18:08:18.181 T:4365 debug : CVideoPlayer::ProcessPacket packet from enhancement layer: size:17136 dts:3015.262 pts:3015.262 dur:41.700ms
2024-06-04 18:08:18.187 T:4365 debug : CVideoPlayer::ProcessPacket packet from enhancement layer: size:42247 dts:3015.304 pts:3015.429 dur:41.700ms
2024-06-04 18:08:18.190 T:4365 debug : CVideoPlayer::ProcessVideoData size:373459 dts:3015.304 pts:3015.429 dur:41.700ms, clock:3011.532 level:0
2024-06-04 18:08:18.195 T:4365 debug : CVideoPlayer::ProcessPacket packet from enhancement layer: size:22824 dts:3015.346 pts:3015.346 dur:41.700ms
2024-06-04 18:08:18.198 T:4365 debug : CVideoPlayer::ProcessVideoData size:169952 dts:3015.346 pts:3015.346 dur:41.700ms, clock:3011.540 level:0
2024-06-04 18:08:18.204 T:4365 debug : CVideoPlayer::ProcessVideoData size:167837 dts:3015.387 pts:3015.387 dur:41.700ms, clock:3011.545 level:0
2024-06-04 18:08:18.208 T:4365 debug : CVideoPlayer::ProcessPacket packet from enhancement layer: size:16535 dts:3015.387 pts:3015.387 dur:41.700ms
2024-06-04 18:08:18.212 T:4365 debug : CVideoPlayer::ProcessPacket packet from enhancement layer: size:41645 dts:3015.429 pts:3015.554 dur:41.700ms
2024-06-04 18:08:18.213 T:4368 debug : CVideoPlayerVideo::OutputPicture - ttd:412ms pts:3011.967 Clock:3011.554 Level:6
2024-06-04 18:08:18.217 T:4365 debug : CVideoPlayer::ProcessVideoData size:360296 dts:3015.429 pts:3015.554 dur:41.700ms, clock:3011.559 level:0
2024-06-04 18:08:18.220 T:4365 debug : CVideoPlayer::ProcessPacket packet from enhancement layer: size:22127 dts:3015.471 pts:3015.471 dur:41.700ms
2024-06-04 18:08:18.225 T:4365 debug : CVideoPlayer::ProcessVideoData size:166664 dts:3015.471 pts:3015.471 dur:41.700ms, clock:3011.567 level:0
2024-06-04 18:08:18.231 T:4365 debug : CVideoPlayer::ProcessVideoData size:162857 dts:3015.512 pts:3015.512 dur:41.700ms, clock:3011.572 level:0
2024-06-04 18:08:18.251 T:4365 debug : CVideoPlayer::ProcessPacket packet from enhancement layer: size:16151 dts:3015.512 pts:3015.512 dur:41.700ms
2024-06-04 18:08:18.251 T:4365 debug : CVideoPlayer::ProcessPacket packet from enhancement layer: size:87032 dts:3015.554 pts:3015.679 dur:41.700ms
2024-06-04 18:08:18.258 T:4365 debug : CVideoPlayer::ProcessVideoData size:859206 dts:3015.554 pts:3015.679 dur:41.700ms, clock:3011.599 level:0
2024-06-04 18:08:18.260 T:4365 debug : CVideoPlayer::ProcessPacket packet from enhancement layer: size:20193 dts:3015.596 pts:3015.596 dur:41.700ms
2024-06-04 18:08:18.263 T:4365 debug : CVideoPlayer::ProcessVideoData size:161561 dts:3015.596 pts:3015.596 dur:41.700ms, clock:3011.605 level:1
2024-06-04 18:08:18.264 T:4368 debug : CVideoPlayerVideo::OutputPicture - ttd:403ms pts:3012.009 Clock:3011.606 Level:5
2024-06-04 18:08:18.271 T:4365 debug : CVideoPlayer::ProcessVideoData size:159123 dts:3015.638 pts:3015.638 dur:41.700ms, clock:3011.613 level:1
2024-06-04 18:08:18.274 T:4365 debug : CVideoPlayer::ProcessPacket packet from enhancement layer: size:14329 dts:3015.638 pts:3015.638 dur:41.700ms
2024-06-04 18:08:18.283 T:4365 debug : CVideoPlayer::ProcessPacket packet from enhancement layer: size:31772 dts:3015.679 pts:3015.804 dur:41.700ms
2024-06-04 18:08:18.286 T:4365 debug : CVideoPlayer::ProcessVideoData size:376195 dts:3015.679 pts:3015.804 dur:41.700ms, clock:3011.627 level:2
2024-06-04 18:08:18.288 T:4365 debug : CVideoPlayer::ProcessPacket packet from enhancement layer: size:19321 dts:3015.721 pts:3015.721 dur:41.700ms
2024-06-04 18:08:18.293 T:4365 debug : CVideoPlayer::ProcessVideoData size:158062 dts:3015.721 pts:3015.721 dur:41.700ms, clock:3011.634 level:2
2024-06-04 18:08:18.297 T:4368 debug : CVideoPlayerVideo::OutputPicture - ttd:412ms pts:3012.051 Clock:3011.638 Level:6
2024-06-04 18:08:18.297 T:4365 debug : CVideoPlayer::ProcessVideoData size:159734 dts:3015.763 pts:3015.763 dur:41.700ms, clock:3011.639 level:3
2024-06-04 18:08:18.300 T:4368 debug : CVideoPlayerVideo::OutputPicture - ttd:451ms pts:3012.092 Clock:3011.640 Level:6
2024-06-04 18:08:18.302 T:4365 debug : CVideoPlayer::ProcessPacket packet from enhancement layer: size:19480 dts:3015.763 pts:3015.763 dur:41.700ms
2024-06-04 18:08:18.310 T:4365 debug : CVideoPlayer::ProcessPacket packet from enhancement layer: size:39878 dts:3015.804 pts:3015.929 dur:41.700ms
2024-06-04 18:08:18.314 T:4365 debug : CVideoPlayer::ProcessVideoData size:370626 dts:3015.804 pts:3015.929 dur:41.700ms, clock:3011.655 level:3
2024-06-04 18:08:18.318 T:4365 debug : CVideoPlayer::ProcessPacket packet from enhancement layer: size:21397 dts:3015.846 pts:3015.846 dur:41.700ms
2024-06-04 18:08:18.320 T:4365 debug : CVideoPlayer::ProcessVideoData size:156574 dts:3015.846 pts:3015.846 dur:41.700ms, clock:3011.662 level:3
2024-06-04 18:08:18.326 T:4365 debug : CVideoPlayer::ProcessVideoData size:157567 dts:3015.888 pts:3015.888 dur:41.700ms, clock:3011.668 level:3
2024-06-04 18:08:18.329 T:4365 debug : CVideoPlayer::ProcessPacket packet from enhancement layer: size:21519 dts:3015.888 pts:3015.888 dur:41.700ms
2024-06-04 18:08:18.336 T:4365 debug : CVideoPlayer::ProcessPacket packet from enhancement layer: size:32762 dts:3015.929 pts:3016.055 dur:41.700ms
2024-06-04 18:08:18.341 T:4365 debug : CVideoPlayer::ProcessVideoData size:375692 dts:3015.929 pts:3016.055 dur:41.700ms, clock:3011.683 level:4
2024-06-04 18:08:18.344 T:4365 debug : CVideoPlayer::ProcessPacket packet from enhancement layer: size:21160 dts:3015.971 pts:3015.971 dur:41.700ms
2024-06-04 18:08:18.348 T:4365 debug : CVideoPlayer::ProcessVideoData size:158535 dts:3015.971 pts:3015.971 dur:41.700ms, clock:3011.690 level:4
2024-06-04 18:08:18.352 T:4365 debug : CVideoPlayer::ProcessVideoData size:159445 dts:3016.013 pts:3016.013 dur:41.700ms, clock:3011.694 level:4
2024-06-04 18:08:18.357 T:4365 debug : CVideoPlayer::ProcessPacket packet from enhancement layer: size:21360 dts:3016.013 pts:3016.013 dur:41.700ms
2024-06-04 18:08:18.364 T:4365 debug : CVideoPlayer::ProcessPacket packet from enhancement layer: size:39676 dts:3016.055 pts:3016.180 dur:41.700ms
2024-06-04 18:08:18.369 T:4365 debug : CVideoPlayer::ProcessVideoData size:391420 dts:3016.055 pts:3016.180 dur:41.700ms, clock:3011.710 level:5
2024-06-04 18:08:18.372 T:4365 debug : CVideoPlayer::ProcessPacket packet from enhancement layer: size:20670 dts:3016.096 pts:3016.096 dur:41.700ms
2024-06-04 18:08:18.374 T:4365 debug : CVideoPlayer::ProcessVideoData size:164230 dts:3016.096 pts:3016.096 dur:41.700ms, clock:3011.715 level:5
2024-06-04 18:08:18.380 T:4365 debug : CVideoPlayer::ProcessVideoData size:165241 dts:3016.138 pts:3016.138 dur:41.700ms, clock:3011.721 level:5
2024-06-04 18:08:18.384 T:4368 debug : CVideoPlayerVideo::OutputPicture - ttd:409ms pts:3012.134 Clock:3011.725 Level:6
2024-06-04 18:08:18.386 T:4365 debug : CVideoPlayer::ProcessPacket packet from enhancement layer: size:14931 dts:3016.138 pts:3016.138 dur:41.700ms
2024-06-04 18:08:18.392 T:4365 debug : CVideoPlayer::ProcessPacket packet from enhancement layer: size:38905 dts:3016.180 pts:3016.305 dur:41.700ms
2024-06-04 18:08:18.396 T:4365 debug : CVideoPlayer::ProcessVideoData size:390084 dts:3016.180 pts:3016.305 dur:41.700ms, clock:3011.738 level:6
2024-06-04 18:08:18.401 T:4365 debug : CVideoPlayer::ProcessPacket packet from enhancement layer: size:20018 dts:3016.221 pts:3016.221 dur:41.700ms
2024-06-04 18:08:18.403 T:4365 debug : CVideoPlayer::ProcessVideoData size:166424 dts:3016.221 pts:3016.221 dur:41.700ms, clock:3011.745 level:7
2024-06-04 18:08:18.409 T:4365 debug : CVideoPlayer::ProcessVideoData size:166835 dts:3016.263 pts:3016.263 dur:41.700ms, clock:3011.750 level:7
2024-06-04 18:08:18.413 T:4365 debug : CVideoPlayer::ProcessPacket packet from enhancement layer: size:19904 dts:3016.263 pts:3016.263 dur:41.700ms
2024-06-04 18:08:18.417 T:4365 debug : CVideoPlayer::ProcessPacket packet from enhancement layer: size:38142 dts:3016.305 pts:3016.430 dur:41.700ms
2024-06-04 18:08:18.424 T:4368 debug : CVideoPlayerVideo::OutputPicture - ttd:410ms pts:3012.176 Clock:3011.766 Level:6
2024-06-04 18:08:18.425 T:4365 debug : CVideoPlayer::ProcessVideoData size:393203 dts:3016.305 pts:3016.430 dur:41.700ms, clock:3011.766 level:8
2024-06-04 18:08:18.428 T:4365 debug : CVideoPlayer::ProcessPacket packet from enhancement layer: size:23607 dts:3016.347 pts:3016.347 dur:41.700ms
2024-06-04 18:08:18.432 T:4365 debug : CVideoPlayer::ProcessVideoData size:138460 dts:3016.347 pts:3016.347 dur:41.700ms, clock:3011.774 level:8
2024-06-04 18:08:18.437 T:4365 debug : CVideoPlayer::ProcessVideoData size:167378 dts:3016.388 pts:3016.388 dur:41.700ms, clock:3011.779 level:9
2024-06-04 18:08:18.458 T:4365 debug : CVideoPlayer::ProcessPacket packet from enhancement layer: size:13831 dts:3016.388 pts:3016.388 dur:41.700ms
2024-06-04 18:08:18.459 T:4365 debug : CVideoPlayer::ProcessPacket packet from enhancement layer: size:84531 dts:3016.430 pts:3016.555 dur:41.700ms
2024-06-04 18:08:18.467 T:4365 debug : CVideoPlayer::ProcessVideoData size:912163 dts:3016.430 pts:3016.555 dur:41.700ms, clock:3011.808 level:9
2024-06-04 18:08:18.470 T:4365 debug : CVideoPlayer::ProcessPacket packet from enhancement layer: size:18077 dts:3016.472 pts:3016.472 dur:41.700ms
2024-06-04 18:08:18.470 T:4368 debug : CVideoPlayerVideo::OutputPicture - ttd:406ms pts:3012.218 Clock:3011.811 Level:5
2024-06-04 18:08:18.474 T:4365 debug : CVideoPlayer::ProcessVideoData size:169819 dts:3016.472 pts:3016.472 dur:41.700ms, clock:3011.815 level:9
2024-06-04 18:08:18.478 T:4365 debug : CVideoPlayer::ProcessVideoData size:142188 dts:3016.513 pts:3016.513 dur:41.700ms, clock:3011.819 level:9
2024-06-04 18:08:18.483 T:4365 debug : CVideoPlayer::ProcessPacket packet from enhancement layer: size:21909 dts:3016.513 pts:3016.513 dur:41.700ms
2024-06-04 18:08:18.489 T:4365 debug : CVideoPlayer::ProcessPacket packet from enhancement layer: size:28974 dts:3016.555 pts:3016.680 dur:41.700ms
2024-06-04 18:08:18.492 T:4365 debug : CVideoPlayer::ProcessVideoData size:412499 dts:3016.555 pts:3016.680 dur:41.700ms, clock:3011.833 level:10
2024-06-04 18:08:18.498 T:4365 debug : CVideoPlayer::ProcessPacket packet from enhancement layer: size:21488 dts:3016.597 pts:3016.597 dur:41.700ms
2024-06-04 18:08:18.503 T:4365 debug : CVideoPlayer::ProcessVideoData size:148196 dts:3016.597 pts:3016.597 dur:41.700ms, clock:3011.845 level:11
2024-06-04 18:08:18.507 T:4368 debug : CVideoPlayerVideo::OutputPicture - ttd:410ms pts:3012.259 Clock:3011.849 Level:6
2024-06-04 18:08:18.508 T:4365 debug : CVideoPlayer::ProcessVideoData size:147371 dts:3016.639 pts:3016.639 dur:41.700ms, clock:3011.850 level:11
2024-06-04 18:08:18.513 T:4365 debug : CVideoPlayer::ProcessPacket packet from enhancement layer: size:21914 dts:3016.639 pts:3016.639 dur:41.700ms
2024-06-04 18:08:18.519 T:4365 debug : CVideoPlayer::ProcessPacket packet from enhancement layer: size:43195 dts:3016.680 pts:3016.805 dur:41.700ms
2024-06-04 18:08:18.522 T:4365 debug : CVideoPlayer::ProcessVideoData size:342714 dts:3016.680 pts:3016.805 dur:41.700ms, clock:3011.864 level:12
2024-06-04 18:08:18.525 T:4365 debug : CVideoPlayer::ProcessPacket packet from enhancement layer: size:19825 dts:3016.722 pts:3016.722 dur:41.700ms
2024-06-04 18:08:18.530 T:4365 debug : CVideoPlayer::ProcessVideoData size:170370 dts:3016.722 pts:3016.722 dur:41.700ms, clock:3011.872 level:12
2024-06-04 18:08:18.536 T:4365 debug : CVideoPlayer::ProcessVideoData size:169996 dts:3016.764 pts:3016.764 dur:41.700ms, clock:3011.877 level:12
2024-06-04 18:08:18.541 T:4365 debug : CVideoPlayer::ProcessPacket packet from enhancement layer: size:20476 dts:3016.764 pts:3016.764 dur:41.700ms
2024-06-04 18:08:18.547 T:4365 debug : CVideoPlayer::ProcessPacket packet from enhancement layer: size:39031 dts:3016.805 pts:3016.930 dur:41.700ms
2024-06-04 18:08:18.550 T:4368 debug : CVideoPlayerVideo::OutputPicture - ttd:409ms pts:3012.301 Clock:3011.892 Level:6
2024-06-04 18:08:18.550 T:4365 debug : CVideoPlayer::ProcessVideoData size:387100 dts:3016.805 pts:3016.930 dur:41.700ms, clock:3011.892 level:14
2024-06-04 18:08:18.556 T:4365 debug : CVideoPlayer::ProcessPacket packet from enhancement layer: size:20376 dts:3016.847 pts:3016.847 dur:41.700ms
2024-06-04 18:08:18.559 T:4365 debug : CVideoPlayer::ProcessVideoData size:169836 dts:3016.847 pts:3016.847 dur:41.700ms, clock:3011.901 level:13
2024-06-04 18:08:18.565 T:4365 debug : CVideoPlayer::ProcessVideoData size:168573 dts:3016.889 pts:3016.889 dur:41.700ms, clock:3011.907 level:14
2024-06-04 18:08:18.570 T:4365 debug : CVideoPlayer::ProcessPacket packet from enhancement layer: size:19932 dts:3016.889 pts:3016.889 dur:41.700ms
2024-06-04 18:08:18.575 T:4365 debug : CVideoPlayer::ProcessPacket packet from enhancement layer: size:36508 dts:3016.930 pts:3017.056 dur:41.700ms
2024-06-04 18:08:18.579 T:4365 debug : CVideoPlayer::ProcessVideoData size:373677 dts:3016.930 pts:3017.056 dur:41.700ms, clock:3011.921 level:15
2024-06-04 18:08:18.582 T:4365 debug : CVideoPlayer::ProcessPacket packet from enhancement layer: size:19177 dts:3016.972 pts:3016.972 dur:41.700ms
2024-06-04 18:08:18.588 T:4365 debug : CVideoPlayer::ProcessVideoData size:166343 dts:3016.972 pts:3016.972 dur:41.700ms, clock:3011.930 level:15
2024-06-04 18:08:18.590 T:4368 debug : CVideoPlayerVideo::OutputPicture - ttd:410ms pts:3012.343 Clock:3011.932 Level:6
2024-06-04 18:08:18.595 T:4365 debug : CVideoPlayer::ProcessVideoData size:164671 dts:3017.014 pts:3017.014 dur:41.700ms, clock:3011.936 level:15
2024-06-04 18:08:18.598 T:4365 debug : CVideoPlayer::ProcessPacket packet from enhancement layer: size:19456 dts:3017.014 pts:3017.014 dur:41.700ms
2024-06-04 18:08:18.604 T:4365 debug : CVideoPlayer::ProcessPacket packet from enhancement layer: size:34861 dts:3017.056 pts:3017.181 dur:41.700ms
2024-06-04 18:08:18.607 T:4365 debug : CVideoPlayer::ProcessVideoData size:368973 dts:3017.056 pts:3017.181 dur:41.700ms, clock:3011.948 level:16
2024-06-04 18:08:18.612 T:4365 debug : CVideoPlayer::ProcessPacket packet from enhancement layer: size:19333 dts:3017.097 pts:3017.097 dur:41.700ms
2024-06-04 18:08:18.614 T:4365 debug : CVideoPlayer::ProcessVideoData size:164025 dts:3017.097 pts:3017.097 dur:41.700ms, clock:3011.956 level:16
2024-06-04 18:08:18.621 T:4365 debug : CVideoPlayer::ProcessVideoData size:162963 dts:3017.139 pts:3017.139 dur:41.700ms, clock:3011.963 level:16
2024-06-04 18:08:18.624 T:4365 debug : CVideoPlayer::ProcessPacket packet from enhancement layer: size:19234 dts:3017.139 pts:3017.139 dur:41.700ms
2024-06-04 18:08:18.634 T:4368 debug : CVideoPlayerVideo::OutputPicture - ttd:408ms pts:3012.384 Clock:3011.975 Level:6
2024-06-04 18:08:18.634 T:4365 debug : CVideoPlayer::ProcessPacket packet from enhancement layer: size:33927 dts:3017.181 pts:3017.306 dur:41.700ms
2024-06-04 18:08:18.638 T:4365 debug : CVideoPlayer::ProcessVideoData size:365853 dts:3017.181 pts:3017.306 dur:41.700ms, clock:3011.979 level:17
2024-06-04 18:08:18.642 T:4365 debug : CVideoPlayer::ProcessPacket packet from enhancement layer: size:19304 dts:3017.222 pts:3017.222 dur:41.700ms
2024-06-04 18:08:18.645 T:4365 debug : CVideoPlayer::ProcessVideoData size:162885 dts:3017.222 pts:3017.222 dur:41.700ms, clock:3011.987 level:17
2024-06-04 18:08:18.651 T:4365 debug : CVideoPlayer::ProcessVideoData size:161747 dts:3017.264 pts:3017.264 dur:41.700ms, clock:3011.993 level:18
2024-06-04 18:08:18.671 T:4365 debug : CVideoPlayer::ProcessPacket packet from enhancement layer: size:19073 dts:3017.264 pts:3017.264 dur:41.700ms
2024-06-04 18:08:18.672 T:4365 debug : CVideoPlayer::ProcessPacket packet from enhancement layer: size:81469 dts:3017.306 pts:3017.431 dur:41.700ms
2024-06-04 18:08:18.675 T:4368 debug : CVideoPlayerVideo::OutputPicture - ttd:409ms pts:3012.426 Clock:3012.016 Level:6
2024-06-04 18:08:18.679 T:4365 debug : CVideoPlayer::ProcessVideoData size:845377 dts:3017.306 pts:3017.431 dur:41.700ms, clock:3012.021 level:19
2024-06-04 18:08:18.683 T:4365 debug : CVideoPlayer::ProcessPacket packet from enhancement layer: size:18337 dts:3017.348 pts:3017.348 dur:41.700ms
2024-06-04 18:08:18.687 T:4365 debug : CVideoPlayer::ProcessVideoData size:162061 dts:3017.348 pts:3017.348 dur:41.700ms, clock:3012.028 level:19
2024-06-04 18:08:18.691 T:4365 debug : CVideoPlayer::ProcessVideoData size:162660 dts:3017.389 pts:3017.389 dur:41.700ms, clock:3012.033 level:19
2024-06-04 18:08:18.696 T:4365 debug : CVideoPlayer::ProcessPacket packet from enhancement layer: size:17903 dts:3017.389 pts:3017.389 dur:41.700ms
2024-06-04 18:08:18.703 T:4365 debug : CVideoPlayer::ProcessPacket packet from enhancement layer: size:29547 dts:3017.431 pts:3017.556 dur:41.700ms
2024-06-04 18:08:18.706 T:4365 debug : CVideoPlayer::ProcessVideoData size:381623 dts:3017.431 pts:3017.556 dur:41.700ms, clock:3012.047 level:20
2024-06-04 18:08:18.710 T:4365 debug : CVideoPlayer::ProcessPacket packet from enhancement layer: size:18358 dts:3017.473 pts:3017.473 dur:41.700ms
2024-06-04 18:08:18.717 T:4365 debug : CVideoPlayer::ProcessVideoData size:162496 dts:3017.473 pts:3017.473 dur:41.700ms, clock:3012.059 level:20
2024-06-04 18:08:18.717 T:4368 debug : CVideoPlayerVideo::OutputPicture - ttd:408ms pts:3012.468 Clock:3012.059 Level:6
2024-06-04 18:08:18.724 T:4365 debug : CVideoPlayer::ProcessVideoData size:161116 dts:3017.514 pts:3017.514 dur:41.700ms, clock:3012.065 level:20
2024-06-04 18:08:18.727 T:4365 debug : CVideoPlayer::ProcessPacket packet from enhancement layer: size:18220 dts:3017.514 pts:3017.514 dur:41.700ms
2024-06-04 18:08:18.733 T:4365 debug : CVideoPlayer::ProcessPacket packet from enhancement layer: size:36170 dts:3017.556 pts:3017.681 dur:41.700ms
2024-06-04 18:08:18.740 T:4365 debug : CVideoPlayer::ProcessVideoData size:370482 dts:3017.556 pts:3017.681 dur:41.700ms, clock:3012.081 level:20
2024-06-04 18:08:18.742 T:4365 debug : CVideoPlayer::ProcessPacket packet from enhancement layer: size:19749 dts:3017.598 pts:3017.598 dur:41.700ms
2024-06-04 18:08:18.745 T:4365 debug : CVideoPlayer::ProcessVideoData size:159131 dts:3017.598 pts:3017.598 dur:41.700ms, clock:3012.086 level:21
2024-06-04 18:08:18.750 T:4365 debug : CVideoPlayer::ProcessVideoData size:156746 dts:3017.640 pts:3017.640 dur:41.700ms, clock:3012.092 level:21
2024-06-04 18:08:18.755 T:4365 debug : CVideoPlayer::ProcessPacket packet from enhancement layer: size:19640 dts:3017.640 pts:3017.640 dur:41.700ms
2024-06-04 18:08:18.758 T:4368 debug : CVideoPlayerVideo::OutputPicture - ttd:410ms pts:3012.509 Clock:3012.099 Level:6
2024-06-04 18:08:18.759 T:4365 debug : CVideoPlayer::ProcessPacket packet from enhancement layer: size:38522 dts:3017.681 pts:3017.806 dur:41.700ms
2024-06-04 18:08:18.766 T:4365 debug : CVideoPlayer::ProcessVideoData size:368102 dts:3017.681 pts:3017.806 dur:41.700ms, clock:3012.108 level:22
2024-06-04 18:08:18.769 T:4365 debug : CVideoPlayer::ProcessPacket packet from enhancement layer: size:19890 dts:3017.723 pts:3017.723 dur:41.700ms
2024-06-04 18:08:18.773 T:4365 debug : CVideoPlayer::ProcessVideoData size:155510 dts:3017.723 pts:3017.723 dur:41.700ms, clock:3012.115 level:22
2024-06-04 18:08:18.778 T:4365 debug : CVideoPlayer::ProcessVideoData size:154828 dts:3017.765 pts:3017.765 dur:41.700ms, clock:3012.119 level:22
2024-06-04 18:08:18.782 T:4365 debug : CVideoPlayer::ProcessPacket packet from enhancement layer: size:19456 dts:3017.765 pts:3017.765 dur:41.700ms
2024-06-04 18:08:18.789 T:4365 debug : CVideoPlayer::ProcessPacket packet from enhancement layer: size:37136 dts:3017.806 pts:3017.931 dur:41.700ms
2024-06-04 18:08:18.793 T:4365 debug : CVideoPlayer::ProcessVideoData size:364699 dts:3017.806 pts:3017.931 dur:41.700ms, clock:3012.134 level:23
2024-06-04 18:08:18.799 T:4365 debug : CVideoPlayer::ProcessPacket packet from enhancement layer: size:19409 dts:3017.848 pts:3017.848 dur:41.700ms
2024-06-04 18:08:18.801 T:4368 debug : CVideoPlayerVideo::OutputPicture - ttd:408ms pts:3012.551 Clock:3012.142 Level:6
2024-06-04 18:08:18.802 T:4365 debug : CVideoPlayer::ProcessVideoData size:157022 dts:3017.848 pts:3017.848 dur:41.700ms, clock:3012.143 level:24
2024-06-04 18:08:18.808 T:4365 debug : CVideoPlayer::ProcessVideoData size:154404 dts:3017.890 pts:3017.890 dur:41.700ms, clock:3012.150 level:24
2024-06-04 18:08:18.811 T:4365 debug : CVideoPlayer::ProcessPacket packet from enhancement layer: size:18703 dts:3017.890 pts:3017.890 dur:41.700ms
2024-06-04 18:08:18.818 T:4365 debug : CVideoPlayer::ProcessPacket packet from enhancement layer: size:36282 dts:3017.931 pts:3018.057 dur:41.700ms
2024-06-04 18:08:18.821 T:4365 debug : CVideoPlayer::ProcessVideoData size:357534 dts:3017.931 pts:3018.057 dur:41.700ms, clock:3012.162 level:26
2024-06-04 18:08:18.826 T:4365 debug : CVideoPlayer::ProcessPacket packet from enhancement layer: size:19066 dts:3017.973 pts:3017.973 dur:41.700ms
2024-06-04 18:08:18.830 T:4365 debug : CVideoPlayer::ProcessVideoData size:156258 dts:3017.973 pts:3017.973 dur:41.700ms, clock:3012.172 level:26
2024-06-04 18:08:18.836 T:4365 debug : CVideoPlayer::ProcessVideoData size:154734 dts:3018.015 pts:3018.015 dur:41.700ms, clock:3012.178 level:26
2024-06-04 18:08:18.838 T:4368 debug : CVideoPlayerVideo::OutputPicture - ttd:413ms pts:3012.593 Clock:3012.179 Level:6
2024-06-04 18:08:18.840 T:4365 debug : CVideoPlayer::ProcessPacket packet from enhancement layer: size:18971 dts:3018.015 pts:3018.015 dur:41.700ms
2024-06-04 18:08:18.847 T:4365 debug : CVideoPlayer::ProcessPacket packet from enhancement layer: size:35443 dts:3018.057 pts:3018.182 dur:41.700ms
2024-06-04 18:08:18.851 T:4365 debug : CVideoPlayer::ProcessVideoData size:349054 dts:3018.057 pts:3018.182 dur:41.700ms, clock:3012.192 level:26
2024-06-04 18:08:18.855 T:4365 debug : CVideoPlayer::ProcessPacket packet from enhancement layer: size:18399 dts:3018.098 pts:3018.098 dur:41.700ms
2024-06-04 18:08:18.858 T:4365 debug : CVideoPlayer::ProcessVideoData size:150543 dts:3018.098 pts:3018.098 dur:41.700ms, clock:3012.200 level:27
2024-06-04 18:08:18.866 T:4365 debug : CVideoPlayer::ProcessVideoData size:147908 dts:3018.140 pts:3018.140 dur:41.700ms, clock:3012.207 level:27
2024-06-04 18:08:18.882 T:4368 debug : CVideoPlayerVideo::OutputPicture - ttd:411ms pts:3012.635 Clock:3012.223 Level:6
2024-06-04 18:08:18.886 T:4365 debug : CVideoPlayer::ProcessPacket packet from enhancement layer: size:18628 dts:3018.140 pts:3018.140 dur:41.700ms
2024-06-04 18:08:18.886 T:4365 debug : CVideoPlayer::ProcessPacket packet from enhancement layer: size:76684 dts:3018.182 pts:3018.307 dur:41.700ms
2024-06-04 18:08:18.892 T:4365 debug : CVideoPlayer::ProcessVideoData size:795703 dts:3018.182 pts:3018.307 dur:41.700ms, clock:3012.233 level:28
2024-06-04 18:08:18.896 T:4365 debug : CVideoPlayer::ProcessPacket packet from enhancement layer: size:16675 dts:3018.223 pts:3018.223 dur:41.700ms
2024-06-04 18:08:18.900 T:4365 debug : CVideoPlayer::ProcessVideoData size:148973 dts:3018.223 pts:3018.223 dur:41.700ms, clock:3012.241 level:27
2024-06-04 18:08:18.906 T:4365 debug : CVideoPlayer::ProcessVideoData size:146838 dts:3018.265 pts:3018.265 dur:41.700ms, clock:3012.247 level:27
2024-06-04 18:08:18.909 T:4365 debug : CVideoPlayer::ProcessPacket packet from enhancement layer: size:16539 dts:3018.265 pts:3018.265 dur:41.700ms
2024-06-04 18:08:18.915 T:4365 debug : CVideoPlayer::ProcessPacket packet from enhancement layer: size:26281 dts:3018.307 pts:3018.432 dur:41.700ms
2024-06-04 18:08:18.918 T:4365 debug : CVideoPlayer::ProcessVideoData size:343663 dts:3018.307 pts:3018.432 dur:41.700ms, clock:3012.259 level:29
2024-06-04 18:08:18.921 T:4365 debug : CVideoPlayer::ProcessPacket packet from enhancement layer: size:15935 dts:3018.349 pts:3018.349 dur:41.700ms
2024-06-04 18:08:18.922 T:4368 debug : CVideoPlayerVideo::OutputPicture - ttd:412ms pts:3012.676 Clock:3012.264 Level:6
2024-06-04 18:08:18.927 T:4365 debug : CVideoPlayer::ProcessVideoData size:146745 dts:3018.349 pts:3018.349 dur:41.700ms, clock:3012.269 level:29
2024-06-04 18:08:18.933 T:4365 debug : CVideoPlayer::ProcessVideoData size:145676 dts:3018.390 pts:3018.390 dur:41.700ms, clock:3012.275 level:29
2024-06-04 18:08:18.936 T:4365 debug : CVideoPlayer::ProcessPacket packet from enhancement layer: size:16161 dts:3018.390 pts:3018.390 dur:41.700ms
2024-06-04 18:08:18.943 T:4365 debug : CVideoPlayer::ProcessPacket packet from enhancement layer: size:33566 dts:3018.432 pts:3018.557 dur:41.700ms
2024-06-04 18:08:18.945 T:4365 debug : CVideoPlayer::ProcessVideoData size:333479 dts:3018.432 pts:3018.557 dur:41.700ms, clock:3012.287 level:30
2024-06-04 18:08:18.948 T:4365 debug : CVideoPlayer::ProcessPacket packet from enhancement layer: size:17903 dts:3018.474 pts:3018.474 dur:41.700ms
2024-06-04 18:08:18.951 T:4365 debug : CVideoPlayer::ProcessVideoData size:142260 dts:3018.474 pts:3018.474 dur:41.700ms, clock:3012.292 level:30
2024-06-04 18:08:18.957 T:4365 debug : CVideoPlayer::ProcessVideoData size:141290 dts:3018.515 pts:3018.515 dur:41.700ms, clock:3012.299 level:30
2024-06-04 18:08:18.960 T:4365 debug : CVideoPlayer::ProcessPacket packet from enhancement layer: size:17821 dts:3018.515 pts:3018.515 dur:41.700ms
2024-06-04 18:08:18.965 T:4368 debug : CVideoPlayerVideo::OutputPicture - ttd:411ms pts:3012.718 Clock:3012.306 Level:6
2024-06-04 18:08:18.968 T:4365 debug : CVideoPlayer::ProcessPacket packet from enhancement layer: size:35717 dts:3018.557 pts:3018.682 dur:41.700ms
2024-06-04 18:08:18.973 T:4365 debug : CVideoPlayer::ProcessVideoData size:328140 dts:3018.557 pts:3018.682 dur:41.700ms, clock:3012.315 level:31
2024-06-04 18:08:18.976 T:4365 debug : CVideoPlayer::ProcessPacket packet from enhancement layer: size:18137 dts:3018.599 pts:3018.599 dur:41.700ms
2024-06-04 18:08:18.978 T:4365 debug : CVideoPlayer::ProcessVideoData size:141254 dts:3018.599 pts:3018.599 dur:41.700ms, clock:3012.320 level:32
2024-06-04 18:08:18.984 T:4365 debug : CVideoPlayer::ProcessVideoData size:139773 dts:3018.641 pts:3018.641 dur:41.700ms, clock:3012.326 level:32
2024-06-04 18:08:18.989 T:4365 debug : CVideoPlayer::ProcessPacket packet from enhancement layer: size:18173 dts:3018.641 pts:3018.641 dur:41.700ms
2024-06-04 18:08:18.996 T:4365 debug : CVideoPlayer::ProcessPacket packet from enhancement layer: size:35739 dts:3018.682 pts:3018.807 dur:41.700ms
2024-06-04 18:08:18.999 T:4365 debug : CVideoPlayer::ProcessVideoData size:325956 dts:3018.682 pts:3018.807 dur:41.700ms, clock:3012.340 level:32
2024-06-04 18:08:19.004 T:4365 debug : CVideoPlayer::ProcessPacket packet from enhancement layer: size:18070 dts:3018.724 pts:3018.724 dur:41.700ms
2024-06-04 18:08:19.005 T:4368 debug : CVideoPlayerVideo::OutputPicture - ttd:413ms pts:3012.760 Clock:3012.347 Level:6
2024-06-04 18:08:19.006 T:4365 debug : CVideoPlayer::ProcessVideoData size:138649 dts:3018.724 pts:3018.724 dur:41.700ms, clock:3012.347 level:33
2024-06-04 18:08:19.010 T:4365 debug : CVideoPlayer::ProcessVideoData size:137460 dts:3018.766 pts:3018.766 dur:41.700ms, clock:3012.352 level:33
2024-06-04 18:08:19.015 T:4365 debug : CVideoPlayer::ProcessPacket packet from enhancement layer: size:18004 dts:3018.766 pts:3018.766 dur:41.700ms
2024-06-04 18:08:19.023 T:4365 debug : CVideoPlayer::ProcessPacket packet from enhancement layer: size:35451 dts:3018.807 pts:3018.932 dur:41.700ms
2024-06-04 18:08:19.026 T:4365 debug : CVideoPlayer::ProcessVideoData size:318909 dts:3018.807 pts:3018.932 dur:41.700ms, clock:3012.367 level:34
2024-06-04 18:08:19.029 T:4365 debug : CVideoPlayer::ProcessPacket packet from enhancement layer: size:17910 dts:3018.849 pts:3018.849 dur:41.700ms
2024-06-04 18:08:19.031 T:4365 debug : CVideoPlayer::ProcessVideoData size:137883 dts:3018.849 pts:3018.849 dur:41.700ms, clock:3012.372 level:34
2024-06-04 18:08:19.037 T:4365 debug : CVideoPlayer::ProcessVideoData size:137140 dts:3018.891 pts:3018.891 dur:41.700ms, clock:3012.379 level:34
2024-06-04 18:08:19.040 T:4365 debug : CVideoPlayer::ProcessPacket packet from enhancement layer: size:18086 dts:3018.891 pts:3018.891 dur:41.700ms
2024-06-04 18:08:19.046 T:4365 debug : CVideoPlayer::ProcessPacket packet from enhancement layer: size:35233 dts:3018.932 pts:3019.058 dur:41.700ms
2024-06-04 18:08:19.048 T:4368 debug : CVideoPlayerVideo::OutputPicture - ttd:411ms pts:3012.801 Clock:3012.390 Level:6
2024-06-04 18:08:19.051 T:4365 debug : CVideoPlayer::ProcessVideoData size:315858 dts:3018.932 pts:3019.058 dur:41.700ms, clock:3012.392 level:35
2024-06-04 18:08:19.056 T:4365 debug : CVideoPlayer::ProcessPacket packet from enhancement layer: size:18385 dts:3018.974 pts:3018.974 dur:41.700ms
2024-06-04 18:08:19.058 T:4365 debug : CVideoPlayer::ProcessVideoData size:136593 dts:3018.974 pts:3018.974 dur:41.700ms, clock:3012.400 level:36
2024-06-04 18:08:19.063 T:4365 debug : CVideoPlayer::ProcessVideoData size:133976 dts:3019.016 pts:3019.016 dur:41.700ms, clock:3012.405 level:36
2024-06-04 18:08:19.081 T:4365 debug : CVideoPlayer::ProcessPacket packet from enhancement layer: size:18458 dts:3019.016 pts:3019.016 dur:41.700ms
2024-06-04 18:08:19.081 T:4365 debug : CVideoPlayer::ProcessPacket packet from enhancement layer: size:74152 dts:3019.058 pts:3019.183 dur:41.700ms
2024-06-04 18:08:19.088 T:4368 debug : CVideoPlayerVideo::OutputPicture - ttd:413ms pts:3012.843 Clock:3012.429 Level:6
2024-06-04 18:08:19.089 T:4365 debug : CVideoPlayer::ProcessVideoData size:767403 dts:3019.058 pts:3019.183 dur:41.700ms, clock:3012.430 level:37
