2024-06-04 18:10:07.507 T:4769 debug : CVideoPlayer::ProcessVideoData size:97163 dts:18442240474082.180 pts:18442240474082.180 dur:41.700ms, clock:4.960 level:59
2024-06-04 18:10:07.510 T:4769 debug : CVideoPlayer::ProcessPacket packet from enhancement layer: size:28597 dts:11.803 pts:11.803 dur:41.700ms
2024-06-04 18:10:07.510 T:4772 debug : CPtsTracker: detected pattern of length 1: 41708.33, frameduration: 41708.333333
2024-06-04 18:10:07.510 T:4772 debug : CVideoPlayerVideo::OutputPicture - ttd:417ms pts:5.380 Clock:4.963 Level:6
2024-06-04 18:10:07.514 T:4769 debug : CVideoPlayer::ProcessPacket packet from enhancement layer: size:42380 dts:11.845 pts:11.970 dur:41.700ms
2024-06-04 18:10:07.519 T:4769 debug : CVideoPlayer::ProcessVideoData size:325273 dts:11.845 pts:11.970 dur:41.700ms, clock:4.973 level:60
2024-06-04 18:10:07.523 T:4229 debug : EventClient: button name "up" map "R1" pressed
2024-06-04 18:10:07.525 T:4769 debug : CVideoPlayer::ProcessPacket packet from enhancement layer: size:21595 dts:11.887 pts:11.887 dur:41.700ms
2024-06-04 18:10:07.526 T:4769 debug : CVideoPlayer::ProcessVideoData size:96165 dts:11.887 pts:11.887 dur:41.700ms, clock:4.980 level:61
2024-06-04 18:10:07.532 T:4769 debug : CVideoPlayer::ProcessVideoData size:94939 dts:11.929 pts:11.929 dur:41.700ms, clock:4.985 level:61
2024-06-04 18:10:07.535 T:4769 debug : CVideoPlayer::ProcessPacket packet from enhancement layer: size:28181 dts:11.929 pts:11.929 dur:41.700ms
2024-06-04 18:10:07.538 T:4769 debug : CVideoPlayer::ProcessPacket packet from enhancement layer: size:42435 dts:11.970 pts:12.095 dur:41.700ms
2024-06-04 18:10:07.544 T:4769 debug : CVideoPlayer::ProcessVideoData size:320076 dts:11.970 pts:12.095 dur:41.700ms, clock:4.997 level:62
2024-06-04 18:10:07.547 T:4769 debug : CVideoPlayer::ProcessPacket packet from enhancement layer: size:21376 dts:12.012 pts:12.012 dur:41.700ms
2024-06-04 18:10:07.549 T:4769 debug : CVideoPlayer::ProcessVideoData size:92083 dts:12.012 pts:12.012 dur:41.700ms, clock:5.002 level:63
2024-06-04 18:10:07.550 T:4772 debug : CVideoPlayerVideo::OutputPicture - ttd:418ms pts:5.422 Clock:5.003 Level:6
2024-06-04 18:10:07.550 T:4162 debug : HandleKey: 166 (0xa6, obc89) pressed, window 12005, action is ChapterOrBigStepForward
2024-06-04 18:10:07.559 T:4769 debug : CDVDClock::SetSpeedAdjust - adjusted:0.000000
2024-06-04 18:10:07.559 T:4769 debug : demuxer seek to: 605113.000000
2024-06-04 18:10:07.559 T:4769 debug : CBlurayCallback::Logger - register.c:420: bd_psr_write(): PSR8 (TIME) 0x7fff8 -> 0x1a6b000
2024-06-04 18:10:07.559 T:4769 debug : CBlurayCallback::Logger - bluray.c:3181: PSR change: psr8 = 27701248
2024-06-04 18:10:07.559 T:4769 debug : CBlurayCallback::Logger - register.c:418: bd_psr_write(5, 1): no change in value
2024-06-04 18:10:07.559 T:4769 debug : CBlurayCallback::Logger - bluray.c:3142: PSR write: psr5 = 1
2024-06-04 18:10:07.559 T:4769 debug : CBlurayCallback::Logger - bluray.c:1694: Seek to 6652345728
2024-06-04 18:10:07.559 T:4769 debug : CDVDInputStreamBluray - BD_EVENT_SEEK
2024-06-04 18:10:07.560 T:4769 debug : demuxer seek to: 605113.000000, success
2024-06-04 18:10:07.560 T:4769 debug : CVideoPlayer::FlushBuffers - flushing buffers
2024-06-04 18:10:07.563 T:4772 debug : CAMLCodec::SetSpeed, speed(0)
2024-06-04 18:10:07.590 T:4773 debug : CDVDAudio::Pause - pausing audio stream
2024-06-04 18:10:07.591 T:4772 debug : CAMLCodec::Reset
2024-06-04 18:10:07.606 T:4773 debug : CDVDAudio::Flush - flush audio stream
2024-06-04 18:10:07.606 T:4773 debug : CDVDAudio::Pause - pausing audio stream
2024-06-04 18:10:07.622 T:4772 debug : CVideoPlayerVideo - CDVDMsg::GENERAL_SYNCHRONIZE
2024-06-04 18:10:07.622 T:4773 debug : CVideoPlayerAudio - CDVDMsg::GENERAL_SYNCHRONIZE
2024-06-04 18:10:07.626 T:4769 debug : CVideoPlayer - CDVDMsg::GENERAL_SYNCHRONIZE
2024-06-04 18:10:07.627 T:4162 debug : ------ Window Init (DialogSeekBar.xml) ------
2024-06-04 18:10:07.693 T:4769 debug : CVideoPlayer::ProcessPacket packet from enhancement layer: size:124313 dts:603.812 pts:603.937 dur:41.700ms
2024-06-04 18:10:07.693 T:4772 debug : CVideoPlayerVideo - Stillframe left, switching to normal playback
2024-06-04 18:10:07.694 T:4773 info : CAEStreamParser::SyncTrueHD - TrueHD stream detected (8 channels, 48000Hz)
2024-06-04 18:10:07.706 T:4769 debug : CVideoPlayer::ProcessVideoData size:268023 dts:603.853 pts:603.853 dur:41.700ms, clock:603.353 level:0
2024-06-04 18:10:07.712 T:4769 debug : CVideoPlayer::ProcessVideoData size:268551 dts:603.895 pts:603.895 dur:41.700ms, clock:603.353 level:0
2024-06-04 18:10:07.715 T:4769 debug : CVideoPlayer::ProcessPacket packet from enhancement layer: size:24366 dts:603.853 pts:603.853 dur:41.700ms
2024-06-04 18:10:07.724 T:4236 debug : easy_acquire - Created session to https://assets.fanart.tv
2024-06-04 18:10:07.726 T:4769 debug : CVideoPlayer::ProcessPacket packet from enhancement layer: size:24260 dts:603.895 pts:603.895 dur:41.700ms
2024-06-04 18:10:07.734 T:4769 debug : CVideoPlayer::ProcessVideoData size:500404 dts:18442240474082.180 pts:18442240474082.180 dur:41.700ms, clock:603.353 level:0
2024-06-04 18:10:07.736 T:4769 debug : CVideoPlayer::ProcessPacket packet from enhancement layer: size:49263 dts:603.937 pts:604.062 dur:41.700ms
2024-06-04 18:10:07.745 T:4769 debug : CVideoPlayer::ProcessVideoData size:272018 dts:603.978 pts:603.978 dur:41.700ms, clock:603.353 level:0
2024-06-04 18:10:07.745 T:4769 debug : CVideoPlayer::HandleMessages - player started 1
2024-06-04 18:10:07.745 T:4312 debug : OnAVChange: CApplication::OnAVChange
2024-06-04 18:10:07.747 T:4769 debug : CVideoPlayer::ProcessPacket packet from enhancement layer: size:23872 dts:603.978 pts:603.978 dur:41.700ms
2024-06-04 18:10:07.755 T:4769 debug : CVideoPlayer::ProcessVideoData size:270722 dts:604.020 pts:604.020 dur:41.700ms, clock:603.353 level:0
2024-06-04 18:10:07.768 T:4769 debug : CVideoPlayer::ProcessPacket packet from enhancement layer: size:24050 dts:604.020 pts:604.020 dur:41.700ms
2024-06-04 18:10:07.777 T:4769 debug : CVideoPlayer::ProcessVideoData size:577373 dts:604.062 pts:604.187 dur:41.700ms, clock:603.353 level:0
2024-06-04 18:10:07.779 T:4769 debug : CVideoPlayer::ProcessPacket packet from enhancement layer: size:56973 dts:604.062 pts:604.187 dur:41.700ms
2024-06-04 18:10:07.789 T:4769 debug : CVideoPlayer::ProcessVideoData size:232923 dts:604.103 pts:604.103 dur:41.700ms, clock:603.353 level:0
2024-06-04 18:10:07.794 T:4769 debug : CVideoPlayer::ProcessVideoData size:271167 dts:604.145 pts:604.145 dur:41.700ms, clock:603.353 level:0
2024-06-04 18:10:07.797 T:4769 debug : CVideoPlayer::ProcessPacket packet from enhancement layer: size:32586 dts:604.103 pts:604.103 dur:41.700ms
2024-06-04 18:10:07.797 T:4769 debug : CVideoPlayer::ProcessPacket packet from enhancement layer: size:26341 dts:604.145 pts:604.145 dur:41.700ms
2024-06-04 18:10:07.813 T:4769 debug : CVideoPlayer::ProcessVideoData size:511817 dts:18442240474082.180 pts:18442240474082.180 dur:41.700ms, clock:603.353 level:0
2024-06-04 18:10:07.816 T:4769 debug : CVideoPlayer::ProcessPacket packet from enhancement layer: size:62526 dts:18442240474082.180 pts:18442240474082.180 dur:41.700ms
2024-06-04 18:10:07.822 T:4769 debug : CVideoPlayer::ProcessVideoData size:275238 dts:604.229 pts:604.229 dur:41.700ms, clock:603.353 level:0
2024-06-04 18:10:07.825 T:4769 debug : CVideoPlayer::ProcessPacket packet from enhancement layer: size:26565 dts:604.229 pts:604.229 dur:41.700ms
2024-06-04 18:10:07.832 T:4769 debug : CVideoPlayer::ProcessVideoData size:272800 dts:604.270 pts:604.270 dur:41.700ms, clock:603.353 level:0
2024-06-04 18:10:07.840 T:4769 debug : CVideoPlayer::ProcessPacket packet from enhancement layer: size:26644 dts:604.270 pts:604.270 dur:41.700ms
2024-06-04 18:10:07.847 T:4769 debug : CVideoPlayer::ProcessVideoData size:511018 dts:604.312 pts:604.437 dur:41.700ms, clock:603.353 level:0
2024-06-04 18:10:07.850 T:4769 debug : CVideoPlayer::ProcessPacket packet from enhancement layer: size:53728 dts:604.312 pts:604.437 dur:41.700ms
2024-06-04 18:10:07.858 T:4769 debug : CVideoPlayer::ProcessVideoData size:274370 dts:604.354 pts:604.354 dur:41.700ms, clock:603.353 level:0
2024-06-04 18:10:07.862 T:4769 debug : CVideoPlayer::ProcessPacket packet from enhancement layer: size:26798 dts:604.354 pts:604.354 dur:41.700ms
2024-06-04 18:10:07.866 T:4769 debug : CVideoPlayer::ProcessVideoData size:274148 dts:604.395 pts:604.395 dur:41.700ms, clock:603.353 level:0
2024-06-04 18:10:07.884 T:4769 debug : CVideoPlayer::ProcessPacket packet from enhancement layer: size:26886 dts:604.395 pts:604.395 dur:41.700ms
2024-06-04 18:10:07.892 T:4769 debug : CVideoPlayer::ProcessVideoData size:590434 dts:18442240474082.180 pts:18442240474082.180 dur:41.700ms, clock:603.353 level:0
2024-06-04 18:10:07.893 T:4769 debug : CVideoPlayer::ProcessPacket packet from enhancement layer: size:63648 dts:604.437 pts:604.562 dur:41.700ms
2024-06-04 18:10:07.900 T:4769 debug : CVideoPlayer::ProcessVideoData size:236632 dts:604.479 pts:604.479 dur:41.700ms, clock:603.353 level:0
2024-06-04 18:10:07.902 T:4769 debug : CVideoPlayer::ProcessPacket packet from enhancement layer: size:32888 dts:604.479 pts:604.479 dur:41.700ms
2024-06-04 18:10:07.910 T:4769 debug : CVideoPlayer::ProcessVideoData size:278987 dts:604.521 pts:604.521 dur:41.700ms, clock:603.353 level:0
2024-06-04 18:10:07.917 T:4769 debug : CVideoPlayer::ProcessPacket packet from enhancement layer: size:19992 dts:604.521 pts:604.521 dur:41.700ms
2024-06-04 18:10:07.925 T:4769 debug : CVideoPlayer::ProcessVideoData size:510285 dts:604.562 pts:604.687 dur:41.700ms, clock:603.353 level:0
2024-06-04 18:10:07.926 T:4769 debug : CVideoPlayer::ProcessPacket packet from enhancement layer: size:53387 dts:604.562 pts:604.687 dur:41.700ms
2024-06-04 18:10:07.933 T:4769 debug : CVideoPlayer::ProcessVideoData size:274603 dts:604.604 pts:604.604 dur:41.700ms, clock:603.353 level:0
2024-06-04 18:10:07.936 T:4769 debug : CVideoPlayer::ProcessPacket packet from enhancement layer: size:26665 dts:604.604 pts:604.604 dur:41.700ms
2024-06-04 18:10:07.938 T:4769 debug : CVideoPlayer::ProcessVideoData size:273738 dts:604.646 pts:604.646 dur:41.700ms, clock:603.353 level:0
2024-06-04 18:10:07.975 T:4769 debug : CVideoPlayer::ProcessVideoData size:1019134 dts:18442240474082.180 pts:18442240474082.180 dur:41.700ms, clock:603.353 level:0
2024-06-04 18:10:07.976 T:4769 debug : CVideoPlayer::ProcessPacket packet from enhancement layer: size:19817 dts:604.646 pts:604.646 dur:41.700ms
2024-06-04 18:10:07.977 T:4769 debug : CVideoPlayer::ProcessPacket packet from enhancement layer: size:126027 dts:604.687 pts:604.813 dur:41.700ms
2024-06-04 18:10:07.984 T:4769 debug : CVideoPlayer::ProcessVideoData size:273129 dts:604.729 pts:604.729 dur:41.700ms, clock:603.353 level:0
2024-06-04 18:10:07.994 T:4769 debug : CVideoPlayer::ProcessVideoData size:272344 dts:604.771 pts:604.771 dur:41.700ms, clock:603.353 level:0
2024-06-04 18:10:08.002 T:4769 debug : CVideoPlayer::ProcessPacket packet from enhancement layer: size:25220 dts:604.729 pts:604.729 dur:41.700ms
2024-06-04 18:10:08.006 T:4769 debug : CVideoPlayer::ProcessPacket packet from enhancement layer: size:24916 dts:604.771 pts:604.771 dur:41.700ms
2024-06-04 18:10:08.015 T:4769 debug : CVideoPlayer::ProcessVideoData size:588775 dts:18442240474082.180 pts:18442240474082.180 dur:41.700ms, clock:603.353 level:0
2024-06-04 18:10:08.018 T:4769 debug : CVideoPlayer::ProcessPacket packet from enhancement layer: size:36560 dts:604.813 pts:604.938 dur:41.700ms
2024-06-04 18:10:08.024 T:4769 debug : CVideoPlayer::ProcessVideoData size:241388 dts:604.854 pts:604.854 dur:41.700ms, clock:603.353 level:0
2024-06-04 18:10:08.027 T:4769 debug : CVideoPlayer::ProcessPacket packet from enhancement layer: size:30458 dts:604.854 pts:604.854 dur:41.700ms
2024-06-04 18:10:08.034 T:4769 debug : CVideoPlayer::ProcessVideoData size:280939 dts:604.896 pts:604.896 dur:41.700ms, clock:603.353 level:0
2024-06-04 18:10:08.042 T:4769 debug : CVideoPlayer::ProcessPacket packet from enhancement layer: size:24477 dts:604.896 pts:604.896 dur:41.700ms
2024-06-04 18:10:08.051 T:4769 debug : CVideoPlayer::ProcessVideoData size:512722 dts:604.938 pts:605.063 dur:41.700ms, clock:603.353 level:0
2024-06-04 18:10:08.052 T:4769 debug : CVideoPlayer::ProcessPacket packet from enhancement layer: size:58027 dts:604.938 pts:605.063 dur:41.700ms
2024-06-04 18:10:08.059 T:4769 debug : CVideoPlayer::ProcessVideoData size:279545 dts:604.979 pts:604.979 dur:41.700ms, clock:603.353 level:0
2024-06-04 18:10:08.065 T:4769 debug : CVideoPlayer::ProcessVideoData size:237197 dts:605.021 pts:605.021 dur:41.700ms, clock:603.353 level:0
2024-06-04 18:10:08.071 T:4769 debug : CVideoPlayer::ProcessPacket packet from enhancement layer: size:26257 dts:604.979 pts:604.979 dur:41.700ms
2024-06-04 18:10:08.072 T:4769 debug : ffmpeg[0x5c3e538]: [mpegts] Invalid timestamps stream=10, pts=55503437, dts=55503509, size=13
2024-06-04 18:10:08.076 T:4769 debug : CVideoPlayer::ProcessPacket packet from enhancement layer: size:25101 dts:605.021 pts:605.021 dur:41.700ms
2024-06-04 18:10:08.085 T:4769 debug : CVideoPlayer::ProcessVideoData size:585137 dts:18442240474082.180 pts:18442240474082.180 dur:41.700ms, clock:603.353 level:0
2024-06-04 18:10:08.087 T:4769 debug : CVideoPlayer::ProcessPacket packet from enhancement layer: size:49966 dts:605.063 pts:605.188 dur:41.700ms
2024-06-04 18:10:08.092 T:4772 debug : CVideoPlayerVideo::OutputPicture - ttd:500ms pts:603.853 Clock:603.353 Level:0
2024-06-04 18:10:08.094 T:4772 debug : CVideoPlayerVideo::OutputPicture - ttd:541ms pts:603.895 Clock:603.353 Level:0
2024-06-04 18:10:08.094 T:4769 debug : CVideoPlayer::ProcessVideoData size:236532 dts:605.104 pts:605.104 dur:41.700ms, clock:603.353 level:0
2024-06-04 18:10:08.095 T:4769 debug : CVideoPlayer::HandleMessages - player started 2
2024-06-04 18:10:08.095 T:4769 debug : CDVDClock::SetSpeedAdjust - adjusted:0.000000
2024-06-04 18:10:08.095 T:4772 info : Skipped 1 duplicate messages..
2024-06-04 18:10:08.095 T:4772 debug : CAMLCodec::SetSpeed, speed(1000)
2024-06-04 18:10:08.095 T:4769 debug : VideoPlayer::Sync - Audio - pts: 603.980, cache: 0.396, totalcache: 0.685, packets:1567 level:15
2024-06-04 18:10:08.095 T:4769 debug : VideoPlayer::Sync - Video - pts: 603.853, cache: 0.050, totalcache: 0.100, packets:31 level:0
2024-06-04 18:10:08.095 T:4772 debug : CVideoPlayerVideo - CDVDMsg::GENERAL_RESYNC(603584621.299486)
2024-06-04 18:10:08.095 T:4772 debug : CVideoPlayerVideo - OUTPUT_AGAIN - vfmt, interlace should be checked.
2024-06-04 18:10:08.095 T:4773 debug : CDVDAudio::Resume - resume audio stream
2024-06-04 18:10:08.095 T:4196 debug : ActiveAE - start sync of audio stream
2024-06-04 18:10:08.095 T:4769 debug : CVideoPlayer::ProcessPacket packet from enhancement layer: size:32791 dts:605.104 pts:605.104 dur:41.700ms
2024-06-04 18:10:08.100 T:4772 debug : CVideoPlayerVideo - CDVDMsg::DEMUXER_PACKET - checking interlace vfmt: null
2024-06-04 18:10:08.104 T:4769 debug : CVideoPlayer::ProcessVideoData size:275918 dts:605.146 pts:605.146 dur:41.700ms, clock:603.594 level:0
2024-06-04 18:10:08.108 T:4772 debug : CVideoPlayerVideo::OutputPicture - ttd:338ms pts:603.937 Clock:603.598 Level:1
2024-06-04 18:10:08.108 T:4769 debug : CVideoPlayer::ProcessPacket packet from enhancement layer: size:20109 dts:605.146 pts:605.146 dur:41.700ms
2024-06-04 18:10:08.116 T:4769 debug : CVideoPlayer::ProcessVideoData size:382895 dts:605.188 pts:605.230 dur:41.700ms, clock:603.606 level:0
2024-06-04 18:10:08.122 T:4769 debug : CVideoPlayer::ProcessVideoData size:376504 dts:605.230 pts:605.271 dur:41.700ms, clock:603.612 level:0
2024-06-04 18:10:08.122 T:4772 debug : CVideoPlayerVideo::OutputPicture - ttd:366ms pts:603.978 Clock:603.612 Level:2
2024-06-04 18:10:08.123 T:4772 debug : CVideoPlayerVideo::OutputPicture - ttd:406ms pts:604.020 Clock:603.613 Level:3
2024-06-04 18:10:08.125 T:4772 debug : CVideoPlayerVideo::OutputPicture - ttd:447ms pts:604.062 Clock:603.615 Level:4
2024-06-04 18:10:08.126 T:4772 debug : CVideoPlayerVideo::OutputPicture - ttd:487ms pts:604.103 Clock:603.616 Level:5
2024-06-04 18:10:08.126 T:4772 debug : CVideoPlayerVideo - CDVDMsg::DEMUXER_PACKET - checking interlace vfmt: null
2024-06-04 18:10:08.130 T:4769 debug : CVideoPlayer::ProcessPacket packet from enhancement layer: size:39607 dts:605.188 pts:605.230 dur:41.700ms
2024-06-04 18:10:08.164 T:4769 debug : CVideoPlayer::ProcessVideoData size:1367455 dts:18442240474082.180 pts:18442240474082.180 dur:41.700ms, clock:603.654 level:0
2024-06-04 18:10:08.175 T:4769 debug : CVideoPlayer::ProcessPacket packet from enhancement layer: size:46121 dts:605.230 pts:605.271 dur:41.700ms
2024-06-04 18:10:08.176 T:4769 debug : CVideoPlayer::ProcessPacket packet from enhancement layer: size:113835 dts:605.271 pts:605.313 dur:41.700ms
2024-06-04 18:10:08.185 T:4769 debug : CVideoPlayer::ProcessVideoData size:713669 dts:605.313 pts:605.438 dur:41.700ms, clock:603.675 level:0
2024-06-04 18:10:08.187 T:4769 debug : CVideoPlayer::ProcessPacket packet from enhancement layer: size:36798 dts:605.313 pts:605.438 dur:41.700ms
2024-06-04 18:10:08.195 T:4769 debug : CVideoPlayer::ProcessVideoData size:300918 dts:605.355 pts:605.355 dur:41.700ms, clock:603.685 level:0
2024-06-04 18:10:08.197 T:4769 debug : CVideoPlayer::ProcessPacket packet from enhancement layer: size:27811 dts:605.355 pts:605.355 dur:41.700ms
2024-06-04 18:10:08.198 T:4772 debug : CVideoPlayerVideo::OutputPicture - ttd:456ms pts:604.145 Clock:603.688 Level:5
2024-06-04 18:10:08.199 T:4772 debug : CVideoPlayerVideo - CDVDMsg::DEMUXER_PACKET - checking interlace vfmt: null
2024-06-04 18:10:08.203 T:4196 debug : ActiveAE::SyncStream - average error of 21.184811, start adjusting
2024-06-04 18:10:08.203 T:4196 debug : ActiveAE::SyncStream - average error 1.184811 below threshold of 30.000000
2024-06-04 18:10:08.205 T:4769 debug : CVideoPlayer::ProcessVideoData size:298348 dts:605.396 pts:605.396 dur:41.700ms, clock:603.695 level:1
2024-06-04 18:10:08.218 T:4772 debug : CVideoPlayerVideo::OutputPicture - ttd:496ms pts:604.187 Clock:603.691 Level:6
2024-06-04 18:10:08.221 T:4769 debug : CVideoPlayer::ProcessPacket packet from enhancement layer: size:28064 dts:605.396 pts:605.396 dur:41.700ms
2024-06-04 18:10:08.228 T:4772 debug : CVideoPlayerVideo - CDVDMsg::DEMUXER_PACKET - checking interlace vfmt: null
2024-06-04 18:10:08.229 T:4769 debug : CVideoPlayer::ProcessVideoData size:705083 dts:18442240474082.180 pts:18442240474082.180 dur:41.700ms, clock:603.719 level:0
2024-06-04 18:10:08.231 T:4769 debug : CVideoPlayer::ProcessPacket packet from enhancement layer: size:46688 dts:605.438 pts:605.563 dur:41.700ms
2024-06-04 18:10:08.238 T:4769 debug : CVideoPlayer::ProcessVideoData size:303477 dts:605.480 pts:605.480 dur:41.700ms, clock:603.728 level:0
2024-06-04 18:10:08.241 T:4769 debug : CVideoPlayer::ProcessPacket packet from enhancement layer: size:28678 dts:605.480 pts:605.480 dur:41.700ms
2024-06-04 18:10:08.248 T:4769 debug : CVideoPlayer::ProcessVideoData size:303047 dts:605.522 pts:605.522 dur:41.700ms, clock:603.738 level:0
2024-06-04 18:10:08.259 T:4769 debug : CVideoPlayer::ProcessPacket packet from enhancement layer: size:28922 dts:605.522 pts:605.522 dur:41.700ms
2024-06-04 18:10:08.264 T:4769 debug : CVideoPlayer::ProcessVideoData size:703300 dts:605.563 pts:605.688 dur:41.700ms, clock:603.754 level:0
2024-06-04 18:10:08.265 T:4772 debug : CVideoPlayerVideo::OutputPicture - ttd:479ms pts:604.229 Clock:603.749 Level:6
2024-06-04 18:10:08.269 T:4769 debug : CVideoPlayer::ProcessPacket packet from enhancement layer: size:51015 dts:605.563 pts:605.688 dur:41.700ms
2024-06-04 18:10:08.276 T:4769 debug : CVideoPlayer::ProcessVideoData size:310972 dts:18442240474082.180 pts:18442240474082.180 dur:41.700ms, clock:603.766 level:0
2024-06-04 18:10:08.279 T:4769 debug : CVideoPlayer::ProcessPacket packet from enhancement layer: size:29913 dts:605.605 pts:605.605 dur:41.700ms
2024-06-04 18:10:08.287 T:4769 debug : CVideoPlayer::ProcessVideoData size:310083 dts:605.647 pts:605.647 dur:41.700ms, clock:603.777 level:0
2024-06-04 18:10:08.297 T:4769 debug : CVideoPlayer::ProcessPacket packet from enhancement layer: size:30010 dts:605.647 pts:605.647 dur:41.700ms
2024-06-04 18:10:08.306 T:4769 debug : CVideoPlayer::ProcessVideoData size:659148 dts:605.688 pts:605.814 dur:41.700ms, clock:603.796 level:0
2024-06-04 18:10:08.309 T:4769 debug : CVideoPlayer::ProcessPacket packet from enhancement layer: size:51795 dts:605.688 pts:605.814 dur:41.700ms
2024-06-04 18:10:08.309 T:4769 debug : ffmpeg[0x5c3e538]: [mpegts] Invalid timestamps stream=9, pts=55564907, dts=55564979, size=13
2024-06-04 18:10:08.316 T:4769 debug : CVideoPlayer::ProcessVideoData size:311942 dts:605.730 pts:605.730 dur:41.700ms, clock:603.806 level:0
2024-06-04 18:10:08.322 T:4769 debug : CVideoPlayer::ProcessVideoData size:269672 dts:605.772 pts:605.772 dur:41.700ms, clock:603.812 level:0
2024-06-04 18:10:08.324 T:4769 debug : CVideoPlayer::ProcessPacket packet from enhancement layer: size:29980 dts:605.730 pts:605.730 dur:41.700ms
2024-06-04 18:10:08.335 T:4769 debug : CVideoPlayer::ProcessPacket packet from enhancement layer: size:36449 dts:605.772 pts:605.772 dur:41.700ms
2024-06-04 18:10:08.336 T:4769 debug : ffmpeg[0x5c3e538]: [mpegts] Invalid timestamps stream=8, pts=55572704, dts=55572809, size=13
2024-06-04 18:10:08.343 T:4769 debug : CVideoPlayer::ProcessVideoData size:575222 dts:18442240474082.180 pts:18442240474082.180 dur:41.700ms, clock:603.833 level:0
2024-06-04 18:10:08.346 T:4769 debug : CVideoPlayer::ProcessPacket packet from enhancement layer: size:58994 dts:605.814 pts:605.939 dur:41.700ms
2024-06-04 18:10:08.351 T:4772 debug : CVideoPlayerVideo::OutputPicture - ttd:429ms pts:604.270 Clock:603.841 Level:5
2024-06-04 18:10:08.354 T:4769 debug : CVideoPlayer::ProcessVideoData size:302890 dts:605.855 pts:605.855 dur:41.700ms, clock:603.844 level:0
2024-06-04 18:10:08.354 T:4769 debug : CVideoPlayer::ProcessPacket packet from enhancement layer: size:30749 dts:605.855 pts:605.855 dur:41.700ms
2024-06-04 18:10:08.362 T:4769 debug : CVideoPlayer::ProcessVideoData size:257476 dts:605.897 pts:605.897 dur:41.700ms, clock:603.851 level:0
2024-06-04 18:10:08.372 T:4769 debug : CVideoPlayer::ProcessPacket packet from enhancement layer: size:36221 dts:605.897 pts:605.897 dur:41.700ms
2024-06-04 18:10:08.379 T:4769 debug : CVideoPlayer::ProcessVideoData size:634800 dts:605.939 pts:606.064 dur:41.700ms, clock:603.869 level:0
2024-06-04 18:10:08.382 T:4769 debug : CVideoPlayer::ProcessPacket packet from enhancement layer: size:56344 dts:605.939 pts:606.064 dur:41.700ms
2024-06-04 18:10:08.390 T:4772 debug : CVideoPlayerVideo::OutputPicture - ttd:432ms pts:604.312 Clock:603.879 Level:5
2024-06-04 18:10:08.390 T:4769 debug : CVideoPlayer::ProcessVideoData size:276842 dts:605.980 pts:605.980 dur:41.700ms, clock:603.880 level:0
2024-06-04 18:10:08.391 T:4772 debug : CVideoPlayerVideo::OutputPicture - ttd:472ms pts:604.354 Clock:603.881 Level:6
2024-06-04 18:10:08.393 T:4769 debug : CVideoPlayer::ProcessPacket packet from enhancement layer: size:37504 dts:605.980 pts:605.980 dur:41.700ms
2024-06-04 18:10:08.395 T:4769 debug : CVideoPlayer::ProcessVideoData size:260275 dts:606.022 pts:606.022 dur:41.700ms, clock:603.885 level:0
2024-06-04 18:10:08.431 T:4769 debug : CVideoPlayer::ProcessVideoData size:1053149 dts:18442240474082.180 pts:18442240474082.180 dur:41.700ms, clock:603.921 level:0
2024-06-04 18:10:08.432 T:4769 debug : CVideoPlayer::ProcessPacket packet from enhancement layer: size:37301 dts:606.022 pts:606.022 dur:41.700ms
2024-06-04 18:10:08.432 T:4769 debug : CVideoPlayer::ProcessPacket packet from enhancement layer: size:145107 dts:606.064 pts:606.189 dur:41.700ms
2024-06-04 18:10:08.439 T:4769 debug : CVideoPlayer::ProcessVideoData size:255157 dts:606.105 pts:606.105 dur:41.700ms, clock:603.929 level:0
2024-06-04 18:10:08.445 T:4769 debug : CVideoPlayer::ProcessVideoData size:257560 dts:606.147 pts:606.147 dur:41.700ms, clock:603.935 level:0
2024-06-04 18:10:08.453 T:4769 debug : CVideoPlayer::ProcessPacket packet from enhancement layer: size:35853 dts:606.105 pts:606.105 dur:41.700ms
2024-06-04 18:10:08.456 T:4769 debug : CVideoPlayer::ProcessPacket packet from enhancement layer: size:35374 dts:606.147 pts:606.147 dur:41.700ms
2024-06-04 18:10:08.467 T:4769 debug : CVideoPlayer::ProcessVideoData size:593515 dts:18442240474082.180 pts:18442240474082.180 dur:41.700ms, clock:603.957 level:0
2024-06-04 18:10:08.468 T:4769 debug : CVideoPlayer::ProcessPacket packet from enhancement layer: size:49126 dts:606.189 pts:606.314 dur:41.700ms
2024-06-04 18:10:08.473 T:4772 debug : CVideoPlayerVideo::OutputPicture - ttd:432ms pts:604.395 Clock:603.963 Level:5
2024-06-04 18:10:08.475 T:4769 debug : CVideoPlayer::ProcessVideoData size:257392 dts:606.231 pts:606.231 dur:41.700ms, clock:603.965 level:0
2024-06-04 18:10:08.478 T:4769 debug : CVideoPlayer::ProcessPacket packet from enhancement layer: size:34954 dts:606.231 pts:606.231 dur:41.700ms
2024-06-04 18:10:08.485 T:4769 debug : CVideoPlayer::ProcessVideoData size:252261 dts:606.272 pts:606.272 dur:41.700ms, clock:603.975 level:0
2024-06-04 18:10:08.492 T:4769 debug : CVideoPlayer::ProcessPacket packet from enhancement layer: size:35824 dts:606.272 pts:606.272 dur:41.700ms
2024-06-04 18:10:08.494 T:4236 debug : CCurlFile::GetMimeType - -> image/png
2024-06-04 18:10:08.495 T:4236 debug : CurlFile::Open -
2024-06-04 18:10:08.501 T:4769 debug : CVideoPlayer::ProcessVideoData size:582140 dts:606.314 pts:606.439 dur:41.700ms, clock:603.991 level:0
2024-06-04 18:10:08.504 T:4769 debug : CVideoPlayer::ProcessPacket packet from enhancement layer: size:58468 dts:606.314 pts:606.439 dur:41.700ms
2024-06-04 18:10:08.510 T:4772 debug : CVideoPlayerVideo::OutputPicture - ttd:437ms pts:604.437 Clock:603.999 Level:6
2024-06-04 18:10:08.510 T:4769 debug : CVideoPlayer::ProcessVideoData size:244844 dts:606.356 pts:606.356 dur:41.700ms, clock:604.000 level:0
2024-06-04 18:10:08.518 T:4769 debug : CVideoPlayer::ProcessVideoData size:291067 dts:606.397 pts:606.397 dur:41.700ms, clock:604.008 level:0
2024-06-04 18:10:08.521 T:4769 debug : CVideoPlayer::ProcessPacket packet from enhancement layer: size:36023 dts:606.356 pts:606.356 dur:41.700ms
2024-06-04 18:10:08.530 T:4769 debug : CVideoPlayer::ProcessPacket packet from enhancement layer: size:30473 dts:606.397 pts:606.397 dur:41.700ms
2024-06-04 18:10:08.538 T:4769 debug : CVideoPlayer::ProcessVideoData size:574020 dts:18442240474082.180 pts:18442240474082.180 dur:41.700ms, clock:604.028 level:0
2024-06-04 18:10:08.540 T:4769 debug : CVideoPlayer::ProcessPacket packet from enhancement layer: size:61044 dts:606.439 pts:606.564 dur:41.700ms
2024-06-04 18:10:08.547 T:4769 debug : CVideoPlayer::ProcessVideoData size:252646 dts:606.481 pts:606.481 dur:41.700ms, clock:604.037 level:0
2024-06-04 18:10:08.549 T:4769 debug : CVideoPlayer::ProcessPacket packet from enhancement layer: size:37366 dts:606.481 pts:606.481 dur:41.700ms
2024-06-04 18:10:08.553 T:4772 debug : CVideoPlayerVideo::OutputPicture - ttd:435ms pts:604.479 Clock:604.043 Level:5
2024-06-04 18:10:08.556 T:4769 debug : CVideoPlayer::ProcessVideoData size:253120 dts:606.523 pts:606.523 dur:41.700ms, clock:604.046 level:0
2024-06-04 18:10:08.563 T:4769 debug : CVideoPlayer::ProcessPacket packet from enhancement layer: size:37433 dts:606.523 pts:606.523 dur:41.700ms
2024-06-04 18:10:08.571 T:4769 debug : CVideoPlayer::ProcessVideoData size:563555 dts:606.564 pts:606.689 dur:41.700ms, clock:604.061 level:0
2024-06-04 18:10:08.574 T:4769 debug : CVideoPlayer::ProcessPacket packet from enhancement layer: size:61611 dts:606.564 pts:606.689 dur:41.700ms
2024-06-04 18:10:08.581 T:4769 debug : CVideoPlayer::ProcessVideoData size:249681 dts:606.606 pts:606.606 dur:41.700ms, clock:604.071 level:0
2024-06-04 18:10:08.585 T:4769 debug : CVideoPlayer::ProcessVideoData size:290950 dts:606.648 pts:606.648 dur:41.700ms, clock:604.075 level:0
2024-06-04 18:10:08.587 T:4769 debug : CVideoPlayer::ProcessPacket packet from enhancement layer: size:37713 dts:606.606 pts:606.606 dur:41.700ms
2024-06-04 18:10:08.594 T:4772 debug : CVideoPlayerVideo::OutputPicture - ttd:436ms pts:604.521 Clock:604.084 Level:5
2024-06-04 18:10:08.598 T:4769 debug : CVideoPlayer::ProcessPacket packet from enhancement layer: size:31686 dts:606.648 pts:606.648 dur:41.700ms
2024-06-04 18:10:08.606 T:4769 debug : CVideoPlayer::ProcessVideoData size:553995 dts:18442240474082.180 pts:18442240474082.180 dur:41.700ms, clock:604.096 level:0
2024-06-04 18:10:08.606 T:4769 debug : CVideoPlayer::ProcessPacket packet from enhancement layer: size:62724 dts:606.689 pts:606.815 dur:41.700ms
2024-06-04 18:10:08.616 T:4340 debug : request received for /jsonrpc
2024-06-04 18:10:08.619 T:4769 debug : CVideoPlayer::ProcessVideoData size:252901 dts:606.731 pts:606.731 dur:41.700ms, clock:604.109 level:0
2024-06-04 18:10:08.619 T:4769 debug : CVideoPlayer::ProcessPacket packet from enhancement layer: size:38002 dts:606.731 pts:606.731 dur:41.700ms
2024-06-04 18:10:08.626 T:4769 debug : CVideoPlayer::ProcessVideoData size:248889 dts:606.773 pts:606.773 dur:41.700ms, clock:604.116 level:0
2024-06-04 18:10:08.628 T:4340 debug : request received for /jsonrpc
2024-06-04 18:10:08.637 T:4769 info : Skipped 1 duplicate messages..
2024-06-04 18:10:08.637 T:4769 debug : CVideoPlayer::ProcessPacket packet from enhancement layer: size:38318 dts:606.773 pts:606.773 dur:41.700ms
2024-06-04 18:10:08.638 T:4772 debug : CVideoPlayerVideo::OutputPicture - ttd:434ms pts:604.562 Clock:604.127 Level:5
2024-06-04 18:10:08.644 T:4340 debug : request received for /jsonrpc
2024-06-04 18:10:08.655 T:4769 debug : CVideoPlayer::ProcessVideoData size:626419 dts:606.815 pts:606.940 dur:41.700ms, clock:604.145 level:0
2024-06-04 18:10:08.656 T:4769 debug : CVideoPlayer::ProcessPacket packet from enhancement layer: size:47200 dts:606.815 pts:606.940 dur:41.700ms
2024-06-04 18:10:08.668 T:4769 debug : CVideoPlayer::ProcessVideoData size:248509 dts:606.856 pts:606.856 dur:41.700ms, clock:604.158 level:0
2024-06-04 18:10:08.668 T:4769 debug : CVideoPlayer::ProcessPacket packet from enhancement layer: size:37948 dts:606.856 pts:606.856 dur:41.700ms
2024-06-04 18:10:08.672 T:4769 debug : CVideoPlayer::ProcessVideoData size:246184 dts:606.898 pts:606.898 dur:41.700ms, clock:604.162 level:0
2024-06-04 18:10:08.676 T:4772 debug : CVideoPlayerVideo::OutputPicture - ttd:438ms pts:604.604 Clock:604.166 Level:6
2024-06-04 18:10:08.710 T:4769 debug : CVideoPlayer::ProcessVideoData size:1299719 dts:18442240474082.180 pts:18442240474082.180 dur:41.700ms, clock:604.200 level:0
2024-06-04 18:10:08.711 T:4769 debug : CVideoPlayer::ProcessPacket packet from enhancement layer: size:38007 dts:606.898 pts:606.898 dur:41.700ms
2024-06-04 18:10:08.711 T:4769 debug : CVideoPlayer::ProcessPacket packet from enhancement layer: size:108621 dts:606.940 pts:607.065 dur:41.700ms
2024-06-04 18:10:08.718 T:4769 debug : CVideoPlayer::ProcessVideoData size:249241 dts:606.981 pts:606.981 dur:41.700ms, clock:604.208 level:0
2024-06-04 18:10:08.724 T:4769 debug : CVideoPlayer::ProcessVideoData size:248585 dts:607.023 pts:607.023 dur:41.700ms, clock:604.214 level:1
2024-06-04 18:10:08.729 T:4772 debug : CVideoPlayerVideo::OutputPicture - ttd:427ms pts:604.646 Clock:604.219 Level:5
2024-06-04 18:10:08.729 T:4769 debug : CVideoPlayer::ProcessPacket packet from enhancement layer: size:35785 dts:606.981 pts:606.981 dur:41.700ms
2024-06-04 18:10:08.738 T:4769 debug : CVideoPlayer::ProcessPacket packet from enhancement layer: size:34982 dts:607.023 pts:607.023 dur:41.700ms
2024-06-04 18:10:08.746 T:4769 debug : CVideoPlayer::ProcessVideoData size:564529 dts:18442240474082.180 pts:18442240474082.180 dur:41.700ms, clock:604.236 level:0
2024-06-04 18:10:08.749 T:4769 debug : CVideoPlayer::ProcessPacket packet from enhancement layer: size:44868 dts:607.065 pts:607.190 dur:41.700ms
2024-06-04 18:10:08.755 T:4769 debug : CVideoPlayer::ProcessVideoData size:258226 dts:607.106 pts:607.106 dur:41.700ms, clock:604.245 level:1
2024-06-04 18:10:08.757 T:4772 debug : CVideoPlayerVideo::OutputPicture - ttd:441ms pts:604.687 Clock:604.246 Level:6
2024-06-04 18:10:08.758 T:4769 debug : CVideoPlayer::ProcessPacket packet from enhancement layer: size:34346 dts:607.106 pts:607.106 dur:41.700ms
2024-06-04 18:10:08.765 T:4769 debug : CVideoPlayer::ProcessVideoData size:254967 dts:607.148 pts:607.148 dur:41.700ms, clock:604.255 level:1
2024-06-04 18:10:08.773 T:4769 debug : CVideoPlayer::ProcessPacket packet from enhancement layer: size:35039 dts:607.148 pts:607.148 dur:41.700ms
2024-06-04 18:10:08.781 T:4769 debug : CVideoPlayer::ProcessVideoData size:561747 dts:607.190 pts:607.315 dur:41.700ms, clock:604.271 level:1
2024-06-04 18:10:08.783 T:4769 debug : CVideoPlayer::ProcessPacket packet from enhancement layer: size:55502 dts:607.190 pts:607.315 dur:41.700ms
2024-06-04 18:10:08.790 T:4769 debug : CVideoPlayer::ProcessVideoData size:247593 dts:607.232 pts:607.232 dur:41.700ms, clock:604.280 level:2
2024-06-04 18:10:08.793 T:4769 debug : CVideoPlayer::ProcessVideoData size:246988 dts:607.273 pts:607.273 dur:41.700ms, clock:604.283 level:2
2024-06-04 18:10:08.798 T:4769 debug : CVideoPlayer::ProcessPacket packet from enhancement layer: size:35547 dts:607.232 pts:607.232 dur:41.700ms
2024-06-04 18:10:08.799 T:4772 debug : CVideoPlayerVideo::OutputPicture - ttd:440ms pts:604.729 Clock:604.289 Level:6
2024-06-04 18:10:08.807 T:4769 debug : CVideoPlayer::ProcessPacket packet from enhancement layer: size:36100 dts:607.273 pts:607.273 dur:41.700ms
2024-06-04 18:10:08.813 T:4769 debug : CVideoPlayer::ProcessVideoData size:566856 dts:18442240474082.180 pts:18442240474082.180 dur:41.700ms, clock:604.303 level:3
2024-06-04 18:10:08.816 T:4769 debug : CVideoPlayer::ProcessPacket packet from enhancement layer: size:47430 dts:607.315 pts:607.440 dur:41.700ms
2024-06-04 18:10:08.823 T:4769 debug : CVideoPlayer::ProcessVideoData size:250080 dts:607.357 pts:607.357 dur:41.700ms, clock:604.313 level:2
2024-06-04 18:10:08.825 T:4769 debug : CVideoPlayer::ProcessPacket packet from enhancement layer: size:36203 dts:607.357 pts:607.357 dur:41.700ms
2024-06-04 18:10:08.832 T:4769 debug : CVideoPlayer::ProcessVideoData size:249733 dts:607.398 pts:607.398 dur:41.700ms, clock:604.322 level:3
2024-06-04 18:10:08.841 T:4769 debug : CVideoPlayer::ProcessPacket packet from enhancement layer: size:35654 dts:607.398 pts:607.398 dur:41.700ms
2024-06-04 18:10:08.848 T:4772 debug : CVideoPlayerVideo::OutputPicture - ttd:432ms pts:604.771 Clock:604.338 Level:5
2024-06-04 18:10:08.850 T:4769 debug : CVideoPlayer::ProcessVideoData size:578603 dts:607.440 pts:607.565 dur:41.700ms, clock:604.340 level:3
2024-06-04 18:10:08.853 T:4769 debug : CVideoPlayer::ProcessPacket packet from enhancement layer: size:48914 dts:607.440 pts:607.565 dur:41.700ms
2024-06-04 18:10:08.860 T:4769 debug : CVideoPlayer::ProcessVideoData size:267120 dts:607.482 pts:607.482 dur:41.700ms, clock:604.350 level:4
2024-06-04 18:10:08.864 T:4769 debug : CVideoPlayer::ProcessVideoData size:278143 dts:607.524 pts:607.524 dur:41.700ms, clock:604.354 level:4
2024-06-04 18:10:08.867 T:4769 debug : CVideoPlayer::ProcessPacket packet from enhancement layer: size:37098 dts:607.482 pts:607.482 dur:41.700ms
2024-06-04 18:10:08.878 T:4769 debug : CVideoPlayer::ProcessPacket packet from enhancement layer: size:37180 dts:607.524 pts:607.524 dur:41.700ms
2024-06-04 18:10:08.883 T:4772 debug : CVideoPlayerVideo::OutputPicture - ttd:439ms pts:604.813 Clock:604.373 Level:6
2024-06-04 18:10:08.889 T:4769 debug : CVideoPlayer::ProcessVideoData size:594786 dts:18442240474082.180 pts:18442240474082.180 dur:41.700ms, clock:604.379 level:5
2024-06-04 18:10:08.892 T:4769 debug : CVideoPlayer::ProcessPacket packet from enhancement layer: size:49904 dts:607.565 pts:607.690 dur:41.700ms
2024-06-04 18:10:08.899 T:4769 debug : CVideoPlayer::ProcessVideoData size:256434 dts:607.607 pts:607.607 dur:41.700ms, clock:604.389 level:5
2024-06-04 18:10:08.902 T:4769 debug : CVideoPlayer::ProcessPacket packet from enhancement layer: size:37452 dts:607.607 pts:607.607 dur:41.700ms
2024-06-04 18:10:08.907 T:4769 debug : CVideoPlayer::ProcessVideoData size:253897 dts:607.649 pts:607.649 dur:41.700ms, clock:604.397 level:5
2024-06-04 18:10:08.917 T:4769 debug : CVideoPlayer::ProcessPacket packet from enhancement layer: size:29967 dts:607.649 pts:607.649 dur:41.700ms
2024-06-04 18:10:08.925 T:4772 debug : CVideoPlayerVideo::OutputPicture - ttd:439ms pts:604.854 Clock:604.415 Level:6
2024-06-04 18:10:08.926 T:4769 debug : CVideoPlayer::ProcessVideoData size:586219 dts:607.690 pts:607.816 dur:41.700ms, clock:604.416 level:6
2024-06-04 18:10:08.929 T:4769 debug : CVideoPlayer::ProcessPacket packet from enhancement layer: size:50360 dts:607.690 pts:607.816 dur:41.700ms
2024-06-04 18:10:08.936 T:4769 debug : CVideoPlayer::ProcessVideoData size:257634 dts:607.732 pts:607.732 dur:41.700ms, clock:604.426 level:6
2024-06-04 18:10:08.937 T:4769 debug : CVideoPlayer::ProcessPacket packet from enhancement layer: size:38450 dts:607.732 pts:607.732 dur:41.700ms
2024-06-04 18:10:08.941 T:4769 debug : CVideoPlayer::ProcessVideoData size:254775 dts:607.774 pts:607.774 dur:41.700ms, clock:604.431 level:6
2024-06-04 18:10:08.967 T:4772 debug : CVideoPlayerVideo::OutputPicture - ttd:439ms pts:604.896 Clock:604.457 Level:6
2024-06-04 18:10:08.982 T:4769 debug : CVideoPlayer::ProcessVideoData size:1056550 dts:18442240474082.180 pts:18442240474082.180 dur:41.700ms, clock:604.472 level:6
2024-06-04 18:10:08.982 T:4769 debug : CVideoPlayer::ProcessPacket packet from enhancement layer: size:29677 dts:607.774 pts:607.774 dur:41.700ms
2024-06-04 18:10:08.985 T:4769 debug : CVideoPlayer::ProcessPacket packet from enhancement layer: size:115004 dts:607.816 pts:607.941 dur:41.700ms
2024-06-04 18:10:08.993 T:4769 debug : CVideoPlayer::ProcessVideoData size:253899 dts:607.857 pts:607.857 dur:41.700ms, clock:604.483 level:7
2024-06-04 18:10:08.997 T:4769 debug : CVideoPlayer::ProcessVideoData size:260589 dts:607.899 pts:607.899 dur:41.700ms, clock:604.487 level:7
2024-06-04 18:10:09.004 T:4769 debug : CVideoPlayer::ProcessPacket packet from enhancement layer: size:36631 dts:607.857 pts:607.857 dur:41.700ms
2024-06-04 18:10:09.011 T:4772 debug : CVideoPlayerVideo::OutputPicture - ttd:436ms pts:604.938 Clock:604.501 Level:6
2024-06-04 18:10:09.011 T:4769 debug : CVideoPlayer::ProcessPacket packet from enhancement layer: size:36160 dts:607.899 pts:607.899 dur:41.700ms
2024-06-04 18:10:09.020 T:4769 debug : CVideoPlayer::ProcessVideoData size:614787 dts:18442240474082.180 pts:18442240474082.180 dur:41.700ms, clock:604.510 level:7
2024-06-04 18:10:09.024 T:4769 debug : CVideoPlayer::ProcessPacket packet from enhancement layer: size:37918 dts:607.941 pts:608.066 dur:41.700ms
2024-06-04 18:10:09.031 T:4769 debug : CVideoPlayer::ProcessVideoData size:260900 dts:607.982 pts:607.982 dur:41.700ms, clock:604.521 level:7
2024-06-04 18:10:09.032 T:4769 debug : CVideoPlayer::ProcessPacket packet from enhancement layer: size:35927 dts:607.982 pts:607.982 dur:41.700ms
2024-06-04 18:10:09.039 T:4769 debug : CVideoPlayer::ProcessVideoData size:257141 dts:608.024 pts:608.024 dur:41.700ms, clock:604.529 level:8
2024-06-04 18:10:09.048 T:4769 debug : CVideoPlayer::ProcessPacket packet from enhancement layer: size:36377 dts:608.024 pts:608.024 dur:41.700ms
2024-06-04 18:10:09.051 T:4772 debug : CVideoPlayerVideo::OutputPicture - ttd:438ms pts:604.979 Clock:604.541 Level:6
2024-06-04 18:10:09.058 T:4769 debug : CVideoPlayer::ProcessVideoData size:601193 dts:608.066 pts:608.191 dur:41.700ms, clock:604.548 level:8
2024-06-04 18:10:09.061 T:4769 debug : CVideoPlayer::ProcessPacket packet from enhancement layer: size:57425 dts:608.066 pts:608.191 dur:41.700ms
2024-06-04 18:10:09.072 T:4769 debug : CVideoPlayer::ProcessVideoData size:263302 dts:608.107 pts:608.107 dur:41.700ms, clock:604.562 level:8
2024-06-04 18:10:09.076 T:4769 debug : CVideoPlayer::ProcessVideoData size:258394 dts:608.149 pts:608.149 dur:41.700ms, clock:604.566 level:9
2024-06-04 18:10:09.080 T:4769 debug : CVideoPlayer::ProcessPacket packet from enhancement layer: size:36904 dts:608.107 pts:608.107 dur:41.700ms
2024-06-04 18:10:09.090 T:4769 debug : CVideoPlayer::ProcessPacket packet from enhancement layer: size:28897 dts:608.149 pts:608.149 dur:41.700ms
2024-06-04 18:10:09.092 T:4772 debug : CVideoPlayerVideo::OutputPicture - ttd:439ms pts:605.021 Clock:604.581 Level:6
2024-06-04 18:10:09.099 T:4769 debug : CVideoPlayer::ProcessVideoData size:605601 dts:18442240474082.180 pts:18442240474082.180 dur:41.700ms, clock:604.589 level:9
2024-06-04 18:10:09.102 T:4769 debug : CVideoPlayer::ProcessPacket packet from enhancement layer: size:48849 dts:608.191 pts:608.316 dur:41.700ms
2024-06-04 18:10:09.110 T:4769 debug : CVideoPlayer::ProcessVideoData size:262282 dts:608.233 pts:608.233 dur:41.700ms, clock:604.600 level:9
2024-06-04 18:10:09.111 T:4769 debug : CVideoPlayer::ProcessPacket packet from enhancement layer: size:38216 dts:608.233 pts:608.233 dur:41.700ms
2024-06-04 18:10:09.118 T:4769 debug : CVideoPlayer::ProcessVideoData size:267778 dts:608.274 pts:608.274 dur:41.700ms, clock:604.608 level:10
2024-06-04 18:10:09.129 T:4769 debug : CVideoPlayer::ProcessPacket packet from enhancement layer: size:29255 dts:608.274 pts:608.274 dur:41.700ms
2024-06-04 18:10:09.132 T:4772 debug : CVideoPlayerVideo::OutputPicture - ttd:440ms pts:605.063 Clock:604.622 Level:6
2024-06-04 18:10:09.138 T:4769 debug : CVideoPlayer::ProcessVideoData size:607840 dts:608.316 pts:608.441 dur:41.700ms, clock:604.628 level:10
2024-06-04 18:10:09.142 T:4769 debug : CVideoPlayer::ProcessPacket packet from enhancement layer: size:48675 dts:608.316 pts:608.441 dur:41.700ms
2024-06-04 18:10:09.149 T:4769 debug : CVideoPlayer::ProcessVideoData size:257252 dts:608.358 pts:608.358 dur:41.700ms, clock:604.639 level:10
2024-06-04 18:10:09.152 T:4769 debug : CVideoPlayer::ProcessPacket packet from enhancement layer: size:37797 dts:608.358 pts:608.358 dur:41.700ms
2024-06-04 18:10:09.155 T:4769 debug : CVideoPlayer::ProcessVideoData size:261881 dts:608.399 pts:608.399 dur:41.700ms, clock:604.645 level:11
2024-06-04 18:10:09.168 T:4769 debug : CVideoPlayer::ProcessPacket packet from enhancement layer: size:30005 dts:608.399 pts:608.399 dur:41.700ms
2024-06-04 18:10:09.169 T:4769 debug : ffmpeg[0x5c3e538]: [mpegts] Invalid timestamps stream=10, pts=55811248, dts=55811309, size=13
2024-06-04 18:10:09.174 T:4772 debug : CVideoPlayerVideo::OutputPicture - ttd:440ms pts:605.105 Clock:604.664 Level:6
2024-06-04 18:10:09.176 T:4769 debug : CVideoPlayer::ProcessVideoData size:594875 dts:18442240474082.180 pts:18442240474082.180 dur:41.700ms, clock:604.666 level:11
2024-06-04 18:10:09.182 T:4769 debug : CVideoPlayer::ProcessPacket packet from enhancement layer: size:50038 dts:608.441 pts:608.566 dur:41.700ms
2024-06-04 18:10:09.188 T:4769 debug : CVideoPlayer::ProcessVideoData size:257933 dts:608.483 pts:608.483 dur:41.700ms, clock:604.678 level:12
2024-06-04 18:10:09.189 T:4769 debug : CVideoPlayer::ProcessPacket packet from enhancement layer: size:38027 dts:608.483 pts:608.483 dur:41.700ms
2024-06-04 18:10:09.197 T:4769 debug : CVideoPlayer::ProcessVideoData size:253382 dts:608.525 pts:608.525 dur:41.700ms, clock:604.687 level:12
2024-06-04 18:10:09.208 T:4769 debug : CVideoPlayer::ProcessPacket packet from enhancement layer: size:30275 dts:608.525 pts:608.525 dur:41.700ms
2024-06-04 18:10:09.216 T:4769 debug : CVideoPlayer::ProcessVideoData size:615314 dts:608.566 pts:608.691 dur:41.700ms, clock:604.706 level:12
2024-06-04 18:10:09.217 T:4769 debug : CVideoPlayer::ProcessPacket packet from enhancement layer: size:50181 dts:608.566 pts:608.691 dur:41.700ms
2024-06-04 18:10:09.218 T:4772 debug : CVideoPlayerVideo::OutputPicture - ttd:438ms pts:605.146 Clock:604.708 Level:6
2024-06-04 18:10:09.225 T:4769 debug : CVideoPlayer::ProcessVideoData size:259882 dts:608.608 pts:608.608 dur:41.700ms, clock:604.715 level:12
2024-06-04 18:10:09.227 T:4769 debug : CVideoPlayer::ProcessPacket packet from enhancement layer: size:27260 dts:608.608 pts:608.608 dur:41.700ms
2024-06-04 18:10:09.228 T:4769 debug : ffmpeg[0x5c3e538]: [mpegts] Invalid timestamps stream=9, pts=55829248, dts=55829309, size=13
2024-06-04 18:10:09.232 T:4769 debug : CVideoPlayer::ProcessVideoData size:259685 dts:608.650 pts:608.650 dur:41.700ms, clock:604.722 level:12
2024-06-04 18:10:09.258 T:4772 debug : CVideoPlayerVideo::OutputPicture - ttd:439ms pts:605.188 Clock:604.748 Level:6
2024-06-04 18:10:09.271 T:4769 debug : CVideoPlayer::ProcessVideoData size:1278455 dts:18442240474082.180 pts:18442240474082.180 dur:41.700ms, clock:604.761 level:12
2024-06-04 18:10:09.272 T:4769 debug : CVideoPlayer::ProcessPacket packet from enhancement layer: size:29519 dts:608.650 pts:608.650 dur:41.700ms
2024-06-04 18:10:09.273 T:4769 debug : CVideoPlayer::ProcessPacket packet from enhancement layer: size:94553 dts:608.691 pts:608.817 dur:41.700ms
2024-06-04 18:10:09.277 T:4769 debug : ffmpeg[0x5c3e538]: [mpegts] Invalid timestamps stream=8, pts=55837073, dts=55837139, size=13
2024-06-04 18:10:09.281 T:4769 debug : CVideoPlayer::ProcessVideoData size:259870 dts:608.733 pts:608.733 dur:41.700ms, clock:604.771 level:13
2024-06-04 18:10:09.287 T:4769 debug : CVideoPlayer::ProcessVideoData size:260840 dts:608.775 pts:608.775 dur:41.700ms, clock:604.777 level:14
2024-06-04 18:10:09.292 T:4769 debug : CVideoPlayer::ProcessPacket packet from enhancement layer: size:36163 dts:608.733 pts:608.733 dur:41.700ms
2024-06-04 18:10:09.300 T:4772 debug : CVideoPlayerVideo::OutputPicture - ttd:440ms pts:605.230 Clock:604.790 Level:6
2024-06-04 18:10:09.306 T:4769 debug : CVideoPlayer::ProcessPacket packet from enhancement layer: size:35336 dts:608.775 pts:608.775 dur:41.700ms
2024-06-04 18:10:09.315 T:4769 debug : CVideoPlayer::ProcessVideoData size:621432 dts:18442240474082.180 pts:18442240474082.180 dur:41.700ms, clock:604.805 level:14
2024-06-04 18:10:09.315 T:4769 debug : CVideoPlayer::ProcessPacket packet from enhancement layer: size:34124 dts:608.817 pts:608.942 dur:41.700ms
2024-06-04 18:10:09.323 T:4769 debug : CVideoPlayer::ProcessVideoData size:265712 dts:608.858 pts:608.858 dur:41.700ms, clock:604.813 level:14
2024-06-04 18:10:09.325 T:4769 debug : CVideoPlayer::ProcessPacket packet from enhancement layer: size:35105 dts:608.858 pts:608.858 dur:41.700ms
2024-06-04 18:10:09.333 T:4769 debug : CVideoPlayer::ProcessVideoData size:261657 dts:608.900 pts:608.900 dur:41.700ms, clock:604.823 level:14
2024-06-04 18:10:09.342 T:4772 debug : CVideoPlayerVideo::OutputPicture - ttd:439ms pts:605.271 Clock:604.832 Level:6
2024-06-04 18:10:09.344 T:4769 debug : CVideoPlayer::ProcessPacket packet from enhancement layer: size:28101 dts:608.900 pts:608.900 dur:41.700ms
2024-06-04 18:10:09.353 T:4769 debug : CVideoPlayer::ProcessVideoData size:629049 dts:608.942 pts:609.067 dur:41.700ms, clock:604.843 level:14
2024-06-04 18:10:09.356 T:4769 debug : CVideoPlayer::ProcessPacket packet from enhancement layer: size:43710 dts:608.942 pts:609.067 dur:41.700ms
2024-06-04 18:10:09.363 T:4769 debug : CVideoPlayer::ProcessVideoData size:256391 dts:608.983 pts:608.983 dur:41.700ms, clock:604.853 level:15
2024-06-04 18:10:09.364 T:4769 debug : CVideoPlayer::ProcessPacket packet from enhancement layer: size:36654 dts:608.983 pts:608.983 dur:41.700ms
2024-06-04 18:10:09.368 T:4769 debug : CVideoPlayer::ProcessVideoData size:258433 dts:609.025 pts:609.025 dur:41.700ms, clock:604.858 level:15
2024-06-04 18:10:09.383 T:4769 debug : CVideoPlayer::ProcessPacket packet from enhancement layer: size:28515 dts:609.025 pts:609.025 dur:41.700ms
2024-06-04 18:10:09.387 T:4772 debug : CVideoPlayerVideo::OutputPicture - ttd:436ms pts:605.313 Clock:604.877 Level:6
2024-06-04 18:10:09.395 T:4769 debug : CVideoPlayer::ProcessVideoData size:616781 dts:18442240474082.180 pts:18442240474082.180 dur:41.700ms, clock:604.885 level:16
2024-06-04 18:10:09.398 T:4769 debug : CVideoPlayer::ProcessPacket packet from enhancement layer: size:47820 dts:609.067 pts:609.192 dur:41.700ms
2024-06-04 18:10:09.405 T:4769 debug : CVideoPlayer::ProcessVideoData size:257189 dts:609.108 pts:609.108 dur:41.700ms, clock:604.895 level:16
2024-06-04 18:10:09.407 T:4769 debug : CVideoPlayer::ProcessPacket packet from enhancement layer: size:29999 dts:609.108 pts:609.108 dur:41.700ms
2024-06-04 18:10:09.417 T:4769 debug : CVideoPlayer::ProcessVideoData size:258317 dts:609.150 pts:609.150 dur:41.700ms, clock:604.907 level:17
2024-06-04 18:10:09.428 T:4772 debug : CVideoPlayerVideo::OutputPicture - ttd:436ms pts:605.355 Clock:604.918 Level:6
2024-06-04 18:10:09.429 T:4769 debug : CVideoPlayer::ProcessPacket packet from enhancement layer: size:30060 dts:609.150 pts:609.150 dur:41.700ms
2024-06-04 18:10:09.439 T:4769 debug : CVideoPlayer::ProcessVideoData size:617975 dts:609.192 pts:609.317 dur:41.700ms, clock:604.929 level:17
2024-06-04 18:10:09.442 T:4769 debug : CVideoPlayer::ProcessPacket packet from enhancement layer: size:48495 dts:609.192 pts:609.317 dur:41.700ms
2024-06-04 18:10:09.447 T:4769 debug : CVideoPlayer::ProcessVideoData size:256212 dts:609.234 pts:609.234 dur:41.700ms, clock:604.937 level:18
2024-06-04 18:10:09.450 T:4769 debug : CVideoPlayer::ProcessPacket packet from enhancement layer: size:29793 dts:609.234 pts:609.234 dur:41.700ms
2024-06-04 18:10:09.457 T:4769 debug : CVideoPlayer::ProcessVideoData size:257028 dts:18442240474082.180 pts:18442240474082.180 dur:41.700ms, clock:604.947 level:18
