2024-06-04 18:09:10.675 T:4365 debug : CVideoPlayer::ProcessVideoData size:142638 dts:4718.422 pts:4718.422 dur:41.700ms, clock:4709.435 level:72
2024-06-04 18:09:10.682 T:4365 debug : CVideoPlayer::ProcessVideoData size:141140 dts:4718.464 pts:4718.464 dur:41.700ms, clock:4709.442 level:100
2024-06-04 18:09:10.684 T:4368 debug : CVideoPlayerVideo::OutputPicture - ttd:386ms pts:4709.830 Clock:4709.444 Level:5
2024-06-04 18:09:10.713 T:4365 debug : CVideoPlayer::ProcessPacket packet from enhancement layer: size:24479 dts:4718.464 pts:4718.464 dur:41.700ms
2024-06-04 18:09:10.720 T:4365 debug : CVideoPlayer::ProcessPacket packet from enhancement layer: size:31156 dts:4718.505 pts:4718.630 dur:41.700ms
2024-06-04 18:09:10.724 T:4368 debug : CVideoPlayerVideo::OutputPicture - ttd:387ms pts:4709.872 Clock:4709.484 Level:6
2024-06-04 18:09:10.725 T:4365 debug : CVideoPlayer::ProcessVideoData size:460511 dts:4718.505 pts:4718.630 dur:41.700ms, clock:4709.485 level:72
2024-06-04 18:09:10.738 T:4365 debug : CVideoPlayer::ProcessPacket packet from enhancement layer: size:23659 dts:4718.547 pts:4718.547 dur:41.700ms
2024-06-04 18:09:10.744 T:4365 debug : CVideoPlayer::ProcessVideoData size:146419 dts:4718.547 pts:4718.547 dur:41.700ms, clock:4709.504 level:72
2024-06-04 18:09:10.749 T:4365 debug : CVideoPlayer::ProcessVideoData size:145861 dts:4718.589 pts:4718.589 dur:41.700ms, clock:4709.509 level:72
2024-06-04 18:09:10.754 T:4365 debug : CVideoPlayer::ProcessPacket packet from enhancement layer: size:23415 dts:4718.589 pts:4718.589 dur:41.700ms
2024-06-04 18:09:10.761 T:4365 debug : CVideoPlayer::ProcessPacket packet from enhancement layer: size:45269 dts:4718.630 pts:4718.756 dur:41.700ms
2024-06-04 18:09:10.764 T:4368 debug : CVideoPlayerVideo::OutputPicture - ttd:389ms pts:4709.914 Clock:4709.524 Level:6
2024-06-04 18:09:10.765 T:4365 debug : CVideoPlayer::ProcessVideoData size:390986 dts:4718.630 pts:4718.756 dur:41.700ms, clock:4709.525 level:73
2024-06-04 18:09:10.807 T:4368 debug : CVideoPlayerVideo::OutputPicture - ttd:388ms pts:4709.955 Clock:4709.567 Level:6
2024-06-04 18:09:10.831 T:4365 debug : CVideoPlayer::ProcessPacket packet from enhancement layer: size:22627 dts:4718.672 pts:4718.672 dur:41.700ms
2024-06-04 18:09:10.834 T:4365 debug : CVideoPlayer::ProcessVideoData size:165999 dts:4718.672 pts:4718.672 dur:41.700ms, clock:4709.594 level:73
2024-06-04 18:09:10.840 T:4365 debug : CVideoPlayer::ProcessVideoData size:142782 dts:4718.714 pts:4718.714 dur:41.700ms, clock:4709.600 level:100
2024-06-04 18:09:10.852 T:4368 debug : CVideoPlayerVideo::OutputPicture - ttd:385ms pts:4709.997 Clock:4709.612 Level:5
2024-06-04 18:09:10.857 T:4365 debug : CVideoPlayer::ProcessPacket packet from enhancement layer: size:25513 dts:4718.714 pts:4718.714 dur:41.700ms
2024-06-04 18:09:10.866 T:4365 debug : CVideoPlayer::ProcessPacket packet from enhancement layer: size:48739 dts:4718.756 pts:4718.881 dur:41.700ms
2024-06-04 18:09:10.870 T:4365 debug : CVideoPlayer::ProcessVideoData size:384824 dts:4718.756 pts:4718.881 dur:41.700ms, clock:4709.630 level:73
2024-06-04 18:09:10.893 T:4368 debug : CVideoPlayerVideo::OutputPicture - ttd:385ms pts:4710.039 Clock:4709.653 Level:5
2024-06-04 18:09:10.931 T:4368 debug : CVideoPlayerVideo::OutputPicture - ttd:389ms pts:4710.081 Clock:4709.691 Level:6
2024-06-04 18:09:10.958 T:4365 debug : CVideoPlayer::ProcessPacket packet from enhancement layer: size:23096 dts:4718.797 pts:4718.797 dur:41.700ms
2024-06-04 18:09:10.963 T:4365 debug : CVideoPlayer::ProcessVideoData size:169351 dts:4718.797 pts:4718.797 dur:41.700ms, clock:4709.723 level:72
2024-06-04 18:09:10.970 T:4365 debug : CVideoPlayer::ProcessVideoData size:143933 dts:4718.839 pts:4718.839 dur:41.700ms, clock:4709.730 level:72
2024-06-04 18:09:10.977 T:4365 debug : CVideoPlayer::ProcessPacket packet from enhancement layer: size:26116 dts:4718.839 pts:4718.839 dur:41.700ms
2024-06-04 18:09:10.979 T:4368 debug : CVideoPlayerVideo::OutputPicture - ttd:383ms pts:4710.122 Clock:4709.739 Level:5
2024-06-04 18:09:10.993 T:4365 debug : CVideoPlayer::ProcessPacket packet from enhancement layer: size:40452 dts:4718.881 pts:4719.006 dur:41.700ms
2024-06-04 18:09:10.996 T:4365 debug : CVideoPlayer::ProcessVideoData size:455248 dts:4718.881 pts:4719.006 dur:41.700ms, clock:4709.756 level:73
2024-06-04 18:09:11.018 T:4368 debug : CVideoPlayerVideo::OutputPicture - ttd:385ms pts:4710.164 Clock:4709.778 Level:5
2024-06-04 18:09:11.059 T:4368 debug : CVideoPlayerVideo::OutputPicture - ttd:386ms pts:4710.206 Clock:4709.819 Level:5
2024-06-04 18:09:11.081 T:4365 debug : CVideoPlayer::ProcessPacket packet from enhancement layer: size:25644 dts:4718.922 pts:4718.922 dur:41.700ms
2024-06-04 18:09:11.085 T:4365 debug : CVideoPlayer::ProcessVideoData size:146806 dts:4718.922 pts:4718.922 dur:41.700ms, clock:4709.845 level:72
2024-06-04 18:09:11.090 T:4365 debug : CVideoPlayer::ProcessVideoData size:145922 dts:4718.964 pts:4718.964 dur:41.700ms, clock:4709.850 level:100
2024-06-04 18:09:11.100 T:4368 debug : CVideoPlayerVideo::OutputPicture - ttd:387ms pts:4710.247 Clock:4709.860 Level:6
2024-06-04 18:09:11.143 T:4368 debug : CVideoPlayerVideo::OutputPicture - ttd:386ms pts:4710.289 Clock:4709.903 Level:6
2024-06-04 18:09:11.151 T:4365 debug : CVideoPlayer::ProcessPacket packet from enhancement layer: size:25616 dts:4718.964 pts:4718.964 dur:41.700ms
2024-06-04 18:09:11.184 T:4368 debug : CVideoPlayerVideo::OutputPicture - ttd:386ms pts:4710.331 Clock:4709.944 Level:6
2024-06-04 18:09:11.205 T:4365 debug : CVideoPlayer::ProcessPacket packet from enhancement layer: size:44234 dts:4719.006 pts:4719.131 dur:41.700ms
2024-06-04 18:09:11.211 T:4365 debug : CVideoPlayer::ProcessVideoData size:388038 dts:4719.006 pts:4719.131 dur:41.700ms, clock:4709.971 level:73
2024-06-04 18:09:11.215 T:4365 debug : CVideoPlayer::ProcessPacket packet from enhancement layer: size:22378 dts:4719.048 pts:4719.048 dur:41.700ms
2024-06-04 18:09:11.218 T:4365 debug : CVideoPlayer::ProcessVideoData size:171104 dts:4719.048 pts:4719.048 dur:41.700ms, clock:4709.978 level:73
2024-06-04 18:09:11.224 T:4368 debug : CVideoPlayerVideo::OutputPicture - ttd:388ms pts:4710.373 Clock:4709.984 Level:6
2024-06-04 18:09:11.225 T:4365 debug : CVideoPlayer::ProcessVideoData size:147173 dts:4719.089 pts:4719.089 dur:41.700ms, clock:4709.985 level:73
2024-06-04 18:09:11.231 T:4365 debug : CVideoPlayer::ProcessPacket packet from enhancement layer: size:25454 dts:4719.089 pts:4719.089 dur:41.700ms
2024-06-04 18:09:11.239 T:4365 debug : CVideoPlayer::ProcessPacket packet from enhancement layer: size:37474 dts:4719.131 pts:4719.256 dur:41.700ms
2024-06-04 18:09:11.244 T:4365 debug : CVideoPlayer::ProcessVideoData size:455610 dts:4719.131 pts:4719.256 dur:41.700ms, clock:4710.004 level:75
2024-06-04 18:09:11.264 T:4368 debug : CVideoPlayerVideo::OutputPicture - ttd:389ms pts:4710.414 Clock:4710.024 Level:6
2024-06-04 18:09:11.288 T:4365 debug : CVideoPlayer::ProcessPacket packet from enhancement layer: size:25212 dts:4719.173 pts:4719.173 dur:41.700ms
2024-06-04 18:09:11.290 T:4365 debug : CVideoPlayer::ProcessVideoData size:146229 dts:4719.173 pts:4719.173 dur:41.700ms, clock:4710.050 level:100
2024-06-04 18:09:11.311 T:4368 debug : CVideoPlayerVideo::OutputPicture - ttd:384ms pts:4710.456 Clock:4710.071 Level:5
2024-06-04 18:09:11.324 T:4340 debug : request received for /jsonrpc
2024-06-04 18:09:11.327 T:4365 debug : CVideoPlayer::ProcessVideoData size:144709 dts:4719.214 pts:4719.214 dur:41.700ms, clock:4710.087 level:73
2024-06-04 18:09:11.340 T:4342 debug : request received for /jsonrpc
2024-06-04 18:09:11.348 T:4368 info : Skipped 1 duplicate messages..
2024-06-04 18:09:11.348 T:4368 debug : CVideoPlayerVideo::OutputPicture - ttd:389ms pts:4710.498 Clock:4710.108 Level:6
2024-06-04 18:09:11.364 T:4365 debug : CVideoPlayer::ProcessPacket packet from enhancement layer: size:25307 dts:4719.214 pts:4719.214 dur:41.700ms
2024-06-04 18:09:11.364 T:4365 debug : CVideoPlayer::ProcessPacket packet from enhancement layer: size:82842 dts:4719.256 pts:4719.381 dur:41.700ms
2024-06-04 18:09:11.394 T:4368 debug : CVideoPlayerVideo::OutputPicture - ttd:385ms pts:4710.539 Clock:4710.154 Level:5
2024-06-04 18:09:11.416 T:4365 debug : CVideoPlayer::ProcessVideoData size:978654 dts:4719.256 pts:4719.381 dur:41.700ms, clock:4710.176 level:73
2024-06-04 18:09:11.434 T:4368 debug : CVideoPlayerVideo::OutputPicture - ttd:386ms pts:4710.581 Clock:4710.194 Level:6
2024-06-04 18:09:11.474 T:4368 debug : CVideoPlayerVideo::OutputPicture - ttd:389ms pts:4710.623 Clock:4710.234 Level:6
2024-06-04 18:09:11.518 T:4368 debug : CVideoPlayerVideo::OutputPicture - ttd:387ms pts:4710.665 Clock:4710.277 Level:5
2024-06-04 18:09:11.533 T:4365 debug : CVideoPlayer::ProcessPacket packet from enhancement layer: size:20585 dts:4719.298 pts:4719.298 dur:41.700ms
2024-06-04 18:09:11.536 T:4365 debug : CVideoPlayer::ProcessVideoData size:171707 dts:4719.298 pts:4719.298 dur:41.700ms, clock:4710.296 level:100
2024-06-04 18:09:11.543 T:4365 debug : CVideoPlayer::ProcessVideoData size:146948 dts:4719.339 pts:4719.339 dur:41.700ms, clock:4710.303 level:100
2024-06-04 18:09:11.552 T:4340 debug : request received for /jsonrpc
2024-06-04 18:09:11.557 T:4368 debug : CVideoPlayerVideo::OutputPicture - ttd:389ms pts:4710.706 Clock:4710.317 Level:6
2024-06-04 18:09:11.559 T:4365 debug : CVideoPlayer::ProcessPacket packet from enhancement layer: size:24022 dts:4719.339 pts:4719.339 dur:41.700ms
2024-06-04 18:09:11.560 T:4340 debug : request received for /jsonrpc
2024-06-04 18:09:11.598 T:4365 info : Skipped 2 duplicate messages..
2024-06-04 18:09:11.598 T:4365 debug : CVideoPlayer::ProcessPacket packet from enhancement layer: size:38957 dts:4719.381 pts:4719.506 dur:41.700ms
2024-06-04 18:09:11.603 T:4368 debug : CVideoPlayerVideo::OutputPicture - ttd:384ms pts:4710.748 Clock:4710.363 Level:5
2024-06-04 18:09:11.606 T:4365 debug : CVideoPlayer::ProcessVideoData size:400434 dts:4719.381 pts:4719.506 dur:41.700ms, clock:4710.366 level:72
2024-06-04 18:09:11.611 T:4365 debug : CVideoPlayer::ProcessPacket packet from enhancement layer: size:23271 dts:4719.423 pts:4719.423 dur:41.700ms
2024-06-04 18:09:11.615 T:4365 debug : CVideoPlayer::ProcessVideoData size:153225 dts:4719.423 pts:4719.423 dur:41.700ms, clock:4710.375 level:72
2024-06-04 18:09:11.617 T:4340 debug : request received for /jsonrpc
2024-06-04 18:09:11.620 T:4365 info : Skipped 1 duplicate messages..
2024-06-04 18:09:11.620 T:4365 debug : CVideoPlayer::ProcessVideoData size:150447 dts:4719.465 pts:4719.465 dur:41.700ms, clock:4710.380 level:72
2024-06-04 18:09:11.625 T:4365 debug : CVideoPlayer::ProcessPacket packet from enhancement layer: size:23355 dts:4719.465 pts:4719.465 dur:41.700ms
2024-06-04 18:09:11.633 T:4365 debug : CVideoPlayer::ProcessPacket packet from enhancement layer: size:39094 dts:4719.506 pts:4719.631 dur:41.700ms
2024-06-04 18:09:11.640 T:4365 debug : CVideoPlayer::ProcessVideoData size:386066 dts:4719.506 pts:4719.631 dur:41.700ms, clock:4710.400 level:73
2024-06-04 18:09:11.641 T:4368 debug : CVideoPlayerVideo::OutputPicture - ttd:388ms pts:4710.790 Clock:4710.401 Level:6
2024-06-04 18:09:11.685 T:4368 debug : CVideoPlayerVideo::OutputPicture - ttd:386ms pts:4710.831 Clock:4710.444 Level:6
2024-06-04 18:09:11.705 T:4365 debug : CVideoPlayer::ProcessPacket packet from enhancement layer: size:24332 dts:4719.548 pts:4719.548 dur:41.700ms
2024-06-04 18:09:11.708 T:4365 debug : CVideoPlayer::ProcessVideoData size:171399 dts:4719.548 pts:4719.548 dur:41.700ms, clock:4710.468 level:72
2024-06-04 18:09:11.716 T:4365 debug : CVideoPlayer::ProcessVideoData size:147198 dts:4719.590 pts:4719.590 dur:41.700ms, clock:4710.476 level:72
2024-06-04 18:09:11.721 T:4365 debug : CVideoPlayer::ProcessPacket packet from enhancement layer: size:20451 dts:4719.590 pts:4719.590 dur:41.700ms
2024-06-04 18:09:11.728 T:4368 debug : CVideoPlayerVideo::OutputPicture - ttd:385ms pts:4710.873 Clock:4710.488 Level:5
2024-06-04 18:09:11.750 T:4365 debug : CVideoPlayer::ProcessPacket packet from enhancement layer: size:34112 dts:4719.631 pts:4719.757 dur:41.700ms
2024-06-04 18:09:11.758 T:4365 debug : CVideoPlayer::ProcessVideoData size:450084 dts:4719.631 pts:4719.757 dur:41.700ms, clock:4710.518 level:73
2024-06-04 18:09:11.768 T:4368 debug : CVideoPlayerVideo::OutputPicture - ttd:386ms pts:4710.915 Clock:4710.528 Level:6
2024-06-04 18:09:11.810 T:4368 debug : CVideoPlayerVideo::OutputPicture - ttd:386ms pts:4710.957 Clock:4710.570 Level:6
2024-06-04 18:09:11.833 T:4365 debug : CVideoPlayer::ProcessPacket packet from enhancement layer: size:26279 dts:4719.673 pts:4719.673 dur:41.700ms
2024-06-04 18:09:11.835 T:4365 debug : CVideoPlayer::ProcessVideoData size:144509 dts:4719.673 pts:4719.673 dur:41.700ms, clock:4710.595 level:72
2024-06-04 18:09:11.841 T:4365 debug : CVideoPlayer::ProcessVideoData size:142622 dts:4719.715 pts:4719.715 dur:41.700ms, clock:4710.601 level:100
2024-06-04 18:09:11.853 T:4368 debug : CVideoPlayerVideo::OutputPicture - ttd:385ms pts:4710.998 Clock:4710.613 Level:5
2024-06-04 18:09:11.869 T:4365 debug : CVideoPlayer::ProcessPacket packet from enhancement layer: size:19935 dts:4719.715 pts:4719.715 dur:41.700ms
2024-06-04 18:09:11.876 T:4365 debug : CVideoPlayer::ProcessPacket packet from enhancement layer: size:36901 dts:4719.757 pts:4719.882 dur:41.700ms
2024-06-04 18:09:11.880 T:4365 debug : CVideoPlayer::ProcessVideoData size:387565 dts:4719.757 pts:4719.882 dur:41.700ms, clock:4710.640 level:73
2024-06-04 18:09:11.893 T:4368 debug : CVideoPlayerVideo::OutputPicture - ttd:386ms pts:4711.040 Clock:4710.653 Level:6
2024-06-04 18:09:11.916 T:4365 debug : CVideoPlayer::ProcessPacket packet from enhancement layer: size:22516 dts:4719.798 pts:4719.798 dur:41.700ms
2024-06-04 18:09:11.932 T:4368 debug : CVideoPlayerVideo::OutputPicture - ttd:390ms pts:4711.082 Clock:4710.691 Level:6
2024-06-04 18:09:11.952 T:4365 debug : CVideoPlayer::ProcessVideoData size:171830 dts:4719.798 pts:4719.798 dur:41.700ms, clock:4710.712 level:73
2024-06-04 18:09:11.968 T:4365 debug : CVideoPlayer::ProcessVideoData size:147182 dts:4719.840 pts:4719.840 dur:41.700ms, clock:4710.728 level:72
2024-06-04 18:09:11.976 T:4365 debug : CVideoPlayer::ProcessPacket packet from enhancement layer: size:19587 dts:4719.840 pts:4719.840 dur:41.700ms
2024-06-04 18:09:11.981 T:4368 debug : CVideoPlayerVideo::OutputPicture - ttd:382ms pts:4711.123 Clock:4710.741 Level:5
2024-06-04 18:09:11.995 T:4365 debug : CVideoPlayer::ProcessPacket packet from enhancement layer: size:32444 dts:4719.882 pts:4720.007 dur:41.700ms
2024-06-04 18:09:12.018 T:4368 debug : CVideoPlayerVideo::OutputPicture - ttd:386ms pts:4711.165 Clock:4710.778 Level:6
2024-06-04 18:09:12.035 T:4365 debug : CVideoPlayer::ProcessVideoData size:452900 dts:4719.882 pts:4720.007 dur:41.700ms, clock:4710.795 level:73
2024-06-04 18:09:12.039 T:4365 debug : CVideoPlayer::ProcessPacket packet from enhancement layer: size:25547 dts:4719.923 pts:4719.923 dur:41.700ms
2024-06-04 18:09:12.057 T:4368 debug : CVideoPlayerVideo::OutputPicture - ttd:389ms pts:4711.206 Clock:4710.817 Level:6
2024-06-04 18:09:12.083 T:4365 debug : CVideoPlayer::ProcessVideoData size:145890 dts:4719.923 pts:4719.923 dur:41.700ms, clock:4710.843 level:73
2024-06-04 18:09:12.089 T:4365 debug : CVideoPlayer::ProcessVideoData size:143514 dts:4719.965 pts:4719.965 dur:41.700ms, clock:4710.849 level:73
2024-06-04 18:09:12.097 T:4365 debug : CVideoPlayer::ProcessPacket packet from enhancement layer: size:19249 dts:4719.965 pts:4719.965 dur:41.700ms
2024-06-04 18:09:12.101 T:4368 debug : CVideoPlayerVideo::OutputPicture - ttd:387ms pts:4711.248 Clock:4710.861 Level:6
2024-06-04 18:09:12.101 T:4365 debug : CVideoPlayer::ProcessPacket packet from enhancement layer: size:39775 dts:4720.007 pts:4720.132 dur:41.700ms
2024-06-04 18:09:12.107 T:4365 debug : CVideoPlayer::ProcessVideoData size:450968 dts:4720.007 pts:4720.132 dur:41.700ms, clock:4710.867 level:75
2024-06-04 18:09:12.131 T:4365 debug : CVideoPlayer::ProcessPacket packet from enhancement layer: size:25086 dts:4720.049 pts:4720.049 dur:41.700ms
2024-06-04 18:09:12.141 T:4368 debug : CVideoPlayerVideo::OutputPicture - ttd:389ms pts:4711.290 Clock:4710.901 Level:6
2024-06-04 18:09:12.185 T:4368 debug : CVideoPlayerVideo::OutputPicture - ttd:386ms pts:4711.331 Clock:4710.945 Level:6
2024-06-04 18:09:12.201 T:4365 debug : CVideoPlayer::ProcessVideoData size:144217 dts:4720.049 pts:4720.049 dur:41.700ms, clock:4710.961 level:74
2024-06-04 18:09:12.207 T:4365 debug : CVideoPlayer::ProcessVideoData size:144632 dts:4720.090 pts:4720.090 dur:41.700ms, clock:4710.967 level:74
2024-06-04 18:09:12.223 T:4368 debug : CVideoPlayerVideo::OutputPicture - ttd:390ms pts:4711.373 Clock:4710.983 Level:6
2024-06-04 18:09:12.254 T:4365 debug : CVideoPlayer::ProcessPacket packet from enhancement layer: size:18993 dts:4720.090 pts:4720.090 dur:41.700ms
2024-06-04 18:09:12.255 T:4365 debug : CVideoPlayer::ProcessPacket packet from enhancement layer: size:66924 dts:4720.132 pts:4720.257 dur:41.700ms
2024-06-04 18:09:12.259 T:4365 debug : CVideoPlayer::ProcessVideoData size:856963 dts:4720.132 pts:4720.257 dur:41.700ms, clock:4711.019 level:75
2024-06-04 18:09:12.266 T:4368 debug : CVideoPlayerVideo::OutputPicture - ttd:388ms pts:4711.415 Clock:4711.026 Level:6
2024-06-04 18:09:12.310 T:4368 debug : CVideoPlayerVideo::OutputPicture - ttd:386ms pts:4711.457 Clock:4711.070 Level:6
2024-06-04 18:09:12.351 T:4368 debug : CVideoPlayerVideo::OutputPicture - ttd:387ms pts:4711.498 Clock:4711.111 Level:6
2024-06-04 18:09:12.365 T:4365 debug : CVideoPlayer::ProcessPacket packet from enhancement layer: size:20849 dts:4720.174 pts:4720.174 dur:41.700ms
2024-06-04 18:09:12.394 T:4368 debug : CVideoPlayerVideo::OutputPicture - ttd:386ms pts:4711.540 Clock:4711.154 Level:5
2024-06-04 18:09:12.415 T:4365 debug : CVideoPlayer::ProcessVideoData size:165408 dts:4720.174 pts:4720.174 dur:41.700ms, clock:4711.175 level:72
2024-06-04 18:09:12.422 T:4365 debug : CVideoPlayer::ProcessVideoData size:142459 dts:4720.215 pts:4720.215 dur:41.700ms, clock:4711.182 level:72
2024-06-04 18:09:12.428 T:4365 debug : CVideoPlayer::ProcessPacket packet from enhancement layer: size:25060 dts:4720.215 pts:4720.215 dur:41.700ms
2024-06-04 18:09:12.435 T:4365 debug : CVideoPlayer::ProcessPacket packet from enhancement layer: size:32815 dts:4720.257 pts:4720.382 dur:41.700ms
2024-06-04 18:09:12.436 T:4368 debug : CVideoPlayerVideo::OutputPicture - ttd:385ms pts:4711.582 Clock:4711.196 Level:5
2024-06-04 18:09:12.462 T:4365 debug : CVideoPlayer::ProcessVideoData size:462650 dts:4720.257 pts:4720.382 dur:41.700ms, clock:4711.222 level:73
2024-06-04 18:09:12.466 T:4365 debug : CVideoPlayer::ProcessPacket packet from enhancement layer: size:24109 dts:4720.299 pts:4720.299 dur:41.700ms
2024-06-04 18:09:12.470 T:4365 debug : CVideoPlayer::ProcessVideoData size:146321 dts:4720.299 pts:4720.299 dur:41.700ms, clock:4711.230 level:72
2024-06-04 18:09:12.478 T:4368 debug : CVideoPlayerVideo::OutputPicture - ttd:385ms pts:4711.623 Clock:4711.238 Level:5
2024-06-04 18:09:12.482 T:4365 debug : CVideoPlayer::ProcessVideoData size:145548 dts:4720.340 pts:4720.340 dur:41.700ms, clock:4711.242 level:72
2024-06-04 18:09:12.487 T:4365 debug : CVideoPlayer::ProcessPacket packet from enhancement layer: size:24424 dts:4720.340 pts:4720.340 dur:41.700ms
2024-06-04 18:09:12.495 T:4365 debug : CVideoPlayer::ProcessPacket packet from enhancement layer: size:47359 dts:4720.382 pts:4720.507 dur:41.700ms
2024-06-04 18:09:12.521 T:4368 debug : CVideoPlayerVideo::OutputPicture - ttd:384ms pts:4711.665 Clock:4711.281 Level:5
2024-06-04 18:09:12.521 T:4365 debug : CVideoPlayer::ProcessVideoData size:390089 dts:4720.382 pts:4720.507 dur:41.700ms, clock:4711.281 level:73
2024-06-04 18:09:12.536 T:4365 debug : CVideoPlayer::ProcessPacket packet from enhancement layer: size:22764 dts:4720.424 pts:4720.424 dur:41.700ms
2024-06-04 18:09:12.560 T:4368 debug : CVideoPlayerVideo::OutputPicture - ttd:386ms pts:4711.707 Clock:4711.320 Level:5
2024-06-04 18:09:12.578 T:4365 debug : CVideoPlayer::ProcessVideoData size:167504 dts:4720.424 pts:4720.424 dur:41.700ms, clock:4711.338 level:73
2024-06-04 18:09:12.583 T:4365 debug : CVideoPlayer::ProcessVideoData size:166058 dts:4720.466 pts:4720.466 dur:41.700ms, clock:4711.343 level:72
2024-06-04 18:09:12.589 T:4365 debug : CVideoPlayer::ProcessPacket packet from enhancement layer: size:22817 dts:4720.466 pts:4720.466 dur:41.700ms
2024-06-04 18:09:12.602 T:4368 debug : CVideoPlayerVideo::OutputPicture - ttd:386ms pts:4711.749 Clock:4711.362 Level:5
2024-06-04 18:09:12.625 T:4365 debug : CVideoPlayer::ProcessPacket packet from enhancement layer: size:50851 dts:4720.507 pts:4720.632 dur:41.700ms
2024-06-04 18:09:12.631 T:4365 debug : CVideoPlayer::ProcessVideoData size:386510 dts:4720.507 pts:4720.632 dur:41.700ms, clock:4711.391 level:73
2024-06-04 18:09:12.639 T:4229 debug : EventClient: button name "select" map "R1" pressed
2024-06-04 18:09:12.642 T:4162 debug : HandleKey: 11 (0xb, obc244) pressed, window 12005, action is OSD
2024-06-04 18:09:12.643 T:4162 debug : ------ Window Init (VideoOSD.xml) ------
2024-06-04 18:09:12.644 T:4162 info : Loading skin file: VideoOSD.xml, load type: LOAD_ON_GUI_INIT
2024-06-04 18:09:12.645 T:4368 debug : CVideoPlayerVideo::OutputPicture - ttd:385ms pts:4711.790 Clock:4711.405 Level:6
2024-06-04 18:09:12.666 T:4162 debug : ------ Window Init (DialogSeekBar.xml) ------
2024-06-04 18:09:12.684 T:4368 debug : CVideoPlayerVideo::OutputPicture - ttd:388ms pts:4711.832 Clock:4711.444 Level:6
2024-06-04 18:09:12.686 T:4365 debug : CVideoPlayer::ProcessPacket packet from enhancement layer: size:23566 dts:4720.549 pts:4720.549 dur:41.700ms
2024-06-04 18:09:12.700 T:4365 debug : CVideoPlayer::ProcessVideoData size:167262 dts:4720.549 pts:4720.549 dur:41.700ms, clock:4711.460 level:72
2024-06-04 18:09:12.707 T:4365 debug : CVideoPlayer::ProcessVideoData size:167305 dts:4720.591 pts:4720.591 dur:41.700ms, clock:4711.467 level:100
2024-06-04 18:09:12.724 T:4365 debug : CVideoPlayer::ProcessPacket packet from enhancement layer: size:23540 dts:4720.591 pts:4720.591 dur:41.700ms
2024-06-04 18:09:12.726 T:4368 debug : CVideoPlayerVideo::OutputPicture - ttd:388ms pts:4711.874 Clock:4711.486 Level:6
2024-06-04 18:09:12.743 T:4365 debug : CVideoPlayer::ProcessPacket packet from enhancement layer: size:43260 dts:4720.632 pts:4720.758 dur:41.700ms
2024-06-04 18:09:12.749 T:4365 debug : CVideoPlayer::ProcessVideoData size:451544 dts:4720.632 pts:4720.758 dur:41.700ms, clock:4711.509 level:73
2024-06-04 18:09:12.767 T:4368 debug : CVideoPlayerVideo::OutputPicture - ttd:388ms pts:4711.915 Clock:4711.527 Level:6
2024-06-04 18:09:12.804 T:4365 debug : CVideoPlayer::ProcessPacket packet from enhancement layer: size:26549 dts:4720.674 pts:4720.674 dur:41.700ms
2024-06-04 18:09:12.812 T:4368 debug : CVideoPlayerVideo::OutputPicture - ttd:385ms pts:4711.957 Clock:4711.572 Level:6
2024-06-04 18:09:12.818 T:4365 debug : CVideoPlayer::ProcessVideoData size:142329 dts:4720.674 pts:4720.674 dur:41.700ms, clock:4711.578 level:73
2024-06-04 18:09:12.834 T:4365 debug : CVideoPlayer::ProcessVideoData size:167010 dts:4720.716 pts:4720.716 dur:41.700ms, clock:4711.594 level:73
2024-06-04 18:09:12.854 T:4368 debug : CVideoPlayerVideo::OutputPicture - ttd:384ms pts:4711.999 Clock:4711.614 Level:6
2024-06-04 18:09:12.866 T:4365 debug : CVideoPlayer::ProcessPacket packet from enhancement layer: size:22524 dts:4720.716 pts:4720.716 dur:41.700ms
2024-06-04 18:09:12.895 T:4368 debug : CVideoPlayerVideo::OutputPicture - ttd:385ms pts:4712.041 Clock:4711.655 Level:6
2024-06-04 18:09:12.919 T:4365 debug : CVideoPlayer::ProcessPacket packet from enhancement layer: size:47850 dts:4720.758 pts:4720.883 dur:41.700ms
2024-06-04 18:09:12.933 T:4368 debug : CVideoPlayerVideo::OutputPicture - ttd:389ms pts:4712.082 Clock:4711.693 Level:6
2024-06-04 18:09:12.960 T:4365 debug : CVideoPlayer::ProcessVideoData size:387637 dts:4720.758 pts:4720.883 dur:41.700ms, clock:4711.720 level:73
2024-06-04 18:09:12.965 T:4365 debug : CVideoPlayer::ProcessPacket packet from enhancement layer: size:22585 dts:4720.799 pts:4720.799 dur:41.700ms
2024-06-04 18:09:12.968 T:4365 debug : CVideoPlayer::ProcessVideoData size:166089 dts:4720.799 pts:4720.799 dur:41.700ms, clock:4711.728 level:73
2024-06-04 18:09:12.977 T:4368 debug : CVideoPlayerVideo::OutputPicture - ttd:386ms pts:4712.124 Clock:4711.737 Level:6
2024-06-04 18:09:12.981 T:4365 debug : CVideoPlayer::ProcessVideoData size:166598 dts:4720.841 pts:4720.841 dur:41.700ms, clock:4711.741 level:73
2024-06-04 18:09:12.987 T:4365 debug : CVideoPlayer::ProcessPacket packet from enhancement layer: size:22676 dts:4720.841 pts:4720.841 dur:41.700ms
2024-06-04 18:09:12.995 T:4365 debug : CVideoPlayer::ProcessPacket packet from enhancement layer: size:41360 dts:4720.883 pts:4721.008 dur:41.700ms
2024-06-04 18:09:12.999 T:4365 debug : CVideoPlayer::ProcessVideoData size:449913 dts:4720.883 pts:4721.008 dur:41.700ms, clock:4711.759 level:75
2024-06-04 18:09:13.020 T:4368 debug : CVideoPlayerVideo::OutputPicture - ttd:385ms pts:4712.166 Clock:4711.780 Level:6
2024-06-04 18:09:13.035 T:4365 debug : CVideoPlayer::ProcessPacket packet from enhancement layer: size:26041 dts:4720.924 pts:4720.924 dur:41.700ms
2024-06-04 18:09:13.061 T:4368 debug : CVideoPlayerVideo::OutputPicture - ttd:386ms pts:4712.207 Clock:4711.821 Level:6
2024-06-04 18:09:13.082 T:4365 debug : CVideoPlayer::ProcessVideoData size:143715 dts:4720.924 pts:4720.924 dur:41.700ms, clock:4711.842 level:74
2024-06-04 18:09:13.089 T:4365 debug : CVideoPlayer::ProcessVideoData size:166349 dts:4720.966 pts:4720.966 dur:41.700ms, clock:4711.849 level:73
2024-06-04 18:09:13.100 T:4368 debug : CVideoPlayerVideo::OutputPicture - ttd:388ms pts:4712.249 Clock:4711.860 Level:6
2024-06-04 18:09:13.132 T:4340 debug : request received for /jsonrpc
2024-06-04 18:09:13.133 T:4365 debug : CVideoPlayer::ProcessPacket packet from enhancement layer: size:21949 dts:4720.966 pts:4720.966 dur:41.700ms
2024-06-04 18:09:13.135 T:4365 debug : CVideoPlayer::ProcessPacket packet from enhancement layer: size:92901 dts:4721.008 pts:4721.133 dur:41.700ms
2024-06-04 18:09:13.145 T:4340 debug : request received for /jsonrpc
2024-06-04 18:09:13.145 T:4368 debug : CVideoPlayerVideo::OutputPicture - ttd:385ms pts:4712.291 Clock:4711.905 Level:6
2024-06-04 18:09:13.153 T:4340 debug : request received for /jsonrpc
2024-06-04 18:09:13.159 T:4365 debug : CVideoPlayer::ProcessVideoData size:858449 dts:4721.008 pts:4721.133 dur:41.700ms, clock:4711.919 level:74
2024-06-04 18:09:13.159 T:4340 debug : request received for /jsonrpc
2024-06-04 18:09:13.188 T:4368 debug : CVideoPlayerVideo::OutputPicture - ttd:384ms pts:4712.333 Clock:4711.948 Level:6
2024-06-04 18:09:13.229 T:4368 debug : CVideoPlayerVideo::OutputPicture - ttd:385ms pts:4712.374 Clock:4711.989 Level:6
2024-06-04 18:09:13.256 T:4365 debug : CVideoPlayer::ProcessPacket packet from enhancement layer: size:24661 dts:4721.050 pts:4721.050 dur:41.700ms
2024-06-04 18:09:13.272 T:4365 debug : CVideoPlayer::ProcessVideoData size:141205 dts:4721.050 pts:4721.050 dur:41.700ms, clock:4712.032 level:73
2024-06-04 18:09:13.276 T:4368 debug : CVideoPlayerVideo::OutputPicture - ttd:380ms pts:4712.416 Clock:4712.035 Level:6
2024-06-04 18:09:13.289 T:4365 debug : CVideoPlayer::ProcessVideoData size:165167 dts:4721.091 pts:4721.091 dur:41.700ms, clock:4712.049 level:72
2024-06-04 18:09:13.292 T:4365 debug : CVideoPlayer::ProcessPacket packet from enhancement layer: size:20896 dts:4721.091 pts:4721.091 dur:41.700ms
2024-06-04 18:09:13.313 T:4368 debug : CVideoPlayerVideo::OutputPicture - ttd:385ms pts:4712.458 Clock:4712.072 Level:6
2024-06-04 18:09:13.340 T:4365 debug : CVideoPlayer::ProcessPacket packet from enhancement layer: size:40238 dts:4721.133 pts:4721.258 dur:41.700ms
2024-06-04 18:09:13.346 T:4365 debug : CVideoPlayer::ProcessVideoData size:390169 dts:4721.133 pts:4721.258 dur:41.700ms, clock:4712.106 level:72
2024-06-04 18:09:13.350 T:4365 debug : CVideoPlayer::ProcessPacket packet from enhancement layer: size:20535 dts:4721.175 pts:4721.175 dur:41.700ms
2024-06-04 18:09:13.353 T:4368 debug : CVideoPlayerVideo::OutputPicture - ttd:386ms pts:4712.499 Clock:4712.113 Level:6
2024-06-04 18:09:13.361 T:4365 debug : CVideoPlayer::ProcessVideoData size:169941 dts:4721.175 pts:4721.175 dur:41.700ms, clock:4712.121 level:72
2024-06-04 18:09:13.365 T:4365 debug : CVideoPlayer::ProcessVideoData size:168944 dts:4721.216 pts:4721.216 dur:41.700ms, clock:4712.125 level:72
2024-06-04 18:09:13.371 T:4365 debug : CVideoPlayer::ProcessPacket packet from enhancement layer: size:20288 dts:4721.216 pts:4721.216 dur:41.700ms
2024-06-04 18:09:13.378 T:4365 debug : CVideoPlayer::ProcessPacket packet from enhancement layer: size:48621 dts:4721.258 pts:4721.383 dur:41.700ms
2024-06-04 18:09:13.381 T:4365 debug : CVideoPlayer::ProcessVideoData size:386479 dts:4721.258 pts:4721.383 dur:41.700ms, clock:4712.141 level:73
2024-06-04 18:09:13.392 T:4368 debug : CVideoPlayerVideo::OutputPicture - ttd:389ms pts:4712.541 Clock:4712.152 Level:6
2024-06-04 18:09:13.426 T:4365 debug : CVideoPlayer::ProcessPacket packet from enhancement layer: size:16377 dts:4721.300 pts:4721.300 dur:41.700ms
2024-06-04 18:09:13.435 T:4368 debug : CVideoPlayerVideo::OutputPicture - ttd:388ms pts:4712.583 Clock:4712.195 Level:6
2024-06-04 18:09:13.452 T:4365 debug : CVideoPlayer::ProcessVideoData size:167523 dts:4721.300 pts:4721.300 dur:41.700ms, clock:4712.212 level:72
2024-06-04 18:09:13.456 T:4365 debug : CVideoPlayer::ProcessVideoData size:167685 dts:4721.341 pts:4721.341 dur:41.700ms, clock:4712.216 level:72
2024-06-04 18:09:13.464 T:4365 debug : CVideoPlayer::ProcessPacket packet from enhancement layer: size:16544 dts:4721.341 pts:4721.341 dur:41.700ms
2024-06-04 18:09:13.479 T:4368 debug : CVideoPlayerVideo::OutputPicture - ttd:385ms pts:4712.625 Clock:4712.239 Level:6
2024-06-04 18:09:13.493 T:4365 debug : CVideoPlayer::ProcessPacket packet from enhancement layer: size:29886 dts:4721.383 pts:4721.508 dur:41.700ms
2024-06-04 18:09:13.497 T:4365 debug : CVideoPlayer::ProcessVideoData size:448462 dts:4721.383 pts:4721.508 dur:41.700ms, clock:4712.257 level:73
2024-06-04 18:09:13.517 T:4368 debug : CVideoPlayerVideo::OutputPicture - ttd:389ms pts:4712.666 Clock:4712.277 Level:6
2024-06-04 18:09:13.554 T:4365 debug : CVideoPlayer::ProcessPacket packet from enhancement layer: size:25062 dts:4721.425 pts:4721.425 dur:41.700ms
2024-06-04 18:09:13.561 T:4368 debug : CVideoPlayerVideo::OutputPicture - ttd:386ms pts:4712.708 Clock:4712.321 Level:6
2024-06-04 18:09:13.583 T:4365 debug : CVideoPlayer::ProcessVideoData size:140955 dts:4721.425 pts:4721.425 dur:41.700ms, clock:4712.343 level:73
2024-06-04 18:09:13.599 T:4365 debug : CVideoPlayer::ProcessVideoData size:163984 dts:4721.467 pts:4721.467 dur:41.700ms, clock:4712.359 level:72
2024-06-04 18:09:13.604 T:4229 debug : EventClient: button name "right" map "R1" pressed
2024-06-04 18:09:13.604 T:4365 debug : CVideoPlayer::ProcessPacket packet from enhancement layer: size:15832 dts:4721.467 pts:4721.467 dur:41.700ms
2024-06-04 18:09:13.605 T:4368 debug : CVideoPlayerVideo::OutputPicture - ttd:385ms pts:4712.750 Clock:4712.365 Level:6
2024-06-04 18:09:13.625 T:4365 debug : CVideoPlayer::ProcessPacket packet from enhancement layer: size:44750 dts:4721.508 pts:4721.633 dur:41.700ms
2024-06-04 18:09:13.629 T:4365 debug : CVideoPlayer::ProcessVideoData size:381944 dts:4721.508 pts:4721.633 dur:41.700ms, clock:4712.389 level:73
2024-06-04 18:09:13.633 T:4365 debug : CVideoPlayer::ProcessPacket packet from enhancement layer: size:22061 dts:4721.550 pts:4721.550 dur:41.700ms
2024-06-04 18:09:13.643 T:4162 debug : HandleKey: 168 (0xa8, obc87) pressed, window 12901, action is Right
2024-06-04 18:09:13.645 T:4368 debug : CVideoPlayerVideo::OutputPicture - ttd:386ms pts:4712.791 Clock:4712.405 Level:6
2024-06-04 18:09:13.684 T:4368 debug : CVideoPlayerVideo::OutputPicture - ttd:388ms pts:4712.833 Clock:4712.444 Level:6
2024-06-04 18:09:13.702 T:4365 debug : CVideoPlayer::ProcessVideoData size:165182 dts:4721.550 pts:4721.550 dur:41.700ms, clock:4712.462 level:72
2024-06-04 18:09:13.709 T:4365 debug : CVideoPlayer::ProcessVideoData size:163958 dts:4721.592 pts:4721.592 dur:41.700ms, clock:4712.469 level:72
2024-06-04 18:09:13.715 T:4365 debug : CVideoPlayer::ProcessPacket packet from enhancement layer: size:15893 dts:4721.592 pts:4721.592 dur:41.700ms
2024-06-04 18:09:13.729 T:4368 debug : CVideoPlayerVideo::OutputPicture - ttd:385ms pts:4712.875 Clock:4712.489 Level:6
2024-06-04 18:09:13.732 T:4365 debug : CVideoPlayer::ProcessPacket packet from enhancement layer: size:28848 dts:4721.633 pts:4721.759 dur:41.700ms
2024-06-04 18:09:13.768 T:4368 debug : CVideoPlayerVideo::OutputPicture - ttd:388ms pts:4712.917 Clock:4712.528 Level:6
2024-06-04 18:09:13.799 T:4365 debug : CVideoPlayer::ProcessVideoData size:451639 dts:4721.633 pts:4721.759 dur:41.700ms, clock:4712.559 level:73
2024-06-04 18:09:13.805 T:4365 debug : CVideoPlayer::ProcessPacket packet from enhancement layer: size:25233 dts:4721.675 pts:4721.675 dur:41.700ms
2024-06-04 18:09:13.811 T:4368 debug : CVideoPlayerVideo::OutputPicture - ttd:386ms pts:4712.958 Clock:4712.571 Level:6
2024-06-04 18:09:13.820 T:4365 debug : CVideoPlayer::ProcessVideoData size:139445 dts:4721.675 pts:4721.675 dur:41.700ms, clock:4712.580 level:74
2024-06-04 18:09:13.827 T:4365 debug : CVideoPlayer::ProcessVideoData size:162975 dts:4721.717 pts:4721.717 dur:41.700ms, clock:4712.587 level:73
2024-06-04 18:09:13.833 T:4365 debug : CVideoPlayer::ProcessPacket packet from enhancement layer: size:21575 dts:4721.717 pts:4721.717 dur:41.700ms
2024-06-04 18:09:13.840 T:4365 debug : CVideoPlayer::ProcessPacket packet from enhancement layer: size:35843 dts:4721.759 pts:4721.884 dur:41.700ms
2024-06-04 18:09:13.843 T:4365 debug : CVideoPlayer::ProcessVideoData size:450085 dts:4721.759 pts:4721.884 dur:41.700ms, clock:4712.603 level:75
2024-06-04 18:09:13.853 T:4368 debug : CVideoPlayerVideo::OutputPicture - ttd:387ms pts:4713.000 Clock:4712.613 Level:6
2024-06-04 18:09:13.868 T:4365 debug : CVideoPlayer::ProcessPacket packet from enhancement layer: size:21435 dts:4721.800 pts:4721.800 dur:41.700ms
2024-06-04 18:09:13.893 T:4368 debug : CVideoPlayerVideo::OutputPicture - ttd:388ms pts:4713.042 Clock:4712.653 Level:6
2024-06-04 18:09:13.935 T:4368 debug : CVideoPlayerVideo::OutputPicture - ttd:388ms pts:4713.083 Clock:4712.695 Level:6
2024-06-04 18:09:13.955 T:4365 debug : CVideoPlayer::ProcessVideoData size:163276 dts:4721.800 pts:4721.800 dur:41.700ms, clock:4712.715 level:73
2024-06-04 18:09:13.963 T:4365 debug : CVideoPlayer::ProcessVideoData size:140850 dts:4721.842 pts:4721.842 dur:41.700ms, clock:4712.723 level:73
2024-06-04 18:09:13.976 T:4368 debug : CVideoPlayerVideo::OutputPicture - ttd:389ms pts:4713.125 Clock:4712.736 Level:6
2024-06-04 18:09:13.985 T:4365 debug : CVideoPlayer::ProcessPacket packet from enhancement layer: size:24667 dts:4721.842 pts:4721.842 dur:41.700ms
2024-06-04 18:09:13.995 T:4365 debug : CVideoPlayer::ProcessPacket packet from enhancement layer: size:60097 dts:4721.884 pts:4722.009 dur:41.700ms
2024-06-04 18:09:14.002 T:4365 debug : CVideoPlayer::ProcessVideoData size:971444 dts:4721.884 pts:4722.009 dur:41.700ms, clock:4712.762 level:75
2024-06-04 18:09:14.018 T:4368 debug : CVideoPlayerVideo::OutputPicture - ttd:389ms pts:4713.167 Clock:4712.778 Level:6
2024-06-04 18:09:14.061 T:4368 debug : CVideoPlayerVideo::OutputPicture - ttd:387ms pts:4713.208 Clock:4712.821 Level:6
2024-06-04 18:09:14.101 T:4368 debug : CVideoPlayerVideo::OutputPicture - ttd:388ms pts:4713.250 Clock:4712.861 Level:6
2024-06-04 18:09:14.119 T:4365 debug : CVideoPlayer::ProcessPacket packet from enhancement layer: size:20241 dts:4721.925 pts:4721.925 dur:41.700ms
2024-06-04 18:09:14.148 T:4368 debug : CVideoPlayerVideo::OutputPicture - ttd:383ms pts:4713.292 Clock:4712.908 Level:6
2024-06-04 18:09:14.156 T:4365 debug : CVideoPlayer::ProcessVideoData size:161648 dts:4721.925 pts:4721.925 dur:41.700ms, clock:4712.916 level:72
2024-06-04 18:09:14.161 T:4365 debug : CVideoPlayer::ProcessVideoData size:139182 dts:4721.967 pts:4721.967 dur:41.700ms, clock:4712.921 level:100
2024-06-04 18:09:14.168 T:4365 debug : CVideoPlayer::ProcessPacket packet from enhancement layer: size:23765 dts:4721.967 pts:4721.967 dur:41.700ms
2024-06-04 18:09:14.176 T:4365 debug : CVideoPlayer::ProcessPacket packet from enhancement layer: size:30307 dts:4722.009 pts:4722.134 dur:41.700ms
2024-06-04 18:09:14.187 T:4368 debug : CVideoPlayerVideo::OutputPicture - ttd:386ms pts:4713.334 Clock:4712.947 Level:6
2024-06-04 18:09:14.199 T:4365 debug : CVideoPlayer::ProcessVideoData size:461198 dts:4722.009 pts:4722.134 dur:41.700ms, clock:4712.959 level:100
2024-06-04 18:09:14.224 T:4365 debug : CVideoPlayer::ProcessPacket packet from enhancement layer: size:23543 dts:4722.051 pts:4722.051 dur:41.700ms
2024-06-04 18:09:14.230 T:4365 debug : CVideoPlayer::ProcessVideoData size:144635 dts:4722.051 pts:4722.051 dur:41.700ms, clock:4712.990 level:72
2024-06-04 18:09:14.233 T:4368 debug : CVideoPlayerVideo::OutputPicture - ttd:381ms pts:4713.375 Clock:4712.993 Level:5
2024-06-04 18:09:14.236 T:4365 debug : CVideoPlayer::ProcessVideoData size:143761 dts:4722.092 pts:4722.092 dur:41.700ms, clock:4712.996 level:72
2024-06-04 18:09:14.241 T:4365 debug : CVideoPlayer::ProcessPacket packet from enhancement layer: size:23400 dts:4722.092 pts:4722.092 dur:41.700ms
2024-06-04 18:09:14.249 T:4365 debug : CVideoPlayer::ProcessPacket packet from enhancement layer: size:45489 dts:4722.134 pts:4722.259 dur:41.700ms
2024-06-04 18:09:14.254 T:4365 debug : CVideoPlayer::ProcessVideoData size:388428 dts:4722.134 pts:4722.259 dur:41.700ms, clock:4713.014 level:73
2024-06-04 18:09:14.268 T:4368 debug : CVideoPlayerVideo::OutputPicture - ttd:388ms pts:4713.417 Clock:4713.028 Level:6
2024-06-04 18:09:14.309 T:4365 debug : CVideoPlayer::ProcessPacket packet from enhancement layer: size:22435 dts:4722.176 pts:4722.176 dur:41.700ms
2024-06-04 18:09:14.314 T:4368 debug : CVideoPlayerVideo::OutputPicture - ttd:385ms pts:4713.459 Clock:4713.074 Level:6
2024-06-04 18:09:14.334 T:4365 debug : CVideoPlayer::ProcessVideoData size:166338 dts:4722.176 pts:4722.176 dur:41.700ms, clock:4713.094 level:72
2024-06-04 18:09:14.341 T:4365 debug : CVideoPlayer::ProcessVideoData size:140494 dts:4722.217 pts:4722.217 dur:41.700ms, clock:4713.101 level:72
2024-06-04 18:09:14.347 T:4365 debug : CVideoPlayer::ProcessPacket packet from enhancement layer: size:25282 dts:4722.217 pts:4722.217 dur:41.700ms
2024-06-04 18:09:14.354 T:4368 debug : CVideoPlayerVideo::OutputPicture - ttd:386ms pts:4713.500 Clock:4713.114 Level:6
2024-06-04 18:09:14.355 T:4365 debug : CVideoPlayer::ProcessPacket packet from enhancement layer: size:51073 dts:4722.259 pts:4722.384 dur:41.700ms
2024-06-04 18:09:14.360 T:4365 debug : CVideoPlayer::ProcessVideoData size:383521 dts:4722.259 pts:4722.384 dur:41.700ms, clock:4713.120 level:73
2024-06-04 18:09:14.397 T:4368 debug : CVideoPlayerVideo::OutputPicture - ttd:385ms pts:4713.542 Clock:4713.157 Level:6
2024-06-04 18:09:14.407 T:4365 debug : CVideoPlayer::ProcessPacket packet from enhancement layer: size:23208 dts:4722.301 pts:4722.301 dur:41.700ms
2024-06-04 18:09:14.436 T:4368 debug : CVideoPlayerVideo::OutputPicture - ttd:388ms pts:4713.584 Clock:4713.196 Level:6
2024-06-04 18:09:14.454 T:4365 debug : CVideoPlayer::ProcessVideoData size:164084 dts:4722.301 pts:4722.301 dur:41.700ms, clock:4713.213 level:72
2024-06-04 18:09:14.461 T:4365 debug : CVideoPlayer::ProcessVideoData size:141863 dts:4722.342 pts:4722.342 dur:41.700ms, clock:4713.221 level:100
2024-06-04 18:09:14.478 T:4365 debug : CVideoPlayer::ProcessPacket packet from enhancement layer: size:26405 dts:4722.342 pts:4722.342 dur:41.700ms
2024-06-04 18:09:14.480 T:4368 debug : CVideoPlayerVideo::OutputPicture - ttd:385ms pts:4713.626 Clock:4713.240 Level:6
2024-06-04 18:09:14.497 T:4365 debug : CVideoPlayer::ProcessPacket packet from enhancement layer: size:39287 dts:4722.384 pts:4722.509 dur:41.700ms
2024-06-04 18:09:14.503 T:4365 debug : CVideoPlayer::ProcessVideoData size:449909 dts:4722.384 pts:4722.509 dur:41.700ms, clock:4713.263 level:73
2024-06-04 18:09:14.521 T:4368 debug : CVideoPlayerVideo::OutputPicture - ttd:386ms pts:4713.667 Clock:4713.281 Level:6
2024-06-04 18:09:14.559 T:4365 debug : CVideoPlayer::ProcessPacket packet from enhancement layer: size:25706 dts:4722.426 pts:4722.426 dur:41.700ms
2024-06-04 18:09:14.561 T:4365 debug : CVideoPlayer::ProcessVideoData size:140299 dts:4722.426 pts:4722.426 dur:41.700ms, clock:4713.321 level:73
2024-06-04 18:09:14.563 T:4368 debug : CVideoPlayerVideo::OutputPicture - ttd:385ms pts:4713.709 Clock:4713.323 Level:6
2024-06-04 18:09:14.572 T:4229 debug : EventClient: button name "select" map "R1" pressed
2024-06-04 18:09:14.588 T:4365 debug : CVideoPlayer::ProcessVideoData size:162871 dts:4722.468 pts:4722.468 dur:41.700ms, clock:4713.348 level:72
2024-06-04 18:09:14.593 T:4365 debug : CVideoPlayer::ProcessPacket packet from enhancement layer: size:21985 dts:4722.468 pts:4722.468 dur:41.700ms
2024-06-04 18:09:14.601 T:4365 debug : CVideoPlayer::ProcessPacket packet from enhancement layer: size:43539 dts:4722.509 pts:4722.634 dur:41.700ms
2024-06-04 18:09:14.602 T:4162 debug : HandleKey: 11 (0xb, obc244) pressed, window 12901, action is Select
2024-06-04 18:09:14.603 T:4162 info : CVideoPlayer::CloseFile()
2024-06-04 18:09:14.603 T:4162 debug : DeleteRenderer - deleting renderer
2024-06-04 18:09:14.603 T:4365 info : CVideoPlayer::OnExit()
2024-06-04 18:09:14.603 T:4162 info : VideoPlayer: waiting for threads to exit
2024-06-04 18:09:14.604 T:4365 debug : CVideoPlayer: updating file item stream details with available streams
2024-06-04 18:09:14.604 T:4365 info : Closing stream player 1
2024-06-04 18:09:14.604 T:4365 info : Waiting for audio thread to exit
2024-06-04 18:09:14.613 T:4369 info : thread end: CVideoPlayerAudio::OnExit()
2024-06-04 18:09:14.613 T:4369 debug : Thread VideoPlayerAudio 3189256704 terminating
2024-06-04 18:09:14.614 T:4365 info : Closing audio device
2024-06-04 18:09:14.624 T:4368 debug : CVideoPlayerVideo::OutputPicture - ttd:386ms pts:4713.751 Clock:4713.364 Level:0
2024-06-04 18:09:14.634 T:4365 debug : CDVDAudio::Flush - flush audio stream
2024-06-04 18:09:14.634 T:4196 debug : CActiveAE::DiscardStream - audio stream deleted
2024-06-04 18:09:14.634 T:4196 debug : CActiveAE::ClearDiscardedBuffers - buffer pool deleted
2024-06-04 18:09:14.641 T:4197 info : Skipped 2 duplicate messages..
2024-06-04 18:09:14.640 T:4197 info : CActiveAESink::OpenSink - initialize sink
2024-06-04 18:09:14.668 T:4368 debug : CVideoPlayerVideo::OutputPicture - ttd:384ms pts:4713.792 Clock:4713.408 Level:0
2024-06-04 18:09:14.669 T:4365 info : Deleting audio codec
2024-06-04 18:09:14.678 T:4365 info : Closing stream player 2
2024-06-04 18:09:14.678 T:4365 info : waiting for video thread to exit
2024-06-04 18:09:14.689 T:4368 debug : CVideoPlayerVideo::OutputPicture - ttd:404ms pts:4713.834 Clock:4713.429 Level:0
2024-06-04 18:09:14.690 T:4368 info : thread end: video_thread
2024-06-04 18:09:14.690 T:4368 debug : Thread VideoPlayerVideo 3197927936 terminating
2024-06-04 18:09:14.699 T:4365 info : deleting video codec
2024-06-04 18:09:14.699 T:4365 debug : DVDVideoCodecAmlogic::Close
2024-06-04 18:09:14.700 T:4365 debug : CAMLCodec::CloseDecoder
2024-06-04 18:09:14.715 T:4340 debug : request received for /jsonrpc
2024-06-04 18:09:14.723 T:4197 debug : CActiveAESink::OpenSink - trying to open device ALSA:surround71:CARD=AMLAUGESOUND,DEV=0
2024-06-04 18:09:14.723 T:4197 info : CAESinkALSA::Initialize - Configure simple control for "AUGESOUND"
2024-06-04 18:09:14.723 T:4197 info : CAESinkALSA - Use card "hw:0" and set codec format "2 CH PCM"
2024-06-04 18:09:14.726 T:4340 debug : request received for /jsonrpc
2024-06-04 18:09:14.753 T:4197 info : CAESinkALSA - Set Spdif to HDMITX to "Spdif"
2024-06-04 18:09:14.753 T:4197 info : CAESinkALSA - Set codec for "Audio spdif_b format"
2024-06-04 18:09:14.753 T:4197 info : CAESinkALSA - Set codec for "Audio spdif format"
2024-06-04 18:09:14.753 T:4197 info : CAESinkALSA::Initialize - Attempting to open device "surround71:CARD=AMLAUGESOUND,DEV=0"
2024-06-04 18:09:14.761 T:4197 info : CAESinkALSA::Initialize - Opened device "surround71:CARD=AMLAUGESOUND,DEV=0"
2024-06-04 18:09:14.761 T:4197 info : CAESinkALSA::InitializeHW - Your hardware does not support AE_FMT_FLOAT, trying other formats
2024-06-04 18:09:14.761 T:4197 info : CAESinkALSA::InitializeHW - Using data format AE_FMT_S24NE4
2024-06-04 18:09:14.762 T:4197 debug : CAESinkALSA::InitializeHW - Request: periodSize 2205, bufferSize 8820
2024-06-04 18:09:14.821 T:4197 debug : CAESinkALSA::InitializeHW - Got: periodSize 2205, bufferSize 8820
2024-06-04 18:09:14.821 T:4197 debug : CAESinkALSA::InitializeHW - Setting timeout to 200 ms
2024-06-04 18:09:14.821 T:4197 debug : CAESinkALSA::GetChannelLayout - Input Channel Count: 2 Output Channel Count: 2
2024-06-04 18:09:14.821 T:4197 debug : CAESinkALSA::GetChannelLayout - Requested Layout: FL, FR
2024-06-04 18:09:14.821 T:4197 debug : CAESinkALSA::GetChannelLayout - Got Layout: FL, FR (ALSA: FL FR)
2024-06-04 18:09:14.822 T:4197 debug : CActiveAESink::OpenSink - ALSA Initialized:
2024-06-04 18:09:14.822 T:4197 debug : Output Device : AML-AUGESOUND
2024-06-04 18:09:14.822 T:4197 debug : Sample Rate : 44100
2024-06-04 18:09:14.822 T:4197 debug : Sample Format : AE_FMT_S24NE4
2024-06-04 18:09:14.822 T:4197 debug : Channel Count : 2
2024-06-04 18:09:14.822 T:4197 debug : Channel Layout: FL, FR
2024-06-04 18:09:14.822 T:4197 debug : Frames : 2205
2024-06-04 18:09:14.822 T:4197 debug : Frame Size : 8
2024-06-04 18:09:14.825 T:4196 debug : CActiveAE::ClearDiscardedBuffers - buffer pool deleted
2024-06-04 18:09:14.941 T:4365 info : Skipped 1 duplicate messages..
2024-06-04 18:09:14.941 T:4365 debug : CAMLVideoBufferPool::~CAMLVideoBufferPool: Deleting 9 buffers
2024-06-04 18:09:14.941 T:4365 info : Closing stream player 3
2024-06-04 18:09:14.956 T:4365 debug : CNFSFile::Close closing file volume1/Atmos/RUSatmos/No.Time.to.Die.2021.UHD.DV.ATMOS.RUSATMOS/BDMV/STREAM/00000.m2ts
2024-06-04 18:09:14.957 T:4365 debug : CBlurayCallback::Logger - bluray.c:1610: BLURAY destroyed!
2024-06-04 18:09:14.957 T:4365 debug : Thread VideoPlayer 3299013120 terminating
2024-06-04 18:09:14.957 T:4162 info : VideoPlayer: finished waiting
2024-06-04 18:09:14.957 T:4162 info : CVideoPlayer::CloseFile()
2024-06-04 18:09:14.957 T:4162 info : VideoPlayer: waiting for threads to exit
2024-06-04 18:09:14.957 T:4162 info : VideoPlayer: finished waiting
2024-06-04 18:09:14.959 T:4162 debug : Radio UECP (RDS) Processor - delete ~CDVDRadioRDSData
2024-06-04 18:09:14.959 T:4162 debug : Audio ID3 tag processor - delete ~CVideoPlayerAudioID3
2024-06-04 18:09:14.959 T:4236 debug : DoWork - Saving file state for video item nfs://192.168.0.100/volume1/Atmos/RUSatmos/No.Time.to.Die.2021.UHD.DV.ATMOS.RUSATMOS/BDMV/index.bdmv
2024-06-04 18:09:14.992 T:4210 debug : OnPlayBackStopped: CApplication::OnPlayBackStopped
2024-06-04 18:09:14.999 T:4162 debug : CGUIWindowManager::PreviousWindow: Deactivate
2024-06-04 18:09:15.000 T:4162 debug : ------ Window Deinit (VideoOSD.xml) ------
2024-06-04 18:09:15.000 T:4162 debug : ------ Window Deinit (VideoFullScreen.xml) ------
2024-06-04 18:09:15.022 T:4162 debug : CWinSystemAmlogicGLESContext::CreateNewWindow: m_bWindowCreated: true, frac rate 0(1), hdrType: sdr(dolbyvision), force mode switch: true
2024-06-04 18:09:15.022 T:4162 debug : CWinSystemAmlogicGLESContext::CreateNewWindow: cur: iWidth: 1920, iHeight: 1080, iScreenWidth: 3840, iScreenHeight: 2160, fRefreshRate: 24.00, dwFlags: 04
2024-06-04 18:09:15.022 T:4162 debug : CWinSystemAmlogicGLESContext::CreateNewWindow: res: iWidth: 1920, iHeight: 1080, iScreenWidth: 1920, iScreenHeight: 1080, fRefreshRate: 60.00, dwFlags: 04
2024-06-04 18:09:15.022 T:4162 debug : AMLUtils::aml_handle_display_stereo_mode old mode 3doff new mode 3doff
2024-06-04 18:09:15.022 T:4162 debug : AMLUtils::aml_handle_display_stereo_mode - no change needed
2024-06-04 18:09:15.173 T:4342 debug : request received for /jsonrpc
2024-06-04 18:09:15.252 T:4162 info : Skipped 2 duplicate messages..
2024-06-04 18:09:15.252 T:4162 debug : AMLUtils::aml_handle_display_stereo_mode old mode 3doff new mode 3doff
2024-06-04 18:09:15.252 T:4162 debug : AMLUtils::aml_handle_display_stereo_mode - no change needed
2024-06-04 18:09:15.252 T:4162 info : GLES: Maximum texture width: 8192
2024-06-04 18:09:15.255 T:4162 debug : CGUIWindowManager::PreviousWindow: Activate new
2024-06-04 18:09:15.263 T:4162 debug : ------ Window Init (MyVideoNav.xml) ------
2024-06-04 18:09:15.264 T:4162 debug : CDirectoryProvider[plugin://script.embuary.helper/?info=jumptoletter&showall=true&reload=0]: refreshing..
2024-06-04 18:09:15.265 T:4236 debug : CScriptRunner: running add-on script Embuary Helper('plugin://script.embuary.helper/', '4', '?info=jumptoletter&showall=true&reload=0')
2024-06-04 18:09:15.266 T:4520 debug : Thread LanguageInvoker start, auto delete: false
2024-06-04 18:09:15.266 T:4236 debug : [threads] name: 'LanguageInvoker' priority: '1'
2024-06-04 18:09:15.266 T:4520 debug : initializing python engine.
2024-06-04 18:09:15.266 T:4520 debug : CPythonInvoker(11, /storage/.kodi/addons/script.embuary.helper/plugin.py): start processing
2024-06-04 18:09:15.266 T:4162 debug : CGUIMediaWindow::GetDirectory (videodb://movies/titles/)
