2024-06-04 18:08:06.145 T:4365 debug : CVideoPlayer::ProcessPacket packet from enhancement layer: size:18512 dts:7.841 pts:7.966 dur:41.700ms
2024-06-04 18:08:06.148 T:4365 debug : CVideoPlayer::ProcessVideoData size:342275 dts:7.841 pts:7.966 dur:41.700ms, clock:0.315 level:31
2024-06-04 18:08:06.150 T:4365 debug : CVideoPlayer::ProcessPacket packet from enhancement layer: size:9246 dts:7.883 pts:7.883 dur:41.700ms
2024-06-04 18:08:06.152 T:4365 debug : CVideoPlayer::ProcessVideoData size:100808 dts:7.883 pts:7.883 dur:41.700ms, clock:0.319 level:31
2024-06-04 18:08:06.158 T:4368 debug : CVideoPlayerVideo::OutputPicture - ttd:425ms pts:0.751 Clock:0.325 Level:6
2024-06-04 18:08:06.158 T:4365 debug : CVideoPlayer::ProcessVideoData size:101856 dts:7.925 pts:7.925 dur:41.700ms, clock:0.325 level:31
2024-06-04 18:08:06.161 T:4365 debug : CVideoPlayer::ProcessPacket packet from enhancement layer: size:9555 dts:7.925 pts:7.925 dur:41.700ms
2024-06-04 18:08:06.169 T:4365 debug : CVideoPlayer::ProcessPacket packet from enhancement layer: size:18589 dts:7.966 pts:8.091 dur:41.700ms
2024-06-04 18:08:06.172 T:4365 debug : CVideoPlayer::ProcessVideoData size:352378 dts:7.966 pts:8.091 dur:41.700ms, clock:0.339 level:32
2024-06-04 18:08:06.174 T:4365 debug : CVideoPlayer::ProcessPacket packet from enhancement layer: size:8325 dts:8.008 pts:8.008 dur:41.700ms
2024-06-04 18:08:06.176 T:4365 debug : CVideoPlayer::ProcessVideoData size:103572 dts:8.008 pts:8.008 dur:41.700ms, clock:0.343 level:33
2024-06-04 18:08:06.182 T:4365 debug : CVideoPlayer::ProcessVideoData size:106709 dts:8.050 pts:8.050 dur:41.700ms, clock:0.349 level:33
2024-06-04 18:08:06.185 T:4365 debug : CVideoPlayer::ProcessPacket packet from enhancement layer: size:8489 dts:8.050 pts:8.050 dur:41.700ms
2024-06-04 18:08:06.191 T:4365 debug : CVideoPlayer::ProcessPacket packet from enhancement layer: size:18236 dts:8.091 pts:8.217 dur:41.700ms
2024-06-04 18:08:06.194 T:4365 debug : CVideoPlayer::ProcessVideoData size:378356 dts:8.091 pts:8.217 dur:41.700ms, clock:0.361 level:34
2024-06-04 18:08:06.197 T:4365 debug : CVideoPlayer::ProcessPacket packet from enhancement layer: size:7425 dts:8.133 pts:8.133 dur:41.700ms
2024-06-04 18:08:06.200 T:4368 debug : CVideoPlayerVideo::OutputPicture - ttd:425ms pts:0.792 Clock:0.367 Level:6
2024-06-04 18:08:06.201 T:4365 debug : CVideoPlayer::ProcessVideoData size:113683 dts:8.133 pts:8.133 dur:41.700ms, clock:0.368 level:34
2024-06-04 18:08:06.206 T:4365 debug : CVideoPlayer::ProcessVideoData size:117929 dts:8.175 pts:8.175 dur:41.700ms, clock:0.373 level:34
2024-06-04 18:08:06.211 T:4365 debug : CVideoPlayer::ProcessPacket packet from enhancement layer: size:7480 dts:8.175 pts:8.175 dur:41.700ms
2024-06-04 18:08:06.218 T:4365 debug : CVideoPlayer::ProcessPacket packet from enhancement layer: size:17027 dts:8.217 pts:8.342 dur:41.700ms
2024-06-04 18:08:06.221 T:4365 debug : CVideoPlayer::ProcessVideoData size:396501 dts:8.217 pts:8.342 dur:41.700ms, clock:0.388 level:35
2024-06-04 18:08:06.224 T:4365 debug : CVideoPlayer::ProcessPacket packet from enhancement layer: size:6899 dts:8.258 pts:8.258 dur:41.700ms
2024-06-04 18:08:06.226 T:4365 debug : CVideoPlayer::ProcessVideoData size:122260 dts:8.258 pts:8.258 dur:41.700ms, clock:0.393 level:36
2024-06-04 18:08:06.231 T:4365 debug : CVideoPlayer::ProcessVideoData size:127635 dts:8.300 pts:8.300 dur:41.700ms, clock:0.398 level:36
2024-06-04 18:08:06.236 T:4365 debug : CVideoPlayer::ProcessPacket packet from enhancement layer: size:6972 dts:8.300 pts:8.300 dur:41.700ms
2024-06-04 18:08:06.240 T:4365 debug : CVideoPlayer::ProcessPacket packet from enhancement layer: size:16363 dts:8.342 pts:8.467 dur:41.700ms
2024-06-04 18:08:06.243 T:4368 debug : CVideoPlayerVideo::OutputPicture - ttd:424ms pts:0.834 Clock:0.410 Level:6
2024-06-04 18:08:06.247 T:4365 debug : CVideoPlayer::ProcessVideoData size:408454 dts:8.342 pts:8.467 dur:41.700ms, clock:0.414 level:37
2024-06-04 18:08:06.249 T:4365 debug : CVideoPlayer::ProcessPacket packet from enhancement layer: size:6953 dts:8.383 pts:8.383 dur:41.700ms
2024-06-04 18:08:06.251 T:4365 debug : CVideoPlayer::ProcessVideoData size:128842 dts:8.383 pts:8.383 dur:41.700ms, clock:0.418 level:38
2024-06-04 18:08:06.258 T:4365 debug : CVideoPlayer::ProcessVideoData size:129368 dts:8.425 pts:8.425 dur:41.700ms, clock:0.425 level:38
2024-06-04 18:08:06.266 T:4365 debug : CVideoPlayer::ProcessPacket packet from enhancement layer: size:7144 dts:8.425 pts:8.425 dur:41.700ms
2024-06-04 18:08:06.270 T:4365 debug : CVideoPlayer::ProcessPacket packet from enhancement layer: size:46675 dts:8.467 pts:8.592 dur:41.700ms
2024-06-04 18:08:06.277 T:4365 debug : CVideoPlayer::ProcessVideoData size:525638 dts:8.467 pts:8.592 dur:41.700ms, clock:0.444 level:39
2024-06-04 18:08:06.280 T:4365 debug : CVideoPlayer::ProcessPacket packet from enhancement layer: size:6207 dts:8.508 pts:8.508 dur:41.700ms
2024-06-04 18:08:06.282 T:4365 debug : CVideoPlayer::ProcessVideoData size:126980 dts:8.508 pts:8.508 dur:41.700ms, clock:0.449 level:39
2024-06-04 18:08:06.285 T:4368 debug : CVideoPlayerVideo::OutputPicture - ttd:424ms pts:0.876 Clock:0.452 Level:6
2024-06-04 18:08:06.288 T:4365 debug : CVideoPlayer::ProcessVideoData size:129449 dts:8.550 pts:8.550 dur:41.700ms, clock:0.455 level:39
2024-06-04 18:08:06.291 T:4365 debug : CVideoPlayer::ProcessPacket packet from enhancement layer: size:6261 dts:8.550 pts:8.550 dur:41.700ms
2024-06-04 18:08:06.298 T:4365 debug : CVideoPlayer::ProcessPacket packet from enhancement layer: size:13236 dts:8.592 pts:8.717 dur:41.700ms
2024-06-04 18:08:06.304 T:4365 debug : CVideoPlayer::ProcessVideoData size:396916 dts:8.592 pts:8.717 dur:41.700ms, clock:0.471 level:39
2024-06-04 18:08:06.306 T:4365 debug : CVideoPlayer::ProcessPacket packet from enhancement layer: size:6040 dts:8.634 pts:8.634 dur:41.700ms
2024-06-04 18:08:06.308 T:4365 debug : CVideoPlayer::ProcessVideoData size:129890 dts:8.634 pts:8.634 dur:41.700ms, clock:0.475 level:40
2024-06-04 18:08:06.314 T:4365 debug : CVideoPlayer::ProcessVideoData size:126743 dts:8.675 pts:8.675 dur:41.700ms, clock:0.481 level:40
2024-06-04 18:08:06.317 T:4365 debug : CVideoPlayer::ProcessPacket packet from enhancement layer: size:6825 dts:8.675 pts:8.675 dur:41.700ms
2024-06-04 18:08:06.321 T:4365 debug : CVideoPlayer::ProcessPacket packet from enhancement layer: size:15181 dts:8.717 pts:8.842 dur:41.700ms
2024-06-04 18:08:06.324 T:4368 debug : CVideoPlayerVideo::OutputPicture - ttd:426ms pts:0.918 Clock:0.491 Level:6
2024-06-04 18:08:06.328 T:4365 debug : CVideoPlayer::ProcessVideoData size:393787 dts:8.717 pts:8.842 dur:41.700ms, clock:0.495 level:41
2024-06-04 18:08:06.332 T:4365 debug : CVideoPlayer::ProcessPacket packet from enhancement layer: size:5920 dts:8.759 pts:8.759 dur:41.700ms
2024-06-04 18:08:06.335 T:4365 debug : CVideoPlayer::ProcessVideoData size:114854 dts:8.759 pts:8.759 dur:41.700ms, clock:0.502 level:41
2024-06-04 18:08:06.341 T:4365 debug : CVideoPlayer::ProcessVideoData size:118578 dts:8.800 pts:8.800 dur:41.700ms, clock:0.508 level:41
2024-06-04 18:08:06.346 T:4365 debug : CVideoPlayer::ProcessPacket packet from enhancement layer: size:6423 dts:8.800 pts:8.800 dur:41.700ms
2024-06-04 18:08:06.352 T:4365 debug : CVideoPlayer::ProcessPacket packet from enhancement layer: size:15101 dts:8.842 pts:8.967 dur:41.700ms
2024-06-04 18:08:06.355 T:4365 debug : CVideoPlayer::ProcessVideoData size:454226 dts:8.842 pts:8.967 dur:41.700ms, clock:0.522 level:43
2024-06-04 18:08:06.357 T:4365 debug : CVideoPlayer::ProcessPacket packet from enhancement layer: size:8123 dts:8.884 pts:8.884 dur:41.700ms
2024-06-04 18:08:06.362 T:4365 debug : CVideoPlayer::ProcessVideoData size:123461 dts:8.884 pts:8.884 dur:41.700ms, clock:0.529 level:43
2024-06-04 18:08:06.366 T:4365 debug : CVideoPlayer::ProcessVideoData size:131331 dts:8.926 pts:8.926 dur:41.700ms, clock:0.533 level:43
2024-06-04 18:08:06.368 T:4368 debug : CVideoPlayerVideo::OutputPicture - ttd:424ms pts:0.959 Clock:0.535 Level:6
2024-06-04 18:08:06.375 T:4365 debug : CVideoPlayer::ProcessPacket packet from enhancement layer: size:6736 dts:8.926 pts:8.926 dur:41.700ms
2024-06-04 18:08:06.380 T:4365 debug : CVideoPlayer::ProcessPacket packet from enhancement layer: size:14480 dts:8.967 pts:9.092 dur:41.700ms
2024-06-04 18:08:06.386 T:4365 debug : CVideoPlayer::ProcessVideoData size:491265 dts:8.967 pts:9.092 dur:41.700ms, clock:0.553 level:44
2024-06-04 18:08:06.388 T:4365 debug : CVideoPlayer::ProcessPacket packet from enhancement layer: size:7909 dts:9.009 pts:9.009 dur:41.700ms
2024-06-04 18:08:06.392 T:4365 debug : CVideoPlayer::ProcessVideoData size:148508 dts:9.009 pts:9.009 dur:41.700ms, clock:0.559 level:45
2024-06-04 18:08:06.398 T:4365 debug : CVideoPlayer::ProcessVideoData size:154050 dts:9.051 pts:9.051 dur:41.700ms, clock:0.565 level:44
2024-06-04 18:08:06.406 T:4365 debug : CVideoPlayer::ProcessPacket packet from enhancement layer: size:8011 dts:9.051 pts:9.051 dur:41.700ms
2024-06-04 18:08:06.410 T:4368 debug : CVideoPlayerVideo::OutputPicture - ttd:424ms pts:1.001 Clock:0.577 Level:6
2024-06-04 18:08:06.411 T:4365 debug : CVideoPlayer::ProcessPacket packet from enhancement layer: size:17486 dts:9.092 pts:9.218 dur:41.700ms
2024-06-04 18:08:06.414 T:4365 debug : CVideoPlayer::ProcessVideoData size:489372 dts:9.092 pts:9.218 dur:41.700ms, clock:0.581 level:46
2024-06-04 18:08:06.414 T:4368 debug : CVideoPlayerVideo::OutputPicture - ttd:463ms pts:1.043 Clock:0.579 Level:6
2024-06-04 18:08:06.419 T:4365 debug : CVideoPlayer::ProcessPacket packet from enhancement layer: size:6234 dts:9.134 pts:9.134 dur:41.700ms
2024-06-04 18:08:06.419 T:4368 debug : CVideoPlayerVideo - CDVDMsg::DEMUXER_PACKET - checking interlace vfmt: null
2024-06-04 18:08:06.422 T:4365 debug : CVideoPlayer::ProcessVideoData size:141557 dts:9.134 pts:9.134 dur:41.700ms, clock:0.589 level:46
2024-06-04 18:08:06.428 T:4365 debug : CVideoPlayer::ProcessVideoData size:139490 dts:9.176 pts:9.176 dur:41.700ms, clock:0.595 level:46
2024-06-04 18:08:06.433 T:4365 debug : CVideoPlayer::ProcessPacket packet from enhancement layer: size:8345 dts:9.176 pts:9.176 dur:41.700ms
2024-06-04 18:08:06.439 T:4365 debug : CVideoPlayer::ProcessPacket packet from enhancement layer: size:17054 dts:9.218 pts:9.343 dur:41.700ms
2024-06-04 18:08:06.442 T:4365 debug : CVideoPlayer::ProcessVideoData size:485668 dts:9.218 pts:9.343 dur:41.700ms, clock:0.609 level:46
2024-06-04 18:08:06.444 T:4365 debug : CVideoPlayer::ProcessPacket packet from enhancement layer: size:7986 dts:9.259 pts:9.259 dur:41.700ms
2024-06-04 18:08:06.447 T:4365 debug : CVideoPlayer::ProcessVideoData size:135414 dts:9.259 pts:9.259 dur:41.700ms, clock:0.614 level:47
2024-06-04 18:08:06.453 T:4365 debug : CVideoPlayer::ProcessVideoData size:133716 dts:9.301 pts:9.301 dur:41.700ms, clock:0.620 level:47
2024-06-04 18:08:06.465 T:4365 debug : CVideoPlayer::ProcessPacket packet from enhancement layer: size:8306 dts:9.301 pts:9.301 dur:41.700ms
2024-06-04 18:08:06.471 T:4365 debug : CVideoPlayer::ProcessPacket packet from enhancement layer: size:45148 dts:9.343 pts:9.468 dur:41.700ms
2024-06-04 18:08:06.476 T:4365 debug : CVideoPlayer::ProcessVideoData size:617120 dts:9.343 pts:9.468 dur:41.700ms, clock:0.643 level:47
2024-06-04 18:08:06.478 T:4365 debug : CVideoPlayer::ProcessPacket packet from enhancement layer: size:6106 dts:9.384 pts:9.384 dur:41.700ms
2024-06-04 18:08:06.481 T:4365 debug : CVideoPlayer::ProcessVideoData size:139077 dts:9.384 pts:9.384 dur:41.700ms, clock:0.648 level:47
2024-06-04 18:08:06.487 T:4365 debug : CVideoPlayer::ProcessVideoData size:142212 dts:9.426 pts:9.426 dur:41.700ms, clock:0.654 level:47
2024-06-04 18:08:06.493 T:4368 debug : CVideoPlayerVideo::OutputPicture - ttd:424ms pts:1.084 Clock:0.660 Level:6
2024-06-04 18:08:06.495 T:4365 debug : CVideoPlayer::ProcessPacket packet from enhancement layer: size:7536 dts:9.426 pts:9.426 dur:41.700ms
2024-06-04 18:08:06.503 T:4365 debug : CVideoPlayer::ProcessPacket packet from enhancement layer: size:16077 dts:9.468 pts:9.593 dur:41.700ms
2024-06-04 18:08:06.508 T:4365 debug : CVideoPlayer::ProcessVideoData size:528457 dts:9.468 pts:9.593 dur:41.700ms, clock:0.675 level:49
2024-06-04 18:08:06.511 T:4365 debug : CVideoPlayer::ProcessPacket packet from enhancement layer: size:7027 dts:9.509 pts:9.509 dur:41.700ms
2024-06-04 18:08:06.513 T:4365 debug : CVideoPlayer::ProcessVideoData size:140501 dts:9.509 pts:9.509 dur:41.700ms, clock:0.680 level:50
2024-06-04 18:08:06.519 T:4365 debug : CVideoPlayer::ProcessVideoData size:142080 dts:9.551 pts:9.551 dur:41.700ms, clock:0.686 level:49
2024-06-04 18:08:06.526 T:4365 debug : CVideoPlayer::ProcessPacket packet from enhancement layer: size:7977 dts:9.551 pts:9.551 dur:41.700ms
2024-06-04 18:08:06.533 T:4365 debug : CVideoPlayer::ProcessPacket packet from enhancement layer: size:17494 dts:9.593 pts:9.718 dur:41.700ms
2024-06-04 18:08:06.534 T:4368 debug : CVideoPlayerVideo::OutputPicture - ttd:424ms pts:1.126 Clock:0.701 Level:6
2024-06-04 18:08:06.535 T:4398 debug : CPythonInvoker(10, /storage/.kodi/addons/script.embuary.info/default.py): script successfully run
2024-06-04 18:08:06.535 T:4398 debug : onExecutionDone(10, /storage/.kodi/addons/script.embuary.info/default.py)
2024-06-04 18:08:06.538 T:4340 debug : request received for /jsonrpc
2024-06-04 18:08:06.538 T:4365 debug : CVideoPlayer::ProcessVideoData size:530447 dts:9.593 pts:9.718 dur:41.700ms, clock:0.705 level:50
2024-06-04 18:08:06.542 T:4365 debug : CVideoPlayer::ProcessPacket packet from enhancement layer: size:7874 dts:9.635 pts:9.635 dur:41.700ms
2024-06-04 18:08:06.544 T:4365 debug : CVideoPlayer::ProcessVideoData size:140968 dts:9.635 pts:9.635 dur:41.700ms, clock:0.711 level:51
2024-06-04 18:08:06.549 T:4340 debug : request received for /jsonrpc
2024-06-04 18:08:06.551 T:4365 debug : CVideoPlayer::ProcessVideoData size:142034 dts:9.676 pts:9.676 dur:41.700ms, clock:0.717 level:51
2024-06-04 18:08:06.555 T:4340 debug : request received for /jsonrpc
2024-06-04 18:08:06.559 T:4365 debug : CVideoPlayer::ProcessPacket packet from enhancement layer: size:8308 dts:9.676 pts:9.676 dur:41.700ms
2024-06-04 18:08:06.564 T:4365 debug : CVideoPlayer::ProcessPacket packet from enhancement layer: size:18154 dts:9.718 pts:9.843 dur:41.700ms
2024-06-04 18:08:06.565 T:4398 debug : .
2024-06-04 18:08:06.565 T:4340 debug : request received for /jsonrpc
2024-06-04 18:08:06.570 T:4365 debug : CVideoPlayer::ProcessVideoData size:514482 dts:9.718 pts:9.843 dur:41.700ms, clock:0.737 level:52
2024-06-04 18:08:06.573 T:4365 debug : CVideoPlayer::ProcessPacket packet from enhancement layer: size:8540 dts:9.760 pts:9.760 dur:41.700ms
2024-06-04 18:08:06.575 T:4365 debug : CVideoPlayer::ProcessVideoData size:144914 dts:9.760 pts:9.760 dur:41.700ms, clock:0.742 level:53
2024-06-04 18:08:06.576 T:4368 debug : CVideoPlayerVideo::OutputPicture - ttd:424ms pts:1.168 Clock:0.743 Level:6
2024-06-04 18:08:06.582 T:4365 debug : CVideoPlayer::ProcessVideoData size:144005 dts:9.801 pts:9.801 dur:41.700ms, clock:0.749 level:53
2024-06-04 18:08:06.587 T:4368 debug : CVideoPlayerVideo - CDVDMsg::DEMUXER_PACKET - checking interlace vfmt: null
2024-06-04 18:08:06.590 T:4365 debug : CVideoPlayer::ProcessPacket packet from enhancement layer: size:8531 dts:9.801 pts:9.801 dur:41.700ms
2024-06-04 18:08:06.594 T:4365 debug : CVideoPlayer::ProcessPacket packet from enhancement layer: size:14344 dts:9.843 pts:9.968 dur:41.700ms
2024-06-04 18:08:06.600 T:4365 debug : CVideoPlayer::ProcessVideoData size:511818 dts:9.843 pts:9.968 dur:41.700ms, clock:0.767 level:53
2024-06-04 18:08:06.602 T:4365 debug : CVideoPlayer::ProcessPacket packet from enhancement layer: size:8557 dts:9.885 pts:9.885 dur:41.700ms
2024-06-04 18:08:06.605 T:4365 debug : CVideoPlayer::ProcessVideoData size:138496 dts:9.885 pts:9.885 dur:41.700ms, clock:0.771 level:53
2024-06-04 18:08:06.610 T:4365 debug : CVideoPlayer::ProcessVideoData size:137951 dts:9.927 pts:9.927 dur:41.700ms, clock:0.777 level:53
2024-06-04 18:08:06.616 T:4365 debug : CVideoPlayer::ProcessPacket packet from enhancement layer: size:8974 dts:9.927 pts:9.927 dur:41.700ms
2024-06-04 18:08:06.616 T:4368 debug : CVideoPlayerVideo::OutputPicture - ttd:426ms pts:1.210 Clock:0.783 Level:6
2024-06-04 18:08:06.624 T:4365 debug : CVideoPlayer::ProcessPacket packet from enhancement layer: size:17787 dts:9.968 pts:10.093 dur:41.700ms
2024-06-04 18:08:06.628 T:4365 debug : CVideoPlayer::ProcessVideoData size:512805 dts:9.968 pts:10.093 dur:41.700ms, clock:0.795 level:54
2024-06-04 18:08:06.628 T:4368 debug : CVideoPlayerVideo - CDVDMsg::DEMUXER_PACKET - checking interlace vfmt: null
2024-06-04 18:08:06.633 T:4365 debug : CVideoPlayer::ProcessPacket packet from enhancement layer: size:6648 dts:10.010 pts:10.010 dur:41.700ms
2024-06-04 18:08:06.636 T:4365 debug : CVideoPlayer::ProcessVideoData size:132016 dts:10.010 pts:10.010 dur:41.700ms, clock:0.803 level:54
2024-06-04 18:08:06.641 T:4365 debug : CVideoPlayer::ProcessVideoData size:135598 dts:10.052 pts:10.052 dur:41.700ms, clock:0.808 level:54
2024-06-04 18:08:06.647 T:4365 debug : CVideoPlayer::ProcessPacket packet from enhancement layer: size:8765 dts:10.052 pts:10.052 dur:41.700ms
2024-06-04 18:08:06.653 T:4365 debug : CVideoPlayer::ProcessPacket packet from enhancement layer: size:17832 dts:10.093 pts:10.219 dur:41.700ms
2024-06-04 18:08:06.658 T:4365 debug : CVideoPlayer::ProcessVideoData size:508207 dts:10.093 pts:10.219 dur:41.700ms, clock:0.825 level:55
2024-06-04 18:08:06.659 T:4368 debug : CVideoPlayerVideo::OutputPicture - ttd:425ms pts:1.251 Clock:0.826 Level:6
2024-06-04 18:08:06.661 T:4365 debug : CVideoPlayer::ProcessPacket packet from enhancement layer: size:8331 dts:10.135 pts:10.135 dur:41.700ms
2024-06-04 18:08:06.665 T:4365 debug : CVideoPlayer::ProcessVideoData size:126324 dts:10.135 pts:10.135 dur:41.700ms, clock:0.832 level:55
2024-06-04 18:08:06.670 T:4365 debug : CVideoPlayer::ProcessVideoData size:129562 dts:10.177 pts:10.177 dur:41.700ms, clock:0.836 level:56
2024-06-04 18:08:06.673 T:4398 debug : Python interpreter stopped
2024-06-04 18:08:06.673 T:4398 debug : Thread LanguageInvoker 3234075136 terminating
2024-06-04 18:08:06.681 T:4365 debug : CVideoPlayer::ProcessPacket packet from enhancement layer: size:8828 dts:10.177 pts:10.177 dur:41.700ms
2024-06-04 18:08:06.685 T:4365 debug : CVideoPlayer::ProcessPacket packet from enhancement layer: size:47012 dts:10.219 pts:10.344 dur:41.700ms
2024-06-04 18:08:06.691 T:4365 debug : CVideoPlayer::ProcessVideoData size:640132 dts:10.219 pts:10.344 dur:41.700ms, clock:0.858 level:56
2024-06-04 18:08:06.694 T:4365 debug : CVideoPlayer::ProcessPacket packet from enhancement layer: size:6121 dts:10.260 pts:10.260 dur:41.700ms
2024-06-04 18:08:06.697 T:4365 debug : CVideoPlayer::ProcessVideoData size:120257 dts:10.260 pts:10.260 dur:41.700ms, clock:0.864 level:57
2024-06-04 18:08:06.700 T:4368 debug : CVideoPlayerVideo::OutputPicture - ttd:425ms pts:1.293 Clock:0.867 Level:6
2024-06-04 18:08:06.703 T:4365 debug : CVideoPlayer::ProcessVideoData size:125013 dts:10.302 pts:10.302 dur:41.700ms, clock:0.870 level:57
2024-06-04 18:08:06.710 T:4365 debug : CVideoPlayer::ProcessPacket packet from enhancement layer: size:7750 dts:10.302 pts:10.302 dur:41.700ms
2024-06-04 18:08:06.716 T:4365 debug : CVideoPlayer::ProcessPacket packet from enhancement layer: size:14705 dts:10.344 pts:10.469 dur:41.700ms
2024-06-04 18:08:06.719 T:4365 debug : CVideoPlayer::ProcessVideoData size:495542 dts:10.344 pts:10.469 dur:41.700ms, clock:0.886 level:57
2024-06-04 18:08:06.721 T:4365 debug : CVideoPlayer::ProcessPacket packet from enhancement layer: size:6644 dts:10.385 pts:10.385 dur:41.700ms
2024-06-04 18:08:06.726 T:4365 debug : CVideoPlayer::ProcessVideoData size:114940 dts:10.385 pts:10.385 dur:41.700ms, clock:0.893 level:58
2024-06-04 18:08:06.730 T:4365 debug : CVideoPlayer::ProcessVideoData size:115758 dts:10.427 pts:10.427 dur:41.700ms, clock:0.897 level:58
2024-06-04 18:08:06.737 T:4365 debug : CVideoPlayer::ProcessPacket packet from enhancement layer: size:7419 dts:10.427 pts:10.427 dur:41.700ms
2024-06-04 18:08:06.741 T:4365 debug : CVideoPlayer::ProcessPacket packet from enhancement layer: size:15350 dts:10.469 pts:10.594 dur:41.700ms
2024-06-04 18:08:06.744 T:4365 debug : CVideoPlayer::ProcessVideoData size:486158 dts:10.469 pts:10.594 dur:41.700ms, clock:0.911 level:59
2024-06-04 18:08:06.747 T:4368 debug : CVideoPlayerVideo::OutputPicture - ttd:420ms pts:1.335 Clock:0.914 Level:6
2024-06-04 18:08:06.748 T:4365 debug : CVideoPlayer::ProcessPacket packet from enhancement layer: size:6627 dts:10.510 pts:10.510 dur:41.700ms
2024-06-04 18:08:06.754 T:4365 debug : CVideoPlayer::ProcessVideoData size:112563 dts:10.510 pts:10.510 dur:41.700ms, clock:0.921 level:58
2024-06-04 18:08:06.757 T:4365 debug : CVideoPlayer::ProcessVideoData size:111035 dts:10.552 pts:10.552 dur:41.700ms, clock:0.924 level:58
2024-06-04 18:08:06.764 T:4365 debug : CVideoPlayer::ProcessPacket packet from enhancement layer: size:7004 dts:10.552 pts:10.552 dur:41.700ms
2024-06-04 18:08:06.768 T:4365 debug : CVideoPlayer::ProcessPacket packet from enhancement layer: size:15398 dts:10.594 pts:10.719 dur:41.700ms
2024-06-04 18:08:06.771 T:4365 debug : CVideoPlayer::ProcessVideoData size:488934 dts:10.594 pts:10.719 dur:41.700ms, clock:0.938 level:59
2024-06-04 18:08:06.773 T:4365 debug : CVideoPlayer::ProcessPacket packet from enhancement layer: size:6478 dts:10.636 pts:10.636 dur:41.700ms
2024-06-04 18:08:06.775 T:4365 debug : CVideoPlayer::ProcessVideoData size:107000 dts:10.636 pts:10.636 dur:41.700ms, clock:0.942 level:60
2024-06-04 18:08:06.780 T:4365 debug : CVideoPlayer::ProcessVideoData size:107370 dts:10.677 pts:10.677 dur:41.700ms, clock:0.947 level:60
2024-06-04 18:08:06.785 T:4368 debug : CVideoPlayerVideo::OutputPicture - ttd:424ms pts:1.376 Clock:0.952 Level:6
2024-06-04 18:08:06.786 T:4365 debug : CVideoPlayer::ProcessPacket packet from enhancement layer: size:6759 dts:10.677 pts:10.677 dur:41.700ms
2024-06-04 18:08:06.793 T:4365 debug : CVideoPlayer::ProcessPacket packet from enhancement layer: size:15228 dts:10.719 pts:10.844 dur:41.700ms
2024-06-04 18:08:06.797 T:4365 debug : CVideoPlayer::ProcessVideoData size:487525 dts:10.719 pts:10.844 dur:41.700ms, clock:0.963 level:61
2024-06-04 18:08:06.799 T:4365 debug : CVideoPlayer::ProcessPacket packet from enhancement layer: size:6687 dts:10.761 pts:10.761 dur:41.700ms
2024-06-04 18:08:06.801 T:4365 debug : CVideoPlayer::ProcessVideoData size:104120 dts:10.761 pts:10.761 dur:41.700ms, clock:0.968 level:62
2024-06-04 18:08:06.806 T:4365 debug : CVideoPlayer::ProcessVideoData size:103401 dts:10.802 pts:10.802 dur:41.700ms, clock:0.973 level:61
2024-06-04 18:08:06.812 T:4365 debug : CVideoPlayer::ProcessPacket packet from enhancement layer: size:7173 dts:10.802 pts:10.802 dur:41.700ms
2024-06-04 18:08:06.819 T:4365 debug : CVideoPlayer::ProcessPacket packet from enhancement layer: size:15131 dts:10.844 pts:10.969 dur:41.700ms
2024-06-04 18:08:06.822 T:4365 debug : CVideoPlayer::ProcessVideoData size:496141 dts:10.844 pts:10.969 dur:41.700ms, clock:0.989 level:63
2024-06-04 18:08:06.824 T:4365 debug : CVideoPlayer::ProcessPacket packet from enhancement layer: size:7090 dts:10.886 pts:10.886 dur:41.700ms
2024-06-04 18:08:06.826 T:4365 debug : CVideoPlayer::ProcessVideoData size:99535 dts:10.886 pts:10.886 dur:41.700ms, clock:0.993 level:64
2024-06-04 18:08:06.828 T:4368 debug : CVideoPlayerVideo::OutputPicture - ttd:423ms pts:1.418 Clock:0.995 Level:6
2024-06-04 18:08:06.832 T:4365 debug : CVideoPlayer::ProcessVideoData size:103418 dts:10.928 pts:10.928 dur:41.700ms, clock:0.999 level:64
2024-06-04 18:08:06.837 T:4365 debug : CVideoPlayer::ProcessPacket packet from enhancement layer: size:7304 dts:10.928 pts:10.928 dur:41.700ms
2024-06-04 18:08:06.844 T:4365 debug : CVideoPlayer::ProcessPacket packet from enhancement layer: size:15223 dts:10.969 pts:11.094 dur:41.700ms
2024-06-04 18:08:06.847 T:4365 debug : CVideoPlayer::ProcessVideoData size:493532 dts:10.969 pts:11.094 dur:41.700ms, clock:1.014 level:64
2024-06-04 18:08:06.849 T:4365 debug : CVideoPlayer::ProcessPacket packet from enhancement layer: size:6656 dts:11.011 pts:11.011 dur:41.700ms
2024-06-04 18:08:06.851 T:4365 debug : CVideoPlayer::ProcessVideoData size:100213 dts:11.011 pts:11.011 dur:41.700ms, clock:1.018 level:64
2024-06-04 18:08:06.856 T:4365 debug : CVideoPlayer::ProcessVideoData size:96750 dts:11.053 pts:11.053 dur:41.700ms, clock:1.023 level:65
2024-06-04 18:08:06.868 T:4368 debug : CVideoPlayerVideo::OutputPicture - ttd:425ms pts:1.460 Clock:1.035 Level:6
2024-06-04 18:08:06.868 T:4365 debug : CVideoPlayer::ProcessPacket packet from enhancement layer: size:7415 dts:11.053 pts:11.053 dur:41.700ms
2024-06-04 18:08:06.872 T:4365 debug : CVideoPlayer::ProcessPacket packet from enhancement layer: size:53205 dts:11.094 pts:11.220 dur:41.700ms
2024-06-04 18:08:06.876 T:4365 debug : CVideoPlayer::ProcessVideoData size:619382 dts:11.094 pts:11.220 dur:41.700ms, clock:1.043 level:66
2024-06-04 18:08:06.878 T:4365 debug : CVideoPlayer::ProcessPacket packet from enhancement layer: size:6346 dts:11.136 pts:11.136 dur:41.700ms
2024-06-04 18:08:06.882 T:4365 debug : CVideoPlayer::ProcessVideoData size:92918 dts:11.136 pts:11.136 dur:41.700ms, clock:1.049 level:66
2024-06-04 18:08:06.885 T:4365 debug : CVideoPlayer::ProcessVideoData size:92030 dts:11.178 pts:11.178 dur:41.700ms, clock:1.052 level:65
2024-06-04 18:08:06.891 T:4365 debug : CVideoPlayer::ProcessPacket packet from enhancement layer: size:7105 dts:11.178 pts:11.178 dur:41.700ms
2024-06-04 18:08:06.894 T:4365 debug : CVideoPlayer::ProcessPacket packet from enhancement layer: size:13339 dts:11.220 pts:11.345 dur:41.700ms
2024-06-04 18:08:06.900 T:4365 debug : CVideoPlayer::ProcessVideoData size:468965 dts:11.220 pts:11.345 dur:41.700ms, clock:1.067 level:66
2024-06-04 18:08:06.902 T:4365 debug : CVideoPlayer::ProcessPacket packet from enhancement layer: size:5245 dts:11.261 pts:11.261 dur:41.700ms
2024-06-04 18:08:06.904 T:4365 debug : CVideoPlayer::ProcessVideoData size:91870 dts:11.261 pts:11.261 dur:41.700ms, clock:1.071 level:67
2024-06-04 18:08:06.909 T:4365 debug : CVideoPlayer::ProcessVideoData size:91446 dts:11.303 pts:11.303 dur:41.700ms, clock:1.076 level:66
2024-06-04 18:08:06.911 T:4368 debug : CVideoPlayerVideo::OutputPicture - ttd:423ms pts:1.501 Clock:1.078 Level:6
2024-06-04 18:08:06.915 T:4368 debug : CVideoPlayerVideo::OutputPicture - ttd:463ms pts:1.543 Clock:1.079 Level:6
2024-06-04 18:08:06.915 T:4365 debug : CVideoPlayer::ProcessPacket packet from enhancement layer: size:5762 dts:11.303 pts:11.303 dur:41.700ms
2024-06-04 18:08:06.919 T:4365 debug : CVideoPlayer::ProcessPacket packet from enhancement layer: size:14020 dts:11.345 pts:11.470 dur:41.700ms
2024-06-04 18:08:06.925 T:4365 debug : CVideoPlayer::ProcessVideoData size:471676 dts:11.345 pts:11.470 dur:41.700ms, clock:1.092 level:67
2024-06-04 18:08:06.927 T:4365 debug : CVideoPlayer::ProcessPacket packet from enhancement layer: size:5828 dts:11.386 pts:11.386 dur:41.700ms
2024-06-04 18:08:06.929 T:4365 debug : CVideoPlayer::ProcessVideoData size:91740 dts:11.386 pts:11.386 dur:41.700ms, clock:1.096 level:67
2024-06-04 18:08:06.934 T:4365 debug : CVideoPlayer::ProcessVideoData size:92847 dts:11.428 pts:11.428 dur:41.700ms, clock:1.101 level:68
2024-06-04 18:08:06.940 T:4365 debug : CVideoPlayer::ProcessPacket packet from enhancement layer: size:6587 dts:11.428 pts:11.428 dur:41.700ms
2024-06-04 18:08:06.943 T:4365 debug : CVideoPlayer::ProcessPacket packet from enhancement layer: size:14035 dts:11.470 pts:11.595 dur:41.700ms
2024-06-04 18:08:06.949 T:4365 debug : CVideoPlayer::ProcessVideoData size:467085 dts:11.470 pts:11.595 dur:41.700ms, clock:1.116 level:69
2024-06-04 18:08:06.949 T:4365 debug : CVideoPlayer::ProcessPacket packet from enhancement layer: size:5853 dts:11.511 pts:11.511 dur:41.700ms
2024-06-04 18:08:06.954 T:4365 debug : CVideoPlayer::ProcessVideoData size:90108 dts:11.511 pts:11.511 dur:41.700ms, clock:1.121 level:69
2024-06-04 18:08:06.957 T:4365 debug : CVideoPlayer::ProcessVideoData size:88492 dts:11.553 pts:11.553 dur:41.700ms, clock:1.124 level:69
2024-06-04 18:08:06.962 T:4365 debug : CVideoPlayer::ProcessPacket packet from enhancement layer: size:5878 dts:11.553 pts:11.553 dur:41.700ms
2024-06-04 18:08:06.966 T:4365 debug : CVideoPlayer::ProcessPacket packet from enhancement layer: size:13715 dts:11.595 pts:11.720 dur:41.700ms
2024-06-04 18:08:06.971 T:4365 debug : CVideoPlayer::ProcessVideoData size:460351 dts:11.595 pts:11.720 dur:41.700ms, clock:1.138 level:70
2024-06-04 18:08:06.971 T:4365 debug : CVideoPlayer::ProcessPacket packet from enhancement layer: size:5820 dts:11.637 pts:11.637 dur:41.700ms
2024-06-04 18:08:06.976 T:4365 debug : CVideoPlayer::ProcessVideoData size:89352 dts:11.637 pts:11.637 dur:41.700ms, clock:1.143 level:70
2024-06-04 18:08:06.982 T:4365 debug : CVideoPlayer::ProcessVideoData size:84367 dts:11.678 pts:11.678 dur:41.700ms, clock:1.149 level:70
2024-06-04 18:08:06.988 T:4365 debug : CVideoPlayer::ProcessPacket packet from enhancement layer: size:5945 dts:11.678 pts:11.678 dur:41.700ms
2024-06-04 18:08:06.991 T:4365 debug : CVideoPlayer::ProcessPacket packet from enhancement layer: size:13219 dts:11.720 pts:11.845 dur:41.700ms
2024-06-04 18:08:06.992 T:4368 debug : CVideoPlayerVideo::OutputPicture - ttd:425ms pts:1.585 Clock:1.159 Level:6
2024-06-04 18:08:06.994 T:4365 debug : CVideoPlayer::ProcessVideoData size:446835 dts:11.720 pts:11.845 dur:41.700ms, clock:1.161 level:71
2024-06-04 18:08:06.996 T:4365 debug : CVideoPlayer::ProcessPacket packet from enhancement layer: size:5902 dts:11.762 pts:11.762 dur:41.700ms
2024-06-04 18:08:07.001 T:4365 debug : CVideoPlayer::ProcessVideoData size:86142 dts:11.762 pts:11.762 dur:41.700ms, clock:1.168 level:71
2024-06-04 18:08:07.005 T:4365 debug : CVideoPlayer::ProcessVideoData size:83221 dts:11.803 pts:11.803 dur:41.700ms, clock:1.172 level:71
2024-06-04 18:08:07.010 T:4365 debug : CVideoPlayer::ProcessPacket packet from enhancement layer: size:5880 dts:11.803 pts:11.803 dur:41.700ms
2024-06-04 18:08:07.013 T:4365 debug : CVideoPlayer::ProcessPacket packet from enhancement layer: size:12960 dts:11.845 pts:11.970 dur:41.700ms
2024-06-04 18:08:07.016 T:4365 debug : CVideoPlayer::ProcessVideoData size:435830 dts:11.845 pts:11.970 dur:41.700ms, clock:1.183 level:72
2024-06-04 18:08:07.018 T:4365 debug : CVideoPlayer::ProcessPacket packet from enhancement layer: size:5881 dts:11.887 pts:11.887 dur:41.700ms
2024-06-04 18:08:07.023 T:4365 debug : CVideoPlayer::ProcessVideoData size:87281 dts:11.887 pts:11.887 dur:41.700ms, clock:1.190 level:73
2024-06-04 18:08:07.026 T:4365 debug : CVideoPlayer::ProcessVideoData size:82901 dts:11.929 pts:11.929 dur:41.700ms, clock:1.193 level:73
2024-06-04 18:08:07.035 T:4368 debug : CVideoPlayerVideo::OutputPicture - ttd:425ms pts:1.627 Clock:1.201 Level:6
2024-06-04 18:08:07.036 T:4365 debug : CVideoPlayer::ProcessPacket packet from enhancement layer: size:5730 dts:11.929 pts:11.929 dur:41.700ms
2024-06-04 18:08:07.040 T:4365 debug : CVideoPlayer::ProcessPacket packet from enhancement layer: size:51099 dts:11.970 pts:12.095 dur:41.700ms
2024-06-04 18:08:07.044 T:4365 debug : CVideoPlayer::ProcessVideoData size:563879 dts:11.970 pts:12.095 dur:41.700ms, clock:1.211 level:74
2024-06-04 18:08:07.046 T:4365 debug : CVideoPlayer::ProcessPacket packet from enhancement layer: size:5389 dts:12.012 pts:12.012 dur:41.700ms
2024-06-04 18:08:07.049 T:4365 debug : CVideoPlayer::ProcessVideoData size:83682 dts:12.012 pts:12.012 dur:41.700ms, clock:1.216 level:74
2024-06-04 18:08:07.054 T:4365 debug : CVideoPlayer::ProcessVideoData size:80376 dts:12.054 pts:12.054 dur:41.700ms, clock:1.221 level:74
2024-06-04 18:08:07.058 T:4365 debug : CVideoPlayer::ProcessPacket packet from enhancement layer: size:5298 dts:12.054 pts:12.054 dur:41.700ms
2024-06-04 18:08:07.062 T:4365 debug : CVideoPlayer::ProcessPacket packet from enhancement layer: size:10908 dts:12.095 pts:12.221 dur:41.700ms
2024-06-04 18:08:07.065 T:4365 debug : CVideoPlayer::ProcessVideoData size:394812 dts:12.095 pts:12.221 dur:41.700ms, clock:1.232 level:75
2024-06-04 18:08:07.068 T:4365 debug : CVideoPlayer::ProcessPacket packet from enhancement layer: size:5739 dts:12.137 pts:12.137 dur:41.700ms
2024-06-04 18:08:07.069 T:4365 debug : CVideoPlayer::ProcessVideoData size:79510 dts:12.137 pts:12.137 dur:41.700ms, clock:1.236 level:76
2024-06-04 18:08:07.075 T:4365 debug : CVideoPlayer::ProcessVideoData size:75021 dts:12.179 pts:12.179 dur:41.700ms, clock:1.242 level:76
2024-06-04 18:08:07.077 T:4365 debug : CVideoPlayer::ProcessPacket packet from enhancement layer: size:5974 dts:12.179 pts:12.179 dur:41.700ms
2024-06-04 18:08:07.079 T:4368 debug : CVideoPlayerVideo::OutputPicture - ttd:422ms pts:1.668 Clock:1.246 Level:6
2024-06-04 18:08:07.084 T:4365 debug : CVideoPlayer::ProcessPacket packet from enhancement layer: size:15136 dts:12.221 pts:12.346 dur:41.700ms
2024-06-04 18:08:07.087 T:4365 debug : CVideoPlayer::ProcessVideoData size:402945 dts:12.221 pts:12.346 dur:41.700ms, clock:1.254 level:77
2024-06-04 18:08:07.088 T:4365 debug : CVideoPlayer::ProcessPacket packet from enhancement layer: size:6925 dts:12.262 pts:12.262 dur:41.700ms
2024-06-04 18:08:07.091 T:4365 debug : CVideoPlayer::ProcessVideoData size:67980 dts:12.262 pts:12.262 dur:41.700ms, clock:1.258 level:78
2024-06-04 18:08:07.096 T:4365 debug : CVideoPlayer::ProcessVideoData size:69189 dts:12.304 pts:12.304 dur:41.700ms, clock:1.263 level:78
2024-06-04 18:08:07.100 T:4365 debug : CVideoPlayer::ProcessPacket packet from enhancement layer: size:5212 dts:12.304 pts:12.304 dur:41.700ms
2024-06-04 18:08:07.106 T:4365 debug : CVideoPlayer::ProcessVideoData size:333606 dts:12.346 pts:12.471 dur:41.700ms, clock:1.273 level:78
2024-06-04 18:08:07.106 T:4365 debug : CVideoPlayer::ProcessPacket packet from enhancement layer: size:15875 dts:12.346 pts:12.471 dur:41.700ms
2024-06-04 18:08:07.109 T:4365 debug : CVideoPlayer::ProcessVideoData size:61539 dts:12.387 pts:12.387 dur:41.700ms, clock:1.276 level:79
2024-06-04 18:08:07.110 T:4365 debug : CVideoPlayer::ProcessPacket packet from enhancement layer: size:5408 dts:12.387 pts:12.387 dur:41.700ms
2024-06-04 18:08:07.116 T:4365 debug : CVideoPlayer::ProcessVideoData size:63488 dts:12.429 pts:12.429 dur:41.700ms, clock:1.283 level:79
2024-06-04 18:08:07.116 T:4365 debug : CVideoPlayer::ProcessPacket packet from enhancement layer: size:7298 dts:12.429 pts:12.429 dur:41.700ms
2024-06-04 18:08:07.118 T:4368 debug : CVideoPlayerVideo::OutputPicture - ttd:425ms pts:1.710 Clock:1.284 Level:6
2024-06-04 18:08:07.121 T:4365 debug : CVideoPlayer::ProcessVideoData size:272758 dts:12.471 pts:12.596 dur:41.700ms, clock:1.288 level:79
2024-06-04 18:08:07.122 T:4365 debug : CVideoPlayer::ProcessPacket packet from enhancement layer: size:13895 dts:12.471 pts:12.596 dur:41.700ms
2024-06-04 18:08:07.126 T:4365 debug : CVideoPlayer::ProcessVideoData size:58732 dts:12.512 pts:12.512 dur:41.700ms, clock:1.293 level:80
2024-06-04 18:08:07.126 T:4365 debug : CVideoPlayer::ProcessPacket packet from enhancement layer: size:5351 dts:12.512 pts:12.512 dur:41.700ms
2024-06-04 18:08:07.132 T:4365 debug : CVideoPlayer::ProcessVideoData size:58100 dts:12.554 pts:12.554 dur:41.700ms, clock:1.299 level:80
2024-06-04 18:08:07.134 T:4365 debug : CVideoPlayer::ProcessPacket packet from enhancement layer: size:6942 dts:12.554 pts:12.554 dur:41.700ms
2024-06-04 18:08:07.139 T:4365 debug : CVideoPlayer::ProcessVideoData size:274925 dts:12.596 pts:12.721 dur:41.700ms, clock:1.306 level:81
2024-06-04 18:08:07.139 T:4365 debug : CVideoPlayer::ProcessPacket packet from enhancement layer: size:13654 dts:12.596 pts:12.721 dur:41.700ms
2024-06-04 18:08:07.143 T:4365 debug : CVideoPlayer::ProcessVideoData size:55934 dts:12.638 pts:12.638 dur:41.700ms, clock:1.310 level:81
2024-06-04 18:08:07.143 T:4365 debug : CVideoPlayer::ProcessPacket packet from enhancement layer: size:6812 dts:12.638 pts:12.638 dur:41.700ms
2024-06-04 18:08:07.149 T:4365 debug : CVideoPlayer::ProcessVideoData size:56805 dts:12.679 pts:12.679 dur:41.700ms, clock:1.316 level:81
2024-06-04 18:08:07.151 T:4365 debug : CVideoPlayer::ProcessPacket packet from enhancement layer: size:6974 dts:12.679 pts:12.679 dur:41.700ms
2024-06-04 18:08:07.154 T:4365 debug : CVideoPlayer::ProcessVideoData size:287209 dts:12.721 pts:12.846 dur:41.700ms, clock:1.321 level:82
2024-06-04 18:08:07.154 T:4365 debug : CVideoPlayer::ProcessPacket packet from enhancement layer: size:13760 dts:12.721 pts:12.846 dur:41.700ms
2024-06-04 18:08:07.159 T:4365 debug : CVideoPlayer::ProcessVideoData size:56676 dts:12.763 pts:12.763 dur:41.700ms, clock:1.326 level:82
2024-06-04 18:08:07.161 T:4368 debug : CVideoPlayerVideo::OutputPicture - ttd:423ms pts:1.752 Clock:1.328 Level:6
2024-06-04 18:08:07.161 T:4365 debug : CVideoPlayer::ProcessPacket packet from enhancement layer: size:7242 dts:12.763 pts:12.763 dur:41.700ms
2024-06-04 18:08:07.167 T:4365 debug : CVideoPlayer::ProcessVideoData size:57002 dts:12.804 pts:12.804 dur:41.700ms, clock:1.334 level:83
2024-06-04 18:08:07.175 T:4365 debug : CVideoPlayer::ProcessPacket packet from enhancement layer: size:5821 dts:12.804 pts:12.804 dur:41.700ms
2024-06-04 18:08:07.179 T:4365 debug : CVideoPlayer::ProcessVideoData size:545382 dts:12.846 pts:12.971 dur:41.700ms, clock:1.346 level:83
2024-06-04 18:08:07.180 T:4365 debug : CVideoPlayer::ProcessPacket packet from enhancement layer: size:43016 dts:12.846 pts:12.971 dur:41.700ms
2024-06-04 18:08:07.184 T:4365 debug : CVideoPlayer::ProcessVideoData size:53767 dts:12.888 pts:12.888 dur:41.700ms, clock:1.351 level:84
2024-06-04 18:08:07.186 T:4365 debug : CVideoPlayer::ProcessPacket packet from enhancement layer: size:6886 dts:12.888 pts:12.888 dur:41.700ms
2024-06-04 18:08:07.190 T:4365 debug : CVideoPlayer::ProcessVideoData size:54724 dts:12.930 pts:12.930 dur:41.700ms, clock:1.357 level:84
2024-06-04 18:08:07.192 T:4365 debug : CVideoPlayer::ProcessPacket packet from enhancement layer: size:6660 dts:12.930 pts:12.930 dur:41.700ms
2024-06-04 18:08:07.197 T:4365 debug : CVideoPlayer::ProcessVideoData size:247914 dts:12.971 pts:13.096 dur:41.700ms, clock:1.364 level:85
2024-06-04 18:08:07.197 T:4365 debug : CVideoPlayer::ProcessPacket packet from enhancement layer: size:11646 dts:12.971 pts:13.096 dur:41.700ms
2024-06-04 18:08:07.199 T:4365 debug : CVideoPlayer::ProcessVideoData size:54876 dts:13.013 pts:13.013 dur:41.700ms, clock:1.366 level:85
2024-06-04 18:08:07.201 T:4365 debug : CVideoPlayer::ProcessPacket packet from enhancement layer: size:5008 dts:13.013 pts:13.013 dur:41.700ms
2024-06-04 18:08:07.202 T:4368 debug : CVideoPlayerVideo::OutputPicture - ttd:424ms pts:1.793 Clock:1.369 Level:6
2024-06-04 18:08:07.208 T:4365 debug : CVideoPlayer::ProcessVideoData size:55859 dts:13.055 pts:13.055 dur:41.700ms, clock:1.375 level:85
2024-06-04 18:08:07.209 T:4365 debug : CVideoPlayer::ProcessPacket packet from enhancement layer: size:5415 dts:13.055 pts:13.055 dur:41.700ms
2024-06-04 18:08:07.214 T:4365 debug : CVideoPlayer::ProcessVideoData size:255822 dts:13.096 pts:13.222 dur:41.700ms, clock:1.381 level:86
2024-06-04 18:08:07.214 T:4365 debug : CVideoPlayer::ProcessPacket packet from enhancement layer: size:14721 dts:13.096 pts:13.222 dur:41.700ms
2024-06-04 18:08:07.218 T:4365 debug : CVideoPlayer::ProcessVideoData size:53127 dts:13.138 pts:13.138 dur:41.700ms, clock:1.385 level:87
2024-06-04 18:08:07.218 T:4365 debug : CVideoPlayer::ProcessPacket packet from enhancement layer: size:6125 dts:13.138 pts:13.138 dur:41.700ms
2024-06-04 18:08:07.225 T:4365 debug : CVideoPlayer::ProcessVideoData size:53760 dts:13.180 pts:13.180 dur:41.700ms, clock:1.392 level:87
2024-06-04 18:08:07.227 T:4365 debug : CVideoPlayer::ProcessPacket packet from enhancement layer: size:6420 dts:13.180 pts:13.180 dur:41.700ms
2024-06-04 18:08:07.229 T:4365 debug : CVideoPlayer::ProcessVideoData size:260000 dts:13.222 pts:13.347 dur:41.700ms, clock:1.396 level:87
2024-06-04 18:08:07.231 T:4365 debug : CVideoPlayer::ProcessPacket packet from enhancement layer: size:15560 dts:13.222 pts:13.347 dur:41.700ms
2024-06-04 18:08:07.233 T:4365 debug : CVideoPlayer::ProcessVideoData size:50548 dts:13.263 pts:13.263 dur:41.700ms, clock:1.400 level:88
2024-06-04 18:08:07.233 T:4365 debug : CVideoPlayer::ProcessPacket packet from enhancement layer: size:6430 dts:13.263 pts:13.263 dur:41.700ms
2024-06-04 18:08:07.243 T:4365 debug : CVideoPlayer::ProcessVideoData size:52295 dts:13.305 pts:13.305 dur:41.700ms, clock:1.410 level:89
2024-06-04 18:08:07.243 T:4365 debug : CVideoPlayer::ProcessPacket packet from enhancement layer: size:6567 dts:13.305 pts:13.305 dur:41.700ms
2024-06-04 18:08:07.245 T:4368 debug : CVideoPlayerVideo::OutputPicture - ttd:423ms pts:1.835 Clock:1.411 Level:6
2024-06-04 18:08:07.247 T:4365 debug : CVideoPlayer::ProcessVideoData size:255971 dts:13.347 pts:13.472 dur:41.700ms, clock:1.414 level:89
2024-06-04 18:08:07.248 T:4365 debug : CVideoPlayer::ProcessPacket packet from enhancement layer: size:15728 dts:13.347 pts:13.472 dur:41.700ms
2024-06-04 18:08:07.251 T:4365 debug : CVideoPlayer::ProcessVideoData size:48028 dts:13.388 pts:13.388 dur:41.700ms, clock:1.418 level:89
2024-06-04 18:08:07.252 T:4365 debug : CVideoPlayer::ProcessPacket packet from enhancement layer: size:6442 dts:13.388 pts:13.388 dur:41.700ms
2024-06-04 18:08:07.258 T:4365 debug : CVideoPlayer::ProcessVideoData size:49189 dts:13.430 pts:13.430 dur:41.700ms, clock:1.425 level:90
2024-06-04 18:08:07.261 T:4365 debug : CVideoPlayer::ProcessPacket packet from enhancement layer: size:6952 dts:13.430 pts:13.430 dur:41.700ms
2024-06-04 18:08:07.265 T:4365 debug : CVideoPlayer::ProcessVideoData size:325549 dts:13.472 pts:13.597 dur:41.700ms, clock:1.432 level:91
2024-06-04 18:08:07.265 T:4365 debug : CVideoPlayer::ProcessPacket packet from enhancement layer: size:17170 dts:13.472 pts:13.597 dur:41.700ms
2024-06-04 18:08:07.269 T:4365 debug : CVideoPlayer::ProcessVideoData size:59015 dts:13.513 pts:13.513 dur:41.700ms, clock:1.436 level:91
2024-06-04 18:08:07.269 T:4365 debug : CVideoPlayer::ProcessPacket packet from enhancement layer: size:7779 dts:13.513 pts:13.513 dur:41.700ms
2024-06-04 18:08:07.275 T:4365 debug : CVideoPlayer::ProcessVideoData size:54304 dts:13.555 pts:13.555 dur:41.700ms, clock:1.442 level:91
2024-06-04 18:08:07.280 T:4365 debug : CVideoPlayer::ProcessPacket packet from enhancement layer: size:7833 dts:13.555 pts:13.555 dur:41.700ms
2024-06-04 18:08:07.284 T:4365 debug : CVideoPlayer::ProcessPacket packet from enhancement layer: size:13376 dts:13.597 pts:13.722 dur:41.700ms
2024-06-04 18:08:07.285 T:4368 debug : CVideoPlayerVideo::OutputPicture - ttd:424ms pts:1.877 Clock:1.452 Level:6
2024-06-04 18:08:07.286 T:4365 debug : CVideoPlayer::ProcessVideoData size:428924 dts:13.597 pts:13.722 dur:41.700ms, clock:1.453 level:93
2024-06-04 18:08:07.289 T:4365 debug : CVideoPlayer::ProcessPacket packet from enhancement layer: size:7551 dts:13.639 pts:13.639 dur:41.700ms
2024-06-04 18:08:07.291 T:4365 debug : CVideoPlayer::ProcessVideoData size:66598 dts:13.639 pts:13.639 dur:41.700ms, clock:1.458 level:93
2024-06-04 18:08:07.296 T:4365 debug : CVideoPlayer::ProcessVideoData size:66975 dts:13.680 pts:13.680 dur:41.700ms, clock:1.463 level:93
2024-06-04 18:08:07.302 T:4365 debug : CVideoPlayer::ProcessPacket packet from enhancement layer: size:7325 dts:13.680 pts:13.680 dur:41.700ms
2024-06-04 18:08:07.308 T:4365 debug : CVideoPlayer::ProcessPacket packet from enhancement layer: size:43945 dts:13.722 pts:13.847 dur:41.700ms
2024-06-04 18:08:07.311 T:4365 debug : CVideoPlayer::ProcessVideoData size:489532 dts:13.722 pts:13.847 dur:41.700ms, clock:1.478 level:94
2024-06-04 18:08:07.314 T:4365 debug : CVideoPlayer::ProcessPacket packet from enhancement layer: size:6298 dts:13.764 pts:13.764 dur:41.700ms
2024-06-04 18:08:07.315 T:4365 debug : CVideoPlayer::ProcessVideoData size:82103 dts:13.764 pts:13.764 dur:41.700ms, clock:1.482 level:94
2024-06-04 18:08:07.322 T:4365 debug : CVideoPlayer::ProcessVideoData size:77795 dts:13.805 pts:13.805 dur:41.700ms, clock:1.489 level:94
2024-06-04 18:08:07.324 T:4365 debug : CVideoPlayer::ProcessPacket packet from enhancement layer: size:5798 dts:13.805 pts:13.805 dur:41.700ms
2024-06-04 18:08:07.326 T:4368 debug : CVideoPlayerVideo::OutputPicture - ttd:425ms pts:1.919 Clock:1.493 Level:6
2024-06-04 18:08:07.330 T:4365 debug : CVideoPlayer::ProcessPacket packet from enhancement layer: size:8424 dts:13.847 pts:13.972 dur:41.700ms
2024-06-04 18:08:07.335 T:4365 debug : CVideoPlayer::ProcessVideoData size:362133 dts:13.847 pts:13.972 dur:41.700ms, clock:1.502 level:95
2024-06-04 18:08:07.336 T:4365 debug : CVideoPlayer::ProcessPacket packet from enhancement layer: size:4898 dts:13.889 pts:13.889 dur:41.700ms
2024-06-04 18:08:07.339 T:4365 debug : CVideoPlayer::ProcessVideoData size:89125 dts:13.889 pts:13.889 dur:41.700ms, clock:1.506 level:95
2024-06-04 18:08:07.343 T:4365 debug : CVideoPlayer::ProcessVideoData size:70295 dts:13.931 pts:13.931 dur:41.700ms, clock:1.510 level:96
2024-06-04 18:08:07.345 T:4365 debug : CVideoPlayer::ProcessPacket packet from enhancement layer: size:6452 dts:13.931 pts:13.931 dur:41.700ms
2024-06-04 18:08:07.349 T:4365 debug : CVideoPlayer::ProcessPacket packet from enhancement layer: size:6053 dts:13.972 pts:14.097 dur:41.700ms
2024-06-04 18:08:07.354 T:4365 debug : CVideoPlayer::ProcessVideoData size:265463 dts:13.972 pts:14.097 dur:41.700ms, clock:1.521 level:97
2024-06-04 18:08:07.354 T:4365 debug : CVideoPlayer::ProcessPacket packet from enhancement layer: size:5823 dts:14.014 pts:14.014 dur:41.700ms
2024-06-04 18:08:07.358 T:4365 debug : CVideoPlayer::ProcessVideoData size:96684 dts:14.014 pts:14.014 dur:41.700ms, clock:1.525 level:97
2024-06-04 18:08:07.360 T:4365 debug : CVideoPlayer::ProcessPacket packet from enhancement layer: size:5922 dts:14.056 pts:14.056 dur:41.700ms
2024-06-04 18:08:07.362 T:4365 debug : CVideoPlayer::ProcessVideoData size:76527 dts:14.056 pts:14.056 dur:41.700ms, clock:1.529 level:97
2024-06-04 18:08:07.365 T:4365 debug : CVideoPlayer::ProcessPacket packet from enhancement layer: size:6357 dts:14.097 pts:14.139 dur:41.700ms
2024-06-04 18:08:07.368 T:4368 debug : CVideoPlayerVideo::OutputPicture - ttd:425ms pts:1.960 Clock:1.535 Level:6
2024-06-04 18:08:07.371 T:4365 debug : CVideoPlayer::ProcessVideoData size:184384 dts:14.097 pts:14.139 dur:41.700ms, clock:1.538 level:98
2024-06-04 18:08:07.372 T:4365 debug : CVideoPlayer::ProcessVideoData size:105079 dts:14.139 pts:14.181 dur:41.700ms, clock:1.539 level:98
2024-06-04 18:08:07.373 T:4365 debug : CVideoPlayer::ProcessPacket packet from enhancement layer: size:2006 dts:14.139 pts:14.181 dur:41.700ms
2024-06-04 18:08:07.376 T:4365 debug : CVideoPlayer::ProcessVideoData size:28712 dts:14.181 pts:14.223 dur:41.700ms, clock:1.543 level:99
2024-06-04 18:08:07.377 T:4365 debug : CVideoPlayer::ProcessPacket packet from enhancement layer: size:38351 dts:14.181 pts:14.223 dur:41.700ms
2024-06-04 18:08:07.378 T:4365 debug : CVideoPlayer::ProcessVideoData size:2909 dts:14.223 pts:14.348 dur:41.700ms, clock:1.545 level:100
2024-06-04 18:08:07.378 T:4365 debug : CVideoPlayer::ProcessPacket packet from enhancement layer: size:4858 dts:14.223 pts:14.348 dur:41.700ms
2024-06-04 18:08:07.381 T:4365 debug : CVideoPlayer::ProcessVideoData size:1426 dts:14.264 pts:14.264 dur:41.700ms, clock:1.548 level:100
2024-06-04 18:08:07.382 T:4365 debug : CVideoPlayer::ProcessPacket packet from enhancement layer: size:3499 dts:14.264 pts:14.264 dur:41.700ms
2024-06-04 18:08:07.383 T:4365 debug : CVideoPlayer::ProcessVideoData size:726 dts:14.306 pts:14.306 dur:41.700ms, clock:1.550 level:100
2024-06-04 18:08:07.383 T:4365 debug : CVideoPlayer::ProcessPacket packet from enhancement layer: size:3900 dts:14.306 pts:14.306 dur:41.700ms
2024-06-04 18:08:07.385 T:4365 debug : CVideoPlayer::ProcessVideoData size:6439 dts:14.348 pts:14.473 dur:41.700ms, clock:1.552 level:100
2024-06-04 18:08:07.385 T:4365 debug : CVideoPlayer::ProcessPacket packet from enhancement layer: size:4455 dts:14.348 pts:14.473 dur:41.700ms
2024-06-04 18:08:07.386 T:4365 debug : CVideoPlayer::ProcessVideoData size:475 dts:14.389 pts:14.389 dur:41.700ms, clock:1.553 level:100
2024-06-04 18:08:07.387 T:4365 debug : CVideoPlayer::ProcessPacket packet from enhancement layer: size:3295 dts:14.389 pts:14.389 dur:41.700ms
2024-06-04 18:08:07.390 T:4365 debug : CVideoPlayer::ProcessVideoData size:540 dts:14.431 pts:14.431 dur:41.700ms, clock:1.557 level:100
2024-06-04 18:08:07.391 T:4365 debug : CVideoPlayer::ProcessPacket packet from enhancement layer: size:3237 dts:14.431 pts:14.431 dur:41.700ms
2024-06-04 18:08:07.392 T:4365 debug : CVideoPlayer::ProcessVideoData size:6118 dts:14.473 pts:14.598 dur:41.700ms, clock:1.559 level:100
2024-06-04 18:08:07.392 T:4365 debug : CVideoPlayer::ProcessPacket packet from enhancement layer: size:2168 dts:14.473 pts:14.598 dur:41.700ms
2024-06-04 18:08:07.393 T:4365 debug : CVideoPlayer::ProcessVideoData size:322 dts:14.514 pts:14.514 dur:41.700ms, clock:1.560 level:100
2024-06-04 18:08:07.393 T:4365 debug : CVideoPlayer::ProcessPacket packet from enhancement layer: size:1781 dts:14.514 pts:14.514 dur:41.700ms
2024-06-04 18:08:07.397 T:4365 debug : CVideoPlayer::ProcessVideoData size:332 dts:14.556 pts:14.556 dur:41.700ms, clock:1.564 level:100
2024-06-04 18:08:07.397 T:4365 debug : CVideoPlayer::ProcessPacket packet from enhancement layer: size:1884 dts:14.556 pts:14.556 dur:41.700ms
