2024-06-04 18:10:17.435 T:4772 debug : CVideoPlayerVideo::OutputPicture - ttd:438ms pts:613.363 Clock:612.925 Level:6
2024-06-04 18:10:17.471 T:4769 debug : CVideoPlayer::ProcessPacket packet from enhancement layer: size:47395 dts:619.828 pts:619.953 dur:41.700ms
2024-06-04 18:10:17.474 T:4772 debug : CVideoPlayerVideo::OutputPicture - ttd:440ms pts:613.405 Clock:612.964 Level:6
2024-06-04 18:10:17.517 T:4772 debug : CVideoPlayerVideo::OutputPicture - ttd:439ms pts:613.446 Clock:613.007 Level:6
2024-06-04 18:10:17.531 T:4769 debug : CVideoPlayer::ProcessVideoData size:316586 dts:619.869 pts:619.869 dur:41.700ms, clock:613.021 level:53
2024-06-04 18:10:17.559 T:4772 debug : CVideoPlayerVideo::OutputPicture - ttd:438ms pts:613.488 Clock:613.049 Level:6
2024-06-04 18:10:17.567 T:4769 debug : CVideoPlayer::ProcessVideoData size:320033 dts:619.911 pts:619.911 dur:41.700ms, clock:613.057 level:54
2024-06-04 18:10:17.594 T:4769 debug : CVideoPlayer::ProcessPacket packet from enhancement layer: size:24840 dts:619.869 pts:619.869 dur:41.700ms
2024-06-04 18:10:17.596 T:4769 debug : ffmpeg[0x5c3e538]: [mpegts] Invalid timestamps stream=8, pts=56843030, dts=56843069, size=13
2024-06-04 18:10:17.601 T:4772 debug : CVideoPlayerVideo::OutputPicture - ttd:438ms pts:613.530 Clock:613.091 Level:6
2024-06-04 18:10:17.611 T:4769 debug : CVideoPlayer::ProcessVideoData size:751254 dts:18442240474082.180 pts:18442240474082.180 dur:41.700ms, clock:613.101 level:53
2024-06-04 18:10:17.641 T:4772 debug : CVideoPlayerVideo::OutputPicture - ttd:440ms pts:613.571 Clock:613.131 Level:6
2024-06-04 18:10:17.649 T:4229 debug : EventClient: button name "right" map "R1" pressed
2024-06-04 18:10:17.658 T:4769 debug : CVideoPlayer::ProcessPacket packet from enhancement layer: size:25791 dts:619.911 pts:619.911 dur:41.700ms
2024-06-04 18:10:17.682 T:4772 debug : CVideoPlayerVideo::OutputPicture - ttd:607ms pts:613.780 Clock:613.172 Level:6
2024-06-04 18:10:17.683 T:4162 debug : HandleKey: 168 (0xa8, obc87) pressed, window 12005, action is StepForward
2024-06-04 18:10:17.687 T:4162 debug : ------ Window Init (DialogSeekBar.xml) ------
2024-06-04 18:10:17.689 T:4769 debug : CVideoPlayer::ProcessPacket packet from enhancement layer: size:67885 dts:619.953 pts:620.078 dur:41.700ms
2024-06-04 18:10:17.725 T:4772 debug : CVideoPlayerVideo::OutputPicture - ttd:606ms pts:613.822 Clock:613.215 Level:6
2024-06-04 18:10:17.741 T:4769 debug : CVideoPlayer::ProcessVideoData size:311067 dts:619.994 pts:619.994 dur:41.700ms, clock:613.231 level:52
2024-06-04 18:10:17.744 T:4769 debug : CVideoPlayer::ProcessPacket packet from enhancement layer: size:27050 dts:619.994 pts:619.994 dur:41.700ms
2024-06-04 18:10:17.752 T:4769 debug : CVideoPlayer::ProcessVideoData size:316930 dts:620.036 pts:620.036 dur:41.700ms, clock:613.241 level:53
2024-06-04 18:10:17.763 T:4769 debug : CVideoPlayer::ProcessPacket packet from enhancement layer: size:26918 dts:620.036 pts:620.036 dur:41.700ms
2024-06-04 18:10:17.766 T:4772 debug : CVideoPlayerVideo::OutputPicture - ttd:482ms pts:613.738 Clock:613.256 Level:6
2024-06-04 18:10:17.811 T:4772 debug : CVideoPlayerVideo::OutputPicture - ttd:479ms pts:613.780 Clock:613.301 Level:6
2024-06-04 18:10:17.829 T:4769 debug : CVideoPlayer::ProcessVideoData size:641651 dts:620.078 pts:620.203 dur:41.700ms, clock:613.319 level:53
2024-06-04 18:10:17.832 T:4769 debug : CVideoPlayer::ProcessPacket packet from enhancement layer: size:58341 dts:620.078 pts:620.203 dur:41.700ms
2024-06-04 18:10:17.849 T:4772 debug : CVideoPlayerVideo::OutputPicture - ttd:482ms pts:613.822 Clock:613.339 Level:6
2024-06-04 18:10:17.864 T:4769 debug : CVideoPlayer::ProcessVideoData size:269024 dts:620.119 pts:620.119 dur:41.700ms, clock:613.354 level:53
2024-06-04 18:10:17.868 T:4769 debug : CVideoPlayer::ProcessPacket packet from enhancement layer: size:24474 dts:620.119 pts:620.119 dur:41.700ms
2024-06-04 18:10:17.893 T:4772 debug : CVideoPlayerVideo::OutputPicture - ttd:480ms pts:613.863 Clock:613.383 Level:6
2024-06-04 18:10:17.914 T:4769 debug : CVideoPlayer::ProcessVideoData size:261938 dts:620.161 pts:620.161 dur:41.700ms, clock:613.404 level:53
2024-06-04 18:10:17.918 T:4229 debug : EventClient: button name "right" map "R1" pressed
2024-06-04 18:10:17.933 T:4772 debug : CVideoPlayerVideo::OutputPicture - ttd:482ms pts:613.905 Clock:613.423 Level:6
2024-06-04 18:10:17.933 T:4162 debug : HandleKey: 168 (0xa8, obc87) pressed, window 12005, action is StepForward
2024-06-04 18:10:17.950 T:4769 debug : CVideoPlayer::ProcessPacket packet from enhancement layer: size:25253 dts:620.161 pts:620.161 dur:41.700ms
2024-06-04 18:10:17.960 T:4769 debug : CVideoPlayer::ProcessVideoData size:639329 dts:18442240474082.180 pts:18442240474082.180 dur:41.700ms, clock:613.450 level:53
2024-06-04 18:10:17.962 T:4769 debug : CVideoPlayer::ProcessPacket packet from enhancement layer: size:61382 dts:620.203 pts:620.328 dur:41.700ms
2024-06-04 18:10:17.973 T:4769 debug : CVideoPlayer::ProcessVideoData size:269031 dts:620.245 pts:620.245 dur:41.700ms, clock:613.463 level:53
2024-06-04 18:10:18.091 T:4229 debug : EventClient: button name "right" map "R1" pressed
2024-06-04 18:10:18.099 T:4162 debug : HandleKey: 168 (0xa8, obc87) pressed, window 12005, action is StepForward
2024-06-04 18:10:18.104 T:4772 debug : CVideoPlayerVideo::OutputPicture - ttd:479ms pts:613.947 Clock:613.467 Level:6
2024-06-04 18:10:18.105 T:4340 debug : request received for /jsonrpc
2024-06-04 18:10:18.145 T:4772 info : Skipped 3 duplicate messages..
2024-06-04 18:10:18.145 T:4772 debug : CVideoPlayerVideo::OutputPicture - ttd:392ms pts:613.988 Clock:613.596 Level:6
2024-06-04 18:10:18.156 T:4769 debug : CVideoPlayer::ProcessPacket packet from enhancement layer: size:25637 dts:620.245 pts:620.245 dur:41.700ms
2024-06-04 18:10:18.164 T:4769 debug : CVideoPlayer::ProcessVideoData size:263738 dts:620.286 pts:620.286 dur:41.700ms, clock:613.654 level:53
2024-06-04 18:10:18.174 T:4769 debug : CVideoPlayer::ProcessPacket packet from enhancement layer: size:25675 dts:620.286 pts:620.286 dur:41.700ms
2024-06-04 18:10:18.183 T:4769 debug : CVideoPlayer::ProcessVideoData size:638769 dts:620.328 pts:620.453 dur:41.700ms, clock:613.673 level:52
2024-06-04 18:10:18.188 T:4769 debug : CVideoPlayer::ProcessPacket packet from enhancement layer: size:62947 dts:620.328 pts:620.453 dur:41.700ms
2024-06-04 18:10:18.190 T:4769 debug : CVideoPlayer::ProcessVideoData size:271774 dts:620.370 pts:620.370 dur:41.700ms, clock:613.680 level:52
2024-06-04 18:10:18.195 T:4769 debug : CVideoPlayer::ProcessPacket packet from enhancement layer: size:25386 dts:620.370 pts:620.370 dur:41.700ms
2024-06-04 18:10:18.202 T:4769 debug : CVideoPlayer::ProcessVideoData size:267534 dts:18442240474082.180 pts:18442240474082.180 dur:41.700ms, clock:613.692 level:52
2024-06-04 18:10:18.213 T:4769 debug : CVideoPlayer::ProcessPacket packet from enhancement layer: size:25303 dts:620.411 pts:620.411 dur:41.700ms
2024-06-04 18:10:18.220 T:4769 debug : CVideoPlayer::ProcessVideoData size:637449 dts:620.453 pts:620.578 dur:41.700ms, clock:613.710 level:53
2024-06-04 18:10:18.221 T:4769 debug : CVideoPlayer::ProcessPacket packet from enhancement layer: size:51622 dts:620.453 pts:620.578 dur:41.700ms
2024-06-04 18:10:18.225 T:4772 debug : CVideoPlayerVideo::OutputPicture - ttd:315ms pts:614.030 Clock:613.715 Level:6
2024-06-04 18:10:18.262 T:4229 debug : EventClient: button name "right" map "R1" pressed
2024-06-04 18:10:18.267 T:4162 debug : HandleKey: 168 (0xa8, obc87) pressed, window 12005, action is StepForward
2024-06-04 18:10:18.270 T:4772 debug : CVideoPlayerVideo::OutputPicture - ttd:311ms pts:614.072 Clock:613.760 Level:6
2024-06-04 18:10:18.283 T:4769 debug : CVideoPlayer::ProcessVideoData size:265413 dts:620.495 pts:620.495 dur:41.700ms, clock:613.773 level:52
2024-06-04 18:10:18.290 T:4769 debug : CVideoPlayer::ProcessVideoData size:264903 dts:620.537 pts:620.537 dur:41.700ms, clock:613.780 level:52
2024-06-04 18:10:18.309 T:4772 debug : CVideoPlayerVideo::OutputPicture - ttd:314ms pts:614.113 Clock:613.799 Level:6
2024-06-04 18:10:18.329 T:4769 debug : CVideoPlayer::ProcessPacket packet from enhancement layer: size:25794 dts:620.495 pts:620.495 dur:41.700ms
2024-06-04 18:10:18.355 T:4772 debug : CVideoPlayerVideo::OutputPicture - ttd:309ms pts:614.155 Clock:613.845 Level:6
2024-06-04 18:10:18.358 T:4769 debug : CVideoPlayer::ProcessVideoData size:1339904 dts:18442240474082.180 pts:18442240474082.180 dur:41.700ms, clock:613.848 level:52
2024-06-04 18:10:18.392 T:4772 debug : CVideoPlayerVideo::OutputPicture - ttd:315ms pts:614.197 Clock:613.881 Level:6
2024-06-04 18:10:18.431 T:4229 debug : EventClient: button name "right" map "R1" pressed
2024-06-04 18:10:18.433 T:4772 debug : CVideoPlayerVideo::OutputPicture - ttd:315ms pts:614.239 Clock:613.923 Level:6
2024-06-04 18:10:18.433 T:4162 debug : HandleKey: 168 (0xa8, obc87) pressed, window 12005, action is StepForward
2024-06-04 18:10:18.461 T:4769 debug : CVideoPlayer::ProcessPacket packet from enhancement layer: size:29243 dts:620.537 pts:620.537 dur:41.700ms
2024-06-04 18:10:18.462 T:4769 debug : CVideoPlayer::ProcessPacket packet from enhancement layer: size:95355 dts:620.578 pts:620.703 dur:41.700ms
2024-06-04 18:10:18.472 T:4769 debug : CVideoPlayer::ProcessVideoData size:264496 dts:620.620 pts:620.620 dur:41.700ms, clock:613.962 level:52
2024-06-04 18:10:18.473 T:4769 debug : CVideoPlayer::ProcessPacket packet from enhancement layer: size:23870 dts:620.620 pts:620.620 dur:41.700ms
2024-06-04 18:10:18.474 T:4772 debug : CVideoPlayerVideo::OutputPicture - ttd:316ms pts:614.280 Clock:613.964 Level:6
2024-06-04 18:10:18.502 T:4769 debug : CVideoPlayer::ProcessVideoData size:263942 dts:620.662 pts:620.662 dur:41.700ms, clock:613.992 level:52
2024-06-04 18:10:18.513 T:4769 debug : CVideoPlayer::ProcessPacket packet from enhancement layer: size:27309 dts:620.662 pts:620.662 dur:41.700ms
2024-06-04 18:10:18.520 T:4772 debug : CVideoPlayerVideo::OutputPicture - ttd:312ms pts:614.322 Clock:614.010 Level:6
2024-06-04 18:10:18.558 T:4772 debug : CVideoPlayerVideo::OutputPicture - ttd:315ms pts:614.364 Clock:614.048 Level:6
2024-06-04 18:10:18.573 T:4769 debug : CVideoPlayer::ProcessVideoData size:656684 dts:620.703 pts:620.829 dur:41.700ms, clock:614.063 level:52
2024-06-04 18:10:18.586 T:4769 debug : CVideoPlayer::ProcessPacket packet from enhancement layer: size:33814 dts:620.703 pts:620.829 dur:41.700ms
2024-06-04 18:10:18.589 T:4769 debug : CVideoPlayer::ProcessVideoData size:263896 dts:620.745 pts:620.745 dur:41.700ms, clock:614.079 level:52
2024-06-04 18:10:18.595 T:4769 debug : CVideoPlayer::ProcessPacket packet from enhancement layer: size:24117 dts:620.745 pts:620.745 dur:41.700ms
2024-06-04 18:10:18.600 T:4772 debug : CVideoPlayerVideo::OutputPicture - ttd:315ms pts:614.405 Clock:614.090 Level:6
2024-06-04 18:10:18.603 T:4229 debug : EventClient: button name "right" map "R1" pressed
2024-06-04 18:10:18.604 T:4769 debug : CVideoPlayer::ProcessVideoData size:269199 dts:18442240474082.180 pts:18442240474082.180 dur:41.700ms, clock:614.094 level:52
2024-06-04 18:10:18.607 T:4162 debug : HandleKey: 168 (0xa8, obc87) pressed, window 12005, action is StepForward
2024-06-04 18:10:18.636 T:4769 debug : CVideoPlayer::ProcessPacket packet from enhancement layer: size:26977 dts:620.787 pts:620.787 dur:41.700ms
2024-06-04 18:10:18.641 T:4772 debug : CVideoPlayerVideo::OutputPicture - ttd:315ms pts:614.447 Clock:614.131 Level:6
2024-06-04 18:10:18.645 T:4769 debug : CVideoPlayer::ProcessVideoData size:636433 dts:620.829 pts:620.954 dur:41.700ms, clock:614.135 level:53
2024-06-04 18:10:18.684 T:4772 debug : CVideoPlayerVideo::OutputPicture - ttd:314ms pts:614.489 Clock:614.174 Level:6
2024-06-04 18:10:18.689 T:4769 debug : CVideoPlayer::ProcessPacket packet from enhancement layer: size:44275 dts:620.829 pts:620.954 dur:41.700ms
2024-06-04 18:10:18.710 T:4769 debug : CVideoPlayer::ProcessVideoData size:265121 dts:620.870 pts:620.870 dur:41.700ms, clock:614.200 level:52
2024-06-04 18:10:18.711 T:4769 debug : CVideoPlayer::ProcessPacket packet from enhancement layer: size:28520 dts:620.870 pts:620.870 dur:41.700ms
2024-06-04 18:10:18.726 T:4772 debug : CVideoPlayerVideo::OutputPicture - ttd:314ms pts:614.531 Clock:614.216 Level:6
2024-06-04 18:10:18.742 T:4769 debug : CVideoPlayer::ProcessVideoData size:260291 dts:620.912 pts:620.912 dur:41.700ms, clock:614.232 level:52
2024-06-04 18:10:18.771 T:4229 debug : EventClient: button name "right" map "R1" pressed
2024-06-04 18:10:18.773 T:4772 debug : CVideoPlayerVideo::OutputPicture - ttd:309ms pts:614.572 Clock:614.263 Level:6
2024-06-04 18:10:18.776 T:4769 debug : CVideoPlayer::ProcessPacket packet from enhancement layer: size:28771 dts:620.912 pts:620.912 dur:41.700ms
2024-06-04 18:10:18.782 T:4769 debug : CVideoPlayer::ProcessVideoData size:639961 dts:620.954 pts:621.079 dur:41.700ms, clock:614.272 level:53
2024-06-04 18:10:18.799 T:4769 debug : CVideoPlayer::ProcessPacket packet from enhancement layer: size:47547 dts:620.954 pts:621.079 dur:41.700ms
2024-06-04 18:10:18.808 T:4772 debug : CVideoPlayerVideo::OutputPicture - ttd:315ms pts:614.614 Clock:614.298 Level:6
2024-06-04 18:10:18.809 T:4162 debug : HandleKey: 168 (0xa8, obc87) pressed, window 12005, action is StepForward
2024-06-04 18:10:18.838 T:4769 debug : CVideoPlayer::ProcessVideoData size:216806 dts:18442240474082.180 pts:18442240474082.180 dur:41.700ms, clock:614.328 level:52
2024-06-04 18:10:18.839 T:4769 debug : CVideoPlayer::ProcessPacket packet from enhancement layer: size:36696 dts:620.995 pts:620.995 dur:41.700ms
2024-06-04 18:10:18.849 T:4769 debug : CVideoPlayer::ProcessVideoData size:262172 dts:621.037 pts:621.037 dur:41.700ms, clock:614.339 level:52
2024-06-04 18:10:18.852 T:4772 debug : CVideoPlayerVideo::OutputPicture - ttd:314ms pts:614.656 Clock:614.341 Level:6
2024-06-04 18:10:18.859 T:4769 debug : CVideoPlayer::ProcessPacket packet from enhancement layer: size:29722 dts:621.037 pts:621.037 dur:41.700ms
2024-06-04 18:10:18.867 T:4769 debug : CVideoPlayer::ProcessVideoData size:546495 dts:621.079 pts:621.204 dur:41.700ms, clock:614.357 level:53
2024-06-04 18:10:18.894 T:4772 debug : CVideoPlayerVideo::OutputPicture - ttd:313ms pts:614.697 Clock:614.384 Level:6
2024-06-04 18:10:18.923 T:4769 debug : CVideoPlayer::ProcessPacket packet from enhancement layer: size:57661 dts:621.079 pts:621.204 dur:41.700ms
2024-06-04 18:10:18.936 T:4772 debug : CVideoPlayerVideo::OutputPicture - ttd:313ms pts:614.739 Clock:614.426 Level:6
2024-06-04 18:10:18.945 T:4229 debug : EventClient: button name "right" map "R1" pressed
2024-06-04 18:10:18.971 T:4769 debug : CVideoPlayer::ProcessVideoData size:266979 dts:621.120 pts:621.120 dur:41.700ms, clock:614.461 level:51
2024-06-04 18:10:18.976 T:4772 debug : CVideoPlayerVideo::OutputPicture - ttd:315ms pts:614.781 Clock:614.465 Level:6
2024-06-04 18:10:18.978 T:4162 debug : HandleKey: 168 (0xa8, obc87) pressed, window 12005, action is StepForward
2024-06-04 18:10:18.978 T:4769 debug : CVideoPlayer::ProcessVideoData size:222130 dts:621.162 pts:621.162 dur:41.700ms, clock:614.468 level:51
2024-06-04 18:10:18.990 T:4769 debug : CVideoPlayer::ProcessPacket packet from enhancement layer: size:29966 dts:621.120 pts:621.120 dur:41.700ms
2024-06-04 18:10:18.996 T:4769 debug : CVideoPlayer::ProcessPacket packet from enhancement layer: size:37015 dts:621.162 pts:621.162 dur:41.700ms
2024-06-04 18:10:19.004 T:4769 debug : CVideoPlayer::ProcessVideoData size:611274 dts:18442240474082.180 pts:18442240474082.180 dur:41.700ms, clock:614.494 level:51
2024-06-04 18:10:19.007 T:4769 debug : CVideoPlayer::ProcessPacket packet from enhancement layer: size:54885 dts:621.204 pts:621.329 dur:41.700ms
2024-06-04 18:10:19.018 T:4769 debug : CVideoPlayer::ProcessVideoData size:285019 dts:621.246 pts:621.246 dur:41.700ms, clock:614.508 level:52
2024-06-04 18:10:19.019 T:4772 debug : CVideoPlayerVideo::OutputPicture - ttd:313ms pts:614.823 Clock:614.509 Level:6
2024-06-04 18:10:19.027 T:4769 debug : CVideoPlayer::ProcessVideoData size:233876 dts:621.287 pts:621.287 dur:41.700ms, clock:614.517 level:52
2024-06-04 18:10:19.046 T:4769 debug : CVideoPlayer::ProcessPacket packet from enhancement layer: size:30281 dts:621.246 pts:621.246 dur:41.700ms
2024-06-04 18:10:19.056 T:4769 debug : CVideoPlayer::ProcessPacket packet from enhancement layer: size:37599 dts:621.287 pts:621.287 dur:41.700ms
2024-06-04 18:10:19.058 T:4772 debug : CVideoPlayerVideo::OutputPicture - ttd:316ms pts:614.864 Clock:614.548 Level:6
2024-06-04 18:10:19.088 T:4769 debug : CVideoPlayer::ProcessVideoData size:530948 dts:621.329 pts:621.454 dur:41.700ms, clock:614.578 level:52
2024-06-04 18:10:19.090 T:4769 debug : CVideoPlayer::ProcessPacket packet from enhancement layer: size:59569 dts:18442240474082.180 pts:18442240474082.180 dur:41.700ms
2024-06-04 18:10:19.097 T:4769 debug : CVideoPlayer::ProcessVideoData size:267789 dts:621.371 pts:621.371 dur:41.700ms, clock:614.587 level:52
2024-06-04 18:10:19.101 T:4772 debug : CVideoPlayerVideo::OutputPicture - ttd:315ms pts:614.906 Clock:614.591 Level:6
2024-06-04 18:10:19.115 T:4769 debug : CVideoPlayer::ProcessVideoData size:267257 dts:621.412 pts:621.412 dur:41.700ms, clock:614.605 level:52
2024-06-04 18:10:19.121 T:4769 debug : CVideoPlayer::ProcessPacket packet from enhancement layer: size:30391 dts:621.371 pts:621.371 dur:41.700ms
2024-06-04 18:10:19.145 T:4772 debug : CVideoPlayerVideo::OutputPicture - ttd:312ms pts:614.948 Clock:614.635 Level:6
2024-06-04 18:10:19.151 T:4769 debug : CVideoPlayer::ProcessVideoData size:1098872 dts:18442240474082.180 pts:18442240474082.180 dur:41.700ms, clock:614.641 level:52
2024-06-04 18:10:19.188 T:4772 debug : CVideoPlayerVideo::OutputPicture - ttd:311ms pts:614.989 Clock:614.678 Level:6
2024-06-04 18:10:19.228 T:4772 debug : CVideoPlayerVideo::OutputPicture - ttd:313ms pts:615.031 Clock:614.718 Level:6
2024-06-04 18:10:19.245 T:4769 debug : CVideoPlayer::ProcessPacket packet from enhancement layer: size:30624 dts:621.412 pts:621.412 dur:41.700ms
2024-06-04 18:10:19.249 T:4769 debug : CVideoPlayer::ProcessPacket packet from enhancement layer: size:114844 dts:621.454 pts:621.579 dur:41.700ms
2024-06-04 18:10:19.256 T:4769 debug : CVideoPlayer::ProcessVideoData size:273191 dts:621.496 pts:621.496 dur:41.700ms, clock:614.746 level:52
2024-06-04 18:10:19.257 T:4769 debug : CVideoPlayer::ProcessPacket packet from enhancement layer: size:29116 dts:621.496 pts:621.496 dur:41.700ms
2024-06-04 18:10:19.268 T:4772 debug : CVideoPlayerVideo::OutputPicture - ttd:314ms pts:615.073 Clock:614.758 Level:6
2024-06-04 18:10:19.287 T:4769 debug : CVideoPlayer::ProcessVideoData size:273106 dts:621.538 pts:621.538 dur:41.700ms, clock:614.777 level:52
2024-06-04 18:10:19.311 T:4772 debug : CVideoPlayerVideo::OutputPicture - ttd:313ms pts:615.115 Clock:614.801 Level:6
2024-06-04 18:10:19.327 T:4769 debug : CVideoPlayer::ProcessPacket packet from enhancement layer: size:29174 dts:621.538 pts:621.538 dur:41.700ms
2024-06-04 18:10:19.339 T:4769 debug : CVideoPlayer::ProcessVideoData size:536869 dts:621.579 pts:621.704 dur:41.700ms, clock:614.829 level:52
2024-06-04 18:10:19.352 T:4772 debug : CVideoPlayerVideo::OutputPicture - ttd:314ms pts:615.156 Clock:614.842 Level:6
2024-06-04 18:10:19.372 T:4769 debug : CVideoPlayer::ProcessPacket packet from enhancement layer: size:47689 dts:621.579 pts:621.704 dur:41.700ms
2024-06-04 18:10:19.377 T:4769 debug : CVideoPlayer::ProcessVideoData size:276614 dts:621.621 pts:621.621 dur:41.700ms, clock:614.867 level:52
2024-06-04 18:10:19.393 T:4772 debug : CVideoPlayerVideo::OutputPicture - ttd:314ms pts:615.198 Clock:614.883 Level:6
2024-06-04 18:10:19.412 T:4769 debug : CVideoPlayer::ProcessPacket packet from enhancement layer: size:28271 dts:621.621 pts:621.621 dur:41.700ms
2024-06-04 18:10:19.421 T:4769 debug : CVideoPlayer::ProcessVideoData size:232230 dts:18442240474082.180 pts:18442240474082.180 dur:41.700ms, clock:614.911 level:52
2024-06-04 18:10:19.429 T:4769 debug : CVideoPlayer::ProcessPacket packet from enhancement layer: size:35153 dts:621.663 pts:621.663 dur:41.700ms
2024-06-04 18:10:19.437 T:4772 debug : CVideoPlayerVideo::OutputPicture - ttd:313ms pts:615.240 Clock:614.927 Level:6
2024-06-04 18:10:19.441 T:4769 debug : CVideoPlayer::ProcessVideoData size:602377 dts:621.704 pts:621.830 dur:41.700ms, clock:614.930 level:53
2024-06-04 18:10:19.464 T:4769 debug : CVideoPlayer::ProcessPacket packet from enhancement layer: size:50621 dts:621.704 pts:621.830 dur:41.700ms
2024-06-04 18:10:19.477 T:4772 debug : CVideoPlayerVideo::OutputPicture - ttd:314ms pts:615.281 Clock:614.967 Level:6
2024-06-04 18:10:19.520 T:4772 debug : CVideoPlayerVideo::OutputPicture - ttd:312ms pts:615.323 Clock:615.010 Level:6
2024-06-04 18:10:19.536 T:4769 debug : CVideoPlayer::ProcessVideoData size:268843 dts:621.746 pts:621.746 dur:41.700ms, clock:615.026 level:52
2024-06-04 18:10:19.561 T:4772 debug : CVideoPlayerVideo::OutputPicture - ttd:313ms pts:615.365 Clock:615.051 Level:6
2024-06-04 18:10:19.580 T:4769 debug : CVideoPlayer::ProcessPacket packet from enhancement layer: size:30028 dts:621.746 pts:621.746 dur:41.700ms
2024-06-04 18:10:19.587 T:4769 debug : CVideoPlayer::ProcessVideoData size:266188 dts:621.788 pts:621.788 dur:41.700ms, clock:615.077 level:52
2024-06-04 18:10:19.602 T:4772 debug : CVideoPlayerVideo::OutputPicture - ttd:314ms pts:615.407 Clock:615.092 Level:6
2024-06-04 18:10:19.628 T:4769 debug : CVideoPlayer::ProcessVideoData size:609200 dts:621.830 pts:621.955 dur:41.700ms, clock:615.118 level:52
2024-06-04 18:10:19.631 T:4769 debug : CVideoPlayer::ProcessPacket packet from enhancement layer: size:30439 dts:621.788 pts:621.788 dur:41.700ms
2024-06-04 18:10:19.643 T:4772 debug : CVideoPlayerVideo::OutputPicture - ttd:315ms pts:615.448 Clock:615.133 Level:6
2024-06-04 18:10:19.670 T:4769 debug : CVideoPlayer::ProcessPacket packet from enhancement layer: size:50166 dts:621.830 pts:621.955 dur:41.700ms
2024-06-04 18:10:19.678 T:4769 debug : CVideoPlayer::ProcessVideoData size:226258 dts:18442240474082.180 pts:18442240474082.180 dur:41.700ms, clock:615.168 level:52
2024-06-04 18:10:19.681 T:4769 debug : CVideoPlayer::ProcessPacket packet from enhancement layer: size:35440 dts:621.871 pts:621.871 dur:41.700ms
2024-06-04 18:10:19.684 T:4772 debug : CVideoPlayerVideo::OutputPicture - ttd:315ms pts:615.490 Clock:615.174 Level:6
2024-06-04 18:10:19.692 T:4340 debug : request received for /jsonrpc
2024-06-04 18:10:19.712 T:4769 info : Skipped 2 duplicate messages..
2024-06-04 18:10:19.712 T:4769 debug : CVideoPlayer::ProcessVideoData size:267581 dts:621.913 pts:621.913 dur:41.700ms, clock:615.201 level:52
2024-06-04 18:10:19.715 T:4340 debug : request received for /jsonrpc
2024-06-04 18:10:19.728 T:4772 debug : CVideoPlayerVideo::OutputPicture - ttd:314ms pts:615.532 Clock:615.218 Level:6
2024-06-04 18:10:19.732 T:4769 debug : CVideoPlayer::ProcessPacket packet from enhancement layer: size:29144 dts:621.913 pts:621.913 dur:41.700ms
2024-06-04 18:10:19.744 T:4769 debug : CVideoPlayer::ProcessVideoData size:513914 dts:621.955 pts:622.080 dur:41.700ms, clock:615.233 level:52
2024-06-04 18:10:19.746 T:4769 debug : CVideoPlayer::ProcessPacket packet from enhancement layer: size:56591 dts:621.955 pts:622.080 dur:41.700ms
2024-06-04 18:10:19.769 T:4772 debug : CVideoPlayerVideo::OutputPicture - ttd:314ms pts:615.573 Clock:615.259 Level:6
2024-06-04 18:10:19.778 T:4769 debug : CDVDClock::SetSpeedAdjust - adjusted:0.000000
2024-06-04 18:10:19.778 T:4769 debug : demuxer seek to: 2415433.155777
2024-06-04 18:10:19.778 T:4769 debug : CBlurayCallback::Logger - register.c:420: bd_psr_write(): PSR8 (TIME) 0x1a6b000 -> 0x6807100
2024-06-04 18:10:19.778 T:4769 debug : CBlurayCallback::Logger - bluray.c:3181: PSR change: psr8 = 109080832
2024-06-04 18:10:19.778 T:4769 debug : CBlurayCallback::Logger - register.c:418: bd_psr_write(5, 1): no change in value
2024-06-04 18:10:19.778 T:4769 debug : CBlurayCallback::Logger - bluray.c:3142: PSR write: psr5 = 1
2024-06-04 18:10:19.778 T:4769 debug : CBlurayCallback::Logger - bluray.c:1694: Seek to 27495870720
2024-06-04 18:10:19.779 T:4769 debug : CDVDInputStreamBluray - BD_EVENT_SEEK
2024-06-04 18:10:19.780 T:4769 debug : demuxer seek to: 2415433.155777, success
2024-06-04 18:10:19.780 T:4769 debug : CVideoPlayer::FlushBuffers - flushing buffers
2024-06-04 18:10:19.781 T:4772 debug : CAMLCodec::SetSpeed, speed(0)
2024-06-04 18:10:19.809 T:4773 debug : CDVDAudio::Pause - pausing audio stream
2024-06-04 18:10:19.809 T:4772 debug : CAMLCodec::Reset
2024-06-04 18:10:19.830 T:4773 debug : CDVDAudio::Flush - flush audio stream
2024-06-04 18:10:19.830 T:4773 debug : CDVDAudio::Pause - pausing audio stream
2024-06-04 18:10:19.854 T:4772 debug : CVideoPlayerVideo - CDVDMsg::GENERAL_SYNCHRONIZE
2024-06-04 18:10:19.857 T:4773 debug : CVideoPlayerAudio - CDVDMsg::GENERAL_SYNCHRONIZE
2024-06-04 18:10:19.928 T:4773 info : CAEStreamParser::SyncTrueHD - TrueHD stream detected (8 channels, 48000Hz)
2024-06-04 18:10:19.945 T:4769 debug : CVideoPlayer::ProcessPacket packet from enhancement layer: size:94858 dts:2412.327 pts:2412.368 dur:41.700ms
2024-06-04 18:10:19.946 T:4772 debug : CVideoPlayerVideo - Stillframe left, switching to normal playback
2024-06-04 18:10:19.956 T:4769 debug : CVideoPlayer::ProcessPacket packet from enhancement layer: size:34382 dts:2412.368 pts:2412.493 dur:41.700ms
2024-06-04 18:10:19.967 T:4769 debug : CVideoPlayer::ProcessVideoData size:471614 dts:2412.368 pts:2412.493 dur:41.700ms, clock:2411.993 level:0
2024-06-04 18:10:19.969 T:4769 debug : CVideoPlayer::ProcessPacket packet from enhancement layer: size:24591 dts:2412.410 pts:2412.410 dur:41.700ms
2024-06-04 18:10:19.969 T:4769 debug : CVideoPlayer::ProcessPacket packet from enhancement layer: size:26518 dts:2412.452 pts:2412.452 dur:41.700ms
2024-06-04 18:10:19.976 T:4769 debug : CVideoPlayer::ProcessVideoData size:228233 dts:2412.452 pts:2412.452 dur:41.700ms, clock:2411.993 level:1
2024-06-04 18:10:19.985 T:4769 debug : CVideoPlayer::HandleMessages - player started 1
2024-06-04 18:10:19.986 T:4312 debug : OnAVChange: CApplication::OnAVChange
2024-06-04 18:10:19.993 T:4769 debug : CVideoPlayer::ProcessVideoData size:518437 dts:2412.493 pts:2412.618 dur:41.700ms, clock:2411.993 level:0
2024-06-04 18:10:19.993 T:4769 debug : CVideoPlayer::ProcessPacket packet from enhancement layer: size:56359 dts:18442240474082.180 pts:18442240474082.180 dur:41.700ms
2024-06-04 18:10:20.000 T:4769 debug : CVideoPlayer::ProcessVideoData size:224140 dts:2412.535 pts:2412.535 dur:41.700ms, clock:2411.993 level:0
2024-06-04 18:10:20.012 T:4769 debug : CVideoPlayer::ProcessVideoData size:266951 dts:2412.577 pts:2412.577 dur:41.700ms, clock:2411.993 level:0
2024-06-04 18:10:20.018 T:4769 debug : CVideoPlayer::ProcessPacket packet from enhancement layer: size:29464 dts:2412.535 pts:2412.535 dur:41.700ms
2024-06-04 18:10:20.024 T:4769 debug : CVideoPlayer::ProcessPacket packet from enhancement layer: size:30379 dts:2412.577 pts:2412.577 dur:41.700ms
2024-06-04 18:10:20.033 T:4769 debug : CVideoPlayer::ProcessVideoData size:517741 dts:18442240474082.180 pts:18442240474082.180 dur:41.700ms, clock:2411.993 level:0
2024-06-04 18:10:20.034 T:4769 debug : CVideoPlayer::ProcessPacket packet from enhancement layer: size:60752 dts:2412.618 pts:2412.744 dur:41.700ms
2024-06-04 18:10:20.041 T:4769 debug : CVideoPlayer::ProcessVideoData size:223907 dts:2412.660 pts:2412.660 dur:41.700ms, clock:2411.993 level:0
2024-06-04 18:10:20.043 T:4769 debug : CVideoPlayer::ProcessPacket packet from enhancement layer: size:29772 dts:2412.660 pts:2412.660 dur:41.700ms
2024-06-04 18:10:20.051 T:4769 debug : CVideoPlayer::ProcessVideoData size:264989 dts:2412.702 pts:2412.702 dur:41.700ms, clock:2411.993 level:0
2024-06-04 18:10:20.060 T:4769 debug : CVideoPlayer::ProcessPacket packet from enhancement layer: size:30545 dts:2412.702 pts:2412.702 dur:41.700ms
2024-06-04 18:10:20.071 T:4769 debug : CVideoPlayer::ProcessVideoData size:626559 dts:2412.744 pts:2412.869 dur:41.700ms, clock:2411.993 level:0
2024-06-04 18:10:20.071 T:4769 debug : CVideoPlayer::ProcessPacket packet from enhancement layer: size:54396 dts:2412.744 pts:2412.869 dur:41.700ms
2024-06-04 18:10:20.078 T:4769 debug : CVideoPlayer::ProcessVideoData size:225943 dts:2412.785 pts:2412.785 dur:41.700ms, clock:2411.993 level:0
2024-06-04 18:10:20.082 T:4769 debug : CVideoPlayer::ProcessVideoData size:223431 dts:2412.827 pts:2412.827 dur:41.700ms, clock:2411.993 level:1
2024-06-04 18:10:20.087 T:4769 debug : CVideoPlayer::ProcessPacket packet from enhancement layer: size:28990 dts:2412.785 pts:2412.785 dur:41.700ms
2024-06-04 18:10:20.097 T:4769 debug : CVideoPlayer::ProcessPacket packet from enhancement layer: size:28962 dts:2412.827 pts:2412.827 dur:41.700ms
2024-06-04 18:10:20.106 T:4769 debug : CVideoPlayer::ProcessVideoData size:612659 dts:18442240474082.180 pts:18442240474082.180 dur:41.700ms, clock:2411.993 level:0
2024-06-04 18:10:20.107 T:4769 debug : CVideoPlayer::ProcessPacket packet from enhancement layer: size:50454 dts:2412.869 pts:2412.994 dur:41.700ms
2024-06-04 18:10:20.115 T:4769 debug : CVideoPlayer::ProcessVideoData size:226601 dts:2412.910 pts:2412.910 dur:41.700ms, clock:2411.993 level:0
2024-06-04 18:10:20.117 T:4769 debug : CVideoPlayer::ProcessPacket packet from enhancement layer: size:28022 dts:2412.910 pts:2412.910 dur:41.700ms
2024-06-04 18:10:20.126 T:4769 debug : CVideoPlayer::ProcessVideoData size:270636 dts:2412.952 pts:2412.952 dur:41.700ms, clock:2411.993 level:0
2024-06-04 18:10:20.134 T:4769 debug : CVideoPlayer::ProcessPacket packet from enhancement layer: size:27999 dts:2412.952 pts:2412.952 dur:41.700ms
2024-06-04 18:10:20.143 T:4769 debug : CVideoPlayer::ProcessVideoData size:519132 dts:2412.994 pts:2413.119 dur:41.700ms, clock:2411.993 level:0
2024-06-04 18:10:20.148 T:4769 debug : CVideoPlayer::ProcessPacket packet from enhancement layer: size:56766 dts:2412.994 pts:2413.119 dur:41.700ms
2024-06-04 18:10:20.156 T:4769 debug : CVideoPlayer::ProcessVideoData size:271683 dts:2413.036 pts:2413.036 dur:41.700ms, clock:2411.993 level:0
2024-06-04 18:10:20.160 T:4769 debug : CVideoPlayer::ProcessVideoData size:227275 dts:2413.077 pts:2413.077 dur:41.700ms, clock:2411.993 level:0
2024-06-04 18:10:20.163 T:4769 debug : CVideoPlayer::ProcessPacket packet from enhancement layer: size:28359 dts:2413.036 pts:2413.036 dur:41.700ms
2024-06-04 18:10:20.197 T:4769 debug : CVideoPlayer::ProcessVideoData size:1237487 dts:18442240474082.180 pts:18442240474082.180 dur:41.700ms, clock:2411.993 level:0
2024-06-04 18:10:20.200 T:4769 debug : CVideoPlayer::ProcessPacket packet from enhancement layer: size:27733 dts:2413.077 pts:2413.077 dur:41.700ms
2024-06-04 18:10:20.201 T:4769 debug : CVideoPlayer::ProcessPacket packet from enhancement layer: size:108153 dts:2413.119 pts:2413.244 dur:41.700ms
2024-06-04 18:10:20.209 T:4769 debug : CVideoPlayer::ProcessVideoData size:272355 dts:2413.161 pts:2413.161 dur:41.700ms, clock:2411.993 level:1
2024-06-04 18:10:20.213 T:4769 debug : CVideoPlayer::ProcessVideoData size:226244 dts:2413.202 pts:2413.202 dur:41.700ms, clock:2411.993 level:1
2024-06-04 18:10:20.222 T:4769 debug : CVideoPlayer::ProcessPacket packet from enhancement layer: size:27042 dts:2413.161 pts:2413.161 dur:41.700ms
2024-06-04 18:10:20.227 T:4769 debug : CVideoPlayer::ProcessPacket packet from enhancement layer: size:27105 dts:2413.202 pts:2413.202 dur:41.700ms
2024-06-04 18:10:20.238 T:4769 debug : CVideoPlayer::ProcessVideoData size:671617 dts:18442240474082.180 pts:18442240474082.180 dur:41.700ms, clock:2411.993 level:0
2024-06-04 18:10:20.241 T:4769 debug : CVideoPlayer::ProcessPacket packet from enhancement layer: size:34056 dts:2413.244 pts:2413.369 dur:41.700ms
2024-06-04 18:10:20.246 T:4769 debug : CVideoPlayer::ProcessVideoData size:231979 dts:2413.286 pts:2413.286 dur:41.700ms, clock:2411.993 level:0
2024-06-04 18:10:20.248 T:4769 debug : CVideoPlayer::ProcessPacket packet from enhancement layer: size:26350 dts:2413.286 pts:2413.286 dur:41.700ms
2024-06-04 18:10:20.256 T:4769 debug : CVideoPlayer::ProcessVideoData size:231516 dts:2413.328 pts:2413.328 dur:41.700ms, clock:2411.993 level:0
2024-06-04 18:10:20.263 T:4769 debug : CVideoPlayer::ProcessPacket packet from enhancement layer: size:26493 dts:2413.328 pts:2413.328 dur:41.700ms
2024-06-04 18:10:20.272 T:4769 debug : CVideoPlayer::ProcessVideoData size:547091 dts:2413.369 pts:2413.494 dur:41.700ms, clock:2411.993 level:0
2024-06-04 18:10:20.274 T:4769 debug : CVideoPlayer::ProcessPacket packet from enhancement layer: size:51351 dts:2413.369 pts:2413.494 dur:41.700ms
2024-06-04 18:10:20.280 T:4769 debug : CVideoPlayer::ProcessVideoData size:236386 dts:2413.411 pts:2413.411 dur:41.700ms, clock:2411.993 level:0
2024-06-04 18:10:20.282 T:4769 debug : CVideoPlayer::ProcessPacket packet from enhancement layer: size:27754 dts:2413.411 pts:2413.411 dur:41.700ms
2024-06-04 18:10:20.290 T:4769 debug : CVideoPlayer::ProcessVideoData size:236635 dts:2413.453 pts:2413.453 dur:41.700ms, clock:2411.993 level:0
2024-06-04 18:10:20.298 T:4769 debug : CVideoPlayer::ProcessPacket packet from enhancement layer: size:27572 dts:2413.453 pts:2413.453 dur:41.700ms
2024-06-04 18:10:20.303 T:4769 debug : CVideoPlayer::ProcessVideoData size:555419 dts:2413.494 pts:2413.619 dur:41.700ms, clock:2411.993 level:0
2024-06-04 18:10:20.309 T:4769 debug : CVideoPlayer::ProcessPacket packet from enhancement layer: size:57348 dts:2413.494 pts:2413.619 dur:41.700ms
2024-06-04 18:10:20.310 T:4772 debug : CVideoPlayerVideo::OutputPicture - ttd:499ms pts:2412.493 Clock:2411.993 Level:0
2024-06-04 18:10:20.315 T:4772 debug : CVideoPlayerVideo::OutputPicture - ttd:541ms pts:2412.535 Clock:2411.993 Level:0
2024-06-04 18:10:20.315 T:4769 debug : CVideoPlayer::ProcessVideoData size:240115 dts:18442240474082.180 pts:18442240474082.180 dur:41.700ms, clock:2411.993 level:0
2024-06-04 18:10:20.315 T:4769 debug : CVideoPlayer::HandleMessages - player started 2
2024-06-04 18:10:20.315 T:4769 debug : CDVDClock::SetSpeedAdjust - adjusted:0.000000
2024-06-04 18:10:20.315 T:4769 info : Skipped 1 duplicate messages..
2024-06-04 18:10:20.315 T:4769 debug : VideoPlayer::Sync - Audio - pts: 2412.489, cache: 0.389, totalcache: 0.685, packets:1457 level:14
2024-06-04 18:10:20.315 T:4772 debug : CAMLCodec::SetSpeed, speed(1000)
2024-06-04 18:10:20.315 T:4769 debug : VideoPlayer::Sync - Video - pts: 2412.493, cache: 0.050, totalcache: 0.100, packets:28 level:0
2024-06-04 18:10:20.315 T:4772 debug : CVideoPlayerVideo - CDVDMsg::GENERAL_RESYNC(2412393344.000000)
2024-06-04 18:10:20.315 T:4773 debug : CDVDAudio::Resume - resume audio stream
2024-06-04 18:10:20.315 T:4772 debug : CVideoPlayerVideo - OUTPUT_AGAIN - vfmt, interlace should be checked.
2024-06-04 18:10:20.315 T:4196 debug : ActiveAE - start sync of audio stream
2024-06-04 18:10:20.316 T:4769 debug : CVideoPlayer::ProcessPacket packet from enhancement layer: size:27442 dts:2413.536 pts:2413.536 dur:41.700ms
2024-06-04 18:10:20.321 T:4772 debug : CVideoPlayerVideo - CDVDMsg::DEMUXER_PACKET - checking interlace vfmt: null
2024-06-04 18:10:20.324 T:4769 debug : CVideoPlayer::ProcessVideoData size:243155 dts:2413.578 pts:2413.578 dur:41.700ms, clock:2412.402 level:0
2024-06-04 18:10:20.329 T:4772 debug : CVideoPlayerVideo::OutputPicture - ttd:169ms pts:2412.577 Clock:2412.407 Level:1
2024-06-04 18:10:20.330 T:4772 debug : CVideoPlayerVideo::OutputPicture - ttd:293ms pts:2412.702 Clock:2412.408 Level:2
2024-06-04 18:10:20.333 T:4769 debug : CVideoPlayer::ProcessPacket packet from enhancement layer: size:27597 dts:2413.578 pts:2413.578 dur:41.700ms
2024-06-04 18:10:20.340 T:4769 debug : CVideoPlayer::ProcessVideoData size:557866 dts:2413.619 pts:2413.745 dur:41.700ms, clock:2412.418 level:0
2024-06-04 18:10:20.345 T:4769 debug : CVideoPlayer::ProcessPacket packet from enhancement layer: size:59144 dts:2413.619 pts:2413.745 dur:41.700ms
2024-06-04 18:10:20.347 T:4772 debug : CVideoPlayerVideo::OutputPicture - ttd:318ms pts:2412.744 Clock:2412.425 Level:3
2024-06-04 18:10:20.348 T:4772 debug : CVideoPlayerVideo::OutputPicture - ttd:358ms pts:2412.785 Clock:2412.427 Level:4
2024-06-04 18:10:20.350 T:4772 debug : CVideoPlayerVideo - CDVDMsg::DEMUXER_PACKET - checking interlace vfmt: null
2024-06-04 18:10:20.352 T:4769 debug : CVideoPlayer::ProcessVideoData size:244733 dts:2413.661 pts:2413.661 dur:41.700ms, clock:2412.430 level:0
2024-06-04 18:10:20.358 T:4769 debug : CVideoPlayer::ProcessVideoData size:242016 dts:2413.703 pts:2413.703 dur:41.700ms, clock:2412.436 level:0
2024-06-04 18:10:20.363 T:4772 debug : CVideoPlayerVideo::OutputPicture - ttd:385ms pts:2412.827 Clock:2412.441 Level:4
2024-06-04 18:10:20.364 T:4769 debug : CVideoPlayer::ProcessPacket packet from enhancement layer: size:34765 dts:2413.661 pts:2413.661 dur:41.700ms
2024-06-04 18:10:20.369 T:4769 debug : CVideoPlayer::ProcessPacket packet from enhancement layer: size:28047 dts:2413.703 pts:2413.703 dur:41.700ms
2024-06-04 18:10:20.377 T:4769 debug : CVideoPlayer::ProcessVideoData size:556180 dts:18442240474082.180 pts:18442240474082.180 dur:41.700ms, clock:2412.455 level:0
2024-06-04 18:10:20.378 T:4769 debug : CVideoPlayer::ProcessPacket packet from enhancement layer: size:60229 dts:2413.745 pts:2413.870 dur:41.700ms
2024-06-04 18:10:20.384 T:4769 debug : CVideoPlayer::ProcessVideoData size:244582 dts:2413.786 pts:2413.786 dur:41.700ms, clock:2412.463 level:0
2024-06-04 18:10:20.385 T:4772 debug : CVideoPlayerVideo::OutputPicture - ttd:405ms pts:2412.869 Clock:2412.463 Level:5
2024-06-04 18:10:20.385 T:4772 debug : CVideoPlayerVideo - CDVDMsg::DEMUXER_PACKET - checking interlace vfmt: null
2024-06-04 18:10:20.387 T:4769 debug : CVideoPlayer::ProcessPacket packet from enhancement layer: size:34374 dts:2413.786 pts:2413.786 dur:41.700ms
2024-06-04 18:10:20.391 T:4772 debug : CVideoPlayerVideo::OutputPicture - ttd:441ms pts:2412.910 Clock:2412.469 Level:6
2024-06-04 18:10:20.393 T:4769 debug : CVideoPlayer::ProcessVideoData size:243949 dts:2413.828 pts:2413.828 dur:41.700ms, clock:2412.471 level:0
2024-06-04 18:10:20.402 T:4769 debug : CVideoPlayer::ProcessPacket packet from enhancement layer: size:33992 dts:2413.828 pts:2413.828 dur:41.700ms
2024-06-04 18:10:20.402 T:4772 debug : CVideoPlayerVideo - CDVDMsg::DEMUXER_PACKET - checking interlace vfmt: null
2024-06-04 18:10:20.411 T:4769 debug : CVideoPlayer::ProcessVideoData size:558899 dts:2413.870 pts:2413.995 dur:41.700ms, clock:2412.489 level:0
2024-06-04 18:10:20.413 T:4769 debug : CVideoPlayer::ProcessPacket packet from enhancement layer: size:59846 dts:2413.870 pts:2413.995 dur:41.700ms
2024-06-04 18:10:20.420 T:4769 debug : CVideoPlayer::ProcessVideoData size:241251 dts:2413.911 pts:2413.911 dur:41.700ms, clock:2412.498 level:0
2024-06-04 18:10:20.423 T:4769 debug : CVideoPlayer::ProcessVideoData size:241082 dts:2413.953 pts:2413.953 dur:41.700ms, clock:2412.502 level:0
2024-06-04 18:10:20.427 T:4196 debug : ActiveAE::SyncStream - average error of -98.669718, start adjusting
2024-06-04 18:10:20.429 T:4769 debug : CVideoPlayer::ProcessPacket packet from enhancement layer: size:34359 dts:2413.911 pts:2413.911 dur:41.700ms
2024-06-04 18:10:20.461 T:4769 debug : CVideoPlayer::ProcessVideoData size:1165483 dts:18442240474082.180 pts:18442240474082.180 dur:41.700ms, clock:2412.539 level:0
2024-06-04 18:10:20.464 T:4769 debug : CVideoPlayer::ProcessPacket packet from enhancement layer: size:34116 dts:2413.953 pts:2413.953 dur:41.700ms
2024-06-04 18:10:20.465 T:4769 debug : CVideoPlayer::ProcessPacket packet from enhancement layer: size:115386 dts:2413.995 pts:2414.120 dur:41.700ms
2024-06-04 18:10:20.472 T:4769 debug : CVideoPlayer::ProcessVideoData size:290006 dts:2414.037 pts:2414.037 dur:41.700ms, clock:2412.550 level:1
2024-06-04 18:10:20.472 T:4769 debug : CVideoPlayer::ProcessPacket packet from enhancement layer: size:25689 dts:2414.037 pts:2414.037 dur:41.700ms
2024-06-04 18:10:20.472 T:4769 debug : ffmpeg[0x5c3e538]: [mpegts] Invalid timestamps stream=9, pts=218316716, dts=218316749, size=13
2024-06-04 18:10:20.473 T:4772 debug : CVideoPlayerVideo::OutputPicture - ttd:401ms pts:2412.952 Clock:2412.551 Level:5
2024-06-04 18:10:20.480 T:4769 debug : CVideoPlayer::ProcessVideoData size:243581 dts:2414.078 pts:2414.078 dur:41.700ms, clock:2412.558 level:0
2024-06-04 18:10:20.482 T:4772 debug : CVideoPlayerVideo::OutputPicture - ttd:435ms pts:2412.994 Clock:2412.558 Level:6
2024-06-04 18:10:20.489 T:4769 debug : CVideoPlayer::ProcessPacket packet from enhancement layer: size:31633 dts:2414.078 pts:2414.078 dur:41.700ms
2024-06-04 18:10:20.491 T:4196 debug : ActiveAE::SyncStream - average error -18.669718 below threshold of 30.000000
2024-06-04 18:10:20.498 T:4769 debug : CVideoPlayer::ProcessVideoData size:582655 dts:2414.120 pts:2414.245 dur:41.700ms, clock:2412.576 level:0
2024-06-04 18:10:20.501 T:4769 debug : CVideoPlayer::ProcessPacket packet from enhancement layer: size:43380 dts:2414.120 pts:2414.245 dur:41.700ms
2024-06-04 18:10:20.503 T:4769 debug : CVideoPlayer::ProcessVideoData size:248175 dts:2414.162 pts:2414.162 dur:41.700ms, clock:2412.581 level:0
2024-06-04 18:10:20.507 T:4769 debug : CVideoPlayer::ProcessPacket packet from enhancement layer: size:30806 dts:2414.162 pts:2414.162 dur:41.700ms
2024-06-04 18:10:20.508 T:4769 debug : ffmpeg[0x5c3e538]: [mpegts] Invalid timestamps stream=8, pts=218329394, dts=218329439, size=13
2024-06-04 18:10:20.515 T:4769 debug : CVideoPlayer::ProcessVideoData size:247709 dts:18442240474082.180 pts:18442240474082.180 dur:41.700ms, clock:2412.593 level:0
2024-06-04 18:10:20.522 T:4772 debug : CVideoPlayerVideo::OutputPicture - ttd:437ms pts:2413.036 Clock:2412.598 Level:6
2024-06-04 18:10:20.523 T:4769 debug : CVideoPlayer::ProcessPacket packet from enhancement layer: size:31291 dts:2414.203 pts:2414.203 dur:41.700ms
2024-06-04 18:10:20.531 T:4769 debug : CVideoPlayer::ProcessVideoData size:562474 dts:2414.245 pts:2414.370 dur:41.700ms, clock:2412.609 level:0
2024-06-04 18:10:20.534 T:4769 debug : CVideoPlayer::ProcessPacket packet from enhancement layer: size:54629 dts:2414.245 pts:2414.370 dur:41.700ms
2024-06-04 18:10:20.541 T:4769 debug : CVideoPlayer::ProcessVideoData size:241751 dts:2414.287 pts:2414.287 dur:41.700ms, clock:2412.619 level:0
2024-06-04 18:10:20.541 T:4769 debug : CVideoPlayer::ProcessPacket packet from enhancement layer: size:33809 dts:2414.287 pts:2414.287 dur:41.700ms
2024-06-04 18:10:20.548 T:4769 debug : CVideoPlayer::ProcessVideoData size:242565 dts:2414.329 pts:2414.329 dur:41.700ms, clock:2412.626 level:0
2024-06-04 18:10:20.568 T:4769 debug : CVideoPlayer::ProcessPacket packet from enhancement layer: size:33687 dts:2414.329 pts:2414.329 dur:41.700ms
2024-06-04 18:10:20.571 T:4769 debug : CVideoPlayer::ProcessVideoData size:680679 dts:2414.370 pts:2414.495 dur:41.700ms, clock:2412.649 level:0
2024-06-04 18:10:20.574 T:4769 debug : CVideoPlayer::ProcessPacket packet from enhancement layer: size:51485 dts:2414.370 pts:2414.495 dur:41.700ms
2024-06-04 18:10:20.582 T:4769 debug : CVideoPlayer::ProcessVideoData size:240261 dts:18442240474082.180 pts:18442240474082.180 dur:41.700ms, clock:2412.660 level:0
2024-06-04 18:10:20.584 T:4769 debug : CVideoPlayer::ProcessPacket packet from enhancement layer: size:33476 dts:2414.412 pts:2414.412 dur:41.700ms
2024-06-04 18:10:20.590 T:4769 debug : CVideoPlayer::ProcessVideoData size:241341 dts:2414.454 pts:2414.454 dur:41.700ms, clock:2412.669 level:0
2024-06-04 18:10:20.598 T:4769 debug : CVideoPlayer::ProcessPacket packet from enhancement layer: size:33603 dts:2414.454 pts:2414.454 dur:41.700ms
2024-06-04 18:10:20.607 T:4769 debug : CVideoPlayer::ProcessVideoData size:555177 dts:2414.495 pts:2414.620 dur:41.700ms, clock:2412.685 level:0
2024-06-04 18:10:20.607 T:4769 debug : CVideoPlayer::ProcessPacket packet from enhancement layer: size:55907 dts:2414.495 pts:2414.620 dur:41.700ms
2024-06-04 18:10:20.615 T:4769 debug : CVideoPlayer::ProcessVideoData size:242965 dts:2414.537 pts:2414.537 dur:41.700ms, clock:2412.693 level:0
2024-06-04 18:10:20.616 T:4772 debug : CVideoPlayerVideo::OutputPicture - ttd:383ms pts:2413.077 Clock:2412.694 Level:5
2024-06-04 18:10:20.617 T:4769 debug : CVideoPlayer::ProcessPacket packet from enhancement layer: size:33099 dts:2414.537 pts:2414.537 dur:41.700ms
2024-06-04 18:10:20.624 T:4769 debug : CVideoPlayer::ProcessVideoData size:242225 dts:2414.579 pts:2414.579 dur:41.700ms, clock:2412.702 level:0
2024-06-04 18:10:20.633 T:4769 debug : CVideoPlayer::ProcessVideoData size:557236 dts:2414.620 pts:2414.746 dur:41.700ms, clock:2412.711 level:0
2024-06-04 18:10:20.636 T:4769 debug : CVideoPlayer::ProcessPacket packet from enhancement layer: size:33108 dts:2414.579 pts:2414.579 dur:41.700ms
2024-06-04 18:10:20.641 T:4769 debug : CVideoPlayer::ProcessPacket packet from enhancement layer: size:59151 dts:2414.620 pts:2414.746 dur:41.700ms
2024-06-04 18:10:20.649 T:4769 debug : CVideoPlayer::ProcessVideoData size:243584 dts:18442240474082.180 pts:18442240474082.180 dur:41.700ms, clock:2412.727 level:0
2024-06-04 18:10:20.649 T:4769 debug : CVideoPlayer::ProcessPacket packet from enhancement layer: size:33531 dts:2414.662 pts:2414.662 dur:41.700ms
2024-06-04 18:10:20.654 T:4772 debug : CVideoPlayerVideo::OutputPicture - ttd:386ms pts:2413.119 Clock:2412.732 Level:5
2024-06-04 18:10:20.657 T:4769 debug : CVideoPlayer::ProcessVideoData size:241713 dts:2414.704 pts:2414.704 dur:41.700ms, clock:2412.735 level:0
2024-06-04 18:10:20.670 T:4769 debug : CVideoPlayer::ProcessPacket packet from enhancement layer: size:33830 dts:2414.704 pts:2414.704 dur:41.700ms
2024-06-04 18:10:20.676 T:4769 debug : CVideoPlayer::ProcessVideoData size:560167 dts:2414.746 pts:2414.871 dur:41.700ms, clock:2412.754 level:0
2024-06-04 18:10:20.679 T:4769 debug : CVideoPlayer::ProcessPacket packet from enhancement layer: size:59620 dts:2414.746 pts:2414.871 dur:41.700ms
2024-06-04 18:10:20.686 T:4769 debug : CVideoPlayer::ProcessVideoData size:288461 dts:2414.787 pts:2414.787 dur:41.700ms, clock:2412.764 level:0
2024-06-04 18:10:20.691 T:4769 debug : CVideoPlayer::ProcessVideoData size:244177 dts:2414.829 pts:2414.829 dur:41.700ms, clock:2412.769 level:0
2024-06-04 18:10:20.696 T:4772 debug : CVideoPlayerVideo::OutputPicture - ttd:386ms pts:2413.161 Clock:2412.774 Level:5
2024-06-04 18:10:20.697 T:4769 debug : CVideoPlayer::ProcessPacket packet from enhancement layer: size:27623 dts:2414.787 pts:2414.787 dur:41.700ms
2024-06-04 18:10:20.726 T:4769 debug : CVideoPlayer::ProcessVideoData size:1163174 dts:18442240474082.180 pts:18442240474082.180 dur:41.700ms, clock:2412.805 level:0
2024-06-04 18:10:20.728 T:4769 debug : CVideoPlayer::ProcessPacket packet from enhancement layer: size:33713 dts:2414.829 pts:2414.829 dur:41.700ms
2024-06-04 18:10:20.728 T:4769 debug : CVideoPlayer::ProcessPacket packet from enhancement layer: size:116675 dts:2414.871 pts:2414.996 dur:41.700ms
2024-06-04 18:10:20.736 T:4769 debug : CVideoPlayer::ProcessVideoData size:242363 dts:2414.912 pts:2414.912 dur:41.700ms, clock:2412.814 level:1
2024-06-04 18:10:20.739 T:4769 debug : CVideoPlayer::ProcessPacket packet from enhancement layer: size:31898 dts:2414.912 pts:2414.912 dur:41.700ms
2024-06-04 18:10:20.741 T:4772 debug : CVideoPlayerVideo::OutputPicture - ttd:383ms pts:2413.202 Clock:2412.819 Level:5
2024-06-04 18:10:20.746 T:4769 debug : CVideoPlayer::ProcessVideoData size:242929 dts:2414.954 pts:2414.954 dur:41.700ms, clock:2412.824 level:0
2024-06-04 18:10:20.754 T:4769 debug : CVideoPlayer::ProcessPacket packet from enhancement layer: size:31555 dts:2414.954 pts:2414.954 dur:41.700ms
2024-06-04 18:10:20.762 T:4769 debug : CVideoPlayer::ProcessVideoData size:573891 dts:2414.996 pts:2415.121 dur:41.700ms, clock:2412.840 level:0
2024-06-04 18:10:20.766 T:4769 debug : CVideoPlayer::ProcessVideoData size:248024 dts:2415.038 pts:2415.038 dur:41.700ms, clock:2412.844 level:0
2024-06-04 18:10:20.769 T:4772 debug : CVideoPlayerVideo::OutputPicture - ttd:397ms pts:2413.244 Clock:2412.847 Level:6
2024-06-04 18:10:20.772 T:4769 debug : CVideoPlayer::ProcessPacket packet from enhancement layer: size:43989 dts:2414.996 pts:2415.121 dur:41.700ms
2024-06-04 18:10:20.775 T:4769 debug : CVideoPlayer::ProcessPacket packet from enhancement layer: size:31113 dts:2415.038 pts:2415.038 dur:41.700ms
2024-06-04 18:10:20.783 T:4769 debug : CVideoPlayer::ProcessVideoData size:247129 dts:18442240474082.180 pts:18442240474082.180 dur:41.700ms, clock:2412.861 level:0
2024-06-04 18:10:20.791 T:4769 debug : CVideoPlayer::ProcessPacket packet from enhancement layer: size:30763 dts:2415.079 pts:2415.079 dur:41.700ms
2024-06-04 18:10:20.799 T:4769 debug : CVideoPlayer::ProcessVideoData size:561766 dts:2415.121 pts:2415.246 dur:41.700ms, clock:2412.877 level:0
2024-06-04 18:10:20.801 T:4769 debug : CVideoPlayer::ProcessPacket packet from enhancement layer: size:55306 dts:2415.121 pts:2415.246 dur:41.700ms
2024-06-04 18:10:20.808 T:4769 debug : CVideoPlayer::ProcessVideoData size:243100 dts:2415.163 pts:2415.163 dur:41.700ms, clock:2412.886 level:0
2024-06-04 18:10:20.808 T:4769 debug : CVideoPlayer::ProcessPacket packet from enhancement layer: size:33428 dts:2415.163 pts:2415.163 dur:41.700ms
2024-06-04 18:10:20.815 T:4772 debug : CVideoPlayerVideo::OutputPicture - ttd:392ms pts:2413.286 Clock:2412.893 Level:6
2024-06-04 18:10:20.816 T:4769 debug : CVideoPlayer::ProcessVideoData size:243199 dts:2415.204 pts:2415.204 dur:41.700ms, clock:2412.895 level:0
2024-06-04 18:10:20.826 T:4769 debug : CVideoPlayer::ProcessPacket packet from enhancement layer: size:26919 dts:2415.204 pts:2415.204 dur:41.700ms
