2024-06-04 18:08:04.276 T:4365 debug : CVideoPlayer::ProcessVideoData size:84019 dts:3.045 pts:3.045 dur:41.700ms, clock:-0.500 level:0
2024-06-04 18:08:04.278 T:4365 debug : CVideoPlayer::ProcessPacket packet from enhancement layer: size:10693 dts:3.045 pts:3.045 dur:41.700ms
2024-06-04 18:08:04.283 T:4365 debug : CVideoPlayer::ProcessPacket packet from enhancement layer: size:12598 dts:3.086 pts:3.212 dur:41.700ms
2024-06-04 18:08:04.288 T:4365 debug : CVideoPlayer::ProcessVideoData size:255690 dts:3.086 pts:3.212 dur:41.700ms, clock:-0.500 level:0
2024-06-04 18:08:04.290 T:4365 debug : CVideoPlayer::ProcessPacket packet from enhancement layer: size:10272 dts:3.128 pts:3.128 dur:41.700ms
2024-06-04 18:08:04.294 T:4365 debug : CVideoPlayer::ProcessVideoData size:89811 dts:3.128 pts:3.128 dur:41.700ms, clock:-0.500 level:0
2024-06-04 18:08:04.297 T:4365 debug : CVideoPlayer::ProcessVideoData size:92495 dts:3.170 pts:3.170 dur:41.700ms, clock:-0.500 level:0
2024-06-04 18:08:04.301 T:4365 debug : CVideoPlayer::ProcessPacket packet from enhancement layer: size:9931 dts:3.170 pts:3.170 dur:41.700ms
2024-06-04 18:08:04.306 T:4365 debug : CVideoPlayer::ProcessPacket packet from enhancement layer: size:41846 dts:3.212 pts:3.337 dur:41.700ms
2024-06-04 18:08:04.309 T:4365 debug : CVideoPlayer::ProcessVideoData size:257731 dts:3.212 pts:3.337 dur:41.700ms, clock:-0.500 level:0
2024-06-04 18:08:04.311 T:4197 debug : CActiveAESink::OpenSink - trying to open device ALSA:hdmi:CARD=AMLAUGESOUND,DEV=0
2024-06-04 18:08:04.311 T:4197 info : CAESinkALSA::Initialize - Configure simple control for "AUGESOUND"
2024-06-04 18:08:04.311 T:4197 info : CAESinkALSA - Use card "hw:0" and set codec format "TrueHD"
2024-06-04 18:08:04.311 T:4365 debug : CVideoPlayer::ProcessPacket packet from enhancement layer: size:10840 dts:3.253 pts:3.253 dur:41.700ms
2024-06-04 18:08:04.316 T:4365 debug : CVideoPlayer::ProcessVideoData size:88262 dts:3.253 pts:3.253 dur:41.700ms, clock:-0.500 level:0
2024-06-04 18:08:04.322 T:4365 debug : CVideoPlayer::ProcessVideoData size:80030 dts:3.295 pts:3.295 dur:41.700ms, clock:-0.500 level:0
2024-06-04 18:08:04.324 T:4365 debug : CVideoPlayer::ProcessPacket packet from enhancement layer: size:10690 dts:3.295 pts:3.295 dur:41.700ms
2024-06-04 18:08:04.328 T:4365 debug : CVideoPlayer::ProcessPacket packet from enhancement layer: size:13405 dts:3.337 pts:3.462 dur:41.700ms
2024-06-04 18:08:04.330 T:4365 debug : CVideoPlayer::ProcessVideoData size:234336 dts:3.337 pts:3.462 dur:41.700ms, clock:-0.500 level:0
2024-06-04 18:08:04.332 T:4365 debug : CVideoPlayer::ProcessPacket packet from enhancement layer: size:11903 dts:3.378 pts:3.378 dur:41.700ms
2024-06-04 18:08:04.336 T:4365 debug : CVideoPlayer::ProcessVideoData size:85179 dts:3.378 pts:3.378 dur:41.700ms, clock:-0.500 level:0
2024-06-04 18:08:04.342 T:4365 debug : CVideoPlayer::ProcessVideoData size:82150 dts:3.420 pts:3.420 dur:41.700ms, clock:-0.500 level:0
2024-06-04 18:08:04.343 T:4365 debug : CVideoPlayer::ProcessPacket packet from enhancement layer: size:11808 dts:3.420 pts:3.420 dur:41.700ms
2024-06-04 18:08:04.347 T:4365 debug : CVideoPlayer::ProcessPacket packet from enhancement layer: size:15645 dts:3.462 pts:3.587 dur:41.700ms
2024-06-04 18:08:04.348 T:4197 info : CAESinkALSA - Set Spdif to HDMITX to "Spdif_b"
2024-06-04 18:08:04.348 T:4197 info : CAESinkALSA - Set codec for "Audio spdif_b format"
2024-06-04 18:08:04.348 T:4197 info : CAESinkALSA - Set codec for "Audio spdif format"
2024-06-04 18:08:04.349 T:4197 info : CAESinkALSA::Initialize - Attempting to open device "hdmi:CARD=AMLAUGESOUND,DEV=0"
2024-06-04 18:08:04.354 T:4365 debug : CVideoPlayer::ProcessVideoData size:262949 dts:3.462 pts:3.587 dur:41.700ms, clock:-0.500 level:0
2024-06-04 18:08:04.355 T:4365 debug : CVideoPlayer::ProcessPacket packet from enhancement layer: size:12389 dts:3.503 pts:3.503 dur:41.700ms
2024-06-04 18:08:04.360 T:4197 info : CAESinkALSA::Initialize - Opened device "hdmi:CARD=AMLAUGESOUND,DEV=0,AES0=0x06,AES1=0x82,AES2=0x00,AES3=0x09"
2024-06-04 18:08:04.360 T:4365 debug : CVideoPlayer::ProcessVideoData size:89656 dts:3.503 pts:3.503 dur:41.700ms, clock:-0.500 level:0
2024-06-04 18:08:04.360 T:4197 debug : CAESinkALSA::InitializeHW - Request: periodSize 4096, bufferSize 16384
2024-06-04 18:08:04.360 T:4197 debug : CAESinkALSA::InitializeHW - Got: periodSize 4096, bufferSize 16384
2024-06-04 18:08:04.361 T:4197 debug : CAESinkALSA::InitializeHW - Setting timeout to 86 ms
2024-06-04 18:08:04.361 T:4197 debug : CAESinkALSA::GetChannelLayout - Input Channel Count: 8 Output Channel Count: 8
2024-06-04 18:08:04.361 T:4197 debug : CAESinkALSA::GetChannelLayout - Requested Layout: RAW, RAW, RAW, RAW, RAW, RAW, RAW, RAW
2024-06-04 18:08:04.361 T:4197 debug : CAESinkALSA::GetChannelLayout - Got Layout: RAW, RAW, RAW, RAW, RAW, RAW, RAW, RAW (ALSA: none)
2024-06-04 18:08:04.361 T:4197 debug : CActiveAESink::OpenSink - ALSA Initialized:
2024-06-04 18:08:04.361 T:4197 debug : Output Device : AML-AUGESOUND
2024-06-04 18:08:04.361 T:4197 debug : Sample Rate : 192000
2024-06-04 18:08:04.361 T:4197 debug : Sample Format : AE_FMT_S16NE
2024-06-04 18:08:04.361 T:4197 debug : Channel Count : 8
2024-06-04 18:08:04.361 T:4197 debug : Channel Layout: RAW, RAW, RAW, RAW, RAW, RAW, RAW, RAW
2024-06-04 18:08:04.361 T:4197 debug : Frames : 4096
2024-06-04 18:08:04.361 T:4197 debug : Frame Size : 16
2024-06-04 18:08:04.366 T:4365 debug : CVideoPlayer::ProcessVideoData size:89665 dts:3.545 pts:3.545 dur:41.700ms, clock:-0.500 level:0
2024-06-04 18:08:04.367 T:4196 debug : CActiveAE::ClearDiscardedBuffers - buffer pool deleted
2024-06-04 18:08:04.367 T:4365 info : Skipped 1 duplicate messages..
2024-06-04 18:08:04.367 T:4365 debug : CVideoPlayer::ProcessPacket packet from enhancement layer: size:12092 dts:3.545 pts:3.545 dur:41.700ms
2024-06-04 18:08:04.372 T:4365 debug : CVideoPlayer::HandleMessages - player started 1
2024-06-04 18:08:04.372 T:4312 debug : OnAVChange: CApplication::OnAVChange
2024-06-04 18:08:04.376 T:4365 debug : CVideoPlayer::ProcessPacket packet from enhancement layer: size:16042 dts:3.587 pts:3.712 dur:41.700ms
2024-06-04 18:08:04.380 T:4365 debug : CVideoPlayer::ProcessVideoData size:260755 dts:3.587 pts:3.712 dur:41.700ms, clock:-0.500 level:0
2024-06-04 18:08:04.381 T:4365 debug : CVideoPlayer::ProcessPacket packet from enhancement layer: size:12406 dts:3.629 pts:3.629 dur:41.700ms
2024-06-04 18:08:04.388 T:4365 debug : CVideoPlayer::ProcessVideoData size:84964 dts:3.629 pts:3.629 dur:41.700ms, clock:-0.500 level:0
2024-06-04 18:08:04.394 T:4365 debug : CVideoPlayer::ProcessVideoData size:83334 dts:3.670 pts:3.670 dur:41.700ms, clock:-0.500 level:0
2024-06-04 18:08:04.394 T:4365 debug : CVideoPlayer::ProcessPacket packet from enhancement layer: size:9126 dts:3.670 pts:3.670 dur:41.700ms
2024-06-04 18:08:04.398 T:4365 debug : CVideoPlayer::ProcessPacket packet from enhancement layer: size:16615 dts:3.712 pts:3.837 dur:41.700ms
2024-06-04 18:08:04.404 T:4365 debug : CVideoPlayer::ProcessVideoData size:265049 dts:3.712 pts:3.837 dur:41.700ms, clock:-0.500 level:0
2024-06-04 18:08:04.405 T:4365 debug : CVideoPlayer::ProcessPacket packet from enhancement layer: size:12259 dts:3.754 pts:3.754 dur:41.700ms
2024-06-04 18:08:04.409 T:4365 debug : CVideoPlayer::ProcessVideoData size:83847 dts:3.754 pts:3.754 dur:41.700ms, clock:-0.500 level:0
2024-06-04 18:08:04.413 T:4365 debug : CVideoPlayer::ProcessVideoData size:81756 dts:3.795 pts:3.795 dur:41.700ms, clock:-0.500 level:0
2024-06-04 18:08:04.415 T:4365 debug : CVideoPlayer::ProcessPacket packet from enhancement layer: size:9272 dts:3.795 pts:3.795 dur:41.700ms
2024-06-04 18:08:04.422 T:4365 debug : CVideoPlayer::ProcessPacket packet from enhancement layer: size:17433 dts:3.837 pts:3.962 dur:41.700ms
2024-06-04 18:08:04.426 T:4365 debug : CVideoPlayer::ProcessVideoData size:266606 dts:3.837 pts:3.962 dur:41.700ms, clock:-0.500 level:0
2024-06-04 18:08:04.427 T:4365 debug : CVideoPlayer::ProcessPacket packet from enhancement layer: size:9342 dts:3.879 pts:3.879 dur:41.700ms
2024-06-04 18:08:04.431 T:4365 debug : CVideoPlayer::ProcessVideoData size:82077 dts:3.879 pts:3.879 dur:41.700ms, clock:-0.500 level:0
2024-06-04 18:08:04.436 T:4365 debug : CVideoPlayer::ProcessVideoData size:78356 dts:3.921 pts:3.921 dur:41.700ms, clock:-0.500 level:0
2024-06-04 18:08:04.439 T:4365 debug : CVideoPlayer::ProcessPacket packet from enhancement layer: size:12272 dts:3.921 pts:3.921 dur:41.700ms
2024-06-04 18:08:04.444 T:4365 debug : CVideoPlayer::ProcessPacket packet from enhancement layer: size:14065 dts:3.962 pts:4.087 dur:41.700ms
2024-06-04 18:08:04.450 T:4365 debug : CVideoPlayer::ProcessVideoData size:264981 dts:3.962 pts:4.087 dur:41.700ms, clock:-0.500 level:0
2024-06-04 18:08:04.451 T:4365 debug : CVideoPlayer::ProcessPacket packet from enhancement layer: size:9354 dts:4.004 pts:4.004 dur:41.700ms
2024-06-04 18:08:04.456 T:4365 debug : CVideoPlayer::ProcessVideoData size:85237 dts:4.004 pts:4.004 dur:41.700ms, clock:-0.500 level:0
2024-06-04 18:08:04.460 T:4365 debug : CVideoPlayer::ProcessVideoData size:80616 dts:4.046 pts:4.046 dur:41.700ms, clock:-0.500 level:0
2024-06-04 18:08:04.463 T:4365 debug : CVideoPlayer::ProcessPacket packet from enhancement layer: size:12740 dts:4.046 pts:4.046 dur:41.700ms
2024-06-04 18:08:04.469 T:4365 debug : CVideoPlayer::ProcessPacket packet from enhancement layer: size:28995 dts:4.087 pts:4.213 dur:41.700ms
2024-06-04 18:08:04.473 T:4365 debug : CVideoPlayer::ProcessVideoData size:285049 dts:4.087 pts:4.213 dur:41.700ms, clock:-0.500 level:0
2024-06-04 18:08:04.476 T:4365 debug : CVideoPlayer::ProcessPacket packet from enhancement layer: size:11394 dts:4.129 pts:4.129 dur:41.700ms
2024-06-04 18:08:04.478 T:4365 debug : CVideoPlayer::ProcessVideoData size:78315 dts:4.129 pts:4.129 dur:41.700ms, clock:-0.500 level:0
2024-06-04 18:08:04.481 T:4365 debug : CVideoPlayer::ProcessVideoData size:77852 dts:4.171 pts:4.171 dur:41.700ms, clock:-0.500 level:0
2024-06-04 18:08:04.484 T:4365 debug : CVideoPlayer::ProcessPacket packet from enhancement layer: size:11503 dts:4.171 pts:4.171 dur:41.700ms
2024-06-04 18:08:04.490 T:4365 debug : CVideoPlayer::ProcessPacket packet from enhancement layer: size:13058 dts:4.213 pts:4.338 dur:41.700ms
2024-06-04 18:08:04.495 T:4365 debug : CVideoPlayer::ProcessVideoData size:252732 dts:4.213 pts:4.338 dur:41.700ms, clock:-0.500 level:0
2024-06-04 18:08:04.496 T:4365 debug : CVideoPlayer::ProcessPacket packet from enhancement layer: size:10956 dts:4.254 pts:4.254 dur:41.700ms
2024-06-04 18:08:04.499 T:4365 debug : CVideoPlayer::ProcessVideoData size:81312 dts:4.254 pts:4.254 dur:41.700ms, clock:-0.500 level:0
2024-06-04 18:08:04.506 T:4365 debug : CVideoPlayer::ProcessVideoData size:80656 dts:4.296 pts:4.296 dur:41.700ms, clock:-0.500 level:0
2024-06-04 18:08:04.508 T:4365 debug : CVideoPlayer::ProcessPacket packet from enhancement layer: size:11293 dts:4.296 pts:4.296 dur:41.700ms
2024-06-04 18:08:04.513 T:4365 debug : CVideoPlayer::ProcessPacket packet from enhancement layer: size:15701 dts:4.338 pts:4.463 dur:41.700ms
2024-06-04 18:08:04.520 T:4365 debug : CVideoPlayer::ProcessVideoData size:263948 dts:4.338 pts:4.463 dur:41.700ms, clock:-0.500 level:0
2024-06-04 18:08:04.521 T:4365 debug : CVideoPlayer::ProcessPacket packet from enhancement layer: size:12198 dts:4.379 pts:4.379 dur:41.700ms
2024-06-04 18:08:04.525 T:4365 debug : CVideoPlayer::ProcessVideoData size:81499 dts:4.379 pts:4.379 dur:41.700ms, clock:-0.500 level:0
2024-06-04 18:08:04.529 T:4365 debug : CVideoPlayer::ProcessVideoData size:78403 dts:4.421 pts:4.421 dur:41.700ms, clock:-0.500 level:0
2024-06-04 18:08:04.531 T:4365 debug : CVideoPlayer::ProcessPacket packet from enhancement layer: size:12267 dts:4.421 pts:4.421 dur:41.700ms
2024-06-04 18:08:04.537 T:4365 debug : CVideoPlayer::ProcessPacket packet from enhancement layer: size:16754 dts:4.463 pts:4.588 dur:41.700ms
2024-06-04 18:08:04.543 T:4365 debug : CVideoPlayer::ProcessVideoData size:265917 dts:4.463 pts:4.588 dur:41.700ms, clock:-0.500 level:0
2024-06-04 18:08:04.544 T:4365 debug : CVideoPlayer::ProcessPacket packet from enhancement layer: size:12493 dts:4.504 pts:4.504 dur:41.700ms
2024-06-04 18:08:04.548 T:4365 debug : CVideoPlayer::ProcessVideoData size:81086 dts:4.504 pts:4.504 dur:41.700ms, clock:-0.500 level:0
2024-06-04 18:08:04.553 T:4365 debug : CVideoPlayer::ProcessVideoData size:80861 dts:4.546 pts:4.546 dur:41.700ms, clock:-0.500 level:0
2024-06-04 18:08:04.556 T:4365 debug : CVideoPlayer::ProcessPacket packet from enhancement layer: size:12361 dts:4.546 pts:4.546 dur:41.700ms
2024-06-04 18:08:04.560 T:4365 debug : CVideoPlayer::ProcessPacket packet from enhancement layer: size:16501 dts:4.588 pts:4.713 dur:41.700ms
2024-06-04 18:08:04.566 T:4365 debug : CVideoPlayer::ProcessVideoData size:272703 dts:4.588 pts:4.713 dur:41.700ms, clock:-0.500 level:0
2024-06-04 18:08:04.568 T:4365 debug : CVideoPlayer::ProcessPacket packet from enhancement layer: size:12436 dts:4.630 pts:4.630 dur:41.700ms
2024-06-04 18:08:04.573 T:4365 debug : CVideoPlayer::ProcessVideoData size:80655 dts:4.630 pts:4.630 dur:41.700ms, clock:-0.500 level:0
2024-06-04 18:08:04.576 T:4365 debug : CVideoPlayer::ProcessVideoData size:75888 dts:4.671 pts:4.671 dur:41.700ms, clock:-0.500 level:0
2024-06-04 18:08:04.579 T:4365 debug : CVideoPlayer::ProcessPacket packet from enhancement layer: size:12456 dts:4.671 pts:4.671 dur:41.700ms
2024-06-04 18:08:04.584 T:4365 debug : CVideoPlayer::ProcessPacket packet from enhancement layer: size:16573 dts:4.713 pts:4.838 dur:41.700ms
2024-06-04 18:08:04.588 T:4365 debug : CVideoPlayer::ProcessVideoData size:271822 dts:4.713 pts:4.838 dur:41.700ms, clock:-0.500 level:0
2024-06-04 18:08:04.591 T:4365 debug : CVideoPlayer::ProcessPacket packet from enhancement layer: size:12015 dts:4.755 pts:4.755 dur:41.700ms
2024-06-04 18:08:04.596 T:4365 debug : CVideoPlayer::ProcessVideoData size:81955 dts:4.755 pts:4.755 dur:41.700ms, clock:-0.500 level:0
2024-06-04 18:08:04.601 T:4365 debug : CVideoPlayer::ProcessVideoData size:78439 dts:4.796 pts:4.796 dur:41.700ms, clock:-0.500 level:0
2024-06-04 18:08:04.604 T:4365 debug : CVideoPlayer::ProcessPacket packet from enhancement layer: size:12197 dts:4.796 pts:4.796 dur:41.700ms
2024-06-04 18:08:04.608 T:4365 debug : CVideoPlayer::ProcessPacket packet from enhancement layer: size:17181 dts:4.838 pts:4.963 dur:41.700ms
2024-06-04 18:08:04.611 T:4365 debug : CVideoPlayer::ProcessVideoData size:269107 dts:4.838 pts:4.963 dur:41.700ms, clock:-0.500 level:0
2024-06-04 18:08:04.613 T:4365 debug : CVideoPlayer::ProcessPacket packet from enhancement layer: size:12258 dts:4.880 pts:4.880 dur:41.700ms
2024-06-04 18:08:04.620 T:4365 debug : CVideoPlayer::ProcessVideoData size:77320 dts:4.880 pts:4.880 dur:41.700ms, clock:-0.500 level:0
2024-06-04 18:08:04.624 T:4365 debug : CVideoPlayer::ProcessVideoData size:79122 dts:4.922 pts:4.922 dur:41.700ms, clock:-0.500 level:0
2024-06-04 18:08:04.629 T:4365 debug : CVideoPlayer::ProcessPacket packet from enhancement layer: size:12215 dts:4.922 pts:4.922 dur:41.700ms
2024-06-04 18:08:04.634 T:4365 debug : CVideoPlayer::ProcessPacket packet from enhancement layer: size:40628 dts:4.963 pts:5.088 dur:41.700ms
2024-06-04 18:08:04.638 T:4365 debug : CVideoPlayer::ProcessVideoData size:295391 dts:4.963 pts:5.088 dur:41.700ms, clock:-0.500 level:0
2024-06-04 18:08:04.639 T:4365 debug : CVideoPlayer::ProcessPacket packet from enhancement layer: size:11702 dts:5.005 pts:5.005 dur:41.700ms
2024-06-04 18:08:04.642 T:4368 debug : CRenderManager::Configure - change configuration. 3840x2160. display: 3840x2160. framerate: 23.98 hdrType: dolbyvision.
2024-06-04 18:08:04.644 T:4365 debug : CVideoPlayer::ProcessVideoData size:73564 dts:5.005 pts:5.005 dur:41.700ms, clock:-0.500 level:0
2024-06-04 18:08:04.650 T:4365 debug : CVideoPlayer::ProcessVideoData size:69088 dts:5.047 pts:5.047 dur:41.700ms, clock:-0.500 level:0
2024-06-04 18:08:04.651 T:4365 debug : CVideoPlayer::ProcessPacket packet from enhancement layer: size:11764 dts:5.047 pts:5.047 dur:41.700ms
2024-06-04 18:08:04.657 T:4162 debug : DeleteRenderer - deleting renderer
2024-06-04 18:08:04.657 T:4162 debug : LinuxRendererGLES: Cleaning up GLES resources
2024-06-04 18:08:04.657 T:4162 info : Constructing CRendererAML
2024-06-04 18:08:04.657 T:4162 debug : CRendererAML::Configure DV support, enabled, DV system is enabled, HDR is used
2024-06-04 18:08:04.657 T:4162 debug : CRenderManager::Configure - 8
2024-06-04 18:08:04.657 T:4368 debug : CVideoPlayerVideo::OutputPicture - ttd:499ms pts:0.000 Clock:-0.500 Level:0
2024-06-04 18:08:04.659 T:4365 debug : CVideoPlayer::ProcessPacket packet from enhancement layer: size:15186 dts:5.088 pts:5.214 dur:41.700ms
2024-06-04 18:08:04.659 T:4365 debug : CVideoPlayer::HandleMessages - player started 2
2024-06-04 18:08:04.659 T:4365 debug : VideoPlayer::Sync - Audio - pts: 0.149, cache: 0.403, totalcache: 0.685, packets:6144 level:62
2024-06-04 18:08:04.659 T:4365 debug : VideoPlayer::Sync - Video - pts: 0.000, cache: 0.050, totalcache: 0.100, packets:123 level:2
2024-06-04 18:08:04.659 T:4210 debug : OnAVChange: CApplication::OnAVChange
2024-06-04 18:08:04.659 T:4365 debug : CDVDClock::SetSpeedAdjust - adjusted:0.000000
2024-06-04 18:08:04.659 T:4369 debug : CDVDAudio::Resume - resume audio stream
2024-06-04 18:08:04.659 T:4368 debug : CVideoPlayerVideo::OutputPicture - ttd:295ms pts:0.042 Clock:-0.254 Level:0
2024-06-04 18:08:04.659 T:4196 debug : ActiveAE - start sync of audio stream
2024-06-04 18:08:04.660 T:4368 debug : CVideoPlayerVideo - CDVDMsg::GENERAL_RESYNC(-254245.617181)
2024-06-04 18:08:04.660 T:4368 debug : CVideoPlayerVideo - OUTPUT_AGAIN - vfmt, interlace should be checked.
2024-06-04 18:08:04.660 T:4210 debug : OnAVStarted: CApplication::OnAVStarted
2024-06-04 18:08:04.660 T:4368 debug : CVideoPlayerVideo::OutputPicture - ttd:336ms pts:0.083 Clock:-0.253 Level:1
2024-06-04 18:08:04.660 T:4368 debug : CVideoPlayerVideo - CDVDMsg::DEMUXER_PACKET - checking interlace vfmt: null
2024-06-04 18:08:04.661 T:4368 debug : CVideoPlayerVideo::OutputPicture - ttd:376ms pts:0.125 Clock:-0.252 Level:2
2024-06-04 18:08:04.663 T:4368 debug : CVideoPlayerVideo::OutputPicture - ttd:417ms pts:0.167 Clock:-0.250 Level:3
2024-06-04 18:08:04.663 T:4365 debug : CVideoPlayer::ProcessVideoData size:234281 dts:5.088 pts:5.214 dur:41.700ms, clock:-0.250 level:2
2024-06-04 18:08:04.664 T:4368 debug : CVideoPlayerVideo::OutputPicture - ttd:457ms pts:0.209 Clock:-0.249 Level:4
2024-06-04 18:08:04.665 T:4365 debug : CVideoPlayer::ProcessPacket packet from enhancement layer: size:10838 dts:5.130 pts:5.130 dur:41.700ms
2024-06-04 18:08:04.666 T:4368 debug : CVideoPlayerVideo::OutputPicture - ttd:497ms pts:0.250 Clock:-0.247 Level:5
2024-06-04 18:08:04.667 T:4365 debug : CVideoPlayer::ProcessVideoData size:70857 dts:5.130 pts:5.130 dur:41.700ms, clock:-0.246 level:2
2024-06-04 18:08:04.668 T:4368 debug : CVideoPlayerVideo::OutputPicture - ttd:536ms pts:0.292 Clock:-0.245 Level:6
2024-06-04 18:08:04.672 T:4365 debug : CVideoPlayer::ProcessVideoData size:73545 dts:5.172 pts:5.172 dur:41.700ms, clock:-0.241 level:2
2024-06-04 18:08:04.674 T:4365 debug : CVideoPlayer::ProcessPacket packet from enhancement layer: size:10978 dts:5.172 pts:5.172 dur:41.700ms
2024-06-04 18:08:04.678 T:4368 debug : CVideoPlayerVideo - CDVDMsg::DEMUXER_PACKET - checking interlace vfmt: null
2024-06-04 18:08:04.679 T:4365 debug : CVideoPlayer::ProcessPacket packet from enhancement layer: size:16808 dts:5.214 pts:5.339 dur:41.700ms
2024-06-04 18:08:04.682 T:4365 debug : CVideoPlayer::ProcessVideoData size:249380 dts:5.214 pts:5.339 dur:41.700ms, clock:-0.231 level:0
2024-06-04 18:08:04.685 T:4365 debug : CVideoPlayer::ProcessPacket packet from enhancement layer: size:11068 dts:5.255 pts:5.255 dur:41.700ms
2024-06-04 18:08:04.685 T:4368 debug : CVideoPlayerVideo - CDVDMsg::DEMUXER_PACKET - checking interlace vfmt: null
2024-06-04 18:08:04.686 T:4365 debug : CVideoPlayer::ProcessVideoData size:73785 dts:5.255 pts:5.255 dur:41.700ms, clock:-0.227 level:0
2024-06-04 18:08:04.692 T:4365 debug : CVideoPlayer::ProcessVideoData size:74383 dts:5.297 pts:5.297 dur:41.700ms, clock:-0.221 level:0
2024-06-04 18:08:04.692 T:4365 debug : CVideoPlayer::ProcessPacket packet from enhancement layer: size:11142 dts:5.297 pts:5.297 dur:41.700ms
2024-06-04 18:08:04.695 T:4368 debug : CVideoPlayerVideo - CDVDMsg::DEMUXER_PACKET - checking interlace vfmt: null
2024-06-04 18:08:04.699 T:4365 debug : CVideoPlayer::ProcessPacket packet from enhancement layer: size:16821 dts:5.339 pts:5.464 dur:41.700ms
2024-06-04 18:08:04.702 T:4365 debug : CVideoPlayer::ProcessVideoData size:259083 dts:5.339 pts:5.464 dur:41.700ms, clock:-0.211 level:0
2024-06-04 18:08:04.704 T:4365 debug : CVideoPlayer::ProcessPacket packet from enhancement layer: size:10823 dts:5.380 pts:5.380 dur:41.700ms
2024-06-04 18:08:04.706 T:4365 debug : CVideoPlayer::ProcessVideoData size:74256 dts:5.380 pts:5.380 dur:41.700ms, clock:-0.207 level:0
2024-06-04 18:08:04.711 T:4365 debug : CVideoPlayer::ProcessVideoData size:76496 dts:5.422 pts:5.422 dur:41.700ms, clock:-0.202 level:0
2024-06-04 18:08:04.712 T:4365 debug : CVideoPlayer::ProcessPacket packet from enhancement layer: size:10746 dts:5.422 pts:5.422 dur:41.700ms
2024-06-04 18:08:04.719 T:4365 debug : CVideoPlayer::ProcessPacket packet from enhancement layer: size:17079 dts:5.464 pts:5.589 dur:41.700ms
2024-06-04 18:08:04.721 T:4365 debug : CVideoPlayer::ProcessVideoData size:269183 dts:5.464 pts:5.589 dur:41.700ms, clock:-0.192 level:2
2024-06-04 18:08:04.724 T:4365 debug : CVideoPlayer::ProcessPacket packet from enhancement layer: size:10399 dts:5.505 pts:5.505 dur:41.700ms
2024-06-04 18:08:04.726 T:4365 debug : CVideoPlayer::ProcessVideoData size:79229 dts:5.505 pts:5.505 dur:41.700ms, clock:-0.187 level:2
2024-06-04 18:08:04.732 T:4365 debug : CVideoPlayer::ProcessVideoData size:82244 dts:5.547 pts:5.547 dur:41.700ms, clock:-0.181 level:2
2024-06-04 18:08:04.734 T:4365 debug : CVideoPlayer::ProcessPacket packet from enhancement layer: size:10683 dts:5.547 pts:5.547 dur:41.700ms
2024-06-04 18:08:04.738 T:4365 debug : CVideoPlayer::ProcessPacket packet from enhancement layer: size:16770 dts:5.589 pts:5.714 dur:41.700ms
2024-06-04 18:08:04.742 T:4365 debug : CVideoPlayer::ProcessVideoData size:289639 dts:5.589 pts:5.714 dur:41.700ms, clock:-0.171 level:3
2024-06-04 18:08:04.745 T:4365 debug : CVideoPlayer::ProcessPacket packet from enhancement layer: size:9888 dts:5.631 pts:5.631 dur:41.700ms
2024-06-04 18:08:04.747 T:4365 debug : CVideoPlayer::ProcessVideoData size:86730 dts:5.631 pts:5.631 dur:41.700ms, clock:-0.166 level:4
2024-06-04 18:08:04.752 T:4365 debug : CVideoPlayer::ProcessVideoData size:91240 dts:5.672 pts:5.672 dur:41.700ms, clock:-0.161 level:4
2024-06-04 18:08:04.755 T:4365 debug : CVideoPlayer::ProcessPacket packet from enhancement layer: size:10304 dts:5.672 pts:5.672 dur:41.700ms
2024-06-04 18:08:04.759 T:4365 debug : CVideoPlayer::ProcessPacket packet from enhancement layer: size:16439 dts:5.714 pts:5.839 dur:41.700ms
2024-06-04 18:08:04.765 T:4365 debug : CVideoPlayer::ProcessVideoData size:299415 dts:5.714 pts:5.839 dur:41.700ms, clock:-0.148 level:4
2024-06-04 18:08:04.768 T:4365 debug : CVideoPlayer::ProcessPacket packet from enhancement layer: size:9518 dts:5.756 pts:5.756 dur:41.700ms
2024-06-04 18:08:04.770 T:4365 debug : CVideoPlayer::ProcessVideoData size:99206 dts:5.756 pts:5.756 dur:41.700ms, clock:-0.143 level:5
2024-06-04 18:08:04.771 T:4196 debug : ActiveAE::SyncStream - average error of 26.144267, start adjusting
2024-06-04 18:08:04.771 T:4196 debug : ActiveAE::SyncStream - average error 6.144267 below threshold of 30.000000
2024-06-04 18:08:04.776 T:4365 debug : CVideoPlayer::ProcessVideoData size:100552 dts:5.797 pts:5.797 dur:41.700ms, clock:-0.137 level:5
2024-06-04 18:08:04.778 T:4365 debug : CVideoPlayer::ProcessPacket packet from enhancement layer: size:9741 dts:5.797 pts:5.797 dur:41.700ms
2024-06-04 18:08:04.783 T:4365 debug : CVideoPlayer::ProcessPacket packet from enhancement layer: size:36601 dts:5.839 pts:5.964 dur:41.700ms
2024-06-04 18:08:04.791 T:4365 debug : CVideoPlayer::ProcessVideoData size:359450 dts:5.839 pts:5.964 dur:41.700ms, clock:-0.122 level:6
2024-06-04 18:08:04.793 T:4365 debug : CVideoPlayer::ProcessPacket packet from enhancement layer: size:8639 dts:5.881 pts:5.881 dur:41.700ms
2024-06-04 18:08:04.795 T:4365 debug : CVideoPlayer::ProcessVideoData size:106230 dts:5.881 pts:5.881 dur:41.700ms, clock:-0.118 level:7
2024-06-04 18:08:04.801 T:4365 debug : CVideoPlayer::ProcessVideoData size:106616 dts:5.923 pts:5.923 dur:41.700ms, clock:-0.112 level:7
2024-06-04 18:08:04.803 T:4365 debug : CVideoPlayer::ProcessPacket packet from enhancement layer: size:8597 dts:5.923 pts:5.923 dur:41.700ms
2024-06-04 18:08:04.808 T:4365 debug : CVideoPlayer::ProcessPacket packet from enhancement layer: size:13239 dts:5.964 pts:6.089 dur:41.700ms
2024-06-04 18:08:04.810 T:4365 debug : CVideoPlayer::ProcessVideoData size:289145 dts:5.964 pts:6.089 dur:41.700ms, clock:-0.103 level:8
2024-06-04 18:08:04.813 T:4365 debug : CVideoPlayer::ProcessPacket packet from enhancement layer: size:8315 dts:6.006 pts:6.006 dur:41.700ms
2024-06-04 18:08:04.819 T:4365 debug : CVideoPlayer::ProcessVideoData size:112957 dts:6.006 pts:6.006 dur:41.700ms, clock:-0.094 level:8
2024-06-04 18:08:04.825 T:4365 debug : CVideoPlayer::ProcessVideoData size:112097 dts:6.048 pts:6.048 dur:41.700ms, clock:-0.088 level:8
2024-06-04 18:08:04.825 T:4365 debug : CVideoPlayer::ProcessPacket packet from enhancement layer: size:8455 dts:6.048 pts:6.048 dur:41.700ms
2024-06-04 18:08:04.832 T:4365 debug : CVideoPlayer::ProcessPacket packet from enhancement layer: size:14558 dts:6.089 pts:6.215 dur:41.700ms
2024-06-04 18:08:04.834 T:4365 debug : CVideoPlayer::ProcessVideoData size:294401 dts:6.089 pts:6.215 dur:41.700ms, clock:-0.079 level:9
2024-06-04 18:08:04.837 T:4365 debug : CVideoPlayer::ProcessPacket packet from enhancement layer: size:10827 dts:6.131 pts:6.131 dur:41.700ms
2024-06-04 18:08:04.840 T:4365 debug : CVideoPlayer::ProcessVideoData size:106339 dts:6.131 pts:6.131 dur:41.700ms, clock:-0.073 level:10
2024-06-04 18:08:04.846 T:4365 debug : CVideoPlayer::ProcessVideoData size:106257 dts:6.173 pts:6.173 dur:41.700ms, clock:-0.067 level:10
2024-06-04 18:08:04.848 T:4365 debug : CVideoPlayer::ProcessPacket packet from enhancement layer: size:8527 dts:6.173 pts:6.173 dur:41.700ms
2024-06-04 18:08:04.852 T:4365 debug : CVideoPlayer::ProcessPacket packet from enhancement layer: size:19204 dts:6.215 pts:6.340 dur:41.700ms
2024-06-04 18:08:04.857 T:4365 debug : CVideoPlayer::ProcessVideoData size:313437 dts:6.215 pts:6.340 dur:41.700ms, clock:-0.056 level:10
2024-06-04 18:08:04.860 T:4365 debug : CVideoPlayer::ProcessPacket packet from enhancement layer: size:8485 dts:6.256 pts:6.256 dur:41.700ms
2024-06-04 18:08:04.864 T:4365 debug : CVideoPlayer::ProcessVideoData size:113084 dts:6.256 pts:6.256 dur:41.700ms, clock:-0.049 level:11
2024-06-04 18:08:04.870 T:4365 debug : CVideoPlayer::ProcessVideoData size:113036 dts:6.298 pts:6.298 dur:41.700ms, clock:-0.043 level:11
2024-06-04 18:08:04.872 T:4365 debug : CVideoPlayer::ProcessPacket packet from enhancement layer: size:11019 dts:6.298 pts:6.298 dur:41.700ms
2024-06-04 18:08:04.877 T:4365 debug : CVideoPlayer::ProcessPacket packet from enhancement layer: size:15797 dts:6.340 pts:6.465 dur:41.700ms
2024-06-04 18:08:04.882 T:4365 debug : CVideoPlayer::ProcessVideoData size:323894 dts:6.340 pts:6.465 dur:41.700ms, clock:-0.032 level:12
2024-06-04 18:08:04.884 T:4365 debug : CVideoPlayer::ProcessPacket packet from enhancement layer: size:11471 dts:6.381 pts:6.381 dur:41.700ms
2024-06-04 18:08:04.887 T:4365 debug : CVideoPlayer::ProcessVideoData size:114740 dts:6.381 pts:6.381 dur:41.700ms, clock:-0.026 level:13
2024-06-04 18:08:04.893 T:4365 debug : CVideoPlayer::ProcessVideoData size:113677 dts:6.423 pts:6.423 dur:41.700ms, clock:-0.020 level:13
2024-06-04 18:08:04.896 T:4365 debug : CVideoPlayer::ProcessPacket packet from enhancement layer: size:8469 dts:6.423 pts:6.423 dur:41.700ms
2024-06-04 18:08:04.902 T:4365 debug : CVideoPlayer::ProcessPacket packet from enhancement layer: size:19107 dts:6.465 pts:6.590 dur:41.700ms
2024-06-04 18:08:04.905 T:4365 debug : CVideoPlayer::ProcessVideoData size:331577 dts:6.465 pts:6.590 dur:41.700ms, clock:-0.008 level:14
2024-06-04 18:08:04.907 T:4365 debug : CVideoPlayer::ProcessPacket packet from enhancement layer: size:11412 dts:6.506 pts:6.506 dur:41.700ms
2024-06-04 18:08:04.909 T:4365 debug : CVideoPlayer::ProcessVideoData size:117183 dts:6.506 pts:6.506 dur:41.700ms, clock:-0.004 level:14
2024-06-04 18:08:04.918 T:4365 debug : CVideoPlayer::ProcessVideoData size:114333 dts:6.548 pts:6.548 dur:41.700ms, clock:0.005 level:15
2024-06-04 18:08:04.921 T:4365 debug : CVideoPlayer::ProcessPacket packet from enhancement layer: size:8812 dts:6.548 pts:6.548 dur:41.700ms
2024-06-04 18:08:04.928 T:4365 debug : CVideoPlayer::ProcessPacket packet from enhancement layer: size:19337 dts:6.590 pts:6.715 dur:41.700ms
2024-06-04 18:08:04.931 T:4365 debug : CVideoPlayer::ProcessVideoData size:347072 dts:6.590 pts:6.715 dur:41.700ms, clock:0.018 level:15
2024-06-04 18:08:04.934 T:4365 debug : CVideoPlayer::ProcessPacket packet from enhancement layer: size:10823 dts:6.632 pts:6.632 dur:41.700ms
2024-06-04 18:08:04.936 T:4365 debug : CVideoPlayer::ProcessVideoData size:117128 dts:6.632 pts:6.632 dur:41.700ms, clock:0.023 level:16
2024-06-04 18:08:04.939 T:4162 info : CAMLCodec::Enable_vadj1 - vadj1 brightness/contrast control got enabled
2024-06-04 18:08:04.939 T:4162 debug : CAMLCodec::SetVideoRect:display(0,0,1920,1080)
2024-06-04 18:08:04.939 T:4162 debug : CAMLCodec::SetVideoRect:gui(0,0,1920,1080)
2024-06-04 18:08:04.939 T:4162 debug : CAMLCodec::SetVideoRect:m_dst_rect(0,0,1920,1080)
2024-06-04 18:08:04.939 T:4162 debug : CAMLCodec::SetVideoRect:dst_rect(0,0,1920,1080)
2024-06-04 18:08:04.939 T:4162 debug : CAMLCodec::SetVideoRect:m_guiStereoMode(0)
2024-06-04 18:08:04.939 T:4162 debug : CAMLCodec::SetVideoRect:m_guiStereoView(0)
2024-06-04 18:08:04.942 T:4365 debug : CVideoPlayer::ProcessVideoData size:116353 dts:6.673 pts:6.673 dur:41.700ms, clock:0.029 level:16
2024-06-04 18:08:04.946 T:4162 debug : Activating window ID: 12005
2024-06-04 18:08:04.949 T:4162 debug : ------ Window Deinit (MyVideoNav.xml) ------
2024-06-04 18:08:04.952 T:4365 debug : CVideoPlayer::ProcessPacket packet from enhancement layer: size:10968 dts:6.673 pts:6.673 dur:41.700ms
2024-06-04 18:08:04.961 T:4365 debug : CVideoPlayer::ProcessPacket packet from enhancement layer: size:34601 dts:6.715 pts:6.840 dur:41.700ms
2024-06-04 18:08:04.962 T:4340 debug : request received for /jsonrpc
2024-06-04 18:08:04.964 T:4162 debug : ------ Window Init (VideoFullScreen.xml) ------
2024-06-04 18:08:04.964 T:4162 info : Loading skin file: VideoFullScreen.xml, load type: KEEP_IN_MEMORY
2024-06-04 18:08:04.965 T:4365 debug : CVideoPlayer::ProcessVideoData size:428959 dts:6.715 pts:6.840 dur:41.700ms, clock:0.052 level:17
2024-06-04 18:08:04.967 T:4221 debug : [plugin.video.themoviedb.helper] CACHE: Initialized
2024-06-04 18:08:04.968 T:4365 debug : CVideoPlayer::ProcessPacket packet from enhancement layer: size:10165 dts:6.757 pts:6.757 dur:41.700ms
2024-06-04 18:08:04.970 T:4365 debug : CVideoPlayer::ProcessVideoData size:121557 dts:6.757 pts:6.757 dur:41.700ms, clock:0.057 level:18
2024-06-04 18:08:04.970 T:4162 info : [WHITELIST] Searching the whitelist for: width: 3840, height: 2160, fps: 23.976, 3D: false
2024-06-04 18:08:04.970 T:4162 debug : [WHITELIST] Searching for an exact resolution with an exact refresh rate
2024-06-04 18:08:04.970 T:4162 debug : [WHITELIST] Matched an exact resolution with an exact refresh rate 3840x2160 @ 23.98 - Full Screen (39)
2024-06-04 18:08:04.970 T:4162 info : Display resolution ADJUST : 3840x2160 @ 23.98 - Full Screen (39) (weight: 0.000)
2024-06-04 18:08:04.971 T:4162 debug : CWinSystemAmlogicGLESContext::CreateNewWindow: m_bWindowCreated: true, frac rate 1(0), hdrType: dolbyvision(sdr), force mode switch: true
2024-06-04 18:08:04.971 T:4162 debug : CWinSystemAmlogicGLESContext::CreateNewWindow: cur: iWidth: 1920, iHeight: 1080, iScreenWidth: 1920, iScreenHeight: 1080, fRefreshRate: 59.94, dwFlags: 04
2024-06-04 18:08:04.971 T:4162 debug : CWinSystemAmlogicGLESContext::CreateNewWindow: res: iWidth: 1920, iHeight: 1080, iScreenWidth: 3840, iScreenHeight: 2160, fRefreshRate: 23.98, dwFlags: 04
2024-06-04 18:08:04.975 T:4340 debug : request received for /jsonrpc
2024-06-04 18:08:04.976 T:4365 debug : CVideoPlayer::ProcessVideoData size:117948 dts:6.798 pts:6.798 dur:41.700ms, clock:0.062 level:18
2024-06-04 18:08:04.978 T:4365 debug : CVideoPlayer::ProcessPacket packet from enhancement layer: size:9777 dts:6.798 pts:6.798 dur:41.700ms
2024-06-04 18:08:04.982 T:4340 debug : request received for /jsonrpc
2024-06-04 18:08:04.986 T:4365 debug : CVideoPlayer::ProcessPacket packet from enhancement layer: size:15748 dts:6.840 pts:6.965 dur:41.700ms
2024-06-04 18:08:04.989 T:4365 debug : CVideoPlayer::ProcessVideoData size:357847 dts:6.840 pts:6.965 dur:41.700ms, clock:0.076 level:19
2024-06-04 18:08:04.991 T:4340 debug : request received for /jsonrpc
2024-06-04 18:08:05.003 T:4365 debug : CVideoPlayer::ProcessPacket packet from enhancement layer: size:9429 dts:6.882 pts:6.882 dur:41.700ms
2024-06-04 18:08:05.005 T:4365 debug : CVideoPlayer::ProcessVideoData size:123917 dts:6.882 pts:6.882 dur:41.700ms, clock:0.092 level:19
2024-06-04 18:08:05.009 T:4365 debug : CVideoPlayer::ProcessVideoData size:122859 dts:6.924 pts:6.924 dur:41.700ms, clock:0.096 level:19
2024-06-04 18:08:05.014 T:4365 debug : CVideoPlayer::ProcessPacket packet from enhancement layer: size:10069 dts:6.924 pts:6.924 dur:41.700ms
2024-06-04 18:08:05.019 T:4365 debug : CVideoPlayer::ProcessPacket packet from enhancement layer: size:18333 dts:6.965 pts:7.090 dur:41.700ms
2024-06-04 18:08:05.025 T:4365 debug : CVideoPlayer::ProcessVideoData size:369799 dts:6.965 pts:7.090 dur:41.700ms, clock:0.112 level:20
2024-06-04 18:08:05.027 T:4365 debug : CVideoPlayer::ProcessPacket packet from enhancement layer: size:10607 dts:7.007 pts:7.007 dur:41.700ms
2024-06-04 18:08:05.029 T:4365 debug : CVideoPlayer::ProcessVideoData size:126758 dts:7.007 pts:7.007 dur:41.700ms, clock:0.116 level:21
2024-06-04 18:08:05.035 T:4365 debug : CVideoPlayer::ProcessVideoData size:127185 dts:7.049 pts:7.049 dur:41.700ms, clock:0.122 level:21
2024-06-04 18:08:05.039 T:4365 debug : CVideoPlayer::ProcessPacket packet from enhancement layer: size:10649 dts:7.049 pts:7.049 dur:41.700ms
2024-06-04 18:08:05.043 T:4365 debug : CVideoPlayer::ProcessPacket packet from enhancement layer: size:18451 dts:7.090 pts:7.216 dur:41.700ms
2024-06-04 18:08:05.048 T:4365 debug : CVideoPlayer::ProcessVideoData size:373467 dts:7.090 pts:7.216 dur:41.700ms, clock:0.135 level:22
2024-06-04 18:08:05.051 T:4365 debug : CVideoPlayer::ProcessPacket packet from enhancement layer: size:10271 dts:7.132 pts:7.132 dur:41.700ms
2024-06-04 18:08:05.052 T:4365 debug : CVideoPlayer::ProcessVideoData size:126282 dts:7.132 pts:7.132 dur:41.700ms, clock:0.139 level:22
2024-06-04 18:08:05.059 T:4365 debug : CVideoPlayer::ProcessVideoData size:125041 dts:7.174 pts:7.174 dur:41.700ms, clock:0.146 level:22
2024-06-04 18:08:05.062 T:4365 debug : CVideoPlayer::ProcessPacket packet from enhancement layer: size:10509 dts:7.174 pts:7.174 dur:41.700ms
2024-06-04 18:08:05.066 T:4365 debug : CVideoPlayer::ProcessPacket packet from enhancement layer: size:18001 dts:7.216 pts:7.341 dur:41.700ms
2024-06-04 18:08:05.070 T:4162 info : VideoPlayer: OnLostDisplay received
2024-06-04 18:08:05.070 T:4162 debug : AMLUtils::aml_handle_display_stereo_mode old mode 3doff new mode 3doff
2024-06-04 18:08:05.070 T:4162 debug : AMLUtils::aml_handle_display_stereo_mode - no change needed
2024-06-04 18:08:05.071 T:4365 debug : CVideoPlayer::ProcessVideoData size:365410 dts:7.216 pts:7.341 dur:41.700ms, clock:0.157 level:23
2024-06-04 18:08:05.486 T:4368 debug : CVideoPlayerVideo::OutputPicture - ttd:261ms pts:0.334 Clock:0.072 Level:-1
2024-06-04 18:08:05.486 T:4368 warning : OutputPicture - timeout waiting for buffer
2024-06-04 18:08:05.486 T:4368 debug : CVideoPlayerVideo - CDVDMsg::GENERAL_PAUSE: true
2024-06-04 18:08:05.491 T:4162 debug : AMLUtils::aml_handle_display_stereo_mode old mode 3doff new mode 3doff
2024-06-04 18:08:05.491 T:4162 debug : AMLUtils::aml_handle_display_stereo_mode - no change needed
2024-06-04 18:08:05.491 T:4162 info : GLES: Maximum texture width: 8192
2024-06-04 18:08:05.497 T:4162 debug : CAMLCodec::SetVideoRect:display(0,0,3840,2160)
2024-06-04 18:08:05.498 T:4162 debug : CAMLCodec::SetVideoRect:gui(0,0,1920,1080)
2024-06-04 18:08:05.498 T:4162 debug : CAMLCodec::SetVideoRect:m_dst_rect(0,0,1920,1080)
2024-06-04 18:08:05.498 T:4162 debug : CAMLCodec::SetVideoRect:dst_rect(0,0,3840,2160)
2024-06-04 18:08:05.498 T:4162 debug : CAMLCodec::SetVideoRect:m_guiStereoMode(0)
2024-06-04 18:08:05.498 T:4162 debug : CAMLCodec::SetVideoRect:m_guiStereoView(0)
2024-06-04 18:08:05.499 T:4162 debug : ------ Window Deinit (DialogBusy.xml) ------
2024-06-04 18:08:05.500 T:4398 debug : Thread LanguageInvoker start, auto delete: false
2024-06-04 18:08:05.501 T:4162 debug : [threads] name: 'LanguageInvoker' priority: '1'
2024-06-04 18:08:05.501 T:4398 debug : initializing python engine.
2024-06-04 18:08:05.501 T:4398 debug : CPythonInvoker(10, /storage/.kodi/addons/script.embuary.info/default.py): start processing
2024-06-04 18:08:05.533 T:4398 debug : -->Python Interpreter Initialized<--
2024-06-04 18:08:05.533 T:4398 debug :
2024-06-04 18:08:05.533 T:4398 debug : CPythonInvoker(10, /storage/.kodi/addons/script.embuary.info/default.py): the source file to load is "/storage/.kodi/addons/script.embuary.info/default.py"
2024-06-04 18:08:05.533 T:4398 debug : CPythonInvoker(10): full python path:
2024-06-04 18:08:05.533 T:4398 debug : CPythonInvoker(10): custom python path:
2024-06-04 18:08:05.533 T:4398 debug : CPythonInvoker(10): /storage/.kodi/addons/script.embuary.info
2024-06-04 18:08:05.533 T:4398 debug : CPythonInvoker(10): /storage/.kodi/addons/script.module.arrow/lib
2024-06-04 18:08:05.533 T:4398 debug : CPythonInvoker(10): /storage/.kodi/addons/script.module.certifi/lib
2024-06-04 18:08:05.533 T:4398 debug : CPythonInvoker(10): /storage/.kodi/addons/script.module.chardet/lib
2024-06-04 18:08:05.533 T:4398 debug : CPythonInvoker(10): /storage/.kodi/addons/script.module.dateutil/lib
2024-06-04 18:08:05.533 T:4398 debug : CPythonInvoker(10): /storage/.kodi/addons/script.module.idna/lib
2024-06-04 18:08:05.533 T:4398 debug : CPythonInvoker(10): /storage/.kodi/addons/script.module.requests/lib
2024-06-04 18:08:05.533 T:4398 debug : CPythonInvoker(10): /storage/.kodi/addons/script.module.routing/lib
2024-06-04 18:08:05.533 T:4398 debug : CPythonInvoker(10): /storage/.kodi/addons/script.module.simplecache/lib
2024-06-04 18:08:05.533 T:4398 debug : CPythonInvoker(10): /storage/.kodi/addons/script.module.six/lib
2024-06-04 18:08:05.533 T:4398 debug : CPythonInvoker(10): /storage/.kodi/addons/script.module.typing_extensions/lib
2024-06-04 18:08:05.533 T:4398 debug : CPythonInvoker(10): /storage/.kodi/addons/script.module.urllib3/lib
2024-06-04 18:08:05.533 T:4398 debug : CPythonInvoker(10): default python path:
2024-06-04 18:08:05.533 T:4398 debug : CPythonInvoker(10): /usr/lib/python311.zip
2024-06-04 18:08:05.533 T:4398 debug : CPythonInvoker(10): /usr/lib/python3.11
2024-06-04 18:08:05.533 T:4398 debug : CPythonInvoker(10): /usr/lib/python3.11/lib-dynload
2024-06-04 18:08:05.533 T:4398 debug : CPythonInvoker(10): /usr/lib/python3.11/site-packages
2024-06-04 18:08:05.533 T:4398 debug : CPythonInvoker(10): adding args:
2024-06-04 18:08:05.533 T:4398 debug : CPythonInvoker(10): default.py
2024-06-04 18:08:05.533 T:4398 debug : CPythonInvoker(10): call=refresh_library_cache
2024-06-04 18:08:05.533 T:4398 debug : CPythonInvoker(10, /storage/.kodi/addons/script.embuary.info/default.py): entering source directory /storage/.kodi/addons/script.embuary.info
2024-06-04 18:08:05.533 T:4398 debug : CPythonInvoker(10, /storage/.kodi/addons/script.embuary.info/default.py): instantiating addon using automatically obtained id of "script.embuary.info" dependent on version 3.0.0 of the xbmc.python api
2024-06-04 18:08:05.679 T:4398 debug : trying to load setting definitions from old format...
2024-06-04 18:08:05.680 T:4398 debug : Skin Helper Simplecache --> Initialized
2024-06-04 18:08:05.903 T:4368 debug : CVideoPlayerVideo::OutputPicture - ttd:177ms pts:0.334 Clock:0.157 Level:0
2024-06-04 18:08:05.903 T:4368 debug : CVideoPlayerVideo - OUTPUT_AGAIN - vfmt, interlace should be checked.
2024-06-04 18:08:05.990 T:4162 info : VideoPlayer: OnResetDisplay received
2024-06-04 18:08:05.990 T:4196 debug : CActiveAE - display reset event
2024-06-04 18:08:05.990 T:4368 debug : CVideoPlayerVideo - CDVDMsg::GENERAL_PAUSE: false
2024-06-04 18:08:05.990 T:4197 info : CActiveAESink::OpenSink - initialize sink
2024-06-04 18:08:05.990 T:4197 debug : CActiveAESink::OpenSink - trying to open device ALSA:hdmi:CARD=AMLAUGESOUND,DEV=0
2024-06-04 18:08:05.990 T:4197 info : CAESinkALSA::Initialize - Configure simple control for "AUGESOUND"
2024-06-04 18:08:05.990 T:4197 info : CAESinkALSA - Use card "hw:0" and set codec format "TrueHD"
2024-06-04 18:08:05.994 T:4368 debug : CVideoPlayerVideo::OutputPicture - ttd:214ms pts:0.375 Clock:0.161 Level:0
2024-06-04 18:08:05.994 T:4368 debug : CVideoPlayerVideo - CDVDMsg::DEMUXER_PACKET - checking interlace vfmt: null
2024-06-04 18:08:05.995 T:4368 debug : CVideoPlayerVideo::OutputPicture - ttd:255ms pts:0.417 Clock:0.162 Level:1
2024-06-04 18:08:05.996 T:4368 debug : CVideoPlayerVideo::OutputPicture - ttd:295ms pts:0.459 Clock:0.163 Level:2
2024-06-04 18:08:05.997 T:4368 debug : CVideoPlayerVideo::OutputPicture - ttd:336ms pts:0.500 Clock:0.164 Level:3
2024-06-04 18:08:05.999 T:4368 debug : CVideoPlayerVideo::OutputPicture - ttd:376ms pts:0.542 Clock:0.166 Level:4
2024-06-04 18:08:06.000 T:4368 debug : CVideoPlayerVideo::OutputPicture - ttd:417ms pts:0.584 Clock:0.167 Level:5
2024-06-04 18:08:06.001 T:4368 debug : CVideoPlayerVideo::OutputPicture - ttd:457ms pts:0.626 Clock:0.168 Level:6
2024-06-04 18:08:06.002 T:4398 debug : DatabaseUtils::GetSortFieldList: unknown field 26
2024-06-04 18:08:06.002 T:4398 debug : DatabaseUtils::GetSortFieldList: unknown field 31
2024-06-04 18:08:06.002 T:4398 debug : DatabaseUtils::GetSortFieldList: unknown field 40
2024-06-04 18:08:06.002 T:4398 debug : DatabaseUtils::GetSortFieldList: unknown field 68
2024-06-04 18:08:06.019 T:4197 info : CAESinkALSA - Set Spdif to HDMITX to "Spdif_b"
2024-06-04 18:08:06.019 T:4197 info : CAESinkALSA - Set codec for "Audio spdif_b format"
2024-06-04 18:08:06.019 T:4197 info : CAESinkALSA - Set codec for "Audio spdif format"
2024-06-04 18:08:06.019 T:4197 info : CAESinkALSA::Initialize - Attempting to open device "hdmi:CARD=AMLAUGESOUND,DEV=0"
2024-06-04 18:08:06.023 T:4228 debug : OnAVChange: CApplication::OnAVChange
2024-06-04 18:08:06.024 T:4197 info : CAESinkALSA::Initialize - Opened device "hdmi:CARD=AMLAUGESOUND,DEV=0,AES0=0x06,AES1=0x82,AES2=0x00,AES3=0x09"
2024-06-04 18:08:06.024 T:4197 debug : CAESinkALSA::InitializeHW - Request: periodSize 4096, bufferSize 16384
2024-06-04 18:08:06.024 T:4197 debug : CAESinkALSA::InitializeHW - Got: periodSize 4096, bufferSize 16384
2024-06-04 18:08:06.024 T:4197 debug : CAESinkALSA::InitializeHW - Setting timeout to 86 ms
2024-06-04 18:08:06.024 T:4197 debug : CAESinkALSA::GetChannelLayout - Input Channel Count: 8 Output Channel Count: 8
2024-06-04 18:08:06.024 T:4197 debug : CAESinkALSA::GetChannelLayout - Requested Layout: RAW, RAW, RAW, RAW, RAW, RAW, RAW, RAW
2024-06-04 18:08:06.024 T:4197 debug : CAESinkALSA::GetChannelLayout - Got Layout: RAW, RAW, RAW, RAW, RAW, RAW, RAW, RAW (ALSA: none)
2024-06-04 18:08:06.024 T:4197 debug : CActiveAESink::OpenSink - ALSA Initialized:
2024-06-04 18:08:06.024 T:4197 debug : Output Device : AML-AUGESOUND
2024-06-04 18:08:06.024 T:4197 debug : Sample Rate : 192000
2024-06-04 18:08:06.024 T:4197 debug : Sample Format : AE_FMT_S16NE
2024-06-04 18:08:06.024 T:4197 debug : Channel Count : 8
2024-06-04 18:08:06.024 T:4197 debug : Channel Layout: RAW, RAW, RAW, RAW, RAW, RAW, RAW, RAW
2024-06-04 18:08:06.024 T:4197 debug : Frames : 4096
2024-06-04 18:08:06.024 T:4197 debug : Frame Size : 16
2024-06-04 18:08:06.028 T:4196 debug : CActiveAE::ClearDiscardedBuffers - buffer pool deleted
2024-06-04 18:08:06.029 T:4369 info : Skipped 2 duplicate messages..
2024-06-04 18:08:06.029 T:4369 debug : CVideoPlayerAudio - CDVDMsg::GENERAL_PAUSE: true
2024-06-04 18:08:06.029 T:4369 debug : CVideoPlayerAudio - CDVDMsg::GENERAL_PAUSE: false
2024-06-04 18:08:06.029 T:4369 info : CVideoPlayerAudio: display reset occurred, checking for passthrough
2024-06-04 18:08:06.029 T:4369 debug : CDVDAudioCodecPassthrough::Open - passthrough output device is IEC
2024-06-04 18:08:06.030 T:4365 debug : CVideoPlayer::ProcessPacket packet from enhancement layer: size:9968 dts:7.257 pts:7.257 dur:41.700ms
2024-06-04 18:08:06.032 T:4365 debug : CVideoPlayer::ProcessVideoData size:124987 dts:7.257 pts:7.257 dur:41.700ms, clock:0.199 level:23
2024-06-04 18:08:06.039 T:4365 debug : CVideoPlayer::ProcessVideoData size:121290 dts:7.299 pts:7.299 dur:41.700ms, clock:0.206 level:23
2024-06-04 18:08:06.042 T:4365 debug : CVideoPlayer::ProcessPacket packet from enhancement layer: size:9407 dts:7.299 pts:7.299 dur:41.700ms
2024-06-04 18:08:06.048 T:4365 debug : CVideoPlayer::ProcessPacket packet from enhancement layer: size:16317 dts:7.341 pts:7.466 dur:41.700ms
2024-06-04 18:08:06.052 T:4365 debug : CVideoPlayer::ProcessVideoData size:359491 dts:7.341 pts:7.466 dur:41.700ms, clock:0.219 level:24
2024-06-04 18:08:06.054 T:4398 debug : DatabaseUtils::GetSortFieldList: unknown field 26
2024-06-04 18:08:06.054 T:4398 debug : DatabaseUtils::GetSortFieldList: unknown field 31
2024-06-04 18:08:06.054 T:4398 debug : DatabaseUtils::GetSortFieldList: unknown field 40
2024-06-04 18:08:06.054 T:4398 debug : DatabaseUtils::GetSortFieldList: unknown field 68
2024-06-04 18:08:06.055 T:4365 debug : CVideoPlayer::ProcessPacket packet from enhancement layer: size:8669 dts:7.382 pts:7.382 dur:41.700ms
2024-06-04 18:08:06.059 T:4365 debug : CVideoPlayer::ProcessVideoData size:118334 dts:7.382 pts:7.382 dur:41.700ms, clock:0.226 level:25
2024-06-04 18:08:06.062 T:4365 debug : CVideoPlayer::ProcessVideoData size:114888 dts:7.424 pts:7.424 dur:41.700ms, clock:0.229 level:25
2024-06-04 18:08:06.067 T:4365 debug : CVideoPlayer::ProcessPacket packet from enhancement layer: size:8618 dts:7.424 pts:7.424 dur:41.700ms
2024-06-04 18:08:06.071 T:4365 debug : CVideoPlayer::ProcessPacket packet from enhancement layer: size:15013 dts:7.466 pts:7.591 dur:41.700ms
2024-06-04 18:08:06.073 T:4365 debug : CVideoPlayer::ProcessVideoData size:346122 dts:7.466 pts:7.591 dur:41.700ms, clock:0.240 level:26
2024-06-04 18:08:06.075 T:4368 debug : CVideoPlayerVideo::OutputPicture - ttd:425ms pts:0.667 Clock:0.242 Level:6
2024-06-04 18:08:06.076 T:4365 debug : CVideoPlayer::ProcessPacket packet from enhancement layer: size:7750 dts:7.507 pts:7.507 dur:41.700ms
2024-06-04 18:08:06.082 T:4365 debug : CVideoPlayer::ProcessVideoData size:113926 dts:7.507 pts:7.507 dur:41.700ms, clock:0.249 level:27
2024-06-04 18:08:06.086 T:4365 debug : CVideoPlayer::ProcessVideoData size:113177 dts:7.549 pts:7.549 dur:41.700ms, clock:0.253 level:27
2024-06-04 18:08:06.093 T:4365 debug : CVideoPlayer::ProcessPacket packet from enhancement layer: size:7803 dts:7.549 pts:7.549 dur:41.700ms
2024-06-04 18:08:06.096 T:4365 debug : CVideoPlayer::ProcessPacket packet from enhancement layer: size:35115 dts:7.591 pts:7.716 dur:41.700ms
2024-06-04 18:08:06.100 T:4365 debug : CVideoPlayer::ProcessVideoData size:446469 dts:7.591 pts:7.716 dur:41.700ms, clock:0.267 level:27
2024-06-04 18:08:06.102 T:4365 debug : CVideoPlayer::ProcessPacket packet from enhancement layer: size:7697 dts:7.633 pts:7.633 dur:41.700ms
2024-06-04 18:08:06.107 T:4365 debug : CVideoPlayer::ProcessVideoData size:104148 dts:7.633 pts:7.633 dur:41.700ms, clock:0.274 level:28
2024-06-04 18:08:06.110 T:4365 debug : CVideoPlayer::ProcessVideoData size:101160 dts:7.674 pts:7.674 dur:41.700ms, clock:0.277 level:28
2024-06-04 18:08:06.115 T:4365 debug : CVideoPlayer::ProcessPacket packet from enhancement layer: size:7605 dts:7.674 pts:7.674 dur:41.700ms
2024-06-04 18:08:06.116 T:4368 debug : CVideoPlayerVideo::OutputPicture - ttd:425ms pts:0.709 Clock:0.283 Level:6
2024-06-04 18:08:06.121 T:4365 debug : CVideoPlayer::ProcessPacket packet from enhancement layer: size:13666 dts:7.716 pts:7.841 dur:41.700ms
2024-06-04 18:08:06.123 T:4365 debug : CVideoPlayer::ProcessVideoData size:335541 dts:7.716 pts:7.841 dur:41.700ms, clock:0.290 level:29
2024-06-04 18:08:06.126 T:4365 debug : CVideoPlayer::ProcessPacket packet from enhancement layer: size:6352 dts:7.758 pts:7.758 dur:41.700ms
2024-06-04 18:08:06.131 T:4365 debug : CVideoPlayer::ProcessVideoData size:103098 dts:7.758 pts:7.758 dur:41.700ms, clock:0.298 level:30
2024-06-04 18:08:06.137 T:4365 debug : CVideoPlayer::ProcessVideoData size:102961 dts:7.799 pts:7.799 dur:41.700ms, clock:0.304 level:30
2024-06-04 18:08:06.139 T:4365 debug : CVideoPlayer::ProcessPacket packet from enhancement layer: size:9353 dts:7.799 pts:7.799 dur:41.700ms
