2024-06-04 18:08:33.307 T:4365 debug : CVideoPlayer::ProcessPacket packet from enhancement layer: size:53156 dts:3481.103 pts:3481.228 dur:41.700ms
2024-06-04 18:08:33.315 T:4365 debug : CVideoPlayer::ProcessVideoData size:383373 dts:3481.103 pts:3481.228 dur:41.700ms, clock:3474.447 level:43
2024-06-04 18:08:33.316 T:4368 debug : CVideoPlayerVideo::OutputPicture - ttd:399ms pts:3474.846 Clock:3474.447 Level:6
2024-06-04 18:08:33.318 T:4365 debug : CVideoPlayer::ProcessPacket packet from enhancement layer: size:27023 dts:3481.144 pts:3481.144 dur:41.700ms
2024-06-04 18:08:33.323 T:4365 debug : CVideoPlayer::ProcessVideoData size:167452 dts:3481.144 pts:3481.144 dur:41.700ms, clock:3474.454 level:44
2024-06-04 18:08:33.327 T:4365 debug : CVideoPlayer::ProcessVideoData size:194753 dts:3481.186 pts:3481.186 dur:41.700ms, clock:3474.458 level:44
2024-06-04 18:08:33.334 T:4365 debug : CVideoPlayer::ProcessPacket packet from enhancement layer: size:21835 dts:3481.186 pts:3481.186 dur:41.700ms
2024-06-04 18:08:33.339 T:4365 debug : CVideoPlayer::ProcessPacket packet from enhancement layer: size:46085 dts:3481.228 pts:3481.353 dur:41.700ms
2024-06-04 18:08:33.342 T:4365 debug : CVideoPlayer::ProcessVideoData size:437068 dts:3481.228 pts:3481.353 dur:41.700ms, clock:3474.474 level:45
2024-06-04 18:08:33.347 T:4365 debug : CVideoPlayer::ProcessPacket packet from enhancement layer: size:26329 dts:3481.269 pts:3481.269 dur:41.700ms
2024-06-04 18:08:33.351 T:4365 debug : CVideoPlayer::ProcessVideoData size:164563 dts:3481.269 pts:3481.269 dur:41.700ms, clock:3474.483 level:45
2024-06-04 18:08:33.352 T:4368 debug : CVideoPlayerVideo::OutputPicture - ttd:404ms pts:3474.888 Clock:3474.484 Level:6
2024-06-04 18:08:33.358 T:4365 debug : CVideoPlayer::ProcessVideoData size:193928 dts:3481.311 pts:3481.311 dur:41.700ms, clock:3474.489 level:45
2024-06-04 18:08:33.363 T:4365 debug : CVideoPlayer::ProcessPacket packet from enhancement layer: size:20924 dts:3481.311 pts:3481.311 dur:41.700ms
2024-06-04 18:08:33.370 T:4365 debug : CVideoPlayer::ProcessPacket packet from enhancement layer: size:50604 dts:3481.353 pts:3481.478 dur:41.700ms
2024-06-04 18:08:33.373 T:4365 debug : CVideoPlayer::ProcessVideoData size:383976 dts:3481.353 pts:3481.478 dur:41.700ms, clock:3474.504 level:45
2024-06-04 18:08:33.377 T:4365 debug : CVideoPlayer::ProcessPacket packet from enhancement layer: size:20892 dts:3481.394 pts:3481.394 dur:41.700ms
2024-06-04 18:08:33.381 T:4365 debug : CVideoPlayer::ProcessVideoData size:192928 dts:3481.394 pts:3481.394 dur:41.700ms, clock:3474.512 level:46
2024-06-04 18:08:33.387 T:4365 debug : CVideoPlayer::ProcessVideoData size:194380 dts:3481.436 pts:3481.436 dur:41.700ms, clock:3474.518 level:46
2024-06-04 18:08:33.399 T:4368 debug : CVideoPlayerVideo::OutputPicture - ttd:398ms pts:3474.930 Clock:3474.531 Level:6
2024-06-04 18:08:33.406 T:4365 debug : CVideoPlayer::ProcessPacket packet from enhancement layer: size:20585 dts:3481.436 pts:3481.436 dur:41.700ms
2024-06-04 18:08:33.414 T:4365 debug : CVideoPlayer::ProcessPacket packet from enhancement layer: size:46520 dts:3481.478 pts:3481.603 dur:41.700ms
2024-06-04 18:08:33.419 T:4365 debug : CVideoPlayer::ProcessVideoData size:1097835 dts:3481.478 pts:3481.603 dur:41.700ms, clock:3474.550 level:46
2024-06-04 18:08:33.422 T:4365 debug : CVideoPlayer::ProcessPacket packet from enhancement layer: size:26418 dts:3481.520 pts:3481.520 dur:41.700ms
2024-06-04 18:08:33.429 T:4365 debug : CVideoPlayer::ProcessVideoData size:198999 dts:3481.520 pts:3481.520 dur:41.700ms, clock:3474.561 level:47
2024-06-04 18:08:33.434 T:4365 debug : CVideoPlayer::ProcessVideoData size:168191 dts:3481.561 pts:3481.561 dur:41.700ms, clock:3474.566 level:47
2024-06-04 18:08:33.440 T:4368 debug : CVideoPlayerVideo::OutputPicture - ttd:400ms pts:3474.971 Clock:3474.571 Level:6
2024-06-04 18:08:33.440 T:4365 debug : CVideoPlayer::ProcessPacket packet from enhancement layer: size:24236 dts:3481.561 pts:3481.561 dur:41.700ms
2024-06-04 18:08:33.446 T:4365 debug : CVideoPlayer::ProcessPacket packet from enhancement layer: size:30798 dts:3481.603 pts:3481.728 dur:41.700ms
2024-06-04 18:08:33.450 T:4365 debug : CVideoPlayer::ProcessVideoData size:450521 dts:3481.603 pts:3481.728 dur:41.700ms, clock:3474.582 level:47
2024-06-04 18:08:33.454 T:4365 debug : CVideoPlayer::ProcessPacket packet from enhancement layer: size:24387 dts:3481.645 pts:3481.645 dur:41.700ms
2024-06-04 18:08:33.460 T:4365 debug : CVideoPlayer::ProcessVideoData size:200230 dts:3481.645 pts:3481.645 dur:41.700ms, clock:3474.591 level:47
2024-06-04 18:08:33.464 T:4365 debug : CVideoPlayer::ProcessVideoData size:169080 dts:3481.686 pts:3481.686 dur:41.700ms, clock:3474.596 level:47
2024-06-04 18:08:33.472 T:4365 debug : CVideoPlayer::ProcessPacket packet from enhancement layer: size:30362 dts:3481.686 pts:3481.686 dur:41.700ms
2024-06-04 18:08:33.476 T:4368 debug : CVideoPlayerVideo::OutputPicture - ttd:405ms pts:3475.013 Clock:3474.608 Level:6
2024-06-04 18:08:33.477 T:4365 debug : CVideoPlayer::ProcessPacket packet from enhancement layer: size:55150 dts:3481.728 pts:3481.853 dur:41.700ms
2024-06-04 18:08:33.481 T:4365 debug : CVideoPlayer::ProcessVideoData size:444810 dts:3481.728 pts:3481.853 dur:41.700ms, clock:3474.613 level:48
2024-06-04 18:08:33.484 T:4340 debug : request received for /jsonrpc
2024-06-04 18:08:33.487 T:4365 debug : CVideoPlayer::ProcessPacket packet from enhancement layer: size:20822 dts:3481.770 pts:3481.770 dur:41.700ms
2024-06-04 18:08:33.489 T:4365 debug : CVideoPlayer::ProcessVideoData size:194818 dts:3481.770 pts:3481.770 dur:41.700ms, clock:3474.621 level:49
2024-06-04 18:08:33.495 T:4365 debug : CVideoPlayer::ProcessVideoData size:165253 dts:3481.812 pts:3481.812 dur:41.700ms, clock:3474.627 level:49
2024-06-04 18:08:33.496 T:4340 debug : request received for /jsonrpc
2024-06-04 18:08:33.501 T:4365 debug : CVideoPlayer::ProcessPacket packet from enhancement layer: size:33307 dts:3481.812 pts:3481.812 dur:41.700ms
2024-06-04 18:08:33.503 T:4340 debug : request received for /jsonrpc
2024-06-04 18:08:33.509 T:4365 debug : CVideoPlayer::ProcessPacket packet from enhancement layer: size:44890 dts:3481.853 pts:3481.978 dur:41.700ms
2024-06-04 18:08:33.512 T:4340 debug : request received for /jsonrpc
2024-06-04 18:08:33.515 T:4365 debug : CVideoPlayer::ProcessVideoData size:443381 dts:3481.853 pts:3481.978 dur:41.700ms, clock:3474.647 level:51
2024-06-04 18:08:33.520 T:4365 debug : CVideoPlayer::ProcessPacket packet from enhancement layer: size:21206 dts:3481.895 pts:3481.895 dur:41.700ms
2024-06-04 18:08:33.523 T:4365 debug : CVideoPlayer::ProcessVideoData size:195782 dts:3481.895 pts:3481.895 dur:41.700ms, clock:3474.655 level:51
2024-06-04 18:08:33.525 T:4368 debug : CVideoPlayerVideo::OutputPicture - ttd:398ms pts:3475.055 Clock:3474.656 Level:5
2024-06-04 18:08:33.531 T:4365 debug : CVideoPlayer::ProcessVideoData size:166745 dts:3481.937 pts:3481.937 dur:41.700ms, clock:3474.663 level:51
2024-06-04 18:08:33.534 T:4365 debug : CVideoPlayer::ProcessPacket packet from enhancement layer: size:34320 dts:3481.937 pts:3481.937 dur:41.700ms
2024-06-04 18:08:33.544 T:4365 debug : CVideoPlayer::ProcessVideoData size:339620 dts:3481.978 pts:3482.020 dur:41.700ms, clock:3474.676 level:51
2024-06-04 18:08:33.564 T:4368 debug : CVideoPlayerVideo::OutputPicture - ttd:401ms pts:3475.097 Clock:3474.695 Level:6
2024-06-04 18:08:33.586 T:4365 debug : CVideoPlayer::ProcessPacket packet from enhancement layer: size:36551 dts:3481.978 pts:3482.020 dur:41.700ms
2024-06-04 18:08:33.606 T:4365 debug : CVideoPlayer::ProcessVideoData size:1913082 dts:3482.020 pts:3482.062 dur:41.700ms, clock:3474.737 level:50
2024-06-04 18:08:33.607 T:4368 debug : CVideoPlayerVideo::OutputPicture - ttd:399ms pts:3475.138 Clock:3474.739 Level:6
2024-06-04 18:08:33.628 T:4365 debug : CVideoPlayer::ProcessPacket packet from enhancement layer: size:437947 dts:3482.020 pts:3482.062 dur:41.700ms
2024-06-04 18:08:33.640 T:4365 debug : CVideoPlayer::ProcessVideoData size:929349 dts:3482.062 pts:3482.187 dur:41.700ms, clock:3474.772 level:51
2024-06-04 18:08:33.645 T:4368 debug : CVideoPlayerVideo::OutputPicture - ttd:403ms pts:3475.180 Clock:3474.777 Level:6
2024-06-04 18:08:33.660 T:4365 debug : CVideoPlayer::ProcessVideoData size:364985 dts:3482.104 pts:3482.104 dur:41.700ms, clock:3474.791 level:52
2024-06-04 18:08:33.664 T:4365 debug : CVideoPlayer::ProcessPacket packet from enhancement layer: size:316597 dts:3482.062 pts:3482.187 dur:41.700ms
2024-06-04 18:08:33.667 T:4365 debug : CVideoPlayer::ProcessPacket packet from enhancement layer: size:156911 dts:3482.104 pts:3482.104 dur:41.700ms
2024-06-04 18:08:33.676 T:4365 debug : CVideoPlayer::ProcessVideoData size:361495 dts:3482.145 pts:3482.145 dur:41.700ms, clock:3474.807 level:52
2024-06-04 18:08:33.685 T:4368 debug : CVideoPlayerVideo::OutputPicture - ttd:404ms pts:3475.222 Clock:3474.817 Level:6
2024-06-04 18:08:33.690 T:4365 debug : CVideoPlayer::ProcessPacket packet from enhancement layer: size:47658 dts:3482.145 pts:3482.145 dur:41.700ms
2024-06-04 18:08:33.700 T:4365 debug : CVideoPlayer::ProcessVideoData size:767943 dts:3482.187 pts:3482.312 dur:41.700ms, clock:3474.831 level:52
2024-06-04 18:08:33.702 T:4365 debug : CVideoPlayer::ProcessPacket packet from enhancement layer: size:34563 dts:3482.187 pts:3482.312 dur:41.700ms
2024-06-04 18:08:33.711 T:4365 debug : CVideoPlayer::ProcessVideoData size:306504 dts:3482.229 pts:3482.229 dur:41.700ms, clock:3474.842 level:53
2024-06-04 18:08:33.711 T:4365 debug : CVideoPlayer::ProcessPacket packet from enhancement layer: size:22932 dts:3482.229 pts:3482.229 dur:41.700ms
2024-06-04 18:08:33.723 T:4365 debug : CVideoPlayer::ProcessVideoData size:300272 dts:3482.270 pts:3482.270 dur:41.700ms, clock:3474.854 level:53
2024-06-04 18:08:33.732 T:4368 debug : CVideoPlayerVideo::OutputPicture - ttd:400ms pts:3475.263 Clock:3474.863 Level:6
2024-06-04 18:08:33.732 T:4365 debug : CVideoPlayer::ProcessPacket packet from enhancement layer: size:16222 dts:3482.270 pts:3482.270 dur:41.700ms
2024-06-04 18:08:33.741 T:4365 debug : CVideoPlayer::ProcessVideoData size:615009 dts:3482.312 pts:3482.437 dur:41.700ms, clock:3474.873 level:54
2024-06-04 18:08:33.744 T:4365 debug : CVideoPlayer::ProcessPacket packet from enhancement layer: size:19876 dts:3482.312 pts:3482.437 dur:41.700ms
2024-06-04 18:08:33.752 T:4365 debug : CVideoPlayer::ProcessVideoData size:253757 dts:3482.354 pts:3482.354 dur:41.700ms, clock:3474.884 level:54
2024-06-04 18:08:33.752 T:4365 debug : CVideoPlayer::ProcessPacket packet from enhancement layer: size:23108 dts:3482.354 pts:3482.354 dur:41.700ms
2024-06-04 18:08:33.762 T:4365 debug : CVideoPlayer::ProcessVideoData size:252914 dts:3482.395 pts:3482.395 dur:41.700ms, clock:3474.894 level:55
2024-06-04 18:08:33.772 T:4368 debug : CVideoPlayerVideo::OutputPicture - ttd:401ms pts:3475.305 Clock:3474.903 Level:6
2024-06-04 18:08:33.774 T:4365 debug : CVideoPlayer::ProcessPacket packet from enhancement layer: size:22989 dts:3482.395 pts:3482.395 dur:41.700ms
2024-06-04 18:08:33.782 T:4365 debug : CVideoPlayer::ProcessVideoData size:636150 dts:3482.437 pts:3482.562 dur:41.700ms, clock:3474.914 level:55
2024-06-04 18:08:33.785 T:4365 debug : CVideoPlayer::ProcessPacket packet from enhancement layer: size:18792 dts:3482.437 pts:3482.562 dur:41.700ms
2024-06-04 18:08:33.792 T:4365 debug : CVideoPlayer::ProcessVideoData size:222567 dts:3482.479 pts:3482.479 dur:41.700ms, clock:3474.924 level:54
2024-06-04 18:08:33.793 T:4365 debug : CVideoPlayer::ProcessPacket packet from enhancement layer: size:30169 dts:3482.479 pts:3482.479 dur:41.700ms
2024-06-04 18:08:33.801 T:4365 debug : CVideoPlayer::ProcessVideoData size:222940 dts:3482.521 pts:3482.521 dur:41.700ms, clock:3474.932 level:55
2024-06-04 18:08:33.811 T:4365 debug : CVideoPlayer::ProcessPacket packet from enhancement layer: size:30527 dts:3482.521 pts:3482.521 dur:41.700ms
2024-06-04 18:08:33.813 T:4368 debug : CVideoPlayerVideo::OutputPicture - ttd:402ms pts:3475.347 Clock:3474.945 Level:6
2024-06-04 18:08:33.821 T:4365 debug : CVideoPlayer::ProcessVideoData size:572424 dts:3482.562 pts:3482.687 dur:41.700ms, clock:3474.952 level:56
2024-06-04 18:08:33.821 T:4365 debug : CVideoPlayer::ProcessPacket packet from enhancement layer: size:25102 dts:3482.562 pts:3482.687 dur:41.700ms
2024-06-04 18:08:33.829 T:4365 debug : CVideoPlayer::ProcessVideoData size:226867 dts:3482.604 pts:3482.604 dur:41.700ms, clock:3474.960 level:56
2024-06-04 18:08:33.829 T:4365 debug : CVideoPlayer::ProcessPacket packet from enhancement layer: size:30668 dts:3482.604 pts:3482.604 dur:41.700ms
2024-06-04 18:08:33.837 T:4365 debug : CVideoPlayer::ProcessVideoData size:226815 dts:3482.646 pts:3482.646 dur:41.700ms, clock:3474.968 level:57
2024-06-04 18:08:33.848 T:4365 debug : CVideoPlayer::ProcessPacket packet from enhancement layer: size:31046 dts:3482.646 pts:3482.646 dur:41.700ms
2024-06-04 18:08:33.856 T:4368 debug : CVideoPlayerVideo::OutputPicture - ttd:401ms pts:3475.389 Clock:3474.988 Level:6
2024-06-04 18:08:33.857 T:4365 debug : CVideoPlayer::ProcessPacket packet from enhancement layer: size:25916 dts:3482.687 pts:3482.813 dur:41.700ms
2024-06-04 18:08:33.862 T:4365 debug : CVideoPlayer::ProcessVideoData size:577670 dts:3482.687 pts:3482.813 dur:41.700ms, clock:3474.994 level:57
2024-06-04 18:08:33.866 T:4365 debug : CVideoPlayer::ProcessPacket packet from enhancement layer: size:38921 dts:3482.729 pts:3482.729 dur:41.700ms
2024-06-04 18:08:33.870 T:4365 debug : CVideoPlayer::ProcessVideoData size:195939 dts:3482.729 pts:3482.729 dur:41.700ms, clock:3475.002 level:58
2024-06-04 18:08:33.874 T:4365 debug : CVideoPlayer::ProcessVideoData size:198028 dts:3482.771 pts:3482.771 dur:41.700ms, clock:3475.006 level:58
2024-06-04 18:08:33.896 T:4368 debug : CVideoPlayerVideo::OutputPicture - ttd:402ms pts:3475.430 Clock:3475.028 Level:6
2024-06-04 18:08:33.896 T:4365 debug : CVideoPlayer::ProcessPacket packet from enhancement layer: size:29792 dts:3482.771 pts:3482.771 dur:41.700ms
2024-06-04 18:08:33.907 T:4365 debug : CVideoPlayer::ProcessPacket packet from enhancement layer: size:59851 dts:3482.813 pts:3482.938 dur:41.700ms
2024-06-04 18:08:33.911 T:4365 debug : CVideoPlayer::ProcessVideoData size:1033597 dts:3482.813 pts:3482.938 dur:41.700ms, clock:3475.043 level:58
2024-06-04 18:08:33.917 T:4365 debug : CVideoPlayer::ProcessPacket packet from enhancement layer: size:38465 dts:3482.854 pts:3482.854 dur:41.700ms
2024-06-04 18:08:33.921 T:4365 debug : CVideoPlayer::ProcessVideoData size:202206 dts:3482.854 pts:3482.854 dur:41.700ms, clock:3475.053 level:58
2024-06-04 18:08:33.925 T:4365 debug : CVideoPlayer::ProcessVideoData size:202584 dts:3482.896 pts:3482.896 dur:41.700ms, clock:3475.057 level:58
2024-06-04 18:08:33.934 T:4365 debug : CVideoPlayer::ProcessPacket packet from enhancement layer: size:38497 dts:3482.896 pts:3482.896 dur:41.700ms
2024-06-04 18:08:33.936 T:4368 debug : CVideoPlayerVideo::OutputPicture - ttd:404ms pts:3475.472 Clock:3475.067 Level:6
2024-06-04 18:08:33.946 T:4365 debug : CVideoPlayer::ProcessVideoData size:521519 dts:3482.938 pts:3483.063 dur:41.700ms, clock:3475.077 level:58
2024-06-04 18:08:33.948 T:4365 debug : CVideoPlayer::ProcessPacket packet from enhancement layer: size:29607 dts:3482.938 pts:3483.063 dur:41.700ms
2024-06-04 18:08:33.981 T:4368 debug : CVideoPlayerVideo::OutputPicture - ttd:400ms pts:3475.514 Clock:3475.113 Level:6
2024-06-04 18:08:33.991 T:4365 debug : CVideoPlayer::ProcessVideoData size:207598 dts:3482.979 pts:3482.979 dur:41.700ms, clock:3475.123 level:59
2024-06-04 18:08:33.992 T:4365 debug : CVideoPlayer::ProcessPacket packet from enhancement layer: size:38558 dts:3482.979 pts:3482.979 dur:41.700ms
2024-06-04 18:08:34.002 T:4365 debug : CVideoPlayer::ProcessVideoData size:207290 dts:3483.021 pts:3483.021 dur:41.700ms, clock:3475.133 level:59
2024-06-04 18:08:34.023 T:4368 debug : CVideoPlayerVideo::OutputPicture - ttd:400ms pts:3475.555 Clock:3475.155 Level:6
2024-06-04 18:08:34.029 T:4365 debug : CVideoPlayer::ProcessPacket packet from enhancement layer: size:29615 dts:3483.021 pts:3483.021 dur:41.700ms
2024-06-04 18:08:34.038 T:4365 debug : CVideoPlayer::ProcessPacket packet from enhancement layer: size:34077 dts:3483.063 pts:3483.188 dur:41.700ms
2024-06-04 18:08:34.042 T:4365 debug : CVideoPlayer::ProcessVideoData size:506497 dts:3483.063 pts:3483.188 dur:41.700ms, clock:3475.174 level:59
2024-06-04 18:08:34.047 T:4365 debug : CVideoPlayer::ProcessPacket packet from enhancement layer: size:39940 dts:3483.105 pts:3483.105 dur:41.700ms
2024-06-04 18:08:34.051 T:4365 debug : CVideoPlayer::ProcessVideoData size:199944 dts:3483.105 pts:3483.105 dur:41.700ms, clock:3475.183 level:59
2024-06-04 18:08:34.055 T:4365 debug : CVideoPlayer::ProcessVideoData size:198475 dts:3483.146 pts:3483.146 dur:41.700ms, clock:3475.187 level:59
2024-06-04 18:08:34.058 T:4369 info : ProcessDecoderOutput: Changed max allowed Out-Of-Sync value to 75 ms due self-learning
2024-06-04 18:08:34.063 T:4365 debug : CVideoPlayer::ProcessPacket packet from enhancement layer: size:30881 dts:3483.146 pts:3483.146 dur:41.700ms
2024-06-04 18:08:34.066 T:4368 debug : CVideoPlayerVideo::OutputPicture - ttd:191ms pts:3475.388 Clock:3475.197 Level:6
2024-06-04 18:08:34.082 T:4365 debug : CVideoPlayer::ProcessPacket packet from enhancement layer: size:39914 dts:3483.188 pts:3483.313 dur:41.700ms
2024-06-04 18:08:34.089 T:4365 debug : CVideoPlayer::ProcessVideoData size:490684 dts:3483.188 pts:3483.313 dur:41.700ms, clock:3475.221 level:59
2024-06-04 18:08:34.092 T:4365 debug : CVideoPlayer::ProcessPacket packet from enhancement layer: size:31297 dts:3483.230 pts:3483.230 dur:41.700ms
2024-06-04 18:08:34.103 T:4368 debug : CVideoPlayerVideo::OutputPicture - ttd:195ms pts:3475.430 Clock:3475.235 Level:6
2024-06-04 18:08:34.150 T:4368 debug : CVideoPlayerVideo::OutputPicture - ttd:190ms pts:3475.472 Clock:3475.282 Level:5
2024-06-04 18:08:34.170 T:4365 debug : CVideoPlayer::ProcessVideoData size:196398 dts:3483.230 pts:3483.230 dur:41.700ms, clock:3475.302 level:59
2024-06-04 18:08:34.175 T:4365 debug : CVideoPlayer::ProcessVideoData size:196851 dts:3483.271 pts:3483.271 dur:41.700ms, clock:3475.307 level:59
2024-06-04 18:08:34.184 T:4365 debug : CVideoPlayer::ProcessPacket packet from enhancement layer: size:30974 dts:3483.271 pts:3483.271 dur:41.700ms
2024-06-04 18:08:34.189 T:4368 debug : CVideoPlayerVideo::OutputPicture - ttd:192ms pts:3475.514 Clock:3475.321 Level:6
2024-06-04 18:08:34.212 T:4365 debug : CVideoPlayer::ProcessPacket packet from enhancement layer: size:33531 dts:3483.313 pts:3483.438 dur:41.700ms
2024-06-04 18:08:34.220 T:4365 debug : CVideoPlayer::ProcessVideoData size:520637 dts:3483.313 pts:3483.438 dur:41.700ms, clock:3475.352 level:59
2024-06-04 18:08:34.233 T:4368 debug : CVideoPlayerVideo::OutputPicture - ttd:190ms pts:3475.555 Clock:3475.365 Level:6
2024-06-04 18:08:34.275 T:4368 debug : CVideoPlayerVideo::OutputPicture - ttd:190ms pts:3475.597 Clock:3475.407 Level:5
2024-06-04 18:08:34.299 T:4365 debug : CVideoPlayer::ProcessVideoData size:204194 dts:3483.355 pts:3483.355 dur:41.700ms, clock:3475.431 level:58
2024-06-04 18:08:34.313 T:4368 debug : CVideoPlayerVideo::OutputPicture - ttd:193ms pts:3475.639 Clock:3475.445 Level:6
2024-06-04 18:08:34.319 T:4162 debug : ------ Window Deinit (DialogSeekBar.xml) ------
2024-06-04 18:08:34.323 T:4365 debug : CVideoPlayer::ProcessPacket packet from enhancement layer: size:31040 dts:3483.355 pts:3483.355 dur:41.700ms
2024-06-04 18:08:34.333 T:4365 debug : CVideoPlayer::ProcessVideoData size:205891 dts:3483.396 pts:3483.396 dur:41.700ms, clock:3475.465 level:58
2024-06-04 18:08:34.341 T:4365 debug : CVideoPlayer::ProcessPacket packet from enhancement layer: size:30893 dts:3483.396 pts:3483.396 dur:41.700ms
2024-06-04 18:08:34.355 T:4368 debug : CVideoPlayerVideo::OutputPicture - ttd:194ms pts:3475.680 Clock:3475.486 Level:6
2024-06-04 18:08:34.401 T:4365 debug : CVideoPlayer::ProcessVideoData size:522191 dts:3483.438 pts:3483.563 dur:41.700ms, clock:3475.532 level:58
2024-06-04 18:08:34.403 T:4368 debug : CVideoPlayerVideo::OutputPicture - ttd:187ms pts:3475.722 Clock:3475.535 Level:5
2024-06-04 18:08:34.412 T:4365 debug : CVideoPlayer::ProcessPacket packet from enhancement layer: size:35841 dts:3483.438 pts:3483.563 dur:41.700ms
2024-06-04 18:08:34.440 T:4368 debug : CVideoPlayerVideo::OutputPicture - ttd:192ms pts:3475.764 Clock:3475.572 Level:5
2024-06-04 18:08:34.455 T:4365 debug : CVideoPlayer::ProcessVideoData size:210599 dts:3483.480 pts:3483.480 dur:41.700ms, clock:3475.587 level:58
2024-06-04 18:08:34.466 T:4365 debug : CVideoPlayer::ProcessPacket packet from enhancement layer: size:31143 dts:3483.480 pts:3483.480 dur:41.700ms
2024-06-04 18:08:34.477 T:4368 debug : CVideoPlayerVideo::OutputPicture - ttd:196ms pts:3475.806 Clock:3475.609 Level:6
2024-06-04 18:08:34.493 T:4365 debug : CVideoPlayer::ProcessVideoData size:210428 dts:3483.522 pts:3483.522 dur:41.700ms, clock:3475.625 level:58
2024-06-04 18:08:34.502 T:4365 debug : CVideoPlayer::ProcessPacket packet from enhancement layer: size:31390 dts:3483.522 pts:3483.522 dur:41.700ms
2024-06-04 18:08:34.524 T:4368 debug : CVideoPlayerVideo::OutputPicture - ttd:191ms pts:3475.847 Clock:3475.656 Level:5
2024-06-04 18:08:34.562 T:4368 debug : CVideoPlayerVideo::OutputPicture - ttd:195ms pts:3475.889 Clock:3475.694 Level:6
2024-06-04 18:08:34.571 T:4365 debug : CVideoPlayer::ProcessVideoData size:516570 dts:3483.563 pts:3483.688 dur:41.700ms, clock:3475.703 level:58
2024-06-04 18:08:34.574 T:4365 debug : CVideoPlayer::ProcessPacket packet from enhancement layer: size:38340 dts:3483.563 pts:3483.688 dur:41.700ms
2024-06-04 18:08:34.605 T:4368 debug : CVideoPlayerVideo::OutputPicture - ttd:193ms pts:3475.931 Clock:3475.737 Level:6
2024-06-04 18:08:34.647 T:4368 debug : CVideoPlayerVideo::OutputPicture - ttd:193ms pts:3475.972 Clock:3475.779 Level:6
2024-06-04 18:08:34.665 T:4365 debug : CVideoPlayer::ProcessVideoData size:213290 dts:3483.605 pts:3483.605 dur:41.700ms, clock:3475.797 level:58
2024-06-04 18:08:34.669 T:4365 debug : CVideoPlayer::ProcessPacket packet from enhancement layer: size:31750 dts:3483.605 pts:3483.605 dur:41.700ms
2024-06-04 18:08:34.679 T:4365 debug : CVideoPlayer::ProcessVideoData size:208260 dts:3483.647 pts:3483.647 dur:41.700ms, clock:3475.811 level:59
2024-06-04 18:08:34.686 T:4368 debug : CVideoPlayerVideo::OutputPicture - ttd:196ms pts:3476.014 Clock:3475.818 Level:6
2024-06-04 18:08:34.700 T:4365 debug : CVideoPlayer::ProcessPacket packet from enhancement layer: size:32051 dts:3483.647 pts:3483.647 dur:41.700ms
2024-06-04 18:08:34.709 T:4365 debug : CVideoPlayer::ProcessVideoData size:1046766 dts:3483.688 pts:3483.814 dur:41.700ms, clock:3475.841 level:58
2024-06-04 18:08:34.729 T:4368 debug : CVideoPlayerVideo::OutputPicture - ttd:195ms pts:3476.056 Clock:3475.860 Level:6
2024-06-04 18:08:34.771 T:4368 debug : CVideoPlayerVideo::OutputPicture - ttd:195ms pts:3476.098 Clock:3475.902 Level:6
2024-06-04 18:08:34.814 T:4368 debug : CVideoPlayerVideo::OutputPicture - ttd:193ms pts:3476.139 Clock:3475.946 Level:6
2024-06-04 18:08:34.834 T:4365 debug : CVideoPlayer::ProcessPacket packet from enhancement layer: size:62840 dts:3483.688 pts:3483.814 dur:41.700ms
2024-06-04 18:08:34.853 T:4368 debug : CVideoPlayerVideo::OutputPicture - ttd:195ms pts:3476.181 Clock:3475.985 Level:6
2024-06-04 18:08:34.875 T:4365 debug : CVideoPlayer::ProcessVideoData size:213358 dts:3483.730 pts:3483.730 dur:41.700ms, clock:3476.006 level:57
2024-06-04 18:08:34.875 T:4365 debug : CVideoPlayer::ProcessPacket packet from enhancement layer: size:31148 dts:3483.730 pts:3483.730 dur:41.700ms
2024-06-04 18:08:34.894 T:4368 debug : CVideoPlayerVideo::OutputPicture - ttd:196ms pts:3476.223 Clock:3476.026 Level:6
2024-06-04 18:08:34.905 T:4365 debug : CVideoPlayer::ProcessVideoData size:210148 dts:3483.772 pts:3483.772 dur:41.700ms, clock:3476.036 level:58
2024-06-04 18:08:34.912 T:4365 debug : CVideoPlayer::ProcessPacket packet from enhancement layer: size:30913 dts:3483.772 pts:3483.772 dur:41.700ms
2024-06-04 18:08:34.921 T:4365 debug : CVideoPlayer::ProcessVideoData size:518242 dts:3483.814 pts:3483.939 dur:41.700ms, clock:3476.053 level:58
2024-06-04 18:08:34.932 T:4365 debug : CVideoPlayer::ProcessPacket packet from enhancement layer: size:35528 dts:3483.814 pts:3483.939 dur:41.700ms
2024-06-04 18:08:34.940 T:4365 debug : CVideoPlayer::ProcessVideoData size:210527 dts:3483.855 pts:3483.855 dur:41.700ms, clock:3476.071 level:58
2024-06-04 18:08:34.941 T:4368 debug : CVideoPlayerVideo::OutputPicture - ttd:191ms pts:3476.264 Clock:3476.073 Level:5
2024-06-04 18:08:34.951 T:4365 debug : CVideoPlayer::ProcessPacket packet from enhancement layer: size:30574 dts:3483.855 pts:3483.855 dur:41.700ms
2024-06-04 18:08:34.972 T:4365 debug : CVideoPlayer::ProcessVideoData size:211222 dts:3483.897 pts:3483.897 dur:41.700ms, clock:3476.104 level:58
2024-06-04 18:08:34.980 T:4365 debug : CVideoPlayer::ProcessPacket packet from enhancement layer: size:30306 dts:3483.897 pts:3483.897 dur:41.700ms
2024-06-04 18:08:34.983 T:4368 debug : CVideoPlayerVideo::OutputPicture - ttd:191ms pts:3476.306 Clock:3476.114 Level:5
2024-06-04 18:08:34.997 T:4365 debug : CVideoPlayer::ProcessPacket packet from enhancement layer: size:42622 dts:3483.939 pts:3484.064 dur:41.700ms
2024-06-04 18:08:35.003 T:4365 debug : CVideoPlayer::ProcessVideoData size:485390 dts:3483.939 pts:3484.064 dur:41.700ms, clock:3476.135 level:59
2024-06-04 18:08:35.023 T:4368 debug : CVideoPlayerVideo::OutputPicture - ttd:192ms pts:3476.348 Clock:3476.155 Level:6
2024-06-04 18:08:35.052 T:4365 debug : CVideoPlayer::ProcessPacket packet from enhancement layer: size:31680 dts:3483.980 pts:3483.980 dur:41.700ms
2024-06-04 18:08:35.064 T:4340 debug : request received for /jsonrpc
2024-06-04 18:08:35.064 T:4368 debug : CVideoPlayerVideo::OutputPicture - ttd:193ms pts:3476.390 Clock:3476.196 Level:6
2024-06-04 18:08:35.073 T:4340 debug : request received for /jsonrpc
2024-06-04 18:08:35.078 T:4365 debug : CVideoPlayer::ProcessVideoData size:200701 dts:3483.980 pts:3483.980 dur:41.700ms, clock:3476.210 level:58
2024-06-04 18:08:35.080 T:4340 debug : request received for /jsonrpc
2024-06-04 18:08:35.086 T:4365 debug : CVideoPlayer::ProcessVideoData size:199068 dts:3484.022 pts:3484.022 dur:41.700ms, clock:3476.217 level:100
2024-06-04 18:08:35.088 T:4340 debug : request received for /jsonrpc
2024-06-04 18:08:35.109 T:4368 debug : CVideoPlayerVideo::OutputPicture - ttd:190ms pts:3476.431 Clock:3476.241 Level:5
2024-06-04 18:08:35.123 T:4365 debug : CVideoPlayer::ProcessPacket packet from enhancement layer: size:31587 dts:3484.022 pts:3484.022 dur:41.700ms
2024-06-04 18:08:35.150 T:4368 debug : CVideoPlayerVideo::OutputPicture - ttd:191ms pts:3476.473 Clock:3476.282 Level:5
2024-06-04 18:08:35.165 T:4365 debug : CVideoPlayer::ProcessPacket packet from enhancement layer: size:47666 dts:3484.064 pts:3484.189 dur:41.700ms
2024-06-04 18:08:35.173 T:4365 debug : CVideoPlayer::ProcessVideoData size:460681 dts:3484.064 pts:3484.189 dur:41.700ms, clock:3476.305 level:57
2024-06-04 18:08:35.178 T:4365 debug : CVideoPlayer::ProcessPacket packet from enhancement layer: size:31682 dts:3484.106 pts:3484.106 dur:41.700ms
2024-06-04 18:08:35.191 T:4365 debug : CVideoPlayer::ProcessVideoData size:196139 dts:3484.106 pts:3484.106 dur:41.700ms, clock:3476.323 level:100
2024-06-04 18:08:35.192 T:4368 debug : CVideoPlayerVideo::OutputPicture - ttd:190ms pts:3476.515 Clock:3476.324 Level:5
2024-06-04 18:08:35.226 T:4365 debug : CVideoPlayer::ProcessVideoData size:192086 dts:3484.147 pts:3484.147 dur:41.700ms, clock:3476.358 level:100
2024-06-04 18:08:35.233 T:4368 debug : CVideoPlayerVideo::OutputPicture - ttd:191ms pts:3476.556 Clock:3476.365 Level:6
2024-06-04 18:08:35.255 T:4365 debug : CVideoPlayer::ProcessPacket packet from enhancement layer: size:31553 dts:3484.147 pts:3484.147 dur:41.700ms
2024-06-04 18:08:35.272 T:4368 debug : CVideoPlayerVideo::OutputPicture - ttd:194ms pts:3476.598 Clock:3476.404 Level:6
2024-06-04 18:08:35.296 T:4365 debug : CVideoPlayer::ProcessPacket packet from enhancement layer: size:46221 dts:3484.189 pts:3484.314 dur:41.700ms
2024-06-04 18:08:35.304 T:4365 debug : CVideoPlayer::ProcessVideoData size:451830 dts:3484.189 pts:3484.314 dur:41.700ms, clock:3476.435 level:57
2024-06-04 18:08:35.307 T:4365 debug : CVideoPlayer::ProcessPacket packet from enhancement layer: size:31728 dts:3484.231 pts:3484.231 dur:41.700ms
2024-06-04 18:08:35.315 T:4365 debug : CVideoPlayer::ProcessVideoData size:189236 dts:3484.231 pts:3484.231 dur:41.700ms, clock:3476.446 level:100
2024-06-04 18:08:35.316 T:4368 debug : CVideoPlayerVideo::OutputPicture - ttd:192ms pts:3476.640 Clock:3476.448 Level:5
2024-06-04 18:08:35.358 T:4368 debug : CVideoPlayerVideo::OutputPicture - ttd:192ms pts:3476.682 Clock:3476.489 Level:5
2024-06-04 18:08:35.374 T:4365 debug : CVideoPlayer::ProcessVideoData size:186332 dts:3484.272 pts:3484.272 dur:41.700ms, clock:3476.505 level:100
2024-06-04 18:08:35.399 T:4368 debug : CVideoPlayerVideo::OutputPicture - ttd:192ms pts:3476.723 Clock:3476.531 Level:5
2024-06-04 18:08:35.428 T:4365 debug : CVideoPlayer::ProcessPacket packet from enhancement layer: size:31442 dts:3484.272 pts:3484.272 dur:41.700ms
2024-06-04 18:08:35.434 T:4365 debug : CVideoPlayer::ProcessPacket packet from enhancement layer: size:49634 dts:3484.314 pts:3484.439 dur:41.700ms
2024-06-04 18:08:35.441 T:4365 debug : CVideoPlayer::ProcessVideoData size:436736 dts:3484.314 pts:3484.439 dur:41.700ms, clock:3476.573 level:57
2024-06-04 18:08:35.446 T:4368 debug : CVideoPlayerVideo::OutputPicture - ttd:187ms pts:3476.765 Clock:3476.577 Level:5
2024-06-04 18:08:35.446 T:4365 debug : CVideoPlayer::ProcessPacket packet from enhancement layer: size:31310 dts:3484.356 pts:3484.356 dur:41.700ms
2024-06-04 18:08:35.459 T:4365 debug : CVideoPlayer::ProcessVideoData size:184051 dts:3484.356 pts:3484.356 dur:41.700ms, clock:3476.591 level:58
2024-06-04 18:08:35.469 T:4365 debug : CVideoPlayer::ProcessVideoData size:182495 dts:3484.397 pts:3484.397 dur:41.700ms, clock:3476.601 level:100
2024-06-04 18:08:35.482 T:4368 debug : CVideoPlayerVideo::OutputPicture - ttd:192ms pts:3476.807 Clock:3476.614 Level:6
2024-06-04 18:08:35.486 T:4365 debug : CVideoPlayer::ProcessPacket packet from enhancement layer: size:30805 dts:3484.397 pts:3484.397 dur:41.700ms
2024-06-04 18:08:35.525 T:4368 debug : CVideoPlayerVideo::OutputPicture - ttd:191ms pts:3476.848 Clock:3476.657 Level:5
2024-06-04 18:08:35.562 T:4368 debug : CVideoPlayerVideo::OutputPicture - ttd:196ms pts:3476.890 Clock:3476.694 Level:6
2024-06-04 18:08:35.583 T:4365 debug : CVideoPlayer::ProcessPacket packet from enhancement layer: size:53933 dts:3484.439 pts:3484.564 dur:41.700ms
2024-06-04 18:08:35.590 T:4365 debug : CVideoPlayer::ProcessVideoData size:421971 dts:3484.439 pts:3484.564 dur:41.700ms, clock:3476.722 level:58
2024-06-04 18:08:35.593 T:4365 debug : CVideoPlayer::ProcessPacket packet from enhancement layer: size:31457 dts:3484.481 pts:3484.481 dur:41.700ms
2024-06-04 18:08:35.598 T:4365 debug : CVideoPlayer::ProcessVideoData size:184076 dts:3484.481 pts:3484.481 dur:41.700ms, clock:3476.730 level:59
2024-06-04 18:08:35.605 T:4368 debug : CVideoPlayerVideo::OutputPicture - ttd:195ms pts:3476.932 Clock:3476.736 Level:6
2024-06-04 18:08:35.623 T:4365 debug : CVideoPlayer::ProcessVideoData size:182954 dts:3484.523 pts:3484.523 dur:41.700ms, clock:3476.755 level:58
2024-06-04 18:08:35.643 T:4365 debug : CVideoPlayer::ProcessPacket packet from enhancement layer: size:31089 dts:3484.523 pts:3484.523 dur:41.700ms
2024-06-04 18:08:35.648 T:4368 debug : CVideoPlayerVideo::OutputPicture - ttd:193ms pts:3476.973 Clock:3476.780 Level:6
2024-06-04 18:08:35.688 T:4368 debug : CVideoPlayerVideo::OutputPicture - ttd:195ms pts:3477.015 Clock:3476.820 Level:6
2024-06-04 18:08:35.714 T:4365 debug : CVideoPlayer::ProcessPacket packet from enhancement layer: size:39190 dts:3484.564 pts:3484.689 dur:41.700ms
2024-06-04 18:08:35.724 T:4365 debug : CVideoPlayer::ProcessVideoData size:1007532 dts:3484.564 pts:3484.689 dur:41.700ms, clock:3476.856 level:59
2024-06-04 18:08:35.731 T:4368 debug : CVideoPlayerVideo::OutputPicture - ttd:193ms pts:3477.057 Clock:3476.863 Level:6
2024-06-04 18:08:35.772 T:4368 debug : CVideoPlayerVideo::OutputPicture - ttd:194ms pts:3477.099 Clock:3476.904 Level:6
2024-06-04 18:08:35.800 T:4365 debug : CVideoPlayer::ProcessPacket packet from enhancement layer: size:29771 dts:3484.606 pts:3484.606 dur:41.700ms
2024-06-04 18:08:35.803 T:4365 debug : CVideoPlayer::ProcessVideoData size:187056 dts:3484.606 pts:3484.606 dur:41.700ms, clock:3476.935 level:57
2024-06-04 18:08:35.809 T:4365 debug : CVideoPlayer::ProcessVideoData size:187265 dts:3484.648 pts:3484.648 dur:41.700ms, clock:3476.941 level:57
2024-06-04 18:08:35.815 T:4368 debug : CVideoPlayerVideo::OutputPicture - ttd:193ms pts:3477.140 Clock:3476.947 Level:6
2024-06-04 18:08:35.816 T:4365 debug : CVideoPlayer::ProcessPacket packet from enhancement layer: size:29914 dts:3484.648 pts:3484.648 dur:41.700ms
2024-06-04 18:08:35.833 T:4365 debug : CVideoPlayer::ProcessPacket packet from enhancement layer: size:49633 dts:3484.689 pts:3484.815 dur:41.700ms
2024-06-04 18:08:35.839 T:4365 debug : CVideoPlayer::ProcessVideoData size:461187 dts:3484.689 pts:3484.815 dur:41.700ms, clock:3476.971 level:57
2024-06-04 18:08:35.842 T:4365 debug : CVideoPlayer::ProcessPacket packet from enhancement layer: size:28955 dts:3484.731 pts:3484.731 dur:41.700ms
2024-06-04 18:08:35.857 T:4368 debug : CVideoPlayerVideo::OutputPicture - ttd:193ms pts:3477.182 Clock:3476.988 Level:6
2024-06-04 18:08:35.891 T:4365 debug : CVideoPlayer::ProcessVideoData size:191960 dts:3484.731 pts:3484.731 dur:41.700ms, clock:3477.022 level:100
2024-06-04 18:08:35.901 T:4368 debug : CVideoPlayerVideo::OutputPicture - ttd:191ms pts:3477.224 Clock:3477.032 Level:5
2024-06-04 18:08:35.917 T:4365 debug : CVideoPlayer::ProcessVideoData size:193540 dts:3484.773 pts:3484.773 dur:41.700ms, clock:3477.048 level:57
2024-06-04 18:08:35.941 T:4368 debug : CVideoPlayerVideo::OutputPicture - ttd:193ms pts:3477.265 Clock:3477.072 Level:6
2024-06-04 18:08:35.967 T:4365 debug : CVideoPlayer::ProcessPacket packet from enhancement layer: size:28657 dts:3484.773 pts:3484.773 dur:41.700ms
2024-06-04 18:08:35.974 T:4365 debug : CVideoPlayer::ProcessPacket packet from enhancement layer: size:57338 dts:3484.815 pts:3484.940 dur:41.700ms
2024-06-04 18:08:35.983 T:4368 debug : CVideoPlayerVideo::OutputPicture - ttd:192ms pts:3477.307 Clock:3477.114 Level:6
2024-06-04 18:08:36.022 T:4368 debug : CVideoPlayerVideo::OutputPicture - ttd:195ms pts:3477.349 Clock:3477.153 Level:6
2024-06-04 18:08:36.046 T:4365 debug : CVideoPlayer::ProcessVideoData size:444481 dts:3484.815 pts:3484.940 dur:41.700ms, clock:3477.178 level:57
2024-06-04 18:08:36.050 T:4365 debug : CVideoPlayer::ProcessPacket packet from enhancement layer: size:24341 dts:3484.856 pts:3484.856 dur:41.700ms
2024-06-04 18:08:36.054 T:4365 debug : CVideoPlayer::ProcessVideoData size:188553 dts:3484.856 pts:3484.856 dur:41.700ms, clock:3477.186 level:57
2024-06-04 18:08:36.060 T:4365 debug : CVideoPlayer::ProcessVideoData size:186244 dts:3484.898 pts:3484.898 dur:41.700ms, clock:3477.191 level:57
2024-06-04 18:08:36.068 T:4368 debug : CVideoPlayerVideo::OutputPicture - ttd:190ms pts:3477.391 Clock:3477.200 Level:5
2024-06-04 18:08:36.086 T:4365 debug : CVideoPlayer::ProcessPacket packet from enhancement layer: size:31394 dts:3484.898 pts:3484.898 dur:41.700ms
2024-06-04 18:08:36.109 T:4368 debug : CVideoPlayerVideo::OutputPicture - ttd:191ms pts:3477.432 Clock:3477.241 Level:5
2024-06-04 18:08:36.149 T:4368 debug : CVideoPlayerVideo::OutputPicture - ttd:193ms pts:3477.474 Clock:3477.281 Level:6
2024-06-04 18:08:36.164 T:4365 debug : CVideoPlayer::ProcessPacket packet from enhancement layer: size:41804 dts:3484.940 pts:3485.065 dur:41.700ms
2024-06-04 18:08:36.170 T:4365 debug : CVideoPlayer::ProcessVideoData size:437403 dts:3484.940 pts:3485.065 dur:41.700ms, clock:3477.302 level:57
2024-06-04 18:08:36.174 T:4365 debug : CVideoPlayer::ProcessPacket packet from enhancement layer: size:31623 dts:3484.981 pts:3484.981 dur:41.700ms
2024-06-04 18:08:36.179 T:4365 debug : CVideoPlayer::ProcessVideoData size:183804 dts:3484.981 pts:3484.981 dur:41.700ms, clock:3477.311 level:57
2024-06-04 18:08:36.189 T:4368 debug : CVideoPlayerVideo::OutputPicture - ttd:195ms pts:3477.516 Clock:3477.321 Level:6
2024-06-04 18:08:36.207 T:4365 debug : CVideoPlayer::ProcessVideoData size:182186 dts:3485.023 pts:3485.023 dur:41.700ms, clock:3477.338 level:57
2024-06-04 18:08:36.223 T:4365 debug : CVideoPlayer::ProcessPacket packet from enhancement layer: size:24359 dts:3485.023 pts:3485.023 dur:41.700ms
2024-06-04 18:08:36.229 T:4365 debug : CVideoPlayer::ProcessPacket packet from enhancement layer: size:58435 dts:3485.065 pts:3485.190 dur:41.700ms
2024-06-04 18:08:36.230 T:4368 debug : CVideoPlayerVideo::OutputPicture - ttd:195ms pts:3477.557 Clock:3477.362 Level:6
2024-06-04 18:08:36.263 T:4229 debug : EventClient: button name "up" map "R1" pressed
2024-06-04 18:08:36.273 T:4162 debug : HandleKey: 166 (0xa6, obc89) pressed, window 12005, action is ChapterOrBigStepForward
2024-06-04 18:08:36.276 T:4368 debug : CVideoPlayerVideo::OutputPicture - ttd:191ms pts:3477.599 Clock:3477.408 Level:6
2024-06-04 18:08:36.281 T:4365 debug : CDVDClock::SetSpeedAdjust - adjusted:0.000000
2024-06-04 18:08:36.281 T:4365 debug : SeekChapter - chapter seeking using input stream
2024-06-04 18:08:36.281 T:4365 debug : CBlurayCallback::Logger - register.c:420: bd_psr_write(): PSR8 (TIME) 0x9589c00 -> 0xa5f6e00
2024-06-04 18:08:36.281 T:4365 debug : CBlurayCallback::Logger - bluray.c:3181: PSR change: psr8 = 174026240
2024-06-04 18:08:36.281 T:4365 debug : CBlurayCallback::Logger - register.c:420: bd_psr_write(): PSR5 (CHAPTER) 0x8 -> 0x9
2024-06-04 18:08:36.281 T:4365 debug : CBlurayCallback::Logger - bluray.c:3181: PSR change: psr5 = 9
2024-06-04 18:08:36.281 T:4365 debug : CBlurayCallback::Logger - bluray.c:1694: Seek to 34413276480
2024-06-04 18:08:36.281 T:4365 debug : CDVDInputStreamBluray - BD_EVENT_SEEK
2024-06-04 18:08:36.281 T:4365 debug : CDVDInputStreamBluray - BD_EVENT_CHAPTER 9
2024-06-04 18:08:36.283 T:4365 debug : CVideoPlayer::FlushBuffers - flushing buffers
2024-06-04 18:08:36.287 T:4368 debug : CAMLCodec::SetSpeed, speed(0)
2024-06-04 18:08:36.309 T:4369 debug : CDVDAudio::Pause - pausing audio stream
2024-06-04 18:08:36.310 T:4368 debug : CAMLCodec::Reset
2024-06-04 18:08:36.319 T:4369 debug : CDVDAudio::Flush - flush audio stream
2024-06-04 18:08:36.319 T:4369 debug : CDVDAudio::Pause - pausing audio stream
2024-06-04 18:08:36.340 T:4368 debug : CVideoPlayerVideo - CDVDMsg::GENERAL_SYNCHRONIZE
2024-06-04 18:08:36.340 T:4369 debug : CVideoPlayerAudio - CDVDMsg::GENERAL_SYNCHRONIZE
2024-06-04 18:08:36.358 T:4365 debug : CVideoPlayer - CDVDMsg::GENERAL_SYNCHRONIZE
2024-06-04 18:08:36.359 T:4162 debug : ------ Window Init (DialogSeekBar.xml) ------
2024-06-04 18:08:36.378 T:4365 debug : CVideoPlayer::ProcessVideoData size:12064 dts:3855.560 pts:3855.602 dur:41.700ms, clock:3855.102 level:0
2024-06-04 18:08:36.379 T:4365 debug : CVideoPlayer::ProcessPacket packet from enhancement layer: size:2606 dts:3855.560 pts:3855.602 dur:41.700ms
2024-06-04 18:08:36.379 T:4365 debug : CVideoPlayer::ProcessVideoData size:7178 dts:3855.602 pts:3855.727 dur:41.700ms, clock:3855.102 level:0
2024-06-04 18:08:36.379 T:4365 debug : CVideoPlayer::ProcessPacket packet from enhancement layer: size:600 dts:3855.602 pts:3855.727 dur:41.700ms
2024-06-04 18:08:36.380 T:4368 debug : CVideoPlayerVideo - Stillframe left, switching to normal playback
2024-06-04 18:08:36.398 T:4365 debug : CVideoPlayer::ProcessVideoData size:253 dts:3855.643 pts:3855.643 dur:41.700ms, clock:3855.102 level:0
2024-06-04 18:08:36.399 T:4365 debug : CVideoPlayer::ProcessPacket packet from enhancement layer: size:550 dts:3855.643 pts:3855.643 dur:41.700ms
2024-06-04 18:08:36.404 T:4369 info : CAEStreamParser::SyncTrueHD - TrueHD stream detected (8 channels, 48000Hz)
2024-06-04 18:08:36.410 T:4365 debug : CVideoPlayer::ProcessVideoData size:391 dts:3855.685 pts:3855.685 dur:41.700ms, clock:3855.102 level:0
2024-06-04 18:08:36.410 T:4365 debug : CVideoPlayer::ProcessPacket packet from enhancement layer: size:566 dts:3855.685 pts:3855.685 dur:41.700ms
2024-06-04 18:08:36.415 T:4365 debug : CVideoPlayer::ProcessVideoData size:5364 dts:3855.727 pts:3855.852 dur:41.700ms, clock:3855.102 level:0
2024-06-04 18:08:36.415 T:4365 debug : CVideoPlayer::ProcessPacket packet from enhancement layer: size:599 dts:3855.727 pts:3855.852 dur:41.700ms
2024-06-04 18:08:36.421 T:4365 debug : CVideoPlayer::ProcessVideoData size:383 dts:3855.768 pts:3855.768 dur:41.700ms, clock:3855.102 level:0
2024-06-04 18:08:36.422 T:4365 debug : CVideoPlayer::HandleMessages - player started 1
2024-06-04 18:08:36.422 T:4312 debug : OnAVChange: CApplication::OnAVChange
2024-06-04 18:08:36.422 T:4365 debug : CVideoPlayer::ProcessPacket packet from enhancement layer: size:543 dts:3855.768 pts:3855.768 dur:41.700ms
2024-06-04 18:08:36.425 T:4365 debug : CVideoPlayer::ProcessVideoData size:398 dts:3855.810 pts:3855.810 dur:41.700ms, clock:3855.102 level:0
2024-06-04 18:08:36.425 T:4365 debug : CVideoPlayer::ProcessPacket packet from enhancement layer: size:559 dts:3855.810 pts:3855.810 dur:41.700ms
2024-06-04 18:08:36.427 T:4365 debug : CVideoPlayer::ProcessVideoData size:5364 dts:3855.852 pts:3855.977 dur:41.700ms, clock:3855.102 level:0
2024-06-04 18:08:36.427 T:4365 debug : CVideoPlayer::ProcessPacket packet from enhancement layer: size:599 dts:3855.852 pts:3855.977 dur:41.700ms
2024-06-04 18:08:36.428 T:4365 debug : CVideoPlayer::ProcessVideoData size:253 dts:3855.894 pts:3855.894 dur:41.700ms, clock:3855.102 level:0
2024-06-04 18:08:36.428 T:4365 debug : CVideoPlayer::ProcessPacket packet from enhancement layer: size:543 dts:3855.894 pts:3855.894 dur:41.700ms
2024-06-04 18:08:36.434 T:4365 debug : CVideoPlayer::ProcessVideoData size:398 dts:3855.935 pts:3855.935 dur:41.700ms, clock:3855.102 level:0
2024-06-04 18:08:36.434 T:4365 debug : CVideoPlayer::ProcessPacket packet from enhancement layer: size:559 dts:3855.935 pts:3855.935 dur:41.700ms
2024-06-04 18:08:36.435 T:4365 debug : CVideoPlayer::ProcessVideoData size:9238 dts:3855.977 pts:3856.102 dur:41.700ms, clock:3855.102 level:0
2024-06-04 18:08:36.436 T:4365 debug : CVideoPlayer::ProcessPacket packet from enhancement layer: size:599 dts:3855.977 pts:3856.102 dur:41.700ms
2024-06-04 18:08:36.442 T:4365 debug : CVideoPlayer::ProcessVideoData size:253 dts:3856.019 pts:3856.019 dur:41.700ms, clock:3855.102 level:0
2024-06-04 18:08:36.442 T:4365 debug : CVideoPlayer::ProcessPacket packet from enhancement layer: size:543 dts:3856.019 pts:3856.019 dur:41.700ms
2024-06-04 18:08:36.445 T:4365 debug : CVideoPlayer::ProcessVideoData size:268 dts:3856.060 pts:3856.060 dur:41.700ms, clock:3855.102 level:0
2024-06-04 18:08:36.445 T:4365 debug : CVideoPlayer::ProcessPacket packet from enhancement layer: size:559 dts:3856.060 pts:3856.060 dur:41.700ms
2024-06-04 18:08:36.449 T:4365 debug : CVideoPlayer::ProcessVideoData size:1303 dts:3856.102 pts:3856.227 dur:41.700ms, clock:3855.102 level:0
2024-06-04 18:08:36.449 T:4365 debug : CVideoPlayer::ProcessPacket packet from enhancement layer: size:599 dts:3856.102 pts:3856.227 dur:41.700ms
2024-06-04 18:08:36.450 T:4365 debug : CVideoPlayer::ProcessVideoData size:253 dts:3856.144 pts:3856.144 dur:41.700ms, clock:3855.102 level:0
2024-06-04 18:08:36.451 T:4365 debug : CVideoPlayer::ProcessPacket packet from enhancement layer: size:543 dts:3856.144 pts:3856.144 dur:41.700ms
2024-06-04 18:08:36.455 T:4365 debug : CVideoPlayer::ProcessVideoData size:268 dts:3856.186 pts:3856.186 dur:41.700ms, clock:3855.102 level:0
2024-06-04 18:08:36.456 T:4365 debug : CVideoPlayer::ProcessPacket packet from enhancement layer: size:559 dts:3856.186 pts:3856.186 dur:41.700ms
2024-06-04 18:08:36.457 T:4365 debug : CVideoPlayer::ProcessVideoData size:1297 dts:3856.227 pts:3856.352 dur:41.700ms, clock:3855.102 level:0
2024-06-04 18:08:36.457 T:4365 debug : CVideoPlayer::ProcessPacket packet from enhancement layer: size:599 dts:3856.227 pts:3856.352 dur:41.700ms
2024-06-04 18:08:36.459 T:4365 debug : CVideoPlayer::ProcessVideoData size:260 dts:3856.269 pts:3856.269 dur:41.700ms, clock:3855.102 level:0
2024-06-04 18:08:36.459 T:4365 debug : CVideoPlayer::ProcessPacket packet from enhancement layer: size:543 dts:3856.269 pts:3856.269 dur:41.700ms
2024-06-04 18:08:36.464 T:4365 debug : CVideoPlayer::ProcessVideoData size:268 dts:3856.311 pts:3856.311 dur:41.700ms, clock:3855.102 level:0
2024-06-04 18:08:36.464 T:4365 debug : CVideoPlayer::ProcessPacket packet from enhancement layer: size:559 dts:3856.311 pts:3856.311 dur:41.700ms
2024-06-04 18:08:36.467 T:4365 debug : CVideoPlayer::ProcessVideoData size:12117 dts:3856.352 pts:3856.477 dur:41.700ms, clock:3855.102 level:0
2024-06-04 18:08:36.468 T:4365 debug : CVideoPlayer::ProcessPacket packet from enhancement layer: size:1605 dts:3856.352 pts:3856.477 dur:41.700ms
2024-06-04 18:08:36.469 T:4365 debug : CVideoPlayer::ProcessVideoData size:268 dts:3856.394 pts:3856.394 dur:41.700ms, clock:3855.102 level:0
2024-06-04 18:08:36.469 T:4365 debug : CVideoPlayer::ProcessPacket packet from enhancement layer: size:543 dts:3856.394 pts:3856.394 dur:41.700ms
2024-06-04 18:08:36.471 T:4365 debug : CVideoPlayer::ProcessVideoData size:275 dts:3856.436 pts:3856.436 dur:41.700ms, clock:3855.102 level:0
2024-06-04 18:08:36.471 T:4365 debug : CVideoPlayer::ProcessPacket packet from enhancement layer: size:559 dts:3856.436 pts:3856.436 dur:41.700ms
2024-06-04 18:08:36.476 T:4365 debug : CVideoPlayer::ProcessVideoData size:9869 dts:3856.477 pts:3856.603 dur:41.700ms, clock:3855.102 level:0
2024-06-04 18:08:36.476 T:4365 debug : CVideoPlayer::ProcessPacket packet from enhancement layer: size:599 dts:3856.477 pts:3856.603 dur:41.700ms
2024-06-04 18:08:36.478 T:4365 debug : CVideoPlayer::ProcessVideoData size:268 dts:3856.519 pts:3856.519 dur:41.700ms, clock:3855.102 level:0
2024-06-04 18:08:36.478 T:4365 debug : CVideoPlayer::ProcessPacket packet from enhancement layer: size:543 dts:3856.519 pts:3856.519 dur:41.700ms
2024-06-04 18:08:36.481 T:4365 debug : CVideoPlayer::ProcessVideoData size:275 dts:3856.561 pts:3856.561 dur:41.700ms, clock:3855.102 level:0
2024-06-04 18:08:36.482 T:4365 debug : CVideoPlayer::ProcessPacket packet from enhancement layer: size:566 dts:3856.561 pts:3856.561 dur:41.700ms
2024-06-04 18:08:36.485 T:4365 debug : CVideoPlayer::ProcessVideoData size:4134 dts:3856.603 pts:3856.728 dur:41.700ms, clock:3855.102 level:0
2024-06-04 18:08:36.485 T:4365 debug : CVideoPlayer::ProcessPacket packet from enhancement layer: size:600 dts:3856.603 pts:3856.728 dur:41.700ms
2024-06-04 18:08:36.488 T:4365 debug : CVideoPlayer::ProcessVideoData size:268 dts:3856.644 pts:3856.644 dur:41.700ms, clock:3855.102 level:0
2024-06-04 18:08:36.488 T:4365 debug : CVideoPlayer::ProcessPacket packet from enhancement layer: size:549 dts:3856.644 pts:3856.644 dur:41.700ms
2024-06-04 18:08:36.490 T:4365 debug : CVideoPlayer::ProcessVideoData size:275 dts:3856.686 pts:3856.686 dur:41.700ms, clock:3855.102 level:0
2024-06-04 18:08:36.490 T:4365 debug : CVideoPlayer::ProcessPacket packet from enhancement layer: size:557 dts:3856.686 pts:3856.686 dur:41.700ms
2024-06-04 18:08:36.496 T:4365 debug : CVideoPlayer::ProcessVideoData size:4134 dts:3856.728 pts:3856.853 dur:41.700ms, clock:3855.102 level:0
2024-06-04 18:08:36.496 T:4365 debug : CVideoPlayer::ProcessPacket packet from enhancement layer: size:599 dts:3856.728 pts:3856.853 dur:41.700ms
2024-06-04 18:08:36.497 T:4365 debug : CVideoPlayer::ProcessVideoData size:268 dts:3856.769 pts:3856.769 dur:41.700ms, clock:3855.102 level:0
2024-06-04 18:08:36.497 T:4365 debug : CVideoPlayer::ProcessPacket packet from enhancement layer: size:550 dts:3856.769 pts:3856.769 dur:41.700ms
2024-06-04 18:08:36.499 T:4365 debug : CVideoPlayer::ProcessVideoData size:275 dts:3856.811 pts:3856.811 dur:41.700ms, clock:3855.102 level:1
2024-06-04 18:08:36.499 T:4365 debug : CVideoPlayer::ProcessPacket packet from enhancement layer: size:559 dts:3856.811 pts:3856.811 dur:41.700ms
2024-06-04 18:08:36.502 T:4365 debug : CVideoPlayer::ProcessVideoData size:4134 dts:3856.853 pts:3856.978 dur:41.700ms, clock:3855.102 level:0
2024-06-04 18:08:36.502 T:4365 debug : CVideoPlayer::ProcessPacket packet from enhancement layer: size:600 dts:3856.853 pts:3856.978 dur:41.700ms
2024-06-04 18:08:36.505 T:4365 debug : CVideoPlayer::ProcessVideoData size:268 dts:3856.895 pts:3856.895 dur:41.700ms, clock:3855.102 level:0
2024-06-04 18:08:36.505 T:4365 debug : CVideoPlayer::ProcessPacket packet from enhancement layer: size:551 dts:3856.895 pts:3856.895 dur:41.700ms
2024-06-04 18:08:36.506 T:4365 debug : CVideoPlayer::ProcessVideoData size:275 dts:3856.936 pts:3856.936 dur:41.700ms, clock:3855.102 level:0
2024-06-04 18:08:36.506 T:4365 debug : CVideoPlayer::ProcessPacket packet from enhancement layer: size:558 dts:3856.936 pts:3856.936 dur:41.700ms
2024-06-04 18:08:36.509 T:4365 debug : CVideoPlayer::ProcessVideoData size:4134 dts:3856.978 pts:3857.103 dur:41.700ms, clock:3855.102 level:0
2024-06-04 18:08:36.510 T:4365 debug : CVideoPlayer::ProcessPacket packet from enhancement layer: size:600 dts:3856.978 pts:3857.103 dur:41.700ms
