2024-11-23 11:58:55.958 T:4060 debug : CAMLCodec::AddData: dl:207680 fl:5887168 sz:2843(4096) lv:3.4% dts:0.756 pts:0.756
2024-11-23 11:58:55.961 T:4058 debug : CVideoPlayer::ProcessVideoData size:8774 dts:0.797 pts:0.797 dur:41.000ms, clock:0.002 level:0
2024-11-23 11:58:55.961 T:4060 debug : CVideoPlayerVideo::CalcDropRequirement - hurry: 0
2024-11-23 11:58:55.961 T:4060 debug : CAMLCodec::AddData: dl:210368 fl:5884480 sz:8774(8896) lv:3.5% dts:0.797 pts:0.797
2024-11-23 11:58:55.962 T:4058 debug : CVideoPlayer::ProcessVideoData size:2563 dts:0.839 pts:0.839 dur:41.000ms, clock:0.002 level:0
2024-11-23 11:58:55.962 T:4060 debug : CVideoPlayerVideo::CalcDropRequirement - hurry: 0
2024-11-23 11:58:55.963 T:4060 debug : CAMLCodec::AddData: dl:214464 fl:5880384 sz:2563(4096) lv:3.5% dts:0.839 pts:0.839
2024-11-23 11:58:55.964 T:4058 debug : CVideoPlayer::ProcessVideoData size:2382 dts:0.881 pts:0.881 dur:41.000ms, clock:0.002 level:0
2024-11-23 11:58:55.964 T:4060 debug : CVideoPlayerVideo::CalcDropRequirement - hurry: 0
2024-11-23 11:58:55.964 T:4060 debug : CAMLCodec::AddData: dl:218560 fl:5876288 sz:2382(4096) lv:3.6% dts:0.881 pts:0.881
2024-11-23 11:58:55.965 T:4058 debug : CVideoPlayer::ProcessVideoData size:12444 dts:0.923 pts:0.923 dur:41.000ms, clock:0.002 level:0
2024-11-23 11:58:55.965 T:4060 debug : CVideoPlayerVideo::CalcDropRequirement - hurry: 0
2024-11-23 11:58:55.965 T:4060 debug : CAMLCodec::AddData: dl:231104 fl:5863744 sz:12444(12544) lv:3.8% dts:0.923 pts:0.923
2024-11-23 11:58:55.967 T:3866 info : CActiveAESink::OpenSink - initialize sink
2024-11-23 11:58:55.967 T:4058 debug : CVideoPlayer::ProcessVideoData size:3926 dts:0.964 pts:0.964 dur:41.000ms, clock:0.002 level:0
2024-11-23 11:58:55.967 T:4060 debug : CVideoPlayerVideo::CalcDropRequirement - hurry: 0
2024-11-23 11:58:55.967 T:4060 debug : CAMLCodec::AddData: dl:235200 fl:5859648 sz:3926(4096) lv:3.9% dts:0.964 pts:0.964
2024-11-23 11:58:55.970 T:4058 debug : CVideoPlayer::ProcessVideoData size:40883 dts:1.006 pts:1.006 dur:41.000ms, clock:0.002 level:0
2024-11-23 11:58:55.970 T:4060 debug : CVideoPlayerVideo::CalcDropRequirement - hurry: 0
2024-11-23 11:58:55.970 T:4060 debug : CAMLCodec::AddData: dl:265728 fl:5829120 sz:40883(40960) lv:4.4% dts:1.006 pts:1.006
2024-11-23 11:58:55.974 T:4058 debug : CVideoPlayer::ProcessVideoData size:63588 dts:1.048 pts:1.048 dur:41.000ms, clock:0.002 level:0
2024-11-23 11:58:55.975 T:4060 debug : CVideoPlayerVideo::CalcDropRequirement - hurry: 0
2024-11-23 11:58:55.976 T:4058 debug : CVideoPlayer::ProcessVideoData size:3336 dts:1.089 pts:1.089 dur:41.000ms, clock:0.002 level:0
2024-11-23 11:58:55.977 T:4060 debug : CAMLCodec::AddData: dl:329408 fl:5765440 sz:63588(63680) lv:5.4% dts:1.048 pts:1.048
2024-11-23 11:58:55.978 T:4060 debug : CVideoPlayerVideo::CalcDropRequirement - hurry: 0
2024-11-23 11:58:55.978 T:4060 debug : CAMLCodec::AddData: dl:295936 fl:5798912 sz:3336(4096) lv:4.9% dts:1.089 pts:1.089
2024-11-23 11:58:55.978 T:4058 debug : CVideoPlayer::ProcessVideoData size:3117 dts:1.131 pts:1.131 dur:41.000ms, clock:0.002 level:0
2024-11-23 11:58:55.978 T:4060 debug : CVideoPlayerVideo::CalcDropRequirement - hurry: 0
2024-11-23 11:58:55.978 T:4060 debug : CAMLCodec::AddData: dl:300032 fl:5794816 sz:3117(4096) lv:4.9% dts:1.131 pts:1.131
2024-11-23 11:58:55.979 T:4058 debug : CVideoPlayer::ProcessVideoData size:20054 dts:1.173 pts:1.173 dur:41.000ms, clock:0.002 level:0
2024-11-23 11:58:55.980 T:4060 debug : CVideoPlayerVideo::CalcDropRequirement - hurry: 0
2024-11-23 11:58:55.980 T:4060 debug : CAMLCodec::AddData: dl:320192 fl:5774656 sz:20054(20160) lv:5.3% dts:1.173 pts:1.173
2024-11-23 11:58:55.980 T:4060 debug : CAMLCodec::DequeueBuffer: pts:0.005 idx:0
2024-11-23 11:58:55.980 T:4060 debug : CAMLCodec::GetPicture: index: 0, pts: 0.005, dur:41.708ms ar:1.78 elf:72ms
2024-11-23 11:58:55.980 T:4060 debug : CRenderManager::Configure - change configuration. 3840x2160. display: 3840x2160. framerate: 23.98 hdrType: sdr.
2024-11-23 11:58:55.983 T:4058 debug : CVideoPlayer::ProcessVideoData size:5806 dts:1.215 pts:1.215 dur:41.000ms, clock:0.002 level:0
2024-11-23 11:58:55.985 T:4058 debug : CVideoPlayer::ProcessVideoData size:215073 dts:1.256 pts:1.256 dur:41.000ms, clock:0.002 level:0
2024-11-23 11:58:55.990 T:4058 debug : CVideoPlayer::ProcessVideoData size:4088 dts:1.298 pts:1.298 dur:41.000ms, clock:0.002 level:1
2024-11-23 11:58:55.994 T:4058 debug : CVideoPlayer::ProcessVideoData size:3510 dts:1.340 pts:1.340 dur:41.000ms, clock:0.002 level:2
2024-11-23 11:58:55.995 T:4058 debug : CVideoPlayer::ProcessVideoData size:2994 dts:1.381 pts:1.381 dur:41.000ms, clock:0.002 level:2
2024-11-23 11:58:55.997 T:4058 debug : CVideoPlayer::ProcessVideoData size:30102 dts:1.423 pts:1.423 dur:41.000ms, clock:0.002 level:3
2024-11-23 11:58:55.998 T:4058 debug : CVideoPlayer::ProcessVideoData size:6062 dts:1.465 pts:1.465 dur:41.000ms, clock:0.002 level:3
2024-11-23 11:58:55.999 T:4058 debug : CVideoPlayer::ProcessVideoData size:2725 dts:1.506 pts:1.506 dur:41.000ms, clock:0.002 level:4
2024-11-23 11:58:56.002 T:4058 debug : CVideoPlayer::ProcessVideoData size:39168 dts:1.548 pts:1.548 dur:41.000ms, clock:0.002 level:4
2024-11-23 11:58:56.003 T:4058 debug : CVideoPlayer::ProcessVideoData size:12315 dts:1.590 pts:1.590 dur:41.000ms, clock:0.002 level:5
2024-11-23 11:58:56.007 T:4058 debug : CVideoPlayer::ProcessVideoData size:2642 dts:1.632 pts:1.632 dur:41.000ms, clock:0.002 level:5
2024-11-23 11:58:56.008 T:4058 debug : CVideoPlayer::ProcessVideoData size:11543 dts:1.673 pts:1.673 dur:41.000ms, clock:0.002 level:6
2024-11-23 11:58:56.009 T:4058 debug : CVideoPlayer::ProcessVideoData size:4089 dts:1.715 pts:1.715 dur:41.000ms, clock:0.002 level:6
2024-11-23 11:58:56.011 T:4058 debug : CVideoPlayer::ProcessVideoData size:3923 dts:1.757 pts:1.757 dur:41.000ms, clock:0.002 level:7
2024-11-23 11:58:56.014 T:4058 debug : CVideoPlayer::ProcessVideoData size:16247 dts:1.798 pts:1.798 dur:41.000ms, clock:0.002 level:7
2024-11-23 11:58:56.015 T:4058 debug : CVideoPlayer::ProcessVideoData size:2970 dts:1.840 pts:1.840 dur:41.000ms, clock:0.002 level:8
2024-11-23 11:58:56.017 T:4058 debug : CVideoPlayer::ProcessVideoData size:2726 dts:1.882 pts:1.882 dur:41.000ms, clock:0.002 level:8
2024-11-23 11:58:56.019 T:4058 debug : CVideoPlayer::ProcessVideoData size:22772 dts:1.924 pts:1.924 dur:41.000ms, clock:0.002 level:9
2024-11-23 11:58:56.021 T:3833 debug : DeleteRenderer - deleting renderer
2024-11-23 11:58:56.022 T:3833 debug : LinuxRendererGLES: Cleaning up GLES resources
2024-11-23 11:58:56.023 T:4058 debug : CVideoPlayer::ProcessVideoData size:6894 dts:1.965 pts:1.965 dur:41.000ms, clock:0.002 level:9
2024-11-23 11:58:56.025 T:3833 info : Constructing CRendererAML
2024-11-23 11:58:56.025 T:4058 debug : CVideoPlayer::ProcessVideoData size:57978 dts:2.007 pts:2.007 dur:41.000ms, clock:0.002 level:10
2024-11-23 11:58:56.025 T:3833 debug : CRendererAML::Configure no DV support, enabled, DV system is disabled, HDR is not used
2024-11-23 11:58:56.025 T:3833 debug : CRenderManager::Configure - 16
2024-11-23 11:58:56.026 T:4060 debug : CVideoPlayerVideo::OutputPicture - ttd:3ms pts:0.005 Clock:0.002 Level:0
2024-11-23 11:58:56.026 T:4024 debug : OnAVChange: CApplication::OnAVChange
2024-11-23 11:58:56.026 T:3833 debug : PrepareNextRender: frameOnScreen: 0.002 renderPts: 0.022 nextFramePts: 0.005 -> diff: 0.017 render: 1 forceNext: 1, m_queued: 1, m_queued empty: true, begin idx: 1, front: 1,m_latencyTweak: 0.000000, GetDisplayLatency: 166.833344, m_videoDelay: 0, GetFrameLatencyAdjustment: 0.000000
2024-11-23 11:58:56.026 T:3833 debug : PrepareNextRender: (0.022) < (0.005 + 0.98 * 0.042): 0.022 < 0.046, lateframes: 0, idx: 1, break
2024-11-23 11:58:56.026 T:4058 debug : CVideoPlayer::HandleMessages - player started 2
2024-11-23 11:58:56.027 T:4060 debug : CAMLCodec::DequeueBuffer: pts:0.047 idx:1
2024-11-23 11:58:56.027 T:4060 debug : CAMLCodec::GetPicture: index: 1, pts: 0.047, dur:42.000ms ar:1.78 elf:46ms
2024-11-23 11:58:56.027 T:4060 debug : CVideoPlayerVideo::OutputPicture - ttd:45ms pts:0.047 Clock:0.002 Level:0
2024-11-23 11:58:56.029 T:4060 debug : CAMLCodec::DequeueBuffer: pts:0.088 idx:2
2024-11-23 11:58:56.029 T:4060 debug : CAMLCodec::GetPicture: index: 2, pts: 0.088, dur:41.000ms ar:1.78 elf:1ms
2024-11-23 11:58:56.029 T:4060 debug : CVideoPlayerVideo::OutputPicture - ttd:86ms pts:0.088 Clock:0.002 Level:1
2024-11-23 11:58:56.029 T:4058 debug : CVideoPlayer::ProcessVideoData size:82076 dts:2.049 pts:2.049 dur:41.000ms, clock:0.002 level:10
2024-11-23 11:58:56.030 T:4060 debug : CAMLCodec::DequeueBuffer: pts:0.130 idx:3
2024-11-23 11:58:56.031 T:4060 debug : CAMLCodec::GetPicture: index: 3, pts: 0.130, dur:42.000ms ar:1.78 elf:1ms
2024-11-23 11:58:56.031 T:4060 debug : CVideoPlayerVideo::OutputPicture - ttd:128ms pts:0.130 Clock:0.002 Level:2
2024-11-23 11:58:56.031 T:4058 debug : CVideoPlayer::ProcessVideoData size:4019 dts:2.090 pts:2.090 dur:41.000ms, clock:0.002 level:11
2024-11-23 11:58:56.031 T:3833 debug : CAMLCodec::ReleaseFrame idx:0, drop:0
2024-11-23 11:58:56.032 T:3833 info : CAMLCodec::Enable_vadj1 - vadj1 brightness/contrast control got enabled
2024-11-23 11:58:56.032 T:3833 debug : CAMLCodec::SetVideoRect:display(0,0,1920,1080)
2024-11-23 11:58:56.032 T:3833 debug : CAMLCodec::SetVideoRect:gui(0,0,1920,1080)
2024-11-23 11:58:56.032 T:3833 debug : CAMLCodec::SetVideoRect:m_dst_rect(0,0,1920,1080)
2024-11-23 11:58:56.032 T:3833 debug : CAMLCodec::SetVideoRect:dst_rect(0,0,1920,1080)
2024-11-23 11:58:56.032 T:3833 debug : CAMLCodec::SetVideoRect:m_guiStereoMode(0)
2024-11-23 11:58:56.032 T:3833 debug : CAMLCodec::SetVideoRect:m_guiStereoView(0)
2024-11-23 11:58:56.032 T:4060 debug : CAMLCodec::DequeueBuffer: pts:0.172 idx:4
2024-11-23 11:58:56.032 T:4060 debug : CAMLCodec::GetPicture: index: 4, pts: 0.172, dur:42.000ms ar:1.78 elf:1ms
2024-11-23 11:58:56.032 T:4058 debug : CVideoPlayer::ProcessVideoData size:4133 dts:2.132 pts:2.132 dur:41.000ms, clock:0.002 level:11
2024-11-23 11:58:56.032 T:4060 debug : CVideoPlayerVideo::OutputPicture - ttd:170ms pts:0.172 Clock:0.002 Level:3
2024-11-23 11:58:56.032 T:3833 debug : CAMLCodec::PollFrame elapsed:0.011ms
2024-11-23 11:58:56.034 T:4060 debug : CAMLCodec::DequeueBuffer: pts:0.214 idx:5
2024-11-23 11:58:56.034 T:4060 debug : CAMLCodec::GetPicture: index: 5, pts: 0.214, dur:42.000ms ar:1.78 elf:1ms
2024-11-23 11:58:56.034 T:4060 debug : CVideoPlayerVideo::OutputPicture - ttd:212ms pts:0.214 Clock:0.002 Level:4
2024-11-23 11:58:56.034 T:4058 debug : CVideoPlayer::ProcessVideoData size:15492 dts:2.174 pts:2.174 dur:41.000ms, clock:0.002 level:12
2024-11-23 11:58:56.035 T:4060 debug : CAMLCodec::DequeueBuffer: pts:0.255 idx:6
2024-11-23 11:58:56.036 T:4060 debug : CAMLCodec::GetPicture: index: 6, pts: 0.255, dur:41.000ms ar:1.78 elf:1ms
2024-11-23 11:58:56.036 T:4060 debug : CVideoPlayerVideo::OutputPicture - ttd:253ms pts:0.255 Clock:0.002 Level:5
2024-11-23 11:58:56.036 T:4058 debug : CVideoPlayer::ProcessVideoData size:3993 dts:2.216 pts:2.216 dur:41.000ms, clock:0.002 level:12
2024-11-23 11:58:56.037 T:4060 debug : CAMLCodec::DequeueBuffer: pts:0.297 idx:7
2024-11-23 11:58:56.037 T:4060 debug : CAMLCodec::GetPicture: index: 7, pts: 0.297, dur:42.000ms ar:1.78 elf:1ms
2024-11-23 11:58:56.037 T:4060 debug : CVideoPlayerVideo::OutputPicture - ttd:295ms pts:0.297 Clock:0.002 Level:6
2024-11-23 11:58:56.038 T:4058 debug : CVideoPlayer::ProcessVideoData size:2760 dts:2.257 pts:2.257 dur:41.000ms, clock:0.002 level:13
2024-11-23 11:58:56.039 T:4060 debug : CAMLCodec::DequeueBuffer: pts:0.339 idx:8
2024-11-23 11:58:56.039 T:4060 debug : CAMLCodec::GetPicture: index: 8, pts: 0.339, dur:42.000ms ar:1.78 elf:1ms
2024-11-23 11:58:56.039 T:4060 debug : CVideoPlayerVideo::OutputPicture - ttd:337ms pts:0.339 Clock:0.002 Level:7
2024-11-23 11:58:56.040 T:4058 debug : CVideoPlayer::ProcessVideoData size:10861 dts:2.299 pts:2.299 dur:41.000ms, clock:0.002 level:14
2024-11-23 11:58:56.041 T:4060 debug : CAMLCodec::DequeueBuffer: pts:0.380 idx:9
2024-11-23 11:58:56.041 T:4060 debug : CAMLCodec::GetPicture: index: 9, pts: 0.380, dur:41.000ms ar:1.78 elf:1ms
2024-11-23 11:58:56.041 T:4060 debug : CVideoPlayerVideo::OutputPicture - ttd:378ms pts:0.380 Clock:0.002 Level:8
2024-11-23 11:58:56.042 T:4058 debug : CVideoPlayer::ProcessVideoData size:3213 dts:2.341 pts:2.341 dur:41.000ms, clock:0.002 level:14
2024-11-23 11:58:56.043 T:4060 debug : CAMLCodec::DequeueBuffer: pts:0.422 idx:10
2024-11-23 11:58:56.043 T:4060 debug : CAMLCodec::GetPicture: index: 10, pts: 0.422, dur:42.000ms ar:1.78 elf:1ms
2024-11-23 11:58:56.043 T:4060 debug : CVideoPlayerVideo::OutputPicture - ttd:420ms pts:0.422 Clock:0.002 Level:9
2024-11-23 11:58:56.044 T:4058 debug : CVideoPlayer::ProcessVideoData size:3204 dts:2.382 pts:2.382 dur:41.000ms, clock:0.002 level:15
2024-11-23 11:58:56.045 T:4060 debug : CAMLCodec::DequeueBuffer: pts:0.464 idx:11
2024-11-23 11:58:56.045 T:4060 debug : CAMLCodec::GetPicture: index: 11, pts: 0.464, dur:42.000ms ar:1.78 elf:1ms
2024-11-23 11:58:56.045 T:4060 debug : CVideoPlayerVideo::OutputPicture - ttd:462ms pts:0.464 Clock:0.002 Level:10
2024-11-23 11:58:56.045 T:4058 debug : CVideoPlayer::ProcessVideoData size:48860 dts:2.424 pts:2.424 dur:41.000ms, clock:0.002 level:15
2024-11-23 11:58:56.047 T:4060 debug : CAMLCodec::DequeueBuffer: pts:0.505 idx:12
2024-11-23 11:58:56.047 T:4060 debug : CAMLCodec::GetPicture: index: 12, pts: 0.505, dur:41.000ms ar:1.78 elf:1ms
2024-11-23 11:58:56.047 T:4060 debug : CVideoPlayerVideo::OutputPicture - ttd:503ms pts:0.505 Clock:0.002 Level:11
2024-11-23 11:58:56.047 T:4058 debug : CVideoPlayer::ProcessVideoData size:12491 dts:2.466 pts:2.466 dur:41.000ms, clock:0.002 level:16
2024-11-23 11:58:56.054 T:4058 debug : CVideoPlayer::ProcessVideoData size:257626 dts:2.507 pts:2.507 dur:41.000ms, clock:0.002 level:16
2024-11-23 11:58:56.066 T:4058 debug : CVideoPlayer::ProcessVideoData size:34547 dts:2.549 pts:2.549 dur:41.000ms, clock:0.002 level:17
2024-11-23 11:58:56.069 T:4058 debug : CVideoPlayer::ProcessVideoData size:24555 dts:2.591 pts:2.591 dur:41.000ms, clock:0.002 level:17
2024-11-23 11:58:56.071 T:4058 debug : CVideoPlayer::ProcessVideoData size:3076 dts:2.633 pts:2.633 dur:41.000ms, clock:0.002 level:18
2024-11-23 11:58:56.072 T:4058 debug : CVideoPlayer::ProcessVideoData size:4882 dts:2.674 pts:2.674 dur:41.000ms, clock:0.002 level:18
2024-11-23 11:58:56.072 T:3833 debug : CAMLCodec::PollFrame elapsed:0.018ms
2024-11-23 11:58:56.075 T:4058 debug : CVideoPlayer::ProcessVideoData size:6194 dts:2.716 pts:2.716 dur:41.000ms, clock:0.002 level:19
2024-11-23 11:58:56.076 T:4058 debug : CVideoPlayer::ProcessVideoData size:5354 dts:2.758 pts:2.758 dur:41.000ms, clock:0.002 level:19
2024-11-23 11:58:56.080 T:4058 debug : CVideoPlayer::ProcessVideoData size:17691 dts:2.799 pts:2.799 dur:41.000ms, clock:0.002 level:20
2024-11-23 11:58:56.081 T:4058 debug : CVideoPlayer::ProcessVideoData size:3969 dts:2.841 pts:2.841 dur:41.000ms, clock:0.002 level:20
2024-11-23 11:58:56.084 T:4058 debug : CVideoPlayer::ProcessVideoData size:3110 dts:2.883 pts:2.883 dur:41.000ms, clock:0.002 level:21
2024-11-23 11:58:56.085 T:4058 debug : CVideoPlayer::ProcessVideoData size:48534 dts:2.925 pts:2.925 dur:41.000ms, clock:0.002 level:21
2024-11-23 11:58:56.087 T:4058 debug : CVideoPlayer::ProcessVideoData size:12907 dts:2.966 pts:2.966 dur:41.000ms, clock:0.002 level:22
2024-11-23 11:58:56.089 T:4058 debug : CVideoPlayer::ProcessVideoData size:79481 dts:3.008 pts:3.008 dur:41.000ms, clock:0.002 level:22
2024-11-23 11:58:56.092 T:4058 debug : CVideoPlayer::ProcessVideoData size:101187 dts:3.050 pts:3.050 dur:41.000ms, clock:0.002 level:23
2024-11-23 11:58:56.093 T:4058 debug : CVideoPlayer::ProcessVideoData size:4682 dts:3.091 pts:3.091 dur:41.000ms, clock:0.002 level:23
2024-11-23 11:58:56.095 T:4058 debug : CVideoPlayer::ProcessVideoData size:5752 dts:3.133 pts:3.133 dur:41.000ms, clock:0.002 level:24
2024-11-23 11:58:56.096 T:3833 debug : CAMLCodec::PollFrame elapsed:11.656ms
2024-11-23 11:58:56.098 T:4058 debug : CVideoPlayer::ProcessVideoData size:22026 dts:3.175 pts:3.175 dur:41.000ms, clock:0.002 level:24
2024-11-23 11:58:56.103 T:4058 debug : CVideoPlayer::ProcessVideoData size:5695 dts:3.217 pts:3.217 dur:41.000ms, clock:0.002 level:25
2024-11-23 11:58:56.104 T:4058 debug : CVideoPlayer::ProcessVideoData size:3378 dts:3.258 pts:3.258 dur:41.000ms, clock:0.002 level:26
2024-11-23 11:58:56.107 T:4058 debug : CVideoPlayer::ProcessVideoData size:15079 dts:3.300 pts:3.300 dur:41.000ms, clock:0.002 level:26
2024-11-23 11:58:56.108 T:4058 debug : CVideoPlayer::ProcessVideoData size:3679 dts:3.342 pts:3.342 dur:41.000ms, clock:0.002 level:27
2024-11-23 11:58:56.110 T:4058 debug : CVideoPlayer::ProcessVideoData size:3477 dts:3.383 pts:3.383 dur:41.000ms, clock:0.002 level:27
2024-11-23 11:58:56.111 T:4058 debug : CVideoPlayer::ProcessVideoData size:44617 dts:3.425 pts:3.425 dur:41.000ms, clock:0.002 level:28
2024-11-23 11:58:56.113 T:4058 debug : CVideoPlayer::ProcessVideoData size:10901 dts:3.467 pts:3.467 dur:41.000ms, clock:0.002 level:28
2024-11-23 11:58:56.114 T:4058 debug : CVideoPlayer::ProcessVideoData size:3142 dts:3.508 pts:3.508 dur:41.000ms, clock:0.002 level:29
2024-11-23 11:58:56.116 T:4058 debug : CVideoPlayer::ProcessVideoData size:51795 dts:3.550 pts:3.550 dur:41.000ms, clock:0.002 level:29
2024-11-23 11:58:56.120 T:4058 debug : CVideoPlayer::ProcessVideoData size:23504 dts:3.592 pts:3.592 dur:41.000ms, clock:0.002 level:30
2024-11-23 11:58:56.121 T:4058 debug : CVideoPlayer::ProcessVideoData size:3405 dts:3.634 pts:3.634 dur:41.000ms, clock:0.002 level:30
2024-11-23 11:58:56.122 T:4058 debug : CVideoPlayer::ProcessVideoData size:10342 dts:3.675 pts:3.675 dur:41.000ms, clock:0.002 level:31
2024-11-23 11:58:56.123 T:4058 debug : CVideoPlayer::ProcessVideoData size:11652 dts:3.717 pts:3.717 dur:41.000ms, clock:0.002 level:31
2024-11-23 11:58:56.131 T:4058 debug : CVideoPlayer::ProcessVideoData size:258723 dts:3.759 pts:3.759 dur:41.000ms, clock:0.002 level:32
2024-11-23 11:58:56.138 T:3833 debug : CAMLCodec::PollFrame elapsed:29.939ms
2024-11-23 11:58:56.140 T:4058 debug : CVideoPlayer::ProcessVideoData size:13019 dts:3.800 pts:3.800 dur:41.000ms, clock:0.002 level:32
2024-11-23 11:58:56.141 T:4058 debug : CVideoPlayer::ProcessVideoData size:6820 dts:3.842 pts:3.842 dur:41.000ms, clock:0.002 level:33
2024-11-23 11:58:56.143 T:4058 debug : CVideoPlayer::ProcessVideoData size:3894 dts:3.884 pts:3.884 dur:41.000ms, clock:0.002 level:33
2024-11-23 11:58:56.146 T:4058 debug : CVideoPlayer::ProcessVideoData size:91091 dts:3.926 pts:3.926 dur:41.000ms, clock:0.002 level:34
2024-11-23 11:58:56.149 T:4058 debug : CVideoPlayer::ProcessVideoData size:24719 dts:3.967 pts:3.967 dur:41.000ms, clock:0.002 level:34
2024-11-23 11:58:56.151 T:4058 debug : CVideoPlayer::ProcessVideoData size:109382 dts:4.009 pts:4.009 dur:41.000ms, clock:0.002 level:35
2024-11-23 11:58:56.161 T:4058 debug : CVideoPlayer::ProcessVideoData size:132813 dts:4.051 pts:4.051 dur:41.000ms, clock:0.002 level:35
2024-11-23 11:58:56.167 T:4058 debug : CVideoPlayer::ProcessVideoData size:5723 dts:4.092 pts:4.092 dur:41.000ms, clock:0.002 level:36
2024-11-23 11:58:56.167 T:3866 debug : CActiveAESink::OpenSink - trying to open device ALSA:hdmi:CARD=AMLAUGESOUND,DEV=0
2024-11-23 11:58:56.167 T:3866 info : CAESinkALSA::Initialize - Configure simple control for "AUGESOUND"
2024-11-23 11:58:56.168 T:3866 info : CAESinkALSA - Use card "hw:0" and set codec format "DTS-HD MA"
2024-11-23 11:58:56.169 T:4058 debug : CVideoPlayer::ProcessVideoData size:8069 dts:4.134 pts:4.134 dur:41.000ms, clock:0.002 level:36
2024-11-23 11:58:56.170 T:4058 debug : CVideoPlayer::ProcessVideoData size:32410 dts:4.176 pts:4.176 dur:41.000ms, clock:0.002 level:37
2024-11-23 11:58:56.171 T:3866 info : CAESinkALSA - Set Spdif to HDMITX to "Spdif_b"
2024-11-23 11:58:56.171 T:3866 info : CAESinkALSA - Set codec for "Audio spdif_b format"
2024-11-23 11:58:56.171 T:3866 info : CAESinkALSA - Set codec for "Audio spdif format"
2024-11-23 11:58:56.171 T:3866 info : CAESinkALSA::Initialize - Attempting to open device "hdmi:CARD=AMLAUGESOUND,DEV=0"
2024-11-23 11:58:56.172 T:4058 debug : CVideoPlayer::ProcessVideoData size:8447 dts:4.218 pts:4.218 dur:41.000ms, clock:0.002 level:38
2024-11-23 11:58:56.173 T:4058 debug : CVideoPlayer::ProcessVideoData size:4391 dts:4.259 pts:4.259 dur:41.000ms, clock:0.002 level:38
2024-11-23 11:58:56.176 T:4058 debug : CVideoPlayer::ProcessVideoData size:21653 dts:4.301 pts:4.301 dur:41.000ms, clock:0.002 level:39
2024-11-23 11:58:56.176 T:3866 info : CAESinkALSA::Initialize - Opened device "hdmi:CARD=AMLAUGESOUND,DEV=0,AES0=0x06,AES1=0x82,AES2=0x00,AES3=0x09"
2024-11-23 11:58:56.177 T:3866 debug : CAESinkALSA::InitializeHW - Request: periodSize 4096, bufferSize 16384
2024-11-23 11:58:56.177 T:4058 debug : CVideoPlayer::ProcessVideoData size:4629 dts:4.343 pts:4.343 dur:41.000ms, clock:0.002 level:39
2024-11-23 11:58:56.177 T:3866 debug : CAESinkALSA::InitializeHW - Got: periodSize 4096, bufferSize 16384
2024-11-23 11:58:56.177 T:3866 debug : CAESinkALSA::InitializeHW - Setting timeout to 86 ms
2024-11-23 11:58:56.177 T:3866 debug : CAESinkALSA::GetChannelLayout - Input Channel Count: 8 Output Channel Count: 8
2024-11-23 11:58:56.178 T:3866 debug : CAESinkALSA::GetChannelLayout - Requested Layout: RAW, RAW, RAW, RAW, RAW, RAW, RAW, RAW
2024-11-23 11:58:56.178 T:3866 debug : CAESinkALSA::GetChannelLayout - Got Layout: RAW, RAW, RAW, RAW, RAW, RAW, RAW, RAW (ALSA: none)
2024-11-23 11:58:56.178 T:3866 debug : CActiveAESink::OpenSink - ALSA Initialized:
2024-11-23 11:58:56.178 T:3866 debug : Output Device : AML-AUGESOUND
2024-11-23 11:58:56.178 T:3866 debug : Sample Rate : 192000
2024-11-23 11:58:56.178 T:3866 debug : Sample Format : AE_FMT_S16NE
2024-11-23 11:58:56.178 T:3866 debug : Channel Count : 8
2024-11-23 11:58:56.178 T:3866 debug : Channel Layout: RAW, RAW, RAW, RAW, RAW, RAW, RAW, RAW
2024-11-23 11:58:56.178 T:3866 debug : Frames : 4096
2024-11-23 11:58:56.178 T:3866 debug : Frame Size : 16
2024-11-23 11:58:56.178 T:4058 debug : CVideoPlayer::ProcessVideoData size:4306 dts:4.384 pts:4.384 dur:41.000ms, clock:0.002 level:40
2024-11-23 11:58:56.180 T:3833 debug : CAMLCodec::PollFrame elapsed:28.973ms
2024-11-23 11:58:56.185 T:4058 debug : CVideoPlayer::ProcessVideoData size:72159 dts:4.426 pts:4.426 dur:41.000ms, clock:0.002 level:40
2024-11-23 11:58:56.194 T:4058 debug : CVideoPlayer::ProcessVideoData size:21417 dts:4.468 pts:4.468 dur:41.000ms, clock:0.002 level:41
2024-11-23 11:58:56.195 T:4058 debug : CVideoPlayer::ProcessVideoData size:4413 dts:4.509 pts:4.509 dur:41.000ms, clock:0.002 level:41
2024-11-23 11:58:56.198 T:3865 debug : CActiveAE::ClearDiscardedBuffers - buffer pool deleted
2024-11-23 11:58:56.198 T:4058 debug : CVideoPlayer::ProcessVideoData size:71127 dts:4.551 pts:4.551 dur:41.000ms, clock:0.002 level:42
2024-11-23 11:58:56.199 T:3865 debug : CActiveAE::ClearDiscardedBuffers - buffer pool deleted
2024-11-23 11:58:56.200 T:4058 debug : CVideoPlayer::ProcessVideoData size:43024 dts:4.593 pts:4.593 dur:41.000ms, clock:0.002 level:42
2024-11-23 11:58:56.200 T:4058 debug : CVideoPlayer::HandleMessages - player started 1
2024-11-23 11:58:56.200 T:4058 debug : VideoPlayer::Sync - Audio - pts: 0.303, cache: 0.369, totalcache: 0.685, packets:431 level:54
2024-11-23 11:58:56.200 T:4024 debug : OnAVChange: CApplication::OnAVChange
2024-11-23 11:58:56.200 T:4058 debug : VideoPlayer::Sync - Video - pts: 0.005, cache: 0.050, totalcache: 0.100, packets:111 level:43
2024-11-23 11:58:56.200 T:4058 debug : CVideoPlayer::SetCaching - caching state 0 clock:-0.095 start pts:0.005
2024-11-23 11:58:56.200 T:4058 debug : CDVDClock::SetSpeedAdjust - adjusted:0.000000
2024-11-23 11:58:56.200 T:4061 debug : CDVDAudio::Resume - resume audio stream
2024-11-23 11:58:56.200 T:4060 debug : CVideoPlayerVideo - CDVDMsg::GENERAL_RESYNC(-95000.000000)
2024-11-23 11:58:56.200 T:4060 debug : CVideoPlayerVideo - OUTPUT_AGAIN - vfmt, interlace should be checked.
2024-11-23 11:58:56.200 T:4060 debug : CAMLCodec::SetSpeed, speed(1000)
2024-11-23 11:58:56.200 T:4060 debug : SetCodecControl 4000000->0
2024-11-23 11:58:56.200 T:4024 debug : OnAVStarted: CApplication::OnAVStarted
2024-11-23 11:58:56.200 T:4060 debug : CAMLCodec::AddData: dl:180800 fl:5914048 sz:5806(5888) lv:3.0% dts:1.215 pts:1.215
2024-11-23 11:58:56.201 T:4060 debug : CAMLCodec::DequeueBuffer: pts:0.547 idx:13
2024-11-23 11:58:56.201 T:4060 debug : CAMLCodec::GetPicture: index: 13, pts: 0.547, dur:42.000ms ar:1.78 elf:0ms
2024-11-23 11:58:56.201 T:4060 debug : CVideoPlayerVideo::OutputPicture - ttd:641ms pts:0.547 Clock:-0.094 Level:12
2024-11-23 11:58:56.201 T:4060 debug : CVideoPlayerVideo - CDVDMsg::DEMUXER_PACKET - checking interlace vfmt: null
2024-11-23 11:58:56.202 T:3865 debug : ActiveAE - start sync of audio stream
2024-11-23 11:58:56.203 T:4060 debug : CAMLCodec::DequeueBuffer: pts:0.589 idx:14
2024-11-23 11:58:56.203 T:4060 debug : CAMLCodec::GetPicture: index: 14, pts: 0.589, dur:42.000ms ar:1.78 elf:1ms
2024-11-23 11:58:56.203 T:4060 debug : CVideoPlayerVideo::OutputPicture - ttd:681ms pts:0.589 Clock:-0.092 Level:13
2024-11-23 11:58:56.204 T:4060 debug : CAMLCodec::DequeueBuffer: pts:0.631 idx:15
2024-11-23 11:58:56.204 T:4060 debug : CAMLCodec::GetPicture: index: 15, pts: 0.631, dur:42.000ms ar:1.78 elf:1ms
2024-11-23 11:58:56.204 T:4060 debug : CVideoPlayerVideo::OutputPicture - ttd:722ms pts:0.631 Clock:-0.091 Level:14
2024-11-23 11:58:56.204 T:4058 debug : CVideoPlayer::ProcessVideoData size:9059 dts:4.635 pts:4.635 dur:41.000ms, clock:-0.091 level:42
2024-11-23 11:58:56.205 T:4058 debug : CVideoPlayer::ProcessVideoData size:8032 dts:4.676 pts:4.676 dur:41.000ms, clock:-0.090 level:42
2024-11-23 11:58:56.207 T:4058 debug : CVideoPlayer::ProcessVideoData size:11541 dts:4.718 pts:4.718 dur:41.000ms, clock:-0.088 level:43
2024-11-23 11:58:56.208 T:4060 debug : CAMLCodec::AddData: dl:395968 fl:5698880 sz:215070(215168) lv:6.5% dts:1.256 pts:1.256
2024-11-23 11:58:56.208 T:4060 debug : CAMLCodec::AddData: dl:404160 fl:5690688 sz:4088(8192) lv:6.6% dts:1.298 pts:1.298
2024-11-23 11:58:56.208 T:4060 debug : CAMLCodec::AddData: dl:408256 fl:5686592 sz:3510(4096) lv:6.7% dts:1.340 pts:1.340
2024-11-23 11:58:56.208 T:4060 debug : CAMLCodec::AddData: dl:412352 fl:5682496 sz:2994(4096) lv:6.8% dts:1.381 pts:1.381
2024-11-23 11:58:56.208 T:4060 debug : CAMLCodec::AddData: dl:442560 fl:5652288 sz:30102(30208) lv:7.3% dts:1.423 pts:1.423
2024-11-23 11:58:56.208 T:4058 debug : CVideoPlayer::ProcessVideoData size:8392 dts:4.760 pts:4.760 dur:41.000ms, clock:-0.087 level:43
2024-11-23 11:58:56.208 T:4060 debug : CVideoPlayerVideo - CDVDMsg::DEMUXER_PACKET - checking interlace vfmt: null
2024-11-23 11:58:56.208 T:4060 debug : CAMLCodec::AddData: dl:448704 fl:5646144 sz:6062(6144) lv:7.4% dts:1.465 pts:1.465
2024-11-23 11:58:56.208 T:4060 debug : CAMLCodec::AddData: dl:452800 fl:5642048 sz:2725(4096) lv:7.4% dts:1.506 pts:1.506
2024-11-23 11:58:56.209 T:4060 debug : CAMLCodec::AddData: dl:492032 fl:5602816 sz:39168(39232) lv:8.1% dts:1.548 pts:1.548
2024-11-23 11:58:56.209 T:4060 debug : CAMLCodec::AddData: dl:504448 fl:5590400 sz:12315(12416) lv:8.3% dts:1.590 pts:1.590
2024-11-23 11:58:56.209 T:4060 debug : CAMLCodec::AddData: dl:508544 fl:5586304 sz:2642(4096) lv:8.3% dts:1.632 pts:1.632
2024-11-23 11:58:56.209 T:4060 debug : CVideoPlayerVideo - CDVDMsg::DEMUXER_PACKET - checking interlace vfmt: null
2024-11-23 11:58:56.209 T:4060 debug : CAMLCodec::AddData: dl:520192 fl:5574656 sz:11543(11648) lv:8.5% dts:1.673 pts:1.673
2024-11-23 11:58:56.209 T:4060 debug : CAMLCodec::AddData: dl:528384 fl:5566464 sz:4089(8192) lv:8.7% dts:1.715 pts:1.715
2024-11-23 11:58:56.209 T:4060 debug : CAMLCodec::AddData: dl:532480 fl:5562368 sz:3923(4096) lv:8.7% dts:1.757 pts:1.757
2024-11-23 11:58:56.209 T:4060 debug : CAMLCodec::AddData: dl:548800 fl:5546048 sz:16247(16320) lv:9.0% dts:1.798 pts:1.798
2024-11-23 11:58:56.209 T:4060 debug : CAMLCodec::AddData: dl:552896 fl:5541952 sz:2970(4096) lv:9.1% dts:1.840 pts:1.840
2024-11-23 11:58:56.209 T:4060 debug : CVideoPlayerVideo - CDVDMsg::DEMUXER_PACKET - checking interlace vfmt: null
2024-11-23 11:58:56.209 T:4060 debug : CAMLCodec::AddData: dl:556992 fl:5537856 sz:2726(4096) lv:9.1% dts:1.882 pts:1.882
2024-11-23 11:58:56.209 T:4060 debug : CAMLCodec::AddData: dl:579840 fl:5515008 sz:22772(22848) lv:9.5% dts:1.924 pts:1.924
2024-11-23 11:58:56.210 T:4060 debug : CAMLCodec::AddData: dl:586816 fl:5508032 sz:6894(6976) lv:9.6% dts:1.965 pts:1.965
2024-11-23 11:58:56.211 T:4058 debug : CVideoPlayer::ProcessVideoData size:43452 dts:4.801 pts:4.801 dur:41.000ms, clock:-0.084 level:34
2024-11-23 11:58:56.212 T:4060 debug : CAMLCodec::AddData: dl:644864 fl:5449984 sz:57978(58048) lv:10.6% dts:2.007 pts:2.007
2024-11-23 11:58:56.212 T:4058 debug : CVideoPlayer::ProcessVideoData size:6167 dts:4.843 pts:4.843 dur:41.000ms, clock:-0.083 level:35
2024-11-23 11:58:56.214 T:4058 debug : CVideoPlayer::ProcessVideoData size:3818 dts:4.885 pts:4.885 dur:41.000ms, clock:-0.081 level:35
2024-11-23 11:58:56.217 T:4058 debug : CVideoPlayer::ProcessVideoData size:67080 dts:4.927 pts:4.927 dur:41.000ms, clock:-0.078 level:36
2024-11-23 11:58:56.218 T:4058 debug : CVideoPlayer::ProcessVideoData size:24036 dts:4.968 pts:4.968 dur:41.000ms, clock:-0.077 level:36
2024-11-23 11:58:56.221 T:3833 debug : CAMLCodec::PollFrame elapsed:28.034ms
2024-11-23 11:58:56.225 T:3833 debug : Activating window ID: 12005
2024-11-23 11:58:56.226 T:3833 debug : ------ Window Deinit (MyVideoNav.xml) ------
2024-11-23 11:58:56.227 T:3833 debug : FreeVisualisation() done
2024-11-23 11:58:56.229 T:3833 debug : ------ Window Init (VideoFullScreen.xml) ------
2024-11-23 11:58:56.229 T:3833 info : Loading skin file: VideoFullScreen.xml, load type: KEEP_IN_MEMORY
2024-11-23 11:58:56.230 T:4058 debug : CVideoPlayer::ProcessVideoData size:277397 dts:5.010 pts:5.010 dur:41.000ms, clock:-0.065 level:37
2024-11-23 11:58:56.234 T:3833 info : [WHITELIST] Searching the whitelist for: width: 3840, height: 2160, fps: 23.976, 3D: false:(0x4), stereo mode: 0
2024-11-23 11:58:56.234 T:3833 debug : [WHITELIST] Searching for an exact resolution with an exact refresh rate
2024-11-23 11:58:56.235 T:3833 debug : [WHITELIST] Matched an exact resolution with an exact refresh rate 3840x2160 @ 23.98 - Full Screen, 0x4 (37)
2024-11-23 11:58:56.235 T:3833 info : Display resolution ADJUST : 3840x2160 @ 23.98 - Full Screen (37) (weight: 0.000)
2024-11-23 11:58:56.236 T:3833 debug : CWinSystemAmlogicGLESContext::CreateNewWindow: m_bWindowCreated: true, frac rate 1(1), hdrType: sdr(sdr), force mode switch: false
2024-11-23 11:58:56.236 T:3833 debug : CWinSystemAmlogicGLESContext::CreateNewWindow: cur: iWidth: 1920, iHeight: 1080, iScreenWidth: 1920, iScreenHeight: 1080, fRefreshRate: 23.98, dwFlags: 04
2024-11-23 11:58:56.236 T:3833 debug : CWinSystemAmlogicGLESContext::CreateNewWindow: res: iWidth: 1920, iHeight: 1080, iScreenWidth: 3840, iScreenHeight: 2160, fRefreshRate: 23.98, dwFlags: 04
2024-11-23 11:58:56.246 T:4058 debug : CVideoPlayer::ProcessVideoData size:125056 dts:5.052 pts:5.052 dur:41.000ms, clock:-0.049 level:38
2024-11-23 11:58:56.247 T:4058 debug : CVideoPlayer::ProcessVideoData size:14318 dts:5.093 pts:5.093 dur:41.000ms, clock:-0.048 level:38
2024-11-23 11:58:56.249 T:4058 debug : CVideoPlayer::ProcessVideoData size:9531 dts:5.135 pts:5.135 dur:41.000ms, clock:-0.047 level:39
2024-11-23 11:58:56.250 T:4058 debug : CVideoPlayer::ProcessVideoData size:43746 dts:5.177 pts:5.177 dur:41.000ms, clock:-0.045 level:39
2024-11-23 11:58:56.252 T:4058 debug : CVideoPlayer::ProcessVideoData size:8863 dts:5.219 pts:5.219 dur:41.000ms, clock:-0.044 level:40
2024-11-23 11:58:56.253 T:4058 debug : CVideoPlayer::ProcessVideoData size:4444 dts:5.260 pts:5.260 dur:41.000ms, clock:-0.042 level:40
2024-11-23 11:58:56.255 T:4058 debug : CVideoPlayer::ProcessVideoData size:33912 dts:5.302 pts:5.302 dur:41.000ms, clock:-0.040 level:41
2024-11-23 11:58:56.256 T:4058 debug : CVideoPlayer::ProcessVideoData size:4690 dts:5.344 pts:5.344 dur:41.000ms, clock:-0.039 level:41
2024-11-23 11:58:56.259 T:4058 debug : CVideoPlayer::ProcessVideoData size:4305 dts:5.385 pts:5.385 dur:41.000ms, clock:-0.037 level:42
2024-11-23 11:58:56.263 T:4058 debug : CVideoPlayer::ProcessVideoData size:77873 dts:5.427 pts:5.427 dur:41.000ms, clock:-0.032 level:42
2024-11-23 11:58:56.265 T:4058 debug : CVideoPlayer::ProcessVideoData size:21354 dts:5.469 pts:5.469 dur:41.000ms, clock:-0.030 level:43
2024-11-23 11:58:56.266 T:4058 debug : CVideoPlayer::ProcessVideoData size:4457 dts:5.510 pts:5.510 dur:41.000ms, clock:-0.029 level:43
2024-11-23 11:58:56.270 T:4058 debug : CVideoPlayer::ProcessVideoData size:70876 dts:5.552 pts:5.552 dur:41.000ms, clock:-0.025 level:44
2024-11-23 11:58:56.275 T:4058 debug : CVideoPlayer::ProcessVideoData size:42939 dts:5.594 pts:5.594 dur:41.000ms, clock:-0.021 level:44
2024-11-23 11:58:56.276 T:4058 debug : CVideoPlayer::ProcessVideoData size:9333 dts:5.636 pts:5.636 dur:41.000ms, clock:-0.019 level:45
2024-11-23 11:58:56.277 T:4058 debug : CVideoPlayer::ProcessVideoData size:9264 dts:5.677 pts:5.677 dur:41.000ms, clock:-0.018 level:45
2024-11-23 11:58:56.281 T:4058 debug : CVideoPlayer::ProcessVideoData size:11973 dts:5.719 pts:5.719 dur:41.000ms, clock:-0.014 level:46
2024-11-23 11:58:56.282 T:4058 debug : CVideoPlayer::ProcessVideoData size:8424 dts:5.761 pts:5.761 dur:41.000ms, clock:-0.013 level:46
2024-11-23 11:58:56.284 T:4058 debug : CVideoPlayer::ProcessVideoData size:43217 dts:5.802 pts:5.802 dur:41.000ms, clock:-0.011 level:47
2024-11-23 11:58:56.286 T:4058 debug : CVideoPlayer::ProcessVideoData size:6128 dts:5.844 pts:5.844 dur:41.000ms, clock:-0.010 level:47
2024-11-23 11:58:56.287 T:4058 debug : CVideoPlayer::ProcessVideoData size:3816 dts:5.886 pts:5.886 dur:41.000ms, clock:-0.008 level:48
2024-11-23 11:58:56.289 T:4058 debug : CVideoPlayer::ProcessVideoData size:68428 dts:5.928 pts:5.928 dur:41.000ms, clock:-0.007 level:48
2024-11-23 11:58:56.293 T:4058 debug : CVideoPlayer::ProcessVideoData size:24067 dts:5.969 pts:5.969 dur:41.000ms, clock:-0.002 level:49
2024-11-23 11:58:56.299 T:4058 debug : CVideoPlayer::ProcessVideoData size:107942 dts:6.011 pts:6.011 dur:41.000ms, clock:0.004 level:49
2024-11-23 11:58:56.309 T:4058 debug : CVideoPlayer::ProcessVideoData size:133155 dts:6.053 pts:6.053 dur:41.000ms, clock:0.014 level:50
2024-11-23 11:58:56.310 T:4058 debug : CVideoPlayer::ProcessVideoData size:5766 dts:6.094 pts:6.094 dur:41.000ms, clock:0.015 level:51
2024-11-23 11:58:56.312 T:4058 debug : CVideoPlayer::ProcessVideoData size:8197 dts:6.136 pts:6.136 dur:41.000ms, clock:0.017 level:51
2024-11-23 11:58:56.313 T:4058 debug : CVideoPlayer::ProcessVideoData size:28780 dts:6.178 pts:6.178 dur:41.000ms, clock:0.018 level:52
2024-11-23 11:58:56.315 T:4058 debug : CVideoPlayer::ProcessVideoData size:8289 dts:6.220 pts:6.220 dur:41.000ms, clock:0.020 level:52
2024-11-23 11:58:56.321 T:4058 debug : CVideoPlayer::ProcessVideoData size:282295 dts:6.261 pts:6.261 dur:41.000ms, clock:0.026 level:53
2024-11-23 11:58:56.329 T:3833 info : VideoPlayer: OnLostDisplay received
2024-11-23 11:58:56.329 T:3833 debug : aml_set_display_resolution: try to set mode: 2160p24hz
2024-11-23 11:58:56.330 T:4060 debug : CVideoPlayerVideo - CDVDMsg::GENERAL_PAUSE: true
2024-11-23 11:58:56.745 T:3865 debug : CActiveAE - display reset event
2024-11-23 11:58:56.745 T:3833 info : VideoPlayer: OnResetDisplay received
2024-11-23 11:58:56.745 T:4060 debug : CVideoPlayerVideo - CDVDMsg::GENERAL_PAUSE: false
2024-11-23 11:58:56.746 T:3866 info : CActiveAESink::OpenSink - initialize sink
2024-11-23 11:58:56.751 T:3866 debug : CActiveAESink::OpenSink - trying to open device ALSA:hdmi:CARD=AMLAUGESOUND,DEV=0
2024-11-23 11:58:56.746 T:3833 info : GLES: Maximum texture width: 8192
2024-11-23 11:58:56.748 T:4060 debug : CAMLCodec::AddData: dl:727040 fl:5367808 sz:82076(82176) lv:11.9% dts:2.049 pts:2.049
2024-11-23 11:58:56.752 T:3866 info : CAESinkALSA::Initialize - Configure simple control for "AUGESOUND"
2024-11-23 11:58:56.752 T:3866 info : CAESinkALSA - Use card "hw:0" and set codec format "DTS-HD MA"
2024-11-23 11:58:56.753 T:3866 info : CAESinkALSA - Set Spdif to HDMITX to "Spdif_b"
2024-11-23 11:58:56.753 T:3866 info : CAESinkALSA - Set codec for "Audio spdif_b format"
2024-11-23 11:58:56.753 T:3866 info : CAESinkALSA - Set codec for "Audio spdif format"
2024-11-23 11:58:56.754 T:3833 debug : PrepareNextRender: frameOnScreen: 0.042 renderPts: 0.063 nextFramePts: 0.047 -> diff: 0.016 render: 1 forceNext: 0, m_queued: 15, m_queued empty: true, begin idx: 2, front: 2,m_latencyTweak: 0.000000, GetDisplayLatency: 166.833344, m_videoDelay: 0, GetFrameLatencyAdjustment: 0.000000
2024-11-23 11:58:56.754 T:3866 info : CAESinkALSA::Initialize - Attempting to open device "hdmi:CARD=AMLAUGESOUND,DEV=0"
2024-11-23 11:58:56.754 T:3833 debug : PrepareNextRender: (0.063) < (0.047 + 0.98 * 0.042): 0.063 < 0.088, lateframes: 0, idx: 2, break
2024-11-23 11:58:56.755 T:3833 debug : CAMLCodec::ReleaseFrame idx:1, drop:0
2024-11-23 11:58:56.756 T:3833 debug : CAMLCodec::SetVideoRect:display(0,0,3840,2160)
2024-11-23 11:58:56.756 T:3833 debug : CAMLCodec::SetVideoRect:gui(0,0,1920,1080)
2024-11-23 11:58:56.756 T:3833 debug : CAMLCodec::SetVideoRect:m_dst_rect(0,0,1920,1080)
2024-11-23 11:58:56.756 T:3833 debug : CAMLCodec::SetVideoRect:dst_rect(0,0,3840,2160)
2024-11-23 11:58:56.756 T:3833 debug : CAMLCodec::SetVideoRect:m_guiStereoMode(0)
2024-11-23 11:58:56.756 T:3833 debug : CAMLCodec::SetVideoRect:m_guiStereoView(0)
2024-11-23 11:58:56.756 T:3833 debug : CAMLCodec::PollFrame elapsed:0.011ms
2024-11-23 11:58:56.756 T:4060 debug : CAMLCodec::DequeueBuffer: pts:0.672 idx:16
2024-11-23 11:58:56.756 T:4060 debug : CAMLCodec::GetPicture: index: 16, pts: 0.672, dur:41.000ms ar:1.78 elf:552ms
2024-11-23 11:58:56.756 T:4060 debug : CVideoPlayerVideo::OutputPicture - ttd:626ms pts:0.672 Clock:0.045 Level:14
2024-11-23 11:58:56.757 T:3833 debug : ------ Window Deinit (DialogBusy.xml) ------
2024-11-23 11:58:56.761 T:3833 debug : PrepareNextRender: frameOnScreen: 0.049 renderPts: 0.070 nextFramePts: 0.088 -> diff: -0.018 render: 0 forceNext: 0, m_queued: 15, m_queued empty: true, begin idx: 3, front: 3,m_latencyTweak: 0.000000, GetDisplayLatency: 166.833344, m_videoDelay: 0, GetFrameLatencyAdjustment: 0.000000
2024-11-23 11:58:56.761 T:3866 info : CAESinkALSA::Initialize - Opened device "hdmi:CARD=AMLAUGESOUND,DEV=0,AES0=0x06,AES1=0x82,AES2=0x00,AES3=0x09"
2024-11-23 11:58:56.761 T:3866 debug : CAESinkALSA::InitializeHW - Request: periodSize 4096, bufferSize 16384
2024-11-23 11:58:56.762 T:3866 debug : CAESinkALSA::InitializeHW - Got: periodSize 4096, bufferSize 16384
2024-11-23 11:58:56.762 T:3866 debug : CAESinkALSA::InitializeHW - Setting timeout to 86 ms
2024-11-23 11:58:56.762 T:3866 debug : CAESinkALSA::GetChannelLayout - Input Channel Count: 8 Output Channel Count: 8
2024-11-23 11:58:56.762 T:3866 debug : CAESinkALSA::GetChannelLayout - Requested Layout: RAW, RAW, RAW, RAW, RAW, RAW, RAW, RAW
2024-11-23 11:58:56.762 T:3866 debug : CAESinkALSA::GetChannelLayout - Got Layout: RAW, RAW, RAW, RAW, RAW, RAW, RAW, RAW (ALSA: none)
2024-11-23 11:58:56.763 T:3866 debug : CActiveAESink::OpenSink - ALSA Initialized:
2024-11-23 11:58:56.763 T:3866 debug : Output Device : AML-AUGESOUND
2024-11-23 11:58:56.763 T:3866 debug : Sample Rate : 192000
2024-11-23 11:58:56.763 T:3866 debug : Sample Format : AE_FMT_S16NE
2024-11-23 11:58:56.763 T:3866 debug : Channel Count : 8
2024-11-23 11:58:56.763 T:3866 debug : Channel Layout: RAW, RAW, RAW, RAW, RAW, RAW, RAW, RAW
2024-11-23 11:58:56.763 T:3866 debug : Frames : 4096
2024-11-23 11:58:56.763 T:3866 debug : Frame Size : 16
2024-11-23 11:58:56.764 T:3833 debug : CAMLCodec::ReleaseFrame idx:2, drop:0
2024-11-23 11:58:56.771 T:3865 debug : CActiveAE::ClearDiscardedBuffers - buffer pool deleted
2024-11-23 11:58:56.773 T:4061 info : Skipped 2 duplicate messages..
2024-11-23 11:58:56.773 T:4061 debug : CVideoPlayerAudio - CDVDMsg::GENERAL_PAUSE: true
2024-11-23 11:58:56.773 T:4061 debug : CVideoPlayerAudio - CDVDMsg::GENERAL_PAUSE: false
2024-11-23 11:58:56.773 T:4061 info : CVideoPlayerAudio: display reset occurred, checking for passthrough
2024-11-23 11:58:56.775 T:3865 debug : ActiveAE::SyncStream - average error of 33.810223, start adjusting
2024-11-23 11:58:56.775 T:3865 debug : ActiveAE::SyncStream - average error 23.810223 below threshold of 30.000000
2024-11-23 11:58:56.784 T:4058 debug : CVideoPlayer::ProcessVideoData size:8031 dts:6.303 pts:6.303 dur:41.000ms, clock:0.073 level:53
2024-11-23 11:58:56.784 T:4024 debug : OnAVChange: CApplication::OnAVChange
2024-11-23 11:58:56.785 T:4058 debug : CVideoPlayer::ProcessVideoData size:5172 dts:6.345 pts:6.345 dur:41.000ms, clock:0.074 level:53
2024-11-23 11:58:56.787 T:4058 debug : CVideoPlayer::ProcessVideoData size:4421 dts:6.386 pts:6.386 dur:41.000ms, clock:0.075 level:54
2024-11-23 11:58:56.787 T:3833 debug : CAMLCodec::PollFrame elapsed:23.312ms
2024-11-23 11:58:56.791 T:4058 debug : CVideoPlayer::ProcessVideoData size:81457 dts:6.428 pts:6.428 dur:41.000ms, clock:0.079 level:54
2024-11-23 11:58:56.792 T:3833 debug : PrepareNextRender: frameOnScreen: 0.080 renderPts: 0.101 nextFramePts: 0.130 -> diff: -0.029 render: 0 forceNext: 0, m_queued: 14, m_queued empty: true, begin idx: 4, front: 4,m_latencyTweak: 0.000000, GetDisplayLatency: 166.833344, m_videoDelay: 0, GetFrameLatencyAdjustment: 0.000000
2024-11-23 11:58:56.793 T:4058 debug : CVideoPlayer::ProcessVideoData size:21520 dts:6.470 pts:6.470 dur:41.000ms, clock:0.082 level:55
2024-11-23 11:58:56.795 T:4058 debug : CVideoPlayer::ProcessVideoData size:4364 dts:6.511 pts:6.511 dur:41.000ms, clock:0.083 level:55
2024-11-23 11:58:56.797 T:4060 debug : CAMLCodec::DequeueBuffer: pts:0.714 idx:17
2024-11-23 11:58:56.797 T:4060 debug : CAMLCodec::GetPicture: index: 17, pts: 0.714, dur:42.000ms ar:1.78 elf:40ms
2024-11-23 11:58:56.797 T:4060 debug : CVideoPlayerVideo::OutputPicture - ttd:627ms pts:0.714 Clock:0.086 Level:14
2024-11-23 11:58:56.798 T:4058 debug : CVideoPlayer::ProcessVideoData size:72006 dts:6.553 pts:6.553 dur:41.000ms, clock:0.086 level:56
2024-11-23 11:58:56.799 T:4058 debug : CVideoPlayer::ProcessVideoData size:43043 dts:6.595 pts:6.595 dur:41.000ms, clock:0.088 level:56
2024-11-23 11:58:56.802 T:4058 debug : CVideoPlayer::ProcessVideoData size:9655 dts:6.637 pts:6.637 dur:41.000ms, clock:0.090 level:57
2024-11-23 11:58:56.803 T:4058 debug : CVideoPlayer::ProcessVideoData size:8823 dts:6.678 pts:6.678 dur:41.000ms, clock:0.091 level:57
2024-11-23 11:58:56.804 T:4058 debug : CVideoPlayer::ProcessVideoData size:11647 dts:6.720 pts:6.720 dur:41.000ms, clock:0.093 level:58
2024-11-23 11:58:56.805 T:4058 debug : CVideoPlayer::ProcessVideoData size:8373 dts:6.762 pts:6.762 dur:41.000ms, clock:0.094 level:58
2024-11-23 11:58:56.808 T:4058 debug : CVideoPlayer::ProcessVideoData size:44342 dts:6.803 pts:6.803 dur:41.000ms, clock:0.096 level:59
2024-11-23 11:58:56.809 T:4058 debug : CVideoPlayer::ProcessVideoData size:6226 dts:6.845 pts:6.845 dur:41.000ms, clock:0.097 level:59
2024-11-23 11:58:56.810 T:4058 debug : CVideoPlayer::ProcessVideoData size:3783 dts:6.887 pts:6.887 dur:41.000ms, clock:0.099 level:60
2024-11-23 11:58:56.812 T:4058 debug : CVideoPlayer::ProcessVideoData size:67935 dts:6.929 pts:6.929 dur:41.000ms, clock:0.101 level:60
2024-11-23 11:58:56.816 T:4058 debug : CVideoPlayer::ProcessVideoData size:24160 dts:6.970 pts:6.970 dur:41.000ms, clock:0.105 level:61
2024-11-23 11:58:56.821 T:4058 debug : CVideoPlayer::ProcessVideoData size:108405 dts:7.012 pts:7.012 dur:41.000ms, clock:0.110 level:61
2024-11-23 11:58:56.827 T:4058 debug : CVideoPlayer::ProcessVideoData size:133256 dts:7.054 pts:7.054 dur:41.000ms, clock:0.116 level:62
2024-11-23 11:58:56.829 T:3833 debug : CAMLCodec::PollFrame elapsed:33.038ms
2024-11-23 11:58:56.831 T:3833 debug : PrepareNextRender: frameOnScreen: 0.120 renderPts: 0.141 nextFramePts: 0.130 -> diff: 0.011 render: 1 forceNext: 0, m_queued: 15, m_queued empty: true, begin idx: 4, front: 4,m_latencyTweak: 0.000000, GetDisplayLatency: 166.833344, m_videoDelay: 0, GetFrameLatencyAdjustment: 0.000000
2024-11-23 11:58:56.832 T:3833 debug : PrepareNextRender: (0.141) < (0.130 + 0.98 * 0.042): 0.141 < 0.171, lateframes: 0, idx: 4, break
2024-11-23 11:58:56.834 T:3833 debug : CAMLCodec::ReleaseFrame idx:3, drop:0
2024-11-23 11:58:56.834 T:4058 debug : CVideoPlayer::ProcessVideoData size:5814 dts:7.095 pts:7.095 dur:41.000ms, clock:0.123 level:63
2024-11-23 11:58:56.836 T:4058 debug : CVideoPlayer::ProcessVideoData size:8197 dts:7.137 pts:7.137 dur:41.000ms, clock:0.124 level:63
2024-11-23 11:58:56.837 T:4058 debug : CVideoPlayer::ProcessVideoData size:29669 dts:7.179 pts:7.179 dur:41.000ms, clock:0.126 level:64
2024-11-23 11:58:56.838 T:4060 debug : CAMLCodec::DequeueBuffer: pts:0.756 idx:18
2024-11-23 11:58:56.839 T:4060 debug : CAMLCodec::GetPicture: index: 18, pts: 0.756, dur:42.000ms ar:1.78 elf:41ms
2024-11-23 11:58:56.839 T:4060 debug : CVideoPlayerVideo::OutputPicture - ttd:628ms pts:0.756 Clock:0.127 Level:14
2024-11-23 11:58:56.839 T:4058 debug : CVideoPlayer::ProcessVideoData size:8402 dts:7.221 pts:7.221 dur:41.000ms, clock:0.127 level:64
2024-11-23 11:58:56.840 T:4058 debug : CVideoPlayer::ProcessVideoData size:4462 dts:7.262 pts:7.262 dur:41.000ms, clock:0.129 level:65
2024-11-23 11:58:56.841 T:4058 debug : CVideoPlayer::ProcessVideoData size:20413 dts:7.304 pts:7.304 dur:41.000ms, clock:0.130 level:65
2024-11-23 11:58:56.843 T:4058 debug : CVideoPlayer::ProcessVideoData size:4624 dts:7.346 pts:7.346 dur:41.000ms, clock:0.132 level:66
2024-11-23 11:58:56.844 T:4058 debug : CVideoPlayer::ProcessVideoData size:4340 dts:7.387 pts:7.387 dur:41.000ms, clock:0.133 level:66
2024-11-23 11:58:56.847 T:4058 debug : CVideoPlayer::ProcessVideoData size:70180 dts:7.429 pts:7.429 dur:41.000ms, clock:0.135 level:67
2024-11-23 11:58:56.848 T:4058 debug : CVideoPlayer::ProcessVideoData size:21319 dts:7.471 pts:7.471 dur:41.000ms, clock:0.136 level:67
2024-11-23 11:58:56.862 T:4058 debug : CVideoPlayer::ProcessVideoData size:294870 dts:7.512 pts:7.512 dur:41.000ms, clock:0.151 level:68
2024-11-23 11:58:56.869 T:4058 debug : CVideoPlayer::ProcessVideoData size:58637 dts:7.554 pts:7.554 dur:41.000ms, clock:0.157 level:68
2024-11-23 11:58:56.870 T:3833 debug : CAMLCodec::PollFrame elapsed:36.040ms
2024-11-23 11:58:56.873 T:3833 debug : PrepareNextRender: frameOnScreen: 0.162 renderPts: 0.182 nextFramePts: 0.172 -> diff: 0.010 render: 1 forceNext: 0, m_queued: 15, m_queued empty: true, begin idx: 5, front: 5,m_latencyTweak: 0.000000, GetDisplayLatency: 166.833344, m_videoDelay: 0, GetFrameLatencyAdjustment: 0.000000
2024-11-23 11:58:56.873 T:3833 debug : PrepareNextRender: (0.182) < (0.172 + 0.98 * 0.042): 0.182 < 0.213, lateframes: 0, idx: 5, break
2024-11-23 11:58:56.874 T:4058 debug : CVideoPlayer::ProcessVideoData size:45072 dts:7.596 pts:7.596 dur:41.000ms, clock:0.162 level:69
2024-11-23 11:58:56.875 T:3833 debug : CAMLCodec::ReleaseFrame idx:4, drop:0
2024-11-23 11:58:56.875 T:4058 debug : CVideoPlayer::ProcessVideoData size:6951 dts:7.638 pts:7.638 dur:41.000ms, clock:0.164 level:69
2024-11-23 11:58:56.876 T:4058 debug : CVideoPlayer::ProcessVideoData size:5584 dts:7.679 pts:7.679 dur:41.000ms, clock:0.165 level:70
2024-11-23 11:58:56.878 T:4058 debug : CVideoPlayer::ProcessVideoData size:10940 dts:7.721 pts:7.721 dur:41.000ms, clock:0.167 level:70
2024-11-23 11:58:56.879 T:4058 debug : CVideoPlayer::ProcessVideoData size:8109 dts:7.763 pts:7.763 dur:41.000ms, clock:0.168 level:71
2024-11-23 11:58:56.882 T:4058 debug : CVideoPlayer::ProcessVideoData size:30206 dts:7.804 pts:7.804 dur:41.000ms, clock:0.170 level:71
2024-11-23 11:58:56.885 T:4058 debug : CVideoPlayer::ProcessVideoData size:6111 dts:7.846 pts:7.846 dur:41.000ms, clock:0.174 level:72
2024-11-23 11:58:56.887 T:4058 debug : CVideoPlayer::ProcessVideoData size:3827 dts:7.888 pts:7.888 dur:41.000ms, clock:0.175 level:72
2024-11-23 11:58:56.891 T:4058 debug : CVideoPlayer::ProcessVideoData size:75854 dts:7.930 pts:7.930 dur:41.000ms, clock:0.179 level:73
2024-11-23 11:58:56.892 T:4058 debug : CVideoPlayer::ProcessVideoData size:24609 dts:7.971 pts:7.971 dur:41.000ms, clock:0.181 level:73
2024-11-23 11:58:56.897 T:4058 debug : CVideoPlayer::ProcessVideoData size:109139 dts:8.013 pts:8.013 dur:41.000ms, clock:0.185 level:74
2024-11-23 11:58:56.902 T:4058 debug : CVideoPlayer::ProcessVideoData size:132530 dts:8.055 pts:8.055 dur:41.000ms, clock:0.191 level:75
2024-11-23 11:58:56.904 T:4058 debug : CVideoPlayer::ProcessVideoData size:5815 dts:8.096 pts:8.096 dur:41.000ms, clock:0.192 level:75
2024-11-23 11:58:56.905 T:4058 debug : CVideoPlayer::ProcessVideoData size:8134 dts:8.138 pts:8.138 dur:41.000ms, clock:0.194 level:76
2024-11-23 11:58:56.909 T:4058 debug : CVideoPlayer::ProcessVideoData size:28787 dts:8.180 pts:8.180 dur:41.000ms, clock:0.197 level:76
2024-11-23 11:58:56.910 T:4058 debug : CVideoPlayer::ProcessVideoData size:8283 dts:8.222 pts:8.222 dur:41.000ms, clock:0.199 level:77
2024-11-23 11:58:56.911 T:4058 debug : CVideoPlayer::ProcessVideoData size:4412 dts:8.263 pts:8.263 dur:41.000ms, clock:0.200 level:77
2024-11-23 11:58:56.912 T:3833 debug : CAMLCodec::PollFrame elapsed:37.028ms
