2024-11-23 11:59:04.637 T:4060 debug : CAMLCodec::GetPicture: index: 204, pts: 8.513, dur:41.000ms ar:1.78 elf:41ms
2024-11-23 11:59:04.637 T:4060 debug : CVideoPlayerVideo::OutputPicture - ttd:587ms pts:8.513 Clock:7.925 Level:13
2024-11-23 11:59:04.670 T:3833 debug : CAMLCodec::PollFrame elapsed:33.948ms
2024-11-23 11:59:04.674 T:3833 debug : PrepareNextRender: frameOnScreen: 7.963 renderPts: 7.992 nextFramePts: 7.971 -> diff: 0.021 render: 1 forceNext: 0, m_queued: 14, m_queued empty: true, begin idx: 0, front: 0,m_latencyTweak: 0.000000, GetDisplayLatency: 166.833344, m_videoDelay: 0, GetFrameLatencyAdjustment: 0.000000
2024-11-23 11:59:04.675 T:3833 debug : PrepareNextRender: (7.992) < (7.971 + 0.98 * 0.042): 7.992 < 8.012, lateframes: 0, idx: 0, break
2024-11-23 11:59:04.677 T:3833 debug : CAMLCodec::ReleaseFrame idx:191, drop:0
2024-11-23 11:59:04.678 T:4060 debug : CAMLCodec::DequeueBuffer: pts:8.555 idx:205
2024-11-23 11:59:04.678 T:4060 debug : CAMLCodec::GetPicture: index: 205, pts: 8.555, dur:42.000ms ar:1.78 elf:41ms
2024-11-23 11:59:04.678 T:4060 debug : CVideoPlayerVideo::OutputPicture - ttd:588ms pts:8.555 Clock:7.966 Level:13
2024-11-23 11:59:04.681 T:4060 debug : CAMLCodec::AddData: dl:711744 fl:5383104 sz:133105(133184) lv:11.7% dts:9.056 pts:9.056
2024-11-23 11:59:04.683 T:4058 debug : CVideoPlayer::ProcessVideoData size:6212 dts:54.893 pts:54.893 dur:41.000ms, clock:7.972 level:100
2024-11-23 11:59:04.685 T:4058 debug : CVideoPlayer::ProcessVideoData size:3843 dts:54.935 pts:54.935 dur:41.000ms, clock:7.974 level:100
2024-11-23 11:59:04.687 T:4058 debug : CVideoPlayer::ProcessVideoData size:67135 dts:54.977 pts:54.977 dur:41.000ms, clock:7.976 level:100
2024-11-23 11:59:04.689 T:4058 debug : CVideoPlayer::ProcessVideoData size:24035 dts:55.018 pts:55.018 dur:41.000ms, clock:7.978 level:100
2024-11-23 11:59:04.711 T:3833 debug : CAMLCodec::PollFrame elapsed:33.865ms
2024-11-23 11:59:04.717 T:3833 debug : PrepareNextRender: frameOnScreen: 8.005 renderPts: 8.034 nextFramePts: 8.013 -> diff: 0.021 render: 1 forceNext: 0, m_queued: 14, m_queued empty: true, begin idx: 1, front: 1,m_latencyTweak: 0.000000, GetDisplayLatency: 166.833344, m_videoDelay: 0, GetFrameLatencyAdjustment: 0.000000
2024-11-23 11:59:04.717 T:3833 debug : PrepareNextRender: (8.034) < (8.013 + 0.98 * 0.042): 8.034 < 8.054, lateframes: 0, idx: 1, break
2024-11-23 11:59:04.720 T:3833 debug : CAMLCodec::ReleaseFrame idx:192, drop:0
2024-11-23 11:59:04.721 T:4060 debug : CAMLCodec::DequeueBuffer: pts:8.597 idx:206
2024-11-23 11:59:04.721 T:4060 debug : CAMLCodec::GetPicture: index: 206, pts: 8.597, dur:42.000ms ar:1.78 elf:42ms
2024-11-23 11:59:04.721 T:4060 debug : CVideoPlayerVideo::OutputPicture - ttd:587ms pts:8.597 Clock:8.009 Level:13
2024-11-23 11:59:04.753 T:3833 debug : CAMLCodec::PollFrame elapsed:32.931ms
2024-11-23 11:59:04.758 T:3833 debug : PrepareNextRender: frameOnScreen: 8.046 renderPts: 8.075 nextFramePts: 8.055 -> diff: 0.020 render: 1 forceNext: 0, m_queued: 14, m_queued empty: true, begin idx: 2, front: 2,m_latencyTweak: 0.000000, GetDisplayLatency: 166.833344, m_videoDelay: 0, GetFrameLatencyAdjustment: 0.000000
2024-11-23 11:59:04.758 T:3833 debug : PrepareNextRender: (8.075) < (8.055 + 0.98 * 0.042): 8.075 < 8.096, lateframes: 0, idx: 2, break
2024-11-23 11:59:04.761 T:3833 debug : CAMLCodec::ReleaseFrame idx:193, drop:0
2024-11-23 11:59:04.761 T:4060 debug : CAMLCodec::DequeueBuffer: pts:8.639 idx:207
2024-11-23 11:59:04.761 T:4060 debug : CAMLCodec::GetPicture: index: 207, pts: 8.639, dur:42.000ms ar:1.78 elf:40ms
2024-11-23 11:59:04.761 T:4060 debug : CVideoPlayerVideo::OutputPicture - ttd:589ms pts:8.639 Clock:8.050 Level:13
2024-11-23 11:59:04.795 T:3833 debug : CAMLCodec::PollFrame elapsed:33.888ms
2024-11-23 11:59:04.799 T:3833 debug : PrepareNextRender: frameOnScreen: 8.088 renderPts: 8.116 nextFramePts: 8.096 -> diff: 0.020 render: 1 forceNext: 0, m_queued: 14, m_queued empty: true, begin idx: 3, front: 3,m_latencyTweak: 0.000000, GetDisplayLatency: 166.833344, m_videoDelay: 0, GetFrameLatencyAdjustment: 0.000000
2024-11-23 11:59:04.799 T:3833 debug : PrepareNextRender: (8.116) < (8.096 + 0.98 * 0.042): 8.116 < 8.137, lateframes: 0, idx: 3, break
2024-11-23 11:59:04.802 T:3833 debug : CAMLCodec::ReleaseFrame idx:194, drop:0
2024-11-23 11:59:04.804 T:4060 debug : CAMLCodec::DequeueBuffer: pts:8.680 idx:208
2024-11-23 11:59:04.804 T:4060 debug : CAMLCodec::GetPicture: index: 208, pts: 8.680, dur:41.000ms ar:1.78 elf:42ms
2024-11-23 11:59:04.804 T:4060 debug : CVideoPlayerVideo::OutputPicture - ttd:587ms pts:8.680 Clock:8.092 Level:13
2024-11-23 11:59:04.837 T:3833 debug : CAMLCodec::PollFrame elapsed:34.012ms
2024-11-23 11:59:04.842 T:3833 debug : PrepareNextRender: frameOnScreen: 8.131 renderPts: 8.159 nextFramePts: 8.138 -> diff: 0.021 render: 1 forceNext: 0, m_queued: 14, m_queued empty: true, begin idx: 4, front: 4,m_latencyTweak: 0.000000, GetDisplayLatency: 166.833344, m_videoDelay: 0, GetFrameLatencyAdjustment: 0.000000
2024-11-23 11:59:04.842 T:3833 debug : PrepareNextRender: (8.159) < (8.138 + 0.98 * 0.042): 8.159 < 8.179, lateframes: 0, idx: 4, break
2024-11-23 11:59:04.845 T:4060 debug : CAMLCodec::DequeueBuffer: pts:8.722 idx:209
2024-11-23 11:59:04.845 T:4060 debug : CAMLCodec::GetPicture: index: 209, pts: 8.722, dur:42.000ms ar:1.78 elf:41ms
2024-11-23 11:59:04.845 T:4060 debug : CVideoPlayerVideo::OutputPicture - ttd:588ms pts:8.722 Clock:8.134 Level:13
2024-11-23 11:59:04.846 T:3833 debug : CAMLCodec::ReleaseFrame idx:195, drop:0
2024-11-23 11:59:04.878 T:3833 debug : CAMLCodec::PollFrame elapsed:32.149ms
2024-11-23 11:59:04.883 T:3833 debug : PrepareNextRender: frameOnScreen: 8.171 renderPts: 8.200 nextFramePts: 8.180 -> diff: 0.020 render: 1 forceNext: 0, m_queued: 14, m_queued empty: true, begin idx: 5, front: 5,m_latencyTweak: 0.000000, GetDisplayLatency: 166.833344, m_videoDelay: 0, GetFrameLatencyAdjustment: 0.000000
2024-11-23 11:59:04.883 T:3833 debug : PrepareNextRender: (8.200) < (8.180 + 0.98 * 0.042): 8.200 < 8.221, lateframes: 0, idx: 5, break
2024-11-23 11:59:04.886 T:3833 debug : CAMLCodec::ReleaseFrame idx:196, drop:0
2024-11-23 11:59:04.889 T:4060 debug : CAMLCodec::DequeueBuffer: pts:8.764 idx:210
2024-11-23 11:59:04.889 T:4060 debug : CAMLCodec::GetPicture: index: 210, pts: 8.764, dur:42.000ms ar:1.78 elf:43ms
2024-11-23 11:59:04.889 T:4060 debug : CVideoPlayerVideo::OutputPicture - ttd:586ms pts:8.764 Clock:8.177 Level:13
2024-11-23 11:59:04.890 T:4060 debug : CAMLCodec::AddData: dl:392128 fl:5702720 sz:5608(5696) lv:6.4% dts:9.097 pts:9.097
2024-11-23 11:59:04.890 T:4060 debug : CAMLCodec::AddData: dl:400320 fl:5694528 sz:8127(8192) lv:6.6% dts:9.139 pts:9.139
2024-11-23 11:59:04.890 T:4060 debug : CAMLCodec::AddData: dl:433024 fl:5661824 sz:32637(32704) lv:7.1% dts:9.181 pts:9.181
2024-11-23 11:59:04.890 T:4060 debug : CAMLCodec::AddData: dl:441536 fl:5653312 sz:8386(8512) lv:7.2% dts:9.223 pts:9.223
2024-11-23 11:59:04.890 T:4060 debug : CAMLCodec::AddData: dl:446080 fl:5648768 sz:4432(4544) lv:7.3% dts:9.264 pts:9.264
2024-11-23 11:59:04.890 T:4060 debug : CAMLCodec::AddData: dl:467968 fl:5626880 sz:21787(21888) lv:7.7% dts:9.306 pts:9.306
2024-11-23 11:59:04.890 T:4060 debug : CAMLCodec::AddData: dl:472768 fl:5622080 sz:4694(4800) lv:7.8% dts:9.348 pts:9.348
2024-11-23 11:59:04.890 T:4060 debug : CAMLCodec::AddData: dl:477184 fl:5617664 sz:4308(4416) lv:7.8% dts:9.389 pts:9.389
2024-11-23 11:59:04.893 T:4060 debug : CAMLCodec::AddData: dl:549376 fl:5545472 sz:72116(72192) lv:9.0% dts:9.431 pts:9.431
2024-11-23 11:59:04.893 T:4060 debug : CAMLCodec::AddData: dl:570880 fl:5523968 sz:21424(21504) lv:9.4% dts:9.473 pts:9.473
2024-11-23 11:59:04.893 T:4060 debug : CAMLCodec::AddData: dl:575424 fl:5519424 sz:4454(4544) lv:9.4% dts:9.514 pts:9.514
2024-11-23 11:59:04.894 T:4058 debug : CVideoPlayer::ProcessVideoData size:277667 dts:55.060 pts:55.060 dur:41.000ms, clock:8.183 level:100
2024-11-23 11:59:04.895 T:4060 debug : CAMLCodec::AddData: dl:647168 fl:5447680 sz:71628(71744) lv:10.6% dts:9.556 pts:9.556
2024-11-23 11:59:04.920 T:3833 debug : CAMLCodec::PollFrame elapsed:34.215ms
2024-11-23 11:59:04.925 T:3833 debug : PrepareNextRender: frameOnScreen: 8.214 renderPts: 8.242 nextFramePts: 8.222 -> diff: 0.020 render: 1 forceNext: 0, m_queued: 14, m_queued empty: true, begin idx: 6, front: 6,m_latencyTweak: 0.000000, GetDisplayLatency: 166.833344, m_videoDelay: 0, GetFrameLatencyAdjustment: 0.000000
2024-11-23 11:59:04.925 T:3833 debug : PrepareNextRender: (8.242) < (8.222 + 0.98 * 0.042): 8.242 < 8.263, lateframes: 0, idx: 6, break
2024-11-23 11:59:04.928 T:4060 debug : CAMLCodec::DequeueBuffer: pts:8.805 idx:211
2024-11-23 11:59:04.928 T:4060 debug : CAMLCodec::GetPicture: index: 211, pts: 8.805, dur:41.000ms ar:1.78 elf:39ms
2024-11-23 11:59:04.928 T:4060 debug : CVideoPlayerVideo::OutputPicture - ttd:587ms pts:8.805 Clock:8.217 Level:13
2024-11-23 11:59:04.929 T:3833 debug : CAMLCodec::ReleaseFrame idx:197, drop:0
2024-11-23 11:59:04.937 T:3901 debug : PushCecKeypress - received key e5 duration 0
2024-11-23 11:59:04.962 T:3833 debug : CAMLCodec::PollFrame elapsed:32.980ms
2024-11-23 11:59:04.963 T:3833 debug : HandleKey: yellow (0xe5) pressed, window 10116, action is PlayerProcessInfo
2024-11-23 11:59:04.967 T:3833 debug : PrepareNextRender: frameOnScreen: 8.256 renderPts: 8.285 nextFramePts: 8.263 -> diff: 0.022 render: 1 forceNext: 0, m_queued: 14, m_queued empty: true, begin idx: 7, front: 7,m_latencyTweak: 0.000000, GetDisplayLatency: 166.833344, m_videoDelay: 0, GetFrameLatencyAdjustment: 0.000000
2024-11-23 11:59:04.968 T:3833 debug : PrepareNextRender: (8.285) < (8.263 + 0.98 * 0.042): 8.285 < 8.304, lateframes: 0, idx: 7, break
2024-11-23 11:59:04.970 T:4060 debug : CAMLCodec::DequeueBuffer: pts:8.847 idx:212
2024-11-23 11:59:04.970 T:4060 debug : CAMLCodec::GetPicture: index: 212, pts: 8.847, dur:42.000ms ar:1.78 elf:41ms
2024-11-23 11:59:04.970 T:4060 debug : CVideoPlayerVideo::OutputPicture - ttd:588ms pts:8.847 Clock:8.259 Level:13
2024-11-23 11:59:04.971 T:3833 debug : CAMLCodec::ReleaseFrame idx:198, drop:0
2024-11-23 11:59:05.003 T:3833 debug : CAMLCodec::PollFrame elapsed:32.517ms
2024-11-23 11:59:05.008 T:3833 debug : PrepareNextRender: frameOnScreen: 8.297 renderPts: 8.325 nextFramePts: 8.305 -> diff: 0.020 render: 1 forceNext: 0, m_queued: 14, m_queued empty: true, begin idx: 8, front: 8,m_latencyTweak: 0.000000, GetDisplayLatency: 166.833344, m_videoDelay: 0, GetFrameLatencyAdjustment: 0.000000
2024-11-23 11:59:05.008 T:3833 debug : PrepareNextRender: (8.325) < (8.305 + 0.98 * 0.042): 8.325 < 8.346, lateframes: 0, idx: 8, break
2024-11-23 11:59:05.011 T:4060 debug : CAMLCodec::DequeueBuffer: pts:8.889 idx:213
2024-11-23 11:59:05.012 T:4060 debug : CAMLCodec::GetPicture: index: 213, pts: 8.889, dur:42.000ms ar:1.78 elf:41ms
2024-11-23 11:59:05.012 T:4060 debug : CVideoPlayerVideo::OutputPicture - ttd:588ms pts:8.889 Clock:8.300 Level:13
2024-11-23 11:59:05.015 T:3833 debug : CAMLCodec::ReleaseFrame idx:199, drop:0
2024-11-23 11:59:05.045 T:3833 debug : CAMLCodec::PollFrame elapsed:30.077ms
2024-11-23 11:59:05.047 T:3901 debug : PushCecKeypress - received key e5 duration 110
2024-11-23 11:59:05.051 T:3833 debug : PrepareNextRender: frameOnScreen: 8.340 renderPts: 8.368 nextFramePts: 8.347 -> diff: 0.021 render: 1 forceNext: 0, m_queued: 14, m_queued empty: true, begin idx: 9, front: 9,m_latencyTweak: 0.000000, GetDisplayLatency: 166.833344, m_videoDelay: 0, GetFrameLatencyAdjustment: 0.000000
2024-11-23 11:59:05.051 T:3833 debug : PrepareNextRender: (8.368) < (8.347 + 0.98 * 0.042): 8.368 < 8.388, lateframes: 0, idx: 9, break
2024-11-23 11:59:05.057 T:4060 debug : CAMLCodec::DequeueBuffer: pts:8.931 idx:214
2024-11-23 11:59:05.057 T:4060 debug : CAMLCodec::GetPicture: index: 214, pts: 8.931, dur:42.000ms ar:1.78 elf:44ms
2024-11-23 11:59:05.057 T:4060 debug : CVideoPlayerVideo::OutputPicture - ttd:585ms pts:8.931 Clock:8.345 Level:13
2024-11-23 11:59:05.058 T:4060 debug : CAMLCodec::AddData: dl:571392 fl:5523456 sz:42946(43072) lv:9.4% dts:9.598 pts:9.598
2024-11-23 11:59:05.058 T:3833 debug : CAMLCodec::ReleaseFrame idx:200, drop:0
2024-11-23 11:59:05.058 T:4060 debug : CAMLCodec::AddData: dl:580672 fl:5514176 sz:9176(9280) lv:9.5% dts:9.640 pts:9.640
2024-11-23 11:59:05.058 T:4060 debug : CAMLCodec::AddData: dl:589120 fl:5505728 sz:8326(8448) lv:9.7% dts:9.681 pts:9.681
2024-11-23 11:59:05.059 T:4060 debug : CAMLCodec::AddData: dl:600704 fl:5494144 sz:11461(11584) lv:9.9% dts:9.723 pts:9.723
2024-11-23 11:59:05.059 T:4060 debug : CAMLCodec::AddData: dl:609088 fl:5485760 sz:8317(8384) lv:10.0% dts:9.765 pts:9.765
2024-11-23 11:59:05.059 T:4060 debug : CAMLCodec::AddData: dl:652032 fl:5442816 sz:42854(42944) lv:10.7% dts:9.806 pts:9.806
2024-11-23 11:59:05.075 T:4058 debug : CVideoPlayer::ProcessVideoData size:125156 dts:55.102 pts:55.102 dur:41.000ms, clock:8.364 level:100
2024-11-23 11:59:05.087 T:3833 debug : CAMLCodec::PollFrame elapsed:28.455ms
2024-11-23 11:59:05.093 T:3833 debug : PrepareNextRender: frameOnScreen: 8.381 renderPts: 8.410 nextFramePts: 8.388 -> diff: 0.022 render: 1 forceNext: 0, m_queued: 14, m_queued empty: true, begin idx: 11, front: 11,m_latencyTweak: 0.000000, GetDisplayLatency: 166.833344, m_videoDelay: 0, GetFrameLatencyAdjustment: 0.000000
2024-11-23 11:59:05.093 T:3833 debug : PrepareNextRender: (8.410) < (8.388 + 0.98 * 0.042): 8.410 < 8.429, lateframes: 0, idx: 11, break
2024-11-23 11:59:05.097 T:4060 debug : CAMLCodec::DequeueBuffer: pts:8.972 idx:215
2024-11-23 11:59:05.097 T:4060 debug : CAMLCodec::GetPicture: index: 215, pts: 8.972, dur:41.000ms ar:1.78 elf:40ms
2024-11-23 11:59:05.097 T:4060 debug : CVideoPlayerVideo::OutputPicture - ttd:585ms pts:8.972 Clock:8.386 Level:13
2024-11-23 11:59:05.100 T:3833 debug : CAMLCodec::ReleaseFrame idx:201, drop:0
2024-11-23 11:59:05.129 T:3833 debug : CAMLCodec::PollFrame elapsed:28.816ms
2024-11-23 11:59:05.134 T:3833 debug : PrepareNextRender: frameOnScreen: 8.422 renderPts: 8.451 nextFramePts: 8.430 -> diff: 0.021 render: 1 forceNext: 0, m_queued: 14, m_queued empty: true, begin idx: 10, front: 10,m_latencyTweak: 0.000000, GetDisplayLatency: 166.833344, m_videoDelay: 0, GetFrameLatencyAdjustment: 0.000000
2024-11-23 11:59:05.134 T:3833 debug : PrepareNextRender: (8.451) < (8.430 + 0.98 * 0.042): 8.451 < 8.471, lateframes: 0, idx: 10, break
2024-11-23 11:59:05.140 T:4060 debug : CAMLCodec::DequeueBuffer: pts:9.014 idx:216
2024-11-23 11:59:05.140 T:4060 debug : CAMLCodec::GetPicture: index: 216, pts: 9.014, dur:42.000ms ar:1.78 elf:42ms
2024-11-23 11:59:05.140 T:4060 debug : CVideoPlayerVideo::OutputPicture - ttd:585ms pts:9.014 Clock:8.429 Level:13
2024-11-23 11:59:05.140 T:3833 debug : CAMLCodec::ReleaseFrame idx:202, drop:0
2024-11-23 11:59:05.141 T:4060 debug : CAMLCodec::AddData: dl:523968 fl:5570880 sz:6212(6336) lv:8.6% dts:9.848 pts:9.848
2024-11-23 11:59:05.141 T:4060 debug : CAMLCodec::AddData: dl:528064 fl:5566784 sz:3843(4096) lv:8.7% dts:9.890 pts:9.890
2024-11-23 11:59:05.144 T:4060 debug : CAMLCodec::AddData: dl:595328 fl:5499520 sz:67187(67264) lv:9.8% dts:9.932 pts:9.932
2024-11-23 11:59:05.144 T:4060 debug : CAMLCodec::AddData: dl:619456 fl:5475392 sz:24043(24128) lv:10.2% dts:9.973 pts:9.973
2024-11-23 11:59:05.147 T:4058 debug : CVideoPlayer::ProcessVideoData size:14161 dts:55.143 pts:55.143 dur:41.000ms, clock:8.436 level:100
2024-11-23 11:59:05.149 T:4058 debug : CVideoPlayer::ProcessVideoData size:9525 dts:55.185 pts:55.185 dur:41.000ms, clock:8.437 level:100
2024-11-23 11:59:05.150 T:4058 debug : CVideoPlayer::ProcessVideoData size:43726 dts:55.227 pts:55.227 dur:41.000ms, clock:8.438 level:100
2024-11-23 11:59:05.151 T:4058 debug : CVideoPlayer::ProcessVideoData size:8836 dts:55.269 pts:55.269 dur:41.000ms, clock:8.440 level:100
2024-11-23 11:59:05.170 T:3833 debug : CAMLCodec::PollFrame elapsed:29.765ms
2024-11-23 11:59:05.176 T:3833 debug : PrepareNextRender: frameOnScreen: 8.464 renderPts: 8.493 nextFramePts: 8.472 -> diff: 0.021 render: 1 forceNext: 0, m_queued: 14, m_queued empty: true, begin idx: 12, front: 12,m_latencyTweak: 0.000000, GetDisplayLatency: 166.833344, m_videoDelay: 0, GetFrameLatencyAdjustment: 0.000000
2024-11-23 11:59:05.176 T:3833 debug : PrepareNextRender: (8.493) < (8.472 + 0.98 * 0.042): 8.493 < 8.513, lateframes: 0, idx: 12, break
2024-11-23 11:59:05.178 T:3833 debug : ------ Window Deinit (DialogPlayerProcessInfo.xml) ------
2024-11-23 11:59:05.178 T:3833 debug : CAMLCodec::ReleaseFrame idx:203, drop:0
2024-11-23 11:59:05.180 T:4060 debug : CAMLCodec::DequeueBuffer: pts:9.056 idx:217
2024-11-23 11:59:05.180 T:4060 debug : CAMLCodec::GetPicture: index: 217, pts: 9.056, dur:42.000ms ar:1.78 elf:39ms
2024-11-23 11:59:05.180 T:4060 debug : CVideoPlayerVideo::OutputPicture - ttd:587ms pts:9.056 Clock:8.468 Level:13
2024-11-23 11:59:05.183 T:4058 debug : CVideoPlayer::ProcessVideoData size:4449 dts:55.310 pts:55.310 dur:41.000ms, clock:8.472 level:100
2024-11-23 11:59:05.184 T:4060 debug : CAMLCodec::AddData: dl:764096 fl:5330752 sz:277740(277824) lv:12.5% dts:10.015 pts:10.015
2024-11-23 11:59:05.186 T:4058 debug : CVideoPlayer::ProcessVideoData size:34049 dts:55.352 pts:55.352 dur:41.000ms, clock:8.475 level:100
2024-11-23 11:59:05.187 T:4058 debug : CVideoPlayer::ProcessVideoData size:4695 dts:55.394 pts:55.394 dur:41.000ms, clock:8.476 level:100
2024-11-23 11:59:05.190 T:4058 debug : CVideoPlayer::ProcessVideoData size:4310 dts:55.435 pts:55.435 dur:41.000ms, clock:8.478 level:100
2024-11-23 11:59:05.192 T:4058 debug : CVideoPlayer::ProcessVideoData size:77722 dts:55.477 pts:55.477 dur:41.000ms, clock:8.480 level:100
2024-11-23 11:59:05.193 T:4058 debug : CVideoPlayer::ProcessVideoData size:21277 dts:55.519 pts:55.519 dur:41.000ms, clock:8.482 level:100
2024-11-23 11:59:05.195 T:4058 debug : CVideoPlayer::ProcessVideoData size:4447 dts:55.560 pts:55.560 dur:41.000ms, clock:8.483 level:100
2024-11-23 11:59:05.198 T:4058 debug : CVideoPlayer::ProcessVideoData size:71341 dts:55.602 pts:55.602 dur:41.000ms, clock:8.486 level:100
2024-11-23 11:59:05.199 T:4058 debug : CVideoPlayer::ProcessVideoData size:42980 dts:55.644 pts:55.644 dur:41.000ms, clock:8.487 level:100
2024-11-23 11:59:05.203 T:4058 debug : CVideoPlayer::ProcessVideoData size:9388 dts:55.686 pts:55.686 dur:41.000ms, clock:8.492 level:100
2024-11-23 11:59:05.205 T:4058 debug : CVideoPlayer::ProcessVideoData size:9340 dts:55.727 pts:55.727 dur:41.000ms, clock:8.494 level:100
2024-11-23 11:59:05.212 T:3833 debug : CAMLCodec::PollFrame elapsed:33.462ms
2024-11-23 11:59:05.216 T:3833 debug : PrepareNextRender: frameOnScreen: 8.505 renderPts: 8.534 nextFramePts: 8.513 -> diff: 0.021 render: 1 forceNext: 0, m_queued: 14, m_queued empty: true, begin idx: 13, front: 13,m_latencyTweak: 0.000000, GetDisplayLatency: 166.833344, m_videoDelay: 0, GetFrameLatencyAdjustment: 0.000000
2024-11-23 11:59:05.217 T:3833 debug : PrepareNextRender: (8.534) < (8.513 + 0.98 * 0.042): 8.534 < 8.554, lateframes: 0, idx: 13, break
2024-11-23 11:59:05.219 T:3833 debug : CAMLCodec::ReleaseFrame idx:204, drop:0
2024-11-23 11:59:05.221 T:4060 debug : CAMLCodec::DequeueBuffer: pts:9.097 idx:218
2024-11-23 11:59:05.221 T:4060 debug : CAMLCodec::GetPicture: index: 218, pts: 9.097, dur:41.000ms ar:1.78 elf:40ms
2024-11-23 11:59:05.221 T:4060 debug : CVideoPlayerVideo::OutputPicture - ttd:587ms pts:9.097 Clock:8.509 Level:13
2024-11-23 11:59:05.254 T:3833 debug : CAMLCodec::PollFrame elapsed:34.102ms
2024-11-23 11:59:05.258 T:3833 debug : PrepareNextRender: frameOnScreen: 8.546 renderPts: 8.575 nextFramePts: 8.555 -> diff: 0.020 render: 1 forceNext: 0, m_queued: 14, m_queued empty: true, begin idx: 14, front: 14,m_latencyTweak: 0.000000, GetDisplayLatency: 166.833344, m_videoDelay: 0, GetFrameLatencyAdjustment: 0.000000
2024-11-23 11:59:05.258 T:3833 debug : PrepareNextRender: (8.575) < (8.555 + 0.98 * 0.042): 8.575 < 8.596, lateframes: 0, idx: 14, break
2024-11-23 11:59:05.260 T:3833 debug : CAMLCodec::ReleaseFrame idx:205, drop:0
2024-11-23 11:59:05.262 T:4060 debug : CAMLCodec::DequeueBuffer: pts:9.139 idx:219
2024-11-23 11:59:05.262 T:4060 debug : CAMLCodec::GetPicture: index: 219, pts: 9.139, dur:42.000ms ar:1.78 elf:41ms
2024-11-23 11:59:05.262 T:4060 debug : CVideoPlayerVideo::OutputPicture - ttd:588ms pts:9.139 Clock:8.551 Level:13
2024-11-23 11:59:05.295 T:3833 debug : CAMLCodec::PollFrame elapsed:34.658ms
2024-11-23 11:59:05.298 T:3833 debug : PrepareNextRender: frameOnScreen: 8.587 renderPts: 8.615 nextFramePts: 8.597 -> diff: 0.018 render: 1 forceNext: 0, m_queued: 14, m_queued empty: true, begin idx: 15, front: 15,m_latencyTweak: 0.000000, GetDisplayLatency: 166.833344, m_videoDelay: 0, GetFrameLatencyAdjustment: 0.000000
2024-11-23 11:59:05.298 T:3833 debug : PrepareNextRender: (8.615) < (8.597 + 0.98 * 0.042): 8.615 < 8.638, lateframes: 0, idx: 15, break
2024-11-23 11:59:05.299 T:3833 debug : ------ Window Deinit (DialogSeekBar.xml) ------
2024-11-23 11:59:05.300 T:3833 debug : CAMLCodec::ReleaseFrame idx:206, drop:0
2024-11-23 11:59:05.304 T:4060 debug : CAMLCodec::DequeueBuffer: pts:9.181 idx:220
2024-11-23 11:59:05.304 T:4060 debug : CAMLCodec::GetPicture: index: 220, pts: 9.181, dur:42.000ms ar:1.78 elf:42ms
2024-11-23 11:59:05.304 T:4060 debug : CVideoPlayerVideo::OutputPicture - ttd:587ms pts:9.181 Clock:8.593 Level:13
2024-11-23 11:59:05.337 T:3833 debug : CAMLCodec::PollFrame elapsed:37.270ms
2024-11-23 11:59:05.340 T:3833 debug : PrepareNextRender: frameOnScreen: 8.629 renderPts: 8.657 nextFramePts: 8.639 -> diff: 0.018 render: 1 forceNext: 0, m_queued: 14, m_queued empty: true, begin idx: 0, front: 0,m_latencyTweak: 0.000000, GetDisplayLatency: 166.833344, m_videoDelay: 0, GetFrameLatencyAdjustment: 0.000000
2024-11-23 11:59:05.340 T:3833 debug : PrepareNextRender: (8.657) < (8.639 + 0.98 * 0.042): 8.657 < 8.680, lateframes: 0, idx: 0, break
2024-11-23 11:59:05.342 T:3833 debug : ------ Window Deinit (Custom_1109_TopBarOverlay.xml) ------
2024-11-23 11:59:05.342 T:3833 debug : CAMLCodec::ReleaseFrame idx:207, drop:0
2024-11-23 11:59:05.346 T:4060 debug : CAMLCodec::DequeueBuffer: pts:9.223 idx:221
2024-11-23 11:59:05.346 T:4060 debug : CAMLCodec::GetPicture: index: 221, pts: 9.223, dur:42.000ms ar:1.78 elf:41ms
2024-11-23 11:59:05.346 T:4060 debug : CVideoPlayerVideo::OutputPicture - ttd:588ms pts:9.223 Clock:8.634 Level:13
2024-11-23 11:59:05.379 T:3833 debug : CAMLCodec::PollFrame elapsed:36.557ms
2024-11-23 11:59:05.382 T:3833 debug : PrepareNextRender: frameOnScreen: 8.670 renderPts: 8.699 nextFramePts: 8.680 -> diff: 0.019 render: 1 forceNext: 0, m_queued: 14, m_queued empty: true, begin idx: 1, front: 1,m_latencyTweak: 0.000000, GetDisplayLatency: 166.833344, m_videoDelay: 0, GetFrameLatencyAdjustment: 0.000000
2024-11-23 11:59:05.382 T:3833 debug : PrepareNextRender: (8.699) < (8.680 + 0.98 * 0.042): 8.699 < 8.721, lateframes: 0, idx: 1, break
2024-11-23 11:59:05.383 T:3833 debug : CAMLCodec::ReleaseFrame idx:208, drop:0
2024-11-23 11:59:05.388 T:4060 debug : CAMLCodec::DequeueBuffer: pts:9.264 idx:222
2024-11-23 11:59:05.388 T:4060 debug : CAMLCodec::GetPicture: index: 222, pts: 9.264, dur:41.000ms ar:1.78 elf:42ms
2024-11-23 11:59:05.388 T:4060 debug : CVideoPlayerVideo::OutputPicture - ttd:587ms pts:9.264 Clock:8.677 Level:13
2024-11-23 11:59:05.421 T:3833 debug : CAMLCodec::PollFrame elapsed:37.293ms
2024-11-23 11:59:05.423 T:3833 debug : PrepareNextRender: frameOnScreen: 8.711 renderPts: 8.740 nextFramePts: 8.722 -> diff: 0.018 render: 1 forceNext: 0, m_queued: 14, m_queued empty: true, begin idx: 2, front: 2,m_latencyTweak: 0.000000, GetDisplayLatency: 166.833344, m_videoDelay: 0, GetFrameLatencyAdjustment: 0.000000
2024-11-23 11:59:05.423 T:3833 debug : PrepareNextRender: (8.740) < (8.722 + 0.98 * 0.042): 8.740 < 8.763, lateframes: 0, idx: 2, break
2024-11-23 11:59:05.424 T:3833 debug : CAMLCodec::ReleaseFrame idx:209, drop:0
2024-11-23 11:59:05.429 T:4060 debug : CAMLCodec::DequeueBuffer: pts:9.306 idx:223
2024-11-23 11:59:05.429 T:4060 debug : CAMLCodec::GetPicture: index: 223, pts: 9.306, dur:42.000ms ar:1.78 elf:41ms
2024-11-23 11:59:05.429 T:4060 debug : CVideoPlayerVideo::OutputPicture - ttd:587ms pts:9.306 Clock:8.718 Level:13
2024-11-23 11:59:05.462 T:3833 debug : CAMLCodec::PollFrame elapsed:38.390ms
2024-11-23 11:59:05.465 T:3833 debug : PrepareNextRender: frameOnScreen: 8.754 renderPts: 8.782 nextFramePts: 8.764 -> diff: 0.018 render: 1 forceNext: 0, m_queued: 14, m_queued empty: true, begin idx: 3, front: 3,m_latencyTweak: 0.000000, GetDisplayLatency: 166.833344, m_videoDelay: 0, GetFrameLatencyAdjustment: 0.000000
2024-11-23 11:59:05.465 T:3833 debug : PrepareNextRender: (8.782) < (8.764 + 0.98 * 0.042): 8.782 < 8.805, lateframes: 0, idx: 3, break
2024-11-23 11:59:05.467 T:3833 debug : CAMLCodec::ReleaseFrame idx:210, drop:0
2024-11-23 11:59:05.470 T:4060 debug : CAMLCodec::DequeueBuffer: pts:9.348 idx:224
2024-11-23 11:59:05.470 T:4060 debug : CAMLCodec::GetPicture: index: 224, pts: 9.348, dur:42.000ms ar:1.78 elf:40ms
2024-11-23 11:59:05.470 T:4060 debug : CVideoPlayerVideo::OutputPicture - ttd:589ms pts:9.348 Clock:8.758 Level:13
2024-11-23 11:59:05.504 T:3833 debug : CAMLCodec::PollFrame elapsed:37.164ms
2024-11-23 11:59:05.506 T:3833 debug : PrepareNextRender: frameOnScreen: 8.795 renderPts: 8.823 nextFramePts: 8.805 -> diff: 0.018 render: 1 forceNext: 0, m_queued: 14, m_queued empty: true, begin idx: 4, front: 4,m_latencyTweak: 0.000000, GetDisplayLatency: 166.833344, m_videoDelay: 0, GetFrameLatencyAdjustment: 0.000000
2024-11-23 11:59:05.506 T:3833 debug : PrepareNextRender: (8.823) < (8.805 + 0.98 * 0.042): 8.823 < 8.846, lateframes: 0, idx: 4, break
2024-11-23 11:59:05.507 T:3833 debug : CAMLCodec::ReleaseFrame idx:211, drop:0
2024-11-23 11:59:05.511 T:4060 debug : CAMLCodec::DequeueBuffer: pts:9.389 idx:225
2024-11-23 11:59:05.511 T:4060 debug : CAMLCodec::GetPicture: index: 225, pts: 9.389, dur:41.000ms ar:1.78 elf:41ms
2024-11-23 11:59:05.511 T:4060 debug : CVideoPlayerVideo::OutputPicture - ttd:589ms pts:9.389 Clock:8.800 Level:13
2024-11-23 11:59:05.546 T:3833 debug : CAMLCodec::PollFrame elapsed:38.111ms
2024-11-23 11:59:05.548 T:3833 debug : PrepareNextRender: frameOnScreen: 8.836 renderPts: 8.865 nextFramePts: 8.847 -> diff: 0.018 render: 1 forceNext: 0, m_queued: 14, m_queued empty: true, begin idx: 5, front: 5,m_latencyTweak: 0.000000, GetDisplayLatency: 166.833344, m_videoDelay: 0, GetFrameLatencyAdjustment: 0.000000
2024-11-23 11:59:05.548 T:3833 debug : PrepareNextRender: (8.865) < (8.847 + 0.98 * 0.042): 8.865 < 8.888, lateframes: 0, idx: 5, break
2024-11-23 11:59:05.549 T:3833 debug : CAMLCodec::ReleaseFrame idx:212, drop:0
2024-11-23 11:59:05.554 T:4060 debug : CAMLCodec::DequeueBuffer: pts:9.431 idx:226
2024-11-23 11:59:05.554 T:4060 debug : CAMLCodec::GetPicture: index: 226, pts: 9.431, dur:42.000ms ar:1.78 elf:43ms
2024-11-23 11:59:05.554 T:4060 debug : CVideoPlayerVideo::OutputPicture - ttd:587ms pts:9.431 Clock:8.843 Level:13
2024-11-23 11:59:05.558 T:4060 debug : CAMLCodec::AddData: dl:726400 fl:5368448 sz:125156(125248) lv:11.9% dts:10.057 pts:10.057
2024-11-23 11:59:05.560 T:4058 debug : CVideoPlayer::ProcessVideoData size:11929 dts:55.769 pts:55.769 dur:41.000ms, clock:8.848 level:100
2024-11-23 11:59:05.561 T:4058 debug : CVideoPlayer::ProcessVideoData size:8456 dts:55.811 pts:55.811 dur:41.000ms, clock:8.849 level:100
2024-11-23 11:59:05.563 T:4058 debug : CVideoPlayer::ProcessVideoData size:43185 dts:55.852 pts:55.852 dur:41.000ms, clock:8.852 level:100
2024-11-23 11:59:05.564 T:4058 debug : CVideoPlayer::ProcessVideoData size:6166 dts:55.894 pts:55.894 dur:41.000ms, clock:8.853 level:100
2024-11-23 11:59:05.566 T:4058 debug : CVideoPlayer::ProcessVideoData size:3824 dts:55.936 pts:55.936 dur:41.000ms, clock:8.854 level:100
2024-11-23 11:59:05.568 T:4058 debug : CVideoPlayer::ProcessVideoData size:68031 dts:55.978 pts:55.978 dur:41.000ms, clock:8.856 level:100
2024-11-23 11:59:05.587 T:3833 debug : CAMLCodec::PollFrame elapsed:38.212ms
2024-11-23 11:59:05.590 T:3833 debug : PrepareNextRender: frameOnScreen: 8.879 renderPts: 8.907 nextFramePts: 8.889 -> diff: 0.018 render: 1 forceNext: 0, m_queued: 14, m_queued empty: true, begin idx: 6, front: 6,m_latencyTweak: 0.000000, GetDisplayLatency: 166.833344, m_videoDelay: 0, GetFrameLatencyAdjustment: 0.000000
2024-11-23 11:59:05.590 T:3833 debug : PrepareNextRender: (8.907) < (8.889 + 0.98 * 0.042): 8.907 < 8.930, lateframes: 0, idx: 6, break
2024-11-23 11:59:05.592 T:3833 debug : CAMLCodec::ReleaseFrame idx:213, drop:0
2024-11-23 11:59:05.596 T:4060 debug : CAMLCodec::DequeueBuffer: pts:9.473 idx:227
2024-11-23 11:59:05.596 T:4060 debug : CAMLCodec::GetPicture: index: 227, pts: 9.473, dur:42.000ms ar:1.78 elf:41ms
2024-11-23 11:59:05.596 T:4060 debug : CVideoPlayerVideo::OutputPicture - ttd:588ms pts:9.473 Clock:8.885 Level:13
2024-11-23 11:59:05.629 T:3833 debug : CAMLCodec::PollFrame elapsed:37.234ms
2024-11-23 11:59:05.631 T:3833 debug : PrepareNextRender: frameOnScreen: 8.920 renderPts: 8.948 nextFramePts: 8.931 -> diff: 0.017 render: 1 forceNext: 0, m_queued: 14, m_queued empty: true, begin idx: 7, front: 7,m_latencyTweak: 0.000000, GetDisplayLatency: 166.833344, m_videoDelay: 0, GetFrameLatencyAdjustment: 0.000000
2024-11-23 11:59:05.631 T:3833 debug : PrepareNextRender: (8.948) < (8.931 + 0.98 * 0.042): 8.948 < 8.972, lateframes: 0, idx: 7, break
2024-11-23 11:59:05.632 T:3833 debug : CAMLCodec::ReleaseFrame idx:214, drop:0
2024-11-23 11:59:05.638 T:4060 debug : CAMLCodec::DequeueBuffer: pts:9.514 idx:228
2024-11-23 11:59:05.638 T:4060 debug : CAMLCodec::GetPicture: index: 228, pts: 9.514, dur:41.000ms ar:1.78 elf:41ms
2024-11-23 11:59:05.638 T:4060 debug : CVideoPlayerVideo::OutputPicture - ttd:587ms pts:9.514 Clock:8.927 Level:13
2024-11-23 11:59:05.671 T:3833 debug : CAMLCodec::PollFrame elapsed:38.169ms
2024-11-23 11:59:05.673 T:3833 debug : PrepareNextRender: frameOnScreen: 8.961 renderPts: 8.991 nextFramePts: 8.972 -> diff: 0.019 render: 1 forceNext: 0, m_queued: 14, m_queued empty: true, begin idx: 8, front: 8,m_latencyTweak: 0.000000, GetDisplayLatency: 166.833344, m_videoDelay: 0, GetFrameLatencyAdjustment: 0.000000
2024-11-23 11:59:05.673 T:3833 debug : PrepareNextRender: (8.991) < (8.972 + 0.98 * 0.042): 8.991 < 9.013, lateframes: 0, idx: 8, break
2024-11-23 11:59:05.674 T:3833 debug : CAMLCodec::ReleaseFrame idx:215, drop:0
2024-11-23 11:59:05.680 T:4060 debug : CAMLCodec::DequeueBuffer: pts:9.556 idx:229
2024-11-23 11:59:05.680 T:4060 debug : CAMLCodec::GetPicture: index: 229, pts: 9.556, dur:42.000ms ar:1.78 elf:42ms
2024-11-23 11:59:05.680 T:4060 debug : CVideoPlayerVideo::OutputPicture - ttd:586ms pts:9.556 Clock:8.969 Level:13
2024-11-23 11:59:05.712 T:3833 debug : CAMLCodec::PollFrame elapsed:38.435ms
2024-11-23 11:59:05.714 T:3833 debug : PrepareNextRender: frameOnScreen: 9.003 renderPts: 9.033 nextFramePts: 9.014 -> diff: 0.019 render: 1 forceNext: 0, m_queued: 14, m_queued empty: true, begin idx: 9, front: 9,m_latencyTweak: 0.000000, GetDisplayLatency: 166.833344, m_videoDelay: 0, GetFrameLatencyAdjustment: 0.000000
2024-11-23 11:59:05.715 T:3833 debug : PrepareNextRender: (9.033) < (9.014 + 0.98 * 0.042): 9.033 < 9.055, lateframes: 0, idx: 9, break
2024-11-23 11:59:05.716 T:3833 debug : CAMLCodec::ReleaseFrame idx:216, drop:0
2024-11-23 11:59:05.723 T:4060 debug : CAMLCodec::DequeueBuffer: pts:9.598 idx:230
2024-11-23 11:59:05.723 T:4060 debug : CAMLCodec::GetPicture: index: 230, pts: 9.598, dur:42.000ms ar:1.78 elf:42ms
2024-11-23 11:59:05.723 T:4060 debug : CVideoPlayerVideo::OutputPicture - ttd:586ms pts:9.598 Clock:9.011 Level:13
2024-11-23 11:59:05.724 T:4060 debug : CAMLCodec::AddData: dl:599808 fl:5495040 sz:14175(14272) lv:9.8% dts:10.098 pts:10.098
2024-11-23 11:59:05.724 T:4060 debug : CAMLCodec::AddData: dl:609408 fl:5485440 sz:9517(9600) lv:10.0% dts:10.140 pts:10.140
2024-11-23 11:59:05.724 T:4060 debug : CAMLCodec::AddData: dl:653056 fl:5441792 sz:43564(43648) lv:10.7% dts:10.182 pts:10.182
2024-11-23 11:59:05.733 T:4058 debug : CVideoPlayer::ProcessVideoData size:23982 dts:56.019 pts:56.019 dur:41.000ms, clock:9.021 level:100
2024-11-23 11:59:05.735 T:4058 debug : CVideoPlayer::ProcessVideoData size:107852 dts:56.061 pts:56.061 dur:41.000ms, clock:9.023 level:100
2024-11-23 11:59:05.754 T:3833 debug : CAMLCodec::PollFrame elapsed:38.229ms
2024-11-23 11:59:05.757 T:3833 debug : PrepareNextRender: frameOnScreen: 9.046 renderPts: 9.075 nextFramePts: 9.056 -> diff: 0.019 render: 1 forceNext: 0, m_queued: 14, m_queued empty: true, begin idx: 11, front: 11,m_latencyTweak: 0.000000, GetDisplayLatency: 166.833344, m_videoDelay: 0, GetFrameLatencyAdjustment: 0.000000
2024-11-23 11:59:05.757 T:3833 debug : PrepareNextRender: (9.075) < (9.056 + 0.98 * 0.042): 9.075 < 9.097, lateframes: 0, idx: 11, break
2024-11-23 11:59:05.759 T:3833 debug : CAMLCodec::ReleaseFrame idx:217, drop:0
2024-11-23 11:59:05.762 T:4060 debug : CAMLCodec::DequeueBuffer: pts:9.640 idx:231
2024-11-23 11:59:05.762 T:4060 debug : CAMLCodec::GetPicture: index: 231, pts: 9.640, dur:42.000ms ar:1.78 elf:39ms
2024-11-23 11:59:05.762 T:4060 debug : CVideoPlayerVideo::OutputPicture - ttd:588ms pts:9.640 Clock:9.051 Level:13
2024-11-23 11:59:05.796 T:3833 debug : CAMLCodec::PollFrame elapsed:37.089ms
2024-11-23 11:59:05.798 T:3833 debug : PrepareNextRender: frameOnScreen: 9.087 renderPts: 9.116 nextFramePts: 9.097 -> diff: 0.019 render: 1 forceNext: 0, m_queued: 14, m_queued empty: true, begin idx: 10, front: 10,m_latencyTweak: 0.000000, GetDisplayLatency: 166.833344, m_videoDelay: 0, GetFrameLatencyAdjustment: 0.000000
2024-11-23 11:59:05.798 T:3833 debug : PrepareNextRender: (9.116) < (9.097 + 0.98 * 0.042): 9.116 < 9.138, lateframes: 0, idx: 10, break
2024-11-23 11:59:05.799 T:3833 debug : CAMLCodec::ReleaseFrame idx:218, drop:0
2024-11-23 11:59:05.804 T:4060 debug : CAMLCodec::DequeueBuffer: pts:9.681 idx:232
2024-11-23 11:59:05.804 T:4060 debug : CAMLCodec::GetPicture: index: 232, pts: 9.681, dur:41.000ms ar:1.78 elf:41ms
2024-11-23 11:59:05.804 T:4060 debug : CVideoPlayerVideo::OutputPicture - ttd:588ms pts:9.681 Clock:9.092 Level:13
2024-11-23 11:59:05.838 T:3833 debug : CAMLCodec::PollFrame elapsed:38.209ms
2024-11-23 11:59:05.840 T:3833 debug : PrepareNextRender: frameOnScreen: 9.129 renderPts: 9.159 nextFramePts: 9.139 -> diff: 0.020 render: 1 forceNext: 0, m_queued: 14, m_queued empty: true, begin idx: 12, front: 12,m_latencyTweak: 0.000000, GetDisplayLatency: 166.833344, m_videoDelay: 0, GetFrameLatencyAdjustment: 0.000000
2024-11-23 11:59:05.841 T:3833 debug : PrepareNextRender: (9.159) < (9.139 + 0.98 * 0.042): 9.159 < 9.180, lateframes: 0, idx: 12, break
2024-11-23 11:59:05.842 T:3833 debug : CAMLCodec::ReleaseFrame idx:219, drop:0
2024-11-23 11:59:05.847 T:4060 debug : CAMLCodec::DequeueBuffer: pts:9.723 idx:233
2024-11-23 11:59:05.847 T:4060 debug : CAMLCodec::GetPicture: index: 233, pts: 9.723, dur:42.000ms ar:1.78 elf:43ms
2024-11-23 11:59:05.847 T:4060 debug : CVideoPlayerVideo::OutputPicture - ttd:587ms pts:9.723 Clock:9.136 Level:13
2024-11-23 11:59:05.879 T:3833 debug : CAMLCodec::PollFrame elapsed:37.260ms
2024-11-23 11:59:05.882 T:3833 debug : PrepareNextRender: frameOnScreen: 9.170 renderPts: 9.200 nextFramePts: 9.181 -> diff: 0.019 render: 1 forceNext: 0, m_queued: 14, m_queued empty: true, begin idx: 13, front: 13,m_latencyTweak: 0.000000, GetDisplayLatency: 166.833344, m_videoDelay: 0, GetFrameLatencyAdjustment: 0.000000
2024-11-23 11:59:05.882 T:3833 debug : PrepareNextRender: (9.200) < (9.181 + 0.98 * 0.042): 9.200 < 9.222, lateframes: 0, idx: 13, break
2024-11-23 11:59:05.883 T:3833 debug : CAMLCodec::ReleaseFrame idx:220, drop:0
2024-11-23 11:59:05.888 T:4060 debug : CAMLCodec::DequeueBuffer: pts:9.765 idx:234
2024-11-23 11:59:05.888 T:4060 debug : CAMLCodec::GetPicture: index: 234, pts: 9.765, dur:42.000ms ar:1.78 elf:41ms
2024-11-23 11:59:05.889 T:4060 debug : CVideoPlayerVideo::OutputPicture - ttd:587ms pts:9.765 Clock:9.177 Level:13
2024-11-23 11:59:05.921 T:3833 debug : CAMLCodec::PollFrame elapsed:38.203ms
2024-11-23 11:59:05.923 T:3833 debug : PrepareNextRender: frameOnScreen: 9.212 renderPts: 9.241 nextFramePts: 9.223 -> diff: 0.018 render: 1 forceNext: 0, m_queued: 14, m_queued empty: true, begin idx: 14, front: 14,m_latencyTweak: 0.000000, GetDisplayLatency: 166.833344, m_videoDelay: 0, GetFrameLatencyAdjustment: 0.000000
2024-11-23 11:59:05.923 T:3833 debug : PrepareNextRender: (9.241) < (9.223 + 0.98 * 0.042): 9.241 < 9.264, lateframes: 0, idx: 14, break
2024-11-23 11:59:05.924 T:3833 debug : CAMLCodec::ReleaseFrame idx:221, drop:0
2024-11-23 11:59:05.930 T:4060 debug : CAMLCodec::DequeueBuffer: pts:9.806 idx:235
2024-11-23 11:59:05.930 T:4060 debug : CAMLCodec::GetPicture: index: 235, pts: 9.806, dur:41.000ms ar:1.78 elf:41ms
2024-11-23 11:59:05.930 T:4060 debug : CVideoPlayerVideo::OutputPicture - ttd:587ms pts:9.806 Clock:9.218 Level:13
2024-11-23 11:59:05.931 T:4060 debug : CAMLCodec::AddData: dl:581312 fl:5513536 sz:8828(8896) lv:9.5% dts:10.224 pts:10.224
2024-11-23 11:59:05.931 T:4060 debug : CAMLCodec::AddData: dl:585856 fl:5508992 sz:4449(4544) lv:9.6% dts:10.265 pts:10.265
2024-11-23 11:59:05.931 T:4060 debug : CAMLCodec::AddData: dl:620160 fl:5474688 sz:34184(34304) lv:10.2% dts:10.307 pts:10.307
2024-11-23 11:59:05.963 T:3833 debug : CAMLCodec::PollFrame elapsed:38.248ms
2024-11-23 11:59:05.965 T:3833 debug : PrepareNextRender: frameOnScreen: 9.254 renderPts: 9.283 nextFramePts: 9.264 -> diff: 0.019 render: 1 forceNext: 0, m_queued: 14, m_queued empty: true, begin idx: 15, front: 15,m_latencyTweak: 0.000000, GetDisplayLatency: 166.833344, m_videoDelay: 0, GetFrameLatencyAdjustment: 0.000000
2024-11-23 11:59:05.965 T:3833 debug : PrepareNextRender: (9.283) < (9.264 + 0.98 * 0.042): 9.283 < 9.305, lateframes: 0, idx: 15, break
2024-11-23 11:59:05.966 T:3833 debug : CAMLCodec::ReleaseFrame idx:222, drop:0
2024-11-23 11:59:05.971 T:4060 debug : CAMLCodec::DequeueBuffer: pts:9.848 idx:236
2024-11-23 11:59:05.971 T:4060 debug : CAMLCodec::GetPicture: index: 236, pts: 9.848, dur:42.000ms ar:1.78 elf:41ms
2024-11-23 11:59:05.971 T:4060 debug : CVideoPlayerVideo::OutputPicture - ttd:588ms pts:9.848 Clock:9.260 Level:13
2024-11-23 11:59:06.004 T:3833 debug : CAMLCodec::PollFrame elapsed:38.276ms
2024-11-23 11:59:06.007 T:3833 debug : PrepareNextRender: frameOnScreen: 9.295 renderPts: 9.325 nextFramePts: 9.306 -> diff: 0.019 render: 1 forceNext: 0, m_queued: 14, m_queued empty: true, begin idx: 0, front: 0,m_latencyTweak: 0.000000, GetDisplayLatency: 166.833344, m_videoDelay: 0, GetFrameLatencyAdjustment: 0.000000
2024-11-23 11:59:06.007 T:3833 debug : PrepareNextRender: (9.325) < (9.306 + 0.98 * 0.042): 9.325 < 9.347, lateframes: 0, idx: 0, break
2024-11-23 11:59:06.007 T:3833 debug : CAMLCodec::ReleaseFrame idx:223, drop:0
2024-11-23 11:59:06.012 T:4060 debug : CAMLCodec::DequeueBuffer: pts:9.890 idx:237
2024-11-23 11:59:06.013 T:4060 debug : CAMLCodec::GetPicture: index: 237, pts: 9.890, dur:42.000ms ar:1.78 elf:41ms
2024-11-23 11:59:06.013 T:4060 debug : CVideoPlayerVideo::OutputPicture - ttd:588ms pts:9.890 Clock:9.301 Level:13
2024-11-23 11:59:06.046 T:3833 debug : CAMLCodec::PollFrame elapsed:39.014ms
2024-11-23 11:59:06.047 T:3833 debug : PrepareNextRender: frameOnScreen: 9.336 renderPts: 9.366 nextFramePts: 9.348 -> diff: 0.018 render: 1 forceNext: 0, m_queued: 14, m_queued empty: true, begin idx: 1, front: 1,m_latencyTweak: 0.000000, GetDisplayLatency: 166.833344, m_videoDelay: 0, GetFrameLatencyAdjustment: 0.000000
2024-11-23 11:59:06.048 T:3833 debug : PrepareNextRender: (9.366) < (9.348 + 0.98 * 0.042): 9.366 < 9.389, lateframes: 0, idx: 1, break
2024-11-23 11:59:06.049 T:3833 debug : CAMLCodec::ReleaseFrame idx:224, drop:0
2024-11-23 11:59:06.056 T:4060 debug : CAMLCodec::DequeueBuffer: pts:9.932 idx:238
2024-11-23 11:59:06.056 T:4060 debug : CAMLCodec::GetPicture: index: 238, pts: 9.932, dur:42.000ms ar:1.78 elf:43ms
2024-11-23 11:59:06.056 T:4060 debug : CVideoPlayerVideo::OutputPicture - ttd:587ms pts:9.932 Clock:9.345 Level:13
2024-11-23 11:59:06.057 T:4060 debug : CAMLCodec::AddData: dl:547264 fl:5547584 sz:4680(4800) lv:9.0% dts:10.349 pts:10.349
2024-11-23 11:59:06.057 T:4060 debug : CAMLCodec::AddData: dl:551680 fl:5543168 sz:4310(4416) lv:9.1% dts:10.390 pts:10.390
2024-11-23 11:59:06.059 T:4058 debug : CVideoPlayer::ProcessVideoData size:133143 dts:56.103 pts:56.103 dur:41.000ms, clock:9.348 level:100
2024-11-23 11:59:06.062 T:4060 debug : CAMLCodec::AddData: dl:629568 fl:5465280 sz:77806(77888) lv:10.3% dts:10.432 pts:10.432
2024-11-23 11:59:06.088 T:3833 debug : CAMLCodec::PollFrame elapsed:38.698ms
2024-11-23 11:59:06.090 T:3833 debug : PrepareNextRender: frameOnScreen: 9.379 renderPts: 9.409 nextFramePts: 9.389 -> diff: 0.020 render: 1 forceNext: 0, m_queued: 14, m_queued empty: true, begin idx: 2, front: 2,m_latencyTweak: 0.000000, GetDisplayLatency: 166.833344, m_videoDelay: 0, GetFrameLatencyAdjustment: 0.000000
2024-11-23 11:59:06.091 T:3833 debug : PrepareNextRender: (9.409) < (9.389 + 0.98 * 0.042): 9.409 < 9.430, lateframes: 0, idx: 2, break
2024-11-23 11:59:06.092 T:3833 debug : CAMLCodec::ReleaseFrame idx:225, drop:0
2024-11-23 11:59:06.098 T:4060 debug : CAMLCodec::DequeueBuffer: pts:9.973 idx:239
2024-11-23 11:59:06.098 T:4060 debug : CAMLCodec::GetPicture: index: 239, pts: 9.973, dur:41.000ms ar:1.78 elf:41ms
2024-11-23 11:59:06.098 T:4060 debug : CVideoPlayerVideo::OutputPicture - ttd:586ms pts:9.973 Clock:9.387 Level:13
2024-11-23 11:59:06.099 T:4060 debug : CAMLCodec::AddData: dl:626816 fl:5468032 sz:21281(21376) lv:10.3% dts:10.474 pts:10.474
2024-11-23 11:59:06.130 T:3833 debug : CAMLCodec::PollFrame elapsed:37.231ms
2024-11-23 11:59:06.132 T:3833 debug : PrepareNextRender: frameOnScreen: 9.420 renderPts: 9.450 nextFramePts: 9.431 -> diff: 0.019 render: 1 forceNext: 0, m_queued: 14, m_queued empty: true, begin idx: 3, front: 3,m_latencyTweak: 0.000000, GetDisplayLatency: 166.833344, m_videoDelay: 0, GetFrameLatencyAdjustment: 0.000000
2024-11-23 11:59:06.132 T:3833 debug : PrepareNextRender: (9.450) < (9.431 + 0.98 * 0.042): 9.450 < 9.472, lateframes: 0, idx: 3, break
2024-11-23 11:59:06.133 T:3833 debug : CAMLCodec::ReleaseFrame idx:226, drop:0
2024-11-23 11:59:06.142 T:4060 debug : CAMLCodec::DequeueBuffer: pts:10.015 idx:240
2024-11-23 11:59:06.142 T:4060 debug : CAMLCodec::GetPicture: index: 240, pts: 10.015, dur:42.000ms ar:1.78 elf:43ms
2024-11-23 11:59:06.142 T:4060 debug : CVideoPlayerVideo::OutputPicture - ttd:584ms pts:10.015 Clock:9.430 Level:13
2024-11-23 11:59:06.143 T:4060 debug : CAMLCodec::AddData: dl:353536 fl:5741312 sz:4458(4544) lv:5.8% dts:10.515 pts:10.515
2024-11-23 11:59:06.145 T:4060 debug : CAMLCodec::AddData: dl:424960 fl:5669888 sz:71338(71424) lv:7.0% dts:10.557 pts:10.557
2024-11-23 11:59:06.145 T:4060 debug : CAMLCodec::AddData: dl:468032 fl:5626816 sz:42977(43072) lv:7.7% dts:10.599 pts:10.599
2024-11-23 11:59:06.145 T:4060 debug : CAMLCodec::AddData: dl:477568 fl:5617280 sz:9410(9536) lv:7.8% dts:10.641 pts:10.641
2024-11-23 11:59:06.145 T:4060 debug : CAMLCodec::AddData: dl:487040 fl:5607808 sz:9373(9472) lv:8.0% dts:10.682 pts:10.682
2024-11-23 11:59:06.146 T:4060 debug : CAMLCodec::AddData: dl:499072 fl:5595776 sz:11926(12032) lv:8.2% dts:10.724 pts:10.724
2024-11-23 11:59:06.146 T:4060 debug : CAMLCodec::AddData: dl:507648 fl:5587200 sz:8452(8576) lv:8.3% dts:10.766 pts:10.766
2024-11-23 11:59:06.146 T:4060 debug : CAMLCodec::AddData: dl:550976 fl:5543872 sz:43233(43328) lv:9.0% dts:10.807 pts:10.807
2024-11-23 11:59:06.146 T:4060 debug : CAMLCodec::AddData: dl:557248 fl:5537600 sz:6163(6272) lv:9.1% dts:10.849 pts:10.849
2024-11-23 11:59:06.146 T:4060 debug : CAMLCodec::AddData: dl:561344 fl:5533504 sz:3824(4096) lv:9.2% dts:10.891 pts:10.891
2024-11-23 11:59:06.148 T:4060 debug : CAMLCodec::AddData: dl:629440 fl:5465408 sz:67999(68096) lv:10.3% dts:10.933 pts:10.933
2024-11-23 11:59:06.152 T:4058 debug : CVideoPlayer::ProcessVideoData size:5705 dts:56.144 pts:56.144 dur:41.000ms, clock:9.440 level:100
2024-11-23 11:59:06.153 T:4058 debug : CVideoPlayer::ProcessVideoData size:8161 dts:56.186 pts:56.186 dur:41.000ms, clock:9.442 level:100
2024-11-23 11:59:06.154 T:4058 debug : CVideoPlayer::ProcessVideoData size:29087 dts:56.228 pts:56.228 dur:41.000ms, clock:9.443 level:100
2024-11-23 11:59:06.156 T:4058 debug : CVideoPlayer::ProcessVideoData size:8323 dts:56.270 pts:56.270 dur:41.000ms, clock:9.445 level:100
2024-11-23 11:59:06.160 T:4058 debug : CVideoPlayer::ProcessVideoData size:282537 dts:56.311 pts:56.311 dur:41.000ms, clock:9.448 level:100
2024-11-23 11:59:06.171 T:3833 debug : CAMLCodec::PollFrame elapsed:38.285ms
2024-11-23 11:59:06.174 T:3833 debug : PrepareNextRender: frameOnScreen: 9.462 renderPts: 9.492 nextFramePts: 9.473 -> diff: 0.019 render: 1 forceNext: 0, m_queued: 14, m_queued empty: true, begin idx: 4, front: 4,m_latencyTweak: 0.000000, GetDisplayLatency: 166.833344, m_videoDelay: 0, GetFrameLatencyAdjustment: 0.000000
2024-11-23 11:59:06.174 T:3833 debug : PrepareNextRender: (9.492) < (9.473 + 0.98 * 0.042): 9.492 < 9.514, lateframes: 0, idx: 4, break
2024-11-23 11:59:06.176 T:3833 debug : CAMLCodec::ReleaseFrame idx:227, drop:0
2024-11-23 11:59:06.181 T:4060 debug : CAMLCodec::DequeueBuffer: pts:10.057 idx:241
2024-11-23 11:59:06.181 T:4060 debug : CAMLCodec::GetPicture: index: 241, pts: 10.057, dur:42.000ms ar:1.78 elf:39ms
2024-11-23 11:59:06.181 T:4060 debug : CVideoPlayerVideo::OutputPicture - ttd:587ms pts:10.057 Clock:9.470 Level:13
2024-11-23 11:59:06.182 T:4060 debug : CAMLCodec::AddData: dl:528256 fl:5566592 sz:23991(24064) lv:8.7% dts:10.974 pts:10.974
2024-11-23 11:59:06.185 T:4060 debug : CAMLCodec::AddData: dl:636224 fl:5458624 sz:107857(107968) lv:10.4% dts:11.016 pts:11.016
2024-11-23 11:59:06.193 T:4058 debug : CVideoPlayer::ProcessVideoData size:8037 dts:56.353 pts:56.353 dur:41.000ms, clock:9.482 level:100
2024-11-23 11:59:06.194 T:4058 debug : CVideoPlayer::ProcessVideoData size:5157 dts:56.395 pts:56.395 dur:41.000ms, clock:9.483 level:100
2024-11-23 11:59:06.213 T:3833 debug : CAMLCodec::PollFrame elapsed:37.025ms
2024-11-23 11:59:06.216 T:3833 debug : PrepareNextRender: frameOnScreen: 9.504 renderPts: 9.534 nextFramePts: 9.514 -> diff: 0.020 render: 1 forceNext: 0, m_queued: 14, m_queued empty: true, begin idx: 5, front: 5,m_latencyTweak: 0.000000, GetDisplayLatency: 166.833344, m_videoDelay: 0, GetFrameLatencyAdjustment: 0.000000
2024-11-23 11:59:06.216 T:3833 debug : PrepareNextRender: (9.534) < (9.514 + 0.98 * 0.042): 9.534 < 9.555, lateframes: 0, idx: 5, break
2024-11-23 11:59:06.217 T:3833 debug : CAMLCodec::ReleaseFrame idx:228, drop:0
2024-11-23 11:59:06.222 T:4060 debug : CAMLCodec::DequeueBuffer: pts:10.098 idx:242
2024-11-23 11:59:06.222 T:4060 debug : CAMLCodec::GetPicture: index: 242, pts: 10.098, dur:41.000ms ar:1.78 elf:40ms
2024-11-23 11:59:06.222 T:4060 debug : CVideoPlayerVideo::OutputPicture - ttd:587ms pts:10.098 Clock:9.511 Level:13
2024-11-23 11:59:06.255 T:3833 debug : CAMLCodec::PollFrame elapsed:36.982ms
2024-11-23 11:59:06.257 T:3833 debug : PrepareNextRender: frameOnScreen: 9.546 renderPts: 9.576 nextFramePts: 9.556 -> diff: 0.020 render: 1 forceNext: 0, m_queued: 14, m_queued empty: true, begin idx: 6, front: 6,m_latencyTweak: 0.000000, GetDisplayLatency: 166.833344, m_videoDelay: 0, GetFrameLatencyAdjustment: 0.000000
2024-11-23 11:59:06.258 T:3833 debug : PrepareNextRender: (9.576) < (9.556 + 0.98 * 0.042): 9.576 < 9.597, lateframes: 0, idx: 6, break
2024-11-23 11:59:06.259 T:3833 debug : CAMLCodec::ReleaseFrame idx:229, drop:0
2024-11-23 11:59:06.263 T:4060 debug : CAMLCodec::DequeueBuffer: pts:10.140 idx:243
2024-11-23 11:59:06.263 T:4060 debug : CAMLCodec::GetPicture: index: 243, pts: 10.140, dur:42.000ms ar:1.78 elf:41ms
2024-11-23 11:59:06.263 T:4060 debug : CVideoPlayerVideo::OutputPicture - ttd:588ms pts:10.140 Clock:9.552 Level:13
2024-11-23 11:59:06.296 T:3833 debug : CAMLCodec::PollFrame elapsed:37.314ms
2024-11-23 11:59:06.299 T:3833 debug : PrepareNextRender: frameOnScreen: 9.587 renderPts: 9.617 nextFramePts: 9.598 -> diff: 0.019 render: 1 forceNext: 0, m_queued: 14, m_queued empty: true, begin idx: 7, front: 7,m_latencyTweak: 0.000000, GetDisplayLatency: 166.833344, m_videoDelay: 0, GetFrameLatencyAdjustment: 0.000000
2024-11-23 11:59:06.299 T:3833 debug : PrepareNextRender: (9.617) < (9.598 + 0.98 * 0.042): 9.617 < 9.639, lateframes: 0, idx: 7, break
2024-11-23 11:59:06.300 T:3833 debug : CAMLCodec::ReleaseFrame idx:230, drop:0
2024-11-23 11:59:06.304 T:4060 debug : CAMLCodec::DequeueBuffer: pts:10.182 idx:244
2024-11-23 11:59:06.304 T:4060 debug : CAMLCodec::GetPicture: index: 244, pts: 10.182, dur:42.000ms ar:1.78 elf:41ms
2024-11-23 11:59:06.304 T:4060 debug : CVideoPlayerVideo::OutputPicture - ttd:588ms pts:10.182 Clock:9.593 Level:13
2024-11-23 11:59:06.308 T:4060 debug : CAMLCodec::AddData: dl:701952 fl:5392896 sz:133153(133248) lv:11.5% dts:11.058 pts:11.058
2024-11-23 11:59:06.317 T:4058 debug : CVideoPlayer::ProcessVideoData size:4417 dts:56.436 pts:56.436 dur:41.000ms, clock:9.605 level:100
2024-11-23 11:59:06.318 T:4058 debug : CVideoPlayer::ProcessVideoData size:81374 dts:56.478 pts:56.478 dur:41.000ms, clock:9.607 level:100
2024-11-23 11:59:06.321 T:4058 debug : CVideoPlayer::ProcessVideoData size:21498 dts:56.520 pts:56.520 dur:41.000ms, clock:9.609 level:100
2024-11-23 11:59:06.322 T:4058 debug : CVideoPlayer::ProcessVideoData size:4369 dts:56.561 pts:56.561 dur:41.000ms, clock:9.610 level:100
2024-11-23 11:59:06.324 T:4058 debug : CVideoPlayer::ProcessVideoData size:71775 dts:56.603 pts:56.603 dur:41.000ms, clock:9.613 level:100
