2024-11-23 11:59:26.695 T:3833 debug : PrepareNextRender: (30.014) < (30.035 + 0.00 * 0.042): 30.014 < 30.035, lateframes: 1, idx: 0, break
2024-11-23 11:59:26.701 T:4060 debug : CAMLCodec::DequeueBuffer: pts:30.577 idx:733
2024-11-23 11:59:26.701 T:4060 debug : CAMLCodec::GetPicture: index: 733, pts: 30.577, dur:42.000ms ar:1.78 elf:41ms
2024-11-23 11:59:26.701 T:4060 debug : CVideoPlayerVideo::OutputPicture - ttd:587ms pts:30.577 Clock:29.990 Level:13
2024-11-23 11:59:26.702 T:3833 debug : CAMLCodec::ReleaseFrame idx:719, drop:0
2024-11-23 11:59:26.733 T:3833 debug : CAMLCodec::PollFrame elapsed:31.432ms
2024-11-23 11:59:26.736 T:3833 debug : PrepareNextRender: frameOnScreen: 30.025 renderPts: 30.056 nextFramePts: 30.035 -> diff: 0.021 render: 1 forceNext: 0, m_queued: 14, m_queued empty: true, begin idx: 2, front: 2,m_latencyTweak: 0.000000, GetDisplayLatency: 166.833344, m_videoDelay: 0, GetFrameLatencyAdjustment: 0.000000
2024-11-23 11:59:26.736 T:3833 debug : PrepareNextRender: (30.056) < (30.035 + 0.00 * 0.042): 30.056 < 30.035, lateframes: 0, idx: 2, lateframe
2024-11-23 11:59:26.736 T:3833 debug : PrepareNextRender: (30.056) < (30.077 + 0.00 * 0.042): 30.056 < 30.077, lateframes: 1, idx: 2, break
2024-11-23 11:59:26.742 T:4060 debug : CAMLCodec::DequeueBuffer: pts:30.619 idx:734
2024-11-23 11:59:26.742 T:4060 debug : CAMLCodec::GetPicture: index: 734, pts: 30.619, dur:42.000ms ar:1.78 elf:40ms
2024-11-23 11:59:26.742 T:4060 debug : CVideoPlayerVideo::OutputPicture - ttd:588ms pts:30.619 Clock:30.031 Level:13
2024-11-23 11:59:26.743 T:3833 debug : CAMLCodec::ReleaseFrame idx:720, drop:0
2024-11-23 11:59:26.775 T:3833 debug : CAMLCodec::PollFrame elapsed:32.364ms
2024-11-23 11:59:26.778 T:3833 debug : PrepareNextRender: frameOnScreen: 30.067 renderPts: 30.097 nextFramePts: 30.077 -> diff: 0.020 render: 1 forceNext: 0, m_queued: 14, m_queued empty: true, begin idx: 1, front: 1,m_latencyTweak: 0.000000, GetDisplayLatency: 166.833344, m_videoDelay: 0, GetFrameLatencyAdjustment: 0.000000
2024-11-23 11:59:26.778 T:3833 debug : PrepareNextRender: (30.097) < (30.077 + 0.00 * 0.042): 30.097 < 30.077, lateframes: 0, idx: 1, lateframe
2024-11-23 11:59:26.778 T:3833 debug : PrepareNextRender: (30.097) < (30.118 + 0.00 * 0.042): 30.097 < 30.118, lateframes: 1, idx: 1, break
2024-11-23 11:59:26.785 T:4060 debug : CAMLCodec::DequeueBuffer: pts:30.661 idx:735
2024-11-23 11:59:26.785 T:4060 debug : CAMLCodec::GetPicture: index: 735, pts: 30.661, dur:41.999ms ar:1.78 elf:42ms
2024-11-23 11:59:26.785 T:4060 debug : CVideoPlayerVideo::OutputPicture - ttd:587ms pts:30.661 Clock:30.073 Level:13
2024-11-23 11:59:26.785 T:3833 debug : CAMLCodec::ReleaseFrame idx:721, drop:0
2024-11-23 11:59:26.817 T:3833 debug : CAMLCodec::PollFrame elapsed:31.729ms
2024-11-23 11:59:26.820 T:3833 debug : PrepareNextRender: frameOnScreen: 30.108 renderPts: 30.139 nextFramePts: 30.118 -> diff: 0.021 render: 1 forceNext: 0, m_queued: 14, m_queued empty: true, begin idx: 3, front: 3,m_latencyTweak: 0.000000, GetDisplayLatency: 166.833344, m_videoDelay: 0, GetFrameLatencyAdjustment: 0.000000
2024-11-23 11:59:26.820 T:3833 debug : PrepareNextRender: (30.139) < (30.118 + 0.00 * 0.042): 30.139 < 30.118, lateframes: 0, idx: 3, lateframe
2024-11-23 11:59:26.820 T:3833 debug : PrepareNextRender: (30.139) < (30.160 + 0.00 * 0.042): 30.139 < 30.160, lateframes: 1, idx: 3, break
2024-11-23 11:59:26.826 T:3833 debug : CAMLCodec::ReleaseFrame idx:722, drop:0
2024-11-23 11:59:26.826 T:4060 debug : CAMLCodec::DequeueBuffer: pts:30.702 idx:736
2024-11-23 11:59:26.826 T:4060 debug : CAMLCodec::GetPicture: index: 736, pts: 30.702, dur:41.001ms ar:1.78 elf:41ms
2024-11-23 11:59:26.827 T:4060 debug : CVideoPlayerVideo::OutputPicture - ttd:586ms pts:30.702 Clock:30.115 Level:13
2024-11-23 11:59:26.859 T:3833 debug : CAMLCodec::PollFrame elapsed:32.223ms
2024-11-23 11:59:26.861 T:3833 debug : PrepareNextRender: frameOnScreen: 30.150 renderPts: 30.181 nextFramePts: 30.160 -> diff: 0.021 render: 1 forceNext: 0, m_queued: 14, m_queued empty: true, begin idx: 4, front: 4,m_latencyTweak: 0.000000, GetDisplayLatency: 166.833344, m_videoDelay: 0, GetFrameLatencyAdjustment: 0.000000
2024-11-23 11:59:26.862 T:3833 debug : PrepareNextRender: (30.181) < (30.160 + 0.00 * 0.042): 30.181 < 30.160, lateframes: 0, idx: 4, lateframe
2024-11-23 11:59:26.862 T:3833 debug : PrepareNextRender: (30.181) < (30.202 + 0.00 * 0.042): 30.181 < 30.202, lateframes: 1, idx: 4, break
2024-11-23 11:59:26.867 T:4060 debug : CAMLCodec::DequeueBuffer: pts:30.744 idx:737
2024-11-23 11:59:26.867 T:4060 debug : CAMLCodec::GetPicture: index: 737, pts: 30.744, dur:42.000ms ar:1.78 elf:40ms
2024-11-23 11:59:26.867 T:4060 debug : CVideoPlayerVideo::OutputPicture - ttd:588ms pts:30.744 Clock:30.155 Level:13
2024-11-23 11:59:26.868 T:3833 debug : CAMLCodec::ReleaseFrame idx:723, drop:0
2024-11-23 11:59:26.900 T:3833 debug : CAMLCodec::PollFrame elapsed:32.232ms
2024-11-23 11:59:26.905 T:4058 debug : CVideoPlayer::SetCaching - caching state 2 clock:30.193 start pts:0.005
2024-11-23 11:59:26.905 T:4058 debug : CDVDClock::SetSpeedAdjust - adjusted:0.000000
2024-11-23 11:59:26.905 T:4058 debug : demuxer seek to: 20193.401764
2024-11-23 11:59:26.905 T:4060 debug : CAMLCodec::SetSpeed, speed(0)
2024-11-23 11:59:26.905 T:4060 debug : SetCodecControl 10000000->0
2024-11-23 11:59:26.905 T:4060 debug : CAMLCodec::AddData: dl:738048 fl:5356800 sz:8037(8128) lv:12.1% dts:31.328 pts:31.328
2024-11-23 11:59:26.906 T:3833 debug : PrepareNextRender: frameOnScreen: 30.193 renderPts: 30.224 nextFramePts: 30.202 -> diff: 0.022 render: 1 forceNext: 0, m_queued: 14, m_queued empty: true, begin idx: 5, front: 5,m_latencyTweak: 0.000000, GetDisplayLatency: 166.833344, m_videoDelay: 0, GetFrameLatencyAdjustment: 0.000000
2024-11-23 11:59:26.907 T:3833 debug : PrepareNextRender: (30.224) < (30.202 + 0.00 * 0.042): 30.224 < 30.202, lateframes: 0, idx: 5, lateframe
2024-11-23 11:59:26.907 T:3833 debug : PrepareNextRender: (30.224) < (30.244 + 0.00 * 0.042): 30.224 < 30.244, lateframes: 1, idx: 5, break
2024-11-23 11:59:26.907 T:4060 debug : CAMLCodec::AddData: dl:743296 fl:5351552 sz:5157(5248) lv:12.2% dts:31.370 pts:31.370
2024-11-23 11:59:26.907 T:4058 debug : SeekTime - seek ended up on time 20025
2024-11-23 11:59:26.907 T:4058 debug : demuxer seek to: 20193.401764, success
2024-11-23 11:59:26.907 T:4058 debug : CVideoPlayer::FlushBuffers - flushing buffers
2024-11-23 11:59:26.908 T:4060 debug : CAMLCodec::AddData: dl:739264 fl:5355584 sz:4417(4544) lv:12.1% dts:31.411 pts:31.411
2024-11-23 11:59:26.908 T:4060 debug : CAMLCodec::DequeueBuffer: pts:30.786 idx:738
2024-11-23 11:59:26.908 T:4060 debug : CAMLCodec::GetPicture: index: 738, pts: 30.786, dur:41.999ms ar:1.78 elf:41ms
2024-11-23 11:59:26.908 T:4060 debug : CVideoPlayerVideo::OutputPicture - ttd:592ms pts:30.786 Clock:30.193 Level:13
2024-11-23 11:59:26.912 T:4060 debug : CAMLCodec::AddData: dl:820736 fl:5274112 sz:81374(81472) lv:13.5% dts:31.453 pts:31.453
2024-11-23 11:59:26.913 T:3833 debug : CAMLCodec::ReleaseFrame idx:724, drop:0
2024-11-23 11:59:26.913 T:4060 debug : CAMLCodec::AddData: dl:842304 fl:5252544 sz:21498(21568) lv:13.8% dts:31.495 pts:31.495
2024-11-23 11:59:26.915 T:4060 debug : CAMLCodec::AddData: dl:846784 fl:5248064 sz:4369(4480) lv:13.9% dts:31.536 pts:31.536
2024-11-23 11:59:26.915 T:4061 debug : CDVDAudio::Pause - pausing audio stream
2024-11-23 11:59:26.915 T:4060 debug : CAMLCodec::Reset
2024-11-23 11:59:26.932 T:4061 debug : CDVDAudio::Flush - flush audio stream
2024-11-23 11:59:26.932 T:4061 debug : CDVDAudio::Pause - pausing audio stream
2024-11-23 11:59:26.942 T:3833 debug : CAMLCodec::PollFrame elapsed:29.226ms
2024-11-23 11:59:26.947 T:3833 debug : PrepareNextRender: frameOnScreen: 30.193 renderPts: 30.224 nextFramePts: 30.244 -> diff: -0.020 render: 0 forceNext: 0, m_queued: 14, m_queued empty: true, begin idx: 6, front: 6,m_latencyTweak: 0.000000, GetDisplayLatency: 166.833344, m_videoDelay: 0, GetFrameLatencyAdjustment: 0.000000
2024-11-23 11:59:26.955 T:3833 debug : CAMLCodec::ReleaseFrame idx:725, drop:0
2024-11-23 11:59:26.957 T:3833 debug : PrepareNextRender: frameOnScreen: 30.193 renderPts: 30.224 nextFramePts: 30.285 -> diff: -0.061 render: 0 forceNext: 0, m_queued: 13, m_queued empty: true, begin idx: 7, front: 7,m_latencyTweak: 0.000000, GetDisplayLatency: 166.833344, m_videoDelay: 0, GetFrameLatencyAdjustment: 0.000000
2024-11-23 11:59:26.984 T:3833 info : Skipped 1 duplicate messages..
2024-11-23 11:59:26.984 T:3833 debug : CAMLCodec::PollFrame elapsed:12.659ms
2024-11-23 11:59:26.984 T:4060 debug : CVideoPlayerVideo - CDVDMsg::GENERAL_SYNCHRONIZE
2024-11-23 11:59:26.984 T:4061 debug : CVideoPlayerAudio - CDVDMsg::GENERAL_SYNCHRONIZE
2024-11-23 11:59:26.984 T:4058 debug : CVideoPlayer::HandleMessages: flush buffers: dts:20.193 lastSeek:31.119 clock:30.193
2024-11-23 11:59:26.988 T:3833 debug : CAMLCodec::ReleaseFrame idx:726, drop:1
2024-11-23 11:59:26.988 T:3833 debug : CAMLCodec::ReleaseFrame idx:727, drop:1
2024-11-23 11:59:26.988 T:3833 debug : CAMLCodec::ReleaseFrame idx:728, drop:1
2024-11-23 11:59:26.988 T:3833 debug : CAMLCodec::ReleaseFrame idx:729, drop:1
2024-11-23 11:59:26.988 T:3833 debug : CAMLCodec::ReleaseFrame idx:730, drop:1
2024-11-23 11:59:26.988 T:3833 debug : CAMLCodec::ReleaseFrame idx:731, drop:1
2024-11-23 11:59:26.988 T:3833 debug : CAMLCodec::ReleaseFrame idx:732, drop:1
2024-11-23 11:59:26.988 T:3833 debug : CAMLCodec::ReleaseFrame idx:733, drop:1
2024-11-23 11:59:26.988 T:3833 debug : CAMLCodec::ReleaseFrame idx:734, drop:1
2024-11-23 11:59:26.988 T:3833 debug : CAMLCodec::ReleaseFrame idx:735, drop:1
2024-11-23 11:59:26.988 T:3833 debug : CAMLCodec::ReleaseFrame idx:736, drop:1
2024-11-23 11:59:26.988 T:3833 debug : CAMLCodec::ReleaseFrame idx:737, drop:1
2024-11-23 11:59:26.988 T:3833 debug : CAMLCodec::ReleaseFrame idx:738, drop:1
2024-11-23 11:59:26.990 T:4058 debug : CVideoPlayer::ProcessVideoData size:277667 dts:20.025 pts:20.025 dur:41.000ms, clock:30.193 level:0
2024-11-23 11:59:26.990 T:4060 debug : CVideoPlayerVideo - Stillframe left, switching to normal playback
2024-11-23 11:59:26.990 T:4060 debug : CVideoPlayerVideo::CalcDropRequirement - hurry: 0
2024-11-23 11:59:26.990 T:4060 debug : SetCodecControl 0->4000000
2024-11-23 11:59:26.993 T:4060 debug : CAMLCodec::AddData: dl:277760 fl:5817088 sz:277664(277760) lv:4.6% dts:20.025 pts:20.025
2024-11-23 11:59:26.995 T:4061 info : CAEStreamParser::SyncDTS - dtsHD MA stream detected (4 channels, 48000Hz, 16bit BE, period: 8192, syncword: 0x41a29547, target rate: 0x18, framesize 2076))
2024-11-23 11:59:26.996 T:4058 debug : CVideoPlayer::ProcessVideoData size:125156 dts:20.067 pts:20.067 dur:41.000ms, clock:30.193 level:0
2024-11-23 11:59:26.996 T:4060 debug : CVideoPlayerVideo::CalcDropRequirement - hurry: 0
2024-11-23 11:59:26.998 T:4058 debug : CVideoPlayer::ProcessVideoData size:14161 dts:20.108 pts:20.108 dur:41.000ms, clock:30.193 level:0
2024-11-23 11:59:26.999 T:4060 debug : CAMLCodec::AddData: dl:403008 fl:5691840 sz:125156(125248) lv:6.6% dts:20.067 pts:20.067
2024-11-23 11:59:26.999 T:4060 debug : CVideoPlayerVideo::CalcDropRequirement - hurry: 0
2024-11-23 11:59:26.999 T:4060 debug : CAMLCodec::AddData: dl:417280 fl:5677568 sz:14161(14272) lv:6.8% dts:20.108 pts:20.108
2024-11-23 11:59:26.999 T:4058 debug : CVideoPlayer::ProcessVideoData size:9525 dts:20.150 pts:20.150 dur:41.000ms, clock:30.193 level:0
2024-11-23 11:59:26.999 T:4060 debug : CVideoPlayerVideo::CalcDropRequirement - hurry: 0
2024-11-23 11:59:26.999 T:4060 debug : CAMLCodec::AddData: dl:426880 fl:5667968 sz:9525(9600) lv:7.0% dts:20.150 pts:20.150
2024-11-23 11:59:27.001 T:4058 debug : CVideoPlayer::ProcessVideoData size:43726 dts:20.192 pts:20.192 dur:41.000ms, clock:30.193 level:0
2024-11-23 11:59:27.001 T:4060 debug : CVideoPlayerVideo::CalcDropRequirement - hurry: 0
2024-11-23 11:59:27.001 T:4060 debug : CAMLCodec::AddData: dl:470720 fl:5624128 sz:43726(43840) lv:7.7% dts:20.192 pts:20.192
2024-11-23 11:59:27.002 T:4058 debug : CVideoPlayer::ProcessVideoData size:8836 dts:20.234 pts:20.234 dur:41.000ms, clock:30.193 level:0
2024-11-23 11:59:27.003 T:4060 debug : CVideoPlayerVideo::CalcDropRequirement - hurry: 0
2024-11-23 11:59:27.003 T:4060 debug : CAMLCodec::AddData: dl:479680 fl:5615168 sz:8836(8960) lv:7.9% dts:20.234 pts:20.234
2024-11-23 11:59:27.004 T:4058 debug : CVideoPlayer::ProcessVideoData size:4449 dts:20.275 pts:20.275 dur:41.000ms, clock:30.193 level:0
2024-11-23 11:59:27.004 T:4060 debug : CVideoPlayerVideo::CalcDropRequirement - hurry: 0
2024-11-23 11:59:27.004 T:4060 debug : CAMLCodec::AddData: dl:484224 fl:5610624 sz:4449(4544) lv:7.9% dts:20.275 pts:20.275
2024-11-23 11:59:27.004 T:4058 debug : CVideoPlayer::HandleMessages - player started 1
2024-11-23 11:59:27.005 T:4024 debug : OnAVChange: CApplication::OnAVChange
2024-11-23 11:59:27.006 T:4058 debug : CVideoPlayer::ProcessVideoData size:34049 dts:20.317 pts:20.317 dur:41.000ms, clock:30.193 level:0
2024-11-23 11:59:27.006 T:4060 debug : CVideoPlayerVideo::CalcDropRequirement - hurry: 0
2024-11-23 11:59:27.006 T:4060 debug : CAMLCodec::AddData: dl:518400 fl:5576448 sz:34049(34176) lv:8.5% dts:20.317 pts:20.317
2024-11-23 11:59:27.007 T:4058 debug : CVideoPlayer::ProcessVideoData size:4695 dts:20.359 pts:20.359 dur:41.000ms, clock:30.193 level:0
2024-11-23 11:59:27.007 T:4060 debug : CVideoPlayerVideo::CalcDropRequirement - hurry: 0
2024-11-23 11:59:27.007 T:4060 debug : CAMLCodec::AddData: dl:523200 fl:5571648 sz:4695(4800) lv:8.6% dts:20.359 pts:20.359
2024-11-23 11:59:27.009 T:4058 debug : CVideoPlayer::ProcessVideoData size:4310 dts:20.400 pts:20.400 dur:41.000ms, clock:30.193 level:0
2024-11-23 11:59:27.009 T:4060 debug : CVideoPlayerVideo::CalcDropRequirement - hurry: 0
2024-11-23 11:59:27.009 T:4060 debug : CAMLCodec::AddData: dl:249856 fl:5844992 sz:4310(4416) lv:4.1% dts:20.400 pts:20.400
2024-11-23 11:59:27.010 T:4058 debug : CVideoPlayer::ProcessVideoData size:77722 dts:20.442 pts:20.442 dur:41.000ms, clock:30.193 level:0
2024-11-23 11:59:27.010 T:4060 debug : CVideoPlayerVideo::CalcDropRequirement - hurry: 0
2024-11-23 11:59:27.012 T:4058 debug : CVideoPlayer::ProcessVideoData size:21277 dts:20.484 pts:20.484 dur:41.000ms, clock:30.193 level:0
2024-11-23 11:59:27.013 T:4060 debug : CAMLCodec::AddData: dl:327680 fl:5767168 sz:77722(77824) lv:5.4% dts:20.442 pts:20.442
2024-11-23 11:59:27.013 T:4060 debug : CAMLCodec::DequeueBuffer: pts:20.025 idx:739
2024-11-23 11:59:27.013 T:4060 debug : CAMLCodec::GetPicture: index: 739, pts: 20.025, dur:41.708ms ar:1.78 elf:104ms
2024-11-23 11:59:27.013 T:4060 debug : CVideoPlayerVideo::OutputPicture - ttd:-10168ms pts:20.025 Clock:30.193 Level:0
2024-11-23 11:59:27.013 T:4058 debug : CVideoPlayer::ProcessVideoData size:4447 dts:20.525 pts:20.525 dur:41.000ms, clock:30.193 level:0
2024-11-23 11:59:27.015 T:4058 debug : CVideoPlayer::ProcessVideoData size:71341 dts:20.567 pts:20.567 dur:41.000ms, clock:30.193 level:1
2024-11-23 11:59:27.017 T:4058 debug : CVideoPlayer::ProcessVideoData size:42980 dts:20.609 pts:20.609 dur:41.000ms, clock:30.193 level:2
2024-11-23 11:59:27.018 T:4058 debug : CVideoPlayer::ProcessVideoData size:9388 dts:20.651 pts:20.651 dur:41.000ms, clock:30.193 level:2
2024-11-23 11:59:27.020 T:4058 debug : CVideoPlayer::ProcessVideoData size:9340 dts:20.692 pts:20.692 dur:41.000ms, clock:30.193 level:3
2024-11-23 11:59:27.021 T:4058 debug : CVideoPlayer::ProcessVideoData size:11929 dts:20.734 pts:20.734 dur:41.000ms, clock:30.193 level:3
2024-11-23 11:59:27.023 T:4058 debug : CVideoPlayer::ProcessVideoData size:8456 dts:20.776 pts:20.776 dur:41.000ms, clock:30.193 level:4
2024-11-23 11:59:27.025 T:4058 debug : CVideoPlayer::ProcessVideoData size:43185 dts:20.817 pts:20.817 dur:41.000ms, clock:30.193 level:4
2024-11-23 11:59:27.025 T:3833 debug : CAMLCodec::PollFrame elapsed:22.475ms
2024-11-23 11:59:27.026 T:4058 debug : CVideoPlayer::ProcessVideoData size:6166 dts:20.859 pts:20.859 dur:41.000ms, clock:30.193 level:5
2024-11-23 11:59:27.028 T:4058 debug : CVideoPlayer::ProcessVideoData size:3824 dts:20.901 pts:20.901 dur:41.000ms, clock:30.193 level:5
2024-11-23 11:59:27.030 T:4058 debug : CVideoPlayer::ProcessVideoData size:68031 dts:20.943 pts:20.943 dur:41.000ms, clock:30.193 level:6
2024-11-23 11:59:27.030 T:3833 debug : PrepareNextRender: frameOnScreen: 30.193 renderPts: 30.224 nextFramePts: 20.025 -> diff: 10.199 render: 1 forceNext: 1, m_queued: 1, m_queued empty: true, begin idx: 4, front: 4,m_latencyTweak: 0.000000, GetDisplayLatency: 166.833344, m_videoDelay: 0, GetFrameLatencyAdjustment: 0.000000
2024-11-23 11:59:27.030 T:3833 debug : PrepareNextRender: (30.224) < (20.025 + 0.98 * 0.042): 30.224 < 20.066, lateframes: 0, idx: 4, lateframe
2024-11-23 11:59:27.030 T:4058 debug : CVideoPlayer::HandleMessages - player started 2
2024-11-23 11:59:27.031 T:4058 debug : CVideoPlayer::SetCaching - caching state 3 clock:30.193 start pts:20.025
2024-11-23 11:59:27.031 T:4058 debug : CDVDClock::SetSpeedAdjust - adjusted:0.000000
2024-11-23 11:59:27.031 T:4060 debug : CAMLCodec::SetSpeed, speed(1000)
2024-11-23 11:59:27.031 T:4058 debug : CVideoPlayer::SetCaching - caching state 0 clock:30.193 start pts:20.025
2024-11-23 11:59:27.031 T:4058 debug : CDVDClock::SetSpeedAdjust - adjusted:0.000000
2024-11-23 11:59:27.031 T:4058 debug : VideoPlayer::Sync - Audio - pts: 20.324, cache: 0.381, totalcache: 0.685, packets:87 level:8
2024-11-23 11:59:27.031 T:4058 debug : VideoPlayer::Sync - Video - pts: 20.025, cache: 0.050, totalcache: 0.100, packets:23 level:6
2024-11-23 11:59:27.031 T:4061 debug : CDVDAudio::Resume - resume audio stream
2024-11-23 11:59:27.032 T:3865 debug : ActiveAE - start sync of audio stream
2024-11-23 11:59:27.032 T:4060 debug : CVideoPlayerVideo - CDVDMsg::GENERAL_RESYNC(19925000.000000)
2024-11-23 11:59:27.032 T:4060 debug : CVideoPlayerVideo - OUTPUT_AGAIN - vfmt, interlace should be checked.
2024-11-23 11:59:27.033 T:4060 debug : CVideoPlayerVideo::CalcDropRequirement - hurry: 0
2024-11-23 11:59:27.033 T:4060 debug : CAMLCodec::AddData: dl:209536 fl:5885312 sz:21277(21376) lv:3.4% dts:20.484 pts:20.484
2024-11-23 11:59:27.033 T:4060 debug : CAMLCodec::DequeueBuffer: pts:20.067 idx:740
2024-11-23 11:59:27.033 T:4060 debug : CAMLCodec::GetPicture: index: 740, pts: 20.067, dur:42.000ms ar:1.78 elf:2ms
2024-11-23 11:59:27.033 T:4060 debug : CVideoPlayerVideo::OutputPicture - ttd:139ms pts:20.067 Clock:19.928 Level:0
2024-11-23 11:59:27.034 T:4060 debug : CVideoPlayerVideo - CDVDMsg::DEMUXER_PACKET - checking interlace vfmt: null
2024-11-23 11:59:27.034 T:4058 debug : CVideoPlayer::ProcessVideoData size:23982 dts:20.984 pts:20.984 dur:41.000ms, clock:19.928 level:6
2024-11-23 11:59:27.036 T:4060 debug : CAMLCodec::DequeueBuffer: pts:20.108 idx:741
2024-11-23 11:59:27.037 T:4060 debug : CAMLCodec::GetPicture: index: 741, pts: 20.108, dur:41.000ms ar:1.78 elf:3ms
2024-11-23 11:59:27.037 T:4060 debug : CVideoPlayerVideo::OutputPicture - ttd:176ms pts:20.108 Clock:19.931 Level:1
2024-11-23 11:59:27.037 T:4058 debug : CVideoPlayer::ProcessVideoData size:107852 dts:21.026 pts:21.026 dur:41.000ms, clock:19.931 level:6
2024-11-23 11:59:27.039 T:4060 debug : CAMLCodec::DequeueBuffer: pts:20.150 idx:742
2024-11-23 11:59:27.040 T:4058 debug : CVideoPlayer::ProcessVideoData size:133143 dts:21.068 pts:21.068 dur:41.000ms, clock:19.934 level:7
2024-11-23 11:59:27.040 T:4060 debug : CAMLCodec::GetPicture: index: 742, pts: 20.150, dur:42.000ms ar:1.78 elf:2ms
2024-11-23 11:59:27.040 T:4060 debug : CVideoPlayerVideo::OutputPicture - ttd:215ms pts:20.150 Clock:19.934 Level:2
2024-11-23 11:59:27.041 T:4060 debug : SetCodecControl 4000000->0
2024-11-23 11:59:27.041 T:4058 debug : CVideoPlayer::ProcessVideoData size:5705 dts:21.109 pts:21.109 dur:41.000ms, clock:19.936 level:7
2024-11-23 11:59:27.042 T:4060 debug : CAMLCodec::AddData: dl:204480 fl:5890368 sz:4447(4544) lv:3.4% dts:20.525 pts:20.525
2024-11-23 11:59:27.042 T:4060 debug : CAMLCodec::DequeueBuffer: pts:20.192 idx:743
2024-11-23 11:59:27.042 T:4060 debug : CAMLCodec::GetPicture: index: 743, pts: 20.192, dur:42.000ms ar:1.78 elf:2ms
2024-11-23 11:59:27.042 T:4060 debug : CVideoPlayerVideo::OutputPicture - ttd:255ms pts:20.192 Clock:19.936 Level:3
2024-11-23 11:59:27.043 T:4058 debug : CVideoPlayer::ProcessVideoData size:8161 dts:21.151 pts:21.151 dur:41.000ms, clock:19.937 level:7
2024-11-23 11:59:27.043 T:3833 debug : CAMLCodec::ReleaseFrame idx:739, drop:0
2024-11-23 11:59:27.045 T:4058 debug : CVideoPlayer::ProcessVideoData size:29087 dts:21.193 pts:21.193 dur:41.000ms, clock:19.939 level:7
2024-11-23 11:59:27.046 T:4058 debug : CVideoPlayer::ProcessVideoData size:8323 dts:21.235 pts:21.235 dur:41.000ms, clock:19.941 level:8
2024-11-23 11:59:27.047 T:4060 debug : CAMLCodec::AddData: dl:232064 fl:5862784 sz:71341(71424) lv:3.8% dts:20.567 pts:20.567
2024-11-23 11:59:27.047 T:4060 debug : CAMLCodec::AddData: dl:275136 fl:5819712 sz:42980(43072) lv:4.5% dts:20.609 pts:20.609
2024-11-23 11:59:27.047 T:4060 debug : CAMLCodec::AddData: dl:284608 fl:5810240 sz:9388(9472) lv:4.7% dts:20.651 pts:20.651
2024-11-23 11:59:27.047 T:4060 debug : CAMLCodec::AddData: dl:294016 fl:5800832 sz:9340(9408) lv:4.8% dts:20.692 pts:20.692
2024-11-23 11:59:27.047 T:4060 debug : CVideoPlayerVideo - CDVDMsg::DEMUXER_PACKET - checking interlace vfmt: null
2024-11-23 11:59:27.047 T:4060 debug : CAMLCodec::AddData: dl:306048 fl:5788800 sz:11929(12032) lv:5.0% dts:20.734 pts:20.734
2024-11-23 11:59:27.048 T:4060 debug : CAMLCodec::AddData: dl:314624 fl:5780224 sz:8456(8576) lv:5.2% dts:20.776 pts:20.776
2024-11-23 11:59:27.048 T:4060 debug : CAMLCodec::AddData: dl:357888 fl:5736960 sz:43185(43264) lv:5.9% dts:20.817 pts:20.817
2024-11-23 11:59:27.048 T:4060 debug : CAMLCodec::AddData: dl:364160 fl:5730688 sz:6166(6272) lv:6.0% dts:20.859 pts:20.859
2024-11-23 11:59:27.048 T:4060 debug : CAMLCodec::AddData: dl:368256 fl:5726592 sz:3824(4096) lv:6.0% dts:20.901 pts:20.901
2024-11-23 11:59:27.048 T:4060 debug : CVideoPlayerVideo - CDVDMsg::DEMUXER_PACKET - checking interlace vfmt: null
2024-11-23 11:59:27.049 T:4058 debug : CVideoPlayer::ProcessVideoData size:282537 dts:21.276 pts:21.276 dur:41.000ms, clock:19.943 level:4
2024-11-23 11:59:27.051 T:4060 debug : CAMLCodec::AddData: dl:436352 fl:5658496 sz:68031(68096) lv:7.2% dts:20.943 pts:20.943
2024-11-23 11:59:27.051 T:4060 debug : CAMLCodec::DequeueBuffer: pts:20.234 idx:744
2024-11-23 11:59:27.051 T:4058 debug : CVideoPlayer::ProcessVideoData size:8037 dts:21.318 pts:21.318 dur:41.000ms, clock:19.945 level:4
2024-11-23 11:59:27.051 T:4060 debug : CAMLCodec::GetPicture: index: 744, pts: 20.234, dur:42.000ms ar:1.78 elf:9ms
2024-11-23 11:59:27.051 T:4060 debug : CVideoPlayerVideo::OutputPicture - ttd:288ms pts:20.234 Clock:19.946 Level:4
2024-11-23 11:59:27.053 T:4058 debug : CVideoPlayer::ProcessVideoData size:5157 dts:21.360 pts:21.360 dur:41.000ms, clock:19.947 level:4
2024-11-23 11:59:27.053 T:4060 debug : CAMLCodec::AddData: dl:451456 fl:5643392 sz:23982(24064) lv:7.4% dts:20.984 pts:20.984
2024-11-23 11:59:27.054 T:4058 debug : CVideoPlayer::ProcessVideoData size:4417 dts:21.401 pts:21.401 dur:41.000ms, clock:19.948 level:4
2024-11-23 11:59:27.055 T:4060 debug : CAMLCodec::AddData: dl:559424 fl:5535424 sz:107852(107968) lv:9.2% dts:21.026 pts:21.026
2024-11-23 11:59:27.056 T:4058 debug : CVideoPlayer::ProcessVideoData size:81374 dts:21.443 pts:21.443 dur:41.000ms, clock:19.950 level:4
2024-11-23 11:59:27.057 T:4058 debug : CVideoPlayer::ProcessVideoData size:21498 dts:21.485 pts:21.485 dur:41.000ms, clock:19.952 level:5
2024-11-23 11:59:27.057 T:4060 debug : CAMLCodec::AddData: dl:692672 fl:5402176 sz:133143(133248) lv:11.4% dts:21.068 pts:21.068
2024-11-23 11:59:27.058 T:4060 debug : CAMLCodec::DequeueBuffer: pts:20.275 idx:745
2024-11-23 11:59:27.058 T:4060 debug : CAMLCodec::GetPicture: index: 745, pts: 20.275, dur:41.000ms ar:1.78 elf:6ms
2024-11-23 11:59:27.058 T:4060 debug : CVideoPlayerVideo::OutputPicture - ttd:322ms pts:20.275 Clock:19.952 Level:5
2024-11-23 11:59:27.059 T:4058 debug : CVideoPlayer::ProcessVideoData size:4369 dts:21.526 pts:21.526 dur:41.000ms, clock:19.953 level:5
2024-11-23 11:59:27.061 T:4058 debug : CVideoPlayer::ProcessVideoData size:71775 dts:21.568 pts:21.568 dur:41.000ms, clock:19.955 level:6
2024-11-23 11:59:27.063 T:4058 debug : CVideoPlayer::ProcessVideoData size:43075 dts:21.610 pts:21.610 dur:41.000ms, clock:19.957 level:6
2024-11-23 11:59:27.064 T:4058 debug : CVideoPlayer::ProcessVideoData size:9592 dts:21.652 pts:21.652 dur:41.000ms, clock:19.958 level:7
2024-11-23 11:59:27.065 T:4058 debug : CVideoPlayer::ProcessVideoData size:8763 dts:21.693 pts:21.693 dur:41.000ms, clock:19.959 level:7
2024-11-23 11:59:27.065 T:4060 debug : CAMLCodec::DequeueBuffer: pts:20.317 idx:746
2024-11-23 11:59:27.065 T:4060 debug : CAMLCodec::GetPicture: index: 746, pts: 20.317, dur:42.000ms ar:1.78 elf:7ms
2024-11-23 11:59:27.066 T:4060 debug : CVideoPlayerVideo::OutputPicture - ttd:357ms pts:20.317 Clock:19.960 Level:6
2024-11-23 11:59:27.067 T:3833 debug : CAMLCodec::PollFrame elapsed:23.608ms
2024-11-23 11:59:27.067 T:4058 debug : CVideoPlayer::ProcessVideoData size:11655 dts:21.735 pts:21.735 dur:41.000ms, clock:19.961 level:8
2024-11-23 11:59:27.069 T:4058 debug : CVideoPlayer::ProcessVideoData size:8382 dts:21.777 pts:21.777 dur:41.000ms, clock:19.963 level:8
2024-11-23 11:59:27.072 T:4058 debug : CVideoPlayer::ProcessVideoData size:44348 dts:21.818 pts:21.818 dur:41.000ms, clock:19.966 level:9
2024-11-23 11:59:27.072 T:3833 debug : PrepareNextRender: frameOnScreen: 19.966 renderPts: 19.997 nextFramePts: 20.067 -> diff: -0.070 render: 0 forceNext: 0, m_queued: 7, m_queued empty: true, begin idx: 5, front: 5,m_latencyTweak: 0.000000, GetDisplayLatency: 166.833344, m_videoDelay: 0, GetFrameLatencyAdjustment: 0.000000
2024-11-23 11:59:27.073 T:4058 debug : CVideoPlayer::ProcessVideoData size:6222 dts:21.860 pts:21.860 dur:41.000ms, clock:19.967 level:9
2024-11-23 11:59:27.073 T:4060 debug : CAMLCodec::DequeueBuffer: pts:20.359 idx:747
2024-11-23 11:59:27.073 T:4060 debug : CAMLCodec::GetPicture: index: 747, pts: 20.359, dur:42.000ms ar:1.78 elf:7ms
2024-11-23 11:59:27.073 T:4060 debug : CVideoPlayerVideo::OutputPicture - ttd:391ms pts:20.359 Clock:19.967 Level:7
2024-11-23 11:59:27.074 T:4058 debug : CVideoPlayer::ProcessVideoData size:3789 dts:21.902 pts:21.902 dur:41.000ms, clock:19.968 level:10
2024-11-23 11:59:27.076 T:4058 debug : CVideoPlayer::ProcessVideoData size:68020 dts:21.944 pts:21.944 dur:41.000ms, clock:19.970 level:10
2024-11-23 11:59:27.078 T:4058 debug : CVideoPlayer::ProcessVideoData size:24151 dts:21.985 pts:21.985 dur:41.000ms, clock:19.972 level:11
2024-11-23 11:59:27.080 T:4058 debug : CVideoPlayer::ProcessVideoData size:108423 dts:22.027 pts:22.027 dur:41.000ms, clock:19.974 level:11
2024-11-23 11:59:27.082 T:4058 debug : CVideoPlayer::ProcessVideoData size:132998 dts:22.069 pts:22.069 dur:41.000ms, clock:19.976 level:12
2024-11-23 11:59:27.085 T:4060 debug : CAMLCodec::DequeueBuffer: pts:20.400 idx:748
2024-11-23 11:59:27.085 T:4060 debug : CAMLCodec::GetPicture: index: 748, pts: 20.400, dur:41.000ms ar:1.78 elf:11ms
2024-11-23 11:59:27.085 T:4060 debug : CVideoPlayerVideo::OutputPicture - ttd:420ms pts:20.400 Clock:19.979 Level:8
2024-11-23 11:59:27.085 T:4058 debug : CVideoPlayer::ProcessVideoData size:5788 dts:22.110 pts:22.110 dur:41.000ms, clock:19.979 level:12
2024-11-23 11:59:27.086 T:4058 debug : CVideoPlayer::ProcessVideoData size:8198 dts:22.152 pts:22.152 dur:41.000ms, clock:19.980 level:13
2024-11-23 11:59:27.088 T:4058 debug : CVideoPlayer::ProcessVideoData size:29644 dts:22.194 pts:22.194 dur:41.000ms, clock:19.982 level:14
2024-11-23 11:59:27.089 T:4058 debug : CVideoPlayer::ProcessVideoData size:8443 dts:22.236 pts:22.236 dur:41.000ms, clock:19.983 level:14
2024-11-23 11:59:27.089 T:4060 debug : CAMLCodec::DequeueBuffer: pts:20.442 idx:749
2024-11-23 11:59:27.089 T:4060 debug : CAMLCodec::GetPicture: index: 749, pts: 20.442, dur:42.000ms ar:1.78 elf:4ms
2024-11-23 11:59:27.089 T:4060 debug : CVideoPlayerVideo::OutputPicture - ttd:458ms pts:20.442 Clock:19.983 Level:9
2024-11-23 11:59:27.090 T:4058 debug : CVideoPlayer::ProcessVideoData size:4459 dts:22.277 pts:22.277 dur:41.000ms, clock:19.984 level:15
2024-11-23 11:59:27.090 T:4060 debug : CAMLCodec::AddData: dl:572736 fl:5522112 sz:5705(5824) lv:9.4% dts:21.109 pts:21.109
2024-11-23 11:59:27.090 T:4060 debug : CVideoPlayerVideo - CDVDMsg::DEMUXER_PACKET - checking interlace vfmt: null
2024-11-23 11:59:27.091 T:4060 debug : CAMLCodec::AddData: dl:580992 fl:5513856 sz:8161(8256) lv:9.5% dts:21.151 pts:21.151
2024-11-23 11:59:27.091 T:4060 debug : CAMLCodec::AddData: dl:610176 fl:5484672 sz:29087(29184) lv:10.0% dts:21.193 pts:21.193
2024-11-23 11:59:27.091 T:4058 debug : CVideoPlayer::ProcessVideoData size:20367 dts:22.319 pts:22.319 dur:41.000ms, clock:19.986 level:14
2024-11-23 11:59:27.093 T:4058 debug : CVideoPlayer::ProcessVideoData size:4631 dts:22.361 pts:22.361 dur:41.000ms, clock:19.988 level:14
2024-11-23 11:59:27.094 T:4058 debug : CVideoPlayer::ProcessVideoData size:4340 dts:22.402 pts:22.402 dur:41.000ms, clock:19.989 level:15
2024-11-23 11:59:27.096 T:4060 debug : CAMLCodec::DequeueBuffer: pts:20.484 idx:750
2024-11-23 11:59:27.096 T:4060 debug : CAMLCodec::GetPicture: index: 750, pts: 20.484, dur:42.000ms ar:1.78 elf:6ms
2024-11-23 11:59:27.096 T:4060 debug : CVideoPlayerVideo::OutputPicture - ttd:494ms pts:20.484 Clock:19.990 Level:10
2024-11-23 11:59:27.096 T:4058 debug : CVideoPlayer::ProcessVideoData size:70328 dts:22.444 pts:22.444 dur:41.000ms, clock:19.990 level:15
2024-11-23 11:59:27.097 T:4058 debug : CVideoPlayer::ProcessVideoData size:21290 dts:22.486 pts:22.486 dur:41.000ms, clock:19.992 level:16
2024-11-23 11:59:27.099 T:4060 debug : CAMLCodec::AddData: dl:597248 fl:5497600 sz:8323(8448) lv:9.8% dts:21.235 pts:21.235
2024-11-23 11:59:27.100 T:4058 debug : CVideoPlayer::ProcessVideoData size:294885 dts:22.527 pts:22.527 dur:41.000ms, clock:19.994 level:15
2024-11-23 11:59:27.102 T:4060 debug : CAMLCodec::AddData: dl:879872 fl:5214976 sz:282534(282624) lv:14.4% dts:21.276 pts:21.276
2024-11-23 11:59:27.103 T:4058 debug : CVideoPlayer::ProcessVideoData size:58629 dts:22.569 pts:22.569 dur:41.000ms, clock:19.997 level:16
2024-11-23 11:59:27.103 T:4060 debug : CAMLCodec::DequeueBuffer: pts:20.525 idx:751
2024-11-23 11:59:27.103 T:4060 debug : CAMLCodec::GetPicture: index: 751, pts: 20.525, dur:41.000ms ar:1.78 elf:7ms
2024-11-23 11:59:27.103 T:4060 debug : CVideoPlayerVideo::OutputPicture - ttd:527ms pts:20.525 Clock:19.997 Level:11
2024-11-23 11:59:27.104 T:4058 debug : CVideoPlayer::ProcessVideoData size:45064 dts:22.611 pts:22.611 dur:41.000ms, clock:19.999 level:16
2024-11-23 11:59:27.106 T:4058 debug : CVideoPlayer::ProcessVideoData size:6951 dts:22.653 pts:22.653 dur:41.000ms, clock:20.000 level:17
2024-11-23 11:59:27.107 T:4058 debug : CVideoPlayer::ProcessVideoData size:5566 dts:22.694 pts:22.694 dur:41.000ms, clock:20.001 level:17
2024-11-23 11:59:27.108 T:4058 debug : CVideoPlayer::ProcessVideoData size:10936 dts:22.736 pts:22.736 dur:41.000ms, clock:20.003 level:18
2024-11-23 11:59:27.109 T:3833 debug : CAMLCodec::PollFrame elapsed:26.415ms
2024-11-23 11:59:27.110 T:4058 debug : CVideoPlayer::ProcessVideoData size:8108 dts:22.778 pts:22.778 dur:41.000ms, clock:20.004 level:18
2024-11-23 11:59:27.111 T:4060 debug : CAMLCodec::DequeueBuffer: pts:20.567 idx:752
2024-11-23 11:59:27.111 T:4060 debug : CAMLCodec::GetPicture: index: 752, pts: 20.567, dur:42.000ms ar:1.78 elf:7ms
2024-11-23 11:59:27.111 T:4060 debug : CVideoPlayerVideo::OutputPicture - ttd:561ms pts:20.567 Clock:20.005 Level:12
2024-11-23 11:59:27.112 T:4058 debug : CVideoPlayer::ProcessVideoData size:30256 dts:22.819 pts:22.819 dur:41.000ms, clock:20.006 level:19
2024-11-23 11:59:27.112 T:3833 debug : PrepareNextRender: frameOnScreen: 20.006 renderPts: 20.037 nextFramePts: 20.067 -> diff: -0.030 render: 0 forceNext: 0, m_queued: 13, m_queued empty: true, begin idx: 5, front: 5,m_latencyTweak: 0.000000, GetDisplayLatency: 166.833344, m_videoDelay: 0, GetFrameLatencyAdjustment: 0.000000
2024-11-23 11:59:27.113 T:4058 debug : CVideoPlayer::ProcessVideoData size:6110 dts:22.861 pts:22.861 dur:41.000ms, clock:20.008 level:19
2024-11-23 11:59:27.116 T:4058 debug : CVideoPlayer::ProcessVideoData size:3827 dts:22.903 pts:22.903 dur:41.000ms, clock:20.010 level:20
2024-11-23 11:59:27.117 T:4058 debug : CVideoPlayer::ProcessVideoData size:75827 dts:22.945 pts:22.945 dur:41.000ms, clock:20.011 level:20
2024-11-23 11:59:27.119 T:4058 debug : CVideoPlayer::ProcessVideoData size:24611 dts:22.986 pts:22.986 dur:41.000ms, clock:20.013 level:21
2024-11-23 11:59:27.120 T:4060 debug : CAMLCodec::DequeueBuffer: pts:20.609 idx:753
2024-11-23 11:59:27.121 T:4060 debug : CAMLCodec::GetPicture: index: 753, pts: 20.609, dur:42.000ms ar:1.78 elf:9ms
2024-11-23 11:59:27.121 T:4058 debug : CVideoPlayer::ProcessVideoData size:109130 dts:23.028 pts:23.028 dur:41.000ms, clock:20.015 level:21
2024-11-23 11:59:27.121 T:4060 debug : CVideoPlayerVideo::OutputPicture - ttd:593ms pts:20.609 Clock:20.015 Level:12
2024-11-23 11:59:27.123 T:3833 debug : CAMLCodec::ReleaseFrame idx:740, drop:0
2024-11-23 11:59:27.124 T:4058 debug : CVideoPlayer::ProcessVideoData size:132334 dts:23.070 pts:23.070 dur:41.000ms, clock:20.018 level:22
2024-11-23 11:59:27.125 T:4058 debug : CVideoPlayer::ProcessVideoData size:5815 dts:23.111 pts:23.111 dur:41.000ms, clock:20.020 level:22
2024-11-23 11:59:27.127 T:4060 debug : CAMLCodec::DequeueBuffer: pts:20.651 idx:754
2024-11-23 11:59:27.127 T:4060 debug : CAMLCodec::GetPicture: index: 754, pts: 20.651, dur:42.000ms ar:1.78 elf:5ms
2024-11-23 11:59:27.127 T:4060 debug : CVideoPlayerVideo::OutputPicture - ttd:629ms pts:20.651 Clock:20.021 Level:13
2024-11-23 11:59:27.127 T:4058 debug : CVideoPlayer::ProcessVideoData size:8137 dts:23.153 pts:23.153 dur:41.000ms, clock:20.021 level:23
2024-11-23 11:59:27.128 T:4058 debug : CVideoPlayer::ProcessVideoData size:28879 dts:23.195 pts:23.195 dur:41.000ms, clock:20.022 level:23
2024-11-23 11:59:27.130 T:4058 debug : CVideoPlayer::ProcessVideoData size:8296 dts:23.237 pts:23.237 dur:41.000ms, clock:20.024 level:24
2024-11-23 11:59:27.131 T:4058 debug : CVideoPlayer::ProcessVideoData size:4412 dts:23.278 pts:23.278 dur:41.000ms, clock:20.025 level:24
2024-11-23 11:59:27.133 T:4058 debug : CVideoPlayer::ProcessVideoData size:20307 dts:23.320 pts:23.320 dur:41.000ms, clock:20.027 level:25
2024-11-23 11:59:27.134 T:4058 debug : CVideoPlayer::ProcessVideoData size:4649 dts:23.362 pts:23.362 dur:41.000ms, clock:20.028 level:26
2024-11-23 11:59:27.135 T:4058 debug : CVideoPlayer::ProcessVideoData size:4269 dts:23.403 pts:23.403 dur:41.000ms, clock:20.029 level:26
2024-11-23 11:59:27.135 T:4060 debug : CAMLCodec::DequeueBuffer: pts:20.692 idx:755
2024-11-23 11:59:27.135 T:4060 debug : CAMLCodec::GetPicture: index: 755, pts: 20.692, dur:41.000ms ar:1.78 elf:8ms
2024-11-23 11:59:27.137 T:4058 debug : CVideoPlayer::ProcessVideoData size:72063 dts:23.445 pts:23.445 dur:41.000ms, clock:20.031 level:27
2024-11-23 11:59:27.138 T:4058 debug : CVideoPlayer::ProcessVideoData size:21442 dts:23.487 pts:23.487 dur:41.000ms, clock:20.032 level:27
2024-11-23 11:59:27.139 T:4058 debug : CVideoPlayer::ProcessVideoData size:4387 dts:23.528 pts:23.528 dur:41.000ms, clock:20.034 level:28
2024-11-23 11:59:27.141 T:4058 debug : CVideoPlayer::ProcessVideoData size:70306 dts:23.570 pts:23.570 dur:41.000ms, clock:20.035 level:28
2024-11-23 11:59:27.142 T:4058 debug : CVideoPlayer::ProcessVideoData size:42904 dts:23.612 pts:23.612 dur:41.000ms, clock:20.036 level:29
2024-11-23 11:59:27.143 T:4058 debug : CVideoPlayer::ProcessVideoData size:9352 dts:23.654 pts:23.654 dur:41.000ms, clock:20.037 level:29
2024-11-23 11:59:27.145 T:4058 debug : CVideoPlayer::ProcessVideoData size:8793 dts:23.695 pts:23.695 dur:41.000ms, clock:20.039 level:30
2024-11-23 11:59:27.145 T:3865 debug : ActiveAE::SyncStream - average error of 23.469725, start adjusting
2024-11-23 11:59:27.145 T:3865 debug : ActiveAE::SyncStream - average error 13.469725 below threshold of 30.000000
2024-11-23 11:59:27.146 T:4058 debug : CVideoPlayer::ProcessVideoData size:11549 dts:23.737 pts:23.737 dur:41.000ms, clock:20.040 level:30
2024-11-23 11:59:27.147 T:4058 debug : CVideoPlayer::ProcessVideoData size:252785 dts:23.779 pts:23.779 dur:41.000ms, clock:20.042 level:31
2024-11-23 11:59:27.150 T:4058 debug : CVideoPlayer::ProcessVideoData size:13179 dts:23.820 pts:23.820 dur:41.000ms, clock:20.044 level:31
2024-11-23 11:59:27.151 T:3833 debug : CAMLCodec::PollFrame elapsed:26.862ms
2024-11-23 11:59:27.151 T:4058 debug : CVideoPlayer::ProcessVideoData size:6824 dts:23.862 pts:23.862 dur:41.000ms, clock:20.045 level:32
2024-11-23 11:59:27.153 T:4058 debug : CVideoPlayer::ProcessVideoData size:3898 dts:23.904 pts:23.904 dur:41.000ms, clock:20.047 level:32
2024-11-23 11:59:27.153 T:3833 debug : PrepareNextRender: frameOnScreen: 20.048 renderPts: 20.078 nextFramePts: 20.108 -> diff: -0.030 render: 0 forceNext: 0, m_queued: 14, m_queued empty: true, begin idx: 7, front: 7,m_latencyTweak: 0.000000, GetDisplayLatency: 166.833344, m_videoDelay: 0, GetFrameLatencyAdjustment: 0.000000
2024-11-23 11:59:27.154 T:4058 debug : CVideoPlayer::ProcessVideoData size:94259 dts:23.946 pts:23.946 dur:41.000ms, clock:20.049 level:33
2024-11-23 11:59:27.156 T:4058 debug : CVideoPlayer::ProcessVideoData size:24822 dts:23.987 pts:23.987 dur:41.000ms, clock:20.050 level:33
2024-11-23 11:59:27.157 T:4058 debug : CVideoPlayer::ProcessVideoData size:109400 dts:24.029 pts:24.029 dur:41.000ms, clock:20.052 level:34
2024-11-23 11:59:27.159 T:4060 debug : CVideoPlayerVideo::OutputPicture - ttd:662ms pts:20.692 Clock:20.029 Level:14
2024-11-23 11:59:27.160 T:4058 debug : CVideoPlayer::ProcessVideoData size:133101 dts:24.071 pts:24.071 dur:41.000ms, clock:20.054 level:34
2024-11-23 11:59:27.161 T:4058 debug : CVideoPlayer::ProcessVideoData size:5604 dts:24.112 pts:24.112 dur:41.000ms, clock:20.055 level:35
2024-11-23 11:59:27.163 T:4058 debug : CVideoPlayer::ProcessVideoData size:8112 dts:24.154 pts:24.154 dur:41.000ms, clock:20.057 level:35
2024-11-23 11:59:27.164 T:4058 debug : CVideoPlayer::ProcessVideoData size:32552 dts:24.196 pts:24.196 dur:41.000ms, clock:20.058 level:36
2024-11-23 11:59:27.166 T:4058 debug : CVideoPlayer::ProcessVideoData size:8418 dts:24.238 pts:24.238 dur:41.000ms, clock:20.060 level:36
2024-11-23 11:59:27.167 T:4058 debug : CVideoPlayer::ProcessVideoData size:4426 dts:24.279 pts:24.279 dur:41.000ms, clock:20.061 level:37
2024-11-23 11:59:27.169 T:4058 debug : CVideoPlayer::ProcessVideoData size:21875 dts:24.321 pts:24.321 dur:41.000ms, clock:20.063 level:38
2024-11-23 11:59:27.170 T:4058 debug : CVideoPlayer::ProcessVideoData size:4676 dts:24.363 pts:24.363 dur:41.000ms, clock:20.064 level:38
2024-11-23 11:59:27.171 T:4058 debug : CVideoPlayer::ProcessVideoData size:4311 dts:24.404 pts:24.404 dur:41.000ms, clock:20.065 level:39
2024-11-23 11:59:27.173 T:4058 debug : CVideoPlayer::ProcessVideoData size:72206 dts:24.446 pts:24.446 dur:41.000ms, clock:20.067 level:39
2024-11-23 11:59:27.174 T:4058 debug : CVideoPlayer::ProcessVideoData size:21440 dts:24.488 pts:24.488 dur:41.000ms, clock:20.068 level:40
2024-11-23 11:59:27.175 T:4058 debug : CVideoPlayer::ProcessVideoData size:4455 dts:24.529 pts:24.529 dur:41.000ms, clock:20.069 level:40
2024-11-23 11:59:27.177 T:4058 debug : CVideoPlayer::ProcessVideoData size:71628 dts:24.571 pts:24.571 dur:41.000ms, clock:20.071 level:41
2024-11-23 11:59:27.178 T:4058 debug : CVideoPlayer::ProcessVideoData size:42977 dts:24.613 pts:24.613 dur:41.000ms, clock:20.072 level:41
2024-11-23 11:59:27.180 T:4058 debug : CVideoPlayer::ProcessVideoData size:9164 dts:24.655 pts:24.655 dur:41.000ms, clock:20.075 level:42
2024-11-23 11:59:27.182 T:4058 debug : CVideoPlayer::ProcessVideoData size:8414 dts:24.696 pts:24.696 dur:41.000ms, clock:20.076 level:42
2024-11-23 11:59:27.183 T:4058 debug : CVideoPlayer::ProcessVideoData size:11452 dts:24.738 pts:24.738 dur:41.000ms, clock:20.077 level:43
2024-11-23 11:59:27.184 T:4058 debug : CVideoPlayer::ProcessVideoData size:8329 dts:24.780 pts:24.780 dur:41.000ms, clock:20.078 level:43
2024-11-23 11:59:27.185 T:4058 debug : CVideoPlayer::ProcessVideoData size:42861 dts:24.821 pts:24.821 dur:41.000ms, clock:20.079 level:44
2024-11-23 11:59:27.186 T:4058 debug : CVideoPlayer::ProcessVideoData size:6212 dts:24.863 pts:24.863 dur:41.000ms, clock:20.081 level:44
2024-11-23 11:59:27.188 T:4058 debug : CVideoPlayer::ProcessVideoData size:3843 dts:24.905 pts:24.905 dur:41.000ms, clock:20.082 level:45
2024-11-23 11:59:27.189 T:4058 debug : CVideoPlayer::ProcessVideoData size:67135 dts:24.947 pts:24.947 dur:41.000ms, clock:20.084 level:45
2024-11-23 11:59:27.191 T:4058 debug : CVideoPlayer::ProcessVideoData size:24035 dts:24.988 pts:24.988 dur:41.000ms, clock:20.085 level:46
2024-11-23 11:59:27.192 T:3833 debug : CAMLCodec::PollFrame elapsed:31.336ms
2024-11-23 11:59:27.193 T:4058 debug : CVideoPlayer::ProcessVideoData size:277667 dts:25.030 pts:25.030 dur:41.000ms, clock:20.087 level:46
2024-11-23 11:59:27.196 T:3833 debug : PrepareNextRender: frameOnScreen: 20.090 renderPts: 20.121 nextFramePts: 20.108 -> diff: 0.013 render: 1 forceNext: 0, m_queued: 15, m_queued empty: true, begin idx: 7, front: 7,m_latencyTweak: 0.000000, GetDisplayLatency: 166.833344, m_videoDelay: 0, GetFrameLatencyAdjustment: 0.000000
2024-11-23 11:59:27.196 T:3833 debug : PrepareNextRender: (20.121) < (20.108 + 0.98 * 0.042): 20.121 < 20.149, lateframes: 0, idx: 7, break
2024-11-23 11:59:27.197 T:4058 debug : CVideoPlayer::ProcessVideoData size:125156 dts:25.072 pts:25.072 dur:41.000ms, clock:20.091 level:47
2024-11-23 11:59:27.198 T:4058 debug : CVideoPlayer::ProcessVideoData size:14161 dts:25.113 pts:25.113 dur:41.000ms, clock:20.093 level:47
2024-11-23 11:59:27.200 T:4058 debug : CVideoPlayer::ProcessVideoData size:9525 dts:25.155 pts:25.155 dur:41.000ms, clock:20.094 level:48
2024-11-23 11:59:27.201 T:4058 debug : CVideoPlayer::ProcessVideoData size:43726 dts:25.197 pts:25.197 dur:41.000ms, clock:20.096 level:48
2024-11-23 11:59:27.203 T:4058 debug : CVideoPlayer::ProcessVideoData size:8836 dts:25.239 pts:25.239 dur:41.000ms, clock:20.097 level:49
2024-11-23 11:59:27.204 T:4058 debug : CVideoPlayer::ProcessVideoData size:4449 dts:25.280 pts:25.280 dur:41.000ms, clock:20.098 level:50
2024-11-23 11:59:27.206 T:3833 debug : CAMLCodec::ReleaseFrame idx:741, drop:0
2024-11-23 11:59:27.206 T:4058 debug : CVideoPlayer::ProcessVideoData size:34049 dts:25.322 pts:25.322 dur:41.000ms, clock:20.101 level:50
2024-11-23 11:59:27.207 T:4058 debug : CVideoPlayer::ProcessVideoData size:4695 dts:25.364 pts:25.364 dur:41.000ms, clock:20.102 level:51
2024-11-23 11:59:27.209 T:4060 debug : CAMLCodec::DequeueBuffer: pts:20.734 idx:756
2024-11-23 11:59:27.209 T:4060 debug : CAMLCodec::GetPicture: index: 756, pts: 20.734, dur:42.000ms ar:1.78 elf:73ms
2024-11-23 11:59:27.209 T:4060 debug : CVideoPlayerVideo::OutputPicture - ttd:630ms pts:20.734 Clock:20.103 Level:14
2024-11-23 11:59:27.209 T:4058 debug : CVideoPlayer::ProcessVideoData size:4310 dts:25.405 pts:25.405 dur:41.000ms, clock:20.103 level:51
2024-11-23 11:59:27.210 T:4058 debug : CVideoPlayer::ProcessVideoData size:77722 dts:25.447 pts:25.447 dur:41.000ms, clock:20.105 level:52
2024-11-23 11:59:27.212 T:4058 debug : CVideoPlayer::ProcessVideoData size:21277 dts:25.489 pts:25.489 dur:41.000ms, clock:20.106 level:52
2024-11-23 11:59:27.213 T:4058 debug : CVideoPlayer::ProcessVideoData size:4447 dts:25.530 pts:25.530 dur:41.000ms, clock:20.107 level:53
2024-11-23 11:59:27.215 T:4058 debug : CVideoPlayer::ProcessVideoData size:71341 dts:25.572 pts:25.572 dur:41.000ms, clock:20.109 level:53
2024-11-23 11:59:27.216 T:4058 debug : CVideoPlayer::ProcessVideoData size:42980 dts:25.614 pts:25.614 dur:41.000ms, clock:20.110 level:54
2024-11-23 11:59:27.218 T:4058 debug : CVideoPlayer::ProcessVideoData size:9388 dts:25.656 pts:25.656 dur:41.000ms, clock:20.112 level:54
2024-11-23 11:59:27.219 T:4058 debug : CVideoPlayer::ProcessVideoData size:9340 dts:25.697 pts:25.697 dur:41.000ms, clock:20.113 level:55
2024-11-23 11:59:27.220 T:4058 debug : CVideoPlayer::ProcessVideoData size:11929 dts:25.739 pts:25.739 dur:41.000ms, clock:20.115 level:55
2024-11-23 11:59:27.221 T:4058 debug : CVideoPlayer::ProcessVideoData size:8456 dts:25.781 pts:25.781 dur:41.000ms, clock:20.116 level:56
2024-11-23 11:59:27.223 T:4058 debug : CVideoPlayer::ProcessVideoData size:43185 dts:25.822 pts:25.822 dur:41.000ms, clock:20.117 level:56
2024-11-23 11:59:27.224 T:4058 debug : CVideoPlayer::ProcessVideoData size:6166 dts:25.864 pts:25.864 dur:41.000ms, clock:20.118 level:57
2024-11-23 11:59:27.225 T:4058 debug : CVideoPlayer::ProcessVideoData size:3824 dts:25.906 pts:25.906 dur:41.000ms, clock:20.120 level:57
2024-11-23 11:59:27.227 T:4058 debug : CVideoPlayer::ProcessVideoData size:68031 dts:25.948 pts:25.948 dur:41.000ms, clock:20.121 level:58
2024-11-23 11:59:27.229 T:4058 debug : CVideoPlayer::ProcessVideoData size:23982 dts:25.989 pts:25.989 dur:41.000ms, clock:20.123 level:58
2024-11-23 11:59:27.231 T:4058 debug : CVideoPlayer::ProcessVideoData size:107852 dts:26.031 pts:26.031 dur:41.000ms, clock:20.125 level:59
2024-11-23 11:59:27.232 T:4058 debug : CVideoPlayer::ProcessVideoData size:133143 dts:26.073 pts:26.073 dur:41.000ms, clock:20.127 level:59
2024-11-23 11:59:27.234 T:4058 debug : CVideoPlayer::ProcessVideoData size:5705 dts:26.114 pts:26.114 dur:41.000ms, clock:20.128 level:60
2024-11-23 11:59:27.234 T:3833 debug : CAMLCodec::PollFrame elapsed:28.206ms
2024-11-23 11:59:27.235 T:4058 debug : CVideoPlayer::ProcessVideoData size:8161 dts:26.156 pts:26.156 dur:41.000ms, clock:20.130 level:60
2024-11-23 11:59:27.237 T:4058 debug : CVideoPlayer::ProcessVideoData size:29087 dts:26.198 pts:26.198 dur:41.000ms, clock:20.131 level:61
2024-11-23 11:59:27.237 T:3833 debug : PrepareNextRender: frameOnScreen: 20.131 renderPts: 20.162 nextFramePts: 20.150 -> diff: 0.012 render: 1 forceNext: 0, m_queued: 15, m_queued empty: true, begin idx: 8, front: 8,m_latencyTweak: 0.000000, GetDisplayLatency: 166.833344, m_videoDelay: 0, GetFrameLatencyAdjustment: 0.000000
2024-11-23 11:59:27.237 T:3833 debug : PrepareNextRender: (20.162) < (20.150 + 0.98 * 0.042): 20.162 < 20.191, lateframes: 0, idx: 8, break
2024-11-23 11:59:27.238 T:4058 debug : CVideoPlayer::ProcessVideoData size:8323 dts:26.240 pts:26.240 dur:41.000ms, clock:20.133 level:62
2024-11-23 11:59:27.240 T:4058 debug : CVideoPlayer::ProcessVideoData size:282537 dts:26.281 pts:26.281 dur:41.000ms, clock:20.134 level:62
2024-11-23 11:59:27.243 T:4058 debug : CVideoPlayer::ProcessVideoData size:8037 dts:26.323 pts:26.323 dur:41.000ms, clock:20.137 level:63
2024-11-23 11:59:27.244 T:4058 debug : CVideoPlayer::ProcessVideoData size:5157 dts:26.365 pts:26.365 dur:41.000ms, clock:20.138 level:63
2024-11-23 11:59:27.245 T:4058 debug : CVideoPlayer::ProcessVideoData size:4417 dts:26.406 pts:26.406 dur:41.000ms, clock:20.140 level:64
2024-11-23 11:59:27.246 T:3833 debug : CAMLCodec::ReleaseFrame idx:742, drop:0
2024-11-23 11:59:27.247 T:4058 debug : CVideoPlayer::ProcessVideoData size:81374 dts:26.448 pts:26.448 dur:41.000ms, clock:20.141 level:64
2024-11-23 11:59:27.248 T:4058 debug : CVideoPlayer::ProcessVideoData size:21498 dts:26.490 pts:26.490 dur:41.000ms, clock:20.143 level:65
2024-11-23 11:59:27.249 T:4058 debug : CVideoPlayer::ProcessVideoData size:4369 dts:26.531 pts:26.531 dur:41.000ms, clock:20.144 level:65
2024-11-23 11:59:27.251 T:4058 debug : CVideoPlayer::ProcessVideoData size:71775 dts:26.573 pts:26.573 dur:41.000ms, clock:20.146 level:66
2024-11-23 11:59:27.253 T:4058 debug : CVideoPlayer::ProcessVideoData size:43075 dts:26.615 pts:26.615 dur:41.000ms, clock:20.147 level:66
2024-11-23 11:59:27.254 T:4058 debug : CVideoPlayer::ProcessVideoData size:9592 dts:26.657 pts:26.657 dur:41.000ms, clock:20.149 level:67
2024-11-23 11:59:27.255 T:4058 debug : CVideoPlayer::ProcessVideoData size:8763 dts:26.698 pts:26.698 dur:41.000ms, clock:20.150 level:67
2024-11-23 11:59:27.257 T:4058 debug : CVideoPlayer::ProcessVideoData size:11655 dts:26.740 pts:26.740 dur:41.000ms, clock:20.151 level:68
2024-11-23 11:59:27.258 T:4058 debug : CVideoPlayer::ProcessVideoData size:8382 dts:26.782 pts:26.782 dur:41.000ms, clock:20.152 level:68
2024-11-23 11:59:27.260 T:4058 debug : CVideoPlayer::ProcessVideoData size:44348 dts:26.823 pts:26.823 dur:41.000ms, clock:20.154 level:69
2024-11-23 11:59:27.261 T:4058 debug : CVideoPlayer::ProcessVideoData size:6222 dts:26.865 pts:26.865 dur:41.000ms, clock:20.155 level:69
2024-11-23 11:59:27.262 T:4058 debug : CVideoPlayer::ProcessVideoData size:3789 dts:26.907 pts:26.907 dur:41.000ms, clock:20.156 level:70
2024-11-23 11:59:27.263 T:4058 debug : CVideoPlayer::ProcessVideoData size:68020 dts:26.949 pts:26.949 dur:41.000ms, clock:20.158 level:70
2024-11-23 11:59:27.265 T:4058 debug : CVideoPlayer::ProcessVideoData size:24151 dts:26.990 pts:26.990 dur:41.000ms, clock:20.159 level:71
2024-11-23 11:59:27.266 T:4058 debug : CVideoPlayer::ProcessVideoData size:108423 dts:27.032 pts:27.032 dur:41.000ms, clock:20.161 level:71
2024-11-23 11:59:27.268 T:4058 debug : CVideoPlayer::ProcessVideoData size:132998 dts:27.074 pts:27.074 dur:41.000ms, clock:20.162 level:72
2024-11-23 11:59:27.270 T:4058 debug : CVideoPlayer::ProcessVideoData size:5788 dts:27.115 pts:27.115 dur:41.000ms, clock:20.165 level:72
