2024-11-23 11:59:39.880 T:3833 debug : CAMLCodec::ReleaseFrame idx:1045, drop:0
2024-11-23 11:59:39.880 T:4060 debug : CAMLCodec::DequeueBuffer: pts:33.372 idx:1059
2024-11-23 11:59:39.881 T:4060 debug : CAMLCodec::GetPicture: index: 1059, pts: 33.372, dur:42.000ms ar:1.78 elf:42ms
2024-11-23 11:59:39.881 T:4060 debug : CVideoPlayerVideo::OutputPicture - ttd:597ms pts:33.372 Clock:32.775 Level:13
2024-11-23 11:59:39.913 T:3833 debug : CAMLCodec::PollFrame elapsed:33.191ms
2024-11-23 11:59:39.916 T:3833 debug : PrepareNextRender: frameOnScreen: 32.810 renderPts: 32.850 nextFramePts: 32.829 -> diff: 0.021 render: 1 forceNext: 0, m_queued: 14, m_queued empty: true, begin idx: 8, front: 8,m_latencyTweak: 0.000000, GetDisplayLatency: 166.833344, m_videoDelay: 0, GetFrameLatencyAdjustment: 0.000000
2024-11-23 11:59:39.916 T:3833 debug : PrepareNextRender: (32.850) < (32.829 + 0.98 * 0.042): 32.850 < 32.870, lateframes: 0, idx: 8, break
2024-11-23 11:59:39.922 T:3833 debug : CAMLCodec::ReleaseFrame idx:1046, drop:0
2024-11-23 11:59:39.922 T:4060 debug : CAMLCodec::DequeueBuffer: pts:33.413 idx:1060
2024-11-23 11:59:39.922 T:4060 debug : CAMLCodec::GetPicture: index: 1060, pts: 33.413, dur:41.000ms ar:1.78 elf:41ms
2024-11-23 11:59:39.922 T:4060 debug : CVideoPlayerVideo::OutputPicture - ttd:596ms pts:33.413 Clock:32.816 Level:13
2024-11-23 11:59:39.955 T:3833 debug : CAMLCodec::PollFrame elapsed:33.280ms
2024-11-23 11:59:39.958 T:3833 debug : PrepareNextRender: frameOnScreen: 32.852 renderPts: 32.892 nextFramePts: 32.871 -> diff: 0.021 render: 1 forceNext: 0, m_queued: 14, m_queued empty: true, begin idx: 9, front: 9,m_latencyTweak: 0.000000, GetDisplayLatency: 166.833344, m_videoDelay: 0, GetFrameLatencyAdjustment: 0.000000
2024-11-23 11:59:39.958 T:3833 debug : PrepareNextRender: (32.892) < (32.871 + 0.98 * 0.042): 32.892 < 32.912, lateframes: 0, idx: 9, break
2024-11-23 11:59:39.964 T:3833 debug : CAMLCodec::ReleaseFrame idx:1047, drop:0
2024-11-23 11:59:39.964 T:4060 debug : CAMLCodec::DequeueBuffer: pts:33.455 idx:1061
2024-11-23 11:59:39.964 T:4060 debug : CAMLCodec::GetPicture: index: 1061, pts: 33.455, dur:42.000ms ar:1.78 elf:42ms
2024-11-23 11:59:39.964 T:4060 debug : CVideoPlayerVideo::OutputPicture - ttd:596ms pts:33.455 Clock:32.859 Level:13
2024-11-23 11:59:39.966 T:4060 debug : CAMLCodec::AddData: dl:565824 fl:5529024 sz:24822(24896) lv:9.3% dts:33.997 pts:33.997
2024-11-23 11:59:39.968 T:4060 debug : CAMLCodec::AddData: dl:675328 fl:5419520 sz:109400(109504) lv:11.1% dts:34.039 pts:34.039
2024-11-23 11:59:39.970 T:4058 debug : CVideoPlayer::ProcessVideoData size:42977 dts:79.668 pts:79.668 dur:41.000ms, clock:32.864 level:100
2024-11-23 11:59:39.973 T:4058 debug : CVideoPlayer::ProcessVideoData size:9164 dts:79.710 pts:79.710 dur:41.000ms, clock:32.867 level:100
2024-11-23 11:59:39.974 T:4058 debug : CVideoPlayer::ProcessVideoData size:8414 dts:79.751 pts:79.751 dur:41.000ms, clock:32.868 level:100
2024-11-23 11:59:39.975 T:4058 debug : CVideoPlayer::ProcessVideoData size:11452 dts:79.793 pts:79.793 dur:41.000ms, clock:32.870 level:100
2024-11-23 11:59:39.977 T:4058 debug : CVideoPlayer::ProcessVideoData size:8329 dts:79.835 pts:79.835 dur:41.000ms, clock:32.871 level:100
2024-11-23 11:59:39.978 T:4058 debug : CVideoPlayer::ProcessVideoData size:42861 dts:79.876 pts:79.876 dur:41.000ms, clock:32.873 level:100
2024-11-23 11:59:39.997 T:3833 debug : CAMLCodec::PollFrame elapsed:32.551ms
2024-11-23 11:59:40.000 T:3833 debug : PrepareNextRender: frameOnScreen: 32.894 renderPts: 32.934 nextFramePts: 32.913 -> diff: 0.021 render: 1 forceNext: 0, m_queued: 14, m_queued empty: true, begin idx: 10, front: 10,m_latencyTweak: 0.000000, GetDisplayLatency: 166.833344, m_videoDelay: 0, GetFrameLatencyAdjustment: 0.000000
2024-11-23 11:59:40.000 T:3833 debug : PrepareNextRender: (32.934) < (32.913 + 0.98 * 0.042): 32.934 < 32.954, lateframes: 0, idx: 10, break
2024-11-23 11:59:40.006 T:4060 debug : CAMLCodec::DequeueBuffer: pts:33.497 idx:1062
2024-11-23 11:59:40.006 T:4060 debug : CAMLCodec::GetPicture: index: 1062, pts: 33.497, dur:42.000ms ar:1.78 elf:41ms
2024-11-23 11:59:40.006 T:4060 debug : CVideoPlayerVideo::OutputPicture - ttd:596ms pts:33.497 Clock:32.900 Level:13
2024-11-23 11:59:40.006 T:3833 debug : CAMLCodec::ReleaseFrame idx:1048, drop:0
2024-11-23 11:59:40.038 T:3833 debug : CAMLCodec::PollFrame elapsed:31.946ms
2024-11-23 11:59:40.041 T:3833 debug : PrepareNextRender: frameOnScreen: 32.935 renderPts: 32.975 nextFramePts: 32.955 -> diff: 0.020 render: 1 forceNext: 0, m_queued: 14, m_queued empty: true, begin idx: 12, front: 12,m_latencyTweak: 0.000000, GetDisplayLatency: 166.833344, m_videoDelay: 0, GetFrameLatencyAdjustment: 0.000000
2024-11-23 11:59:40.041 T:3833 debug : PrepareNextRender: (32.975) < (32.955 + 0.98 * 0.042): 32.975 < 32.996, lateframes: 0, idx: 12, break
2024-11-23 11:59:40.045 T:3833 debug : CAMLCodec::ReleaseFrame idx:1049, drop:0
2024-11-23 11:59:40.048 T:4060 debug : CAMLCodec::DequeueBuffer: pts:33.538 idx:1063
2024-11-23 11:59:40.048 T:4060 debug : CAMLCodec::GetPicture: index: 1063, pts: 33.538, dur:41.000ms ar:1.78 elf:42ms
2024-11-23 11:59:40.048 T:4060 debug : CVideoPlayerVideo::OutputPicture - ttd:595ms pts:33.538 Clock:32.943 Level:13
2024-11-23 11:59:40.080 T:3833 debug : CAMLCodec::PollFrame elapsed:35.162ms
2024-11-23 11:59:40.083 T:3833 debug : PrepareNextRender: frameOnScreen: 32.977 renderPts: 33.017 nextFramePts: 32.996 -> diff: 0.021 render: 1 forceNext: 0, m_queued: 14, m_queued empty: true, begin idx: 13, front: 13,m_latencyTweak: 0.000000, GetDisplayLatency: 166.833344, m_videoDelay: 0, GetFrameLatencyAdjustment: 0.000000
2024-11-23 11:59:40.083 T:3833 debug : PrepareNextRender: (33.017) < (32.996 + 0.98 * 0.042): 33.017 < 33.037, lateframes: 0, idx: 13, break
2024-11-23 11:59:40.089 T:3833 debug : CAMLCodec::ReleaseFrame idx:1050, drop:0
2024-11-23 11:59:40.090 T:4060 debug : CAMLCodec::DequeueBuffer: pts:33.580 idx:1064
2024-11-23 11:59:40.090 T:4060 debug : CAMLCodec::GetPicture: index: 1064, pts: 33.580, dur:42.000ms ar:1.78 elf:41ms
2024-11-23 11:59:40.090 T:4060 debug : CVideoPlayerVideo::OutputPicture - ttd:595ms pts:33.580 Clock:32.984 Level:13
2024-11-23 11:59:40.093 T:4060 debug : CAMLCodec::AddData: dl:712064 fl:5382784 sz:133101(133184) lv:11.7% dts:34.081 pts:34.081
2024-11-23 11:59:40.101 T:4058 debug : CVideoPlayer::ProcessVideoData size:6212 dts:79.918 pts:79.918 dur:41.000ms, clock:32.995 level:100
2024-11-23 11:59:40.102 T:4058 debug : CVideoPlayer::ProcessVideoData size:3843 dts:79.960 pts:79.960 dur:41.000ms, clock:32.997 level:100
2024-11-23 11:59:40.104 T:4058 debug : CVideoPlayer::ProcessVideoData size:67135 dts:80.002 pts:80.002 dur:41.000ms, clock:32.998 level:100
2024-11-23 11:59:40.107 T:4058 debug : CVideoPlayer::ProcessVideoData size:24035 dts:80.043 pts:80.043 dur:41.000ms, clock:33.001 level:100
2024-11-23 11:59:40.122 T:3833 debug : CAMLCodec::PollFrame elapsed:32.586ms
2024-11-23 11:59:40.124 T:3833 debug : PrepareNextRender: frameOnScreen: 33.019 renderPts: 33.059 nextFramePts: 33.038 -> diff: 0.021 render: 1 forceNext: 0, m_queued: 14, m_queued empty: true, begin idx: 14, front: 14,m_latencyTweak: 0.000000, GetDisplayLatency: 166.833344, m_videoDelay: 0, GetFrameLatencyAdjustment: 0.000000
2024-11-23 11:59:40.125 T:3833 debug : PrepareNextRender: (33.059) < (33.038 + 0.98 * 0.042): 33.059 < 33.079, lateframes: 0, idx: 14, break
2024-11-23 11:59:40.131 T:3833 debug : CAMLCodec::ReleaseFrame idx:1051, drop:0
2024-11-23 11:59:40.132 T:4060 debug : CAMLCodec::DequeueBuffer: pts:33.622 idx:1065
2024-11-23 11:59:40.132 T:4060 debug : CAMLCodec::GetPicture: index: 1065, pts: 33.622, dur:42.000ms ar:1.78 elf:41ms
2024-11-23 11:59:40.132 T:4060 debug : CVideoPlayerVideo::OutputPicture - ttd:595ms pts:33.622 Clock:33.026 Level:13
2024-11-23 11:59:40.164 T:3833 debug : CAMLCodec::PollFrame elapsed:32.570ms
2024-11-23 11:59:40.167 T:3833 debug : PrepareNextRender: frameOnScreen: 33.061 renderPts: 33.101 nextFramePts: 33.080 -> diff: 0.021 render: 1 forceNext: 0, m_queued: 14, m_queued empty: true, begin idx: 15, front: 15,m_latencyTweak: 0.000000, GetDisplayLatency: 166.833344, m_videoDelay: 0, GetFrameLatencyAdjustment: 0.000000
2024-11-23 11:59:40.167 T:3833 debug : PrepareNextRender: (33.101) < (33.080 + 0.98 * 0.042): 33.101 < 33.121, lateframes: 0, idx: 15, break
2024-11-23 11:59:40.171 T:4060 debug : CAMLCodec::DequeueBuffer: pts:33.664 idx:1066
2024-11-23 11:59:40.171 T:4060 debug : CAMLCodec::GetPicture: index: 1066, pts: 33.664, dur:42.000ms ar:1.78 elf:39ms
2024-11-23 11:59:40.171 T:4060 debug : CVideoPlayerVideo::OutputPicture - ttd:598ms pts:33.664 Clock:33.065 Level:13
2024-11-23 11:59:40.173 T:3833 debug : CAMLCodec::ReleaseFrame idx:1052, drop:0
2024-11-23 11:59:40.205 T:3833 debug : CAMLCodec::PollFrame elapsed:32.556ms
2024-11-23 11:59:40.208 T:3833 debug : PrepareNextRender: frameOnScreen: 33.102 renderPts: 33.142 nextFramePts: 33.121 -> diff: 0.021 render: 1 forceNext: 0, m_queued: 14, m_queued empty: true, begin idx: 11, front: 11,m_latencyTweak: 0.000000, GetDisplayLatency: 166.833344, m_videoDelay: 0, GetFrameLatencyAdjustment: 0.000000
2024-11-23 11:59:40.208 T:3833 debug : PrepareNextRender: (33.142) < (33.121 + 0.98 * 0.042): 33.142 < 33.162, lateframes: 0, idx: 11, break
2024-11-23 11:59:40.214 T:4060 debug : CAMLCodec::DequeueBuffer: pts:33.705 idx:1067
2024-11-23 11:59:40.214 T:4060 debug : CAMLCodec::GetPicture: index: 1067, pts: 33.705, dur:41.000ms ar:1.78 elf:42ms
2024-11-23 11:59:40.214 T:4060 debug : CVideoPlayerVideo::OutputPicture - ttd:596ms pts:33.705 Clock:33.108 Level:13
2024-11-23 11:59:40.214 T:3833 debug : CAMLCodec::ReleaseFrame idx:1053, drop:0
2024-11-23 11:59:40.247 T:3833 debug : CAMLCodec::PollFrame elapsed:32.466ms
2024-11-23 11:59:40.249 T:3833 debug : PrepareNextRender: frameOnScreen: 33.143 renderPts: 33.183 nextFramePts: 33.163 -> diff: 0.020 render: 1 forceNext: 0, m_queued: 14, m_queued empty: true, begin idx: 0, front: 0,m_latencyTweak: 0.000000, GetDisplayLatency: 166.833344, m_videoDelay: 0, GetFrameLatencyAdjustment: 0.000000
2024-11-23 11:59:40.249 T:3833 debug : PrepareNextRender: (33.183) < (33.163 + 0.98 * 0.042): 33.183 < 33.204, lateframes: 0, idx: 0, break
2024-11-23 11:59:40.255 T:3833 debug : CAMLCodec::ReleaseFrame idx:1054, drop:0
2024-11-23 11:59:40.256 T:4060 debug : CAMLCodec::DequeueBuffer: pts:33.747 idx:1068
2024-11-23 11:59:40.256 T:4060 debug : CAMLCodec::GetPicture: index: 1068, pts: 33.747, dur:42.000ms ar:1.78 elf:42ms
2024-11-23 11:59:40.256 T:4060 debug : CVideoPlayerVideo::OutputPicture - ttd:596ms pts:33.747 Clock:33.151 Level:13
2024-11-23 11:59:40.289 T:3833 debug : CAMLCodec::PollFrame elapsed:33.379ms
2024-11-23 11:59:40.291 T:3901 debug : PushCecKeypress - received key a8 duration 0
2024-11-23 11:59:40.291 T:3833 debug : PrepareNextRender: frameOnScreen: 33.185 renderPts: 33.225 nextFramePts: 33.205 -> diff: 0.020 render: 1 forceNext: 0, m_queued: 14, m_queued empty: true, begin idx: 2, front: 2,m_latencyTweak: 0.000000, GetDisplayLatency: 166.833344, m_videoDelay: 0, GetFrameLatencyAdjustment: 0.000000
2024-11-23 11:59:40.291 T:3833 debug : PrepareNextRender: (33.225) < (33.205 + 0.98 * 0.042): 33.225 < 33.246, lateframes: 0, idx: 2, break
2024-11-23 11:59:40.297 T:3833 debug : CAMLCodec::ReleaseFrame idx:1055, drop:0
2024-11-23 11:59:40.300 T:4060 debug : CAMLCodec::DequeueBuffer: pts:33.789 idx:1069
2024-11-23 11:59:40.300 T:4060 debug : CAMLCodec::GetPicture: index: 1069, pts: 33.789, dur:42.000ms ar:1.78 elf:44ms
2024-11-23 11:59:40.301 T:4060 debug : CVideoPlayerVideo::OutputPicture - ttd:594ms pts:33.789 Clock:33.195 Level:13
2024-11-23 11:59:40.302 T:4060 debug : CAMLCodec::AddData: dl:391872 fl:5702976 sz:5604(5696) lv:6.4% dts:34.122 pts:34.122
2024-11-23 11:59:40.302 T:4060 debug : CAMLCodec::AddData: dl:400064 fl:5694784 sz:8112(8192) lv:6.6% dts:34.164 pts:34.164
2024-11-23 11:59:40.302 T:4060 debug : CAMLCodec::AddData: dl:432704 fl:5662144 sz:32552(32640) lv:7.1% dts:34.206 pts:34.206
2024-11-23 11:59:40.302 T:4060 debug : CAMLCodec::AddData: dl:441216 fl:5653632 sz:8418(8512) lv:7.2% dts:34.248 pts:34.248
2024-11-23 11:59:40.302 T:4060 debug : CAMLCodec::AddData: dl:445760 fl:5649088 sz:4426(4544) lv:7.3% dts:34.289 pts:34.289
2024-11-23 11:59:40.302 T:4060 debug : CAMLCodec::AddData: dl:467712 fl:5627136 sz:21875(21952) lv:7.7% dts:34.331 pts:34.331
2024-11-23 11:59:40.302 T:4060 debug : CAMLCodec::AddData: dl:472512 fl:5622336 sz:4676(4800) lv:7.8% dts:34.373 pts:34.373
2024-11-23 11:59:40.302 T:4060 debug : CAMLCodec::AddData: dl:476928 fl:5617920 sz:4311(4416) lv:7.8% dts:34.414 pts:34.414
2024-11-23 11:59:40.305 T:4060 debug : CAMLCodec::AddData: dl:549248 fl:5545600 sz:72206(72320) lv:9.0% dts:34.456 pts:34.456
2024-11-23 11:59:40.305 T:4060 debug : CAMLCodec::AddData: dl:570752 fl:5524096 sz:21440(21504) lv:9.4% dts:34.498 pts:34.498
2024-11-23 11:59:40.305 T:4060 debug : CAMLCodec::AddData: dl:575296 fl:5519552 sz:4455(4544) lv:9.4% dts:34.539 pts:34.539
2024-11-23 11:59:40.307 T:4060 debug : CAMLCodec::AddData: dl:647040 fl:5447808 sz:71628(71744) lv:10.6% dts:34.581 pts:34.581
2024-11-23 11:59:40.312 T:4058 debug : CVideoPlayer::ProcessVideoData size:277667 dts:80.085 pts:80.085 dur:41.000ms, clock:33.206 level:100
2024-11-23 11:59:40.330 T:3833 debug : CAMLCodec::PollFrame elapsed:32.746ms
2024-11-23 11:59:40.332 T:3833 debug : HandleKey: 168 (0xa8, obc87) pressed, window 12005, action is StepForward
2024-11-23 11:59:40.334 T:3833 debug : ------ Window Init (DialogSeekBar.xml) ------
2024-11-23 11:59:40.336 T:3833 debug : PrepareNextRender: frameOnScreen: 33.230 renderPts: 33.270 nextFramePts: 33.247 -> diff: 0.023 render: 1 forceNext: 0, m_queued: 14, m_queued empty: true, begin idx: 1, front: 1,m_latencyTweak: 0.000000, GetDisplayLatency: 166.833344, m_videoDelay: 0, GetFrameLatencyAdjustment: 0.000000
2024-11-23 11:59:40.336 T:3833 debug : PrepareNextRender: (33.270) < (33.247 + 0.98 * 0.042): 33.270 < 33.288, lateframes: 0, idx: 1, break
2024-11-23 11:59:40.338 T:4060 debug : CAMLCodec::DequeueBuffer: pts:33.830 idx:1070
2024-11-23 11:59:40.338 T:4060 debug : CAMLCodec::GetPicture: index: 1070, pts: 33.830, dur:41.000ms ar:1.78 elf:37ms
2024-11-23 11:59:40.338 T:4060 debug : CVideoPlayerVideo::OutputPicture - ttd:597ms pts:33.830 Clock:33.233 Level:13
2024-11-23 11:59:40.342 T:3833 debug : CAMLCodec::ReleaseFrame idx:1056, drop:0
2024-11-23 11:59:40.362 T:3901 debug : PushCecKeypress - received key a8 duration 71
2024-11-23 11:59:40.372 T:3833 debug : CAMLCodec::PollFrame elapsed:30.263ms
2024-11-23 11:59:40.374 T:3833 debug : ------ Window Init (Custom_1109_TopBarOverlay.xml) ------
2024-11-23 11:59:40.377 T:3833 debug : PrepareNextRender: frameOnScreen: 33.272 renderPts: 33.312 nextFramePts: 33.288 -> diff: 0.024 render: 1 forceNext: 0, m_queued: 14, m_queued empty: true, begin idx: 3, front: 3,m_latencyTweak: 0.000000, GetDisplayLatency: 166.833344, m_videoDelay: 0, GetFrameLatencyAdjustment: 0.000000
2024-11-23 11:59:40.378 T:3833 debug : PrepareNextRender: (33.312) < (33.288 + 0.98 * 0.042): 33.312 < 33.329, lateframes: 0, idx: 3, break
2024-11-23 11:59:40.380 T:4060 debug : CAMLCodec::DequeueBuffer: pts:33.872 idx:1071
2024-11-23 11:59:40.380 T:4060 debug : CAMLCodec::GetPicture: index: 1071, pts: 33.872, dur:42.000ms ar:1.78 elf:41ms
2024-11-23 11:59:40.380 T:4060 debug : CVideoPlayerVideo::OutputPicture - ttd:597ms pts:33.872 Clock:33.274 Level:13
2024-11-23 11:59:40.382 T:3833 debug : CAMLCodec::ReleaseFrame idx:1057, drop:0
2024-11-23 11:59:40.414 T:3833 debug : CAMLCodec::PollFrame elapsed:31.479ms
2024-11-23 11:59:40.417 T:3833 debug : PrepareNextRender: frameOnScreen: 33.312 renderPts: 33.352 nextFramePts: 33.330 -> diff: 0.022 render: 1 forceNext: 0, m_queued: 14, m_queued empty: true, begin idx: 6, front: 6,m_latencyTweak: 0.000000, GetDisplayLatency: 166.833344, m_videoDelay: 0, GetFrameLatencyAdjustment: 0.000000
2024-11-23 11:59:40.418 T:3833 debug : PrepareNextRender: (33.352) < (33.330 + 0.98 * 0.042): 33.352 < 33.371, lateframes: 0, idx: 6, break
2024-11-23 11:59:40.421 T:4060 debug : CAMLCodec::DequeueBuffer: pts:33.914 idx:1072
2024-11-23 11:59:40.422 T:4060 debug : CAMLCodec::GetPicture: index: 1072, pts: 33.914, dur:42.000ms ar:1.78 elf:41ms
2024-11-23 11:59:40.422 T:4060 debug : CVideoPlayerVideo::OutputPicture - ttd:598ms pts:33.914 Clock:33.316 Level:13
2024-11-23 11:59:40.425 T:3833 debug : CAMLCodec::ReleaseFrame idx:1058, drop:0
2024-11-23 11:59:40.456 T:3833 debug : CAMLCodec::PollFrame elapsed:30.248ms
2024-11-23 11:59:40.459 T:3833 debug : PrepareNextRender: frameOnScreen: 33.353 renderPts: 33.393 nextFramePts: 33.372 -> diff: 0.021 render: 1 forceNext: 0, m_queued: 14, m_queued empty: true, begin idx: 4, front: 4,m_latencyTweak: 0.000000, GetDisplayLatency: 166.833344, m_videoDelay: 0, GetFrameLatencyAdjustment: 0.000000
2024-11-23 11:59:40.459 T:3833 debug : PrepareNextRender: (33.393) < (33.372 + 0.98 * 0.042): 33.393 < 33.413, lateframes: 0, idx: 4, break
2024-11-23 11:59:40.464 T:3833 debug : CAMLCodec::ReleaseFrame idx:1059, drop:0
2024-11-23 11:59:40.465 T:4060 debug : CAMLCodec::DequeueBuffer: pts:33.956 idx:1073
2024-11-23 11:59:40.465 T:4060 debug : CAMLCodec::GetPicture: index: 1073, pts: 33.956, dur:42.000ms ar:1.78 elf:43ms
2024-11-23 11:59:40.465 T:4060 debug : CVideoPlayerVideo::OutputPicture - ttd:597ms pts:33.956 Clock:33.359 Level:13
2024-11-23 11:59:40.466 T:4060 debug : CAMLCodec::AddData: dl:571520 fl:5523328 sz:42977(43072) lv:9.4% dts:34.623 pts:34.623
2024-11-23 11:59:40.466 T:4060 debug : CAMLCodec::AddData: dl:580800 fl:5514048 sz:9164(9280) lv:9.5% dts:34.665 pts:34.665
2024-11-23 11:59:40.466 T:4060 debug : CAMLCodec::AddData: dl:589312 fl:5505536 sz:8414(8512) lv:9.7% dts:34.706 pts:34.706
2024-11-23 11:59:40.466 T:4060 debug : CAMLCodec::AddData: dl:600832 fl:5494016 sz:11452(11520) lv:9.9% dts:34.748 pts:34.748
2024-11-23 11:59:40.466 T:4060 debug : CAMLCodec::AddData: dl:609280 fl:5485568 sz:8329(8448) lv:10.0% dts:34.790 pts:34.790
2024-11-23 11:59:40.466 T:4060 debug : CAMLCodec::AddData: dl:652224 fl:5442624 sz:42861(42944) lv:10.7% dts:34.831 pts:34.831
2024-11-23 11:59:40.477 T:4058 debug : CVideoPlayer::ProcessVideoData size:125156 dts:80.127 pts:80.127 dur:41.000ms, clock:33.371 level:100
2024-11-23 11:59:40.497 T:3833 debug : CAMLCodec::PollFrame elapsed:32.798ms
2024-11-23 11:59:40.501 T:3833 debug : PrepareNextRender: frameOnScreen: 33.395 renderPts: 33.435 nextFramePts: 33.413 -> diff: 0.022 render: 1 forceNext: 0, m_queued: 14, m_queued empty: true, begin idx: 5, front: 5,m_latencyTweak: 0.000000, GetDisplayLatency: 166.833344, m_videoDelay: 0, GetFrameLatencyAdjustment: 0.000000
2024-11-23 11:59:40.501 T:3833 debug : PrepareNextRender: (33.435) < (33.413 + 0.98 * 0.042): 33.435 < 33.454, lateframes: 0, idx: 5, break
2024-11-23 11:59:40.506 T:4060 debug : CAMLCodec::DequeueBuffer: pts:33.997 idx:1074
2024-11-23 11:59:40.506 T:4060 debug : CAMLCodec::GetPicture: index: 1074, pts: 33.997, dur:41.000ms ar:1.78 elf:41ms
2024-11-23 11:59:40.506 T:4060 debug : CVideoPlayerVideo::OutputPicture - ttd:596ms pts:33.997 Clock:33.400 Level:13
2024-11-23 11:59:40.508 T:3833 debug : CAMLCodec::ReleaseFrame idx:1060, drop:0
2024-11-23 11:59:40.533 T:3901 debug : PushCecKeypress - received key a8 duration 0
2024-11-23 11:59:40.539 T:3833 debug : CAMLCodec::PollFrame elapsed:30.569ms
2024-11-23 11:59:40.540 T:3833 debug : HandleKey: 168 (0xa8, obc87) pressed, window 12005, action is StepForward
2024-11-23 11:59:40.544 T:3833 debug : PrepareNextRender: frameOnScreen: 33.439 renderPts: 33.479 nextFramePts: 33.455 -> diff: 0.024 render: 1 forceNext: 0, m_queued: 14, m_queued empty: true, begin idx: 7, front: 7,m_latencyTweak: 0.000000, GetDisplayLatency: 166.833344, m_videoDelay: 0, GetFrameLatencyAdjustment: 0.000000
2024-11-23 11:59:40.544 T:3833 debug : PrepareNextRender: (33.479) < (33.455 + 0.98 * 0.042): 33.479 < 33.496, lateframes: 0, idx: 7, break
2024-11-23 11:59:40.549 T:4060 debug : CAMLCodec::DequeueBuffer: pts:34.039 idx:1075
2024-11-23 11:59:40.549 T:4060 debug : CAMLCodec::GetPicture: index: 1075, pts: 34.039, dur:42.000ms ar:1.78 elf:42ms
2024-11-23 11:59:40.549 T:4060 debug : CVideoPlayerVideo::OutputPicture - ttd:595ms pts:34.039 Clock:33.443 Level:13
2024-11-23 11:59:40.550 T:4060 debug : CAMLCodec::AddData: dl:524160 fl:5570688 sz:6212(6336) lv:8.6% dts:34.873 pts:34.873
2024-11-23 11:59:40.550 T:4060 debug : CAMLCodec::AddData: dl:528256 fl:5566592 sz:3843(4096) lv:8.7% dts:34.915 pts:34.915
2024-11-23 11:59:40.551 T:3833 debug : CAMLCodec::ReleaseFrame idx:1061, drop:0
2024-11-23 11:59:40.552 T:4060 debug : CAMLCodec::AddData: dl:595456 fl:5499392 sz:67135(67200) lv:9.8% dts:34.957 pts:34.957
2024-11-23 11:59:40.553 T:4060 debug : CAMLCodec::AddData: dl:619584 fl:5475264 sz:24035(24128) lv:10.2% dts:34.998 pts:34.998
2024-11-23 11:59:40.559 T:4058 debug : CVideoPlayer::ProcessVideoData size:14161 dts:80.168 pts:80.168 dur:41.000ms, clock:33.454 level:100
2024-11-23 11:59:40.561 T:4058 debug : CVideoPlayer::ProcessVideoData size:9525 dts:80.210 pts:80.210 dur:41.000ms, clock:33.455 level:100
2024-11-23 11:59:40.562 T:4058 debug : CVideoPlayer::ProcessVideoData size:43726 dts:80.252 pts:80.252 dur:41.000ms, clock:33.457 level:100
2024-11-23 11:59:40.564 T:4058 debug : CVideoPlayer::ProcessVideoData size:8836 dts:80.294 pts:80.294 dur:41.000ms, clock:33.458 level:100
2024-11-23 11:59:40.581 T:3833 debug : CAMLCodec::PollFrame elapsed:29.321ms
2024-11-23 11:59:40.584 T:3833 debug : PrepareNextRender: frameOnScreen: 33.478 renderPts: 33.518 nextFramePts: 33.497 -> diff: 0.021 render: 1 forceNext: 0, m_queued: 14, m_queued empty: true, begin idx: 8, front: 8,m_latencyTweak: 0.000000, GetDisplayLatency: 166.833344, m_videoDelay: 0, GetFrameLatencyAdjustment: 0.000000
2024-11-23 11:59:40.584 T:3833 debug : PrepareNextRender: (33.518) < (33.497 + 0.98 * 0.042): 33.518 < 33.538, lateframes: 0, idx: 8, break
2024-11-23 11:59:40.590 T:3833 debug : CAMLCodec::ReleaseFrame idx:1062, drop:0
2024-11-23 11:59:40.591 T:4060 debug : CAMLCodec::DequeueBuffer: pts:34.081 idx:1076
2024-11-23 11:59:40.591 T:4060 debug : CAMLCodec::GetPicture: index: 1076, pts: 34.081, dur:42.000ms ar:1.78 elf:42ms
2024-11-23 11:59:40.591 T:4060 debug : CVideoPlayerVideo::OutputPicture - ttd:595ms pts:34.081 Clock:33.486 Level:13
2024-11-23 11:59:40.595 T:4060 debug : CAMLCodec::AddData: dl:764160 fl:5330688 sz:277664(277760) lv:12.5% dts:35.040 pts:35.040
2024-11-23 11:59:40.596 T:4058 debug : CVideoPlayer::ProcessVideoData size:4449 dts:80.335 pts:80.335 dur:41.000ms, clock:33.490 level:100
2024-11-23 11:59:40.598 T:4058 debug : CVideoPlayer::ProcessVideoData size:34049 dts:80.377 pts:80.377 dur:41.000ms, clock:33.492 level:100
2024-11-23 11:59:40.600 T:4058 debug : CVideoPlayer::ProcessVideoData size:4695 dts:80.419 pts:80.419 dur:41.000ms, clock:33.494 level:100
2024-11-23 11:59:40.601 T:4058 debug : CVideoPlayer::ProcessVideoData size:4310 dts:80.460 pts:80.460 dur:41.000ms, clock:33.496 level:100
2024-11-23 11:59:40.603 T:4058 debug : CVideoPlayer::ProcessVideoData size:77722 dts:80.502 pts:80.502 dur:41.000ms, clock:33.497 level:100
2024-11-23 11:59:40.605 T:4058 debug : CVideoPlayer::ProcessVideoData size:21277 dts:80.544 pts:80.544 dur:41.000ms, clock:33.499 level:100
2024-11-23 11:59:40.606 T:4058 debug : CVideoPlayer::ProcessVideoData size:4447 dts:80.585 pts:80.585 dur:41.000ms, clock:33.500 level:100
2024-11-23 11:59:40.607 T:3901 debug : PushCecKeypress - received key a8 duration 74
2024-11-23 11:59:40.610 T:4058 debug : CVideoPlayer::ProcessVideoData size:71341 dts:80.627 pts:80.627 dur:41.000ms, clock:33.504 level:100
2024-11-23 11:59:40.611 T:4058 debug : CVideoPlayer::ProcessVideoData size:42980 dts:80.669 pts:80.669 dur:41.000ms, clock:33.506 level:100
2024-11-23 11:59:40.613 T:4058 debug : CVideoPlayer::ProcessVideoData size:9388 dts:80.711 pts:80.711 dur:41.000ms, clock:33.507 level:100
2024-11-23 11:59:40.616 T:4058 debug : CVideoPlayer::ProcessVideoData size:9340 dts:80.752 pts:80.752 dur:41.000ms, clock:33.510 level:100
2024-11-23 11:59:40.622 T:3833 debug : CAMLCodec::PollFrame elapsed:32.545ms
2024-11-23 11:59:40.626 T:3833 debug : PrepareNextRender: frameOnScreen: 33.520 renderPts: 33.560 nextFramePts: 33.538 -> diff: 0.022 render: 1 forceNext: 0, m_queued: 14, m_queued empty: true, begin idx: 9, front: 9,m_latencyTweak: 0.000000, GetDisplayLatency: 166.833344, m_videoDelay: 0, GetFrameLatencyAdjustment: 0.000000
2024-11-23 11:59:40.626 T:3833 debug : PrepareNextRender: (33.560) < (33.538 + 0.98 * 0.042): 33.560 < 33.579, lateframes: 0, idx: 9, break
2024-11-23 11:59:40.632 T:4060 debug : CAMLCodec::DequeueBuffer: pts:34.122 idx:1077
2024-11-23 11:59:40.632 T:4060 debug : CAMLCodec::GetPicture: index: 1077, pts: 34.122, dur:41.000ms ar:1.78 elf:40ms
2024-11-23 11:59:40.632 T:4060 debug : CVideoPlayerVideo::OutputPicture - ttd:595ms pts:34.122 Clock:33.526 Level:13
2024-11-23 11:59:40.633 T:3833 debug : CAMLCodec::ReleaseFrame idx:1063, drop:0
2024-11-23 11:59:40.664 T:3833 debug : CAMLCodec::PollFrame elapsed:30.839ms
2024-11-23 11:59:40.667 T:3833 debug : PrepareNextRender: frameOnScreen: 33.561 renderPts: 33.602 nextFramePts: 33.580 -> diff: 0.022 render: 1 forceNext: 0, m_queued: 14, m_queued empty: true, begin idx: 10, front: 10,m_latencyTweak: 0.000000, GetDisplayLatency: 166.833344, m_videoDelay: 0, GetFrameLatencyAdjustment: 0.000000
2024-11-23 11:59:40.667 T:3833 debug : PrepareNextRender: (33.602) < (33.580 + 0.98 * 0.042): 33.602 < 33.621, lateframes: 0, idx: 10, break
2024-11-23 11:59:40.673 T:4060 debug : CAMLCodec::DequeueBuffer: pts:34.164 idx:1078
2024-11-23 11:59:40.674 T:4060 debug : CAMLCodec::GetPicture: index: 1078, pts: 34.164, dur:42.000ms ar:1.78 elf:41ms
2024-11-23 11:59:40.674 T:4060 debug : CVideoPlayerVideo::OutputPicture - ttd:596ms pts:34.164 Clock:33.568 Level:13
2024-11-23 11:59:40.675 T:3833 debug : CAMLCodec::ReleaseFrame idx:1064, drop:0
2024-11-23 11:59:40.706 T:3833 debug : CAMLCodec::PollFrame elapsed:30.987ms
2024-11-23 11:59:40.709 T:3833 debug : PrepareNextRender: frameOnScreen: 33.603 renderPts: 33.643 nextFramePts: 33.622 -> diff: 0.021 render: 1 forceNext: 0, m_queued: 14, m_queued empty: true, begin idx: 12, front: 12,m_latencyTweak: 0.000000, GetDisplayLatency: 166.833344, m_videoDelay: 0, GetFrameLatencyAdjustment: 0.000000
2024-11-23 11:59:40.709 T:3833 debug : PrepareNextRender: (33.643) < (33.622 + 0.98 * 0.042): 33.643 < 33.663, lateframes: 0, idx: 12, break
2024-11-23 11:59:40.714 T:3833 debug : CAMLCodec::ReleaseFrame idx:1065, drop:0
2024-11-23 11:59:40.715 T:4060 debug : CAMLCodec::DequeueBuffer: pts:34.206 idx:1079
2024-11-23 11:59:40.715 T:4060 debug : CAMLCodec::GetPicture: index: 1079, pts: 34.206, dur:42.000ms ar:1.78 elf:40ms
2024-11-23 11:59:40.715 T:4060 debug : CVideoPlayerVideo::OutputPicture - ttd:596ms pts:34.206 Clock:33.609 Level:13
2024-11-23 11:59:40.747 T:3833 debug : CAMLCodec::PollFrame elapsed:33.179ms
2024-11-23 11:59:40.750 T:3833 debug : PrepareNextRender: frameOnScreen: 33.645 renderPts: 33.685 nextFramePts: 33.664 -> diff: 0.021 render: 1 forceNext: 0, m_queued: 14, m_queued empty: true, begin idx: 13, front: 13,m_latencyTweak: 0.000000, GetDisplayLatency: 166.833344, m_videoDelay: 0, GetFrameLatencyAdjustment: 0.000000
2024-11-23 11:59:40.751 T:3833 debug : PrepareNextRender: (33.685) < (33.664 + 0.98 * 0.042): 33.685 < 33.705, lateframes: 0, idx: 13, break
2024-11-23 11:59:40.756 T:4060 debug : CAMLCodec::DequeueBuffer: pts:34.248 idx:1080
2024-11-23 11:59:40.757 T:4060 debug : CAMLCodec::GetPicture: index: 1080, pts: 34.248, dur:42.000ms ar:1.78 elf:41ms
2024-11-23 11:59:40.757 T:4060 debug : CVideoPlayerVideo::OutputPicture - ttd:597ms pts:34.248 Clock:33.651 Level:13
2024-11-23 11:59:40.757 T:3833 debug : CAMLCodec::ReleaseFrame idx:1066, drop:0
2024-11-23 11:59:40.789 T:3833 debug : CAMLCodec::PollFrame elapsed:32.092ms
2024-11-23 11:59:40.792 T:3833 debug : PrepareNextRender: frameOnScreen: 33.686 renderPts: 33.726 nextFramePts: 33.705 -> diff: 0.021 render: 1 forceNext: 0, m_queued: 14, m_queued empty: true, begin idx: 14, front: 14,m_latencyTweak: 0.000000, GetDisplayLatency: 166.833344, m_videoDelay: 0, GetFrameLatencyAdjustment: 0.000000
2024-11-23 11:59:40.792 T:3833 debug : PrepareNextRender: (33.726) < (33.705 + 0.98 * 0.042): 33.726 < 33.746, lateframes: 0, idx: 14, break
2024-11-23 11:59:40.798 T:4060 debug : CAMLCodec::DequeueBuffer: pts:34.289 idx:1081
2024-11-23 11:59:40.798 T:4060 debug : CAMLCodec::GetPicture: index: 1081, pts: 34.289, dur:41.000ms ar:1.78 elf:41ms
2024-11-23 11:59:40.798 T:4060 debug : CVideoPlayerVideo::OutputPicture - ttd:596ms pts:34.289 Clock:33.692 Level:13
2024-11-23 11:59:40.799 T:3833 debug : CAMLCodec::ReleaseFrame idx:1067, drop:0
2024-11-23 11:59:40.831 T:3833 debug : CAMLCodec::PollFrame elapsed:31.908ms
2024-11-23 11:59:40.834 T:3833 debug : PrepareNextRender: frameOnScreen: 33.728 renderPts: 33.768 nextFramePts: 33.747 -> diff: 0.021 render: 1 forceNext: 0, m_queued: 14, m_queued empty: true, begin idx: 15, front: 15,m_latencyTweak: 0.000000, GetDisplayLatency: 166.833344, m_videoDelay: 0, GetFrameLatencyAdjustment: 0.000000
2024-11-23 11:59:40.834 T:3833 debug : PrepareNextRender: (33.768) < (33.747 + 0.98 * 0.042): 33.768 < 33.788, lateframes: 0, idx: 15, break
2024-11-23 11:59:40.839 T:4060 debug : CAMLCodec::DequeueBuffer: pts:34.331 idx:1082
2024-11-23 11:59:40.839 T:4060 debug : CAMLCodec::GetPicture: index: 1082, pts: 34.331, dur:42.000ms ar:1.78 elf:41ms
2024-11-23 11:59:40.839 T:4060 debug : CVideoPlayerVideo::OutputPicture - ttd:597ms pts:34.331 Clock:33.734 Level:13
2024-11-23 11:59:40.840 T:3833 debug : CAMLCodec::ReleaseFrame idx:1068, drop:0
2024-11-23 11:59:40.873 T:3833 debug : CAMLCodec::PollFrame elapsed:32.254ms
2024-11-23 11:59:40.875 T:3833 debug : PrepareNextRender: frameOnScreen: 33.770 renderPts: 33.809 nextFramePts: 33.789 -> diff: 0.020 render: 1 forceNext: 0, m_queued: 14, m_queued empty: true, begin idx: 11, front: 11,m_latencyTweak: 0.000000, GetDisplayLatency: 166.833344, m_videoDelay: 0, GetFrameLatencyAdjustment: 0.000000
2024-11-23 11:59:40.876 T:3833 debug : PrepareNextRender: (33.809) < (33.789 + 0.98 * 0.042): 33.809 < 33.830, lateframes: 0, idx: 11, break
2024-11-23 11:59:40.881 T:4060 debug : CAMLCodec::DequeueBuffer: pts:34.373 idx:1083
2024-11-23 11:59:40.881 T:4060 debug : CAMLCodec::GetPicture: index: 1083, pts: 34.373, dur:42.000ms ar:1.78 elf:41ms
2024-11-23 11:59:40.881 T:4060 debug : CVideoPlayerVideo::OutputPicture - ttd:597ms pts:34.373 Clock:33.775 Level:13
2024-11-23 11:59:40.882 T:3833 debug : CAMLCodec::ReleaseFrame idx:1069, drop:0
2024-11-23 11:59:40.915 T:3833 debug : CAMLCodec::PollFrame elapsed:32.588ms
2024-11-23 11:59:40.917 T:3833 debug : PrepareNextRender: frameOnScreen: 33.812 renderPts: 33.851 nextFramePts: 33.830 -> diff: 0.021 render: 1 forceNext: 0, m_queued: 14, m_queued empty: true, begin idx: 0, front: 0,m_latencyTweak: 0.000000, GetDisplayLatency: 166.833344, m_videoDelay: 0, GetFrameLatencyAdjustment: 0.000000
2024-11-23 11:59:40.918 T:3833 debug : PrepareNextRender: (33.851) < (33.830 + 0.98 * 0.042): 33.851 < 33.871, lateframes: 0, idx: 0, break
2024-11-23 11:59:40.923 T:4060 debug : CAMLCodec::DequeueBuffer: pts:34.414 idx:1084
2024-11-23 11:59:40.923 T:4060 debug : CAMLCodec::GetPicture: index: 1084, pts: 34.414, dur:41.000ms ar:1.78 elf:42ms
2024-11-23 11:59:40.924 T:4060 debug : CVideoPlayerVideo::OutputPicture - ttd:596ms pts:34.414 Clock:33.818 Level:13
2024-11-23 11:59:40.924 T:3833 debug : CAMLCodec::ReleaseFrame idx:1070, drop:0
2024-11-23 11:59:40.956 T:3833 debug : CAMLCodec::PollFrame elapsed:32.006ms
2024-11-23 11:59:40.959 T:3833 debug : PrepareNextRender: frameOnScreen: 33.853 renderPts: 33.893 nextFramePts: 33.872 -> diff: 0.021 render: 1 forceNext: 0, m_queued: 14, m_queued empty: true, begin idx: 2, front: 2,m_latencyTweak: 0.000000, GetDisplayLatency: 166.833344, m_videoDelay: 0, GetFrameLatencyAdjustment: 0.000000
2024-11-23 11:59:40.959 T:3833 debug : PrepareNextRender: (33.893) < (33.872 + 0.98 * 0.042): 33.893 < 33.913, lateframes: 0, idx: 2, break
2024-11-23 11:59:40.965 T:4060 debug : CAMLCodec::DequeueBuffer: pts:34.456 idx:1085
2024-11-23 11:59:40.965 T:4060 debug : CAMLCodec::GetPicture: index: 1085, pts: 34.456, dur:42.000ms ar:1.78 elf:41ms
2024-11-23 11:59:40.965 T:4060 debug : CVideoPlayerVideo::OutputPicture - ttd:596ms pts:34.456 Clock:33.859 Level:13
2024-11-23 11:59:40.965 T:3833 debug : CAMLCodec::ReleaseFrame idx:1071, drop:0
2024-11-23 11:59:40.968 T:4060 debug : CAMLCodec::AddData: dl:726336 fl:5368512 sz:125156(125248) lv:11.9% dts:35.082 pts:35.082
2024-11-23 11:59:40.971 T:4058 debug : CVideoPlayer::ProcessVideoData size:11929 dts:80.794 pts:80.794 dur:41.000ms, clock:33.865 level:100
2024-11-23 11:59:40.972 T:4058 debug : CVideoPlayer::ProcessVideoData size:8456 dts:80.836 pts:80.836 dur:41.000ms, clock:33.866 level:100
2024-11-23 11:59:40.974 T:4058 debug : CVideoPlayer::ProcessVideoData size:43185 dts:80.877 pts:80.877 dur:41.000ms, clock:33.868 level:100
2024-11-23 11:59:40.975 T:4058 debug : CVideoPlayer::ProcessVideoData size:6166 dts:80.919 pts:80.919 dur:41.000ms, clock:33.869 level:100
2024-11-23 11:59:40.977 T:4058 debug : CVideoPlayer::ProcessVideoData size:3824 dts:80.961 pts:80.961 dur:41.000ms, clock:33.871 level:100
2024-11-23 11:59:40.978 T:4058 debug : CVideoPlayer::ProcessVideoData size:68031 dts:81.003 pts:81.003 dur:41.000ms, clock:33.872 level:100
2024-11-23 11:59:40.998 T:3833 debug : CAMLCodec::PollFrame elapsed:32.420ms
2024-11-23 11:59:41.002 T:3833 debug : PrepareNextRender: frameOnScreen: 33.896 renderPts: 33.936 nextFramePts: 33.914 -> diff: 0.022 render: 1 forceNext: 0, m_queued: 14, m_queued empty: true, begin idx: 1, front: 1,m_latencyTweak: 0.000000, GetDisplayLatency: 166.833344, m_videoDelay: 0, GetFrameLatencyAdjustment: 0.000000
2024-11-23 11:59:41.002 T:3833 debug : PrepareNextRender: (33.936) < (33.914 + 0.98 * 0.042): 33.936 < 33.955, lateframes: 0, idx: 1, break
2024-11-23 11:59:41.007 T:4060 debug : CAMLCodec::DequeueBuffer: pts:34.498 idx:1086
2024-11-23 11:59:41.007 T:4060 debug : CAMLCodec::GetPicture: index: 1086, pts: 34.498, dur:42.000ms ar:1.78 elf:41ms
2024-11-23 11:59:41.007 T:4060 debug : CVideoPlayerVideo::OutputPicture - ttd:596ms pts:34.498 Clock:33.901 Level:13
2024-11-23 11:59:41.008 T:3833 debug : CAMLCodec::ReleaseFrame idx:1072, drop:0
2024-11-23 11:59:41.039 T:3833 debug : CAMLCodec::PollFrame elapsed:30.891ms
2024-11-23 11:59:41.042 T:3833 debug : PrepareNextRender: frameOnScreen: 33.937 renderPts: 33.976 nextFramePts: 33.956 -> diff: 0.020 render: 1 forceNext: 0, m_queued: 14, m_queued empty: true, begin idx: 3, front: 3,m_latencyTweak: 0.000000, GetDisplayLatency: 166.833344, m_videoDelay: 0, GetFrameLatencyAdjustment: 0.000000
2024-11-23 11:59:41.042 T:3833 debug : PrepareNextRender: (33.976) < (33.956 + 0.98 * 0.042): 33.976 < 33.997, lateframes: 0, idx: 3, break
2024-11-23 11:59:41.048 T:4060 debug : CAMLCodec::DequeueBuffer: pts:34.539 idx:1087
2024-11-23 11:59:41.048 T:4060 debug : CAMLCodec::GetPicture: index: 1087, pts: 34.539, dur:41.000ms ar:1.78 elf:40ms
2024-11-23 11:59:41.048 T:4060 debug : CVideoPlayerVideo::OutputPicture - ttd:596ms pts:34.539 Clock:33.942 Level:13
2024-11-23 11:59:41.049 T:3833 debug : CAMLCodec::ReleaseFrame idx:1073, drop:0
2024-11-23 11:59:41.081 T:3833 debug : CAMLCodec::PollFrame elapsed:32.206ms
2024-11-23 11:59:41.084 T:3833 debug : PrepareNextRender: frameOnScreen: 33.978 renderPts: 34.018 nextFramePts: 33.997 -> diff: 0.021 render: 1 forceNext: 0, m_queued: 14, m_queued empty: true, begin idx: 6, front: 6,m_latencyTweak: 0.000000, GetDisplayLatency: 166.833344, m_videoDelay: 0, GetFrameLatencyAdjustment: 0.000000
2024-11-23 11:59:41.084 T:3833 debug : PrepareNextRender: (34.018) < (33.997 + 0.98 * 0.042): 34.018 < 34.038, lateframes: 0, idx: 6, break
2024-11-23 11:59:41.090 T:3833 debug : CAMLCodec::ReleaseFrame idx:1074, drop:0
2024-11-23 11:59:41.090 T:4060 debug : CAMLCodec::DequeueBuffer: pts:34.581 idx:1088
2024-11-23 11:59:41.090 T:4060 debug : CAMLCodec::GetPicture: index: 1088, pts: 34.581, dur:42.000ms ar:1.78 elf:42ms
2024-11-23 11:59:41.091 T:4060 debug : CVideoPlayerVideo::OutputPicture - ttd:596ms pts:34.581 Clock:33.985 Level:13
2024-11-23 11:59:41.123 T:3833 debug : CAMLCodec::PollFrame elapsed:32.240ms
2024-11-23 11:59:41.126 T:3833 debug : PrepareNextRender: frameOnScreen: 34.020 renderPts: 34.060 nextFramePts: 34.039 -> diff: 0.021 render: 1 forceNext: 0, m_queued: 14, m_queued empty: true, begin idx: 4, front: 4,m_latencyTweak: 0.000000, GetDisplayLatency: 166.833344, m_videoDelay: 0, GetFrameLatencyAdjustment: 0.000000
2024-11-23 11:59:41.126 T:3833 debug : PrepareNextRender: (34.060) < (34.039 + 0.98 * 0.042): 34.060 < 34.080, lateframes: 0, idx: 4, break
2024-11-23 11:59:41.132 T:4060 debug : CAMLCodec::DequeueBuffer: pts:34.623 idx:1089
2024-11-23 11:59:41.132 T:4060 debug : CAMLCodec::GetPicture: index: 1089, pts: 34.623, dur:42.000ms ar:1.78 elf:41ms
2024-11-23 11:59:41.132 T:4060 debug : CVideoPlayerVideo::OutputPicture - ttd:596ms pts:34.623 Clock:34.026 Level:13
2024-11-23 11:59:41.132 T:3833 debug : CAMLCodec::ReleaseFrame idx:1075, drop:0
2024-11-23 11:59:41.133 T:4060 debug : CAMLCodec::AddData: dl:599744 fl:5495104 sz:14161(14272) lv:9.8% dts:35.123 pts:35.123
2024-11-23 11:59:41.134 T:4060 debug : CAMLCodec::AddData: dl:609344 fl:5485504 sz:9525(9600) lv:10.0% dts:35.165 pts:35.165
2024-11-23 11:59:41.134 T:4060 debug : CAMLCodec::AddData: dl:653184 fl:5441664 sz:43726(43840) lv:10.7% dts:35.207 pts:35.207
2024-11-23 11:59:41.143 T:4058 debug : CVideoPlayer::ProcessVideoData size:23982 dts:81.044 pts:81.044 dur:41.000ms, clock:34.038 level:100
2024-11-23 11:59:41.145 T:4058 debug : CVideoPlayer::ProcessVideoData size:107852 dts:81.086 pts:81.086 dur:41.000ms, clock:34.040 level:100
2024-11-23 11:59:41.165 T:3833 debug : CAMLCodec::PollFrame elapsed:32.201ms
2024-11-23 11:59:41.168 T:3833 debug : PrepareNextRender: frameOnScreen: 34.062 renderPts: 34.102 nextFramePts: 34.081 -> diff: 0.021 render: 1 forceNext: 0, m_queued: 14, m_queued empty: true, begin idx: 5, front: 5,m_latencyTweak: 0.000000, GetDisplayLatency: 166.833344, m_videoDelay: 0, GetFrameLatencyAdjustment: 0.000000
2024-11-23 11:59:41.168 T:3833 debug : PrepareNextRender: (34.102) < (34.081 + 0.98 * 0.042): 34.102 < 34.122, lateframes: 0, idx: 5, break
2024-11-23 11:59:41.174 T:4060 debug : CAMLCodec::DequeueBuffer: pts:34.665 idx:1090
2024-11-23 11:59:41.174 T:4060 debug : CAMLCodec::GetPicture: index: 1090, pts: 34.665, dur:42.000ms ar:1.78 elf:41ms
2024-11-23 11:59:41.174 T:4060 debug : CVideoPlayerVideo::OutputPicture - ttd:596ms pts:34.665 Clock:34.068 Level:13
2024-11-23 11:59:41.175 T:3833 debug : CAMLCodec::ReleaseFrame idx:1076, drop:0
2024-11-23 11:59:41.206 T:3833 debug : CAMLCodec::PollFrame elapsed:31.430ms
2024-11-23 11:59:41.210 T:3833 debug : PrepareNextRender: frameOnScreen: 34.104 renderPts: 34.144 nextFramePts: 34.122 -> diff: 0.022 render: 1 forceNext: 0, m_queued: 14, m_queued empty: true, begin idx: 7, front: 7,m_latencyTweak: 0.000000, GetDisplayLatency: 166.833344, m_videoDelay: 0, GetFrameLatencyAdjustment: 0.000000
2024-11-23 11:59:41.210 T:3833 debug : PrepareNextRender: (34.144) < (34.122 + 0.98 * 0.042): 34.144 < 34.163, lateframes: 0, idx: 7, break
2024-11-23 11:59:41.216 T:4060 debug : CAMLCodec::DequeueBuffer: pts:34.706 idx:1091
2024-11-23 11:59:41.216 T:4060 debug : CAMLCodec::GetPicture: index: 1091, pts: 34.706, dur:41.000ms ar:1.78 elf:41ms
2024-11-23 11:59:41.216 T:4060 debug : CVideoPlayerVideo::OutputPicture - ttd:596ms pts:34.706 Clock:34.110 Level:13
2024-11-23 11:59:41.216 T:3833 debug : CAMLCodec::ReleaseFrame idx:1077, drop:0
2024-11-23 11:59:41.248 T:3833 debug : CAMLCodec::PollFrame elapsed:31.362ms
2024-11-23 11:59:41.251 T:3833 debug : PrepareNextRender: frameOnScreen: 34.146 renderPts: 34.185 nextFramePts: 34.164 -> diff: 0.021 render: 1 forceNext: 0, m_queued: 14, m_queued empty: true, begin idx: 8, front: 8,m_latencyTweak: 0.000000, GetDisplayLatency: 166.833344, m_videoDelay: 0, GetFrameLatencyAdjustment: 0.000000
2024-11-23 11:59:41.252 T:3833 debug : PrepareNextRender: (34.185) < (34.164 + 0.98 * 0.042): 34.185 < 34.205, lateframes: 0, idx: 8, break
2024-11-23 11:59:41.256 T:4060 debug : CAMLCodec::DequeueBuffer: pts:34.748 idx:1092
2024-11-23 11:59:41.256 T:4060 debug : CAMLCodec::GetPicture: index: 1092, pts: 34.748, dur:42.000ms ar:1.78 elf:40ms
2024-11-23 11:59:41.256 T:4060 debug : CVideoPlayerVideo::OutputPicture - ttd:597ms pts:34.748 Clock:34.150 Level:13
2024-11-23 11:59:41.257 T:3833 debug : CAMLCodec::ReleaseFrame idx:1078, drop:0
2024-11-23 11:59:41.290 T:3833 debug : CAMLCodec::PollFrame elapsed:33.200ms
2024-11-23 11:59:41.295 T:3833 debug : PrepareNextRender: frameOnScreen: 34.189 renderPts: 34.229 nextFramePts: 34.206 -> diff: 0.023 render: 1 forceNext: 0, m_queued: 14, m_queued empty: true, begin idx: 9, front: 9,m_latencyTweak: 0.000000, GetDisplayLatency: 166.833344, m_videoDelay: 0, GetFrameLatencyAdjustment: 0.000000
2024-11-23 11:59:41.295 T:3833 debug : PrepareNextRender: (34.229) < (34.206 + 0.98 * 0.042): 34.229 < 34.247, lateframes: 0, idx: 9, break
2024-11-23 11:59:41.297 T:4058 debug : CVideoPlayer::SetCaching - caching state 2 clock:34.191 start pts:20.025
2024-11-23 11:59:41.297 T:4058 debug : CDVDClock::SetSpeedAdjust - adjusted:0.000000
2024-11-23 11:59:41.297 T:4058 debug : demuxer seek to: 64191.244632
2024-11-23 11:59:41.298 T:4058 debug : SeekTime - seek ended up on time 65069
2024-11-23 11:59:41.299 T:4058 debug : demuxer seek to: 64191.244632, success
2024-11-23 11:59:41.299 T:4058 debug : CVideoPlayer::FlushBuffers - flushing buffers
2024-11-23 11:59:41.301 T:3833 debug : CAMLCodec::ReleaseFrame idx:1079, drop:0
2024-11-23 11:59:41.302 T:4060 debug : CAMLCodec::SetSpeed, speed(0)
2024-11-23 11:59:41.302 T:4060 debug : CAMLCodec::AddData: dl:624384 fl:5470464 sz:8836(8960) lv:10.2% dts:35.249 pts:35.249
2024-11-23 11:59:41.302 T:4060 debug : CAMLCodec::DequeueBuffer: pts:34.790 idx:1093
2024-11-23 11:59:41.302 T:4060 debug : CAMLCodec::GetPicture: index: 1093, pts: 34.790, dur:42.000ms ar:1.78 elf:46ms
2024-11-23 11:59:41.302 T:4060 debug : CVideoPlayerVideo::OutputPicture - ttd:598ms pts:34.790 Clock:34.191 Level:13
2024-11-23 11:59:41.303 T:4060 debug : CAMLCodec::AddData: dl:628928 fl:5465920 sz:4449(4544) lv:10.3% dts:35.290 pts:35.290
2024-11-23 11:59:41.306 T:4060 debug : CAMLCodec::AddData: dl:663104 fl:5431744 sz:34049(34176) lv:10.9% dts:35.332 pts:35.332
2024-11-23 11:59:41.307 T:4060 debug : CAMLCodec::AddData: dl:667904 fl:5426944 sz:4695(4800) lv:11.0% dts:35.374 pts:35.374
2024-11-23 11:59:41.308 T:4060 debug : CAMLCodec::Reset
2024-11-23 11:59:41.332 T:3833 debug : CAMLCodec::PollFrame elapsed:30.025ms
2024-11-23 11:59:41.333 T:4061 debug : CDVDAudio::Pause - pausing audio stream
2024-11-23 11:59:41.335 T:3833 debug : PrepareNextRender: frameOnScreen: 34.191 renderPts: 34.231 nextFramePts: 34.248 -> diff: -0.017 render: 0 forceNext: 0, m_queued: 14, m_queued empty: true, begin idx: 10, front: 10,m_latencyTweak: 0.000000, GetDisplayLatency: 166.833344, m_videoDelay: 0, GetFrameLatencyAdjustment: 0.000000
2024-11-23 11:59:41.342 T:3833 debug : CAMLCodec::ReleaseFrame idx:1080, drop:0
2024-11-23 11:59:41.345 T:3833 debug : PrepareNextRender: frameOnScreen: 34.191 renderPts: 34.231 nextFramePts: 34.289 -> diff: -0.058 render: 0 forceNext: 0, m_queued: 13, m_queued empty: true, begin idx: 12, front: 12,m_latencyTweak: 0.000000, GetDisplayLatency: 166.833344, m_videoDelay: 0, GetFrameLatencyAdjustment: 0.000000
2024-11-23 11:59:41.354 T:4061 debug : CDVDAudio::Flush - flush audio stream
2024-11-23 11:59:41.354 T:4061 debug : CDVDAudio::Pause - pausing audio stream
2024-11-23 11:59:41.355 T:3833 debug : CAMLCodec::ReleaseFrame idx:1081, drop:1
2024-11-23 11:59:41.355 T:3833 debug : CAMLCodec::ReleaseFrame idx:1082, drop:1
2024-11-23 11:59:41.355 T:3833 debug : CAMLCodec::ReleaseFrame idx:1083, drop:1
2024-11-23 11:59:41.355 T:3833 debug : CAMLCodec::ReleaseFrame idx:1084, drop:1
2024-11-23 11:59:41.355 T:3833 debug : CAMLCodec::ReleaseFrame idx:1085, drop:1
2024-11-23 11:59:41.355 T:3833 debug : CAMLCodec::ReleaseFrame idx:1086, drop:1
2024-11-23 11:59:41.355 T:3833 debug : CAMLCodec::ReleaseFrame idx:1087, drop:1
2024-11-23 11:59:41.355 T:3833 debug : CAMLCodec::ReleaseFrame idx:1088, drop:1
2024-11-23 11:59:41.355 T:3833 debug : CAMLCodec::ReleaseFrame idx:1089, drop:1
2024-11-23 11:59:41.356 T:3833 debug : CAMLCodec::ReleaseFrame idx:1090, drop:1
2024-11-23 11:59:41.356 T:3833 debug : CAMLCodec::ReleaseFrame idx:1091, drop:1
2024-11-23 11:59:41.356 T:3833 debug : CAMLCodec::ReleaseFrame idx:1092, drop:1
2024-11-23 11:59:41.356 T:3833 debug : CAMLCodec::ReleaseFrame idx:1093, drop:1
2024-11-23 11:59:41.368 T:4060 debug : CVideoPlayerVideo - CDVDMsg::GENERAL_SYNCHRONIZE
2024-11-23 11:59:41.368 T:4061 debug : CVideoPlayerAudio - CDVDMsg::GENERAL_SYNCHRONIZE
2024-11-23 11:59:41.368 T:4058 debug : CVideoPlayer::HandleMessages: flush buffers: dts:64.191 lastSeek:45.510 clock:34.191
2024-11-23 11:59:41.368 T:4058 debug : CVideoPlayer::ProcessVideoData size:277667 dts:65.070 pts:65.070 dur:41.000ms, clock:34.191 level:0
2024-11-23 11:59:41.368 T:4060 debug : CVideoPlayerVideo - Stillframe left, switching to normal playback
2024-11-23 11:59:41.369 T:4060 debug : CVideoPlayerVideo::CalcDropRequirement - hurry: 0
2024-11-23 11:59:41.369 T:4060 debug : SetCodecControl 0->4000000
2024-11-23 11:59:41.371 T:4060 debug : CAMLCodec::AddData: dl:277760 fl:5817088 sz:277664(277760) lv:4.6% dts:65.070 pts:65.070
2024-11-23 11:59:41.372 T:4058 debug : CVideoPlayer::ProcessVideoData size:125156 dts:65.112 pts:65.112 dur:41.000ms, clock:34.191 level:0
2024-11-23 11:59:41.372 T:4060 debug : CVideoPlayerVideo::CalcDropRequirement - hurry: 0
2024-11-23 11:59:41.374 T:4058 debug : CVideoPlayer::ProcessVideoData size:14161 dts:65.153 pts:65.153 dur:41.000ms, clock:34.191 level:0
2024-11-23 11:59:41.375 T:4060 debug : CAMLCodec::AddData: dl:403008 fl:5691840 sz:125156(125248) lv:6.6% dts:65.112 pts:65.112
2024-11-23 11:59:41.376 T:4058 debug : CVideoPlayer::ProcessVideoData size:9525 dts:65.195 pts:65.195 dur:41.000ms, clock:34.191 level:0
2024-11-23 11:59:41.376 T:4060 debug : CVideoPlayerVideo::CalcDropRequirement - hurry: 0
2024-11-23 11:59:41.376 T:4060 debug : CAMLCodec::AddData: dl:417280 fl:5677568 sz:14161(14272) lv:6.8% dts:65.153 pts:65.153
2024-11-23 11:59:41.377 T:4060 debug : CVideoPlayerVideo::CalcDropRequirement - hurry: 0
2024-11-23 11:59:41.377 T:4060 debug : CAMLCodec::AddData: dl:426880 fl:5667968 sz:9525(9600) lv:7.0% dts:65.195 pts:65.195
2024-11-23 11:59:41.377 T:4058 debug : CVideoPlayer::ProcessVideoData size:43726 dts:65.237 pts:65.237 dur:41.000ms, clock:34.191 level:0
2024-11-23 11:59:41.378 T:4060 debug : CVideoPlayerVideo::CalcDropRequirement - hurry: 0
2024-11-23 11:59:41.378 T:4060 debug : CAMLCodec::AddData: dl:470720 fl:5624128 sz:43726(43840) lv:7.7% dts:65.237 pts:65.237
2024-11-23 11:59:41.378 T:4061 info : CAEStreamParser::SyncDTS - dtsHD MA stream detected (4 channels, 48000Hz, 16bit BE, period: 8192, syncword: 0x41a29547, target rate: 0x18, framesize 2076))
2024-11-23 11:59:41.379 T:3833 debug : CAMLCodec::PollFrame elapsed:0.018ms
2024-11-23 11:59:41.379 T:4058 debug : CVideoPlayer::ProcessVideoData size:8836 dts:65.279 pts:65.279 dur:41.000ms, clock:34.191 level:0
2024-11-23 11:59:41.380 T:4060 debug : CVideoPlayerVideo::CalcDropRequirement - hurry: 0
2024-11-23 11:59:41.380 T:4060 debug : CAMLCodec::AddData: dl:479680 fl:5615168 sz:8836(8960) lv:7.9% dts:65.279 pts:65.279
2024-11-23 11:59:41.381 T:4058 debug : CVideoPlayer::ProcessVideoData size:4449 dts:65.320 pts:65.320 dur:41.000ms, clock:34.191 level:0
2024-11-23 11:59:41.381 T:4060 debug : CVideoPlayerVideo::CalcDropRequirement - hurry: 0
2024-11-23 11:59:41.381 T:4060 debug : CAMLCodec::AddData: dl:484224 fl:5610624 sz:4449(4544) lv:7.9% dts:65.320 pts:65.320
2024-11-23 11:59:41.382 T:4058 debug : CVideoPlayer::HandleMessages - player started 1
2024-11-23 11:59:41.382 T:4024 debug : OnAVChange: CApplication::OnAVChange
2024-11-23 11:59:41.383 T:4058 debug : CVideoPlayer::ProcessVideoData size:34049 dts:65.362 pts:65.362 dur:41.000ms, clock:34.191 level:0
2024-11-23 11:59:41.383 T:4060 debug : CVideoPlayerVideo::CalcDropRequirement - hurry: 0
2024-11-23 11:59:41.384 T:4060 debug : CAMLCodec::AddData: dl:518400 fl:5576448 sz:34049(34176) lv:8.5% dts:65.362 pts:65.362
2024-11-23 11:59:41.385 T:4058 debug : CVideoPlayer::ProcessVideoData size:4695 dts:65.404 pts:65.404 dur:41.000ms, clock:34.191 level:0
2024-11-23 11:59:41.385 T:4060 debug : CVideoPlayerVideo::CalcDropRequirement - hurry: 0
2024-11-23 11:59:41.385 T:4060 debug : CAMLCodec::AddData: dl:523200 fl:5571648 sz:4695(4800) lv:8.6% dts:65.404 pts:65.404
2024-11-23 11:59:41.387 T:4058 debug : CVideoPlayer::ProcessVideoData size:4310 dts:65.445 pts:65.445 dur:41.000ms, clock:34.191 level:0
2024-11-23 11:59:41.387 T:4060 debug : CVideoPlayerVideo::CalcDropRequirement - hurry: 0
2024-11-23 11:59:41.387 T:4060 debug : CAMLCodec::AddData: dl:249856 fl:5844992 sz:4310(4416) lv:4.1% dts:65.445 pts:65.445
2024-11-23 11:59:41.389 T:4058 debug : CVideoPlayer::ProcessVideoData size:77722 dts:65.487 pts:65.487 dur:41.000ms, clock:34.191 level:0
2024-11-23 11:59:41.389 T:4060 debug : CVideoPlayerVideo::CalcDropRequirement - hurry: 0
2024-11-23 11:59:41.391 T:4058 debug : CVideoPlayer::ProcessVideoData size:21277 dts:65.529 pts:65.529 dur:41.000ms, clock:34.191 level:0
