2024-11-23 11:59:02.921 T:3833 debug : PrepareNextRender: frameOnScreen: 6.209 renderPts: 6.240 nextFramePts: 6.220 -> diff: 0.020 render: 1 forceNext: 0, m_queued: 14, m_queued empty: true, begin idx: 6, front: 6,m_latencyTweak: 0.000000, GetDisplayLatency: 166.833344, m_videoDelay: 0, GetFrameLatencyAdjustment: 0.000000
2024-11-23 11:59:02.921 T:3833 debug : PrepareNextRender: (6.240) < (6.220 + 0.98 * 0.042): 6.240 < 6.261, lateframes: 0, idx: 6, break
2024-11-23 11:59:02.922 T:3833 debug : CAMLCodec::ReleaseFrame idx:149, drop:0
2024-11-23 11:59:02.926 T:4060 debug : CAMLCodec::DequeueBuffer: pts:6.803 idx:163
2024-11-23 11:59:02.926 T:4060 debug : CAMLCodec::GetPicture: index: 163, pts: 6.803, dur:41.000ms ar:1.78 elf:42ms
2024-11-23 11:59:02.927 T:4060 debug : CVideoPlayerVideo::OutputPicture - ttd:587ms pts:6.803 Clock:6.215 Level:13
2024-11-23 11:59:02.960 T:3833 debug : CAMLCodec::PollFrame elapsed:38.103ms
2024-11-23 11:59:02.962 T:3833 debug : PrepareNextRender: frameOnScreen: 6.251 renderPts: 6.282 nextFramePts: 6.261 -> diff: 0.021 render: 1 forceNext: 0, m_queued: 14, m_queued empty: true, begin idx: 7, front: 7,m_latencyTweak: 0.000000, GetDisplayLatency: 166.833344, m_videoDelay: 0, GetFrameLatencyAdjustment: 0.000000
2024-11-23 11:59:02.963 T:3833 debug : PrepareNextRender: (6.282) < (6.261 + 0.98 * 0.042): 6.282 < 6.302, lateframes: 0, idx: 7, break
2024-11-23 11:59:02.964 T:3833 debug : CAMLCodec::ReleaseFrame idx:150, drop:0
2024-11-23 11:59:02.968 T:4060 debug : CAMLCodec::DequeueBuffer: pts:6.845 idx:164
2024-11-23 11:59:02.968 T:4060 debug : CAMLCodec::GetPicture: index: 164, pts: 6.845, dur:42.000ms ar:1.78 elf:41ms
2024-11-23 11:59:02.968 T:4060 debug : CVideoPlayerVideo::OutputPicture - ttd:588ms pts:6.845 Clock:6.256 Level:13
2024-11-23 11:59:03.001 T:3833 debug : CAMLCodec::PollFrame elapsed:37.662ms
2024-11-23 11:59:03.004 T:3833 debug : PrepareNextRender: frameOnScreen: 6.293 renderPts: 6.323 nextFramePts: 6.303 -> diff: 0.020 render: 1 forceNext: 0, m_queued: 14, m_queued empty: true, begin idx: 8, front: 8,m_latencyTweak: 0.000000, GetDisplayLatency: 166.833344, m_videoDelay: 0, GetFrameLatencyAdjustment: 0.000000
2024-11-23 11:59:03.004 T:3833 debug : PrepareNextRender: (6.323) < (6.303 + 0.98 * 0.042): 6.323 < 6.344, lateframes: 0, idx: 8, break
2024-11-23 11:59:03.005 T:3833 debug : CAMLCodec::ReleaseFrame idx:151, drop:0
2024-11-23 11:59:03.010 T:4060 debug : CAMLCodec::DequeueBuffer: pts:6.887 idx:165
2024-11-23 11:59:03.010 T:4060 debug : CAMLCodec::GetPicture: index: 165, pts: 6.887, dur:42.000ms ar:1.78 elf:42ms
2024-11-23 11:59:03.010 T:4060 debug : CVideoPlayerVideo::OutputPicture - ttd:588ms pts:6.887 Clock:6.299 Level:13
2024-11-23 11:59:03.043 T:3833 debug : CAMLCodec::PollFrame elapsed:37.486ms
2024-11-23 11:59:03.046 T:3833 debug : PrepareNextRender: frameOnScreen: 6.335 renderPts: 6.366 nextFramePts: 6.345 -> diff: 0.021 render: 1 forceNext: 0, m_queued: 14, m_queued empty: true, begin idx: 9, front: 9,m_latencyTweak: 0.000000, GetDisplayLatency: 166.833344, m_videoDelay: 0, GetFrameLatencyAdjustment: 0.000000
2024-11-23 11:59:03.046 T:3833 debug : PrepareNextRender: (6.366) < (6.345 + 0.98 * 0.042): 6.366 < 6.386, lateframes: 0, idx: 9, break
2024-11-23 11:59:03.048 T:3833 debug : CAMLCodec::ReleaseFrame idx:152, drop:0
2024-11-23 11:59:03.052 T:4060 debug : CAMLCodec::DequeueBuffer: pts:6.929 idx:166
2024-11-23 11:59:03.052 T:4060 debug : CAMLCodec::GetPicture: index: 166, pts: 6.929, dur:42.000ms ar:1.78 elf:42ms
2024-11-23 11:59:03.052 T:4060 debug : CVideoPlayerVideo::OutputPicture - ttd:587ms pts:6.929 Clock:6.341 Level:13
2024-11-23 11:59:03.085 T:3833 debug : CAMLCodec::PollFrame elapsed:36.815ms
2024-11-23 11:59:03.087 T:3833 debug : PrepareNextRender: frameOnScreen: 6.376 renderPts: 6.407 nextFramePts: 6.386 -> diff: 0.021 render: 1 forceNext: 0, m_queued: 14, m_queued empty: true, begin idx: 10, front: 10,m_latencyTweak: 0.000000, GetDisplayLatency: 166.833344, m_videoDelay: 0, GetFrameLatencyAdjustment: 0.000000
2024-11-23 11:59:03.088 T:3833 debug : PrepareNextRender: (6.407) < (6.386 + 0.98 * 0.042): 6.407 < 6.427, lateframes: 0, idx: 10, break
2024-11-23 11:59:03.089 T:3833 debug : CAMLCodec::ReleaseFrame idx:153, drop:0
2024-11-23 11:59:03.092 T:3901 debug : PushCecKeypress - received key e5 duration 0
2024-11-23 11:59:03.094 T:4060 debug : CAMLCodec::DequeueBuffer: pts:6.970 idx:167
2024-11-23 11:59:03.094 T:4060 debug : CAMLCodec::GetPicture: index: 167, pts: 6.970, dur:41.000ms ar:1.78 elf:41ms
2024-11-23 11:59:03.094 T:4060 debug : CVideoPlayerVideo::OutputPicture - ttd:587ms pts:6.970 Clock:6.382 Level:13
2024-11-23 11:59:03.127 T:3833 debug : CAMLCodec::PollFrame elapsed:37.580ms
2024-11-23 11:59:03.128 T:3833 debug : HandleKey: yellow (0xe5) pressed, window 12005, action is PlayerProcessInfo
2024-11-23 11:59:03.128 T:3833 debug : Activating window ID: 10116
2024-11-23 11:59:03.129 T:3833 debug : ------ Window Init (DialogPlayerProcessInfo.xml) ------
2024-11-23 11:59:03.129 T:3833 info : Loading skin file: DialogPlayerProcessInfo.xml, load type: KEEP_IN_MEMORY
2024-11-23 11:59:03.136 T:4060 debug : CAMLCodec::DequeueBuffer: pts:7.012 idx:168
2024-11-23 11:59:03.136 T:4060 debug : CAMLCodec::GetPicture: index: 168, pts: 7.012, dur:42.000ms ar:1.78 elf:42ms
2024-11-23 11:59:03.137 T:4060 debug : CVideoPlayerVideo::OutputPicture - ttd:586ms pts:7.012 Clock:6.425 Level:14
2024-11-23 11:59:03.136 T:3833 error : unmatched parentheses in string.contains(videoplayer.hdrtype,hlg
2024-11-23 11:59:03.140 T:4060 debug : CAMLCodec::AddData: dl:665472 fl:5429376 sz:58637(58752) lv:10.9% dts:7.554 pts:7.554
2024-11-23 11:59:03.148 T:4058 debug : CVideoPlayer::ProcessVideoData size:5815 dts:53.141 pts:53.141 dur:41.000ms, clock:6.437 level:100
2024-11-23 11:59:03.150 T:4058 debug : CVideoPlayer::ProcessVideoData size:8137 dts:53.183 pts:53.183 dur:41.000ms, clock:6.438 level:100
2024-11-23 11:59:03.151 T:4058 debug : CVideoPlayer::ProcessVideoData size:28879 dts:53.225 pts:53.225 dur:41.000ms, clock:6.440 level:100
2024-11-23 11:59:03.173 T:3901 debug : PushCecKeypress - received key e5 duration 80
2024-11-23 11:59:03.178 T:4060 debug : CAMLCodec::AddData: dl:577280 fl:5517568 sz:45072(45184) lv:9.5% dts:7.596 pts:7.596
2024-11-23 11:59:03.178 T:4060 debug : CAMLCodec::AddData: dl:584320 fl:5510528 sz:6951(7040) lv:9.6% dts:7.638 pts:7.638
2024-11-23 11:59:03.178 T:4060 debug : CAMLCodec::AddData: dl:590016 fl:5504832 sz:5584(5696) lv:9.7% dts:7.679 pts:7.679
2024-11-23 11:59:03.178 T:4060 debug : CAMLCodec::AddData: dl:601024 fl:5493824 sz:10940(11008) lv:9.9% dts:7.721 pts:7.721
2024-11-23 11:59:03.178 T:4060 debug : CAMLCodec::AddData: dl:609216 fl:5485632 sz:8109(8192) lv:10.0% dts:7.763 pts:7.763
2024-11-23 11:59:03.178 T:4060 debug : CAMLCodec::AddData: dl:639488 fl:5455360 sz:30206(30272) lv:10.5% dts:7.804 pts:7.804
2024-11-23 11:59:03.184 T:4058 debug : CVideoPlayer::ProcessVideoData size:8296 dts:53.267 pts:53.267 dur:41.000ms, clock:6.473 level:100
2024-11-23 11:59:03.185 T:4058 debug : CVideoPlayer::ProcessVideoData size:4412 dts:53.308 pts:53.308 dur:41.000ms, clock:6.474 level:100
2024-11-23 11:59:03.187 T:4058 debug : CVideoPlayer::ProcessVideoData size:20307 dts:53.350 pts:53.350 dur:41.000ms, clock:6.476 level:100
2024-11-23 11:59:03.188 T:4058 debug : CVideoPlayer::ProcessVideoData size:4649 dts:53.392 pts:53.392 dur:41.000ms, clock:6.477 level:100
2024-11-23 11:59:03.190 T:4058 debug : CVideoPlayer::ProcessVideoData size:4269 dts:53.433 pts:53.433 dur:41.000ms, clock:6.478 level:100
2024-11-23 11:59:03.193 T:4058 debug : CVideoPlayer::ProcessVideoData size:72063 dts:53.475 pts:53.475 dur:41.000ms, clock:6.482 level:100
2024-11-23 11:59:03.199 T:3833 debug : ------ Window Init (DialogSeekBar.xml) ------
2024-11-23 11:59:03.201 T:3833 debug : PrepareNextRender: frameOnScreen: 6.490 renderPts: 6.520 nextFramePts: 6.428 -> diff: 0.092 render: 1 forceNext: 0, m_queued: 15, m_queued empty: true, begin idx: 11, front: 11,m_latencyTweak: 0.000000, GetDisplayLatency: 166.833344, m_videoDelay: 0, GetFrameLatencyAdjustment: 0.000000
2024-11-23 11:59:03.201 T:3833 debug : PrepareNextRender: (6.520) < (6.428 + 0.98 * 0.042): 6.520 < 6.469, lateframes: 0, idx: 11, lateframe
2024-11-23 11:59:03.201 T:3833 debug : PrepareNextRender: (6.520) < (6.470 + 0.98 * 0.042): 6.520 < 6.511, lateframes: 1, idx: 11, lateframe
2024-11-23 11:59:03.201 T:3833 debug : PrepareNextRender: (6.520) < (6.511 + 0.98 * 0.042): 6.520 < 6.552, lateframes: 2, idx: 12, break
2024-11-23 11:59:03.201 T:3833 debug : CAMLCodec::ReleaseFrame idx:154, drop:1
2024-11-23 11:59:03.201 T:4060 debug : CAMLCodec::DequeueBuffer: pts:7.054 idx:169
2024-11-23 11:59:03.201 T:4060 debug : CAMLCodec::GetPicture: index: 169, pts: 7.054, dur:42.000ms ar:1.78 elf:64ms
2024-11-23 11:59:03.202 T:4060 debug : CVideoPlayerVideo::OutputPicture - ttd:563ms pts:7.054 Clock:6.490 Level:13
2024-11-23 11:59:03.202 T:3833 debug : CAMLCodec::ReleaseFrame idx:155, drop:0
2024-11-23 11:59:03.203 T:3833 debug : CAMLCodec::PollFrame elapsed:0.011ms
2024-11-23 11:59:03.204 T:3833 debug : ------ Window Init (Custom_1109_TopBarOverlay.xml) ------
2024-11-23 11:59:03.213 T:3833 debug : PrepareNextRender: frameOnScreen: 6.501 renderPts: 6.532 nextFramePts: 6.511 -> diff: 0.021 render: 1 forceNext: 0, m_queued: 14, m_queued empty: true, begin idx: 13, front: 13,m_latencyTweak: 0.000000, GetDisplayLatency: 166.833344, m_videoDelay: 0, GetFrameLatencyAdjustment: 0.000000
2024-11-23 11:59:03.213 T:3833 debug : PrepareNextRender: (6.532) < (6.511 + 0.98 * 0.042): 6.532 < 6.552, lateframes: 0, idx: 13, break
2024-11-23 11:59:03.218 T:4060 debug : CAMLCodec::DequeueBuffer: pts:7.095 idx:170
2024-11-23 11:59:03.218 T:4060 debug : CAMLCodec::GetPicture: index: 170, pts: 7.095, dur:41.000ms ar:1.78 elf:16ms
2024-11-23 11:59:03.218 T:4060 debug : CVideoPlayerVideo::OutputPicture - ttd:587ms pts:7.095 Clock:6.507 Level:13
2024-11-23 11:59:03.222 T:3833 debug : CAMLCodec::ReleaseFrame idx:156, drop:0
2024-11-23 11:59:03.222 T:3833 debug : CAMLCodec::PollFrame elapsed:0.010ms
2024-11-23 11:59:03.227 T:3833 debug : PrepareNextRender: frameOnScreen: 6.516 renderPts: 6.547 nextFramePts: 6.553 -> diff: -0.006 render: 0 forceNext: 0, m_queued: 14, m_queued empty: true, begin idx: 14, front: 14,m_latencyTweak: 0.000000, GetDisplayLatency: 166.833344, m_videoDelay: 0, GetFrameLatencyAdjustment: 0.000000
2024-11-23 11:59:03.230 T:3833 debug : CAMLCodec::ReleaseFrame idx:157, drop:0
2024-11-23 11:59:03.252 T:3833 debug : CAMLCodec::PollFrame elapsed:21.723ms
2024-11-23 11:59:03.257 T:3833 debug : PrepareNextRender: frameOnScreen: 6.546 renderPts: 6.577 nextFramePts: 6.595 -> diff: -0.018 render: 0 forceNext: 0, m_queued: 13, m_queued empty: true, begin idx: 15, front: 15,m_latencyTweak: 0.000000, GetDisplayLatency: 166.833344, m_videoDelay: 0, GetFrameLatencyAdjustment: 0.000000
2024-11-23 11:59:03.260 T:4060 debug : CAMLCodec::DequeueBuffer: pts:7.137 idx:171
2024-11-23 11:59:03.260 T:4060 debug : CAMLCodec::GetPicture: index: 171, pts: 7.137, dur:42.000ms ar:1.78 elf:41ms
2024-11-23 11:59:03.260 T:4060 debug : CVideoPlayerVideo::OutputPicture - ttd:587ms pts:7.137 Clock:6.549 Level:13
2024-11-23 11:59:03.268 T:4060 debug : CAMLCodec::DequeueBuffer: pts:7.179 idx:172
2024-11-23 11:59:03.268 T:4060 debug : CAMLCodec::GetPicture: index: 172, pts: 7.179, dur:42.000ms ar:1.78 elf:7ms
2024-11-23 11:59:03.268 T:4060 debug : CVideoPlayerVideo::OutputPicture - ttd:621ms pts:7.179 Clock:6.557 Level:14
2024-11-23 11:59:03.270 T:4060 debug : CAMLCodec::AddData: dl:601728 fl:5493120 sz:6111(6208) lv:9.9% dts:7.846 pts:7.846
2024-11-23 11:59:03.270 T:4060 debug : CAMLCodec::AddData: dl:605824 fl:5489024 sz:3827(4096) lv:9.9% dts:7.888 pts:7.888
2024-11-23 11:59:03.272 T:4060 debug : CAMLCodec::AddData: dl:681792 fl:5413056 sz:75854(75968) lv:11.2% dts:7.930 pts:7.930
2024-11-23 11:59:03.276 T:4058 debug : CVideoPlayer::ProcessVideoData size:21442 dts:53.517 pts:53.517 dur:41.000ms, clock:6.564 level:100
2024-11-23 11:59:03.277 T:4058 debug : CVideoPlayer::ProcessVideoData size:4387 dts:53.558 pts:53.558 dur:41.000ms, clock:6.566 level:100
2024-11-23 11:59:03.279 T:4058 debug : CVideoPlayer::ProcessVideoData size:70306 dts:53.600 pts:53.600 dur:41.000ms, clock:6.567 level:100
2024-11-23 11:59:03.293 T:3833 debug : CAMLCodec::PollFrame elapsed:27.269ms
2024-11-23 11:59:03.300 T:3833 debug : PrepareNextRender: frameOnScreen: 6.589 renderPts: 6.619 nextFramePts: 6.595 -> diff: 0.024 render: 1 forceNext: 0, m_queued: 15, m_queued empty: true, begin idx: 15, front: 15,m_latencyTweak: 0.000000, GetDisplayLatency: 166.833344, m_videoDelay: 0, GetFrameLatencyAdjustment: 0.000000
2024-11-23 11:59:03.300 T:3833 debug : PrepareNextRender: (6.619) < (6.595 + 0.98 * 0.042): 6.619 < 6.636, lateframes: 0, idx: 15, break
2024-11-23 11:59:03.308 T:3833 debug : CAMLCodec::ReleaseFrame idx:158, drop:0
2024-11-23 11:59:03.309 T:4060 debug : CAMLCodec::DequeueBuffer: pts:7.221 idx:173
2024-11-23 11:59:03.309 T:4060 debug : CAMLCodec::GetPicture: index: 173, pts: 7.221, dur:42.000ms ar:1.78 elf:40ms
2024-11-23 11:59:03.309 T:4060 debug : CVideoPlayerVideo::OutputPicture - ttd:623ms pts:7.221 Clock:6.597 Level:14
2024-11-23 11:59:03.335 T:3833 debug : CAMLCodec::PollFrame elapsed:27.093ms
2024-11-23 11:59:03.341 T:3833 debug : PrepareNextRender: frameOnScreen: 6.630 renderPts: 6.660 nextFramePts: 6.637 -> diff: 0.023 render: 1 forceNext: 0, m_queued: 15, m_queued empty: true, begin idx: 0, front: 0,m_latencyTweak: 0.000000, GetDisplayLatency: 166.833344, m_videoDelay: 0, GetFrameLatencyAdjustment: 0.000000
2024-11-23 11:59:03.341 T:3833 debug : PrepareNextRender: (6.660) < (6.637 + 0.98 * 0.042): 6.660 < 6.678, lateframes: 0, idx: 0, break
2024-11-23 11:59:03.348 T:3833 debug : CAMLCodec::ReleaseFrame idx:159, drop:0
2024-11-23 11:59:03.377 T:3833 debug : CAMLCodec::PollFrame elapsed:28.515ms
2024-11-23 11:59:03.383 T:3833 debug : PrepareNextRender: frameOnScreen: 6.671 renderPts: 6.702 nextFramePts: 6.678 -> diff: 0.024 render: 1 forceNext: 0, m_queued: 14, m_queued empty: true, begin idx: 1, front: 1,m_latencyTweak: 0.000000, GetDisplayLatency: 166.833344, m_videoDelay: 0, GetFrameLatencyAdjustment: 0.000000
2024-11-23 11:59:03.383 T:3833 debug : PrepareNextRender: (6.702) < (6.678 + 0.98 * 0.042): 6.702 < 6.719, lateframes: 0, idx: 1, break
2024-11-23 11:59:03.387 T:4060 debug : CAMLCodec::DequeueBuffer: pts:7.262 idx:174
2024-11-23 11:59:03.387 T:4060 debug : CAMLCodec::GetPicture: index: 174, pts: 7.262, dur:41.000ms ar:1.78 elf:78ms
2024-11-23 11:59:03.387 T:4060 debug : CVideoPlayerVideo::OutputPicture - ttd:586ms pts:7.262 Clock:6.676 Level:13
2024-11-23 11:59:03.390 T:3833 debug : CAMLCodec::ReleaseFrame idx:160, drop:0
2024-11-23 11:59:03.419 T:3833 debug : CAMLCodec::PollFrame elapsed:28.307ms
2024-11-23 11:59:03.425 T:3833 debug : PrepareNextRender: frameOnScreen: 6.714 renderPts: 6.745 nextFramePts: 6.720 -> diff: 0.025 render: 1 forceNext: 0, m_queued: 14, m_queued empty: true, begin idx: 2, front: 2,m_latencyTweak: 0.000000, GetDisplayLatency: 166.833344, m_videoDelay: 0, GetFrameLatencyAdjustment: 0.000000
2024-11-23 11:59:03.425 T:3833 debug : PrepareNextRender: (6.745) < (6.720 + 0.98 * 0.042): 6.745 < 6.761, lateframes: 0, idx: 2, break
2024-11-23 11:59:03.429 T:4060 debug : CAMLCodec::DequeueBuffer: pts:7.304 idx:175
2024-11-23 11:59:03.429 T:4060 debug : CAMLCodec::GetPicture: index: 175, pts: 7.304, dur:42.000ms ar:1.78 elf:41ms
2024-11-23 11:59:03.429 T:4060 debug : CVideoPlayerVideo::OutputPicture - ttd:586ms pts:7.304 Clock:6.718 Level:13
2024-11-23 11:59:03.432 T:3833 debug : CAMLCodec::ReleaseFrame idx:161, drop:0
2024-11-23 11:59:03.460 T:3833 debug : CAMLCodec::PollFrame elapsed:27.736ms
2024-11-23 11:59:03.466 T:3833 debug : PrepareNextRender: frameOnScreen: 6.755 renderPts: 6.786 nextFramePts: 6.762 -> diff: 0.024 render: 1 forceNext: 0, m_queued: 14, m_queued empty: true, begin idx: 3, front: 3,m_latencyTweak: 0.000000, GetDisplayLatency: 166.833344, m_videoDelay: 0, GetFrameLatencyAdjustment: 0.000000
2024-11-23 11:59:03.466 T:3833 debug : PrepareNextRender: (6.786) < (6.762 + 0.98 * 0.042): 6.786 < 6.803, lateframes: 0, idx: 3, break
2024-11-23 11:59:03.469 T:4060 debug : CAMLCodec::DequeueBuffer: pts:7.346 idx:176
2024-11-23 11:59:03.469 T:4060 debug : CAMLCodec::GetPicture: index: 176, pts: 7.346, dur:42.000ms ar:1.78 elf:40ms
2024-11-23 11:59:03.469 T:4060 debug : CVideoPlayerVideo::OutputPicture - ttd:587ms pts:7.346 Clock:6.758 Level:13
2024-11-23 11:59:03.474 T:3833 debug : CAMLCodec::ReleaseFrame idx:162, drop:0
2024-11-23 11:59:03.502 T:3833 debug : CAMLCodec::PollFrame elapsed:27.915ms
2024-11-23 11:59:03.508 T:3833 debug : PrepareNextRender: frameOnScreen: 6.796 renderPts: 6.827 nextFramePts: 6.803 -> diff: 0.024 render: 1 forceNext: 0, m_queued: 14, m_queued empty: true, begin idx: 4, front: 4,m_latencyTweak: 0.000000, GetDisplayLatency: 166.833344, m_videoDelay: 0, GetFrameLatencyAdjustment: 0.000000
2024-11-23 11:59:03.508 T:3833 debug : PrepareNextRender: (6.827) < (6.803 + 0.98 * 0.042): 6.827 < 6.844, lateframes: 0, idx: 4, break
2024-11-23 11:59:03.511 T:4060 debug : CAMLCodec::DequeueBuffer: pts:7.387 idx:177
2024-11-23 11:59:03.511 T:4060 debug : CAMLCodec::GetPicture: index: 177, pts: 7.387, dur:41.000ms ar:1.78 elf:41ms
2024-11-23 11:59:03.511 T:4060 debug : CVideoPlayerVideo::OutputPicture - ttd:587ms pts:7.387 Clock:6.800 Level:13
2024-11-23 11:59:03.512 T:3833 debug : CAMLCodec::ReleaseFrame idx:163, drop:0
2024-11-23 11:59:03.544 T:3833 debug : CAMLCodec::PollFrame elapsed:31.686ms
2024-11-23 11:59:03.550 T:3833 debug : PrepareNextRender: frameOnScreen: 6.838 renderPts: 6.869 nextFramePts: 6.845 -> diff: 0.024 render: 1 forceNext: 0, m_queued: 14, m_queued empty: true, begin idx: 5, front: 5,m_latencyTweak: 0.000000, GetDisplayLatency: 166.833344, m_videoDelay: 0, GetFrameLatencyAdjustment: 0.000000
2024-11-23 11:59:03.550 T:3833 debug : PrepareNextRender: (6.869) < (6.845 + 0.98 * 0.042): 6.869 < 6.886, lateframes: 0, idx: 5, break
2024-11-23 11:59:03.554 T:3833 debug : CAMLCodec::ReleaseFrame idx:164, drop:0
2024-11-23 11:59:03.554 T:4060 debug : CAMLCodec::DequeueBuffer: pts:7.429 idx:178
2024-11-23 11:59:03.554 T:4060 debug : CAMLCodec::GetPicture: index: 178, pts: 7.429, dur:42.000ms ar:1.78 elf:42ms
2024-11-23 11:59:03.554 T:4060 debug : CVideoPlayerVideo::OutputPicture - ttd:586ms pts:7.429 Clock:6.842 Level:13
2024-11-23 11:59:03.555 T:4060 debug : CAMLCodec::AddData: dl:593536 fl:5501312 sz:24609(24704) lv:9.7% dts:7.971 pts:7.971
2024-11-23 11:59:03.557 T:4060 debug : CAMLCodec::AddData: dl:702784 fl:5392064 sz:109139(109248) lv:11.5% dts:8.013 pts:8.013
2024-11-23 11:59:03.563 T:4058 debug : CVideoPlayer::ProcessVideoData size:42904 dts:53.642 pts:53.642 dur:41.000ms, clock:6.852 level:100
2024-11-23 11:59:03.564 T:4058 debug : CVideoPlayer::ProcessVideoData size:9352 dts:53.684 pts:53.684 dur:41.000ms, clock:6.853 level:100
2024-11-23 11:59:03.567 T:4058 debug : CVideoPlayer::ProcessVideoData size:8793 dts:53.725 pts:53.725 dur:41.000ms, clock:6.856 level:100
2024-11-23 11:59:03.568 T:4058 debug : CVideoPlayer::ProcessVideoData size:11549 dts:53.767 pts:53.767 dur:41.000ms, clock:6.857 level:100
2024-11-23 11:59:03.573 T:4058 debug : CVideoPlayer::ProcessVideoData size:252785 dts:53.809 pts:53.809 dur:41.000ms, clock:6.862 level:100
2024-11-23 11:59:03.586 T:3833 debug : CAMLCodec::PollFrame elapsed:31.985ms
2024-11-23 11:59:03.591 T:3833 debug : PrepareNextRender: frameOnScreen: 6.880 renderPts: 6.911 nextFramePts: 6.887 -> diff: 0.024 render: 1 forceNext: 0, m_queued: 14, m_queued empty: true, begin idx: 6, front: 6,m_latencyTweak: 0.000000, GetDisplayLatency: 166.833344, m_videoDelay: 0, GetFrameLatencyAdjustment: 0.000000
2024-11-23 11:59:03.591 T:3833 debug : PrepareNextRender: (6.911) < (6.887 + 0.98 * 0.042): 6.911 < 6.928, lateframes: 0, idx: 6, break
2024-11-23 11:59:03.593 T:4060 debug : CAMLCodec::DequeueBuffer: pts:7.471 idx:179
2024-11-23 11:59:03.593 T:4060 debug : CAMLCodec::GetPicture: index: 179, pts: 7.471, dur:42.000ms ar:1.78 elf:39ms
2024-11-23 11:59:03.593 T:4060 debug : CVideoPlayerVideo::OutputPicture - ttd:589ms pts:7.471 Clock:6.882 Level:13
2024-11-23 11:59:03.595 T:3833 debug : CAMLCodec::ReleaseFrame idx:165, drop:0
2024-11-23 11:59:03.627 T:3833 debug : CAMLCodec::PollFrame elapsed:31.961ms
2024-11-23 11:59:03.632 T:3833 debug : PrepareNextRender: frameOnScreen: 6.920 renderPts: 6.951 nextFramePts: 6.929 -> diff: 0.022 render: 1 forceNext: 0, m_queued: 14, m_queued empty: true, begin idx: 7, front: 7,m_latencyTweak: 0.000000, GetDisplayLatency: 166.833344, m_videoDelay: 0, GetFrameLatencyAdjustment: 0.000000
2024-11-23 11:59:03.632 T:3833 debug : PrepareNextRender: (6.951) < (6.929 + 0.98 * 0.042): 6.951 < 6.970, lateframes: 0, idx: 7, break
2024-11-23 11:59:03.635 T:3833 debug : CAMLCodec::ReleaseFrame idx:166, drop:0
2024-11-23 11:59:03.640 T:4060 debug : CAMLCodec::DequeueBuffer: pts:7.512 idx:180
2024-11-23 11:59:03.640 T:4060 debug : CAMLCodec::GetPicture: index: 180, pts: 7.512, dur:41.000ms ar:1.78 elf:46ms
2024-11-23 11:59:03.640 T:4060 debug : CVideoPlayerVideo::OutputPicture - ttd:583ms pts:7.512 Clock:6.929 Level:13
2024-11-23 11:59:03.644 T:4060 debug : CAMLCodec::AddData: dl:518976 fl:5575872 sz:132530(132608) lv:8.5% dts:8.055 pts:8.055
2024-11-23 11:59:03.644 T:4060 debug : CAMLCodec::AddData: dl:524864 fl:5569984 sz:5815(5888) lv:8.6% dts:8.096 pts:8.096
2024-11-23 11:59:03.644 T:4060 debug : CAMLCodec::AddData: dl:533120 fl:5561728 sz:8134(8256) lv:8.7% dts:8.138 pts:8.138
2024-11-23 11:59:03.644 T:4060 debug : CAMLCodec::AddData: dl:561984 fl:5532864 sz:28787(28864) lv:9.2% dts:8.180 pts:8.180
2024-11-23 11:59:03.644 T:4060 debug : CAMLCodec::AddData: dl:570368 fl:5524480 sz:8283(8384) lv:9.4% dts:8.222 pts:8.222
2024-11-23 11:59:03.644 T:4060 debug : CAMLCodec::AddData: dl:574848 fl:5520000 sz:4412(4480) lv:9.4% dts:8.263 pts:8.263
2024-11-23 11:59:03.645 T:4060 debug : CAMLCodec::AddData: dl:595328 fl:5499520 sz:20354(20480) lv:9.8% dts:8.305 pts:8.305
2024-11-23 11:59:03.645 T:4060 debug : CAMLCodec::AddData: dl:600064 fl:5494784 sz:4649(4736) lv:9.8% dts:8.347 pts:8.347
2024-11-23 11:59:03.645 T:4060 debug : CAMLCodec::AddData: dl:604416 fl:5490432 sz:4268(4352) lv:9.9% dts:8.388 pts:8.388
2024-11-23 11:59:03.647 T:4060 debug : CAMLCodec::AddData: dl:676544 fl:5418304 sz:72042(72128) lv:11.1% dts:8.430 pts:8.430
2024-11-23 11:59:03.657 T:4058 debug : CVideoPlayer::ProcessVideoData size:13179 dts:53.850 pts:53.850 dur:41.000ms, clock:6.946 level:100
2024-11-23 11:59:03.658 T:4058 debug : CVideoPlayer::ProcessVideoData size:6824 dts:53.892 pts:53.892 dur:41.000ms, clock:6.947 level:100
2024-11-23 11:59:03.660 T:4058 debug : CVideoPlayer::ProcessVideoData size:3898 dts:53.934 pts:53.934 dur:41.000ms, clock:6.948 level:100
2024-11-23 11:59:03.662 T:4058 debug : CVideoPlayer::ProcessVideoData size:94259 dts:53.976 pts:53.976 dur:41.000ms, clock:6.950 level:100
2024-11-23 11:59:03.669 T:3833 debug : CAMLCodec::PollFrame elapsed:33.970ms
2024-11-23 11:59:03.674 T:3833 debug : PrepareNextRender: frameOnScreen: 6.963 renderPts: 6.994 nextFramePts: 6.970 -> diff: 0.024 render: 1 forceNext: 0, m_queued: 14, m_queued empty: true, begin idx: 8, front: 8,m_latencyTweak: 0.000000, GetDisplayLatency: 166.833344, m_videoDelay: 0, GetFrameLatencyAdjustment: 0.000000
2024-11-23 11:59:03.674 T:3833 debug : PrepareNextRender: (6.994) < (6.970 + 0.98 * 0.042): 6.994 < 7.011, lateframes: 0, idx: 8, break
2024-11-23 11:59:03.678 T:4060 debug : CAMLCodec::DequeueBuffer: pts:7.554 idx:181
2024-11-23 11:59:03.678 T:3833 debug : CAMLCodec::ReleaseFrame idx:167, drop:0
2024-11-23 11:59:03.678 T:4060 debug : CAMLCodec::GetPicture: index: 181, pts: 7.554, dur:42.000ms ar:1.78 elf:37ms
2024-11-23 11:59:03.679 T:4060 debug : CVideoPlayerVideo::OutputPicture - ttd:586ms pts:7.554 Clock:6.967 Level:13
2024-11-23 11:59:03.710 T:3833 debug : CAMLCodec::PollFrame elapsed:31.930ms
2024-11-23 11:59:03.715 T:3833 debug : PrepareNextRender: frameOnScreen: 7.004 renderPts: 7.035 nextFramePts: 7.012 -> diff: 0.023 render: 1 forceNext: 0, m_queued: 14, m_queued empty: true, begin idx: 9, front: 9,m_latencyTweak: 0.000000, GetDisplayLatency: 166.833344, m_videoDelay: 0, GetFrameLatencyAdjustment: 0.000000
2024-11-23 11:59:03.715 T:3833 debug : PrepareNextRender: (7.035) < (7.012 + 0.98 * 0.042): 7.035 < 7.053, lateframes: 0, idx: 9, break
2024-11-23 11:59:03.718 T:3833 debug : CAMLCodec::ReleaseFrame idx:168, drop:0
2024-11-23 11:59:03.721 T:4060 debug : CAMLCodec::DequeueBuffer: pts:7.596 idx:182
2024-11-23 11:59:03.721 T:4060 debug : CAMLCodec::GetPicture: index: 182, pts: 7.596, dur:42.000ms ar:1.78 elf:42ms
2024-11-23 11:59:03.721 T:4060 debug : CVideoPlayerVideo::OutputPicture - ttd:586ms pts:7.596 Clock:7.010 Level:13
2024-11-23 11:59:03.722 T:4060 debug : CAMLCodec::AddData: dl:594112 fl:5500736 sz:21438(21504) lv:9.7% dts:8.472 pts:8.472
2024-11-23 11:59:03.722 T:4060 debug : CAMLCodec::AddData: dl:598592 fl:5496256 sz:4383(4480) lv:9.8% dts:8.513 pts:8.513
2024-11-23 11:59:03.725 T:4058 debug : CVideoPlayer::ProcessVideoData size:24822 dts:54.017 pts:54.017 dur:41.000ms, clock:7.013 level:100
2024-11-23 11:59:03.725 T:4060 debug : CAMLCodec::AddData: dl:669376 fl:5425472 sz:70720(70784) lv:11.0% dts:8.555 pts:8.555
2024-11-23 11:59:03.726 T:4058 debug : CVideoPlayer::ProcessVideoData size:109400 dts:54.059 pts:54.059 dur:41.000ms, clock:7.015 level:100
2024-11-23 11:59:03.752 T:3833 debug : CAMLCodec::PollFrame elapsed:33.701ms
2024-11-23 11:59:03.758 T:3833 debug : PrepareNextRender: frameOnScreen: 7.046 renderPts: 7.077 nextFramePts: 7.054 -> diff: 0.023 render: 1 forceNext: 0, m_queued: 14, m_queued empty: true, begin idx: 11, front: 11,m_latencyTweak: 0.000000, GetDisplayLatency: 166.833344, m_videoDelay: 0, GetFrameLatencyAdjustment: 0.000000
2024-11-23 11:59:03.758 T:3833 debug : PrepareNextRender: (7.077) < (7.054 + 0.98 * 0.042): 7.077 < 7.095, lateframes: 0, idx: 11, break
2024-11-23 11:59:03.760 T:4060 debug : CAMLCodec::DequeueBuffer: pts:7.638 idx:183
2024-11-23 11:59:03.760 T:4060 debug : CAMLCodec::GetPicture: index: 183, pts: 7.638, dur:42.000ms ar:1.78 elf:39ms
2024-11-23 11:59:03.760 T:4060 debug : CVideoPlayerVideo::OutputPicture - ttd:589ms pts:7.638 Clock:7.049 Level:13
2024-11-23 11:59:03.761 T:3833 debug : CAMLCodec::ReleaseFrame idx:169, drop:0
2024-11-23 11:59:03.794 T:3833 debug : CAMLCodec::PollFrame elapsed:32.776ms
2024-11-23 11:59:03.798 T:3833 debug : PrepareNextRender: frameOnScreen: 7.087 renderPts: 7.118 nextFramePts: 7.095 -> diff: 0.023 render: 1 forceNext: 0, m_queued: 14, m_queued empty: true, begin idx: 10, front: 10,m_latencyTweak: 0.000000, GetDisplayLatency: 166.833344, m_videoDelay: 0, GetFrameLatencyAdjustment: 0.000000
2024-11-23 11:59:03.799 T:3833 debug : PrepareNextRender: (7.118) < (7.095 + 0.98 * 0.042): 7.118 < 7.136, lateframes: 0, idx: 10, break
2024-11-23 11:59:03.801 T:4060 debug : CAMLCodec::DequeueBuffer: pts:7.679 idx:184
2024-11-23 11:59:03.802 T:3833 debug : CAMLCodec::ReleaseFrame idx:170, drop:0
2024-11-23 11:59:03.802 T:4060 debug : CAMLCodec::GetPicture: index: 184, pts: 7.679, dur:41.000ms ar:1.78 elf:41ms
2024-11-23 11:59:03.802 T:4060 debug : CVideoPlayerVideo::OutputPicture - ttd:588ms pts:7.679 Clock:7.090 Level:13
2024-11-23 11:59:03.836 T:3833 debug : CAMLCodec::PollFrame elapsed:33.854ms
2024-11-23 11:59:03.841 T:3833 debug : PrepareNextRender: frameOnScreen: 7.130 renderPts: 7.160 nextFramePts: 7.137 -> diff: 0.023 render: 1 forceNext: 0, m_queued: 14, m_queued empty: true, begin idx: 12, front: 12,m_latencyTweak: 0.000000, GetDisplayLatency: 166.833344, m_videoDelay: 0, GetFrameLatencyAdjustment: 0.000000
2024-11-23 11:59:03.841 T:3833 debug : PrepareNextRender: (7.160) < (7.137 + 0.98 * 0.042): 7.160 < 7.178, lateframes: 0, idx: 12, break
2024-11-23 11:59:03.845 T:3833 debug : CAMLCodec::ReleaseFrame idx:171, drop:0
2024-11-23 11:59:03.846 T:4060 debug : CAMLCodec::DequeueBuffer: pts:7.721 idx:185
2024-11-23 11:59:03.846 T:4060 debug : CAMLCodec::GetPicture: index: 185, pts: 7.721, dur:42.000ms ar:1.78 elf:43ms
2024-11-23 11:59:03.846 T:4060 debug : CVideoPlayerVideo::OutputPicture - ttd:586ms pts:7.721 Clock:7.134 Level:13
2024-11-23 11:59:03.877 T:3833 debug : CAMLCodec::PollFrame elapsed:32.318ms
2024-11-23 11:59:03.882 T:3833 debug : PrepareNextRender: frameOnScreen: 7.170 renderPts: 7.201 nextFramePts: 7.179 -> diff: 0.022 render: 1 forceNext: 0, m_queued: 14, m_queued empty: true, begin idx: 13, front: 13,m_latencyTweak: 0.000000, GetDisplayLatency: 166.833344, m_videoDelay: 0, GetFrameLatencyAdjustment: 0.000000
2024-11-23 11:59:03.882 T:3833 debug : PrepareNextRender: (7.201) < (7.179 + 0.98 * 0.042): 7.201 < 7.220, lateframes: 0, idx: 13, break
2024-11-23 11:59:03.885 T:3833 debug : CAMLCodec::ReleaseFrame idx:172, drop:0
2024-11-23 11:59:03.886 T:4060 debug : CAMLCodec::DequeueBuffer: pts:7.763 idx:186
2024-11-23 11:59:03.886 T:4060 debug : CAMLCodec::GetPicture: index: 186, pts: 7.763, dur:42.000ms ar:1.78 elf:40ms
2024-11-23 11:59:03.886 T:4060 debug : CVideoPlayerVideo::OutputPicture - ttd:588ms pts:7.763 Clock:7.175 Level:13
2024-11-23 11:59:03.919 T:3833 debug : CAMLCodec::PollFrame elapsed:33.856ms
2024-11-23 11:59:03.924 T:3833 debug : PrepareNextRender: frameOnScreen: 7.213 renderPts: 7.243 nextFramePts: 7.221 -> diff: 0.022 render: 1 forceNext: 0, m_queued: 14, m_queued empty: true, begin idx: 14, front: 14,m_latencyTweak: 0.000000, GetDisplayLatency: 166.833344, m_videoDelay: 0, GetFrameLatencyAdjustment: 0.000000
2024-11-23 11:59:03.924 T:3833 debug : PrepareNextRender: (7.243) < (7.221 + 0.98 * 0.042): 7.243 < 7.262, lateframes: 0, idx: 14, break
2024-11-23 11:59:03.928 T:3833 debug : CAMLCodec::ReleaseFrame idx:173, drop:0
2024-11-23 11:59:03.928 T:4060 debug : CAMLCodec::DequeueBuffer: pts:7.804 idx:187
2024-11-23 11:59:03.928 T:4060 debug : CAMLCodec::GetPicture: index: 187, pts: 7.804, dur:41.000ms ar:1.78 elf:42ms
2024-11-23 11:59:03.928 T:4060 debug : CVideoPlayerVideo::OutputPicture - ttd:586ms pts:7.804 Clock:7.217 Level:13
2024-11-23 11:59:03.930 T:4060 debug : CAMLCodec::AddData: dl:650176 fl:5444672 sz:42933(43008) lv:10.7% dts:8.597 pts:8.597
2024-11-23 11:59:03.961 T:3833 debug : CAMLCodec::PollFrame elapsed:32.879ms
2024-11-23 11:59:03.965 T:3833 debug : PrepareNextRender: frameOnScreen: 7.254 renderPts: 7.285 nextFramePts: 7.262 -> diff: 0.023 render: 1 forceNext: 0, m_queued: 14, m_queued empty: true, begin idx: 15, front: 15,m_latencyTweak: 0.000000, GetDisplayLatency: 166.833344, m_videoDelay: 0, GetFrameLatencyAdjustment: 0.000000
2024-11-23 11:59:03.965 T:3833 debug : PrepareNextRender: (7.285) < (7.262 + 0.98 * 0.042): 7.285 < 7.303, lateframes: 0, idx: 15, break
2024-11-23 11:59:03.968 T:3833 debug : CAMLCodec::ReleaseFrame idx:174, drop:0
2024-11-23 11:59:03.970 T:4060 debug : CAMLCodec::DequeueBuffer: pts:7.846 idx:188
2024-11-23 11:59:03.970 T:4060 debug : CAMLCodec::GetPicture: index: 188, pts: 7.846, dur:42.000ms ar:1.78 elf:41ms
2024-11-23 11:59:03.970 T:4060 debug : CVideoPlayerVideo::OutputPicture - ttd:587ms pts:7.846 Clock:7.259 Level:13
2024-11-23 11:59:04.002 T:3833 debug : CAMLCodec::PollFrame elapsed:33.982ms
2024-11-23 11:59:04.007 T:3833 debug : PrepareNextRender: frameOnScreen: 7.295 renderPts: 7.326 nextFramePts: 7.304 -> diff: 0.022 render: 1 forceNext: 0, m_queued: 14, m_queued empty: true, begin idx: 0, front: 0,m_latencyTweak: 0.000000, GetDisplayLatency: 166.833344, m_videoDelay: 0, GetFrameLatencyAdjustment: 0.000000
2024-11-23 11:59:04.007 T:3833 debug : PrepareNextRender: (7.326) < (7.304 + 0.98 * 0.042): 7.326 < 7.345, lateframes: 0, idx: 0, break
2024-11-23 11:59:04.010 T:3833 debug : CAMLCodec::ReleaseFrame idx:175, drop:0
2024-11-23 11:59:04.012 T:4060 debug : CAMLCodec::DequeueBuffer: pts:7.888 idx:189
2024-11-23 11:59:04.012 T:4060 debug : CAMLCodec::GetPicture: index: 189, pts: 7.888, dur:42.000ms ar:1.78 elf:42ms
2024-11-23 11:59:04.012 T:4060 debug : CVideoPlayerVideo::OutputPicture - ttd:586ms pts:7.888 Clock:7.301 Level:13
2024-11-23 11:59:04.044 T:3833 debug : CAMLCodec::PollFrame elapsed:34.114ms
2024-11-23 11:59:04.049 T:3833 debug : PrepareNextRender: frameOnScreen: 7.337 renderPts: 7.368 nextFramePts: 7.346 -> diff: 0.022 render: 1 forceNext: 0, m_queued: 14, m_queued empty: true, begin idx: 1, front: 1,m_latencyTweak: 0.000000, GetDisplayLatency: 166.833344, m_videoDelay: 0, GetFrameLatencyAdjustment: 0.000000
2024-11-23 11:59:04.049 T:3833 debug : PrepareNextRender: (7.368) < (7.346 + 0.98 * 0.042): 7.368 < 7.387, lateframes: 0, idx: 1, break
2024-11-23 11:59:04.052 T:3833 debug : CAMLCodec::ReleaseFrame idx:176, drop:0
2024-11-23 11:59:04.054 T:4060 debug : CAMLCodec::DequeueBuffer: pts:7.930 idx:190
2024-11-23 11:59:04.054 T:4060 debug : CAMLCodec::GetPicture: index: 190, pts: 7.930, dur:42.000ms ar:1.78 elf:41ms
2024-11-23 11:59:04.054 T:4060 debug : CVideoPlayerVideo::OutputPicture - ttd:587ms pts:7.930 Clock:7.342 Level:13
2024-11-23 11:59:04.055 T:4060 debug : CAMLCodec::AddData: dl:573376 fl:5521472 sz:9345(9472) lv:9.4% dts:8.639 pts:8.639
2024-11-23 11:59:04.055 T:4060 debug : CAMLCodec::AddData: dl:581952 fl:5512896 sz:8510(8576) lv:9.5% dts:8.680 pts:8.680
2024-11-23 11:59:04.055 T:4060 debug : CAMLCodec::AddData: dl:593600 fl:5501248 sz:11543(11648) lv:9.7% dts:8.722 pts:8.722
2024-11-23 11:59:04.058 T:4060 debug : CAMLCodec::AddData: dl:846208 fl:5248640 sz:252488(252608) lv:13.9% dts:8.764 pts:8.764
2024-11-23 11:59:04.063 T:4058 debug : CVideoPlayer::ProcessVideoData size:133101 dts:54.101 pts:54.101 dur:41.000ms, clock:7.352 level:100
2024-11-23 11:59:04.064 T:4058 debug : CVideoPlayer::ProcessVideoData size:5604 dts:54.142 pts:54.142 dur:41.000ms, clock:7.353 level:100
2024-11-23 11:59:04.068 T:4058 debug : CVideoPlayer::ProcessVideoData size:8112 dts:54.184 pts:54.184 dur:41.000ms, clock:7.356 level:100
2024-11-23 11:59:04.069 T:4058 debug : CVideoPlayer::ProcessVideoData size:32552 dts:54.226 pts:54.226 dur:41.000ms, clock:7.358 level:100
2024-11-23 11:59:04.071 T:4058 debug : CVideoPlayer::ProcessVideoData size:8418 dts:54.268 pts:54.268 dur:41.000ms, clock:7.359 level:100
2024-11-23 11:59:04.072 T:4058 debug : CVideoPlayer::ProcessVideoData size:4426 dts:54.309 pts:54.309 dur:41.000ms, clock:7.360 level:100
2024-11-23 11:59:04.075 T:4058 debug : CVideoPlayer::ProcessVideoData size:21875 dts:54.351 pts:54.351 dur:41.000ms, clock:7.363 level:100
2024-11-23 11:59:04.076 T:4058 debug : CVideoPlayer::ProcessVideoData size:4676 dts:54.393 pts:54.393 dur:41.000ms, clock:7.365 level:100
2024-11-23 11:59:04.077 T:4058 debug : CVideoPlayer::ProcessVideoData size:4311 dts:54.434 pts:54.434 dur:41.000ms, clock:7.366 level:100
2024-11-23 11:59:04.079 T:4058 debug : CVideoPlayer::ProcessVideoData size:72206 dts:54.476 pts:54.476 dur:41.000ms, clock:7.368 level:100
2024-11-23 11:59:04.086 T:3833 debug : CAMLCodec::PollFrame elapsed:34.097ms
2024-11-23 11:59:04.091 T:3833 debug : PrepareNextRender: frameOnScreen: 7.379 renderPts: 7.410 nextFramePts: 7.387 -> diff: 0.023 render: 1 forceNext: 0, m_queued: 14, m_queued empty: true, begin idx: 2, front: 2,m_latencyTweak: 0.000000, GetDisplayLatency: 166.833344, m_videoDelay: 0, GetFrameLatencyAdjustment: 0.000000
2024-11-23 11:59:04.091 T:3833 debug : PrepareNextRender: (7.410) < (7.387 + 0.98 * 0.042): 7.410 < 7.428, lateframes: 0, idx: 2, break
2024-11-23 11:59:04.094 T:3833 debug : CAMLCodec::ReleaseFrame idx:177, drop:0
2024-11-23 11:59:04.096 T:4060 debug : CAMLCodec::DequeueBuffer: pts:7.971 idx:191
2024-11-23 11:59:04.096 T:4060 debug : CAMLCodec::GetPicture: index: 191, pts: 7.971, dur:41.000ms ar:1.78 elf:42ms
2024-11-23 11:59:04.096 T:4060 debug : CVideoPlayerVideo::OutputPicture - ttd:586ms pts:7.971 Clock:7.385 Level:13
2024-11-23 11:59:04.128 T:3833 debug : CAMLCodec::PollFrame elapsed:32.912ms
2024-11-23 11:59:04.133 T:3833 debug : PrepareNextRender: frameOnScreen: 7.422 renderPts: 7.453 nextFramePts: 7.429 -> diff: 0.024 render: 1 forceNext: 0, m_queued: 14, m_queued empty: true, begin idx: 3, front: 3,m_latencyTweak: 0.000000, GetDisplayLatency: 166.833344, m_videoDelay: 0, GetFrameLatencyAdjustment: 0.000000
2024-11-23 11:59:04.133 T:3833 debug : PrepareNextRender: (7.453) < (7.429 + 0.98 * 0.042): 7.453 < 7.470, lateframes: 0, idx: 3, break
2024-11-23 11:59:04.137 T:3833 debug : CAMLCodec::ReleaseFrame idx:178, drop:0
2024-11-23 11:59:04.137 T:4060 debug : CAMLCodec::DequeueBuffer: pts:8.013 idx:192
2024-11-23 11:59:04.137 T:4060 debug : CAMLCodec::GetPicture: index: 192, pts: 8.013, dur:42.000ms ar:1.78 elf:41ms
2024-11-23 11:59:04.137 T:4060 debug : CVideoPlayerVideo::OutputPicture - ttd:586ms pts:8.013 Clock:7.426 Level:13
2024-11-23 11:59:04.169 T:3833 debug : CAMLCodec::PollFrame elapsed:32.406ms
2024-11-23 11:59:04.174 T:3833 debug : PrepareNextRender: frameOnScreen: 7.463 renderPts: 7.494 nextFramePts: 7.471 -> diff: 0.023 render: 1 forceNext: 0, m_queued: 14, m_queued empty: true, begin idx: 4, front: 4,m_latencyTweak: 0.000000, GetDisplayLatency: 166.833344, m_videoDelay: 0, GetFrameLatencyAdjustment: 0.000000
2024-11-23 11:59:04.174 T:3833 debug : PrepareNextRender: (7.494) < (7.471 + 0.98 * 0.042): 7.494 < 7.512, lateframes: 0, idx: 4, break
2024-11-23 11:59:04.177 T:3833 debug : CAMLCodec::ReleaseFrame idx:179, drop:0
2024-11-23 11:59:04.180 T:4060 debug : CAMLCodec::DequeueBuffer: pts:8.055 idx:193
2024-11-23 11:59:04.180 T:4060 debug : CAMLCodec::GetPicture: index: 193, pts: 8.055, dur:42.000ms ar:1.78 elf:42ms
2024-11-23 11:59:04.180 T:4060 debug : CVideoPlayerVideo::OutputPicture - ttd:586ms pts:8.055 Clock:7.468 Level:13
2024-11-23 11:59:04.181 T:4060 debug : CAMLCodec::AddData: dl:592960 fl:5501888 sz:13189(13312) lv:9.7% dts:8.805 pts:8.805
2024-11-23 11:59:04.181 T:4060 debug : CAMLCodec::AddData: dl:599872 fl:5494976 sz:6823(6912) lv:9.8% dts:8.847 pts:8.847
2024-11-23 11:59:04.181 T:4060 debug : CAMLCodec::AddData: dl:603968 fl:5490880 sz:3901(4096) lv:9.9% dts:8.889 pts:8.889
2024-11-23 11:59:04.183 T:4060 debug : CAMLCodec::AddData: dl:698496 fl:5396352 sz:94438(94528) lv:11.5% dts:8.931 pts:8.931
2024-11-23 11:59:04.192 T:4058 debug : CVideoPlayer::ProcessVideoData size:21440 dts:54.518 pts:54.518 dur:41.000ms, clock:7.481 level:100
2024-11-23 11:59:04.194 T:4058 debug : CVideoPlayer::ProcessVideoData size:4455 dts:54.559 pts:54.559 dur:41.000ms, clock:7.482 level:100
2024-11-23 11:59:04.196 T:4058 debug : CVideoPlayer::ProcessVideoData size:71628 dts:54.601 pts:54.601 dur:41.000ms, clock:7.484 level:100
2024-11-23 11:59:04.211 T:3833 debug : CAMLCodec::PollFrame elapsed:33.546ms
2024-11-23 11:59:04.216 T:3833 debug : PrepareNextRender: frameOnScreen: 7.505 renderPts: 7.536 nextFramePts: 7.512 -> diff: 0.024 render: 1 forceNext: 0, m_queued: 14, m_queued empty: true, begin idx: 5, front: 5,m_latencyTweak: 0.000000, GetDisplayLatency: 166.833344, m_videoDelay: 0, GetFrameLatencyAdjustment: 0.000000
2024-11-23 11:59:04.216 T:3833 debug : PrepareNextRender: (7.536) < (7.512 + 0.98 * 0.042): 7.536 < 7.553, lateframes: 0, idx: 5, break
2024-11-23 11:59:04.220 T:3833 debug : CAMLCodec::ReleaseFrame idx:180, drop:0
2024-11-23 11:59:04.220 T:4060 debug : CAMLCodec::DequeueBuffer: pts:8.096 idx:194
2024-11-23 11:59:04.220 T:4060 debug : CAMLCodec::GetPicture: index: 194, pts: 8.096, dur:41.000ms ar:1.78 elf:40ms
2024-11-23 11:59:04.220 T:4060 debug : CVideoPlayerVideo::OutputPicture - ttd:587ms pts:8.096 Clock:7.509 Level:13
2024-11-23 11:59:04.253 T:3833 debug : CAMLCodec::PollFrame elapsed:32.952ms
2024-11-23 11:59:04.257 T:3833 debug : PrepareNextRender: frameOnScreen: 7.546 renderPts: 7.577 nextFramePts: 7.554 -> diff: 0.023 render: 1 forceNext: 0, m_queued: 14, m_queued empty: true, begin idx: 6, front: 6,m_latencyTweak: 0.000000, GetDisplayLatency: 166.833344, m_videoDelay: 0, GetFrameLatencyAdjustment: 0.000000
2024-11-23 11:59:04.258 T:3833 debug : PrepareNextRender: (7.577) < (7.554 + 0.98 * 0.042): 7.577 < 7.595, lateframes: 0, idx: 6, break
2024-11-23 11:59:04.260 T:3833 debug : CAMLCodec::ReleaseFrame idx:181, drop:0
2024-11-23 11:59:04.262 T:4060 debug : CAMLCodec::DequeueBuffer: pts:8.138 idx:195
2024-11-23 11:59:04.262 T:4060 debug : CAMLCodec::GetPicture: index: 195, pts: 8.138, dur:42.000ms ar:1.78 elf:42ms
2024-11-23 11:59:04.262 T:4060 debug : CVideoPlayerVideo::OutputPicture - ttd:586ms pts:8.138 Clock:7.551 Level:13
2024-11-23 11:59:04.294 T:3833 debug : CAMLCodec::PollFrame elapsed:33.713ms
2024-11-23 11:59:04.300 T:3833 debug : PrepareNextRender: frameOnScreen: 7.589 renderPts: 7.620 nextFramePts: 7.596 -> diff: 0.024 render: 1 forceNext: 0, m_queued: 14, m_queued empty: true, begin idx: 7, front: 7,m_latencyTweak: 0.000000, GetDisplayLatency: 166.833344, m_videoDelay: 0, GetFrameLatencyAdjustment: 0.000000
2024-11-23 11:59:04.300 T:3833 debug : PrepareNextRender: (7.620) < (7.596 + 0.98 * 0.042): 7.620 < 7.637, lateframes: 0, idx: 7, break
2024-11-23 11:59:04.304 T:4060 debug : CAMLCodec::DequeueBuffer: pts:8.180 idx:196
2024-11-23 11:59:04.304 T:4060 debug : CAMLCodec::GetPicture: index: 196, pts: 8.180, dur:42.000ms ar:1.78 elf:41ms
2024-11-23 11:59:04.304 T:4060 debug : CVideoPlayerVideo::OutputPicture - ttd:587ms pts:8.180 Clock:7.593 Level:13
2024-11-23 11:59:04.304 T:3833 debug : CAMLCodec::ReleaseFrame idx:182, drop:0
2024-11-23 11:59:04.336 T:3833 debug : CAMLCodec::PollFrame elapsed:31.738ms
2024-11-23 11:59:04.342 T:3833 debug : PrepareNextRender: frameOnScreen: 7.631 renderPts: 7.662 nextFramePts: 7.638 -> diff: 0.024 render: 1 forceNext: 0, m_queued: 14, m_queued empty: true, begin idx: 8, front: 8,m_latencyTweak: 0.000000, GetDisplayLatency: 166.833344, m_videoDelay: 0, GetFrameLatencyAdjustment: 0.000000
2024-11-23 11:59:04.342 T:3833 debug : PrepareNextRender: (7.662) < (7.638 + 0.98 * 0.042): 7.662 < 7.679, lateframes: 0, idx: 8, break
2024-11-23 11:59:04.344 T:4060 debug : CAMLCodec::DequeueBuffer: pts:8.222 idx:197
2024-11-23 11:59:04.344 T:4060 debug : CAMLCodec::GetPicture: index: 197, pts: 8.222, dur:42.000ms ar:1.78 elf:40ms
2024-11-23 11:59:04.344 T:4060 debug : CVideoPlayerVideo::OutputPicture - ttd:589ms pts:8.222 Clock:7.633 Level:13
2024-11-23 11:59:04.346 T:3833 debug : CAMLCodec::ReleaseFrame idx:183, drop:0
2024-11-23 11:59:04.378 T:3833 debug : CAMLCodec::PollFrame elapsed:31.674ms
2024-11-23 11:59:04.383 T:3833 debug : PrepareNextRender: frameOnScreen: 7.671 renderPts: 7.700 nextFramePts: 7.679 -> diff: 0.021 render: 1 forceNext: 0, m_queued: 14, m_queued empty: true, begin idx: 9, front: 9,m_latencyTweak: 0.000000, GetDisplayLatency: 166.833344, m_videoDelay: 0, GetFrameLatencyAdjustment: 0.000000
2024-11-23 11:59:04.383 T:3833 debug : PrepareNextRender: (7.700) < (7.679 + 0.98 * 0.042): 7.700 < 7.720, lateframes: 0, idx: 9, break
2024-11-23 11:59:04.386 T:3833 debug : CAMLCodec::ReleaseFrame idx:184, drop:0
2024-11-23 11:59:04.386 T:4060 debug : CAMLCodec::DequeueBuffer: pts:8.263 idx:198
2024-11-23 11:59:04.386 T:4060 debug : CAMLCodec::GetPicture: index: 198, pts: 8.263, dur:41.000ms ar:1.78 elf:41ms
2024-11-23 11:59:04.386 T:4060 debug : CVideoPlayerVideo::OutputPicture - ttd:588ms pts:8.263 Clock:7.675 Level:13
2024-11-23 11:59:04.420 T:3833 debug : CAMLCodec::PollFrame elapsed:33.562ms
2024-11-23 11:59:04.425 T:3833 debug : PrepareNextRender: frameOnScreen: 7.714 renderPts: 7.742 nextFramePts: 7.721 -> diff: 0.021 render: 1 forceNext: 0, m_queued: 14, m_queued empty: true, begin idx: 11, front: 11,m_latencyTweak: 0.000000, GetDisplayLatency: 166.833344, m_videoDelay: 0, GetFrameLatencyAdjustment: 0.000000
2024-11-23 11:59:04.425 T:3833 debug : PrepareNextRender: (7.742) < (7.721 + 0.98 * 0.042): 7.742 < 7.762, lateframes: 0, idx: 11, break
2024-11-23 11:59:04.427 T:4060 debug : CAMLCodec::DequeueBuffer: pts:8.305 idx:199
2024-11-23 11:59:04.427 T:4060 debug : CAMLCodec::GetPicture: index: 199, pts: 8.305, dur:42.000ms ar:1.78 elf:40ms
2024-11-23 11:59:04.427 T:4060 debug : CVideoPlayerVideo::OutputPicture - ttd:589ms pts:8.305 Clock:7.716 Level:13
2024-11-23 11:59:04.429 T:3833 debug : CAMLCodec::ReleaseFrame idx:185, drop:0
2024-11-23 11:59:04.461 T:3833 debug : CAMLCodec::PollFrame elapsed:31.961ms
2024-11-23 11:59:04.466 T:3833 debug : PrepareNextRender: frameOnScreen: 7.754 renderPts: 7.783 nextFramePts: 7.763 -> diff: 0.020 render: 1 forceNext: 0, m_queued: 14, m_queued empty: true, begin idx: 10, front: 10,m_latencyTweak: 0.000000, GetDisplayLatency: 166.833344, m_videoDelay: 0, GetFrameLatencyAdjustment: 0.000000
2024-11-23 11:59:04.466 T:3833 debug : PrepareNextRender: (7.783) < (7.763 + 0.98 * 0.042): 7.783 < 7.804, lateframes: 0, idx: 10, break
2024-11-23 11:59:04.469 T:3833 debug : CAMLCodec::ReleaseFrame idx:186, drop:0
2024-11-23 11:59:04.470 T:4060 debug : CAMLCodec::DequeueBuffer: pts:8.347 idx:200
2024-11-23 11:59:04.470 T:4060 debug : CAMLCodec::GetPicture: index: 200, pts: 8.347, dur:42.000ms ar:1.78 elf:42ms
2024-11-23 11:59:04.470 T:4060 debug : CVideoPlayerVideo::OutputPicture - ttd:588ms pts:8.347 Clock:7.759 Level:13
2024-11-23 11:59:04.503 T:3833 debug : CAMLCodec::PollFrame elapsed:33.716ms
2024-11-23 11:59:04.507 T:3833 debug : PrepareNextRender: frameOnScreen: 7.796 renderPts: 7.824 nextFramePts: 7.804 -> diff: 0.020 render: 1 forceNext: 0, m_queued: 14, m_queued empty: true, begin idx: 12, front: 12,m_latencyTweak: 0.000000, GetDisplayLatency: 166.833344, m_videoDelay: 0, GetFrameLatencyAdjustment: 0.000000
2024-11-23 11:59:04.507 T:3833 debug : PrepareNextRender: (7.824) < (7.804 + 0.98 * 0.042): 7.824 < 7.845, lateframes: 0, idx: 12, break
2024-11-23 11:59:04.511 T:3833 debug : CAMLCodec::ReleaseFrame idx:187, drop:0
2024-11-23 11:59:04.511 T:4060 debug : CAMLCodec::DequeueBuffer: pts:8.388 idx:201
2024-11-23 11:59:04.511 T:4060 debug : CAMLCodec::GetPicture: index: 201, pts: 8.388, dur:41.000ms ar:1.78 elf:41ms
2024-11-23 11:59:04.511 T:4060 debug : CVideoPlayerVideo::OutputPicture - ttd:588ms pts:8.388 Clock:7.800 Level:13
2024-11-23 11:59:04.545 T:3833 debug : CAMLCodec::PollFrame elapsed:33.803ms
2024-11-23 11:59:04.549 T:3833 debug : PrepareNextRender: frameOnScreen: 7.838 renderPts: 7.866 nextFramePts: 7.846 -> diff: 0.020 render: 1 forceNext: 0, m_queued: 14, m_queued empty: true, begin idx: 13, front: 13,m_latencyTweak: 0.000000, GetDisplayLatency: 166.833344, m_videoDelay: 0, GetFrameLatencyAdjustment: 0.000000
2024-11-23 11:59:04.549 T:3833 debug : PrepareNextRender: (7.866) < (7.846 + 0.98 * 0.042): 7.866 < 7.887, lateframes: 0, idx: 13, break
2024-11-23 11:59:04.552 T:3833 debug : CAMLCodec::ReleaseFrame idx:188, drop:0
2024-11-23 11:59:04.555 T:4060 debug : CAMLCodec::DequeueBuffer: pts:8.430 idx:202
2024-11-23 11:59:04.555 T:4060 debug : CAMLCodec::GetPicture: index: 202, pts: 8.430, dur:42.000ms ar:1.78 elf:43ms
2024-11-23 11:59:04.555 T:4060 debug : CVideoPlayerVideo::OutputPicture - ttd:586ms pts:8.430 Clock:7.844 Level:13
2024-11-23 11:59:04.556 T:4060 debug : CAMLCodec::AddData: dl:565824 fl:5529024 sz:24827(24896) lv:9.3% dts:8.972 pts:8.972
2024-11-23 11:59:04.559 T:4060 debug : CAMLCodec::AddData: dl:675328 fl:5419520 sz:109426(109504) lv:11.1% dts:9.014 pts:9.014
2024-11-23 11:59:04.562 T:4058 debug : CVideoPlayer::ProcessVideoData size:42977 dts:54.643 pts:54.643 dur:41.000ms, clock:7.850 level:100
2024-11-23 11:59:04.565 T:4058 debug : CVideoPlayer::ProcessVideoData size:9164 dts:54.685 pts:54.685 dur:41.000ms, clock:7.853 level:100
2024-11-23 11:59:04.566 T:4058 debug : CVideoPlayer::ProcessVideoData size:8414 dts:54.726 pts:54.726 dur:41.000ms, clock:7.854 level:100
2024-11-23 11:59:04.568 T:4058 debug : CVideoPlayer::ProcessVideoData size:11452 dts:54.768 pts:54.768 dur:41.000ms, clock:7.856 level:100
2024-11-23 11:59:04.569 T:4058 debug : CVideoPlayer::ProcessVideoData size:8329 dts:54.810 pts:54.810 dur:41.000ms, clock:7.857 level:100
2024-11-23 11:59:04.571 T:4058 debug : CVideoPlayer::ProcessVideoData size:42861 dts:54.851 pts:54.851 dur:41.000ms, clock:7.859 level:100
2024-11-23 11:59:04.586 T:3833 debug : CAMLCodec::PollFrame elapsed:34.209ms
2024-11-23 11:59:04.591 T:3833 debug : PrepareNextRender: frameOnScreen: 7.880 renderPts: 7.908 nextFramePts: 7.888 -> diff: 0.020 render: 1 forceNext: 0, m_queued: 14, m_queued empty: true, begin idx: 14, front: 14,m_latencyTweak: 0.000000, GetDisplayLatency: 166.833344, m_videoDelay: 0, GetFrameLatencyAdjustment: 0.000000
2024-11-23 11:59:04.591 T:3833 debug : PrepareNextRender: (7.908) < (7.888 + 0.98 * 0.042): 7.908 < 7.929, lateframes: 0, idx: 14, break
2024-11-23 11:59:04.595 T:3833 debug : CAMLCodec::ReleaseFrame idx:189, drop:0
2024-11-23 11:59:04.595 T:4060 debug : CAMLCodec::DequeueBuffer: pts:8.472 idx:203
2024-11-23 11:59:04.595 T:4060 debug : CAMLCodec::GetPicture: index: 203, pts: 8.472, dur:42.000ms ar:1.78 elf:40ms
2024-11-23 11:59:04.595 T:4060 debug : CVideoPlayerVideo::OutputPicture - ttd:588ms pts:8.472 Clock:7.884 Level:13
2024-11-23 11:59:04.628 T:3833 debug : CAMLCodec::PollFrame elapsed:33.090ms
2024-11-23 11:59:04.633 T:3833 debug : PrepareNextRender: frameOnScreen: 7.921 renderPts: 7.950 nextFramePts: 7.930 -> diff: 0.020 render: 1 forceNext: 0, m_queued: 14, m_queued empty: true, begin idx: 15, front: 15,m_latencyTweak: 0.000000, GetDisplayLatency: 166.833344, m_videoDelay: 0, GetFrameLatencyAdjustment: 0.000000
2024-11-23 11:59:04.633 T:3833 debug : PrepareNextRender: (7.950) < (7.930 + 0.98 * 0.042): 7.950 < 7.971, lateframes: 0, idx: 15, break
2024-11-23 11:59:04.636 T:3833 debug : CAMLCodec::ReleaseFrame idx:190, drop:0
2024-11-23 11:59:04.636 T:4060 debug : CAMLCodec::DequeueBuffer: pts:8.513 idx:204
