2024-11-23 11:59:01.170 T:3833 debug : PrepareNextRender: frameOnScreen: 4.458 renderPts: 4.489 nextFramePts: 4.468 -> diff: 0.021 render: 1 forceNext: 0, m_queued: 14, m_queued empty: true, begin idx: 12, front: 12,m_latencyTweak: 0.000000, GetDisplayLatency: 166.833344, m_videoDelay: 0, GetFrameLatencyAdjustment: 0.000000
2024-11-23 11:59:01.170 T:3833 debug : PrepareNextRender: (4.489) < (4.468 + 0.98 * 0.042): 4.489 < 4.509, lateframes: 0, idx: 12, break
2024-11-23 11:59:01.171 T:3833 debug : CAMLCodec::ReleaseFrame idx:107, drop:0
2024-11-23 11:59:01.176 T:4060 debug : CAMLCodec::DequeueBuffer: pts:5.052 idx:121
2024-11-23 11:59:01.176 T:4060 debug : CAMLCodec::GetPicture: index: 121, pts: 5.052, dur:42.000ms ar:1.78 elf:39ms
2024-11-23 11:59:01.176 T:4060 debug : CPtsTracker: detected pattern of length 1: 41708.33, frameduration: 41708.333333
2024-11-23 11:59:01.176 T:4060 debug : CVideoPlayerVideo::OutputPicture - ttd:587ms pts:5.052 Clock:4.465 Level:13
2024-11-23 11:59:01.177 T:4060 debug : CAMLCodec::AddData: dl:528192 fl:5566656 sz:24067(24192) lv:8.7% dts:5.969 pts:5.969
2024-11-23 11:59:01.180 T:4060 debug : CAMLCodec::AddData: dl:636224 fl:5458624 sz:107942(108032) lv:10.4% dts:6.011 pts:6.011
2024-11-23 11:59:01.181 T:4058 debug : CVideoPlayer::ProcessVideoData size:8037 dts:51.348 pts:51.348 dur:41.000ms, clock:4.470 level:100
2024-11-23 11:59:01.183 T:4058 debug : CVideoPlayer::ProcessVideoData size:5157 dts:51.390 pts:51.390 dur:41.000ms, clock:4.471 level:100
2024-11-23 11:59:01.208 T:3833 debug : CAMLCodec::PollFrame elapsed:36.654ms
2024-11-23 11:59:01.211 T:3833 debug : PrepareNextRender: frameOnScreen: 4.500 renderPts: 4.530 nextFramePts: 4.509 -> diff: 0.021 render: 1 forceNext: 0, m_queued: 14, m_queued empty: true, begin idx: 13, front: 13,m_latencyTweak: 0.000000, GetDisplayLatency: 166.833344, m_videoDelay: 0, GetFrameLatencyAdjustment: 0.000000
2024-11-23 11:59:01.211 T:3833 debug : PrepareNextRender: (4.530) < (4.509 + 0.98 * 0.042): 4.530 < 4.550, lateframes: 0, idx: 13, break
2024-11-23 11:59:01.213 T:3833 debug : CAMLCodec::ReleaseFrame idx:108, drop:0
2024-11-23 11:59:01.216 T:4060 debug : CAMLCodec::DequeueBuffer: pts:5.093 idx:122
2024-11-23 11:59:01.216 T:4060 debug : CAMLCodec::GetPicture: index: 122, pts: 5.093, dur:41.000ms ar:1.78 elf:40ms
2024-11-23 11:59:01.216 T:4060 debug : CVideoPlayerVideo::OutputPicture - ttd:587ms pts:5.093 Clock:4.505 Level:13
2024-11-23 11:59:01.250 T:3833 debug : CAMLCodec::PollFrame elapsed:36.526ms
2024-11-23 11:59:01.252 T:3833 debug : PrepareNextRender: frameOnScreen: 4.541 renderPts: 4.572 nextFramePts: 4.551 -> diff: 0.021 render: 1 forceNext: 0, m_queued: 14, m_queued empty: true, begin idx: 14, front: 14,m_latencyTweak: 0.000000, GetDisplayLatency: 166.833344, m_videoDelay: 0, GetFrameLatencyAdjustment: 0.000000
2024-11-23 11:59:01.253 T:3833 debug : PrepareNextRender: (4.572) < (4.551 + 0.98 * 0.042): 4.572 < 4.592, lateframes: 0, idx: 14, break
2024-11-23 11:59:01.253 T:3833 debug : CAMLCodec::ReleaseFrame idx:109, drop:0
2024-11-23 11:59:01.259 T:4060 debug : CAMLCodec::DequeueBuffer: pts:5.135 idx:123
2024-11-23 11:59:01.259 T:4060 debug : CAMLCodec::GetPicture: index: 123, pts: 5.135, dur:42.000ms ar:1.78 elf:42ms
2024-11-23 11:59:01.259 T:4060 debug : CVideoPlayerVideo::OutputPicture - ttd:587ms pts:5.135 Clock:4.547 Level:13
2024-11-23 11:59:01.291 T:3833 debug : CAMLCodec::PollFrame elapsed:37.712ms
2024-11-23 11:59:01.296 T:3833 debug : PrepareNextRender: frameOnScreen: 4.584 renderPts: 4.615 nextFramePts: 4.593 -> diff: 0.022 render: 1 forceNext: 0, m_queued: 14, m_queued empty: true, begin idx: 15, front: 15,m_latencyTweak: 0.000000, GetDisplayLatency: 166.833344, m_videoDelay: 0, GetFrameLatencyAdjustment: 0.000000
2024-11-23 11:59:01.296 T:3833 debug : PrepareNextRender: (4.615) < (4.593 + 0.98 * 0.042): 4.615 < 4.634, lateframes: 0, idx: 15, break
2024-11-23 11:59:01.297 T:3833 debug : CAMLCodec::ReleaseFrame idx:110, drop:0
2024-11-23 11:59:01.300 T:4060 debug : CAMLCodec::DequeueBuffer: pts:5.177 idx:124
2024-11-23 11:59:01.300 T:4060 debug : CAMLCodec::GetPicture: index: 124, pts: 5.177, dur:42.000ms ar:1.78 elf:41ms
2024-11-23 11:59:01.300 T:4060 debug : CVideoPlayerVideo::OutputPicture - ttd:588ms pts:5.177 Clock:4.589 Level:13
2024-11-23 11:59:01.303 T:4060 debug : CAMLCodec::AddData: dl:701632 fl:5393216 sz:133155(133248) lv:11.5% dts:6.053 pts:6.053
2024-11-23 11:59:01.305 T:4058 debug : CVideoPlayer::ProcessVideoData size:4417 dts:51.431 pts:51.431 dur:41.000ms, clock:4.594 level:100
2024-11-23 11:59:01.308 T:4058 debug : CVideoPlayer::ProcessVideoData size:81374 dts:51.473 pts:51.473 dur:41.000ms, clock:4.596 level:100
2024-11-23 11:59:01.309 T:4058 debug : CVideoPlayer::ProcessVideoData size:21498 dts:51.515 pts:51.515 dur:41.000ms, clock:4.598 level:100
2024-11-23 11:59:01.310 T:4058 debug : CVideoPlayer::ProcessVideoData size:4369 dts:51.556 pts:51.556 dur:41.000ms, clock:4.599 level:100
2024-11-23 11:59:01.313 T:4058 debug : CVideoPlayer::ProcessVideoData size:71775 dts:51.598 pts:51.598 dur:41.000ms, clock:4.602 level:100
2024-11-23 11:59:01.333 T:3833 debug : CAMLCodec::PollFrame elapsed:35.496ms
2024-11-23 11:59:01.336 T:3833 debug : PrepareNextRender: frameOnScreen: 4.625 renderPts: 4.656 nextFramePts: 4.635 -> diff: 0.021 render: 1 forceNext: 0, m_queued: 14, m_queued empty: true, begin idx: 0, front: 0,m_latencyTweak: 0.000000, GetDisplayLatency: 166.833344, m_videoDelay: 0, GetFrameLatencyAdjustment: 0.000000
2024-11-23 11:59:01.337 T:3833 debug : PrepareNextRender: (4.656) < (4.635 + 0.98 * 0.042): 4.656 < 4.676, lateframes: 0, idx: 0, break
2024-11-23 11:59:01.338 T:3833 debug : CAMLCodec::ReleaseFrame idx:111, drop:0
2024-11-23 11:59:01.342 T:4060 debug : CAMLCodec::DequeueBuffer: pts:5.219 idx:125
2024-11-23 11:59:01.342 T:4060 debug : CAMLCodec::GetPicture: index: 125, pts: 5.219, dur:42.000ms ar:1.78 elf:41ms
2024-11-23 11:59:01.342 T:4060 debug : CVideoPlayerVideo::OutputPicture - ttd:588ms pts:5.219 Clock:4.630 Level:13
2024-11-23 11:59:01.375 T:3833 debug : CAMLCodec::PollFrame elapsed:36.605ms
2024-11-23 11:59:01.377 T:3833 debug : PrepareNextRender: frameOnScreen: 4.666 renderPts: 4.697 nextFramePts: 4.676 -> diff: 0.021 render: 1 forceNext: 0, m_queued: 14, m_queued empty: true, begin idx: 1, front: 1,m_latencyTweak: 0.000000, GetDisplayLatency: 166.833344, m_videoDelay: 0, GetFrameLatencyAdjustment: 0.000000
2024-11-23 11:59:01.378 T:3833 debug : PrepareNextRender: (4.697) < (4.676 + 0.98 * 0.042): 4.697 < 4.717, lateframes: 0, idx: 1, break
2024-11-23 11:59:01.379 T:3833 debug : CAMLCodec::ReleaseFrame idx:112, drop:0
2024-11-23 11:59:01.383 T:4060 debug : CAMLCodec::DequeueBuffer: pts:5.260 idx:126
2024-11-23 11:59:01.383 T:4060 debug : CAMLCodec::GetPicture: index: 126, pts: 5.260, dur:41.000ms ar:1.78 elf:41ms
2024-11-23 11:59:01.383 T:4060 debug : CVideoPlayerVideo::OutputPicture - ttd:588ms pts:5.260 Clock:4.672 Level:13
2024-11-23 11:59:01.417 T:3833 debug : CAMLCodec::PollFrame elapsed:38.196ms
2024-11-23 11:59:01.420 T:3833 debug : PrepareNextRender: frameOnScreen: 4.708 renderPts: 4.739 nextFramePts: 4.718 -> diff: 0.021 render: 1 forceNext: 0, m_queued: 14, m_queued empty: true, begin idx: 2, front: 2,m_latencyTweak: 0.000000, GetDisplayLatency: 166.833344, m_videoDelay: 0, GetFrameLatencyAdjustment: 0.000000
2024-11-23 11:59:01.420 T:3833 debug : PrepareNextRender: (4.739) < (4.718 + 0.98 * 0.042): 4.739 < 4.759, lateframes: 0, idx: 2, break
2024-11-23 11:59:01.422 T:3833 debug : CAMLCodec::ReleaseFrame idx:113, drop:0
2024-11-23 11:59:01.424 T:4060 debug : CAMLCodec::DequeueBuffer: pts:5.302 idx:127
2024-11-23 11:59:01.424 T:4060 debug : CAMLCodec::GetPicture: index: 127, pts: 5.302, dur:42.000ms ar:1.78 elf:41ms
2024-11-23 11:59:01.424 T:4060 debug : CVideoPlayerVideo::OutputPicture - ttd:589ms pts:5.302 Clock:4.713 Level:13
2024-11-23 11:59:01.458 T:3833 debug : CAMLCodec::PollFrame elapsed:36.471ms
2024-11-23 11:59:01.462 T:3833 debug : PrepareNextRender: frameOnScreen: 4.750 renderPts: 4.781 nextFramePts: 4.760 -> diff: 0.021 render: 1 forceNext: 0, m_queued: 14, m_queued empty: true, begin idx: 3, front: 3,m_latencyTweak: 0.000000, GetDisplayLatency: 166.833344, m_videoDelay: 0, GetFrameLatencyAdjustment: 0.000000
2024-11-23 11:59:01.462 T:3833 debug : PrepareNextRender: (4.781) < (4.760 + 0.98 * 0.042): 4.781 < 4.801, lateframes: 0, idx: 3, break
2024-11-23 11:59:01.463 T:3833 debug : CAMLCodec::ReleaseFrame idx:114, drop:0
2024-11-23 11:59:01.466 T:4060 debug : CAMLCodec::DequeueBuffer: pts:5.344 idx:128
2024-11-23 11:59:01.467 T:4060 debug : CAMLCodec::GetPicture: index: 128, pts: 5.344, dur:42.000ms ar:1.78 elf:42ms
2024-11-23 11:59:01.467 T:4060 debug : CVideoPlayerVideo::OutputPicture - ttd:588ms pts:5.344 Clock:4.755 Level:13
2024-11-23 11:59:01.500 T:3833 debug : CAMLCodec::PollFrame elapsed:36.599ms
2024-11-23 11:59:01.502 T:3833 debug : PrepareNextRender: frameOnScreen: 4.791 renderPts: 4.822 nextFramePts: 4.801 -> diff: 0.021 render: 1 forceNext: 0, m_queued: 14, m_queued empty: true, begin idx: 4, front: 4,m_latencyTweak: 0.000000, GetDisplayLatency: 166.833344, m_videoDelay: 0, GetFrameLatencyAdjustment: 0.000000
2024-11-23 11:59:01.502 T:3833 debug : PrepareNextRender: (4.822) < (4.801 + 0.98 * 0.042): 4.822 < 4.842, lateframes: 0, idx: 4, break
2024-11-23 11:59:01.504 T:3833 debug : CAMLCodec::ReleaseFrame idx:115, drop:0
2024-11-23 11:59:01.508 T:4060 debug : CAMLCodec::DequeueBuffer: pts:5.385 idx:129
2024-11-23 11:59:01.508 T:4060 debug : CAMLCodec::GetPicture: index: 129, pts: 5.385, dur:41.000ms ar:1.78 elf:41ms
2024-11-23 11:59:01.508 T:4060 debug : CVideoPlayerVideo::OutputPicture - ttd:588ms pts:5.385 Clock:4.796 Level:13
2024-11-23 11:59:01.542 T:3833 debug : CAMLCodec::PollFrame elapsed:37.723ms
2024-11-23 11:59:01.544 T:3833 debug : PrepareNextRender: frameOnScreen: 4.833 renderPts: 4.863 nextFramePts: 4.843 -> diff: 0.020 render: 1 forceNext: 0, m_queued: 14, m_queued empty: true, begin idx: 5, front: 5,m_latencyTweak: 0.000000, GetDisplayLatency: 166.833344, m_videoDelay: 0, GetFrameLatencyAdjustment: 0.000000
2024-11-23 11:59:01.544 T:3833 debug : PrepareNextRender: (4.863) < (4.843 + 0.98 * 0.042): 4.863 < 4.884, lateframes: 0, idx: 5, break
2024-11-23 11:59:01.545 T:3833 debug : CAMLCodec::ReleaseFrame idx:116, drop:0
2024-11-23 11:59:01.551 T:4060 debug : CAMLCodec::DequeueBuffer: pts:5.427 idx:130
2024-11-23 11:59:01.551 T:4060 debug : CAMLCodec::GetPicture: index: 130, pts: 5.427, dur:42.000ms ar:1.78 elf:43ms
2024-11-23 11:59:01.551 T:4060 debug : CVideoPlayerVideo::OutputPicture - ttd:586ms pts:5.427 Clock:4.840 Level:13
2024-11-23 11:59:01.553 T:4060 debug : CAMLCodec::AddData: dl:572864 fl:5521984 sz:5766(5888) lv:9.4% dts:6.094 pts:6.094
2024-11-23 11:59:01.553 T:4060 debug : CAMLCodec::AddData: dl:581184 fl:5513664 sz:8197(8320) lv:9.5% dts:6.136 pts:6.136
2024-11-23 11:59:01.553 T:4060 debug : CAMLCodec::AddData: dl:610048 fl:5484800 sz:28780(28864) lv:10.0% dts:6.178 pts:6.178
2024-11-23 11:59:01.583 T:3833 debug : CAMLCodec::PollFrame elapsed:37.666ms
2024-11-23 11:59:01.586 T:3833 debug : PrepareNextRender: frameOnScreen: 4.875 renderPts: 4.905 nextFramePts: 4.885 -> diff: 0.020 render: 1 forceNext: 0, m_queued: 14, m_queued empty: true, begin idx: 6, front: 6,m_latencyTweak: 0.000000, GetDisplayLatency: 166.833344, m_videoDelay: 0, GetFrameLatencyAdjustment: 0.000000
2024-11-23 11:59:01.586 T:3833 debug : PrepareNextRender: (4.905) < (4.885 + 0.98 * 0.042): 4.905 < 4.926, lateframes: 0, idx: 6, break
2024-11-23 11:59:01.587 T:3833 debug : CAMLCodec::ReleaseFrame idx:117, drop:0
2024-11-23 11:59:01.592 T:4060 debug : CAMLCodec::DequeueBuffer: pts:5.469 idx:131
2024-11-23 11:59:01.592 T:4060 debug : CAMLCodec::GetPicture: index: 131, pts: 5.469, dur:42.000ms ar:1.78 elf:40ms
2024-11-23 11:59:01.592 T:4060 debug : CVideoPlayerVideo::OutputPicture - ttd:588ms pts:5.469 Clock:4.881 Level:13
2024-11-23 11:59:01.593 T:4060 debug : CAMLCodec::AddData: dl:596992 fl:5497856 sz:8289(8384) lv:9.8% dts:6.220 pts:6.220
2024-11-23 11:59:01.596 T:4060 debug : CAMLCodec::AddData: dl:879360 fl:5215488 sz:282292(282368) lv:14.4% dts:6.261 pts:6.261
2024-11-23 11:59:01.597 T:4058 debug : CVideoPlayer::ProcessVideoData size:43075 dts:51.640 pts:51.640 dur:41.000ms, clock:4.886 level:100
2024-11-23 11:59:01.600 T:4058 debug : CVideoPlayer::ProcessVideoData size:9592 dts:51.682 pts:51.682 dur:41.000ms, clock:4.888 level:100
2024-11-23 11:59:01.601 T:4058 debug : CVideoPlayer::ProcessVideoData size:8763 dts:51.723 pts:51.723 dur:41.000ms, clock:4.890 level:100
2024-11-23 11:59:01.603 T:4058 debug : CVideoPlayer::ProcessVideoData size:11655 dts:51.765 pts:51.765 dur:41.000ms, clock:4.892 level:100
2024-11-23 11:59:01.605 T:4058 debug : CVideoPlayer::ProcessVideoData size:8382 dts:51.807 pts:51.807 dur:41.000ms, clock:4.893 level:100
2024-11-23 11:59:01.607 T:4058 debug : CVideoPlayer::ProcessVideoData size:44348 dts:51.848 pts:51.848 dur:41.000ms, clock:4.896 level:100
2024-11-23 11:59:01.609 T:4058 debug : CVideoPlayer::ProcessVideoData size:6222 dts:51.890 pts:51.890 dur:41.000ms, clock:4.897 level:100
2024-11-23 11:59:01.611 T:4058 debug : CVideoPlayer::ProcessVideoData size:3789 dts:51.932 pts:51.932 dur:41.000ms, clock:4.899 level:100
2024-11-23 11:59:01.613 T:4058 debug : CVideoPlayer::ProcessVideoData size:68020 dts:51.974 pts:51.974 dur:41.000ms, clock:4.901 level:100
2024-11-23 11:59:01.614 T:4058 debug : CVideoPlayer::ProcessVideoData size:24151 dts:52.015 pts:52.015 dur:41.000ms, clock:4.903 level:100
2024-11-23 11:59:01.616 T:4058 debug : CVideoPlayer::ProcessVideoData size:108423 dts:52.057 pts:52.057 dur:41.000ms, clock:4.905 level:100
2024-11-23 11:59:01.625 T:3833 debug : CAMLCodec::PollFrame elapsed:37.764ms
2024-11-23 11:59:01.628 T:3833 debug : PrepareNextRender: frameOnScreen: 4.917 renderPts: 4.947 nextFramePts: 4.927 -> diff: 0.020 render: 1 forceNext: 0, m_queued: 14, m_queued empty: true, begin idx: 7, front: 7,m_latencyTweak: 0.000000, GetDisplayLatency: 166.833344, m_videoDelay: 0, GetFrameLatencyAdjustment: 0.000000
2024-11-23 11:59:01.628 T:3833 debug : PrepareNextRender: (4.947) < (4.927 + 0.98 * 0.042): 4.947 < 4.968, lateframes: 0, idx: 7, break
2024-11-23 11:59:01.630 T:3833 debug : CAMLCodec::ReleaseFrame idx:118, drop:0
2024-11-23 11:59:01.634 T:4060 debug : CAMLCodec::DequeueBuffer: pts:5.510 idx:132
2024-11-23 11:59:01.634 T:4060 debug : CAMLCodec::GetPicture: index: 132, pts: 5.510, dur:41.000ms ar:1.78 elf:42ms
2024-11-23 11:59:01.634 T:4060 debug : CVideoPlayerVideo::OutputPicture - ttd:587ms pts:5.510 Clock:4.923 Level:13
2024-11-23 11:59:01.667 T:3833 debug : CAMLCodec::PollFrame elapsed:36.834ms
2024-11-23 11:59:01.669 T:3833 debug : PrepareNextRender: frameOnScreen: 4.958 renderPts: 4.989 nextFramePts: 4.968 -> diff: 0.021 render: 1 forceNext: 0, m_queued: 14, m_queued empty: true, begin idx: 8, front: 8,m_latencyTweak: 0.000000, GetDisplayLatency: 166.833344, m_videoDelay: 0, GetFrameLatencyAdjustment: 0.000000
2024-11-23 11:59:01.669 T:3833 debug : PrepareNextRender: (4.989) < (4.968 + 0.98 * 0.042): 4.989 < 5.009, lateframes: 0, idx: 8, break
2024-11-23 11:59:01.670 T:3833 debug : CAMLCodec::ReleaseFrame idx:119, drop:0
2024-11-23 11:59:01.676 T:4060 debug : CAMLCodec::DequeueBuffer: pts:5.552 idx:133
2024-11-23 11:59:01.677 T:4060 debug : CAMLCodec::GetPicture: index: 133, pts: 5.552, dur:42.000ms ar:1.78 elf:42ms
2024-11-23 11:59:01.677 T:4060 debug : CVideoPlayerVideo::OutputPicture - ttd:586ms pts:5.552 Clock:4.965 Level:13
2024-11-23 11:59:01.709 T:3833 debug : CAMLCodec::PollFrame elapsed:38.321ms
2024-11-23 11:59:01.712 T:3833 debug : PrepareNextRender: frameOnScreen: 5.000 renderPts: 5.031 nextFramePts: 5.010 -> diff: 0.021 render: 1 forceNext: 0, m_queued: 14, m_queued empty: true, begin idx: 9, front: 9,m_latencyTweak: 0.000000, GetDisplayLatency: 166.833344, m_videoDelay: 0, GetFrameLatencyAdjustment: 0.000000
2024-11-23 11:59:01.712 T:3833 debug : PrepareNextRender: (5.031) < (5.010 + 0.98 * 0.042): 5.031 < 5.051, lateframes: 0, idx: 9, break
2024-11-23 11:59:01.713 T:3833 debug : CAMLCodec::ReleaseFrame idx:120, drop:0
2024-11-23 11:59:01.717 T:4060 debug : CAMLCodec::DequeueBuffer: pts:5.594 idx:134
2024-11-23 11:59:01.717 T:4060 debug : CAMLCodec::GetPicture: index: 134, pts: 5.594, dur:42.000ms ar:1.78 elf:40ms
2024-11-23 11:59:01.717 T:4060 debug : CVideoPlayerVideo::OutputPicture - ttd:588ms pts:5.594 Clock:5.005 Level:13
2024-11-23 11:59:01.750 T:3833 debug : CAMLCodec::PollFrame elapsed:36.621ms
2024-11-23 11:59:01.753 T:3833 debug : PrepareNextRender: frameOnScreen: 5.041 renderPts: 5.072 nextFramePts: 5.052 -> diff: 0.020 render: 1 forceNext: 0, m_queued: 14, m_queued empty: true, begin idx: 10, front: 10,m_latencyTweak: 0.000000, GetDisplayLatency: 166.833344, m_videoDelay: 0, GetFrameLatencyAdjustment: 0.000000
2024-11-23 11:59:01.753 T:3833 debug : PrepareNextRender: (5.072) < (5.052 + 0.98 * 0.042): 5.072 < 5.093, lateframes: 0, idx: 10, break
2024-11-23 11:59:01.754 T:3833 debug : CAMLCodec::ReleaseFrame idx:121, drop:0
2024-11-23 11:59:01.759 T:4060 debug : CAMLCodec::DequeueBuffer: pts:5.636 idx:135
2024-11-23 11:59:01.759 T:4060 debug : CAMLCodec::GetPicture: index: 135, pts: 5.636, dur:42.000ms ar:1.78 elf:42ms
2024-11-23 11:59:01.759 T:4060 debug : CVideoPlayerVideo::OutputPicture - ttd:588ms pts:5.636 Clock:5.048 Level:13
2024-11-23 11:59:01.792 T:3833 debug : CAMLCodec::PollFrame elapsed:37.751ms
2024-11-23 11:59:01.796 T:3833 debug : PrepareNextRender: frameOnScreen: 5.084 renderPts: 5.115 nextFramePts: 5.093 -> diff: 0.022 render: 1 forceNext: 0, m_queued: 14, m_queued empty: true, begin idx: 11, front: 11,m_latencyTweak: 0.000000, GetDisplayLatency: 166.833344, m_videoDelay: 0, GetFrameLatencyAdjustment: 0.000000
2024-11-23 11:59:01.796 T:3833 debug : PrepareNextRender: (5.115) < (5.093 + 0.98 * 0.042): 5.115 < 5.134, lateframes: 0, idx: 11, break
2024-11-23 11:59:01.797 T:3833 debug : CAMLCodec::ReleaseFrame idx:122, drop:0
2024-11-23 11:59:01.800 T:4060 debug : CAMLCodec::DequeueBuffer: pts:5.677 idx:136
2024-11-23 11:59:01.801 T:4060 debug : CAMLCodec::GetPicture: index: 136, pts: 5.677, dur:41.000ms ar:1.78 elf:41ms
2024-11-23 11:59:01.801 T:4060 debug : CVideoPlayerVideo::OutputPicture - ttd:587ms pts:5.677 Clock:5.089 Level:13
2024-11-23 11:59:01.834 T:3833 debug : CAMLCodec::PollFrame elapsed:36.633ms
2024-11-23 11:59:01.836 T:3833 debug : PrepareNextRender: frameOnScreen: 5.125 renderPts: 5.156 nextFramePts: 5.135 -> diff: 0.021 render: 1 forceNext: 0, m_queued: 14, m_queued empty: true, begin idx: 12, front: 12,m_latencyTweak: 0.000000, GetDisplayLatency: 166.833344, m_videoDelay: 0, GetFrameLatencyAdjustment: 0.000000
2024-11-23 11:59:01.837 T:3833 debug : PrepareNextRender: (5.156) < (5.135 + 0.98 * 0.042): 5.156 < 5.176, lateframes: 0, idx: 12, break
2024-11-23 11:59:01.838 T:3833 debug : CAMLCodec::ReleaseFrame idx:123, drop:0
2024-11-23 11:59:01.842 T:4060 debug : CAMLCodec::DequeueBuffer: pts:5.719 idx:137
2024-11-23 11:59:01.842 T:4060 debug : CAMLCodec::GetPicture: index: 137, pts: 5.719, dur:42.000ms ar:1.78 elf:41ms
2024-11-23 11:59:01.842 T:4060 debug : CVideoPlayerVideo::OutputPicture - ttd:588ms pts:5.719 Clock:5.130 Level:13
2024-11-23 11:59:01.875 T:3833 debug : CAMLCodec::PollFrame elapsed:37.585ms
2024-11-23 11:59:01.879 T:3833 debug : PrepareNextRender: frameOnScreen: 5.167 renderPts: 5.198 nextFramePts: 5.177 -> diff: 0.021 render: 1 forceNext: 0, m_queued: 14, m_queued empty: true, begin idx: 13, front: 13,m_latencyTweak: 0.000000, GetDisplayLatency: 166.833344, m_videoDelay: 0, GetFrameLatencyAdjustment: 0.000000
2024-11-23 11:59:01.879 T:3833 debug : PrepareNextRender: (5.198) < (5.177 + 0.98 * 0.042): 5.198 < 5.218, lateframes: 0, idx: 13, break
2024-11-23 11:59:01.880 T:3833 debug : CAMLCodec::ReleaseFrame idx:124, drop:0
2024-11-23 11:59:01.884 T:4060 debug : CAMLCodec::DequeueBuffer: pts:5.761 idx:138
2024-11-23 11:59:01.884 T:4060 debug : CAMLCodec::GetPicture: index: 138, pts: 5.761, dur:42.000ms ar:1.78 elf:42ms
2024-11-23 11:59:01.884 T:4060 debug : CVideoPlayerVideo::OutputPicture - ttd:588ms pts:5.761 Clock:5.173 Level:13
2024-11-23 11:59:01.917 T:3833 debug : CAMLCodec::PollFrame elapsed:36.487ms
2024-11-23 11:59:01.920 T:3833 debug : PrepareNextRender: frameOnScreen: 5.208 renderPts: 5.239 nextFramePts: 5.219 -> diff: 0.020 render: 1 forceNext: 0, m_queued: 14, m_queued empty: true, begin idx: 14, front: 14,m_latencyTweak: 0.000000, GetDisplayLatency: 166.833344, m_videoDelay: 0, GetFrameLatencyAdjustment: 0.000000
2024-11-23 11:59:01.920 T:3833 debug : PrepareNextRender: (5.239) < (5.219 + 0.98 * 0.042): 5.239 < 5.260, lateframes: 0, idx: 14, break
2024-11-23 11:59:01.921 T:3833 debug : CAMLCodec::ReleaseFrame idx:125, drop:0
2024-11-23 11:59:01.926 T:4060 debug : CAMLCodec::DequeueBuffer: pts:5.802 idx:139
2024-11-23 11:59:01.926 T:4060 debug : CAMLCodec::GetPicture: index: 139, pts: 5.802, dur:41.000ms ar:1.78 elf:42ms
2024-11-23 11:59:01.927 T:4060 debug : CVideoPlayerVideo::OutputPicture - ttd:586ms pts:5.802 Clock:5.215 Level:13
2024-11-23 11:59:01.959 T:3833 debug : CAMLCodec::PollFrame elapsed:37.717ms
2024-11-23 11:59:01.961 T:3833 debug : PrepareNextRender: frameOnScreen: 5.250 renderPts: 5.281 nextFramePts: 5.260 -> diff: 0.021 render: 1 forceNext: 0, m_queued: 14, m_queued empty: true, begin idx: 15, front: 15,m_latencyTweak: 0.000000, GetDisplayLatency: 166.833344, m_videoDelay: 0, GetFrameLatencyAdjustment: 0.000000
2024-11-23 11:59:01.961 T:3833 debug : PrepareNextRender: (5.281) < (5.260 + 0.98 * 0.042): 5.281 < 5.301, lateframes: 0, idx: 15, break
2024-11-23 11:59:01.962 T:3833 debug : CAMLCodec::ReleaseFrame idx:126, drop:0
2024-11-23 11:59:01.967 T:4060 debug : CAMLCodec::DequeueBuffer: pts:5.844 idx:140
2024-11-23 11:59:01.968 T:4060 debug : CAMLCodec::GetPicture: index: 140, pts: 5.844, dur:42.000ms ar:1.78 elf:41ms
2024-11-23 11:59:01.968 T:4060 debug : CVideoPlayerVideo::OutputPicture - ttd:587ms pts:5.844 Clock:5.256 Level:13
2024-11-23 11:59:02.001 T:3833 debug : CAMLCodec::PollFrame elapsed:38.188ms
2024-11-23 11:59:02.003 T:3833 debug : PrepareNextRender: frameOnScreen: 5.292 renderPts: 5.323 nextFramePts: 5.302 -> diff: 0.021 render: 1 forceNext: 0, m_queued: 14, m_queued empty: true, begin idx: 0, front: 0,m_latencyTweak: 0.000000, GetDisplayLatency: 166.833344, m_videoDelay: 0, GetFrameLatencyAdjustment: 0.000000
2024-11-23 11:59:02.003 T:3833 debug : PrepareNextRender: (5.323) < (5.302 + 0.98 * 0.042): 5.323 < 5.343, lateframes: 0, idx: 0, break
2024-11-23 11:59:02.004 T:3833 debug : CAMLCodec::ReleaseFrame idx:127, drop:0
2024-11-23 11:59:02.008 T:4060 debug : CAMLCodec::DequeueBuffer: pts:5.886 idx:141
2024-11-23 11:59:02.008 T:4060 debug : CAMLCodec::GetPicture: index: 141, pts: 5.886, dur:42.000ms ar:1.78 elf:40ms
2024-11-23 11:59:02.008 T:4060 debug : CVideoPlayerVideo::OutputPicture - ttd:589ms pts:5.886 Clock:5.296 Level:13
2024-11-23 11:59:02.042 T:3833 debug : CAMLCodec::PollFrame elapsed:37.432ms
2024-11-23 11:59:02.045 T:3833 debug : PrepareNextRender: frameOnScreen: 5.334 renderPts: 5.365 nextFramePts: 5.344 -> diff: 0.021 render: 1 forceNext: 0, m_queued: 14, m_queued empty: true, begin idx: 1, front: 1,m_latencyTweak: 0.000000, GetDisplayLatency: 166.833344, m_videoDelay: 0, GetFrameLatencyAdjustment: 0.000000
2024-11-23 11:59:02.045 T:3833 debug : PrepareNextRender: (5.365) < (5.344 + 0.98 * 0.042): 5.365 < 5.385, lateframes: 0, idx: 1, break
2024-11-23 11:59:02.047 T:3833 debug : CAMLCodec::ReleaseFrame idx:128, drop:0
2024-11-23 11:59:02.052 T:4060 debug : CAMLCodec::DequeueBuffer: pts:5.928 idx:142
2024-11-23 11:59:02.052 T:4060 debug : CAMLCodec::GetPicture: index: 142, pts: 5.928, dur:42.000ms ar:1.78 elf:44ms
2024-11-23 11:59:02.052 T:4060 debug : CVideoPlayerVideo::OutputPicture - ttd:587ms pts:5.928 Clock:5.341 Level:13
2024-11-23 11:59:02.053 T:4060 debug : CAMLCodec::AddData: dl:607424 fl:5487424 sz:8031(8128) lv:10.0% dts:6.303 pts:6.303
2024-11-23 11:59:02.053 T:4060 debug : CAMLCodec::AddData: dl:612672 fl:5482176 sz:5172(5248) lv:10.1% dts:6.345 pts:6.345
2024-11-23 11:59:02.084 T:3833 debug : CAMLCodec::PollFrame elapsed:36.916ms
2024-11-23 11:59:02.086 T:3833 debug : PrepareNextRender: frameOnScreen: 5.375 renderPts: 5.406 nextFramePts: 5.385 -> diff: 0.021 render: 1 forceNext: 0, m_queued: 14, m_queued empty: true, begin idx: 2, front: 2,m_latencyTweak: 0.000000, GetDisplayLatency: 166.833344, m_videoDelay: 0, GetFrameLatencyAdjustment: 0.000000
2024-11-23 11:59:02.086 T:3833 debug : PrepareNextRender: (5.406) < (5.385 + 0.98 * 0.042): 5.406 < 5.426, lateframes: 0, idx: 2, break
2024-11-23 11:59:02.087 T:3833 debug : CAMLCodec::ReleaseFrame idx:129, drop:0
2024-11-23 11:59:02.094 T:4060 debug : CAMLCodec::DequeueBuffer: pts:5.969 idx:143
2024-11-23 11:59:02.094 T:4060 debug : CAMLCodec::GetPicture: index: 143, pts: 5.969, dur:41.000ms ar:1.78 elf:41ms
2024-11-23 11:59:02.094 T:4060 debug : CVideoPlayerVideo::OutputPicture - ttd:586ms pts:5.969 Clock:5.382 Level:13
2024-11-23 11:59:02.095 T:4060 debug : CAMLCodec::AddData: dl:593024 fl:5501824 sz:4421(4544) lv:9.7% dts:6.386 pts:6.386
2024-11-23 11:59:02.097 T:4060 debug : CAMLCodec::AddData: dl:674560 fl:5420288 sz:81457(81536) lv:11.1% dts:6.428 pts:6.428
2024-11-23 11:59:02.103 T:4058 debug : CVideoPlayer::ProcessVideoData size:132998 dts:52.099 pts:52.099 dur:41.000ms, clock:5.392 level:100
2024-11-23 11:59:02.126 T:3833 debug : CAMLCodec::PollFrame elapsed:38.005ms
2024-11-23 11:59:02.129 T:3833 debug : PrepareNextRender: frameOnScreen: 5.417 renderPts: 5.448 nextFramePts: 5.427 -> diff: 0.021 render: 1 forceNext: 0, m_queued: 14, m_queued empty: true, begin idx: 3, front: 3,m_latencyTweak: 0.000000, GetDisplayLatency: 166.833344, m_videoDelay: 0, GetFrameLatencyAdjustment: 0.000000
2024-11-23 11:59:02.129 T:3833 debug : PrepareNextRender: (5.448) < (5.427 + 0.98 * 0.042): 5.448 < 5.468, lateframes: 0, idx: 3, break
2024-11-23 11:59:02.130 T:3833 debug : CAMLCodec::ReleaseFrame idx:130, drop:0
2024-11-23 11:59:02.136 T:4060 debug : CAMLCodec::DequeueBuffer: pts:6.011 idx:144
2024-11-23 11:59:02.136 T:4060 debug : CAMLCodec::GetPicture: index: 144, pts: 6.011, dur:42.000ms ar:1.78 elf:41ms
2024-11-23 11:59:02.136 T:4060 debug : CVideoPlayerVideo::OutputPicture - ttd:586ms pts:6.011 Clock:5.424 Level:13
2024-11-23 11:59:02.137 T:4060 debug : CAMLCodec::AddData: dl:588160 fl:5506688 sz:21520(21632) lv:9.7% dts:6.470 pts:6.470
2024-11-23 11:59:02.137 T:4060 debug : CAMLCodec::AddData: dl:592640 fl:5502208 sz:4364(4480) lv:9.7% dts:6.511 pts:6.511
2024-11-23 11:59:02.139 T:4060 debug : CAMLCodec::AddData: dl:664768 fl:5430080 sz:72006(72128) lv:10.9% dts:6.553 pts:6.553
2024-11-23 11:59:02.147 T:4058 debug : CVideoPlayer::ProcessVideoData size:5788 dts:52.140 pts:52.140 dur:41.000ms, clock:5.435 level:100
2024-11-23 11:59:02.148 T:4058 debug : CVideoPlayer::ProcessVideoData size:8198 dts:52.182 pts:52.182 dur:41.000ms, clock:5.437 level:100
2024-11-23 11:59:02.167 T:3833 debug : CAMLCodec::PollFrame elapsed:36.678ms
2024-11-23 11:59:02.170 T:3833 debug : PrepareNextRender: frameOnScreen: 5.459 renderPts: 5.490 nextFramePts: 5.469 -> diff: 0.021 render: 1 forceNext: 0, m_queued: 14, m_queued empty: true, begin idx: 4, front: 4,m_latencyTweak: 0.000000, GetDisplayLatency: 166.833344, m_videoDelay: 0, GetFrameLatencyAdjustment: 0.000000
2024-11-23 11:59:02.170 T:3833 debug : PrepareNextRender: (5.490) < (5.469 + 0.98 * 0.042): 5.490 < 5.510, lateframes: 0, idx: 4, break
2024-11-23 11:59:02.172 T:3833 debug : CAMLCodec::ReleaseFrame idx:131, drop:0
2024-11-23 11:59:02.178 T:4060 debug : CAMLCodec::DequeueBuffer: pts:6.053 idx:145
2024-11-23 11:59:02.178 T:4060 debug : CAMLCodec::GetPicture: index: 145, pts: 6.053, dur:42.000ms ar:1.78 elf:42ms
2024-11-23 11:59:02.178 T:4060 debug : CVideoPlayerVideo::OutputPicture - ttd:586ms pts:6.053 Clock:5.467 Level:13
2024-11-23 11:59:02.179 T:4060 debug : CAMLCodec::AddData: dl:574656 fl:5520192 sz:43043(43136) lv:9.4% dts:6.595 pts:6.595
2024-11-23 11:59:02.179 T:4060 debug : CAMLCodec::AddData: dl:584384 fl:5510464 sz:9655(9728) lv:9.6% dts:6.637 pts:6.637
2024-11-23 11:59:02.179 T:4060 debug : CAMLCodec::AddData: dl:593280 fl:5501568 sz:8823(8896) lv:9.7% dts:6.678 pts:6.678
2024-11-23 11:59:02.179 T:4060 debug : CAMLCodec::AddData: dl:604992 fl:5489856 sz:11647(11712) lv:9.9% dts:6.720 pts:6.720
2024-11-23 11:59:02.180 T:4060 debug : CAMLCodec::AddData: dl:613440 fl:5481408 sz:8373(8448) lv:10.1% dts:6.762 pts:6.762
2024-11-23 11:59:02.191 T:4058 debug : CVideoPlayer::ProcessVideoData size:29644 dts:52.224 pts:52.224 dur:41.000ms, clock:5.479 level:100
2024-11-23 11:59:02.192 T:4058 debug : CVideoPlayer::ProcessVideoData size:8443 dts:52.266 pts:52.266 dur:41.000ms, clock:5.481 level:100
2024-11-23 11:59:02.193 T:4058 debug : CVideoPlayer::ProcessVideoData size:4459 dts:52.307 pts:52.307 dur:41.000ms, clock:5.482 level:100
2024-11-23 11:59:02.195 T:4058 debug : CVideoPlayer::ProcessVideoData size:20367 dts:52.349 pts:52.349 dur:41.000ms, clock:5.483 level:100
2024-11-23 11:59:02.196 T:4058 debug : CVideoPlayer::ProcessVideoData size:4631 dts:52.391 pts:52.391 dur:41.000ms, clock:5.485 level:100
2024-11-23 11:59:02.197 T:4058 debug : CVideoPlayer::ProcessVideoData size:4340 dts:52.432 pts:52.432 dur:41.000ms, clock:5.486 level:100
2024-11-23 11:59:02.205 T:4058 debug : CVideoPlayer::ProcessVideoData size:70328 dts:52.474 pts:52.474 dur:41.000ms, clock:5.493 level:100
2024-11-23 11:59:02.209 T:3833 debug : CAMLCodec::PollFrame elapsed:37.029ms
2024-11-23 11:59:02.212 T:3833 debug : PrepareNextRender: frameOnScreen: 5.501 renderPts: 5.531 nextFramePts: 5.510 -> diff: 0.021 render: 1 forceNext: 0, m_queued: 14, m_queued empty: true, begin idx: 5, front: 5,m_latencyTweak: 0.000000, GetDisplayLatency: 166.833344, m_videoDelay: 0, GetFrameLatencyAdjustment: 0.000000
2024-11-23 11:59:02.212 T:3833 debug : PrepareNextRender: (5.531) < (5.510 + 0.98 * 0.042): 5.531 < 5.551, lateframes: 0, idx: 5, break
2024-11-23 11:59:02.214 T:3833 debug : CAMLCodec::ReleaseFrame idx:132, drop:0
2024-11-23 11:59:02.218 T:4060 debug : CAMLCodec::DequeueBuffer: pts:6.094 idx:146
2024-11-23 11:59:02.218 T:4060 debug : CAMLCodec::GetPicture: index: 146, pts: 6.094, dur:41.000ms ar:1.78 elf:40ms
2024-11-23 11:59:02.218 T:4060 debug : CVideoPlayerVideo::OutputPicture - ttd:587ms pts:6.094 Clock:5.507 Level:13
2024-11-23 11:59:02.220 T:4060 debug : CAMLCodec::AddData: dl:651968 fl:5442880 sz:44342(44416) lv:10.7% dts:6.803 pts:6.803
2024-11-23 11:59:02.251 T:3833 debug : CAMLCodec::PollFrame elapsed:36.725ms
2024-11-23 11:59:02.254 T:3833 debug : PrepareNextRender: frameOnScreen: 5.542 renderPts: 5.573 nextFramePts: 5.552 -> diff: 0.021 render: 1 forceNext: 0, m_queued: 14, m_queued empty: true, begin idx: 6, front: 6,m_latencyTweak: 0.000000, GetDisplayLatency: 166.833344, m_videoDelay: 0, GetFrameLatencyAdjustment: 0.000000
2024-11-23 11:59:02.254 T:3833 debug : PrepareNextRender: (5.573) < (5.552 + 0.98 * 0.042): 5.573 < 5.593, lateframes: 0, idx: 6, break
2024-11-23 11:59:02.255 T:3833 debug : CAMLCodec::ReleaseFrame idx:133, drop:0
2024-11-23 11:59:02.260 T:4060 debug : CAMLCodec::DequeueBuffer: pts:6.136 idx:147
2024-11-23 11:59:02.260 T:4060 debug : CAMLCodec::GetPicture: index: 147, pts: 6.136, dur:42.000ms ar:1.78 elf:41ms
2024-11-23 11:59:02.260 T:4060 debug : CVideoPlayerVideo::OutputPicture - ttd:587ms pts:6.136 Clock:5.548 Level:13
2024-11-23 11:59:02.292 T:3833 debug : CAMLCodec::PollFrame elapsed:36.836ms
2024-11-23 11:59:02.295 T:3833 debug : PrepareNextRender: frameOnScreen: 5.584 renderPts: 5.615 nextFramePts: 5.594 -> diff: 0.021 render: 1 forceNext: 0, m_queued: 14, m_queued empty: true, begin idx: 7, front: 7,m_latencyTweak: 0.000000, GetDisplayLatency: 166.833344, m_videoDelay: 0, GetFrameLatencyAdjustment: 0.000000
2024-11-23 11:59:02.296 T:3833 debug : PrepareNextRender: (5.615) < (5.594 + 0.98 * 0.042): 5.615 < 5.635, lateframes: 0, idx: 7, break
2024-11-23 11:59:02.297 T:3833 debug : CAMLCodec::ReleaseFrame idx:134, drop:0
2024-11-23 11:59:02.302 T:4060 debug : CAMLCodec::DequeueBuffer: pts:6.178 idx:148
2024-11-23 11:59:02.302 T:4060 debug : CAMLCodec::GetPicture: index: 148, pts: 6.178, dur:42.000ms ar:1.78 elf:42ms
2024-11-23 11:59:02.302 T:4060 debug : CVideoPlayerVideo::OutputPicture - ttd:587ms pts:6.178 Clock:5.591 Level:13
2024-11-23 11:59:02.335 T:3833 debug : CAMLCodec::PollFrame elapsed:37.226ms
2024-11-23 11:59:02.338 T:3833 debug : PrepareNextRender: frameOnScreen: 5.626 renderPts: 5.657 nextFramePts: 5.636 -> diff: 0.021 render: 1 forceNext: 0, m_queued: 14, m_queued empty: true, begin idx: 8, front: 8,m_latencyTweak: 0.000000, GetDisplayLatency: 166.833344, m_videoDelay: 0, GetFrameLatencyAdjustment: 0.000000
2024-11-23 11:59:02.338 T:3833 debug : PrepareNextRender: (5.657) < (5.636 + 0.98 * 0.042): 5.657 < 5.677, lateframes: 0, idx: 8, break
2024-11-23 11:59:02.339 T:3833 debug : CAMLCodec::ReleaseFrame idx:135, drop:0
2024-11-23 11:59:02.342 T:4060 debug : CAMLCodec::DequeueBuffer: pts:6.220 idx:149
2024-11-23 11:59:02.342 T:4060 debug : CAMLCodec::GetPicture: index: 149, pts: 6.220, dur:42.000ms ar:1.78 elf:40ms
2024-11-23 11:59:02.342 T:4060 debug : CVideoPlayerVideo::OutputPicture - ttd:589ms pts:6.220 Clock:5.631 Level:13
2024-11-23 11:59:02.343 T:4060 debug : CAMLCodec::AddData: dl:612736 fl:5482112 sz:6226(6336) lv:10.1% dts:6.845 pts:6.845
2024-11-23 11:59:02.376 T:3833 debug : CAMLCodec::PollFrame elapsed:36.729ms
2024-11-23 11:59:02.378 T:3833 debug : PrepareNextRender: frameOnScreen: 5.667 renderPts: 5.698 nextFramePts: 5.677 -> diff: 0.021 render: 1 forceNext: 0, m_queued: 14, m_queued empty: true, begin idx: 9, front: 9,m_latencyTweak: 0.000000, GetDisplayLatency: 166.833344, m_videoDelay: 0, GetFrameLatencyAdjustment: 0.000000
2024-11-23 11:59:02.379 T:3833 debug : PrepareNextRender: (5.698) < (5.677 + 0.98 * 0.042): 5.698 < 5.718, lateframes: 0, idx: 9, break
2024-11-23 11:59:02.379 T:3833 debug : CAMLCodec::ReleaseFrame idx:136, drop:0
2024-11-23 11:59:02.388 T:4060 debug : CAMLCodec::DequeueBuffer: pts:6.261 idx:150
2024-11-23 11:59:02.388 T:4060 debug : CAMLCodec::GetPicture: index: 150, pts: 6.261, dur:41.000ms ar:1.78 elf:45ms
2024-11-23 11:59:02.388 T:4060 debug : CVideoPlayerVideo::OutputPicture - ttd:584ms pts:6.261 Clock:5.676 Level:13
2024-11-23 11:59:02.389 T:4060 debug : CAMLCodec::AddData: dl:334464 fl:5760384 sz:3783(4096) lv:5.5% dts:6.887 pts:6.887
2024-11-23 11:59:02.391 T:4060 debug : CAMLCodec::AddData: dl:402496 fl:5692352 sz:67935(68032) lv:6.6% dts:6.929 pts:6.929
2024-11-23 11:59:02.391 T:4060 debug : CAMLCodec::AddData: dl:426752 fl:5668096 sz:24160(24256) lv:7.0% dts:6.970 pts:6.970
2024-11-23 11:59:02.394 T:4060 debug : CAMLCodec::AddData: dl:535232 fl:5559616 sz:108405(108480) lv:8.8% dts:7.012 pts:7.012
2024-11-23 11:59:02.396 T:4060 debug : CAMLCodec::AddData: dl:668608 fl:5426240 sz:133256(133376) lv:11.0% dts:7.054 pts:7.054
2024-11-23 11:59:02.399 T:4058 debug : CVideoPlayer::ProcessVideoData size:21290 dts:52.516 pts:52.516 dur:41.000ms, clock:5.688 level:100
2024-11-23 11:59:02.405 T:4058 debug : CVideoPlayer::ProcessVideoData size:294885 dts:52.557 pts:52.557 dur:41.000ms, clock:5.694 level:100
2024-11-23 11:59:02.417 T:4058 debug : CVideoPlayer::ProcessVideoData size:58629 dts:52.599 pts:52.599 dur:41.000ms, clock:5.705 level:100
2024-11-23 11:59:02.418 T:3833 debug : CAMLCodec::PollFrame elapsed:38.409ms
2024-11-23 11:59:02.421 T:3833 debug : PrepareNextRender: frameOnScreen: 5.709 renderPts: 5.740 nextFramePts: 5.719 -> diff: 0.021 render: 1 forceNext: 0, m_queued: 14, m_queued empty: true, begin idx: 10, front: 10,m_latencyTweak: 0.000000, GetDisplayLatency: 166.833344, m_videoDelay: 0, GetFrameLatencyAdjustment: 0.000000
2024-11-23 11:59:02.421 T:3833 debug : PrepareNextRender: (5.740) < (5.719 + 0.98 * 0.042): 5.740 < 5.760, lateframes: 0, idx: 10, break
2024-11-23 11:59:02.423 T:3833 debug : CAMLCodec::ReleaseFrame idx:137, drop:0
2024-11-23 11:59:02.426 T:4060 debug : CAMLCodec::DequeueBuffer: pts:6.303 idx:151
2024-11-23 11:59:02.426 T:4060 debug : CAMLCodec::GetPicture: index: 151, pts: 6.303, dur:42.000ms ar:1.78 elf:38ms
2024-11-23 11:59:02.426 T:4060 debug : CVideoPlayerVideo::OutputPicture - ttd:588ms pts:6.303 Clock:5.715 Level:13
2024-11-23 11:59:02.459 T:3833 debug : CAMLCodec::PollFrame elapsed:36.027ms
2024-11-23 11:59:02.462 T:3833 debug : PrepareNextRender: frameOnScreen: 5.751 renderPts: 5.782 nextFramePts: 5.761 -> diff: 0.021 render: 1 forceNext: 0, m_queued: 14, m_queued empty: true, begin idx: 11, front: 11,m_latencyTweak: 0.000000, GetDisplayLatency: 166.833344, m_videoDelay: 0, GetFrameLatencyAdjustment: 0.000000
2024-11-23 11:59:02.463 T:3833 debug : PrepareNextRender: (5.782) < (5.761 + 0.98 * 0.042): 5.782 < 5.802, lateframes: 0, idx: 11, break
2024-11-23 11:59:02.464 T:3833 debug : CAMLCodec::ReleaseFrame idx:138, drop:0
2024-11-23 11:59:02.468 T:4060 debug : CAMLCodec::DequeueBuffer: pts:6.345 idx:152
2024-11-23 11:59:02.468 T:4060 debug : CAMLCodec::GetPicture: index: 152, pts: 6.345, dur:42.000ms ar:1.78 elf:42ms
2024-11-23 11:59:02.468 T:4060 debug : CVideoPlayerVideo::OutputPicture - ttd:588ms pts:6.345 Clock:5.757 Level:13
2024-11-23 11:59:02.501 T:3833 debug : CAMLCodec::PollFrame elapsed:36.449ms
2024-11-23 11:59:02.504 T:3833 debug : PrepareNextRender: frameOnScreen: 5.792 renderPts: 5.823 nextFramePts: 5.802 -> diff: 0.021 render: 1 forceNext: 0, m_queued: 14, m_queued empty: true, begin idx: 12, front: 12,m_latencyTweak: 0.000000, GetDisplayLatency: 166.833344, m_videoDelay: 0, GetFrameLatencyAdjustment: 0.000000
2024-11-23 11:59:02.504 T:3833 debug : PrepareNextRender: (5.823) < (5.802 + 0.98 * 0.042): 5.823 < 5.843, lateframes: 0, idx: 12, break
2024-11-23 11:59:02.506 T:3833 debug : CAMLCodec::ReleaseFrame idx:139, drop:0
2024-11-23 11:59:02.509 T:4060 debug : CAMLCodec::DequeueBuffer: pts:6.386 idx:153
2024-11-23 11:59:02.509 T:4060 debug : CAMLCodec::GetPicture: index: 153, pts: 6.386, dur:41.000ms ar:1.78 elf:41ms
2024-11-23 11:59:02.510 T:4060 debug : CVideoPlayerVideo::OutputPicture - ttd:587ms pts:6.386 Clock:5.798 Level:13
2024-11-23 11:59:02.543 T:3833 debug : CAMLCodec::PollFrame elapsed:36.571ms
2024-11-23 11:59:02.545 T:3833 debug : PrepareNextRender: frameOnScreen: 5.834 renderPts: 5.865 nextFramePts: 5.844 -> diff: 0.021 render: 1 forceNext: 0, m_queued: 14, m_queued empty: true, begin idx: 13, front: 13,m_latencyTweak: 0.000000, GetDisplayLatency: 166.833344, m_videoDelay: 0, GetFrameLatencyAdjustment: 0.000000
2024-11-23 11:59:02.545 T:3833 debug : PrepareNextRender: (5.865) < (5.844 + 0.98 * 0.042): 5.865 < 5.885, lateframes: 0, idx: 13, break
2024-11-23 11:59:02.546 T:3833 debug : CAMLCodec::ReleaseFrame idx:140, drop:0
2024-11-23 11:59:02.553 T:4060 debug : CAMLCodec::DequeueBuffer: pts:6.428 idx:154
2024-11-23 11:59:02.553 T:4060 debug : CAMLCodec::GetPicture: index: 154, pts: 6.428, dur:42.000ms ar:1.78 elf:43ms
2024-11-23 11:59:02.553 T:4060 debug : CVideoPlayerVideo::OutputPicture - ttd:586ms pts:6.428 Clock:5.842 Level:13
2024-11-23 11:59:02.554 T:4060 debug : CAMLCodec::AddData: dl:575040 fl:5519808 sz:5814(5888) lv:9.4% dts:7.095 pts:7.095
2024-11-23 11:59:02.554 T:4060 debug : CAMLCodec::AddData: dl:583360 fl:5511488 sz:8197(8320) lv:9.6% dts:7.137 pts:7.137
2024-11-23 11:59:02.554 T:4060 debug : CAMLCodec::AddData: dl:613120 fl:5481728 sz:29669(29760) lv:10.1% dts:7.179 pts:7.179
2024-11-23 11:59:02.585 T:3833 debug : CAMLCodec::PollFrame elapsed:38.186ms
2024-11-23 11:59:02.587 T:3833 debug : PrepareNextRender: frameOnScreen: 5.875 renderPts: 5.906 nextFramePts: 5.886 -> diff: 0.020 render: 1 forceNext: 0, m_queued: 14, m_queued empty: true, begin idx: 14, front: 14,m_latencyTweak: 0.000000, GetDisplayLatency: 166.833344, m_videoDelay: 0, GetFrameLatencyAdjustment: 0.000000
2024-11-23 11:59:02.587 T:3833 debug : PrepareNextRender: (5.906) < (5.886 + 0.98 * 0.042): 5.906 < 5.927, lateframes: 0, idx: 14, break
2024-11-23 11:59:02.588 T:3833 debug : CAMLCodec::ReleaseFrame idx:141, drop:0
2024-11-23 11:59:02.592 T:4060 debug : CAMLCodec::DequeueBuffer: pts:6.470 idx:155
2024-11-23 11:59:02.592 T:4060 debug : CAMLCodec::GetPicture: index: 155, pts: 6.470, dur:42.000ms ar:1.78 elf:39ms
2024-11-23 11:59:02.592 T:4060 debug : CVideoPlayerVideo::OutputPicture - ttd:588ms pts:6.470 Clock:5.881 Level:13
2024-11-23 11:59:02.594 T:4060 debug : CAMLCodec::AddData: dl:600000 fl:5494848 sz:8402(8512) lv:9.8% dts:7.221 pts:7.221
2024-11-23 11:59:02.594 T:4060 debug : CAMLCodec::AddData: dl:604544 fl:5490304 sz:4462(4544) lv:9.9% dts:7.262 pts:7.262
2024-11-23 11:59:02.594 T:4060 debug : CAMLCodec::AddData: dl:625024 fl:5469824 sz:20413(20480) lv:10.3% dts:7.304 pts:7.304
2024-11-23 11:59:02.600 T:4058 debug : CVideoPlayer::ProcessVideoData size:45064 dts:52.641 pts:52.641 dur:41.000ms, clock:5.888 level:100
2024-11-23 11:59:02.626 T:3833 debug : CAMLCodec::PollFrame elapsed:38.337ms
2024-11-23 11:59:02.629 T:3833 debug : PrepareNextRender: frameOnScreen: 5.917 renderPts: 5.948 nextFramePts: 5.928 -> diff: 0.020 render: 1 forceNext: 0, m_queued: 14, m_queued empty: true, begin idx: 15, front: 15,m_latencyTweak: 0.000000, GetDisplayLatency: 166.833344, m_videoDelay: 0, GetFrameLatencyAdjustment: 0.000000
2024-11-23 11:59:02.629 T:3833 debug : PrepareNextRender: (5.948) < (5.928 + 0.98 * 0.042): 5.948 < 5.969, lateframes: 0, idx: 15, break
2024-11-23 11:59:02.630 T:3833 debug : CAMLCodec::ReleaseFrame idx:142, drop:0
2024-11-23 11:59:02.634 T:4060 debug : CAMLCodec::DequeueBuffer: pts:6.511 idx:156
2024-11-23 11:59:02.634 T:4060 debug : CAMLCodec::GetPicture: index: 156, pts: 6.511, dur:41.000ms ar:1.78 elf:41ms
2024-11-23 11:59:02.634 T:4060 debug : CVideoPlayerVideo::OutputPicture - ttd:588ms pts:6.511 Clock:5.923 Level:13
2024-11-23 11:59:02.668 T:3833 debug : CAMLCodec::PollFrame elapsed:37.932ms
2024-11-23 11:59:02.670 T:3833 debug : PrepareNextRender: frameOnScreen: 5.959 renderPts: 5.990 nextFramePts: 5.969 -> diff: 0.021 render: 1 forceNext: 0, m_queued: 14, m_queued empty: true, begin idx: 0, front: 0,m_latencyTweak: 0.000000, GetDisplayLatency: 166.833344, m_videoDelay: 0, GetFrameLatencyAdjustment: 0.000000
2024-11-23 11:59:02.671 T:3833 debug : PrepareNextRender: (5.990) < (5.969 + 0.98 * 0.042): 5.990 < 6.010, lateframes: 0, idx: 0, break
2024-11-23 11:59:02.671 T:3833 debug : CAMLCodec::ReleaseFrame idx:143, drop:0
2024-11-23 11:59:02.676 T:4060 debug : CAMLCodec::DequeueBuffer: pts:6.553 idx:157
2024-11-23 11:59:02.677 T:4060 debug : CAMLCodec::GetPicture: index: 157, pts: 6.553, dur:42.000ms ar:1.78 elf:42ms
2024-11-23 11:59:02.677 T:4060 debug : CVideoPlayerVideo::OutputPicture - ttd:587ms pts:6.553 Clock:5.965 Level:13
2024-11-23 11:59:02.678 T:4060 debug : CAMLCodec::AddData: dl:553152 fl:5541696 sz:4624(4736) lv:9.1% dts:7.346 pts:7.346
2024-11-23 11:59:02.678 T:4060 debug : CAMLCodec::AddData: dl:557568 fl:5537280 sz:4340(4416) lv:9.1% dts:7.387 pts:7.387
2024-11-23 11:59:02.680 T:4060 debug : CAMLCodec::AddData: dl:627840 fl:5467008 sz:70180(70272) lv:10.3% dts:7.429 pts:7.429
2024-11-23 11:59:02.682 T:4058 debug : CVideoPlayer::ProcessVideoData size:6951 dts:52.683 pts:52.683 dur:41.000ms, clock:5.970 level:100
2024-11-23 11:59:02.683 T:4058 debug : CVideoPlayer::ProcessVideoData size:5566 dts:52.724 pts:52.724 dur:41.000ms, clock:5.972 level:100
2024-11-23 11:59:02.684 T:4058 debug : CVideoPlayer::ProcessVideoData size:10936 dts:52.766 pts:52.766 dur:41.000ms, clock:5.973 level:100
2024-11-23 11:59:02.685 T:4058 debug : CVideoPlayer::ProcessVideoData size:8108 dts:52.808 pts:52.808 dur:41.000ms, clock:5.974 level:100
2024-11-23 11:59:02.688 T:4058 debug : CVideoPlayer::ProcessVideoData size:30256 dts:52.849 pts:52.849 dur:41.000ms, clock:5.977 level:100
2024-11-23 11:59:02.709 T:3833 debug : CAMLCodec::PollFrame elapsed:38.692ms
2024-11-23 11:59:02.711 T:3833 debug : PrepareNextRender: frameOnScreen: 6.000 renderPts: 6.031 nextFramePts: 6.011 -> diff: 0.020 render: 1 forceNext: 0, m_queued: 14, m_queued empty: true, begin idx: 1, front: 1,m_latencyTweak: 0.000000, GetDisplayLatency: 166.833344, m_videoDelay: 0, GetFrameLatencyAdjustment: 0.000000
2024-11-23 11:59:02.711 T:3833 debug : PrepareNextRender: (6.031) < (6.011 + 0.98 * 0.042): 6.031 < 6.052, lateframes: 0, idx: 1, break
2024-11-23 11:59:02.713 T:3833 debug : CAMLCodec::ReleaseFrame idx:144, drop:0
2024-11-23 11:59:02.719 T:4060 debug : CAMLCodec::DequeueBuffer: pts:6.595 idx:158
2024-11-23 11:59:02.719 T:4060 debug : CAMLCodec::GetPicture: index: 158, pts: 6.595, dur:42.000ms ar:1.78 elf:41ms
2024-11-23 11:59:02.719 T:4060 debug : CVideoPlayerVideo::OutputPicture - ttd:587ms pts:6.595 Clock:6.007 Level:13
2024-11-23 11:59:02.720 T:4060 debug : CAMLCodec::AddData: dl:606144 fl:5488704 sz:21319(21440) lv:9.9% dts:7.471 pts:7.471
2024-11-23 11:59:02.723 T:4060 debug : CAMLCodec::AddData: dl:901120 fl:5193728 sz:294867(294976) lv:14.8% dts:7.512 pts:7.512
2024-11-23 11:59:02.730 T:4058 debug : CVideoPlayer::ProcessVideoData size:6110 dts:52.891 pts:52.891 dur:41.000ms, clock:6.019 level:100
2024-11-23 11:59:02.732 T:4058 debug : CVideoPlayer::ProcessVideoData size:3827 dts:52.933 pts:52.933 dur:41.000ms, clock:6.021 level:100
2024-11-23 11:59:02.734 T:4058 debug : CVideoPlayer::ProcessVideoData size:75827 dts:52.975 pts:52.975 dur:41.000ms, clock:6.022 level:100
2024-11-23 11:59:02.735 T:4058 debug : CVideoPlayer::ProcessVideoData size:24611 dts:53.016 pts:53.016 dur:41.000ms, clock:6.024 level:100
2024-11-23 11:59:02.737 T:4058 debug : CVideoPlayer::ProcessVideoData size:109130 dts:53.058 pts:53.058 dur:41.000ms, clock:6.026 level:100
2024-11-23 11:59:02.743 T:4058 debug : CVideoPlayer::ProcessVideoData size:132334 dts:53.100 pts:53.100 dur:41.000ms, clock:6.032 level:100
2024-11-23 11:59:02.751 T:3833 debug : CAMLCodec::PollFrame elapsed:38.229ms
2024-11-23 11:59:02.754 T:3833 debug : PrepareNextRender: frameOnScreen: 6.043 renderPts: 6.074 nextFramePts: 6.053 -> diff: 0.021 render: 1 forceNext: 0, m_queued: 14, m_queued empty: true, begin idx: 2, front: 2,m_latencyTweak: 0.000000, GetDisplayLatency: 166.833344, m_videoDelay: 0, GetFrameLatencyAdjustment: 0.000000
2024-11-23 11:59:02.755 T:3833 debug : PrepareNextRender: (6.074) < (6.053 + 0.98 * 0.042): 6.074 < 6.094, lateframes: 0, idx: 2, break
2024-11-23 11:59:02.756 T:3833 debug : CAMLCodec::ReleaseFrame idx:145, drop:0
2024-11-23 11:59:02.760 T:4060 debug : CAMLCodec::DequeueBuffer: pts:6.637 idx:159
2024-11-23 11:59:02.760 T:4060 debug : CAMLCodec::GetPicture: index: 159, pts: 6.637, dur:42.000ms ar:1.78 elf:41ms
2024-11-23 11:59:02.760 T:4060 debug : CVideoPlayerVideo::OutputPicture - ttd:588ms pts:6.637 Clock:6.048 Level:13
2024-11-23 11:59:02.793 T:3833 debug : CAMLCodec::PollFrame elapsed:36.570ms
2024-11-23 11:59:02.795 T:3833 debug : PrepareNextRender: frameOnScreen: 6.084 renderPts: 6.115 nextFramePts: 6.094 -> diff: 0.021 render: 1 forceNext: 0, m_queued: 14, m_queued empty: true, begin idx: 3, front: 3,m_latencyTweak: 0.000000, GetDisplayLatency: 166.833344, m_videoDelay: 0, GetFrameLatencyAdjustment: 0.000000
2024-11-23 11:59:02.796 T:3833 debug : PrepareNextRender: (6.115) < (6.094 + 0.98 * 0.042): 6.115 < 6.135, lateframes: 0, idx: 3, break
2024-11-23 11:59:02.797 T:3833 debug : CAMLCodec::ReleaseFrame idx:146, drop:0
2024-11-23 11:59:02.802 T:4060 debug : CAMLCodec::DequeueBuffer: pts:6.678 idx:160
2024-11-23 11:59:02.802 T:4060 debug : CAMLCodec::GetPicture: index: 160, pts: 6.678, dur:41.000ms ar:1.78 elf:42ms
2024-11-23 11:59:02.802 T:4060 debug : CVideoPlayerVideo::OutputPicture - ttd:587ms pts:6.678 Clock:6.091 Level:13
2024-11-23 11:59:02.835 T:3833 debug : CAMLCodec::PollFrame elapsed:37.793ms
2024-11-23 11:59:02.838 T:3833 debug : PrepareNextRender: frameOnScreen: 6.126 renderPts: 6.157 nextFramePts: 6.136 -> diff: 0.021 render: 1 forceNext: 0, m_queued: 14, m_queued empty: true, begin idx: 4, front: 4,m_latencyTweak: 0.000000, GetDisplayLatency: 166.833344, m_videoDelay: 0, GetFrameLatencyAdjustment: 0.000000
2024-11-23 11:59:02.838 T:3833 debug : PrepareNextRender: (6.157) < (6.136 + 0.98 * 0.042): 6.157 < 6.177, lateframes: 0, idx: 4, break
2024-11-23 11:59:02.839 T:3833 debug : CAMLCodec::ReleaseFrame idx:147, drop:0
2024-11-23 11:59:02.843 T:4060 debug : CAMLCodec::DequeueBuffer: pts:6.720 idx:161
2024-11-23 11:59:02.844 T:4060 debug : CAMLCodec::GetPicture: index: 161, pts: 6.720, dur:42.000ms ar:1.78 elf:41ms
2024-11-23 11:59:02.844 T:4060 debug : CVideoPlayerVideo::OutputPicture - ttd:587ms pts:6.720 Clock:6.132 Level:13
2024-11-23 11:59:02.876 T:3833 debug : CAMLCodec::PollFrame elapsed:36.807ms
2024-11-23 11:59:02.879 T:3833 debug : PrepareNextRender: frameOnScreen: 6.168 renderPts: 6.199 nextFramePts: 6.178 -> diff: 0.021 render: 1 forceNext: 0, m_queued: 14, m_queued empty: true, begin idx: 5, front: 5,m_latencyTweak: 0.000000, GetDisplayLatency: 166.833344, m_videoDelay: 0, GetFrameLatencyAdjustment: 0.000000
2024-11-23 11:59:02.879 T:3833 debug : PrepareNextRender: (6.199) < (6.178 + 0.98 * 0.042): 6.199 < 6.219, lateframes: 0, idx: 5, break
2024-11-23 11:59:02.881 T:3833 debug : CAMLCodec::ReleaseFrame idx:148, drop:0
2024-11-23 11:59:02.884 T:4060 debug : CAMLCodec::DequeueBuffer: pts:6.762 idx:162
2024-11-23 11:59:02.884 T:4060 debug : CAMLCodec::GetPicture: index: 162, pts: 6.762, dur:42.000ms ar:1.78 elf:40ms
2024-11-23 11:59:02.884 T:4060 debug : CVideoPlayerVideo::OutputPicture - ttd:589ms pts:6.762 Clock:6.173 Level:13
2024-11-23 11:59:02.918 T:3833 debug : CAMLCodec::PollFrame elapsed:37.306ms
