2024-11-23 11:59:31.282 T:3833 debug : PrepareNextRender: frameOnScreen: 24.176 renderPts: 24.216 nextFramePts: 24.196 -> diff: 0.020 render: 1 forceNext: 0, m_queued: 14, m_queued empty: true, begin idx: 9, front: 9,m_latencyTweak: 0.000000, GetDisplayLatency: 166.833344, m_videoDelay: 0, GetFrameLatencyAdjustment: 0.000000
2024-11-23 11:59:31.282 T:3833 debug : PrepareNextRender: (24.216) < (24.196 + 0.98 * 0.042): 24.216 < 24.237, lateframes: 0, idx: 9, break
2024-11-23 11:59:31.288 T:4060 debug : CAMLCodec::DequeueBuffer: pts:24.780 idx:853
2024-11-23 11:59:31.288 T:4060 debug : CAMLCodec::GetPicture: index: 853, pts: 24.780, dur:41.999ms ar:1.78 elf:40ms
2024-11-23 11:59:31.288 T:3833 debug : CAMLCodec::ReleaseFrame idx:839, drop:0
2024-11-23 11:59:31.288 T:4060 debug : CVideoPlayerVideo::OutputPicture - ttd:597ms pts:24.780 Clock:24.182 Level:13
2024-11-23 11:59:31.321 T:3833 debug : CAMLCodec::PollFrame elapsed:33.052ms
2024-11-23 11:59:31.324 T:3833 debug : PrepareNextRender: frameOnScreen: 24.218 renderPts: 24.258 nextFramePts: 24.238 -> diff: 0.020 render: 1 forceNext: 0, m_queued: 14, m_queued empty: true, begin idx: 10, front: 10,m_latencyTweak: 0.000000, GetDisplayLatency: 166.833344, m_videoDelay: 0, GetFrameLatencyAdjustment: 0.000000
2024-11-23 11:59:31.324 T:3833 debug : PrepareNextRender: (24.258) < (24.238 + 0.98 * 0.042): 24.258 < 24.279, lateframes: 0, idx: 10, break
2024-11-23 11:59:31.330 T:3833 debug : CAMLCodec::ReleaseFrame idx:840, drop:0
2024-11-23 11:59:31.331 T:4060 debug : CAMLCodec::DequeueBuffer: pts:24.821 idx:854
2024-11-23 11:59:31.331 T:4060 debug : CAMLCodec::GetPicture: index: 854, pts: 24.821, dur:41.000ms ar:1.78 elf:42ms
2024-11-23 11:59:31.331 T:4060 debug : CVideoPlayerVideo::OutputPicture - ttd:595ms pts:24.821 Clock:24.225 Level:13
2024-11-23 11:59:31.332 T:4060 debug : CAMLCodec::AddData: dl:581440 fl:5513408 sz:8836(8960) lv:9.5% dts:25.239 pts:25.239
2024-11-23 11:59:31.332 T:4060 debug : CAMLCodec::AddData: dl:585984 fl:5508864 sz:4449(4544) lv:9.6% dts:25.280 pts:25.280
2024-11-23 11:59:31.332 T:4060 debug : CAMLCodec::AddData: dl:620160 fl:5474688 sz:34049(34176) lv:10.2% dts:25.322 pts:25.322
2024-11-23 11:59:31.363 T:3833 debug : CAMLCodec::PollFrame elapsed:33.526ms
2024-11-23 11:59:31.366 T:3833 debug : PrepareNextRender: frameOnScreen: 24.260 renderPts: 24.300 nextFramePts: 24.279 -> diff: 0.021 render: 1 forceNext: 0, m_queued: 14, m_queued empty: true, begin idx: 12, front: 12,m_latencyTweak: 0.000000, GetDisplayLatency: 166.833344, m_videoDelay: 0, GetFrameLatencyAdjustment: 0.000000
2024-11-23 11:59:31.366 T:3833 debug : PrepareNextRender: (24.300) < (24.279 + 0.98 * 0.042): 24.300 < 24.320, lateframes: 0, idx: 12, break
2024-11-23 11:59:31.372 T:4060 debug : CAMLCodec::DequeueBuffer: pts:24.863 idx:855
2024-11-23 11:59:31.372 T:4060 debug : CAMLCodec::GetPicture: index: 855, pts: 24.863, dur:42.001ms ar:1.78 elf:40ms
2024-11-23 11:59:31.372 T:4060 debug : CVideoPlayerVideo::OutputPicture - ttd:597ms pts:24.863 Clock:24.266 Level:13
2024-11-23 11:59:31.372 T:3833 debug : CAMLCodec::ReleaseFrame idx:841, drop:0
2024-11-23 11:59:31.405 T:3833 debug : CAMLCodec::PollFrame elapsed:32.795ms
2024-11-23 11:59:31.407 T:3833 debug : PrepareNextRender: frameOnScreen: 24.302 renderPts: 24.341 nextFramePts: 24.321 -> diff: 0.020 render: 1 forceNext: 0, m_queued: 14, m_queued empty: true, begin idx: 13, front: 13,m_latencyTweak: 0.000000, GetDisplayLatency: 166.833344, m_videoDelay: 0, GetFrameLatencyAdjustment: 0.000000
2024-11-23 11:59:31.408 T:3833 debug : PrepareNextRender: (24.341) < (24.321 + 0.98 * 0.042): 24.341 < 24.362, lateframes: 0, idx: 13, break
2024-11-23 11:59:31.413 T:4060 debug : CAMLCodec::DequeueBuffer: pts:24.905 idx:856
2024-11-23 11:59:31.413 T:4060 debug : CAMLCodec::GetPicture: index: 856, pts: 24.905, dur:41.999ms ar:1.78 elf:41ms
2024-11-23 11:59:31.413 T:4060 debug : CVideoPlayerVideo::OutputPicture - ttd:597ms pts:24.905 Clock:24.308 Level:13
2024-11-23 11:59:31.414 T:3833 debug : CAMLCodec::ReleaseFrame idx:842, drop:0
2024-11-23 11:59:31.447 T:3833 debug : CAMLCodec::PollFrame elapsed:32.775ms
2024-11-23 11:59:31.449 T:3833 debug : PrepareNextRender: frameOnScreen: 24.343 renderPts: 24.383 nextFramePts: 24.363 -> diff: 0.020 render: 1 forceNext: 0, m_queued: 14, m_queued empty: true, begin idx: 14, front: 14,m_latencyTweak: 0.000000, GetDisplayLatency: 166.833344, m_videoDelay: 0, GetFrameLatencyAdjustment: 0.000000
2024-11-23 11:59:31.449 T:3833 debug : PrepareNextRender: (24.383) < (24.363 + 0.98 * 0.042): 24.383 < 24.404, lateframes: 0, idx: 14, break
2024-11-23 11:59:31.453 T:3833 debug : CAMLCodec::ReleaseFrame idx:843, drop:0
2024-11-23 11:59:31.456 T:4060 debug : CAMLCodec::DequeueBuffer: pts:24.947 idx:857
2024-11-23 11:59:31.456 T:4060 debug : CAMLCodec::GetPicture: index: 857, pts: 24.947, dur:42.001ms ar:1.78 elf:42ms
2024-11-23 11:59:31.456 T:4060 debug : CVideoPlayerVideo::OutputPicture - ttd:597ms pts:24.947 Clock:24.350 Level:13
2024-11-23 11:59:31.457 T:4060 debug : CAMLCodec::AddData: dl:547328 fl:5547520 sz:4695(4800) lv:9.0% dts:25.364 pts:25.364
2024-11-23 11:59:31.457 T:4060 debug : CAMLCodec::AddData: dl:551744 fl:5543104 sz:4310(4416) lv:9.1% dts:25.405 pts:25.405
2024-11-23 11:59:31.459 T:4060 debug : CAMLCodec::AddData: dl:629568 fl:5465280 sz:77722(77824) lv:10.3% dts:25.447 pts:25.447
2024-11-23 11:59:31.460 T:4058 debug : CVideoPlayer::ProcessVideoData size:133143 dts:71.118 pts:71.118 dur:41.000ms, clock:24.354 level:100
2024-11-23 11:59:31.488 T:3833 debug : CAMLCodec::PollFrame elapsed:34.933ms
2024-11-23 11:59:31.491 T:3833 debug : PrepareNextRender: frameOnScreen: 24.385 renderPts: 24.425 nextFramePts: 24.404 -> diff: 0.021 render: 1 forceNext: 0, m_queued: 14, m_queued empty: true, begin idx: 15, front: 15,m_latencyTweak: 0.000000, GetDisplayLatency: 166.833344, m_videoDelay: 0, GetFrameLatencyAdjustment: 0.000000
2024-11-23 11:59:31.491 T:3833 debug : PrepareNextRender: (24.425) < (24.404 + 0.98 * 0.042): 24.425 < 24.445, lateframes: 0, idx: 15, break
2024-11-23 11:59:31.496 T:4060 debug : CAMLCodec::DequeueBuffer: pts:24.988 idx:858
2024-11-23 11:59:31.496 T:4060 debug : CAMLCodec::GetPicture: index: 858, pts: 24.988, dur:41.000ms ar:1.78 elf:40ms
2024-11-23 11:59:31.496 T:4060 debug : CVideoPlayerVideo::OutputPicture - ttd:597ms pts:24.988 Clock:24.391 Level:13
2024-11-23 11:59:31.497 T:3833 debug : CAMLCodec::ReleaseFrame idx:844, drop:0
2024-11-23 11:59:31.498 T:4060 debug : CAMLCodec::AddData: dl:626816 fl:5468032 sz:21277(21376) lv:10.3% dts:25.489 pts:25.489
2024-11-23 11:59:31.530 T:3833 debug : CAMLCodec::PollFrame elapsed:32.429ms
2024-11-23 11:59:31.532 T:3833 debug : PrepareNextRender: frameOnScreen: 24.426 renderPts: 24.466 nextFramePts: 24.446 -> diff: 0.020 render: 1 forceNext: 0, m_queued: 14, m_queued empty: true, begin idx: 11, front: 11,m_latencyTweak: 0.000000, GetDisplayLatency: 166.833344, m_videoDelay: 0, GetFrameLatencyAdjustment: 0.000000
2024-11-23 11:59:31.532 T:3833 debug : PrepareNextRender: (24.466) < (24.446 + 0.98 * 0.042): 24.466 < 24.487, lateframes: 0, idx: 11, break
2024-11-23 11:59:31.538 T:3833 debug : CAMLCodec::ReleaseFrame idx:845, drop:0
2024-11-23 11:59:31.541 T:4060 debug : CAMLCodec::DequeueBuffer: pts:25.030 idx:859
2024-11-23 11:59:31.541 T:4060 debug : CAMLCodec::GetPicture: index: 859, pts: 25.030, dur:41.999ms ar:1.78 elf:44ms
2024-11-23 11:59:31.541 T:4060 debug : CVideoPlayerVideo::OutputPicture - ttd:594ms pts:25.030 Clock:24.435 Level:13
2024-11-23 11:59:31.542 T:4060 debug : CAMLCodec::AddData: dl:353600 fl:5741248 sz:4447(4544) lv:5.8% dts:25.530 pts:25.530
2024-11-23 11:59:31.545 T:4060 debug : CAMLCodec::AddData: dl:425024 fl:5669824 sz:71341(71424) lv:7.0% dts:25.572 pts:25.572
2024-11-23 11:59:31.545 T:4060 debug : CAMLCodec::AddData: dl:468096 fl:5626752 sz:42980(43072) lv:7.7% dts:25.614 pts:25.614
2024-11-23 11:59:31.545 T:4060 debug : CAMLCodec::AddData: dl:477568 fl:5617280 sz:9388(9472) lv:7.8% dts:25.656 pts:25.656
2024-11-23 11:59:31.545 T:4060 debug : CAMLCodec::AddData: dl:486976 fl:5607872 sz:9340(9408) lv:8.0% dts:25.697 pts:25.697
2024-11-23 11:59:31.545 T:4060 debug : CAMLCodec::AddData: dl:499008 fl:5595840 sz:11929(12032) lv:8.2% dts:25.739 pts:25.739
2024-11-23 11:59:31.545 T:4060 debug : CAMLCodec::AddData: dl:507584 fl:5587264 sz:8456(8576) lv:8.3% dts:25.781 pts:25.781
2024-11-23 11:59:31.545 T:4060 debug : CAMLCodec::AddData: dl:550848 fl:5544000 sz:43185(43264) lv:9.0% dts:25.822 pts:25.822
2024-11-23 11:59:31.545 T:4060 debug : CAMLCodec::AddData: dl:557120 fl:5537728 sz:6166(6272) lv:9.1% dts:25.864 pts:25.864
2024-11-23 11:59:31.545 T:4060 debug : CAMLCodec::AddData: dl:561216 fl:5533632 sz:3824(4096) lv:9.2% dts:25.906 pts:25.906
2024-11-23 11:59:31.547 T:4060 debug : CAMLCodec::AddData: dl:629312 fl:5465536 sz:68031(68096) lv:10.3% dts:25.948 pts:25.948
2024-11-23 11:59:31.552 T:4058 debug : CVideoPlayer::ProcessVideoData size:5705 dts:71.159 pts:71.159 dur:41.000ms, clock:24.446 level:100
2024-11-23 11:59:31.553 T:4058 debug : CVideoPlayer::ProcessVideoData size:8161 dts:71.201 pts:71.201 dur:41.000ms, clock:24.448 level:100
2024-11-23 11:59:31.555 T:4058 debug : CVideoPlayer::ProcessVideoData size:29087 dts:71.243 pts:71.243 dur:41.000ms, clock:24.449 level:100
2024-11-23 11:59:31.556 T:4058 debug : CVideoPlayer::ProcessVideoData size:8323 dts:71.285 pts:71.285 dur:41.000ms, clock:24.450 level:100
2024-11-23 11:59:31.558 T:4058 debug : CVideoPlayer::ProcessVideoData size:282537 dts:71.326 pts:71.326 dur:41.000ms, clock:24.453 level:100
2024-11-23 11:59:31.572 T:3833 debug : CAMLCodec::PollFrame elapsed:33.915ms
2024-11-23 11:59:31.574 T:3833 debug : PrepareNextRender: frameOnScreen: 24.468 renderPts: 24.508 nextFramePts: 24.488 -> diff: 0.020 render: 1 forceNext: 0, m_queued: 14, m_queued empty: true, begin idx: 0, front: 0,m_latencyTweak: 0.000000, GetDisplayLatency: 166.833344, m_videoDelay: 0, GetFrameLatencyAdjustment: 0.000000
2024-11-23 11:59:31.574 T:3833 debug : PrepareNextRender: (24.508) < (24.488 + 0.98 * 0.042): 24.508 < 24.529, lateframes: 0, idx: 0, break
2024-11-23 11:59:31.581 T:3833 debug : CAMLCodec::ReleaseFrame idx:846, drop:0
2024-11-23 11:59:31.582 T:4060 debug : CAMLCodec::DequeueBuffer: pts:25.072 idx:860
2024-11-23 11:59:31.583 T:4060 debug : CAMLCodec::GetPicture: index: 860, pts: 25.072, dur:42.001ms ar:1.78 elf:41ms
2024-11-23 11:59:31.583 T:4060 debug : CPtsTracker: detected pattern of length 1: 41708.32, frameduration: 41708.333333
2024-11-23 11:59:31.583 T:4060 debug : CVideoPlayerVideo::OutputPicture - ttd:595ms pts:25.072 Clock:24.477 Level:13
2024-11-23 11:59:31.584 T:4060 debug : CAMLCodec::AddData: dl:528128 fl:5566720 sz:23982(24064) lv:8.7% dts:25.989 pts:25.989
2024-11-23 11:59:31.586 T:4060 debug : CAMLCodec::AddData: dl:636096 fl:5458752 sz:107852(107968) lv:10.4% dts:26.031 pts:26.031
2024-11-23 11:59:31.591 T:4058 debug : CVideoPlayer::ProcessVideoData size:8037 dts:71.368 pts:71.368 dur:41.000ms, clock:24.485 level:100
2024-11-23 11:59:31.592 T:4058 debug : CVideoPlayer::ProcessVideoData size:5157 dts:71.410 pts:71.410 dur:41.000ms, clock:24.487 level:100
2024-11-23 11:59:31.613 T:3833 debug : CAMLCodec::PollFrame elapsed:32.487ms
2024-11-23 11:59:31.616 T:3833 debug : PrepareNextRender: frameOnScreen: 24.510 renderPts: 24.550 nextFramePts: 24.529 -> diff: 0.021 render: 1 forceNext: 0, m_queued: 14, m_queued empty: true, begin idx: 2, front: 2,m_latencyTweak: 0.000000, GetDisplayLatency: 166.833344, m_videoDelay: 0, GetFrameLatencyAdjustment: 0.000000
2024-11-23 11:59:31.616 T:3833 debug : PrepareNextRender: (24.550) < (24.529 + 0.98 * 0.042): 24.550 < 24.570, lateframes: 0, idx: 2, break
2024-11-23 11:59:31.622 T:4060 debug : CAMLCodec::DequeueBuffer: pts:25.113 idx:861
2024-11-23 11:59:31.622 T:4060 debug : CAMLCodec::GetPicture: index: 861, pts: 25.113, dur:41.000ms ar:1.78 elf:39ms
2024-11-23 11:59:31.622 T:4060 debug : CVideoPlayerVideo::OutputPicture - ttd:596ms pts:25.113 Clock:24.516 Level:13
2024-11-23 11:59:31.623 T:3833 debug : CAMLCodec::ReleaseFrame idx:847, drop:0
2024-11-23 11:59:31.655 T:3833 debug : CAMLCodec::PollFrame elapsed:31.702ms
2024-11-23 11:59:31.658 T:3833 debug : PrepareNextRender: frameOnScreen: 24.552 renderPts: 24.592 nextFramePts: 24.571 -> diff: 0.021 render: 1 forceNext: 0, m_queued: 14, m_queued empty: true, begin idx: 1, front: 1,m_latencyTweak: 0.000000, GetDisplayLatency: 166.833344, m_videoDelay: 0, GetFrameLatencyAdjustment: 0.000000
2024-11-23 11:59:31.658 T:3833 debug : PrepareNextRender: (24.592) < (24.571 + 0.98 * 0.042): 24.592 < 24.612, lateframes: 0, idx: 1, break
2024-11-23 11:59:31.664 T:3833 debug : CAMLCodec::ReleaseFrame idx:848, drop:0
2024-11-23 11:59:31.664 T:4060 debug : CAMLCodec::DequeueBuffer: pts:25.155 idx:862
2024-11-23 11:59:31.664 T:4060 debug : CAMLCodec::GetPicture: index: 862, pts: 25.155, dur:41.999ms ar:1.78 elf:42ms
2024-11-23 11:59:31.664 T:4060 debug : CVideoPlayerVideo::OutputPicture - ttd:596ms pts:25.155 Clock:24.559 Level:13
2024-11-23 11:59:31.697 T:3833 debug : CAMLCodec::PollFrame elapsed:32.456ms
2024-11-23 11:59:31.699 T:3833 debug : PrepareNextRender: frameOnScreen: 24.593 renderPts: 24.633 nextFramePts: 24.613 -> diff: 0.020 render: 1 forceNext: 0, m_queued: 14, m_queued empty: true, begin idx: 3, front: 3,m_latencyTweak: 0.000000, GetDisplayLatency: 166.833344, m_videoDelay: 0, GetFrameLatencyAdjustment: 0.000000
2024-11-23 11:59:31.699 T:3833 debug : PrepareNextRender: (24.633) < (24.613 + 0.98 * 0.042): 24.633 < 24.654, lateframes: 0, idx: 3, break
2024-11-23 11:59:31.703 T:3833 debug : CAMLCodec::ReleaseFrame idx:849, drop:0
2024-11-23 11:59:31.705 T:4060 debug : CAMLCodec::DequeueBuffer: pts:25.197 idx:863
2024-11-23 11:59:31.705 T:4060 debug : CAMLCodec::GetPicture: index: 863, pts: 25.197, dur:42.001ms ar:1.78 elf:40ms
2024-11-23 11:59:31.705 T:4060 debug : CVideoPlayerVideo::OutputPicture - ttd:598ms pts:25.197 Clock:24.599 Level:13
2024-11-23 11:59:31.708 T:4060 debug : CAMLCodec::AddData: dl:701632 fl:5393216 sz:133143(133248) lv:11.5% dts:26.073 pts:26.073
2024-11-23 11:59:31.715 T:4058 debug : CVideoPlayer::ProcessVideoData size:4417 dts:71.451 pts:71.451 dur:41.000ms, clock:24.609 level:100
2024-11-23 11:59:31.716 T:4058 debug : CVideoPlayer::ProcessVideoData size:81374 dts:71.493 pts:71.493 dur:41.000ms, clock:24.611 level:100
2024-11-23 11:59:31.718 T:4058 debug : CVideoPlayer::ProcessVideoData size:21498 dts:71.535 pts:71.535 dur:41.000ms, clock:24.612 level:100
2024-11-23 11:59:31.719 T:4058 debug : CVideoPlayer::ProcessVideoData size:4369 dts:71.576 pts:71.576 dur:41.000ms, clock:24.613 level:100
2024-11-23 11:59:31.721 T:4058 debug : CVideoPlayer::ProcessVideoData size:71775 dts:71.618 pts:71.618 dur:41.000ms, clock:24.615 level:100
2024-11-23 11:59:31.738 T:3833 debug : CAMLCodec::PollFrame elapsed:34.973ms
2024-11-23 11:59:31.741 T:3833 debug : PrepareNextRender: frameOnScreen: 24.635 renderPts: 24.675 nextFramePts: 24.655 -> diff: 0.020 render: 1 forceNext: 0, m_queued: 14, m_queued empty: true, begin idx: 6, front: 6,m_latencyTweak: 0.000000, GetDisplayLatency: 166.833344, m_videoDelay: 0, GetFrameLatencyAdjustment: 0.000000
2024-11-23 11:59:31.741 T:3833 debug : PrepareNextRender: (24.675) < (24.655 + 0.98 * 0.042): 24.675 < 24.696, lateframes: 0, idx: 6, break
2024-11-23 11:59:31.746 T:4060 debug : CAMLCodec::DequeueBuffer: pts:25.239 idx:864
2024-11-23 11:59:31.746 T:4060 debug : CAMLCodec::GetPicture: index: 864, pts: 25.239, dur:42.000ms ar:1.78 elf:41ms
2024-11-23 11:59:31.746 T:4060 debug : CVideoPlayerVideo::OutputPicture - ttd:598ms pts:25.239 Clock:24.641 Level:13
2024-11-23 11:59:31.747 T:3833 debug : CAMLCodec::ReleaseFrame idx:850, drop:0
2024-11-23 11:59:31.780 T:3833 debug : CAMLCodec::PollFrame elapsed:33.160ms
2024-11-23 11:59:31.782 T:3833 debug : PrepareNextRender: frameOnScreen: 24.676 renderPts: 24.717 nextFramePts: 24.696 -> diff: 0.021 render: 1 forceNext: 0, m_queued: 14, m_queued empty: true, begin idx: 4, front: 4,m_latencyTweak: 0.000000, GetDisplayLatency: 166.833344, m_videoDelay: 0, GetFrameLatencyAdjustment: 0.000000
2024-11-23 11:59:31.786 T:3833 debug : PrepareNextRender: (24.717) < (24.696 + 0.98 * 0.042): 24.717 < 24.737, lateframes: 0, idx: 4, break
2024-11-23 11:59:31.790 T:4060 debug : CAMLCodec::DequeueBuffer: pts:25.280 idx:865
2024-11-23 11:59:31.790 T:4060 debug : CAMLCodec::GetPicture: index: 865, pts: 25.280, dur:40.999ms ar:1.78 elf:43ms
2024-11-23 11:59:31.790 T:4060 debug : CVideoPlayerVideo::OutputPicture - ttd:595ms pts:25.280 Clock:24.684 Level:13
2024-11-23 11:59:31.791 T:3833 debug : CAMLCodec::ReleaseFrame idx:851, drop:0
2024-11-23 11:59:31.822 T:3833 debug : CAMLCodec::PollFrame elapsed:30.601ms
2024-11-23 11:59:31.825 T:3833 debug : PrepareNextRender: frameOnScreen: 24.719 renderPts: 24.759 nextFramePts: 24.738 -> diff: 0.021 render: 1 forceNext: 0, m_queued: 14, m_queued empty: true, begin idx: 5, front: 5,m_latencyTweak: 0.000000, GetDisplayLatency: 166.833344, m_videoDelay: 0, GetFrameLatencyAdjustment: 0.000000
2024-11-23 11:59:31.825 T:3833 debug : PrepareNextRender: (24.759) < (24.738 + 0.98 * 0.042): 24.759 < 24.779, lateframes: 0, idx: 5, break
2024-11-23 11:59:31.830 T:4060 debug : CAMLCodec::DequeueBuffer: pts:25.322 idx:866
2024-11-23 11:59:31.830 T:4060 debug : CAMLCodec::GetPicture: index: 866, pts: 25.322, dur:42.001ms ar:1.78 elf:40ms
2024-11-23 11:59:31.830 T:4060 debug : CVideoPlayerVideo::OutputPicture - ttd:597ms pts:25.322 Clock:24.725 Level:13
2024-11-23 11:59:31.831 T:3833 debug : CAMLCodec::ReleaseFrame idx:852, drop:0
2024-11-23 11:59:31.864 T:3833 debug : CAMLCodec::PollFrame elapsed:32.501ms
2024-11-23 11:59:31.866 T:3833 debug : PrepareNextRender: frameOnScreen: 24.760 renderPts: 24.801 nextFramePts: 24.780 -> diff: 0.021 render: 1 forceNext: 0, m_queued: 14, m_queued empty: true, begin idx: 7, front: 7,m_latencyTweak: 0.000000, GetDisplayLatency: 166.833344, m_videoDelay: 0, GetFrameLatencyAdjustment: 0.000000
2024-11-23 11:59:31.866 T:3833 debug : PrepareNextRender: (24.801) < (24.780 + 0.98 * 0.042): 24.801 < 24.821, lateframes: 0, idx: 7, break
2024-11-23 11:59:31.873 T:3833 debug : CAMLCodec::ReleaseFrame idx:853, drop:0
2024-11-23 11:59:31.873 T:4060 debug : CAMLCodec::DequeueBuffer: pts:25.364 idx:867
2024-11-23 11:59:31.873 T:4060 debug : CAMLCodec::GetPicture: index: 867, pts: 25.364, dur:42.000ms ar:1.78 elf:42ms
2024-11-23 11:59:31.873 T:4060 debug : CVideoPlayerVideo::OutputPicture - ttd:596ms pts:25.364 Clock:24.767 Level:13
2024-11-23 11:59:31.905 T:3833 debug : CAMLCodec::PollFrame elapsed:32.458ms
2024-11-23 11:59:31.908 T:3833 debug : PrepareNextRender: frameOnScreen: 24.802 renderPts: 24.842 nextFramePts: 24.821 -> diff: 0.021 render: 1 forceNext: 0, m_queued: 14, m_queued empty: true, begin idx: 8, front: 8,m_latencyTweak: 0.000000, GetDisplayLatency: 166.833344, m_videoDelay: 0, GetFrameLatencyAdjustment: 0.000000
2024-11-23 11:59:31.908 T:3833 debug : PrepareNextRender: (24.842) < (24.821 + 0.98 * 0.042): 24.842 < 24.862, lateframes: 0, idx: 8, break
2024-11-23 11:59:31.913 T:4060 debug : CAMLCodec::DequeueBuffer: pts:25.405 idx:868
2024-11-23 11:59:31.913 T:4060 debug : CAMLCodec::GetPicture: index: 868, pts: 25.405, dur:40.999ms ar:1.78 elf:40ms
2024-11-23 11:59:31.913 T:4060 debug : CVideoPlayerVideo::OutputPicture - ttd:597ms pts:25.405 Clock:24.808 Level:13
2024-11-23 11:59:31.913 T:3833 debug : CAMLCodec::ReleaseFrame idx:854, drop:0
2024-11-23 11:59:31.947 T:3833 debug : CAMLCodec::PollFrame elapsed:33.408ms
2024-11-23 11:59:31.949 T:3833 debug : PrepareNextRender: frameOnScreen: 24.844 renderPts: 24.884 nextFramePts: 24.863 -> diff: 0.021 render: 1 forceNext: 0, m_queued: 14, m_queued empty: true, begin idx: 9, front: 9,m_latencyTweak: 0.000000, GetDisplayLatency: 166.833344, m_videoDelay: 0, GetFrameLatencyAdjustment: 0.000000
2024-11-23 11:59:31.949 T:3833 debug : PrepareNextRender: (24.884) < (24.863 + 0.98 * 0.042): 24.884 < 24.904, lateframes: 0, idx: 9, break
2024-11-23 11:59:31.955 T:3833 debug : CAMLCodec::ReleaseFrame idx:855, drop:0
2024-11-23 11:59:31.956 T:4060 debug : CAMLCodec::DequeueBuffer: pts:25.447 idx:869
2024-11-23 11:59:31.956 T:4060 debug : CAMLCodec::GetPicture: index: 869, pts: 25.447, dur:42.001ms ar:1.78 elf:42ms
2024-11-23 11:59:31.956 T:4060 debug : CVideoPlayerVideo::OutputPicture - ttd:596ms pts:25.447 Clock:24.850 Level:13
2024-11-23 11:59:31.957 T:4060 debug : CAMLCodec::AddData: dl:572736 fl:5522112 sz:5705(5824) lv:9.4% dts:26.114 pts:26.114
2024-11-23 11:59:31.957 T:4060 debug : CAMLCodec::AddData: dl:580992 fl:5513856 sz:8161(8256) lv:9.5% dts:26.156 pts:26.156
2024-11-23 11:59:31.957 T:4060 debug : CAMLCodec::AddData: dl:610176 fl:5484672 sz:29087(29184) lv:10.0% dts:26.198 pts:26.198
2024-11-23 11:59:31.989 T:3833 debug : CAMLCodec::PollFrame elapsed:33.470ms
2024-11-23 11:59:31.992 T:3833 debug : PrepareNextRender: frameOnScreen: 24.886 renderPts: 24.926 nextFramePts: 24.905 -> diff: 0.021 render: 1 forceNext: 0, m_queued: 14, m_queued empty: true, begin idx: 10, front: 10,m_latencyTweak: 0.000000, GetDisplayLatency: 166.833344, m_videoDelay: 0, GetFrameLatencyAdjustment: 0.000000
2024-11-23 11:59:31.992 T:3833 debug : PrepareNextRender: (24.926) < (24.905 + 0.98 * 0.042): 24.926 < 24.946, lateframes: 0, idx: 10, break
2024-11-23 11:59:31.996 T:3833 debug : CAMLCodec::ReleaseFrame idx:856, drop:0
2024-11-23 11:59:31.996 T:4060 debug : CAMLCodec::DequeueBuffer: pts:25.489 idx:870
2024-11-23 11:59:31.997 T:4060 debug : CAMLCodec::GetPicture: index: 870, pts: 25.489, dur:42.000ms ar:1.78 elf:40ms
2024-11-23 11:59:31.997 T:4060 debug : CVideoPlayerVideo::OutputPicture - ttd:598ms pts:25.489 Clock:24.891 Level:13
2024-11-23 11:59:31.998 T:4060 debug : CAMLCodec::AddData: dl:597248 fl:5497600 sz:8323(8448) lv:9.8% dts:26.240 pts:26.240
2024-11-23 11:59:32.000 T:4060 debug : CAMLCodec::AddData: dl:879872 fl:5214976 sz:282534(282624) lv:14.4% dts:26.281 pts:26.281
2024-11-23 11:59:32.005 T:4058 debug : CVideoPlayer::ProcessVideoData size:43075 dts:71.660 pts:71.660 dur:41.000ms, clock:24.899 level:100
2024-11-23 11:59:32.006 T:4058 debug : CVideoPlayer::ProcessVideoData size:9592 dts:71.702 pts:71.702 dur:41.000ms, clock:24.901 level:100
2024-11-23 11:59:32.007 T:4058 debug : CVideoPlayer::ProcessVideoData size:8763 dts:71.743 pts:71.743 dur:41.000ms, clock:24.902 level:100
2024-11-23 11:59:32.009 T:4058 debug : CVideoPlayer::ProcessVideoData size:11655 dts:71.785 pts:71.785 dur:41.000ms, clock:24.903 level:100
2024-11-23 11:59:32.010 T:4058 debug : CVideoPlayer::ProcessVideoData size:8382 dts:71.827 pts:71.827 dur:41.000ms, clock:24.904 level:100
2024-11-23 11:59:32.012 T:4058 debug : CVideoPlayer::ProcessVideoData size:44348 dts:71.868 pts:71.868 dur:41.000ms, clock:24.906 level:100
2024-11-23 11:59:32.013 T:4058 debug : CVideoPlayer::ProcessVideoData size:6222 dts:71.910 pts:71.910 dur:41.000ms, clock:24.907 level:100
2024-11-23 11:59:32.014 T:4058 debug : CVideoPlayer::ProcessVideoData size:3789 dts:71.952 pts:71.952 dur:41.000ms, clock:24.909 level:100
2024-11-23 11:59:32.016 T:4058 debug : CVideoPlayer::ProcessVideoData size:68020 dts:71.994 pts:71.994 dur:41.000ms, clock:24.910 level:100
2024-11-23 11:59:32.017 T:4058 debug : CVideoPlayer::ProcessVideoData size:24151 dts:72.035 pts:72.035 dur:41.000ms, clock:24.912 level:100
2024-11-23 11:59:32.019 T:4058 debug : CVideoPlayer::ProcessVideoData size:108423 dts:72.077 pts:72.077 dur:41.000ms, clock:24.913 level:100
2024-11-23 11:59:32.031 T:3833 debug : CAMLCodec::PollFrame elapsed:33.955ms
2024-11-23 11:59:32.033 T:3833 debug : PrepareNextRender: frameOnScreen: 24.928 renderPts: 24.968 nextFramePts: 24.947 -> diff: 0.021 render: 1 forceNext: 0, m_queued: 14, m_queued empty: true, begin idx: 12, front: 12,m_latencyTweak: 0.000000, GetDisplayLatency: 166.833344, m_videoDelay: 0, GetFrameLatencyAdjustment: 0.000000
2024-11-23 11:59:32.034 T:3833 debug : PrepareNextRender: (24.968) < (24.947 + 0.98 * 0.042): 24.968 < 24.988, lateframes: 0, idx: 12, break
2024-11-23 11:59:32.039 T:4060 debug : CAMLCodec::DequeueBuffer: pts:25.530 idx:871
2024-11-23 11:59:32.039 T:4060 debug : CAMLCodec::GetPicture: index: 871, pts: 25.530, dur:40.999ms ar:1.78 elf:41ms
2024-11-23 11:59:32.039 T:4060 debug : CVideoPlayerVideo::OutputPicture - ttd:597ms pts:25.530 Clock:24.933 Level:13
2024-11-23 11:59:32.039 T:3833 debug : CAMLCodec::ReleaseFrame idx:857, drop:0
2024-11-23 11:59:32.072 T:3833 debug : CAMLCodec::PollFrame elapsed:32.642ms
2024-11-23 11:59:32.075 T:3833 debug : PrepareNextRender: frameOnScreen: 24.969 renderPts: 25.009 nextFramePts: 24.988 -> diff: 0.021 render: 1 forceNext: 0, m_queued: 14, m_queued empty: true, begin idx: 13, front: 13,m_latencyTweak: 0.000000, GetDisplayLatency: 166.833344, m_videoDelay: 0, GetFrameLatencyAdjustment: 0.000000
2024-11-23 11:59:32.075 T:3833 debug : PrepareNextRender: (25.009) < (24.988 + 0.98 * 0.042): 25.009 < 25.029, lateframes: 0, idx: 13, break
2024-11-23 11:59:32.080 T:4060 debug : CAMLCodec::DequeueBuffer: pts:25.572 idx:872
2024-11-23 11:59:32.080 T:4060 debug : CAMLCodec::GetPicture: index: 872, pts: 25.572, dur:42.001ms ar:1.78 elf:41ms
2024-11-23 11:59:32.080 T:4060 debug : CVideoPlayerVideo::OutputPicture - ttd:597ms pts:25.572 Clock:24.975 Level:13
2024-11-23 11:59:32.080 T:3833 debug : CAMLCodec::ReleaseFrame idx:858, drop:0
2024-11-23 11:59:32.114 T:3833 debug : CAMLCodec::PollFrame elapsed:33.313ms
2024-11-23 11:59:32.117 T:3833 debug : PrepareNextRender: frameOnScreen: 25.011 renderPts: 25.051 nextFramePts: 25.030 -> diff: 0.021 render: 1 forceNext: 0, m_queued: 14, m_queued empty: true, begin idx: 14, front: 14,m_latencyTweak: 0.000000, GetDisplayLatency: 166.833344, m_videoDelay: 0, GetFrameLatencyAdjustment: 0.000000
2024-11-23 11:59:32.117 T:3833 debug : PrepareNextRender: (25.051) < (25.030 + 0.98 * 0.042): 25.051 < 25.071, lateframes: 0, idx: 14, break
2024-11-23 11:59:32.123 T:4060 debug : CAMLCodec::DequeueBuffer: pts:25.614 idx:873
2024-11-23 11:59:32.123 T:4060 debug : CAMLCodec::GetPicture: index: 873, pts: 25.614, dur:42.000ms ar:1.78 elf:42ms
2024-11-23 11:59:32.123 T:4060 debug : CVideoPlayerVideo::OutputPicture - ttd:596ms pts:25.614 Clock:25.017 Level:13
2024-11-23 11:59:32.123 T:3833 debug : CAMLCodec::ReleaseFrame idx:859, drop:0
2024-11-23 11:59:32.156 T:3833 debug : CAMLCodec::PollFrame elapsed:32.414ms
2024-11-23 11:59:32.158 T:3833 debug : PrepareNextRender: frameOnScreen: 25.052 renderPts: 25.092 nextFramePts: 25.072 -> diff: 0.020 render: 1 forceNext: 0, m_queued: 14, m_queued empty: true, begin idx: 15, front: 15,m_latencyTweak: 0.000000, GetDisplayLatency: 166.833344, m_videoDelay: 0, GetFrameLatencyAdjustment: 0.000000
2024-11-23 11:59:32.158 T:3833 debug : PrepareNextRender: (25.092) < (25.072 + 0.98 * 0.042): 25.092 < 25.113, lateframes: 0, idx: 15, break
2024-11-23 11:59:32.164 T:3833 debug : CAMLCodec::ReleaseFrame idx:860, drop:0
2024-11-23 11:59:32.164 T:4060 debug : CAMLCodec::DequeueBuffer: pts:25.656 idx:874
2024-11-23 11:59:32.164 T:4060 debug : CAMLCodec::GetPicture: index: 874, pts: 25.656, dur:42.000ms ar:1.78 elf:41ms
2024-11-23 11:59:32.165 T:4060 debug : CVideoPlayerVideo::OutputPicture - ttd:597ms pts:25.656 Clock:25.059 Level:13
2024-11-23 11:59:32.197 T:3833 debug : CAMLCodec::PollFrame elapsed:32.987ms
2024-11-23 11:59:32.199 T:3833 debug : PrepareNextRender: frameOnScreen: 25.093 renderPts: 25.134 nextFramePts: 25.113 -> diff: 0.021 render: 1 forceNext: 0, m_queued: 14, m_queued empty: true, begin idx: 11, front: 11,m_latencyTweak: 0.000000, GetDisplayLatency: 166.833344, m_videoDelay: 0, GetFrameLatencyAdjustment: 0.000000
2024-11-23 11:59:32.199 T:3833 debug : PrepareNextRender: (25.134) < (25.113 + 0.98 * 0.042): 25.134 < 25.154, lateframes: 0, idx: 11, break
2024-11-23 11:59:32.206 T:3833 debug : CAMLCodec::ReleaseFrame idx:861, drop:0
2024-11-23 11:59:32.207 T:4060 debug : CAMLCodec::DequeueBuffer: pts:25.697 idx:875
2024-11-23 11:59:32.207 T:4060 debug : CAMLCodec::GetPicture: index: 875, pts: 25.697, dur:41.000ms ar:1.78 elf:42ms
2024-11-23 11:59:32.207 T:4060 debug : CVideoPlayerVideo::OutputPicture - ttd:595ms pts:25.697 Clock:25.101 Level:13
2024-11-23 11:59:32.239 T:3833 debug : CAMLCodec::PollFrame elapsed:33.103ms
2024-11-23 11:59:32.241 T:3833 debug : PrepareNextRender: frameOnScreen: 25.135 renderPts: 25.176 nextFramePts: 25.155 -> diff: 0.021 render: 1 forceNext: 0, m_queued: 14, m_queued empty: true, begin idx: 0, front: 0,m_latencyTweak: 0.000000, GetDisplayLatency: 166.833344, m_videoDelay: 0, GetFrameLatencyAdjustment: 0.000000
2024-11-23 11:59:32.241 T:3833 debug : PrepareNextRender: (25.176) < (25.155 + 0.98 * 0.042): 25.176 < 25.196, lateframes: 0, idx: 0, break
2024-11-23 11:59:32.247 T:3833 debug : CAMLCodec::ReleaseFrame idx:862, drop:0
2024-11-23 11:59:32.248 T:4060 debug : CAMLCodec::DequeueBuffer: pts:25.739 idx:876
2024-11-23 11:59:32.249 T:4060 debug : CAMLCodec::GetPicture: index: 876, pts: 25.739, dur:42.000ms ar:1.78 elf:41ms
2024-11-23 11:59:32.249 T:4060 debug : CVideoPlayerVideo::OutputPicture - ttd:596ms pts:25.739 Clock:25.143 Level:13
2024-11-23 11:59:32.281 T:3833 debug : CAMLCodec::PollFrame elapsed:33.140ms
2024-11-23 11:59:32.283 T:3833 debug : PrepareNextRender: frameOnScreen: 25.177 renderPts: 25.218 nextFramePts: 25.197 -> diff: 0.021 render: 1 forceNext: 0, m_queued: 14, m_queued empty: true, begin idx: 2, front: 2,m_latencyTweak: 0.000000, GetDisplayLatency: 166.833344, m_videoDelay: 0, GetFrameLatencyAdjustment: 0.000000
2024-11-23 11:59:32.283 T:3833 debug : PrepareNextRender: (25.218) < (25.197 + 0.98 * 0.042): 25.218 < 25.238, lateframes: 0, idx: 2, break
2024-11-23 11:59:32.290 T:4060 debug : CAMLCodec::DequeueBuffer: pts:25.781 idx:877
2024-11-23 11:59:32.290 T:4060 debug : CAMLCodec::GetPicture: index: 877, pts: 25.781, dur:42.000ms ar:1.78 elf:41ms
2024-11-23 11:59:32.290 T:4060 debug : CVideoPlayerVideo::OutputPicture - ttd:596ms pts:25.781 Clock:25.184 Level:13
2024-11-23 11:59:32.291 T:3833 debug : CAMLCodec::ReleaseFrame idx:863, drop:0
2024-11-23 11:59:32.322 T:3833 debug : CAMLCodec::PollFrame elapsed:31.649ms
2024-11-23 11:59:32.325 T:3833 debug : PrepareNextRender: frameOnScreen: 25.219 renderPts: 25.260 nextFramePts: 25.239 -> diff: 0.021 render: 1 forceNext: 0, m_queued: 14, m_queued empty: true, begin idx: 1, front: 1,m_latencyTweak: 0.000000, GetDisplayLatency: 166.833344, m_videoDelay: 0, GetFrameLatencyAdjustment: 0.000000
2024-11-23 11:59:32.325 T:3833 debug : PrepareNextRender: (25.260) < (25.239 + 0.98 * 0.042): 25.260 < 25.280, lateframes: 0, idx: 1, break
2024-11-23 11:59:32.331 T:4060 debug : CAMLCodec::DequeueBuffer: pts:25.822 idx:878
2024-11-23 11:59:32.331 T:4060 debug : CAMLCodec::GetPicture: index: 878, pts: 25.822, dur:41.000ms ar:1.78 elf:40ms
2024-11-23 11:59:32.331 T:4060 debug : CVideoPlayerVideo::OutputPicture - ttd:596ms pts:25.822 Clock:25.225 Level:13
2024-11-23 11:59:32.331 T:3833 debug : CAMLCodec::ReleaseFrame idx:864, drop:0
2024-11-23 11:59:32.364 T:3833 debug : CAMLCodec::PollFrame elapsed:32.489ms
2024-11-23 11:59:32.366 T:3833 debug : PrepareNextRender: frameOnScreen: 25.261 renderPts: 25.301 nextFramePts: 25.280 -> diff: 0.021 render: 1 forceNext: 0, m_queued: 14, m_queued empty: true, begin idx: 3, front: 3,m_latencyTweak: 0.000000, GetDisplayLatency: 166.833344, m_videoDelay: 0, GetFrameLatencyAdjustment: 0.000000
2024-11-23 11:59:32.367 T:3833 debug : PrepareNextRender: (25.301) < (25.280 + 0.98 * 0.042): 25.301 < 25.321, lateframes: 0, idx: 3, break
2024-11-23 11:59:32.372 T:4060 debug : CAMLCodec::DequeueBuffer: pts:25.864 idx:879
2024-11-23 11:59:32.373 T:4060 debug : CAMLCodec::GetPicture: index: 879, pts: 25.864, dur:42.000ms ar:1.78 elf:41ms
2024-11-23 11:59:32.373 T:4060 debug : CVideoPlayerVideo::OutputPicture - ttd:597ms pts:25.864 Clock:25.267 Level:13
2024-11-23 11:59:32.372 T:3833 debug : CAMLCodec::ReleaseFrame idx:865, drop:0
2024-11-23 11:59:32.406 T:3833 debug : CAMLCodec::PollFrame elapsed:33.046ms
2024-11-23 11:59:32.408 T:3833 debug : PrepareNextRender: frameOnScreen: 25.303 renderPts: 25.343 nextFramePts: 25.322 -> diff: 0.021 render: 1 forceNext: 0, m_queued: 14, m_queued empty: true, begin idx: 6, front: 6,m_latencyTweak: 0.000000, GetDisplayLatency: 166.833344, m_videoDelay: 0, GetFrameLatencyAdjustment: 0.000000
2024-11-23 11:59:32.409 T:3833 debug : PrepareNextRender: (25.343) < (25.322 + 0.98 * 0.042): 25.343 < 25.363, lateframes: 0, idx: 6, break
2024-11-23 11:59:32.415 T:3833 debug : CAMLCodec::ReleaseFrame idx:866, drop:0
2024-11-23 11:59:32.415 T:4060 debug : CAMLCodec::DequeueBuffer: pts:25.906 idx:880
2024-11-23 11:59:32.415 T:4060 debug : CAMLCodec::GetPicture: index: 880, pts: 25.906, dur:42.000ms ar:1.78 elf:42ms
2024-11-23 11:59:32.415 T:4060 debug : CVideoPlayerVideo::OutputPicture - ttd:596ms pts:25.906 Clock:25.310 Level:13
2024-11-23 11:59:32.448 T:3833 debug : CAMLCodec::PollFrame elapsed:32.297ms
2024-11-23 11:59:32.450 T:3833 debug : PrepareNextRender: frameOnScreen: 25.344 renderPts: 25.385 nextFramePts: 25.364 -> diff: 0.021 render: 1 forceNext: 0, m_queued: 14, m_queued empty: true, begin idx: 4, front: 4,m_latencyTweak: 0.000000, GetDisplayLatency: 166.833344, m_videoDelay: 0, GetFrameLatencyAdjustment: 0.000000
2024-11-23 11:59:32.450 T:3833 debug : PrepareNextRender: (25.385) < (25.364 + 0.98 * 0.042): 25.385 < 25.405, lateframes: 0, idx: 4, break
2024-11-23 11:59:32.455 T:3833 debug : CAMLCodec::ReleaseFrame idx:867, drop:0
2024-11-23 11:59:32.456 T:4060 debug : CAMLCodec::DequeueBuffer: pts:25.948 idx:881
2024-11-23 11:59:32.457 T:4060 debug : CAMLCodec::GetPicture: index: 881, pts: 25.948, dur:42.000ms ar:1.78 elf:41ms
2024-11-23 11:59:32.457 T:4060 debug : CVideoPlayerVideo::OutputPicture - ttd:597ms pts:25.948 Clock:25.351 Level:13
2024-11-23 11:59:32.458 T:4060 debug : CAMLCodec::AddData: dl:607744 fl:5487104 sz:8037(8128) lv:10.0% dts:26.323 pts:26.323
2024-11-23 11:59:32.458 T:4060 debug : CAMLCodec::AddData: dl:612992 fl:5481856 sz:5157(5248) lv:10.1% dts:26.365 pts:26.365
2024-11-23 11:59:32.489 T:3833 debug : CAMLCodec::PollFrame elapsed:34.306ms
2024-11-23 11:59:32.492 T:3833 debug : PrepareNextRender: frameOnScreen: 25.386 renderPts: 25.427 nextFramePts: 25.405 -> diff: 0.022 render: 1 forceNext: 0, m_queued: 14, m_queued empty: true, begin idx: 5, front: 5,m_latencyTweak: 0.000000, GetDisplayLatency: 166.833344, m_videoDelay: 0, GetFrameLatencyAdjustment: 0.000000
2024-11-23 11:59:32.492 T:3833 debug : PrepareNextRender: (25.427) < (25.405 + 0.98 * 0.042): 25.427 < 25.446, lateframes: 0, idx: 5, break
2024-11-23 11:59:32.498 T:4060 debug : CAMLCodec::DequeueBuffer: pts:25.989 idx:882
2024-11-23 11:59:32.498 T:4060 debug : CAMLCodec::GetPicture: index: 882, pts: 25.989, dur:41.000ms ar:1.78 elf:41ms
2024-11-23 11:59:32.498 T:3833 debug : CAMLCodec::ReleaseFrame idx:868, drop:0
2024-11-23 11:59:32.499 T:4060 debug : CVideoPlayerVideo::OutputPicture - ttd:596ms pts:25.989 Clock:25.393 Level:13
2024-11-23 11:59:32.500 T:4060 debug : CAMLCodec::AddData: dl:593472 fl:5501376 sz:4417(4544) lv:9.7% dts:26.406 pts:26.406
2024-11-23 11:59:32.502 T:4060 debug : CAMLCodec::AddData: dl:674944 fl:5419904 sz:81374(81472) lv:11.1% dts:26.448 pts:26.448
2024-11-23 11:59:32.505 T:4058 debug : CVideoPlayer::ProcessVideoData size:132998 dts:72.119 pts:72.119 dur:41.000ms, clock:25.399 level:100
2024-11-23 11:59:32.531 T:3833 debug : CAMLCodec::PollFrame elapsed:32.372ms
2024-11-23 11:59:32.533 T:3833 debug : PrepareNextRender: frameOnScreen: 25.427 renderPts: 25.468 nextFramePts: 25.447 -> diff: 0.021 render: 1 forceNext: 0, m_queued: 14, m_queued empty: true, begin idx: 7, front: 7,m_latencyTweak: 0.000000, GetDisplayLatency: 166.833344, m_videoDelay: 0, GetFrameLatencyAdjustment: 0.000000
2024-11-23 11:59:32.533 T:3833 debug : PrepareNextRender: (25.468) < (25.447 + 0.98 * 0.042): 25.468 < 25.488, lateframes: 0, idx: 7, break
2024-11-23 11:59:32.539 T:3833 debug : CAMLCodec::ReleaseFrame idx:869, drop:0
2024-11-23 11:59:32.541 T:4060 debug : CAMLCodec::DequeueBuffer: pts:26.031 idx:883
2024-11-23 11:59:32.541 T:4060 debug : CAMLCodec::GetPicture: index: 883, pts: 26.031, dur:42.000ms ar:1.78 elf:42ms
2024-11-23 11:59:32.541 T:4060 debug : CVideoPlayerVideo::OutputPicture - ttd:595ms pts:26.031 Clock:25.435 Level:13
2024-11-23 11:59:32.542 T:4060 debug : CAMLCodec::AddData: dl:588544 fl:5506304 sz:21498(21568) lv:9.7% dts:26.490 pts:26.490
2024-11-23 11:59:32.542 T:4060 debug : CAMLCodec::AddData: dl:593024 fl:5501824 sz:4369(4480) lv:9.7% dts:26.531 pts:26.531
2024-11-23 11:59:32.544 T:4060 debug : CAMLCodec::AddData: dl:664896 fl:5429952 sz:71775(71872) lv:10.9% dts:26.573 pts:26.573
2024-11-23 11:59:32.547 T:4058 debug : CVideoPlayer::ProcessVideoData size:5788 dts:72.160 pts:72.160 dur:41.000ms, clock:25.442 level:100
2024-11-23 11:59:32.549 T:4058 debug : CVideoPlayer::ProcessVideoData size:8198 dts:72.202 pts:72.202 dur:41.000ms, clock:25.443 level:100
2024-11-23 11:59:32.573 T:3833 debug : CAMLCodec::PollFrame elapsed:33.558ms
2024-11-23 11:59:32.575 T:3833 debug : PrepareNextRender: frameOnScreen: 25.469 renderPts: 25.510 nextFramePts: 25.489 -> diff: 0.021 render: 1 forceNext: 0, m_queued: 14, m_queued empty: true, begin idx: 8, front: 8,m_latencyTweak: 0.000000, GetDisplayLatency: 166.833344, m_videoDelay: 0, GetFrameLatencyAdjustment: 0.000000
2024-11-23 11:59:32.575 T:3833 debug : PrepareNextRender: (25.510) < (25.489 + 0.98 * 0.042): 25.510 < 25.530, lateframes: 0, idx: 8, break
2024-11-23 11:59:32.582 T:3833 debug : CAMLCodec::ReleaseFrame idx:870, drop:0
2024-11-23 11:59:32.583 T:4060 debug : CAMLCodec::DequeueBuffer: pts:26.073 idx:884
2024-11-23 11:59:32.583 T:4060 debug : CAMLCodec::GetPicture: index: 884, pts: 26.073, dur:42.000ms ar:1.78 elf:41ms
2024-11-23 11:59:32.583 T:4060 debug : CVideoPlayerVideo::OutputPicture - ttd:595ms pts:26.073 Clock:25.477 Level:13
2024-11-23 11:59:32.584 T:4060 debug : CAMLCodec::AddData: dl:574848 fl:5520000 sz:43075(43200) lv:9.4% dts:26.615 pts:26.615
2024-11-23 11:59:32.584 T:4060 debug : CAMLCodec::AddData: dl:584512 fl:5510336 sz:9592(9664) lv:9.6% dts:26.657 pts:26.657
2024-11-23 11:59:32.584 T:4060 debug : CAMLCodec::AddData: dl:593344 fl:5501504 sz:8763(8832) lv:9.7% dts:26.698 pts:26.698
2024-11-23 11:59:32.584 T:4060 debug : CAMLCodec::AddData: dl:605120 fl:5489728 sz:11655(11776) lv:9.9% dts:26.740 pts:26.740
2024-11-23 11:59:32.584 T:4060 debug : CAMLCodec::AddData: dl:613568 fl:5481280 sz:8382(8448) lv:10.1% dts:26.782 pts:26.782
2024-11-23 11:59:32.591 T:4058 debug : CVideoPlayer::ProcessVideoData size:29644 dts:72.244 pts:72.244 dur:41.000ms, clock:25.485 level:100
2024-11-23 11:59:32.592 T:4058 debug : CVideoPlayer::ProcessVideoData size:8443 dts:72.286 pts:72.286 dur:41.000ms, clock:25.486 level:100
2024-11-23 11:59:32.594 T:4058 debug : CVideoPlayer::ProcessVideoData size:4459 dts:72.327 pts:72.327 dur:41.000ms, clock:25.488 level:100
2024-11-23 11:59:32.595 T:4058 debug : CVideoPlayer::ProcessVideoData size:20367 dts:72.369 pts:72.369 dur:41.000ms, clock:25.489 level:100
2024-11-23 11:59:32.597 T:4058 debug : CVideoPlayer::ProcessVideoData size:4631 dts:72.411 pts:72.411 dur:41.000ms, clock:25.491 level:100
2024-11-23 11:59:32.598 T:4058 debug : CVideoPlayer::ProcessVideoData size:4340 dts:72.452 pts:72.452 dur:41.000ms, clock:25.492 level:100
2024-11-23 11:59:32.599 T:4058 debug : CVideoPlayer::ProcessVideoData size:70328 dts:72.494 pts:72.494 dur:41.000ms, clock:25.493 level:100
2024-11-23 11:59:32.614 T:3833 debug : CAMLCodec::PollFrame elapsed:32.545ms
2024-11-23 11:59:32.617 T:3833 debug : PrepareNextRender: frameOnScreen: 25.511 renderPts: 25.551 nextFramePts: 25.530 -> diff: 0.021 render: 1 forceNext: 0, m_queued: 14, m_queued empty: true, begin idx: 9, front: 9,m_latencyTweak: 0.000000, GetDisplayLatency: 166.833344, m_videoDelay: 0, GetFrameLatencyAdjustment: 0.000000
2024-11-23 11:59:32.617 T:3833 debug : PrepareNextRender: (25.551) < (25.530 + 0.98 * 0.042): 25.551 < 25.571, lateframes: 0, idx: 9, break
2024-11-23 11:59:32.622 T:4060 debug : CAMLCodec::DequeueBuffer: pts:26.114 idx:885
2024-11-23 11:59:32.622 T:4060 debug : CAMLCodec::GetPicture: index: 885, pts: 26.114, dur:41.000ms ar:1.78 elf:39ms
2024-11-23 11:59:32.623 T:4060 debug : CVideoPlayerVideo::OutputPicture - ttd:597ms pts:26.114 Clock:25.517 Level:13
2024-11-23 11:59:32.623 T:3833 debug : CAMLCodec::ReleaseFrame idx:871, drop:0
2024-11-23 11:59:32.624 T:4060 debug : CAMLCodec::AddData: dl:652160 fl:5442688 sz:44348(44416) lv:10.7% dts:26.823 pts:26.823
2024-11-23 11:59:32.656 T:3833 debug : CAMLCodec::PollFrame elapsed:33.232ms
2024-11-23 11:59:32.658 T:3833 debug : PrepareNextRender: frameOnScreen: 25.552 renderPts: 25.593 nextFramePts: 25.572 -> diff: 0.021 render: 1 forceNext: 0, m_queued: 14, m_queued empty: true, begin idx: 10, front: 10,m_latencyTweak: 0.000000, GetDisplayLatency: 166.833344, m_videoDelay: 0, GetFrameLatencyAdjustment: 0.000000
2024-11-23 11:59:32.658 T:3833 debug : PrepareNextRender: (25.593) < (25.572 + 0.98 * 0.042): 25.593 < 25.613, lateframes: 0, idx: 10, break
2024-11-23 11:59:32.664 T:3833 debug : CAMLCodec::ReleaseFrame idx:872, drop:0
2024-11-23 11:59:32.665 T:4060 debug : CAMLCodec::DequeueBuffer: pts:26.156 idx:886
2024-11-23 11:59:32.665 T:4060 debug : CAMLCodec::GetPicture: index: 886, pts: 26.156, dur:42.000ms ar:1.78 elf:42ms
2024-11-23 11:59:32.665 T:4060 debug : CVideoPlayerVideo::OutputPicture - ttd:596ms pts:26.156 Clock:25.559 Level:13
2024-11-23 11:59:32.698 T:3833 debug : CAMLCodec::PollFrame elapsed:33.150ms
2024-11-23 11:59:32.700 T:3833 debug : PrepareNextRender: frameOnScreen: 25.595 renderPts: 25.635 nextFramePts: 25.614 -> diff: 0.021 render: 1 forceNext: 0, m_queued: 14, m_queued empty: true, begin idx: 12, front: 12,m_latencyTweak: 0.000000, GetDisplayLatency: 166.833344, m_videoDelay: 0, GetFrameLatencyAdjustment: 0.000000
2024-11-23 11:59:32.700 T:3833 debug : PrepareNextRender: (25.635) < (25.614 + 0.98 * 0.042): 25.635 < 25.655, lateframes: 0, idx: 12, break
2024-11-23 11:59:32.704 T:3833 debug : CAMLCodec::ReleaseFrame idx:873, drop:0
2024-11-23 11:59:32.706 T:4060 debug : CAMLCodec::DequeueBuffer: pts:26.198 idx:887
2024-11-23 11:59:32.706 T:4060 debug : CAMLCodec::GetPicture: index: 887, pts: 26.198, dur:42.000ms ar:1.78 elf:41ms
2024-11-23 11:59:32.706 T:4060 debug : CVideoPlayerVideo::OutputPicture - ttd:597ms pts:26.198 Clock:25.601 Level:13
2024-11-23 11:59:32.739 T:3833 debug : CAMLCodec::PollFrame elapsed:34.776ms
2024-11-23 11:59:32.742 T:3833 debug : PrepareNextRender: frameOnScreen: 25.636 renderPts: 25.676 nextFramePts: 25.656 -> diff: 0.020 render: 1 forceNext: 0, m_queued: 14, m_queued empty: true, begin idx: 13, front: 13,m_latencyTweak: 0.000000, GetDisplayLatency: 166.833344, m_videoDelay: 0, GetFrameLatencyAdjustment: 0.000000
2024-11-23 11:59:32.742 T:3833 debug : PrepareNextRender: (25.676) < (25.656 + 0.98 * 0.042): 25.676 < 25.697, lateframes: 0, idx: 13, break
2024-11-23 11:59:32.746 T:3833 debug : CAMLCodec::ReleaseFrame idx:874, drop:0
2024-11-23 11:59:32.747 T:4060 debug : CAMLCodec::DequeueBuffer: pts:26.240 idx:888
2024-11-23 11:59:32.748 T:4060 debug : CAMLCodec::GetPicture: index: 888, pts: 26.240, dur:42.000ms ar:1.78 elf:41ms
2024-11-23 11:59:32.748 T:4060 debug : CVideoPlayerVideo::OutputPicture - ttd:598ms pts:26.240 Clock:25.642 Level:13
2024-11-23 11:59:32.749 T:4060 debug : CAMLCodec::AddData: dl:612608 fl:5482240 sz:6222(6336) lv:10.1% dts:26.865 pts:26.865
2024-11-23 11:59:32.781 T:3833 debug : CAMLCodec::PollFrame elapsed:34.851ms
2024-11-23 11:59:32.783 T:3833 debug : PrepareNextRender: frameOnScreen: 25.678 renderPts: 25.718 nextFramePts: 25.697 -> diff: 0.021 render: 1 forceNext: 0, m_queued: 14, m_queued empty: true, begin idx: 14, front: 14,m_latencyTweak: 0.000000, GetDisplayLatency: 166.833344, m_videoDelay: 0, GetFrameLatencyAdjustment: 0.000000
2024-11-23 11:59:32.783 T:3833 debug : PrepareNextRender: (25.718) < (25.697 + 0.98 * 0.042): 25.718 < 25.738, lateframes: 0, idx: 14, break
2024-11-23 11:59:32.789 T:3833 debug : CAMLCodec::ReleaseFrame idx:875, drop:0
2024-11-23 11:59:32.793 T:4060 debug : CAMLCodec::DequeueBuffer: pts:26.281 idx:889
2024-11-23 11:59:32.793 T:4060 debug : CAMLCodec::GetPicture: index: 889, pts: 26.281, dur:41.000ms ar:1.78 elf:45ms
2024-11-23 11:59:32.793 T:4060 debug : CVideoPlayerVideo::OutputPicture - ttd:593ms pts:26.281 Clock:25.688 Level:13
2024-11-23 11:59:32.795 T:4060 debug : CAMLCodec::AddData: dl:334080 fl:5760768 sz:3789(4096) lv:5.5% dts:26.907 pts:26.907
2024-11-23 11:59:32.797 T:4060 debug : CAMLCodec::AddData: dl:402176 fl:5692672 sz:68020(68096) lv:6.6% dts:26.949 pts:26.949
2024-11-23 11:59:32.797 T:4060 debug : CAMLCodec::AddData: dl:426432 fl:5668416 sz:24151(24256) lv:7.0% dts:26.990 pts:26.990
2024-11-23 11:59:32.799 T:4060 debug : CAMLCodec::AddData: dl:534976 fl:5559872 sz:108423(108544) lv:8.8% dts:27.032 pts:27.032
2024-11-23 11:59:32.802 T:4058 debug : CVideoPlayer::ProcessVideoData size:21290 dts:72.536 pts:72.536 dur:41.000ms, clock:25.697 level:100
2024-11-23 11:59:32.803 T:4060 debug : CAMLCodec::AddData: dl:668096 fl:5426752 sz:132998(133120) lv:11.0% dts:27.074 pts:27.074
2024-11-23 11:59:32.805 T:4058 debug : CVideoPlayer::ProcessVideoData size:294885 dts:72.577 pts:72.577 dur:41.000ms, clock:25.699 level:100
2024-11-23 11:59:32.807 T:4058 debug : CVideoPlayer::ProcessVideoData size:58629 dts:72.619 pts:72.619 dur:41.000ms, clock:25.702 level:100
2024-11-23 11:59:32.823 T:3833 debug : CAMLCodec::PollFrame elapsed:33.858ms
2024-11-23 11:59:32.826 T:3833 debug : PrepareNextRender: frameOnScreen: 25.720 renderPts: 25.760 nextFramePts: 25.739 -> diff: 0.021 render: 1 forceNext: 0, m_queued: 14, m_queued empty: true, begin idx: 15, front: 15,m_latencyTweak: 0.000000, GetDisplayLatency: 166.833344, m_videoDelay: 0, GetFrameLatencyAdjustment: 0.000000
2024-11-23 11:59:32.826 T:3833 debug : PrepareNextRender: (25.760) < (25.739 + 0.98 * 0.042): 25.760 < 25.780, lateframes: 0, idx: 15, break
2024-11-23 11:59:32.831 T:4060 debug : CAMLCodec::DequeueBuffer: pts:26.323 idx:890
2024-11-23 11:59:32.831 T:4060 debug : CAMLCodec::GetPicture: index: 890, pts: 26.323, dur:42.000ms ar:1.78 elf:37ms
2024-11-23 11:59:32.831 T:4060 debug : CVideoPlayerVideo::OutputPicture - ttd:597ms pts:26.323 Clock:25.725 Level:13
2024-11-23 11:59:32.832 T:3833 debug : CAMLCodec::ReleaseFrame idx:876, drop:0
2024-11-23 11:59:32.865 T:3833 debug : CAMLCodec::PollFrame elapsed:32.575ms
2024-11-23 11:59:32.867 T:3833 debug : PrepareNextRender: frameOnScreen: 25.761 renderPts: 25.802 nextFramePts: 25.781 -> diff: 0.021 render: 1 forceNext: 0, m_queued: 14, m_queued empty: true, begin idx: 11, front: 11,m_latencyTweak: 0.000000, GetDisplayLatency: 166.833344, m_videoDelay: 0, GetFrameLatencyAdjustment: 0.000000
2024-11-23 11:59:32.867 T:3833 debug : PrepareNextRender: (25.802) < (25.781 + 0.98 * 0.042): 25.802 < 25.822, lateframes: 0, idx: 11, break
2024-11-23 11:59:32.873 T:3833 debug : CAMLCodec::ReleaseFrame idx:877, drop:0
2024-11-23 11:59:32.873 T:4060 debug : CAMLCodec::DequeueBuffer: pts:26.365 idx:891
2024-11-23 11:59:32.873 T:4060 debug : CAMLCodec::GetPicture: index: 891, pts: 26.365, dur:42.000ms ar:1.78 elf:42ms
2024-11-23 11:59:32.873 T:4060 debug : CVideoPlayerVideo::OutputPicture - ttd:597ms pts:26.365 Clock:25.767 Level:13
2024-11-23 11:59:32.906 T:3833 debug : CAMLCodec::PollFrame elapsed:33.267ms
2024-11-23 11:59:32.909 T:3833 debug : PrepareNextRender: frameOnScreen: 25.803 renderPts: 25.843 nextFramePts: 25.822 -> diff: 0.021 render: 1 forceNext: 0, m_queued: 14, m_queued empty: true, begin idx: 0, front: 0,m_latencyTweak: 0.000000, GetDisplayLatency: 166.833344, m_videoDelay: 0, GetFrameLatencyAdjustment: 0.000000
2024-11-23 11:59:32.909 T:3833 debug : PrepareNextRender: (25.843) < (25.822 + 0.98 * 0.042): 25.843 < 25.863, lateframes: 0, idx: 0, break
2024-11-23 11:59:32.915 T:3833 debug : CAMLCodec::ReleaseFrame idx:878, drop:0
2024-11-23 11:59:32.915 T:4060 debug : CAMLCodec::DequeueBuffer: pts:26.406 idx:892
2024-11-23 11:59:32.915 T:4060 debug : CAMLCodec::GetPicture: index: 892, pts: 26.406, dur:41.000ms ar:1.78 elf:42ms
2024-11-23 11:59:32.915 T:4060 debug : CVideoPlayerVideo::OutputPicture - ttd:596ms pts:26.406 Clock:25.810 Level:13
2024-11-23 11:59:32.948 T:3833 debug : CAMLCodec::PollFrame elapsed:33.153ms
2024-11-23 11:59:32.950 T:3833 debug : PrepareNextRender: frameOnScreen: 25.845 renderPts: 25.885 nextFramePts: 25.864 -> diff: 0.021 render: 1 forceNext: 0, m_queued: 14, m_queued empty: true, begin idx: 2, front: 2,m_latencyTweak: 0.000000, GetDisplayLatency: 166.833344, m_videoDelay: 0, GetFrameLatencyAdjustment: 0.000000
2024-11-23 11:59:32.951 T:3833 debug : PrepareNextRender: (25.885) < (25.864 + 0.98 * 0.042): 25.885 < 25.905, lateframes: 0, idx: 2, break
2024-11-23 11:59:32.955 T:3833 debug : CAMLCodec::ReleaseFrame idx:879, drop:0
2024-11-23 11:59:32.956 T:4060 debug : CAMLCodec::DequeueBuffer: pts:26.448 idx:893
2024-11-23 11:59:32.957 T:4060 debug : CAMLCodec::GetPicture: index: 893, pts: 26.448, dur:42.000ms ar:1.78 elf:41ms
2024-11-23 11:59:32.957 T:4060 debug : CVideoPlayerVideo::OutputPicture - ttd:597ms pts:26.448 Clock:25.851 Level:13
2024-11-23 11:59:32.958 T:4060 debug : CAMLCodec::AddData: dl:574592 fl:5520256 sz:5788(5888) lv:9.4% dts:27.115 pts:27.115
2024-11-23 11:59:32.958 T:4060 debug : CAMLCodec::AddData: dl:582912 fl:5511936 sz:8198(8320) lv:9.6% dts:27.157 pts:27.157
2024-11-23 11:59:32.958 T:4060 debug : CAMLCodec::AddData: dl:612672 fl:5482176 sz:29644(29760) lv:10.1% dts:27.199 pts:27.199
2024-11-23 11:59:32.990 T:3833 debug : CAMLCodec::PollFrame elapsed:34.946ms
