2024-11-23 11:59:29.489 T:3833 debug : PrepareNextRender: (22.422) < (22.402 + 0.98 * 0.042): 22.422 < 22.443, lateframes: 0, idx: 15, break
2024-11-23 11:59:29.496 T:3833 debug : CAMLCodec::ReleaseFrame idx:796, drop:0
2024-11-23 11:59:29.496 T:4060 debug : CAMLCodec::DequeueBuffer: pts:22.986 idx:810
2024-11-23 11:59:29.496 T:4060 debug : CAMLCodec::GetPicture: index: 810, pts: 22.986, dur:41.000ms ar:1.78 elf:42ms
2024-11-23 11:59:29.496 T:4060 debug : CVideoPlayerVideo::OutputPicture - ttd:595ms pts:22.986 Clock:22.390 Level:13
2024-11-23 11:59:29.528 T:3833 debug : CAMLCodec::PollFrame elapsed:32.154ms
2024-11-23 11:59:29.531 T:3833 debug : PrepareNextRender: frameOnScreen: 22.425 renderPts: 22.464 nextFramePts: 22.444 -> diff: 0.020 render: 1 forceNext: 0, m_queued: 14, m_queued empty: true, begin idx: 11, front: 11,m_latencyTweak: 0.000000, GetDisplayLatency: 166.833344, m_videoDelay: 0, GetFrameLatencyAdjustment: 0.000000
2024-11-23 11:59:29.531 T:3833 debug : PrepareNextRender: (22.464) < (22.444 + 0.98 * 0.042): 22.464 < 22.485, lateframes: 0, idx: 11, break
2024-11-23 11:59:29.537 T:3833 debug : CAMLCodec::ReleaseFrame idx:797, drop:0
2024-11-23 11:59:29.537 T:4060 debug : CAMLCodec::DequeueBuffer: pts:23.028 idx:811
2024-11-23 11:59:29.537 T:4060 debug : CAMLCodec::GetPicture: index: 811, pts: 23.028, dur:42.000ms ar:1.78 elf:41ms
2024-11-23 11:59:29.537 T:4060 debug : CVideoPlayerVideo::OutputPicture - ttd:596ms pts:23.028 Clock:22.432 Level:13
2024-11-23 11:59:29.570 T:3833 debug : CAMLCodec::PollFrame elapsed:32.347ms
2024-11-23 11:59:29.572 T:3833 debug : PrepareNextRender: frameOnScreen: 22.466 renderPts: 22.505 nextFramePts: 22.486 -> diff: 0.019 render: 1 forceNext: 0, m_queued: 14, m_queued empty: true, begin idx: 0, front: 0,m_latencyTweak: 0.000000, GetDisplayLatency: 166.833344, m_videoDelay: 0, GetFrameLatencyAdjustment: 0.000000
2024-11-23 11:59:29.572 T:3833 debug : PrepareNextRender: (22.505) < (22.486 + 0.98 * 0.042): 22.505 < 22.527, lateframes: 0, idx: 0, break
2024-11-23 11:59:29.579 T:3833 debug : CAMLCodec::ReleaseFrame idx:798, drop:0
2024-11-23 11:59:29.580 T:4060 debug : CAMLCodec::DequeueBuffer: pts:23.070 idx:812
2024-11-23 11:59:29.580 T:4060 debug : CAMLCodec::GetPicture: index: 812, pts: 23.070, dur:42.000ms ar:1.78 elf:42ms
2024-11-23 11:59:29.580 T:4060 debug : CVideoPlayerVideo::OutputPicture - ttd:595ms pts:23.070 Clock:22.474 Level:13
2024-11-23 11:59:29.581 T:4060 debug : CAMLCodec::AddData: dl:593216 fl:5501632 sz:13179(13248) lv:9.7% dts:23.820 pts:23.820
2024-11-23 11:59:29.581 T:4060 debug : CAMLCodec::AddData: dl:600128 fl:5494720 sz:6824(6912) lv:9.8% dts:23.862 pts:23.862
2024-11-23 11:59:29.582 T:4060 debug : CAMLCodec::AddData: dl:604224 fl:5490624 sz:3898(4096) lv:9.9% dts:23.904 pts:23.904
2024-11-23 11:59:29.584 T:4060 debug : CAMLCodec::AddData: dl:698560 fl:5396288 sz:94259(94336) lv:11.5% dts:23.946 pts:23.946
2024-11-23 11:59:29.585 T:4058 debug : CVideoPlayer::ProcessVideoData size:21440 dts:69.533 pts:69.533 dur:41.000ms, clock:22.480 level:100
2024-11-23 11:59:29.586 T:4058 debug : CVideoPlayer::ProcessVideoData size:4455 dts:69.574 pts:69.574 dur:41.000ms, clock:22.481 level:100
2024-11-23 11:59:29.588 T:4058 debug : CVideoPlayer::ProcessVideoData size:71628 dts:69.616 pts:69.616 dur:41.000ms, clock:22.482 level:100
2024-11-23 11:59:29.611 T:3833 debug : CAMLCodec::PollFrame elapsed:32.481ms
2024-11-23 11:59:29.614 T:3833 debug : PrepareNextRender: frameOnScreen: 22.508 renderPts: 22.547 nextFramePts: 22.527 -> diff: 0.020 render: 1 forceNext: 0, m_queued: 14, m_queued empty: true, begin idx: 2, front: 2,m_latencyTweak: 0.000000, GetDisplayLatency: 166.833344, m_videoDelay: 0, GetFrameLatencyAdjustment: 0.000000
2024-11-23 11:59:29.614 T:3833 debug : PrepareNextRender: (22.547) < (22.527 + 0.98 * 0.042): 22.547 < 22.568, lateframes: 0, idx: 2, break
2024-11-23 11:59:29.619 T:3833 debug : CAMLCodec::ReleaseFrame idx:799, drop:0
2024-11-23 11:59:29.620 T:4060 debug : CAMLCodec::DequeueBuffer: pts:23.111 idx:813
2024-11-23 11:59:29.620 T:4060 debug : CAMLCodec::GetPicture: index: 813, pts: 23.111, dur:41.000ms ar:1.78 elf:39ms
2024-11-23 11:59:29.620 T:4060 debug : CVideoPlayerVideo::OutputPicture - ttd:596ms pts:23.111 Clock:22.514 Level:13
2024-11-23 11:59:29.653 T:3833 debug : CAMLCodec::PollFrame elapsed:33.953ms
2024-11-23 11:59:29.656 T:3833 debug : PrepareNextRender: frameOnScreen: 22.550 renderPts: 22.589 nextFramePts: 22.569 -> diff: 0.020 render: 1 forceNext: 0, m_queued: 14, m_queued empty: true, begin idx: 1, front: 1,m_latencyTweak: 0.000000, GetDisplayLatency: 166.833344, m_videoDelay: 0, GetFrameLatencyAdjustment: 0.000000
2024-11-23 11:59:29.656 T:3833 debug : PrepareNextRender: (22.589) < (22.569 + 0.98 * 0.042): 22.589 < 22.610, lateframes: 0, idx: 1, break
2024-11-23 11:59:29.661 T:4060 debug : CAMLCodec::DequeueBuffer: pts:23.153 idx:814
2024-11-23 11:59:29.661 T:4060 debug : CAMLCodec::GetPicture: index: 814, pts: 23.153, dur:42.000ms ar:1.78 elf:41ms
2024-11-23 11:59:29.661 T:4060 debug : CVideoPlayerVideo::OutputPicture - ttd:597ms pts:23.153 Clock:22.556 Level:13
2024-11-23 11:59:29.663 T:3833 debug : CAMLCodec::ReleaseFrame idx:800, drop:0
2024-11-23 11:59:29.695 T:3833 debug : CAMLCodec::PollFrame elapsed:32.017ms
2024-11-23 11:59:29.697 T:3833 debug : PrepareNextRender: frameOnScreen: 22.592 renderPts: 22.631 nextFramePts: 22.611 -> diff: 0.020 render: 1 forceNext: 0, m_queued: 14, m_queued empty: true, begin idx: 3, front: 3,m_latencyTweak: 0.000000, GetDisplayLatency: 166.833344, m_videoDelay: 0, GetFrameLatencyAdjustment: 0.000000
2024-11-23 11:59:29.698 T:3833 debug : PrepareNextRender: (22.631) < (22.611 + 0.98 * 0.042): 22.631 < 22.652, lateframes: 0, idx: 3, break
2024-11-23 11:59:29.704 T:3833 debug : CAMLCodec::ReleaseFrame idx:801, drop:0
2024-11-23 11:59:29.704 T:4060 debug : CAMLCodec::DequeueBuffer: pts:23.195 idx:815
2024-11-23 11:59:29.704 T:4060 debug : CAMLCodec::GetPicture: index: 815, pts: 23.195, dur:42.000ms ar:1.78 elf:42ms
2024-11-23 11:59:29.704 T:4060 debug : CVideoPlayerVideo::OutputPicture - ttd:596ms pts:23.195 Clock:22.598 Level:13
2024-11-23 11:59:29.737 T:3833 debug : CAMLCodec::PollFrame elapsed:32.494ms
2024-11-23 11:59:29.739 T:3833 debug : PrepareNextRender: frameOnScreen: 22.634 renderPts: 22.673 nextFramePts: 22.653 -> diff: 0.020 render: 1 forceNext: 0, m_queued: 14, m_queued empty: true, begin idx: 6, front: 6,m_latencyTweak: 0.000000, GetDisplayLatency: 166.833344, m_videoDelay: 0, GetFrameLatencyAdjustment: 0.000000
2024-11-23 11:59:29.739 T:3833 debug : PrepareNextRender: (22.673) < (22.653 + 0.98 * 0.042): 22.673 < 22.694, lateframes: 0, idx: 6, break
2024-11-23 11:59:29.744 T:4060 debug : CAMLCodec::DequeueBuffer: pts:23.237 idx:816
2024-11-23 11:59:29.744 T:4060 debug : CAMLCodec::GetPicture: index: 816, pts: 23.237, dur:42.000ms ar:1.78 elf:40ms
2024-11-23 11:59:29.744 T:4060 debug : CVideoPlayerVideo::OutputPicture - ttd:598ms pts:23.237 Clock:22.639 Level:13
2024-11-23 11:59:29.745 T:3833 debug : CAMLCodec::ReleaseFrame idx:802, drop:0
2024-11-23 11:59:29.778 T:3833 debug : CAMLCodec::PollFrame elapsed:32.626ms
2024-11-23 11:59:29.781 T:3833 debug : PrepareNextRender: frameOnScreen: 22.675 renderPts: 22.714 nextFramePts: 22.694 -> diff: 0.020 render: 1 forceNext: 0, m_queued: 14, m_queued empty: true, begin idx: 4, front: 4,m_latencyTweak: 0.000000, GetDisplayLatency: 166.833344, m_videoDelay: 0, GetFrameLatencyAdjustment: 0.000000
2024-11-23 11:59:29.781 T:3833 debug : PrepareNextRender: (22.714) < (22.694 + 0.98 * 0.042): 22.714 < 22.735, lateframes: 0, idx: 4, break
2024-11-23 11:59:29.787 T:3833 debug : CAMLCodec::ReleaseFrame idx:803, drop:0
2024-11-23 11:59:29.788 T:4060 debug : CAMLCodec::DequeueBuffer: pts:23.278 idx:817
2024-11-23 11:59:29.788 T:4060 debug : CAMLCodec::GetPicture: index: 817, pts: 23.278, dur:41.000ms ar:1.78 elf:43ms
2024-11-23 11:59:29.788 T:4060 debug : CVideoPlayerVideo::OutputPicture - ttd:595ms pts:23.278 Clock:22.682 Level:13
2024-11-23 11:59:29.820 T:3833 debug : CAMLCodec::PollFrame elapsed:32.440ms
2024-11-23 11:59:29.823 T:3833 debug : PrepareNextRender: frameOnScreen: 22.717 renderPts: 22.756 nextFramePts: 22.736 -> diff: 0.020 render: 1 forceNext: 0, m_queued: 14, m_queued empty: true, begin idx: 5, front: 5,m_latencyTweak: 0.000000, GetDisplayLatency: 166.833344, m_videoDelay: 0, GetFrameLatencyAdjustment: 0.000000
2024-11-23 11:59:29.823 T:3833 debug : PrepareNextRender: (22.756) < (22.736 + 0.98 * 0.042): 22.756 < 22.777, lateframes: 0, idx: 5, break
2024-11-23 11:59:29.828 T:4060 debug : CAMLCodec::DequeueBuffer: pts:23.320 idx:818
2024-11-23 11:59:29.828 T:4060 debug : CAMLCodec::GetPicture: index: 818, pts: 23.320, dur:42.000ms ar:1.78 elf:40ms
2024-11-23 11:59:29.828 T:4060 debug : CVideoPlayerVideo::OutputPicture - ttd:597ms pts:23.320 Clock:22.723 Level:13
2024-11-23 11:59:29.829 T:3833 debug : CAMLCodec::ReleaseFrame idx:804, drop:0
2024-11-23 11:59:29.862 T:3833 debug : CAMLCodec::PollFrame elapsed:32.434ms
2024-11-23 11:59:29.864 T:3833 debug : PrepareNextRender: frameOnScreen: 22.759 renderPts: 22.798 nextFramePts: 22.778 -> diff: 0.020 render: 1 forceNext: 0, m_queued: 14, m_queued empty: true, begin idx: 7, front: 7,m_latencyTweak: 0.000000, GetDisplayLatency: 166.833344, m_videoDelay: 0, GetFrameLatencyAdjustment: 0.000000
2024-11-23 11:59:29.865 T:3833 debug : PrepareNextRender: (22.798) < (22.778 + 0.98 * 0.042): 22.798 < 22.819, lateframes: 0, idx: 7, break
2024-11-23 11:59:29.870 T:4060 debug : CAMLCodec::DequeueBuffer: pts:23.362 idx:819
2024-11-23 11:59:29.870 T:4060 debug : CAMLCodec::GetPicture: index: 819, pts: 23.362, dur:42.000ms ar:1.78 elf:41ms
2024-11-23 11:59:29.870 T:4060 debug : CVideoPlayerVideo::OutputPicture - ttd:597ms pts:23.362 Clock:22.764 Level:13
2024-11-23 11:59:29.871 T:3833 debug : CAMLCodec::ReleaseFrame idx:805, drop:0
2024-11-23 11:59:29.903 T:3833 debug : CAMLCodec::PollFrame elapsed:32.465ms
2024-11-23 11:59:29.906 T:3833 debug : PrepareNextRender: frameOnScreen: 22.800 renderPts: 22.839 nextFramePts: 22.819 -> diff: 0.020 render: 1 forceNext: 0, m_queued: 14, m_queued empty: true, begin idx: 8, front: 8,m_latencyTweak: 0.000000, GetDisplayLatency: 166.833344, m_videoDelay: 0, GetFrameLatencyAdjustment: 0.000000
2024-11-23 11:59:29.906 T:3833 debug : PrepareNextRender: (22.839) < (22.819 + 0.98 * 0.042): 22.839 < 22.860, lateframes: 0, idx: 8, break
2024-11-23 11:59:29.912 T:4060 debug : CAMLCodec::DequeueBuffer: pts:23.403 idx:820
2024-11-23 11:59:29.912 T:4060 debug : CAMLCodec::GetPicture: index: 820, pts: 23.403, dur:41.000ms ar:1.78 elf:42ms
2024-11-23 11:59:29.912 T:4060 debug : CVideoPlayerVideo::OutputPicture - ttd:596ms pts:23.403 Clock:22.807 Level:13
2024-11-23 11:59:29.912 T:3833 debug : CAMLCodec::ReleaseFrame idx:806, drop:0
2024-11-23 11:59:29.945 T:3833 debug : CAMLCodec::PollFrame elapsed:32.460ms
2024-11-23 11:59:29.949 T:3833 debug : PrepareNextRender: frameOnScreen: 22.843 renderPts: 22.882 nextFramePts: 22.861 -> diff: 0.021 render: 1 forceNext: 0, m_queued: 14, m_queued empty: true, begin idx: 9, front: 9,m_latencyTweak: 0.000000, GetDisplayLatency: 166.833344, m_videoDelay: 0, GetFrameLatencyAdjustment: 0.000000
2024-11-23 11:59:29.949 T:3833 debug : PrepareNextRender: (22.882) < (22.861 + 0.98 * 0.042): 22.882 < 22.902, lateframes: 0, idx: 9, break
2024-11-23 11:59:29.955 T:4060 debug : CAMLCodec::DequeueBuffer: pts:23.445 idx:821
2024-11-23 11:59:29.955 T:4060 debug : CAMLCodec::GetPicture: index: 821, pts: 23.445, dur:42.000ms ar:1.78 elf:42ms
2024-11-23 11:59:29.955 T:4060 debug : CVideoPlayerVideo::OutputPicture - ttd:595ms pts:23.445 Clock:22.849 Level:13
2024-11-23 11:59:29.955 T:3833 debug : CAMLCodec::ReleaseFrame idx:807, drop:0
2024-11-23 11:59:29.956 T:4060 debug : CAMLCodec::AddData: dl:565824 fl:5529024 sz:24822(24896) lv:9.3% dts:23.987 pts:23.987
2024-11-23 11:59:29.958 T:4060 debug : CAMLCodec::AddData: dl:675328 fl:5419520 sz:109400(109504) lv:11.1% dts:24.029 pts:24.029
2024-11-23 11:59:29.962 T:4058 debug : CVideoPlayer::ProcessVideoData size:42977 dts:69.658 pts:69.658 dur:41.000ms, clock:22.857 level:100
2024-11-23 11:59:29.965 T:4058 debug : CVideoPlayer::ProcessVideoData size:9164 dts:69.700 pts:69.700 dur:41.000ms, clock:22.859 level:100
2024-11-23 11:59:29.966 T:4058 debug : CVideoPlayer::ProcessVideoData size:8414 dts:69.741 pts:69.741 dur:41.000ms, clock:22.860 level:100
2024-11-23 11:59:29.967 T:4058 debug : CVideoPlayer::ProcessVideoData size:11452 dts:69.783 pts:69.783 dur:41.000ms, clock:22.862 level:100
2024-11-23 11:59:29.969 T:4058 debug : CVideoPlayer::ProcessVideoData size:8329 dts:69.825 pts:69.825 dur:41.000ms, clock:22.863 level:100
2024-11-23 11:59:29.970 T:4058 debug : CVideoPlayer::ProcessVideoData size:42861 dts:69.866 pts:69.866 dur:41.000ms, clock:22.864 level:100
2024-11-23 11:59:29.987 T:3833 debug : CAMLCodec::PollFrame elapsed:31.505ms
2024-11-23 11:59:29.990 T:3833 debug : PrepareNextRender: frameOnScreen: 22.885 renderPts: 22.924 nextFramePts: 22.903 -> diff: 0.021 render: 1 forceNext: 0, m_queued: 14, m_queued empty: true, begin idx: 10, front: 10,m_latencyTweak: 0.000000, GetDisplayLatency: 166.833344, m_videoDelay: 0, GetFrameLatencyAdjustment: 0.000000
2024-11-23 11:59:29.991 T:3833 debug : PrepareNextRender: (22.924) < (22.903 + 0.98 * 0.042): 22.924 < 22.944, lateframes: 0, idx: 10, break
2024-11-23 11:59:29.996 T:4060 debug : CAMLCodec::DequeueBuffer: pts:23.487 idx:822
2024-11-23 11:59:29.996 T:4060 debug : CAMLCodec::GetPicture: index: 822, pts: 23.487, dur:42.000ms ar:1.78 elf:41ms
2024-11-23 11:59:29.996 T:4060 debug : CVideoPlayerVideo::OutputPicture - ttd:596ms pts:23.487 Clock:22.891 Level:13
2024-11-23 11:59:29.998 T:3833 debug : CAMLCodec::ReleaseFrame idx:808, drop:0
2024-11-23 11:59:30.028 T:3833 debug : CAMLCodec::PollFrame elapsed:30.565ms
2024-11-23 11:59:30.031 T:3833 debug : PrepareNextRender: frameOnScreen: 22.926 renderPts: 22.965 nextFramePts: 22.945 -> diff: 0.020 render: 1 forceNext: 0, m_queued: 14, m_queued empty: true, begin idx: 12, front: 12,m_latencyTweak: 0.000000, GetDisplayLatency: 166.833344, m_videoDelay: 0, GetFrameLatencyAdjustment: 0.000000
2024-11-23 11:59:30.032 T:3833 debug : PrepareNextRender: (22.965) < (22.945 + 0.98 * 0.042): 22.965 < 22.986, lateframes: 0, idx: 12, break
2024-11-23 11:59:30.036 T:4060 debug : CAMLCodec::DequeueBuffer: pts:23.528 idx:823
2024-11-23 11:59:30.037 T:4060 debug : CAMLCodec::GetPicture: index: 823, pts: 23.528, dur:41.000ms ar:1.78 elf:40ms
2024-11-23 11:59:30.037 T:4060 debug : CVideoPlayerVideo::OutputPicture - ttd:597ms pts:23.528 Clock:22.931 Level:13
2024-11-23 11:59:30.039 T:3833 debug : CAMLCodec::ReleaseFrame idx:809, drop:0
2024-11-23 11:59:30.070 T:3833 debug : CAMLCodec::PollFrame elapsed:31.377ms
2024-11-23 11:59:30.073 T:3833 debug : PrepareNextRender: frameOnScreen: 22.967 renderPts: 23.006 nextFramePts: 22.986 -> diff: 0.020 render: 1 forceNext: 0, m_queued: 14, m_queued empty: true, begin idx: 13, front: 13,m_latencyTweak: 0.000000, GetDisplayLatency: 166.833344, m_videoDelay: 0, GetFrameLatencyAdjustment: 0.000000
2024-11-23 11:59:30.073 T:3833 debug : PrepareNextRender: (23.006) < (22.986 + 0.98 * 0.042): 23.006 < 23.027, lateframes: 0, idx: 13, break
2024-11-23 11:59:30.079 T:4060 debug : CAMLCodec::DequeueBuffer: pts:23.570 idx:824
2024-11-23 11:59:30.079 T:4060 debug : CAMLCodec::GetPicture: index: 824, pts: 23.570, dur:42.000ms ar:1.78 elf:42ms
2024-11-23 11:59:30.079 T:4060 debug : CVideoPlayerVideo::OutputPicture - ttd:596ms pts:23.570 Clock:22.973 Level:13
2024-11-23 11:59:30.080 T:3833 debug : CAMLCodec::ReleaseFrame idx:810, drop:0
2024-11-23 11:59:30.082 T:4058 debug : CVideoPlayer::ProcessVideoData size:6212 dts:69.908 pts:69.908 dur:41.000ms, clock:22.976 level:100
2024-11-23 11:59:30.083 T:4060 debug : CAMLCodec::AddData: dl:712064 fl:5382784 sz:133101(133184) lv:11.7% dts:24.071 pts:24.071
2024-11-23 11:59:30.084 T:4058 debug : CVideoPlayer::ProcessVideoData size:3843 dts:69.950 pts:69.950 dur:41.000ms, clock:22.978 level:100
2024-11-23 11:59:30.085 T:4058 debug : CVideoPlayer::ProcessVideoData size:67135 dts:69.992 pts:69.992 dur:41.000ms, clock:22.979 level:100
2024-11-23 11:59:30.087 T:4058 debug : CVideoPlayer::ProcessVideoData size:24035 dts:70.033 pts:70.033 dur:41.000ms, clock:22.981 level:100
2024-11-23 11:59:30.112 T:3833 debug : CAMLCodec::PollFrame elapsed:31.298ms
2024-11-23 11:59:30.115 T:3833 debug : PrepareNextRender: frameOnScreen: 23.009 renderPts: 23.048 nextFramePts: 23.028 -> diff: 0.020 render: 1 forceNext: 0, m_queued: 14, m_queued empty: true, begin idx: 14, front: 14,m_latencyTweak: 0.000000, GetDisplayLatency: 166.833344, m_videoDelay: 0, GetFrameLatencyAdjustment: 0.000000
2024-11-23 11:59:30.115 T:3833 debug : PrepareNextRender: (23.048) < (23.028 + 0.98 * 0.042): 23.048 < 23.069, lateframes: 0, idx: 14, break
2024-11-23 11:59:30.121 T:4060 debug : CAMLCodec::DequeueBuffer: pts:23.612 idx:825
2024-11-23 11:59:30.121 T:4060 debug : CAMLCodec::GetPicture: index: 825, pts: 23.612, dur:42.000ms ar:1.78 elf:41ms
2024-11-23 11:59:30.121 T:4060 debug : CVideoPlayerVideo::OutputPicture - ttd:596ms pts:23.612 Clock:23.015 Level:13
2024-11-23 11:59:30.122 T:3833 debug : CAMLCodec::ReleaseFrame idx:811, drop:0
2024-11-23 11:59:30.154 T:3833 debug : CAMLCodec::PollFrame elapsed:31.624ms
2024-11-23 11:59:30.156 T:3833 debug : PrepareNextRender: frameOnScreen: 23.051 renderPts: 23.090 nextFramePts: 23.070 -> diff: 0.020 render: 1 forceNext: 0, m_queued: 14, m_queued empty: true, begin idx: 15, front: 15,m_latencyTweak: 0.000000, GetDisplayLatency: 166.833344, m_videoDelay: 0, GetFrameLatencyAdjustment: 0.000000
2024-11-23 11:59:30.157 T:3833 debug : PrepareNextRender: (23.090) < (23.070 + 0.98 * 0.042): 23.090 < 23.111, lateframes: 0, idx: 15, break
2024-11-23 11:59:30.162 T:3833 debug : CAMLCodec::ReleaseFrame idx:812, drop:0
2024-11-23 11:59:30.163 T:4060 debug : CAMLCodec::DequeueBuffer: pts:23.654 idx:826
2024-11-23 11:59:30.163 T:4060 debug : CAMLCodec::GetPicture: index: 826, pts: 23.654, dur:42.000ms ar:1.78 elf:42ms
2024-11-23 11:59:30.163 T:4060 debug : CVideoPlayerVideo::OutputPicture - ttd:596ms pts:23.654 Clock:23.057 Level:13
2024-11-23 11:59:30.195 T:3833 debug : CAMLCodec::PollFrame elapsed:33.080ms
2024-11-23 11:59:30.198 T:3833 debug : PrepareNextRender: frameOnScreen: 23.093 renderPts: 23.132 nextFramePts: 23.111 -> diff: 0.021 render: 1 forceNext: 0, m_queued: 14, m_queued empty: true, begin idx: 11, front: 11,m_latencyTweak: 0.000000, GetDisplayLatency: 166.833344, m_videoDelay: 0, GetFrameLatencyAdjustment: 0.000000
2024-11-23 11:59:30.199 T:3833 debug : PrepareNextRender: (23.132) < (23.111 + 0.98 * 0.042): 23.132 < 23.152, lateframes: 0, idx: 11, break
2024-11-23 11:59:30.203 T:4060 debug : CAMLCodec::DequeueBuffer: pts:23.695 idx:827
2024-11-23 11:59:30.203 T:4060 debug : CAMLCodec::GetPicture: index: 827, pts: 23.695, dur:41.000ms ar:1.78 elf:40ms
2024-11-23 11:59:30.204 T:4060 debug : CVideoPlayerVideo::OutputPicture - ttd:597ms pts:23.695 Clock:23.098 Level:13
2024-11-23 11:59:30.205 T:3833 debug : CAMLCodec::ReleaseFrame idx:813, drop:0
2024-11-23 11:59:30.237 T:3833 debug : CAMLCodec::PollFrame elapsed:31.409ms
2024-11-23 11:59:30.240 T:3833 debug : PrepareNextRender: frameOnScreen: 23.134 renderPts: 23.173 nextFramePts: 23.153 -> diff: 0.020 render: 1 forceNext: 0, m_queued: 14, m_queued empty: true, begin idx: 0, front: 0,m_latencyTweak: 0.000000, GetDisplayLatency: 166.833344, m_videoDelay: 0, GetFrameLatencyAdjustment: 0.000000
2024-11-23 11:59:30.240 T:3833 debug : PrepareNextRender: (23.173) < (23.153 + 0.98 * 0.042): 23.173 < 23.194, lateframes: 0, idx: 0, break
2024-11-23 11:59:30.246 T:4060 debug : CAMLCodec::DequeueBuffer: pts:23.737 idx:828
2024-11-23 11:59:30.246 T:4060 debug : CAMLCodec::GetPicture: index: 828, pts: 23.737, dur:42.000ms ar:1.78 elf:42ms
2024-11-23 11:59:30.246 T:4060 debug : CVideoPlayerVideo::OutputPicture - ttd:596ms pts:23.737 Clock:23.141 Level:13
2024-11-23 11:59:30.248 T:3833 debug : CAMLCodec::ReleaseFrame idx:814, drop:0
2024-11-23 11:59:30.279 T:3833 debug : CAMLCodec::PollFrame elapsed:30.732ms
2024-11-23 11:59:30.282 T:3833 debug : PrepareNextRender: frameOnScreen: 23.176 renderPts: 23.215 nextFramePts: 23.195 -> diff: 0.020 render: 1 forceNext: 0, m_queued: 14, m_queued empty: true, begin idx: 2, front: 2,m_latencyTweak: 0.000000, GetDisplayLatency: 166.833344, m_videoDelay: 0, GetFrameLatencyAdjustment: 0.000000
2024-11-23 11:59:30.282 T:3833 debug : PrepareNextRender: (23.215) < (23.195 + 0.98 * 0.042): 23.215 < 23.236, lateframes: 0, idx: 2, break
2024-11-23 11:59:30.288 T:3833 debug : CAMLCodec::ReleaseFrame idx:815, drop:0
2024-11-23 11:59:30.290 T:4060 debug : CAMLCodec::DequeueBuffer: pts:23.779 idx:829
2024-11-23 11:59:30.290 T:4060 debug : CAMLCodec::GetPicture: index: 829, pts: 23.779, dur:42.000ms ar:1.78 elf:43ms
2024-11-23 11:59:30.290 T:4060 debug : CVideoPlayerVideo::OutputPicture - ttd:594ms pts:23.779 Clock:23.184 Level:13
2024-11-23 11:59:30.291 T:4060 debug : CAMLCodec::AddData: dl:391872 fl:5702976 sz:5604(5696) lv:6.4% dts:24.112 pts:24.112
2024-11-23 11:59:30.291 T:4060 debug : CAMLCodec::AddData: dl:400064 fl:5694784 sz:8112(8192) lv:6.6% dts:24.154 pts:24.154
2024-11-23 11:59:30.291 T:4060 debug : CAMLCodec::AddData: dl:432704 fl:5662144 sz:32552(32640) lv:7.1% dts:24.196 pts:24.196
2024-11-23 11:59:30.291 T:4060 debug : CAMLCodec::AddData: dl:441216 fl:5653632 sz:8418(8512) lv:7.2% dts:24.238 pts:24.238
2024-11-23 11:59:30.291 T:4060 debug : CAMLCodec::AddData: dl:445760 fl:5649088 sz:4426(4544) lv:7.3% dts:24.279 pts:24.279
2024-11-23 11:59:30.291 T:4060 debug : CAMLCodec::AddData: dl:467712 fl:5627136 sz:21875(21952) lv:7.7% dts:24.321 pts:24.321
2024-11-23 11:59:30.291 T:4060 debug : CAMLCodec::AddData: dl:472512 fl:5622336 sz:4676(4800) lv:7.8% dts:24.363 pts:24.363
2024-11-23 11:59:30.292 T:4060 debug : CAMLCodec::AddData: dl:476928 fl:5617920 sz:4311(4416) lv:7.8% dts:24.404 pts:24.404
2024-11-23 11:59:30.294 T:4060 debug : CAMLCodec::AddData: dl:549248 fl:5545600 sz:72206(72320) lv:9.0% dts:24.446 pts:24.446
2024-11-23 11:59:30.294 T:4060 debug : CAMLCodec::AddData: dl:570752 fl:5524096 sz:21440(21504) lv:9.4% dts:24.488 pts:24.488
2024-11-23 11:59:30.294 T:4060 debug : CAMLCodec::AddData: dl:575296 fl:5519552 sz:4455(4544) lv:9.4% dts:24.529 pts:24.529
2024-11-23 11:59:30.296 T:4060 debug : CAMLCodec::AddData: dl:647040 fl:5447808 sz:71628(71744) lv:10.6% dts:24.571 pts:24.571
2024-11-23 11:59:30.301 T:4058 debug : CVideoPlayer::ProcessVideoData size:277667 dts:70.075 pts:70.075 dur:41.000ms, clock:23.195 level:100
2024-11-23 11:59:30.320 T:3833 debug : CAMLCodec::PollFrame elapsed:31.974ms
2024-11-23 11:59:30.324 T:3833 debug : PrepareNextRender: frameOnScreen: 23.218 renderPts: 23.257 nextFramePts: 23.237 -> diff: 0.020 render: 1 forceNext: 0, m_queued: 14, m_queued empty: true, begin idx: 1, front: 1,m_latencyTweak: 0.000000, GetDisplayLatency: 166.833344, m_videoDelay: 0, GetFrameLatencyAdjustment: 0.000000
2024-11-23 11:59:30.324 T:3833 debug : PrepareNextRender: (23.257) < (23.237 + 0.98 * 0.042): 23.257 < 23.278, lateframes: 0, idx: 1, break
2024-11-23 11:59:30.328 T:3833 debug : ------ Window Deinit (DialogSeekBar.xml) ------
2024-11-23 11:59:30.329 T:4060 debug : CAMLCodec::DequeueBuffer: pts:23.820 idx:830
2024-11-23 11:59:30.329 T:4060 debug : CAMLCodec::GetPicture: index: 830, pts: 23.820, dur:41.000ms ar:1.78 elf:38ms
2024-11-23 11:59:30.329 T:4060 debug : CVideoPlayerVideo::OutputPicture - ttd:597ms pts:23.820 Clock:23.223 Level:13
2024-11-23 11:59:30.329 T:3833 debug : CAMLCodec::ReleaseFrame idx:816, drop:0
2024-11-23 11:59:30.362 T:3833 debug : CAMLCodec::PollFrame elapsed:33.140ms
2024-11-23 11:59:30.364 T:3833 debug : PrepareNextRender: frameOnScreen: 23.258 renderPts: 23.298 nextFramePts: 23.278 -> diff: 0.020 render: 1 forceNext: 0, m_queued: 14, m_queued empty: true, begin idx: 3, front: 3,m_latencyTweak: 0.000000, GetDisplayLatency: 166.833344, m_videoDelay: 0, GetFrameLatencyAdjustment: 0.000000
2024-11-23 11:59:30.364 T:3833 debug : PrepareNextRender: (23.298) < (23.278 + 0.98 * 0.042): 23.298 < 23.319, lateframes: 0, idx: 3, break
2024-11-23 11:59:30.370 T:3833 debug : ------ Window Deinit (Custom_1109_TopBarOverlay.xml) ------
2024-11-23 11:59:30.371 T:3833 debug : CAMLCodec::ReleaseFrame idx:817, drop:0
2024-11-23 11:59:30.371 T:4060 debug : CAMLCodec::DequeueBuffer: pts:23.862 idx:831
2024-11-23 11:59:30.371 T:4060 debug : CAMLCodec::GetPicture: index: 831, pts: 23.862, dur:42.000ms ar:1.78 elf:42ms
2024-11-23 11:59:30.371 T:4060 debug : CVideoPlayerVideo::OutputPicture - ttd:596ms pts:23.862 Clock:23.265 Level:13
2024-11-23 11:59:30.404 T:3833 debug : CAMLCodec::PollFrame elapsed:32.766ms
2024-11-23 11:59:30.407 T:3833 debug : PrepareNextRender: frameOnScreen: 23.301 renderPts: 23.340 nextFramePts: 23.320 -> diff: 0.020 render: 1 forceNext: 0, m_queued: 14, m_queued empty: true, begin idx: 6, front: 6,m_latencyTweak: 0.000000, GetDisplayLatency: 166.833344, m_videoDelay: 0, GetFrameLatencyAdjustment: 0.000000
2024-11-23 11:59:30.407 T:3833 debug : PrepareNextRender: (23.340) < (23.320 + 0.98 * 0.042): 23.340 < 23.361, lateframes: 0, idx: 6, break
2024-11-23 11:59:30.412 T:3833 debug : CAMLCodec::ReleaseFrame idx:818, drop:0
2024-11-23 11:59:30.412 T:4060 debug : CAMLCodec::DequeueBuffer: pts:23.904 idx:832
2024-11-23 11:59:30.412 T:4060 debug : CAMLCodec::GetPicture: index: 832, pts: 23.904, dur:42.000ms ar:1.78 elf:40ms
2024-11-23 11:59:30.412 T:4060 debug : CVideoPlayerVideo::OutputPicture - ttd:597ms pts:23.904 Clock:23.306 Level:13
2024-11-23 11:59:30.446 T:3833 debug : CAMLCodec::PollFrame elapsed:33.814ms
2024-11-23 11:59:30.449 T:3833 debug : PrepareNextRender: frameOnScreen: 23.343 renderPts: 23.383 nextFramePts: 23.362 -> diff: 0.021 render: 1 forceNext: 0, m_queued: 14, m_queued empty: true, begin idx: 4, front: 4,m_latencyTweak: 0.000000, GetDisplayLatency: 166.833344, m_videoDelay: 0, GetFrameLatencyAdjustment: 0.000000
2024-11-23 11:59:30.449 T:3833 debug : PrepareNextRender: (23.383) < (23.362 + 0.98 * 0.042): 23.383 < 23.403, lateframes: 0, idx: 4, break
2024-11-23 11:59:30.454 T:4060 debug : CAMLCodec::DequeueBuffer: pts:23.946 idx:833
2024-11-23 11:59:30.454 T:4060 debug : CAMLCodec::GetPicture: index: 833, pts: 23.946, dur:41.999ms ar:1.78 elf:42ms
2024-11-23 11:59:30.454 T:4060 debug : CVideoPlayerVideo::OutputPicture - ttd:597ms pts:23.946 Clock:23.348 Level:13
2024-11-23 11:59:30.455 T:3833 debug : CAMLCodec::ReleaseFrame idx:819, drop:0
2024-11-23 11:59:30.456 T:4060 debug : CAMLCodec::AddData: dl:571520 fl:5523328 sz:42977(43072) lv:9.4% dts:24.613 pts:24.613
2024-11-23 11:59:30.456 T:4060 debug : CAMLCodec::AddData: dl:580800 fl:5514048 sz:9164(9280) lv:9.5% dts:24.655 pts:24.655
2024-11-23 11:59:30.456 T:4060 debug : CAMLCodec::AddData: dl:589312 fl:5505536 sz:8414(8512) lv:9.7% dts:24.696 pts:24.696
2024-11-23 11:59:30.456 T:4060 debug : CAMLCodec::AddData: dl:600832 fl:5494016 sz:11452(11520) lv:9.9% dts:24.738 pts:24.738
2024-11-23 11:59:30.456 T:4060 debug : CAMLCodec::AddData: dl:609280 fl:5485568 sz:8329(8448) lv:10.0% dts:24.780 pts:24.780
2024-11-23 11:59:30.456 T:4060 debug : CAMLCodec::AddData: dl:652224 fl:5442624 sz:42861(42944) lv:10.7% dts:24.821 pts:24.821
2024-11-23 11:59:30.465 T:4058 debug : CVideoPlayer::ProcessVideoData size:125156 dts:70.117 pts:70.117 dur:41.000ms, clock:23.360 level:100
2024-11-23 11:59:30.487 T:3833 debug : CAMLCodec::PollFrame elapsed:31.696ms
2024-11-23 11:59:30.490 T:3833 debug : PrepareNextRender: frameOnScreen: 23.384 renderPts: 23.424 nextFramePts: 23.403 -> diff: 0.021 render: 1 forceNext: 0, m_queued: 14, m_queued empty: true, begin idx: 5, front: 5,m_latencyTweak: 0.000000, GetDisplayLatency: 166.833344, m_videoDelay: 0, GetFrameLatencyAdjustment: 0.000000
2024-11-23 11:59:30.490 T:3833 debug : PrepareNextRender: (23.424) < (23.403 + 0.98 * 0.042): 23.424 < 23.444, lateframes: 0, idx: 5, break
2024-11-23 11:59:30.496 T:4060 debug : CAMLCodec::DequeueBuffer: pts:23.987 idx:834
2024-11-23 11:59:30.496 T:4060 debug : CAMLCodec::GetPicture: index: 834, pts: 23.987, dur:41.001ms ar:1.78 elf:41ms
2024-11-23 11:59:30.496 T:4060 debug : CVideoPlayerVideo::OutputPicture - ttd:596ms pts:23.987 Clock:23.391 Level:13
2024-11-23 11:59:30.497 T:3833 debug : CAMLCodec::ReleaseFrame idx:820, drop:0
2024-11-23 11:59:30.529 T:3833 debug : CAMLCodec::PollFrame elapsed:32.203ms
2024-11-23 11:59:30.531 T:3833 debug : PrepareNextRender: frameOnScreen: 23.425 renderPts: 23.465 nextFramePts: 23.445 -> diff: 0.020 render: 1 forceNext: 0, m_queued: 14, m_queued empty: true, begin idx: 7, front: 7,m_latencyTweak: 0.000000, GetDisplayLatency: 166.833344, m_videoDelay: 0, GetFrameLatencyAdjustment: 0.000000
2024-11-23 11:59:30.531 T:3833 debug : PrepareNextRender: (23.465) < (23.445 + 0.98 * 0.042): 23.465 < 23.486, lateframes: 0, idx: 7, break
2024-11-23 11:59:30.537 T:3833 debug : CAMLCodec::ReleaseFrame idx:821, drop:0
2024-11-23 11:59:30.538 T:4060 debug : CAMLCodec::DequeueBuffer: pts:24.029 idx:835
2024-11-23 11:59:30.538 T:4060 debug : CAMLCodec::GetPicture: index: 835, pts: 24.029, dur:42.000ms ar:1.78 elf:41ms
2024-11-23 11:59:30.538 T:4060 debug : CVideoPlayerVideo::OutputPicture - ttd:596ms pts:24.029 Clock:23.432 Level:13
2024-11-23 11:59:30.539 T:4060 debug : CAMLCodec::AddData: dl:524160 fl:5570688 sz:6212(6336) lv:8.6% dts:24.863 pts:24.863
2024-11-23 11:59:30.539 T:4060 debug : CAMLCodec::AddData: dl:528256 fl:5566592 sz:3843(4096) lv:8.7% dts:24.905 pts:24.905
2024-11-23 11:59:30.542 T:4060 debug : CAMLCodec::AddData: dl:595456 fl:5499392 sz:67135(67200) lv:9.8% dts:24.947 pts:24.947
2024-11-23 11:59:30.542 T:4060 debug : CAMLCodec::AddData: dl:619584 fl:5475264 sz:24035(24128) lv:10.2% dts:24.988 pts:24.988
2024-11-23 11:59:30.548 T:4058 debug : CVideoPlayer::ProcessVideoData size:14161 dts:70.158 pts:70.158 dur:41.000ms, clock:23.442 level:100
2024-11-23 11:59:30.549 T:4058 debug : CVideoPlayer::ProcessVideoData size:9525 dts:70.200 pts:70.200 dur:41.000ms, clock:23.443 level:100
2024-11-23 11:59:30.550 T:4058 debug : CVideoPlayer::ProcessVideoData size:43726 dts:70.242 pts:70.242 dur:41.000ms, clock:23.445 level:100
2024-11-23 11:59:30.552 T:4058 debug : CVideoPlayer::ProcessVideoData size:8836 dts:70.284 pts:70.284 dur:41.000ms, clock:23.446 level:100
2024-11-23 11:59:30.571 T:3833 debug : CAMLCodec::PollFrame elapsed:33.301ms
2024-11-23 11:59:30.573 T:3833 debug : PrepareNextRender: frameOnScreen: 23.467 renderPts: 23.507 nextFramePts: 23.487 -> diff: 0.020 render: 1 forceNext: 0, m_queued: 14, m_queued empty: true, begin idx: 8, front: 8,m_latencyTweak: 0.000000, GetDisplayLatency: 166.833344, m_videoDelay: 0, GetFrameLatencyAdjustment: 0.000000
2024-11-23 11:59:30.573 T:3833 debug : PrepareNextRender: (23.507) < (23.487 + 0.98 * 0.042): 23.507 < 23.528, lateframes: 0, idx: 8, break
2024-11-23 11:59:30.577 T:3833 debug : CAMLCodec::ReleaseFrame idx:822, drop:0
2024-11-23 11:59:30.581 T:4060 debug : CAMLCodec::DequeueBuffer: pts:24.071 idx:836
2024-11-23 11:59:30.581 T:4060 debug : CAMLCodec::GetPicture: index: 836, pts: 24.071, dur:41.999ms ar:1.78 elf:42ms
2024-11-23 11:59:30.581 T:4060 debug : CVideoPlayerVideo::OutputPicture - ttd:595ms pts:24.071 Clock:23.476 Level:13
2024-11-23 11:59:30.585 T:4060 debug : CAMLCodec::AddData: dl:764160 fl:5330688 sz:277664(277760) lv:12.5% dts:25.030 pts:25.030
2024-11-23 11:59:30.593 T:4058 debug : CVideoPlayer::ProcessVideoData size:4449 dts:70.325 pts:70.325 dur:41.000ms, clock:23.488 level:100
2024-11-23 11:59:30.595 T:4058 debug : CVideoPlayer::ProcessVideoData size:34049 dts:70.367 pts:70.367 dur:41.000ms, clock:23.489 level:100
2024-11-23 11:59:30.597 T:4058 debug : CVideoPlayer::ProcessVideoData size:4695 dts:70.409 pts:70.409 dur:41.000ms, clock:23.491 level:100
2024-11-23 11:59:30.598 T:4058 debug : CVideoPlayer::ProcessVideoData size:4310 dts:70.450 pts:70.450 dur:41.000ms, clock:23.492 level:100
2024-11-23 11:59:30.599 T:4058 debug : CVideoPlayer::ProcessVideoData size:77722 dts:70.492 pts:70.492 dur:41.000ms, clock:23.494 level:100
2024-11-23 11:59:30.601 T:4058 debug : CVideoPlayer::ProcessVideoData size:21277 dts:70.534 pts:70.534 dur:41.000ms, clock:23.495 level:100
2024-11-23 11:59:30.602 T:4058 debug : CVideoPlayer::ProcessVideoData size:4447 dts:70.575 pts:70.575 dur:41.000ms, clock:23.496 level:100
2024-11-23 11:59:30.604 T:4058 debug : CVideoPlayer::ProcessVideoData size:71341 dts:70.617 pts:70.617 dur:41.000ms, clock:23.498 level:100
2024-11-23 11:59:30.605 T:4058 debug : CVideoPlayer::ProcessVideoData size:42980 dts:70.659 pts:70.659 dur:41.000ms, clock:23.500 level:100
2024-11-23 11:59:30.607 T:4058 debug : CVideoPlayer::ProcessVideoData size:9388 dts:70.701 pts:70.701 dur:41.000ms, clock:23.501 level:100
2024-11-23 11:59:30.608 T:4058 debug : CVideoPlayer::ProcessVideoData size:9340 dts:70.742 pts:70.742 dur:41.000ms, clock:23.502 level:100
2024-11-23 11:59:30.612 T:3833 debug : CAMLCodec::PollFrame elapsed:35.292ms
2024-11-23 11:59:30.615 T:3833 debug : PrepareNextRender: frameOnScreen: 23.509 renderPts: 23.549 nextFramePts: 23.528 -> diff: 0.021 render: 1 forceNext: 0, m_queued: 14, m_queued empty: true, begin idx: 9, front: 9,m_latencyTweak: 0.000000, GetDisplayLatency: 166.833344, m_videoDelay: 0, GetFrameLatencyAdjustment: 0.000000
2024-11-23 11:59:30.615 T:3833 debug : PrepareNextRender: (23.549) < (23.528 + 0.98 * 0.042): 23.549 < 23.569, lateframes: 0, idx: 9, break
2024-11-23 11:59:30.620 T:4060 debug : CAMLCodec::DequeueBuffer: pts:24.112 idx:837
2024-11-23 11:59:30.620 T:4060 debug : CAMLCodec::GetPicture: index: 837, pts: 24.112, dur:41.001ms ar:1.78 elf:38ms
2024-11-23 11:59:30.620 T:4060 debug : CVideoPlayerVideo::OutputPicture - ttd:597ms pts:24.112 Clock:23.515 Level:13
2024-11-23 11:59:30.621 T:3833 debug : CAMLCodec::ReleaseFrame idx:823, drop:0
2024-11-23 11:59:30.654 T:3833 debug : CAMLCodec::PollFrame elapsed:32.648ms
2024-11-23 11:59:30.657 T:3833 debug : PrepareNextRender: frameOnScreen: 23.551 renderPts: 23.591 nextFramePts: 23.570 -> diff: 0.021 render: 1 forceNext: 0, m_queued: 14, m_queued empty: true, begin idx: 10, front: 10,m_latencyTweak: 0.000000, GetDisplayLatency: 166.833344, m_videoDelay: 0, GetFrameLatencyAdjustment: 0.000000
2024-11-23 11:59:30.657 T:3833 debug : PrepareNextRender: (23.591) < (23.570 + 0.98 * 0.042): 23.591 < 23.611, lateframes: 0, idx: 10, break
2024-11-23 11:59:30.662 T:3833 debug : CAMLCodec::ReleaseFrame idx:824, drop:0
2024-11-23 11:59:30.662 T:4060 debug : CAMLCodec::DequeueBuffer: pts:24.154 idx:838
2024-11-23 11:59:30.662 T:4060 debug : CAMLCodec::GetPicture: index: 838, pts: 24.154, dur:42.000ms ar:1.78 elf:41ms
2024-11-23 11:59:30.662 T:4060 debug : CVideoPlayerVideo::OutputPicture - ttd:597ms pts:24.154 Clock:23.556 Level:13
2024-11-23 11:59:30.696 T:3833 debug : CAMLCodec::PollFrame elapsed:33.972ms
2024-11-23 11:59:30.698 T:3833 debug : PrepareNextRender: frameOnScreen: 23.592 renderPts: 23.632 nextFramePts: 23.612 -> diff: 0.020 render: 1 forceNext: 0, m_queued: 14, m_queued empty: true, begin idx: 12, front: 12,m_latencyTweak: 0.000000, GetDisplayLatency: 166.833344, m_videoDelay: 0, GetFrameLatencyAdjustment: 0.000000
2024-11-23 11:59:30.698 T:3833 debug : PrepareNextRender: (23.632) < (23.612 + 0.98 * 0.042): 23.632 < 23.653, lateframes: 0, idx: 12, break
2024-11-23 11:59:30.704 T:3833 debug : CAMLCodec::ReleaseFrame idx:825, drop:0
2024-11-23 11:59:30.704 T:4060 debug : CAMLCodec::DequeueBuffer: pts:24.196 idx:839
2024-11-23 11:59:30.704 T:4060 debug : CAMLCodec::GetPicture: index: 839, pts: 24.196, dur:41.999ms ar:1.78 elf:42ms
2024-11-23 11:59:30.704 T:4060 debug : CVideoPlayerVideo::OutputPicture - ttd:597ms pts:24.196 Clock:23.599 Level:13
2024-11-23 11:59:30.738 T:3833 debug : CAMLCodec::PollFrame elapsed:33.199ms
2024-11-23 11:59:30.740 T:3833 debug : PrepareNextRender: frameOnScreen: 23.634 renderPts: 23.674 nextFramePts: 23.654 -> diff: 0.020 render: 1 forceNext: 0, m_queued: 14, m_queued empty: true, begin idx: 13, front: 13,m_latencyTweak: 0.000000, GetDisplayLatency: 166.833344, m_videoDelay: 0, GetFrameLatencyAdjustment: 0.000000
2024-11-23 11:59:30.740 T:3833 debug : PrepareNextRender: (23.674) < (23.654 + 0.98 * 0.042): 23.674 < 23.695, lateframes: 0, idx: 13, break
2024-11-23 11:59:30.744 T:3833 debug : CAMLCodec::ReleaseFrame idx:826, drop:0
2024-11-23 11:59:30.745 T:4060 debug : CAMLCodec::DequeueBuffer: pts:24.238 idx:840
2024-11-23 11:59:30.746 T:4060 debug : CAMLCodec::GetPicture: index: 840, pts: 24.238, dur:42.001ms ar:1.78 elf:41ms
2024-11-23 11:59:30.746 T:4060 debug : CVideoPlayerVideo::OutputPicture - ttd:598ms pts:24.238 Clock:23.640 Level:13
2024-11-23 11:59:30.779 T:3833 debug : CAMLCodec::PollFrame elapsed:34.829ms
2024-11-23 11:59:30.781 T:3833 debug : PrepareNextRender: frameOnScreen: 23.676 renderPts: 23.715 nextFramePts: 23.695 -> diff: 0.020 render: 1 forceNext: 0, m_queued: 14, m_queued empty: true, begin idx: 14, front: 14,m_latencyTweak: 0.000000, GetDisplayLatency: 166.833344, m_videoDelay: 0, GetFrameLatencyAdjustment: 0.000000
2024-11-23 11:59:30.781 T:3833 debug : PrepareNextRender: (23.715) < (23.695 + 0.98 * 0.042): 23.715 < 23.736, lateframes: 0, idx: 14, break
2024-11-23 11:59:30.787 T:3833 debug : CAMLCodec::ReleaseFrame idx:827, drop:0
2024-11-23 11:59:30.788 T:4060 debug : CAMLCodec::DequeueBuffer: pts:24.279 idx:841
2024-11-23 11:59:30.788 T:4060 debug : CAMLCodec::GetPicture: index: 841, pts: 24.279, dur:41.000ms ar:1.78 elf:42ms
2024-11-23 11:59:30.788 T:4060 debug : CVideoPlayerVideo::OutputPicture - ttd:596ms pts:24.279 Clock:23.682 Level:13
2024-11-23 11:59:30.821 T:3833 debug : CAMLCodec::PollFrame elapsed:33.293ms
2024-11-23 11:59:30.824 T:3833 debug : PrepareNextRender: frameOnScreen: 23.718 renderPts: 23.758 nextFramePts: 23.737 -> diff: 0.021 render: 1 forceNext: 0, m_queued: 14, m_queued empty: true, begin idx: 15, front: 15,m_latencyTweak: 0.000000, GetDisplayLatency: 166.833344, m_videoDelay: 0, GetFrameLatencyAdjustment: 0.000000
2024-11-23 11:59:30.824 T:3833 debug : PrepareNextRender: (23.758) < (23.737 + 0.98 * 0.042): 23.758 < 23.778, lateframes: 0, idx: 15, break
2024-11-23 11:59:30.829 T:4060 debug : CAMLCodec::DequeueBuffer: pts:24.321 idx:842
2024-11-23 11:59:30.830 T:4060 debug : CAMLCodec::GetPicture: index: 842, pts: 24.321, dur:41.999ms ar:1.78 elf:41ms
2024-11-23 11:59:30.830 T:4060 debug : CVideoPlayerVideo::OutputPicture - ttd:597ms pts:24.321 Clock:23.724 Level:13
2024-11-23 11:59:30.830 T:3833 debug : CAMLCodec::ReleaseFrame idx:828, drop:0
2024-11-23 11:59:30.863 T:3833 debug : CAMLCodec::PollFrame elapsed:32.499ms
2024-11-23 11:59:30.865 T:3833 debug : PrepareNextRender: frameOnScreen: 23.759 renderPts: 23.799 nextFramePts: 23.779 -> diff: 0.020 render: 1 forceNext: 0, m_queued: 14, m_queued empty: true, begin idx: 11, front: 11,m_latencyTweak: 0.000000, GetDisplayLatency: 166.833344, m_videoDelay: 0, GetFrameLatencyAdjustment: 0.000000
2024-11-23 11:59:30.865 T:3833 debug : PrepareNextRender: (23.799) < (23.779 + 0.98 * 0.042): 23.799 < 23.820, lateframes: 0, idx: 11, break
2024-11-23 11:59:30.871 T:3833 debug : CAMLCodec::ReleaseFrame idx:829, drop:0
2024-11-23 11:59:30.872 T:4060 debug : CAMLCodec::DequeueBuffer: pts:24.363 idx:843
2024-11-23 11:59:30.872 T:4060 debug : CAMLCodec::GetPicture: index: 843, pts: 24.363, dur:42.001ms ar:1.78 elf:42ms
2024-11-23 11:59:30.872 T:4060 debug : CVideoPlayerVideo::OutputPicture - ttd:596ms pts:24.363 Clock:23.766 Level:13
2024-11-23 11:59:30.904 T:3833 debug : CAMLCodec::PollFrame elapsed:33.318ms
2024-11-23 11:59:30.906 T:3833 debug : PrepareNextRender: frameOnScreen: 23.800 renderPts: 23.840 nextFramePts: 23.820 -> diff: 0.020 render: 1 forceNext: 0, m_queued: 14, m_queued empty: true, begin idx: 0, front: 0,m_latencyTweak: 0.000000, GetDisplayLatency: 166.833344, m_videoDelay: 0, GetFrameLatencyAdjustment: 0.000000
2024-11-23 11:59:30.906 T:3833 debug : PrepareNextRender: (23.840) < (23.820 + 0.98 * 0.042): 23.840 < 23.861, lateframes: 0, idx: 0, break
2024-11-23 11:59:30.913 T:3833 debug : CAMLCodec::ReleaseFrame idx:830, drop:0
2024-11-23 11:59:30.913 T:4060 debug : CAMLCodec::DequeueBuffer: pts:24.404 idx:844
2024-11-23 11:59:30.913 T:4060 debug : CAMLCodec::GetPicture: index: 844, pts: 24.404, dur:41.000ms ar:1.78 elf:41ms
2024-11-23 11:59:30.913 T:4060 debug : CVideoPlayerVideo::OutputPicture - ttd:596ms pts:24.404 Clock:23.808 Level:13
2024-11-23 11:59:30.946 T:3833 debug : CAMLCodec::PollFrame elapsed:33.231ms
2024-11-23 11:59:30.948 T:3833 debug : PrepareNextRender: frameOnScreen: 23.842 renderPts: 23.882 nextFramePts: 23.862 -> diff: 0.020 render: 1 forceNext: 0, m_queued: 14, m_queued empty: true, begin idx: 2, front: 2,m_latencyTweak: 0.000000, GetDisplayLatency: 166.833344, m_videoDelay: 0, GetFrameLatencyAdjustment: 0.000000
2024-11-23 11:59:30.948 T:3833 debug : PrepareNextRender: (23.882) < (23.862 + 0.98 * 0.042): 23.882 < 23.903, lateframes: 0, idx: 2, break
2024-11-23 11:59:30.952 T:3833 debug : CAMLCodec::ReleaseFrame idx:831, drop:0
2024-11-23 11:59:30.956 T:4060 debug : CAMLCodec::DequeueBuffer: pts:24.446 idx:845
2024-11-23 11:59:30.956 T:4060 debug : CAMLCodec::GetPicture: index: 845, pts: 24.446, dur:41.999ms ar:1.78 elf:42ms
2024-11-23 11:59:30.956 T:4060 debug : CVideoPlayerVideo::OutputPicture - ttd:595ms pts:24.446 Clock:23.850 Level:13
2024-11-23 11:59:30.959 T:4060 debug : CAMLCodec::AddData: dl:726336 fl:5368512 sz:125156(125248) lv:11.9% dts:25.072 pts:25.072
2024-11-23 11:59:30.963 T:4058 debug : CVideoPlayer::ProcessVideoData size:11929 dts:70.784 pts:70.784 dur:41.000ms, clock:23.857 level:100
2024-11-23 11:59:30.964 T:4058 debug : CVideoPlayer::ProcessVideoData size:8456 dts:70.826 pts:70.826 dur:41.000ms, clock:23.858 level:100
2024-11-23 11:59:30.966 T:4058 debug : CVideoPlayer::ProcessVideoData size:43185 dts:70.867 pts:70.867 dur:41.000ms, clock:23.860 level:100
2024-11-23 11:59:30.967 T:4058 debug : CVideoPlayer::ProcessVideoData size:6166 dts:70.909 pts:70.909 dur:41.000ms, clock:23.861 level:100
2024-11-23 11:59:30.968 T:4058 debug : CVideoPlayer::ProcessVideoData size:3824 dts:70.951 pts:70.951 dur:41.000ms, clock:23.862 level:100
2024-11-23 11:59:30.969 T:4058 debug : CVideoPlayer::ProcessVideoData size:68031 dts:70.993 pts:70.993 dur:41.000ms, clock:23.864 level:100
2024-11-23 11:59:30.988 T:3833 debug : CAMLCodec::PollFrame elapsed:35.159ms
2024-11-23 11:59:30.991 T:3833 debug : PrepareNextRender: frameOnScreen: 23.885 renderPts: 23.925 nextFramePts: 23.904 -> diff: 0.021 render: 1 forceNext: 0, m_queued: 14, m_queued empty: true, begin idx: 1, front: 1,m_latencyTweak: 0.000000, GetDisplayLatency: 166.833344, m_videoDelay: 0, GetFrameLatencyAdjustment: 0.000000
2024-11-23 11:59:30.991 T:3833 debug : PrepareNextRender: (23.925) < (23.904 + 0.98 * 0.042): 23.925 < 23.945, lateframes: 0, idx: 1, break
2024-11-23 11:59:30.996 T:4060 debug : CAMLCodec::DequeueBuffer: pts:24.488 idx:846
2024-11-23 11:59:30.996 T:4060 debug : CAMLCodec::GetPicture: index: 846, pts: 24.488, dur:42.001ms ar:1.78 elf:39ms
2024-11-23 11:59:30.996 T:4060 debug : CVideoPlayerVideo::OutputPicture - ttd:597ms pts:24.488 Clock:23.890 Level:13
2024-11-23 11:59:30.997 T:3833 debug : CAMLCodec::ReleaseFrame idx:832, drop:0
2024-11-23 11:59:31.029 T:3833 debug : CAMLCodec::PollFrame elapsed:32.126ms
2024-11-23 11:59:31.032 T:3833 debug : PrepareNextRender: frameOnScreen: 23.926 renderPts: 23.966 nextFramePts: 23.946 -> diff: 0.020 render: 1 forceNext: 0, m_queued: 14, m_queued empty: true, begin idx: 3, front: 3,m_latencyTweak: 0.000000, GetDisplayLatency: 166.833344, m_videoDelay: 0, GetFrameLatencyAdjustment: 0.000000
2024-11-23 11:59:31.032 T:3833 debug : PrepareNextRender: (23.966) < (23.946 + 0.98 * 0.042): 23.966 < 23.987, lateframes: 0, idx: 3, break
2024-11-23 11:59:31.036 T:3833 debug : CAMLCodec::ReleaseFrame idx:833, drop:0
2024-11-23 11:59:31.037 T:4060 debug : CAMLCodec::DequeueBuffer: pts:24.529 idx:847
2024-11-23 11:59:31.037 T:4060 debug : CAMLCodec::GetPicture: index: 847, pts: 24.529, dur:41.000ms ar:1.78 elf:41ms
2024-11-23 11:59:31.037 T:4060 debug : CVideoPlayerVideo::OutputPicture - ttd:597ms pts:24.529 Clock:23.932 Level:13
2024-11-23 11:59:31.071 T:3833 debug : CAMLCodec::PollFrame elapsed:34.854ms
2024-11-23 11:59:31.073 T:3833 debug : PrepareNextRender: frameOnScreen: 23.968 renderPts: 24.007 nextFramePts: 23.987 -> diff: 0.020 render: 1 forceNext: 0, m_queued: 14, m_queued empty: true, begin idx: 6, front: 6,m_latencyTweak: 0.000000, GetDisplayLatency: 166.833344, m_videoDelay: 0, GetFrameLatencyAdjustment: 0.000000
2024-11-23 11:59:31.073 T:3833 debug : PrepareNextRender: (24.007) < (23.987 + 0.98 * 0.042): 24.007 < 24.028, lateframes: 0, idx: 6, break
2024-11-23 11:59:31.079 T:3833 debug : CAMLCodec::ReleaseFrame idx:834, drop:0
2024-11-23 11:59:31.081 T:4060 debug : CAMLCodec::DequeueBuffer: pts:24.571 idx:848
2024-11-23 11:59:31.081 T:4060 debug : CAMLCodec::GetPicture: index: 848, pts: 24.571, dur:41.999ms ar:1.78 elf:43ms
2024-11-23 11:59:31.081 T:4060 debug : CVideoPlayerVideo::OutputPicture - ttd:595ms pts:24.571 Clock:23.975 Level:13
2024-11-23 11:59:31.113 T:3833 debug : CAMLCodec::PollFrame elapsed:33.302ms
2024-11-23 11:59:31.116 T:3833 debug : PrepareNextRender: frameOnScreen: 24.010 renderPts: 24.050 nextFramePts: 24.029 -> diff: 0.021 render: 1 forceNext: 0, m_queued: 14, m_queued empty: true, begin idx: 4, front: 4,m_latencyTweak: 0.000000, GetDisplayLatency: 166.833344, m_videoDelay: 0, GetFrameLatencyAdjustment: 0.000000
2024-11-23 11:59:31.116 T:3833 debug : PrepareNextRender: (24.050) < (24.029 + 0.98 * 0.042): 24.050 < 24.070, lateframes: 0, idx: 4, break
2024-11-23 11:59:31.121 T:4060 debug : CAMLCodec::DequeueBuffer: pts:24.613 idx:849
2024-11-23 11:59:31.121 T:4060 debug : CAMLCodec::GetPicture: index: 849, pts: 24.613, dur:42.001ms ar:1.78 elf:40ms
2024-11-23 11:59:31.121 T:4060 debug : CVideoPlayerVideo::OutputPicture - ttd:597ms pts:24.613 Clock:24.016 Level:13
2024-11-23 11:59:31.122 T:3833 debug : CAMLCodec::ReleaseFrame idx:835, drop:0
2024-11-23 11:59:31.123 T:4060 debug : CAMLCodec::AddData: dl:599744 fl:5495104 sz:14161(14272) lv:9.8% dts:25.113 pts:25.113
2024-11-23 11:59:31.123 T:4060 debug : CAMLCodec::AddData: dl:609344 fl:5485504 sz:9525(9600) lv:10.0% dts:25.155 pts:25.155
2024-11-23 11:59:31.123 T:4060 debug : CAMLCodec::AddData: dl:653184 fl:5441664 sz:43726(43840) lv:10.7% dts:25.197 pts:25.197
2024-11-23 11:59:31.133 T:4058 debug : CVideoPlayer::ProcessVideoData size:23982 dts:71.034 pts:71.034 dur:41.000ms, clock:24.028 level:100
2024-11-23 11:59:31.135 T:4058 debug : CVideoPlayer::ProcessVideoData size:107852 dts:71.076 pts:71.076 dur:41.000ms, clock:24.029 level:100
2024-11-23 11:59:31.155 T:3833 debug : CAMLCodec::PollFrame elapsed:32.562ms
2024-11-23 11:59:31.158 T:3833 debug : PrepareNextRender: frameOnScreen: 24.052 renderPts: 24.091 nextFramePts: 24.071 -> diff: 0.020 render: 1 forceNext: 0, m_queued: 14, m_queued empty: true, begin idx: 5, front: 5,m_latencyTweak: 0.000000, GetDisplayLatency: 166.833344, m_videoDelay: 0, GetFrameLatencyAdjustment: 0.000000
2024-11-23 11:59:31.158 T:3833 debug : PrepareNextRender: (24.091) < (24.071 + 0.98 * 0.042): 24.091 < 24.112, lateframes: 0, idx: 5, break
2024-11-23 11:59:31.164 T:4060 debug : CAMLCodec::DequeueBuffer: pts:24.655 idx:850
2024-11-23 11:59:31.164 T:4060 debug : CAMLCodec::GetPicture: index: 850, pts: 24.655, dur:41.999ms ar:1.78 elf:42ms
2024-11-23 11:59:31.164 T:4060 debug : CVideoPlayerVideo::OutputPicture - ttd:596ms pts:24.655 Clock:24.058 Level:13
2024-11-23 11:59:31.164 T:3833 debug : CAMLCodec::ReleaseFrame idx:836, drop:0
2024-11-23 11:59:31.196 T:3833 debug : CAMLCodec::PollFrame elapsed:32.231ms
2024-11-23 11:59:31.198 T:3833 debug : PrepareNextRender: frameOnScreen: 24.092 renderPts: 24.132 nextFramePts: 24.112 -> diff: 0.020 render: 1 forceNext: 0, m_queued: 14, m_queued empty: true, begin idx: 7, front: 7,m_latencyTweak: 0.000000, GetDisplayLatency: 166.833344, m_videoDelay: 0, GetFrameLatencyAdjustment: 0.000000
2024-11-23 11:59:31.198 T:3833 debug : PrepareNextRender: (24.132) < (24.112 + 0.98 * 0.042): 24.132 < 24.153, lateframes: 0, idx: 7, break
2024-11-23 11:59:31.203 T:3833 debug : CAMLCodec::ReleaseFrame idx:837, drop:0
2024-11-23 11:59:31.206 T:4060 debug : CAMLCodec::DequeueBuffer: pts:24.696 idx:851
2024-11-23 11:59:31.206 T:4060 debug : CAMLCodec::GetPicture: index: 851, pts: 24.696, dur:41.000ms ar:1.78 elf:42ms
2024-11-23 11:59:31.206 T:4060 debug : CVideoPlayerVideo::OutputPicture - ttd:595ms pts:24.696 Clock:24.100 Level:13
2024-11-23 11:59:31.238 T:3833 debug : CAMLCodec::PollFrame elapsed:35.169ms
2024-11-23 11:59:31.241 T:3833 debug : PrepareNextRender: frameOnScreen: 24.135 renderPts: 24.174 nextFramePts: 24.154 -> diff: 0.020 render: 1 forceNext: 0, m_queued: 14, m_queued empty: true, begin idx: 8, front: 8,m_latencyTweak: 0.000000, GetDisplayLatency: 166.833344, m_videoDelay: 0, GetFrameLatencyAdjustment: 0.000000
2024-11-23 11:59:31.241 T:3833 debug : PrepareNextRender: (24.174) < (24.154 + 0.98 * 0.042): 24.174 < 24.195, lateframes: 0, idx: 8, break
2024-11-23 11:59:31.247 T:3833 debug : CAMLCodec::ReleaseFrame idx:838, drop:0
2024-11-23 11:59:31.247 T:4060 debug : CAMLCodec::DequeueBuffer: pts:24.738 idx:852
2024-11-23 11:59:31.247 T:4060 debug : CAMLCodec::GetPicture: index: 852, pts: 24.738, dur:42.001ms ar:1.78 elf:41ms
2024-11-23 11:59:31.248 T:4060 debug : CVideoPlayerVideo::OutputPicture - ttd:596ms pts:24.738 Clock:24.142 Level:13
2024-11-23 11:59:31.280 T:3833 debug : CAMLCodec::PollFrame elapsed:32.314ms
