2024-11-23 11:58:57.671 T:4060 debug : CVideoPlayerVideo::OutputPicture - ttd:588ms pts:1.548 Clock:0.959 Level:13
2024-11-23 11:58:57.672 T:4060 debug : CAMLCodec::AddData: dl:640192 fl:5454656 sz:34547(34624) lv:10.5% dts:2.549 pts:2.549
2024-11-23 11:58:57.672 T:4058 debug : CVideoPlayer::ProcessVideoData size:10936 dts:17.731 pts:17.731 dur:41.000ms, clock:0.961 level:100
2024-11-23 11:58:57.673 T:4058 debug : CVideoPlayer::ProcessVideoData size:8108 dts:17.773 pts:17.773 dur:41.000ms, clock:0.962 level:100
2024-11-23 11:58:57.676 T:4058 debug : CVideoPlayer::ProcessVideoData size:30256 dts:17.814 pts:17.814 dur:41.000ms, clock:0.964 level:100
2024-11-23 11:58:57.678 T:4058 debug : CVideoPlayer::ProcessVideoData size:6110 dts:17.856 pts:17.856 dur:41.000ms, clock:0.966 level:100
2024-11-23 11:58:57.681 T:4058 debug : CVideoPlayer::ProcessVideoData size:3827 dts:17.898 pts:17.898 dur:41.000ms, clock:0.969 level:100
2024-11-23 11:58:57.682 T:4058 debug : CVideoPlayer::ProcessVideoData size:75827 dts:17.940 pts:17.940 dur:41.000ms, clock:0.971 level:100
2024-11-23 11:58:57.684 T:4058 debug : CVideoPlayer::ProcessVideoData size:24611 dts:17.981 pts:17.981 dur:41.000ms, clock:0.973 level:100
2024-11-23 11:58:57.687 T:4058 debug : CVideoPlayer::ProcessVideoData size:109130 dts:18.023 pts:18.023 dur:41.000ms, clock:0.975 level:100
2024-11-23 11:58:57.698 T:4058 debug : CVideoPlayer::ProcessVideoData size:132334 dts:18.065 pts:18.065 dur:41.000ms, clock:0.987 level:100
2024-11-23 11:58:57.700 T:4058 debug : CVideoPlayer::ProcessVideoData size:5815 dts:18.106 pts:18.106 dur:41.000ms, clock:0.988 level:100
2024-11-23 11:58:57.701 T:4058 debug : CVideoPlayer::ProcessVideoData size:8137 dts:18.148 pts:18.148 dur:41.000ms, clock:0.990 level:100
2024-11-23 11:58:57.704 T:3833 debug : CAMLCodec::PollFrame elapsed:35.998ms
2024-11-23 11:58:57.706 T:4058 debug : CVideoPlayer::ProcessVideoData size:28879 dts:18.190 pts:18.190 dur:41.000ms, clock:0.994 level:100
2024-11-23 11:58:57.707 T:3833 debug : PrepareNextRender: frameOnScreen: 0.996 renderPts: 1.017 nextFramePts: 1.006 -> diff: 0.011 render: 1 forceNext: 0, m_queued: 14, m_queued empty: true, begin idx: 9, front: 9,m_latencyTweak: 0.000000, GetDisplayLatency: 166.833344, m_videoDelay: 0, GetFrameLatencyAdjustment: 0.000000
2024-11-23 11:58:57.708 T:4058 debug : CVideoPlayer::ProcessVideoData size:8296 dts:18.232 pts:18.232 dur:41.000ms, clock:0.996 level:100
2024-11-23 11:58:57.708 T:3833 debug : PrepareNextRender: (1.017) < (1.006 + 0.98 * 0.042): 1.017 < 1.047, lateframes: 0, idx: 9, break
2024-11-23 11:58:57.709 T:4058 debug : CVideoPlayer::ProcessVideoData size:4412 dts:18.273 pts:18.273 dur:41.000ms, clock:0.998 level:100
2024-11-23 11:58:57.710 T:3833 debug : CAMLCodec::ReleaseFrame idx:24, drop:0
2024-11-23 11:58:57.712 T:4058 debug : CVideoPlayer::ProcessVideoData size:20307 dts:18.315 pts:18.315 dur:41.000ms, clock:1.000 level:100
2024-11-23 11:58:57.713 T:4060 debug : CAMLCodec::DequeueBuffer: pts:1.590 idx:38
2024-11-23 11:58:57.713 T:4060 debug : CAMLCodec::GetPicture: index: 38, pts: 1.590, dur:42.000ms ar:1.78 elf:42ms
2024-11-23 11:58:57.713 T:4058 debug : CVideoPlayer::ProcessVideoData size:4649 dts:18.357 pts:18.357 dur:41.000ms, clock:1.002 level:100
2024-11-23 11:58:57.713 T:4060 debug : CVideoPlayerVideo::OutputPicture - ttd:588ms pts:1.590 Clock:1.002 Level:13
2024-11-23 11:58:57.714 T:4058 debug : CVideoPlayer::ProcessVideoData size:4269 dts:18.398 pts:18.398 dur:41.000ms, clock:1.003 level:100
2024-11-23 11:58:57.718 T:4058 debug : CVideoPlayer::ProcessVideoData size:72063 dts:18.440 pts:18.440 dur:41.000ms, clock:1.006 level:100
2024-11-23 11:58:57.721 T:4058 debug : CVideoPlayer::ProcessVideoData size:21442 dts:18.482 pts:18.482 dur:41.000ms, clock:1.010 level:100
2024-11-23 11:58:57.723 T:4058 debug : CVideoPlayer::ProcessVideoData size:4387 dts:18.523 pts:18.523 dur:41.000ms, clock:1.011 level:100
2024-11-23 11:58:57.724 T:4058 debug : CVideoPlayer::ProcessVideoData size:70306 dts:18.565 pts:18.565 dur:41.000ms, clock:1.013 level:100
2024-11-23 11:58:57.727 T:4058 debug : CVideoPlayer::ProcessVideoData size:42904 dts:18.607 pts:18.607 dur:41.000ms, clock:1.016 level:100
2024-11-23 11:58:57.728 T:4058 debug : CVideoPlayer::ProcessVideoData size:9352 dts:18.649 pts:18.649 dur:41.000ms, clock:1.017 level:100
2024-11-23 11:58:57.730 T:4058 debug : CVideoPlayer::ProcessVideoData size:8793 dts:18.690 pts:18.690 dur:41.000ms, clock:1.019 level:100
2024-11-23 11:58:57.732 T:4058 debug : CVideoPlayer::ProcessVideoData size:11549 dts:18.732 pts:18.732 dur:41.000ms, clock:1.020 level:100
2024-11-23 11:58:57.739 T:4058 debug : CVideoPlayer::ProcessVideoData size:252785 dts:18.774 pts:18.774 dur:41.000ms, clock:1.028 level:100
2024-11-23 11:58:57.746 T:3833 debug : CAMLCodec::PollFrame elapsed:36.055ms
2024-11-23 11:58:57.749 T:3833 debug : PrepareNextRender: frameOnScreen: 1.038 renderPts: 1.058 nextFramePts: 1.048 -> diff: 0.010 render: 1 forceNext: 0, m_queued: 14, m_queued empty: true, begin idx: 10, front: 10,m_latencyTweak: 0.000000, GetDisplayLatency: 166.833344, m_videoDelay: 0, GetFrameLatencyAdjustment: 0.000000
2024-11-23 11:58:57.750 T:3833 debug : PrepareNextRender: (1.058) < (1.048 + 0.98 * 0.042): 1.058 < 1.089, lateframes: 0, idx: 10, break
2024-11-23 11:58:57.751 T:4058 debug : CVideoPlayer::ProcessVideoData size:13179 dts:18.815 pts:18.815 dur:41.000ms, clock:1.040 level:100
2024-11-23 11:58:57.752 T:3833 debug : CAMLCodec::ReleaseFrame idx:25, drop:0
2024-11-23 11:58:57.753 T:4058 debug : CVideoPlayer::ProcessVideoData size:6824 dts:18.857 pts:18.857 dur:41.000ms, clock:1.041 level:100
2024-11-23 11:58:57.754 T:4058 debug : CVideoPlayer::ProcessVideoData size:3898 dts:18.899 pts:18.899 dur:41.000ms, clock:1.043 level:100
2024-11-23 11:58:57.755 T:4060 debug : CAMLCodec::DequeueBuffer: pts:1.632 idx:39
2024-11-23 11:58:57.756 T:4060 debug : CAMLCodec::GetPicture: index: 39, pts: 1.632, dur:42.001ms ar:1.78 elf:42ms
2024-11-23 11:58:57.756 T:4060 debug : CVideoPlayerVideo::OutputPicture - ttd:587ms pts:1.632 Clock:1.044 Level:13
2024-11-23 11:58:57.756 T:4058 debug : CVideoPlayer::ProcessVideoData size:94259 dts:18.941 pts:18.941 dur:41.000ms, clock:1.045 level:100
2024-11-23 11:58:57.758 T:4058 debug : CVideoPlayer::ProcessVideoData size:24822 dts:18.982 pts:18.982 dur:41.000ms, clock:1.046 level:100
2024-11-23 11:58:57.762 T:4058 debug : CVideoPlayer::ProcessVideoData size:109400 dts:19.024 pts:19.024 dur:41.000ms, clock:1.050 level:100
2024-11-23 11:58:57.768 T:4058 debug : CVideoPlayer::ProcessVideoData size:133101 dts:19.066 pts:19.066 dur:41.000ms, clock:1.056 level:100
2024-11-23 11:58:57.769 T:4058 debug : CVideoPlayer::ProcessVideoData size:5604 dts:19.107 pts:19.107 dur:41.000ms, clock:1.058 level:100
2024-11-23 11:58:57.775 T:4058 debug : CVideoPlayer::ProcessVideoData size:8112 dts:19.149 pts:19.149 dur:41.000ms, clock:1.064 level:100
2024-11-23 11:58:57.779 T:4058 debug : CVideoPlayer::ProcessVideoData size:32552 dts:19.191 pts:19.191 dur:41.000ms, clock:1.068 level:100
2024-11-23 11:58:57.781 T:4058 debug : CVideoPlayer::ProcessVideoData size:8418 dts:19.233 pts:19.233 dur:41.000ms, clock:1.069 level:100
2024-11-23 11:58:57.782 T:4058 debug : CVideoPlayer::ProcessVideoData size:4426 dts:19.274 pts:19.274 dur:41.000ms, clock:1.070 level:100
2024-11-23 11:58:57.784 T:4058 debug : CVideoPlayer::ProcessVideoData size:21875 dts:19.316 pts:19.316 dur:41.000ms, clock:1.072 level:100
2024-11-23 11:58:57.785 T:4058 debug : CVideoPlayer::ProcessVideoData size:4676 dts:19.358 pts:19.358 dur:41.000ms, clock:1.074 level:100
2024-11-23 11:58:57.786 T:4058 debug : CVideoPlayer::ProcessVideoData size:4311 dts:19.399 pts:19.399 dur:41.000ms, clock:1.075 level:100
2024-11-23 11:58:57.788 T:4058 debug : CVideoPlayer::ProcessVideoData size:72206 dts:19.441 pts:19.441 dur:41.000ms, clock:1.077 level:100
2024-11-23 11:58:57.788 T:3833 debug : CAMLCodec::PollFrame elapsed:36.178ms
2024-11-23 11:58:57.790 T:3865 debug : ActiveAE::SyncStream - average error 278.093892 above threshold of 100.000000
2024-11-23 11:58:57.792 T:3833 debug : PrepareNextRender: frameOnScreen: 1.080 renderPts: 1.101 nextFramePts: 1.089 -> diff: 0.012 render: 1 forceNext: 0, m_queued: 14, m_queued empty: true, begin idx: 11, front: 11,m_latencyTweak: 0.000000, GetDisplayLatency: 166.833344, m_videoDelay: 0, GetFrameLatencyAdjustment: 0.000000
2024-11-23 11:58:57.792 T:3833 debug : PrepareNextRender: (1.101) < (1.089 + 0.98 * 0.042): 1.101 < 1.130, lateframes: 0, idx: 11, break
2024-11-23 11:58:57.793 T:4058 debug : CVideoPlayer::ProcessVideoData size:21440 dts:19.483 pts:19.483 dur:41.000ms, clock:1.082 level:100
2024-11-23 11:58:57.794 T:3833 debug : CAMLCodec::ReleaseFrame idx:26, drop:0
2024-11-23 11:58:57.794 T:4058 debug : CVideoPlayer::ProcessVideoData size:4455 dts:19.524 pts:19.524 dur:41.000ms, clock:1.083 level:100
2024-11-23 11:58:57.797 T:4058 debug : CVideoPlayer::ProcessVideoData size:71628 dts:19.566 pts:19.566 dur:41.000ms, clock:1.086 level:100
2024-11-23 11:58:57.798 T:4060 debug : CAMLCodec::DequeueBuffer: pts:1.673 idx:40
2024-11-23 11:58:57.798 T:4060 debug : CAMLCodec::GetPicture: index: 40, pts: 1.673, dur:40.999ms ar:1.78 elf:42ms
2024-11-23 11:58:57.798 T:4058 debug : CVideoPlayer::ProcessVideoData size:42977 dts:19.608 pts:19.608 dur:41.000ms, clock:1.087 level:100
2024-11-23 11:58:57.799 T:4060 debug : CVideoPlayerVideo::OutputPicture - ttd:585ms pts:1.673 Clock:1.087 Level:13
2024-11-23 11:58:57.804 T:4058 debug : CVideoPlayer::ProcessVideoData size:9164 dts:19.650 pts:19.650 dur:41.000ms, clock:1.093 level:100
2024-11-23 11:58:57.805 T:4058 debug : CVideoPlayer::ProcessVideoData size:8414 dts:19.691 pts:19.691 dur:41.000ms, clock:1.094 level:100
2024-11-23 11:58:57.809 T:4058 debug : CVideoPlayer::ProcessVideoData size:11452 dts:19.733 pts:19.733 dur:41.000ms, clock:1.098 level:100
2024-11-23 11:58:57.811 T:4058 debug : CVideoPlayer::ProcessVideoData size:8329 dts:19.775 pts:19.775 dur:41.000ms, clock:1.099 level:100
2024-11-23 11:58:57.812 T:4058 debug : CVideoPlayer::ProcessVideoData size:42861 dts:19.816 pts:19.816 dur:41.000ms, clock:1.101 level:100
2024-11-23 11:58:57.814 T:4058 debug : CVideoPlayer::ProcessVideoData size:6212 dts:19.858 pts:19.858 dur:41.000ms, clock:1.102 level:100
2024-11-23 11:58:57.816 T:4058 debug : CVideoPlayer::ProcessVideoData size:3843 dts:19.900 pts:19.900 dur:41.000ms, clock:1.104 level:100
2024-11-23 11:58:57.817 T:4058 debug : CVideoPlayer::ProcessVideoData size:67135 dts:19.942 pts:19.942 dur:41.000ms, clock:1.106 level:100
2024-11-23 11:58:57.820 T:4058 debug : CVideoPlayer::ProcessVideoData size:24035 dts:19.983 pts:19.983 dur:41.000ms, clock:1.108 level:100
2024-11-23 11:58:57.830 T:3833 debug : CAMLCodec::PollFrame elapsed:35.562ms
2024-11-23 11:58:57.832 T:4058 debug : CVideoPlayer::ProcessVideoData size:277667 dts:20.025 pts:20.025 dur:41.000ms, clock:1.120 level:100
2024-11-23 11:58:57.833 T:3833 debug : PrepareNextRender: frameOnScreen: 1.122 renderPts: 1.143 nextFramePts: 1.131 -> diff: 0.012 render: 1 forceNext: 0, m_queued: 14, m_queued empty: true, begin idx: 12, front: 12,m_latencyTweak: 0.000000, GetDisplayLatency: 166.833344, m_videoDelay: 0, GetFrameLatencyAdjustment: 0.000000
2024-11-23 11:58:57.833 T:3833 debug : PrepareNextRender: (1.143) < (1.131 + 0.98 * 0.042): 1.143 < 1.172, lateframes: 0, idx: 12, break
2024-11-23 11:58:57.835 T:3833 debug : CAMLCodec::ReleaseFrame idx:27, drop:0
2024-11-23 11:58:57.839 T:4060 debug : CAMLCodec::DequeueBuffer: pts:1.715 idx:41
2024-11-23 11:58:57.839 T:4060 debug : CAMLCodec::GetPicture: index: 41, pts: 1.715, dur:42.000ms ar:1.78 elf:40ms
2024-11-23 11:58:57.839 T:4060 debug : CVideoPlayerVideo::OutputPicture - ttd:587ms pts:1.715 Clock:1.128 Level:13
2024-11-23 11:58:57.840 T:4060 debug : CAMLCodec::AddData: dl:628480 fl:5466368 sz:24555(24640) lv:10.3% dts:2.591 pts:2.591
2024-11-23 11:58:57.843 T:4058 debug : CVideoPlayer::ProcessVideoData size:125156 dts:20.067 pts:20.067 dur:41.000ms, clock:1.132 level:100
2024-11-23 11:58:57.845 T:4058 debug : CVideoPlayer::ProcessVideoData size:14161 dts:20.108 pts:20.108 dur:41.000ms, clock:1.133 level:100
2024-11-23 11:58:57.846 T:4058 debug : CVideoPlayer::ProcessVideoData size:9525 dts:20.150 pts:20.150 dur:41.000ms, clock:1.135 level:100
2024-11-23 11:58:57.849 T:4058 debug : CVideoPlayer::ProcessVideoData size:43726 dts:20.192 pts:20.192 dur:41.000ms, clock:1.137 level:100
2024-11-23 11:58:57.850 T:4058 debug : CVideoPlayer::ProcessVideoData size:8836 dts:20.234 pts:20.234 dur:41.000ms, clock:1.139 level:100
2024-11-23 11:58:57.851 T:4058 debug : CVideoPlayer::ProcessVideoData size:4449 dts:20.275 pts:20.275 dur:41.000ms, clock:1.140 level:100
2024-11-23 11:58:57.855 T:4058 debug : CVideoPlayer::ProcessVideoData size:34049 dts:20.317 pts:20.317 dur:41.000ms, clock:1.143 level:100
2024-11-23 11:58:57.856 T:4058 debug : CVideoPlayer::ProcessVideoData size:4695 dts:20.359 pts:20.359 dur:41.000ms, clock:1.144 level:100
2024-11-23 11:58:57.861 T:4058 debug : CVideoPlayer::ProcessVideoData size:4310 dts:20.400 pts:20.400 dur:41.000ms, clock:1.150 level:100
2024-11-23 11:58:57.863 T:4058 debug : CVideoPlayer::ProcessVideoData size:77722 dts:20.442 pts:20.442 dur:41.000ms, clock:1.151 level:100
2024-11-23 11:58:57.864 T:4058 debug : CVideoPlayer::ProcessVideoData size:21277 dts:20.484 pts:20.484 dur:41.000ms, clock:1.153 level:100
2024-11-23 11:58:57.865 T:4058 debug : CVideoPlayer::ProcessVideoData size:4447 dts:20.525 pts:20.525 dur:41.000ms, clock:1.154 level:100
2024-11-23 11:58:57.871 T:3833 debug : CAMLCodec::PollFrame elapsed:36.126ms
2024-11-23 11:58:57.873 T:4058 debug : CVideoPlayer::ProcessVideoData size:71341 dts:20.567 pts:20.567 dur:41.000ms, clock:1.161 level:100
2024-11-23 11:58:57.874 T:4058 debug : CVideoPlayer::ProcessVideoData size:42980 dts:20.609 pts:20.609 dur:41.000ms, clock:1.163 level:100
2024-11-23 11:58:57.874 T:3833 debug : PrepareNextRender: frameOnScreen: 1.163 renderPts: 1.184 nextFramePts: 1.173 -> diff: 0.011 render: 1 forceNext: 0, m_queued: 14, m_queued empty: true, begin idx: 13, front: 13,m_latencyTweak: 0.000000, GetDisplayLatency: 166.833344, m_videoDelay: 0, GetFrameLatencyAdjustment: 0.000000
2024-11-23 11:58:57.875 T:3833 debug : PrepareNextRender: (1.184) < (1.173 + 0.98 * 0.042): 1.184 < 1.214, lateframes: 0, idx: 13, break
2024-11-23 11:58:57.876 T:4058 debug : CVideoPlayer::ProcessVideoData size:9388 dts:20.651 pts:20.651 dur:41.000ms, clock:1.165 level:100
2024-11-23 11:58:57.877 T:3833 debug : CAMLCodec::ReleaseFrame idx:28, drop:0
2024-11-23 11:58:57.879 T:4058 debug : CVideoPlayer::ProcessVideoData size:9340 dts:20.692 pts:20.692 dur:41.000ms, clock:1.167 level:100
2024-11-23 11:58:57.880 T:4060 debug : CAMLCodec::DequeueBuffer: pts:1.757 idx:42
2024-11-23 11:58:57.880 T:4060 debug : CAMLCodec::GetPicture: index: 42, pts: 1.757, dur:42.001ms ar:1.78 elf:41ms
2024-11-23 11:58:57.880 T:4060 debug : CVideoPlayerVideo::OutputPicture - ttd:588ms pts:1.757 Clock:1.169 Level:13
2024-11-23 11:58:57.880 T:4058 debug : CVideoPlayer::ProcessVideoData size:11929 dts:20.734 pts:20.734 dur:41.000ms, clock:1.169 level:100
2024-11-23 11:58:57.882 T:4058 debug : CVideoPlayer::ProcessVideoData size:8456 dts:20.776 pts:20.776 dur:41.000ms, clock:1.170 level:100
2024-11-23 11:58:57.884 T:4058 debug : CVideoPlayer::ProcessVideoData size:43185 dts:20.817 pts:20.817 dur:41.000ms, clock:1.173 level:100
2024-11-23 11:58:57.885 T:4058 debug : CVideoPlayer::ProcessVideoData size:6166 dts:20.859 pts:20.859 dur:41.000ms, clock:1.174 level:100
2024-11-23 11:58:57.887 T:4058 debug : CVideoPlayer::ProcessVideoData size:3824 dts:20.901 pts:20.901 dur:41.000ms, clock:1.175 level:100
2024-11-23 11:58:57.888 T:4058 debug : CVideoPlayer::ProcessVideoData size:68031 dts:20.943 pts:20.943 dur:41.000ms, clock:1.177 level:100
2024-11-23 11:58:57.896 T:4058 debug : CVideoPlayer::ProcessVideoData size:23982 dts:20.984 pts:20.984 dur:41.000ms, clock:1.185 level:100
2024-11-23 11:58:57.901 T:4058 debug : CVideoPlayer::ProcessVideoData size:107852 dts:21.026 pts:21.026 dur:41.000ms, clock:1.190 level:100
2024-11-23 11:58:57.907 T:4058 debug : CVideoPlayer::ProcessVideoData size:133143 dts:21.068 pts:21.068 dur:41.000ms, clock:1.195 level:100
2024-11-23 11:58:57.908 T:4058 debug : CVideoPlayer::ProcessVideoData size:5705 dts:21.109 pts:21.109 dur:41.000ms, clock:1.197 level:100
2024-11-23 11:58:57.910 T:4058 debug : CVideoPlayer::ProcessVideoData size:8161 dts:21.151 pts:21.151 dur:41.000ms, clock:1.198 level:100
2024-11-23 11:58:57.911 T:4058 debug : CVideoPlayer::ProcessVideoData size:29087 dts:21.193 pts:21.193 dur:41.000ms, clock:1.199 level:100
2024-11-23 11:58:57.913 T:3833 debug : CAMLCodec::PollFrame elapsed:36.131ms
2024-11-23 11:58:57.913 T:4058 debug : CVideoPlayer::ProcessVideoData size:8323 dts:21.235 pts:21.235 dur:41.000ms, clock:1.202 level:100
2024-11-23 11:58:57.917 T:3833 debug : PrepareNextRender: frameOnScreen: 1.205 renderPts: 1.236 nextFramePts: 1.215 -> diff: 0.021 render: 1 forceNext: 0, m_queued: 14, m_queued empty: true, begin idx: 14, front: 14,m_latencyTweak: 0.000000, GetDisplayLatency: 166.833344, m_videoDelay: 0, GetFrameLatencyAdjustment: 0.000000
2024-11-23 11:58:57.917 T:3833 debug : PrepareNextRender: (1.236) < (1.215 + 0.98 * 0.042): 1.236 < 1.256, lateframes: 0, idx: 14, break
2024-11-23 11:58:57.919 T:3833 debug : CAMLCodec::ReleaseFrame idx:29, drop:0
2024-11-23 11:58:57.920 T:4060 debug : CAMLCodec::DequeueBuffer: pts:1.798 idx:43
2024-11-23 11:58:57.920 T:4060 debug : CAMLCodec::GetPicture: index: 43, pts: 1.798, dur:40.999ms ar:1.78 elf:39ms
2024-11-23 11:58:57.920 T:4060 debug : CVideoPlayerVideo::OutputPicture - ttd:589ms pts:1.798 Clock:1.209 Level:13
2024-11-23 11:58:57.922 T:4060 debug : CAMLCodec::AddData: dl:612160 fl:5482688 sz:3076(4096) lv:10.0% dts:2.633 pts:2.633
2024-11-23 11:58:57.924 T:4058 debug : CVideoPlayer::ProcessVideoData size:282537 dts:21.276 pts:21.276 dur:41.000ms, clock:1.213 level:100
2024-11-23 11:58:57.931 T:4058 debug : CVideoPlayer::ProcessVideoData size:8037 dts:21.318 pts:21.318 dur:41.000ms, clock:1.220 level:100
2024-11-23 11:58:57.932 T:4058 debug : CVideoPlayer::ProcessVideoData size:5157 dts:21.360 pts:21.360 dur:41.000ms, clock:1.221 level:100
2024-11-23 11:58:57.934 T:4058 debug : CVideoPlayer::ProcessVideoData size:4417 dts:21.401 pts:21.401 dur:41.000ms, clock:1.222 level:100
2024-11-23 11:58:57.936 T:4058 debug : CVideoPlayer::ProcessVideoData size:81374 dts:21.443 pts:21.443 dur:41.000ms, clock:1.224 level:100
2024-11-23 11:58:57.937 T:4058 debug : CVideoPlayer::ProcessVideoData size:21498 dts:21.485 pts:21.485 dur:41.000ms, clock:1.226 level:100
2024-11-23 11:58:57.938 T:4058 debug : CVideoPlayer::ProcessVideoData size:4369 dts:21.526 pts:21.526 dur:41.000ms, clock:1.227 level:100
2024-11-23 11:58:57.943 T:4058 debug : CVideoPlayer::ProcessVideoData size:71775 dts:21.568 pts:21.568 dur:41.000ms, clock:1.231 level:100
2024-11-23 11:58:57.948 T:4058 debug : CVideoPlayer::ProcessVideoData size:43075 dts:21.610 pts:21.610 dur:41.000ms, clock:1.236 level:100
2024-11-23 11:58:57.953 T:4058 debug : CVideoPlayer::ProcessVideoData size:9592 dts:21.652 pts:21.652 dur:41.000ms, clock:1.241 level:100
2024-11-23 11:58:57.954 T:4058 debug : CVideoPlayer::ProcessVideoData size:8763 dts:21.693 pts:21.693 dur:41.000ms, clock:1.243 level:100
2024-11-23 11:58:57.955 T:3833 debug : CAMLCodec::PollFrame elapsed:35.471ms
2024-11-23 11:58:57.956 T:4058 debug : CVideoPlayer::ProcessVideoData size:11655 dts:21.735 pts:21.735 dur:41.000ms, clock:1.244 level:100
2024-11-23 11:58:57.957 T:4058 debug : CVideoPlayer::ProcessVideoData size:8382 dts:21.777 pts:21.777 dur:41.000ms, clock:1.246 level:100
2024-11-23 11:58:57.958 T:3833 debug : PrepareNextRender: frameOnScreen: 1.246 renderPts: 1.277 nextFramePts: 1.256 -> diff: 0.021 render: 1 forceNext: 0, m_queued: 14, m_queued empty: true, begin idx: 15, front: 15,m_latencyTweak: 0.000000, GetDisplayLatency: 166.833344, m_videoDelay: 0, GetFrameLatencyAdjustment: 0.000000
2024-11-23 11:58:57.958 T:3833 debug : PrepareNextRender: (1.277) < (1.256 + 0.98 * 0.042): 1.277 < 1.297, lateframes: 0, idx: 15, break
2024-11-23 11:58:57.960 T:3833 debug : CAMLCodec::ReleaseFrame idx:30, drop:0
2024-11-23 11:58:57.961 T:4058 debug : CVideoPlayer::ProcessVideoData size:44348 dts:21.818 pts:21.818 dur:41.000ms, clock:1.249 level:100
2024-11-23 11:58:57.962 T:4058 debug : CVideoPlayer::ProcessVideoData size:6222 dts:21.860 pts:21.860 dur:41.000ms, clock:1.251 level:100
2024-11-23 11:58:57.963 T:4060 debug : CAMLCodec::DequeueBuffer: pts:1.840 idx:44
2024-11-23 11:58:57.963 T:4060 debug : CAMLCodec::GetPicture: index: 44, pts: 1.840, dur:42.000ms ar:1.78 elf:43ms
2024-11-23 11:58:57.964 T:4060 debug : CVideoPlayerVideo::OutputPicture - ttd:587ms pts:1.840 Clock:1.252 Level:13
2024-11-23 11:58:57.964 T:4058 debug : CVideoPlayer::ProcessVideoData size:3789 dts:21.902 pts:21.902 dur:41.000ms, clock:1.252 level:100
2024-11-23 11:58:57.965 T:4060 debug : CAMLCodec::AddData: dl:613056 fl:5481792 sz:4882(4992) lv:10.1% dts:2.674 pts:2.674
2024-11-23 11:58:57.966 T:4058 debug : CVideoPlayer::ProcessVideoData size:68020 dts:21.944 pts:21.944 dur:41.000ms, clock:1.254 level:100
2024-11-23 11:58:57.967 T:4058 debug : CVideoPlayer::ProcessVideoData size:24151 dts:21.985 pts:21.985 dur:41.000ms, clock:1.256 level:100
2024-11-23 11:58:57.971 T:4058 debug : CVideoPlayer::ProcessVideoData size:108423 dts:22.027 pts:22.027 dur:41.000ms, clock:1.259 level:100
2024-11-23 11:58:57.977 T:4058 debug : CVideoPlayer::ProcessVideoData size:132998 dts:22.069 pts:22.069 dur:41.000ms, clock:1.265 level:100
2024-11-23 11:58:57.984 T:4058 debug : CVideoPlayer::ProcessVideoData size:5788 dts:22.110 pts:22.110 dur:41.000ms, clock:1.272 level:100
2024-11-23 11:58:57.985 T:4058 debug : CVideoPlayer::ProcessVideoData size:8198 dts:22.152 pts:22.152 dur:41.000ms, clock:1.274 level:100
2024-11-23 11:58:57.989 T:4058 debug : CVideoPlayer::ProcessVideoData size:29644 dts:22.194 pts:22.194 dur:41.000ms, clock:1.277 level:100
2024-11-23 11:58:57.990 T:4058 debug : CVideoPlayer::ProcessVideoData size:8443 dts:22.236 pts:22.236 dur:41.000ms, clock:1.278 level:100
2024-11-23 11:58:57.991 T:4058 debug : CVideoPlayer::ProcessVideoData size:4459 dts:22.277 pts:22.277 dur:41.000ms, clock:1.280 level:100
2024-11-23 11:58:57.992 T:4058 debug : CVideoPlayer::ProcessVideoData size:20367 dts:22.319 pts:22.319 dur:41.000ms, clock:1.281 level:100
2024-11-23 11:58:57.995 T:4058 debug : CVideoPlayer::ProcessVideoData size:4631 dts:22.361 pts:22.361 dur:41.000ms, clock:1.283 level:100
2024-11-23 11:58:57.996 T:4058 debug : CVideoPlayer::ProcessVideoData size:4340 dts:22.402 pts:22.402 dur:41.000ms, clock:1.284 level:100
2024-11-23 11:58:57.996 T:3833 debug : CAMLCodec::PollFrame elapsed:36.196ms
2024-11-23 11:58:58.000 T:4058 debug : CVideoPlayer::ProcessVideoData size:70328 dts:22.444 pts:22.444 dur:41.000ms, clock:1.288 level:100
2024-11-23 11:58:58.000 T:3833 debug : PrepareNextRender: frameOnScreen: 1.288 renderPts: 1.319 nextFramePts: 1.298 -> diff: 0.021 render: 1 forceNext: 0, m_queued: 14, m_queued empty: true, begin idx: 0, front: 0,m_latencyTweak: 0.000000, GetDisplayLatency: 166.833344, m_videoDelay: 0, GetFrameLatencyAdjustment: 0.000000
2024-11-23 11:58:58.000 T:3833 debug : PrepareNextRender: (1.319) < (1.298 + 0.98 * 0.042): 1.319 < 1.339, lateframes: 0, idx: 0, break
2024-11-23 11:58:58.001 T:4058 debug : CVideoPlayer::ProcessVideoData size:21290 dts:22.486 pts:22.486 dur:41.000ms, clock:1.290 level:100
2024-11-23 11:58:58.002 T:3833 debug : CAMLCodec::ReleaseFrame idx:31, drop:0
2024-11-23 11:58:58.006 T:4060 debug : CAMLCodec::DequeueBuffer: pts:1.882 idx:45
2024-11-23 11:58:58.006 T:4060 debug : CAMLCodec::GetPicture: index: 45, pts: 1.882, dur:42.001ms ar:1.78 elf:42ms
2024-11-23 11:58:58.006 T:4060 debug : CVideoPlayerVideo::OutputPicture - ttd:587ms pts:1.882 Clock:1.295 Level:13
2024-11-23 11:58:58.007 T:4060 debug : CAMLCodec::AddData: dl:615232 fl:5479616 sz:6194(6272) lv:10.1% dts:2.716 pts:2.716
2024-11-23 11:58:58.011 T:4058 debug : CVideoPlayer::ProcessVideoData size:294885 dts:22.527 pts:22.527 dur:41.000ms, clock:1.300 level:100
2024-11-23 11:58:58.022 T:4058 debug : CVideoPlayer::ProcessVideoData size:58629 dts:22.569 pts:22.569 dur:41.000ms, clock:1.311 level:100
2024-11-23 11:58:58.024 T:4058 debug : CVideoPlayer::ProcessVideoData size:45064 dts:22.611 pts:22.611 dur:41.000ms, clock:1.312 level:100
2024-11-23 11:58:58.025 T:3865 debug : ActiveAE::SyncStream - average error 28.093892, last average error: 278.093892
2024-11-23 11:58:58.026 T:4058 debug : CVideoPlayer::ProcessVideoData size:6951 dts:22.653 pts:22.653 dur:41.000ms, clock:1.314 level:100
2024-11-23 11:58:58.027 T:4058 debug : CVideoPlayer::ProcessVideoData size:5566 dts:22.694 pts:22.694 dur:41.000ms, clock:1.315 level:100
2024-11-23 11:58:58.029 T:4058 debug : CVideoPlayer::ProcessVideoData size:10936 dts:22.736 pts:22.736 dur:41.000ms, clock:1.318 level:100
2024-11-23 11:58:58.030 T:4058 debug : CVideoPlayer::ProcessVideoData size:8108 dts:22.778 pts:22.778 dur:41.000ms, clock:1.319 level:100
2024-11-23 11:58:58.032 T:4058 debug : CVideoPlayer::ProcessVideoData size:30256 dts:22.819 pts:22.819 dur:41.000ms, clock:1.321 level:100
2024-11-23 11:58:58.034 T:4058 debug : CVideoPlayer::ProcessVideoData size:6110 dts:22.861 pts:22.861 dur:41.000ms, clock:1.322 level:100
2024-11-23 11:58:58.036 T:4058 debug : CVideoPlayer::ProcessVideoData size:3827 dts:22.903 pts:22.903 dur:41.000ms, clock:1.325 level:100
2024-11-23 11:58:58.038 T:3833 debug : CAMLCodec::PollFrame elapsed:36.361ms
2024-11-23 11:58:58.040 T:4058 debug : CVideoPlayer::ProcessVideoData size:75827 dts:22.945 pts:22.945 dur:41.000ms, clock:1.329 level:100
2024-11-23 11:58:58.042 T:3833 debug : PrepareNextRender: frameOnScreen: 1.331 renderPts: 1.362 nextFramePts: 1.340 -> diff: 0.022 render: 1 forceNext: 0, m_queued: 14, m_queued empty: true, begin idx: 1, front: 1,m_latencyTweak: 0.000000, GetDisplayLatency: 166.833344, m_videoDelay: 0, GetFrameLatencyAdjustment: 0.000000
2024-11-23 11:58:58.042 T:3833 debug : PrepareNextRender: (1.362) < (1.340 + 0.98 * 0.042): 1.362 < 1.381, lateframes: 0, idx: 1, break
2024-11-23 11:58:58.043 T:4058 debug : CVideoPlayer::ProcessVideoData size:24611 dts:22.986 pts:22.986 dur:41.000ms, clock:1.331 level:100
2024-11-23 11:58:58.044 T:3833 debug : CAMLCodec::ReleaseFrame idx:32, drop:0
2024-11-23 11:58:58.046 T:4058 debug : CVideoPlayer::ProcessVideoData size:109130 dts:23.028 pts:23.028 dur:41.000ms, clock:1.334 level:100
2024-11-23 11:58:58.047 T:4060 debug : CAMLCodec::DequeueBuffer: pts:1.924 idx:46
2024-11-23 11:58:58.047 T:4060 debug : CAMLCodec::GetPicture: index: 46, pts: 1.924, dur:42.000ms ar:1.78 elf:41ms
2024-11-23 11:58:58.047 T:4060 debug : CVideoPlayerVideo::OutputPicture - ttd:588ms pts:1.924 Clock:1.336 Level:13
2024-11-23 11:58:58.049 T:4060 debug : CAMLCodec::AddData: dl:597824 fl:5497024 sz:5354(5440) lv:9.8% dts:2.758 pts:2.758
2024-11-23 11:58:58.049 T:4060 debug : CAMLCodec::AddData: dl:615616 fl:5479232 sz:17691(17792) lv:10.1% dts:2.799 pts:2.799
2024-11-23 11:58:58.057 T:4058 debug : CVideoPlayer::ProcessVideoData size:132334 dts:23.070 pts:23.070 dur:41.000ms, clock:1.346 level:100
2024-11-23 11:58:58.058 T:4058 debug : CVideoPlayer::ProcessVideoData size:5815 dts:23.111 pts:23.111 dur:41.000ms, clock:1.347 level:100
2024-11-23 11:58:58.060 T:4058 debug : CVideoPlayer::ProcessVideoData size:8137 dts:23.153 pts:23.153 dur:41.000ms, clock:1.348 level:100
2024-11-23 11:58:58.061 T:4058 debug : CVideoPlayer::ProcessVideoData size:28879 dts:23.195 pts:23.195 dur:41.000ms, clock:1.350 level:100
2024-11-23 11:58:58.064 T:4058 debug : CVideoPlayer::ProcessVideoData size:8296 dts:23.237 pts:23.237 dur:41.000ms, clock:1.353 level:100
2024-11-23 11:58:58.065 T:4058 debug : CVideoPlayer::ProcessVideoData size:4412 dts:23.278 pts:23.278 dur:41.000ms, clock:1.354 level:100
2024-11-23 11:58:58.067 T:4058 debug : CVideoPlayer::ProcessVideoData size:20307 dts:23.320 pts:23.320 dur:41.000ms, clock:1.356 level:100
2024-11-23 11:58:58.068 T:4058 debug : CVideoPlayer::ProcessVideoData size:4649 dts:23.362 pts:23.362 dur:41.000ms, clock:1.357 level:100
2024-11-23 11:58:58.069 T:4058 debug : CVideoPlayer::ProcessVideoData size:4269 dts:23.403 pts:23.403 dur:41.000ms, clock:1.358 level:100
2024-11-23 11:58:58.075 T:4058 debug : CVideoPlayer::ProcessVideoData size:72063 dts:23.445 pts:23.445 dur:41.000ms, clock:1.363 level:100
2024-11-23 11:58:58.076 T:4058 debug : CVideoPlayer::ProcessVideoData size:21442 dts:23.487 pts:23.487 dur:41.000ms, clock:1.365 level:100
2024-11-23 11:58:58.080 T:3833 debug : CAMLCodec::PollFrame elapsed:36.206ms
2024-11-23 11:58:58.081 T:4058 debug : CVideoPlayer::ProcessVideoData size:4387 dts:23.528 pts:23.528 dur:41.000ms, clock:1.370 level:100
2024-11-23 11:58:58.083 T:4058 debug : CVideoPlayer::ProcessVideoData size:70306 dts:23.570 pts:23.570 dur:41.000ms, clock:1.372 level:100
2024-11-23 11:58:58.083 T:3833 debug : PrepareNextRender: frameOnScreen: 1.372 renderPts: 1.403 nextFramePts: 1.381 -> diff: 0.022 render: 1 forceNext: 0, m_queued: 14, m_queued empty: true, begin idx: 2, front: 2,m_latencyTweak: 0.000000, GetDisplayLatency: 166.833344, m_videoDelay: 0, GetFrameLatencyAdjustment: 0.000000
2024-11-23 11:58:58.084 T:3833 debug : PrepareNextRender: (1.403) < (1.381 + 0.98 * 0.042): 1.403 < 1.422, lateframes: 0, idx: 2, break
2024-11-23 11:58:58.085 T:3833 debug : CAMLCodec::ReleaseFrame idx:33, drop:0
2024-11-23 11:58:58.086 T:4058 debug : CVideoPlayer::ProcessVideoData size:42904 dts:23.612 pts:23.612 dur:41.000ms, clock:1.375 level:100
2024-11-23 11:58:58.088 T:4058 debug : CVideoPlayer::ProcessVideoData size:9352 dts:23.654 pts:23.654 dur:41.000ms, clock:1.376 level:100
2024-11-23 11:58:58.088 T:4060 debug : CAMLCodec::DequeueBuffer: pts:1.965 idx:47
2024-11-23 11:58:58.088 T:4060 debug : CAMLCodec::GetPicture: index: 47, pts: 1.965, dur:40.999ms ar:1.78 elf:40ms
2024-11-23 11:58:58.088 T:4060 debug : CVideoPlayerVideo::OutputPicture - ttd:588ms pts:1.965 Clock:1.376 Level:13
2024-11-23 11:58:58.089 T:4060 debug : CAMLCodec::AddData: dl:612736 fl:5482112 sz:3969(4096) lv:10.1% dts:2.841 pts:2.841
2024-11-23 11:58:58.090 T:4058 debug : CVideoPlayer::ProcessVideoData size:8793 dts:23.695 pts:23.695 dur:41.000ms, clock:1.378 level:100
2024-11-23 11:58:58.091 T:4058 debug : CVideoPlayer::ProcessVideoData size:11549 dts:23.737 pts:23.737 dur:41.000ms, clock:1.380 level:100
2024-11-23 11:58:58.098 T:4058 debug : CVideoPlayer::ProcessVideoData size:252785 dts:23.779 pts:23.779 dur:41.000ms, clock:1.387 level:100
2024-11-23 11:58:58.109 T:4058 debug : CVideoPlayer::ProcessVideoData size:13179 dts:23.820 pts:23.820 dur:41.000ms, clock:1.398 level:100
2024-11-23 11:58:58.110 T:4058 debug : CVideoPlayer::ProcessVideoData size:6824 dts:23.862 pts:23.862 dur:41.000ms, clock:1.399 level:100
2024-11-23 11:58:58.112 T:4058 debug : CVideoPlayer::ProcessVideoData size:3898 dts:23.904 pts:23.904 dur:41.000ms, clock:1.400 level:100
2024-11-23 11:58:58.113 T:4058 debug : CVideoPlayer::ProcessVideoData size:94259 dts:23.946 pts:23.946 dur:41.000ms, clock:1.402 level:100
2024-11-23 11:58:58.116 T:4058 debug : CVideoPlayer::ProcessVideoData size:24822 dts:23.987 pts:23.987 dur:41.000ms, clock:1.405 level:100
2024-11-23 11:58:58.121 T:4058 debug : CVideoPlayer::ProcessVideoData size:109400 dts:24.029 pts:24.029 dur:41.000ms, clock:1.409 level:100
2024-11-23 11:58:58.122 T:3833 debug : CAMLCodec::PollFrame elapsed:35.989ms
2024-11-23 11:58:58.125 T:3833 debug : PrepareNextRender: frameOnScreen: 1.414 renderPts: 1.445 nextFramePts: 1.423 -> diff: 0.022 render: 1 forceNext: 0, m_queued: 14, m_queued empty: true, begin idx: 3, front: 3,m_latencyTweak: 0.000000, GetDisplayLatency: 166.833344, m_videoDelay: 0, GetFrameLatencyAdjustment: 0.000000
2024-11-23 11:58:58.125 T:3833 debug : PrepareNextRender: (1.445) < (1.423 + 0.98 * 0.042): 1.445 < 1.464, lateframes: 0, idx: 3, break
2024-11-23 11:58:58.127 T:4058 debug : CVideoPlayer::ProcessVideoData size:133101 dts:24.071 pts:24.071 dur:41.000ms, clock:1.416 level:100
2024-11-23 11:58:58.128 T:3833 debug : CAMLCodec::ReleaseFrame idx:34, drop:0
2024-11-23 11:58:58.129 T:4058 debug : CVideoPlayer::ProcessVideoData size:5604 dts:24.112 pts:24.112 dur:41.000ms, clock:1.417 level:100
2024-11-23 11:58:58.131 T:4060 debug : CAMLCodec::DequeueBuffer: pts:2.007 idx:48
2024-11-23 11:58:58.131 T:4060 debug : CAMLCodec::GetPicture: index: 48, pts: 2.007, dur:42.000ms ar:1.78 elf:43ms
2024-11-23 11:58:58.131 T:4060 debug : CVideoPlayerVideo::OutputPicture - ttd:587ms pts:2.007 Clock:1.420 Level:13
2024-11-23 11:58:58.132 T:3865 debug : ActiveAE::SyncStream - average error of 7.205279, start adjusting
2024-11-23 11:58:58.132 T:3865 debug : ActiveAE::SyncStream - average error 0.205279 below threshold of 30.000000
2024-11-23 11:58:58.132 T:4060 debug : CAMLCodec::AddData: dl:558784 fl:5536064 sz:3110(4096) lv:9.2% dts:2.883 pts:2.883
2024-11-23 11:58:58.133 T:4060 debug : CAMLCodec::AddData: dl:607424 fl:5487424 sz:48534(48640) lv:10.0% dts:2.925 pts:2.925
2024-11-23 11:58:58.133 T:4060 debug : CAMLCodec::AddData: dl:620416 fl:5474432 sz:12907(12992) lv:10.2% dts:2.966 pts:2.966
2024-11-23 11:58:58.133 T:4058 debug : CVideoPlayer::ProcessVideoData size:8112 dts:24.154 pts:24.154 dur:41.000ms, clock:1.422 level:100
2024-11-23 11:58:58.135 T:4058 debug : CVideoPlayer::ProcessVideoData size:32552 dts:24.196 pts:24.196 dur:41.000ms, clock:1.423 level:100
2024-11-23 11:58:58.139 T:4058 debug : CVideoPlayer::ProcessVideoData size:8418 dts:24.238 pts:24.238 dur:41.000ms, clock:1.427 level:100
2024-11-23 11:58:58.140 T:4058 debug : CVideoPlayer::ProcessVideoData size:4426 dts:24.279 pts:24.279 dur:41.000ms, clock:1.429 level:100
2024-11-23 11:58:58.142 T:4058 debug : CVideoPlayer::ProcessVideoData size:21875 dts:24.321 pts:24.321 dur:41.000ms, clock:1.431 level:100
2024-11-23 11:58:58.143 T:4058 debug : CVideoPlayer::ProcessVideoData size:4676 dts:24.363 pts:24.363 dur:41.000ms, clock:1.432 level:100
2024-11-23 11:58:58.145 T:4058 debug : CVideoPlayer::ProcessVideoData size:4311 dts:24.404 pts:24.404 dur:41.000ms, clock:1.433 level:100
2024-11-23 11:58:58.147 T:4058 debug : CVideoPlayer::ProcessVideoData size:72206 dts:24.446 pts:24.446 dur:41.000ms, clock:1.436 level:100
2024-11-23 11:58:58.150 T:4058 debug : CVideoPlayer::ProcessVideoData size:21440 dts:24.488 pts:24.488 dur:41.000ms, clock:1.439 level:100
2024-11-23 11:58:58.151 T:4058 debug : CVideoPlayer::ProcessVideoData size:4455 dts:24.529 pts:24.529 dur:41.000ms, clock:1.440 level:100
2024-11-23 11:58:58.153 T:4058 debug : CVideoPlayer::ProcessVideoData size:71628 dts:24.571 pts:24.571 dur:41.000ms, clock:1.442 level:100
2024-11-23 11:58:58.157 T:4058 debug : CVideoPlayer::ProcessVideoData size:42977 dts:24.613 pts:24.613 dur:41.000ms, clock:1.445 level:100
2024-11-23 11:58:58.162 T:4058 debug : CVideoPlayer::ProcessVideoData size:9164 dts:24.655 pts:24.655 dur:41.000ms, clock:1.451 level:100
2024-11-23 11:58:58.163 T:4058 debug : CVideoPlayer::ProcessVideoData size:8414 dts:24.696 pts:24.696 dur:41.000ms, clock:1.452 level:100
2024-11-23 11:58:58.163 T:3833 debug : CAMLCodec::PollFrame elapsed:35.366ms
2024-11-23 11:58:58.165 T:4058 debug : CVideoPlayer::ProcessVideoData size:11452 dts:24.738 pts:24.738 dur:41.000ms, clock:1.454 level:100
2024-11-23 11:58:58.167 T:3833 debug : PrepareNextRender: frameOnScreen: 1.455 renderPts: 1.486 nextFramePts: 1.465 -> diff: 0.021 render: 1 forceNext: 0, m_queued: 14, m_queued empty: true, begin idx: 4, front: 4,m_latencyTweak: 0.000000, GetDisplayLatency: 166.833344, m_videoDelay: 0, GetFrameLatencyAdjustment: 0.000000
2024-11-23 11:58:58.167 T:3833 debug : PrepareNextRender: (1.486) < (1.465 + 0.98 * 0.042): 1.486 < 1.506, lateframes: 0, idx: 4, break
2024-11-23 11:58:58.167 T:4058 debug : CVideoPlayer::ProcessVideoData size:8329 dts:24.780 pts:24.780 dur:41.000ms, clock:1.456 level:100
2024-11-23 11:58:58.169 T:3833 debug : CAMLCodec::ReleaseFrame idx:35, drop:0
2024-11-23 11:58:58.170 T:4058 debug : CVideoPlayer::ProcessVideoData size:42861 dts:24.821 pts:24.821 dur:41.000ms, clock:1.458 level:100
2024-11-23 11:58:58.171 T:4058 debug : CVideoPlayer::ProcessVideoData size:6212 dts:24.863 pts:24.863 dur:41.000ms, clock:1.459 level:100
2024-11-23 11:58:58.172 T:4060 debug : CAMLCodec::DequeueBuffer: pts:2.049 idx:49
2024-11-23 11:58:58.172 T:4060 debug : CAMLCodec::GetPicture: index: 49, pts: 2.049, dur:42.001ms ar:1.78 elf:40ms
2024-11-23 11:58:58.172 T:4060 debug : CVideoPlayerVideo::OutputPicture - ttd:588ms pts:2.049 Clock:1.461 Level:13
2024-11-23 11:58:58.173 T:4058 debug : CVideoPlayer::ProcessVideoData size:3843 dts:24.905 pts:24.905 dur:41.000ms, clock:1.461 level:100
2024-11-23 11:58:58.175 T:4058 debug : CVideoPlayer::ProcessVideoData size:67135 dts:24.947 pts:24.947 dur:41.000ms, clock:1.463 level:100
2024-11-23 11:58:58.176 T:4060 debug : CAMLCodec::AddData: dl:617792 fl:5477056 sz:79481(79552) lv:10.1% dts:3.008 pts:3.008
2024-11-23 11:58:58.177 T:4058 debug : CVideoPlayer::ProcessVideoData size:24035 dts:24.988 pts:24.988 dur:41.000ms, clock:1.465 level:100
2024-11-23 11:58:58.190 T:4058 debug : CVideoPlayer::ProcessVideoData size:277667 dts:25.030 pts:25.030 dur:41.000ms, clock:1.479 level:100
2024-11-23 11:58:58.202 T:4058 debug : CVideoPlayer::ProcessVideoData size:125156 dts:25.072 pts:25.072 dur:41.000ms, clock:1.490 level:100
2024-11-23 11:58:58.203 T:4058 debug : CVideoPlayer::ProcessVideoData size:14161 dts:25.113 pts:25.113 dur:41.000ms, clock:1.492 level:100
2024-11-23 11:58:58.205 T:3833 debug : CAMLCodec::PollFrame elapsed:35.886ms
2024-11-23 11:58:58.205 T:4058 debug : CVideoPlayer::ProcessVideoData size:9525 dts:25.155 pts:25.155 dur:41.000ms, clock:1.494 level:100
2024-11-23 11:58:58.206 T:4058 debug : CVideoPlayer::ProcessVideoData size:43726 dts:25.197 pts:25.197 dur:41.000ms, clock:1.495 level:100
2024-11-23 11:58:58.209 T:3833 debug : PrepareNextRender: frameOnScreen: 1.497 renderPts: 1.528 nextFramePts: 1.506 -> diff: 0.022 render: 1 forceNext: 0, m_queued: 14, m_queued empty: true, begin idx: 5, front: 5,m_latencyTweak: 0.000000, GetDisplayLatency: 166.833344, m_videoDelay: 0, GetFrameLatencyAdjustment: 0.000000
2024-11-23 11:58:58.209 T:3833 debug : PrepareNextRender: (1.528) < (1.506 + 0.98 * 0.042): 1.528 < 1.547, lateframes: 0, idx: 5, break
2024-11-23 11:58:58.209 T:4058 debug : CVideoPlayer::ProcessVideoData size:8836 dts:25.239 pts:25.239 dur:41.000ms, clock:1.498 level:100
2024-11-23 11:58:58.210 T:4058 debug : CVideoPlayer::ProcessVideoData size:4449 dts:25.280 pts:25.280 dur:41.000ms, clock:1.499 level:100
2024-11-23 11:58:58.210 T:3833 debug : CAMLCodec::ReleaseFrame idx:36, drop:0
2024-11-23 11:58:58.213 T:4058 debug : CVideoPlayer::ProcessVideoData size:34049 dts:25.322 pts:25.322 dur:41.000ms, clock:1.501 level:100
2024-11-23 11:58:58.214 T:4058 debug : CVideoPlayer::ProcessVideoData size:4695 dts:25.364 pts:25.364 dur:41.000ms, clock:1.503 level:100
2024-11-23 11:58:58.214 T:4060 debug : CAMLCodec::DequeueBuffer: pts:2.090 idx:50
2024-11-23 11:58:58.214 T:4060 debug : CAMLCodec::GetPicture: index: 50, pts: 2.090, dur:40.999ms ar:1.78 elf:42ms
2024-11-23 11:58:58.214 T:4060 debug : CVideoPlayerVideo::OutputPicture - ttd:587ms pts:2.090 Clock:1.503 Level:13
2024-11-23 11:58:58.217 T:4058 debug : CVideoPlayer::ProcessVideoData size:4310 dts:25.405 pts:25.405 dur:41.000ms, clock:1.505 level:100
2024-11-23 11:58:58.219 T:4058 debug : CVideoPlayer::ProcessVideoData size:77722 dts:25.447 pts:25.447 dur:41.000ms, clock:1.508 level:100
2024-11-23 11:58:58.221 T:4058 debug : CVideoPlayer::ProcessVideoData size:21277 dts:25.489 pts:25.489 dur:41.000ms, clock:1.509 level:100
2024-11-23 11:58:58.222 T:4058 debug : CVideoPlayer::ProcessVideoData size:4447 dts:25.530 pts:25.530 dur:41.000ms, clock:1.511 level:100
2024-11-23 11:58:58.225 T:4058 debug : CVideoPlayer::ProcessVideoData size:71341 dts:25.572 pts:25.572 dur:41.000ms, clock:1.514 level:100
2024-11-23 11:58:58.231 T:4058 debug : CVideoPlayer::ProcessVideoData size:42980 dts:25.614 pts:25.614 dur:41.000ms, clock:1.519 level:100
2024-11-23 11:58:58.232 T:4058 debug : CVideoPlayer::ProcessVideoData size:9388 dts:25.656 pts:25.656 dur:41.000ms, clock:1.521 level:100
2024-11-23 11:58:58.236 T:4058 debug : CVideoPlayer::ProcessVideoData size:9340 dts:25.697 pts:25.697 dur:41.000ms, clock:1.525 level:100
2024-11-23 11:58:58.238 T:4058 debug : CVideoPlayer::ProcessVideoData size:11929 dts:25.739 pts:25.739 dur:41.000ms, clock:1.526 level:100
2024-11-23 11:58:58.239 T:4058 debug : CVideoPlayer::ProcessVideoData size:8456 dts:25.781 pts:25.781 dur:41.000ms, clock:1.528 level:100
2024-11-23 11:58:58.241 T:4058 debug : CVideoPlayer::ProcessVideoData size:43185 dts:25.822 pts:25.822 dur:41.000ms, clock:1.529 level:100
2024-11-23 11:58:58.243 T:4058 debug : CVideoPlayer::ProcessVideoData size:6166 dts:25.864 pts:25.864 dur:41.000ms, clock:1.531 level:100
2024-11-23 11:58:58.244 T:4058 debug : CVideoPlayer::ProcessVideoData size:3824 dts:25.906 pts:25.906 dur:41.000ms, clock:1.533 level:100
2024-11-23 11:58:58.246 T:4058 debug : CVideoPlayer::ProcessVideoData size:68031 dts:25.948 pts:25.948 dur:41.000ms, clock:1.534 level:100
2024-11-23 11:58:58.247 T:3833 debug : CAMLCodec::PollFrame elapsed:36.307ms
2024-11-23 11:58:58.250 T:3833 debug : PrepareNextRender: frameOnScreen: 1.538 renderPts: 1.569 nextFramePts: 1.548 -> diff: 0.021 render: 1 forceNext: 0, m_queued: 14, m_queued empty: true, begin idx: 6, front: 6,m_latencyTweak: 0.000000, GetDisplayLatency: 166.833344, m_videoDelay: 0, GetFrameLatencyAdjustment: 0.000000
2024-11-23 11:58:58.250 T:3833 debug : PrepareNextRender: (1.569) < (1.548 + 0.98 * 0.042): 1.569 < 1.589, lateframes: 0, idx: 6, break
2024-11-23 11:58:58.252 T:3833 debug : CAMLCodec::ReleaseFrame idx:37, drop:0
2024-11-23 11:58:58.254 T:4058 debug : CVideoPlayer::ProcessVideoData size:23982 dts:25.989 pts:25.989 dur:41.000ms, clock:1.542 level:100
2024-11-23 11:58:58.256 T:4058 debug : CVideoPlayer::ProcessVideoData size:107852 dts:26.031 pts:26.031 dur:41.000ms, clock:1.544 level:100
2024-11-23 11:58:58.257 T:4060 debug : CAMLCodec::DequeueBuffer: pts:2.132 idx:51
2024-11-23 11:58:58.257 T:4060 debug : CAMLCodec::GetPicture: index: 51, pts: 2.132, dur:42.000ms ar:1.78 elf:42ms
2024-11-23 11:58:58.257 T:4060 debug : CVideoPlayerVideo::OutputPicture - ttd:586ms pts:2.132 Clock:1.546 Level:13
2024-11-23 11:58:58.261 T:4060 debug : CAMLCodec::AddData: dl:710784 fl:5384064 sz:101187(101312) lv:11.7% dts:3.050 pts:3.050
2024-11-23 11:58:58.265 T:4058 debug : CVideoPlayer::ProcessVideoData size:133143 dts:26.073 pts:26.073 dur:41.000ms, clock:1.554 level:100
2024-11-23 11:58:58.267 T:4058 debug : CVideoPlayer::ProcessVideoData size:5705 dts:26.114 pts:26.114 dur:41.000ms, clock:1.555 level:100
2024-11-23 11:58:58.268 T:4058 debug : CVideoPlayer::ProcessVideoData size:8161 dts:26.156 pts:26.156 dur:41.000ms, clock:1.557 level:100
2024-11-23 11:58:58.269 T:4058 debug : CVideoPlayer::ProcessVideoData size:29087 dts:26.198 pts:26.198 dur:41.000ms, clock:1.558 level:100
2024-11-23 11:58:58.271 T:4058 debug : CVideoPlayer::ProcessVideoData size:8323 dts:26.240 pts:26.240 dur:41.000ms, clock:1.560 level:100
2024-11-23 11:58:58.283 T:4058 debug : CVideoPlayer::ProcessVideoData size:282537 dts:26.281 pts:26.281 dur:41.000ms, clock:1.571 level:100
2024-11-23 11:58:58.288 T:3833 debug : CAMLCodec::PollFrame elapsed:36.498ms
2024-11-23 11:58:58.290 T:4058 debug : CVideoPlayer::ProcessVideoData size:8037 dts:26.323 pts:26.323 dur:41.000ms, clock:1.579 level:100
2024-11-23 11:58:58.291 T:4058 debug : CVideoPlayer::ProcessVideoData size:5157 dts:26.365 pts:26.365 dur:41.000ms, clock:1.580 level:100
2024-11-23 11:58:58.292 T:3833 debug : PrepareNextRender: frameOnScreen: 1.581 renderPts: 1.612 nextFramePts: 1.590 -> diff: 0.022 render: 1 forceNext: 0, m_queued: 14, m_queued empty: true, begin idx: 7, front: 7,m_latencyTweak: 0.000000, GetDisplayLatency: 166.833344, m_videoDelay: 0, GetFrameLatencyAdjustment: 0.000000
2024-11-23 11:58:58.292 T:3833 debug : PrepareNextRender: (1.612) < (1.590 + 0.98 * 0.042): 1.612 < 1.631, lateframes: 0, idx: 7, break
2024-11-23 11:58:58.293 T:4058 debug : CVideoPlayer::ProcessVideoData size:4417 dts:26.406 pts:26.406 dur:41.000ms, clock:1.582 level:100
2024-11-23 11:58:58.295 T:4058 debug : CVideoPlayer::ProcessVideoData size:81374 dts:26.448 pts:26.448 dur:41.000ms, clock:1.584 level:100
2024-11-23 11:58:58.295 T:3833 debug : CAMLCodec::ReleaseFrame idx:38, drop:0
2024-11-23 11:58:58.297 T:4058 debug : CVideoPlayer::ProcessVideoData size:21498 dts:26.490 pts:26.490 dur:41.000ms, clock:1.586 level:100
2024-11-23 11:58:58.298 T:4060 debug : CAMLCodec::DequeueBuffer: pts:2.174 idx:52
2024-11-23 11:58:58.298 T:4058 debug : CVideoPlayer::ProcessVideoData size:4369 dts:26.531 pts:26.531 dur:41.000ms, clock:1.587 level:100
2024-11-23 11:58:58.298 T:4060 debug : CAMLCodec::GetPicture: index: 52, pts: 2.174, dur:42.001ms ar:1.78 elf:41ms
2024-11-23 11:58:58.298 T:4060 debug : CVideoPlayerVideo::OutputPicture - ttd:586ms pts:2.174 Clock:1.587 Level:13
2024-11-23 11:58:58.301 T:4058 debug : CVideoPlayer::ProcessVideoData size:71775 dts:26.573 pts:26.573 dur:41.000ms, clock:1.590 level:100
2024-11-23 11:58:58.307 T:4058 debug : CVideoPlayer::ProcessVideoData size:43075 dts:26.615 pts:26.615 dur:41.000ms, clock:1.595 level:100
2024-11-23 11:58:58.308 T:4058 debug : CVideoPlayer::ProcessVideoData size:9592 dts:26.657 pts:26.657 dur:41.000ms, clock:1.597 level:100
2024-11-23 11:58:58.309 T:4058 debug : CVideoPlayer::ProcessVideoData size:8763 dts:26.698 pts:26.698 dur:41.000ms, clock:1.598 level:100
2024-11-23 11:58:58.312 T:4058 debug : CVideoPlayer::ProcessVideoData size:11655 dts:26.740 pts:26.740 dur:41.000ms, clock:1.601 level:100
2024-11-23 11:58:58.314 T:4058 debug : CVideoPlayer::ProcessVideoData size:8382 dts:26.782 pts:26.782 dur:41.000ms, clock:1.602 level:100
2024-11-23 11:58:58.317 T:4058 debug : CVideoPlayer::ProcessVideoData size:44348 dts:26.823 pts:26.823 dur:41.000ms, clock:1.606 level:100
2024-11-23 11:58:58.318 T:4058 debug : CVideoPlayer::ProcessVideoData size:6222 dts:26.865 pts:26.865 dur:41.000ms, clock:1.607 level:100
2024-11-23 11:58:58.320 T:4058 debug : CVideoPlayer::ProcessVideoData size:3789 dts:26.907 pts:26.907 dur:41.000ms, clock:1.608 level:100
2024-11-23 11:58:58.323 T:4058 debug : CVideoPlayer::ProcessVideoData size:68020 dts:26.949 pts:26.949 dur:41.000ms, clock:1.612 level:100
2024-11-23 11:58:58.325 T:4058 debug : CVideoPlayer::ProcessVideoData size:24151 dts:26.990 pts:26.990 dur:41.000ms, clock:1.613 level:100
2024-11-23 11:58:58.329 T:4058 debug : CVideoPlayer::ProcessVideoData size:108423 dts:27.032 pts:27.032 dur:41.000ms, clock:1.617 level:100
2024-11-23 11:58:58.330 T:3833 debug : CAMLCodec::PollFrame elapsed:34.706ms
2024-11-23 11:58:58.333 T:3833 debug : PrepareNextRender: frameOnScreen: 1.621 renderPts: 1.653 nextFramePts: 1.632 -> diff: 0.021 render: 1 forceNext: 0, m_queued: 14, m_queued empty: true, begin idx: 8, front: 8,m_latencyTweak: 0.000000, GetDisplayLatency: 166.833344, m_videoDelay: 0, GetFrameLatencyAdjustment: 0.000000
2024-11-23 11:58:58.333 T:3833 debug : PrepareNextRender: (1.653) < (1.632 + 0.98 * 0.042): 1.653 < 1.673, lateframes: 0, idx: 8, break
2024-11-23 11:58:58.335 T:4058 debug : CVideoPlayer::ProcessVideoData size:132998 dts:27.074 pts:27.074 dur:41.000ms, clock:1.624 level:100
2024-11-23 11:58:58.336 T:3833 debug : CAMLCodec::ReleaseFrame idx:39, drop:0
2024-11-23 11:58:58.340 T:4060 debug : CAMLCodec::DequeueBuffer: pts:2.216 idx:53
2024-11-23 11:58:58.340 T:4060 debug : CAMLCodec::GetPicture: index: 53, pts: 2.216, dur:41.999ms ar:1.78 elf:41ms
2024-11-23 11:58:58.340 T:4060 debug : CVideoPlayerVideo::OutputPicture - ttd:587ms pts:2.216 Clock:1.629 Level:13
2024-11-23 11:58:58.343 T:4058 debug : CVideoPlayer::ProcessVideoData size:5788 dts:27.115 pts:27.115 dur:41.000ms, clock:1.631 level:100
2024-11-23 11:58:58.344 T:4058 debug : CVideoPlayer::ProcessVideoData size:8198 dts:27.157 pts:27.157 dur:41.000ms, clock:1.633 level:100
2024-11-23 11:58:58.346 T:4058 debug : CVideoPlayer::ProcessVideoData size:29644 dts:27.199 pts:27.199 dur:41.000ms, clock:1.635 level:100
2024-11-23 11:58:58.348 T:4058 debug : CVideoPlayer::ProcessVideoData size:8443 dts:27.241 pts:27.241 dur:41.000ms, clock:1.636 level:100
2024-11-23 11:58:58.349 T:4058 debug : CVideoPlayer::ProcessVideoData size:4459 dts:27.282 pts:27.282 dur:41.000ms, clock:1.638 level:100
2024-11-23 11:58:58.350 T:4058 debug : CVideoPlayer::ProcessVideoData size:20367 dts:27.324 pts:27.324 dur:41.000ms, clock:1.639 level:100
2024-11-23 11:58:58.352 T:4058 debug : CVideoPlayer::ProcessVideoData size:4631 dts:27.366 pts:27.366 dur:41.000ms, clock:1.641 level:100
2024-11-23 11:58:58.354 T:4058 debug : CVideoPlayer::ProcessVideoData size:4340 dts:27.407 pts:27.407 dur:41.000ms, clock:1.643 level:100
2024-11-23 11:58:58.358 T:4058 debug : CVideoPlayer::ProcessVideoData size:70328 dts:27.449 pts:27.449 dur:41.000ms, clock:1.646 level:100
2024-11-23 11:58:58.359 T:4058 debug : CVideoPlayer::ProcessVideoData size:21290 dts:27.491 pts:27.491 dur:41.000ms, clock:1.648 level:100
2024-11-23 11:58:58.370 T:4058 debug : CVideoPlayer::ProcessVideoData size:294885 dts:27.532 pts:27.532 dur:41.000ms, clock:1.658 level:100
2024-11-23 11:58:58.372 T:3833 debug : CAMLCodec::PollFrame elapsed:36.092ms
