2024-11-23 11:59:25.193 T:3833 debug : PrepareNextRender: frameOnScreen: 28.481 renderPts: 28.513 nextFramePts: 28.492 -> diff: 0.021 render: 1 forceNext: 0, m_queued: 14, m_queued empty: true, begin idx: 13, front: 13,m_latencyTweak: 0.000000, GetDisplayLatency: 166.833344, m_videoDelay: 0, GetFrameLatencyAdjustment: 0.000000
2024-11-23 11:59:25.193 T:3833 debug : PrepareNextRender: (28.513) < (28.492 + 0.00 * 0.042): 28.513 < 28.492, lateframes: 0, idx: 13, lateframe
2024-11-23 11:59:25.193 T:3833 debug : PrepareNextRender: (28.513) < (28.533 + 0.00 * 0.042): 28.513 < 28.533, lateframes: 1, idx: 13, break
2024-11-23 11:59:25.197 T:3833 debug : CAMLCodec::ReleaseFrame idx:683, drop:0
2024-11-23 11:59:25.201 T:4060 debug : CAMLCodec::DequeueBuffer: pts:29.076 idx:697
2024-11-23 11:59:25.201 T:4060 debug : CAMLCodec::GetPicture: index: 697, pts: 29.076, dur:42.000ms ar:1.78 elf:42ms
2024-11-23 11:59:25.201 T:4060 debug : CVideoPlayerVideo::OutputPicture - ttd:585ms pts:29.076 Clock:28.490 Level:13
2024-11-23 11:59:25.205 T:4060 debug : CAMLCodec::AddData: dl:764160 fl:5330688 sz:277664(277760) lv:12.5% dts:30.035 pts:30.035
2024-11-23 11:59:25.211 T:4058 debug : CVideoPlayer::ProcessVideoData size:4449 dts:75.330 pts:75.330 dur:41.000ms, clock:28.500 level:100
2024-11-23 11:59:25.213 T:4058 debug : CVideoPlayer::ProcessVideoData size:34049 dts:75.372 pts:75.372 dur:41.000ms, clock:28.502 level:100
2024-11-23 11:59:25.215 T:4058 debug : CVideoPlayer::ProcessVideoData size:4695 dts:75.414 pts:75.414 dur:41.000ms, clock:28.504 level:100
2024-11-23 11:59:25.217 T:4058 debug : CVideoPlayer::ProcessVideoData size:4310 dts:75.455 pts:75.455 dur:41.000ms, clock:28.505 level:100
2024-11-23 11:59:25.218 T:4058 debug : CVideoPlayer::ProcessVideoData size:77722 dts:75.497 pts:75.497 dur:41.000ms, clock:28.507 level:100
2024-11-23 11:59:25.220 T:4058 debug : CVideoPlayer::ProcessVideoData size:21277 dts:75.539 pts:75.539 dur:41.000ms, clock:28.509 level:100
2024-11-23 11:59:25.221 T:4058 debug : CVideoPlayer::ProcessVideoData size:4447 dts:75.580 pts:75.580 dur:41.000ms, clock:28.510 level:100
2024-11-23 11:59:25.224 T:4058 debug : CVideoPlayer::ProcessVideoData size:71341 dts:75.622 pts:75.622 dur:41.000ms, clock:28.512 level:100
2024-11-23 11:59:25.227 T:4058 debug : CVideoPlayer::ProcessVideoData size:42980 dts:75.664 pts:75.664 dur:41.000ms, clock:28.516 level:100
2024-11-23 11:59:25.229 T:4058 debug : CVideoPlayer::ProcessVideoData size:9388 dts:75.706 pts:75.706 dur:41.000ms, clock:28.518 level:100
2024-11-23 11:59:25.231 T:4058 debug : CVideoPlayer::ProcessVideoData size:9340 dts:75.747 pts:75.747 dur:41.000ms, clock:28.519 level:100
2024-11-23 11:59:25.232 T:3833 debug : CAMLCodec::PollFrame elapsed:34.435ms
2024-11-23 11:59:25.235 T:3833 debug : PrepareNextRender: frameOnScreen: 28.523 renderPts: 28.555 nextFramePts: 28.533 -> diff: 0.022 render: 1 forceNext: 0, m_queued: 14, m_queued empty: true, begin idx: 14, front: 14,m_latencyTweak: 0.000000, GetDisplayLatency: 166.833344, m_videoDelay: 0, GetFrameLatencyAdjustment: 0.000000
2024-11-23 11:59:25.235 T:3833 debug : PrepareNextRender: (28.555) < (28.533 + 0.00 * 0.042): 28.555 < 28.533, lateframes: 0, idx: 14, lateframe
2024-11-23 11:59:25.235 T:3833 debug : PrepareNextRender: (28.555) < (28.575 + 0.00 * 0.042): 28.555 < 28.575, lateframes: 1, idx: 14, break
2024-11-23 11:59:25.241 T:4060 debug : CAMLCodec::DequeueBuffer: pts:29.117 idx:698
2024-11-23 11:59:25.241 T:4060 debug : CAMLCodec::GetPicture: index: 698, pts: 29.117, dur:40.999ms ar:1.78 elf:39ms
2024-11-23 11:59:25.241 T:4060 debug : CVideoPlayerVideo::OutputPicture - ttd:587ms pts:29.117 Clock:28.530 Level:13
2024-11-23 11:59:25.241 T:3833 debug : CAMLCodec::ReleaseFrame idx:684, drop:0
2024-11-23 11:59:25.274 T:3833 debug : CAMLCodec::PollFrame elapsed:32.331ms
2024-11-23 11:59:25.276 T:3833 debug : PrepareNextRender: frameOnScreen: 28.564 renderPts: 28.596 nextFramePts: 28.575 -> diff: 0.021 render: 1 forceNext: 0, m_queued: 14, m_queued empty: true, begin idx: 15, front: 15,m_latencyTweak: 0.000000, GetDisplayLatency: 166.833344, m_videoDelay: 0, GetFrameLatencyAdjustment: 0.000000
2024-11-23 11:59:25.276 T:3833 debug : PrepareNextRender: (28.596) < (28.575 + 0.00 * 0.042): 28.596 < 28.575, lateframes: 0, idx: 15, lateframe
2024-11-23 11:59:25.276 T:3833 debug : PrepareNextRender: (28.596) < (28.617 + 0.00 * 0.042): 28.596 < 28.617, lateframes: 1, idx: 15, break
2024-11-23 11:59:25.282 T:3833 debug : CAMLCodec::ReleaseFrame idx:685, drop:0
2024-11-23 11:59:25.282 T:4060 debug : CAMLCodec::DequeueBuffer: pts:29.159 idx:699
2024-11-23 11:59:25.283 T:4060 debug : CAMLCodec::GetPicture: index: 699, pts: 29.159, dur:42.001ms ar:1.78 elf:41ms
2024-11-23 11:59:25.283 T:4060 debug : CVideoPlayerVideo::OutputPicture - ttd:587ms pts:29.159 Clock:28.571 Level:13
2024-11-23 11:59:25.315 T:3833 debug : CAMLCodec::PollFrame elapsed:33.269ms
2024-11-23 11:59:25.318 T:3833 debug : PrepareNextRender: frameOnScreen: 28.606 renderPts: 28.638 nextFramePts: 28.617 -> diff: 0.021 render: 1 forceNext: 0, m_queued: 14, m_queued empty: true, begin idx: 11, front: 11,m_latencyTweak: 0.000000, GetDisplayLatency: 166.833344, m_videoDelay: 0, GetFrameLatencyAdjustment: 0.000000
2024-11-23 11:59:25.318 T:3833 debug : PrepareNextRender: (28.638) < (28.617 + 0.00 * 0.042): 28.638 < 28.617, lateframes: 0, idx: 11, lateframe
2024-11-23 11:59:25.318 T:3833 debug : PrepareNextRender: (28.638) < (28.659 + 0.00 * 0.042): 28.638 < 28.659, lateframes: 1, idx: 11, break
2024-11-23 11:59:25.324 T:3833 debug : CAMLCodec::ReleaseFrame idx:686, drop:0
2024-11-23 11:59:25.324 T:4060 debug : CAMLCodec::DequeueBuffer: pts:29.201 idx:700
2024-11-23 11:59:25.324 T:4060 debug : CAMLCodec::GetPicture: index: 700, pts: 29.201, dur:42.000ms ar:1.78 elf:41ms
2024-11-23 11:59:25.324 T:4060 debug : CVideoPlayerVideo::OutputPicture - ttd:588ms pts:29.201 Clock:28.613 Level:13
2024-11-23 11:59:25.357 T:3833 debug : CAMLCodec::PollFrame elapsed:33.273ms
2024-11-23 11:59:25.359 T:3833 debug : PrepareNextRender: frameOnScreen: 28.648 renderPts: 28.679 nextFramePts: 28.659 -> diff: 0.020 render: 1 forceNext: 0, m_queued: 14, m_queued empty: true, begin idx: 0, front: 0,m_latencyTweak: 0.000000, GetDisplayLatency: 166.833344, m_videoDelay: 0, GetFrameLatencyAdjustment: 0.000000
2024-11-23 11:59:25.359 T:3833 debug : PrepareNextRender: (28.679) < (28.659 + 0.00 * 0.042): 28.679 < 28.659, lateframes: 0, idx: 0, lateframe
2024-11-23 11:59:25.359 T:3833 debug : PrepareNextRender: (28.679) < (28.700 + 0.00 * 0.042): 28.679 < 28.700, lateframes: 1, idx: 0, break
2024-11-23 11:59:25.363 T:3833 debug : CAMLCodec::ReleaseFrame idx:687, drop:0
2024-11-23 11:59:25.366 T:4060 debug : CAMLCodec::DequeueBuffer: pts:29.243 idx:701
2024-11-23 11:59:25.366 T:4060 debug : CAMLCodec::GetPicture: index: 701, pts: 29.243, dur:42.000ms ar:1.78 elf:42ms
2024-11-23 11:59:25.366 T:4060 debug : CVideoPlayerVideo::OutputPicture - ttd:588ms pts:29.243 Clock:28.655 Level:13
2024-11-23 11:59:25.399 T:3833 debug : CAMLCodec::PollFrame elapsed:35.240ms
2024-11-23 11:59:25.402 T:3833 debug : PrepareNextRender: frameOnScreen: 28.690 renderPts: 28.721 nextFramePts: 28.700 -> diff: 0.021 render: 1 forceNext: 0, m_queued: 14, m_queued empty: true, begin idx: 2, front: 2,m_latencyTweak: 0.000000, GetDisplayLatency: 166.833344, m_videoDelay: 0, GetFrameLatencyAdjustment: 0.000000
2024-11-23 11:59:25.402 T:3833 debug : PrepareNextRender: (28.721) < (28.700 + 0.00 * 0.042): 28.721 < 28.700, lateframes: 0, idx: 2, lateframe
2024-11-23 11:59:25.402 T:3833 debug : PrepareNextRender: (28.721) < (28.742 + 0.00 * 0.042): 28.721 < 28.742, lateframes: 1, idx: 2, break
2024-11-23 11:59:25.408 T:4060 debug : CAMLCodec::DequeueBuffer: pts:29.284 idx:702
2024-11-23 11:59:25.408 T:4060 debug : CAMLCodec::GetPicture: index: 702, pts: 29.284, dur:41.000ms ar:1.78 elf:41ms
2024-11-23 11:59:25.408 T:4060 debug : CVideoPlayerVideo::OutputPicture - ttd:587ms pts:29.284 Clock:28.697 Level:13
2024-11-23 11:59:25.408 T:3833 debug : CAMLCodec::ReleaseFrame idx:688, drop:0
2024-11-23 11:59:25.441 T:3833 debug : CAMLCodec::PollFrame elapsed:32.436ms
2024-11-23 11:59:25.443 T:3833 debug : PrepareNextRender: frameOnScreen: 28.732 renderPts: 28.763 nextFramePts: 28.742 -> diff: 0.021 render: 1 forceNext: 0, m_queued: 14, m_queued empty: true, begin idx: 1, front: 1,m_latencyTweak: 0.000000, GetDisplayLatency: 166.833344, m_videoDelay: 0, GetFrameLatencyAdjustment: 0.000000
2024-11-23 11:59:25.444 T:3833 debug : PrepareNextRender: (28.763) < (28.742 + 0.00 * 0.042): 28.763 < 28.742, lateframes: 0, idx: 1, lateframe
2024-11-23 11:59:25.444 T:3833 debug : PrepareNextRender: (28.763) < (28.784 + 0.00 * 0.042): 28.763 < 28.784, lateframes: 1, idx: 1, break
2024-11-23 11:59:25.449 T:4060 debug : CAMLCodec::DequeueBuffer: pts:29.326 idx:703
2024-11-23 11:59:25.449 T:4060 debug : CAMLCodec::GetPicture: index: 703, pts: 29.326, dur:42.000ms ar:1.78 elf:41ms
2024-11-23 11:59:25.450 T:4060 debug : CVideoPlayerVideo::OutputPicture - ttd:587ms pts:29.326 Clock:28.738 Level:13
2024-11-23 11:59:25.450 T:3833 debug : CAMLCodec::ReleaseFrame idx:689, drop:0
2024-11-23 11:59:25.482 T:3833 debug : CAMLCodec::PollFrame elapsed:32.426ms
2024-11-23 11:59:25.485 T:3833 debug : PrepareNextRender: frameOnScreen: 28.773 renderPts: 28.804 nextFramePts: 28.784 -> diff: 0.020 render: 1 forceNext: 0, m_queued: 14, m_queued empty: true, begin idx: 3, front: 3,m_latencyTweak: 0.000000, GetDisplayLatency: 166.833344, m_videoDelay: 0, GetFrameLatencyAdjustment: 0.000000
2024-11-23 11:59:25.485 T:3833 debug : PrepareNextRender: (28.804) < (28.784 + 0.00 * 0.042): 28.804 < 28.784, lateframes: 0, idx: 3, lateframe
2024-11-23 11:59:25.485 T:3833 debug : PrepareNextRender: (28.804) < (28.825 + 0.00 * 0.042): 28.804 < 28.825, lateframes: 1, idx: 3, break
2024-11-23 11:59:25.491 T:3833 debug : CAMLCodec::ReleaseFrame idx:690, drop:0
2024-11-23 11:59:25.491 T:4060 debug : CAMLCodec::DequeueBuffer: pts:29.368 idx:704
2024-11-23 11:59:25.491 T:4060 debug : CAMLCodec::GetPicture: index: 704, pts: 29.368, dur:42.000ms ar:1.78 elf:41ms
2024-11-23 11:59:25.491 T:4060 debug : CVideoPlayerVideo::OutputPicture - ttd:588ms pts:29.368 Clock:28.780 Level:13
2024-11-23 11:59:25.524 T:3833 debug : CAMLCodec::PollFrame elapsed:33.129ms
2024-11-23 11:59:25.526 T:3833 debug : PrepareNextRender: frameOnScreen: 28.815 renderPts: 28.846 nextFramePts: 28.825 -> diff: 0.021 render: 1 forceNext: 0, m_queued: 14, m_queued empty: true, begin idx: 4, front: 4,m_latencyTweak: 0.000000, GetDisplayLatency: 166.833344, m_videoDelay: 0, GetFrameLatencyAdjustment: 0.000000
2024-11-23 11:59:25.526 T:3833 debug : PrepareNextRender: (28.846) < (28.825 + 0.00 * 0.042): 28.846 < 28.825, lateframes: 0, idx: 4, lateframe
2024-11-23 11:59:25.526 T:3833 debug : PrepareNextRender: (28.846) < (28.867 + 0.00 * 0.042): 28.846 < 28.867, lateframes: 1, idx: 4, break
2024-11-23 11:59:25.532 T:4060 debug : CAMLCodec::DequeueBuffer: pts:29.409 idx:705
2024-11-23 11:59:25.532 T:4060 debug : CAMLCodec::GetPicture: index: 705, pts: 29.409, dur:41.000ms ar:1.78 elf:41ms
2024-11-23 11:59:25.532 T:4060 debug : CVideoPlayerVideo::OutputPicture - ttd:587ms pts:29.409 Clock:28.821 Level:13
2024-11-23 11:59:25.532 T:3833 debug : CAMLCodec::ReleaseFrame idx:691, drop:0
2024-11-23 11:59:25.566 T:3833 debug : CAMLCodec::PollFrame elapsed:33.016ms
2024-11-23 11:59:25.568 T:3833 debug : PrepareNextRender: frameOnScreen: 28.857 renderPts: 28.888 nextFramePts: 28.867 -> diff: 0.021 render: 1 forceNext: 0, m_queued: 14, m_queued empty: true, begin idx: 5, front: 5,m_latencyTweak: 0.000000, GetDisplayLatency: 166.833344, m_videoDelay: 0, GetFrameLatencyAdjustment: 0.000000
2024-11-23 11:59:25.569 T:3833 debug : PrepareNextRender: (28.888) < (28.867 + 0.00 * 0.042): 28.888 < 28.867, lateframes: 0, idx: 5, lateframe
2024-11-23 11:59:25.569 T:3833 debug : PrepareNextRender: (28.888) < (28.909 + 0.00 * 0.042): 28.888 < 28.909, lateframes: 1, idx: 5, break
2024-11-23 11:59:25.574 T:3833 debug : CAMLCodec::ReleaseFrame idx:692, drop:0
2024-11-23 11:59:25.575 T:4060 debug : CAMLCodec::DequeueBuffer: pts:29.451 idx:706
2024-11-23 11:59:25.575 T:4060 debug : CAMLCodec::GetPicture: index: 706, pts: 29.451, dur:42.000ms ar:1.78 elf:42ms
2024-11-23 11:59:25.575 T:4060 debug : CVideoPlayerVideo::OutputPicture - ttd:587ms pts:29.451 Clock:28.864 Level:13
2024-11-23 11:59:25.578 T:4060 debug : CAMLCodec::AddData: dl:726336 fl:5368512 sz:125156(125248) lv:11.9% dts:30.077 pts:30.077
2024-11-23 11:59:25.585 T:4058 debug : CVideoPlayer::ProcessVideoData size:11929 dts:75.789 pts:75.789 dur:41.000ms, clock:28.874 level:100
2024-11-23 11:59:25.587 T:4058 debug : CVideoPlayer::ProcessVideoData size:8456 dts:75.831 pts:75.831 dur:41.000ms, clock:28.875 level:100
2024-11-23 11:59:25.589 T:4058 debug : CVideoPlayer::ProcessVideoData size:43185 dts:75.872 pts:75.872 dur:41.000ms, clock:28.877 level:100
2024-11-23 11:59:25.590 T:4058 debug : CVideoPlayer::ProcessVideoData size:6166 dts:75.914 pts:75.914 dur:41.000ms, clock:28.879 level:100
2024-11-23 11:59:25.592 T:4058 debug : CVideoPlayer::ProcessVideoData size:3824 dts:75.956 pts:75.956 dur:41.000ms, clock:28.881 level:100
2024-11-23 11:59:25.594 T:4058 debug : CVideoPlayer::ProcessVideoData size:68031 dts:75.998 pts:75.998 dur:41.000ms, clock:28.882 level:100
2024-11-23 11:59:25.607 T:3833 debug : CAMLCodec::PollFrame elapsed:33.233ms
2024-11-23 11:59:25.610 T:3833 debug : PrepareNextRender: frameOnScreen: 28.899 renderPts: 28.930 nextFramePts: 28.909 -> diff: 0.021 render: 1 forceNext: 0, m_queued: 14, m_queued empty: true, begin idx: 6, front: 6,m_latencyTweak: 0.000000, GetDisplayLatency: 166.833344, m_videoDelay: 0, GetFrameLatencyAdjustment: 0.000000
2024-11-23 11:59:25.611 T:3833 debug : PrepareNextRender: (28.930) < (28.909 + 0.00 * 0.042): 28.930 < 28.909, lateframes: 0, idx: 6, lateframe
2024-11-23 11:59:25.611 T:3833 debug : PrepareNextRender: (28.930) < (28.951 + 0.00 * 0.042): 28.930 < 28.951, lateframes: 1, idx: 6, break
2024-11-23 11:59:25.615 T:3833 debug : CAMLCodec::ReleaseFrame idx:693, drop:0
2024-11-23 11:59:25.616 T:4060 debug : CAMLCodec::DequeueBuffer: pts:29.493 idx:707
2024-11-23 11:59:25.616 T:4060 debug : CAMLCodec::GetPicture: index: 707, pts: 29.493, dur:42.000ms ar:1.78 elf:40ms
2024-11-23 11:59:25.616 T:4060 debug : CVideoPlayerVideo::OutputPicture - ttd:588ms pts:29.493 Clock:28.904 Level:13
2024-11-23 11:59:25.649 T:3833 debug : CAMLCodec::PollFrame elapsed:33.890ms
2024-11-23 11:59:25.651 T:3833 debug : PrepareNextRender: frameOnScreen: 28.940 renderPts: 28.971 nextFramePts: 28.951 -> diff: 0.020 render: 1 forceNext: 0, m_queued: 14, m_queued empty: true, begin idx: 7, front: 7,m_latencyTweak: 0.000000, GetDisplayLatency: 166.833344, m_videoDelay: 0, GetFrameLatencyAdjustment: 0.000000
2024-11-23 11:59:25.652 T:3833 debug : PrepareNextRender: (28.971) < (28.951 + 0.00 * 0.042): 28.971 < 28.951, lateframes: 0, idx: 7, lateframe
2024-11-23 11:59:25.652 T:3833 debug : PrepareNextRender: (28.971) < (28.992 + 0.00 * 0.042): 28.971 < 28.992, lateframes: 1, idx: 7, break
2024-11-23 11:59:25.657 T:4060 debug : CAMLCodec::DequeueBuffer: pts:29.534 idx:708
2024-11-23 11:59:25.657 T:4060 debug : CAMLCodec::GetPicture: index: 708, pts: 29.534, dur:41.000ms ar:1.78 elf:41ms
2024-11-23 11:59:25.657 T:4060 debug : CVideoPlayerVideo::OutputPicture - ttd:588ms pts:29.534 Clock:28.946 Level:13
2024-11-23 11:59:25.657 T:3833 debug : CAMLCodec::ReleaseFrame idx:694, drop:0
2024-11-23 11:59:25.691 T:3833 debug : CAMLCodec::PollFrame elapsed:33.283ms
2024-11-23 11:59:25.693 T:3833 debug : PrepareNextRender: frameOnScreen: 28.982 renderPts: 29.013 nextFramePts: 28.992 -> diff: 0.021 render: 1 forceNext: 0, m_queued: 14, m_queued empty: true, begin idx: 8, front: 8,m_latencyTweak: 0.000000, GetDisplayLatency: 166.833344, m_videoDelay: 0, GetFrameLatencyAdjustment: 0.000000
2024-11-23 11:59:25.693 T:3833 debug : PrepareNextRender: (29.013) < (28.992 + 0.00 * 0.042): 29.013 < 28.992, lateframes: 0, idx: 8, lateframe
2024-11-23 11:59:25.693 T:3833 debug : PrepareNextRender: (29.013) < (29.034 + 0.00 * 0.042): 29.013 < 29.034, lateframes: 1, idx: 8, break
2024-11-23 11:59:25.699 T:3833 debug : CAMLCodec::ReleaseFrame idx:695, drop:0
2024-11-23 11:59:25.700 T:4060 debug : CAMLCodec::DequeueBuffer: pts:29.576 idx:709
2024-11-23 11:59:25.700 T:4060 debug : CAMLCodec::GetPicture: index: 709, pts: 29.576, dur:42.000ms ar:1.78 elf:42ms
2024-11-23 11:59:25.700 T:4060 debug : CVideoPlayerVideo::OutputPicture - ttd:587ms pts:29.576 Clock:28.988 Level:13
2024-11-23 11:59:25.732 T:3833 debug : CAMLCodec::PollFrame elapsed:33.196ms
2024-11-23 11:59:25.735 T:3833 debug : PrepareNextRender: frameOnScreen: 29.023 renderPts: 29.055 nextFramePts: 29.034 -> diff: 0.021 render: 1 forceNext: 0, m_queued: 14, m_queued empty: true, begin idx: 9, front: 9,m_latencyTweak: 0.000000, GetDisplayLatency: 166.833344, m_videoDelay: 0, GetFrameLatencyAdjustment: 0.000000
2024-11-23 11:59:25.735 T:3833 debug : PrepareNextRender: (29.055) < (29.034 + 0.00 * 0.042): 29.055 < 29.034, lateframes: 0, idx: 9, lateframe
2024-11-23 11:59:25.735 T:3833 debug : PrepareNextRender: (29.055) < (29.076 + 0.00 * 0.042): 29.055 < 29.076, lateframes: 1, idx: 9, break
2024-11-23 11:59:25.739 T:3833 debug : CAMLCodec::ReleaseFrame idx:696, drop:0
2024-11-23 11:59:25.741 T:4060 debug : CAMLCodec::DequeueBuffer: pts:29.618 idx:710
2024-11-23 11:59:25.741 T:4060 debug : CAMLCodec::GetPicture: index: 710, pts: 29.618, dur:42.000ms ar:1.78 elf:41ms
2024-11-23 11:59:25.741 T:4060 debug : CVideoPlayerVideo::OutputPicture - ttd:588ms pts:29.618 Clock:29.030 Level:13
2024-11-23 11:59:25.742 T:4060 debug : CAMLCodec::AddData: dl:599744 fl:5495104 sz:14161(14272) lv:9.8% dts:30.118 pts:30.118
2024-11-23 11:59:25.742 T:4060 debug : CAMLCodec::AddData: dl:609344 fl:5485504 sz:9525(9600) lv:10.0% dts:30.160 pts:30.160
2024-11-23 11:59:25.742 T:4060 debug : CAMLCodec::AddData: dl:653184 fl:5441664 sz:43726(43840) lv:10.7% dts:30.202 pts:30.202
2024-11-23 11:59:25.749 T:4058 debug : CVideoPlayer::ProcessVideoData size:23982 dts:76.039 pts:76.039 dur:41.000ms, clock:29.038 level:100
2024-11-23 11:59:25.751 T:4058 debug : CVideoPlayer::ProcessVideoData size:107852 dts:76.081 pts:76.081 dur:41.000ms, clock:29.039 level:100
2024-11-23 11:59:25.774 T:3833 debug : CAMLCodec::PollFrame elapsed:34.715ms
2024-11-23 11:59:25.777 T:3833 debug : PrepareNextRender: frameOnScreen: 29.066 renderPts: 29.097 nextFramePts: 29.076 -> diff: 0.021 render: 1 forceNext: 0, m_queued: 14, m_queued empty: true, begin idx: 10, front: 10,m_latencyTweak: 0.000000, GetDisplayLatency: 166.833344, m_videoDelay: 0, GetFrameLatencyAdjustment: 0.000000
2024-11-23 11:59:25.777 T:3833 debug : PrepareNextRender: (29.097) < (29.076 + 0.00 * 0.042): 29.097 < 29.076, lateframes: 0, idx: 10, lateframe
2024-11-23 11:59:25.777 T:3833 debug : PrepareNextRender: (29.097) < (29.117 + 0.00 * 0.042): 29.097 < 29.117, lateframes: 1, idx: 10, break
2024-11-23 11:59:25.782 T:4060 debug : CAMLCodec::DequeueBuffer: pts:29.660 idx:711
2024-11-23 11:59:25.783 T:4060 debug : CAMLCodec::GetPicture: index: 711, pts: 29.660, dur:42.000ms ar:1.78 elf:41ms
2024-11-23 11:59:25.783 T:4060 debug : CVideoPlayerVideo::OutputPicture - ttd:588ms pts:29.660 Clock:29.071 Level:13
2024-11-23 11:59:25.783 T:3833 debug : CAMLCodec::ReleaseFrame idx:697, drop:0
2024-11-23 11:59:25.816 T:3833 debug : CAMLCodec::PollFrame elapsed:32.470ms
2024-11-23 11:59:25.819 T:3833 debug : PrepareNextRender: frameOnScreen: 29.107 renderPts: 29.138 nextFramePts: 29.117 -> diff: 0.021 render: 1 forceNext: 0, m_queued: 14, m_queued empty: true, begin idx: 12, front: 12,m_latencyTweak: 0.000000, GetDisplayLatency: 166.833344, m_videoDelay: 0, GetFrameLatencyAdjustment: 0.000000
2024-11-23 11:59:25.819 T:3833 debug : PrepareNextRender: (29.138) < (29.117 + 0.00 * 0.042): 29.138 < 29.117, lateframes: 0, idx: 12, lateframe
2024-11-23 11:59:25.819 T:3833 debug : PrepareNextRender: (29.138) < (29.159 + 0.00 * 0.042): 29.138 < 29.159, lateframes: 1, idx: 12, break
2024-11-23 11:59:25.824 T:4060 debug : CAMLCodec::DequeueBuffer: pts:29.701 idx:712
2024-11-23 11:59:25.824 T:4060 debug : CAMLCodec::GetPicture: index: 712, pts: 29.701, dur:41.000ms ar:1.78 elf:41ms
2024-11-23 11:59:25.824 T:4060 debug : CVideoPlayerVideo::OutputPicture - ttd:588ms pts:29.701 Clock:29.113 Level:13
2024-11-23 11:59:25.825 T:3833 debug : CAMLCodec::ReleaseFrame idx:698, drop:0
2024-11-23 11:59:25.858 T:3833 debug : CAMLCodec::PollFrame elapsed:32.682ms
2024-11-23 11:59:25.860 T:3833 debug : PrepareNextRender: frameOnScreen: 29.149 renderPts: 29.180 nextFramePts: 29.159 -> diff: 0.021 render: 1 forceNext: 0, m_queued: 14, m_queued empty: true, begin idx: 13, front: 13,m_latencyTweak: 0.000000, GetDisplayLatency: 166.833344, m_videoDelay: 0, GetFrameLatencyAdjustment: 0.000000
2024-11-23 11:59:25.860 T:3833 debug : PrepareNextRender: (29.180) < (29.159 + 0.00 * 0.042): 29.180 < 29.159, lateframes: 0, idx: 13, lateframe
2024-11-23 11:59:25.860 T:3833 debug : PrepareNextRender: (29.180) < (29.201 + 0.00 * 0.042): 29.180 < 29.201, lateframes: 1, idx: 13, break
2024-11-23 11:59:25.866 T:4060 debug : CAMLCodec::DequeueBuffer: pts:29.743 idx:713
2024-11-23 11:59:25.866 T:4060 debug : CAMLCodec::GetPicture: index: 713, pts: 29.743, dur:42.000ms ar:1.78 elf:41ms
2024-11-23 11:59:25.866 T:4060 debug : CVideoPlayerVideo::OutputPicture - ttd:588ms pts:29.743 Clock:29.154 Level:13
2024-11-23 11:59:25.867 T:3833 debug : CAMLCodec::ReleaseFrame idx:699, drop:0
2024-11-23 11:59:25.899 T:3833 debug : CAMLCodec::PollFrame elapsed:32.574ms
2024-11-23 11:59:25.902 T:3833 debug : PrepareNextRender: frameOnScreen: 29.191 renderPts: 29.222 nextFramePts: 29.201 -> diff: 0.021 render: 1 forceNext: 0, m_queued: 14, m_queued empty: true, begin idx: 14, front: 14,m_latencyTweak: 0.000000, GetDisplayLatency: 166.833344, m_videoDelay: 0, GetFrameLatencyAdjustment: 0.000000
2024-11-23 11:59:25.902 T:3833 debug : PrepareNextRender: (29.222) < (29.201 + 0.00 * 0.042): 29.222 < 29.201, lateframes: 0, idx: 14, lateframe
2024-11-23 11:59:25.902 T:3833 debug : PrepareNextRender: (29.222) < (29.243 + 0.00 * 0.042): 29.222 < 29.243, lateframes: 1, idx: 14, break
2024-11-23 11:59:25.907 T:4060 debug : CAMLCodec::DequeueBuffer: pts:29.785 idx:714
2024-11-23 11:59:25.907 T:4060 debug : CAMLCodec::GetPicture: index: 714, pts: 29.785, dur:42.000ms ar:1.78 elf:41ms
2024-11-23 11:59:25.907 T:4060 debug : CVideoPlayerVideo::OutputPicture - ttd:589ms pts:29.785 Clock:29.196 Level:13
2024-11-23 11:59:25.908 T:3833 debug : CAMLCodec::ReleaseFrame idx:700, drop:0
2024-11-23 11:59:25.941 T:3833 debug : CAMLCodec::PollFrame elapsed:32.484ms
2024-11-23 11:59:25.944 T:3833 debug : PrepareNextRender: frameOnScreen: 29.233 renderPts: 29.264 nextFramePts: 29.243 -> diff: 0.021 render: 1 forceNext: 0, m_queued: 14, m_queued empty: true, begin idx: 15, front: 15,m_latencyTweak: 0.000000, GetDisplayLatency: 166.833344, m_videoDelay: 0, GetFrameLatencyAdjustment: 0.000000
2024-11-23 11:59:25.944 T:3833 debug : PrepareNextRender: (29.264) < (29.243 + 0.00 * 0.042): 29.264 < 29.243, lateframes: 0, idx: 15, lateframe
2024-11-23 11:59:25.944 T:3833 debug : PrepareNextRender: (29.264) < (29.284 + 0.00 * 0.042): 29.264 < 29.284, lateframes: 1, idx: 15, break
2024-11-23 11:59:25.949 T:4060 debug : CAMLCodec::DequeueBuffer: pts:29.826 idx:715
2024-11-23 11:59:25.950 T:4060 debug : CAMLCodec::GetPicture: index: 715, pts: 29.826, dur:41.000ms ar:1.78 elf:42ms
2024-11-23 11:59:25.950 T:4060 debug : CVideoPlayerVideo::OutputPicture - ttd:587ms pts:29.826 Clock:29.238 Level:13
2024-11-23 11:59:25.950 T:3833 debug : CAMLCodec::ReleaseFrame idx:701, drop:0
2024-11-23 11:59:25.951 T:4060 debug : CAMLCodec::AddData: dl:581440 fl:5513408 sz:8836(8960) lv:9.5% dts:30.244 pts:30.244
2024-11-23 11:59:25.951 T:4060 debug : CAMLCodec::AddData: dl:585984 fl:5508864 sz:4449(4544) lv:9.6% dts:30.285 pts:30.285
2024-11-23 11:59:25.951 T:4060 debug : CAMLCodec::AddData: dl:620160 fl:5474688 sz:34049(34176) lv:10.2% dts:30.327 pts:30.327
2024-11-23 11:59:25.983 T:3833 debug : CAMLCodec::PollFrame elapsed:32.389ms
2024-11-23 11:59:25.986 T:3833 debug : PrepareNextRender: frameOnScreen: 29.274 renderPts: 29.305 nextFramePts: 29.284 -> diff: 0.021 render: 1 forceNext: 0, m_queued: 14, m_queued empty: true, begin idx: 11, front: 11,m_latencyTweak: 0.000000, GetDisplayLatency: 166.833344, m_videoDelay: 0, GetFrameLatencyAdjustment: 0.000000
2024-11-23 11:59:25.986 T:3833 debug : PrepareNextRender: (29.305) < (29.284 + 0.00 * 0.042): 29.305 < 29.284, lateframes: 0, idx: 11, lateframe
2024-11-23 11:59:25.986 T:3833 debug : PrepareNextRender: (29.305) < (29.326 + 0.00 * 0.042): 29.305 < 29.326, lateframes: 1, idx: 11, break
2024-11-23 11:59:25.991 T:4060 debug : CAMLCodec::DequeueBuffer: pts:29.868 idx:716
2024-11-23 11:59:25.991 T:4060 debug : CAMLCodec::GetPicture: index: 716, pts: 29.868, dur:42.000ms ar:1.78 elf:41ms
2024-11-23 11:59:25.991 T:4060 debug : CVideoPlayerVideo::OutputPicture - ttd:588ms pts:29.868 Clock:29.280 Level:13
2024-11-23 11:59:25.992 T:3833 debug : CAMLCodec::ReleaseFrame idx:702, drop:0
2024-11-23 11:59:26.024 T:3833 debug : CAMLCodec::PollFrame elapsed:31.999ms
2024-11-23 11:59:26.027 T:3833 debug : PrepareNextRender: frameOnScreen: 29.316 renderPts: 29.347 nextFramePts: 29.326 -> diff: 0.021 render: 1 forceNext: 0, m_queued: 14, m_queued empty: true, begin idx: 0, front: 0,m_latencyTweak: 0.000000, GetDisplayLatency: 166.833344, m_videoDelay: 0, GetFrameLatencyAdjustment: 0.000000
2024-11-23 11:59:26.027 T:3833 debug : PrepareNextRender: (29.347) < (29.326 + 0.00 * 0.042): 29.347 < 29.326, lateframes: 0, idx: 0, lateframe
2024-11-23 11:59:26.027 T:3833 debug : PrepareNextRender: (29.347) < (29.368 + 0.00 * 0.042): 29.347 < 29.368, lateframes: 1, idx: 0, break
2024-11-23 11:59:26.033 T:4060 debug : CAMLCodec::DequeueBuffer: pts:29.910 idx:717
2024-11-23 11:59:26.033 T:3833 debug : CAMLCodec::ReleaseFrame idx:703, drop:0
2024-11-23 11:59:26.034 T:4060 debug : CAMLCodec::GetPicture: index: 717, pts: 29.910, dur:42.000ms ar:1.78 elf:42ms
2024-11-23 11:59:26.034 T:4060 debug : CVideoPlayerVideo::OutputPicture - ttd:587ms pts:29.910 Clock:29.322 Level:13
2024-11-23 11:59:26.066 T:3833 debug : CAMLCodec::PollFrame elapsed:32.511ms
2024-11-23 11:59:26.069 T:3833 debug : PrepareNextRender: frameOnScreen: 29.357 renderPts: 29.388 nextFramePts: 29.368 -> diff: 0.020 render: 1 forceNext: 0, m_queued: 14, m_queued empty: true, begin idx: 2, front: 2,m_latencyTweak: 0.000000, GetDisplayLatency: 166.833344, m_videoDelay: 0, GetFrameLatencyAdjustment: 0.000000
2024-11-23 11:59:26.069 T:3833 debug : PrepareNextRender: (29.388) < (29.368 + 0.00 * 0.042): 29.388 < 29.368, lateframes: 0, idx: 2, lateframe
2024-11-23 11:59:26.069 T:3833 debug : PrepareNextRender: (29.388) < (29.409 + 0.00 * 0.042): 29.388 < 29.409, lateframes: 1, idx: 2, break
2024-11-23 11:59:26.070 T:3901 debug : PushCecKeypress - received key a9 duration 0
2024-11-23 11:59:26.074 T:4060 debug : CAMLCodec::DequeueBuffer: pts:29.952 idx:718
2024-11-23 11:59:26.074 T:4060 debug : CAMLCodec::GetPicture: index: 718, pts: 29.952, dur:42.000ms ar:1.78 elf:40ms
2024-11-23 11:59:26.074 T:4060 debug : CVideoPlayerVideo::OutputPicture - ttd:588ms pts:29.952 Clock:29.363 Level:13
2024-11-23 11:59:26.075 T:3833 debug : CAMLCodec::ReleaseFrame idx:704, drop:0
2024-11-23 11:59:26.076 T:4060 debug : CAMLCodec::AddData: dl:547328 fl:5547520 sz:4695(4800) lv:9.0% dts:30.369 pts:30.369
2024-11-23 11:59:26.076 T:4060 debug : CAMLCodec::AddData: dl:551744 fl:5543104 sz:4310(4416) lv:9.1% dts:30.410 pts:30.410
2024-11-23 11:59:26.078 T:4060 debug : CAMLCodec::AddData: dl:629568 fl:5465280 sz:77722(77824) lv:10.3% dts:30.452 pts:30.452
2024-11-23 11:59:26.087 T:4058 debug : CVideoPlayer::ProcessVideoData size:133143 dts:76.123 pts:76.123 dur:41.000ms, clock:29.376 level:100
2024-11-23 11:59:26.108 T:3833 debug : CAMLCodec::PollFrame elapsed:32.864ms
2024-11-23 11:59:26.110 T:3833 debug : HandleKey: 169 (0xa9, obc86) pressed, window 12005, action is StepBack
2024-11-23 11:59:26.112 T:3833 debug : ------ Window Init (DialogSeekBar.xml) ------
2024-11-23 11:59:26.114 T:3833 debug : PrepareNextRender: frameOnScreen: 29.402 renderPts: 29.434 nextFramePts: 29.409 -> diff: 0.025 render: 1 forceNext: 0, m_queued: 14, m_queued empty: true, begin idx: 1, front: 1,m_latencyTweak: 0.000000, GetDisplayLatency: 166.833344, m_videoDelay: 0, GetFrameLatencyAdjustment: 0.000000
2024-11-23 11:59:26.114 T:3833 debug : PrepareNextRender: (29.434) < (29.409 + 0.00 * 0.042): 29.434 < 29.409, lateframes: 0, idx: 1, lateframe
2024-11-23 11:59:26.114 T:3833 debug : PrepareNextRender: (29.434) < (29.451 + 0.00 * 0.042): 29.434 < 29.451, lateframes: 1, idx: 1, break
2024-11-23 11:59:26.117 T:4060 debug : CAMLCodec::DequeueBuffer: pts:29.993 idx:719
2024-11-23 11:59:26.117 T:4060 debug : CAMLCodec::GetPicture: index: 719, pts: 29.993, dur:41.000ms ar:1.78 elf:42ms
2024-11-23 11:59:26.117 T:4060 debug : CVideoPlayerVideo::OutputPicture - ttd:587ms pts:29.993 Clock:29.405 Level:13
2024-11-23 11:59:26.118 T:4060 debug : CAMLCodec::AddData: dl:626816 fl:5468032 sz:21277(21376) lv:10.3% dts:30.494 pts:30.494
2024-11-23 11:59:26.120 T:3833 debug : CAMLCodec::ReleaseFrame idx:705, drop:0
2024-11-23 11:59:26.150 T:3833 debug : CAMLCodec::PollFrame elapsed:29.090ms
2024-11-23 11:59:26.151 T:3833 debug : ------ Window Init (Custom_1109_TopBarOverlay.xml) ------
2024-11-23 11:59:26.156 T:3833 debug : PrepareNextRender: frameOnScreen: 29.445 renderPts: 29.476 nextFramePts: 29.451 -> diff: 0.025 render: 1 forceNext: 0, m_queued: 14, m_queued empty: true, begin idx: 3, front: 3,m_latencyTweak: 0.000000, GetDisplayLatency: 166.833344, m_videoDelay: 0, GetFrameLatencyAdjustment: 0.000000
2024-11-23 11:59:26.156 T:3833 debug : PrepareNextRender: (29.476) < (29.451 + 0.00 * 0.042): 29.476 < 29.451, lateframes: 0, idx: 3, lateframe
2024-11-23 11:59:26.156 T:3833 debug : PrepareNextRender: (29.476) < (29.493 + 0.00 * 0.042): 29.476 < 29.493, lateframes: 1, idx: 3, break
2024-11-23 11:59:26.162 T:4060 debug : CAMLCodec::DequeueBuffer: pts:30.035 idx:720
2024-11-23 11:59:26.162 T:4060 debug : CAMLCodec::GetPicture: index: 720, pts: 30.035, dur:42.000ms ar:1.78 elf:44ms
2024-11-23 11:59:26.162 T:4060 debug : CVideoPlayerVideo::OutputPicture - ttd:584ms pts:30.035 Clock:29.450 Level:13
2024-11-23 11:59:26.162 T:3833 debug : CAMLCodec::ReleaseFrame idx:706, drop:0
2024-11-23 11:59:26.163 T:4060 debug : CAMLCodec::AddData: dl:353600 fl:5741248 sz:4447(4544) lv:5.8% dts:30.535 pts:30.535
2024-11-23 11:59:26.165 T:4060 debug : CAMLCodec::AddData: dl:425024 fl:5669824 sz:71341(71424) lv:7.0% dts:30.577 pts:30.577
2024-11-23 11:59:26.166 T:4060 debug : CAMLCodec::AddData: dl:468096 fl:5626752 sz:42980(43072) lv:7.7% dts:30.619 pts:30.619
2024-11-23 11:59:26.166 T:4060 debug : CAMLCodec::AddData: dl:477568 fl:5617280 sz:9388(9472) lv:7.8% dts:30.661 pts:30.661
2024-11-23 11:59:26.166 T:4060 debug : CAMLCodec::AddData: dl:486976 fl:5607872 sz:9340(9408) lv:8.0% dts:30.702 pts:30.702
2024-11-23 11:59:26.166 T:4060 debug : CAMLCodec::AddData: dl:499008 fl:5595840 sz:11929(12032) lv:8.2% dts:30.744 pts:30.744
2024-11-23 11:59:26.166 T:4060 debug : CAMLCodec::AddData: dl:507584 fl:5587264 sz:8456(8576) lv:8.3% dts:30.786 pts:30.786
2024-11-23 11:59:26.166 T:4060 debug : CAMLCodec::AddData: dl:550848 fl:5544000 sz:43185(43264) lv:9.0% dts:30.827 pts:30.827
2024-11-23 11:59:26.166 T:4060 debug : CAMLCodec::AddData: dl:557120 fl:5537728 sz:6166(6272) lv:9.1% dts:30.869 pts:30.869
2024-11-23 11:59:26.166 T:4060 debug : CAMLCodec::AddData: dl:561216 fl:5533632 sz:3824(4096) lv:9.2% dts:30.911 pts:30.911
2024-11-23 11:59:26.169 T:4058 debug : CVideoPlayer::ProcessVideoData size:5705 dts:76.164 pts:76.164 dur:41.000ms, clock:29.458 level:100
2024-11-23 11:59:26.170 T:4060 debug : CAMLCodec::AddData: dl:629312 fl:5465536 sz:68031(68096) lv:10.3% dts:30.953 pts:30.953
2024-11-23 11:59:26.170 T:4058 debug : CVideoPlayer::ProcessVideoData size:8161 dts:76.206 pts:76.206 dur:41.000ms, clock:29.459 level:100
2024-11-23 11:59:26.172 T:4058 debug : CVideoPlayer::ProcessVideoData size:29087 dts:76.248 pts:76.248 dur:41.000ms, clock:29.460 level:100
2024-11-23 11:59:26.173 T:4058 debug : CVideoPlayer::ProcessVideoData size:8323 dts:76.290 pts:76.290 dur:41.000ms, clock:29.462 level:100
2024-11-23 11:59:26.182 T:4058 debug : CVideoPlayer::ProcessVideoData size:282537 dts:76.331 pts:76.331 dur:41.000ms, clock:29.471 level:100
2024-11-23 11:59:26.191 T:3833 debug : CAMLCodec::PollFrame elapsed:29.051ms
2024-11-23 11:59:26.194 T:3833 debug : PrepareNextRender: frameOnScreen: 29.483 renderPts: 29.514 nextFramePts: 29.493 -> diff: 0.021 render: 1 forceNext: 0, m_queued: 14, m_queued empty: true, begin idx: 4, front: 4,m_latencyTweak: 0.000000, GetDisplayLatency: 166.833344, m_videoDelay: 0, GetFrameLatencyAdjustment: 0.000000
2024-11-23 11:59:26.195 T:3833 debug : PrepareNextRender: (29.514) < (29.493 + 0.00 * 0.042): 29.514 < 29.493, lateframes: 0, idx: 4, lateframe
2024-11-23 11:59:26.195 T:3833 debug : PrepareNextRender: (29.514) < (29.534 + 0.00 * 0.042): 29.514 < 29.534, lateframes: 1, idx: 4, break
2024-11-23 11:59:26.196 T:3901 debug : PushCecKeypress - received key a9 duration 125
2024-11-23 11:59:26.202 T:4060 debug : CAMLCodec::DequeueBuffer: pts:30.077 idx:721
2024-11-23 11:59:26.202 T:4060 debug : CAMLCodec::GetPicture: index: 721, pts: 30.077, dur:42.000ms ar:1.78 elf:39ms
2024-11-23 11:59:26.202 T:4060 debug : CVideoPlayerVideo::OutputPicture - ttd:586ms pts:30.077 Clock:29.490 Level:13
2024-11-23 11:59:26.203 T:4060 debug : CAMLCodec::AddData: dl:528128 fl:5566720 sz:23982(24064) lv:8.7% dts:30.994 pts:30.994
2024-11-23 11:59:26.203 T:3833 debug : CAMLCodec::ReleaseFrame idx:707, drop:0
2024-11-23 11:59:26.205 T:4060 debug : CAMLCodec::AddData: dl:636096 fl:5458752 sz:107852(107968) lv:10.4% dts:31.036 pts:31.036
2024-11-23 11:59:26.215 T:4058 debug : CVideoPlayer::ProcessVideoData size:8037 dts:76.373 pts:76.373 dur:41.000ms, clock:29.504 level:100
2024-11-23 11:59:26.217 T:4058 debug : CVideoPlayer::ProcessVideoData size:5157 dts:76.415 pts:76.415 dur:41.000ms, clock:29.505 level:100
2024-11-23 11:59:26.233 T:3833 debug : CAMLCodec::PollFrame elapsed:29.644ms
2024-11-23 11:59:26.236 T:3833 debug : PrepareNextRender: frameOnScreen: 29.525 renderPts: 29.556 nextFramePts: 29.534 -> diff: 0.022 render: 1 forceNext: 0, m_queued: 14, m_queued empty: true, begin idx: 5, front: 5,m_latencyTweak: 0.000000, GetDisplayLatency: 166.833344, m_videoDelay: 0, GetFrameLatencyAdjustment: 0.000000
2024-11-23 11:59:26.236 T:3833 debug : PrepareNextRender: (29.556) < (29.534 + 0.00 * 0.042): 29.556 < 29.534, lateframes: 0, idx: 5, lateframe
2024-11-23 11:59:26.236 T:3833 debug : PrepareNextRender: (29.556) < (29.576 + 0.00 * 0.042): 29.556 < 29.576, lateframes: 1, idx: 5, break
2024-11-23 11:59:26.242 T:4060 debug : CAMLCodec::DequeueBuffer: pts:30.118 idx:722
2024-11-23 11:59:26.242 T:4060 debug : CAMLCodec::GetPicture: index: 722, pts: 30.118, dur:41.000ms ar:1.78 elf:40ms
2024-11-23 11:59:26.242 T:4060 debug : CVideoPlayerVideo::OutputPicture - ttd:587ms pts:30.118 Clock:29.531 Level:13
2024-11-23 11:59:26.244 T:3833 debug : CAMLCodec::ReleaseFrame idx:708, drop:0
2024-11-23 11:59:26.275 T:3833 debug : CAMLCodec::PollFrame elapsed:30.712ms
2024-11-23 11:59:26.277 T:3833 debug : PrepareNextRender: frameOnScreen: 29.566 renderPts: 29.597 nextFramePts: 29.576 -> diff: 0.021 render: 1 forceNext: 0, m_queued: 14, m_queued empty: true, begin idx: 6, front: 6,m_latencyTweak: 0.000000, GetDisplayLatency: 166.833344, m_videoDelay: 0, GetFrameLatencyAdjustment: 0.000000
2024-11-23 11:59:26.277 T:3833 debug : PrepareNextRender: (29.597) < (29.576 + 0.00 * 0.042): 29.597 < 29.576, lateframes: 0, idx: 6, lateframe
2024-11-23 11:59:26.277 T:3833 debug : PrepareNextRender: (29.597) < (29.618 + 0.00 * 0.042): 29.597 < 29.618, lateframes: 1, idx: 6, break
2024-11-23 11:59:26.284 T:3833 debug : CAMLCodec::ReleaseFrame idx:709, drop:0
2024-11-23 11:59:26.285 T:4060 debug : CAMLCodec::DequeueBuffer: pts:30.160 idx:723
2024-11-23 11:59:26.285 T:4060 debug : CAMLCodec::GetPicture: index: 723, pts: 30.160, dur:42.000ms ar:1.78 elf:42ms
2024-11-23 11:59:26.285 T:4060 debug : CVideoPlayerVideo::OutputPicture - ttd:586ms pts:30.160 Clock:29.573 Level:13
2024-11-23 11:59:26.316 T:3833 debug : CAMLCodec::PollFrame elapsed:32.016ms
2024-11-23 11:59:26.319 T:3833 debug : PrepareNextRender: frameOnScreen: 29.607 renderPts: 29.639 nextFramePts: 29.618 -> diff: 0.021 render: 1 forceNext: 0, m_queued: 14, m_queued empty: true, begin idx: 7, front: 7,m_latencyTweak: 0.000000, GetDisplayLatency: 166.833344, m_videoDelay: 0, GetFrameLatencyAdjustment: 0.000000
2024-11-23 11:59:26.319 T:3833 debug : PrepareNextRender: (29.639) < (29.618 + 0.00 * 0.042): 29.639 < 29.618, lateframes: 0, idx: 7, lateframe
2024-11-23 11:59:26.319 T:3833 debug : PrepareNextRender: (29.639) < (29.660 + 0.00 * 0.042): 29.639 < 29.660, lateframes: 1, idx: 7, break
2024-11-23 11:59:26.324 T:3833 debug : CAMLCodec::ReleaseFrame idx:710, drop:0
2024-11-23 11:59:26.326 T:4060 debug : CAMLCodec::DequeueBuffer: pts:30.202 idx:724
2024-11-23 11:59:26.326 T:4060 debug : CAMLCodec::GetPicture: index: 724, pts: 30.202, dur:42.000ms ar:1.78 elf:41ms
2024-11-23 11:59:26.326 T:4060 debug : CVideoPlayerVideo::OutputPicture - ttd:587ms pts:30.202 Clock:29.615 Level:13
2024-11-23 11:59:26.329 T:4058 debug : CVideoPlayer::ProcessVideoData size:4417 dts:76.456 pts:76.456 dur:41.000ms, clock:29.618 level:100
2024-11-23 11:59:26.330 T:4060 debug : CAMLCodec::AddData: dl:701632 fl:5393216 sz:133143(133248) lv:11.5% dts:31.078 pts:31.078
2024-11-23 11:59:26.332 T:4058 debug : CVideoPlayer::ProcessVideoData size:81374 dts:76.498 pts:76.498 dur:41.000ms, clock:29.620 level:100
2024-11-23 11:59:26.333 T:4058 debug : CVideoPlayer::ProcessVideoData size:21498 dts:76.540 pts:76.540 dur:41.000ms, clock:29.622 level:100
2024-11-23 11:59:26.335 T:4058 debug : CVideoPlayer::ProcessVideoData size:4369 dts:76.581 pts:76.581 dur:41.000ms, clock:29.623 level:100
2024-11-23 11:59:26.337 T:4058 debug : CVideoPlayer::ProcessVideoData size:71775 dts:76.623 pts:76.623 dur:41.000ms, clock:29.626 level:100
2024-11-23 11:59:26.358 T:3833 debug : CAMLCodec::PollFrame elapsed:33.760ms
2024-11-23 11:59:26.362 T:3833 debug : PrepareNextRender: frameOnScreen: 29.650 renderPts: 29.681 nextFramePts: 29.660 -> diff: 0.021 render: 1 forceNext: 0, m_queued: 14, m_queued empty: true, begin idx: 8, front: 8,m_latencyTweak: 0.000000, GetDisplayLatency: 166.833344, m_videoDelay: 0, GetFrameLatencyAdjustment: 0.000000
2024-11-23 11:59:26.362 T:3833 debug : PrepareNextRender: (29.681) < (29.660 + 0.00 * 0.042): 29.681 < 29.660, lateframes: 0, idx: 8, lateframe
2024-11-23 11:59:26.362 T:3833 debug : PrepareNextRender: (29.681) < (29.701 + 0.00 * 0.042): 29.681 < 29.701, lateframes: 1, idx: 8, break
2024-11-23 11:59:26.366 T:4060 debug : CAMLCodec::DequeueBuffer: pts:30.244 idx:725
2024-11-23 11:59:26.366 T:4060 debug : CAMLCodec::GetPicture: index: 725, pts: 30.244, dur:42.000ms ar:1.78 elf:40ms
2024-11-23 11:59:26.366 T:4060 debug : CVideoPlayerVideo::OutputPicture - ttd:588ms pts:30.244 Clock:29.655 Level:13
2024-11-23 11:59:26.367 T:3833 debug : CAMLCodec::ReleaseFrame idx:711, drop:0
2024-11-23 11:59:26.400 T:3833 debug : CAMLCodec::PollFrame elapsed:32.821ms
2024-11-23 11:59:26.403 T:3833 debug : PrepareNextRender: frameOnScreen: 29.691 renderPts: 29.723 nextFramePts: 29.701 -> diff: 0.022 render: 1 forceNext: 0, m_queued: 14, m_queued empty: true, begin idx: 9, front: 9,m_latencyTweak: 0.000000, GetDisplayLatency: 166.833344, m_videoDelay: 0, GetFrameLatencyAdjustment: 0.000000
2024-11-23 11:59:26.403 T:3833 debug : PrepareNextRender: (29.723) < (29.701 + 0.00 * 0.042): 29.723 < 29.701, lateframes: 0, idx: 9, lateframe
2024-11-23 11:59:26.403 T:3833 debug : PrepareNextRender: (29.723) < (29.743 + 0.00 * 0.042): 29.723 < 29.743, lateframes: 1, idx: 9, break
2024-11-23 11:59:26.408 T:4060 debug : CAMLCodec::DequeueBuffer: pts:30.285 idx:726
2024-11-23 11:59:26.408 T:4060 debug : CAMLCodec::GetPicture: index: 726, pts: 30.285, dur:41.000ms ar:1.78 elf:41ms
2024-11-23 11:59:26.408 T:4060 debug : CVideoPlayerVideo::OutputPicture - ttd:588ms pts:30.285 Clock:29.696 Level:13
2024-11-23 11:59:26.410 T:3833 debug : CAMLCodec::ReleaseFrame idx:712, drop:0
2024-11-23 11:59:26.442 T:3833 debug : CAMLCodec::PollFrame elapsed:31.477ms
2024-11-23 11:59:26.445 T:3833 debug : PrepareNextRender: frameOnScreen: 29.734 renderPts: 29.765 nextFramePts: 29.743 -> diff: 0.022 render: 1 forceNext: 0, m_queued: 14, m_queued empty: true, begin idx: 10, front: 10,m_latencyTweak: 0.000000, GetDisplayLatency: 166.833344, m_videoDelay: 0, GetFrameLatencyAdjustment: 0.000000
2024-11-23 11:59:26.445 T:3833 debug : PrepareNextRender: (29.765) < (29.743 + 0.00 * 0.042): 29.765 < 29.743, lateframes: 0, idx: 10, lateframe
2024-11-23 11:59:26.446 T:3833 debug : PrepareNextRender: (29.765) < (29.785 + 0.00 * 0.042): 29.765 < 29.785, lateframes: 1, idx: 10, break
2024-11-23 11:59:26.450 T:4060 debug : CAMLCodec::DequeueBuffer: pts:30.327 idx:727
2024-11-23 11:59:26.450 T:4060 debug : CAMLCodec::GetPicture: index: 727, pts: 30.327, dur:42.000ms ar:1.78 elf:42ms
2024-11-23 11:59:26.450 T:4060 debug : CVideoPlayerVideo::OutputPicture - ttd:588ms pts:30.327 Clock:29.739 Level:13
2024-11-23 11:59:26.452 T:3833 debug : CAMLCodec::ReleaseFrame idx:713, drop:0
2024-11-23 11:59:26.483 T:3833 debug : CAMLCodec::PollFrame elapsed:30.783ms
2024-11-23 11:59:26.486 T:3833 debug : PrepareNextRender: frameOnScreen: 29.775 renderPts: 29.806 nextFramePts: 29.785 -> diff: 0.021 render: 1 forceNext: 0, m_queued: 14, m_queued empty: true, begin idx: 12, front: 12,m_latencyTweak: 0.000000, GetDisplayLatency: 166.833344, m_videoDelay: 0, GetFrameLatencyAdjustment: 0.000000
2024-11-23 11:59:26.486 T:3833 debug : PrepareNextRender: (29.806) < (29.785 + 0.00 * 0.042): 29.806 < 29.785, lateframes: 0, idx: 12, lateframe
2024-11-23 11:59:26.486 T:3833 debug : PrepareNextRender: (29.806) < (29.826 + 0.00 * 0.042): 29.806 < 29.826, lateframes: 1, idx: 12, break
2024-11-23 11:59:26.492 T:4060 debug : CAMLCodec::DequeueBuffer: pts:30.369 idx:728
2024-11-23 11:59:26.492 T:4060 debug : CAMLCodec::GetPicture: index: 728, pts: 30.369, dur:42.000ms ar:1.78 elf:41ms
2024-11-23 11:59:26.492 T:4060 debug : CVideoPlayerVideo::OutputPicture - ttd:588ms pts:30.369 Clock:29.780 Level:13
2024-11-23 11:59:26.493 T:3833 debug : CAMLCodec::ReleaseFrame idx:714, drop:0
2024-11-23 11:59:26.525 T:3833 debug : CAMLCodec::PollFrame elapsed:31.532ms
2024-11-23 11:59:26.528 T:3833 debug : PrepareNextRender: frameOnScreen: 29.816 renderPts: 29.848 nextFramePts: 29.826 -> diff: 0.022 render: 1 forceNext: 0, m_queued: 14, m_queued empty: true, begin idx: 13, front: 13,m_latencyTweak: 0.000000, GetDisplayLatency: 166.833344, m_videoDelay: 0, GetFrameLatencyAdjustment: 0.000000
2024-11-23 11:59:26.528 T:3833 debug : PrepareNextRender: (29.848) < (29.826 + 0.00 * 0.042): 29.848 < 29.826, lateframes: 0, idx: 13, lateframe
2024-11-23 11:59:26.528 T:3833 debug : PrepareNextRender: (29.848) < (29.868 + 0.00 * 0.042): 29.848 < 29.868, lateframes: 1, idx: 13, break
2024-11-23 11:59:26.533 T:4060 debug : CAMLCodec::DequeueBuffer: pts:30.410 idx:729
2024-11-23 11:59:26.534 T:4060 debug : CAMLCodec::GetPicture: index: 729, pts: 30.410, dur:41.000ms ar:1.78 elf:41ms
2024-11-23 11:59:26.534 T:4060 debug : CVideoPlayerVideo::OutputPicture - ttd:587ms pts:30.410 Clock:29.822 Level:13
2024-11-23 11:59:26.534 T:3833 debug : CAMLCodec::ReleaseFrame idx:715, drop:0
2024-11-23 11:59:26.567 T:3833 debug : CAMLCodec::PollFrame elapsed:32.155ms
2024-11-23 11:59:26.570 T:3833 debug : PrepareNextRender: frameOnScreen: 29.858 renderPts: 29.889 nextFramePts: 29.868 -> diff: 0.021 render: 1 forceNext: 0, m_queued: 14, m_queued empty: true, begin idx: 14, front: 14,m_latencyTweak: 0.000000, GetDisplayLatency: 166.833344, m_videoDelay: 0, GetFrameLatencyAdjustment: 0.000000
2024-11-23 11:59:26.570 T:3833 debug : PrepareNextRender: (29.889) < (29.868 + 0.00 * 0.042): 29.889 < 29.868, lateframes: 0, idx: 14, lateframe
2024-11-23 11:59:26.570 T:3833 debug : PrepareNextRender: (29.889) < (29.910 + 0.00 * 0.042): 29.889 < 29.910, lateframes: 1, idx: 14, break
2024-11-23 11:59:26.576 T:3833 debug : CAMLCodec::ReleaseFrame idx:716, drop:0
2024-11-23 11:59:26.576 T:4060 debug : CAMLCodec::DequeueBuffer: pts:30.452 idx:730
2024-11-23 11:59:26.576 T:4060 debug : CAMLCodec::GetPicture: index: 730, pts: 30.452, dur:42.000ms ar:1.78 elf:42ms
2024-11-23 11:59:26.576 T:4060 debug : CVideoPlayerVideo::OutputPicture - ttd:587ms pts:30.452 Clock:29.865 Level:13
2024-11-23 11:59:26.577 T:4060 debug : CAMLCodec::AddData: dl:572736 fl:5522112 sz:5705(5824) lv:9.4% dts:31.119 pts:31.119
2024-11-23 11:59:26.578 T:4060 debug : CAMLCodec::AddData: dl:580992 fl:5513856 sz:8161(8256) lv:9.5% dts:31.161 pts:31.161
2024-11-23 11:59:26.578 T:4060 debug : CAMLCodec::AddData: dl:610176 fl:5484672 sz:29087(29184) lv:10.0% dts:31.203 pts:31.203
2024-11-23 11:59:26.608 T:3833 debug : CAMLCodec::PollFrame elapsed:32.235ms
2024-11-23 11:59:26.611 T:3833 debug : PrepareNextRender: frameOnScreen: 29.899 renderPts: 29.930 nextFramePts: 29.910 -> diff: 0.020 render: 1 forceNext: 0, m_queued: 14, m_queued empty: true, begin idx: 15, front: 15,m_latencyTweak: 0.000000, GetDisplayLatency: 166.833344, m_videoDelay: 0, GetFrameLatencyAdjustment: 0.000000
2024-11-23 11:59:26.611 T:3833 debug : PrepareNextRender: (29.930) < (29.910 + 0.00 * 0.042): 29.930 < 29.910, lateframes: 0, idx: 15, lateframe
2024-11-23 11:59:26.611 T:3833 debug : PrepareNextRender: (29.930) < (29.952 + 0.00 * 0.042): 29.930 < 29.952, lateframes: 1, idx: 15, break
2024-11-23 11:59:26.618 T:4060 debug : CAMLCodec::DequeueBuffer: pts:30.494 idx:731
2024-11-23 11:59:26.618 T:4060 debug : CAMLCodec::GetPicture: index: 731, pts: 30.494, dur:42.000ms ar:1.78 elf:41ms
2024-11-23 11:59:26.618 T:4060 debug : CVideoPlayerVideo::OutputPicture - ttd:587ms pts:30.494 Clock:29.907 Level:13
2024-11-23 11:59:26.619 T:3833 debug : CAMLCodec::ReleaseFrame idx:717, drop:0
2024-11-23 11:59:26.619 T:4060 debug : CAMLCodec::AddData: dl:597248 fl:5497600 sz:8323(8448) lv:9.8% dts:31.245 pts:31.245
2024-11-23 11:59:26.621 T:4058 debug : CVideoPlayer::ProcessVideoData size:43075 dts:76.665 pts:76.665 dur:41.000ms, clock:29.910 level:100
2024-11-23 11:59:26.623 T:4058 debug : CVideoPlayer::ProcessVideoData size:9592 dts:76.707 pts:76.707 dur:41.000ms, clock:29.912 level:100
2024-11-23 11:59:26.624 T:4060 debug : CAMLCodec::AddData: dl:879872 fl:5214976 sz:282534(282624) lv:14.4% dts:31.286 pts:31.286
2024-11-23 11:59:26.625 T:4058 debug : CVideoPlayer::ProcessVideoData size:8763 dts:76.748 pts:76.748 dur:41.000ms, clock:29.913 level:100
2024-11-23 11:59:26.627 T:4058 debug : CVideoPlayer::ProcessVideoData size:11655 dts:76.790 pts:76.790 dur:41.000ms, clock:29.915 level:100
2024-11-23 11:59:26.628 T:4058 debug : CVideoPlayer::ProcessVideoData size:8382 dts:76.832 pts:76.832 dur:41.000ms, clock:29.916 level:100
2024-11-23 11:59:26.630 T:4058 debug : CVideoPlayer::ProcessVideoData size:44348 dts:76.873 pts:76.873 dur:41.000ms, clock:29.918 level:100
2024-11-23 11:59:26.632 T:4058 debug : CVideoPlayer::ProcessVideoData size:6222 dts:76.915 pts:76.915 dur:41.000ms, clock:29.920 level:100
2024-11-23 11:59:26.633 T:4058 debug : CVideoPlayer::ProcessVideoData size:3789 dts:76.957 pts:76.957 dur:41.000ms, clock:29.922 level:100
2024-11-23 11:59:26.635 T:4058 debug : CVideoPlayer::ProcessVideoData size:68020 dts:76.999 pts:76.999 dur:41.000ms, clock:29.924 level:100
2024-11-23 11:59:26.638 T:4058 debug : CVideoPlayer::ProcessVideoData size:24151 dts:77.040 pts:77.040 dur:41.000ms, clock:29.927 level:100
2024-11-23 11:59:26.642 T:4058 debug : CVideoPlayer::ProcessVideoData size:108423 dts:77.082 pts:77.082 dur:41.000ms, clock:29.931 level:100
2024-11-23 11:59:26.650 T:3833 debug : CAMLCodec::PollFrame elapsed:31.044ms
2024-11-23 11:59:26.653 T:3833 debug : PrepareNextRender: frameOnScreen: 29.942 renderPts: 29.973 nextFramePts: 29.952 -> diff: 0.021 render: 1 forceNext: 0, m_queued: 14, m_queued empty: true, begin idx: 11, front: 11,m_latencyTweak: 0.000000, GetDisplayLatency: 166.833344, m_videoDelay: 0, GetFrameLatencyAdjustment: 0.000000
2024-11-23 11:59:26.653 T:3833 debug : PrepareNextRender: (29.973) < (29.952 + 0.00 * 0.042): 29.973 < 29.952, lateframes: 0, idx: 11, lateframe
2024-11-23 11:59:26.653 T:3833 debug : PrepareNextRender: (29.973) < (29.993 + 0.00 * 0.042): 29.973 < 29.993, lateframes: 1, idx: 11, break
2024-11-23 11:59:26.659 T:4060 debug : CAMLCodec::DequeueBuffer: pts:30.535 idx:732
2024-11-23 11:59:26.659 T:4060 debug : CAMLCodec::GetPicture: index: 732, pts: 30.535, dur:41.000ms ar:1.78 elf:41ms
2024-11-23 11:59:26.660 T:4060 debug : CVideoPlayerVideo::OutputPicture - ttd:586ms pts:30.535 Clock:29.948 Level:13
2024-11-23 11:59:26.660 T:3833 debug : CAMLCodec::ReleaseFrame idx:718, drop:0
2024-11-23 11:59:26.692 T:3833 debug : CAMLCodec::PollFrame elapsed:31.366ms
2024-11-23 11:59:26.695 T:3833 debug : PrepareNextRender: frameOnScreen: 29.984 renderPts: 30.014 nextFramePts: 29.993 -> diff: 0.021 render: 1 forceNext: 0, m_queued: 14, m_queued empty: true, begin idx: 0, front: 0,m_latencyTweak: 0.000000, GetDisplayLatency: 166.833344, m_videoDelay: 0, GetFrameLatencyAdjustment: 0.000000
2024-11-23 11:59:26.695 T:3833 debug : PrepareNextRender: (30.014) < (29.993 + 0.00 * 0.042): 30.014 < 29.993, lateframes: 0, idx: 0, lateframe
