2024-11-23 11:59:41.391 T:4060 debug : CAMLCodec::AddData: dl:327680 fl:5767168 sz:77722(77824) lv:5.4% dts:65.487 pts:65.487
2024-11-23 11:59:41.392 T:4060 debug : CAMLCodec::DequeueBuffer: pts:65.070 idx:1094
2024-11-23 11:59:41.392 T:4060 debug : CAMLCodec::GetPicture: index: 1094, pts: 65.070, dur:41.708ms ar:1.78 elf:89ms
2024-11-23 11:59:41.392 T:4060 debug : CVideoPlayerVideo::OutputPicture - ttd:30878ms pts:65.070 Clock:34.191 Level:0
2024-11-23 11:59:41.392 T:4058 debug : CVideoPlayer::ProcessVideoData size:4447 dts:65.570 pts:65.570 dur:41.000ms, clock:34.191 level:0
2024-11-23 11:59:41.395 T:4058 debug : CVideoPlayer::ProcessVideoData size:71341 dts:65.612 pts:65.612 dur:41.000ms, clock:34.191 level:1
2024-11-23 11:59:41.396 T:4058 debug : CVideoPlayer::ProcessVideoData size:42980 dts:65.654 pts:65.654 dur:41.000ms, clock:34.191 level:2
2024-11-23 11:59:41.397 T:4058 debug : CVideoPlayer::ProcessVideoData size:9388 dts:65.696 pts:65.696 dur:41.000ms, clock:34.191 level:2
2024-11-23 11:59:41.399 T:4058 debug : CVideoPlayer::ProcessVideoData size:9340 dts:65.737 pts:65.737 dur:41.000ms, clock:34.191 level:3
2024-11-23 11:59:41.401 T:4058 debug : CVideoPlayer::ProcessVideoData size:11929 dts:65.779 pts:65.779 dur:41.000ms, clock:34.191 level:3
2024-11-23 11:59:41.402 T:4058 debug : CVideoPlayer::ProcessVideoData size:8456 dts:65.821 pts:65.821 dur:41.000ms, clock:34.191 level:4
2024-11-23 11:59:41.404 T:4058 debug : CVideoPlayer::ProcessVideoData size:43185 dts:65.862 pts:65.862 dur:41.000ms, clock:34.191 level:4
2024-11-23 11:59:41.405 T:4058 debug : CVideoPlayer::ProcessVideoData size:6166 dts:65.904 pts:65.904 dur:41.000ms, clock:34.191 level:5
2024-11-23 11:59:41.407 T:4058 debug : CVideoPlayer::ProcessVideoData size:3824 dts:65.946 pts:65.946 dur:41.000ms, clock:34.191 level:5
2024-11-23 11:59:41.408 T:4058 debug : CVideoPlayer::ProcessVideoData size:68031 dts:65.988 pts:65.988 dur:41.000ms, clock:34.191 level:6
2024-11-23 11:59:41.411 T:4058 debug : CVideoPlayer::ProcessVideoData size:23982 dts:66.029 pts:66.029 dur:41.000ms, clock:34.191 level:6
2024-11-23 11:59:41.413 T:4058 debug : CVideoPlayer::ProcessVideoData size:107852 dts:66.071 pts:66.071 dur:41.000ms, clock:34.191 level:7
2024-11-23 11:59:41.415 T:4058 debug : CVideoPlayer::ProcessVideoData size:133143 dts:66.113 pts:66.113 dur:41.000ms, clock:34.191 level:7
2024-11-23 11:59:41.415 T:3833 debug : CAMLCodec::PollFrame elapsed:22.403ms
2024-11-23 11:59:41.416 T:4058 debug : CVideoPlayer::ProcessVideoData size:5705 dts:66.154 pts:66.154 dur:41.000ms, clock:34.191 level:8
2024-11-23 11:59:41.418 T:4058 debug : CVideoPlayer::ProcessVideoData size:8161 dts:66.196 pts:66.196 dur:41.000ms, clock:34.191 level:8
2024-11-23 11:59:41.419 T:3833 debug : PrepareNextRender: frameOnScreen: 34.191 renderPts: 34.231 nextFramePts: 65.070 -> diff: -30.839 render: 0 forceNext: 1, m_queued: 1, m_queued empty: true, begin idx: 8, front: 8,m_latencyTweak: 0.000000, GetDisplayLatency: 166.833344, m_videoDelay: 0, GetFrameLatencyAdjustment: 0.000000
2024-11-23 11:59:41.419 T:3833 debug : PrepareNextRender: (34.231) < (65.070 + 0.98 * 0.042): 34.231 < 65.111, lateframes: 0, idx: 8, break
2024-11-23 11:59:41.419 T:4058 debug : CVideoPlayer::ProcessVideoData size:29087 dts:66.238 pts:66.238 dur:41.000ms, clock:34.191 level:9
2024-11-23 11:59:41.420 T:4058 debug : CVideoPlayer::HandleMessages - player started 2
2024-11-23 11:59:41.420 T:4058 debug : CVideoPlayer::SetCaching - caching state 3 clock:34.191 start pts:65.070
2024-11-23 11:59:41.420 T:4058 debug : CDVDClock::SetSpeedAdjust - adjusted:0.000000
2024-11-23 11:59:41.420 T:4060 debug : CAMLCodec::SetSpeed, speed(1000)
2024-11-23 11:59:41.421 T:4058 debug : CVideoPlayer::SetCaching - caching state 0 clock:34.192 start pts:65.070
2024-11-23 11:59:41.421 T:4058 debug : CDVDClock::SetSpeedAdjust - adjusted:0.000000
2024-11-23 11:59:41.421 T:4058 debug : VideoPlayer::Sync - Audio - pts: 65.370, cache: 0.390, totalcache: 0.685, packets:110 level:11
2024-11-23 11:59:41.421 T:4058 debug : VideoPlayer::Sync - Video - pts: 65.070, cache: 0.050, totalcache: 0.100, packets:29 level:9
2024-11-23 11:59:41.421 T:4061 debug : CDVDAudio::Resume - resume audio stream
2024-11-23 11:59:41.422 T:3865 debug : ActiveAE - start sync of audio stream
2024-11-23 11:59:41.423 T:4060 debug : CVideoPlayerVideo - CDVDMsg::GENERAL_RESYNC(64969999.000000)
2024-11-23 11:59:41.423 T:4060 debug : CVideoPlayerVideo - OUTPUT_AGAIN - vfmt, interlace should be checked.
2024-11-23 11:59:41.423 T:4060 debug : CVideoPlayerVideo::CalcDropRequirement - hurry: 0
2024-11-23 11:59:41.423 T:4058 debug : CVideoPlayer::ProcessVideoData size:8323 dts:66.280 pts:66.280 dur:41.000ms, clock:64.972 level:9
2024-11-23 11:59:41.423 T:4060 debug : CAMLCodec::AddData: dl:156096 fl:5938752 sz:21277(21376) lv:2.6% dts:65.529 pts:65.529
2024-11-23 11:59:41.423 T:4060 debug : CAMLCodec::DequeueBuffer: pts:65.112 idx:1095
2024-11-23 11:59:41.423 T:4060 debug : CAMLCodec::GetPicture: index: 1095, pts: 65.112, dur:42.000ms ar:1.78 elf:3ms
2024-11-23 11:59:41.424 T:4060 debug : CVideoPlayerVideo::OutputPicture - ttd:139ms pts:65.112 Clock:64.973 Level:0
2024-11-23 11:59:41.424 T:4060 debug : CVideoPlayerVideo - CDVDMsg::DEMUXER_PACKET - checking interlace vfmt: null
2024-11-23 11:59:41.425 T:4058 debug : CVideoPlayer::ProcessVideoData size:282537 dts:66.321 pts:66.321 dur:41.000ms, clock:64.974 level:9
2024-11-23 11:59:41.427 T:4060 debug : CAMLCodec::DequeueBuffer: pts:65.153 idx:1096
2024-11-23 11:59:41.427 T:4060 debug : CAMLCodec::GetPicture: index: 1096, pts: 65.153, dur:41.000ms ar:1.78 elf:3ms
2024-11-23 11:59:41.427 T:4060 debug : CVideoPlayerVideo::OutputPicture - ttd:176ms pts:65.153 Clock:64.976 Level:1
2024-11-23 11:59:41.429 T:4060 debug : CAMLCodec::DequeueBuffer: pts:65.195 idx:1097
2024-11-23 11:59:41.429 T:4060 debug : CAMLCodec::GetPicture: index: 1097, pts: 65.195, dur:42.000ms ar:1.78 elf:1ms
2024-11-23 11:59:41.429 T:4060 debug : CVideoPlayerVideo::OutputPicture - ttd:217ms pts:65.195 Clock:64.978 Level:2
2024-11-23 11:59:41.430 T:4058 debug : CVideoPlayer::ProcessVideoData size:8037 dts:66.363 pts:66.363 dur:41.000ms, clock:64.979 level:10
2024-11-23 11:59:41.430 T:3833 debug : CAMLCodec::ReleaseFrame idx:1094, drop:0
2024-11-23 11:59:41.431 T:4058 debug : CVideoPlayer::ProcessVideoData size:5157 dts:66.405 pts:66.405 dur:41.000ms, clock:64.980 level:10
2024-11-23 11:59:41.431 T:4060 debug : CAMLCodec::DequeueBuffer: pts:65.237 idx:1098
2024-11-23 11:59:41.431 T:4060 debug : CAMLCodec::GetPicture: index: 1098, pts: 65.237, dur:42.000ms ar:1.78 elf:2ms
2024-11-23 11:59:41.431 T:4060 debug : CVideoPlayerVideo::OutputPicture - ttd:256ms pts:65.237 Clock:64.980 Level:3
2024-11-23 11:59:41.433 T:4060 debug : CAMLCodec::DequeueBuffer: pts:65.279 idx:1099
2024-11-23 11:59:41.433 T:4060 debug : CAMLCodec::GetPicture: index: 1099, pts: 65.279, dur:42.001ms ar:1.78 elf:1ms
2024-11-23 11:59:41.433 T:4058 debug : CVideoPlayer::ProcessVideoData size:4417 dts:66.446 pts:66.446 dur:41.000ms, clock:64.982 level:11
2024-11-23 11:59:41.433 T:4060 debug : CVideoPlayerVideo::OutputPicture - ttd:297ms pts:65.279 Clock:64.982 Level:4
2024-11-23 11:59:41.434 T:4060 debug : SetCodecControl 4000000->0
2024-11-23 11:59:41.434 T:4058 debug : CVideoPlayer::ProcessVideoData size:81374 dts:66.488 pts:66.488 dur:41.000ms, clock:64.983 level:11
2024-11-23 11:59:41.434 T:4060 debug : CAMLCodec::AddData: dl:151680 fl:5943168 sz:4447(4544) lv:2.5% dts:65.570 pts:65.570
2024-11-23 11:59:41.437 T:4058 debug : CVideoPlayer::ProcessVideoData size:21498 dts:66.530 pts:66.530 dur:41.000ms, clock:64.985 level:11
2024-11-23 11:59:41.437 T:4060 debug : CAMLCodec::AddData: dl:223104 fl:5871744 sz:71341(71424) lv:3.7% dts:65.612 pts:65.612
2024-11-23 11:59:41.437 T:4060 debug : CAMLCodec::DequeueBuffer: pts:65.320 idx:1100
2024-11-23 11:59:41.437 T:4060 debug : CAMLCodec::GetPicture: index: 1100, pts: 65.320, dur:40.999ms ar:1.78 elf:3ms
2024-11-23 11:59:41.437 T:4060 debug : CVideoPlayerVideo::OutputPicture - ttd:334ms pts:65.320 Clock:64.986 Level:5
2024-11-23 11:59:41.438 T:4058 debug : CVideoPlayer::ProcessVideoData size:4369 dts:66.571 pts:66.571 dur:41.000ms, clock:64.987 level:11
2024-11-23 11:59:41.439 T:4060 debug : CAMLCodec::AddData: dl:261632 fl:5833216 sz:42980(43072) lv:4.3% dts:65.654 pts:65.654
2024-11-23 11:59:41.439 T:4060 debug : CAMLCodec::AddData: dl:271104 fl:5823744 sz:9388(9472) lv:4.4% dts:65.696 pts:65.696
2024-11-23 11:59:41.439 T:4060 debug : CAMLCodec::AddData: dl:280512 fl:5814336 sz:9340(9408) lv:4.6% dts:65.737 pts:65.737
2024-11-23 11:59:41.440 T:4060 debug : CVideoPlayerVideo - CDVDMsg::DEMUXER_PACKET - checking interlace vfmt: null
2024-11-23 11:59:41.440 T:4060 debug : CAMLCodec::AddData: dl:292544 fl:5802304 sz:11929(12032) lv:4.8% dts:65.779 pts:65.779
2024-11-23 11:59:41.440 T:4060 debug : CAMLCodec::AddData: dl:301120 fl:5793728 sz:8456(8576) lv:4.9% dts:65.821 pts:65.821
2024-11-23 11:59:41.440 T:4060 debug : CAMLCodec::AddData: dl:344384 fl:5750464 sz:43185(43264) lv:5.7% dts:65.862 pts:65.862
2024-11-23 11:59:41.440 T:4058 debug : CVideoPlayer::ProcessVideoData size:71775 dts:66.613 pts:66.613 dur:41.000ms, clock:64.989 level:8
2024-11-23 11:59:41.440 T:4060 debug : CAMLCodec::AddData: dl:350656 fl:5744192 sz:6166(6272) lv:5.8% dts:65.904 pts:65.904
2024-11-23 11:59:41.440 T:4060 debug : CAMLCodec::AddData: dl:354752 fl:5740096 sz:3824(4096) lv:5.8% dts:65.946 pts:65.946
2024-11-23 11:59:41.441 T:4060 debug : CVideoPlayerVideo - CDVDMsg::DEMUXER_PACKET - checking interlace vfmt: null
2024-11-23 11:59:41.442 T:4058 debug : CVideoPlayer::ProcessVideoData size:43075 dts:66.655 pts:66.655 dur:41.000ms, clock:64.991 level:8
2024-11-23 11:59:41.443 T:4060 debug : CAMLCodec::AddData: dl:422848 fl:5672000 sz:68031(68096) lv:6.9% dts:65.988 pts:65.988
2024-11-23 11:59:41.443 T:4060 debug : CAMLCodec::AddData: dl:446912 fl:5647936 sz:23982(24064) lv:7.3% dts:66.029 pts:66.029
2024-11-23 11:59:41.444 T:4058 debug : CVideoPlayer::ProcessVideoData size:9592 dts:66.697 pts:66.697 dur:41.000ms, clock:64.993 level:7
2024-11-23 11:59:41.445 T:4058 debug : CVideoPlayer::ProcessVideoData size:8763 dts:66.738 pts:66.738 dur:41.000ms, clock:64.994 level:8
2024-11-23 11:59:41.445 T:4060 debug : CAMLCodec::AddData: dl:554880 fl:5539968 sz:107852(107968) lv:9.1% dts:66.071 pts:66.071
2024-11-23 11:59:41.445 T:4060 debug : CAMLCodec::DequeueBuffer: pts:65.362 idx:1101
2024-11-23 11:59:41.445 T:4060 debug : CAMLCodec::GetPicture: index: 1101, pts: 65.362, dur:42.000ms ar:1.78 elf:8ms
2024-11-23 11:59:41.445 T:4060 debug : CVideoPlayerVideo::OutputPicture - ttd:367ms pts:65.362 Clock:64.994 Level:6
2024-11-23 11:59:41.447 T:4058 debug : CVideoPlayer::ProcessVideoData size:11655 dts:66.780 pts:66.780 dur:41.000ms, clock:64.996 level:8
2024-11-23 11:59:41.448 T:4058 debug : CVideoPlayer::ProcessVideoData size:8382 dts:66.822 pts:66.822 dur:41.000ms, clock:64.997 level:8
2024-11-23 11:59:41.449 T:4060 debug : CAMLCodec::AddData: dl:653952 fl:5440896 sz:133143(133248) lv:10.7% dts:66.113 pts:66.113
2024-11-23 11:59:41.450 T:4058 debug : CVideoPlayer::ProcessVideoData size:44348 dts:66.863 pts:66.863 dur:41.000ms, clock:64.999 level:9
2024-11-23 11:59:41.451 T:4060 debug : CAMLCodec::DequeueBuffer: pts:65.404 idx:1102
2024-11-23 11:59:41.451 T:4060 debug : CAMLCodec::GetPicture: index: 1102, pts: 65.404, dur:42.001ms ar:1.78 elf:5ms
2024-11-23 11:59:41.452 T:4060 debug : CVideoPlayerVideo::OutputPicture - ttd:403ms pts:65.404 Clock:65.000 Level:7
2024-11-23 11:59:41.452 T:4058 debug : CVideoPlayer::ProcessVideoData size:6222 dts:66.905 pts:66.905 dur:41.000ms, clock:65.001 level:9
2024-11-23 11:59:41.453 T:4058 debug : CVideoPlayer::ProcessVideoData size:3789 dts:66.947 pts:66.947 dur:41.000ms, clock:65.002 level:10
2024-11-23 11:59:41.455 T:4058 debug : CVideoPlayer::ProcessVideoData size:68020 dts:66.989 pts:66.989 dur:41.000ms, clock:65.004 level:10
2024-11-23 11:59:41.456 T:4058 debug : CVideoPlayer::ProcessVideoData size:24151 dts:67.030 pts:67.030 dur:41.000ms, clock:65.005 level:11
2024-11-23 11:59:41.457 T:3833 debug : CAMLCodec::PollFrame elapsed:26.396ms
2024-11-23 11:59:41.458 T:4058 debug : CVideoPlayer::ProcessVideoData size:108423 dts:67.072 pts:67.072 dur:41.000ms, clock:65.007 level:11
2024-11-23 11:59:41.458 T:4060 debug : CAMLCodec::DequeueBuffer: pts:65.445 idx:1103
2024-11-23 11:59:41.459 T:4060 debug : CAMLCodec::GetPicture: index: 1103, pts: 65.445, dur:40.999ms ar:1.78 elf:6ms
2024-11-23 11:59:41.459 T:4060 debug : CVideoPlayerVideo::OutputPicture - ttd:437ms pts:65.445 Clock:65.008 Level:8
2024-11-23 11:59:41.461 T:4058 debug : CVideoPlayer::ProcessVideoData size:132998 dts:67.114 pts:67.114 dur:41.000ms, clock:65.010 level:12
2024-11-23 11:59:41.461 T:3833 debug : PrepareNextRender: frameOnScreen: 65.010 renderPts: 65.050 nextFramePts: 65.112 -> diff: -0.062 render: 0 forceNext: 0, m_queued: 9, m_queued empty: true, begin idx: 9, front: 9,m_latencyTweak: 0.000000, GetDisplayLatency: 166.833344, m_videoDelay: 0, GetFrameLatencyAdjustment: 0.000000
2024-11-23 11:59:41.464 T:4058 debug : CVideoPlayer::ProcessVideoData size:5788 dts:67.155 pts:67.155 dur:41.000ms, clock:65.012 level:12
2024-11-23 11:59:41.465 T:4058 debug : CVideoPlayer::ProcessVideoData size:8198 dts:67.197 pts:67.197 dur:41.000ms, clock:65.014 level:13
2024-11-23 11:59:41.466 T:4060 debug : CAMLCodec::DequeueBuffer: pts:65.487 idx:1104
2024-11-23 11:59:41.467 T:4060 debug : CAMLCodec::GetPicture: index: 1104, pts: 65.487, dur:42.000ms ar:1.78 elf:7ms
2024-11-23 11:59:41.467 T:4060 debug : CVideoPlayerVideo::OutputPicture - ttd:471ms pts:65.487 Clock:65.015 Level:9
2024-11-23 11:59:41.468 T:4058 debug : CVideoPlayer::ProcessVideoData size:29644 dts:67.239 pts:67.239 dur:41.000ms, clock:65.016 level:14
2024-11-23 11:59:41.468 T:4060 debug : CAMLCodec::AddData: dl:572736 fl:5522112 sz:5705(5824) lv:9.4% dts:66.154 pts:66.154
2024-11-23 11:59:41.469 T:4060 debug : CVideoPlayerVideo - CDVDMsg::DEMUXER_PACKET - checking interlace vfmt: null
2024-11-23 11:59:41.469 T:4060 debug : CAMLCodec::AddData: dl:580992 fl:5513856 sz:8161(8256) lv:9.5% dts:66.196 pts:66.196
2024-11-23 11:59:41.469 T:4060 debug : CAMLCodec::AddData: dl:610176 fl:5484672 sz:29087(29184) lv:10.0% dts:66.238 pts:66.238
2024-11-23 11:59:41.469 T:4058 debug : CVideoPlayer::ProcessVideoData size:8443 dts:67.281 pts:67.281 dur:41.000ms, clock:65.018 level:12
2024-11-23 11:59:41.471 T:4058 debug : CVideoPlayer::ProcessVideoData size:4459 dts:67.322 pts:67.322 dur:41.000ms, clock:65.019 level:13
2024-11-23 11:59:41.472 T:4058 debug : CVideoPlayer::ProcessVideoData size:20367 dts:67.364 pts:67.364 dur:41.000ms, clock:65.021 level:14
2024-11-23 11:59:41.474 T:4060 debug : CAMLCodec::DequeueBuffer: pts:65.529 idx:1105
2024-11-23 11:59:41.475 T:4060 debug : CAMLCodec::GetPicture: index: 1105, pts: 65.529, dur:42.001ms ar:1.78 elf:7ms
2024-11-23 11:59:41.475 T:4058 debug : CVideoPlayer::ProcessVideoData size:4631 dts:67.406 pts:67.406 dur:41.000ms, clock:65.023 level:14
2024-11-23 11:59:41.475 T:4060 debug : CVideoPlayerVideo::OutputPicture - ttd:505ms pts:65.529 Clock:65.024 Level:10
2024-11-23 11:59:41.476 T:4058 debug : CVideoPlayer::ProcessVideoData size:4340 dts:67.447 pts:67.447 dur:41.000ms, clock:65.025 level:14
2024-11-23 11:59:41.476 T:4060 debug : CAMLCodec::AddData: dl:597248 fl:5497600 sz:8323(8448) lv:9.8% dts:66.280 pts:66.280
2024-11-23 11:59:41.478 T:4058 debug : CVideoPlayer::ProcessVideoData size:70328 dts:67.489 pts:67.489 dur:41.000ms, clock:65.027 level:14
2024-11-23 11:59:41.479 T:4060 debug : CAMLCodec::AddData: dl:879872 fl:5214976 sz:282534(282624) lv:14.4% dts:66.321 pts:66.321
2024-11-23 11:59:41.479 T:4058 debug : CVideoPlayer::ProcessVideoData size:21290 dts:67.531 pts:67.531 dur:41.000ms, clock:65.028 level:15
2024-11-23 11:59:41.481 T:4058 debug : CVideoPlayer::ProcessVideoData size:294885 dts:67.572 pts:67.572 dur:41.000ms, clock:65.030 level:15
2024-11-23 11:59:41.483 T:4060 debug : CAMLCodec::DequeueBuffer: pts:65.570 idx:1106
2024-11-23 11:59:41.483 T:4060 debug : CAMLCodec::GetPicture: index: 1106, pts: 65.570, dur:40.999ms ar:1.78 elf:8ms
2024-11-23 11:59:41.483 T:4060 debug : CVideoPlayerVideo::OutputPicture - ttd:538ms pts:65.570 Clock:65.032 Level:11
2024-11-23 11:59:41.484 T:4058 debug : CVideoPlayer::ProcessVideoData size:58629 dts:67.614 pts:67.614 dur:41.000ms, clock:65.033 level:16
2024-11-23 11:59:41.486 T:4058 debug : CVideoPlayer::ProcessVideoData size:45064 dts:67.656 pts:67.656 dur:41.000ms, clock:65.034 level:16
2024-11-23 11:59:41.487 T:4058 debug : CVideoPlayer::ProcessVideoData size:6951 dts:67.698 pts:67.698 dur:41.000ms, clock:65.036 level:17
2024-11-23 11:59:41.488 T:4058 debug : CVideoPlayer::ProcessVideoData size:5566 dts:67.739 pts:67.739 dur:41.000ms, clock:65.037 level:17
2024-11-23 11:59:41.489 T:4058 debug : CVideoPlayer::ProcessVideoData size:10936 dts:67.781 pts:67.781 dur:41.000ms, clock:65.038 level:18
2024-11-23 11:59:41.490 T:4058 debug : CVideoPlayer::ProcessVideoData size:8108 dts:67.823 pts:67.823 dur:41.000ms, clock:65.039 level:18
2024-11-23 11:59:41.490 T:4060 debug : CAMLCodec::DequeueBuffer: pts:65.612 idx:1107
2024-11-23 11:59:41.491 T:4060 debug : CAMLCodec::GetPicture: index: 1107, pts: 65.612, dur:42.000ms ar:1.78 elf:7ms
2024-11-23 11:59:41.491 T:4060 debug : CVideoPlayerVideo::OutputPicture - ttd:572ms pts:65.612 Clock:65.039 Level:12
2024-11-23 11:59:41.492 T:4058 debug : CVideoPlayer::ProcessVideoData size:30256 dts:67.864 pts:67.864 dur:41.000ms, clock:65.041 level:19
2024-11-23 11:59:41.494 T:4058 debug : CVideoPlayer::ProcessVideoData size:6110 dts:67.906 pts:67.906 dur:41.000ms, clock:65.042 level:19
2024-11-23 11:59:41.495 T:4058 debug : CVideoPlayer::ProcessVideoData size:3827 dts:67.948 pts:67.948 dur:41.000ms, clock:65.044 level:20
2024-11-23 11:59:41.497 T:4058 debug : CVideoPlayer::ProcessVideoData size:75827 dts:67.990 pts:67.990 dur:41.000ms, clock:65.045 level:20
2024-11-23 11:59:41.498 T:4060 debug : CAMLCodec::DequeueBuffer: pts:65.654 idx:1108
2024-11-23 11:59:41.498 T:4060 debug : CAMLCodec::GetPicture: index: 1108, pts: 65.654, dur:42.001ms ar:1.78 elf:7ms
2024-11-23 11:59:41.498 T:4060 debug : CVideoPlayerVideo::OutputPicture - ttd:607ms pts:65.654 Clock:65.047 Level:13
2024-11-23 11:59:41.498 T:3833 debug : CAMLCodec::PollFrame elapsed:26.342ms
2024-11-23 11:59:41.498 T:4058 debug : CVideoPlayer::ProcessVideoData size:24611 dts:68.031 pts:68.031 dur:41.000ms, clock:65.047 level:21
2024-11-23 11:59:41.500 T:4058 debug : CVideoPlayer::ProcessVideoData size:109130 dts:68.073 pts:68.073 dur:41.000ms, clock:65.049 level:21
2024-11-23 11:59:41.502 T:3833 debug : PrepareNextRender: frameOnScreen: 65.051 renderPts: 65.091 nextFramePts: 65.112 -> diff: -0.021 render: 0 forceNext: 0, m_queued: 14, m_queued empty: true, begin idx: 9, front: 9,m_latencyTweak: 0.000000, GetDisplayLatency: 166.833344, m_videoDelay: 0, GetFrameLatencyAdjustment: 0.000000
2024-11-23 11:59:41.504 T:4058 debug : CVideoPlayer::ProcessVideoData size:132334 dts:68.115 pts:68.115 dur:41.000ms, clock:65.053 level:22
2024-11-23 11:59:41.505 T:4058 debug : CVideoPlayer::ProcessVideoData size:5815 dts:68.156 pts:68.156 dur:41.000ms, clock:65.054 level:22
2024-11-23 11:59:41.505 T:4060 debug : CAMLCodec::DequeueBuffer: pts:65.696 idx:1109
2024-11-23 11:59:41.505 T:4060 debug : CAMLCodec::GetPicture: index: 1109, pts: 65.696, dur:42.000ms ar:1.78 elf:6ms
2024-11-23 11:59:41.505 T:4060 debug : CVideoPlayerVideo::OutputPicture - ttd:641ms pts:65.696 Clock:65.054 Level:13
2024-11-23 11:59:41.507 T:4058 debug : CVideoPlayer::ProcessVideoData size:8137 dts:68.198 pts:68.198 dur:41.000ms, clock:65.055 level:23
2024-11-23 11:59:41.508 T:4058 debug : CVideoPlayer::ProcessVideoData size:28879 dts:68.240 pts:68.240 dur:41.000ms, clock:65.057 level:23
2024-11-23 11:59:41.511 T:4058 debug : CVideoPlayer::ProcessVideoData size:8296 dts:68.282 pts:68.282 dur:41.000ms, clock:65.059 level:24
2024-11-23 11:59:41.512 T:4058 debug : CVideoPlayer::ProcessVideoData size:4412 dts:68.323 pts:68.323 dur:41.000ms, clock:65.061 level:24
2024-11-23 11:59:41.512 T:3833 debug : CAMLCodec::ReleaseFrame idx:1095, drop:0
2024-11-23 11:59:41.513 T:4060 debug : CAMLCodec::DequeueBuffer: pts:65.737 idx:1110
2024-11-23 11:59:41.513 T:4060 debug : CAMLCodec::GetPicture: index: 1110, pts: 65.737, dur:40.999ms ar:1.78 elf:7ms
2024-11-23 11:59:41.514 T:4058 debug : CVideoPlayer::ProcessVideoData size:20307 dts:68.365 pts:68.365 dur:41.000ms, clock:65.063 level:25
2024-11-23 11:59:41.515 T:4058 debug : CVideoPlayer::ProcessVideoData size:4649 dts:68.407 pts:68.407 dur:41.000ms, clock:65.064 level:26
2024-11-23 11:59:41.516 T:4058 debug : CVideoPlayer::ProcessVideoData size:4269 dts:68.448 pts:68.448 dur:41.000ms, clock:65.065 level:26
2024-11-23 11:59:41.518 T:4058 debug : CVideoPlayer::ProcessVideoData size:72063 dts:68.490 pts:68.490 dur:41.000ms, clock:65.067 level:27
2024-11-23 11:59:41.519 T:4058 debug : CVideoPlayer::ProcessVideoData size:21442 dts:68.532 pts:68.532 dur:41.000ms, clock:65.068 level:27
2024-11-23 11:59:41.521 T:4058 debug : CVideoPlayer::ProcessVideoData size:4387 dts:68.573 pts:68.573 dur:41.000ms, clock:65.069 level:28
2024-11-23 11:59:41.522 T:4058 debug : CVideoPlayer::ProcessVideoData size:70306 dts:68.615 pts:68.615 dur:41.000ms, clock:65.071 level:28
2024-11-23 11:59:41.523 T:4058 debug : CVideoPlayer::ProcessVideoData size:42904 dts:68.657 pts:68.657 dur:41.000ms, clock:65.072 level:29
2024-11-23 11:59:41.524 T:3865 debug : ActiveAE::SyncStream - average error of -1.069075, start adjusting
2024-11-23 11:59:41.524 T:3865 debug : ActiveAE::SyncStream - average error -1.069075 below threshold of 30.000000
2024-11-23 11:59:41.524 T:4058 debug : CVideoPlayer::ProcessVideoData size:9352 dts:68.699 pts:68.699 dur:41.000ms, clock:65.073 level:29
2024-11-23 11:59:41.526 T:4058 debug : CVideoPlayer::ProcessVideoData size:8793 dts:68.740 pts:68.740 dur:41.000ms, clock:65.075 level:30
2024-11-23 11:59:41.527 T:4058 debug : CVideoPlayer::ProcessVideoData size:11549 dts:68.782 pts:68.782 dur:41.000ms, clock:65.076 level:30
2024-11-23 11:59:41.529 T:4058 debug : CVideoPlayer::ProcessVideoData size:252785 dts:68.824 pts:68.824 dur:41.000ms, clock:65.077 level:31
2024-11-23 11:59:41.531 T:4058 debug : CVideoPlayer::ProcessVideoData size:13179 dts:68.865 pts:68.865 dur:41.000ms, clock:65.080 level:31
2024-11-23 11:59:41.532 T:4058 debug : CVideoPlayer::ProcessVideoData size:6824 dts:68.907 pts:68.907 dur:41.000ms, clock:65.081 level:32
2024-11-23 11:59:41.533 T:4058 debug : CVideoPlayer::ProcessVideoData size:3898 dts:68.949 pts:68.949 dur:41.000ms, clock:65.082 level:32
2024-11-23 11:59:41.535 T:4058 debug : CVideoPlayer::ProcessVideoData size:94259 dts:68.991 pts:68.991 dur:41.000ms, clock:65.083 level:33
2024-11-23 11:59:41.536 T:4058 debug : CVideoPlayer::ProcessVideoData size:24822 dts:69.032 pts:69.032 dur:41.000ms, clock:65.085 level:33
2024-11-23 11:59:41.537 T:4058 debug : CVideoPlayer::ProcessVideoData size:109400 dts:69.074 pts:69.074 dur:41.000ms, clock:65.086 level:34
2024-11-23 11:59:41.539 T:4058 debug : CVideoPlayer::ProcessVideoData size:133101 dts:69.116 pts:69.116 dur:41.000ms, clock:65.088 level:34
2024-11-23 11:59:41.540 T:3833 debug : CAMLCodec::PollFrame elapsed:27.549ms
2024-11-23 11:59:41.541 T:4058 debug : CVideoPlayer::ProcessVideoData size:5604 dts:69.157 pts:69.157 dur:41.000ms, clock:65.090 level:35
2024-11-23 11:59:41.543 T:4058 debug : CVideoPlayer::ProcessVideoData size:8112 dts:69.199 pts:69.199 dur:41.000ms, clock:65.092 level:35
2024-11-23 11:59:41.543 T:3833 debug : PrepareNextRender: frameOnScreen: 65.092 renderPts: 65.132 nextFramePts: 65.153 -> diff: -0.021 render: 0 forceNext: 0, m_queued: 14, m_queued empty: true, begin idx: 12, front: 12,m_latencyTweak: 0.000000, GetDisplayLatency: 166.833344, m_videoDelay: 0, GetFrameLatencyAdjustment: 0.000000
2024-11-23 11:59:41.544 T:4058 debug : CVideoPlayer::ProcessVideoData size:32552 dts:69.241 pts:69.241 dur:41.000ms, clock:65.093 level:36
2024-11-23 11:59:41.546 T:4058 debug : CVideoPlayer::ProcessVideoData size:8418 dts:69.283 pts:69.283 dur:41.000ms, clock:65.095 level:36
2024-11-23 11:59:41.547 T:4058 debug : CVideoPlayer::ProcessVideoData size:4426 dts:69.324 pts:69.324 dur:41.000ms, clock:65.096 level:37
2024-11-23 11:59:41.549 T:4060 debug : CVideoPlayerVideo::OutputPicture - ttd:674ms pts:65.737 Clock:65.062 Level:14
2024-11-23 11:59:41.549 T:4058 debug : CVideoPlayer::ProcessVideoData size:21875 dts:69.366 pts:69.366 dur:41.000ms, clock:65.098 level:38
2024-11-23 11:59:41.550 T:4058 debug : CVideoPlayer::ProcessVideoData size:4676 dts:69.408 pts:69.408 dur:41.000ms, clock:65.099 level:38
2024-11-23 11:59:41.552 T:4058 debug : CVideoPlayer::ProcessVideoData size:4311 dts:69.449 pts:69.449 dur:41.000ms, clock:65.100 level:39
2024-11-23 11:59:41.553 T:4058 debug : CVideoPlayer::ProcessVideoData size:72206 dts:69.491 pts:69.491 dur:41.000ms, clock:65.102 level:39
2024-11-23 11:59:41.554 T:4058 debug : CVideoPlayer::ProcessVideoData size:21440 dts:69.533 pts:69.533 dur:41.000ms, clock:65.103 level:40
2024-11-23 11:59:41.556 T:4058 debug : CVideoPlayer::ProcessVideoData size:4455 dts:69.574 pts:69.574 dur:41.000ms, clock:65.104 level:40
2024-11-23 11:59:41.557 T:4058 debug : CVideoPlayer::ProcessVideoData size:71628 dts:69.616 pts:69.616 dur:41.000ms, clock:65.106 level:41
2024-11-23 11:59:41.558 T:4058 debug : CVideoPlayer::ProcessVideoData size:42977 dts:69.658 pts:69.658 dur:41.000ms, clock:65.107 level:41
2024-11-23 11:59:41.561 T:4058 debug : CVideoPlayer::ProcessVideoData size:9164 dts:69.700 pts:69.700 dur:41.000ms, clock:65.109 level:42
2024-11-23 11:59:41.562 T:4058 debug : CVideoPlayer::ProcessVideoData size:8414 dts:69.741 pts:69.741 dur:41.000ms, clock:65.111 level:42
2024-11-23 11:59:41.563 T:4058 debug : CVideoPlayer::ProcessVideoData size:11452 dts:69.783 pts:69.783 dur:41.000ms, clock:65.112 level:43
2024-11-23 11:59:41.564 T:4058 debug : CVideoPlayer::ProcessVideoData size:8329 dts:69.825 pts:69.825 dur:41.000ms, clock:65.113 level:43
2024-11-23 11:59:41.566 T:4058 debug : CVideoPlayer::ProcessVideoData size:42861 dts:69.866 pts:69.866 dur:41.000ms, clock:65.114 level:44
2024-11-23 11:59:41.567 T:4058 debug : CVideoPlayer::ProcessVideoData size:6212 dts:69.908 pts:69.908 dur:41.000ms, clock:65.116 level:44
2024-11-23 11:59:41.569 T:4058 debug : CVideoPlayer::ProcessVideoData size:3843 dts:69.950 pts:69.950 dur:41.000ms, clock:65.117 level:45
2024-11-23 11:59:41.570 T:4058 debug : CVideoPlayer::ProcessVideoData size:67135 dts:69.992 pts:69.992 dur:41.000ms, clock:65.119 level:45
2024-11-23 11:59:41.571 T:4058 debug : CVideoPlayer::ProcessVideoData size:24035 dts:70.033 pts:70.033 dur:41.000ms, clock:65.120 level:46
2024-11-23 11:59:41.573 T:4058 debug : CVideoPlayer::ProcessVideoData size:277667 dts:70.075 pts:70.075 dur:41.000ms, clock:65.122 level:46
2024-11-23 11:59:41.576 T:4058 debug : CVideoPlayer::ProcessVideoData size:125156 dts:70.117 pts:70.117 dur:41.000ms, clock:65.125 level:47
2024-11-23 11:59:41.577 T:4058 debug : CVideoPlayer::ProcessVideoData size:14161 dts:70.158 pts:70.158 dur:41.000ms, clock:65.126 level:47
2024-11-23 11:59:41.578 T:4058 debug : CVideoPlayer::ProcessVideoData size:9525 dts:70.200 pts:70.200 dur:41.000ms, clock:65.127 level:48
2024-11-23 11:59:41.580 T:4058 debug : CVideoPlayer::ProcessVideoData size:43726 dts:70.242 pts:70.242 dur:41.000ms, clock:65.128 level:48
2024-11-23 11:59:41.581 T:4058 debug : CVideoPlayer::ProcessVideoData size:8836 dts:70.284 pts:70.284 dur:41.000ms, clock:65.130 level:49
2024-11-23 11:59:41.582 T:3833 debug : CAMLCodec::PollFrame elapsed:31.369ms
2024-11-23 11:59:41.582 T:4058 debug : CVideoPlayer::ProcessVideoData size:4449 dts:70.325 pts:70.325 dur:41.000ms, clock:65.131 level:50
2024-11-23 11:59:41.585 T:4058 debug : CVideoPlayer::ProcessVideoData size:34049 dts:70.367 pts:70.367 dur:41.000ms, clock:65.134 level:50
2024-11-23 11:59:41.585 T:3833 debug : PrepareNextRender: frameOnScreen: 65.134 renderPts: 65.174 nextFramePts: 65.153 -> diff: 0.021 render: 1 forceNext: 0, m_queued: 15, m_queued empty: true, begin idx: 12, front: 12,m_latencyTweak: 0.000000, GetDisplayLatency: 166.833344, m_videoDelay: 0, GetFrameLatencyAdjustment: 0.000000
2024-11-23 11:59:41.585 T:3833 debug : PrepareNextRender: (65.174) < (65.153 + 0.98 * 0.042): 65.174 < 65.194, lateframes: 0, idx: 12, break
2024-11-23 11:59:41.587 T:4058 debug : CVideoPlayer::ProcessVideoData size:4695 dts:70.409 pts:70.409 dur:41.000ms, clock:65.136 level:51
2024-11-23 11:59:41.589 T:4058 debug : CVideoPlayer::ProcessVideoData size:4310 dts:70.450 pts:70.450 dur:41.000ms, clock:65.138 level:51
2024-11-23 11:59:41.590 T:4058 debug : CVideoPlayer::ProcessVideoData size:77722 dts:70.492 pts:70.492 dur:41.000ms, clock:65.139 level:52
2024-11-23 11:59:41.592 T:4058 debug : CVideoPlayer::ProcessVideoData size:21277 dts:70.534 pts:70.534 dur:41.000ms, clock:65.140 level:52
2024-11-23 11:59:41.593 T:4058 debug : CVideoPlayer::ProcessVideoData size:4447 dts:70.575 pts:70.575 dur:41.000ms, clock:65.142 level:53
2024-11-23 11:59:41.594 T:3833 debug : CAMLCodec::ReleaseFrame idx:1096, drop:0
2024-11-23 11:59:41.595 T:4058 debug : CVideoPlayer::ProcessVideoData size:71341 dts:70.617 pts:70.617 dur:41.000ms, clock:65.144 level:53
2024-11-23 11:59:41.596 T:4058 debug : CVideoPlayer::ProcessVideoData size:42980 dts:70.659 pts:70.659 dur:41.000ms, clock:65.145 level:54
2024-11-23 11:59:41.596 T:4060 debug : CAMLCodec::DequeueBuffer: pts:65.779 idx:1111
2024-11-23 11:59:41.597 T:4060 debug : CAMLCodec::GetPicture: index: 1111, pts: 65.779, dur:42.001ms ar:1.78 elf:83ms
2024-11-23 11:59:41.597 T:4060 debug : CVideoPlayerVideo::OutputPicture - ttd:633ms pts:65.779 Clock:65.145 Level:14
2024-11-23 11:59:41.598 T:4058 debug : CVideoPlayer::ProcessVideoData size:9388 dts:70.701 pts:70.701 dur:41.000ms, clock:65.147 level:54
2024-11-23 11:59:41.599 T:4058 debug : CVideoPlayer::ProcessVideoData size:9340 dts:70.742 pts:70.742 dur:41.000ms, clock:65.148 level:55
2024-11-23 11:59:41.601 T:4058 debug : CVideoPlayer::ProcessVideoData size:11929 dts:70.784 pts:70.784 dur:41.000ms, clock:65.149 level:55
2024-11-23 11:59:41.602 T:4058 debug : CVideoPlayer::ProcessVideoData size:8456 dts:70.826 pts:70.826 dur:41.000ms, clock:65.150 level:56
2024-11-23 11:59:41.603 T:4058 debug : CVideoPlayer::ProcessVideoData size:43185 dts:70.867 pts:70.867 dur:41.000ms, clock:65.152 level:56
2024-11-23 11:59:41.604 T:4058 debug : CVideoPlayer::ProcessVideoData size:6166 dts:70.909 pts:70.909 dur:41.000ms, clock:65.153 level:57
2024-11-23 11:59:41.606 T:4058 debug : CVideoPlayer::ProcessVideoData size:3824 dts:70.951 pts:70.951 dur:41.000ms, clock:65.155 level:57
2024-11-23 11:59:41.607 T:4058 debug : CVideoPlayer::ProcessVideoData size:68031 dts:70.993 pts:70.993 dur:41.000ms, clock:65.156 level:58
2024-11-23 11:59:41.609 T:4058 debug : CVideoPlayer::ProcessVideoData size:23982 dts:71.034 pts:71.034 dur:41.000ms, clock:65.158 level:58
2024-11-23 11:59:41.611 T:4058 debug : CVideoPlayer::ProcessVideoData size:107852 dts:71.076 pts:71.076 dur:41.000ms, clock:65.160 level:59
2024-11-23 11:59:41.613 T:4058 debug : CVideoPlayer::ProcessVideoData size:133143 dts:71.118 pts:71.118 dur:41.000ms, clock:65.162 level:59
2024-11-23 11:59:41.614 T:4058 debug : CVideoPlayer::ProcessVideoData size:5705 dts:71.159 pts:71.159 dur:41.000ms, clock:65.163 level:60
2024-11-23 11:59:41.615 T:4058 debug : CVideoPlayer::ProcessVideoData size:8161 dts:71.201 pts:71.201 dur:41.000ms, clock:65.164 level:60
2024-11-23 11:59:41.616 T:4058 debug : CVideoPlayer::ProcessVideoData size:29087 dts:71.243 pts:71.243 dur:41.000ms, clock:65.165 level:61
2024-11-23 11:59:41.618 T:4058 debug : CVideoPlayer::ProcessVideoData size:8323 dts:71.285 pts:71.285 dur:41.000ms, clock:65.167 level:61
2024-11-23 11:59:41.619 T:4058 debug : CVideoPlayer::ProcessVideoData size:282537 dts:71.326 pts:71.326 dur:41.000ms, clock:65.168 level:62
2024-11-23 11:59:41.622 T:4058 debug : CVideoPlayer::ProcessVideoData size:8037 dts:71.368 pts:71.368 dur:41.000ms, clock:65.171 level:63
2024-11-23 11:59:41.623 T:3833 debug : CAMLCodec::PollFrame elapsed:28.816ms
2024-11-23 11:59:41.623 T:4058 debug : CVideoPlayer::ProcessVideoData size:5157 dts:71.410 pts:71.410 dur:41.000ms, clock:65.172 level:63
2024-11-23 11:59:41.625 T:4058 debug : CVideoPlayer::ProcessVideoData size:4417 dts:71.451 pts:71.451 dur:41.000ms, clock:65.174 level:64
2024-11-23 11:59:41.626 T:4058 debug : CVideoPlayer::ProcessVideoData size:81374 dts:71.493 pts:71.493 dur:41.000ms, clock:65.175 level:64
2024-11-23 11:59:41.626 T:3833 debug : PrepareNextRender: frameOnScreen: 65.175 renderPts: 65.215 nextFramePts: 65.195 -> diff: 0.020 render: 1 forceNext: 0, m_queued: 15, m_queued empty: true, begin idx: 13, front: 13,m_latencyTweak: 0.000000, GetDisplayLatency: 166.833344, m_videoDelay: 0, GetFrameLatencyAdjustment: 0.000000
2024-11-23 11:59:41.626 T:3833 debug : PrepareNextRender: (65.215) < (65.195 + 0.98 * 0.042): 65.215 < 65.236, lateframes: 0, idx: 13, break
2024-11-23 11:59:41.628 T:4058 debug : CVideoPlayer::ProcessVideoData size:21498 dts:71.535 pts:71.535 dur:41.000ms, clock:65.176 level:65
2024-11-23 11:59:41.629 T:4058 debug : CVideoPlayer::ProcessVideoData size:4369 dts:71.576 pts:71.576 dur:41.000ms, clock:65.178 level:65
2024-11-23 11:59:41.631 T:4058 debug : CVideoPlayer::ProcessVideoData size:71775 dts:71.618 pts:71.618 dur:41.000ms, clock:65.180 level:66
2024-11-23 11:59:41.632 T:4058 debug : CVideoPlayer::ProcessVideoData size:43075 dts:71.660 pts:71.660 dur:41.000ms, clock:65.181 level:66
2024-11-23 11:59:41.634 T:4058 debug : CVideoPlayer::ProcessVideoData size:9592 dts:71.702 pts:71.702 dur:41.000ms, clock:65.183 level:67
2024-11-23 11:59:41.635 T:3833 debug : CAMLCodec::ReleaseFrame idx:1097, drop:0
2024-11-23 11:59:41.635 T:4058 debug : CVideoPlayer::ProcessVideoData size:8763 dts:71.743 pts:71.743 dur:41.000ms, clock:65.184 level:67
2024-11-23 11:59:41.637 T:4058 debug : CVideoPlayer::ProcessVideoData size:11655 dts:71.785 pts:71.785 dur:41.000ms, clock:65.186 level:68
2024-11-23 11:59:41.638 T:4058 debug : CVideoPlayer::ProcessVideoData size:8382 dts:71.827 pts:71.827 dur:41.000ms, clock:65.187 level:68
2024-11-23 11:59:41.640 T:4058 debug : CVideoPlayer::ProcessVideoData size:44348 dts:71.868 pts:71.868 dur:41.000ms, clock:65.189 level:69
2024-11-23 11:59:41.641 T:4058 debug : CVideoPlayer::ProcessVideoData size:6222 dts:71.910 pts:71.910 dur:41.000ms, clock:65.190 level:69
2024-11-23 11:59:41.642 T:4058 debug : CVideoPlayer::ProcessVideoData size:3789 dts:71.952 pts:71.952 dur:41.000ms, clock:65.191 level:70
2024-11-23 11:59:41.643 T:4058 debug : CVideoPlayer::ProcessVideoData size:68020 dts:71.994 pts:71.994 dur:41.000ms, clock:65.192 level:70
2024-11-23 11:59:41.645 T:4058 debug : CVideoPlayer::ProcessVideoData size:24151 dts:72.035 pts:72.035 dur:41.000ms, clock:65.194 level:71
2024-11-23 11:59:41.647 T:4058 debug : CVideoPlayer::ProcessVideoData size:108423 dts:72.077 pts:72.077 dur:41.000ms, clock:65.195 level:71
2024-11-23 11:59:41.648 T:4058 debug : CVideoPlayer::ProcessVideoData size:132998 dts:72.119 pts:72.119 dur:41.000ms, clock:65.197 level:72
2024-11-23 11:59:41.650 T:4058 debug : CVideoPlayer::ProcessVideoData size:5788 dts:72.160 pts:72.160 dur:41.000ms, clock:65.199 level:72
2024-11-23 11:59:41.652 T:4058 debug : CVideoPlayer::ProcessVideoData size:8198 dts:72.202 pts:72.202 dur:41.000ms, clock:65.201 level:73
2024-11-23 11:59:41.653 T:4058 debug : CVideoPlayer::ProcessVideoData size:29644 dts:72.244 pts:72.244 dur:41.000ms, clock:65.202 level:73
2024-11-23 11:59:41.654 T:4058 debug : CVideoPlayer::ProcessVideoData size:8443 dts:72.286 pts:72.286 dur:41.000ms, clock:65.203 level:74
2024-11-23 11:59:41.656 T:4058 debug : CVideoPlayer::ProcessVideoData size:4459 dts:72.327 pts:72.327 dur:41.000ms, clock:65.205 level:75
2024-11-23 11:59:41.657 T:4058 debug : CVideoPlayer::ProcessVideoData size:20367 dts:72.369 pts:72.369 dur:41.000ms, clock:65.206 level:75
2024-11-23 11:59:41.659 T:4058 debug : CVideoPlayer::ProcessVideoData size:4631 dts:72.411 pts:72.411 dur:41.000ms, clock:65.207 level:76
2024-11-23 11:59:41.660 T:4058 debug : CVideoPlayer::ProcessVideoData size:4340 dts:72.452 pts:72.452 dur:41.000ms, clock:65.208 level:76
2024-11-23 11:59:41.661 T:4058 debug : CVideoPlayer::ProcessVideoData size:70328 dts:72.494 pts:72.494 dur:41.000ms, clock:65.210 level:77
2024-11-23 11:59:41.662 T:4058 debug : CVideoPlayer::ProcessVideoData size:21290 dts:72.536 pts:72.536 dur:41.000ms, clock:65.211 level:77
2024-11-23 11:59:41.664 T:4058 debug : CVideoPlayer::ProcessVideoData size:294885 dts:72.577 pts:72.577 dur:41.000ms, clock:65.213 level:78
2024-11-23 11:59:41.665 T:3833 debug : CAMLCodec::PollFrame elapsed:29.614ms
2024-11-23 11:59:41.667 T:4058 debug : CVideoPlayer::ProcessVideoData size:58629 dts:72.619 pts:72.619 dur:41.000ms, clock:65.216 level:78
2024-11-23 11:59:41.669 T:4058 debug : CVideoPlayer::ProcessVideoData size:45064 dts:72.661 pts:72.661 dur:41.000ms, clock:65.217 level:79
2024-11-23 11:59:41.669 T:3833 debug : PrepareNextRender: frameOnScreen: 65.218 renderPts: 65.258 nextFramePts: 65.237 -> diff: 0.021 render: 1 forceNext: 0, m_queued: 14, m_queued empty: true, begin idx: 14, front: 14,m_latencyTweak: 0.000000, GetDisplayLatency: 166.833344, m_videoDelay: 0, GetFrameLatencyAdjustment: 0.000000
2024-11-23 11:59:41.669 T:3833 debug : PrepareNextRender: (65.258) < (65.237 + 0.98 * 0.042): 65.258 < 65.278, lateframes: 0, idx: 14, break
2024-11-23 11:59:41.670 T:4058 debug : CVideoPlayer::ProcessVideoData size:6951 dts:72.703 pts:72.703 dur:41.000ms, clock:65.219 level:79
2024-11-23 11:59:41.671 T:4058 debug : CVideoPlayer::ProcessVideoData size:5566 dts:72.744 pts:72.744 dur:41.000ms, clock:65.220 level:80
2024-11-23 11:59:41.673 T:4058 debug : CVideoPlayer::ProcessVideoData size:10936 dts:72.786 pts:72.786 dur:41.000ms, clock:65.222 level:80
2024-11-23 11:59:41.674 T:4058 debug : CVideoPlayer::ProcessVideoData size:8108 dts:72.828 pts:72.828 dur:41.000ms, clock:65.223 level:81
2024-11-23 11:59:41.674 T:4060 debug : CAMLCodec::DequeueBuffer: pts:65.821 idx:1112
2024-11-23 11:59:41.674 T:4060 debug : CAMLCodec::GetPicture: index: 1112, pts: 65.821, dur:42.000ms ar:1.78 elf:77ms
2024-11-23 11:59:41.674 T:4060 debug : CVideoPlayerVideo::OutputPicture - ttd:597ms pts:65.821 Clock:65.223 Level:13
2024-11-23 11:59:41.676 T:4058 debug : CVideoPlayer::ProcessVideoData size:30256 dts:72.869 pts:72.869 dur:41.000ms, clock:65.225 level:81
2024-11-23 11:59:41.678 T:4058 debug : CVideoPlayer::ProcessVideoData size:6110 dts:72.911 pts:72.911 dur:41.000ms, clock:65.226 level:82
2024-11-23 11:59:41.678 T:3833 debug : CAMLCodec::ReleaseFrame idx:1098, drop:0
2024-11-23 11:59:41.679 T:4058 debug : CVideoPlayer::ProcessVideoData size:3827 dts:72.953 pts:72.953 dur:41.000ms, clock:65.228 level:82
2024-11-23 11:59:41.681 T:4058 debug : CVideoPlayer::ProcessVideoData size:75827 dts:72.995 pts:72.995 dur:41.000ms, clock:65.229 level:83
2024-11-23 11:59:41.682 T:4058 debug : CVideoPlayer::ProcessVideoData size:24611 dts:73.036 pts:73.036 dur:41.000ms, clock:65.231 level:83
2024-11-23 11:59:41.683 T:4058 debug : CVideoPlayer::ProcessVideoData size:109130 dts:73.078 pts:73.078 dur:41.000ms, clock:65.232 level:84
2024-11-23 11:59:41.685 T:4058 debug : CVideoPlayer::ProcessVideoData size:132334 dts:73.120 pts:73.120 dur:41.000ms, clock:65.234 level:84
2024-11-23 11:59:41.687 T:4058 debug : CVideoPlayer::ProcessVideoData size:5815 dts:73.161 pts:73.161 dur:41.000ms, clock:65.235 level:85
2024-11-23 11:59:41.688 T:4058 debug : CVideoPlayer::ProcessVideoData size:8137 dts:73.203 pts:73.203 dur:41.000ms, clock:65.237 level:85
2024-11-23 11:59:41.689 T:4058 debug : CVideoPlayer::ProcessVideoData size:28879 dts:73.245 pts:73.245 dur:41.000ms, clock:65.238 level:86
2024-11-23 11:59:41.691 T:4058 debug : CVideoPlayer::ProcessVideoData size:8296 dts:73.287 pts:73.287 dur:41.000ms, clock:65.240 level:87
2024-11-23 11:59:41.692 T:4058 debug : CVideoPlayer::ProcessVideoData size:4412 dts:73.328 pts:73.328 dur:41.000ms, clock:65.241 level:87
2024-11-23 11:59:41.693 T:4058 debug : CVideoPlayer::ProcessVideoData size:20307 dts:73.370 pts:73.370 dur:41.000ms, clock:65.242 level:88
2024-11-23 11:59:41.695 T:4058 debug : CVideoPlayer::ProcessVideoData size:4649 dts:73.412 pts:73.412 dur:41.000ms, clock:65.244 level:88
2024-11-23 11:59:41.696 T:4058 debug : CVideoPlayer::ProcessVideoData size:4269 dts:73.453 pts:73.453 dur:41.000ms, clock:65.245 level:89
2024-11-23 11:59:41.698 T:4058 debug : CVideoPlayer::ProcessVideoData size:72063 dts:73.495 pts:73.495 dur:41.000ms, clock:65.247 level:89
2024-11-23 11:59:41.699 T:4058 debug : CVideoPlayer::ProcessVideoData size:21442 dts:73.537 pts:73.537 dur:41.000ms, clock:65.248 level:90
2024-11-23 11:59:41.701 T:4058 debug : CVideoPlayer::ProcessVideoData size:4387 dts:73.578 pts:73.578 dur:41.000ms, clock:65.250 level:90
2024-11-23 11:59:41.702 T:4058 debug : CVideoPlayer::ProcessVideoData size:70306 dts:73.620 pts:73.620 dur:41.000ms, clock:65.251 level:91
2024-11-23 11:59:41.703 T:4058 debug : CVideoPlayer::ProcessVideoData size:42904 dts:73.662 pts:73.662 dur:41.000ms, clock:65.252 level:91
2024-11-23 11:59:41.704 T:4058 debug : CVideoPlayer::ProcessVideoData size:9352 dts:73.704 pts:73.704 dur:41.000ms, clock:65.253 level:92
2024-11-23 11:59:41.706 T:4058 debug : CVideoPlayer::ProcessVideoData size:8793 dts:73.745 pts:73.745 dur:41.000ms, clock:65.255 level:92
2024-11-23 11:59:41.707 T:3833 debug : CAMLCodec::PollFrame elapsed:28.350ms
2024-11-23 11:59:41.707 T:4058 debug : CVideoPlayer::ProcessVideoData size:11549 dts:73.787 pts:73.787 dur:41.000ms, clock:65.256 level:93
2024-11-23 11:59:41.709 T:4058 debug : CVideoPlayer::ProcessVideoData size:252785 dts:73.829 pts:73.829 dur:41.000ms, clock:65.258 level:93
2024-11-23 11:59:41.711 T:3833 debug : PrepareNextRender: frameOnScreen: 65.260 renderPts: 65.299 nextFramePts: 65.279 -> diff: 0.020 render: 1 forceNext: 0, m_queued: 14, m_queued empty: true, begin idx: 15, front: 15,m_latencyTweak: 0.000000, GetDisplayLatency: 166.833344, m_videoDelay: 0, GetFrameLatencyAdjustment: 0.000000
2024-11-23 11:59:41.711 T:3833 debug : PrepareNextRender: (65.299) < (65.279 + 0.98 * 0.042): 65.299 < 65.320, lateframes: 0, idx: 15, break
2024-11-23 11:59:41.713 T:4058 debug : CVideoPlayer::ProcessVideoData size:13179 dts:73.870 pts:73.870 dur:41.000ms, clock:65.261 level:94
2024-11-23 11:59:41.714 T:4058 debug : CVideoPlayer::ProcessVideoData size:6824 dts:73.912 pts:73.912 dur:41.000ms, clock:65.263 level:94
2024-11-23 11:59:41.715 T:4060 debug : CAMLCodec::DequeueBuffer: pts:65.862 idx:1113
2024-11-23 11:59:41.715 T:4058 debug : CVideoPlayer::ProcessVideoData size:3898 dts:73.954 pts:73.954 dur:41.000ms, clock:65.264 level:95
2024-11-23 11:59:41.715 T:4060 debug : CAMLCodec::GetPicture: index: 1113, pts: 65.862, dur:40.999ms ar:1.78 elf:40ms
2024-11-23 11:59:41.715 T:4060 debug : CVideoPlayerVideo::OutputPicture - ttd:597ms pts:65.862 Clock:65.264 Level:13
2024-11-23 11:59:41.717 T:4058 debug : CVideoPlayer::ProcessVideoData size:94259 dts:73.996 pts:73.996 dur:41.000ms, clock:65.266 level:95
2024-11-23 11:59:41.718 T:4058 debug : CVideoPlayer::ProcessVideoData size:24822 dts:74.037 pts:74.037 dur:41.000ms, clock:65.267 level:96
2024-11-23 11:59:41.720 T:4058 debug : CVideoPlayer::ProcessVideoData size:109400 dts:74.079 pts:74.079 dur:41.000ms, clock:65.269 level:96
2024-11-23 11:59:41.721 T:3833 debug : CAMLCodec::ReleaseFrame idx:1099, drop:0
2024-11-23 11:59:41.722 T:4058 debug : CVideoPlayer::ProcessVideoData size:133101 dts:74.121 pts:74.121 dur:41.000ms, clock:65.271 level:97
2024-11-23 11:59:41.723 T:4058 debug : CVideoPlayer::ProcessVideoData size:5604 dts:74.162 pts:74.162 dur:41.000ms, clock:65.272 level:97
2024-11-23 11:59:41.725 T:4058 debug : CVideoPlayer::ProcessVideoData size:8112 dts:74.204 pts:74.204 dur:41.000ms, clock:65.274 level:98
2024-11-23 11:59:41.726 T:4058 debug : CVideoPlayer::ProcessVideoData size:32552 dts:74.246 pts:74.246 dur:41.000ms, clock:65.275 level:99
2024-11-23 11:59:41.727 T:4058 debug : CVideoPlayer::ProcessVideoData size:8418 dts:74.288 pts:74.288 dur:41.000ms, clock:65.276 level:99
2024-11-23 11:59:41.728 T:4058 debug : CVideoPlayer::ProcessVideoData size:4426 dts:74.329 pts:74.329 dur:41.000ms, clock:65.277 level:100
2024-11-23 11:59:41.730 T:4058 debug : CVideoPlayer::ProcessVideoData size:21875 dts:74.371 pts:74.371 dur:41.000ms, clock:65.279 level:100
2024-11-23 11:59:41.731 T:4058 debug : CVideoPlayer::ProcessVideoData size:4676 dts:74.413 pts:74.413 dur:41.000ms, clock:65.280 level:100
2024-11-23 11:59:41.733 T:4058 debug : CVideoPlayer::ProcessVideoData size:4311 dts:74.454 pts:74.454 dur:41.000ms, clock:65.282 level:100
2024-11-23 11:59:41.734 T:4058 debug : CVideoPlayer::ProcessVideoData size:72206 dts:74.496 pts:74.496 dur:41.000ms, clock:65.283 level:100
2024-11-23 11:59:41.735 T:4058 debug : CVideoPlayer::ProcessVideoData size:21440 dts:74.538 pts:74.538 dur:41.000ms, clock:65.284 level:100
2024-11-23 11:59:41.736 T:4058 debug : CVideoPlayer::ProcessVideoData size:4455 dts:74.579 pts:74.579 dur:41.000ms, clock:65.285 level:100
2024-11-23 11:59:41.738 T:4058 debug : CVideoPlayer::ProcessVideoData size:71628 dts:74.621 pts:74.621 dur:41.000ms, clock:65.287 level:100
2024-11-23 11:59:41.739 T:4058 debug : CVideoPlayer::ProcessVideoData size:42977 dts:74.663 pts:74.663 dur:41.000ms, clock:65.288 level:100
2024-11-23 11:59:41.742 T:4058 debug : CVideoPlayer::ProcessVideoData size:9164 dts:74.705 pts:74.705 dur:41.000ms, clock:65.291 level:100
2024-11-23 11:59:41.743 T:4058 debug : CVideoPlayer::ProcessVideoData size:8414 dts:74.746 pts:74.746 dur:41.000ms, clock:65.292 level:100
2024-11-23 11:59:41.744 T:4058 debug : CVideoPlayer::ProcessVideoData size:11452 dts:74.788 pts:74.788 dur:41.000ms, clock:65.293 level:100
2024-11-23 11:59:41.745 T:4058 debug : CVideoPlayer::ProcessVideoData size:8329 dts:74.830 pts:74.830 dur:41.000ms, clock:65.294 level:100
2024-11-23 11:59:41.747 T:4058 debug : CVideoPlayer::ProcessVideoData size:42861 dts:74.871 pts:74.871 dur:41.000ms, clock:65.296 level:100
2024-11-23 11:59:41.748 T:4058 debug : CVideoPlayer::ProcessVideoData size:6212 dts:74.913 pts:74.913 dur:41.000ms, clock:65.297 level:100
2024-11-23 11:59:41.749 T:3833 debug : CAMLCodec::PollFrame elapsed:27.520ms
2024-11-23 11:59:41.750 T:4058 debug : CVideoPlayer::ProcessVideoData size:3843 dts:74.955 pts:74.955 dur:41.000ms, clock:65.299 level:100
2024-11-23 11:59:41.751 T:4058 debug : CVideoPlayer::ProcessVideoData size:67135 dts:74.997 pts:74.997 dur:41.000ms, clock:65.300 level:100
2024-11-23 11:59:41.752 T:3833 debug : PrepareNextRender: frameOnScreen: 65.301 renderPts: 65.341 nextFramePts: 65.320 -> diff: 0.021 render: 1 forceNext: 0, m_queued: 14, m_queued empty: true, begin idx: 11, front: 11,m_latencyTweak: 0.000000, GetDisplayLatency: 166.833344, m_videoDelay: 0, GetFrameLatencyAdjustment: 0.000000
2024-11-23 11:59:41.753 T:3833 debug : PrepareNextRender: (65.341) < (65.320 + 0.98 * 0.042): 65.341 < 65.361, lateframes: 0, idx: 11, break
2024-11-23 11:59:41.753 T:4058 debug : CVideoPlayer::ProcessVideoData size:24035 dts:75.038 pts:75.038 dur:41.000ms, clock:65.302 level:100
2024-11-23 11:59:41.755 T:4058 debug : CVideoPlayer::ProcessVideoData size:277667 dts:75.080 pts:75.080 dur:41.000ms, clock:65.304 level:100
2024-11-23 11:59:41.757 T:4060 debug : CAMLCodec::DequeueBuffer: pts:65.904 idx:1114
2024-11-23 11:59:41.757 T:4060 debug : CAMLCodec::GetPicture: index: 1114, pts: 65.904, dur:42.001ms ar:1.78 elf:41ms
2024-11-23 11:59:41.757 T:4060 debug : CVideoPlayerVideo::OutputPicture - ttd:598ms pts:65.904 Clock:65.306 Level:13
2024-11-23 11:59:41.758 T:4058 debug : CVideoPlayer::ProcessVideoData size:125156 dts:75.122 pts:75.122 dur:41.000ms, clock:65.307 level:100
2024-11-23 11:59:41.760 T:4058 debug : CVideoPlayer::ProcessVideoData size:14161 dts:75.163 pts:75.163 dur:41.000ms, clock:65.309 level:100
2024-11-23 11:59:41.762 T:4058 debug : CVideoPlayer::ProcessVideoData size:9525 dts:75.205 pts:75.205 dur:41.000ms, clock:65.311 level:100
2024-11-23 11:59:41.762 T:3833 debug : CAMLCodec::ReleaseFrame idx:1100, drop:0
2024-11-23 11:59:41.763 T:4058 debug : CVideoPlayer::ProcessVideoData size:43726 dts:75.247 pts:75.247 dur:41.000ms, clock:65.312 level:100
2024-11-23 11:59:41.764 T:4058 debug : CVideoPlayer::ProcessVideoData size:8836 dts:75.289 pts:75.289 dur:41.000ms, clock:65.313 level:100
2024-11-23 11:59:41.765 T:4058 debug : CVideoPlayer::ProcessVideoData size:4449 dts:75.330 pts:75.330 dur:41.000ms, clock:65.314 level:100
2024-11-23 11:59:41.767 T:4058 debug : CVideoPlayer::ProcessVideoData size:34049 dts:75.372 pts:75.372 dur:41.000ms, clock:65.316 level:100
2024-11-23 11:59:41.769 T:4058 debug : CVideoPlayer::ProcessVideoData size:4695 dts:75.414 pts:75.414 dur:41.000ms, clock:65.318 level:100
2024-11-23 11:59:41.770 T:4058 debug : CVideoPlayer::ProcessVideoData size:4310 dts:75.455 pts:75.455 dur:41.000ms, clock:65.319 level:100
2024-11-23 11:59:41.771 T:4058 debug : CVideoPlayer::ProcessVideoData size:77722 dts:75.497 pts:75.497 dur:41.000ms, clock:65.320 level:100
2024-11-23 11:59:41.773 T:4058 debug : CVideoPlayer::ProcessVideoData size:21277 dts:75.539 pts:75.539 dur:41.000ms, clock:65.322 level:100
2024-11-23 11:59:41.774 T:4058 debug : CVideoPlayer::ProcessVideoData size:4447 dts:75.580 pts:75.580 dur:41.000ms, clock:65.323 level:100
2024-11-23 11:59:41.776 T:4058 debug : CVideoPlayer::ProcessVideoData size:71341 dts:75.622 pts:75.622 dur:41.000ms, clock:65.325 level:100
