2024-11-23 11:59:08.135 T:3833 debug : PrepareNextRender: frameOnScreen: 11.423 renderPts: 11.455 nextFramePts: 11.433 -> diff: 0.022 render: 1 forceNext: 0, m_queued: 14, m_queued empty: true, begin idx: 3, front: 3,m_latencyTweak: 0.000000, GetDisplayLatency: 166.833344, m_videoDelay: 0, GetFrameLatencyAdjustment: 0.000000
2024-11-23 11:59:08.135 T:3833 debug : PrepareNextRender: (11.455) < (11.433 + 0.98 * 0.042): 11.455 < 11.474, lateframes: 0, idx: 3, break
2024-11-23 11:59:08.136 T:3833 debug : CAMLCodec::ReleaseFrame idx:274, drop:0
2024-11-23 11:59:08.140 T:4060 debug : CAMLCodec::DequeueBuffer: pts:12.017 idx:288
2024-11-23 11:59:08.140 T:4060 debug : CAMLCodec::GetPicture: index: 288, pts: 12.017, dur:42.000ms ar:1.78 elf:41ms
2024-11-23 11:59:08.140 T:4060 debug : CVideoPlayerVideo::OutputPicture - ttd:588ms pts:12.017 Clock:11.429 Level:13
2024-11-23 11:59:08.144 T:4060 debug : CAMLCodec::AddData: dl:665280 fl:5429568 sz:58629(58752) lv:10.9% dts:12.559 pts:12.559
2024-11-23 11:59:08.151 T:4058 debug : CVideoPlayer::ProcessVideoData size:5815 dts:58.146 pts:58.146 dur:41.000ms, clock:11.440 level:100
2024-11-23 11:59:08.152 T:4058 debug : CVideoPlayer::ProcessVideoData size:8137 dts:58.188 pts:58.188 dur:41.000ms, clock:11.441 level:100
2024-11-23 11:59:08.154 T:4058 debug : CVideoPlayer::ProcessVideoData size:28879 dts:58.230 pts:58.230 dur:41.000ms, clock:11.443 level:100
2024-11-23 11:59:08.173 T:3833 debug : CAMLCodec::PollFrame elapsed:36.723ms
2024-11-23 11:59:08.176 T:3833 debug : PrepareNextRender: frameOnScreen: 11.465 renderPts: 11.496 nextFramePts: 11.475 -> diff: 0.021 render: 1 forceNext: 0, m_queued: 14, m_queued empty: true, begin idx: 4, front: 4,m_latencyTweak: 0.000000, GetDisplayLatency: 166.833344, m_videoDelay: 0, GetFrameLatencyAdjustment: 0.000000
2024-11-23 11:59:08.176 T:3833 debug : PrepareNextRender: (11.496) < (11.475 + 0.98 * 0.042): 11.496 < 11.516, lateframes: 0, idx: 4, break
2024-11-23 11:59:08.178 T:3833 debug : CAMLCodec::ReleaseFrame idx:275, drop:0
2024-11-23 11:59:08.184 T:4060 debug : CAMLCodec::DequeueBuffer: pts:12.059 idx:289
2024-11-23 11:59:08.184 T:4060 debug : CAMLCodec::GetPicture: index: 289, pts: 12.059, dur:42.000ms ar:1.78 elf:43ms
2024-11-23 11:59:08.184 T:4060 debug : CVideoPlayerVideo::OutputPicture - ttd:586ms pts:12.059 Clock:11.472 Level:13
2024-11-23 11:59:08.185 T:4060 debug : CAMLCodec::AddData: dl:577344 fl:5517504 sz:45064(45184) lv:9.5% dts:12.601 pts:12.601
2024-11-23 11:59:08.185 T:4060 debug : CAMLCodec::AddData: dl:584384 fl:5510464 sz:6951(7040) lv:9.6% dts:12.643 pts:12.643
2024-11-23 11:59:08.185 T:4060 debug : CAMLCodec::AddData: dl:590016 fl:5504832 sz:5566(5632) lv:9.7% dts:12.684 pts:12.684
2024-11-23 11:59:08.185 T:4060 debug : CAMLCodec::AddData: dl:601024 fl:5493824 sz:10936(11008) lv:9.9% dts:12.726 pts:12.726
2024-11-23 11:59:08.185 T:4060 debug : CAMLCodec::AddData: dl:609216 fl:5485632 sz:8108(8192) lv:10.0% dts:12.768 pts:12.768
2024-11-23 11:59:08.185 T:4060 debug : CAMLCodec::AddData: dl:639552 fl:5455296 sz:30256(30336) lv:10.5% dts:12.809 pts:12.809
2024-11-23 11:59:08.196 T:4058 debug : CVideoPlayer::ProcessVideoData size:8296 dts:58.272 pts:58.272 dur:41.000ms, clock:11.485 level:100
2024-11-23 11:59:08.197 T:4058 debug : CVideoPlayer::ProcessVideoData size:4412 dts:58.313 pts:58.313 dur:41.000ms, clock:11.486 level:100
2024-11-23 11:59:08.199 T:4058 debug : CVideoPlayer::ProcessVideoData size:20307 dts:58.355 pts:58.355 dur:41.000ms, clock:11.488 level:100
2024-11-23 11:59:08.200 T:4058 debug : CVideoPlayer::ProcessVideoData size:4649 dts:58.397 pts:58.397 dur:41.000ms, clock:11.489 level:100
2024-11-23 11:59:08.202 T:4058 debug : CVideoPlayer::ProcessVideoData size:4269 dts:58.438 pts:58.438 dur:41.000ms, clock:11.491 level:100
2024-11-23 11:59:08.206 T:4058 debug : CVideoPlayer::ProcessVideoData size:72063 dts:58.480 pts:58.480 dur:41.000ms, clock:11.495 level:100
2024-11-23 11:59:08.215 T:3833 debug : CAMLCodec::PollFrame elapsed:36.968ms
2024-11-23 11:59:08.218 T:3833 debug : PrepareNextRender: frameOnScreen: 11.507 renderPts: 11.538 nextFramePts: 11.516 -> diff: 0.022 render: 1 forceNext: 0, m_queued: 14, m_queued empty: true, begin idx: 5, front: 5,m_latencyTweak: 0.000000, GetDisplayLatency: 166.833344, m_videoDelay: 0, GetFrameLatencyAdjustment: 0.000000
2024-11-23 11:59:08.218 T:3833 debug : PrepareNextRender: (11.538) < (11.516 + 0.98 * 0.042): 11.538 < 11.557, lateframes: 0, idx: 5, break
2024-11-23 11:59:08.220 T:3833 debug : CAMLCodec::ReleaseFrame idx:276, drop:0
2024-11-23 11:59:08.225 T:4060 debug : CAMLCodec::DequeueBuffer: pts:12.100 idx:290
2024-11-23 11:59:08.225 T:4060 debug : CAMLCodec::GetPicture: index: 290, pts: 12.100, dur:41.000ms ar:1.78 elf:41ms
2024-11-23 11:59:08.225 T:4060 debug : CVideoPlayerVideo::OutputPicture - ttd:586ms pts:12.100 Clock:11.514 Level:13
2024-11-23 11:59:08.257 T:3833 debug : CAMLCodec::PollFrame elapsed:36.974ms
2024-11-23 11:59:08.259 T:3833 debug : PrepareNextRender: frameOnScreen: 11.548 renderPts: 11.579 nextFramePts: 11.558 -> diff: 0.021 render: 1 forceNext: 0, m_queued: 14, m_queued empty: true, begin idx: 6, front: 6,m_latencyTweak: 0.000000, GetDisplayLatency: 166.833344, m_videoDelay: 0, GetFrameLatencyAdjustment: 0.000000
2024-11-23 11:59:08.259 T:3833 debug : PrepareNextRender: (11.579) < (11.558 + 0.98 * 0.042): 11.579 < 11.599, lateframes: 0, idx: 6, break
2024-11-23 11:59:08.260 T:3833 debug : CAMLCodec::ReleaseFrame idx:277, drop:0
2024-11-23 11:59:08.266 T:4060 debug : CAMLCodec::DequeueBuffer: pts:12.142 idx:291
2024-11-23 11:59:08.266 T:4060 debug : CAMLCodec::GetPicture: index: 291, pts: 12.142, dur:42.000ms ar:1.78 elf:41ms
2024-11-23 11:59:08.266 T:4060 debug : CVideoPlayerVideo::OutputPicture - ttd:587ms pts:12.142 Clock:11.555 Level:13
2024-11-23 11:59:08.298 T:3833 debug : CAMLCodec::PollFrame elapsed:37.956ms
2024-11-23 11:59:08.301 T:3833 debug : PrepareNextRender: frameOnScreen: 11.590 renderPts: 11.621 nextFramePts: 11.600 -> diff: 0.021 render: 1 forceNext: 0, m_queued: 14, m_queued empty: true, begin idx: 7, front: 7,m_latencyTweak: 0.000000, GetDisplayLatency: 166.833344, m_videoDelay: 0, GetFrameLatencyAdjustment: 0.000000
2024-11-23 11:59:08.301 T:3833 debug : PrepareNextRender: (11.621) < (11.600 + 0.98 * 0.042): 11.621 < 11.641, lateframes: 0, idx: 7, break
2024-11-23 11:59:08.302 T:3833 debug : CAMLCodec::ReleaseFrame idx:278, drop:0
2024-11-23 11:59:08.307 T:4060 debug : CAMLCodec::DequeueBuffer: pts:12.184 idx:292
2024-11-23 11:59:08.308 T:4060 debug : CAMLCodec::GetPicture: index: 292, pts: 12.184, dur:42.000ms ar:1.78 elf:41ms
2024-11-23 11:59:08.308 T:4060 debug : CVideoPlayerVideo::OutputPicture - ttd:587ms pts:12.184 Clock:11.596 Level:13
2024-11-23 11:59:08.309 T:4060 debug : CAMLCodec::AddData: dl:601792 fl:5493056 sz:6110(6208) lv:9.9% dts:12.851 pts:12.851
2024-11-23 11:59:08.309 T:4060 debug : CAMLCodec::AddData: dl:605888 fl:5488960 sz:3827(4096) lv:9.9% dts:12.893 pts:12.893
2024-11-23 11:59:08.311 T:4060 debug : CAMLCodec::AddData: dl:681792 fl:5413056 sz:75827(75904) lv:11.2% dts:12.935 pts:12.935
2024-11-23 11:59:08.318 T:4058 debug : CVideoPlayer::ProcessVideoData size:21442 dts:58.522 pts:58.522 dur:41.000ms, clock:11.607 level:100
2024-11-23 11:59:08.320 T:4058 debug : CVideoPlayer::ProcessVideoData size:4387 dts:58.563 pts:58.563 dur:41.000ms, clock:11.609 level:100
2024-11-23 11:59:08.322 T:4058 debug : CVideoPlayer::ProcessVideoData size:70306 dts:58.605 pts:58.605 dur:41.000ms, clock:11.611 level:100
2024-11-23 11:59:08.340 T:3833 debug : CAMLCodec::PollFrame elapsed:37.929ms
2024-11-23 11:59:08.343 T:3833 debug : PrepareNextRender: frameOnScreen: 11.632 renderPts: 11.663 nextFramePts: 11.642 -> diff: 0.021 render: 1 forceNext: 0, m_queued: 14, m_queued empty: true, begin idx: 8, front: 8,m_latencyTweak: 0.000000, GetDisplayLatency: 166.833344, m_videoDelay: 0, GetFrameLatencyAdjustment: 0.000000
2024-11-23 11:59:08.343 T:3833 debug : PrepareNextRender: (11.663) < (11.642 + 0.98 * 0.042): 11.663 < 11.683, lateframes: 0, idx: 8, break
2024-11-23 11:59:08.345 T:3833 debug : CAMLCodec::ReleaseFrame idx:279, drop:0
2024-11-23 11:59:08.350 T:4060 debug : CAMLCodec::DequeueBuffer: pts:12.226 idx:293
2024-11-23 11:59:08.350 T:4060 debug : CAMLCodec::GetPicture: index: 293, pts: 12.226, dur:42.000ms ar:1.78 elf:42ms
2024-11-23 11:59:08.350 T:4060 debug : CVideoPlayerVideo::OutputPicture - ttd:587ms pts:12.226 Clock:11.638 Level:13
2024-11-23 11:59:08.382 T:3833 debug : CAMLCodec::PollFrame elapsed:36.832ms
2024-11-23 11:59:08.385 T:3833 debug : PrepareNextRender: frameOnScreen: 11.673 renderPts: 11.704 nextFramePts: 11.683 -> diff: 0.021 render: 1 forceNext: 0, m_queued: 14, m_queued empty: true, begin idx: 9, front: 9,m_latencyTweak: 0.000000, GetDisplayLatency: 166.833344, m_videoDelay: 0, GetFrameLatencyAdjustment: 0.000000
2024-11-23 11:59:08.385 T:3833 debug : PrepareNextRender: (11.704) < (11.683 + 0.98 * 0.042): 11.704 < 11.724, lateframes: 0, idx: 9, break
2024-11-23 11:59:08.386 T:3833 debug : CAMLCodec::ReleaseFrame idx:280, drop:0
2024-11-23 11:59:08.390 T:4060 debug : CAMLCodec::DequeueBuffer: pts:12.267 idx:294
2024-11-23 11:59:08.390 T:4060 debug : CAMLCodec::GetPicture: index: 294, pts: 12.267, dur:41.000ms ar:1.78 elf:40ms
2024-11-23 11:59:08.390 T:4060 debug : CVideoPlayerVideo::OutputPicture - ttd:588ms pts:12.267 Clock:11.679 Level:13
2024-11-23 11:59:08.424 T:3833 debug : CAMLCodec::PollFrame elapsed:37.472ms
2024-11-23 11:59:08.427 T:3833 debug : PrepareNextRender: frameOnScreen: 11.715 renderPts: 11.746 nextFramePts: 11.725 -> diff: 0.021 render: 1 forceNext: 0, m_queued: 14, m_queued empty: true, begin idx: 11, front: 11,m_latencyTweak: 0.000000, GetDisplayLatency: 166.833344, m_videoDelay: 0, GetFrameLatencyAdjustment: 0.000000
2024-11-23 11:59:08.427 T:3833 debug : PrepareNextRender: (11.746) < (11.725 + 0.98 * 0.042): 11.746 < 11.766, lateframes: 0, idx: 11, break
2024-11-23 11:59:08.428 T:3833 debug : CAMLCodec::ReleaseFrame idx:281, drop:0
2024-11-23 11:59:08.433 T:4060 debug : CAMLCodec::DequeueBuffer: pts:12.309 idx:295
2024-11-23 11:59:08.433 T:4060 debug : CAMLCodec::GetPicture: index: 295, pts: 12.309, dur:42.000ms ar:1.78 elf:42ms
2024-11-23 11:59:08.433 T:4060 debug : CVideoPlayerVideo::OutputPicture - ttd:587ms pts:12.309 Clock:11.721 Level:13
2024-11-23 11:59:08.466 T:3833 debug : CAMLCodec::PollFrame elapsed:36.991ms
2024-11-23 11:59:08.469 T:3833 debug : PrepareNextRender: frameOnScreen: 11.757 renderPts: 11.788 nextFramePts: 11.767 -> diff: 0.021 render: 1 forceNext: 0, m_queued: 14, m_queued empty: true, begin idx: 10, front: 10,m_latencyTweak: 0.000000, GetDisplayLatency: 166.833344, m_videoDelay: 0, GetFrameLatencyAdjustment: 0.000000
2024-11-23 11:59:08.469 T:3833 debug : PrepareNextRender: (11.788) < (11.767 + 0.98 * 0.042): 11.788 < 11.808, lateframes: 0, idx: 10, break
2024-11-23 11:59:08.470 T:3833 debug : CAMLCodec::ReleaseFrame idx:282, drop:0
2024-11-23 11:59:08.473 T:4060 debug : CAMLCodec::DequeueBuffer: pts:12.351 idx:296
2024-11-23 11:59:08.473 T:4060 debug : CAMLCodec::GetPicture: index: 296, pts: 12.351, dur:42.000ms ar:1.78 elf:40ms
2024-11-23 11:59:08.473 T:4060 debug : CVideoPlayerVideo::OutputPicture - ttd:588ms pts:12.351 Clock:11.762 Level:13
2024-11-23 11:59:08.507 T:3833 debug : CAMLCodec::PollFrame elapsed:36.678ms
2024-11-23 11:59:08.510 T:3833 debug : PrepareNextRender: frameOnScreen: 11.798 renderPts: 11.829 nextFramePts: 11.808 -> diff: 0.021 render: 1 forceNext: 0, m_queued: 14, m_queued empty: true, begin idx: 12, front: 12,m_latencyTweak: 0.000000, GetDisplayLatency: 166.833344, m_videoDelay: 0, GetFrameLatencyAdjustment: 0.000000
2024-11-23 11:59:08.510 T:3833 debug : PrepareNextRender: (11.829) < (11.808 + 0.98 * 0.042): 11.829 < 11.849, lateframes: 0, idx: 12, break
2024-11-23 11:59:08.511 T:3833 debug : CAMLCodec::ReleaseFrame idx:283, drop:0
2024-11-23 11:59:08.516 T:4060 debug : CAMLCodec::DequeueBuffer: pts:12.392 idx:297
2024-11-23 11:59:08.516 T:4060 debug : CAMLCodec::GetPicture: index: 297, pts: 12.392, dur:41.000ms ar:1.78 elf:42ms
2024-11-23 11:59:08.516 T:4060 debug : CVideoPlayerVideo::OutputPicture - ttd:587ms pts:12.392 Clock:11.805 Level:13
2024-11-23 11:59:08.549 T:3833 debug : CAMLCodec::PollFrame elapsed:38.194ms
2024-11-23 11:59:08.551 T:3833 debug : PrepareNextRender: frameOnScreen: 11.840 renderPts: 11.871 nextFramePts: 11.850 -> diff: 0.021 render: 1 forceNext: 0, m_queued: 14, m_queued empty: true, begin idx: 13, front: 13,m_latencyTweak: 0.000000, GetDisplayLatency: 166.833344, m_videoDelay: 0, GetFrameLatencyAdjustment: 0.000000
2024-11-23 11:59:08.551 T:3833 debug : PrepareNextRender: (11.871) < (11.850 + 0.98 * 0.042): 11.871 < 11.891, lateframes: 0, idx: 13, break
2024-11-23 11:59:08.552 T:3833 debug : CAMLCodec::ReleaseFrame idx:284, drop:0
2024-11-23 11:59:08.558 T:4060 debug : CAMLCodec::DequeueBuffer: pts:12.434 idx:298
2024-11-23 11:59:08.558 T:4060 debug : CAMLCodec::GetPicture: index: 298, pts: 12.434, dur:42.000ms ar:1.78 elf:42ms
2024-11-23 11:59:08.558 T:4060 debug : CVideoPlayerVideo::OutputPicture - ttd:587ms pts:12.434 Clock:11.847 Level:13
2024-11-23 11:59:08.559 T:4060 debug : CAMLCodec::AddData: dl:593408 fl:5501440 sz:24611(24704) lv:9.7% dts:12.976 pts:12.976
2024-11-23 11:59:08.562 T:4060 debug : CAMLCodec::AddData: dl:702656 fl:5392192 sz:109130(109248) lv:11.5% dts:13.018 pts:13.018
2024-11-23 11:59:08.566 T:4058 debug : CVideoPlayer::ProcessVideoData size:42904 dts:58.647 pts:58.647 dur:41.000ms, clock:11.854 level:100
2024-11-23 11:59:08.567 T:4058 debug : CVideoPlayer::ProcessVideoData size:9352 dts:58.689 pts:58.689 dur:41.000ms, clock:11.856 level:100
2024-11-23 11:59:08.569 T:4058 debug : CVideoPlayer::ProcessVideoData size:8793 dts:58.730 pts:58.730 dur:41.000ms, clock:11.857 level:100
2024-11-23 11:59:08.571 T:4058 debug : CVideoPlayer::ProcessVideoData size:11549 dts:58.772 pts:58.772 dur:41.000ms, clock:11.859 level:100
2024-11-23 11:59:08.577 T:4058 debug : CVideoPlayer::ProcessVideoData size:252785 dts:58.814 pts:58.814 dur:41.000ms, clock:11.866 level:100
2024-11-23 11:59:08.590 T:3833 debug : CAMLCodec::PollFrame elapsed:37.652ms
2024-11-23 11:59:08.594 T:3833 debug : PrepareNextRender: frameOnScreen: 11.882 renderPts: 11.913 nextFramePts: 11.892 -> diff: 0.021 render: 1 forceNext: 0, m_queued: 14, m_queued empty: true, begin idx: 14, front: 14,m_latencyTweak: 0.000000, GetDisplayLatency: 166.833344, m_videoDelay: 0, GetFrameLatencyAdjustment: 0.000000
2024-11-23 11:59:08.594 T:3833 debug : PrepareNextRender: (11.913) < (11.892 + 0.98 * 0.042): 11.913 < 11.933, lateframes: 0, idx: 14, break
2024-11-23 11:59:08.595 T:3833 debug : CAMLCodec::ReleaseFrame idx:285, drop:0
2024-11-23 11:59:08.598 T:4060 debug : CAMLCodec::DequeueBuffer: pts:12.476 idx:299
2024-11-23 11:59:08.598 T:4060 debug : CAMLCodec::GetPicture: index: 299, pts: 12.476, dur:42.000ms ar:1.78 elf:39ms
2024-11-23 11:59:08.598 T:4060 debug : CVideoPlayerVideo::OutputPicture - ttd:589ms pts:12.476 Clock:11.887 Level:13
2024-11-23 11:59:08.632 T:3833 debug : CAMLCodec::PollFrame elapsed:36.758ms
2024-11-23 11:59:08.635 T:3833 debug : PrepareNextRender: frameOnScreen: 11.923 renderPts: 11.954 nextFramePts: 11.934 -> diff: 0.020 render: 1 forceNext: 0, m_queued: 14, m_queued empty: true, begin idx: 15, front: 15,m_latencyTweak: 0.000000, GetDisplayLatency: 166.833344, m_videoDelay: 0, GetFrameLatencyAdjustment: 0.000000
2024-11-23 11:59:08.635 T:3833 debug : PrepareNextRender: (11.954) < (11.934 + 0.98 * 0.042): 11.954 < 11.975, lateframes: 0, idx: 15, break
2024-11-23 11:59:08.635 T:3833 debug : CAMLCodec::ReleaseFrame idx:286, drop:0
2024-11-23 11:59:08.644 T:4060 debug : CAMLCodec::DequeueBuffer: pts:12.517 idx:300
2024-11-23 11:59:08.644 T:4060 debug : CAMLCodec::GetPicture: index: 300, pts: 12.517, dur:41.000ms ar:1.78 elf:45ms
2024-11-23 11:59:08.644 T:4060 debug : CVideoPlayerVideo::OutputPicture - ttd:584ms pts:12.517 Clock:11.932 Level:13
2024-11-23 11:59:08.647 T:4060 debug : CAMLCodec::AddData: dl:518720 fl:5576128 sz:132334(132416) lv:8.5% dts:13.060 pts:13.060
2024-11-23 11:59:08.647 T:4060 debug : CAMLCodec::AddData: dl:524608 fl:5570240 sz:5815(5888) lv:8.6% dts:13.101 pts:13.101
2024-11-23 11:59:08.647 T:4060 debug : CAMLCodec::AddData: dl:532864 fl:5561984 sz:8137(8256) lv:8.7% dts:13.143 pts:13.143
2024-11-23 11:59:08.647 T:4060 debug : CAMLCodec::AddData: dl:561856 fl:5532992 sz:28879(28992) lv:9.2% dts:13.185 pts:13.185
2024-11-23 11:59:08.648 T:4060 debug : CAMLCodec::AddData: dl:570240 fl:5524608 sz:8296(8384) lv:9.4% dts:13.227 pts:13.227
2024-11-23 11:59:08.648 T:4060 debug : CAMLCodec::AddData: dl:574720 fl:5520128 sz:4412(4480) lv:9.4% dts:13.268 pts:13.268
2024-11-23 11:59:08.648 T:4060 debug : CAMLCodec::AddData: dl:595136 fl:5499712 sz:20307(20416) lv:9.8% dts:13.310 pts:13.310
2024-11-23 11:59:08.648 T:4060 debug : CAMLCodec::AddData: dl:599872 fl:5494976 sz:4649(4736) lv:9.8% dts:13.352 pts:13.352
2024-11-23 11:59:08.648 T:4060 debug : CAMLCodec::AddData: dl:604224 fl:5490624 sz:4269(4352) lv:9.9% dts:13.393 pts:13.393
2024-11-23 11:59:08.650 T:4060 debug : CAMLCodec::AddData: dl:676352 fl:5418496 sz:72063(72128) lv:11.1% dts:13.435 pts:13.435
2024-11-23 11:59:08.651 T:4058 debug : CVideoPlayer::ProcessVideoData size:13179 dts:58.855 pts:58.855 dur:41.000ms, clock:11.940 level:100
2024-11-23 11:59:08.653 T:4058 debug : CVideoPlayer::ProcessVideoData size:6824 dts:58.897 pts:58.897 dur:41.000ms, clock:11.941 level:100
2024-11-23 11:59:08.654 T:4058 debug : CVideoPlayer::ProcessVideoData size:3898 dts:58.939 pts:58.939 dur:41.000ms, clock:11.943 level:100
2024-11-23 11:59:08.656 T:4058 debug : CVideoPlayer::ProcessVideoData size:94259 dts:58.981 pts:58.981 dur:41.000ms, clock:11.944 level:100
2024-11-23 11:59:08.674 T:3833 debug : CAMLCodec::PollFrame elapsed:38.114ms
2024-11-23 11:59:08.677 T:3833 debug : PrepareNextRender: frameOnScreen: 11.966 renderPts: 11.997 nextFramePts: 11.975 -> diff: 0.022 render: 1 forceNext: 0, m_queued: 14, m_queued empty: true, begin idx: 0, front: 0,m_latencyTweak: 0.000000, GetDisplayLatency: 166.833344, m_videoDelay: 0, GetFrameLatencyAdjustment: 0.000000
2024-11-23 11:59:08.677 T:3833 debug : PrepareNextRender: (11.997) < (11.975 + 0.98 * 0.042): 11.997 < 12.016, lateframes: 0, idx: 0, break
2024-11-23 11:59:08.679 T:3833 debug : CAMLCodec::ReleaseFrame idx:287, drop:0
2024-11-23 11:59:08.683 T:4060 debug : CAMLCodec::DequeueBuffer: pts:12.559 idx:301
2024-11-23 11:59:08.683 T:4060 debug : CAMLCodec::GetPicture: index: 301, pts: 12.559, dur:42.000ms ar:1.78 elf:39ms
2024-11-23 11:59:08.683 T:4060 debug : CVideoPlayerVideo::OutputPicture - ttd:587ms pts:12.559 Clock:11.972 Level:13
2024-11-23 11:59:08.715 T:3833 debug : CAMLCodec::PollFrame elapsed:36.755ms
2024-11-23 11:59:08.718 T:3833 debug : PrepareNextRender: frameOnScreen: 12.007 renderPts: 12.038 nextFramePts: 12.017 -> diff: 0.021 render: 1 forceNext: 0, m_queued: 14, m_queued empty: true, begin idx: 1, front: 1,m_latencyTweak: 0.000000, GetDisplayLatency: 166.833344, m_videoDelay: 0, GetFrameLatencyAdjustment: 0.000000
2024-11-23 11:59:08.718 T:3833 debug : PrepareNextRender: (12.038) < (12.017 + 0.98 * 0.042): 12.038 < 12.058, lateframes: 0, idx: 1, break
2024-11-23 11:59:08.719 T:3833 debug : CAMLCodec::ReleaseFrame idx:288, drop:0
2024-11-23 11:59:08.724 T:4060 debug : CAMLCodec::DequeueBuffer: pts:12.601 idx:302
2024-11-23 11:59:08.724 T:4060 debug : CAMLCodec::GetPicture: index: 302, pts: 12.601, dur:42.000ms ar:1.78 elf:41ms
2024-11-23 11:59:08.724 T:4060 debug : CVideoPlayerVideo::OutputPicture - ttd:588ms pts:12.601 Clock:12.013 Level:13
2024-11-23 11:59:08.726 T:4060 debug : CAMLCodec::AddData: dl:593984 fl:5500864 sz:21442(21568) lv:9.7% dts:13.477 pts:13.477
2024-11-23 11:59:08.726 T:4060 debug : CAMLCodec::AddData: dl:598464 fl:5496384 sz:4387(4480) lv:9.8% dts:13.518 pts:13.518
2024-11-23 11:59:08.728 T:4060 debug : CAMLCodec::AddData: dl:668864 fl:5425984 sz:70306(70400) lv:11.0% dts:13.560 pts:13.560
2024-11-23 11:59:08.728 T:4058 debug : CVideoPlayer::ProcessVideoData size:24822 dts:59.022 pts:59.022 dur:41.000ms, clock:12.017 level:100
2024-11-23 11:59:08.730 T:4058 debug : CVideoPlayer::ProcessVideoData size:109400 dts:59.064 pts:59.064 dur:41.000ms, clock:12.019 level:100
2024-11-23 11:59:08.757 T:3833 debug : CAMLCodec::PollFrame elapsed:37.859ms
2024-11-23 11:59:08.761 T:3833 debug : PrepareNextRender: frameOnScreen: 12.049 renderPts: 12.080 nextFramePts: 12.059 -> diff: 0.021 render: 1 forceNext: 0, m_queued: 14, m_queued empty: true, begin idx: 2, front: 2,m_latencyTweak: 0.000000, GetDisplayLatency: 166.833344, m_videoDelay: 0, GetFrameLatencyAdjustment: 0.000000
2024-11-23 11:59:08.761 T:3833 debug : PrepareNextRender: (12.080) < (12.059 + 0.98 * 0.042): 12.080 < 12.100, lateframes: 0, idx: 2, break
2024-11-23 11:59:08.762 T:3833 debug : CAMLCodec::ReleaseFrame idx:289, drop:0
2024-11-23 11:59:08.765 T:4060 debug : CAMLCodec::DequeueBuffer: pts:12.643 idx:303
2024-11-23 11:59:08.766 T:4060 debug : CAMLCodec::GetPicture: index: 303, pts: 12.643, dur:42.000ms ar:1.78 elf:41ms
2024-11-23 11:59:08.766 T:4060 debug : CVideoPlayerVideo::OutputPicture - ttd:588ms pts:12.643 Clock:12.054 Level:13
2024-11-23 11:59:08.799 T:3833 debug : CAMLCodec::PollFrame elapsed:36.354ms
2024-11-23 11:59:08.801 T:3833 debug : PrepareNextRender: frameOnScreen: 12.090 renderPts: 12.121 nextFramePts: 12.100 -> diff: 0.021 render: 1 forceNext: 0, m_queued: 14, m_queued empty: true, begin idx: 3, front: 3,m_latencyTweak: 0.000000, GetDisplayLatency: 166.833344, m_videoDelay: 0, GetFrameLatencyAdjustment: 0.000000
2024-11-23 11:59:08.802 T:3833 debug : PrepareNextRender: (12.121) < (12.100 + 0.98 * 0.042): 12.121 < 12.141, lateframes: 0, idx: 3, break
2024-11-23 11:59:08.803 T:3833 debug : CAMLCodec::ReleaseFrame idx:290, drop:0
2024-11-23 11:59:08.808 T:4060 debug : CAMLCodec::DequeueBuffer: pts:12.684 idx:304
2024-11-23 11:59:08.808 T:4060 debug : CAMLCodec::GetPicture: index: 304, pts: 12.684, dur:41.000ms ar:1.78 elf:42ms
2024-11-23 11:59:08.808 T:4060 debug : CVideoPlayerVideo::OutputPicture - ttd:587ms pts:12.684 Clock:12.097 Level:13
2024-11-23 11:59:08.841 T:3833 debug : CAMLCodec::PollFrame elapsed:37.725ms
2024-11-23 11:59:08.844 T:3833 debug : PrepareNextRender: frameOnScreen: 12.133 renderPts: 12.164 nextFramePts: 12.142 -> diff: 0.022 render: 1 forceNext: 0, m_queued: 14, m_queued empty: true, begin idx: 4, front: 4,m_latencyTweak: 0.000000, GetDisplayLatency: 166.833344, m_videoDelay: 0, GetFrameLatencyAdjustment: 0.000000
2024-11-23 11:59:08.844 T:3833 debug : PrepareNextRender: (12.164) < (12.142 + 0.98 * 0.042): 12.164 < 12.183, lateframes: 0, idx: 4, break
2024-11-23 11:59:08.846 T:3833 debug : CAMLCodec::ReleaseFrame idx:291, drop:0
2024-11-23 11:59:08.849 T:4060 debug : CAMLCodec::DequeueBuffer: pts:12.726 idx:305
2024-11-23 11:59:08.850 T:4060 debug : CAMLCodec::GetPicture: index: 305, pts: 12.726, dur:42.000ms ar:1.78 elf:41ms
2024-11-23 11:59:08.850 T:4060 debug : CVideoPlayerVideo::OutputPicture - ttd:587ms pts:12.726 Clock:12.138 Level:13
2024-11-23 11:59:08.883 T:3833 debug : CAMLCodec::PollFrame elapsed:36.147ms
2024-11-23 11:59:08.885 T:3833 debug : PrepareNextRender: frameOnScreen: 12.174 renderPts: 12.205 nextFramePts: 12.184 -> diff: 0.021 render: 1 forceNext: 0, m_queued: 14, m_queued empty: true, begin idx: 5, front: 5,m_latencyTweak: 0.000000, GetDisplayLatency: 166.833344, m_videoDelay: 0, GetFrameLatencyAdjustment: 0.000000
2024-11-23 11:59:08.886 T:3833 debug : PrepareNextRender: (12.205) < (12.184 + 0.98 * 0.042): 12.205 < 12.225, lateframes: 0, idx: 5, break
2024-11-23 11:59:08.886 T:3833 debug : CAMLCodec::ReleaseFrame idx:292, drop:0
2024-11-23 11:59:08.890 T:4060 debug : CAMLCodec::DequeueBuffer: pts:12.768 idx:306
2024-11-23 11:59:08.890 T:4060 debug : CAMLCodec::GetPicture: index: 306, pts: 12.768, dur:42.000ms ar:1.78 elf:40ms
2024-11-23 11:59:08.890 T:4060 debug : CVideoPlayerVideo::OutputPicture - ttd:589ms pts:12.768 Clock:12.178 Level:13
2024-11-23 11:59:08.924 T:3833 debug : CAMLCodec::PollFrame elapsed:37.369ms
2024-11-23 11:59:08.927 T:3833 debug : PrepareNextRender: frameOnScreen: 12.215 renderPts: 12.246 nextFramePts: 12.226 -> diff: 0.020 render: 1 forceNext: 0, m_queued: 14, m_queued empty: true, begin idx: 6, front: 6,m_latencyTweak: 0.000000, GetDisplayLatency: 166.833344, m_videoDelay: 0, GetFrameLatencyAdjustment: 0.000000
2024-11-23 11:59:08.927 T:3833 debug : PrepareNextRender: (12.246) < (12.226 + 0.98 * 0.042): 12.246 < 12.267, lateframes: 0, idx: 6, break
2024-11-23 11:59:08.928 T:3833 debug : CAMLCodec::ReleaseFrame idx:293, drop:0
2024-11-23 11:59:08.932 T:4060 debug : CAMLCodec::DequeueBuffer: pts:12.809 idx:307
2024-11-23 11:59:08.932 T:4060 debug : CAMLCodec::GetPicture: index: 307, pts: 12.809, dur:41.000ms ar:1.78 elf:42ms
2024-11-23 11:59:08.932 T:4060 debug : CVideoPlayerVideo::OutputPicture - ttd:588ms pts:12.809 Clock:12.221 Level:13
2024-11-23 11:59:08.933 T:4060 debug : CAMLCodec::AddData: dl:649664 fl:5445184 sz:42904(43008) lv:10.7% dts:13.602 pts:13.602
2024-11-23 11:59:08.966 T:3833 debug : CAMLCodec::PollFrame elapsed:37.577ms
2024-11-23 11:59:08.968 T:3833 debug : PrepareNextRender: frameOnScreen: 12.257 renderPts: 12.288 nextFramePts: 12.267 -> diff: 0.021 render: 1 forceNext: 0, m_queued: 14, m_queued empty: true, begin idx: 7, front: 7,m_latencyTweak: 0.000000, GetDisplayLatency: 166.833344, m_videoDelay: 0, GetFrameLatencyAdjustment: 0.000000
2024-11-23 11:59:08.968 T:3833 debug : PrepareNextRender: (12.288) < (12.267 + 0.98 * 0.042): 12.288 < 12.308, lateframes: 0, idx: 7, break
2024-11-23 11:59:08.969 T:3833 debug : CAMLCodec::ReleaseFrame idx:294, drop:0
2024-11-23 11:59:08.976 T:4060 debug : CAMLCodec::DequeueBuffer: pts:12.851 idx:308
2024-11-23 11:59:08.976 T:4060 debug : CAMLCodec::GetPicture: index: 308, pts: 12.851, dur:42.000ms ar:1.78 elf:43ms
2024-11-23 11:59:08.976 T:4060 debug : CVideoPlayerVideo::OutputPicture - ttd:586ms pts:12.851 Clock:12.264 Level:13
2024-11-23 11:59:09.007 T:3833 debug : CAMLCodec::PollFrame elapsed:37.706ms
2024-11-23 11:59:09.010 T:3833 debug : PrepareNextRender: frameOnScreen: 12.299 renderPts: 12.330 nextFramePts: 12.309 -> diff: 0.021 render: 1 forceNext: 0, m_queued: 14, m_queued empty: true, begin idx: 8, front: 8,m_latencyTweak: 0.000000, GetDisplayLatency: 166.833344, m_videoDelay: 0, GetFrameLatencyAdjustment: 0.000000
2024-11-23 11:59:09.010 T:3833 debug : PrepareNextRender: (12.330) < (12.309 + 0.98 * 0.042): 12.330 < 12.350, lateframes: 0, idx: 8, break
2024-11-23 11:59:09.010 T:3833 debug : CAMLCodec::ReleaseFrame idx:295, drop:0
2024-11-23 11:59:09.016 T:4060 debug : CAMLCodec::DequeueBuffer: pts:12.893 idx:309
2024-11-23 11:59:09.016 T:4060 debug : CAMLCodec::GetPicture: index: 309, pts: 12.893, dur:42.000ms ar:1.78 elf:40ms
2024-11-23 11:59:09.016 T:4060 debug : CVideoPlayerVideo::OutputPicture - ttd:588ms pts:12.893 Clock:12.305 Level:13
2024-11-23 11:59:09.049 T:3833 debug : CAMLCodec::PollFrame elapsed:38.678ms
2024-11-23 11:59:09.050 T:3833 debug : PrepareNextRender: frameOnScreen: 12.339 renderPts: 12.370 nextFramePts: 12.351 -> diff: 0.019 render: 1 forceNext: 0, m_queued: 14, m_queued empty: true, begin idx: 9, front: 9,m_latencyTweak: 0.000000, GetDisplayLatency: 166.833344, m_videoDelay: 0, GetFrameLatencyAdjustment: 0.000000
2024-11-23 11:59:09.050 T:3833 debug : PrepareNextRender: (12.370) < (12.351 + 0.98 * 0.042): 12.370 < 12.392, lateframes: 0, idx: 9, break
2024-11-23 11:59:09.050 T:3833 debug : CAMLCodec::ReleaseFrame idx:296, drop:0
2024-11-23 11:59:09.059 T:4060 debug : CAMLCodec::DequeueBuffer: pts:12.935 idx:310
2024-11-23 11:59:09.059 T:4060 debug : CAMLCodec::GetPicture: index: 310, pts: 12.935, dur:42.000ms ar:1.78 elf:43ms
2024-11-23 11:59:09.059 T:4060 debug : CVideoPlayerVideo::OutputPicture - ttd:587ms pts:12.935 Clock:12.348 Level:13
2024-11-23 11:59:09.060 T:4060 debug : CAMLCodec::AddData: dl:572928 fl:5521920 sz:9352(9472) lv:9.4% dts:13.644 pts:13.644
2024-11-23 11:59:09.061 T:4060 debug : CAMLCodec::AddData: dl:581824 fl:5513024 sz:8793(8896) lv:9.5% dts:13.685 pts:13.685
2024-11-23 11:59:09.061 T:4060 debug : CAMLCodec::AddData: dl:593472 fl:5501376 sz:11549(11648) lv:9.7% dts:13.727 pts:13.727
2024-11-23 11:59:09.063 T:4060 debug : CAMLCodec::AddData: dl:846336 fl:5248512 sz:252782(252864) lv:13.9% dts:13.769 pts:13.769
2024-11-23 11:59:09.067 T:4058 debug : CVideoPlayer::ProcessVideoData size:133101 dts:59.106 pts:59.106 dur:41.000ms, clock:12.355 level:100
2024-11-23 11:59:09.068 T:4058 debug : CVideoPlayer::ProcessVideoData size:5604 dts:59.147 pts:59.147 dur:41.000ms, clock:12.357 level:100
2024-11-23 11:59:09.073 T:4058 debug : CVideoPlayer::ProcessVideoData size:8112 dts:59.189 pts:59.189 dur:41.000ms, clock:12.362 level:100
2024-11-23 11:59:09.075 T:4058 debug : CVideoPlayer::ProcessVideoData size:32552 dts:59.231 pts:59.231 dur:41.000ms, clock:12.363 level:100
2024-11-23 11:59:09.076 T:4058 debug : CVideoPlayer::ProcessVideoData size:8418 dts:59.273 pts:59.273 dur:41.000ms, clock:12.365 level:100
2024-11-23 11:59:09.077 T:4058 debug : CVideoPlayer::ProcessVideoData size:4426 dts:59.314 pts:59.314 dur:41.000ms, clock:12.366 level:100
2024-11-23 11:59:09.080 T:4058 debug : CVideoPlayer::ProcessVideoData size:21875 dts:59.356 pts:59.356 dur:41.000ms, clock:12.368 level:100
2024-11-23 11:59:09.081 T:4058 debug : CVideoPlayer::ProcessVideoData size:4676 dts:59.398 pts:59.398 dur:41.000ms, clock:12.370 level:100
2024-11-23 11:59:09.083 T:4058 debug : CVideoPlayer::ProcessVideoData size:4311 dts:59.439 pts:59.439 dur:41.000ms, clock:12.371 level:100
2024-11-23 11:59:09.084 T:4058 debug : CVideoPlayer::ProcessVideoData size:72206 dts:59.481 pts:59.481 dur:41.000ms, clock:12.373 level:100
2024-11-23 11:59:09.091 T:3833 debug : CAMLCodec::PollFrame elapsed:40.596ms
2024-11-23 11:59:09.093 T:3833 debug : PrepareNextRender: frameOnScreen: 12.381 renderPts: 12.412 nextFramePts: 12.392 -> diff: 0.020 render: 1 forceNext: 0, m_queued: 14, m_queued empty: true, begin idx: 11, front: 11,m_latencyTweak: 0.000000, GetDisplayLatency: 166.833344, m_videoDelay: 0, GetFrameLatencyAdjustment: 0.000000
2024-11-23 11:59:09.093 T:3833 debug : PrepareNextRender: (12.412) < (12.392 + 0.98 * 0.042): 12.412 < 12.433, lateframes: 0, idx: 11, break
2024-11-23 11:59:09.094 T:3833 debug : CAMLCodec::ReleaseFrame idx:297, drop:0
2024-11-23 11:59:09.100 T:4060 debug : CAMLCodec::DequeueBuffer: pts:12.976 idx:311
2024-11-23 11:59:09.100 T:4060 debug : CAMLCodec::GetPicture: index: 311, pts: 12.976, dur:41.000ms ar:1.78 elf:40ms
2024-11-23 11:59:09.100 T:4060 debug : CVideoPlayerVideo::OutputPicture - ttd:587ms pts:12.976 Clock:12.388 Level:13
2024-11-23 11:59:09.120 T:3901 debug : PushCecKeypress - received key fe duration 0
2024-11-23 11:59:09.133 T:3833 debug : CAMLCodec::PollFrame elapsed:38.281ms
2024-11-23 11:59:09.134 T:3833 debug : HandleKey: 254 (0xfe, obc1) pressed, window 12005, action is playerdebug
2024-11-23 11:59:09.135 T:3833 info : CDVDSubtitlesLibass: Using libass version 1701000
2024-11-23 11:59:09.135 T:3833 info : CDVDSubtitlesLibass: Creating ASS library structure
2024-11-23 11:59:09.135 T:3833 info : CDVDSubtitlesLibass: Initializing ASS Renderer
2024-11-23 11:59:09.135 T:3833 debug : CDVDSubtitlesLibass: [ass] libass API version: 0x1701000
2024-11-23 11:59:09.135 T:3833 debug : CDVDSubtitlesLibass: [ass] libass source: tarball: 0.17.1
2024-11-23 11:59:09.135 T:3833 debug : CDVDSubtitlesLibass: [ass] Shaper: FriBidi 1.0.13 (SIMPLE) HarfBuzz-ng 8.3.1 (COMPLEX)
2024-11-23 11:59:09.135 T:3833 info : CDVDSubtitlesLibass: Initializing ASS library font settings
2024-11-23 11:59:09.142 T:4060 debug : CAMLCodec::DequeueBuffer: pts:13.018 idx:312
2024-11-23 11:59:09.142 T:4060 debug : CAMLCodec::GetPicture: index: 312, pts: 13.018, dur:42.000ms ar:1.78 elf:42ms
2024-11-23 11:59:09.143 T:4060 debug : CVideoPlayerVideo::OutputPicture - ttd:586ms pts:13.018 Clock:12.431 Level:14
2024-11-23 11:59:09.186 T:4060 debug : CAMLCodec::AddData: dl:593216 fl:5501632 sz:13179(13248) lv:9.7% dts:13.810 pts:13.810
2024-11-23 11:59:09.186 T:4060 debug : CAMLCodec::AddData: dl:600128 fl:5494720 sz:6824(6912) lv:9.8% dts:13.852 pts:13.852
2024-11-23 11:59:09.186 T:4060 debug : CAMLCodec::AddData: dl:604224 fl:5490624 sz:3898(4096) lv:9.9% dts:13.894 pts:13.894
2024-11-23 11:59:09.188 T:4060 debug : CAMLCodec::AddData: dl:698560 fl:5396288 sz:94259(94336) lv:11.5% dts:13.936 pts:13.936
2024-11-23 11:59:09.198 T:4058 debug : CVideoPlayer::ProcessVideoData size:21440 dts:59.523 pts:59.523 dur:41.000ms, clock:12.486 level:100
2024-11-23 11:59:09.199 T:4058 debug : CVideoPlayer::ProcessVideoData size:4455 dts:59.564 pts:59.564 dur:41.000ms, clock:12.487 level:100
2024-11-23 11:59:09.201 T:4058 debug : CVideoPlayer::ProcessVideoData size:71628 dts:59.606 pts:59.606 dur:41.000ms, clock:12.490 level:100
2024-11-23 11:59:09.232 T:3901 debug : PushCecKeypress - received key fe duration 111
2024-11-23 11:59:09.401 T:3833 debug : CDVDSubtitlesLibass: [ass] Using font provider fontconfig
2024-11-23 11:59:09.402 T:3833 info : CDVDSubtitlesLibass: Creating new ASS track
2024-11-23 11:59:09.403 T:3833 debug : PrepareNextRender: frameOnScreen: 12.691 renderPts: 12.722 nextFramePts: 12.434 -> diff: 0.288 render: 1 forceNext: 0, m_queued: 15, m_queued empty: true, begin idx: 10, front: 10,m_latencyTweak: 0.000000, GetDisplayLatency: 166.833344, m_videoDelay: 0, GetFrameLatencyAdjustment: 0.000000
2024-11-23 11:59:09.403 T:3833 debug : PrepareNextRender: (12.722) < (12.434 + 0.98 * 0.042): 12.722 < 12.475, lateframes: 0, idx: 10, lateframe
2024-11-23 11:59:09.403 T:3833 debug : PrepareNextRender: (12.722) < (12.476 + 0.98 * 0.042): 12.722 < 12.517, lateframes: 1, idx: 10, lateframe
2024-11-23 11:59:09.403 T:3833 debug : PrepareNextRender: (12.722) < (12.517 + 0.98 * 0.042): 12.722 < 12.558, lateframes: 2, idx: 12, lateframe
2024-11-23 11:59:09.403 T:3833 debug : PrepareNextRender: (12.722) < (12.559 + 0.98 * 0.042): 12.722 < 12.600, lateframes: 3, idx: 13, lateframe
2024-11-23 11:59:09.403 T:3833 debug : PrepareNextRender: (12.722) < (12.601 + 0.98 * 0.042): 12.722 < 12.642, lateframes: 4, idx: 14, lateframe
2024-11-23 11:59:09.403 T:3833 debug : PrepareNextRender: (12.722) < (12.643 + 0.98 * 0.042): 12.722 < 12.684, lateframes: 5, idx: 15, lateframe
2024-11-23 11:59:09.403 T:3833 debug : PrepareNextRender: (12.722) < (12.684 + 0.98 * 0.042): 12.722 < 12.725, lateframes: 6, idx: 0, break
2024-11-23 11:59:09.403 T:3833 debug : CAMLCodec::ReleaseFrame idx:298, drop:1
2024-11-23 11:59:09.403 T:3833 debug : CAMLCodec::ReleaseFrame idx:299, drop:1
2024-11-23 11:59:09.403 T:3833 debug : CAMLCodec::ReleaseFrame idx:300, drop:1
2024-11-23 11:59:09.403 T:3833 debug : CAMLCodec::ReleaseFrame idx:301, drop:1
2024-11-23 11:59:09.403 T:3833 debug : CAMLCodec::ReleaseFrame idx:302, drop:1
2024-11-23 11:59:09.404 T:3833 debug : ApplyStyle - Start setting up the LibAss style
2024-11-23 11:59:09.404 T:4060 debug : CAMLCodec::DequeueBuffer: pts:13.060 idx:313
2024-11-23 11:59:09.404 T:4060 debug : CAMLCodec::GetPicture: index: 313, pts: 13.060, dur:42.000ms ar:1.78 elf:261ms
2024-11-23 11:59:09.405 T:4060 debug : CVideoPlayerVideo::OutputPicture - ttd:366ms pts:13.060 Clock:12.693 Level:9
2024-11-23 11:59:09.407 T:3833 debug : CDVDSubtitlesLibass: [ass] fontselect: (DejaVu Sans, 400, 0) -> DejaVuSans, 0, DejaVuSans
2024-11-23 11:59:09.429 T:3833 debug : CAMLCodec::ReleaseFrame idx:303, drop:0
2024-11-23 11:59:09.429 T:3833 debug : CAMLCodec::PollFrame elapsed:0.019ms
2024-11-23 11:59:09.433 T:4060 debug : CAMLCodec::DequeueBuffer: pts:13.101 idx:314
2024-11-23 11:59:09.433 T:4060 debug : CAMLCodec::GetPicture: index: 314, pts: 13.101, dur:41.000ms ar:1.78 elf:28ms
2024-11-23 11:59:09.434 T:4060 debug : CVideoPlayerVideo::OutputPicture - ttd:378ms pts:13.101 Clock:12.722 Level:10
2024-11-23 11:59:09.434 T:3833 debug : PrepareNextRender: frameOnScreen: 12.722 renderPts: 12.753 nextFramePts: 12.684 -> diff: 0.069 render: 1 forceNext: 0, m_queued: 11, m_queued empty: true, begin idx: 1, front: 1,m_latencyTweak: 0.000000, GetDisplayLatency: 166.833344, m_videoDelay: 0, GetFrameLatencyAdjustment: 0.000000
2024-11-23 11:59:09.434 T:3833 debug : PrepareNextRender: (12.753) < (12.684 + 0.98 * 0.042): 12.753 < 12.725, lateframes: 0, idx: 1, lateframe
2024-11-23 11:59:09.434 T:3833 debug : PrepareNextRender: (12.753) < (12.726 + 0.98 * 0.042): 12.753 < 12.767, lateframes: 1, idx: 1, break
2024-11-23 11:59:09.441 T:4060 debug : CAMLCodec::DequeueBuffer: pts:13.143 idx:315
2024-11-23 11:59:09.441 T:4060 debug : CAMLCodec::GetPicture: index: 315, pts: 13.143, dur:42.000ms ar:1.78 elf:7ms
2024-11-23 11:59:09.441 T:4060 debug : CVideoPlayerVideo::OutputPicture - ttd:413ms pts:13.143 Clock:12.729 Level:10
2024-11-23 11:59:09.442 T:3833 debug : CAMLCodec::ReleaseFrame idx:304, drop:0
2024-11-23 11:59:09.449 T:4060 debug : CAMLCodec::DequeueBuffer: pts:13.185 idx:316
2024-11-23 11:59:09.449 T:4060 debug : CAMLCodec::GetPicture: index: 316, pts: 13.185, dur:42.000ms ar:1.78 elf:7ms
2024-11-23 11:59:09.449 T:4060 debug : CVideoPlayerVideo::OutputPicture - ttd:447ms pts:13.185 Clock:12.737 Level:11
2024-11-23 11:59:09.455 T:4060 debug : CAMLCodec::DequeueBuffer: pts:13.227 idx:317
2024-11-23 11:59:09.455 T:4060 debug : CAMLCodec::GetPicture: index: 317, pts: 13.227, dur:42.000ms ar:1.78 elf:6ms
2024-11-23 11:59:09.455 T:4060 debug : CVideoPlayerVideo::OutputPicture - ttd:483ms pts:13.227 Clock:12.744 Level:12
2024-11-23 11:59:09.466 T:3833 debug : CAMLCodec::PollFrame elapsed:24.230ms
2024-11-23 11:59:09.470 T:3833 debug : PrepareNextRender: frameOnScreen: 12.758 renderPts: 12.789 nextFramePts: 12.726 -> diff: 0.063 render: 1 forceNext: 0, m_queued: 13, m_queued empty: true, begin idx: 2, front: 2,m_latencyTweak: 0.000000, GetDisplayLatency: 166.833344, m_videoDelay: 0, GetFrameLatencyAdjustment: 0.000000
2024-11-23 11:59:09.470 T:3833 debug : PrepareNextRender: (12.789) < (12.726 + 0.00 * 0.042): 12.789 < 12.726, lateframes: 0, idx: 2, lateframe
2024-11-23 11:59:09.470 T:3833 debug : PrepareNextRender: (12.789) < (12.768 + 0.00 * 0.042): 12.789 < 12.768, lateframes: 1, idx: 2, lateframe
2024-11-23 11:59:09.470 T:3833 debug : PrepareNextRender: (12.789) < (12.809 + 0.00 * 0.042): 12.789 < 12.809, lateframes: 2, idx: 3, break
2024-11-23 11:59:09.470 T:3833 debug : CAMLCodec::ReleaseFrame idx:305, drop:1
2024-11-23 11:59:09.474 T:4060 debug : CAMLCodec::DequeueBuffer: pts:13.268 idx:318
2024-11-23 11:59:09.474 T:4060 debug : CAMLCodec::GetPicture: index: 318, pts: 13.268, dur:41.000ms ar:1.78 elf:18ms
2024-11-23 11:59:09.474 T:4060 debug : CVideoPlayerVideo::OutputPicture - ttd:505ms pts:13.268 Clock:12.763 Level:11
2024-11-23 11:59:09.478 T:3833 debug : CAMLCodec::ReleaseFrame idx:306, drop:0
2024-11-23 11:59:09.482 T:4060 debug : CAMLCodec::DequeueBuffer: pts:13.310 idx:319
2024-11-23 11:59:09.482 T:4060 debug : CAMLCodec::GetPicture: index: 319, pts: 13.310, dur:42.000ms ar:1.78 elf:7ms
2024-11-23 11:59:09.482 T:4060 debug : CVideoPlayerVideo::OutputPicture - ttd:539ms pts:13.310 Clock:12.771 Level:12
2024-11-23 11:59:09.508 T:3833 debug : CAMLCodec::PollFrame elapsed:29.209ms
2024-11-23 11:59:09.511 T:3833 debug : PrepareNextRender: frameOnScreen: 12.800 renderPts: 12.831 nextFramePts: 12.809 -> diff: 0.022 render: 1 forceNext: 0, m_queued: 13, m_queued empty: true, begin idx: 4, front: 4,m_latencyTweak: 0.000000, GetDisplayLatency: 166.833344, m_videoDelay: 0, GetFrameLatencyAdjustment: 0.000000
2024-11-23 11:59:09.511 T:3833 debug : PrepareNextRender: (12.831) < (12.809 + 0.00 * 0.042): 12.831 < 12.809, lateframes: 0, idx: 4, lateframe
2024-11-23 11:59:09.511 T:3833 debug : PrepareNextRender: (12.831) < (12.851 + 0.00 * 0.042): 12.831 < 12.851, lateframes: 1, idx: 4, break
2024-11-23 11:59:09.516 T:4060 debug : CAMLCodec::DequeueBuffer: pts:13.352 idx:320
2024-11-23 11:59:09.516 T:4060 debug : CAMLCodec::GetPicture: index: 320, pts: 13.352, dur:42.000ms ar:1.78 elf:33ms
2024-11-23 11:59:09.516 T:4060 debug : CVideoPlayerVideo::OutputPicture - ttd:547ms pts:13.352 Clock:12.804 Level:12
2024-11-23 11:59:09.518 T:3833 debug : CAMLCodec::ReleaseFrame idx:307, drop:0
2024-11-23 11:59:09.524 T:4060 debug : CAMLCodec::DequeueBuffer: pts:13.393 idx:321
2024-11-23 11:59:09.524 T:4060 debug : CAMLCodec::GetPicture: index: 321, pts: 13.393, dur:41.000ms ar:1.78 elf:7ms
2024-11-23 11:59:09.524 T:4060 debug : CVideoPlayerVideo::OutputPicture - ttd:580ms pts:13.393 Clock:12.812 Level:13
2024-11-23 11:59:09.550 T:3833 debug : CAMLCodec::PollFrame elapsed:30.966ms
2024-11-23 11:59:09.552 T:3833 debug : PrepareNextRender: frameOnScreen: 12.841 renderPts: 12.872 nextFramePts: 12.851 -> diff: 0.021 render: 1 forceNext: 0, m_queued: 14, m_queued empty: true, begin idx: 5, front: 5,m_latencyTweak: 0.000000, GetDisplayLatency: 166.833344, m_videoDelay: 0, GetFrameLatencyAdjustment: 0.000000
2024-11-23 11:59:09.552 T:3833 debug : PrepareNextRender: (12.872) < (12.851 + 0.00 * 0.042): 12.872 < 12.851, lateframes: 0, idx: 5, lateframe
2024-11-23 11:59:09.552 T:3833 debug : PrepareNextRender: (12.872) < (12.893 + 0.00 * 0.042): 12.872 < 12.893, lateframes: 1, idx: 5, break
2024-11-23 11:59:09.558 T:4060 debug : CAMLCodec::DequeueBuffer: pts:13.435 idx:322
2024-11-23 11:59:09.558 T:4060 debug : CAMLCodec::GetPicture: index: 322, pts: 13.435, dur:42.000ms ar:1.78 elf:34ms
2024-11-23 11:59:09.558 T:4060 debug : CVideoPlayerVideo::OutputPicture - ttd:588ms pts:13.435 Clock:12.847 Level:13
2024-11-23 11:59:09.558 T:3833 debug : CAMLCodec::ReleaseFrame idx:308, drop:0
2024-11-23 11:59:09.559 T:4060 debug : SetCodecControl 0->10000000
2024-11-23 11:59:09.559 T:4060 debug : CAMLCodec::AddData: dl:565824 fl:5529024 sz:24822(24896) lv:9.3% dts:13.977 pts:13.977
2024-11-23 11:59:09.562 T:4060 debug : CAMLCodec::AddData: dl:675328 fl:5419520 sz:109400(109504) lv:11.1% dts:14.019 pts:14.019
2024-11-23 11:59:09.567 T:4058 debug : CVideoPlayer::ProcessVideoData size:42977 dts:59.648 pts:59.648 dur:41.000ms, clock:12.855 level:100
2024-11-23 11:59:09.570 T:4058 debug : CVideoPlayer::ProcessVideoData size:9164 dts:59.690 pts:59.690 dur:41.000ms, clock:12.859 level:100
2024-11-23 11:59:09.571 T:4058 debug : CVideoPlayer::ProcessVideoData size:8414 dts:59.731 pts:59.731 dur:41.000ms, clock:12.860 level:100
2024-11-23 11:59:09.573 T:4058 debug : CVideoPlayer::ProcessVideoData size:11452 dts:59.773 pts:59.773 dur:41.000ms, clock:12.861 level:100
2024-11-23 11:59:09.574 T:4058 debug : CVideoPlayer::ProcessVideoData size:8329 dts:59.815 pts:59.815 dur:41.000ms, clock:12.862 level:100
2024-11-23 11:59:09.576 T:4058 debug : CVideoPlayer::ProcessVideoData size:42861 dts:59.856 pts:59.856 dur:41.000ms, clock:12.864 level:100
2024-11-23 11:59:09.591 T:3833 debug : CAMLCodec::PollFrame elapsed:32.811ms
2024-11-23 11:59:09.594 T:3833 debug : PrepareNextRender: frameOnScreen: 12.883 renderPts: 12.914 nextFramePts: 12.893 -> diff: 0.021 render: 1 forceNext: 0, m_queued: 14, m_queued empty: true, begin idx: 6, front: 6,m_latencyTweak: 0.000000, GetDisplayLatency: 166.833344, m_videoDelay: 0, GetFrameLatencyAdjustment: 0.000000
2024-11-23 11:59:09.594 T:3833 debug : PrepareNextRender: (12.914) < (12.893 + 0.00 * 0.042): 12.914 < 12.893, lateframes: 0, idx: 6, lateframe
2024-11-23 11:59:09.594 T:3833 debug : PrepareNextRender: (12.914) < (12.935 + 0.00 * 0.042): 12.914 < 12.935, lateframes: 1, idx: 6, break
2024-11-23 11:59:09.600 T:4060 debug : CAMLCodec::DequeueBuffer: pts:13.477 idx:323
2024-11-23 11:59:09.600 T:4060 debug : CAMLCodec::GetPicture: index: 323, pts: 13.477, dur:42.000ms ar:1.78 elf:41ms
2024-11-23 11:59:09.600 T:4060 debug : CVideoPlayerVideo::OutputPicture - ttd:588ms pts:13.477 Clock:12.889 Level:13
2024-11-23 11:59:09.601 T:3833 debug : CAMLCodec::ReleaseFrame idx:309, drop:0
2024-11-23 11:59:09.633 T:3833 debug : CAMLCodec::PollFrame elapsed:32.160ms
2024-11-23 11:59:09.636 T:3833 debug : PrepareNextRender: frameOnScreen: 12.924 renderPts: 12.955 nextFramePts: 12.935 -> diff: 0.020 render: 1 forceNext: 0, m_queued: 14, m_queued empty: true, begin idx: 7, front: 7,m_latencyTweak: 0.000000, GetDisplayLatency: 166.833344, m_videoDelay: 0, GetFrameLatencyAdjustment: 0.000000
2024-11-23 11:59:09.636 T:3833 debug : PrepareNextRender: (12.955) < (12.935 + 0.00 * 0.042): 12.955 < 12.935, lateframes: 0, idx: 7, lateframe
2024-11-23 11:59:09.636 T:3833 debug : PrepareNextRender: (12.955) < (12.976 + 0.00 * 0.042): 12.955 < 12.976, lateframes: 1, idx: 7, break
2024-11-23 11:59:09.641 T:4060 debug : CAMLCodec::DequeueBuffer: pts:13.518 idx:324
2024-11-23 11:59:09.641 T:4060 debug : CAMLCodec::GetPicture: index: 324, pts: 13.518, dur:41.000ms ar:1.78 elf:41ms
2024-11-23 11:59:09.642 T:4060 debug : CVideoPlayerVideo::OutputPicture - ttd:587ms pts:13.518 Clock:12.930 Level:13
2024-11-23 11:59:09.642 T:3833 debug : CAMLCodec::ReleaseFrame idx:310, drop:0
2024-11-23 11:59:09.675 T:3833 debug : CAMLCodec::PollFrame elapsed:32.672ms
2024-11-23 11:59:09.677 T:3833 debug : PrepareNextRender: frameOnScreen: 12.965 renderPts: 12.996 nextFramePts: 12.976 -> diff: 0.020 render: 1 forceNext: 0, m_queued: 14, m_queued empty: true, begin idx: 8, front: 8,m_latencyTweak: 0.000000, GetDisplayLatency: 166.833344, m_videoDelay: 0, GetFrameLatencyAdjustment: 0.000000
2024-11-23 11:59:09.677 T:3833 debug : PrepareNextRender: (12.996) < (12.976 + 0.00 * 0.042): 12.996 < 12.976, lateframes: 0, idx: 8, lateframe
2024-11-23 11:59:09.677 T:3833 debug : PrepareNextRender: (12.996) < (13.018 + 0.00 * 0.042): 12.996 < 13.018, lateframes: 1, idx: 8, break
2024-11-23 11:59:09.683 T:3833 debug : CAMLCodec::ReleaseFrame idx:311, drop:0
2024-11-23 11:59:09.685 T:4060 debug : CAMLCodec::DequeueBuffer: pts:13.560 idx:325
2024-11-23 11:59:09.685 T:4060 debug : CAMLCodec::GetPicture: index: 325, pts: 13.560, dur:42.000ms ar:1.78 elf:43ms
2024-11-23 11:59:09.685 T:4060 debug : CVideoPlayerVideo::OutputPicture - ttd:586ms pts:13.560 Clock:12.974 Level:13
2024-11-23 11:59:09.688 T:4058 debug : CVideoPlayer::ProcessVideoData size:6212 dts:59.898 pts:59.898 dur:41.000ms, clock:12.977 level:100
2024-11-23 11:59:09.688 T:4060 debug : CAMLCodec::AddData: dl:712064 fl:5382784 sz:133101(133184) lv:11.7% dts:14.061 pts:14.061
2024-11-23 11:59:09.690 T:4058 debug : CVideoPlayer::ProcessVideoData size:3843 dts:59.940 pts:59.940 dur:41.000ms, clock:12.979 level:100
2024-11-23 11:59:09.692 T:4058 debug : CVideoPlayer::ProcessVideoData size:67135 dts:59.982 pts:59.982 dur:41.000ms, clock:12.980 level:100
2024-11-23 11:59:09.694 T:4058 debug : CVideoPlayer::ProcessVideoData size:24035 dts:60.023 pts:60.023 dur:41.000ms, clock:12.982 level:100
2024-11-23 11:59:09.716 T:3833 debug : CAMLCodec::PollFrame elapsed:33.078ms
2024-11-23 11:59:09.719 T:3833 debug : PrepareNextRender: frameOnScreen: 13.008 renderPts: 13.039 nextFramePts: 13.018 -> diff: 0.021 render: 1 forceNext: 0, m_queued: 14, m_queued empty: true, begin idx: 9, front: 9,m_latencyTweak: 0.000000, GetDisplayLatency: 166.833344, m_videoDelay: 0, GetFrameLatencyAdjustment: 0.000000
2024-11-23 11:59:09.719 T:3833 debug : PrepareNextRender: (13.039) < (13.018 + 0.00 * 0.042): 13.039 < 13.018, lateframes: 0, idx: 9, lateframe
2024-11-23 11:59:09.719 T:3833 debug : PrepareNextRender: (13.039) < (13.060 + 0.00 * 0.042): 13.039 < 13.060, lateframes: 1, idx: 9, break
2024-11-23 11:59:09.724 T:3833 debug : CAMLCodec::ReleaseFrame idx:312, drop:0
2024-11-23 11:59:09.725 T:4060 debug : CAMLCodec::DequeueBuffer: pts:13.602 idx:326
2024-11-23 11:59:09.725 T:4060 debug : CAMLCodec::GetPicture: index: 326, pts: 13.602, dur:42.000ms ar:1.78 elf:40ms
2024-11-23 11:59:09.725 T:4060 debug : CVideoPlayerVideo::OutputPicture - ttd:587ms pts:13.602 Clock:13.014 Level:13
2024-11-23 11:59:09.758 T:3833 debug : CAMLCodec::PollFrame elapsed:34.474ms
2024-11-23 11:59:09.761 T:3833 debug : PrepareNextRender: frameOnScreen: 13.050 renderPts: 13.081 nextFramePts: 13.060 -> diff: 0.021 render: 1 forceNext: 0, m_queued: 14, m_queued empty: true, begin idx: 10, front: 10,m_latencyTweak: 0.000000, GetDisplayLatency: 166.833344, m_videoDelay: 0, GetFrameLatencyAdjustment: 0.000000
2024-11-23 11:59:09.761 T:3833 debug : PrepareNextRender: (13.081) < (13.060 + 0.00 * 0.042): 13.081 < 13.060, lateframes: 0, idx: 10, lateframe
2024-11-23 11:59:09.761 T:3833 debug : PrepareNextRender: (13.081) < (13.101 + 0.00 * 0.042): 13.081 < 13.101, lateframes: 1, idx: 10, break
2024-11-23 11:59:09.766 T:4060 debug : CAMLCodec::DequeueBuffer: pts:13.644 idx:327
2024-11-23 11:59:09.766 T:4060 debug : CAMLCodec::GetPicture: index: 327, pts: 13.644, dur:42.000ms ar:1.78 elf:40ms
2024-11-23 11:59:09.766 T:4060 debug : CVideoPlayerVideo::OutputPicture - ttd:589ms pts:13.644 Clock:13.055 Level:13
2024-11-23 11:59:09.768 T:3833 debug : CAMLCodec::ReleaseFrame idx:313, drop:0
2024-11-23 11:59:09.800 T:3833 debug : CAMLCodec::PollFrame elapsed:32.191ms
2024-11-23 11:59:09.802 T:3833 debug : PrepareNextRender: frameOnScreen: 13.091 renderPts: 13.118 nextFramePts: 13.101 -> diff: 0.017 render: 1 forceNext: 0, m_queued: 14, m_queued empty: true, begin idx: 12, front: 12,m_latencyTweak: 0.000000, GetDisplayLatency: 166.833344, m_videoDelay: 0, GetFrameLatencyAdjustment: 0.000000
2024-11-23 11:59:09.802 T:3833 debug : PrepareNextRender: (13.118) < (13.101 + 0.00 * 0.042): 13.118 < 13.101, lateframes: 0, idx: 12, lateframe
2024-11-23 11:59:09.802 T:3833 debug : PrepareNextRender: (13.118) < (13.143 + 0.00 * 0.042): 13.118 < 13.143, lateframes: 1, idx: 12, break
2024-11-23 11:59:09.809 T:3833 debug : CAMLCodec::ReleaseFrame idx:314, drop:0
2024-11-23 11:59:09.809 T:4060 debug : CAMLCodec::DequeueBuffer: pts:13.685 idx:328
