2024-11-22 04:20:24.591 T:3827 debug : HandleKey: yellow (0xe5) pressed, window 10116, action is PlayerProcessInfo
2024-11-22 04:20:24.592 T:4057 debug : CAMLCodec::DequeueBuffer: pts:13.555 idx:325
2024-11-22 04:20:24.592 T:4057 debug : CAMLCodec::GetPicture: index: 325, pts: 13.555, dur:41.700ms ar:1.78 elf:650ms
2024-11-22 04:20:24.592 T:4057 debug : CVideoPlayerVideo::OutputPicture - ttd:108ms pts:13.555 Clock:13.447 Level:14
2024-11-22 04:20:24.594 T:4053 debug : CVideoPlayer::ProcessVideoData size:2145 dts:251.627 pts:251.627 dur:41.700ms, clock:13.449 level:100
2024-11-22 04:20:24.595 T:4053 debug : CVideoPlayer::ProcessVideoData size:2607 dts:251.668 pts:251.668 dur:41.700ms, clock:13.450 level:100
2024-11-22 04:20:24.596 T:3827 debug : PrepareNextRender: frameOnScreen: 13.451 renderPts: 13.619 nextFramePts: 12.971 -> diff: 0.648 render: 1 forceNext: 0
2024-11-22 04:20:24.596 T:3827 debug : CAMLCodec::ReleaseFrame idx:311, drop:1
2024-11-22 04:20:24.596 T:3827 debug : CAMLCodec::ReleaseFrame idx:312, drop:1
2024-11-22 04:20:24.596 T:3827 debug : CAMLCodec::ReleaseFrame idx:313, drop:1
2024-11-22 04:20:24.596 T:3827 debug : CAMLCodec::ReleaseFrame idx:314, drop:1
2024-11-22 04:20:24.596 T:3827 debug : CAMLCodec::ReleaseFrame idx:315, drop:1
2024-11-22 04:20:24.596 T:3827 debug : CAMLCodec::ReleaseFrame idx:316, drop:1
2024-11-22 04:20:24.596 T:3827 debug : CAMLCodec::ReleaseFrame idx:317, drop:1
2024-11-22 04:20:24.596 T:3827 debug : CAMLCodec::ReleaseFrame idx:318, drop:1
2024-11-22 04:20:24.596 T:3827 debug : CAMLCodec::ReleaseFrame idx:319, drop:1
2024-11-22 04:20:24.596 T:3827 debug : CAMLCodec::ReleaseFrame idx:320, drop:1
2024-11-22 04:20:24.596 T:3827 debug : CAMLCodec::ReleaseFrame idx:321, drop:1
2024-11-22 04:20:24.596 T:3827 debug : CAMLCodec::ReleaseFrame idx:322, drop:1
2024-11-22 04:20:24.596 T:3827 debug : CAMLCodec::ReleaseFrame idx:323, drop:1
2024-11-22 04:20:24.597 T:4057 debug : CAMLCodec::DequeueBuffer: pts:13.597 idx:326
2024-11-22 04:20:24.597 T:4057 debug : CAMLCodec::GetPicture: index: 326, pts: 13.597, dur:41.711ms ar:1.78 elf:4ms
2024-11-22 04:20:24.597 T:4057 debug : CVideoPlayerVideo::OutputPicture - ttd:145ms pts:13.597 Clock:13.452 Level:1
2024-11-22 04:20:24.598 T:4053 debug : CVideoPlayer::ProcessVideoData size:2325 dts:251.710 pts:251.710 dur:41.700ms, clock:13.453 level:100
2024-11-22 04:20:24.599 T:4057 debug : CAMLCodec::DequeueBuffer: pts:13.639 idx:327
2024-11-22 04:20:24.599 T:4057 debug : CAMLCodec::GetPicture: index: 327, pts: 13.639, dur:41.711ms ar:1.78 elf:2ms
2024-11-22 04:20:24.599 T:4057 debug : CVideoPlayerVideo::OutputPicture - ttd:184ms pts:13.639 Clock:13.454 Level:2
2024-11-22 04:20:24.600 T:4053 debug : CVideoPlayer::ProcessVideoData size:2278 dts:251.752 pts:251.752 dur:41.700ms, clock:13.456 level:100
2024-11-22 04:20:24.603 T:4053 debug : CVideoPlayer::ProcessVideoData size:2675 dts:251.793 pts:251.793 dur:41.700ms, clock:13.458 level:100
2024-11-22 04:20:24.604 T:4053 debug : CVideoPlayer::ProcessVideoData size:2435 dts:251.835 pts:251.835 dur:41.700ms, clock:13.460 level:100
2024-11-22 04:20:24.607 T:4053 debug : CVideoPlayer::ProcessVideoData size:2422 dts:251.877 pts:251.877 dur:41.700ms, clock:13.463 level:100
2024-11-22 04:20:24.608 T:3827 debug : CAMLCodec::ReleaseFrame idx:324, drop:0
2024-11-22 04:20:24.610 T:4053 debug : CVideoPlayer::ProcessVideoData size:3024 dts:251.919 pts:251.919 dur:41.700ms, clock:13.465 level:100
2024-11-22 04:20:24.611 T:4053 debug : CVideoPlayer::ProcessVideoData size:2740 dts:251.960 pts:251.960 dur:41.700ms, clock:13.466 level:100
2024-11-22 04:20:24.614 T:4053 debug : CVideoPlayer::ProcessVideoData size:2510 dts:252.002 pts:252.002 dur:41.700ms, clock:13.469 level:100
2024-11-22 04:20:24.616 T:4053 debug : CVideoPlayer::ProcessVideoData size:2660 dts:252.044 pts:252.044 dur:41.700ms, clock:13.472 level:100
2024-11-22 04:20:24.618 T:4053 debug : CVideoPlayer::ProcessVideoData size:3222 dts:252.085 pts:252.085 dur:41.700ms, clock:13.473 level:100
2024-11-22 04:20:24.620 T:4053 debug : CVideoPlayer::ProcessVideoData size:1285 dts:252.127 pts:252.127 dur:41.700ms, clock:13.475 level:100
2024-11-22 04:20:24.623 T:4053 debug : CVideoPlayer::ProcessVideoData size:1933 dts:252.169 pts:252.169 dur:41.700ms, clock:13.478 level:100
2024-11-22 04:20:24.625 T:4053 debug : CVideoPlayer::ProcessVideoData size:3376 dts:252.211 pts:252.211 dur:41.700ms, clock:13.480 level:100
2024-11-22 04:20:24.628 T:4053 debug : CVideoPlayer::ProcessVideoData size:58735 dts:252.252 pts:252.252 dur:41.700ms, clock:13.483 level:100
2024-11-22 04:20:24.631 T:4053 debug : CVideoPlayer::ProcessVideoData size:3604 dts:252.294 pts:252.294 dur:41.700ms, clock:13.486 level:100
2024-11-22 04:20:24.632 T:3827 debug : CAMLCodec::PollFrame elapsed:23.926ms
2024-11-22 04:20:24.634 T:4053 debug : CVideoPlayer::ProcessVideoData size:2547 dts:252.336 pts:252.336 dur:41.700ms, clock:13.489 level:100
2024-11-22 04:20:24.636 T:4053 debug : CVideoPlayer::ProcessVideoData size:2467 dts:252.377 pts:252.377 dur:41.700ms, clock:13.491 level:100
2024-11-22 04:20:24.638 T:3827 debug : PrepareNextRender: frameOnScreen: 13.493 renderPts: 13.661 nextFramePts: 13.555 -> diff: 0.106 render: 1 forceNext: 0
2024-11-22 04:20:24.639 T:4053 debug : CVideoPlayer::ProcessVideoData size:2270 dts:252.419 pts:252.419 dur:41.700ms, clock:13.494 level:100
2024-11-22 04:20:24.640 T:4057 debug : CAMLCodec::DequeueBuffer: pts:13.680 idx:328
2024-11-22 04:20:24.640 T:4057 debug : CAMLCodec::GetPicture: index: 328, pts: 13.680, dur:41.711ms ar:1.78 elf:41ms
2024-11-22 04:20:24.641 T:4057 debug : CVideoPlayerVideo::OutputPicture - ttd:184ms pts:13.680 Clock:13.496 Level:2
2024-11-22 04:20:24.641 T:4053 debug : CVideoPlayer::ProcessVideoData size:2772 dts:252.461 pts:252.461 dur:41.700ms, clock:13.496 level:100
2024-11-22 04:20:24.642 T:4057 debug : SetCodecControl 0->10000000
2024-11-22 04:20:24.643 T:4057 debug : CAMLCodec::AddData: dl:613376 fl:5481472 sz:3030(4096) lv:10.1% dts:17.684 pts:17.684
2024-11-22 04:20:24.643 T:4053 debug : CVideoPlayer::ProcessVideoData size:2281 dts:252.503 pts:252.503 dur:41.700ms, clock:13.498 level:100
2024-11-22 04:20:24.645 T:4053 debug : CVideoPlayer::ProcessVideoData size:2141 dts:252.544 pts:252.544 dur:41.700ms, clock:13.500 level:100
2024-11-22 04:20:24.647 T:4057 debug : CAMLCodec::DequeueBuffer: pts:13.722 idx:329
2024-11-22 04:20:24.647 T:4057 debug : CAMLCodec::GetPicture: index: 329, pts: 13.722, dur:41.700ms ar:1.78 elf:6ms
2024-11-22 04:20:24.647 T:4057 debug : CVideoPlayerVideo::OutputPicture - ttd:219ms pts:13.722 Clock:13.502 Level:3
2024-11-22 04:20:24.648 T:4057 debug : CAMLCodec::AddData: dl:613376 fl:5481472 sz:2635(4096) lv:10.1% dts:17.726 pts:17.726
2024-11-22 04:20:24.649 T:4053 debug : CVideoPlayer::ProcessVideoData size:2647 dts:252.586 pts:252.586 dur:41.700ms, clock:13.504 level:100
2024-11-22 04:20:24.651 T:4053 debug : CVideoPlayer::ProcessVideoData size:2095 dts:252.628 pts:252.628 dur:41.700ms, clock:13.506 level:100
2024-11-22 04:20:24.652 T:4057 debug : CAMLCodec::DequeueBuffer: pts:13.764 idx:330
2024-11-22 04:20:24.652 T:4057 debug : CAMLCodec::GetPicture: index: 330, pts: 13.764, dur:41.711ms ar:1.78 elf:5ms
2024-11-22 04:20:24.652 T:4057 debug : CVideoPlayerVideo::OutputPicture - ttd:256ms pts:13.764 Clock:13.507 Level:4
2024-11-22 04:20:24.653 T:4053 debug : CVideoPlayer::ProcessVideoData size:2646 dts:252.669 pts:252.669 dur:41.700ms, clock:13.508 level:100
2024-11-22 04:20:24.653 T:3827 debug : CAMLCodec::ReleaseFrame idx:325, drop:0
2024-11-22 04:20:24.654 T:4057 debug : CAMLCodec::AddData: dl:613376 fl:5481472 sz:2534(4096) lv:10.1% dts:17.768 pts:17.768
2024-11-22 04:20:24.656 T:4053 debug : CVideoPlayer::ProcessVideoData size:2314 dts:252.711 pts:252.711 dur:41.700ms, clock:13.511 level:100
2024-11-22 04:20:24.658 T:4053 debug : CVideoPlayer::ProcessVideoData size:2080 dts:252.753 pts:252.753 dur:41.700ms, clock:13.513 level:100
2024-11-22 04:20:24.659 T:4057 debug : CAMLCodec::DequeueBuffer: pts:13.805 idx:331
2024-11-22 04:20:24.660 T:4057 debug : CAMLCodec::GetPicture: index: 331, pts: 13.805, dur:41.711ms ar:1.78 elf:7ms
2024-11-22 04:20:24.660 T:4057 debug : CVideoPlayerVideo::OutputPicture - ttd:290ms pts:13.805 Clock:13.515 Level:5
2024-11-22 04:20:24.660 T:4053 debug : CVideoPlayer::ProcessVideoData size:2672 dts:252.794 pts:252.794 dur:41.700ms, clock:13.515 level:100
2024-11-22 04:20:24.661 T:4057 debug : CAMLCodec::AddData: dl:613376 fl:5481472 sz:2664(4096) lv:10.1% dts:17.809 pts:17.809
2024-11-22 04:20:24.663 T:4053 debug : CVideoPlayer::ProcessVideoData size:2445 dts:252.836 pts:252.836 dur:41.700ms, clock:13.518 level:100
2024-11-22 04:20:24.665 T:4053 debug : CVideoPlayer::ProcessVideoData size:2512 dts:252.878 pts:252.878 dur:41.700ms, clock:13.520 level:100
2024-11-22 04:20:24.666 T:4057 debug : CAMLCodec::DequeueBuffer: pts:13.847 idx:332
2024-11-22 04:20:24.666 T:4057 debug : CAMLCodec::GetPicture: index: 332, pts: 13.847, dur:41.711ms ar:1.78 elf:6ms
2024-11-22 04:20:24.666 T:4057 debug : CVideoPlayerVideo::OutputPicture - ttd:326ms pts:13.847 Clock:13.521 Level:6
2024-11-22 04:20:24.666 T:4053 debug : CVideoPlayer::ProcessVideoData size:3037 dts:252.920 pts:252.920 dur:41.700ms, clock:13.521 level:100
2024-11-22 04:20:24.668 T:4057 debug : CAMLCodec::AddData: dl:613376 fl:5481472 sz:3212(4096) lv:10.1% dts:17.851 pts:17.851
2024-11-22 04:20:24.668 T:4053 debug : CVideoPlayer::ProcessVideoData size:2641 dts:252.961 pts:252.961 dur:41.700ms, clock:13.524 level:100
2024-11-22 04:20:24.671 T:4057 debug : CAMLCodec::DequeueBuffer: pts:13.889 idx:333
2024-11-22 04:20:24.671 T:4057 debug : CAMLCodec::GetPicture: index: 333, pts: 13.889, dur:41.700ms ar:1.78 elf:4ms
2024-11-22 04:20:24.671 T:4057 debug : CVideoPlayerVideo::OutputPicture - ttd:362ms pts:13.889 Clock:13.526 Level:7
2024-11-22 04:20:24.671 T:4053 debug : CVideoPlayer::ProcessVideoData size:2493 dts:253.003 pts:253.003 dur:41.700ms, clock:13.527 level:100
2024-11-22 04:20:24.673 T:4057 debug : CAMLCodec::AddData: dl:613376 fl:5481472 sz:1285(4096) lv:10.1% dts:17.893 pts:17.893
2024-11-22 04:20:24.673 T:4053 debug : CVideoPlayer::ProcessVideoData size:2696 dts:253.045 pts:253.045 dur:41.700ms, clock:13.528 level:100
2024-11-22 04:20:24.673 T:3827 debug : CAMLCodec::PollFrame elapsed:19.692ms
2024-11-22 04:20:24.676 T:4053 debug : CVideoPlayer::ProcessVideoData size:2666 dts:253.086 pts:253.086 dur:41.700ms, clock:13.531 level:100
2024-11-22 04:20:24.678 T:4057 debug : CAMLCodec::DequeueBuffer: pts:13.931 idx:334
2024-11-22 04:20:24.679 T:4057 debug : CAMLCodec::GetPicture: index: 334, pts: 13.931, dur:41.711ms ar:1.78 elf:7ms
2024-11-22 04:20:24.679 T:4057 debug : CVideoPlayerVideo::OutputPicture - ttd:396ms pts:13.931 Clock:13.534 Level:8
2024-11-22 04:20:24.679 T:4053 debug : CVideoPlayer::ProcessVideoData size:1239 dts:253.128 pts:253.128 dur:41.700ms, clock:13.534 level:100
2024-11-22 04:20:24.681 T:4057 debug : CAMLCodec::AddData: dl:613376 fl:5481472 sz:1933(4096) lv:10.1% dts:17.935 pts:17.935
2024-11-22 04:20:24.682 T:3827 debug : PrepareNextRender: frameOnScreen: 13.537 renderPts: 13.705 nextFramePts: 13.597 -> diff: 0.108 render: 1 forceNext: 0
2024-11-22 04:20:24.682 T:4053 debug : CVideoPlayer::ProcessVideoData size:1951 dts:253.170 pts:253.170 dur:41.700ms, clock:13.537 level:100
2024-11-22 04:20:24.684 T:4057 debug : CAMLCodec::DequeueBuffer: pts:13.972 idx:335
2024-11-22 04:20:24.684 T:4053 debug : CVideoPlayer::ProcessVideoData size:3283 dts:253.212 pts:253.212 dur:41.700ms, clock:13.540 level:100
2024-11-22 04:20:24.684 T:4057 debug : CAMLCodec::GetPicture: index: 335, pts: 13.972, dur:41.712ms ar:1.78 elf:5ms
2024-11-22 04:20:24.685 T:4057 debug : CVideoPlayerVideo::OutputPicture - ttd:432ms pts:13.972 Clock:13.540 Level:8
2024-11-22 04:20:24.686 T:4057 debug : CAMLCodec::AddData: dl:613376 fl:5481472 sz:3379(4096) lv:10.1% dts:17.976 pts:17.976
2024-11-22 04:20:24.688 T:4053 debug : CVideoPlayer::ProcessVideoData size:59048 dts:253.253 pts:253.253 dur:41.700ms, clock:13.543 level:100
2024-11-22 04:20:24.691 T:4053 debug : CVideoPlayer::ProcessVideoData size:3393 dts:253.295 pts:253.295 dur:41.700ms, clock:13.546 level:100
2024-11-22 04:20:24.692 T:4053 debug : CVideoPlayer::ProcessVideoData size:2702 dts:253.337 pts:253.337 dur:41.700ms, clock:13.547 level:100
2024-11-22 04:20:24.694 T:4057 debug : CAMLCodec::DequeueBuffer: pts:14.014 idx:336
2024-11-22 04:20:24.694 T:4057 debug : CAMLCodec::GetPicture: index: 336, pts: 14.014, dur:41.711ms ar:1.78 elf:9ms
2024-11-22 04:20:24.694 T:4057 debug : CVideoPlayerVideo::OutputPicture - ttd:464ms pts:14.014 Clock:13.549 Level:9
2024-11-22 04:20:24.696 T:4053 debug : CVideoPlayer::ProcessVideoData size:2539 dts:253.378 pts:253.378 dur:41.700ms, clock:13.551 level:100
2024-11-22 04:20:24.697 T:3827 debug : CAMLCodec::ReleaseFrame idx:326, drop:0
2024-11-22 04:20:24.698 T:4057 debug : CAMLCodec::AddData: dl:613696 fl:5481152 sz:59174(59264) lv:10.1% dts:18.018 pts:18.018
2024-11-22 04:20:24.698 T:4053 debug : CVideoPlayer::ProcessVideoData size:2567 dts:253.420 pts:253.420 dur:41.700ms, clock:13.553 level:100
2024-11-22 04:20:24.700 T:4057 debug : CAMLCodec::DequeueBuffer: pts:14.056 idx:337
2024-11-22 04:20:24.700 T:4057 debug : CAMLCodec::GetPicture: index: 337, pts: 14.056, dur:41.711ms ar:1.78 elf:5ms
2024-11-22 04:20:24.700 T:4057 debug : CVideoPlayerVideo::OutputPicture - ttd:500ms pts:14.056 Clock:13.555 Level:10
2024-11-22 04:20:24.700 T:4053 debug : CVideoPlayer::ProcessVideoData size:2784 dts:253.462 pts:253.462 dur:41.700ms, clock:13.555 level:100
2024-11-22 04:20:24.702 T:4053 debug : CVideoPlayer::ProcessVideoData size:2287 dts:253.504 pts:253.504 dur:41.700ms, clock:13.557 level:100
2024-11-22 04:20:24.705 T:4053 debug : CVideoPlayer::ProcessVideoData size:2130 dts:253.545 pts:253.545 dur:41.700ms, clock:13.560 level:100
2024-11-22 04:20:24.706 T:4057 debug : CAMLCodec::DequeueBuffer: pts:14.097 idx:338
2024-11-22 04:20:24.706 T:4057 debug : CAMLCodec::GetPicture: index: 338, pts: 14.097, dur:41.700ms ar:1.78 elf:6ms
2024-11-22 04:20:24.707 T:4057 debug : CVideoPlayerVideo::OutputPicture - ttd:535ms pts:14.097 Clock:13.562 Level:11
2024-11-22 04:20:24.707 T:4053 debug : CVideoPlayer::ProcessVideoData size:2610 dts:253.587 pts:253.587 dur:41.700ms, clock:13.562 level:100
2024-11-22 04:20:24.708 T:4057 debug : CAMLCodec::AddData: dl:609600 fl:5485248 sz:3593(4096) lv:10.0% dts:18.060 pts:18.060
2024-11-22 04:20:24.709 T:4053 debug : CVideoPlayer::ProcessVideoData size:2139 dts:253.629 pts:253.629 dur:41.700ms, clock:13.564 level:100
2024-11-22 04:20:24.711 T:4053 debug : CVideoPlayer::ProcessVideoData size:2639 dts:253.670 pts:253.670 dur:41.700ms, clock:13.567 level:100
2024-11-22 04:20:24.713 T:4057 debug : CAMLCodec::DequeueBuffer: pts:14.139 idx:339
2024-11-22 04:20:24.713 T:4057 debug : CAMLCodec::GetPicture: index: 339, pts: 14.139, dur:41.711ms ar:1.78 elf:6ms
2024-11-22 04:20:24.713 T:4057 debug : CVideoPlayerVideo::OutputPicture - ttd:570ms pts:14.139 Clock:13.568 Level:12
2024-11-22 04:20:24.713 T:4053 debug : CVideoPlayer::ProcessVideoData size:2325 dts:253.712 pts:253.712 dur:41.700ms, clock:13.569 level:100
2024-11-22 04:20:24.715 T:4057 debug : CAMLCodec::AddData: dl:609600 fl:5485248 sz:2703(4096) lv:10.0% dts:18.101 pts:18.101
2024-11-22 04:20:24.715 T:3827 debug : CAMLCodec::PollFrame elapsed:17.874ms
2024-11-22 04:20:24.717 T:4053 debug : CVideoPlayer::ProcessVideoData size:2265 dts:253.754 pts:253.754 dur:41.700ms, clock:13.572 level:100
2024-11-22 04:20:24.718 T:4057 debug : CAMLCodec::DequeueBuffer: pts:14.181 idx:340
2024-11-22 04:20:24.719 T:4057 debug : CAMLCodec::GetPicture: index: 340, pts: 14.181, dur:41.711ms ar:1.78 elf:5ms
2024-11-22 04:20:24.719 T:4057 debug : CVideoPlayerVideo::OutputPicture - ttd:606ms pts:14.181 Clock:13.574 Level:13
2024-11-22 04:20:24.720 T:4057 debug : CAMLCodec::AddData: dl:609600 fl:5485248 sz:2446(4096) lv:10.0% dts:18.143 pts:18.143
2024-11-22 04:20:24.722 T:4053 debug : CVideoPlayer::ProcessVideoData size:2670 dts:253.795 pts:253.795 dur:41.700ms, clock:13.577 level:100
2024-11-22 04:20:24.723 T:3827 debug : PrepareNextRender: frameOnScreen: 13.578 renderPts: 13.747 nextFramePts: 13.639 -> diff: 0.108 render: 1 forceNext: 0
2024-11-22 04:20:24.724 T:4053 debug : CVideoPlayer::ProcessVideoData size:2434 dts:253.837 pts:253.837 dur:41.700ms, clock:13.579 level:100
2024-11-22 04:20:24.725 T:4057 debug : CAMLCodec::DequeueBuffer: pts:14.223 idx:341
2024-11-22 04:20:24.726 T:4057 debug : CAMLCodec::GetPicture: index: 341, pts: 14.223, dur:41.711ms ar:1.78 elf:6ms
2024-11-22 04:20:24.726 T:4057 debug : CVideoPlayerVideo::OutputPicture - ttd:641ms pts:14.223 Clock:13.581 Level:13
2024-11-22 04:20:24.726 T:4053 debug : CVideoPlayer::ProcessVideoData size:2424 dts:253.879 pts:253.879 dur:41.700ms, clock:13.581 level:100
2024-11-22 04:20:24.727 T:4057 debug : CAMLCodec::AddData: dl:609600 fl:5485248 sz:2545(4096) lv:10.0% dts:18.185 pts:18.185
2024-11-22 04:20:24.729 T:4053 debug : CVideoPlayer::ProcessVideoData size:3023 dts:253.921 pts:253.921 dur:41.700ms, clock:13.584 level:100
2024-11-22 04:20:24.731 T:4057 debug : CAMLCodec::AddData: dl:609600 fl:5485248 sz:2753(4096) lv:10.0% dts:18.227 pts:18.227
2024-11-22 04:20:24.732 T:4053 debug : CVideoPlayer::ProcessVideoData size:2726 dts:253.962 pts:253.962 dur:41.700ms, clock:13.587 level:100
2024-11-22 04:20:24.734 T:4053 debug : CVideoPlayer::ProcessVideoData size:2511 dts:254.004 pts:254.004 dur:41.700ms, clock:13.589 level:100
2024-11-22 04:20:24.736 T:4053 debug : CVideoPlayer::ProcessVideoData size:2663 dts:254.046 pts:254.046 dur:41.700ms, clock:13.591 level:100
2024-11-22 04:20:24.738 T:4057 debug : CAMLCodec::AddData: dl:609600 fl:5485248 sz:2265(4096) lv:10.0% dts:18.268 pts:18.268
2024-11-22 04:20:24.738 T:3827 debug : CAMLCodec::ReleaseFrame idx:327, drop:0
2024-11-22 04:20:24.739 T:4057 debug : CAMLCodec::DequeueBuffer: pts:14.264 idx:342
2024-11-22 04:20:24.740 T:4057 debug : CAMLCodec::GetPicture: index: 342, pts: 14.264, dur:41.700ms ar:1.78 elf:13ms
2024-11-22 04:20:24.740 T:4057 debug : CVideoPlayerVideo::OutputPicture - ttd:669ms pts:14.264 Clock:13.595 Level:14
2024-11-22 04:20:24.740 T:4053 debug : CVideoPlayer::ProcessVideoData size:3203 dts:254.087 pts:254.087 dur:41.700ms, clock:13.595 level:100
2024-11-22 04:20:24.742 T:4053 debug : CVideoPlayer::ProcessVideoData size:1285 dts:254.129 pts:254.129 dur:41.700ms, clock:13.597 level:100
2024-11-22 04:20:24.744 T:4053 debug : CVideoPlayer::ProcessVideoData size:1933 dts:254.171 pts:254.171 dur:41.700ms, clock:13.599 level:100
2024-11-22 04:20:24.747 T:4053 debug : CVideoPlayer::ProcessVideoData size:3095 dts:254.213 pts:254.213 dur:41.700ms, clock:13.602 level:100
2024-11-22 04:20:24.750 T:4053 debug : CVideoPlayer::ProcessVideoData size:58666 dts:254.254 pts:254.254 dur:41.700ms, clock:13.605 level:100
2024-11-22 04:20:24.752 T:4053 debug : CVideoPlayer::ProcessVideoData size:3603 dts:254.296 pts:254.296 dur:41.700ms, clock:13.607 level:100
2024-11-22 04:20:24.754 T:4053 debug : CVideoPlayer::ProcessVideoData size:2708 dts:254.338 pts:254.338 dur:41.700ms, clock:13.609 level:100
2024-11-22 04:20:24.757 T:3827 debug : CAMLCodec::PollFrame elapsed:18.227ms
2024-11-22 04:20:24.757 T:4053 debug : CVideoPlayer::ProcessVideoData size:2443 dts:254.379 pts:254.379 dur:41.700ms, clock:13.612 level:100
2024-11-22 04:20:24.759 T:4053 debug : CVideoPlayer::ProcessVideoData size:2288 dts:254.421 pts:254.421 dur:41.700ms, clock:13.614 level:100
2024-11-22 04:20:24.762 T:4053 debug : CVideoPlayer::ProcessVideoData size:2744 dts:254.463 pts:254.463 dur:41.700ms, clock:13.617 level:100
2024-11-22 04:20:24.765 T:3827 debug : PrepareNextRender: frameOnScreen: 13.620 renderPts: 13.788 nextFramePts: 13.680 -> diff: 0.108 render: 1 forceNext: 0
2024-11-22 04:20:24.765 T:4057 debug : CAMLCodec::AddData: dl:609600 fl:5485248 sz:2125(4096) lv:10.0% dts:18.310 pts:18.310
2024-11-22 04:20:24.766 T:4053 debug : CVideoPlayer::ProcessVideoData size:2284 dts:254.505 pts:254.505 dur:41.700ms, clock:13.621 level:100
2024-11-22 04:20:24.767 T:4053 debug : CVideoPlayer::ProcessVideoData size:2101 dts:254.546 pts:254.546 dur:41.700ms, clock:13.623 level:100
2024-11-22 04:20:24.769 T:4053 debug : CVideoPlayer::ProcessVideoData size:2631 dts:254.588 pts:254.588 dur:41.700ms, clock:13.624 level:100
2024-11-22 04:20:24.772 T:4053 debug : CVideoPlayer::ProcessVideoData size:2105 dts:254.630 pts:254.630 dur:41.700ms, clock:13.627 level:100
2024-11-22 04:20:24.774 T:4053 debug : CVideoPlayer::ProcessVideoData size:2617 dts:254.671 pts:254.671 dur:41.700ms, clock:13.630 level:100
2024-11-22 04:20:24.776 T:4053 debug : CVideoPlayer::ProcessVideoData size:2321 dts:254.713 pts:254.713 dur:41.700ms, clock:13.631 level:100
2024-11-22 04:20:24.778 T:3827 debug : CAMLCodec::ReleaseFrame idx:328, drop:0
2024-11-22 04:20:24.779 T:4057 debug : CAMLCodec::DequeueBuffer: pts:14.306 idx:343
2024-11-22 04:20:24.779 T:4057 debug : CAMLCodec::GetPicture: index: 343, pts: 14.306, dur:41.711ms ar:1.78 elf:38ms
2024-11-22 04:20:24.779 T:4057 debug : CVideoPlayerVideo::OutputPicture - ttd:672ms pts:14.306 Clock:13.634 Level:14
2024-11-22 04:20:24.779 T:4053 debug : CVideoPlayer::ProcessVideoData size:2270 dts:254.755 pts:254.755 dur:41.700ms, clock:13.634 level:100
2024-11-22 04:20:24.781 T:4053 debug : CVideoPlayer::ProcessVideoData size:2641 dts:254.796 pts:254.796 dur:41.700ms, clock:13.636 level:100
2024-11-22 04:20:24.783 T:4053 debug : CVideoPlayer::ProcessVideoData size:2208 dts:254.838 pts:254.838 dur:41.700ms, clock:13.638 level:100
2024-11-22 04:20:24.785 T:4053 debug : CVideoPlayer::ProcessVideoData size:2515 dts:254.880 pts:254.880 dur:41.700ms, clock:13.640 level:100
2024-11-22 04:20:24.788 T:4053 debug : CVideoPlayer::ProcessVideoData size:3022 dts:254.922 pts:254.922 dur:41.700ms, clock:13.643 level:100
2024-11-22 04:20:24.789 T:4053 debug : CVideoPlayer::ProcessVideoData size:2651 dts:254.963 pts:254.963 dur:41.700ms, clock:13.644 level:100
2024-11-22 04:20:24.791 T:4053 debug : CVideoPlayer::ProcessVideoData size:2488 dts:255.005 pts:255.005 dur:41.700ms, clock:13.646 level:100
2024-11-22 04:20:24.794 T:4053 debug : CVideoPlayer::ProcessVideoData size:2685 dts:255.047 pts:255.047 dur:41.700ms, clock:13.649 level:100
2024-11-22 04:20:24.796 T:4053 debug : CVideoPlayer::ProcessVideoData size:3076 dts:255.088 pts:255.088 dur:41.700ms, clock:13.651 level:100
2024-11-22 04:20:24.798 T:4053 debug : CVideoPlayer::ProcessVideoData size:1241 dts:255.130 pts:255.130 dur:41.700ms, clock:13.653 level:100
2024-11-22 04:20:24.798 T:3827 debug : CAMLCodec::PollFrame elapsed:19.898ms
2024-11-22 04:20:24.802 T:4053 debug : CVideoPlayer::ProcessVideoData size:1950 dts:255.172 pts:255.172 dur:41.700ms, clock:13.657 level:100
2024-11-22 04:20:24.805 T:4053 debug : CVideoPlayer::ProcessVideoData size:3282 dts:255.214 pts:255.214 dur:41.700ms, clock:13.660 level:100
2024-11-22 04:20:24.806 T:4057 debug : CAMLCodec::AddData: dl:609600 fl:5485248 sz:2502(4096) lv:10.0% dts:18.352 pts:18.352
2024-11-22 04:20:24.807 T:3827 debug : PrepareNextRender: frameOnScreen: 13.662 renderPts: 13.830 nextFramePts: 13.722 -> diff: 0.108 render: 1 forceNext: 0
2024-11-22 04:20:24.808 T:4053 debug : CVideoPlayer::ProcessVideoData size:59030 dts:255.255 pts:255.255 dur:41.700ms, clock:13.663 level:100
2024-11-22 04:20:24.810 T:4053 debug : CVideoPlayer::ProcessVideoData size:3393 dts:255.297 pts:255.297 dur:41.700ms, clock:13.665 level:100
2024-11-22 04:20:24.813 T:4053 debug : CVideoPlayer::ProcessVideoData size:2702 dts:255.339 pts:255.339 dur:41.700ms, clock:13.668 level:100
2024-11-22 04:20:24.814 T:4053 debug : CVideoPlayer::ProcessVideoData size:2539 dts:255.380 pts:255.380 dur:41.700ms, clock:13.669 level:100
2024-11-22 04:20:24.815 T:3827 debug : ------ Window Deinit (DialogPlayerProcessInfo.xml) ------
2024-11-22 04:20:24.815 T:3827 debug : CAMLCodec::ReleaseFrame idx:329, drop:0
2024-11-22 04:20:24.816 T:4057 debug : CAMLCodec::DequeueBuffer: pts:14.348 idx:344
2024-11-22 04:20:24.816 T:4057 debug : CAMLCodec::GetPicture: index: 344, pts: 14.348, dur:41.711ms ar:1.78 elf:37ms
2024-11-22 04:20:24.816 T:4057 debug : CVideoPlayerVideo::OutputPicture - ttd:676ms pts:14.348 Clock:13.671 Level:14
2024-11-22 04:20:24.816 T:4053 debug : CVideoPlayer::ProcessVideoData size:2567 dts:255.422 pts:255.422 dur:41.700ms, clock:13.672 level:100
2024-11-22 04:20:24.819 T:4053 debug : CVideoPlayer::ProcessVideoData size:2537 dts:255.464 pts:255.464 dur:41.700ms, clock:13.674 level:100
2024-11-22 04:20:24.821 T:4053 debug : CVideoPlayer::ProcessVideoData size:2294 dts:255.505 pts:255.505 dur:41.700ms, clock:13.676 level:100
2024-11-22 04:20:24.823 T:4053 debug : CVideoPlayer::ProcessVideoData size:2141 dts:255.547 pts:255.547 dur:41.700ms, clock:13.678 level:100
2024-11-22 04:20:24.826 T:4053 debug : CVideoPlayer::ProcessVideoData size:2610 dts:255.589 pts:255.589 dur:41.700ms, clock:13.681 level:100
2024-11-22 04:20:24.828 T:4053 debug : CVideoPlayer::ProcessVideoData size:2132 dts:255.631 pts:255.631 dur:41.700ms, clock:13.683 level:100
2024-11-22 04:20:24.829 T:4053 debug : CVideoPlayer::ProcessVideoData size:2697 dts:255.672 pts:255.672 dur:41.700ms, clock:13.684 level:100
2024-11-22 04:20:24.832 T:4053 debug : CVideoPlayer::ProcessVideoData size:2325 dts:255.714 pts:255.714 dur:41.700ms, clock:13.687 level:100
2024-11-22 04:20:24.834 T:4053 debug : CVideoPlayer::ProcessVideoData size:2267 dts:255.756 pts:255.756 dur:41.700ms, clock:13.689 level:100
2024-11-22 04:20:24.836 T:4053 debug : CVideoPlayer::ProcessVideoData size:2674 dts:255.797 pts:255.797 dur:41.700ms, clock:13.691 level:100
2024-11-22 04:20:24.837 T:4053 debug : CVideoPlayer::ProcessVideoData size:2299 dts:255.839 pts:255.839 dur:41.700ms, clock:13.693 level:100
2024-11-22 04:20:24.840 T:3827 debug : CAMLCodec::PollFrame elapsed:24.398ms
2024-11-22 04:20:24.841 T:4053 debug : CVideoPlayer::ProcessVideoData size:2161 dts:255.881 pts:255.881 dur:41.700ms, clock:13.696 level:100
2024-11-22 04:20:24.844 T:4053 debug : CVideoPlayer::ProcessVideoData size:3046 dts:255.923 pts:255.923 dur:41.700ms, clock:13.699 level:100
2024-11-22 04:20:24.845 T:3827 debug : PrepareNextRender: frameOnScreen: 13.700 renderPts: 13.869 nextFramePts: 13.764 -> diff: 0.105 render: 1 forceNext: 0
2024-11-22 04:20:24.846 T:4053 debug : CVideoPlayer::ProcessVideoData size:2736 dts:255.964 pts:255.964 dur:41.700ms, clock:13.701 level:100
2024-11-22 04:20:24.847 T:4057 debug : CAMLCodec::AddData: dl:609600 fl:5485248 sz:2145(4096) lv:10.0% dts:18.393 pts:18.393
2024-11-22 04:20:24.849 T:4053 debug : CVideoPlayer::ProcessVideoData size:2512 dts:256.006 pts:256.006 dur:41.700ms, clock:13.704 level:100
2024-11-22 04:20:24.851 T:4053 debug : CVideoPlayer::ProcessVideoData size:2663 dts:256.048 pts:256.048 dur:41.700ms, clock:13.706 level:100
2024-11-22 04:20:24.853 T:4053 debug : CVideoPlayer::ProcessVideoData size:3230 dts:256.089 pts:256.089 dur:41.700ms, clock:13.708 level:100
2024-11-22 04:20:24.854 T:3827 debug : CAMLCodec::ReleaseFrame idx:330, drop:0
2024-11-22 04:20:24.854 T:4057 debug : CAMLCodec::DequeueBuffer: pts:14.389 idx:345
2024-11-22 04:20:24.854 T:4057 debug : CAMLCodec::GetPicture: index: 345, pts: 14.389, dur:41.711ms ar:1.78 elf:38ms
2024-11-22 04:20:24.854 T:4057 debug : CVideoPlayerVideo::OutputPicture - ttd:679ms pts:14.389 Clock:13.710 Level:14
2024-11-22 04:20:24.856 T:4053 debug : CVideoPlayer::ProcessVideoData size:1285 dts:256.131 pts:256.131 dur:41.700ms, clock:13.711 level:100
2024-11-22 04:20:24.858 T:4053 debug : CVideoPlayer::ProcessVideoData size:1933 dts:256.173 pts:256.173 dur:41.700ms, clock:13.713 level:100
2024-11-22 04:20:24.860 T:4053 debug : CVideoPlayer::ProcessVideoData size:3367 dts:256.215 pts:256.215 dur:41.700ms, clock:13.715 level:100
2024-11-22 04:20:24.863 T:4053 debug : CVideoPlayer::ProcessVideoData size:58938 dts:256.256 pts:256.256 dur:41.700ms, clock:13.718 level:100
2024-11-22 04:20:24.866 T:4053 debug : CVideoPlayer::ProcessVideoData size:3599 dts:256.298 pts:256.298 dur:41.700ms, clock:13.721 level:100
2024-11-22 04:20:24.868 T:4053 debug : CVideoPlayer::ProcessVideoData size:2702 dts:256.340 pts:256.340 dur:41.700ms, clock:13.723 level:100
2024-11-22 04:20:24.870 T:4053 debug : CVideoPlayer::ProcessVideoData size:2452 dts:256.381 pts:256.381 dur:41.700ms, clock:13.725 level:100
2024-11-22 04:20:24.872 T:4053 debug : CVideoPlayer::ProcessVideoData size:2407 dts:256.423 pts:256.423 dur:41.700ms, clock:13.728 level:100
2024-11-22 04:20:24.874 T:4053 debug : CVideoPlayer::ProcessVideoData size:2733 dts:256.465 pts:256.465 dur:41.700ms, clock:13.729 level:100
2024-11-22 04:20:24.876 T:4053 debug : CVideoPlayer::ProcessVideoData size:2005 dts:256.506 pts:256.506 dur:41.700ms, clock:13.731 level:100
2024-11-22 04:20:24.879 T:4053 debug : CVideoPlayer::ProcessVideoData size:2145 dts:256.548 pts:256.548 dur:41.700ms, clock:13.734 level:100
2024-11-22 04:20:24.881 T:4053 debug : CVideoPlayer::ProcessVideoData size:2641 dts:256.590 pts:256.590 dur:41.700ms, clock:13.736 level:100
2024-11-22 04:20:24.882 T:3827 debug : CAMLCodec::PollFrame elapsed:27.837ms
2024-11-22 04:20:24.883 T:4053 debug : CVideoPlayer::ProcessVideoData size:2128 dts:256.632 pts:256.632 dur:41.700ms, clock:13.738 level:100
2024-11-22 04:20:24.885 T:4053 debug : CVideoPlayer::ProcessVideoData size:2625 dts:256.673 pts:256.673 dur:41.700ms, clock:13.740 level:100
2024-11-22 04:20:24.887 T:3827 debug : PrepareNextRender: frameOnScreen: 13.742 renderPts: 13.910 nextFramePts: 13.805 -> diff: 0.105 render: 1 forceNext: 0
2024-11-22 04:20:24.889 T:4053 debug : CVideoPlayer::ProcessVideoData size:2318 dts:256.715 pts:256.715 dur:41.700ms, clock:13.744 level:100
2024-11-22 04:20:24.890 T:4057 debug : CAMLCodec::AddData: dl:609600 fl:5485248 sz:2716(4096) lv:10.0% dts:18.435 pts:18.435
2024-11-22 04:20:24.891 T:4053 debug : CVideoPlayer::ProcessVideoData size:2266 dts:256.757 pts:256.757 dur:41.700ms, clock:13.746 level:100
2024-11-22 04:20:24.893 T:4053 debug : CVideoPlayer::ProcessVideoData size:2644 dts:256.798 pts:256.798 dur:41.700ms, clock:13.748 level:100
2024-11-22 04:20:24.895 T:3827 debug : CAMLCodec::ReleaseFrame idx:331, drop:0
2024-11-22 04:20:24.895 T:4057 debug : CAMLCodec::DequeueBuffer: pts:14.431 idx:346
2024-11-22 04:20:24.895 T:4057 debug : CAMLCodec::GetPicture: index: 346, pts: 14.431, dur:41.700ms ar:1.78 elf:40ms
2024-11-22 04:20:24.895 T:4057 debug : CVideoPlayerVideo::OutputPicture - ttd:680ms pts:14.431 Clock:13.751 Level:14
2024-11-22 04:20:24.896 T:4053 debug : CVideoPlayer::ProcessVideoData size:2447 dts:256.840 pts:256.840 dur:41.700ms, clock:13.751 level:100
2024-11-22 04:20:24.897 T:4053 debug : CVideoPlayer::ProcessVideoData size:2504 dts:256.882 pts:256.882 dur:41.700ms, clock:13.753 level:100
2024-11-22 04:20:24.899 T:4053 debug : CVideoPlayer::ProcessVideoData size:3021 dts:256.924 pts:256.924 dur:41.700ms, clock:13.754 level:100
2024-11-22 04:20:24.902 T:4053 debug : CVideoPlayer::ProcessVideoData size:2660 dts:256.965 pts:256.965 dur:41.700ms, clock:13.757 level:100
2024-11-22 04:20:24.904 T:4053 debug : CVideoPlayer::ProcessVideoData size:2484 dts:257.007 pts:257.007 dur:41.700ms, clock:13.759 level:100
2024-11-22 04:20:24.906 T:4053 debug : CVideoPlayer::ProcessVideoData size:2696 dts:257.049 pts:257.049 dur:41.700ms, clock:13.761 level:100
2024-11-22 04:20:24.908 T:4053 debug : CVideoPlayer::ProcessVideoData size:3154 dts:257.090 pts:257.090 dur:41.700ms, clock:13.763 level:100
2024-11-22 04:20:24.910 T:4053 debug : CVideoPlayer::ProcessVideoData size:1241 dts:257.132 pts:257.132 dur:41.700ms, clock:13.765 level:100
2024-11-22 04:20:24.912 T:4053 debug : CVideoPlayer::ProcessVideoData size:1942 dts:257.174 pts:257.174 dur:41.700ms, clock:13.767 level:100
2024-11-22 04:20:24.916 T:4053 debug : CVideoPlayer::ProcessVideoData size:3296 dts:257.216 pts:257.216 dur:41.700ms, clock:13.771 level:100
2024-11-22 04:20:24.918 T:4053 debug : CVideoPlayer::ProcessVideoData size:58736 dts:257.257 pts:257.257 dur:41.700ms, clock:13.773 level:100
2024-11-22 04:20:24.920 T:4053 debug : CVideoPlayer::ProcessVideoData size:3393 dts:257.299 pts:257.299 dur:41.700ms, clock:13.775 level:100
2024-11-22 04:20:24.922 T:4053 debug : CVideoPlayer::ProcessVideoData size:2702 dts:257.341 pts:257.341 dur:41.700ms, clock:13.777 level:100
2024-11-22 04:20:24.923 T:3827 debug : CAMLCodec::PollFrame elapsed:28.365ms
2024-11-22 04:20:24.925 T:4053 debug : CVideoPlayer::ProcessVideoData size:2539 dts:257.382 pts:257.382 dur:41.700ms, clock:13.780 level:100
2024-11-22 04:20:24.927 T:4053 debug : CVideoPlayer::ProcessVideoData size:2423 dts:257.424 pts:257.424 dur:41.700ms, clock:13.782 level:100
2024-11-22 04:20:24.927 T:3827 debug : PrepareNextRender: frameOnScreen: 13.783 renderPts: 13.949 nextFramePts: 13.847 -> diff: 0.102 render: 1 forceNext: 0
2024-11-22 04:20:24.929 T:4053 debug : CVideoPlayer::ProcessVideoData size:2766 dts:257.466 pts:257.466 dur:41.700ms, clock:13.784 level:100
2024-11-22 04:20:24.931 T:4057 debug : CAMLCodec::AddData: dl:609600 fl:5485248 sz:2321(4096) lv:10.0% dts:18.477 pts:18.477
2024-11-22 04:20:24.932 T:4053 debug : CVideoPlayer::ProcessVideoData size:2305 dts:257.508 pts:257.508 dur:41.700ms, clock:13.788 level:100
2024-11-22 04:20:24.934 T:3827 debug : ------ Window Deinit (DialogSeekBar.xml) ------
2024-11-22 04:20:24.934 T:4053 debug : CVideoPlayer::ProcessVideoData size:1901 dts:257.549 pts:257.549 dur:41.700ms, clock:13.789 level:100
2024-11-22 04:20:24.934 T:3827 debug : CAMLCodec::ReleaseFrame idx:332, drop:0
2024-11-22 04:20:24.935 T:4057 debug : CAMLCodec::DequeueBuffer: pts:14.473 idx:347
2024-11-22 04:20:24.936 T:4057 debug : CAMLCodec::GetPicture: index: 347, pts: 14.473, dur:41.712ms ar:1.78 elf:40ms
2024-11-22 04:20:24.936 T:4057 debug : CVideoPlayerVideo::OutputPicture - ttd:682ms pts:14.473 Clock:13.791 Level:14
2024-11-22 04:20:24.936 T:4053 debug : CVideoPlayer::ProcessVideoData size:2621 dts:257.591 pts:257.591 dur:41.700ms, clock:13.791 level:100
2024-11-22 04:20:24.938 T:4053 debug : CVideoPlayer::ProcessVideoData size:2143 dts:257.633 pts:257.633 dur:41.700ms, clock:13.793 level:100
2024-11-22 04:20:24.941 T:4053 debug : CVideoPlayer::ProcessVideoData size:2641 dts:257.674 pts:257.674 dur:41.700ms, clock:13.796 level:100
2024-11-22 04:20:24.943 T:4053 debug : CVideoPlayer::ProcessVideoData size:2326 dts:257.716 pts:257.716 dur:41.700ms, clock:13.798 level:100
2024-11-22 04:20:24.944 T:4053 debug : CVideoPlayer::ProcessVideoData size:2275 dts:257.758 pts:257.758 dur:41.700ms, clock:13.799 level:100
2024-11-22 04:20:24.947 T:4053 debug : CVideoPlayer::ProcessVideoData size:2669 dts:257.799 pts:257.799 dur:41.700ms, clock:13.802 level:100
2024-11-22 04:20:24.949 T:4053 debug : CVideoPlayer::ProcessVideoData size:2235 dts:257.841 pts:257.841 dur:41.700ms, clock:13.804 level:100
2024-11-22 04:20:24.951 T:4053 debug : CVideoPlayer::ProcessVideoData size:2412 dts:257.883 pts:257.883 dur:41.700ms, clock:13.806 level:100
2024-11-22 04:20:24.954 T:4053 debug : CVideoPlayer::ProcessVideoData size:3025 dts:257.925 pts:257.925 dur:41.700ms, clock:13.809 level:100
2024-11-22 04:20:24.956 T:4053 debug : CVideoPlayer::ProcessVideoData size:2725 dts:257.966 pts:257.966 dur:41.700ms, clock:13.811 level:100
2024-11-22 04:20:24.957 T:4053 debug : CVideoPlayer::ProcessVideoData size:2507 dts:258.008 pts:258.008 dur:41.700ms, clock:13.813 level:100
2024-11-22 04:20:24.959 T:4053 debug : CVideoPlayer::ProcessVideoData size:2666 dts:258.050 pts:258.050 dur:41.700ms, clock:13.815 level:100
2024-11-22 04:20:24.962 T:4053 debug : CVideoPlayer::ProcessVideoData size:3219 dts:258.091 pts:258.091 dur:41.700ms, clock:13.817 level:100
2024-11-22 04:20:24.964 T:4053 debug : CVideoPlayer::ProcessVideoData size:1285 dts:258.133 pts:258.133 dur:41.700ms, clock:13.819 level:100
2024-11-22 04:20:24.965 T:3827 debug : CAMLCodec::PollFrame elapsed:30.647ms
2024-11-22 04:20:24.967 T:4053 debug : CVideoPlayer::ProcessVideoData size:1933 dts:258.175 pts:258.175 dur:41.700ms, clock:13.822 level:100
2024-11-22 04:20:24.968 T:3827 debug : PrepareNextRender: frameOnScreen: 13.823 renderPts: 13.990 nextFramePts: 13.889 -> diff: 0.101 render: 1 forceNext: 0
2024-11-22 04:20:24.970 T:4053 debug : CVideoPlayer::ProcessVideoData size:3374 dts:258.217 pts:258.217 dur:41.700ms, clock:13.826 level:100
2024-11-22 04:20:24.973 T:4057 debug : CAMLCodec::AddData: dl:609600 fl:5485248 sz:2278(4096) lv:10.0% dts:18.519 pts:18.519
2024-11-22 04:20:24.974 T:4053 debug : CVideoPlayer::ProcessVideoData size:58956 dts:258.258 pts:258.258 dur:41.700ms, clock:13.829 level:100
2024-11-22 04:20:24.976 T:4053 debug : CVideoPlayer::ProcessVideoData size:3599 dts:258.300 pts:258.300 dur:41.700ms, clock:13.831 level:100
2024-11-22 04:20:24.976 T:3827 debug : ------ Window Deinit (Custom_1109_TopBarOverlay.xml) ------
2024-11-22 04:20:24.976 T:3827 debug : CAMLCodec::ReleaseFrame idx:333, drop:0
2024-11-22 04:20:24.977 T:4057 debug : CAMLCodec::DequeueBuffer: pts:14.515 idx:348
2024-11-22 04:20:24.977 T:4057 debug : CAMLCodec::GetPicture: index: 348, pts: 14.515, dur:41.711ms ar:1.78 elf:41ms
2024-11-22 04:20:24.977 T:4057 debug : CVideoPlayerVideo::OutputPicture - ttd:682ms pts:14.515 Clock:13.832 Level:14
2024-11-22 04:20:24.979 T:4053 debug : CVideoPlayer::ProcessVideoData size:2717 dts:258.342 pts:258.342 dur:41.700ms, clock:13.834 level:100
2024-11-22 04:20:24.981 T:4053 debug : CVideoPlayer::ProcessVideoData size:2459 dts:258.383 pts:258.383 dur:41.700ms, clock:13.836 level:100
2024-11-22 04:20:24.982 T:4053 debug : CVideoPlayer::ProcessVideoData size:2545 dts:258.425 pts:258.425 dur:41.700ms, clock:13.837 level:100
2024-11-22 04:20:24.985 T:4053 debug : CVideoPlayer::ProcessVideoData size:2752 dts:258.467 pts:258.467 dur:41.700ms, clock:13.840 level:100
2024-11-22 04:20:24.987 T:4053 debug : CVideoPlayer::ProcessVideoData size:2267 dts:258.509 pts:258.509 dur:41.700ms, clock:13.842 level:100
2024-11-22 04:20:24.989 T:4053 debug : CVideoPlayer::ProcessVideoData size:2101 dts:258.550 pts:258.550 dur:41.700ms, clock:13.844 level:100
2024-11-22 04:20:24.990 T:4053 debug : CVideoPlayer::ProcessVideoData size:2481 dts:258.592 pts:258.592 dur:41.700ms, clock:13.846 level:100
2024-11-22 04:20:24.993 T:4053 debug : CVideoPlayer::ProcessVideoData size:2123 dts:258.634 pts:258.634 dur:41.700ms, clock:13.848 level:100
2024-11-22 04:20:24.995 T:4053 debug : CVideoPlayer::ProcessVideoData size:2702 dts:258.675 pts:258.675 dur:41.700ms, clock:13.850 level:100
2024-11-22 04:20:24.997 T:4053 debug : CVideoPlayer::ProcessVideoData size:2321 dts:258.717 pts:258.717 dur:41.700ms, clock:13.852 level:100
2024-11-22 04:20:25.000 T:4053 debug : CVideoPlayer::ProcessVideoData size:2256 dts:258.759 pts:258.759 dur:41.700ms, clock:13.855 level:100
2024-11-22 04:20:25.002 T:4053 debug : CVideoPlayer::ProcessVideoData size:2645 dts:258.800 pts:258.800 dur:41.700ms, clock:13.857 level:100
2024-11-22 04:20:25.003 T:4053 debug : CVideoPlayer::ProcessVideoData size:2451 dts:258.842 pts:258.842 dur:41.700ms, clock:13.859 level:100
2024-11-22 04:20:25.007 T:4053 debug : CVideoPlayer::ProcessVideoData size:2507 dts:258.884 pts:258.884 dur:41.700ms, clock:13.862 level:100
2024-11-22 04:20:25.007 T:3827 debug : CAMLCodec::PollFrame elapsed:30.513ms
2024-11-22 04:20:25.009 T:4053 debug : CVideoPlayer::ProcessVideoData size:3021 dts:258.926 pts:258.926 dur:41.700ms, clock:13.864 level:100
2024-11-22 04:20:25.010 T:3827 debug : PrepareNextRender: frameOnScreen: 13.865 renderPts: 14.031 nextFramePts: 13.931 -> diff: 0.100 render: 1 forceNext: 0
2024-11-22 04:20:25.011 T:4053 debug : CVideoPlayer::ProcessVideoData size:2658 dts:258.967 pts:258.967 dur:41.700ms, clock:13.866 level:100
2024-11-22 04:20:25.012 T:4053 debug : CVideoPlayer::ProcessVideoData size:2501 dts:259.009 pts:259.009 dur:41.700ms, clock:13.867 level:100
2024-11-22 04:20:25.014 T:4057 debug : CAMLCodec::AddData: dl:609600 fl:5485248 sz:2649(4096) lv:10.0% dts:18.560 pts:18.560
2024-11-22 04:20:25.016 T:4053 debug : CVideoPlayer::ProcessVideoData size:2686 dts:259.051 pts:259.051 dur:41.700ms, clock:13.871 level:100
2024-11-22 04:20:25.017 T:3827 debug : CAMLCodec::ReleaseFrame idx:334, drop:0
2024-11-22 04:20:25.018 T:4053 debug : CVideoPlayer::ProcessVideoData size:3175 dts:259.092 pts:259.092 dur:41.700ms, clock:13.873 level:100
2024-11-22 04:20:25.019 T:4057 debug : CAMLCodec::DequeueBuffer: pts:14.556 idx:349
2024-11-22 04:20:25.019 T:4057 debug : CAMLCodec::GetPicture: index: 349, pts: 14.556, dur:41.711ms ar:1.78 elf:41ms
2024-11-22 04:20:25.019 T:4057 debug : CVideoPlayerVideo::OutputPicture - ttd:681ms pts:14.556 Clock:13.874 Level:14
2024-11-22 04:20:25.019 T:4053 debug : CVideoPlayer::ProcessVideoData size:1241 dts:259.134 pts:259.134 dur:41.700ms, clock:13.875 level:100
2024-11-22 04:20:25.022 T:4053 debug : CVideoPlayer::ProcessVideoData size:1942 dts:259.176 pts:259.176 dur:41.700ms, clock:13.877 level:100
2024-11-22 04:20:25.025 T:4053 debug : CVideoPlayer::ProcessVideoData size:3286 dts:259.218 pts:259.218 dur:41.700ms, clock:13.880 level:100
2024-11-22 04:20:25.030 T:4053 debug : CVideoPlayer::ProcessVideoData size:59087 dts:259.259 pts:259.259 dur:41.700ms, clock:13.886 level:100
2024-11-22 04:20:25.033 T:4053 debug : CVideoPlayer::ProcessVideoData size:3393 dts:259.301 pts:259.301 dur:41.700ms, clock:13.889 level:100
2024-11-22 04:20:25.035 T:4053 debug : CVideoPlayer::ProcessVideoData size:2707 dts:259.343 pts:259.343 dur:41.700ms, clock:13.890 level:100
2024-11-22 04:20:25.037 T:4053 debug : CVideoPlayer::ProcessVideoData size:2535 dts:259.384 pts:259.384 dur:41.700ms, clock:13.892 level:100
2024-11-22 04:20:25.040 T:4053 debug : CVideoPlayer::ProcessVideoData size:2337 dts:259.426 pts:259.426 dur:41.700ms, clock:13.895 level:100
2024-11-22 04:20:25.042 T:4053 debug : CVideoPlayer::ProcessVideoData size:2797 dts:259.468 pts:259.468 dur:41.700ms, clock:13.897 level:100
2024-11-22 04:20:25.044 T:4053 debug : CVideoPlayer::ProcessVideoData size:2323 dts:259.510 pts:259.510 dur:41.700ms, clock:13.899 level:100
2024-11-22 04:20:25.045 T:4053 debug : CVideoPlayer::ProcessVideoData size:2161 dts:259.551 pts:259.551 dur:41.700ms, clock:13.900 level:100
2024-11-22 04:20:25.048 T:4053 debug : CVideoPlayer::ProcessVideoData size:2635 dts:259.593 pts:259.593 dur:41.700ms, clock:13.903 level:100
2024-11-22 04:20:25.048 T:3827 debug : CAMLCodec::PollFrame elapsed:30.933ms
2024-11-22 04:20:25.050 T:4053 debug : CVideoPlayer::ProcessVideoData size:2117 dts:259.635 pts:259.635 dur:41.700ms, clock:13.906 level:100
2024-11-22 04:20:25.051 T:3827 debug : PrepareNextRender: frameOnScreen: 13.906 renderPts: 14.073 nextFramePts: 13.972 -> diff: 0.100 render: 1 forceNext: 0
2024-11-22 04:20:25.052 T:4053 debug : CVideoPlayer::ProcessVideoData size:2707 dts:259.676 pts:259.676 dur:41.700ms, clock:13.907 level:100
2024-11-22 04:20:25.056 T:4053 debug : CVideoPlayer::ProcessVideoData size:2326 dts:259.718 pts:259.718 dur:41.700ms, clock:13.911 level:100
2024-11-22 04:20:25.056 T:3827 debug : CAMLCodec::ReleaseFrame idx:335, drop:0
2024-11-22 04:20:25.057 T:4057 debug : CAMLCodec::DequeueBuffer: pts:14.598 idx:350
2024-11-22 04:20:25.057 T:4057 debug : CAMLCodec::GetPicture: index: 350, pts: 14.598, dur:41.700ms ar:1.78 elf:37ms
2024-11-22 04:20:25.057 T:4057 debug : CVideoPlayerVideo::OutputPicture - ttd:685ms pts:14.598 Clock:13.912 Level:14
2024-11-22 04:20:25.057 T:4053 debug : CVideoPlayer::ProcessVideoData size:2258 dts:259.760 pts:259.760 dur:41.700ms, clock:13.912 level:100
2024-11-22 04:20:25.059 T:4057 debug : CAMLCodec::AddData: dl:609600 fl:5485248 sz:2459(4096) lv:10.0% dts:18.602 pts:18.602
2024-11-22 04:20:25.059 T:4053 debug : CVideoPlayer::ProcessVideoData size:2671 dts:259.801 pts:259.801 dur:41.700ms, clock:13.914 level:100
2024-11-22 04:20:25.062 T:4053 debug : CVideoPlayer::ProcessVideoData size:2444 dts:259.843 pts:259.843 dur:41.700ms, clock:13.918 level:100
2024-11-22 04:20:25.064 T:4053 debug : CVideoPlayer::ProcessVideoData size:2422 dts:259.885 pts:259.885 dur:41.700ms, clock:13.919 level:100
2024-11-22 04:20:25.066 T:4053 debug : CVideoPlayer::ProcessVideoData size:3012 dts:259.927 pts:259.927 dur:41.700ms, clock:13.921 level:100
2024-11-22 04:20:25.067 T:4053 debug : CVideoPlayer::ProcessVideoData size:2722 dts:259.968 pts:259.968 dur:41.700ms, clock:13.923 level:100
2024-11-22 04:20:25.070 T:4053 debug : CVideoPlayer::ProcessVideoData size:2512 dts:260.010 pts:260.010 dur:41.700ms, clock:13.925 level:100
2024-11-22 04:20:25.072 T:4053 debug : CVideoPlayer::ProcessVideoData size:2393 dts:260.052 pts:260.052 dur:41.700ms, clock:13.927 level:100
2024-11-22 04:20:25.074 T:4053 debug : CVideoPlayer::ProcessVideoData size:3028 dts:260.093 pts:260.093 dur:41.700ms, clock:13.929 level:100
2024-11-22 04:20:25.077 T:4053 debug : CVideoPlayer::ProcessVideoData size:1285 dts:260.135 pts:260.135 dur:41.700ms, clock:13.932 level:100
2024-11-22 04:20:25.079 T:4053 debug : CVideoPlayer::ProcessVideoData size:1940 dts:260.177 pts:260.177 dur:41.700ms, clock:13.934 level:100
2024-11-22 04:20:25.081 T:4053 debug : CVideoPlayer::ProcessVideoData size:3372 dts:260.219 pts:260.219 dur:41.700ms, clock:13.936 level:100
2024-11-22 04:20:25.085 T:4053 debug : CVideoPlayer::ProcessVideoData size:59011 dts:260.260 pts:260.260 dur:41.700ms, clock:13.940 level:100
2024-11-22 04:20:25.087 T:4053 debug : CVideoPlayer::ProcessVideoData size:3592 dts:260.302 pts:260.302 dur:41.700ms, clock:13.942 level:100
2024-11-22 04:20:25.088 T:4053 debug : CVideoPlayer::ProcessVideoData size:2459 dts:260.344 pts:260.344 dur:41.700ms, clock:13.944 level:100
2024-11-22 04:20:25.090 T:3827 debug : CAMLCodec::PollFrame elapsed:33.781ms
2024-11-22 04:20:25.090 T:4053 debug : CVideoPlayer::ProcessVideoData size:2466 dts:260.385 pts:260.385 dur:41.700ms, clock:13.946 level:100
2024-11-22 04:20:25.093 T:3827 debug : PrepareNextRender: frameOnScreen: 13.949 renderPts: 14.115 nextFramePts: 14.014 -> diff: 0.101 render: 1 forceNext: 0
2024-11-22 04:20:25.093 T:4053 debug : CVideoPlayer::ProcessVideoData size:2523 dts:260.427 pts:260.427 dur:41.700ms, clock:13.949 level:100
2024-11-22 04:20:25.096 T:4053 debug : CVideoPlayer::ProcessVideoData size:2757 dts:260.469 pts:260.469 dur:41.700ms, clock:13.951 level:100
2024-11-22 04:20:25.098 T:4053 debug : CVideoPlayer::ProcessVideoData size:2299 dts:260.510 pts:260.510 dur:41.700ms, clock:13.953 level:100
2024-11-22 04:20:25.099 T:4057 debug : CAMLCodec::AddData: dl:609600 fl:5485248 sz:2530(4096) lv:10.0% dts:18.644 pts:18.644
2024-11-22 04:20:25.101 T:3827 debug : CAMLCodec::ReleaseFrame idx:336, drop:0
2024-11-22 04:20:25.101 T:4057 debug : CAMLCodec::DequeueBuffer: pts:14.640 idx:351
2024-11-22 04:20:25.101 T:4053 debug : CVideoPlayer::ProcessVideoData size:2125 dts:260.552 pts:260.552 dur:41.700ms, clock:13.957 level:100
2024-11-22 04:20:25.101 T:4057 debug : CAMLCodec::GetPicture: index: 351, pts: 14.640, dur:41.711ms ar:1.78 elf:44ms
2024-11-22 04:20:25.102 T:4057 debug : CVideoPlayerVideo::OutputPicture - ttd:682ms pts:14.640 Clock:13.957 Level:14
2024-11-22 04:20:25.103 T:4053 debug : CVideoPlayer::ProcessVideoData size:2651 dts:260.594 pts:260.594 dur:41.700ms, clock:13.958 level:100
2024-11-22 04:20:25.105 T:4053 debug : CVideoPlayer::ProcessVideoData size:2109 dts:260.636 pts:260.636 dur:41.700ms, clock:13.960 level:100
2024-11-22 04:20:25.108 T:4053 debug : CVideoPlayer::ProcessVideoData size:2749 dts:260.677 pts:260.677 dur:41.700ms, clock:13.963 level:100
2024-11-22 04:20:25.110 T:4053 debug : CVideoPlayer::ProcessVideoData size:2314 dts:260.719 pts:260.719 dur:41.700ms, clock:13.965 level:100
2024-11-22 04:20:25.111 T:4053 debug : CVideoPlayer::ProcessVideoData size:2017 dts:260.761 pts:260.761 dur:41.700ms, clock:13.966 level:100
2024-11-22 04:20:25.114 T:4053 debug : CVideoPlayer::ProcessVideoData size:2657 dts:260.802 pts:260.802 dur:41.700ms, clock:13.969 level:100
2024-11-22 04:20:25.116 T:4053 debug : CVideoPlayer::ProcessVideoData size:2461 dts:260.844 pts:260.844 dur:41.700ms, clock:13.971 level:100
2024-11-22 04:20:25.118 T:4053 debug : CVideoPlayer::ProcessVideoData size:2507 dts:260.886 pts:260.886 dur:41.700ms, clock:13.973 level:100
2024-11-22 04:20:25.120 T:4053 debug : CVideoPlayer::ProcessVideoData size:3009 dts:260.928 pts:260.928 dur:41.700ms, clock:13.975 level:100
2024-11-22 04:20:25.123 T:4053 debug : CVideoPlayer::ProcessVideoData size:2668 dts:260.969 pts:260.969 dur:41.700ms, clock:13.978 level:100
2024-11-22 04:20:25.125 T:4053 debug : CVideoPlayer::ProcessVideoData size:2489 dts:261.011 pts:261.011 dur:41.700ms, clock:13.980 level:100
2024-11-22 04:20:25.127 T:4053 debug : CVideoPlayer::ProcessVideoData size:2671 dts:261.053 pts:261.053 dur:41.700ms, clock:13.982 level:100
2024-11-22 04:20:25.129 T:4053 debug : CVideoPlayer::ProcessVideoData size:2923 dts:261.094 pts:261.094 dur:41.700ms, clock:13.984 level:100
2024-11-22 04:20:25.131 T:4053 debug : CVideoPlayer::ProcessVideoData size:1245 dts:261.136 pts:261.136 dur:41.700ms, clock:13.986 level:100
2024-11-22 04:20:25.132 T:3827 debug : CAMLCodec::PollFrame elapsed:30.667ms
2024-11-22 04:20:25.133 T:4053 debug : CVideoPlayer::ProcessVideoData size:1962 dts:261.178 pts:261.178 dur:41.700ms, clock:13.988 level:100
2024-11-22 04:20:25.135 T:3827 debug : PrepareNextRender: frameOnScreen: 13.990 renderPts: 14.156 nextFramePts: 14.056 -> diff: 0.101 render: 1 forceNext: 0
2024-11-22 04:20:25.137 T:4053 debug : CVideoPlayer::ProcessVideoData size:3284 dts:261.220 pts:261.220 dur:41.700ms, clock:13.992 level:100
