2024-11-22 04:20:37.351 T:4053 debug : CVideoPlayer::ProcessVideoData size:3380 dts:62.020 pts:62.020 dur:41.700ms, clock:14.187 level:100
2024-11-22 04:20:37.353 T:3827 debug : CAMLCodec::PollFrame elapsed:32.621ms
2024-11-22 04:20:37.353 T:4053 debug : CVideoPlayer::ProcessVideoData size:58895 dts:62.062 pts:62.062 dur:41.700ms, clock:14.190 level:100
2024-11-22 04:20:37.355 T:4053 debug : CVideoPlayer::ProcessVideoData size:3593 dts:62.104 pts:62.104 dur:41.700ms, clock:14.191 level:100
2024-11-22 04:20:37.356 T:3827 debug : PrepareNextRender: frameOnScreen: 14.192 renderPts: 14.410 nextFramePts: 14.389 -> diff: 0.020 render: 1 forceNext: 0
2024-11-22 04:20:37.357 T:4053 debug : CVideoPlayer::ProcessVideoData size:2544 dts:62.145 pts:62.145 dur:41.700ms, clock:14.193 level:100
2024-11-22 04:20:37.359 T:4053 debug : CVideoPlayer::ProcessVideoData size:2448 dts:62.187 pts:62.187 dur:41.700ms, clock:14.196 level:100
2024-11-22 04:20:37.361 T:4053 debug : CVideoPlayer::ProcessVideoData size:2508 dts:62.229 pts:62.229 dur:41.700ms, clock:14.197 level:100
2024-11-22 04:20:37.363 T:4053 debug : CVideoPlayer::ProcessVideoData size:2742 dts:62.271 pts:62.271 dur:41.700ms, clock:14.199 level:100
2024-11-22 04:20:37.363 T:3827 debug : CAMLCodec::ReleaseFrame idx:591, drop:0
2024-11-22 04:20:37.364 T:4057 debug : CAMLCodec::DequeueBuffer: pts:15.015 idx:606
2024-11-22 04:20:37.364 T:4057 debug : CAMLCodec::GetPicture: index: 606, pts: 15.015, dur:41.712ms ar:1.78 elf:43ms
2024-11-22 04:20:37.364 T:4057 debug : CVideoPlayerVideo::OutputPicture - ttd:814ms pts:15.015 Clock:14.201 Level:14
2024-11-22 04:20:37.366 T:4053 debug : CVideoPlayer::ProcessVideoData size:2270 dts:62.312 pts:62.312 dur:41.700ms, clock:14.202 level:100
2024-11-22 04:20:37.367 T:4053 debug : CVideoPlayer::ProcessVideoData size:2109 dts:62.354 pts:62.354 dur:41.700ms, clock:14.204 level:100
2024-11-22 04:20:37.369 T:4053 debug : CVideoPlayer::ProcessVideoData size:2635 dts:62.396 pts:62.396 dur:41.700ms, clock:14.205 level:100
2024-11-22 04:20:37.371 T:4053 debug : CVideoPlayer::ProcessVideoData size:2113 dts:62.437 pts:62.437 dur:41.700ms, clock:14.208 level:100
2024-11-22 04:20:37.373 T:4053 debug : CVideoPlayer::ProcessVideoData size:2739 dts:62.479 pts:62.479 dur:41.700ms, clock:14.210 level:100
2024-11-22 04:20:37.375 T:4053 debug : CVideoPlayer::ProcessVideoData size:2322 dts:62.521 pts:62.521 dur:41.700ms, clock:14.211 level:100
2024-11-22 04:20:37.377 T:4053 debug : CVideoPlayer::ProcessVideoData size:1962 dts:62.563 pts:62.563 dur:41.700ms, clock:14.214 level:100
2024-11-22 04:20:37.379 T:4053 debug : CVideoPlayer::ProcessVideoData size:2656 dts:62.604 pts:62.604 dur:41.700ms, clock:14.215 level:100
2024-11-22 04:20:37.380 T:4053 debug : CVideoPlayer::ProcessVideoData size:2456 dts:62.646 pts:62.646 dur:41.700ms, clock:14.217 level:100
2024-11-22 04:20:37.382 T:4053 debug : CVideoPlayer::ProcessVideoData size:2508 dts:62.688 pts:62.688 dur:41.700ms, clock:14.218 level:100
2024-11-22 04:20:37.385 T:4053 debug : CVideoPlayer::ProcessVideoData size:3031 dts:62.729 pts:62.729 dur:41.700ms, clock:14.221 level:100
2024-11-22 04:20:37.386 T:4053 debug : CVideoPlayer::ProcessVideoData size:2652 dts:62.771 pts:62.771 dur:41.700ms, clock:14.223 level:100
2024-11-22 04:20:37.388 T:4053 debug : CVideoPlayer::ProcessVideoData size:2487 dts:62.813 pts:62.813 dur:41.700ms, clock:14.224 level:100
2024-11-22 04:20:37.391 T:4053 debug : CVideoPlayer::ProcessVideoData size:2678 dts:62.855 pts:62.855 dur:41.700ms, clock:14.227 level:100
2024-11-22 04:20:37.392 T:4053 debug : CVideoPlayer::ProcessVideoData size:2756 dts:62.896 pts:62.896 dur:41.700ms, clock:14.229 level:100
2024-11-22 04:20:37.394 T:4053 debug : CVideoPlayer::ProcessVideoData size:1242 dts:62.938 pts:62.938 dur:41.700ms, clock:14.231 level:100
2024-11-22 04:20:37.394 T:3827 debug : CAMLCodec::PollFrame elapsed:30.676ms
2024-11-22 04:20:37.397 T:4053 debug : CVideoPlayer::ProcessVideoData size:1942 dts:62.980 pts:62.980 dur:41.700ms, clock:14.233 level:100
2024-11-22 04:20:37.398 T:3827 debug : PrepareNextRender: frameOnScreen: 14.234 renderPts: 14.452 nextFramePts: 14.431 -> diff: 0.021 render: 1 forceNext: 0
2024-11-22 04:20:37.399 T:4053 debug : CVideoPlayer::ProcessVideoData size:3297 dts:63.021 pts:63.021 dur:41.700ms, clock:14.236 level:100
2024-11-22 04:20:37.401 T:4053 debug : CVideoPlayer::ProcessVideoData size:59174 dts:63.063 pts:63.063 dur:41.700ms, clock:14.238 level:100
2024-11-22 04:20:37.403 T:4057 debug : CAMLCodec::AddData: dl:609664 fl:5485184 sz:3387(4096) lv:10.0% dts:19.061 pts:19.061
2024-11-22 04:20:37.403 T:4053 debug : CVideoPlayer::ProcessVideoData size:3387 dts:63.105 pts:63.105 dur:41.700ms, clock:14.240 level:100
2024-11-22 04:20:37.405 T:3827 debug : CAMLCodec::ReleaseFrame idx:592, drop:0
2024-11-22 04:20:37.405 T:4057 debug : CAMLCodec::DequeueBuffer: pts:15.057 idx:607
2024-11-22 04:20:37.406 T:4057 debug : CAMLCodec::GetPicture: index: 607, pts: 15.057, dur:41.711ms ar:1.78 elf:41ms
2024-11-22 04:20:37.406 T:4057 debug : CVideoPlayerVideo::OutputPicture - ttd:814ms pts:15.057 Clock:14.242 Level:14
2024-11-22 04:20:37.406 T:4053 debug : CVideoPlayer::ProcessVideoData size:2702 dts:63.146 pts:63.146 dur:41.700ms, clock:14.242 level:100
2024-11-22 04:20:37.407 T:4053 debug : CVideoPlayer::ProcessVideoData size:2539 dts:63.188 pts:63.188 dur:41.700ms, clock:14.244 level:100
2024-11-22 04:20:37.409 T:4053 debug : CVideoPlayer::ProcessVideoData size:2567 dts:63.230 pts:63.230 dur:41.700ms, clock:14.246 level:100
2024-11-22 04:20:37.412 T:4053 debug : CVideoPlayer::ProcessVideoData size:2784 dts:63.272 pts:63.272 dur:41.700ms, clock:14.248 level:100
2024-11-22 04:20:37.413 T:4053 debug : CVideoPlayer::ProcessVideoData size:2287 dts:63.313 pts:63.313 dur:41.700ms, clock:14.250 level:100
2024-11-22 04:20:37.415 T:4053 debug : CVideoPlayer::ProcessVideoData size:2122 dts:63.355 pts:63.355 dur:41.700ms, clock:14.251 level:100
2024-11-22 04:20:37.417 T:4053 debug : CVideoPlayer::ProcessVideoData size:2610 dts:63.397 pts:63.397 dur:41.700ms, clock:14.254 level:100
2024-11-22 04:20:37.419 T:4053 debug : CVideoPlayer::ProcessVideoData size:2139 dts:63.438 pts:63.438 dur:41.700ms, clock:14.256 level:100
2024-11-22 04:20:37.421 T:4053 debug : CVideoPlayer::ProcessVideoData size:2628 dts:63.480 pts:63.480 dur:41.700ms, clock:14.257 level:100
2024-11-22 04:20:37.422 T:4053 debug : CVideoPlayer::ProcessVideoData size:2318 dts:63.522 pts:63.522 dur:41.700ms, clock:14.259 level:100
2024-11-22 04:20:37.425 T:4053 debug : CVideoPlayer::ProcessVideoData size:2241 dts:63.564 pts:63.564 dur:41.700ms, clock:14.261 level:100
2024-11-22 04:20:37.426 T:4053 debug : CVideoPlayer::ProcessVideoData size:2616 dts:63.605 pts:63.605 dur:41.700ms, clock:14.263 level:100
2024-11-22 04:20:37.428 T:4053 debug : CVideoPlayer::ProcessVideoData size:2459 dts:63.647 pts:63.647 dur:41.700ms, clock:14.265 level:100
2024-11-22 04:20:37.431 T:4053 debug : CVideoPlayer::ProcessVideoData size:2420 dts:63.689 pts:63.689 dur:41.700ms, clock:14.267 level:100
2024-11-22 04:20:37.432 T:4053 debug : CVideoPlayer::ProcessVideoData size:3020 dts:63.730 pts:63.730 dur:41.700ms, clock:14.269 level:100
2024-11-22 04:20:37.434 T:4053 debug : CVideoPlayer::ProcessVideoData size:2730 dts:63.772 pts:63.772 dur:41.700ms, clock:14.271 level:100
2024-11-22 04:20:37.436 T:3827 debug : CAMLCodec::PollFrame elapsed:30.506ms
2024-11-22 04:20:37.437 T:4053 debug : CVideoPlayer::ProcessVideoData size:2507 dts:63.814 pts:63.814 dur:41.700ms, clock:14.274 level:100
2024-11-22 04:20:37.439 T:4053 debug : CVideoPlayer::ProcessVideoData size:2669 dts:63.856 pts:63.856 dur:41.700ms, clock:14.275 level:100
2024-11-22 04:20:37.440 T:3827 debug : PrepareNextRender: frameOnScreen: 14.276 renderPts: 14.494 nextFramePts: 14.473 -> diff: 0.021 render: 1 forceNext: 0
2024-11-22 04:20:37.441 T:4053 debug : CVideoPlayer::ProcessVideoData size:3177 dts:63.897 pts:63.897 dur:41.700ms, clock:14.277 level:100
2024-11-22 04:20:37.443 T:4057 debug : CAMLCodec::AddData: dl:609664 fl:5485184 sz:2707(4096) lv:10.0% dts:19.102 pts:19.102
2024-11-22 04:20:37.443 T:4053 debug : CVideoPlayer::ProcessVideoData size:1285 dts:63.939 pts:63.939 dur:41.700ms, clock:14.280 level:100
2024-11-22 04:20:37.445 T:4053 debug : CVideoPlayer::ProcessVideoData size:1933 dts:63.981 pts:63.981 dur:41.700ms, clock:14.282 level:100
2024-11-22 04:20:37.447 T:3827 debug : CAMLCodec::ReleaseFrame idx:593, drop:0
2024-11-22 04:20:37.447 T:4053 debug : CVideoPlayer::ProcessVideoData size:3102 dts:64.022 pts:64.022 dur:41.700ms, clock:14.284 level:100
2024-11-22 04:20:37.447 T:4057 debug : CAMLCodec::DequeueBuffer: pts:15.098 idx:608
2024-11-22 04:20:37.448 T:4057 debug : CAMLCodec::GetPicture: index: 608, pts: 15.098, dur:41.700ms ar:1.78 elf:41ms
2024-11-22 04:20:37.448 T:4057 debug : CVideoPlayerVideo::OutputPicture - ttd:814ms pts:15.098 Clock:14.284 Level:14
2024-11-22 04:20:37.449 T:4053 debug : CVideoPlayer::ProcessVideoData size:58820 dts:64.064 pts:64.064 dur:41.700ms, clock:14.286 level:100
2024-11-22 04:20:37.452 T:4053 debug : CVideoPlayer::ProcessVideoData size:3593 dts:64.106 pts:64.106 dur:41.700ms, clock:14.289 level:100
2024-11-22 04:20:37.454 T:4053 debug : CVideoPlayer::ProcessVideoData size:2722 dts:64.147 pts:64.147 dur:41.700ms, clock:14.290 level:100
2024-11-22 04:20:37.455 T:4053 debug : CVideoPlayer::ProcessVideoData size:2461 dts:64.189 pts:64.189 dur:41.700ms, clock:14.292 level:100
2024-11-22 04:20:37.458 T:4053 debug : CVideoPlayer::ProcessVideoData size:2275 dts:64.231 pts:64.231 dur:41.700ms, clock:14.295 level:100
2024-11-22 04:20:37.460 T:4053 debug : CVideoPlayer::ProcessVideoData size:2769 dts:64.273 pts:64.273 dur:41.700ms, clock:14.296 level:100
2024-11-22 04:20:37.461 T:4053 debug : CVideoPlayer::ProcessVideoData size:2283 dts:64.314 pts:64.314 dur:41.700ms, clock:14.298 level:100
2024-11-22 04:20:37.464 T:4053 debug : CVideoPlayer::ProcessVideoData size:2109 dts:64.356 pts:64.356 dur:41.700ms, clock:14.300 level:100
2024-11-22 04:20:37.465 T:4053 debug : CVideoPlayer::ProcessVideoData size:2634 dts:64.398 pts:64.398 dur:41.700ms, clock:14.302 level:100
2024-11-22 04:20:37.467 T:4053 debug : CVideoPlayer::ProcessVideoData size:2107 dts:64.439 pts:64.439 dur:41.700ms, clock:14.303 level:100
2024-11-22 04:20:37.468 T:4053 debug : CVideoPlayer::ProcessVideoData size:2624 dts:64.481 pts:64.481 dur:41.700ms, clock:14.305 level:100
2024-11-22 04:20:37.471 T:4053 debug : CVideoPlayer::ProcessVideoData size:2314 dts:64.523 pts:64.523 dur:41.700ms, clock:14.308 level:100
2024-11-22 04:20:37.473 T:4053 debug : CVideoPlayer::ProcessVideoData size:2257 dts:64.565 pts:64.565 dur:41.700ms, clock:14.309 level:100
2024-11-22 04:20:37.474 T:4053 debug : CVideoPlayer::ProcessVideoData size:2654 dts:64.606 pts:64.606 dur:41.700ms, clock:14.311 level:100
2024-11-22 04:20:37.477 T:4053 debug : CVideoPlayer::ProcessVideoData size:2243 dts:64.648 pts:64.648 dur:41.700ms, clock:14.314 level:100
2024-11-22 04:20:37.478 T:3827 debug : CAMLCodec::PollFrame elapsed:30.405ms
2024-11-22 04:20:37.479 T:4053 debug : CVideoPlayer::ProcessVideoData size:2513 dts:64.690 pts:64.690 dur:41.700ms, clock:14.316 level:100
2024-11-22 04:20:37.480 T:3827 debug : PrepareNextRender: frameOnScreen: 14.317 renderPts: 14.535 nextFramePts: 14.515 -> diff: 0.020 render: 1 forceNext: 0
2024-11-22 04:20:37.481 T:4053 debug : CVideoPlayer::ProcessVideoData size:3029 dts:64.731 pts:64.731 dur:41.700ms, clock:14.317 level:100
2024-11-22 04:20:37.483 T:4053 debug : CVideoPlayer::ProcessVideoData size:2658 dts:64.773 pts:64.773 dur:41.700ms, clock:14.320 level:100
2024-11-22 04:20:37.485 T:4057 debug : CAMLCodec::AddData: dl:609664 fl:5485184 sz:2535(4096) lv:10.0% dts:19.144 pts:19.144
2024-11-22 04:20:37.485 T:4053 debug : CVideoPlayer::ProcessVideoData size:2484 dts:64.815 pts:64.815 dur:41.700ms, clock:14.322 level:100
2024-11-22 04:20:37.485 T:3827 debug : CAMLCodec::ReleaseFrame idx:594, drop:0
2024-11-22 04:20:37.487 T:4057 debug : CAMLCodec::DequeueBuffer: pts:15.140 idx:609
2024-11-22 04:20:37.487 T:4057 debug : CAMLCodec::GetPicture: index: 609, pts: 15.140, dur:41.711ms ar:1.78 elf:38ms
2024-11-22 04:20:37.487 T:4057 debug : CVideoPlayerVideo::OutputPicture - ttd:816ms pts:15.140 Clock:14.323 Level:14
2024-11-22 04:20:37.487 T:4053 debug : CVideoPlayer::ProcessVideoData size:2682 dts:64.857 pts:64.857 dur:41.700ms, clock:14.323 level:100
2024-11-22 04:20:37.489 T:4053 debug : CVideoPlayer::ProcessVideoData size:3186 dts:64.898 pts:64.898 dur:41.700ms, clock:14.325 level:100
2024-11-22 04:20:37.491 T:4053 debug : CVideoPlayer::ProcessVideoData size:1241 dts:64.940 pts:64.940 dur:41.700ms, clock:14.328 level:100
2024-11-22 04:20:37.493 T:4053 debug : CVideoPlayer::ProcessVideoData size:1942 dts:64.982 pts:64.982 dur:41.700ms, clock:14.329 level:100
2024-11-22 04:20:37.496 T:4053 debug : CVideoPlayer::ProcessVideoData size:3292 dts:65.023 pts:65.023 dur:41.700ms, clock:14.333 level:100
2024-11-22 04:20:37.498 T:4053 debug : CVideoPlayer::ProcessVideoData size:59158 dts:65.065 pts:65.065 dur:41.700ms, clock:14.335 level:100
2024-11-22 04:20:37.500 T:4053 debug : CVideoPlayer::ProcessVideoData size:3387 dts:65.107 pts:65.107 dur:41.700ms, clock:14.336 level:100
2024-11-22 04:20:37.501 T:4053 debug : CVideoPlayer::ProcessVideoData size:2712 dts:65.148 pts:65.148 dur:41.700ms, clock:14.338 level:100
2024-11-22 04:20:37.504 T:4053 debug : CVideoPlayer::ProcessVideoData size:2548 dts:65.190 pts:65.190 dur:41.700ms, clock:14.341 level:100
2024-11-22 04:20:37.505 T:4053 debug : CVideoPlayer::ProcessVideoData size:2538 dts:65.232 pts:65.232 dur:41.700ms, clock:14.342 level:100
2024-11-22 04:20:37.507 T:4053 debug : CVideoPlayer::ProcessVideoData size:2557 dts:65.274 pts:65.274 dur:41.700ms, clock:14.344 level:100
2024-11-22 04:20:37.510 T:4053 debug : CVideoPlayer::ProcessVideoData size:2303 dts:65.315 pts:65.315 dur:41.700ms, clock:14.346 level:100
2024-11-22 04:20:37.511 T:4053 debug : CVideoPlayer::ProcessVideoData size:2158 dts:65.357 pts:65.357 dur:41.700ms, clock:14.348 level:100
2024-11-22 04:20:37.513 T:4053 debug : CVideoPlayer::ProcessVideoData size:2614 dts:65.399 pts:65.399 dur:41.700ms, clock:14.349 level:100
2024-11-22 04:20:37.514 T:4053 debug : CVideoPlayer::ProcessVideoData size:2132 dts:65.440 pts:65.440 dur:41.700ms, clock:14.351 level:100
2024-11-22 04:20:37.517 T:4053 debug : CVideoPlayer::ProcessVideoData size:2760 dts:65.482 pts:65.482 dur:41.700ms, clock:14.354 level:100
2024-11-22 04:20:37.519 T:4053 debug : CVideoPlayer::ProcessVideoData size:2329 dts:65.524 pts:65.524 dur:41.700ms, clock:14.355 level:100
2024-11-22 04:20:37.519 T:3827 debug : CAMLCodec::PollFrame elapsed:33.862ms
2024-11-22 04:20:37.521 T:4053 debug : CVideoPlayer::ProcessVideoData size:2276 dts:65.566 pts:65.566 dur:41.700ms, clock:14.357 level:100
2024-11-22 04:20:37.522 T:3827 debug : PrepareNextRender: frameOnScreen: 14.359 renderPts: 14.577 nextFramePts: 14.556 -> diff: 0.021 render: 1 forceNext: 0
2024-11-22 04:20:37.523 T:4053 debug : CVideoPlayer::ProcessVideoData size:2672 dts:65.607 pts:65.607 dur:41.700ms, clock:14.360 level:100
2024-11-22 04:20:37.525 T:4053 debug : CVideoPlayer::ProcessVideoData size:2435 dts:65.649 pts:65.649 dur:41.700ms, clock:14.362 level:100
2024-11-22 04:20:37.527 T:4053 debug : CVideoPlayer::ProcessVideoData size:2161 dts:65.691 pts:65.691 dur:41.700ms, clock:14.363 level:100
2024-11-22 04:20:37.528 T:4057 debug : CAMLCodec::AddData: dl:609664 fl:5485184 sz:2545(4096) lv:10.0% dts:19.186 pts:19.186
2024-11-22 04:20:37.529 T:3827 debug : CAMLCodec::ReleaseFrame idx:595, drop:0
2024-11-22 04:20:37.530 T:4053 debug : CVideoPlayer::ProcessVideoData size:3008 dts:65.732 pts:65.732 dur:41.700ms, clock:14.366 level:100
2024-11-22 04:20:37.531 T:4057 debug : CAMLCodec::DequeueBuffer: pts:15.182 idx:610
2024-11-22 04:20:37.531 T:4057 debug : CAMLCodec::GetPicture: index: 610, pts: 15.182, dur:41.711ms ar:1.78 elf:44ms
2024-11-22 04:20:37.531 T:4057 debug : CVideoPlayerVideo::OutputPicture - ttd:814ms pts:15.182 Clock:14.368 Level:14
2024-11-22 04:20:37.532 T:4053 debug : CVideoPlayer::ProcessVideoData size:2738 dts:65.774 pts:65.774 dur:41.700ms, clock:14.368 level:100
2024-11-22 04:20:37.533 T:4053 debug : CVideoPlayer::ProcessVideoData size:2510 dts:65.816 pts:65.816 dur:41.700ms, clock:14.370 level:100
2024-11-22 04:20:37.535 T:4053 debug : CVideoPlayer::ProcessVideoData size:2651 dts:65.858 pts:65.858 dur:41.700ms, clock:14.371 level:100
2024-11-22 04:20:37.537 T:4053 debug : CVideoPlayer::ProcessVideoData size:3193 dts:65.899 pts:65.899 dur:41.700ms, clock:14.374 level:100
2024-11-22 04:20:37.539 T:4053 debug : CVideoPlayer::ProcessVideoData size:1285 dts:65.941 pts:65.941 dur:41.700ms, clock:14.376 level:100
2024-11-22 04:20:37.541 T:4053 debug : CVideoPlayer::ProcessVideoData size:1933 dts:65.983 pts:65.983 dur:41.700ms, clock:14.377 level:100
2024-11-22 04:20:37.544 T:4053 debug : CVideoPlayer::ProcessVideoData size:3367 dts:66.024 pts:66.024 dur:41.700ms, clock:14.381 level:100
2024-11-22 04:20:37.546 T:4053 debug : CVideoPlayer::ProcessVideoData size:59083 dts:66.066 pts:66.066 dur:41.700ms, clock:14.383 level:100
2024-11-22 04:20:37.548 T:4053 debug : CVideoPlayer::ProcessVideoData size:3598 dts:66.108 pts:66.108 dur:41.700ms, clock:14.384 level:100
2024-11-22 04:20:37.550 T:4053 debug : CVideoPlayer::ProcessVideoData size:2719 dts:66.149 pts:66.149 dur:41.700ms, clock:14.387 level:100
2024-11-22 04:20:37.552 T:4053 debug : CVideoPlayer::ProcessVideoData size:2454 dts:66.191 pts:66.191 dur:41.700ms, clock:14.388 level:100
2024-11-22 04:20:37.553 T:4053 debug : CVideoPlayer::ProcessVideoData size:2541 dts:66.233 pts:66.233 dur:41.700ms, clock:14.390 level:100
2024-11-22 04:20:37.556 T:4053 debug : CVideoPlayer::ProcessVideoData size:2756 dts:66.275 pts:66.275 dur:41.700ms, clock:14.392 level:100
2024-11-22 04:20:37.558 T:4053 debug : CVideoPlayer::ProcessVideoData size:2042 dts:66.316 pts:66.316 dur:41.700ms, clock:14.394 level:100
2024-11-22 04:20:37.559 T:4053 debug : CVideoPlayer::ProcessVideoData size:2128 dts:66.358 pts:66.358 dur:41.700ms, clock:14.396 level:100
2024-11-22 04:20:37.561 T:4053 debug : CVideoPlayer::ProcessVideoData size:2640 dts:66.400 pts:66.400 dur:41.700ms, clock:14.398 level:100
2024-11-22 04:20:37.561 T:3827 debug : CAMLCodec::PollFrame elapsed:31.379ms
2024-11-22 04:20:37.564 T:4053 debug : CVideoPlayer::ProcessVideoData size:2086 dts:66.441 pts:66.441 dur:41.700ms, clock:14.400 level:100
2024-11-22 04:20:37.564 T:3827 debug : PrepareNextRender: frameOnScreen: 14.401 renderPts: 14.618 nextFramePts: 14.598 -> diff: 0.021 render: 1 forceNext: 0
2024-11-22 04:20:37.566 T:4053 debug : CVideoPlayer::ProcessVideoData size:2722 dts:66.483 pts:66.483 dur:41.700ms, clock:14.402 level:100
2024-11-22 04:20:37.567 T:4053 debug : CVideoPlayer::ProcessVideoData size:2314 dts:66.525 pts:66.525 dur:41.700ms, clock:14.404 level:100
2024-11-22 04:20:37.569 T:4057 debug : CAMLCodec::AddData: dl:609664 fl:5485184 sz:2795(4096) lv:10.0% dts:19.228 pts:19.228
2024-11-22 04:20:37.570 T:4053 debug : CVideoPlayer::ProcessVideoData size:2254 dts:66.567 pts:66.567 dur:41.700ms, clock:14.407 level:100
2024-11-22 04:20:37.572 T:4053 debug : CVideoPlayer::ProcessVideoData size:2663 dts:66.608 pts:66.608 dur:41.700ms, clock:14.409 level:100
2024-11-22 04:20:37.573 T:3827 debug : CAMLCodec::ReleaseFrame idx:596, drop:0
2024-11-22 04:20:37.573 T:4057 debug : CAMLCodec::DequeueBuffer: pts:15.224 idx:611
2024-11-22 04:20:37.573 T:4057 debug : CAMLCodec::GetPicture: index: 611, pts: 15.224, dur:41.711ms ar:1.78 elf:42ms
2024-11-22 04:20:37.573 T:4057 debug : CVideoPlayerVideo::OutputPicture - ttd:813ms pts:15.224 Clock:14.410 Level:14
2024-11-22 04:20:37.574 T:4053 debug : CVideoPlayer::ProcessVideoData size:2448 dts:66.650 pts:66.650 dur:41.700ms, clock:14.410 level:100
2024-11-22 04:20:37.576 T:4053 debug : CVideoPlayer::ProcessVideoData size:2501 dts:66.692 pts:66.692 dur:41.700ms, clock:14.413 level:100
2024-11-22 04:20:37.578 T:4053 debug : CVideoPlayer::ProcessVideoData size:2704 dts:66.733 pts:66.733 dur:41.700ms, clock:14.414 level:100
2024-11-22 04:20:37.579 T:4053 debug : CVideoPlayer::ProcessVideoData size:2662 dts:66.775 pts:66.775 dur:41.700ms, clock:14.416 level:100
2024-11-22 04:20:37.581 T:4053 debug : CVideoPlayer::ProcessVideoData size:2494 dts:66.817 pts:66.817 dur:41.700ms, clock:14.418 level:100
2024-11-22 04:20:37.584 T:4053 debug : CVideoPlayer::ProcessVideoData size:2683 dts:66.859 pts:66.859 dur:41.700ms, clock:14.420 level:100
2024-11-22 04:20:37.586 T:4053 debug : CVideoPlayer::ProcessVideoData size:2982 dts:66.900 pts:66.900 dur:41.700ms, clock:14.422 level:100
2024-11-22 04:20:37.587 T:4053 debug : CVideoPlayer::ProcessVideoData size:1241 dts:66.942 pts:66.942 dur:41.700ms, clock:14.424 level:100
2024-11-22 04:20:37.590 T:4053 debug : CVideoPlayer::ProcessVideoData size:1942 dts:66.984 pts:66.984 dur:41.700ms, clock:14.426 level:100
2024-11-22 04:20:37.592 T:4053 debug : CVideoPlayer::ProcessVideoData size:3292 dts:67.025 pts:67.025 dur:41.700ms, clock:14.428 level:100
2024-11-22 04:20:37.594 T:4053 debug : CVideoPlayer::ProcessVideoData size:58861 dts:67.067 pts:67.067 dur:41.700ms, clock:14.430 level:100
2024-11-22 04:20:37.597 T:4053 debug : CVideoPlayer::ProcessVideoData size:3387 dts:67.109 pts:67.109 dur:41.700ms, clock:14.433 level:100
2024-11-22 04:20:37.598 T:4053 debug : CVideoPlayer::ProcessVideoData size:2702 dts:67.150 pts:67.150 dur:41.700ms, clock:14.435 level:100
2024-11-22 04:20:37.600 T:4053 debug : CVideoPlayer::ProcessVideoData size:2539 dts:67.192 pts:67.192 dur:41.700ms, clock:14.436 level:100
2024-11-22 04:20:37.602 T:4053 debug : CVideoPlayer::ProcessVideoData size:2575 dts:67.234 pts:67.234 dur:41.700ms, clock:14.438 level:100
2024-11-22 04:20:37.603 T:3827 debug : CAMLCodec::PollFrame elapsed:29.523ms
2024-11-22 04:20:37.604 T:4053 debug : CVideoPlayer::ProcessVideoData size:2771 dts:67.276 pts:67.276 dur:41.700ms, clock:14.441 level:100
2024-11-22 04:20:37.606 T:4053 debug : CVideoPlayer::ProcessVideoData size:2319 dts:67.317 pts:67.317 dur:41.700ms, clock:14.443 level:100
2024-11-22 04:20:37.607 T:3827 debug : PrepareNextRender: frameOnScreen: 14.443 renderPts: 14.661 nextFramePts: 14.640 -> diff: 0.021 render: 1 forceNext: 0
2024-11-22 04:20:37.608 T:4053 debug : CVideoPlayer::ProcessVideoData size:2024 dts:67.359 pts:67.359 dur:41.700ms, clock:14.445 level:100
2024-11-22 04:20:37.611 T:4053 debug : CVideoPlayer::ProcessVideoData size:2649 dts:67.401 pts:67.401 dur:41.700ms, clock:14.447 level:100
2024-11-22 04:20:37.612 T:4057 debug : CAMLCodec::AddData: dl:609664 fl:5485184 sz:2304(4096) lv:10.0% dts:19.269 pts:19.269
2024-11-22 04:20:37.613 T:4053 debug : CVideoPlayer::ProcessVideoData size:2142 dts:67.442 pts:67.442 dur:41.700ms, clock:14.449 level:100
2024-11-22 04:20:37.614 T:4053 debug : CVideoPlayer::ProcessVideoData size:2669 dts:67.484 pts:67.484 dur:41.700ms, clock:14.451 level:100
2024-11-22 04:20:37.614 T:3827 debug : CAMLCodec::ReleaseFrame idx:597, drop:0
2024-11-22 04:20:37.616 T:4057 debug : CAMLCodec::DequeueBuffer: pts:15.265 idx:612
2024-11-22 04:20:37.616 T:4057 debug : CAMLCodec::GetPicture: index: 612, pts: 15.265, dur:41.700ms ar:1.78 elf:42ms
2024-11-22 04:20:37.616 T:4057 debug : CVideoPlayerVideo::OutputPicture - ttd:812ms pts:15.265 Clock:14.452 Level:14
2024-11-22 04:20:37.617 T:4053 debug : CVideoPlayer::ProcessVideoData size:2318 dts:67.526 pts:67.526 dur:41.700ms, clock:14.454 level:100
2024-11-22 04:20:37.619 T:4053 debug : CVideoPlayer::ProcessVideoData size:2254 dts:67.568 pts:67.568 dur:41.700ms, clock:14.455 level:100
2024-11-22 04:20:37.620 T:4053 debug : CVideoPlayer::ProcessVideoData size:2692 dts:67.609 pts:67.609 dur:41.700ms, clock:14.457 level:100
2024-11-22 04:20:37.623 T:4053 debug : CVideoPlayer::ProcessVideoData size:2456 dts:67.651 pts:67.651 dur:41.700ms, clock:14.460 level:100
2024-11-22 04:20:37.625 T:4053 debug : CVideoPlayer::ProcessVideoData size:2421 dts:67.693 pts:67.693 dur:41.700ms, clock:14.461 level:100
2024-11-22 04:20:37.626 T:4053 debug : CVideoPlayer::ProcessVideoData size:3021 dts:67.734 pts:67.734 dur:41.700ms, clock:14.463 level:100
2024-11-22 04:20:37.628 T:4053 debug : CVideoPlayer::ProcessVideoData size:2540 dts:67.776 pts:67.776 dur:41.700ms, clock:14.464 level:100
2024-11-22 04:20:37.631 T:4053 debug : CVideoPlayer::ProcessVideoData size:2504 dts:67.818 pts:67.818 dur:41.700ms, clock:14.467 level:100
2024-11-22 04:20:37.632 T:4053 debug : CVideoPlayer::ProcessVideoData size:2653 dts:67.860 pts:67.860 dur:41.700ms, clock:14.469 level:100
2024-11-22 04:20:37.634 T:4053 debug : CVideoPlayer::ProcessVideoData size:3220 dts:67.901 pts:67.901 dur:41.700ms, clock:14.470 level:100
2024-11-22 04:20:37.636 T:4053 debug : CVideoPlayer::ProcessVideoData size:1285 dts:67.943 pts:67.943 dur:41.700ms, clock:14.473 level:100
2024-11-22 04:20:37.638 T:4053 debug : CVideoPlayer::ProcessVideoData size:1933 dts:67.985 pts:67.985 dur:41.700ms, clock:14.474 level:100
2024-11-22 04:20:37.640 T:4053 debug : CVideoPlayer::ProcessVideoData size:3371 dts:68.026 pts:68.026 dur:41.700ms, clock:14.477 level:100
2024-11-22 04:20:37.643 T:4053 debug : CVideoPlayer::ProcessVideoData size:59084 dts:68.068 pts:68.068 dur:41.700ms, clock:14.480 level:100
2024-11-22 04:20:37.645 T:4053 debug : CVideoPlayer::ProcessVideoData size:3593 dts:68.110 pts:68.110 dur:41.700ms, clock:14.481 level:100
2024-11-22 04:20:37.645 T:3827 debug : CAMLCodec::PollFrame elapsed:30.504ms
2024-11-22 04:20:37.646 T:4053 debug : CVideoPlayer::ProcessVideoData size:2719 dts:68.151 pts:68.151 dur:41.700ms, clock:14.483 level:100
2024-11-22 04:20:37.648 T:3827 debug : PrepareNextRender: frameOnScreen: 14.485 renderPts: 14.703 nextFramePts: 14.681 -> diff: 0.021 render: 1 forceNext: 0
2024-11-22 04:20:37.649 T:4053 debug : CVideoPlayer::ProcessVideoData size:2446 dts:68.193 pts:68.193 dur:41.700ms, clock:14.485 level:100
2024-11-22 04:20:37.651 T:4053 debug : CVideoPlayer::ProcessVideoData size:2546 dts:68.235 pts:68.235 dur:41.700ms, clock:14.488 level:100
2024-11-22 04:20:37.653 T:4053 debug : CVideoPlayer::ProcessVideoData size:2756 dts:68.277 pts:68.277 dur:41.700ms, clock:14.489 level:100
2024-11-22 04:20:37.654 T:4057 debug : CAMLCodec::AddData: dl:609664 fl:5485184 sz:2145(4096) lv:10.0% dts:19.311 pts:19.311
2024-11-22 04:20:37.655 T:4053 debug : CVideoPlayer::ProcessVideoData size:2265 dts:68.318 pts:68.318 dur:41.700ms, clock:14.491 level:100
2024-11-22 04:20:37.656 T:3827 debug : CAMLCodec::ReleaseFrame idx:598, drop:0
2024-11-22 04:20:37.657 T:4057 debug : CAMLCodec::DequeueBuffer: pts:15.307 idx:613
2024-11-22 04:20:37.657 T:4057 debug : CAMLCodec::GetPicture: index: 613, pts: 15.307, dur:41.711ms ar:1.78 elf:41ms
2024-11-22 04:20:37.657 T:4057 debug : CVideoPlayerVideo::OutputPicture - ttd:813ms pts:15.307 Clock:14.494 Level:14
2024-11-22 04:20:37.657 T:4053 debug : CVideoPlayer::ProcessVideoData size:2107 dts:68.360 pts:68.360 dur:41.700ms, clock:14.494 level:100
2024-11-22 04:20:37.659 T:4053 debug : CVideoPlayer::ProcessVideoData size:2467 dts:68.402 pts:68.402 dur:41.700ms, clock:14.496 level:100
2024-11-22 04:20:37.661 T:4053 debug : CVideoPlayer::ProcessVideoData size:2133 dts:68.443 pts:68.443 dur:41.700ms, clock:14.497 level:100
2024-11-22 04:20:37.663 T:4053 debug : CVideoPlayer::ProcessVideoData size:2606 dts:68.485 pts:68.485 dur:41.700ms, clock:14.500 level:100
2024-11-22 04:20:37.665 T:4053 debug : CVideoPlayer::ProcessVideoData size:2314 dts:68.527 pts:68.527 dur:41.700ms, clock:14.501 level:100
2024-11-22 04:20:37.667 T:4053 debug : CVideoPlayer::ProcessVideoData size:2243 dts:68.569 pts:68.569 dur:41.700ms, clock:14.503 level:100
2024-11-22 04:20:37.669 T:4053 debug : CVideoPlayer::ProcessVideoData size:2665 dts:68.610 pts:68.610 dur:41.700ms, clock:14.506 level:100
2024-11-22 04:20:37.671 T:4053 debug : CVideoPlayer::ProcessVideoData size:2449 dts:68.652 pts:68.652 dur:41.700ms, clock:14.508 level:100
2024-11-22 04:20:37.673 T:4053 debug : CVideoPlayer::ProcessVideoData size:2522 dts:68.694 pts:68.694 dur:41.700ms, clock:14.509 level:100
2024-11-22 04:20:37.675 T:4053 debug : CVideoPlayer::ProcessVideoData size:3021 dts:68.735 pts:68.735 dur:41.700ms, clock:14.511 level:100
2024-11-22 04:20:37.677 T:4053 debug : CVideoPlayer::ProcessVideoData size:2657 dts:68.777 pts:68.777 dur:41.700ms, clock:14.514 level:100
2024-11-22 04:20:37.679 T:4053 debug : CVideoPlayer::ProcessVideoData size:2221 dts:68.819 pts:68.819 dur:41.700ms, clock:14.516 level:100
2024-11-22 04:20:37.681 T:4053 debug : CVideoPlayer::ProcessVideoData size:2684 dts:68.861 pts:68.861 dur:41.700ms, clock:14.517 level:100
2024-11-22 04:20:37.683 T:4053 debug : CVideoPlayer::ProcessVideoData size:2972 dts:68.902 pts:68.902 dur:41.700ms, clock:14.520 level:100
2024-11-22 04:20:37.685 T:4053 debug : CVideoPlayer::ProcessVideoData size:1239 dts:68.944 pts:68.944 dur:41.700ms, clock:14.521 level:100
2024-11-22 04:20:37.686 T:3827 debug : CAMLCodec::PollFrame elapsed:29.990ms
2024-11-22 04:20:37.688 T:4053 debug : CVideoPlayer::ProcessVideoData size:2020 dts:68.986 pts:68.986 dur:41.700ms, clock:14.524 level:100
2024-11-22 04:20:37.691 T:3827 debug : PrepareNextRender: frameOnScreen: 14.527 renderPts: 14.745 nextFramePts: 14.723 -> diff: 0.022 render: 1 forceNext: 0
2024-11-22 04:20:37.692 T:4053 debug : CVideoPlayer::ProcessVideoData size:3274 dts:69.027 pts:69.027 dur:41.700ms, clock:14.529 level:100
2024-11-22 04:20:37.694 T:4057 debug : CAMLCodec::AddData: dl:609664 fl:5485184 sz:2615(4096) lv:10.0% dts:19.353 pts:19.353
2024-11-22 04:20:37.695 T:4053 debug : CVideoPlayer::ProcessVideoData size:59221 dts:69.069 pts:69.069 dur:41.700ms, clock:14.531 level:100
2024-11-22 04:20:37.696 T:4053 debug : CVideoPlayer::ProcessVideoData size:3387 dts:69.111 pts:69.111 dur:41.700ms, clock:14.533 level:100
2024-11-22 04:20:37.698 T:3827 debug : CAMLCodec::ReleaseFrame idx:599, drop:0
2024-11-22 04:20:37.698 T:4053 debug : CVideoPlayer::ProcessVideoData size:2707 dts:69.152 pts:69.152 dur:41.700ms, clock:14.535 level:100
2024-11-22 04:20:37.700 T:4057 debug : CAMLCodec::DequeueBuffer: pts:15.349 idx:614
2024-11-22 04:20:37.700 T:4057 debug : CAMLCodec::GetPicture: index: 614, pts: 15.349, dur:41.711ms ar:1.78 elf:42ms
2024-11-22 04:20:37.700 T:4057 debug : CVideoPlayerVideo::OutputPicture - ttd:812ms pts:15.349 Clock:14.536 Level:14
2024-11-22 04:20:37.701 T:4053 debug : CVideoPlayer::ProcessVideoData size:2535 dts:69.194 pts:69.194 dur:41.700ms, clock:14.538 level:100
2024-11-22 04:20:37.703 T:4053 debug : CVideoPlayer::ProcessVideoData size:2545 dts:69.236 pts:69.236 dur:41.700ms, clock:14.539 level:100
2024-11-22 04:20:37.704 T:4053 debug : CVideoPlayer::ProcessVideoData size:2779 dts:69.278 pts:69.278 dur:41.700ms, clock:14.541 level:100
2024-11-22 04:20:37.707 T:4053 debug : CVideoPlayer::ProcessVideoData size:2272 dts:69.319 pts:69.319 dur:41.700ms, clock:14.544 level:100
2024-11-22 04:20:37.709 T:4053 debug : CVideoPlayer::ProcessVideoData size:2147 dts:69.361 pts:69.361 dur:41.700ms, clock:14.546 level:100
2024-11-22 04:20:37.711 T:4053 debug : CVideoPlayer::ProcessVideoData size:2612 dts:69.403 pts:69.403 dur:41.700ms, clock:14.547 level:100
2024-11-22 04:20:37.714 T:4053 debug : CVideoPlayer::ProcessVideoData size:2105 dts:69.444 pts:69.444 dur:41.700ms, clock:14.550 level:100
2024-11-22 04:20:37.715 T:4053 debug : CVideoPlayer::ProcessVideoData size:2760 dts:69.486 pts:69.486 dur:41.700ms, clock:14.552 level:100
2024-11-22 04:20:37.717 T:4053 debug : CVideoPlayer::ProcessVideoData size:2318 dts:69.528 pts:69.528 dur:41.700ms, clock:14.553 level:100
2024-11-22 04:20:37.719 T:4053 debug : CVideoPlayer::ProcessVideoData size:2254 dts:69.570 pts:69.570 dur:41.700ms, clock:14.555 level:100
2024-11-22 04:20:37.721 T:4053 debug : CVideoPlayer::ProcessVideoData size:2679 dts:69.611 pts:69.611 dur:41.700ms, clock:14.558 level:100
2024-11-22 04:20:37.723 T:4053 debug : CVideoPlayer::ProcessVideoData size:2465 dts:69.653 pts:69.653 dur:41.700ms, clock:14.559 level:100
2024-11-22 04:20:37.724 T:4053 debug : CVideoPlayer::ProcessVideoData size:2440 dts:69.695 pts:69.695 dur:41.700ms, clock:14.561 level:100
2024-11-22 04:20:37.727 T:4053 debug : CVideoPlayer::ProcessVideoData size:3029 dts:69.736 pts:69.736 dur:41.700ms, clock:14.564 level:100
2024-11-22 04:20:37.728 T:3827 debug : CAMLCodec::PollFrame elapsed:30.020ms
2024-11-22 04:20:37.729 T:4053 debug : CVideoPlayer::ProcessVideoData size:2719 dts:69.778 pts:69.778 dur:41.700ms, clock:14.565 level:100
2024-11-22 04:20:37.731 T:4053 debug : CVideoPlayer::ProcessVideoData size:2516 dts:69.820 pts:69.820 dur:41.700ms, clock:14.567 level:100
2024-11-22 04:20:37.733 T:3827 debug : PrepareNextRender: frameOnScreen: 14.570 renderPts: 14.787 nextFramePts: 14.765 -> diff: 0.023 render: 1 forceNext: 0
2024-11-22 04:20:37.734 T:4053 debug : CVideoPlayer::ProcessVideoData size:2487 dts:69.862 pts:69.862 dur:41.700ms, clock:14.570 level:100
2024-11-22 04:20:37.735 T:4057 debug : CAMLCodec::AddData: dl:609664 fl:5485184 sz:2105(4096) lv:10.0% dts:19.394 pts:19.394
2024-11-22 04:20:37.735 T:4053 debug : CVideoPlayer::ProcessVideoData size:3033 dts:69.903 pts:69.903 dur:41.700ms, clock:14.572 level:100
2024-11-22 04:20:37.737 T:4053 debug : CVideoPlayer::ProcessVideoData size:1286 dts:69.945 pts:69.945 dur:41.700ms, clock:14.573 level:100
2024-11-22 04:20:37.739 T:4053 debug : CVideoPlayer::ProcessVideoData size:1940 dts:69.987 pts:69.987 dur:41.700ms, clock:14.576 level:100
2024-11-22 04:20:37.742 T:4053 debug : CVideoPlayer::ProcessVideoData size:3376 dts:70.028 pts:70.028 dur:41.700ms, clock:14.578 level:100
2024-11-22 04:20:37.742 T:3827 debug : CAMLCodec::ReleaseFrame idx:600, drop:0
2024-11-22 04:20:37.743 T:4057 debug : CAMLCodec::DequeueBuffer: pts:15.390 idx:615
2024-11-22 04:20:37.743 T:4057 debug : CAMLCodec::GetPicture: index: 615, pts: 15.390, dur:41.711ms ar:1.78 elf:43ms
2024-11-22 04:20:37.743 T:4057 debug : CVideoPlayerVideo::OutputPicture - ttd:810ms pts:15.390 Clock:14.580 Level:14
2024-11-22 04:20:37.744 T:4053 debug : CVideoPlayer::ProcessVideoData size:58654 dts:70.070 pts:70.070 dur:41.700ms, clock:14.580 level:100
2024-11-22 04:20:37.745 T:4053 debug : CVideoPlayer::ProcessVideoData size:3598 dts:70.112 pts:70.112 dur:41.700ms, clock:14.582 level:100
2024-11-22 04:20:37.748 T:4053 debug : CVideoPlayer::ProcessVideoData size:2705 dts:70.153 pts:70.153 dur:41.700ms, clock:14.585 level:100
2024-11-22 04:20:37.750 T:4053 debug : CVideoPlayer::ProcessVideoData size:2455 dts:70.195 pts:70.195 dur:41.700ms, clock:14.586 level:100
2024-11-22 04:20:37.751 T:4053 debug : CVideoPlayer::ProcessVideoData size:2513 dts:70.237 pts:70.237 dur:41.700ms, clock:14.588 level:100
2024-11-22 04:20:37.754 T:4053 debug : CVideoPlayer::ProcessVideoData size:2748 dts:70.279 pts:70.279 dur:41.700ms, clock:14.591 level:100
2024-11-22 04:20:37.756 T:4053 debug : CVideoPlayer::ProcessVideoData size:2287 dts:70.320 pts:70.320 dur:41.700ms, clock:14.592 level:100
2024-11-22 04:20:37.757 T:4053 debug : CVideoPlayer::ProcessVideoData size:2122 dts:70.362 pts:70.362 dur:41.700ms, clock:14.594 level:100
2024-11-22 04:20:37.760 T:4053 debug : CVideoPlayer::ProcessVideoData size:2647 dts:70.404 pts:70.404 dur:41.700ms, clock:14.596 level:100
2024-11-22 04:20:37.761 T:4053 debug : CVideoPlayer::ProcessVideoData size:2109 dts:70.445 pts:70.445 dur:41.700ms, clock:14.598 level:100
2024-11-22 04:20:37.763 T:4053 debug : CVideoPlayer::ProcessVideoData size:2722 dts:70.487 pts:70.487 dur:41.700ms, clock:14.599 level:100
2024-11-22 04:20:37.764 T:4053 debug : CVideoPlayer::ProcessVideoData size:2325 dts:70.529 pts:70.529 dur:41.700ms, clock:14.601 level:100
2024-11-22 04:20:37.767 T:4053 debug : CVideoPlayer::ProcessVideoData size:2249 dts:70.571 pts:70.571 dur:41.700ms, clock:14.604 level:100
2024-11-22 04:20:37.769 T:4053 debug : CVideoPlayer::ProcessVideoData size:2645 dts:70.612 pts:70.612 dur:41.700ms, clock:14.605 level:100
2024-11-22 04:20:37.770 T:3827 debug : CAMLCodec::PollFrame elapsed:26.938ms
2024-11-22 04:20:37.770 T:4053 debug : CVideoPlayer::ProcessVideoData size:2446 dts:70.654 pts:70.654 dur:41.700ms, clock:14.607 level:100
2024-11-22 04:20:37.774 T:4053 debug : CVideoPlayer::ProcessVideoData size:2507 dts:70.696 pts:70.696 dur:41.700ms, clock:14.611 level:100
2024-11-22 04:20:37.774 T:3827 debug : PrepareNextRender: frameOnScreen: 14.611 renderPts: 14.829 nextFramePts: 14.806 -> diff: 0.022 render: 1 forceNext: 0
2024-11-22 04:20:37.776 T:4053 debug : CVideoPlayer::ProcessVideoData size:3036 dts:70.737 pts:70.737 dur:41.700ms, clock:14.613 level:100
2024-11-22 04:20:37.777 T:4057 debug : CAMLCodec::AddData: dl:609664 fl:5485184 sz:2743(4096) lv:10.0% dts:19.436 pts:19.436
2024-11-22 04:20:37.778 T:4053 debug : CVideoPlayer::ProcessVideoData size:2667 dts:70.779 pts:70.779 dur:41.700ms, clock:14.614 level:100
2024-11-22 04:20:37.780 T:4053 debug : CVideoPlayer::ProcessVideoData size:2488 dts:70.821 pts:70.821 dur:41.700ms, clock:14.617 level:100
2024-11-22 04:20:37.781 T:3827 debug : CAMLCodec::ReleaseFrame idx:601, drop:0
2024-11-22 04:20:37.782 T:4057 debug : CAMLCodec::DequeueBuffer: pts:15.432 idx:616
2024-11-22 04:20:37.782 T:4057 debug : CAMLCodec::GetPicture: index: 616, pts: 15.432, dur:41.700ms ar:1.78 elf:38ms
2024-11-22 04:20:37.782 T:4057 debug : CVideoPlayerVideo::OutputPicture - ttd:813ms pts:15.432 Clock:14.618 Level:14
2024-11-22 04:20:37.782 T:4053 debug : CVideoPlayer::ProcessVideoData size:2687 dts:70.863 pts:70.863 dur:41.700ms, clock:14.619 level:100
2024-11-22 04:20:37.784 T:4053 debug : CVideoPlayer::ProcessVideoData size:3071 dts:70.904 pts:70.904 dur:41.700ms, clock:14.620 level:100
2024-11-22 04:20:37.785 T:4053 debug : CVideoPlayer::ProcessVideoData size:1241 dts:70.946 pts:70.946 dur:41.700ms, clock:14.622 level:100
2024-11-22 04:20:37.788 T:4053 debug : CVideoPlayer::ProcessVideoData size:1942 dts:70.988 pts:70.988 dur:41.700ms, clock:14.625 level:100
2024-11-22 04:20:37.790 T:4053 debug : CVideoPlayer::ProcessVideoData size:3291 dts:71.029 pts:71.029 dur:41.700ms, clock:14.627 level:100
2024-11-22 04:20:37.792 T:4053 debug : CVideoPlayer::ProcessVideoData size:58512 dts:71.071 pts:71.071 dur:41.700ms, clock:14.629 level:100
2024-11-22 04:20:37.795 T:4053 debug : CVideoPlayer::ProcessVideoData size:3255 dts:71.113 pts:71.113 dur:41.700ms, clock:14.631 level:100
2024-11-22 04:20:37.797 T:4053 debug : CVideoPlayer::ProcessVideoData size:2729 dts:71.154 pts:71.154 dur:41.700ms, clock:14.633 level:100
2024-11-22 04:20:37.798 T:4053 debug : CVideoPlayer::ProcessVideoData size:2546 dts:71.196 pts:71.196 dur:41.700ms, clock:14.635 level:100
2024-11-22 04:20:37.801 T:4053 debug : CVideoPlayer::ProcessVideoData size:2524 dts:71.238 pts:71.238 dur:41.700ms, clock:14.637 level:100
2024-11-22 04:20:37.802 T:4053 debug : CVideoPlayer::ProcessVideoData size:2778 dts:71.280 pts:71.280 dur:41.700ms, clock:14.639 level:100
2024-11-22 04:20:37.804 T:4053 debug : CVideoPlayer::ProcessVideoData size:2284 dts:71.321 pts:71.321 dur:41.700ms, clock:14.640 level:100
2024-11-22 04:20:37.807 T:4053 debug : CVideoPlayer::ProcessVideoData size:2144 dts:71.363 pts:71.363 dur:41.700ms, clock:14.643 level:100
2024-11-22 04:20:37.808 T:4053 debug : CVideoPlayer::ProcessVideoData size:2615 dts:71.405 pts:71.405 dur:41.700ms, clock:14.645 level:100
2024-11-22 04:20:37.810 T:4053 debug : CVideoPlayer::ProcessVideoData size:2148 dts:71.446 pts:71.446 dur:41.700ms, clock:14.646 level:100
2024-11-22 04:20:37.811 T:3827 debug : CAMLCodec::PollFrame elapsed:29.835ms
2024-11-22 04:20:37.811 T:4053 debug : CVideoPlayer::ProcessVideoData size:2612 dts:71.488 pts:71.488 dur:41.700ms, clock:14.648 level:100
2024-11-22 04:20:37.814 T:4053 debug : CVideoPlayer::ProcessVideoData size:2335 dts:71.530 pts:71.530 dur:41.700ms, clock:14.651 level:100
2024-11-22 04:20:37.816 T:3827 debug : PrepareNextRender: frameOnScreen: 14.652 renderPts: 14.870 nextFramePts: 14.848 -> diff: 0.022 render: 1 forceNext: 0
2024-11-22 04:20:37.816 T:4053 debug : CVideoPlayer::ProcessVideoData size:2256 dts:71.572 pts:71.572 dur:41.700ms, clock:14.653 level:100
2024-11-22 04:20:37.818 T:4053 debug : CVideoPlayer::ProcessVideoData size:2666 dts:71.613 pts:71.613 dur:41.700ms, clock:14.654 level:100
2024-11-22 04:20:37.819 T:4057 debug : CAMLCodec::AddData: dl:609664 fl:5485184 sz:2326(4096) lv:10.0% dts:19.478 pts:19.478
2024-11-22 04:20:37.821 T:4053 debug : CVideoPlayer::ProcessVideoData size:2443 dts:71.655 pts:71.655 dur:41.700ms, clock:14.657 level:100
2024-11-22 04:20:37.822 T:4053 debug : CVideoPlayer::ProcessVideoData size:2417 dts:71.697 pts:71.697 dur:41.700ms, clock:14.659 level:100
2024-11-22 04:20:37.824 T:4053 debug : CVideoPlayer::ProcessVideoData size:3019 dts:71.738 pts:71.738 dur:41.700ms, clock:14.661 level:100
2024-11-22 04:20:37.825 T:3827 debug : CAMLCodec::ReleaseFrame idx:602, drop:0
2024-11-22 04:20:37.825 T:4057 debug : CAMLCodec::DequeueBuffer: pts:15.474 idx:617
2024-11-22 04:20:37.825 T:4057 debug : CAMLCodec::GetPicture: index: 617, pts: 15.474, dur:41.711ms ar:1.78 elf:43ms
2024-11-22 04:20:37.825 T:4057 debug : CVideoPlayerVideo::OutputPicture - ttd:811ms pts:15.474 Clock:14.662 Level:14
2024-11-22 04:20:37.827 T:4053 debug : CVideoPlayer::ProcessVideoData size:2729 dts:71.780 pts:71.780 dur:41.700ms, clock:14.663 level:100
2024-11-22 04:20:37.828 T:4053 debug : CVideoPlayer::ProcessVideoData size:2512 dts:71.822 pts:71.822 dur:41.700ms, clock:14.665 level:100
2024-11-22 04:20:37.830 T:4053 debug : CVideoPlayer::ProcessVideoData size:2655 dts:71.864 pts:71.864 dur:41.700ms, clock:14.667 level:100
2024-11-22 04:20:37.832 T:4053 debug : CVideoPlayer::ProcessVideoData size:3212 dts:71.905 pts:71.905 dur:41.700ms, clock:14.668 level:100
2024-11-22 04:20:37.834 T:4053 debug : CVideoPlayer::ProcessVideoData size:1290 dts:71.947 pts:71.947 dur:41.700ms, clock:14.671 level:100
2024-11-22 04:20:37.836 T:4053 debug : CVideoPlayer::ProcessVideoData size:1933 dts:71.989 pts:71.989 dur:41.700ms, clock:14.672 level:100
2024-11-22 04:20:37.839 T:4053 debug : CVideoPlayer::ProcessVideoData size:3379 dts:72.030 pts:72.030 dur:41.700ms, clock:14.676 level:100
2024-11-22 04:20:37.841 T:4053 debug : CVideoPlayer::ProcessVideoData size:58607 dts:72.072 pts:72.072 dur:41.700ms, clock:14.678 level:100
2024-11-22 04:20:37.843 T:4053 debug : CVideoPlayer::ProcessVideoData size:3593 dts:72.114 pts:72.114 dur:41.700ms, clock:14.679 level:100
2024-11-22 04:20:37.844 T:4053 debug : CVideoPlayer::ProcessVideoData size:2559 dts:72.155 pts:72.155 dur:41.700ms, clock:14.681 level:100
2024-11-22 04:20:37.847 T:4053 debug : CVideoPlayer::ProcessVideoData size:2460 dts:72.197 pts:72.197 dur:41.700ms, clock:14.684 level:100
2024-11-22 04:20:37.849 T:4053 debug : CVideoPlayer::ProcessVideoData size:2494 dts:72.239 pts:72.239 dur:41.700ms, clock:14.685 level:100
2024-11-22 04:20:37.850 T:4053 debug : CVideoPlayer::ProcessVideoData size:2751 dts:72.281 pts:72.281 dur:41.700ms, clock:14.687 level:100
2024-11-22 04:20:37.852 T:4053 debug : CVideoPlayer::ProcessVideoData size:2294 dts:72.322 pts:72.322 dur:41.700ms, clock:14.689 level:100
2024-11-22 04:20:37.853 T:3827 debug : CAMLCodec::PollFrame elapsed:28.145ms
2024-11-22 04:20:37.855 T:4053 debug : CVideoPlayer::ProcessVideoData size:2120 dts:72.364 pts:72.364 dur:41.700ms, clock:14.692 level:100
2024-11-22 04:20:37.857 T:3827 debug : PrepareNextRender: frameOnScreen: 14.693 renderPts: 14.911 nextFramePts: 14.890 -> diff: 0.021 render: 1 forceNext: 0
2024-11-22 04:20:37.857 T:4053 debug : CVideoPlayer::ProcessVideoData size:2624 dts:72.406 pts:72.406 dur:41.700ms, clock:14.694 level:100
2024-11-22 04:20:37.859 T:4053 debug : CVideoPlayer::ProcessVideoData size:2111 dts:72.447 pts:72.447 dur:41.700ms, clock:14.696 level:100
2024-11-22 04:20:37.862 T:4057 debug : CAMLCodec::AddData: dl:609664 fl:5485184 sz:2243(4096) lv:10.0% dts:19.520 pts:19.520
2024-11-22 04:20:37.862 T:4053 debug : CVideoPlayer::ProcessVideoData size:2646 dts:72.489 pts:72.489 dur:41.700ms, clock:14.699 level:100
2024-11-22 04:20:37.863 T:3827 debug : ------ Window Deinit (DialogSeekBar.xml) ------
2024-11-22 04:20:37.863 T:3827 debug : CAMLCodec::ReleaseFrame idx:603, drop:0
2024-11-22 04:20:37.864 T:4053 debug : CVideoPlayer::ProcessVideoData size:2318 dts:72.531 pts:72.531 dur:41.700ms, clock:14.700 level:100
2024-11-22 04:20:37.865 T:4057 debug : CAMLCodec::DequeueBuffer: pts:15.516 idx:618
2024-11-22 04:20:37.865 T:4057 debug : CAMLCodec::GetPicture: index: 618, pts: 15.516, dur:41.712ms ar:1.78 elf:39ms
2024-11-22 04:20:37.865 T:4057 debug : CVideoPlayerVideo::OutputPicture - ttd:813ms pts:15.516 Clock:14.702 Level:14
2024-11-22 04:20:37.865 T:4053 debug : CVideoPlayer::ProcessVideoData size:1958 dts:72.573 pts:72.573 dur:41.700ms, clock:14.702 level:100
2024-11-22 04:20:37.868 T:4053 debug : CVideoPlayer::ProcessVideoData size:2666 dts:72.614 pts:72.614 dur:41.700ms, clock:14.705 level:100
2024-11-22 04:20:37.870 T:4053 debug : CVideoPlayer::ProcessVideoData size:2454 dts:72.656 pts:72.656 dur:41.700ms, clock:14.706 level:100
2024-11-22 04:20:37.871 T:4053 debug : CVideoPlayer::ProcessVideoData size:2509 dts:72.698 pts:72.698 dur:41.700ms, clock:14.708 level:100
2024-11-22 04:20:37.874 T:4053 debug : CVideoPlayer::ProcessVideoData size:3040 dts:72.739 pts:72.739 dur:41.700ms, clock:14.711 level:100
2024-11-22 04:20:37.876 T:4053 debug : CVideoPlayer::ProcessVideoData size:2679 dts:72.781 pts:72.781 dur:41.700ms, clock:14.712 level:100
2024-11-22 04:20:37.877 T:4053 debug : CVideoPlayer::ProcessVideoData size:2491 dts:72.823 pts:72.823 dur:41.700ms, clock:14.714 level:100
2024-11-22 04:20:37.879 T:4053 debug : CVideoPlayer::ProcessVideoData size:2704 dts:72.865 pts:72.865 dur:41.700ms, clock:14.715 level:100
2024-11-22 04:20:37.881 T:4053 debug : CVideoPlayer::ProcessVideoData size:2666 dts:72.906 pts:72.906 dur:41.700ms, clock:14.718 level:100
2024-11-22 04:20:37.883 T:4053 debug : CVideoPlayer::ProcessVideoData size:1244 dts:72.948 pts:72.948 dur:41.700ms, clock:14.720 level:100
2024-11-22 04:20:37.885 T:4053 debug : CVideoPlayer::ProcessVideoData size:1942 dts:72.990 pts:72.990 dur:41.700ms, clock:14.721 level:100
2024-11-22 04:20:37.888 T:4053 debug : CVideoPlayer::ProcessVideoData size:3286 dts:73.031 pts:73.031 dur:41.700ms, clock:14.725 level:100
2024-11-22 04:20:37.890 T:4053 debug : CVideoPlayer::ProcessVideoData size:58902 dts:73.073 pts:73.073 dur:41.700ms, clock:14.726 level:100
2024-11-22 04:20:37.891 T:4053 debug : CVideoPlayer::ProcessVideoData size:3387 dts:73.115 pts:73.115 dur:41.700ms, clock:14.728 level:100
2024-11-22 04:20:37.894 T:4053 debug : CVideoPlayer::ProcessVideoData size:2702 dts:73.156 pts:73.156 dur:41.700ms, clock:14.731 level:100
2024-11-22 04:20:37.895 T:3827 debug : CAMLCodec::PollFrame elapsed:31.187ms
2024-11-22 04:20:37.896 T:4053 debug : CVideoPlayer::ProcessVideoData size:2539 dts:73.198 pts:73.198 dur:41.700ms, clock:14.732 level:100
2024-11-22 04:20:37.897 T:3827 debug : PrepareNextRender: frameOnScreen: 14.733 renderPts: 14.951 nextFramePts: 14.932 -> diff: 0.020 render: 1 forceNext: 0
2024-11-22 04:20:37.897 T:4053 debug : CVideoPlayer::ProcessVideoData size:2567 dts:73.240 pts:73.240 dur:41.700ms, clock:14.734 level:100
2024-11-22 04:20:37.899 T:4053 debug : CVideoPlayer::ProcessVideoData size:2784 dts:73.282 pts:73.282 dur:41.700ms, clock:14.736 level:100
2024-11-22 04:20:37.902 T:4053 debug : CVideoPlayer::ProcessVideoData size:2287 dts:73.323 pts:73.323 dur:41.700ms, clock:14.739 level:100
2024-11-22 04:20:37.904 T:4057 debug : CAMLCodec::AddData: dl:609664 fl:5485184 sz:2673(4096) lv:10.0% dts:19.561 pts:19.561
2024-11-22 04:20:37.904 T:4053 debug : CVideoPlayer::ProcessVideoData size:2130 dts:73.365 pts:73.365 dur:41.700ms, clock:14.741 level:100
2024-11-22 04:20:37.904 T:3827 debug : ------ Window Deinit (Custom_1109_TopBarOverlay.xml) ------
2024-11-22 04:20:37.905 T:3827 debug : CAMLCodec::ReleaseFrame idx:604, drop:0
2024-11-22 04:20:37.906 T:4057 debug : CAMLCodec::DequeueBuffer: pts:15.557 idx:619
2024-11-22 04:20:37.906 T:4057 debug : CAMLCodec::GetPicture: index: 619, pts: 15.557, dur:41.711ms ar:1.78 elf:40ms
2024-11-22 04:20:37.906 T:4057 debug : CVideoPlayerVideo::OutputPicture - ttd:814ms pts:15.557 Clock:14.742 Level:14
2024-11-22 04:20:37.906 T:4053 debug : CVideoPlayer::ProcessVideoData size:2610 dts:73.407 pts:73.407 dur:41.700ms, clock:14.743 level:100
2024-11-22 04:20:37.909 T:4053 debug : CVideoPlayer::ProcessVideoData size:2139 dts:73.448 pts:73.448 dur:41.700ms, clock:14.745 level:100
2024-11-22 04:20:37.910 T:4053 debug : CVideoPlayer::ProcessVideoData size:2631 dts:73.490 pts:73.490 dur:41.700ms, clock:14.747 level:100
2024-11-22 04:20:37.912 T:4053 debug : CVideoPlayer::ProcessVideoData size:2316 dts:73.532 pts:73.532 dur:41.700ms, clock:14.748 level:100
2024-11-22 04:20:37.915 T:4053 debug : CVideoPlayer::ProcessVideoData size:2254 dts:73.574 pts:73.574 dur:41.700ms, clock:14.751 level:100
2024-11-22 04:20:37.916 T:4053 debug : CVideoPlayer::ProcessVideoData size:2402 dts:73.615 pts:73.615 dur:41.700ms, clock:14.753 level:100
2024-11-22 04:20:37.918 T:4053 debug : CVideoPlayer::ProcessVideoData size:2440 dts:73.657 pts:73.657 dur:41.700ms, clock:14.754 level:100
2024-11-22 04:20:37.920 T:4053 debug : CVideoPlayer::ProcessVideoData size:2441 dts:73.699 pts:73.699 dur:41.700ms, clock:14.757 level:100
2024-11-22 04:20:37.922 T:4053 debug : CVideoPlayer::ProcessVideoData size:3034 dts:73.740 pts:73.740 dur:41.700ms, clock:14.758 level:100
2024-11-22 04:20:37.924 T:4053 debug : CVideoPlayer::ProcessVideoData size:2725 dts:73.782 pts:73.782 dur:41.700ms, clock:14.760 level:100
