2024-11-22 04:20:20.231 T:4053 debug : CVideoPlayer::ProcessVideoData size:2638 dts:184.518 pts:184.518 dur:41.700ms, clock:9.086 level:100
2024-11-22 04:20:20.232 T:4053 debug : CVideoPlayer::ProcessVideoData size:2137 dts:184.560 pts:184.560 dur:41.700ms, clock:9.087 level:100
2024-11-22 04:20:20.234 T:4053 debug : CVideoPlayer::ProcessVideoData size:2760 dts:184.601 pts:184.601 dur:41.700ms, clock:9.089 level:100
2024-11-22 04:20:20.238 T:4053 debug : CVideoPlayer::ProcessVideoData size:2314 dts:184.643 pts:184.643 dur:41.700ms, clock:9.093 level:100
2024-11-22 04:20:20.239 T:4053 debug : CVideoPlayer::ProcessVideoData size:2255 dts:184.685 pts:184.685 dur:41.700ms, clock:9.095 level:100
2024-11-22 04:20:20.241 T:4053 debug : CVideoPlayer::ProcessVideoData size:2376 dts:184.726 pts:184.726 dur:41.700ms, clock:9.096 level:100
2024-11-22 04:20:20.243 T:4053 debug : CVideoPlayer::ProcessVideoData size:2213 dts:184.768 pts:184.768 dur:41.700ms, clock:9.098 level:100
2024-11-22 04:20:20.246 T:4053 debug : CVideoPlayer::ProcessVideoData size:2513 dts:184.810 pts:184.810 dur:41.700ms, clock:9.101 level:100
2024-11-22 04:20:20.248 T:4053 debug : CVideoPlayer::ProcessVideoData size:3023 dts:184.852 pts:184.852 dur:41.700ms, clock:9.103 level:100
2024-11-22 04:20:20.250 T:4053 debug : CVideoPlayer::ProcessVideoData size:2641 dts:184.893 pts:184.893 dur:41.700ms, clock:9.105 level:100
2024-11-22 04:20:20.252 T:3827 debug : CDVDSubtitlesLibass: [ass] Using font provider fontconfig
2024-11-22 04:20:20.252 T:3827 info : CDVDSubtitlesLibass: Creating new ASS track
2024-11-22 04:20:20.253 T:4053 debug : CVideoPlayer::ProcessVideoData size:2491 dts:184.935 pts:184.935 dur:41.700ms, clock:9.108 level:100
2024-11-22 04:20:20.253 T:3827 debug : PrepareNextRender: frameOnScreen: 9.108 renderPts: 9.278 nextFramePts: 8.884 -> diff: 0.394 render: 1 forceNext: 0
2024-11-22 04:20:20.253 T:3827 debug : CAMLCodec::ReleaseFrame idx:213, drop:1
2024-11-22 04:20:20.253 T:3827 debug : CAMLCodec::ReleaseFrame idx:214, drop:1
2024-11-22 04:20:20.254 T:3827 debug : CAMLCodec::ReleaseFrame idx:215, drop:1
2024-11-22 04:20:20.254 T:3827 debug : CAMLCodec::ReleaseFrame idx:216, drop:1
2024-11-22 04:20:20.254 T:3827 debug : CAMLCodec::ReleaseFrame idx:217, drop:1
2024-11-22 04:20:20.254 T:3827 debug : CAMLCodec::ReleaseFrame idx:218, drop:1
2024-11-22 04:20:20.254 T:3827 debug : CAMLCodec::ReleaseFrame idx:219, drop:1
2024-11-22 04:20:20.254 T:3827 debug : ApplyStyle - Start setting up the LibAss style
2024-11-22 04:20:20.254 T:4057 debug : CAMLCodec::DequeueBuffer: pts:9.509 idx:228
2024-11-22 04:20:20.254 T:4057 debug : CAMLCodec::GetPicture: index: 228, pts: 9.509, dur:41.700ms ar:1.78 elf:329ms
2024-11-22 04:20:20.255 T:4057 debug : CVideoPlayerVideo::OutputPicture - ttd:399ms pts:9.509 Clock:9.110 Level:7
2024-11-22 04:20:20.255 T:4053 debug : CVideoPlayer::ProcessVideoData size:2699 dts:184.977 pts:184.977 dur:41.700ms, clock:9.110 level:100
2024-11-22 04:20:20.257 T:4057 debug : CAMLCodec::DequeueBuffer: pts:9.551 idx:229
2024-11-22 04:20:20.257 T:4057 debug : CAMLCodec::GetPicture: index: 229, pts: 9.551, dur:41.711ms ar:1.78 elf:2ms
2024-11-22 04:20:20.257 T:4057 debug : CVideoPlayerVideo::OutputPicture - ttd:439ms pts:9.551 Clock:9.112 Level:8
2024-11-22 04:20:20.257 T:4053 debug : CVideoPlayer::ProcessVideoData size:3143 dts:185.018 pts:185.018 dur:41.700ms, clock:9.112 level:100
2024-11-22 04:20:20.258 T:3827 debug : CDVDSubtitlesLibass: [ass] fontselect: (DejaVu Sans, 400, 0) -> DejaVuSans, 0, DejaVuSans
2024-11-22 04:20:20.259 T:4057 debug : CAMLCodec::DequeueBuffer: pts:9.593 idx:230
2024-11-22 04:20:20.259 T:4057 debug : CAMLCodec::GetPicture: index: 230, pts: 9.593, dur:41.711ms ar:1.78 elf:1ms
2024-11-22 04:20:20.259 T:4057 debug : CVideoPlayerVideo::OutputPicture - ttd:479ms pts:9.593 Clock:9.114 Level:9
2024-11-22 04:20:20.260 T:4053 debug : CVideoPlayer::ProcessVideoData size:1241 dts:185.060 pts:185.060 dur:41.700ms, clock:9.116 level:100
2024-11-22 04:20:20.262 T:4053 debug : CVideoPlayer::ProcessVideoData size:1942 dts:185.102 pts:185.102 dur:41.700ms, clock:9.117 level:100
2024-11-22 04:20:20.265 T:4053 debug : CVideoPlayer::ProcessVideoData size:3291 dts:185.143 pts:185.143 dur:41.700ms, clock:9.120 level:100
2024-11-22 04:20:20.267 T:4053 debug : CVideoPlayer::ProcessVideoData size:59560 dts:185.185 pts:185.185 dur:41.700ms, clock:9.122 level:100
2024-11-22 04:20:20.270 T:4053 debug : CVideoPlayer::ProcessVideoData size:3392 dts:185.227 pts:185.227 dur:41.700ms, clock:9.125 level:100
2024-11-22 04:20:20.272 T:4053 debug : CVideoPlayer::ProcessVideoData size:2713 dts:185.269 pts:185.269 dur:41.700ms, clock:9.127 level:100
2024-11-22 04:20:20.274 T:4053 debug : CVideoPlayer::ProcessVideoData size:2546 dts:185.310 pts:185.310 dur:41.700ms, clock:9.129 level:100
2024-11-22 04:20:20.277 T:4053 debug : CVideoPlayer::ProcessVideoData size:2550 dts:185.352 pts:185.352 dur:41.700ms, clock:9.132 level:100
2024-11-22 04:20:20.279 T:4053 debug : CVideoPlayer::ProcessVideoData size:2554 dts:185.394 pts:185.394 dur:41.700ms, clock:9.134 level:100
2024-11-22 04:20:20.280 T:3827 debug : CAMLCodec::ReleaseFrame idx:220, drop:0
2024-11-22 04:20:20.280 T:3827 debug : CAMLCodec::PollFrame elapsed:0.011ms
2024-11-22 04:20:20.282 T:4053 debug : CVideoPlayer::ProcessVideoData size:2307 dts:185.435 pts:185.435 dur:41.700ms, clock:9.137 level:100
2024-11-22 04:20:20.284 T:3827 debug : PrepareNextRender: frameOnScreen: 9.139 renderPts: 9.309 nextFramePts: 9.218 -> diff: 0.091 render: 1 forceNext: 0
2024-11-22 04:20:20.285 T:4053 debug : CVideoPlayer::ProcessVideoData size:2137 dts:185.477 pts:185.477 dur:41.700ms, clock:9.140 level:100
2024-11-22 04:20:20.287 T:4053 debug : CVideoPlayer::ProcessVideoData size:2613 dts:185.519 pts:185.519 dur:41.700ms, clock:9.142 level:100
2024-11-22 04:20:20.289 T:4053 debug : CVideoPlayer::ProcessVideoData size:2153 dts:185.561 pts:185.561 dur:41.700ms, clock:9.144 level:100
2024-11-22 04:20:20.292 T:3827 debug : CAMLCodec::ReleaseFrame idx:221, drop:0
2024-11-22 04:20:20.292 T:4053 debug : CVideoPlayer::ProcessVideoData size:2759 dts:185.602 pts:185.602 dur:41.700ms, clock:9.147 level:100
2024-11-22 04:20:20.294 T:3827 debug : CAMLCodec::PollFrame elapsed:2.184ms
2024-11-22 04:20:20.295 T:4053 debug : CVideoPlayer::ProcessVideoData size:2318 dts:185.644 pts:185.644 dur:41.700ms, clock:9.150 level:100
2024-11-22 04:20:20.297 T:3827 debug : PrepareNextRender: frameOnScreen: 9.152 renderPts: 9.322 nextFramePts: 9.259 -> diff: 0.062 render: 1 forceNext: 0
2024-11-22 04:20:20.298 T:4053 debug : CVideoPlayer::ProcessVideoData size:2259 dts:185.686 pts:185.686 dur:41.700ms, clock:9.153 level:100
2024-11-22 04:20:20.300 T:4053 debug : CVideoPlayer::ProcessVideoData size:2564 dts:185.727 pts:185.727 dur:41.700ms, clock:9.155 level:100
2024-11-22 04:20:20.304 T:4053 debug : CVideoPlayer::ProcessVideoData size:2432 dts:185.769 pts:185.769 dur:41.700ms, clock:9.159 level:100
2024-11-22 04:20:20.304 T:4057 debug : CAMLCodec::DequeueBuffer: pts:9.635 idx:231
2024-11-22 04:20:20.304 T:4057 debug : CAMLCodec::GetPicture: index: 231, pts: 9.635, dur:41.711ms ar:1.78 elf:43ms
2024-11-22 04:20:20.304 T:4057 debug : CVideoPlayerVideo::OutputPicture - ttd:475ms pts:9.635 Clock:9.159 Level:8
2024-11-22 04:20:20.306 T:4057 debug : SetCodecControl 10000000->0
2024-11-22 04:20:20.306 T:4057 debug : CAMLCodec::AddData: dl:613312 fl:5481536 sz:2428(4096) lv:10.1% dts:13.639 pts:13.639
2024-11-22 04:20:20.306 T:3827 debug : CAMLCodec::ReleaseFrame idx:222, drop:0
2024-11-22 04:20:20.306 T:4053 debug : CVideoPlayer::ProcessVideoData size:2178 dts:185.811 pts:185.811 dur:41.700ms, clock:9.161 level:100
2024-11-22 04:20:20.308 T:4053 debug : CVideoPlayer::ProcessVideoData size:2999 dts:185.853 pts:185.853 dur:41.700ms, clock:9.163 level:100
2024-11-22 04:20:20.309 T:4057 debug : CAMLCodec::DequeueBuffer: pts:9.676 idx:232
2024-11-22 04:20:20.309 T:4057 debug : CAMLCodec::GetPicture: index: 232, pts: 9.676, dur:41.700ms ar:1.78 elf:4ms
2024-11-22 04:20:20.309 T:4057 debug : CVideoPlayerVideo::OutputPicture - ttd:511ms pts:9.676 Clock:9.165 Level:9
2024-11-22 04:20:20.311 T:4057 debug : CAMLCodec::AddData: dl:613312 fl:5481536 sz:3025(4096) lv:10.1% dts:13.680 pts:13.680
2024-11-22 04:20:20.311 T:4053 debug : CVideoPlayer::ProcessVideoData size:2714 dts:185.894 pts:185.894 dur:41.700ms, clock:9.166 level:100
2024-11-22 04:20:20.313 T:4053 debug : CVideoPlayer::ProcessVideoData size:2515 dts:185.936 pts:185.936 dur:41.700ms, clock:9.168 level:100
2024-11-22 04:20:20.315 T:4053 debug : CVideoPlayer::ProcessVideoData size:2648 dts:185.978 pts:185.978 dur:41.700ms, clock:9.170 level:100
2024-11-22 04:20:20.316 T:4057 debug : CAMLCodec::DequeueBuffer: pts:9.718 idx:233
2024-11-22 04:20:20.316 T:4057 debug : CAMLCodec::GetPicture: index: 233, pts: 9.718, dur:41.711ms ar:1.78 elf:6ms
2024-11-22 04:20:20.316 T:4057 debug : CVideoPlayerVideo::OutputPicture - ttd:546ms pts:9.718 Clock:9.172 Level:10
2024-11-22 04:20:20.318 T:4057 debug : CAMLCodec::AddData: dl:613312 fl:5481536 sz:2734(4096) lv:10.1% dts:13.722 pts:13.722
2024-11-22 04:20:20.318 T:4053 debug : CVideoPlayer::ProcessVideoData size:3217 dts:186.019 pts:186.019 dur:41.700ms, clock:9.173 level:100
2024-11-22 04:20:20.319 T:4053 debug : CVideoPlayer::ProcessVideoData size:1285 dts:186.061 pts:186.061 dur:41.700ms, clock:9.175 level:100
2024-11-22 04:20:20.321 T:4053 debug : CVideoPlayer::ProcessVideoData size:1933 dts:186.103 pts:186.103 dur:41.700ms, clock:9.176 level:100
2024-11-22 04:20:20.323 T:4057 debug : CAMLCodec::DequeueBuffer: pts:9.760 idx:234
2024-11-22 04:20:20.323 T:4057 debug : CAMLCodec::GetPicture: index: 234, pts: 9.760, dur:41.711ms ar:1.78 elf:6ms
2024-11-22 04:20:20.323 T:4057 debug : CVideoPlayerVideo::OutputPicture - ttd:581ms pts:9.760 Clock:9.178 Level:11
2024-11-22 04:20:20.325 T:4057 debug : CAMLCodec::AddData: dl:613312 fl:5481536 sz:2509(4096) lv:10.1% dts:13.764 pts:13.764
2024-11-22 04:20:20.325 T:4053 debug : CVideoPlayer::ProcessVideoData size:3367 dts:186.144 pts:186.144 dur:41.700ms, clock:9.181 level:100
2024-11-22 04:20:20.328 T:4057 debug : CAMLCodec::DequeueBuffer: pts:9.801 idx:235
2024-11-22 04:20:20.328 T:4057 debug : CAMLCodec::GetPicture: index: 235, pts: 9.801, dur:41.711ms ar:1.78 elf:4ms
2024-11-22 04:20:20.328 T:4057 debug : CVideoPlayerVideo::OutputPicture - ttd:618ms pts:9.801 Clock:9.183 Level:12
2024-11-22 04:20:20.328 T:4053 debug : CVideoPlayer::ProcessVideoData size:59511 dts:186.186 pts:186.186 dur:41.700ms, clock:9.183 level:100
2024-11-22 04:20:20.329 T:4057 debug : CAMLCodec::AddData: dl:613312 fl:5481536 sz:2659(4096) lv:10.1% dts:13.805 pts:13.805
2024-11-22 04:20:20.330 T:4053 debug : CVideoPlayer::ProcessVideoData size:3598 dts:186.228 pts:186.228 dur:41.700ms, clock:9.185 level:100
2024-11-22 04:20:20.332 T:4053 debug : CVideoPlayer::ProcessVideoData size:2711 dts:186.270 pts:186.270 dur:41.700ms, clock:9.187 level:100
2024-11-22 04:20:20.334 T:4057 debug : CAMLCodec::DequeueBuffer: pts:9.843 idx:236
2024-11-22 04:20:20.334 T:4057 debug : CAMLCodec::GetPicture: index: 236, pts: 9.843, dur:41.700ms ar:1.78 elf:6ms
2024-11-22 04:20:20.334 T:4057 debug : CVideoPlayerVideo::OutputPicture - ttd:653ms pts:9.843 Clock:9.190 Level:13
2024-11-22 04:20:20.335 T:4053 debug : CVideoPlayer::ProcessVideoData size:2462 dts:186.311 pts:186.311 dur:41.700ms, clock:9.190 level:100
2024-11-22 04:20:20.336 T:3827 debug : CAMLCodec::PollFrame elapsed:29.549ms
2024-11-22 04:20:20.337 T:4057 debug : CAMLCodec::AddData: dl:613312 fl:5481536 sz:3233(4096) lv:10.1% dts:13.847 pts:13.847
2024-11-22 04:20:20.337 T:4053 debug : CVideoPlayer::ProcessVideoData size:2517 dts:186.353 pts:186.353 dur:41.700ms, clock:9.192 level:100
2024-11-22 04:20:20.339 T:3827 debug : PrepareNextRender: frameOnScreen: 9.194 renderPts: 9.363 nextFramePts: 9.301 -> diff: 0.063 render: 1 forceNext: 0
2024-11-22 04:20:20.339 T:4053 debug : CVideoPlayer::ProcessVideoData size:2754 dts:186.395 pts:186.395 dur:41.700ms, clock:9.194 level:100
2024-11-22 04:20:20.341 T:4057 debug : CAMLCodec::DequeueBuffer: pts:9.885 idx:237
2024-11-22 04:20:20.341 T:4057 debug : CAMLCodec::GetPicture: index: 237, pts: 9.885, dur:41.711ms ar:1.78 elf:6ms
2024-11-22 04:20:20.342 T:4057 debug : CVideoPlayerVideo::OutputPicture - ttd:688ms pts:9.885 Clock:9.197 Level:13
2024-11-22 04:20:20.343 T:4053 debug : CVideoPlayer::ProcessVideoData size:2064 dts:186.436 pts:186.436 dur:41.700ms, clock:9.198 level:100
2024-11-22 04:20:20.345 T:4053 debug : CVideoPlayer::ProcessVideoData size:2122 dts:186.478 pts:186.478 dur:41.700ms, clock:9.200 level:100
2024-11-22 04:20:20.348 T:4053 debug : CVideoPlayer::ProcessVideoData size:2640 dts:186.520 pts:186.520 dur:41.700ms, clock:9.203 level:100
2024-11-22 04:20:20.349 T:3827 debug : CAMLCodec::ReleaseFrame idx:223, drop:0
2024-11-22 04:20:20.349 T:4057 debug : CAMLCodec::AddData: dl:609216 fl:5485632 sz:1285(4096) lv:10.0% dts:13.889 pts:13.889
2024-11-22 04:20:20.350 T:4057 debug : CAMLCodec::DequeueBuffer: pts:9.927 idx:238
2024-11-22 04:20:20.350 T:4057 debug : CAMLCodec::GetPicture: index: 238, pts: 9.927, dur:41.711ms ar:1.78 elf:8ms
2024-11-22 04:20:20.350 T:4057 debug : CVideoPlayerVideo::OutputPicture - ttd:721ms pts:9.927 Clock:9.205 Level:14
2024-11-22 04:20:20.350 T:4053 debug : CVideoPlayer::ProcessVideoData size:2096 dts:186.562 pts:186.562 dur:41.700ms, clock:9.205 level:100
2024-11-22 04:20:20.351 T:4057 debug : CAMLCodec::AddData: dl:613312 fl:5481536 sz:1933(4096) lv:10.1% dts:13.931 pts:13.931
2024-11-22 04:20:20.353 T:4053 debug : CVideoPlayer::ProcessVideoData size:2742 dts:186.603 pts:186.603 dur:41.700ms, clock:9.208 level:100
2024-11-22 04:20:20.354 T:4057 debug : CAMLCodec::AddData: dl:613312 fl:5481536 sz:3092(4096) lv:10.1% dts:13.972 pts:13.972
2024-11-22 04:20:20.355 T:4053 debug : CVideoPlayer::ProcessVideoData size:2314 dts:186.645 pts:186.645 dur:41.700ms, clock:9.210 level:100
2024-11-22 04:20:20.356 T:4053 debug : CVideoPlayer::ProcessVideoData size:2253 dts:186.687 pts:186.687 dur:41.700ms, clock:9.211 level:100
2024-11-22 04:20:20.360 T:4053 debug : CVideoPlayer::ProcessVideoData size:2376 dts:186.728 pts:186.728 dur:41.700ms, clock:9.215 level:100
2024-11-22 04:20:20.361 T:4053 debug : CVideoPlayer::ProcessVideoData size:2458 dts:186.770 pts:186.770 dur:41.700ms, clock:9.216 level:100
2024-11-22 04:20:20.363 T:4053 debug : CVideoPlayer::ProcessVideoData size:2504 dts:186.812 pts:186.812 dur:41.700ms, clock:9.218 level:100
2024-11-22 04:20:20.366 T:4053 debug : CVideoPlayer::ProcessVideoData size:3039 dts:186.854 pts:186.854 dur:41.700ms, clock:9.221 level:100
2024-11-22 04:20:20.368 T:4053 debug : CVideoPlayer::ProcessVideoData size:2654 dts:186.895 pts:186.895 dur:41.700ms, clock:9.223 level:100
2024-11-22 04:20:20.370 T:4053 debug : CVideoPlayer::ProcessVideoData size:2486 dts:186.937 pts:186.937 dur:41.700ms, clock:9.225 level:100
2024-11-22 04:20:20.373 T:4053 debug : CVideoPlayer::ProcessVideoData size:2686 dts:186.979 pts:186.979 dur:41.700ms, clock:9.228 level:100
2024-11-22 04:20:20.375 T:4053 debug : CVideoPlayer::ProcessVideoData size:2984 dts:187.020 pts:187.020 dur:41.700ms, clock:9.230 level:100
2024-11-22 04:20:20.377 T:4053 debug : CVideoPlayer::ProcessVideoData size:1246 dts:187.062 pts:187.062 dur:41.700ms, clock:9.232 level:100
2024-11-22 04:20:20.377 T:3827 debug : CAMLCodec::PollFrame elapsed:27.703ms
2024-11-22 04:20:20.379 T:4053 debug : CVideoPlayer::ProcessVideoData size:1942 dts:187.104 pts:187.104 dur:41.700ms, clock:9.234 level:100
2024-11-22 04:20:20.380 T:3827 debug : PrepareNextRender: frameOnScreen: 9.235 renderPts: 9.405 nextFramePts: 9.343 -> diff: 0.062 render: 1 forceNext: 0
2024-11-22 04:20:20.383 T:4053 debug : CVideoPlayer::ProcessVideoData size:3281 dts:187.145 pts:187.145 dur:41.700ms, clock:9.238 level:100
2024-11-22 04:20:20.386 T:4053 debug : CVideoPlayer::ProcessVideoData size:59273 dts:187.187 pts:187.187 dur:41.700ms, clock:9.241 level:100
2024-11-22 04:20:20.386 T:3827 debug : CAMLCodec::ReleaseFrame idx:224, drop:0
2024-11-22 04:20:20.388 T:4057 debug : CAMLCodec::DequeueBuffer: pts:9.968 idx:239
2024-11-22 04:20:20.388 T:4057 debug : CAMLCodec::GetPicture: index: 239, pts: 9.968, dur:41.712ms ar:1.78 elf:38ms
2024-11-22 04:20:20.388 T:4057 debug : CVideoPlayerVideo::OutputPicture - ttd:724ms pts:9.968 Clock:9.243 Level:14
2024-11-22 04:20:20.389 T:4053 debug : CVideoPlayer::ProcessVideoData size:3387 dts:187.229 pts:187.229 dur:41.700ms, clock:9.244 level:100
2024-11-22 04:20:20.392 T:4057 debug : CAMLCodec::AddData: dl:613120 fl:5481728 sz:58880(58944) lv:10.1% dts:14.014 pts:14.014
2024-11-22 04:20:20.392 T:4053 debug : CVideoPlayer::ProcessVideoData size:2702 dts:187.271 pts:187.271 dur:41.700ms, clock:9.248 level:100
2024-11-22 04:20:20.394 T:4053 debug : CVideoPlayer::ProcessVideoData size:2539 dts:187.312 pts:187.312 dur:41.700ms, clock:9.249 level:100
2024-11-22 04:20:20.396 T:4053 debug : CVideoPlayer::ProcessVideoData size:2568 dts:187.354 pts:187.354 dur:41.700ms, clock:9.251 level:100
2024-11-22 04:20:20.399 T:4053 debug : CVideoPlayer::ProcessVideoData size:2770 dts:187.396 pts:187.396 dur:41.700ms, clock:9.254 level:100
2024-11-22 04:20:20.401 T:4053 debug : CVideoPlayer::ProcessVideoData size:2316 dts:187.437 pts:187.437 dur:41.700ms, clock:9.256 level:100
2024-11-22 04:20:20.403 T:4053 debug : CVideoPlayer::ProcessVideoData size:2024 dts:187.479 pts:187.479 dur:41.700ms, clock:9.258 level:100
2024-11-22 04:20:20.404 T:4053 debug : CVideoPlayer::ProcessVideoData size:2651 dts:187.521 pts:187.521 dur:41.700ms, clock:9.260 level:100
2024-11-22 04:20:20.408 T:4053 debug : CVideoPlayer::ProcessVideoData size:2148 dts:187.563 pts:187.563 dur:41.700ms, clock:9.263 level:100
2024-11-22 04:20:20.409 T:4053 debug : CVideoPlayer::ProcessVideoData size:2804 dts:187.604 pts:187.604 dur:41.700ms, clock:9.265 level:100
2024-11-22 04:20:20.411 T:4053 debug : CVideoPlayer::ProcessVideoData size:2316 dts:187.646 pts:187.646 dur:41.700ms, clock:9.266 level:100
2024-11-22 04:20:20.415 T:4053 debug : CVideoPlayer::ProcessVideoData size:2257 dts:187.688 pts:187.688 dur:41.700ms, clock:9.270 level:100
2024-11-22 04:20:20.416 T:4053 debug : CVideoPlayer::ProcessVideoData size:2406 dts:187.729 pts:187.729 dur:41.700ms, clock:9.271 level:100
2024-11-22 04:20:20.418 T:4053 debug : CVideoPlayer::ProcessVideoData size:2483 dts:187.771 pts:187.771 dur:41.700ms, clock:9.273 level:100
2024-11-22 04:20:20.419 T:3827 debug : CAMLCodec::PollFrame elapsed:32.526ms
2024-11-22 04:20:20.422 T:3827 debug : PrepareNextRender: frameOnScreen: 9.277 renderPts: 9.447 nextFramePts: 9.384 -> diff: 0.063 render: 1 forceNext: 0
2024-11-22 04:20:20.422 T:4053 debug : CVideoPlayer::ProcessVideoData size:2425 dts:187.813 pts:187.813 dur:41.700ms, clock:9.277 level:100
2024-11-22 04:20:20.424 T:4053 debug : CVideoPlayer::ProcessVideoData size:2993 dts:187.855 pts:187.855 dur:41.700ms, clock:9.279 level:100
2024-11-22 04:20:20.426 T:4053 debug : CVideoPlayer::ProcessVideoData size:2487 dts:187.896 pts:187.896 dur:41.700ms, clock:9.281 level:100
2024-11-22 04:20:20.427 T:4057 debug : CAMLCodec::AddData: dl:613120 fl:5481728 sz:3593(4096) lv:10.1% dts:14.056 pts:14.056
2024-11-22 04:20:20.428 T:4053 debug : CVideoPlayer::ProcessVideoData size:2523 dts:187.938 pts:187.938 dur:41.700ms, clock:9.283 level:100
2024-11-22 04:20:20.429 T:3827 debug : CAMLCodec::ReleaseFrame idx:225, drop:0
2024-11-22 04:20:20.430 T:4057 debug : CAMLCodec::DequeueBuffer: pts:10.010 idx:240
2024-11-22 04:20:20.430 T:4057 debug : CAMLCodec::GetPicture: index: 240, pts: 10.010, dur:41.699ms ar:1.78 elf:42ms
2024-11-22 04:20:20.431 T:4057 debug : CVideoPlayerVideo::OutputPicture - ttd:724ms pts:10.010 Clock:9.286 Level:14
2024-11-22 04:20:20.431 T:4053 debug : CVideoPlayer::ProcessVideoData size:2635 dts:187.980 pts:187.980 dur:41.700ms, clock:9.286 level:100
2024-11-22 04:20:20.433 T:4053 debug : CVideoPlayer::ProcessVideoData size:3222 dts:188.021 pts:188.021 dur:41.700ms, clock:9.288 level:100
2024-11-22 04:20:20.434 T:4053 debug : CVideoPlayer::ProcessVideoData size:1285 dts:188.063 pts:188.063 dur:41.700ms, clock:9.289 level:100
2024-11-22 04:20:20.437 T:4053 debug : CVideoPlayer::ProcessVideoData size:1935 dts:188.105 pts:188.105 dur:41.700ms, clock:9.292 level:100
2024-11-22 04:20:20.440 T:4053 debug : CVideoPlayer::ProcessVideoData size:3370 dts:188.146 pts:188.146 dur:41.700ms, clock:9.295 level:100
2024-11-22 04:20:20.442 T:4053 debug : CVideoPlayer::ProcessVideoData size:59504 dts:188.188 pts:188.188 dur:41.700ms, clock:9.297 level:100
2024-11-22 04:20:20.445 T:4053 debug : CVideoPlayer::ProcessVideoData size:3593 dts:188.230 pts:188.230 dur:41.700ms, clock:9.300 level:100
2024-11-22 04:20:20.447 T:4053 debug : CVideoPlayer::ProcessVideoData size:2711 dts:188.272 pts:188.272 dur:41.700ms, clock:9.302 level:100
2024-11-22 04:20:20.448 T:4053 debug : CVideoPlayer::ProcessVideoData size:2455 dts:188.313 pts:188.313 dur:41.700ms, clock:9.304 level:100
2024-11-22 04:20:20.452 T:4053 debug : CVideoPlayer::ProcessVideoData size:2518 dts:188.355 pts:188.355 dur:41.700ms, clock:9.307 level:100
2024-11-22 04:20:20.454 T:4053 debug : CVideoPlayer::ProcessVideoData size:2754 dts:188.397 pts:188.397 dur:41.700ms, clock:9.309 level:100
2024-11-22 04:20:20.456 T:4053 debug : CVideoPlayer::ProcessVideoData size:2294 dts:188.438 pts:188.438 dur:41.700ms, clock:9.311 level:100
2024-11-22 04:20:20.457 T:4053 debug : CVideoPlayer::ProcessVideoData size:2123 dts:188.480 pts:188.480 dur:41.700ms, clock:9.313 level:100
2024-11-22 04:20:20.461 T:4053 debug : CVideoPlayer::ProcessVideoData size:2391 dts:188.522 pts:188.522 dur:41.700ms, clock:9.316 level:100
2024-11-22 04:20:20.461 T:3827 debug : CAMLCodec::PollFrame elapsed:30.909ms
2024-11-22 04:20:20.463 T:4053 debug : CVideoPlayer::ProcessVideoData size:2141 dts:188.564 pts:188.564 dur:41.700ms, clock:9.318 level:100
2024-11-22 04:20:20.463 T:3827 debug : PrepareNextRender: frameOnScreen: 9.318 renderPts: 9.489 nextFramePts: 9.426 -> diff: 0.063 render: 1 forceNext: 0
2024-11-22 04:20:20.465 T:4053 debug : CVideoPlayer::ProcessVideoData size:2746 dts:188.605 pts:188.605 dur:41.700ms, clock:9.320 level:100
2024-11-22 04:20:20.469 T:4053 debug : CVideoPlayer::ProcessVideoData size:2312 dts:188.647 pts:188.647 dur:41.700ms, clock:9.324 level:100
2024-11-22 04:20:20.469 T:4057 debug : CAMLCodec::AddData: dl:613120 fl:5481728 sz:2712(4096) lv:10.1% dts:14.097 pts:14.097
2024-11-22 04:20:20.471 T:4053 debug : CVideoPlayer::ProcessVideoData size:2254 dts:188.689 pts:188.689 dur:41.700ms, clock:9.326 level:100
2024-11-22 04:20:20.471 T:3827 debug : CAMLCodec::ReleaseFrame idx:226, drop:0
2024-11-22 04:20:20.472 T:4057 debug : CAMLCodec::DequeueBuffer: pts:10.052 idx:241
2024-11-22 04:20:20.472 T:4057 debug : CAMLCodec::GetPicture: index: 241, pts: 10.052, dur:41.712ms ar:1.78 elf:41ms
2024-11-22 04:20:20.472 T:4057 debug : CVideoPlayerVideo::OutputPicture - ttd:724ms pts:10.052 Clock:9.327 Level:14
2024-11-22 04:20:20.473 T:4053 debug : CVideoPlayer::ProcessVideoData size:2377 dts:188.730 pts:188.730 dur:41.700ms, clock:9.328 level:100
2024-11-22 04:20:20.476 T:4053 debug : CVideoPlayer::ProcessVideoData size:2451 dts:188.772 pts:188.772 dur:41.700ms, clock:9.331 level:100
2024-11-22 04:20:20.477 T:4053 debug : CVideoPlayer::ProcessVideoData size:2516 dts:188.814 pts:188.814 dur:41.700ms, clock:9.332 level:100
2024-11-22 04:20:20.479 T:4053 debug : CVideoPlayer::ProcessVideoData size:3047 dts:188.856 pts:188.856 dur:41.700ms, clock:9.334 level:100
2024-11-22 04:20:20.481 T:4053 debug : CVideoPlayer::ProcessVideoData size:2667 dts:188.897 pts:188.897 dur:41.700ms, clock:9.336 level:100
2024-11-22 04:20:20.484 T:4053 debug : CVideoPlayer::ProcessVideoData size:2206 dts:188.939 pts:188.939 dur:41.700ms, clock:9.339 level:100
2024-11-22 04:20:20.486 T:4053 debug : CVideoPlayer::ProcessVideoData size:2697 dts:188.981 pts:188.981 dur:41.700ms, clock:9.341 level:100
2024-11-22 04:20:20.487 T:4053 debug : CVideoPlayer::ProcessVideoData size:2963 dts:189.022 pts:189.022 dur:41.700ms, clock:9.342 level:100
2024-11-22 04:20:20.490 T:4053 debug : CVideoPlayer::ProcessVideoData size:1241 dts:189.064 pts:189.064 dur:41.700ms, clock:9.346 level:100
2024-11-22 04:20:20.492 T:4053 debug : CVideoPlayer::ProcessVideoData size:1950 dts:189.106 pts:189.106 dur:41.700ms, clock:9.347 level:100
2024-11-22 04:20:20.495 T:4053 debug : CVideoPlayer::ProcessVideoData size:3020 dts:189.147 pts:189.147 dur:41.700ms, clock:9.350 level:100
2024-11-22 04:20:20.499 T:4053 debug : CVideoPlayer::ProcessVideoData size:59630 dts:189.189 pts:189.189 dur:41.700ms, clock:9.354 level:100
2024-11-22 04:20:20.500 T:4053 debug : CVideoPlayer::ProcessVideoData size:3387 dts:189.231 pts:189.231 dur:41.700ms, clock:9.355 level:100
2024-11-22 04:20:20.502 T:3827 debug : CAMLCodec::PollFrame elapsed:31.002ms
2024-11-22 04:20:20.503 T:4053 debug : CVideoPlayer::ProcessVideoData size:2707 dts:189.273 pts:189.273 dur:41.700ms, clock:9.358 level:100
2024-11-22 04:20:20.505 T:3827 debug : PrepareNextRender: frameOnScreen: 9.360 renderPts: 9.530 nextFramePts: 9.468 -> diff: 0.063 render: 1 forceNext: 0
2024-11-22 04:20:20.505 T:4053 debug : CVideoPlayer::ProcessVideoData size:2535 dts:189.314 pts:189.314 dur:41.700ms, clock:9.360 level:100
2024-11-22 04:20:20.509 T:4053 debug : CVideoPlayer::ProcessVideoData size:2545 dts:189.356 pts:189.356 dur:41.700ms, clock:9.364 level:100
2024-11-22 04:20:20.510 T:4057 debug : CAMLCodec::AddData: dl:613120 fl:5481728 sz:2442(4096) lv:10.1% dts:14.139 pts:14.139
2024-11-22 04:20:20.510 T:4053 debug : CVideoPlayer::ProcessVideoData size:2779 dts:189.398 pts:189.398 dur:41.700ms, clock:9.366 level:100
2024-11-22 04:20:20.512 T:4053 debug : CVideoPlayer::ProcessVideoData size:2272 dts:189.439 pts:189.439 dur:41.700ms, clock:9.367 level:100
2024-11-22 04:20:20.513 T:3827 debug : CAMLCodec::ReleaseFrame idx:227, drop:0
2024-11-22 04:20:20.514 T:4057 debug : CAMLCodec::DequeueBuffer: pts:10.093 idx:242
2024-11-22 04:20:20.514 T:4057 debug : CAMLCodec::GetPicture: index: 242, pts: 10.093, dur:41.711ms ar:1.78 elf:41ms
2024-11-22 04:20:20.514 T:4057 debug : CVideoPlayerVideo::OutputPicture - ttd:724ms pts:10.093 Clock:9.369 Level:14
2024-11-22 04:20:20.516 T:4053 debug : CVideoPlayer::ProcessVideoData size:2147 dts:189.481 pts:189.481 dur:41.700ms, clock:9.371 level:100
2024-11-22 04:20:20.517 T:4053 debug : CVideoPlayer::ProcessVideoData size:2612 dts:189.523 pts:189.523 dur:41.700ms, clock:9.373 level:100
2024-11-22 04:20:20.519 T:4053 debug : CVideoPlayer::ProcessVideoData size:2105 dts:189.565 pts:189.565 dur:41.700ms, clock:9.374 level:100
2024-11-22 04:20:20.522 T:4053 debug : CVideoPlayer::ProcessVideoData size:2774 dts:189.606 pts:189.606 dur:41.700ms, clock:9.377 level:100
2024-11-22 04:20:20.524 T:4053 debug : CVideoPlayer::ProcessVideoData size:2318 dts:189.648 pts:189.648 dur:41.700ms, clock:9.379 level:100
2024-11-22 04:20:20.526 T:4053 debug : CVideoPlayer::ProcessVideoData size:2261 dts:189.690 pts:189.690 dur:41.700ms, clock:9.381 level:100
2024-11-22 04:20:20.529 T:4053 debug : CVideoPlayer::ProcessVideoData size:2406 dts:189.731 pts:189.731 dur:41.700ms, clock:9.384 level:100
2024-11-22 04:20:20.531 T:4053 debug : CVideoPlayer::ProcessVideoData size:2452 dts:189.773 pts:189.773 dur:41.700ms, clock:9.386 level:100
2024-11-22 04:20:20.532 T:4053 debug : CVideoPlayer::ProcessVideoData size:2446 dts:189.815 pts:189.815 dur:41.700ms, clock:9.387 level:100
2024-11-22 04:20:20.534 T:4053 debug : CVideoPlayer::ProcessVideoData size:3028 dts:189.857 pts:189.857 dur:41.700ms, clock:9.389 level:100
2024-11-22 04:20:20.537 T:4053 debug : CVideoPlayer::ProcessVideoData size:2735 dts:189.898 pts:189.898 dur:41.700ms, clock:9.392 level:100
2024-11-22 04:20:20.539 T:4053 debug : CVideoPlayer::ProcessVideoData size:2510 dts:189.940 pts:189.940 dur:41.700ms, clock:9.394 level:100
2024-11-22 04:20:20.541 T:4053 debug : CVideoPlayer::ProcessVideoData size:2483 dts:189.982 pts:189.982 dur:41.700ms, clock:9.396 level:100
2024-11-22 04:20:20.544 T:3827 debug : CAMLCodec::PollFrame elapsed:30.616ms
2024-11-22 04:20:20.544 T:4053 debug : CVideoPlayer::ProcessVideoData size:3100 dts:190.023 pts:190.023 dur:41.700ms, clock:9.400 level:100
2024-11-22 04:20:20.546 T:4053 debug : CVideoPlayer::ProcessVideoData size:1285 dts:190.065 pts:190.065 dur:41.700ms, clock:9.402 level:100
2024-11-22 04:20:20.547 T:3827 debug : PrepareNextRender: frameOnScreen: 9.402 renderPts: 9.572 nextFramePts: 9.509 -> diff: 0.063 render: 1 forceNext: 0
2024-11-22 04:20:20.549 T:4053 debug : CVideoPlayer::ProcessVideoData size:1933 dts:190.107 pts:190.107 dur:41.700ms, clock:9.404 level:100
2024-11-22 04:20:20.553 T:4057 debug : CAMLCodec::AddData: dl:613120 fl:5481728 sz:2288(4096) lv:10.1% dts:14.181 pts:14.181
2024-11-22 04:20:20.553 T:4053 debug : CVideoPlayer::ProcessVideoData size:3380 dts:190.148 pts:190.148 dur:41.700ms, clock:9.408 level:100
2024-11-22 04:20:20.554 T:3827 debug : CAMLCodec::ReleaseFrame idx:228, drop:0
2024-11-22 04:20:20.554 T:4057 debug : CAMLCodec::DequeueBuffer: pts:10.135 idx:243
2024-11-22 04:20:20.554 T:4057 debug : CAMLCodec::GetPicture: index: 243, pts: 10.135, dur:41.711ms ar:1.78 elf:40ms
2024-11-22 04:20:20.554 T:4057 debug : CVideoPlayerVideo::OutputPicture - ttd:725ms pts:10.135 Clock:9.409 Level:14
2024-11-22 04:20:20.555 T:4053 debug : CVideoPlayer::ProcessVideoData size:59080 dts:190.190 pts:190.190 dur:41.700ms, clock:9.410 level:100
2024-11-22 04:20:20.557 T:4053 debug : CVideoPlayer::ProcessVideoData size:3592 dts:190.232 pts:190.232 dur:41.700ms, clock:9.412 level:100
2024-11-22 04:20:20.559 T:4053 debug : CVideoPlayer::ProcessVideoData size:2706 dts:190.274 pts:190.274 dur:41.700ms, clock:9.414 level:100
2024-11-22 04:20:20.562 T:4053 debug : CVideoPlayer::ProcessVideoData size:2461 dts:190.315 pts:190.315 dur:41.700ms, clock:9.417 level:100
2024-11-22 04:20:20.564 T:4053 debug : CVideoPlayer::ProcessVideoData size:2515 dts:190.357 pts:190.357 dur:41.700ms, clock:9.419 level:100
2024-11-22 04:20:20.565 T:4053 debug : CVideoPlayer::ProcessVideoData size:2749 dts:190.399 pts:190.399 dur:41.700ms, clock:9.420 level:100
2024-11-22 04:20:20.568 T:4053 debug : CVideoPlayer::ProcessVideoData size:2302 dts:190.440 pts:190.440 dur:41.700ms, clock:9.423 level:100
2024-11-22 04:20:20.570 T:4053 debug : CVideoPlayer::ProcessVideoData size:2143 dts:190.482 pts:190.482 dur:41.700ms, clock:9.425 level:100
2024-11-22 04:20:20.572 T:4053 debug : CVideoPlayer::ProcessVideoData size:2637 dts:190.524 pts:190.524 dur:41.700ms, clock:9.427 level:100
2024-11-22 04:20:20.575 T:4053 debug : CVideoPlayer::ProcessVideoData size:2107 dts:190.566 pts:190.566 dur:41.700ms, clock:9.430 level:100
2024-11-22 04:20:20.577 T:4053 debug : CVideoPlayer::ProcessVideoData size:2717 dts:190.607 pts:190.607 dur:41.700ms, clock:9.432 level:100
2024-11-22 04:20:20.579 T:4053 debug : CVideoPlayer::ProcessVideoData size:2321 dts:190.649 pts:190.649 dur:41.700ms, clock:9.434 level:100
2024-11-22 04:20:20.582 T:4053 debug : CVideoPlayer::ProcessVideoData size:2246 dts:190.691 pts:190.691 dur:41.700ms, clock:9.437 level:100
2024-11-22 04:20:20.584 T:4053 debug : CVideoPlayer::ProcessVideoData size:2382 dts:190.732 pts:190.732 dur:41.700ms, clock:9.439 level:100
2024-11-22 04:20:20.586 T:4053 debug : CVideoPlayer::ProcessVideoData size:2453 dts:190.774 pts:190.774 dur:41.700ms, clock:9.441 level:100
2024-11-22 04:20:20.586 T:3827 debug : CAMLCodec::PollFrame elapsed:31.930ms
2024-11-22 04:20:20.588 T:4053 debug : CVideoPlayer::ProcessVideoData size:2530 dts:190.816 pts:190.816 dur:41.700ms, clock:9.443 level:100
2024-11-22 04:20:20.589 T:3827 debug : PrepareNextRender: frameOnScreen: 9.444 renderPts: 9.614 nextFramePts: 9.551 -> diff: 0.063 render: 1 forceNext: 0
2024-11-22 04:20:20.592 T:4053 debug : CVideoPlayer::ProcessVideoData size:3031 dts:190.858 pts:190.858 dur:41.700ms, clock:9.447 level:100
2024-11-22 04:20:20.593 T:4057 debug : CAMLCodec::AddData: dl:613120 fl:5481728 sz:2746(4096) lv:10.1% dts:14.223 pts:14.223
2024-11-22 04:20:20.594 T:4053 debug : CVideoPlayer::ProcessVideoData size:2652 dts:190.899 pts:190.899 dur:41.700ms, clock:9.449 level:100
2024-11-22 04:20:20.596 T:4053 debug : CVideoPlayer::ProcessVideoData size:2492 dts:190.941 pts:190.941 dur:41.700ms, clock:9.451 level:100
2024-11-22 04:20:20.596 T:3827 debug : CAMLCodec::ReleaseFrame idx:229, drop:0
2024-11-22 04:20:20.597 T:4057 debug : CAMLCodec::DequeueBuffer: pts:10.177 idx:244
2024-11-22 04:20:20.598 T:4057 debug : CAMLCodec::GetPicture: index: 244, pts: 10.177, dur:41.700ms ar:1.78 elf:43ms
2024-11-22 04:20:20.598 T:4057 debug : CVideoPlayerVideo::OutputPicture - ttd:724ms pts:10.177 Clock:9.453 Level:14
2024-11-22 04:20:20.600 T:4053 debug : CVideoPlayer::ProcessVideoData size:2676 dts:190.983 pts:190.983 dur:41.700ms, clock:9.455 level:100
2024-11-22 04:20:20.601 T:4053 debug : CVideoPlayer::ProcessVideoData size:3004 dts:191.024 pts:191.024 dur:41.700ms, clock:9.456 level:100
2024-11-22 04:20:20.603 T:4053 debug : CVideoPlayer::ProcessVideoData size:1241 dts:191.066 pts:191.066 dur:41.700ms, clock:9.458 level:100
2024-11-22 04:20:20.606 T:4053 debug : CVideoPlayer::ProcessVideoData size:1950 dts:191.108 pts:191.108 dur:41.700ms, clock:9.461 level:100
2024-11-22 04:20:20.608 T:4053 debug : CVideoPlayer::ProcessVideoData size:3113 dts:191.149 pts:191.149 dur:41.700ms, clock:9.464 level:100
2024-11-22 04:20:20.611 T:4053 debug : CVideoPlayer::ProcessVideoData size:58902 dts:191.191 pts:191.191 dur:41.700ms, clock:9.466 level:100
2024-11-22 04:20:20.613 T:4053 debug : CVideoPlayer::ProcessVideoData size:3255 dts:191.233 pts:191.233 dur:41.700ms, clock:9.468 level:100
2024-11-22 04:20:20.616 T:4053 debug : CVideoPlayer::ProcessVideoData size:2723 dts:191.275 pts:191.275 dur:41.700ms, clock:9.471 level:100
2024-11-22 04:20:20.617 T:4053 debug : CVideoPlayer::ProcessVideoData size:2154 dts:191.316 pts:191.316 dur:41.700ms, clock:9.473 level:100
2024-11-22 04:20:20.619 T:4053 debug : CVideoPlayer::ProcessVideoData size:2552 dts:191.358 pts:191.358 dur:41.700ms, clock:9.474 level:100
2024-11-22 04:20:20.622 T:4053 debug : CVideoPlayer::ProcessVideoData size:2777 dts:191.400 pts:191.400 dur:41.700ms, clock:9.477 level:100
2024-11-22 04:20:20.624 T:4053 debug : CVideoPlayer::ProcessVideoData size:2292 dts:191.441 pts:191.441 dur:41.700ms, clock:9.479 level:100
2024-11-22 04:20:20.626 T:4053 debug : CVideoPlayer::ProcessVideoData size:2131 dts:191.483 pts:191.483 dur:41.700ms, clock:9.481 level:100
2024-11-22 04:20:20.627 T:3827 debug : CAMLCodec::PollFrame elapsed:31.032ms
2024-11-22 04:20:20.629 T:4053 debug : CVideoPlayer::ProcessVideoData size:2625 dts:191.525 pts:191.525 dur:41.700ms, clock:9.484 level:100
2024-11-22 04:20:20.630 T:3827 debug : PrepareNextRender: frameOnScreen: 9.485 renderPts: 9.656 nextFramePts: 9.593 -> diff: 0.063 render: 1 forceNext: 0
2024-11-22 04:20:20.631 T:4053 debug : CVideoPlayer::ProcessVideoData size:2161 dts:191.567 pts:191.567 dur:41.700ms, clock:9.486 level:100
2024-11-22 04:20:20.633 T:4053 debug : CVideoPlayer::ProcessVideoData size:2607 dts:191.608 pts:191.608 dur:41.700ms, clock:9.488 level:100
2024-11-22 04:20:20.635 T:4053 debug : CVideoPlayer::ProcessVideoData size:2335 dts:191.650 pts:191.650 dur:41.700ms, clock:9.490 level:100
2024-11-22 04:20:20.637 T:4057 debug : CAMLCodec::AddData: dl:613120 fl:5481728 sz:2269(4096) lv:10.1% dts:14.264 pts:14.264
2024-11-22 04:20:20.637 T:3827 debug : CAMLCodec::ReleaseFrame idx:230, drop:0
2024-11-22 04:20:20.638 T:4057 debug : CAMLCodec::DequeueBuffer: pts:10.219 idx:245
2024-11-22 04:20:20.638 T:4057 debug : CAMLCodec::GetPicture: index: 245, pts: 10.219, dur:41.711ms ar:1.78 elf:40ms
2024-11-22 04:20:20.638 T:4057 debug : CVideoPlayerVideo::OutputPicture - ttd:725ms pts:10.219 Clock:9.493 Level:14
2024-11-22 04:20:20.639 T:4053 debug : CVideoPlayer::ProcessVideoData size:2273 dts:191.692 pts:191.692 dur:41.700ms, clock:9.494 level:100
2024-11-22 04:20:20.640 T:4053 debug : CVideoPlayer::ProcessVideoData size:2511 dts:191.733 pts:191.733 dur:41.700ms, clock:9.495 level:100
2024-11-22 04:20:20.642 T:4053 debug : CVideoPlayer::ProcessVideoData size:2443 dts:191.775 pts:191.775 dur:41.700ms, clock:9.497 level:100
2024-11-22 04:20:20.645 T:4053 debug : CVideoPlayer::ProcessVideoData size:2418 dts:191.817 pts:191.817 dur:41.700ms, clock:9.500 level:100
2024-11-22 04:20:20.647 T:4053 debug : CVideoPlayer::ProcessVideoData size:3026 dts:191.859 pts:191.859 dur:41.700ms, clock:9.502 level:100
2024-11-22 04:20:20.649 T:4053 debug : CVideoPlayer::ProcessVideoData size:2725 dts:191.900 pts:191.900 dur:41.700ms, clock:9.504 level:100
2024-11-22 04:20:20.652 T:4053 debug : CVideoPlayer::ProcessVideoData size:2519 dts:191.942 pts:191.942 dur:41.700ms, clock:9.507 level:100
2024-11-22 04:20:20.653 T:4053 debug : CVideoPlayer::ProcessVideoData size:2663 dts:191.984 pts:191.984 dur:41.700ms, clock:9.508 level:100
2024-11-22 04:20:20.655 T:4053 debug : CVideoPlayer::ProcessVideoData size:3209 dts:192.025 pts:192.025 dur:41.700ms, clock:9.510 level:100
2024-11-22 04:20:20.658 T:4053 debug : CVideoPlayer::ProcessVideoData size:1285 dts:192.067 pts:192.067 dur:41.700ms, clock:9.513 level:100
2024-11-22 04:20:20.660 T:4053 debug : CVideoPlayer::ProcessVideoData size:1933 dts:192.109 pts:192.109 dur:41.700ms, clock:9.515 level:100
2024-11-22 04:20:20.662 T:4053 debug : CVideoPlayer::ProcessVideoData size:3382 dts:192.150 pts:192.150 dur:41.700ms, clock:9.517 level:100
2024-11-22 04:20:20.664 T:4053 debug : CVideoPlayer::ProcessVideoData size:59016 dts:192.192 pts:192.192 dur:41.700ms, clock:9.520 level:100
2024-11-22 04:20:20.668 T:4053 debug : CVideoPlayer::ProcessVideoData size:3593 dts:192.234 pts:192.234 dur:41.700ms, clock:9.523 level:100
2024-11-22 04:20:20.669 T:3827 debug : CAMLCodec::PollFrame elapsed:31.540ms
2024-11-22 04:20:20.669 T:4053 debug : CVideoPlayer::ProcessVideoData size:2559 dts:192.276 pts:192.276 dur:41.700ms, clock:9.525 level:100
2024-11-22 04:20:20.671 T:4053 debug : CVideoPlayer::ProcessVideoData size:2071 dts:192.317 pts:192.317 dur:41.700ms, clock:9.526 level:100
2024-11-22 04:20:20.672 T:3827 debug : PrepareNextRender: frameOnScreen: 9.527 renderPts: 9.698 nextFramePts: 9.635 -> diff: 0.063 render: 1 forceNext: 0
2024-11-22 04:20:20.675 T:4053 debug : CVideoPlayer::ProcessVideoData size:2527 dts:192.359 pts:192.359 dur:41.700ms, clock:9.530 level:100
2024-11-22 04:20:20.676 T:4057 debug : CAMLCodec::AddData: dl:613120 fl:5481728 sz:2120(4096) lv:10.1% dts:14.306 pts:14.306
2024-11-22 04:20:20.676 T:4053 debug : CVideoPlayer::ProcessVideoData size:2754 dts:192.401 pts:192.401 dur:41.700ms, clock:9.531 level:100
2024-11-22 04:20:20.679 T:4053 debug : CVideoPlayer::ProcessVideoData size:2272 dts:192.442 pts:192.442 dur:41.700ms, clock:9.534 level:100
2024-11-22 04:20:20.679 T:3827 debug : CAMLCodec::ReleaseFrame idx:231, drop:0
2024-11-22 04:20:20.680 T:4057 debug : CAMLCodec::DequeueBuffer: pts:10.260 idx:246
2024-11-22 04:20:20.680 T:4057 debug : CAMLCodec::GetPicture: index: 246, pts: 10.260, dur:41.711ms ar:1.78 elf:41ms
2024-11-22 04:20:20.680 T:4057 debug : CVideoPlayerVideo::OutputPicture - ttd:725ms pts:10.260 Clock:9.535 Level:14
2024-11-22 04:20:20.682 T:4053 debug : CVideoPlayer::ProcessVideoData size:2106 dts:192.484 pts:192.484 dur:41.700ms, clock:9.537 level:100
2024-11-22 04:20:20.683 T:4053 debug : CVideoPlayer::ProcessVideoData size:2642 dts:192.526 pts:192.526 dur:41.700ms, clock:9.538 level:100
2024-11-22 04:20:20.685 T:4053 debug : CVideoPlayer::ProcessVideoData size:2111 dts:192.568 pts:192.568 dur:41.700ms, clock:9.540 level:100
2024-11-22 04:20:20.687 T:4053 debug : CVideoPlayer::ProcessVideoData size:2644 dts:192.609 pts:192.609 dur:41.700ms, clock:9.542 level:100
2024-11-22 04:20:20.690 T:4053 debug : CVideoPlayer::ProcessVideoData size:2314 dts:192.651 pts:192.651 dur:41.700ms, clock:9.545 level:100
2024-11-22 04:20:20.692 T:4053 debug : CVideoPlayer::ProcessVideoData size:2137 dts:192.693 pts:192.693 dur:41.700ms, clock:9.547 level:100
2024-11-22 04:20:20.693 T:4053 debug : CVideoPlayer::ProcessVideoData size:2658 dts:192.734 pts:192.734 dur:41.700ms, clock:9.548 level:100
2024-11-22 04:20:20.696 T:4053 debug : CVideoPlayer::ProcessVideoData size:2435 dts:192.776 pts:192.776 dur:41.700ms, clock:9.551 level:100
2024-11-22 04:20:20.698 T:4053 debug : CVideoPlayer::ProcessVideoData size:2508 dts:192.818 pts:192.818 dur:41.700ms, clock:9.553 level:100
2024-11-22 04:20:20.700 T:4053 debug : CVideoPlayer::ProcessVideoData size:3036 dts:192.860 pts:192.860 dur:41.700ms, clock:9.555 level:100
2024-11-22 04:20:20.703 T:4053 debug : CVideoPlayer::ProcessVideoData size:2639 dts:192.901 pts:192.901 dur:41.700ms, clock:9.558 level:100
2024-11-22 04:20:20.705 T:4053 debug : CVideoPlayer::ProcessVideoData size:2481 dts:192.943 pts:192.943 dur:41.700ms, clock:9.560 level:100
2024-11-22 04:20:20.706 T:4053 debug : CVideoPlayer::ProcessVideoData size:2692 dts:192.985 pts:192.985 dur:41.700ms, clock:9.562 level:100
2024-11-22 04:20:20.709 T:4053 debug : CVideoPlayer::ProcessVideoData size:2664 dts:193.026 pts:193.026 dur:41.700ms, clock:9.564 level:100
2024-11-22 04:20:20.711 T:3827 debug : CAMLCodec::PollFrame elapsed:31.542ms
2024-11-22 04:20:20.711 T:4053 debug : CVideoPlayer::ProcessVideoData size:1242 dts:193.068 pts:193.068 dur:41.700ms, clock:9.566 level:100
2024-11-22 04:20:20.714 T:4053 debug : CVideoPlayer::ProcessVideoData size:1951 dts:193.110 pts:193.110 dur:41.700ms, clock:9.569 level:100
2024-11-22 04:20:20.714 T:3827 debug : PrepareNextRender: frameOnScreen: 9.569 renderPts: 9.739 nextFramePts: 9.676 -> diff: 0.063 render: 1 forceNext: 0
2024-11-22 04:20:20.718 T:4053 debug : CVideoPlayer::ProcessVideoData size:3124 dts:193.151 pts:193.151 dur:41.700ms, clock:9.573 level:100
2024-11-22 04:20:20.719 T:4057 debug : CAMLCodec::AddData: dl:613120 fl:5481728 sz:2641(4096) lv:10.1% dts:14.348 pts:14.348
2024-11-22 04:20:20.721 T:4053 debug : CVideoPlayer::ProcessVideoData size:59300 dts:193.193 pts:193.193 dur:41.700ms, clock:9.576 level:100
2024-11-22 04:20:20.721 T:3827 debug : CAMLCodec::ReleaseFrame idx:232, drop:0
2024-11-22 04:20:20.722 T:4057 debug : CAMLCodec::DequeueBuffer: pts:10.302 idx:247
2024-11-22 04:20:20.722 T:4057 debug : CAMLCodec::GetPicture: index: 247, pts: 10.302, dur:41.711ms ar:1.78 elf:42ms
2024-11-22 04:20:20.722 T:4057 debug : CVideoPlayerVideo::OutputPicture - ttd:724ms pts:10.302 Clock:9.577 Level:14
2024-11-22 04:20:20.722 T:4053 debug : CVideoPlayer::ProcessVideoData size:3387 dts:193.235 pts:193.235 dur:41.700ms, clock:9.578 level:100
2024-11-22 04:20:20.724 T:4053 debug : CVideoPlayer::ProcessVideoData size:2702 dts:193.277 pts:193.277 dur:41.700ms, clock:9.579 level:100
2024-11-22 04:20:20.727 T:4053 debug : CVideoPlayer::ProcessVideoData size:2539 dts:193.318 pts:193.318 dur:41.700ms, clock:9.582 level:100
2024-11-22 04:20:20.729 T:4053 debug : CVideoPlayer::ProcessVideoData size:2567 dts:193.360 pts:193.360 dur:41.700ms, clock:9.584 level:100
2024-11-22 04:20:20.731 T:4053 debug : CVideoPlayer::ProcessVideoData size:2784 dts:193.402 pts:193.402 dur:41.700ms, clock:9.586 level:100
2024-11-22 04:20:20.734 T:4053 debug : CVideoPlayer::ProcessVideoData size:2287 dts:193.443 pts:193.443 dur:41.700ms, clock:9.589 level:100
2024-11-22 04:20:20.736 T:4053 debug : CVideoPlayer::ProcessVideoData size:2130 dts:193.485 pts:193.485 dur:41.700ms, clock:9.591 level:100
2024-11-22 04:20:20.737 T:4053 debug : CVideoPlayer::ProcessVideoData size:2610 dts:193.527 pts:193.527 dur:41.700ms, clock:9.592 level:100
2024-11-22 04:20:20.739 T:4053 debug : CVideoPlayer::ProcessVideoData size:2139 dts:193.569 pts:193.569 dur:41.700ms, clock:9.594 level:100
2024-11-22 04:20:20.742 T:4053 debug : CVideoPlayer::ProcessVideoData size:2639 dts:193.610 pts:193.610 dur:41.700ms, clock:9.597 level:100
2024-11-22 04:20:20.744 T:4053 debug : CVideoPlayer::ProcessVideoData size:2331 dts:193.652 pts:193.652 dur:41.700ms, clock:9.599 level:100
2024-11-22 04:20:20.746 T:4053 debug : CVideoPlayer::ProcessVideoData size:2265 dts:193.694 pts:193.694 dur:41.700ms, clock:9.601 level:100
2024-11-22 04:20:20.749 T:4053 debug : CVideoPlayer::ProcessVideoData size:2601 dts:193.735 pts:193.735 dur:41.700ms, clock:9.604 level:100
2024-11-22 04:20:20.751 T:4053 debug : CVideoPlayer::ProcessVideoData size:2435 dts:193.777 pts:193.777 dur:41.700ms, clock:9.606 level:100
2024-11-22 04:20:20.753 T:3827 debug : CAMLCodec::PollFrame elapsed:31.281ms
2024-11-22 04:20:20.753 T:4053 debug : CVideoPlayer::ProcessVideoData size:2423 dts:193.819 pts:193.819 dur:41.700ms, clock:9.608 level:100
2024-11-22 04:20:20.755 T:3827 debug : PrepareNextRender: frameOnScreen: 9.610 renderPts: 9.781 nextFramePts: 9.718 -> diff: 0.063 render: 1 forceNext: 0
2024-11-22 04:20:20.757 T:4053 debug : CVideoPlayer::ProcessVideoData size:3020 dts:193.861 pts:193.861 dur:41.700ms, clock:9.612 level:100
2024-11-22 04:20:20.759 T:4053 debug : CVideoPlayer::ProcessVideoData size:2726 dts:193.902 pts:193.902 dur:41.700ms, clock:9.614 level:100
2024-11-22 04:20:20.760 T:4053 debug : CVideoPlayer::ProcessVideoData size:2519 dts:193.944 pts:193.944 dur:41.700ms, clock:9.616 level:100
2024-11-22 04:20:20.762 T:4057 debug : CAMLCodec::AddData: dl:613120 fl:5481728 sz:2106(4096) lv:10.1% dts:14.389 pts:14.389
2024-11-22 04:20:20.763 T:4053 debug : CVideoPlayer::ProcessVideoData size:2663 dts:193.986 pts:193.986 dur:41.700ms, clock:9.618 level:100
2024-11-22 04:20:20.764 T:3827 debug : CAMLCodec::ReleaseFrame idx:233, drop:0
2024-11-22 04:20:20.764 T:4057 debug : CAMLCodec::DequeueBuffer: pts:10.344 idx:248
2024-11-22 04:20:20.764 T:4057 debug : CAMLCodec::GetPicture: index: 248, pts: 10.344, dur:41.700ms ar:1.78 elf:42ms
2024-11-22 04:20:20.764 T:4057 debug : CVideoPlayerVideo::OutputPicture - ttd:724ms pts:10.344 Clock:9.619 Level:14
2024-11-22 04:20:20.766 T:4053 debug : CVideoPlayer::ProcessVideoData size:3201 dts:194.027 pts:194.027 dur:41.700ms, clock:9.621 level:100
2024-11-22 04:20:20.767 T:4053 debug : CVideoPlayer::ProcessVideoData size:1285 dts:194.069 pts:194.069 dur:41.700ms, clock:9.623 level:100
2024-11-22 04:20:20.769 T:4053 debug : CVideoPlayer::ProcessVideoData size:1933 dts:194.111 pts:194.111 dur:41.700ms, clock:9.624 level:100
2024-11-22 04:20:20.773 T:4053 debug : CVideoPlayer::ProcessVideoData size:3092 dts:194.152 pts:194.152 dur:41.700ms, clock:9.628 level:100
2024-11-22 04:20:20.776 T:4053 debug : CVideoPlayer::ProcessVideoData size:58947 dts:194.194 pts:194.194 dur:41.700ms, clock:9.631 level:100
2024-11-22 04:20:20.777 T:4053 debug : CVideoPlayer::ProcessVideoData size:3593 dts:194.236 pts:194.236 dur:41.700ms, clock:9.632 level:100
2024-11-22 04:20:20.780 T:4053 debug : CVideoPlayer::ProcessVideoData size:2712 dts:194.278 pts:194.278 dur:41.700ms, clock:9.635 level:100
2024-11-22 04:20:20.782 T:4053 debug : CVideoPlayer::ProcessVideoData size:2442 dts:194.319 pts:194.319 dur:41.700ms, clock:9.637 level:100
2024-11-22 04:20:20.784 T:4053 debug : CVideoPlayer::ProcessVideoData size:2288 dts:194.361 pts:194.361 dur:41.700ms, clock:9.639 level:100
2024-11-22 04:20:20.787 T:4053 debug : CVideoPlayer::ProcessVideoData size:2745 dts:194.403 pts:194.403 dur:41.700ms, clock:9.642 level:100
2024-11-22 04:20:20.789 T:4053 debug : CVideoPlayer::ProcessVideoData size:2268 dts:194.444 pts:194.444 dur:41.700ms, clock:9.644 level:100
2024-11-22 04:20:20.790 T:4053 debug : CVideoPlayer::ProcessVideoData size:2126 dts:194.486 pts:194.486 dur:41.700ms, clock:9.645 level:100
2024-11-22 04:20:20.792 T:4053 debug : CVideoPlayer::ProcessVideoData size:2639 dts:194.528 pts:194.528 dur:41.700ms, clock:9.647 level:100
2024-11-22 04:20:20.794 T:3827 debug : CAMLCodec::PollFrame elapsed:30.414ms
2024-11-22 04:20:20.796 T:4053 debug : CVideoPlayer::ProcessVideoData size:2107 dts:194.570 pts:194.570 dur:41.700ms, clock:9.651 level:100
2024-11-22 04:20:20.797 T:3827 debug : PrepareNextRender: frameOnScreen: 9.652 renderPts: 9.822 nextFramePts: 9.760 -> diff: 0.063 render: 1 forceNext: 0
2024-11-22 04:20:20.798 T:4053 debug : CVideoPlayer::ProcessVideoData size:2617 dts:194.611 pts:194.611 dur:41.700ms, clock:9.653 level:100
2024-11-22 04:20:20.800 T:4053 debug : CVideoPlayer::ProcessVideoData size:2321 dts:194.653 pts:194.653 dur:41.700ms, clock:9.655 level:100
2024-11-22 04:20:20.802 T:4057 debug : CAMLCodec::AddData: dl:613120 fl:5481728 sz:2623(4096) lv:10.1% dts:14.431 pts:14.431
2024-11-22 04:20:20.803 T:4053 debug : CVideoPlayer::ProcessVideoData size:2273 dts:194.695 pts:194.695 dur:41.700ms, clock:9.658 level:100
2024-11-22 04:20:20.805 T:3827 debug : CAMLCodec::ReleaseFrame idx:234, drop:0
2024-11-22 04:20:20.805 T:4053 debug : CVideoPlayer::ProcessVideoData size:2642 dts:194.736 pts:194.736 dur:41.700ms, clock:9.661 level:100
2024-11-22 04:20:20.806 T:4057 debug : CAMLCodec::DequeueBuffer: pts:10.385 idx:249
2024-11-22 04:20:20.806 T:4057 debug : CAMLCodec::GetPicture: index: 249, pts: 10.385, dur:41.711ms ar:1.78 elf:41ms
2024-11-22 04:20:20.806 T:4057 debug : CVideoPlayerVideo::OutputPicture - ttd:724ms pts:10.385 Clock:9.661 Level:14
2024-11-22 04:20:20.807 T:4053 debug : CVideoPlayer::ProcessVideoData size:2208 dts:194.778 pts:194.778 dur:41.700ms, clock:9.662 level:100
2024-11-22 04:20:20.810 T:4053 debug : CVideoPlayer::ProcessVideoData size:2515 dts:194.820 pts:194.820 dur:41.700ms, clock:9.665 level:100
2024-11-22 04:20:20.812 T:4053 debug : CVideoPlayer::ProcessVideoData size:3021 dts:194.862 pts:194.862 dur:41.700ms, clock:9.667 level:100
