2024-11-22 04:20:11.830 T:4053 debug : CVideoPlayer::ProcessVideoData size:2304 dts:19.269 pts:19.269 dur:41.700ms, clock:0.601 level:100
2024-11-22 04:20:11.832 T:3827 debug : CAMLCodec::ReleaseFrame idx:17, drop:0
2024-11-22 04:20:11.833 T:4057 debug : CAMLCodec::DequeueBuffer: pts:1.335 idx:32
2024-11-22 04:20:11.833 T:4053 debug : CVideoPlayer::ProcessVideoData size:2145 dts:19.311 pts:19.311 dur:41.700ms, clock:0.605 level:100
2024-11-22 04:20:11.833 T:4057 debug : CAMLCodec::GetPicture: index: 32, pts: 1.335, dur:41.711ms ar:1.78 elf:41ms
2024-11-22 04:20:11.833 T:4057 debug : CVideoPlayerVideo::OutputPicture - ttd:729ms pts:1.335 Clock:0.605 Level:14
2024-11-22 04:20:11.835 T:4053 debug : CVideoPlayer::ProcessVideoData size:2615 dts:19.353 pts:19.353 dur:41.700ms, clock:0.607 level:100
2024-11-22 04:20:11.836 T:4057 debug : CAMLCodec::AddData: dl:610496 fl:5484352 sz:2613(4096) lv:10.0% dts:5.339 pts:5.339
2024-11-22 04:20:11.837 T:4053 debug : CVideoPlayer::ProcessVideoData size:2105 dts:19.394 pts:19.394 dur:41.700ms, clock:0.609 level:100
2024-11-22 04:20:11.839 T:4053 debug : CVideoPlayer::ProcessVideoData size:2743 dts:19.436 pts:19.436 dur:41.700ms, clock:0.611 level:100
2024-11-22 04:20:11.841 T:4053 debug : CVideoPlayer::ProcessVideoData size:2326 dts:19.478 pts:19.478 dur:41.700ms, clock:0.612 level:100
2024-11-22 04:20:11.842 T:4053 debug : CVideoPlayer::ProcessVideoData size:2243 dts:19.520 pts:19.520 dur:41.700ms, clock:0.614 level:100
2024-11-22 04:20:11.845 T:4053 debug : CVideoPlayer::ProcessVideoData size:2673 dts:19.561 pts:19.561 dur:41.700ms, clock:0.617 level:100
2024-11-22 04:20:11.847 T:4053 debug : CVideoPlayer::ProcessVideoData size:2439 dts:19.603 pts:19.603 dur:41.700ms, clock:0.619 level:100
2024-11-22 04:20:11.848 T:4053 debug : CVideoPlayer::ProcessVideoData size:2426 dts:19.645 pts:19.645 dur:41.700ms, clock:0.620 level:100
2024-11-22 04:20:11.851 T:4053 debug : CVideoPlayer::ProcessVideoData size:3039 dts:19.686 pts:19.686 dur:41.700ms, clock:0.623 level:100
2024-11-22 04:20:11.853 T:4053 debug : CVideoPlayer::ProcessVideoData size:2740 dts:19.728 pts:19.728 dur:41.700ms, clock:0.624 level:100
2024-11-22 04:20:11.855 T:4053 debug : CVideoPlayer::ProcessVideoData size:2524 dts:19.770 pts:19.770 dur:41.700ms, clock:0.626 level:100
2024-11-22 04:20:11.857 T:4053 debug : CVideoPlayer::ProcessVideoData size:2596 dts:19.811 pts:19.811 dur:41.700ms, clock:0.629 level:100
2024-11-22 04:20:11.859 T:4053 debug : CVideoPlayer::ProcessVideoData size:3037 dts:19.853 pts:19.853 dur:41.700ms, clock:0.631 level:100
2024-11-22 04:20:11.860 T:4053 debug : CVideoPlayer::ProcessVideoData size:1285 dts:19.895 pts:19.895 dur:41.700ms, clock:0.632 level:100
2024-11-22 04:20:11.862 T:4053 debug : CVideoPlayer::ProcessVideoData size:1940 dts:19.937 pts:19.937 dur:41.700ms, clock:0.634 level:100
2024-11-22 04:20:11.865 T:4053 debug : CVideoPlayer::ProcessVideoData size:3365 dts:19.978 pts:19.978 dur:41.700ms, clock:0.637 level:100
2024-11-22 04:20:11.867 T:4053 debug : CVideoPlayer::ProcessVideoData size:59228 dts:20.020 pts:20.020 dur:41.700ms, clock:0.639 level:100
2024-11-22 04:20:11.869 T:3827 debug : CAMLCodec::PollFrame elapsed:36.533ms
2024-11-22 04:20:11.869 T:4053 debug : CVideoPlayer::ProcessVideoData size:3606 dts:20.062 pts:20.062 dur:41.700ms, clock:0.641 level:100
2024-11-22 04:20:11.872 T:3827 debug : PrepareNextRender: frameOnScreen: 0.643 renderPts: 0.831 nextFramePts: 0.751 -> diff: 0.080 render: 1 forceNext: 0
2024-11-22 04:20:11.873 T:4053 debug : CVideoPlayer::ProcessVideoData size:2465 dts:20.103 pts:20.103 dur:41.700ms, clock:0.645 level:100
2024-11-22 04:20:11.874 T:3827 debug : CAMLCodec::ReleaseFrame idx:18, drop:0
2024-11-22 04:20:11.874 T:4057 debug : CAMLCodec::DequeueBuffer: pts:1.376 idx:33
2024-11-22 04:20:11.874 T:4057 debug : CAMLCodec::GetPicture: index: 33, pts: 1.376, dur:41.700ms ar:1.78 elf:41ms
2024-11-22 04:20:11.874 T:4057 debug : CVideoPlayerVideo::OutputPicture - ttd:730ms pts:1.376 Clock:0.646 Level:14
2024-11-22 04:20:11.875 T:4053 debug : CVideoPlayer::ProcessVideoData size:2463 dts:20.145 pts:20.145 dur:41.700ms, clock:0.646 level:100
2024-11-22 04:20:11.876 T:4053 debug : CVideoPlayer::ProcessVideoData size:2535 dts:20.187 pts:20.187 dur:41.700ms, clock:0.648 level:100
2024-11-22 04:20:11.877 T:4057 debug : CAMLCodec::AddData: dl:610496 fl:5484352 sz:2134(4096) lv:10.0% dts:5.380 pts:5.380
2024-11-22 04:20:11.879 T:4053 debug : CVideoPlayer::ProcessVideoData size:2747 dts:20.229 pts:20.229 dur:41.700ms, clock:0.651 level:100
2024-11-22 04:20:11.881 T:4053 debug : CVideoPlayer::ProcessVideoData size:2272 dts:20.270 pts:20.270 dur:41.700ms, clock:0.652 level:100
2024-11-22 04:20:11.882 T:4053 debug : CVideoPlayer::ProcessVideoData size:2116 dts:20.312 pts:20.312 dur:41.700ms, clock:0.654 level:100
2024-11-22 04:20:11.884 T:4053 debug : CVideoPlayer::ProcessVideoData size:2637 dts:20.354 pts:20.354 dur:41.700ms, clock:0.656 level:100
2024-11-22 04:20:11.887 T:4053 debug : CVideoPlayer::ProcessVideoData size:2116 dts:20.395 pts:20.395 dur:41.700ms, clock:0.658 level:100
2024-11-22 04:20:11.888 T:4053 debug : CVideoPlayer::ProcessVideoData size:2749 dts:20.437 pts:20.437 dur:41.700ms, clock:0.660 level:100
2024-11-22 04:20:11.890 T:4053 debug : CVideoPlayer::ProcessVideoData size:2314 dts:20.479 pts:20.479 dur:41.700ms, clock:0.661 level:100
2024-11-22 04:20:11.892 T:4053 debug : CVideoPlayer::ProcessVideoData size:2025 dts:20.521 pts:20.521 dur:41.700ms, clock:0.664 level:100
2024-11-22 04:20:11.894 T:4053 debug : CVideoPlayer::ProcessVideoData size:2661 dts:20.562 pts:20.562 dur:41.700ms, clock:0.666 level:100
2024-11-22 04:20:11.896 T:4053 debug : CVideoPlayer::ProcessVideoData size:2450 dts:20.604 pts:20.604 dur:41.700ms, clock:0.667 level:100
2024-11-22 04:20:11.898 T:4053 debug : CVideoPlayer::ProcessVideoData size:2518 dts:20.646 pts:20.646 dur:41.700ms, clock:0.670 level:100
2024-11-22 04:20:11.900 T:4053 debug : CVideoPlayer::ProcessVideoData size:3023 dts:20.687 pts:20.687 dur:41.700ms, clock:0.672 level:100
2024-11-22 04:20:11.902 T:4053 debug : CVideoPlayer::ProcessVideoData size:2650 dts:20.729 pts:20.729 dur:41.700ms, clock:0.674 level:100
2024-11-22 04:20:11.904 T:4053 debug : CVideoPlayer::ProcessVideoData size:2483 dts:20.771 pts:20.771 dur:41.700ms, clock:0.676 level:100
2024-11-22 04:20:11.906 T:4053 debug : CVideoPlayer::ProcessVideoData size:2675 dts:20.812 pts:20.812 dur:41.700ms, clock:0.678 level:100
2024-11-22 04:20:11.908 T:4053 debug : CVideoPlayer::ProcessVideoData size:2774 dts:20.854 pts:20.854 dur:41.700ms, clock:0.679 level:100
2024-11-22 04:20:11.909 T:4053 debug : CVideoPlayer::ProcessVideoData size:1254 dts:20.896 pts:20.896 dur:41.700ms, clock:0.681 level:100
2024-11-22 04:20:11.910 T:3827 debug : CAMLCodec::PollFrame elapsed:36.590ms
2024-11-22 04:20:11.913 T:4053 debug : CVideoPlayer::ProcessVideoData size:1949 dts:20.938 pts:20.938 dur:41.700ms, clock:0.685 level:100
2024-11-22 04:20:11.913 T:3827 debug : PrepareNextRender: frameOnScreen: 0.685 renderPts: 0.872 nextFramePts: 0.792 -> diff: 0.080 render: 1 forceNext: 0
2024-11-22 04:20:11.915 T:3827 debug : CAMLCodec::ReleaseFrame idx:19, drop:0
2024-11-22 04:20:11.916 T:4057 debug : CAMLCodec::DequeueBuffer: pts:1.418 idx:34
2024-11-22 04:20:11.916 T:4053 debug : CVideoPlayer::ProcessVideoData size:3274 dts:20.979 pts:20.979 dur:41.700ms, clock:0.687 level:100
2024-11-22 04:20:11.916 T:4057 debug : CAMLCodec::GetPicture: index: 34, pts: 1.418, dur:41.711ms ar:1.78 elf:41ms
2024-11-22 04:20:11.916 T:4057 debug : CVideoPlayerVideo::OutputPicture - ttd:730ms pts:1.418 Clock:0.688 Level:14
2024-11-22 04:20:11.918 T:4057 debug : CAMLCodec::AddData: dl:610496 fl:5484352 sz:2760(4096) lv:10.0% dts:5.422 pts:5.422
2024-11-22 04:20:11.918 T:4053 debug : CVideoPlayer::ProcessVideoData size:59068 dts:21.021 pts:21.021 dur:41.700ms, clock:0.690 level:100
2024-11-22 04:20:11.921 T:4053 debug : CVideoPlayer::ProcessVideoData size:3267 dts:21.063 pts:21.063 dur:41.700ms, clock:0.693 level:100
2024-11-22 04:20:11.922 T:4053 debug : CVideoPlayer::ProcessVideoData size:2437 dts:21.104 pts:21.104 dur:41.700ms, clock:0.694 level:100
2024-11-22 04:20:11.924 T:4053 debug : CVideoPlayer::ProcessVideoData size:2524 dts:21.146 pts:21.146 dur:41.700ms, clock:0.696 level:100
2024-11-22 04:20:11.927 T:4053 debug : CVideoPlayer::ProcessVideoData size:2526 dts:21.188 pts:21.188 dur:41.700ms, clock:0.698 level:100
2024-11-22 04:20:11.928 T:4053 debug : CVideoPlayer::ProcessVideoData size:2777 dts:21.230 pts:21.230 dur:41.700ms, clock:0.700 level:100
2024-11-22 04:20:11.930 T:4053 debug : CVideoPlayer::ProcessVideoData size:2306 dts:21.271 pts:21.271 dur:41.700ms, clock:0.701 level:100
2024-11-22 04:20:11.931 T:4053 debug : CVideoPlayer::ProcessVideoData size:2158 dts:21.313 pts:21.313 dur:41.700ms, clock:0.703 level:100
2024-11-22 04:20:11.934 T:4053 debug : CVideoPlayer::ProcessVideoData size:2631 dts:21.355 pts:21.355 dur:41.700ms, clock:0.706 level:100
2024-11-22 04:20:11.935 T:4053 debug : CVideoPlayer::ProcessVideoData size:2146 dts:21.396 pts:21.396 dur:41.700ms, clock:0.707 level:100
2024-11-22 04:20:11.937 T:4053 debug : CVideoPlayer::ProcessVideoData size:2605 dts:21.438 pts:21.438 dur:41.700ms, clock:0.709 level:100
2024-11-22 04:20:11.940 T:4053 debug : CVideoPlayer::ProcessVideoData size:2317 dts:21.480 pts:21.480 dur:41.700ms, clock:0.712 level:100
2024-11-22 04:20:11.942 T:4053 debug : CVideoPlayer::ProcessVideoData size:2018 dts:21.522 pts:21.522 dur:41.700ms, clock:0.713 level:100
2024-11-22 04:20:11.943 T:4053 debug : CVideoPlayer::ProcessVideoData size:2678 dts:21.563 pts:21.563 dur:41.700ms, clock:0.715 level:100
2024-11-22 04:20:11.946 T:4053 debug : CVideoPlayer::ProcessVideoData size:2445 dts:21.605 pts:21.605 dur:41.700ms, clock:0.717 level:100
2024-11-22 04:20:11.948 T:4053 debug : CVideoPlayer::ProcessVideoData size:2429 dts:21.647 pts:21.647 dur:41.700ms, clock:0.719 level:100
2024-11-22 04:20:11.949 T:4053 debug : CVideoPlayer::ProcessVideoData size:3032 dts:21.688 pts:21.688 dur:41.700ms, clock:0.721 level:100
2024-11-22 04:20:11.951 T:4053 debug : CVideoPlayer::ProcessVideoData size:2712 dts:21.730 pts:21.730 dur:41.700ms, clock:0.723 level:100
2024-11-22 04:20:11.952 T:3827 debug : CAMLCodec::PollFrame elapsed:36.890ms
2024-11-22 04:20:11.954 T:4053 debug : CVideoPlayer::ProcessVideoData size:2510 dts:21.772 pts:21.772 dur:41.700ms, clock:0.726 level:100
2024-11-22 04:20:11.955 T:3827 debug : PrepareNextRender: frameOnScreen: 0.727 renderPts: 0.914 nextFramePts: 0.834 -> diff: 0.080 render: 1 forceNext: 0
2024-11-22 04:20:11.956 T:4053 debug : CVideoPlayer::ProcessVideoData size:2667 dts:21.813 pts:21.813 dur:41.700ms, clock:0.728 level:100
2024-11-22 04:20:11.957 T:3827 debug : CAMLCodec::ReleaseFrame idx:20, drop:0
2024-11-22 04:20:11.957 T:4057 debug : CAMLCodec::DequeueBuffer: pts:1.460 idx:35
2024-11-22 04:20:11.957 T:4057 debug : CAMLCodec::GetPicture: index: 35, pts: 1.460, dur:41.711ms ar:1.78 elf:41ms
2024-11-22 04:20:11.957 T:4057 debug : CVideoPlayerVideo::OutputPicture - ttd:730ms pts:1.460 Clock:0.729 Level:14
2024-11-22 04:20:11.958 T:4053 debug : CVideoPlayer::ProcessVideoData size:3217 dts:21.855 pts:21.855 dur:41.700ms, clock:0.730 level:100
2024-11-22 04:20:11.960 T:4057 debug : CAMLCodec::AddData: dl:610496 fl:5484352 sz:2318(4096) lv:10.0% dts:5.464 pts:5.464
2024-11-22 04:20:11.961 T:4053 debug : CVideoPlayer::ProcessVideoData size:1276 dts:21.897 pts:21.897 dur:41.700ms, clock:0.733 level:100
2024-11-22 04:20:11.962 T:4053 debug : CVideoPlayer::ProcessVideoData size:1941 dts:21.939 pts:21.939 dur:41.700ms, clock:0.734 level:100
2024-11-22 04:20:11.965 T:4053 debug : CVideoPlayer::ProcessVideoData size:3372 dts:21.980 pts:21.980 dur:41.700ms, clock:0.736 level:100
2024-11-22 04:20:11.968 T:4053 debug : CVideoPlayer::ProcessVideoData size:59167 dts:22.022 pts:22.022 dur:41.700ms, clock:0.740 level:100
2024-11-22 04:20:11.969 T:4053 debug : CVideoPlayer::ProcessVideoData size:3603 dts:22.064 pts:22.064 dur:41.700ms, clock:0.741 level:100
2024-11-22 04:20:11.971 T:4053 debug : CVideoPlayer::ProcessVideoData size:2548 dts:22.105 pts:22.105 dur:41.700ms, clock:0.743 level:100
2024-11-22 04:20:11.974 T:4053 debug : CVideoPlayer::ProcessVideoData size:2449 dts:22.147 pts:22.147 dur:41.700ms, clock:0.745 level:100
2024-11-22 04:20:11.975 T:4053 debug : CVideoPlayer::ProcessVideoData size:2502 dts:22.189 pts:22.189 dur:41.700ms, clock:0.747 level:100
2024-11-22 04:20:11.977 T:4053 debug : CVideoPlayer::ProcessVideoData size:2742 dts:22.231 pts:22.231 dur:41.700ms, clock:0.749 level:100
2024-11-22 04:20:11.978 T:4053 debug : CVideoPlayer::ProcessVideoData size:2301 dts:22.272 pts:22.272 dur:41.700ms, clock:0.750 level:100
2024-11-22 04:20:11.981 T:4053 debug : CVideoPlayer::ProcessVideoData size:2123 dts:22.314 pts:22.314 dur:41.700ms, clock:0.753 level:100
2024-11-22 04:20:11.983 T:4053 debug : CVideoPlayer::ProcessVideoData size:2641 dts:22.356 pts:22.356 dur:41.700ms, clock:0.754 level:100
2024-11-22 04:20:11.984 T:4053 debug : CVideoPlayer::ProcessVideoData size:2109 dts:22.397 pts:22.397 dur:41.700ms, clock:0.756 level:100
2024-11-22 04:20:11.987 T:4053 debug : CVideoPlayer::ProcessVideoData size:2745 dts:22.439 pts:22.439 dur:41.700ms, clock:0.759 level:100
2024-11-22 04:20:11.989 T:4053 debug : CVideoPlayer::ProcessVideoData size:2322 dts:22.481 pts:22.481 dur:41.700ms, clock:0.760 level:100
2024-11-22 04:20:11.990 T:4053 debug : CVideoPlayer::ProcessVideoData size:2014 dts:22.523 pts:22.523 dur:41.700ms, clock:0.762 level:100
2024-11-22 04:20:11.993 T:4053 debug : CVideoPlayer::ProcessVideoData size:2679 dts:22.564 pts:22.564 dur:41.700ms, clock:0.764 level:100
2024-11-22 04:20:11.994 T:3827 debug : CAMLCodec::PollFrame elapsed:37.038ms
2024-11-22 04:20:11.996 T:4053 debug : CVideoPlayer::ProcessVideoData size:2453 dts:22.606 pts:22.606 dur:41.700ms, clock:0.767 level:100
2024-11-22 04:20:11.997 T:3827 debug : PrepareNextRender: frameOnScreen: 0.768 renderPts: 0.956 nextFramePts: 0.876 -> diff: 0.080 render: 1 forceNext: 0
2024-11-22 04:20:11.998 T:4053 debug : CVideoPlayer::ProcessVideoData size:2507 dts:22.648 pts:22.648 dur:41.700ms, clock:0.769 level:100
2024-11-22 04:20:11.999 T:3827 debug : CAMLCodec::ReleaseFrame idx:21, drop:0
2024-11-22 04:20:11.999 T:4057 debug : CAMLCodec::DequeueBuffer: pts:1.501 idx:36
2024-11-22 04:20:11.999 T:4057 debug : CAMLCodec::GetPicture: index: 36, pts: 1.501, dur:41.711ms ar:1.78 elf:41ms
2024-11-22 04:20:11.999 T:4057 debug : CVideoPlayerVideo::OutputPicture - ttd:730ms pts:1.501 Clock:0.771 Level:14
2024-11-22 04:20:11.999 T:4053 debug : CVideoPlayer::ProcessVideoData size:3037 dts:22.689 pts:22.689 dur:41.700ms, clock:0.771 level:100
2024-11-22 04:20:12.001 T:4057 debug : CAMLCodec::AddData: dl:610496 fl:5484352 sz:2251(4096) lv:10.0% dts:5.505 pts:5.505
2024-11-22 04:20:12.002 T:4053 debug : CVideoPlayer::ProcessVideoData size:2645 dts:22.731 pts:22.731 dur:41.700ms, clock:0.774 level:100
2024-11-22 04:20:12.004 T:4053 debug : CVideoPlayer::ProcessVideoData size:2480 dts:22.773 pts:22.773 dur:41.700ms, clock:0.776 level:100
2024-11-22 04:20:12.006 T:4053 debug : CVideoPlayer::ProcessVideoData size:2696 dts:22.814 pts:22.814 dur:41.700ms, clock:0.777 level:100
2024-11-22 04:20:12.008 T:4053 debug : CVideoPlayer::ProcessVideoData size:2903 dts:22.856 pts:22.856 dur:41.700ms, clock:0.780 level:100
2024-11-22 04:20:12.010 T:4053 debug : CVideoPlayer::ProcessVideoData size:1247 dts:22.898 pts:22.898 dur:41.700ms, clock:0.782 level:100
2024-11-22 04:20:12.011 T:4053 debug : CVideoPlayer::ProcessVideoData size:1951 dts:22.940 pts:22.940 dur:41.700ms, clock:0.783 level:100
2024-11-22 04:20:12.015 T:4053 debug : CVideoPlayer::ProcessVideoData size:3290 dts:22.981 pts:22.981 dur:41.700ms, clock:0.787 level:100
2024-11-22 04:20:12.017 T:4053 debug : CVideoPlayer::ProcessVideoData size:59469 dts:23.023 pts:23.023 dur:41.700ms, clock:0.789 level:100
2024-11-22 04:20:12.019 T:4053 debug : CVideoPlayer::ProcessVideoData size:3392 dts:23.065 pts:23.065 dur:41.700ms, clock:0.790 level:100
2024-11-22 04:20:12.021 T:4053 debug : CVideoPlayer::ProcessVideoData size:2702 dts:23.106 pts:23.106 dur:41.700ms, clock:0.793 level:100
2024-11-22 04:20:12.024 T:4053 debug : CVideoPlayer::ProcessVideoData size:2539 dts:23.148 pts:23.148 dur:41.700ms, clock:0.795 level:100
2024-11-22 04:20:12.025 T:4053 debug : CVideoPlayer::ProcessVideoData size:2567 dts:23.190 pts:23.190 dur:41.700ms, clock:0.797 level:100
2024-11-22 04:20:12.027 T:4053 debug : CVideoPlayer::ProcessVideoData size:2784 dts:23.232 pts:23.232 dur:41.700ms, clock:0.798 level:100
2024-11-22 04:20:12.029 T:4053 debug : CVideoPlayer::ProcessVideoData size:2287 dts:23.273 pts:23.273 dur:41.700ms, clock:0.801 level:100
2024-11-22 04:20:12.031 T:4053 debug : CVideoPlayer::ProcessVideoData size:2143 dts:23.315 pts:23.315 dur:41.700ms, clock:0.802 level:100
2024-11-22 04:20:12.033 T:4053 debug : CVideoPlayer::ProcessVideoData size:2611 dts:23.357 pts:23.357 dur:41.700ms, clock:0.804 level:100
2024-11-22 04:20:12.035 T:4053 debug : CVideoPlayer::ProcessVideoData size:2137 dts:23.398 pts:23.398 dur:41.700ms, clock:0.807 level:100
2024-11-22 04:20:12.036 T:3827 debug : CAMLCodec::PollFrame elapsed:36.739ms
2024-11-22 04:20:12.037 T:4053 debug : CVideoPlayer::ProcessVideoData size:2757 dts:23.440 pts:23.440 dur:41.700ms, clock:0.809 level:100
2024-11-22 04:20:12.039 T:3827 debug : PrepareNextRender: frameOnScreen: 0.810 renderPts: 0.998 nextFramePts: 0.918 -> diff: 0.080 render: 1 forceNext: 0
2024-11-22 04:20:12.039 T:4053 debug : CVideoPlayer::ProcessVideoData size:2318 dts:23.482 pts:23.482 dur:41.700ms, clock:0.811 level:100
2024-11-22 04:20:12.040 T:3827 debug : CAMLCodec::ReleaseFrame idx:22, drop:0
2024-11-22 04:20:12.041 T:4057 debug : CAMLCodec::DequeueBuffer: pts:1.543 idx:37
2024-11-22 04:20:12.041 T:4057 debug : CAMLCodec::GetPicture: index: 37, pts: 1.543, dur:41.700ms ar:1.78 elf:41ms
2024-11-22 04:20:12.041 T:4057 debug : CVideoPlayerVideo::OutputPicture - ttd:730ms pts:1.543 Clock:0.813 Level:14
2024-11-22 04:20:12.042 T:4053 debug : CVideoPlayer::ProcessVideoData size:2027 dts:23.524 pts:23.524 dur:41.700ms, clock:0.814 level:100
2024-11-22 04:20:12.043 T:4057 debug : CAMLCodec::AddData: dl:610496 fl:5484352 sz:2696(4096) lv:10.0% dts:5.547 pts:5.547
2024-11-22 04:20:12.044 T:4053 debug : CVideoPlayer::ProcessVideoData size:2680 dts:23.565 pts:23.565 dur:41.700ms, clock:0.816 level:100
2024-11-22 04:20:12.046 T:4053 debug : CVideoPlayer::ProcessVideoData size:2452 dts:23.607 pts:23.607 dur:41.700ms, clock:0.817 level:100
2024-11-22 04:20:12.047 T:4053 debug : CVideoPlayer::ProcessVideoData size:2429 dts:23.649 pts:23.649 dur:41.700ms, clock:0.819 level:100
2024-11-22 04:20:12.050 T:4053 debug : CVideoPlayer::ProcessVideoData size:3037 dts:23.690 pts:23.690 dur:41.700ms, clock:0.822 level:100
2024-11-22 04:20:12.052 T:4053 debug : CVideoPlayer::ProcessVideoData size:2727 dts:23.732 pts:23.732 dur:41.700ms, clock:0.823 level:100
2024-11-22 04:20:12.053 T:4053 debug : CVideoPlayer::ProcessVideoData size:2506 dts:23.774 pts:23.774 dur:41.700ms, clock:0.825 level:100
2024-11-22 04:20:12.056 T:4053 debug : CVideoPlayer::ProcessVideoData size:2666 dts:23.815 pts:23.815 dur:41.700ms, clock:0.828 level:100
2024-11-22 04:20:12.058 T:4053 debug : CVideoPlayer::ProcessVideoData size:2766 dts:23.857 pts:23.857 dur:41.700ms, clock:0.829 level:100
2024-11-22 04:20:12.059 T:4053 debug : CVideoPlayer::ProcessVideoData size:1297 dts:23.899 pts:23.899 dur:41.700ms, clock:0.831 level:100
2024-11-22 04:20:12.061 T:4053 debug : CVideoPlayer::ProcessVideoData size:1944 dts:23.941 pts:23.941 dur:41.700ms, clock:0.833 level:100
2024-11-22 04:20:12.064 T:4053 debug : CVideoPlayer::ProcessVideoData size:3105 dts:23.982 pts:23.982 dur:41.700ms, clock:0.836 level:100
2024-11-22 04:20:12.066 T:4053 debug : CVideoPlayer::ProcessVideoData size:59096 dts:24.024 pts:24.024 dur:41.700ms, clock:0.838 level:100
2024-11-22 04:20:12.068 T:4053 debug : CVideoPlayer::ProcessVideoData size:3600 dts:24.066 pts:24.066 dur:41.700ms, clock:0.840 level:100
2024-11-22 04:20:12.071 T:4053 debug : CVideoPlayer::ProcessVideoData size:2708 dts:24.107 pts:24.107 dur:41.700ms, clock:0.843 level:100
2024-11-22 04:20:12.072 T:4053 debug : CVideoPlayer::ProcessVideoData size:2447 dts:24.149 pts:24.149 dur:41.700ms, clock:0.844 level:100
2024-11-22 04:20:12.074 T:4053 debug : CVideoPlayer::ProcessVideoData size:2297 dts:24.191 pts:24.191 dur:41.700ms, clock:0.846 level:100
2024-11-22 04:20:12.077 T:4053 debug : CVideoPlayer::ProcessVideoData size:2746 dts:24.233 pts:24.233 dur:41.700ms, clock:0.848 level:100
2024-11-22 04:20:12.077 T:3827 debug : CAMLCodec::PollFrame elapsed:36.692ms
2024-11-22 04:20:12.080 T:4053 debug : CVideoPlayer::ProcessVideoData size:2306 dts:24.274 pts:24.274 dur:41.700ms, clock:0.851 level:100
2024-11-22 04:20:12.081 T:3827 debug : PrepareNextRender: frameOnScreen: 0.853 renderPts: 1.040 nextFramePts: 0.959 -> diff: 0.081 render: 1 forceNext: 0
2024-11-22 04:20:12.082 T:4053 debug : CVideoPlayer::ProcessVideoData size:2114 dts:24.316 pts:24.316 dur:41.700ms, clock:0.853 level:100
2024-11-22 04:20:12.083 T:3827 debug : CAMLCodec::ReleaseFrame idx:23, drop:0
2024-11-22 04:20:12.084 T:4057 debug : CAMLCodec::DequeueBuffer: pts:1.585 idx:38
2024-11-22 04:20:12.084 T:4057 debug : CAMLCodec::GetPicture: index: 38, pts: 1.585, dur:41.712ms ar:1.78 elf:43ms
2024-11-22 04:20:12.084 T:4057 debug : CVideoPlayerVideo::OutputPicture - ttd:729ms pts:1.585 Clock:0.856 Level:14
2024-11-22 04:20:12.084 T:4053 debug : CVideoPlayer::ProcessVideoData size:2641 dts:24.358 pts:24.358 dur:41.700ms, clock:0.856 level:100
2024-11-22 04:20:12.086 T:4057 debug : CAMLCodec::AddData: dl:610496 fl:5484352 sz:2448(4096) lv:10.0% dts:5.589 pts:5.589
2024-11-22 04:20:12.086 T:4053 debug : CVideoPlayer::ProcessVideoData size:2111 dts:24.399 pts:24.399 dur:41.700ms, clock:0.858 level:100
2024-11-22 04:20:12.088 T:4053 debug : CVideoPlayer::ProcessVideoData size:2743 dts:24.441 pts:24.441 dur:41.700ms, clock:0.859 level:100
2024-11-22 04:20:12.090 T:4053 debug : CVideoPlayer::ProcessVideoData size:2314 dts:24.483 pts:24.483 dur:41.700ms, clock:0.862 level:100
2024-11-22 04:20:12.092 T:4053 debug : CVideoPlayer::ProcessVideoData size:2017 dts:24.525 pts:24.525 dur:41.700ms, clock:0.864 level:100
2024-11-22 04:20:12.094 T:4053 debug : CVideoPlayer::ProcessVideoData size:2656 dts:24.566 pts:24.566 dur:41.700ms, clock:0.865 level:100
2024-11-22 04:20:12.095 T:4053 debug : CVideoPlayer::ProcessVideoData size:2255 dts:24.608 pts:24.608 dur:41.700ms, clock:0.867 level:100
2024-11-22 04:20:12.098 T:4053 debug : CVideoPlayer::ProcessVideoData size:2530 dts:24.650 pts:24.650 dur:41.700ms, clock:0.869 level:100
2024-11-22 04:20:12.099 T:4053 debug : CVideoPlayer::ProcessVideoData size:3034 dts:24.691 pts:24.691 dur:41.700ms, clock:0.871 level:100
2024-11-22 04:20:12.101 T:4053 debug : CVideoPlayer::ProcessVideoData size:2644 dts:24.733 pts:24.733 dur:41.700ms, clock:0.873 level:100
2024-11-22 04:20:12.104 T:4053 debug : CVideoPlayer::ProcessVideoData size:2486 dts:24.775 pts:24.775 dur:41.700ms, clock:0.876 level:100
2024-11-22 04:20:12.105 T:4053 debug : CVideoPlayer::ProcessVideoData size:2695 dts:24.816 pts:24.816 dur:41.700ms, clock:0.877 level:100
2024-11-22 04:20:12.107 T:4053 debug : CVideoPlayer::ProcessVideoData size:3173 dts:24.858 pts:24.858 dur:41.700ms, clock:0.879 level:100
2024-11-22 04:20:12.111 T:4053 debug : CVideoPlayer::ProcessVideoData size:1241 dts:24.900 pts:24.900 dur:41.700ms, clock:0.882 level:100
2024-11-22 04:20:12.112 T:4053 debug : CVideoPlayer::ProcessVideoData size:1942 dts:24.942 pts:24.942 dur:41.700ms, clock:0.884 level:100
2024-11-22 04:20:12.114 T:4053 debug : CVideoPlayer::ProcessVideoData size:3285 dts:24.983 pts:24.983 dur:41.700ms, clock:0.886 level:100
2024-11-22 04:20:12.117 T:4053 debug : CVideoPlayer::ProcessVideoData size:59457 dts:25.025 pts:25.025 dur:41.700ms, clock:0.889 level:100
2024-11-22 04:20:12.119 T:3827 debug : CAMLCodec::PollFrame elapsed:36.065ms
2024-11-22 04:20:12.120 T:4053 debug : CVideoPlayer::ProcessVideoData size:3395 dts:25.067 pts:25.067 dur:41.700ms, clock:0.891 level:100
2024-11-22 04:20:12.121 T:4053 debug : CVideoPlayer::ProcessVideoData size:2570 dts:25.108 pts:25.108 dur:41.700ms, clock:0.893 level:100
2024-11-22 04:20:12.123 T:3827 debug : PrepareNextRender: frameOnScreen: 0.894 renderPts: 1.082 nextFramePts: 1.001 -> diff: 0.081 render: 1 forceNext: 0
2024-11-22 04:20:12.123 T:4053 debug : CVideoPlayer::ProcessVideoData size:2539 dts:25.150 pts:25.150 dur:41.700ms, clock:0.895 level:100
2024-11-22 04:20:12.124 T:3827 debug : CAMLCodec::ReleaseFrame idx:24, drop:0
2024-11-22 04:20:12.125 T:4057 debug : CAMLCodec::DequeueBuffer: pts:1.627 idx:39
2024-11-22 04:20:12.125 T:4057 debug : CAMLCodec::GetPicture: index: 39, pts: 1.627, dur:41.711ms ar:1.78 elf:40ms
2024-11-22 04:20:12.125 T:4057 debug : CVideoPlayerVideo::OutputPicture - ttd:730ms pts:1.627 Clock:0.896 Level:14
2024-11-22 04:20:12.126 T:4057 debug : CAMLCodec::AddData: dl:610496 fl:5484352 sz:2181(4096) lv:10.0% dts:5.631 pts:5.631
2024-11-22 04:20:12.126 T:4053 debug : CVideoPlayer::ProcessVideoData size:2564 dts:25.192 pts:25.192 dur:41.700ms, clock:0.898 level:100
2024-11-22 04:20:12.128 T:4053 debug : CVideoPlayer::ProcessVideoData size:2562 dts:25.234 pts:25.234 dur:41.700ms, clock:0.900 level:100
2024-11-22 04:20:12.129 T:4053 debug : CVideoPlayer::ProcessVideoData size:2286 dts:25.275 pts:25.275 dur:41.700ms, clock:0.901 level:100
2024-11-22 04:20:12.132 T:4053 debug : CVideoPlayer::ProcessVideoData size:2153 dts:25.317 pts:25.317 dur:41.700ms, clock:0.904 level:100
2024-11-22 04:20:12.134 T:4053 debug : CVideoPlayer::ProcessVideoData size:2613 dts:25.359 pts:25.359 dur:41.700ms, clock:0.906 level:100
2024-11-22 04:20:12.136 T:4053 debug : CVideoPlayer::ProcessVideoData size:2142 dts:25.400 pts:25.400 dur:41.700ms, clock:0.907 level:100
2024-11-22 04:20:12.138 T:4053 debug : CVideoPlayer::ProcessVideoData size:2751 dts:25.442 pts:25.442 dur:41.700ms, clock:0.909 level:100
2024-11-22 04:20:12.140 T:4053 debug : CVideoPlayer::ProcessVideoData size:2318 dts:25.484 pts:25.484 dur:41.700ms, clock:0.912 level:100
2024-11-22 04:20:12.142 T:4053 debug : CVideoPlayer::ProcessVideoData size:2016 dts:25.526 pts:25.526 dur:41.700ms, clock:0.913 level:100
2024-11-22 04:20:12.143 T:4053 debug : CVideoPlayer::ProcessVideoData size:2689 dts:25.567 pts:25.567 dur:41.700ms, clock:0.915 level:100
2024-11-22 04:20:12.146 T:4053 debug : CVideoPlayer::ProcessVideoData size:2447 dts:25.609 pts:25.609 dur:41.700ms, clock:0.918 level:100
2024-11-22 04:20:12.148 T:4053 debug : CVideoPlayer::ProcessVideoData size:2427 dts:25.651 pts:25.651 dur:41.700ms, clock:0.919 level:100
2024-11-22 04:20:12.149 T:4053 debug : CVideoPlayer::ProcessVideoData size:3036 dts:25.692 pts:25.692 dur:41.700ms, clock:0.921 level:100
2024-11-22 04:20:12.152 T:4053 debug : CVideoPlayer::ProcessVideoData size:2725 dts:25.734 pts:25.734 dur:41.700ms, clock:0.924 level:100
2024-11-22 04:20:12.154 T:4053 debug : CVideoPlayer::ProcessVideoData size:2516 dts:25.776 pts:25.776 dur:41.700ms, clock:0.926 level:100
2024-11-22 04:20:12.156 T:4053 debug : CVideoPlayer::ProcessVideoData size:2661 dts:25.817 pts:25.817 dur:41.700ms, clock:0.927 level:100
2024-11-22 04:20:12.159 T:4053 debug : CVideoPlayer::ProcessVideoData size:3225 dts:25.859 pts:25.859 dur:41.700ms, clock:0.930 level:100
2024-11-22 04:20:12.160 T:4053 debug : CVideoPlayer::ProcessVideoData size:1285 dts:25.901 pts:25.901 dur:41.700ms, clock:0.932 level:100
2024-11-22 04:20:12.161 T:3827 debug : CAMLCodec::PollFrame elapsed:36.245ms
2024-11-22 04:20:12.163 T:4053 debug : CVideoPlayer::ProcessVideoData size:1937 dts:25.943 pts:25.943 dur:41.700ms, clock:0.935 level:100
2024-11-22 04:20:12.163 T:3827 debug : PrepareNextRender: frameOnScreen: 0.935 renderPts: 1.123 nextFramePts: 1.043 -> diff: 0.080 render: 1 forceNext: 0
2024-11-22 04:20:12.165 T:3827 debug : CAMLCodec::ReleaseFrame idx:25, drop:0
2024-11-22 04:20:12.166 T:4057 debug : CAMLCodec::DequeueBuffer: pts:1.668 idx:40
2024-11-22 04:20:12.166 T:4057 debug : CAMLCodec::GetPicture: index: 40, pts: 1.668, dur:41.711ms ar:1.78 elf:40ms
2024-11-22 04:20:12.166 T:4057 debug : CVideoPlayerVideo::OutputPicture - ttd:730ms pts:1.668 Clock:0.938 Level:14
2024-11-22 04:20:12.167 T:4053 debug : CVideoPlayer::ProcessVideoData size:3373 dts:25.984 pts:25.984 dur:41.700ms, clock:0.939 level:100
2024-11-22 04:20:12.169 T:4057 debug : CAMLCodec::AddData: dl:610496 fl:5484352 sz:2997(4096) lv:10.0% dts:5.672 pts:5.672
2024-11-22 04:20:12.170 T:4053 debug : CVideoPlayer::ProcessVideoData size:59381 dts:26.026 pts:26.026 dur:41.700ms, clock:0.941 level:100
2024-11-22 04:20:12.172 T:4053 debug : CVideoPlayer::ProcessVideoData size:3598 dts:26.068 pts:26.068 dur:41.700ms, clock:0.943 level:100
2024-11-22 04:20:12.174 T:4053 debug : CVideoPlayer::ProcessVideoData size:2702 dts:26.109 pts:26.109 dur:41.700ms, clock:0.945 level:100
2024-11-22 04:20:12.176 T:4053 debug : CVideoPlayer::ProcessVideoData size:2454 dts:26.151 pts:26.151 dur:41.700ms, clock:0.948 level:100
2024-11-22 04:20:12.178 T:4053 debug : CVideoPlayer::ProcessVideoData size:2535 dts:26.193 pts:26.193 dur:41.700ms, clock:0.950 level:100
2024-11-22 04:20:12.180 T:4053 debug : CVideoPlayer::ProcessVideoData size:2721 dts:26.235 pts:26.235 dur:41.700ms, clock:0.951 level:100
2024-11-22 04:20:12.182 T:4053 debug : CVideoPlayer::ProcessVideoData size:2015 dts:26.276 pts:26.276 dur:41.700ms, clock:0.954 level:100
2024-11-22 04:20:12.184 T:4053 debug : CVideoPlayer::ProcessVideoData size:2113 dts:26.318 pts:26.318 dur:41.700ms, clock:0.956 level:100
2024-11-22 04:20:12.185 T:4053 debug : CVideoPlayer::ProcessVideoData size:2636 dts:26.360 pts:26.360 dur:41.700ms, clock:0.957 level:100
2024-11-22 04:20:12.187 T:4053 debug : CVideoPlayer::ProcessVideoData size:2101 dts:26.401 pts:26.401 dur:41.700ms, clock:0.959 level:100
2024-11-22 04:20:12.190 T:4053 debug : CVideoPlayer::ProcessVideoData size:2756 dts:26.443 pts:26.443 dur:41.700ms, clock:0.961 level:100
2024-11-22 04:20:12.191 T:4053 debug : CVideoPlayer::ProcessVideoData size:2313 dts:26.485 pts:26.485 dur:41.700ms, clock:0.963 level:100
2024-11-22 04:20:12.193 T:4053 debug : CVideoPlayer::ProcessVideoData size:2024 dts:26.527 pts:26.527 dur:41.700ms, clock:0.965 level:100
2024-11-22 04:20:12.196 T:4053 debug : CVideoPlayer::ProcessVideoData size:2656 dts:26.568 pts:26.568 dur:41.700ms, clock:0.968 level:100
2024-11-22 04:20:12.198 T:4053 debug : CVideoPlayer::ProcessVideoData size:2461 dts:26.610 pts:26.610 dur:41.700ms, clock:0.970 level:100
2024-11-22 04:20:12.200 T:4053 debug : CVideoPlayer::ProcessVideoData size:2508 dts:26.652 pts:26.652 dur:41.700ms, clock:0.971 level:100
2024-11-22 04:20:12.202 T:3827 debug : CAMLCodec::PollFrame elapsed:36.856ms
2024-11-22 04:20:12.202 T:4053 debug : CVideoPlayer::ProcessVideoData size:3028 dts:26.693 pts:26.693 dur:41.700ms, clock:0.974 level:100
2024-11-22 04:20:12.205 T:4053 debug : CVideoPlayer::ProcessVideoData size:2673 dts:26.735 pts:26.735 dur:41.700ms, clock:0.977 level:100
2024-11-22 04:20:12.206 T:3827 debug : PrepareNextRender: frameOnScreen: 0.977 renderPts: 1.165 nextFramePts: 1.084 -> diff: 0.081 render: 1 forceNext: 0
2024-11-22 04:20:12.207 T:4053 debug : CVideoPlayer::ProcessVideoData size:2485 dts:26.777 pts:26.777 dur:41.700ms, clock:0.979 level:100
2024-11-22 04:20:12.208 T:3827 debug : CAMLCodec::ReleaseFrame idx:26, drop:0
2024-11-22 04:20:12.208 T:4057 debug : CAMLCodec::DequeueBuffer: pts:1.710 idx:41
2024-11-22 04:20:12.208 T:4057 debug : CAMLCodec::GetPicture: index: 41, pts: 1.710, dur:41.700ms ar:1.78 elf:42ms
2024-11-22 04:20:12.208 T:4057 debug : CVideoPlayerVideo::OutputPicture - ttd:729ms pts:1.710 Clock:0.980 Level:14
2024-11-22 04:20:12.210 T:4057 debug : CAMLCodec::AddData: dl:610496 fl:5484352 sz:2731(4096) lv:10.0% dts:5.714 pts:5.714
2024-11-22 04:20:12.210 T:4053 debug : CVideoPlayer::ProcessVideoData size:2679 dts:26.818 pts:26.818 dur:41.700ms, clock:0.982 level:100
2024-11-22 04:20:12.212 T:4053 debug : CVideoPlayer::ProcessVideoData size:2723 dts:26.860 pts:26.860 dur:41.700ms, clock:0.983 level:100
2024-11-22 04:20:12.213 T:4053 debug : CVideoPlayer::ProcessVideoData size:1252 dts:26.902 pts:26.902 dur:41.700ms, clock:0.985 level:100
2024-11-22 04:20:12.215 T:4053 debug : CVideoPlayer::ProcessVideoData size:1944 dts:26.944 pts:26.944 dur:41.700ms, clock:0.987 level:100
2024-11-22 04:20:12.219 T:4053 debug : CVideoPlayer::ProcessVideoData size:3276 dts:26.985 pts:26.985 dur:41.700ms, clock:0.990 level:100
2024-11-22 04:20:12.221 T:4053 debug : CVideoPlayer::ProcessVideoData size:59152 dts:27.027 pts:27.027 dur:41.700ms, clock:0.993 level:100
2024-11-22 04:20:12.223 T:4053 debug : CVideoPlayer::ProcessVideoData size:3395 dts:27.069 pts:27.069 dur:41.700ms, clock:0.995 level:100
2024-11-22 04:20:12.225 T:4053 debug : CVideoPlayer::ProcessVideoData size:2702 dts:27.110 pts:27.110 dur:41.700ms, clock:0.997 level:100
2024-11-22 04:20:12.227 T:4053 debug : CVideoPlayer::ProcessVideoData size:2539 dts:27.152 pts:27.152 dur:41.700ms, clock:0.999 level:100
2024-11-22 04:20:12.229 T:4053 debug : CVideoPlayer::ProcessVideoData size:2550 dts:27.194 pts:27.194 dur:41.700ms, clock:1.000 level:100
2024-11-22 04:20:12.231 T:4053 debug : CVideoPlayer::ProcessVideoData size:2769 dts:27.236 pts:27.236 dur:41.700ms, clock:1.003 level:100
2024-11-22 04:20:12.233 T:4053 debug : CVideoPlayer::ProcessVideoData size:2298 dts:27.277 pts:27.277 dur:41.700ms, clock:1.005 level:100
2024-11-22 04:20:12.234 T:4053 debug : CVideoPlayer::ProcessVideoData size:1911 dts:27.319 pts:27.319 dur:41.700ms, clock:1.006 level:100
2024-11-22 04:20:12.236 T:4053 debug : CVideoPlayer::ProcessVideoData size:2620 dts:27.361 pts:27.361 dur:41.700ms, clock:1.008 level:100
2024-11-22 04:20:12.239 T:4053 debug : CVideoPlayer::ProcessVideoData size:2118 dts:27.402 pts:27.402 dur:41.700ms, clock:1.011 level:100
2024-11-22 04:20:12.240 T:4053 debug : CVideoPlayer::ProcessVideoData size:2787 dts:27.444 pts:27.444 dur:41.700ms, clock:1.012 level:100
2024-11-22 04:20:12.242 T:4053 debug : CVideoPlayer::ProcessVideoData size:2318 dts:27.486 pts:27.486 dur:41.700ms, clock:1.014 level:100
2024-11-22 04:20:12.244 T:3827 debug : CAMLCodec::PollFrame elapsed:36.316ms
2024-11-22 04:20:12.245 T:4053 debug : CVideoPlayer::ProcessVideoData size:2016 dts:27.528 pts:27.528 dur:41.700ms, clock:1.016 level:100
2024-11-22 04:20:12.248 T:4053 debug : CVideoPlayer::ProcessVideoData size:2682 dts:27.569 pts:27.569 dur:41.700ms, clock:1.019 level:100
2024-11-22 04:20:12.248 T:3827 debug : PrepareNextRender: frameOnScreen: 1.020 renderPts: 1.207 nextFramePts: 1.126 -> diff: 0.081 render: 1 forceNext: 0
2024-11-22 04:20:12.249 T:4053 debug : CVideoPlayer::ProcessVideoData size:2430 dts:27.611 pts:27.611 dur:41.700ms, clock:1.021 level:100
2024-11-22 04:20:12.249 T:3827 debug : CAMLCodec::ReleaseFrame idx:27, drop:0
2024-11-22 04:20:12.251 T:4057 debug : CAMLCodec::DequeueBuffer: pts:1.752 idx:42
2024-11-22 04:20:12.251 T:4057 debug : CAMLCodec::GetPicture: index: 42, pts: 1.752, dur:41.711ms ar:1.78 elf:42ms
2024-11-22 04:20:12.251 T:4057 debug : CVideoPlayerVideo::OutputPicture - ttd:729ms pts:1.752 Clock:1.023 Level:14
2024-11-22 04:20:12.252 T:4057 debug : CAMLCodec::AddData: dl:610496 fl:5484352 sz:2507(4096) lv:10.0% dts:5.756 pts:5.756
2024-11-22 04:20:12.252 T:4053 debug : CVideoPlayer::ProcessVideoData size:2436 dts:27.653 pts:27.653 dur:41.700ms, clock:1.024 level:100
2024-11-22 04:20:12.254 T:4053 debug : CVideoPlayer::ProcessVideoData size:3033 dts:27.694 pts:27.694 dur:41.700ms, clock:1.025 level:100
2024-11-22 04:20:12.255 T:4053 debug : CVideoPlayer::ProcessVideoData size:2633 dts:27.736 pts:27.736 dur:41.700ms, clock:1.027 level:100
2024-11-22 04:20:12.257 T:4053 debug : CVideoPlayer::ProcessVideoData size:2523 dts:27.778 pts:27.778 dur:41.700ms, clock:1.029 level:100
2024-11-22 04:20:12.260 T:4053 debug : CVideoPlayer::ProcessVideoData size:2664 dts:27.819 pts:27.819 dur:41.700ms, clock:1.032 level:100
2024-11-22 04:20:12.262 T:4053 debug : CVideoPlayer::ProcessVideoData size:2757 dts:27.861 pts:27.861 dur:41.700ms, clock:1.033 level:100
2024-11-22 04:20:12.263 T:4053 debug : CVideoPlayer::ProcessVideoData size:1290 dts:27.903 pts:27.903 dur:41.700ms, clock:1.035 level:100
2024-11-22 04:20:12.266 T:4053 debug : CVideoPlayer::ProcessVideoData size:1943 dts:27.945 pts:27.945 dur:41.700ms, clock:1.038 level:100
2024-11-22 04:20:12.268 T:4053 debug : CVideoPlayer::ProcessVideoData size:3379 dts:27.986 pts:27.986 dur:41.700ms, clock:1.040 level:100
2024-11-22 04:20:12.270 T:4053 debug : CVideoPlayer::ProcessVideoData size:59399 dts:28.028 pts:28.028 dur:41.700ms, clock:1.042 level:100
2024-11-22 04:20:12.273 T:4053 debug : CVideoPlayer::ProcessVideoData size:3602 dts:28.070 pts:28.070 dur:41.700ms, clock:1.045 level:100
2024-11-22 04:20:12.275 T:4053 debug : CVideoPlayer::ProcessVideoData size:2702 dts:28.111 pts:28.111 dur:41.700ms, clock:1.047 level:100
2024-11-22 04:20:12.276 T:4053 debug : CVideoPlayer::ProcessVideoData size:2446 dts:28.153 pts:28.153 dur:41.700ms, clock:1.048 level:100
2024-11-22 04:20:12.279 T:3858 debug : ActiveAE::SyncStream - average error 106.002519 above threshold of 100.000000
2024-11-22 04:20:12.279 T:3858 debug : ActiveAE::SyncStream - average error 26.002519 below threshold of 30.000000
2024-11-22 04:20:12.279 T:4053 debug : CVideoPlayer::ProcessVideoData size:2545 dts:28.195 pts:28.195 dur:41.700ms, clock:1.051 level:100
2024-11-22 04:20:12.281 T:4053 debug : CVideoPlayer::ProcessVideoData size:2753 dts:28.237 pts:28.237 dur:41.700ms, clock:1.053 level:100
2024-11-22 04:20:12.282 T:4053 debug : CVideoPlayer::ProcessVideoData size:2265 dts:28.278 pts:28.278 dur:41.700ms, clock:1.054 level:100
2024-11-22 04:20:12.284 T:4053 debug : CVideoPlayer::ProcessVideoData size:2118 dts:28.320 pts:28.320 dur:41.700ms, clock:1.056 level:100
2024-11-22 04:20:12.286 T:3827 debug : CAMLCodec::PollFrame elapsed:36.132ms
2024-11-22 04:20:12.288 T:4053 debug : CVideoPlayer::ProcessVideoData size:2385 dts:28.362 pts:28.362 dur:41.700ms, clock:1.059 level:100
2024-11-22 04:20:12.289 T:4053 debug : CVideoPlayer::ProcessVideoData size:2099 dts:28.403 pts:28.403 dur:41.700ms, clock:1.061 level:100
2024-11-22 04:20:12.290 T:3827 debug : PrepareNextRender: frameOnScreen: 1.062 renderPts: 1.249 nextFramePts: 1.168 -> diff: 0.081 render: 1 forceNext: 0
2024-11-22 04:20:12.291 T:4053 debug : CVideoPlayer::ProcessVideoData size:2733 dts:28.445 pts:28.445 dur:41.700ms, clock:1.063 level:100
2024-11-22 04:20:12.292 T:3827 debug : CAMLCodec::ReleaseFrame idx:28, drop:0
2024-11-22 04:20:12.292 T:4057 debug : CAMLCodec::DequeueBuffer: pts:1.793 idx:43
2024-11-22 04:20:12.293 T:4057 debug : CAMLCodec::GetPicture: index: 43, pts: 1.793, dur:41.711ms ar:1.78 elf:41ms
2024-11-22 04:20:12.293 T:4057 debug : CVideoPlayerVideo::OutputPicture - ttd:729ms pts:1.793 Clock:1.064 Level:14
2024-11-22 04:20:12.294 T:4057 debug : CAMLCodec::AddData: dl:610496 fl:5484352 sz:2665(4096) lv:10.0% dts:5.797 pts:5.797
2024-11-22 04:20:12.294 T:4053 debug : CVideoPlayer::ProcessVideoData size:2314 dts:28.487 pts:28.487 dur:41.700ms, clock:1.066 level:100
2024-11-22 04:20:12.296 T:4053 debug : CVideoPlayer::ProcessVideoData size:2016 dts:28.529 pts:28.529 dur:41.700ms, clock:1.068 level:100
2024-11-22 04:20:12.297 T:4053 debug : CVideoPlayer::ProcessVideoData size:2652 dts:28.570 pts:28.570 dur:41.700ms, clock:1.069 level:100
2024-11-22 04:20:12.300 T:4053 debug : CVideoPlayer::ProcessVideoData size:2450 dts:28.612 pts:28.612 dur:41.700ms, clock:1.072 level:100
2024-11-22 04:20:12.302 T:4053 debug : CVideoPlayer::ProcessVideoData size:2522 dts:28.654 pts:28.654 dur:41.700ms, clock:1.073 level:100
2024-11-22 04:20:12.303 T:4053 debug : CVideoPlayer::ProcessVideoData size:3024 dts:28.695 pts:28.695 dur:41.700ms, clock:1.075 level:100
2024-11-22 04:20:12.305 T:4053 debug : CVideoPlayer::ProcessVideoData size:2652 dts:28.737 pts:28.737 dur:41.700ms, clock:1.077 level:100
2024-11-22 04:20:12.308 T:4053 debug : CVideoPlayer::ProcessVideoData size:2322 dts:28.779 pts:28.779 dur:41.700ms, clock:1.079 level:100
2024-11-22 04:20:12.309 T:4053 debug : CVideoPlayer::ProcessVideoData size:2676 dts:28.820 pts:28.820 dur:41.700ms, clock:1.081 level:100
2024-11-22 04:20:12.311 T:4053 debug : CVideoPlayer::ProcessVideoData size:2725 dts:28.862 pts:28.862 dur:41.700ms, clock:1.082 level:100
2024-11-22 04:20:12.313 T:4053 debug : CVideoPlayer::ProcessVideoData size:1242 dts:28.904 pts:28.904 dur:41.700ms, clock:1.085 level:100
2024-11-22 04:20:12.315 T:4053 debug : CVideoPlayer::ProcessVideoData size:1944 dts:28.946 pts:28.946 dur:41.700ms, clock:1.087 level:100
2024-11-22 04:20:12.317 T:4053 debug : CVideoPlayer::ProcessVideoData size:3283 dts:28.987 pts:28.987 dur:41.700ms, clock:1.089 level:100
2024-11-22 04:20:12.321 T:4053 debug : CVideoPlayer::ProcessVideoData size:59529 dts:29.029 pts:29.029 dur:41.700ms, clock:1.092 level:100
2024-11-22 04:20:12.323 T:4053 debug : CVideoPlayer::ProcessVideoData size:3392 dts:29.071 pts:29.071 dur:41.700ms, clock:1.094 level:100
2024-11-22 04:20:12.324 T:4053 debug : CVideoPlayer::ProcessVideoData size:2707 dts:29.112 pts:29.112 dur:41.700ms, clock:1.096 level:100
2024-11-22 04:20:12.326 T:4053 debug : CVideoPlayer::ProcessVideoData size:2535 dts:29.154 pts:29.154 dur:41.700ms, clock:1.098 level:100
2024-11-22 04:20:12.327 T:3827 debug : CAMLCodec::PollFrame elapsed:35.716ms
2024-11-22 04:20:12.328 T:4053 debug : CVideoPlayer::ProcessVideoData size:2544 dts:29.196 pts:29.196 dur:41.700ms, clock:1.100 level:100
2024-11-22 04:20:12.331 T:4053 debug : CVideoPlayer::ProcessVideoData size:2776 dts:29.238 pts:29.238 dur:41.700ms, clock:1.102 level:100
2024-11-22 04:20:12.331 T:3827 debug : PrepareNextRender: frameOnScreen: 1.103 renderPts: 1.290 nextFramePts: 1.210 -> diff: 0.081 render: 1 forceNext: 0
2024-11-22 04:20:12.332 T:4053 debug : CVideoPlayer::ProcessVideoData size:2284 dts:29.279 pts:29.279 dur:41.700ms, clock:1.104 level:100
2024-11-22 04:20:12.332 T:3827 debug : CAMLCodec::ReleaseFrame idx:29, drop:0
2024-11-22 04:20:12.334 T:4057 debug : CAMLCodec::DequeueBuffer: pts:1.835 idx:44
2024-11-22 04:20:12.334 T:4057 debug : CAMLCodec::GetPicture: index: 44, pts: 1.835, dur:41.711ms ar:1.78 elf:41ms
2024-11-22 04:20:12.334 T:4057 debug : CVideoPlayerVideo::OutputPicture - ttd:729ms pts:1.835 Clock:1.106 Level:14
2024-11-22 04:20:12.335 T:4053 debug : CVideoPlayer::ProcessVideoData size:2134 dts:29.321 pts:29.321 dur:41.700ms, clock:1.107 level:100
2024-11-22 04:20:12.336 T:4057 debug : CAMLCodec::AddData: dl:610496 fl:5484352 sz:3210(4096) lv:10.0% dts:5.839 pts:5.839
2024-11-22 04:20:12.337 T:4053 debug : CVideoPlayer::ProcessVideoData size:2626 dts:29.363 pts:29.363 dur:41.700ms, clock:1.108 level:100
2024-11-22 04:20:12.338 T:4053 debug : CVideoPlayer::ProcessVideoData size:2001 dts:29.404 pts:29.404 dur:41.700ms, clock:1.110 level:100
2024-11-22 04:20:12.341 T:4053 debug : CVideoPlayer::ProcessVideoData size:2770 dts:29.446 pts:29.446 dur:41.700ms, clock:1.113 level:100
2024-11-22 04:20:12.342 T:4053 debug : CVideoPlayer::ProcessVideoData size:2318 dts:29.488 pts:29.488 dur:41.700ms, clock:1.114 level:100
2024-11-22 04:20:12.344 T:4053 debug : CVideoPlayer::ProcessVideoData size:2017 dts:29.530 pts:29.530 dur:41.700ms, clock:1.116 level:100
2024-11-22 04:20:12.347 T:4053 debug : CVideoPlayer::ProcessVideoData size:2686 dts:29.571 pts:29.571 dur:41.700ms, clock:1.119 level:100
2024-11-22 04:20:12.348 T:4053 debug : CVideoPlayer::ProcessVideoData size:2435 dts:29.613 pts:29.613 dur:41.700ms, clock:1.120 level:100
2024-11-22 04:20:12.350 T:4053 debug : CVideoPlayer::ProcessVideoData size:2443 dts:29.655 pts:29.655 dur:41.700ms, clock:1.122 level:100
2024-11-22 04:20:12.352 T:4053 debug : CVideoPlayer::ProcessVideoData size:3038 dts:29.696 pts:29.696 dur:41.700ms, clock:1.123 level:100
2024-11-22 04:20:12.354 T:4053 debug : CVideoPlayer::ProcessVideoData size:2726 dts:29.738 pts:29.738 dur:41.700ms, clock:1.126 level:100
2024-11-22 04:20:12.356 T:4053 debug : CVideoPlayer::ProcessVideoData size:2504 dts:29.780 pts:29.780 dur:41.700ms, clock:1.128 level:100
2024-11-22 04:20:12.357 T:4053 debug : CVideoPlayer::ProcessVideoData size:2486 dts:29.821 pts:29.821 dur:41.700ms, clock:1.129 level:100
2024-11-22 04:20:12.360 T:4053 debug : CVideoPlayer::ProcessVideoData size:2775 dts:29.863 pts:29.863 dur:41.700ms, clock:1.132 level:100
2024-11-22 04:20:12.362 T:4053 debug : CVideoPlayer::ProcessVideoData size:1285 dts:29.905 pts:29.905 dur:41.700ms, clock:1.133 level:100
2024-11-22 04:20:12.363 T:4053 debug : CVideoPlayer::ProcessVideoData size:1935 dts:29.947 pts:29.947 dur:41.700ms, clock:1.135 level:100
2024-11-22 04:20:12.367 T:4053 debug : CVideoPlayer::ProcessVideoData size:3380 dts:29.988 pts:29.988 dur:41.700ms, clock:1.139 level:100
2024-11-22 04:20:12.369 T:4053 debug : CVideoPlayer::ProcessVideoData size:59367 dts:30.030 pts:30.030 dur:41.700ms, clock:1.141 level:100
2024-11-22 04:20:12.369 T:3827 debug : CAMLCodec::PollFrame elapsed:36.519ms
2024-11-22 04:20:12.371 T:4053 debug : CVideoPlayer::ProcessVideoData size:3600 dts:30.072 pts:30.072 dur:41.700ms, clock:1.143 level:100
2024-11-22 04:20:12.372 T:3827 debug : PrepareNextRender: frameOnScreen: 1.144 renderPts: 1.331 nextFramePts: 1.251 -> diff: 0.080 render: 1 forceNext: 0
2024-11-22 04:20:12.373 T:4053 debug : CVideoPlayer::ProcessVideoData size:2727 dts:30.113 pts:30.113 dur:41.700ms, clock:1.145 level:100
2024-11-22 04:20:12.374 T:3827 debug : CAMLCodec::ReleaseFrame idx:30, drop:0
2024-11-22 04:20:12.374 T:4057 debug : CAMLCodec::DequeueBuffer: pts:1.877 idx:45
2024-11-22 04:20:12.374 T:4057 debug : CAMLCodec::GetPicture: index: 45, pts: 1.877, dur:41.700ms ar:1.78 elf:40ms
2024-11-22 04:20:12.374 T:4057 debug : CVideoPlayerVideo::OutputPicture - ttd:730ms pts:1.877 Clock:1.146 Level:14
2024-11-22 04:20:12.376 T:4053 debug : CVideoPlayer::ProcessVideoData size:2449 dts:30.155 pts:30.155 dur:41.700ms, clock:1.147 level:100
2024-11-22 04:20:12.377 T:4057 debug : CAMLCodec::AddData: dl:610496 fl:5484352 sz:1286(4096) lv:10.0% dts:5.881 pts:5.881
2024-11-22 04:20:12.377 T:4053 debug : CVideoPlayer::ProcessVideoData size:2502 dts:30.197 pts:30.197 dur:41.700ms, clock:1.149 level:100
2024-11-22 04:20:12.379 T:4053 debug : CVideoPlayer::ProcessVideoData size:2765 dts:30.239 pts:30.239 dur:41.700ms, clock:1.151 level:100
2024-11-22 04:20:12.381 T:4053 debug : CVideoPlayer::ProcessVideoData size:2296 dts:30.280 pts:30.280 dur:41.700ms, clock:1.153 level:100
2024-11-22 04:20:12.383 T:4053 debug : CVideoPlayer::ProcessVideoData size:2120 dts:30.322 pts:30.322 dur:41.700ms, clock:1.155 level:100
2024-11-22 04:20:12.384 T:4053 debug : CVideoPlayer::ProcessVideoData size:2636 dts:30.364 pts:30.364 dur:41.700ms, clock:1.156 level:100
2024-11-22 04:20:12.387 T:4053 debug : CVideoPlayer::ProcessVideoData size:2110 dts:30.405 pts:30.405 dur:41.700ms, clock:1.159 level:100
2024-11-22 04:20:12.389 T:4053 debug : CVideoPlayer::ProcessVideoData size:2762 dts:30.447 pts:30.447 dur:41.700ms, clock:1.161 level:100
2024-11-22 04:20:12.390 T:4053 debug : CVideoPlayer::ProcessVideoData size:2313 dts:30.489 pts:30.489 dur:41.700ms, clock:1.162 level:100
2024-11-22 04:20:12.393 T:4053 debug : CVideoPlayer::ProcessVideoData size:2266 dts:30.531 pts:30.531 dur:41.700ms, clock:1.164 level:100
2024-11-22 04:20:12.395 T:4053 debug : CVideoPlayer::ProcessVideoData size:2375 dts:30.572 pts:30.572 dur:41.700ms, clock:1.166 level:100
2024-11-22 04:20:12.396 T:4053 debug : CVideoPlayer::ProcessVideoData size:2444 dts:30.614 pts:30.614 dur:41.700ms, clock:1.168 level:100
2024-11-22 04:20:12.398 T:4053 debug : CVideoPlayer::ProcessVideoData size:2518 dts:30.656 pts:30.656 dur:41.700ms, clock:1.170 level:100
2024-11-22 04:20:12.401 T:4053 debug : CVideoPlayer::ProcessVideoData size:3034 dts:30.697 pts:30.697 dur:41.700ms, clock:1.172 level:100
2024-11-22 04:20:12.402 T:4053 debug : CVideoPlayer::ProcessVideoData size:2641 dts:30.739 pts:30.739 dur:41.700ms, clock:1.174 level:100
2024-11-22 04:20:12.404 T:4053 debug : CVideoPlayer::ProcessVideoData size:2494 dts:30.781 pts:30.781 dur:41.700ms, clock:1.175 level:100
2024-11-22 04:20:12.407 T:4053 debug : CVideoPlayer::ProcessVideoData size:2687 dts:30.822 pts:30.822 dur:41.700ms, clock:1.178 level:100
2024-11-22 04:20:12.408 T:4053 debug : CVideoPlayer::ProcessVideoData size:3072 dts:30.864 pts:30.864 dur:41.700ms, clock:1.180 level:100
2024-11-22 04:20:12.410 T:4053 debug : CVideoPlayer::ProcessVideoData size:1241 dts:30.906 pts:30.906 dur:41.700ms, clock:1.181 level:100
2024-11-22 04:20:12.411 T:3827 debug : CAMLCodec::PollFrame elapsed:36.907ms
2024-11-22 04:20:12.414 T:3827 debug : PrepareNextRender: frameOnScreen: 1.185 renderPts: 1.355 nextFramePts: 1.293 -> diff: 0.062 render: 1 forceNext: 0
2024-11-22 04:20:12.414 T:4053 debug : CVideoPlayer::ProcessVideoData size:1942 dts:30.948 pts:30.948 dur:41.700ms, clock:1.186 level:100
2024-11-22 04:20:12.415 T:3827 debug : CAMLCodec::ReleaseFrame idx:31, drop:0
2024-11-22 04:20:12.417 T:4057 debug : CAMLCodec::DequeueBuffer: pts:1.919 idx:46
2024-11-22 04:20:12.417 T:4057 debug : CAMLCodec::GetPicture: index: 46, pts: 1.919, dur:41.711ms ar:1.78 elf:42ms
2024-11-22 04:20:12.417 T:4057 debug : CVideoPlayerVideo::OutputPicture - ttd:729ms pts:1.919 Clock:1.189 Level:14
2024-11-22 04:20:12.417 T:4053 debug : CVideoPlayer::ProcessVideoData size:3276 dts:30.989 pts:30.989 dur:41.700ms, clock:1.188 level:100
