2024-11-22 04:20:22.080 T:4053 debug : CVideoPlayer::ProcessVideoData size:2455 dts:217.801 pts:217.801 dur:41.700ms, clock:10.935 level:100
2024-11-22 04:20:22.082 T:4053 debug : CVideoPlayer::ProcessVideoData size:2435 dts:217.843 pts:217.843 dur:41.700ms, clock:10.938 level:100
2024-11-22 04:20:22.084 T:4053 debug : CVideoPlayer::ProcessVideoData size:3025 dts:217.885 pts:217.885 dur:41.700ms, clock:10.939 level:100
2024-11-22 04:20:22.087 T:4053 debug : CVideoPlayer::ProcessVideoData size:2585 dts:217.926 pts:217.926 dur:41.700ms, clock:10.942 level:100
2024-11-22 04:20:22.087 T:3827 debug : CAMLCodec::PollFrame elapsed:33.248ms
2024-11-22 04:20:22.089 T:4053 debug : CVideoPlayer::ProcessVideoData size:2504 dts:217.968 pts:217.968 dur:41.700ms, clock:10.944 level:100
2024-11-22 04:20:22.090 T:3827 debug : PrepareNextRender: frameOnScreen: 10.945 renderPts: 11.115 nextFramePts: 11.053 -> diff: 0.063 render: 1 forceNext: 0
2024-11-22 04:20:22.091 T:4053 debug : CVideoPlayer::ProcessVideoData size:2660 dts:218.010 pts:218.010 dur:41.700ms, clock:10.946 level:100
2024-11-22 04:20:22.095 T:4057 debug : CAMLCodec::AddData: dl:613504 fl:5481344 sz:2728(4096) lv:10.1% dts:15.724 pts:15.724
2024-11-22 04:20:22.095 T:4053 debug : CVideoPlayer::ProcessVideoData size:3241 dts:218.051 pts:218.051 dur:41.700ms, clock:10.950 level:100
2024-11-22 04:20:22.097 T:4053 debug : CVideoPlayer::ProcessVideoData size:1285 dts:218.093 pts:218.093 dur:41.700ms, clock:10.952 level:100
2024-11-22 04:20:22.097 T:3827 debug : CAMLCodec::ReleaseFrame idx:265, drop:0
2024-11-22 04:20:22.098 T:4057 debug : CAMLCodec::DequeueBuffer: pts:11.678 idx:280
2024-11-22 04:20:22.098 T:4057 debug : CAMLCodec::GetPicture: index: 280, pts: 11.678, dur:41.711ms ar:1.78 elf:43ms
2024-11-22 04:20:22.098 T:4057 debug : CVideoPlayerVideo::OutputPicture - ttd:724ms pts:11.678 Clock:10.953 Level:14
2024-11-22 04:20:22.099 T:4053 debug : CVideoPlayer::ProcessVideoData size:1933 dts:218.135 pts:218.135 dur:41.700ms, clock:10.954 level:100
2024-11-22 04:20:22.102 T:4053 debug : CVideoPlayer::ProcessVideoData size:3253 dts:218.177 pts:218.177 dur:41.700ms, clock:10.957 level:100
2024-11-22 04:20:22.105 T:4053 debug : CVideoPlayer::ProcessVideoData size:59577 dts:218.218 pts:218.218 dur:41.700ms, clock:10.960 level:100
2024-11-22 04:20:22.107 T:4053 debug : CVideoPlayer::ProcessVideoData size:3602 dts:218.260 pts:218.260 dur:41.700ms, clock:10.962 level:100
2024-11-22 04:20:22.108 T:4053 debug : CVideoPlayer::ProcessVideoData size:2702 dts:218.302 pts:218.302 dur:41.700ms, clock:10.964 level:100
2024-11-22 04:20:22.111 T:4053 debug : CVideoPlayer::ProcessVideoData size:2448 dts:218.343 pts:218.343 dur:41.700ms, clock:10.966 level:100
2024-11-22 04:20:22.113 T:4053 debug : CVideoPlayer::ProcessVideoData size:2536 dts:218.385 pts:218.385 dur:41.700ms, clock:10.968 level:100
2024-11-22 04:20:22.115 T:4053 debug : CVideoPlayer::ProcessVideoData size:2754 dts:218.427 pts:218.427 dur:41.700ms, clock:10.970 level:100
2024-11-22 04:20:22.118 T:4053 debug : CVideoPlayer::ProcessVideoData size:2270 dts:218.468 pts:218.468 dur:41.700ms, clock:10.973 level:100
2024-11-22 04:20:22.120 T:4053 debug : CVideoPlayer::ProcessVideoData size:2112 dts:218.510 pts:218.510 dur:41.700ms, clock:10.975 level:100
2024-11-22 04:20:22.121 T:4053 debug : CVideoPlayer::ProcessVideoData size:2640 dts:218.552 pts:218.552 dur:41.700ms, clock:10.977 level:100
2024-11-22 04:20:22.124 T:4053 debug : CVideoPlayer::ProcessVideoData size:2097 dts:218.594 pts:218.594 dur:41.700ms, clock:10.979 level:100
2024-11-22 04:20:22.126 T:4053 debug : CVideoPlayer::ProcessVideoData size:2734 dts:218.635 pts:218.635 dur:41.700ms, clock:10.981 level:100
2024-11-22 04:20:22.128 T:4053 debug : CVideoPlayer::ProcessVideoData size:2314 dts:218.677 pts:218.677 dur:41.700ms, clock:10.983 level:100
2024-11-22 04:20:22.129 T:3827 debug : CAMLCodec::PollFrame elapsed:31.766ms
2024-11-22 04:20:22.131 T:4053 debug : CVideoPlayer::ProcessVideoData size:2256 dts:218.719 pts:218.719 dur:41.700ms, clock:10.986 level:100
2024-11-22 04:20:22.132 T:3827 debug : PrepareNextRender: frameOnScreen: 10.987 renderPts: 11.157 nextFramePts: 11.094 -> diff: 0.062 render: 1 forceNext: 0
2024-11-22 04:20:22.134 T:4053 debug : CVideoPlayer::ProcessVideoData size:2328 dts:218.760 pts:218.760 dur:41.700ms, clock:10.989 level:100
2024-11-22 04:20:22.136 T:4057 debug : CAMLCodec::AddData: dl:613504 fl:5481344 sz:2512(4096) lv:10.1% dts:15.766 pts:15.766
2024-11-22 04:20:22.137 T:4053 debug : CVideoPlayer::ProcessVideoData size:2448 dts:218.802 pts:218.802 dur:41.700ms, clock:10.992 level:100
2024-11-22 04:20:22.139 T:4053 debug : CVideoPlayer::ProcessVideoData size:2522 dts:218.844 pts:218.844 dur:41.700ms, clock:10.994 level:100
2024-11-22 04:20:22.139 T:3827 debug : CAMLCodec::ReleaseFrame idx:266, drop:0
2024-11-22 04:20:22.140 T:4057 debug : CAMLCodec::DequeueBuffer: pts:11.720 idx:281
2024-11-22 04:20:22.140 T:4057 debug : CAMLCodec::GetPicture: index: 281, pts: 11.720, dur:41.700ms ar:1.78 elf:41ms
2024-11-22 04:20:22.140 T:4057 debug : CVideoPlayerVideo::OutputPicture - ttd:724ms pts:11.720 Clock:10.995 Level:14
2024-11-22 04:20:22.142 T:4053 debug : CVideoPlayer::ProcessVideoData size:3037 dts:218.886 pts:218.886 dur:41.700ms, clock:10.997 level:100
2024-11-22 04:20:22.143 T:4053 debug : CVideoPlayer::ProcessVideoData size:2642 dts:218.927 pts:218.927 dur:41.700ms, clock:10.998 level:100
2024-11-22 04:20:22.145 T:4053 debug : CVideoPlayer::ProcessVideoData size:2359 dts:218.969 pts:218.969 dur:41.700ms, clock:11.000 level:100
2024-11-22 04:20:22.148 T:4053 debug : CVideoPlayer::ProcessVideoData size:2693 dts:219.011 pts:219.011 dur:41.700ms, clock:11.003 level:100
2024-11-22 04:20:22.150 T:4053 debug : CVideoPlayer::ProcessVideoData size:2952 dts:219.052 pts:219.052 dur:41.700ms, clock:11.005 level:100
2024-11-22 04:20:22.151 T:4053 debug : CVideoPlayer::ProcessVideoData size:1242 dts:219.094 pts:219.094 dur:41.700ms, clock:11.007 level:100
2024-11-22 04:20:22.153 T:4053 debug : CVideoPlayer::ProcessVideoData size:1951 dts:219.136 pts:219.136 dur:41.700ms, clock:11.008 level:100
2024-11-22 04:20:22.157 T:4053 debug : CVideoPlayer::ProcessVideoData size:3119 dts:219.178 pts:219.178 dur:41.700ms, clock:11.012 level:100
2024-11-22 04:20:22.159 T:4053 debug : CVideoPlayer::ProcessVideoData size:59714 dts:219.219 pts:219.219 dur:41.700ms, clock:11.015 level:100
2024-11-22 04:20:22.161 T:4053 debug : CVideoPlayer::ProcessVideoData size:3387 dts:219.261 pts:219.261 dur:41.700ms, clock:11.016 level:100
2024-11-22 04:20:22.164 T:4053 debug : CVideoPlayer::ProcessVideoData size:2707 dts:219.303 pts:219.303 dur:41.700ms, clock:11.019 level:100
2024-11-22 04:20:22.166 T:4053 debug : CVideoPlayer::ProcessVideoData size:2202 dts:219.344 pts:219.344 dur:41.700ms, clock:11.021 level:100
2024-11-22 04:20:22.168 T:4053 debug : CVideoPlayer::ProcessVideoData size:2530 dts:219.386 pts:219.386 dur:41.700ms, clock:11.023 level:100
2024-11-22 04:20:22.171 T:3827 debug : CAMLCodec::PollFrame elapsed:31.823ms
2024-11-22 04:20:22.171 T:4053 debug : CVideoPlayer::ProcessVideoData size:2789 dts:219.428 pts:219.428 dur:41.700ms, clock:11.026 level:100
2024-11-22 04:20:22.173 T:4053 debug : CVideoPlayer::ProcessVideoData size:2311 dts:219.469 pts:219.469 dur:41.700ms, clock:11.028 level:100
2024-11-22 04:20:22.173 T:3827 debug : PrepareNextRender: frameOnScreen: 11.029 renderPts: 11.199 nextFramePts: 11.136 -> diff: 0.062 render: 1 forceNext: 0
2024-11-22 04:20:22.175 T:4053 debug : CVideoPlayer::ProcessVideoData size:2138 dts:219.511 pts:219.511 dur:41.700ms, clock:11.030 level:100
2024-11-22 04:20:22.177 T:4053 debug : CVideoPlayer::ProcessVideoData size:2628 dts:219.553 pts:219.553 dur:41.700ms, clock:11.032 level:100
2024-11-22 04:20:22.179 T:4057 debug : CAMLCodec::AddData: dl:613504 fl:5481344 sz:2651(4096) lv:10.1% dts:15.807 pts:15.807
2024-11-22 04:20:22.181 T:3827 debug : CAMLCodec::ReleaseFrame idx:267, drop:0
2024-11-22 04:20:22.181 T:4053 debug : CVideoPlayer::ProcessVideoData size:2139 dts:219.595 pts:219.595 dur:41.700ms, clock:11.036 level:100
2024-11-22 04:20:22.181 T:4057 debug : CAMLCodec::DequeueBuffer: pts:11.762 idx:282
2024-11-22 04:20:22.181 T:4057 debug : CAMLCodec::GetPicture: index: 282, pts: 11.762, dur:41.711ms ar:1.78 elf:41ms
2024-11-22 04:20:22.181 T:4057 debug : CVideoPlayerVideo::OutputPicture - ttd:725ms pts:11.762 Clock:11.037 Level:14
2024-11-22 04:20:22.183 T:4053 debug : CVideoPlayer::ProcessVideoData size:2762 dts:219.636 pts:219.636 dur:41.700ms, clock:11.038 level:100
2024-11-22 04:20:22.185 T:4053 debug : CVideoPlayer::ProcessVideoData size:2318 dts:219.678 pts:219.678 dur:41.700ms, clock:11.040 level:100
2024-11-22 04:20:22.188 T:4053 debug : CVideoPlayer::ProcessVideoData size:2280 dts:219.720 pts:219.720 dur:41.700ms, clock:11.043 level:100
2024-11-22 04:20:22.190 T:4053 debug : CVideoPlayer::ProcessVideoData size:2361 dts:219.761 pts:219.761 dur:41.700ms, clock:11.045 level:100
2024-11-22 04:20:22.192 T:4053 debug : CVideoPlayer::ProcessVideoData size:2474 dts:219.803 pts:219.803 dur:41.700ms, clock:11.047 level:100
2024-11-22 04:20:22.195 T:4053 debug : CVideoPlayer::ProcessVideoData size:2426 dts:219.845 pts:219.845 dur:41.700ms, clock:11.050 level:100
2024-11-22 04:20:22.196 T:4053 debug : CVideoPlayer::ProcessVideoData size:3031 dts:219.887 pts:219.887 dur:41.700ms, clock:11.052 level:100
2024-11-22 04:20:22.198 T:4053 debug : CVideoPlayer::ProcessVideoData size:2744 dts:219.928 pts:219.928 dur:41.700ms, clock:11.053 level:100
2024-11-22 04:20:22.201 T:4053 debug : CVideoPlayer::ProcessVideoData size:2506 dts:219.970 pts:219.970 dur:41.700ms, clock:11.056 level:100
2024-11-22 04:20:22.203 T:4053 debug : CVideoPlayer::ProcessVideoData size:2656 dts:220.012 pts:220.012 dur:41.700ms, clock:11.059 level:100
2024-11-22 04:20:22.205 T:4053 debug : CVideoPlayer::ProcessVideoData size:3019 dts:220.053 pts:220.053 dur:41.700ms, clock:11.060 level:100
2024-11-22 04:20:22.207 T:4053 debug : CVideoPlayer::ProcessVideoData size:1287 dts:220.095 pts:220.095 dur:41.700ms, clock:11.062 level:100
2024-11-22 04:20:22.210 T:4053 debug : CVideoPlayer::ProcessVideoData size:1940 dts:220.137 pts:220.137 dur:41.700ms, clock:11.065 level:100
2024-11-22 04:20:22.212 T:3827 debug : CAMLCodec::PollFrame elapsed:31.599ms
2024-11-22 04:20:22.214 T:4053 debug : CVideoPlayer::ProcessVideoData size:3195 dts:220.179 pts:220.179 dur:41.700ms, clock:11.069 level:100
2024-11-22 04:20:22.215 T:3827 debug : PrepareNextRender: frameOnScreen: 11.070 renderPts: 11.240 nextFramePts: 11.178 -> diff: 0.063 render: 1 forceNext: 0
2024-11-22 04:20:22.217 T:4053 debug : CVideoPlayer::ProcessVideoData size:59221 dts:220.220 pts:220.220 dur:41.700ms, clock:11.072 level:100
2024-11-22 04:20:22.220 T:4057 debug : CAMLCodec::AddData: dl:613504 fl:5481344 sz:3234(4096) lv:10.1% dts:15.849 pts:15.849
2024-11-22 04:20:22.220 T:4053 debug : CVideoPlayer::ProcessVideoData size:3592 dts:220.262 pts:220.262 dur:41.700ms, clock:11.075 level:100
2024-11-22 04:20:22.222 T:4053 debug : CVideoPlayer::ProcessVideoData size:2712 dts:220.304 pts:220.304 dur:41.700ms, clock:11.078 level:100
2024-11-22 04:20:22.223 T:3827 debug : CAMLCodec::ReleaseFrame idx:268, drop:0
2024-11-22 04:20:22.224 T:4057 debug : CAMLCodec::DequeueBuffer: pts:11.803 idx:283
2024-11-22 04:20:22.224 T:4057 debug : CAMLCodec::GetPicture: index: 283, pts: 11.803, dur:41.711ms ar:1.78 elf:42ms
2024-11-22 04:20:22.224 T:4057 debug : CVideoPlayerVideo::OutputPicture - ttd:724ms pts:11.803 Clock:11.079 Level:14
2024-11-22 04:20:22.224 T:4053 debug : CVideoPlayer::ProcessVideoData size:2461 dts:220.345 pts:220.345 dur:41.700ms, clock:11.079 level:100
2024-11-22 04:20:22.227 T:4053 debug : CVideoPlayer::ProcessVideoData size:2515 dts:220.387 pts:220.387 dur:41.700ms, clock:11.082 level:100
2024-11-22 04:20:22.229 T:4053 debug : CVideoPlayer::ProcessVideoData size:2749 dts:220.429 pts:220.429 dur:41.700ms, clock:11.084 level:100
2024-11-22 04:20:22.231 T:4053 debug : CVideoPlayer::ProcessVideoData size:2302 dts:220.470 pts:220.470 dur:41.700ms, clock:11.086 level:100
2024-11-22 04:20:22.233 T:4053 debug : CVideoPlayer::ProcessVideoData size:2138 dts:220.512 pts:220.512 dur:41.700ms, clock:11.088 level:100
2024-11-22 04:20:22.236 T:4053 debug : CVideoPlayer::ProcessVideoData size:2637 dts:220.554 pts:220.554 dur:41.700ms, clock:11.091 level:100
2024-11-22 04:20:22.237 T:4053 debug : CVideoPlayer::ProcessVideoData size:2107 dts:220.596 pts:220.596 dur:41.700ms, clock:11.092 level:100
2024-11-22 04:20:22.239 T:4053 debug : CVideoPlayer::ProcessVideoData size:2730 dts:220.637 pts:220.637 dur:41.700ms, clock:11.094 level:100
2024-11-22 04:20:22.242 T:4053 debug : CVideoPlayer::ProcessVideoData size:2314 dts:220.679 pts:220.679 dur:41.700ms, clock:11.098 level:100
2024-11-22 04:20:22.244 T:4053 debug : CVideoPlayer::ProcessVideoData size:2260 dts:220.721 pts:220.721 dur:41.700ms, clock:11.099 level:100
2024-11-22 04:20:22.246 T:4053 debug : CVideoPlayer::ProcessVideoData size:2488 dts:220.762 pts:220.762 dur:41.700ms, clock:11.101 level:100
2024-11-22 04:20:22.249 T:4053 debug : CVideoPlayer::ProcessVideoData size:2207 dts:220.804 pts:220.804 dur:41.700ms, clock:11.104 level:100
2024-11-22 04:20:22.250 T:4053 debug : CVideoPlayer::ProcessVideoData size:2528 dts:220.846 pts:220.846 dur:41.700ms, clock:11.105 level:100
2024-11-22 04:20:22.252 T:4053 debug : CVideoPlayer::ProcessVideoData size:3035 dts:220.888 pts:220.888 dur:41.700ms, clock:11.108 level:100
2024-11-22 04:20:22.254 T:3827 debug : CAMLCodec::PollFrame elapsed:31.004ms
2024-11-22 04:20:22.254 T:4053 debug : CVideoPlayer::ProcessVideoData size:2681 dts:220.929 pts:220.929 dur:41.700ms, clock:11.109 level:100
2024-11-22 04:20:22.257 T:3827 debug : PrepareNextRender: frameOnScreen: 11.112 renderPts: 11.282 nextFramePts: 11.220 -> diff: 0.063 render: 1 forceNext: 0
2024-11-22 04:20:22.257 T:4053 debug : CVideoPlayer::ProcessVideoData size:2490 dts:220.971 pts:220.971 dur:41.700ms, clock:11.112 level:100
2024-11-22 04:20:22.259 T:4053 debug : CVideoPlayer::ProcessVideoData size:2699 dts:221.013 pts:221.013 dur:41.700ms, clock:11.114 level:100
2024-11-22 04:20:22.261 T:4053 debug : CVideoPlayer::ProcessVideoData size:3077 dts:221.054 pts:221.054 dur:41.700ms, clock:11.116 level:100
2024-11-22 04:20:22.263 T:4057 debug : CAMLCodec::AddData: dl:613504 fl:5481344 sz:1285(4096) lv:10.1% dts:15.891 pts:15.891
2024-11-22 04:20:22.265 T:4053 debug : CVideoPlayer::ProcessVideoData size:1241 dts:221.096 pts:221.096 dur:41.700ms, clock:11.120 level:100
2024-11-22 04:20:22.265 T:3827 debug : CAMLCodec::ReleaseFrame idx:269, drop:0
2024-11-22 04:20:22.266 T:4057 debug : CAMLCodec::DequeueBuffer: pts:11.845 idx:284
2024-11-22 04:20:22.266 T:4057 debug : CAMLCodec::GetPicture: index: 284, pts: 11.845, dur:41.711ms ar:1.78 elf:42ms
2024-11-22 04:20:22.266 T:4057 debug : CVideoPlayerVideo::OutputPicture - ttd:723ms pts:11.845 Clock:11.121 Level:14
2024-11-22 04:20:22.266 T:4053 debug : CVideoPlayer::ProcessVideoData size:1942 dts:221.138 pts:221.138 dur:41.700ms, clock:11.122 level:100
2024-11-22 04:20:22.268 T:4053 debug : CVideoPlayer::ProcessVideoData size:3285 dts:221.180 pts:221.180 dur:41.700ms, clock:11.124 level:100
2024-11-22 04:20:22.272 T:4053 debug : CVideoPlayer::ProcessVideoData size:59045 dts:221.221 pts:221.221 dur:41.700ms, clock:11.127 level:100
2024-11-22 04:20:22.274 T:4053 debug : CVideoPlayer::ProcessVideoData size:3251 dts:221.263 pts:221.263 dur:41.700ms, clock:11.129 level:100
2024-11-22 04:20:22.276 T:4053 debug : CVideoPlayer::ProcessVideoData size:2730 dts:221.305 pts:221.305 dur:41.700ms, clock:11.131 level:100
2024-11-22 04:20:22.278 T:4053 debug : CVideoPlayer::ProcessVideoData size:2153 dts:221.346 pts:221.346 dur:41.700ms, clock:11.133 level:100
2024-11-22 04:20:22.280 T:4053 debug : CVideoPlayer::ProcessVideoData size:2316 dts:221.388 pts:221.388 dur:41.700ms, clock:11.136 level:100
2024-11-22 04:20:22.283 T:4053 debug : CVideoPlayer::ProcessVideoData size:2797 dts:221.430 pts:221.430 dur:41.700ms, clock:11.138 level:100
2024-11-22 04:20:22.284 T:4053 debug : CVideoPlayer::ProcessVideoData size:2296 dts:221.471 pts:221.471 dur:41.700ms, clock:11.139 level:100
2024-11-22 04:20:22.287 T:4053 debug : CVideoPlayer::ProcessVideoData size:2139 dts:221.513 pts:221.513 dur:41.700ms, clock:11.142 level:100
2024-11-22 04:20:22.289 T:4053 debug : CVideoPlayer::ProcessVideoData size:2613 dts:221.555 pts:221.555 dur:41.700ms, clock:11.144 level:100
2024-11-22 04:20:22.291 T:4053 debug : CVideoPlayer::ProcessVideoData size:2162 dts:221.597 pts:221.597 dur:41.700ms, clock:11.146 level:100
2024-11-22 04:20:22.294 T:4053 debug : CVideoPlayer::ProcessVideoData size:2592 dts:221.638 pts:221.638 dur:41.700ms, clock:11.149 level:100
2024-11-22 04:20:22.296 T:4053 debug : CVideoPlayer::ProcessVideoData size:2318 dts:221.680 pts:221.680 dur:41.700ms, clock:11.151 level:100
2024-11-22 04:20:22.296 T:3827 debug : CAMLCodec::PollFrame elapsed:30.726ms
2024-11-22 04:20:22.298 T:4053 debug : CVideoPlayer::ProcessVideoData size:2258 dts:221.722 pts:221.722 dur:41.700ms, clock:11.153 level:100
2024-11-22 04:20:22.299 T:3827 debug : PrepareNextRender: frameOnScreen: 11.154 renderPts: 11.324 nextFramePts: 11.261 -> diff: 0.063 render: 1 forceNext: 0
2024-11-22 04:20:22.301 T:4053 debug : CVideoPlayer::ProcessVideoData size:2675 dts:221.763 pts:221.763 dur:41.700ms, clock:11.156 level:100
2024-11-22 04:20:22.303 T:4053 debug : CVideoPlayer::ProcessVideoData size:2289 dts:221.805 pts:221.805 dur:41.700ms, clock:11.158 level:100
2024-11-22 04:20:22.305 T:4057 debug : CAMLCodec::AddData: dl:613504 fl:5481344 sz:1933(4096) lv:10.1% dts:15.933 pts:15.933
2024-11-22 04:20:22.305 T:3827 debug : CAMLCodec::ReleaseFrame idx:270, drop:0
2024-11-22 04:20:22.306 T:4053 debug : CVideoPlayer::ProcessVideoData size:2422 dts:221.847 pts:221.847 dur:41.700ms, clock:11.161 level:100
2024-11-22 04:20:22.306 T:4057 debug : CAMLCodec::DequeueBuffer: pts:11.887 idx:285
2024-11-22 04:20:22.306 T:4057 debug : CAMLCodec::GetPicture: index: 285, pts: 11.887, dur:41.700ms ar:1.78 elf:39ms
2024-11-22 04:20:22.306 T:4057 debug : CVideoPlayerVideo::OutputPicture - ttd:725ms pts:11.887 Clock:11.161 Level:14
2024-11-22 04:20:22.308 T:4053 debug : CVideoPlayer::ProcessVideoData size:3037 dts:221.889 pts:221.889 dur:41.700ms, clock:11.163 level:100
2024-11-22 04:20:22.311 T:4053 debug : CVideoPlayer::ProcessVideoData size:2727 dts:221.930 pts:221.930 dur:41.700ms, clock:11.166 level:100
2024-11-22 04:20:22.312 T:4053 debug : CVideoPlayer::ProcessVideoData size:2506 dts:221.972 pts:221.972 dur:41.700ms, clock:11.168 level:100
2024-11-22 04:20:22.314 T:4053 debug : CVideoPlayer::ProcessVideoData size:2674 dts:222.014 pts:222.014 dur:41.700ms, clock:11.169 level:100
2024-11-22 04:20:22.317 T:4053 debug : CVideoPlayer::ProcessVideoData size:3219 dts:222.055 pts:222.055 dur:41.700ms, clock:11.172 level:100
2024-11-22 04:20:22.319 T:4053 debug : CVideoPlayer::ProcessVideoData size:1285 dts:222.097 pts:222.097 dur:41.700ms, clock:11.174 level:100
2024-11-22 04:20:22.320 T:4053 debug : CVideoPlayer::ProcessVideoData size:1933 dts:222.139 pts:222.139 dur:41.700ms, clock:11.176 level:100
2024-11-22 04:20:22.324 T:4053 debug : CVideoPlayer::ProcessVideoData size:3376 dts:222.181 pts:222.181 dur:41.700ms, clock:11.179 level:100
2024-11-22 04:20:22.327 T:4053 debug : CVideoPlayer::ProcessVideoData size:59194 dts:222.222 pts:222.222 dur:41.700ms, clock:11.182 level:100
2024-11-22 04:20:22.329 T:4053 debug : CVideoPlayer::ProcessVideoData size:3593 dts:222.264 pts:222.264 dur:41.700ms, clock:11.184 level:100
2024-11-22 04:20:22.331 T:4053 debug : CVideoPlayer::ProcessVideoData size:2562 dts:222.306 pts:222.306 dur:41.700ms, clock:11.186 level:100
2024-11-22 04:20:22.333 T:4053 debug : CVideoPlayer::ProcessVideoData size:2066 dts:222.347 pts:222.347 dur:41.700ms, clock:11.189 level:100
2024-11-22 04:20:22.335 T:4053 debug : CVideoPlayer::ProcessVideoData size:2288 dts:222.389 pts:222.389 dur:41.700ms, clock:11.191 level:100
2024-11-22 04:20:22.337 T:4053 debug : CVideoPlayer::ProcessVideoData size:2763 dts:222.431 pts:222.431 dur:41.700ms, clock:11.192 level:100
2024-11-22 04:20:22.337 T:3827 debug : CAMLCodec::PollFrame elapsed:32.086ms
2024-11-22 04:20:22.341 T:3827 debug : PrepareNextRender: frameOnScreen: 11.196 renderPts: 11.366 nextFramePts: 11.303 -> diff: 0.063 render: 1 forceNext: 0
2024-11-22 04:20:22.341 T:4053 debug : CVideoPlayer::ProcessVideoData size:2274 dts:222.472 pts:222.472 dur:41.700ms, clock:11.196 level:100
2024-11-22 04:20:22.343 T:4053 debug : CVideoPlayer::ProcessVideoData size:2117 dts:222.514 pts:222.514 dur:41.700ms, clock:11.198 level:100
2024-11-22 04:20:22.345 T:4053 debug : CVideoPlayer::ProcessVideoData size:2633 dts:222.556 pts:222.556 dur:41.700ms, clock:11.200 level:100
2024-11-22 04:20:22.346 T:4057 debug : CAMLCodec::AddData: dl:613504 fl:5481344 sz:3353(4096) lv:10.1% dts:15.974 pts:15.974
2024-11-22 04:20:22.347 T:3827 debug : CAMLCodec::ReleaseFrame idx:271, drop:0
2024-11-22 04:20:22.348 T:4057 debug : CAMLCodec::DequeueBuffer: pts:11.929 idx:286
2024-11-22 04:20:22.348 T:4057 debug : CAMLCodec::GetPicture: index: 286, pts: 11.929, dur:41.711ms ar:1.78 elf:41ms
2024-11-22 04:20:22.348 T:4057 debug : CVideoPlayerVideo::OutputPicture - ttd:725ms pts:11.929 Clock:11.203 Level:14
2024-11-22 04:20:22.349 T:4053 debug : CVideoPlayer::ProcessVideoData size:2101 dts:222.598 pts:222.598 dur:41.700ms, clock:11.204 level:100
2024-11-22 04:20:22.350 T:4053 debug : CVideoPlayer::ProcessVideoData size:2732 dts:222.639 pts:222.639 dur:41.700ms, clock:11.206 level:100
2024-11-22 04:20:22.352 T:4053 debug : CVideoPlayer::ProcessVideoData size:2314 dts:222.681 pts:222.681 dur:41.700ms, clock:11.207 level:100
2024-11-22 04:20:22.355 T:4053 debug : CVideoPlayer::ProcessVideoData size:2079 dts:222.723 pts:222.723 dur:41.700ms, clock:11.210 level:100
2024-11-22 04:20:22.357 T:4053 debug : CVideoPlayer::ProcessVideoData size:2327 dts:222.764 pts:222.764 dur:41.700ms, clock:11.212 level:100
2024-11-22 04:20:22.359 T:4053 debug : CVideoPlayer::ProcessVideoData size:2212 dts:222.806 pts:222.806 dur:41.700ms, clock:11.214 level:100
2024-11-22 04:20:22.360 T:4053 debug : CVideoPlayer::ProcessVideoData size:2509 dts:222.848 pts:222.848 dur:41.700ms, clock:11.216 level:100
2024-11-22 04:20:22.363 T:4053 debug : CVideoPlayer::ProcessVideoData size:3038 dts:222.890 pts:222.890 dur:41.700ms, clock:11.219 level:100
2024-11-22 04:20:22.365 T:4053 debug : CVideoPlayer::ProcessVideoData size:2650 dts:222.931 pts:222.931 dur:41.700ms, clock:11.220 level:100
2024-11-22 04:20:22.367 T:4053 debug : CVideoPlayer::ProcessVideoData size:2476 dts:222.973 pts:222.973 dur:41.700ms, clock:11.222 level:100
2024-11-22 04:20:22.370 T:4053 debug : CVideoPlayer::ProcessVideoData size:2697 dts:223.015 pts:223.015 dur:41.700ms, clock:11.225 level:100
2024-11-22 04:20:22.372 T:4053 debug : CVideoPlayer::ProcessVideoData size:2707 dts:223.056 pts:223.056 dur:41.700ms, clock:11.227 level:100
2024-11-22 04:20:22.374 T:4053 debug : CVideoPlayer::ProcessVideoData size:1242 dts:223.098 pts:223.098 dur:41.700ms, clock:11.229 level:100
2024-11-22 04:20:22.377 T:4053 debug : CVideoPlayer::ProcessVideoData size:1942 dts:223.140 pts:223.140 dur:41.700ms, clock:11.232 level:100
2024-11-22 04:20:22.379 T:4053 debug : CVideoPlayer::ProcessVideoData size:3292 dts:223.182 pts:223.182 dur:41.700ms, clock:11.234 level:100
2024-11-22 04:20:22.379 T:3827 debug : CAMLCodec::PollFrame elapsed:31.739ms
2024-11-22 04:20:22.382 T:4053 debug : CVideoPlayer::ProcessVideoData size:59419 dts:223.223 pts:223.223 dur:41.700ms, clock:11.237 level:100
2024-11-22 04:20:22.382 T:3827 debug : PrepareNextRender: frameOnScreen: 11.237 renderPts: 11.407 nextFramePts: 11.345 -> diff: 0.062 render: 1 forceNext: 0
2024-11-22 04:20:22.384 T:4053 debug : CVideoPlayer::ProcessVideoData size:3387 dts:223.265 pts:223.265 dur:41.700ms, clock:11.239 level:100
2024-11-22 04:20:22.387 T:4053 debug : CVideoPlayer::ProcessVideoData size:2702 dts:223.307 pts:223.307 dur:41.700ms, clock:11.242 level:100
2024-11-22 04:20:22.389 T:3827 debug : CAMLCodec::ReleaseFrame idx:272, drop:0
2024-11-22 04:20:22.389 T:4053 debug : CVideoPlayer::ProcessVideoData size:2539 dts:223.348 pts:223.348 dur:41.700ms, clock:11.245 level:100
2024-11-22 04:20:22.391 T:4057 debug : CAMLCodec::AddData: dl:613696 fl:5481152 sz:59154(59264) lv:10.1% dts:16.016 pts:16.016
2024-11-22 04:20:22.391 T:4057 debug : CAMLCodec::DequeueBuffer: pts:11.970 idx:287
2024-11-22 04:20:22.391 T:4057 debug : CAMLCodec::GetPicture: index: 287, pts: 11.970, dur:41.711ms ar:1.78 elf:42ms
2024-11-22 04:20:22.391 T:4057 debug : CVideoPlayerVideo::OutputPicture - ttd:724ms pts:11.970 Clock:11.246 Level:14
2024-11-22 04:20:22.391 T:4053 debug : CVideoPlayer::ProcessVideoData size:2453 dts:223.390 pts:223.390 dur:41.700ms, clock:11.246 level:100
2024-11-22 04:20:22.394 T:4053 debug : CVideoPlayer::ProcessVideoData size:2775 dts:223.432 pts:223.432 dur:41.700ms, clock:11.249 level:100
2024-11-22 04:20:22.396 T:4053 debug : CVideoPlayer::ProcessVideoData size:2286 dts:223.473 pts:223.473 dur:41.700ms, clock:11.251 level:100
2024-11-22 04:20:22.398 T:4053 debug : CVideoPlayer::ProcessVideoData size:2136 dts:223.515 pts:223.515 dur:41.700ms, clock:11.253 level:100
2024-11-22 04:20:22.401 T:4053 debug : CVideoPlayer::ProcessVideoData size:2617 dts:223.557 pts:223.557 dur:41.700ms, clock:11.256 level:100
2024-11-22 04:20:22.402 T:4053 debug : CVideoPlayer::ProcessVideoData size:2139 dts:223.599 pts:223.599 dur:41.700ms, clock:11.257 level:100
2024-11-22 04:20:22.404 T:4053 debug : CVideoPlayer::ProcessVideoData size:2771 dts:223.640 pts:223.640 dur:41.700ms, clock:11.259 level:100
2024-11-22 04:20:22.406 T:4053 debug : CVideoPlayer::ProcessVideoData size:2318 dts:223.682 pts:223.682 dur:41.700ms, clock:11.261 level:100
2024-11-22 04:20:22.409 T:4053 debug : CVideoPlayer::ProcessVideoData size:2260 dts:223.724 pts:223.724 dur:41.700ms, clock:11.264 level:100
2024-11-22 04:20:22.411 T:4053 debug : CVideoPlayer::ProcessVideoData size:2353 dts:223.765 pts:223.765 dur:41.700ms, clock:11.266 level:100
2024-11-22 04:20:22.412 T:4053 debug : CVideoPlayer::ProcessVideoData size:2212 dts:223.807 pts:223.807 dur:41.700ms, clock:11.267 level:100
2024-11-22 04:20:22.415 T:4053 debug : CVideoPlayer::ProcessVideoData size:2455 dts:223.849 pts:223.849 dur:41.700ms, clock:11.270 level:100
2024-11-22 04:20:22.417 T:4053 debug : CVideoPlayer::ProcessVideoData size:3035 dts:223.891 pts:223.891 dur:41.700ms, clock:11.272 level:100
2024-11-22 04:20:22.419 T:4053 debug : CVideoPlayer::ProcessVideoData size:2727 dts:223.932 pts:223.932 dur:41.700ms, clock:11.274 level:100
2024-11-22 04:20:22.421 T:3827 debug : CAMLCodec::PollFrame elapsed:32.164ms
2024-11-22 04:20:22.422 T:4053 debug : CVideoPlayer::ProcessVideoData size:2512 dts:223.974 pts:223.974 dur:41.700ms, clock:11.278 level:100
2024-11-22 04:20:22.424 T:3827 debug : PrepareNextRender: frameOnScreen: 11.279 renderPts: 11.449 nextFramePts: 11.386 -> diff: 0.063 render: 1 forceNext: 0
2024-11-22 04:20:22.424 T:4053 debug : CVideoPlayer::ProcessVideoData size:2677 dts:224.016 pts:224.016 dur:41.700ms, clock:11.279 level:100
2024-11-22 04:20:22.426 T:4053 debug : CVideoPlayer::ProcessVideoData size:3197 dts:224.057 pts:224.057 dur:41.700ms, clock:11.281 level:100
2024-11-22 04:20:22.429 T:4053 debug : CVideoPlayer::ProcessVideoData size:1288 dts:224.099 pts:224.099 dur:41.700ms, clock:11.284 level:100
2024-11-22 04:20:22.429 T:3827 debug : CAMLCodec::ReleaseFrame idx:273, drop:0
2024-11-22 04:20:22.430 T:4057 debug : CAMLCodec::DequeueBuffer: pts:12.012 idx:288
2024-11-22 04:20:22.430 T:4057 debug : CAMLCodec::GetPicture: index: 288, pts: 12.012, dur:41.712ms ar:1.78 elf:39ms
2024-11-22 04:20:22.431 T:4057 debug : CVideoPlayerVideo::OutputPicture - ttd:726ms pts:12.012 Clock:11.286 Level:14
2024-11-22 04:20:22.431 T:4053 debug : CVideoPlayer::ProcessVideoData size:1933 dts:224.141 pts:224.141 dur:41.700ms, clock:11.286 level:100
2024-11-22 04:20:22.434 T:4053 debug : CVideoPlayer::ProcessVideoData size:3091 dts:224.183 pts:224.183 dur:41.700ms, clock:11.289 level:100
2024-11-22 04:20:22.436 T:4053 debug : CVideoPlayer::ProcessVideoData size:59084 dts:224.224 pts:224.224 dur:41.700ms, clock:11.291 level:100
2024-11-22 04:20:22.439 T:4053 debug : CVideoPlayer::ProcessVideoData size:3600 dts:224.266 pts:224.266 dur:41.700ms, clock:11.294 level:100
2024-11-22 04:20:22.441 T:4053 debug : CVideoPlayer::ProcessVideoData size:2715 dts:224.308 pts:224.308 dur:41.700ms, clock:11.296 level:100
2024-11-22 04:20:22.443 T:4053 debug : CVideoPlayer::ProcessVideoData size:2443 dts:224.349 pts:224.349 dur:41.700ms, clock:11.298 level:100
2024-11-22 04:20:22.446 T:4053 debug : CVideoPlayer::ProcessVideoData size:2291 dts:224.391 pts:224.391 dur:41.700ms, clock:11.301 level:100
2024-11-22 04:20:22.447 T:4053 debug : CVideoPlayer::ProcessVideoData size:2747 dts:224.433 pts:224.433 dur:41.700ms, clock:11.303 level:100
2024-11-22 04:20:22.449 T:4053 debug : CVideoPlayer::ProcessVideoData size:2306 dts:224.474 pts:224.474 dur:41.700ms, clock:11.304 level:100
2024-11-22 04:20:22.452 T:4053 debug : CVideoPlayer::ProcessVideoData size:2114 dts:224.516 pts:224.516 dur:41.700ms, clock:11.307 level:100
2024-11-22 04:20:22.454 T:4053 debug : CVideoPlayer::ProcessVideoData size:2641 dts:224.558 pts:224.558 dur:41.700ms, clock:11.309 level:100
2024-11-22 04:20:22.456 T:4053 debug : CVideoPlayer::ProcessVideoData size:2111 dts:224.600 pts:224.600 dur:41.700ms, clock:11.311 level:100
2024-11-22 04:20:22.457 T:4053 debug : CVideoPlayer::ProcessVideoData size:2710 dts:224.641 pts:224.641 dur:41.700ms, clock:11.313 level:100
2024-11-22 04:20:22.461 T:4053 debug : CVideoPlayer::ProcessVideoData size:2314 dts:224.683 pts:224.683 dur:41.700ms, clock:11.316 level:100
2024-11-22 04:20:22.463 T:4053 debug : CVideoPlayer::ProcessVideoData size:2253 dts:224.725 pts:224.725 dur:41.700ms, clock:11.318 level:100
2024-11-22 04:20:22.463 T:3827 debug : CAMLCodec::PollFrame elapsed:33.288ms
2024-11-22 04:20:22.464 T:4053 debug : CVideoPlayer::ProcessVideoData size:2490 dts:224.766 pts:224.766 dur:41.700ms, clock:11.319 level:100
2024-11-22 04:20:22.465 T:3827 debug : PrepareNextRender: frameOnScreen: 11.320 renderPts: 11.490 nextFramePts: 11.428 -> diff: 0.062 render: 1 forceNext: 0
2024-11-22 04:20:22.468 T:4053 debug : CVideoPlayer::ProcessVideoData size:2215 dts:224.808 pts:224.808 dur:41.700ms, clock:11.323 level:100
2024-11-22 04:20:22.470 T:4053 debug : CVideoPlayer::ProcessVideoData size:2514 dts:224.850 pts:224.850 dur:41.700ms, clock:11.325 level:100
2024-11-22 04:20:22.471 T:4057 debug : CAMLCodec::AddData: dl:609600 fl:5485248 sz:3593(4096) lv:10.0% dts:16.058 pts:16.058
2024-11-22 04:20:22.472 T:4053 debug : CVideoPlayer::ProcessVideoData size:3005 dts:224.892 pts:224.892 dur:41.700ms, clock:11.327 level:100
2024-11-22 04:20:22.474 T:3827 debug : CAMLCodec::ReleaseFrame idx:274, drop:0
2024-11-22 04:20:22.474 T:4057 debug : CAMLCodec::DequeueBuffer: pts:12.054 idx:289
2024-11-22 04:20:22.475 T:4057 debug : CAMLCodec::GetPicture: index: 289, pts: 12.054, dur:41.700ms ar:1.78 elf:43ms
2024-11-22 04:20:22.475 T:4057 debug : CVideoPlayerVideo::OutputPicture - ttd:723ms pts:12.054 Clock:11.330 Level:14
2024-11-22 04:20:22.475 T:4053 debug : CVideoPlayer::ProcessVideoData size:2644 dts:224.933 pts:224.933 dur:41.700ms, clock:11.330 level:100
2024-11-22 04:20:22.477 T:4053 debug : CVideoPlayer::ProcessVideoData size:2495 dts:224.975 pts:224.975 dur:41.700ms, clock:11.332 level:100
2024-11-22 04:20:22.479 T:4053 debug : CVideoPlayer::ProcessVideoData size:2669 dts:225.017 pts:225.017 dur:41.700ms, clock:11.334 level:100
2024-11-22 04:20:22.481 T:4053 debug : CVideoPlayer::ProcessVideoData size:3173 dts:225.058 pts:225.058 dur:41.700ms, clock:11.336 level:100
2024-11-22 04:20:22.484 T:4053 debug : CVideoPlayer::ProcessVideoData size:1241 dts:225.100 pts:225.100 dur:41.700ms, clock:11.339 level:100
2024-11-22 04:20:22.485 T:4053 debug : CVideoPlayer::ProcessVideoData size:1942 dts:225.142 pts:225.142 dur:41.700ms, clock:11.341 level:100
2024-11-22 04:20:22.489 T:4053 debug : CVideoPlayer::ProcessVideoData size:3287 dts:225.184 pts:225.184 dur:41.700ms, clock:11.344 level:100
2024-11-22 04:20:22.491 T:4053 debug : CVideoPlayer::ProcessVideoData size:59393 dts:225.225 pts:225.225 dur:41.700ms, clock:11.347 level:100
2024-11-22 04:20:22.493 T:4053 debug : CVideoPlayer::ProcessVideoData size:3392 dts:225.267 pts:225.267 dur:41.700ms, clock:11.348 level:100
2024-11-22 04:20:22.495 T:4053 debug : CVideoPlayer::ProcessVideoData size:2702 dts:225.309 pts:225.309 dur:41.700ms, clock:11.350 level:100
2024-11-22 04:20:22.498 T:4053 debug : CVideoPlayer::ProcessVideoData size:2541 dts:225.350 pts:225.350 dur:41.700ms, clock:11.353 level:100
2024-11-22 04:20:22.500 T:4053 debug : CVideoPlayer::ProcessVideoData size:2424 dts:225.392 pts:225.392 dur:41.700ms, clock:11.355 level:100
2024-11-22 04:20:22.502 T:4053 debug : CVideoPlayer::ProcessVideoData size:2481 dts:225.434 pts:225.434 dur:41.700ms, clock:11.357 level:100
2024-11-22 04:20:22.504 T:3827 debug : CAMLCodec::PollFrame elapsed:30.270ms
2024-11-22 04:20:22.506 T:4053 debug : CVideoPlayer::ProcessVideoData size:2300 dts:225.475 pts:225.475 dur:41.700ms, clock:11.361 level:100
2024-11-22 04:20:22.507 T:3827 debug : PrepareNextRender: frameOnScreen: 11.362 renderPts: 11.532 nextFramePts: 11.470 -> diff: 0.063 render: 1 forceNext: 0
2024-11-22 04:20:22.508 T:4053 debug : CVideoPlayer::ProcessVideoData size:2143 dts:225.517 pts:225.517 dur:41.700ms, clock:11.363 level:100
2024-11-22 04:20:22.510 T:4053 debug : CVideoPlayer::ProcessVideoData size:2612 dts:225.559 pts:225.559 dur:41.700ms, clock:11.365 level:100
2024-11-22 04:20:22.511 T:4053 debug : CVideoPlayer::ProcessVideoData size:2144 dts:225.601 pts:225.601 dur:41.700ms, clock:11.367 level:100
2024-11-22 04:20:22.513 T:4057 debug : CAMLCodec::AddData: dl:609600 fl:5485248 sz:2702(4096) lv:10.0% dts:16.099 pts:16.099
2024-11-22 04:20:22.515 T:4053 debug : CVideoPlayer::ProcessVideoData size:2751 dts:225.642 pts:225.642 dur:41.700ms, clock:11.370 level:100
2024-11-22 04:20:22.515 T:3827 debug : CAMLCodec::ReleaseFrame idx:275, drop:0
2024-11-22 04:20:22.516 T:4057 debug : CAMLCodec::DequeueBuffer: pts:12.095 idx:290
2024-11-22 04:20:22.516 T:4057 debug : CAMLCodec::GetPicture: index: 290, pts: 12.095, dur:41.711ms ar:1.78 elf:41ms
2024-11-22 04:20:22.516 T:4057 debug : CVideoPlayerVideo::OutputPicture - ttd:724ms pts:12.095 Clock:11.371 Level:14
2024-11-22 04:20:22.517 T:4053 debug : CVideoPlayer::ProcessVideoData size:2318 dts:225.684 pts:225.684 dur:41.700ms, clock:11.372 level:100
2024-11-22 04:20:22.518 T:4053 debug : CVideoPlayer::ProcessVideoData size:2268 dts:225.726 pts:225.726 dur:41.700ms, clock:11.373 level:100
2024-11-22 04:20:22.521 T:4053 debug : CVideoPlayer::ProcessVideoData size:2602 dts:225.767 pts:225.767 dur:41.700ms, clock:11.376 level:100
2024-11-22 04:20:22.523 T:4053 debug : CVideoPlayer::ProcessVideoData size:2202 dts:225.809 pts:225.809 dur:41.700ms, clock:11.378 level:100
2024-11-22 04:20:22.525 T:4053 debug : CVideoPlayer::ProcessVideoData size:2176 dts:225.851 pts:225.851 dur:41.700ms, clock:11.380 level:100
2024-11-22 04:20:22.528 T:4053 debug : CVideoPlayer::ProcessVideoData size:3037 dts:225.893 pts:225.893 dur:41.700ms, clock:11.383 level:100
2024-11-22 04:20:22.530 T:4053 debug : CVideoPlayer::ProcessVideoData size:2735 dts:225.934 pts:225.934 dur:41.700ms, clock:11.385 level:100
2024-11-22 04:20:22.531 T:4053 debug : CVideoPlayer::ProcessVideoData size:2510 dts:225.976 pts:225.976 dur:41.700ms, clock:11.387 level:100
2024-11-22 04:20:22.533 T:4053 debug : CVideoPlayer::ProcessVideoData size:2665 dts:226.018 pts:226.018 dur:41.700ms, clock:11.388 level:100
2024-11-22 04:20:22.536 T:4053 debug : CVideoPlayer::ProcessVideoData size:3233 dts:226.059 pts:226.059 dur:41.700ms, clock:11.391 level:100
2024-11-22 04:20:22.538 T:4053 debug : CVideoPlayer::ProcessVideoData size:1285 dts:226.101 pts:226.101 dur:41.700ms, clock:11.393 level:100
2024-11-22 04:20:22.540 T:4053 debug : CVideoPlayer::ProcessVideoData size:1933 dts:226.143 pts:226.143 dur:41.700ms, clock:11.395 level:100
2024-11-22 04:20:22.544 T:4053 debug : CVideoPlayer::ProcessVideoData size:3372 dts:226.185 pts:226.185 dur:41.700ms, clock:11.399 level:100
2024-11-22 04:20:22.546 T:3827 debug : CAMLCodec::PollFrame elapsed:30.917ms
2024-11-22 04:20:22.547 T:4053 debug : CVideoPlayer::ProcessVideoData size:59378 dts:226.226 pts:226.226 dur:41.700ms, clock:11.402 level:100
2024-11-22 04:20:22.549 T:4053 debug : CVideoPlayer::ProcessVideoData size:3593 dts:226.268 pts:226.268 dur:41.700ms, clock:11.404 level:100
2024-11-22 04:20:22.549 T:3827 debug : PrepareNextRender: frameOnScreen: 11.404 renderPts: 11.574 nextFramePts: 11.512 -> diff: 0.062 render: 1 forceNext: 0
2024-11-22 04:20:22.552 T:4053 debug : CVideoPlayer::ProcessVideoData size:2708 dts:226.310 pts:226.310 dur:41.700ms, clock:11.407 level:100
2024-11-22 04:20:22.554 T:4053 debug : CVideoPlayer::ProcessVideoData size:2452 dts:226.351 pts:226.351 dur:41.700ms, clock:11.409 level:100
2024-11-22 04:20:22.555 T:4057 debug : CAMLCodec::AddData: dl:609600 fl:5485248 sz:2452(4096) lv:10.0% dts:16.141 pts:16.141
2024-11-22 04:20:22.556 T:3827 debug : CAMLCodec::ReleaseFrame idx:276, drop:0
2024-11-22 04:20:22.556 T:4053 debug : CVideoPlayer::ProcessVideoData size:2421 dts:226.393 pts:226.393 dur:41.700ms, clock:11.411 level:100
2024-11-22 04:20:22.557 T:4057 debug : CAMLCodec::DequeueBuffer: pts:12.137 idx:291
2024-11-22 04:20:22.557 T:4057 debug : CAMLCodec::GetPicture: index: 291, pts: 12.137, dur:41.711ms ar:1.78 elf:40ms
2024-11-22 04:20:22.557 T:4057 debug : CVideoPlayerVideo::OutputPicture - ttd:724ms pts:12.137 Clock:11.412 Level:14
2024-11-22 04:20:22.559 T:4053 debug : CVideoPlayer::ProcessVideoData size:2762 dts:226.435 pts:226.435 dur:41.700ms, clock:11.414 level:100
2024-11-22 04:20:22.561 T:4053 debug : CVideoPlayer::ProcessVideoData size:2016 dts:226.476 pts:226.476 dur:41.700ms, clock:11.416 level:100
2024-11-22 04:20:22.562 T:4053 debug : CVideoPlayer::ProcessVideoData size:2104 dts:226.518 pts:226.518 dur:41.700ms, clock:11.418 level:100
2024-11-22 04:20:22.564 T:4053 debug : CVideoPlayer::ProcessVideoData size:2642 dts:226.560 pts:226.560 dur:41.700ms, clock:11.419 level:100
2024-11-22 04:20:22.567 T:4053 debug : CVideoPlayer::ProcessVideoData size:2109 dts:226.602 pts:226.602 dur:41.700ms, clock:11.422 level:100
2024-11-22 04:20:22.569 T:4053 debug : CVideoPlayer::ProcessVideoData size:2748 dts:226.643 pts:226.643 dur:41.700ms, clock:11.424 level:100
2024-11-22 04:20:22.571 T:4053 debug : CVideoPlayer::ProcessVideoData size:2314 dts:226.685 pts:226.685 dur:41.700ms, clock:11.426 level:100
2024-11-22 04:20:22.574 T:4053 debug : CVideoPlayer::ProcessVideoData size:2250 dts:226.727 pts:226.727 dur:41.700ms, clock:11.429 level:100
2024-11-22 04:20:22.575 T:3892 debug : PushCecKeypress - received key e5 duration 0
2024-11-22 04:20:22.575 T:4053 debug : CVideoPlayer::ProcessVideoData size:2493 dts:226.768 pts:226.768 dur:41.700ms, clock:11.430 level:100
2024-11-22 04:20:22.577 T:4053 debug : CVideoPlayer::ProcessVideoData size:2208 dts:226.810 pts:226.810 dur:41.700ms, clock:11.433 level:100
2024-11-22 04:20:22.580 T:4053 debug : CVideoPlayer::ProcessVideoData size:2528 dts:226.852 pts:226.852 dur:41.700ms, clock:11.435 level:100
2024-11-22 04:20:22.582 T:4053 debug : CVideoPlayer::ProcessVideoData size:2694 dts:226.894 pts:226.894 dur:41.700ms, clock:11.437 level:100
2024-11-22 04:20:22.584 T:4053 debug : CVideoPlayer::ProcessVideoData size:2650 dts:226.935 pts:226.935 dur:41.700ms, clock:11.439 level:100
2024-11-22 04:20:22.586 T:4053 debug : CVideoPlayer::ProcessVideoData size:2491 dts:226.977 pts:226.977 dur:41.700ms, clock:11.441 level:100
2024-11-22 04:20:22.588 T:3827 debug : CAMLCodec::PollFrame elapsed:31.767ms
2024-11-22 04:20:22.589 T:3827 debug : HandleKey: yellow (0xe5) pressed, window 12005, action is PlayerProcessInfo
2024-11-22 04:20:22.590 T:3827 debug : Activating window ID: 10116
2024-11-22 04:20:22.590 T:3827 debug : ------ Window Init (DialogPlayerProcessInfo.xml) ------
2024-11-22 04:20:22.590 T:3827 info : Loading skin file: DialogPlayerProcessInfo.xml, load type: KEEP_IN_MEMORY
2024-11-22 04:20:22.590 T:4053 debug : CVideoPlayer::ProcessVideoData size:2698 dts:227.019 pts:227.019 dur:41.700ms, clock:11.445 level:100
2024-11-22 04:20:22.592 T:4053 debug : CVideoPlayer::ProcessVideoData size:3170 dts:227.060 pts:227.060 dur:41.700ms, clock:11.447 level:100
2024-11-22 04:20:22.594 T:4053 debug : CVideoPlayer::ProcessVideoData size:1241 dts:227.102 pts:227.102 dur:41.700ms, clock:11.449 level:100
2024-11-22 04:20:22.595 T:4057 debug : CAMLCodec::AddData: dl:609600 fl:5485248 sz:2535(4096) lv:10.0% dts:16.183 pts:16.183
2024-11-22 04:20:22.597 T:4053 debug : CVideoPlayer::ProcessVideoData size:1942 dts:227.144 pts:227.144 dur:41.700ms, clock:11.452 level:100
2024-11-22 04:20:22.597 T:3827 error : unmatched parentheses in string.contains(videoplayer.hdrtype,hlg
2024-11-22 04:20:22.600 T:4053 debug : CVideoPlayer::ProcessVideoData size:3280 dts:227.186 pts:227.186 dur:41.700ms, clock:11.455 level:100
2024-11-22 04:20:22.602 T:4053 debug : CVideoPlayer::ProcessVideoData size:59138 dts:227.227 pts:227.227 dur:41.700ms, clock:11.457 level:100
2024-11-22 04:20:22.605 T:4053 debug : CVideoPlayer::ProcessVideoData size:3387 dts:227.269 pts:227.269 dur:41.700ms, clock:11.460 level:100
2024-11-22 04:20:22.607 T:4053 debug : CVideoPlayer::ProcessVideoData size:2702 dts:227.311 pts:227.311 dur:41.700ms, clock:11.462 level:100
2024-11-22 04:20:22.609 T:4053 debug : CVideoPlayer::ProcessVideoData size:2539 dts:227.352 pts:227.352 dur:41.700ms, clock:11.464 level:100
2024-11-22 04:20:22.611 T:4053 debug : CVideoPlayer::ProcessVideoData size:2441 dts:227.394 pts:227.394 dur:41.700ms, clock:11.466 level:100
2024-11-22 04:20:22.614 T:4053 debug : CVideoPlayer::ProcessVideoData size:2776 dts:227.436 pts:227.436 dur:41.700ms, clock:11.469 level:100
2024-11-22 04:20:22.615 T:4053 debug : CVideoPlayer::ProcessVideoData size:2286 dts:227.477 pts:227.477 dur:41.700ms, clock:11.471 level:100
2024-11-22 04:20:22.617 T:4053 debug : CVideoPlayer::ProcessVideoData size:1893 dts:227.519 pts:227.519 dur:41.700ms, clock:11.472 level:100
2024-11-22 04:20:22.621 T:4053 debug : CVideoPlayer::ProcessVideoData size:2638 dts:227.561 pts:227.561 dur:41.700ms, clock:11.476 level:100
2024-11-22 04:20:22.623 T:4053 debug : CVideoPlayer::ProcessVideoData size:2136 dts:227.603 pts:227.603 dur:41.700ms, clock:11.478 level:100
2024-11-22 04:20:22.624 T:4053 debug : CVideoPlayer::ProcessVideoData size:2791 dts:227.644 pts:227.644 dur:41.700ms, clock:11.479 level:100
2024-11-22 04:20:22.627 T:4053 debug : CVideoPlayer::ProcessVideoData size:2318 dts:227.686 pts:227.686 dur:41.700ms, clock:11.482 level:100
2024-11-22 04:20:22.629 T:4053 debug : CVideoPlayer::ProcessVideoData size:2265 dts:227.728 pts:227.728 dur:41.700ms, clock:11.484 level:100
2024-11-22 04:20:22.631 T:4053 debug : CVideoPlayer::ProcessVideoData size:2376 dts:227.769 pts:227.769 dur:41.700ms, clock:11.486 level:100
2024-11-22 04:20:22.634 T:4053 debug : CVideoPlayer::ProcessVideoData size:2211 dts:227.811 pts:227.811 dur:41.700ms, clock:11.489 level:100
2024-11-22 04:20:22.636 T:4053 debug : CVideoPlayer::ProcessVideoData size:2452 dts:227.853 pts:227.853 dur:41.700ms, clock:11.491 level:100
2024-11-22 04:20:22.638 T:4057 debug : CAMLCodec::AddData: dl:609600 fl:5485248 sz:2722(4096) lv:10.0% dts:16.225 pts:16.225
2024-11-22 04:20:22.638 T:4053 debug : CVideoPlayer::ProcessVideoData size:3006 dts:227.895 pts:227.895 dur:41.700ms, clock:11.493 level:100
2024-11-22 04:20:22.640 T:4053 debug : CVideoPlayer::ProcessVideoData size:2524 dts:227.936 pts:227.936 dur:41.700ms, clock:11.495 level:100
2024-11-22 04:20:22.643 T:4053 debug : CVideoPlayer::ProcessVideoData size:2533 dts:227.978 pts:227.978 dur:41.700ms, clock:11.498 level:100
2024-11-22 04:20:22.645 T:4053 debug : CVideoPlayer::ProcessVideoData size:2662 dts:228.020 pts:228.020 dur:41.700ms, clock:11.500 level:100
2024-11-22 04:20:22.647 T:4053 debug : CVideoPlayer::ProcessVideoData size:3224 dts:228.061 pts:228.061 dur:41.700ms, clock:11.502 level:100
2024-11-22 04:20:22.650 T:4053 debug : CVideoPlayer::ProcessVideoData size:1285 dts:228.103 pts:228.103 dur:41.700ms, clock:11.505 level:100
2024-11-22 04:20:22.652 T:4053 debug : CVideoPlayer::ProcessVideoData size:1933 dts:228.145 pts:228.145 dur:41.700ms, clock:11.507 level:100
2024-11-22 04:20:22.655 T:4053 debug : CVideoPlayer::ProcessVideoData size:3364 dts:228.187 pts:228.187 dur:41.700ms, clock:11.510 level:100
2024-11-22 04:20:22.658 T:4053 debug : CVideoPlayer::ProcessVideoData size:59362 dts:228.228 pts:228.228 dur:41.700ms, clock:11.514 level:100
2024-11-22 04:20:22.660 T:4053 debug : CVideoPlayer::ProcessVideoData size:3593 dts:228.270 pts:228.270 dur:41.700ms, clock:11.516 level:100
2024-11-22 04:20:22.662 T:4053 debug : CVideoPlayer::ProcessVideoData size:2709 dts:228.312 pts:228.312 dur:41.700ms, clock:11.517 level:100
2024-11-22 04:20:22.663 T:3827 debug : ------ Window Init (DialogSeekBar.xml) ------
2024-11-22 04:20:22.664 T:4053 debug : CVideoPlayer::ProcessVideoData size:2068 dts:228.353 pts:228.353 dur:41.700ms, clock:11.519 level:100
2024-11-22 04:20:22.664 T:3827 debug : PrepareNextRender: frameOnScreen: 11.520 renderPts: 11.690 nextFramePts: 11.553 -> diff: 0.136 render: 1 forceNext: 0
2024-11-22 04:20:22.665 T:3827 debug : CAMLCodec::ReleaseFrame idx:277, drop:1
2024-11-22 04:20:22.665 T:4057 debug : CAMLCodec::DequeueBuffer: pts:12.179 idx:292
2024-11-22 04:20:22.666 T:4057 debug : CAMLCodec::GetPicture: index: 292, pts: 12.179, dur:41.711ms ar:1.78 elf:108ms
2024-11-22 04:20:22.666 T:4057 debug : CVideoPlayerVideo::OutputPicture - ttd:658ms pts:12.179 Clock:11.521 Level:13
2024-11-22 04:20:22.667 T:4053 debug : CVideoPlayer::ProcessVideoData size:2288 dts:228.395 pts:228.395 dur:41.700ms, clock:11.523 level:100
2024-11-22 04:20:22.669 T:4053 debug : CVideoPlayer::ProcessVideoData size:2763 dts:228.437 pts:228.437 dur:41.700ms, clock:11.524 level:100
2024-11-22 04:20:22.671 T:4053 debug : CVideoPlayer::ProcessVideoData size:2259 dts:228.478 pts:228.478 dur:41.700ms, clock:11.526 level:100
2024-11-22 04:20:22.672 T:3827 debug : CAMLCodec::ReleaseFrame idx:278, drop:0
2024-11-22 04:20:22.673 T:3827 debug : CAMLCodec::PollFrame elapsed:0.012ms
2024-11-22 04:20:22.674 T:4057 debug : CAMLCodec::DequeueBuffer: pts:12.221 idx:293
2024-11-22 04:20:22.674 T:4057 debug : CAMLCodec::GetPicture: index: 293, pts: 12.221, dur:41.700ms ar:1.78 elf:7ms
2024-11-22 04:20:22.674 T:3827 debug : ------ Window Init (Custom_1109_TopBarOverlay.xml) ------
2024-11-22 04:20:22.674 T:4057 debug : CVideoPlayerVideo::OutputPicture - ttd:691ms pts:12.221 Clock:11.529 Level:14
2024-11-22 04:20:22.675 T:4053 debug : CVideoPlayer::ProcessVideoData size:2111 dts:228.520 pts:228.520 dur:41.700ms, clock:11.530 level:100
2024-11-22 04:20:22.677 T:4053 debug : CVideoPlayer::ProcessVideoData size:2641 dts:228.562 pts:228.562 dur:41.700ms, clock:11.532 level:100
2024-11-22 04:20:22.679 T:4053 debug : CVideoPlayer::ProcessVideoData size:2121 dts:228.604 pts:228.604 dur:41.700ms, clock:11.534 level:100
2024-11-22 04:20:22.682 T:3827 debug : PrepareNextRender: frameOnScreen: 11.537 renderPts: 11.707 nextFramePts: 11.637 -> diff: 0.070 render: 1 forceNext: 0
2024-11-22 04:20:22.682 T:4053 debug : CVideoPlayer::ProcessVideoData size:2745 dts:228.645 pts:228.645 dur:41.700ms, clock:11.537 level:100
2024-11-22 04:20:22.684 T:4053 debug : CVideoPlayer::ProcessVideoData size:2314 dts:228.687 pts:228.687 dur:41.700ms, clock:11.539 level:100
2024-11-22 04:20:22.686 T:4053 debug : CVideoPlayer::ProcessVideoData size:2251 dts:228.729 pts:228.729 dur:41.700ms, clock:11.541 level:100
2024-11-22 04:20:22.688 T:4053 debug : CVideoPlayer::ProcessVideoData size:2503 dts:228.770 pts:228.770 dur:41.700ms, clock:11.543 level:100
2024-11-22 04:20:22.691 T:4053 debug : CVideoPlayer::ProcessVideoData size:2207 dts:228.812 pts:228.812 dur:41.700ms, clock:11.546 level:100
2024-11-22 04:20:22.693 T:4053 debug : CVideoPlayer::ProcessVideoData size:2513 dts:228.854 pts:228.854 dur:41.700ms, clock:11.548 level:100
2024-11-22 04:20:22.695 T:4053 debug : CVideoPlayer::ProcessVideoData size:3040 dts:228.896 pts:228.896 dur:41.700ms, clock:11.550 level:100
2024-11-22 04:20:22.698 T:4053 debug : CVideoPlayer::ProcessVideoData size:2656 dts:228.937 pts:228.937 dur:41.700ms, clock:11.553 level:100
2024-11-22 04:20:22.698 T:3827 debug : CAMLCodec::ReleaseFrame idx:279, drop:0
2024-11-22 04:20:22.700 T:4057 debug : CAMLCodec::DequeueBuffer: pts:12.262 idx:294
2024-11-22 04:20:22.700 T:4057 debug : CAMLCodec::GetPicture: index: 294, pts: 12.262, dur:41.711ms ar:1.78 elf:25ms
2024-11-22 04:20:22.700 T:4057 debug : CVideoPlayerVideo::OutputPicture - ttd:707ms pts:12.262 Clock:11.555 Level:14
2024-11-22 04:20:22.700 T:3892 debug : PushCecKeypress - received key e5 duration 125
2024-11-22 04:20:22.700 T:4053 debug : CVideoPlayer::ProcessVideoData size:2222 dts:228.979 pts:228.979 dur:41.700ms, clock:11.555 level:100
2024-11-22 04:20:22.702 T:4053 debug : CVideoPlayer::ProcessVideoData size:2692 dts:229.021 pts:229.021 dur:41.700ms, clock:11.557 level:100
2024-11-22 04:20:22.705 T:4053 debug : CVideoPlayer::ProcessVideoData size:3000 dts:229.062 pts:229.062 dur:41.700ms, clock:11.560 level:100
