2024-11-22 04:20:19.563 T:4053 debug : CVideoPlayer::ProcessVideoData size:1285 dts:172.047 pts:172.047 dur:41.700ms, clock:8.418 level:100
2024-11-22 04:20:19.565 T:4053 debug : CVideoPlayer::ProcessVideoData size:1933 dts:172.089 pts:172.089 dur:41.700ms, clock:8.420 level:100
2024-11-22 04:20:19.568 T:4053 debug : CVideoPlayer::ProcessVideoData size:3385 dts:172.130 pts:172.130 dur:41.700ms, clock:8.423 level:100
2024-11-22 04:20:19.570 T:4053 debug : CVideoPlayer::ProcessVideoData size:59252 dts:172.172 pts:172.172 dur:41.700ms, clock:8.426 level:100
2024-11-22 04:20:19.572 T:4053 debug : CVideoPlayer::ProcessVideoData size:3618 dts:172.214 pts:172.214 dur:41.700ms, clock:8.427 level:100
2024-11-22 04:20:19.574 T:4053 debug : CVideoPlayer::ProcessVideoData size:2548 dts:172.256 pts:172.256 dur:41.700ms, clock:8.429 level:100
2024-11-22 04:20:19.577 T:4053 debug : CVideoPlayer::ProcessVideoData size:2406 dts:172.297 pts:172.297 dur:41.700ms, clock:8.432 level:100
2024-11-22 04:20:19.578 T:4053 debug : CVideoPlayer::ProcessVideoData size:2504 dts:172.339 pts:172.339 dur:41.700ms, clock:8.433 level:100
2024-11-22 04:20:19.580 T:4053 debug : CVideoPlayer::ProcessVideoData size:2531 dts:172.381 pts:172.381 dur:41.700ms, clock:8.435 level:100
2024-11-22 04:20:19.583 T:4053 debug : CVideoPlayer::ProcessVideoData size:2281 dts:172.422 pts:172.422 dur:41.700ms, clock:8.438 level:100
2024-11-22 04:20:19.584 T:4053 debug : CVideoPlayer::ProcessVideoData size:2125 dts:172.464 pts:172.464 dur:41.700ms, clock:8.440 level:100
2024-11-22 04:20:19.585 T:3827 debug : CAMLCodec::PollFrame elapsed:36.747ms
2024-11-22 04:20:19.587 T:4053 debug : CVideoPlayer::ProcessVideoData size:2654 dts:172.506 pts:172.506 dur:41.700ms, clock:8.442 level:100
2024-11-22 04:20:19.588 T:3827 debug : PrepareNextRender: frameOnScreen: 8.443 renderPts: 8.612 nextFramePts: 8.508 -> diff: 0.104 render: 1 forceNext: 0
2024-11-22 04:20:19.589 T:4053 debug : CVideoPlayer::ProcessVideoData size:2112 dts:172.548 pts:172.548 dur:41.700ms, clock:8.445 level:100
2024-11-22 04:20:19.589 T:3827 debug : CAMLCodec::ReleaseFrame idx:204, drop:0
2024-11-22 04:20:19.591 T:4057 debug : CAMLCodec::DequeueBuffer: pts:9.134 idx:219
2024-11-22 04:20:19.591 T:4057 debug : CAMLCodec::GetPicture: index: 219, pts: 9.134, dur:41.711ms ar:1.78 elf:41ms
2024-11-22 04:20:19.591 T:4057 debug : CVideoPlayerVideo::OutputPicture - ttd:688ms pts:9.134 Clock:8.446 Level:14
2024-11-22 04:20:19.592 T:4053 debug : CVideoPlayer::ProcessVideoData size:2747 dts:172.589 pts:172.589 dur:41.700ms, clock:8.447 level:100
2024-11-22 04:20:19.593 T:4057 debug : CAMLCodec::AddData: dl:613312 fl:5481536 sz:2567(4096) lv:10.1% dts:13.180 pts:13.180
2024-11-22 04:20:19.593 T:4053 debug : CVideoPlayer::ProcessVideoData size:2314 dts:172.631 pts:172.631 dur:41.700ms, clock:8.449 level:100
2024-11-22 04:20:19.595 T:4053 debug : CVideoPlayer::ProcessVideoData size:2035 dts:172.673 pts:172.673 dur:41.700ms, clock:8.450 level:100
2024-11-22 04:20:19.598 T:4053 debug : CVideoPlayer::ProcessVideoData size:2648 dts:172.714 pts:172.714 dur:41.700ms, clock:8.453 level:100
2024-11-22 04:20:19.600 T:4053 debug : CVideoPlayer::ProcessVideoData size:2459 dts:172.756 pts:172.756 dur:41.700ms, clock:8.455 level:100
2024-11-22 04:20:19.601 T:4053 debug : CVideoPlayer::ProcessVideoData size:2349 dts:172.798 pts:172.798 dur:41.700ms, clock:8.457 level:100
2024-11-22 04:20:19.604 T:4053 debug : CVideoPlayer::ProcessVideoData size:3038 dts:172.840 pts:172.840 dur:41.700ms, clock:8.459 level:100
2024-11-22 04:20:19.606 T:4053 debug : CVideoPlayer::ProcessVideoData size:2651 dts:172.881 pts:172.881 dur:41.700ms, clock:8.461 level:100
2024-11-22 04:20:19.608 T:4053 debug : CVideoPlayer::ProcessVideoData size:2496 dts:172.923 pts:172.923 dur:41.700ms, clock:8.463 level:100
2024-11-22 04:20:19.610 T:4053 debug : CVideoPlayer::ProcessVideoData size:2696 dts:172.965 pts:172.965 dur:41.700ms, clock:8.465 level:100
2024-11-22 04:20:19.612 T:4053 debug : CVideoPlayer::ProcessVideoData size:2752 dts:173.006 pts:173.006 dur:41.700ms, clock:8.467 level:100
2024-11-22 04:20:19.614 T:4053 debug : CVideoPlayer::ProcessVideoData size:1241 dts:173.048 pts:173.048 dur:41.700ms, clock:8.469 level:100
2024-11-22 04:20:19.615 T:4053 debug : CVideoPlayer::ProcessVideoData size:1944 dts:173.090 pts:173.090 dur:41.700ms, clock:8.470 level:100
2024-11-22 04:20:19.619 T:4053 debug : CVideoPlayer::ProcessVideoData size:3288 dts:173.131 pts:173.131 dur:41.700ms, clock:8.474 level:100
2024-11-22 04:20:19.621 T:4053 debug : CVideoPlayer::ProcessVideoData size:59534 dts:173.173 pts:173.173 dur:41.700ms, clock:8.476 level:100
2024-11-22 04:20:19.623 T:4053 debug : CVideoPlayer::ProcessVideoData size:3398 dts:173.215 pts:173.215 dur:41.700ms, clock:8.478 level:100
2024-11-22 04:20:19.626 T:4053 debug : CVideoPlayer::ProcessVideoData size:2702 dts:173.257 pts:173.257 dur:41.700ms, clock:8.481 level:100
2024-11-22 04:20:19.626 T:3827 debug : CAMLCodec::PollFrame elapsed:36.689ms
2024-11-22 04:20:19.628 T:4053 debug : CVideoPlayer::ProcessVideoData size:2541 dts:173.298 pts:173.298 dur:41.700ms, clock:8.483 level:100
2024-11-22 04:20:19.629 T:3827 debug : PrepareNextRender: frameOnScreen: 8.484 renderPts: 8.654 nextFramePts: 8.550 -> diff: 0.104 render: 1 forceNext: 0
2024-11-22 04:20:19.630 T:4053 debug : CVideoPlayer::ProcessVideoData size:2567 dts:173.340 pts:173.340 dur:41.700ms, clock:8.485 level:100
2024-11-22 04:20:19.631 T:3827 debug : CAMLCodec::ReleaseFrame idx:205, drop:0
2024-11-22 04:20:19.633 T:4057 debug : CAMLCodec::DequeueBuffer: pts:9.176 idx:220
2024-11-22 04:20:19.633 T:4057 debug : CAMLCodec::GetPicture: index: 220, pts: 9.176, dur:41.700ms ar:1.78 elf:41ms
2024-11-22 04:20:19.633 T:4057 debug : CVideoPlayerVideo::OutputPicture - ttd:687ms pts:9.176 Clock:8.488 Level:14
2024-11-22 04:20:19.633 T:4053 debug : CVideoPlayer::ProcessVideoData size:2532 dts:173.382 pts:173.382 dur:41.700ms, clock:8.488 level:100
2024-11-22 04:20:19.634 T:4057 debug : CAMLCodec::AddData: dl:613312 fl:5481536 sz:2784(4096) lv:10.1% dts:13.222 pts:13.222
2024-11-22 04:20:19.635 T:4053 debug : CVideoPlayer::ProcessVideoData size:2289 dts:173.423 pts:173.423 dur:41.700ms, clock:8.490 level:100
2024-11-22 04:20:19.636 T:4053 debug : CVideoPlayer::ProcessVideoData size:2135 dts:173.465 pts:173.465 dur:41.700ms, clock:8.491 level:100
2024-11-22 04:20:19.639 T:4053 debug : CVideoPlayer::ProcessVideoData size:2618 dts:173.507 pts:173.507 dur:41.700ms, clock:8.494 level:100
2024-11-22 04:20:19.641 T:4053 debug : CVideoPlayer::ProcessVideoData size:2132 dts:173.549 pts:173.549 dur:41.700ms, clock:8.496 level:100
2024-11-22 04:20:19.642 T:4053 debug : CVideoPlayer::ProcessVideoData size:2745 dts:173.590 pts:173.590 dur:41.700ms, clock:8.498 level:100
2024-11-22 04:20:19.644 T:4053 debug : CVideoPlayer::ProcessVideoData size:2318 dts:173.632 pts:173.632 dur:41.700ms, clock:8.499 level:100
2024-11-22 04:20:19.647 T:4053 debug : CVideoPlayer::ProcessVideoData size:2017 dts:173.674 pts:173.674 dur:41.700ms, clock:8.502 level:100
2024-11-22 04:20:19.648 T:4053 debug : CVideoPlayer::ProcessVideoData size:2608 dts:173.715 pts:173.715 dur:41.700ms, clock:8.503 level:100
2024-11-22 04:20:19.650 T:4053 debug : CVideoPlayer::ProcessVideoData size:2447 dts:173.757 pts:173.757 dur:41.700ms, clock:8.505 level:100
2024-11-22 04:20:19.653 T:4053 debug : CVideoPlayer::ProcessVideoData size:2430 dts:173.799 pts:173.799 dur:41.700ms, clock:8.508 level:100
2024-11-22 04:20:19.654 T:4053 debug : CVideoPlayer::ProcessVideoData size:3033 dts:173.841 pts:173.841 dur:41.700ms, clock:8.510 level:100
2024-11-22 04:20:19.656 T:4053 debug : CVideoPlayer::ProcessVideoData size:2724 dts:173.882 pts:173.882 dur:41.700ms, clock:8.511 level:100
2024-11-22 04:20:19.659 T:4053 debug : CVideoPlayer::ProcessVideoData size:2510 dts:173.924 pts:173.924 dur:41.700ms, clock:8.514 level:100
2024-11-22 04:20:19.661 T:4053 debug : CVideoPlayer::ProcessVideoData size:2670 dts:173.966 pts:173.966 dur:41.700ms, clock:8.516 level:100
2024-11-22 04:20:19.662 T:4053 debug : CVideoPlayer::ProcessVideoData size:3165 dts:174.007 pts:174.007 dur:41.700ms, clock:8.517 level:100
2024-11-22 04:20:19.664 T:4053 debug : CVideoPlayer::ProcessVideoData size:1285 dts:174.049 pts:174.049 dur:41.700ms, clock:8.519 level:100
2024-11-22 04:20:19.666 T:4053 debug : CVideoPlayer::ProcessVideoData size:1933 dts:174.091 pts:174.091 dur:41.700ms, clock:8.522 level:100
2024-11-22 04:20:19.668 T:3827 debug : CAMLCodec::PollFrame elapsed:36.476ms
2024-11-22 04:20:19.669 T:4053 debug : CVideoPlayer::ProcessVideoData size:3099 dts:174.132 pts:174.132 dur:41.700ms, clock:8.525 level:100
2024-11-22 04:20:19.671 T:3827 debug : PrepareNextRender: frameOnScreen: 8.526 renderPts: 8.696 nextFramePts: 8.592 -> diff: 0.104 render: 1 forceNext: 0
2024-11-22 04:20:19.672 T:4053 debug : CVideoPlayer::ProcessVideoData size:59193 dts:174.174 pts:174.174 dur:41.700ms, clock:8.528 level:100
2024-11-22 04:20:19.673 T:3827 debug : CAMLCodec::ReleaseFrame idx:206, drop:0
2024-11-22 04:20:19.674 T:4057 debug : CAMLCodec::DequeueBuffer: pts:9.218 idx:221
2024-11-22 04:20:19.674 T:4057 debug : CAMLCodec::GetPicture: index: 221, pts: 9.218, dur:41.711ms ar:1.78 elf:40ms
2024-11-22 04:20:19.674 T:4057 debug : CVideoPlayerVideo::OutputPicture - ttd:688ms pts:9.218 Clock:8.529 Level:14
2024-11-22 04:20:19.675 T:4057 debug : CAMLCodec::AddData: dl:613312 fl:5481536 sz:2286(4096) lv:10.1% dts:13.263 pts:13.263
2024-11-22 04:20:19.675 T:4053 debug : CVideoPlayer::ProcessVideoData size:3614 dts:174.216 pts:174.216 dur:41.700ms, clock:8.531 level:100
2024-11-22 04:20:19.677 T:4053 debug : CVideoPlayer::ProcessVideoData size:2708 dts:174.258 pts:174.258 dur:41.700ms, clock:8.532 level:100
2024-11-22 04:20:19.679 T:4053 debug : CVideoPlayer::ProcessVideoData size:2443 dts:174.299 pts:174.299 dur:41.700ms, clock:8.534 level:100
2024-11-22 04:20:19.682 T:4053 debug : CVideoPlayer::ProcessVideoData size:2288 dts:174.341 pts:174.341 dur:41.700ms, clock:8.537 level:100
2024-11-22 04:20:19.683 T:4053 debug : CVideoPlayer::ProcessVideoData size:2502 dts:174.383 pts:174.383 dur:41.700ms, clock:8.539 level:100
2024-11-22 04:20:19.685 T:4053 debug : CVideoPlayer::ProcessVideoData size:2270 dts:174.424 pts:174.424 dur:41.700ms, clock:8.540 level:100
2024-11-22 04:20:19.687 T:4053 debug : CVideoPlayer::ProcessVideoData size:2110 dts:174.466 pts:174.466 dur:41.700ms, clock:8.542 level:100
2024-11-22 04:20:19.690 T:4053 debug : CVideoPlayer::ProcessVideoData size:2656 dts:174.508 pts:174.508 dur:41.700ms, clock:8.545 level:100
2024-11-22 04:20:19.691 T:4053 debug : CVideoPlayer::ProcessVideoData size:2122 dts:174.550 pts:174.550 dur:41.700ms, clock:8.546 level:100
2024-11-22 04:20:19.693 T:4053 debug : CVideoPlayer::ProcessVideoData size:2711 dts:174.591 pts:174.591 dur:41.700ms, clock:8.548 level:100
2024-11-22 04:20:19.695 T:4053 debug : CVideoPlayer::ProcessVideoData size:2314 dts:174.633 pts:174.633 dur:41.700ms, clock:8.550 level:100
2024-11-22 04:20:19.697 T:4053 debug : CVideoPlayer::ProcessVideoData size:2022 dts:174.675 pts:174.675 dur:41.700ms, clock:8.552 level:100
2024-11-22 04:20:19.699 T:4053 debug : CVideoPlayer::ProcessVideoData size:2632 dts:174.716 pts:174.716 dur:41.700ms, clock:8.554 level:100
2024-11-22 04:20:19.701 T:4053 debug : CVideoPlayer::ProcessVideoData size:2245 dts:174.758 pts:174.758 dur:41.700ms, clock:8.556 level:100
2024-11-22 04:20:19.703 T:4053 debug : CVideoPlayer::ProcessVideoData size:2255 dts:174.800 pts:174.800 dur:41.700ms, clock:8.558 level:100
2024-11-22 04:20:19.705 T:4053 debug : CVideoPlayer::ProcessVideoData size:3023 dts:174.841 pts:174.841 dur:41.700ms, clock:8.560 level:100
2024-11-22 04:20:19.707 T:4053 debug : CVideoPlayer::ProcessVideoData size:2666 dts:174.883 pts:174.883 dur:41.700ms, clock:8.562 level:100
2024-11-22 04:20:19.709 T:4053 debug : CVideoPlayer::ProcessVideoData size:2500 dts:174.925 pts:174.925 dur:41.700ms, clock:8.564 level:100
2024-11-22 04:20:19.710 T:3827 debug : CAMLCodec::PollFrame elapsed:36.319ms
2024-11-22 04:20:19.711 T:4053 debug : CVideoPlayer::ProcessVideoData size:2705 dts:174.967 pts:174.967 dur:41.700ms, clock:8.567 level:100
2024-11-22 04:20:19.713 T:3827 debug : PrepareNextRender: frameOnScreen: 8.568 renderPts: 8.738 nextFramePts: 8.634 -> diff: 0.104 render: 1 forceNext: 0
2024-11-22 04:20:19.713 T:4053 debug : CVideoPlayer::ProcessVideoData size:3173 dts:175.008 pts:175.008 dur:41.700ms, clock:8.568 level:100
2024-11-22 04:20:19.715 T:3827 debug : CAMLCodec::ReleaseFrame idx:207, drop:0
2024-11-22 04:20:19.716 T:4057 debug : CAMLCodec::DequeueBuffer: pts:9.259 idx:222
2024-11-22 04:20:19.716 T:4057 debug : CAMLCodec::GetPicture: index: 222, pts: 9.259, dur:41.711ms ar:1.78 elf:41ms
2024-11-22 04:20:19.716 T:4057 debug : CVideoPlayerVideo::OutputPicture - ttd:688ms pts:9.259 Clock:8.571 Level:14
2024-11-22 04:20:19.716 T:4053 debug : CVideoPlayer::ProcessVideoData size:1243 dts:175.050 pts:175.050 dur:41.700ms, clock:8.571 level:100
2024-11-22 04:20:19.717 T:4057 debug : CAMLCodec::AddData: dl:613312 fl:5481536 sz:2130(4096) lv:10.1% dts:13.305 pts:13.305
2024-11-22 04:20:19.718 T:4053 debug : CVideoPlayer::ProcessVideoData size:1942 dts:175.092 pts:175.092 dur:41.700ms, clock:8.573 level:100
2024-11-22 04:20:19.720 T:4053 debug : CVideoPlayer::ProcessVideoData size:3295 dts:175.133 pts:175.133 dur:41.700ms, clock:8.575 level:100
2024-11-22 04:20:19.723 T:4053 debug : CVideoPlayer::ProcessVideoData size:59484 dts:175.175 pts:175.175 dur:41.700ms, clock:8.579 level:100
2024-11-22 04:20:19.725 T:4053 debug : CVideoPlayer::ProcessVideoData size:3398 dts:175.217 pts:175.217 dur:41.700ms, clock:8.580 level:100
2024-11-22 04:20:19.727 T:4053 debug : CVideoPlayer::ProcessVideoData size:2702 dts:175.259 pts:175.259 dur:41.700ms, clock:8.582 level:100
2024-11-22 04:20:19.730 T:4053 debug : CVideoPlayer::ProcessVideoData size:2541 dts:175.300 pts:175.300 dur:41.700ms, clock:8.585 level:100
2024-11-22 04:20:19.731 T:4053 debug : CVideoPlayer::ProcessVideoData size:2567 dts:175.342 pts:175.342 dur:41.700ms, clock:8.586 level:100
2024-11-22 04:20:19.733 T:4053 debug : CVideoPlayer::ProcessVideoData size:2536 dts:175.384 pts:175.384 dur:41.700ms, clock:8.588 level:100
2024-11-22 04:20:19.734 T:4053 debug : CVideoPlayer::ProcessVideoData size:2282 dts:175.425 pts:175.425 dur:41.700ms, clock:8.590 level:100
2024-11-22 04:20:19.737 T:4053 debug : CVideoPlayer::ProcessVideoData size:2146 dts:175.467 pts:175.467 dur:41.700ms, clock:8.592 level:100
2024-11-22 04:20:19.739 T:4053 debug : CVideoPlayer::ProcessVideoData size:2623 dts:175.509 pts:175.509 dur:41.700ms, clock:8.594 level:100
2024-11-22 04:20:19.741 T:4053 debug : CVideoPlayer::ProcessVideoData size:2133 dts:175.551 pts:175.551 dur:41.700ms, clock:8.596 level:100
2024-11-22 04:20:19.743 T:4053 debug : CVideoPlayer::ProcessVideoData size:2751 dts:175.592 pts:175.592 dur:41.700ms, clock:8.598 level:100
2024-11-22 04:20:19.745 T:4053 debug : CVideoPlayer::ProcessVideoData size:2318 dts:175.634 pts:175.634 dur:41.700ms, clock:8.600 level:100
2024-11-22 04:20:19.747 T:4053 debug : CVideoPlayer::ProcessVideoData size:2020 dts:175.676 pts:175.676 dur:41.700ms, clock:8.602 level:100
2024-11-22 04:20:19.750 T:4053 debug : CVideoPlayer::ProcessVideoData size:2653 dts:175.717 pts:175.717 dur:41.700ms, clock:8.605 level:100
2024-11-22 04:20:19.751 T:4053 debug : CVideoPlayer::ProcessVideoData size:2454 dts:175.759 pts:175.759 dur:41.700ms, clock:8.606 level:100
2024-11-22 04:20:19.752 T:3827 debug : CAMLCodec::PollFrame elapsed:36.164ms
2024-11-22 04:20:19.753 T:4053 debug : CVideoPlayer::ProcessVideoData size:2425 dts:175.801 pts:175.801 dur:41.700ms, clock:8.608 level:100
2024-11-22 04:20:19.754 T:3827 debug : PrepareNextRender: frameOnScreen: 8.610 renderPts: 8.779 nextFramePts: 8.675 -> diff: 0.104 render: 1 forceNext: 0
2024-11-22 04:20:19.757 T:4053 debug : CVideoPlayer::ProcessVideoData size:3027 dts:175.842 pts:175.842 dur:41.700ms, clock:8.612 level:100
2024-11-22 04:20:19.757 T:3827 debug : CAMLCodec::ReleaseFrame idx:208, drop:0
2024-11-22 04:20:19.758 T:4057 debug : CAMLCodec::DequeueBuffer: pts:9.301 idx:223
2024-11-22 04:20:19.758 T:4057 debug : CAMLCodec::GetPicture: index: 223, pts: 9.301, dur:41.711ms ar:1.78 elf:42ms
2024-11-22 04:20:19.758 T:4057 debug : CVideoPlayerVideo::OutputPicture - ttd:687ms pts:9.301 Clock:8.613 Level:14
2024-11-22 04:20:19.759 T:4053 debug : CVideoPlayer::ProcessVideoData size:2729 dts:175.884 pts:175.884 dur:41.700ms, clock:8.614 level:100
2024-11-22 04:20:19.760 T:4057 debug : CAMLCodec::AddData: dl:613312 fl:5481536 sz:2610(4096) lv:10.1% dts:13.347 pts:13.347
2024-11-22 04:20:19.760 T:4053 debug : CVideoPlayer::ProcessVideoData size:2507 dts:175.926 pts:175.926 dur:41.700ms, clock:8.615 level:100
2024-11-22 04:20:19.762 T:4053 debug : CVideoPlayer::ProcessVideoData size:2662 dts:175.968 pts:175.968 dur:41.700ms, clock:8.617 level:100
2024-11-22 04:20:19.765 T:4053 debug : CVideoPlayer::ProcessVideoData size:3233 dts:176.009 pts:176.009 dur:41.700ms, clock:8.620 level:100
2024-11-22 04:20:19.766 T:4053 debug : CVideoPlayer::ProcessVideoData size:1285 dts:176.051 pts:176.051 dur:41.700ms, clock:8.621 level:100
2024-11-22 04:20:19.769 T:4053 debug : CVideoPlayer::ProcessVideoData size:1933 dts:176.093 pts:176.093 dur:41.700ms, clock:8.624 level:100
2024-11-22 04:20:19.772 T:4053 debug : CVideoPlayer::ProcessVideoData size:3362 dts:176.134 pts:176.134 dur:41.700ms, clock:8.627 level:100
2024-11-22 04:20:19.775 T:4053 debug : CVideoPlayer::ProcessVideoData size:59449 dts:176.176 pts:176.176 dur:41.700ms, clock:8.630 level:100
2024-11-22 04:20:19.776 T:4053 debug : CVideoPlayer::ProcessVideoData size:3610 dts:176.218 pts:176.218 dur:41.700ms, clock:8.631 level:100
2024-11-22 04:20:19.779 T:4053 debug : CVideoPlayer::ProcessVideoData size:2702 dts:176.260 pts:176.260 dur:41.700ms, clock:8.634 level:100
2024-11-22 04:20:19.781 T:4053 debug : CVideoPlayer::ProcessVideoData size:2454 dts:176.301 pts:176.301 dur:41.700ms, clock:8.636 level:100
2024-11-22 04:20:19.782 T:4053 debug : CVideoPlayer::ProcessVideoData size:2535 dts:176.343 pts:176.343 dur:41.700ms, clock:8.637 level:100
2024-11-22 04:20:19.784 T:4053 debug : CVideoPlayer::ProcessVideoData size:2505 dts:176.385 pts:176.385 dur:41.700ms, clock:8.639 level:100
2024-11-22 04:20:19.787 T:4053 debug : CVideoPlayer::ProcessVideoData size:1999 dts:176.426 pts:176.426 dur:41.700ms, clock:8.642 level:100
2024-11-22 04:20:19.789 T:4053 debug : CVideoPlayer::ProcessVideoData size:2110 dts:176.468 pts:176.468 dur:41.700ms, clock:8.644 level:100
2024-11-22 04:20:19.790 T:4053 debug : CVideoPlayer::ProcessVideoData size:2639 dts:176.510 pts:176.510 dur:41.700ms, clock:8.646 level:100
2024-11-22 04:20:19.793 T:4053 debug : CVideoPlayer::ProcessVideoData size:2141 dts:176.552 pts:176.552 dur:41.700ms, clock:8.648 level:100
2024-11-22 04:20:19.793 T:3827 debug : CAMLCodec::PollFrame elapsed:36.331ms
2024-11-22 04:20:19.796 T:4053 debug : CVideoPlayer::ProcessVideoData size:2757 dts:176.593 pts:176.593 dur:41.700ms, clock:8.651 level:100
2024-11-22 04:20:19.797 T:3827 debug : PrepareNextRender: frameOnScreen: 8.652 renderPts: 8.821 nextFramePts: 8.717 -> diff: 0.104 render: 1 forceNext: 0
2024-11-22 04:20:19.798 T:4053 debug : CVideoPlayer::ProcessVideoData size:2314 dts:176.635 pts:176.635 dur:41.700ms, clock:8.653 level:100
2024-11-22 04:20:19.798 T:3827 debug : CAMLCodec::ReleaseFrame idx:209, drop:0
2024-11-22 04:20:19.799 T:4057 debug : CAMLCodec::DequeueBuffer: pts:9.343 idx:224
2024-11-22 04:20:19.799 T:4057 debug : CAMLCodec::GetPicture: index: 224, pts: 9.343, dur:41.700ms ar:1.78 elf:40ms
2024-11-22 04:20:19.799 T:4057 debug : CVideoPlayerVideo::OutputPicture - ttd:688ms pts:9.343 Clock:8.654 Level:14
2024-11-22 04:20:19.800 T:4057 debug : CAMLCodec::AddData: dl:613312 fl:5481536 sz:2139(4096) lv:10.1% dts:13.388 pts:13.388
2024-11-22 04:20:19.800 T:4053 debug : CVideoPlayer::ProcessVideoData size:2025 dts:176.677 pts:176.677 dur:41.700ms, clock:8.656 level:100
2024-11-22 04:20:19.802 T:4053 debug : CVideoPlayer::ProcessVideoData size:2648 dts:176.718 pts:176.718 dur:41.700ms, clock:8.657 level:100
2024-11-22 04:20:19.804 T:4053 debug : CVideoPlayer::ProcessVideoData size:2455 dts:176.760 pts:176.760 dur:41.700ms, clock:8.659 level:100
2024-11-22 04:20:19.805 T:4053 debug : CVideoPlayer::ProcessVideoData size:2262 dts:176.802 pts:176.802 dur:41.700ms, clock:8.661 level:100
2024-11-22 04:20:19.808 T:4053 debug : CVideoPlayer::ProcessVideoData size:2891 dts:176.843 pts:176.843 dur:41.700ms, clock:8.663 level:100
2024-11-22 04:20:19.810 T:4053 debug : CVideoPlayer::ProcessVideoData size:2657 dts:176.885 pts:176.885 dur:41.700ms, clock:8.665 level:100
2024-11-22 04:20:19.812 T:4053 debug : CVideoPlayer::ProcessVideoData size:2492 dts:176.927 pts:176.927 dur:41.700ms, clock:8.667 level:100
2024-11-22 04:20:19.815 T:4053 debug : CVideoPlayer::ProcessVideoData size:2668 dts:176.969 pts:176.969 dur:41.700ms, clock:8.670 level:100
2024-11-22 04:20:19.816 T:4053 debug : CVideoPlayer::ProcessVideoData size:2829 dts:177.010 pts:177.010 dur:41.700ms, clock:8.672 level:100
2024-11-22 04:20:19.818 T:4053 debug : CVideoPlayer::ProcessVideoData size:1249 dts:177.052 pts:177.052 dur:41.700ms, clock:8.673 level:100
2024-11-22 04:20:19.821 T:4053 debug : CVideoPlayer::ProcessVideoData size:1961 dts:177.094 pts:177.094 dur:41.700ms, clock:8.676 level:100
2024-11-22 04:20:19.823 T:4053 debug : CVideoPlayer::ProcessVideoData size:3286 dts:177.135 pts:177.135 dur:41.700ms, clock:8.678 level:100
2024-11-22 04:20:19.826 T:4053 debug : CVideoPlayer::ProcessVideoData size:59210 dts:177.177 pts:177.177 dur:41.700ms, clock:8.681 level:100
2024-11-22 04:20:19.828 T:4053 debug : CVideoPlayer::ProcessVideoData size:3398 dts:177.219 pts:177.219 dur:41.700ms, clock:8.684 level:100
2024-11-22 04:20:19.830 T:4053 debug : CVideoPlayer::ProcessVideoData size:2702 dts:177.261 pts:177.261 dur:41.700ms, clock:8.685 level:100
2024-11-22 04:20:19.832 T:4053 debug : CVideoPlayer::ProcessVideoData size:2539 dts:177.302 pts:177.302 dur:41.700ms, clock:8.687 level:100
2024-11-22 04:20:19.834 T:4053 debug : CVideoPlayer::ProcessVideoData size:2558 dts:177.344 pts:177.344 dur:41.700ms, clock:8.689 level:100
2024-11-22 04:20:19.835 T:3827 debug : CAMLCodec::PollFrame elapsed:36.428ms
2024-11-22 04:20:19.838 T:3827 debug : PrepareNextRender: frameOnScreen: 8.693 renderPts: 8.863 nextFramePts: 8.759 -> diff: 0.104 render: 1 forceNext: 0
2024-11-22 04:20:19.838 T:4053 debug : CVideoPlayer::ProcessVideoData size:2482 dts:177.386 pts:177.386 dur:41.700ms, clock:8.693 level:100
2024-11-22 04:20:19.840 T:3827 debug : CAMLCodec::ReleaseFrame idx:210, drop:0
2024-11-22 04:20:19.840 T:4053 debug : CVideoPlayer::ProcessVideoData size:2320 dts:177.427 pts:177.427 dur:41.700ms, clock:8.695 level:100
2024-11-22 04:20:19.841 T:4057 debug : CAMLCodec::DequeueBuffer: pts:9.384 idx:225
2024-11-22 04:20:19.841 T:4057 debug : CAMLCodec::GetPicture: index: 225, pts: 9.384, dur:41.711ms ar:1.78 elf:42ms
2024-11-22 04:20:19.841 T:4057 debug : CVideoPlayerVideo::OutputPicture - ttd:687ms pts:9.384 Clock:8.697 Level:14
2024-11-22 04:20:19.842 T:4053 debug : CVideoPlayer::ProcessVideoData size:1900 dts:177.469 pts:177.469 dur:41.700ms, clock:8.697 level:100
2024-11-22 04:20:19.843 T:4057 debug : CAMLCodec::AddData: dl:613312 fl:5481536 sz:2642(4096) lv:10.1% dts:13.430 pts:13.430
2024-11-22 04:20:19.844 T:4053 debug : CVideoPlayer::ProcessVideoData size:2621 dts:177.511 pts:177.511 dur:41.700ms, clock:8.700 level:100
2024-11-22 04:20:19.846 T:4053 debug : CVideoPlayer::ProcessVideoData size:2148 dts:177.553 pts:177.553 dur:41.700ms, clock:8.701 level:100
2024-11-22 04:20:19.848 T:4053 debug : CVideoPlayer::ProcessVideoData size:2785 dts:177.594 pts:177.594 dur:41.700ms, clock:8.703 level:100
2024-11-22 04:20:19.850 T:4053 debug : CVideoPlayer::ProcessVideoData size:2318 dts:177.636 pts:177.636 dur:41.700ms, clock:8.706 level:100
2024-11-22 04:20:19.852 T:4053 debug : CVideoPlayer::ProcessVideoData size:2033 dts:177.678 pts:177.678 dur:41.700ms, clock:8.707 level:100
2024-11-22 04:20:19.854 T:4053 debug : CVideoPlayer::ProcessVideoData size:2655 dts:177.719 pts:177.719 dur:41.700ms, clock:8.709 level:100
2024-11-22 04:20:19.856 T:4053 debug : CVideoPlayer::ProcessVideoData size:2432 dts:177.761 pts:177.761 dur:41.700ms, clock:8.711 level:100
2024-11-22 04:20:19.858 T:4053 debug : CVideoPlayer::ProcessVideoData size:2116 dts:177.803 pts:177.803 dur:41.700ms, clock:8.714 level:100
2024-11-22 04:20:19.860 T:4053 debug : CVideoPlayer::ProcessVideoData size:3020 dts:177.845 pts:177.845 dur:41.700ms, clock:8.715 level:100
2024-11-22 04:20:19.862 T:4053 debug : CVideoPlayer::ProcessVideoData size:2486 dts:177.886 pts:177.886 dur:41.700ms, clock:8.717 level:100
2024-11-22 04:20:19.864 T:4053 debug : CVideoPlayer::ProcessVideoData size:2520 dts:177.928 pts:177.928 dur:41.700ms, clock:8.719 level:100
2024-11-22 04:20:19.866 T:4053 debug : CVideoPlayer::ProcessVideoData size:2651 dts:177.970 pts:177.970 dur:41.700ms, clock:8.721 level:100
2024-11-22 04:20:19.868 T:4053 debug : CVideoPlayer::ProcessVideoData size:2818 dts:178.011 pts:178.011 dur:41.700ms, clock:8.723 level:100
2024-11-22 04:20:19.870 T:4053 debug : CVideoPlayer::ProcessVideoData size:1291 dts:178.053 pts:178.053 dur:41.700ms, clock:8.725 level:100
2024-11-22 04:20:19.872 T:4053 debug : CVideoPlayer::ProcessVideoData size:1933 dts:178.095 pts:178.095 dur:41.700ms, clock:8.727 level:100
2024-11-22 04:20:19.874 T:4053 debug : CVideoPlayer::ProcessVideoData size:3367 dts:178.136 pts:178.136 dur:41.700ms, clock:8.729 level:100
2024-11-22 04:20:19.877 T:3827 debug : CAMLCodec::PollFrame elapsed:36.692ms
2024-11-22 04:20:19.878 T:4053 debug : CVideoPlayer::ProcessVideoData size:59445 dts:178.178 pts:178.178 dur:41.700ms, clock:8.733 level:100
2024-11-22 04:20:19.880 T:3827 debug : PrepareNextRender: frameOnScreen: 8.735 renderPts: 8.905 nextFramePts: 8.800 -> diff: 0.104 render: 1 forceNext: 0
2024-11-22 04:20:19.880 T:4053 debug : CVideoPlayer::ProcessVideoData size:3612 dts:178.220 pts:178.220 dur:41.700ms, clock:8.736 level:100
2024-11-22 04:20:19.882 T:3827 debug : CAMLCodec::ReleaseFrame idx:211, drop:0
2024-11-22 04:20:19.882 T:4053 debug : CVideoPlayer::ProcessVideoData size:2702 dts:178.262 pts:178.262 dur:41.700ms, clock:8.737 level:100
2024-11-22 04:20:19.884 T:4053 debug : CVideoPlayer::ProcessVideoData size:2448 dts:178.303 pts:178.303 dur:41.700ms, clock:8.739 level:100
2024-11-22 04:20:19.884 T:4057 debug : CAMLCodec::DequeueBuffer: pts:9.426 idx:226
2024-11-22 04:20:19.885 T:4057 debug : CAMLCodec::GetPicture: index: 226, pts: 9.426, dur:41.711ms ar:1.78 elf:42ms
2024-11-22 04:20:19.885 T:4057 debug : CVideoPlayerVideo::OutputPicture - ttd:686ms pts:9.426 Clock:8.740 Level:14
2024-11-22 04:20:19.886 T:4057 debug : CAMLCodec::AddData: dl:613312 fl:5481536 sz:2325(4096) lv:10.1% dts:13.472 pts:13.472
2024-11-22 04:20:19.887 T:4053 debug : CVideoPlayer::ProcessVideoData size:2536 dts:178.345 pts:178.345 dur:41.700ms, clock:8.742 level:100
2024-11-22 04:20:19.889 T:4053 debug : CVideoPlayer::ProcessVideoData size:2505 dts:178.387 pts:178.387 dur:41.700ms, clock:8.744 level:100
2024-11-22 04:20:19.890 T:4053 debug : CVideoPlayer::ProcessVideoData size:2283 dts:178.428 pts:178.428 dur:41.700ms, clock:8.745 level:100
2024-11-22 04:20:19.893 T:4053 debug : CVideoPlayer::ProcessVideoData size:2105 dts:178.470 pts:178.470 dur:41.700ms, clock:8.748 level:100
2024-11-22 04:20:19.895 T:4053 debug : CVideoPlayer::ProcessVideoData size:2641 dts:178.512 pts:178.512 dur:41.700ms, clock:8.750 level:100
2024-11-22 04:20:19.896 T:4053 debug : CVideoPlayer::ProcessVideoData size:2112 dts:178.554 pts:178.554 dur:41.700ms, clock:8.751 level:100
2024-11-22 04:20:19.899 T:4053 debug : CVideoPlayer::ProcessVideoData size:2760 dts:178.595 pts:178.595 dur:41.700ms, clock:8.754 level:100
2024-11-22 04:20:19.901 T:4053 debug : CVideoPlayer::ProcessVideoData size:2314 dts:178.637 pts:178.637 dur:41.700ms, clock:8.756 level:100
2024-11-22 04:20:19.902 T:4053 debug : CVideoPlayer::ProcessVideoData size:2024 dts:178.679 pts:178.679 dur:41.700ms, clock:8.757 level:100
2024-11-22 04:20:19.904 T:4053 debug : CVideoPlayer::ProcessVideoData size:2631 dts:178.720 pts:178.720 dur:41.700ms, clock:8.759 level:100
2024-11-22 04:20:19.907 T:4053 debug : CVideoPlayer::ProcessVideoData size:2444 dts:178.762 pts:178.762 dur:41.700ms, clock:8.762 level:100
2024-11-22 04:20:19.908 T:4053 debug : CVideoPlayer::ProcessVideoData size:2513 dts:178.804 pts:178.804 dur:41.700ms, clock:8.763 level:100
2024-11-22 04:20:19.910 T:4053 debug : CVideoPlayer::ProcessVideoData size:3029 dts:178.846 pts:178.846 dur:41.700ms, clock:8.765 level:100
2024-11-22 04:20:19.913 T:4053 debug : CVideoPlayer::ProcessVideoData size:2658 dts:178.887 pts:178.887 dur:41.700ms, clock:8.768 level:100
2024-11-22 04:20:19.914 T:4053 debug : CVideoPlayer::ProcessVideoData size:2481 dts:178.929 pts:178.929 dur:41.700ms, clock:8.769 level:100
2024-11-22 04:20:19.916 T:4053 debug : CVideoPlayer::ProcessVideoData size:2692 dts:178.971 pts:178.971 dur:41.700ms, clock:8.771 level:100
2024-11-22 04:20:19.918 T:3827 debug : CAMLCodec::PollFrame elapsed:35.999ms
2024-11-22 04:20:19.920 T:4053 debug : CVideoPlayer::ProcessVideoData size:2777 dts:179.012 pts:179.012 dur:41.700ms, clock:8.775 level:100
2024-11-22 04:20:19.921 T:3827 debug : PrepareNextRender: frameOnScreen: 8.776 renderPts: 8.946 nextFramePts: 8.842 -> diff: 0.104 render: 1 forceNext: 0
2024-11-22 04:20:19.922 T:4053 debug : CVideoPlayer::ProcessVideoData size:1247 dts:179.054 pts:179.054 dur:41.700ms, clock:8.777 level:100
2024-11-22 04:20:19.923 T:3827 debug : CAMLCodec::ReleaseFrame idx:212, drop:0
2024-11-22 04:20:19.923 T:4053 debug : CVideoPlayer::ProcessVideoData size:1942 dts:179.096 pts:179.096 dur:41.700ms, clock:8.778 level:100
2024-11-22 04:20:19.925 T:4057 debug : CAMLCodec::DequeueBuffer: pts:9.468 idx:227
2024-11-22 04:20:19.925 T:4057 debug : CAMLCodec::GetPicture: index: 227, pts: 9.468, dur:41.712ms ar:1.78 elf:40ms
2024-11-22 04:20:19.925 T:4057 debug : CVideoPlayerVideo::OutputPicture - ttd:687ms pts:9.468 Clock:8.780 Level:14
2024-11-22 04:20:19.926 T:4057 debug : CAMLCodec::AddData: dl:613312 fl:5481536 sz:2254(4096) lv:10.1% dts:13.514 pts:13.514
2024-11-22 04:20:19.927 T:4053 debug : CVideoPlayer::ProcessVideoData size:3295 dts:179.137 pts:179.137 dur:41.700ms, clock:8.782 level:100
2024-11-22 04:20:19.929 T:4053 debug : CVideoPlayer::ProcessVideoData size:59549 dts:179.179 pts:179.179 dur:41.700ms, clock:8.785 level:100
2024-11-22 04:20:19.931 T:4053 debug : CVideoPlayer::ProcessVideoData size:3398 dts:179.221 pts:179.221 dur:41.700ms, clock:8.786 level:100
2024-11-22 04:20:19.933 T:4053 debug : CVideoPlayer::ProcessVideoData size:2707 dts:179.263 pts:179.263 dur:41.700ms, clock:8.788 level:100
2024-11-22 04:20:19.935 T:3892 debug : PushCecKeypress - received key fe duration 0
2024-11-22 04:20:19.936 T:4053 debug : CVideoPlayer::ProcessVideoData size:2535 dts:179.304 pts:179.304 dur:41.700ms, clock:8.791 level:100
2024-11-22 04:20:19.938 T:4053 debug : CVideoPlayer::ProcessVideoData size:2545 dts:179.346 pts:179.346 dur:41.700ms, clock:8.793 level:100
2024-11-22 04:20:19.939 T:4053 debug : CVideoPlayer::ProcessVideoData size:2532 dts:179.388 pts:179.388 dur:41.700ms, clock:8.794 level:100
2024-11-22 04:20:19.942 T:4053 debug : CVideoPlayer::ProcessVideoData size:2282 dts:179.429 pts:179.429 dur:41.700ms, clock:8.797 level:100
2024-11-22 04:20:19.944 T:4053 debug : CVideoPlayer::ProcessVideoData size:2141 dts:179.471 pts:179.471 dur:41.700ms, clock:8.799 level:100
2024-11-22 04:20:19.946 T:4053 debug : CVideoPlayer::ProcessVideoData size:2627 dts:179.513 pts:179.513 dur:41.700ms, clock:8.801 level:100
2024-11-22 04:20:19.948 T:4053 debug : CVideoPlayer::ProcessVideoData size:2144 dts:179.555 pts:179.555 dur:41.700ms, clock:8.804 level:100
2024-11-22 04:20:19.950 T:4053 debug : CVideoPlayer::ProcessVideoData size:2768 dts:179.596 pts:179.596 dur:41.700ms, clock:8.805 level:100
2024-11-22 04:20:19.952 T:4053 debug : CVideoPlayer::ProcessVideoData size:2318 dts:179.638 pts:179.638 dur:41.700ms, clock:8.807 level:100
2024-11-22 04:20:19.954 T:4053 debug : CVideoPlayer::ProcessVideoData size:2020 dts:179.680 pts:179.680 dur:41.700ms, clock:8.809 level:100
2024-11-22 04:20:19.956 T:4053 debug : CVideoPlayer::ProcessVideoData size:2669 dts:179.721 pts:179.721 dur:41.700ms, clock:8.811 level:100
2024-11-22 04:20:19.958 T:4053 debug : CVideoPlayer::ProcessVideoData size:2457 dts:179.763 pts:179.763 dur:41.700ms, clock:8.813 level:100
2024-11-22 04:20:19.960 T:4053 debug : CVideoPlayer::ProcessVideoData size:2430 dts:179.805 pts:179.805 dur:41.700ms, clock:8.815 level:100
2024-11-22 04:20:19.960 T:3827 debug : CAMLCodec::PollFrame elapsed:36.566ms
2024-11-22 04:20:19.961 T:3827 debug : HandleKey: 254 (0xfe, obc1) pressed, window 12005, action is playerdebug
2024-11-22 04:20:19.962 T:3827 info : CDVDSubtitlesLibass: Using libass version 1701000
2024-11-22 04:20:19.962 T:3827 info : CDVDSubtitlesLibass: Creating ASS library structure
2024-11-22 04:20:19.962 T:3827 info : CDVDSubtitlesLibass: Initializing ASS Renderer
2024-11-22 04:20:19.962 T:3827 debug : CDVDSubtitlesLibass: [ass] libass API version: 0x1701000
2024-11-22 04:20:19.962 T:3827 debug : CDVDSubtitlesLibass: [ass] libass source: tarball: 0.17.1
2024-11-22 04:20:19.962 T:3827 debug : CDVDSubtitlesLibass: [ass] Shaper: FriBidi 1.0.13 (SIMPLE) HarfBuzz-ng 8.3.1 (COMPLEX)
2024-11-22 04:20:19.962 T:3827 info : CDVDSubtitlesLibass: Initializing ASS library font settings
2024-11-22 04:20:19.963 T:4053 debug : CVideoPlayer::ProcessVideoData size:3027 dts:179.847 pts:179.847 dur:41.700ms, clock:8.818 level:100
2024-11-22 04:20:19.965 T:4053 debug : CVideoPlayer::ProcessVideoData size:2738 dts:179.888 pts:179.888 dur:41.700ms, clock:8.820 level:100
2024-11-22 04:20:19.967 T:4053 debug : CVideoPlayer::ProcessVideoData size:2520 dts:179.930 pts:179.930 dur:41.700ms, clock:8.822 level:100
2024-11-22 04:20:19.969 T:4057 debug : CAMLCodec::AddData: dl:613312 fl:5481536 sz:2678(4096) lv:10.1% dts:13.555 pts:13.555
2024-11-22 04:20:19.969 T:4053 debug : CVideoPlayer::ProcessVideoData size:2488 dts:179.972 pts:179.972 dur:41.700ms, clock:8.825 level:100
2024-11-22 04:20:19.971 T:4053 debug : CVideoPlayer::ProcessVideoData size:3169 dts:180.013 pts:180.013 dur:41.700ms, clock:8.826 level:100
2024-11-22 04:20:19.973 T:4053 debug : CVideoPlayer::ProcessVideoData size:1287 dts:180.055 pts:180.055 dur:41.700ms, clock:8.828 level:100
2024-11-22 04:20:19.975 T:4053 debug : CVideoPlayer::ProcessVideoData size:1940 dts:180.097 pts:180.097 dur:41.700ms, clock:8.830 level:100
2024-11-22 04:20:19.978 T:4053 debug : CVideoPlayer::ProcessVideoData size:3371 dts:180.138 pts:180.138 dur:41.700ms, clock:8.833 level:100
2024-11-22 04:20:19.981 T:4053 debug : CVideoPlayer::ProcessVideoData size:59357 dts:180.180 pts:180.180 dur:41.700ms, clock:8.836 level:100
2024-11-22 04:20:19.982 T:4053 debug : CVideoPlayer::ProcessVideoData size:3592 dts:180.222 pts:180.222 dur:41.700ms, clock:8.838 level:100
2024-11-22 04:20:19.985 T:4053 debug : CVideoPlayer::ProcessVideoData size:2723 dts:180.264 pts:180.264 dur:41.700ms, clock:8.841 level:100
2024-11-22 04:20:19.987 T:4053 debug : CVideoPlayer::ProcessVideoData size:2223 dts:180.305 pts:180.305 dur:41.700ms, clock:8.842 level:100
2024-11-22 04:20:19.989 T:4053 debug : CVideoPlayer::ProcessVideoData size:2521 dts:180.347 pts:180.347 dur:41.700ms, clock:8.844 level:100
2024-11-22 04:20:19.992 T:4053 debug : CVideoPlayer::ProcessVideoData size:2752 dts:180.389 pts:180.389 dur:41.700ms, clock:8.847 level:100
2024-11-22 04:20:19.993 T:4053 debug : CVideoPlayer::ProcessVideoData size:2271 dts:180.430 pts:180.430 dur:41.700ms, clock:8.848 level:100
2024-11-22 04:20:19.995 T:4053 debug : CVideoPlayer::ProcessVideoData size:2116 dts:180.472 pts:180.472 dur:41.700ms, clock:8.850 level:100
2024-11-22 04:20:19.997 T:4053 debug : CVideoPlayer::ProcessVideoData size:2638 dts:180.514 pts:180.514 dur:41.700ms, clock:8.852 level:100
2024-11-22 04:20:20.000 T:4053 debug : CVideoPlayer::ProcessVideoData size:2105 dts:180.556 pts:180.556 dur:41.700ms, clock:8.855 level:100
2024-11-22 04:20:20.002 T:4053 debug : CVideoPlayer::ProcessVideoData size:2751 dts:180.597 pts:180.597 dur:41.700ms, clock:8.857 level:100
2024-11-22 04:20:20.005 T:4053 debug : CVideoPlayer::ProcessVideoData size:2314 dts:180.639 pts:180.639 dur:41.700ms, clock:8.860 level:100
2024-11-22 04:20:20.008 T:4053 debug : CVideoPlayer::ProcessVideoData size:2253 dts:180.681 pts:180.681 dur:41.700ms, clock:8.863 level:100
2024-11-22 04:20:20.009 T:4057 debug : CAMLCodec::AddData: dl:613312 fl:5481536 sz:2444(4096) lv:10.1% dts:13.597 pts:13.597
2024-11-22 04:20:20.010 T:4053 debug : CVideoPlayer::ProcessVideoData size:2669 dts:180.722 pts:180.722 dur:41.700ms, clock:8.865 level:100
2024-11-22 04:20:20.011 T:4053 debug : CVideoPlayer::ProcessVideoData size:2467 dts:180.764 pts:180.764 dur:41.700ms, clock:8.866 level:100
2024-11-22 04:20:20.014 T:4053 debug : CVideoPlayer::ProcessVideoData size:2506 dts:180.806 pts:180.806 dur:41.700ms, clock:8.869 level:100
2024-11-22 04:20:20.016 T:4053 debug : CVideoPlayer::ProcessVideoData size:3027 dts:180.848 pts:180.848 dur:41.700ms, clock:8.871 level:100
2024-11-22 04:20:20.018 T:4053 debug : CVideoPlayer::ProcessVideoData size:2652 dts:180.889 pts:180.889 dur:41.700ms, clock:8.873 level:100
2024-11-22 04:20:20.020 T:4053 debug : CVideoPlayer::ProcessVideoData size:2491 dts:180.931 pts:180.931 dur:41.700ms, clock:8.876 level:100
2024-11-22 04:20:20.022 T:4053 debug : CVideoPlayer::ProcessVideoData size:2691 dts:180.973 pts:180.973 dur:41.700ms, clock:8.877 level:100
2024-11-22 04:20:20.031 T:4053 debug : CVideoPlayer::ProcessVideoData size:3027 dts:181.014 pts:181.014 dur:41.700ms, clock:8.886 level:100
2024-11-22 04:20:20.033 T:4053 debug : CVideoPlayer::ProcessVideoData size:1241 dts:181.056 pts:181.056 dur:41.700ms, clock:8.888 level:100
2024-11-22 04:20:20.035 T:4053 debug : CVideoPlayer::ProcessVideoData size:1942 dts:181.098 pts:181.098 dur:41.700ms, clock:8.891 level:100
2024-11-22 04:20:20.038 T:4053 debug : CVideoPlayer::ProcessVideoData size:3279 dts:181.139 pts:181.139 dur:41.700ms, clock:8.893 level:100
2024-11-22 04:20:20.041 T:4053 debug : CVideoPlayer::ProcessVideoData size:59185 dts:181.181 pts:181.181 dur:41.700ms, clock:8.896 level:100
2024-11-22 04:20:20.044 T:4053 debug : CVideoPlayer::ProcessVideoData size:3254 dts:181.223 pts:181.223 dur:41.700ms, clock:8.899 level:100
2024-11-22 04:20:20.046 T:4053 debug : CVideoPlayer::ProcessVideoData size:2738 dts:181.265 pts:181.265 dur:41.700ms, clock:8.901 level:100
2024-11-22 04:20:20.047 T:4053 debug : CVideoPlayer::ProcessVideoData size:2167 dts:181.306 pts:181.306 dur:41.700ms, clock:8.903 level:100
2024-11-22 04:20:20.051 T:4053 debug : CVideoPlayer::ProcessVideoData size:2526 dts:181.348 pts:181.348 dur:41.700ms, clock:8.906 level:100
2024-11-22 04:20:20.052 T:4053 debug : CVideoPlayer::ProcessVideoData size:2768 dts:181.390 pts:181.390 dur:41.700ms, clock:8.907 level:100
2024-11-22 04:20:20.054 T:4053 debug : CVideoPlayer::ProcessVideoData size:2298 dts:181.431 pts:181.431 dur:41.700ms, clock:8.909 level:100
2024-11-22 04:20:20.055 T:4053 debug : CVideoPlayer::ProcessVideoData size:2147 dts:181.473 pts:181.473 dur:41.700ms, clock:8.911 level:100
2024-11-22 04:20:20.058 T:4053 debug : CVideoPlayer::ProcessVideoData size:2614 dts:181.515 pts:181.515 dur:41.700ms, clock:8.913 level:100
2024-11-22 04:20:20.060 T:4053 debug : CVideoPlayer::ProcessVideoData size:2141 dts:181.557 pts:181.557 dur:41.700ms, clock:8.915 level:100
2024-11-22 04:20:20.062 T:4053 debug : CVideoPlayer::ProcessVideoData size:2631 dts:181.598 pts:181.598 dur:41.700ms, clock:8.917 level:100
2024-11-22 04:20:20.065 T:4053 debug : CVideoPlayer::ProcessVideoData size:2318 dts:181.640 pts:181.640 dur:41.700ms, clock:8.920 level:100
2024-11-22 04:20:20.067 T:4053 debug : CVideoPlayer::ProcessVideoData size:2248 dts:181.682 pts:181.682 dur:41.700ms, clock:8.922 level:100
2024-11-22 04:20:20.068 T:4053 debug : CVideoPlayer::ProcessVideoData size:2400 dts:181.723 pts:181.723 dur:41.700ms, clock:8.923 level:100
2024-11-22 04:20:20.071 T:4053 debug : CVideoPlayer::ProcessVideoData size:2475 dts:181.765 pts:181.765 dur:41.700ms, clock:8.927 level:100
2024-11-22 04:20:20.073 T:4053 debug : CVideoPlayer::ProcessVideoData size:2420 dts:181.807 pts:181.807 dur:41.700ms, clock:8.928 level:100
2024-11-22 04:20:20.075 T:4053 debug : CVideoPlayer::ProcessVideoData size:3032 dts:181.849 pts:181.849 dur:41.700ms, clock:8.930 level:100
2024-11-22 04:20:20.077 T:4053 debug : CVideoPlayer::ProcessVideoData size:2728 dts:181.890 pts:181.890 dur:41.700ms, clock:8.932 level:100
2024-11-22 04:20:20.080 T:4053 debug : CVideoPlayer::ProcessVideoData size:2506 dts:181.932 pts:181.932 dur:41.700ms, clock:8.935 level:100
2024-11-22 04:20:20.082 T:4053 debug : CVideoPlayer::ProcessVideoData size:2660 dts:181.974 pts:181.974 dur:41.700ms, clock:8.937 level:100
2024-11-22 04:20:20.084 T:4053 debug : CVideoPlayer::ProcessVideoData size:3171 dts:182.015 pts:182.015 dur:41.700ms, clock:8.939 level:100
2024-11-22 04:20:20.087 T:4053 debug : CVideoPlayer::ProcessVideoData size:1289 dts:182.057 pts:182.057 dur:41.700ms, clock:8.942 level:100
2024-11-22 04:20:20.089 T:4053 debug : CVideoPlayer::ProcessVideoData size:1933 dts:182.099 pts:182.099 dur:41.700ms, clock:8.944 level:100
2024-11-22 04:20:20.090 T:3892 debug : PushCecKeypress - received key fe duration 155
2024-11-22 04:20:20.092 T:4053 debug : CVideoPlayer::ProcessVideoData size:3381 dts:182.140 pts:182.140 dur:41.700ms, clock:8.947 level:100
2024-11-22 04:20:20.096 T:4053 debug : CVideoPlayer::ProcessVideoData size:59320 dts:182.182 pts:182.182 dur:41.700ms, clock:8.951 level:100
2024-11-22 04:20:20.098 T:4053 debug : CVideoPlayer::ProcessVideoData size:3593 dts:182.224 pts:182.224 dur:41.700ms, clock:8.953 level:100
2024-11-22 04:20:20.100 T:4053 debug : CVideoPlayer::ProcessVideoData size:2546 dts:182.266 pts:182.266 dur:41.700ms, clock:8.955 level:100
2024-11-22 04:20:20.103 T:4053 debug : CVideoPlayer::ProcessVideoData size:2082 dts:182.307 pts:182.307 dur:41.700ms, clock:8.958 level:100
2024-11-22 04:20:20.104 T:4053 debug : CVideoPlayer::ProcessVideoData size:2527 dts:182.349 pts:182.349 dur:41.700ms, clock:8.960 level:100
2024-11-22 04:20:20.106 T:4053 debug : CVideoPlayer::ProcessVideoData size:2741 dts:182.391 pts:182.391 dur:41.700ms, clock:8.961 level:100
2024-11-22 04:20:20.108 T:4053 debug : CVideoPlayer::ProcessVideoData size:2287 dts:182.432 pts:182.432 dur:41.700ms, clock:8.963 level:100
2024-11-22 04:20:20.111 T:4053 debug : CVideoPlayer::ProcessVideoData size:2110 dts:182.474 pts:182.474 dur:41.700ms, clock:8.967 level:100
2024-11-22 04:20:20.114 T:4053 debug : CVideoPlayer::ProcessVideoData size:2653 dts:182.516 pts:182.516 dur:41.700ms, clock:8.969 level:100
2024-11-22 04:20:20.115 T:4053 debug : CVideoPlayer::ProcessVideoData size:2118 dts:182.558 pts:182.558 dur:41.700ms, clock:8.971 level:100
2024-11-22 04:20:20.119 T:4053 debug : CVideoPlayer::ProcessVideoData size:2739 dts:182.599 pts:182.599 dur:41.700ms, clock:8.974 level:100
2024-11-22 04:20:20.121 T:4053 debug : CVideoPlayer::ProcessVideoData size:2314 dts:182.641 pts:182.641 dur:41.700ms, clock:8.976 level:100
2024-11-22 04:20:20.123 T:4053 debug : CVideoPlayer::ProcessVideoData size:2086 dts:182.683 pts:182.683 dur:41.700ms, clock:8.978 level:100
2024-11-22 04:20:20.126 T:4053 debug : CVideoPlayer::ProcessVideoData size:2327 dts:182.724 pts:182.724 dur:41.700ms, clock:8.981 level:100
2024-11-22 04:20:20.128 T:4053 debug : CVideoPlayer::ProcessVideoData size:2458 dts:182.766 pts:182.766 dur:41.700ms, clock:8.983 level:100
2024-11-22 04:20:20.130 T:4053 debug : CVideoPlayer::ProcessVideoData size:2514 dts:182.808 pts:182.808 dur:41.700ms, clock:8.985 level:100
2024-11-22 04:20:20.132 T:4053 debug : CVideoPlayer::ProcessVideoData size:3038 dts:182.850 pts:182.850 dur:41.700ms, clock:8.987 level:100
2024-11-22 04:20:20.135 T:4053 debug : CVideoPlayer::ProcessVideoData size:2639 dts:182.891 pts:182.891 dur:41.700ms, clock:8.990 level:100
2024-11-22 04:20:20.137 T:4053 debug : CVideoPlayer::ProcessVideoData size:2499 dts:182.933 pts:182.933 dur:41.700ms, clock:8.992 level:100
2024-11-22 04:20:20.139 T:4053 debug : CVideoPlayer::ProcessVideoData size:2687 dts:182.975 pts:182.975 dur:41.700ms, clock:8.994 level:100
2024-11-22 04:20:20.142 T:4053 debug : CVideoPlayer::ProcessVideoData size:2755 dts:183.016 pts:183.016 dur:41.700ms, clock:8.997 level:100
2024-11-22 04:20:20.144 T:4053 debug : CVideoPlayer::ProcessVideoData size:1241 dts:183.058 pts:183.058 dur:41.700ms, clock:8.999 level:100
2024-11-22 04:20:20.146 T:4053 debug : CVideoPlayer::ProcessVideoData size:1945 dts:183.100 pts:183.100 dur:41.700ms, clock:9.001 level:100
2024-11-22 04:20:20.150 T:4053 debug : CVideoPlayer::ProcessVideoData size:3240 dts:183.141 pts:183.141 dur:41.700ms, clock:9.005 level:100
2024-11-22 04:20:20.152 T:4053 debug : CVideoPlayer::ProcessVideoData size:59581 dts:183.183 pts:183.183 dur:41.700ms, clock:9.007 level:100
2024-11-22 04:20:20.154 T:4053 debug : CVideoPlayer::ProcessVideoData size:3387 dts:183.225 pts:183.225 dur:41.700ms, clock:9.009 level:100
2024-11-22 04:20:20.157 T:4053 debug : CVideoPlayer::ProcessVideoData size:2702 dts:183.267 pts:183.267 dur:41.700ms, clock:9.012 level:100
2024-11-22 04:20:20.159 T:4053 debug : CVideoPlayer::ProcessVideoData size:2539 dts:183.308 pts:183.308 dur:41.700ms, clock:9.014 level:100
2024-11-22 04:20:20.161 T:4053 debug : CVideoPlayer::ProcessVideoData size:2567 dts:183.350 pts:183.350 dur:41.700ms, clock:9.016 level:100
2024-11-22 04:20:20.163 T:4053 debug : CVideoPlayer::ProcessVideoData size:2784 dts:183.392 pts:183.392 dur:41.700ms, clock:9.018 level:100
2024-11-22 04:20:20.166 T:4053 debug : CVideoPlayer::ProcessVideoData size:2287 dts:183.433 pts:183.433 dur:41.700ms, clock:9.021 level:100
2024-11-22 04:20:20.168 T:4053 debug : CVideoPlayer::ProcessVideoData size:2122 dts:183.475 pts:183.475 dur:41.700ms, clock:9.023 level:100
2024-11-22 04:20:20.170 T:4053 debug : CVideoPlayer::ProcessVideoData size:2610 dts:183.517 pts:183.517 dur:41.700ms, clock:9.025 level:100
2024-11-22 04:20:20.174 T:4053 debug : CVideoPlayer::ProcessVideoData size:2139 dts:183.559 pts:183.559 dur:41.700ms, clock:9.029 level:100
2024-11-22 04:20:20.175 T:4053 debug : CVideoPlayer::ProcessVideoData size:2769 dts:183.600 pts:183.600 dur:41.700ms, clock:9.031 level:100
2024-11-22 04:20:20.177 T:4053 debug : CVideoPlayer::ProcessVideoData size:2318 dts:183.642 pts:183.642 dur:41.700ms, clock:9.032 level:100
2024-11-22 04:20:20.180 T:4053 debug : CVideoPlayer::ProcessVideoData size:2245 dts:183.684 pts:183.684 dur:41.700ms, clock:9.036 level:100
2024-11-22 04:20:20.182 T:4053 debug : CVideoPlayer::ProcessVideoData size:2403 dts:183.725 pts:183.725 dur:41.700ms, clock:9.037 level:100
2024-11-22 04:20:20.185 T:4053 debug : CVideoPlayer::ProcessVideoData size:2452 dts:183.767 pts:183.767 dur:41.700ms, clock:9.040 level:100
2024-11-22 04:20:20.187 T:4053 debug : CVideoPlayer::ProcessVideoData size:2438 dts:183.809 pts:183.809 dur:41.700ms, clock:9.042 level:100
2024-11-22 04:20:20.191 T:4053 debug : CVideoPlayer::ProcessVideoData size:3038 dts:183.851 pts:183.851 dur:41.700ms, clock:9.046 level:100
2024-11-22 04:20:20.193 T:4053 debug : CVideoPlayer::ProcessVideoData size:2712 dts:183.892 pts:183.892 dur:41.700ms, clock:9.048 level:100
2024-11-22 04:20:20.195 T:4053 debug : CVideoPlayer::ProcessVideoData size:2513 dts:183.934 pts:183.934 dur:41.700ms, clock:9.050 level:100
2024-11-22 04:20:20.198 T:4053 debug : CVideoPlayer::ProcessVideoData size:2669 dts:183.976 pts:183.976 dur:41.700ms, clock:9.053 level:100
2024-11-22 04:20:20.200 T:4053 debug : CVideoPlayer::ProcessVideoData size:3187 dts:184.017 pts:184.017 dur:41.700ms, clock:9.055 level:100
2024-11-22 04:20:20.202 T:4053 debug : CVideoPlayer::ProcessVideoData size:1287 dts:184.059 pts:184.059 dur:41.700ms, clock:9.057 level:100
2024-11-22 04:20:20.205 T:4053 debug : CVideoPlayer::ProcessVideoData size:1933 dts:184.101 pts:184.101 dur:41.700ms, clock:9.060 level:100
2024-11-22 04:20:20.208 T:4053 debug : CVideoPlayer::ProcessVideoData size:3102 dts:184.142 pts:184.142 dur:41.700ms, clock:9.063 level:100
2024-11-22 04:20:20.211 T:4053 debug : CVideoPlayer::ProcessVideoData size:59248 dts:184.184 pts:184.184 dur:41.700ms, clock:9.066 level:100
2024-11-22 04:20:20.213 T:4053 debug : CVideoPlayer::ProcessVideoData size:3593 dts:184.226 pts:184.226 dur:41.700ms, clock:9.069 level:100
2024-11-22 04:20:20.217 T:4053 debug : CVideoPlayer::ProcessVideoData size:2722 dts:184.268 pts:184.268 dur:41.700ms, clock:9.072 level:100
2024-11-22 04:20:20.219 T:4053 debug : CVideoPlayer::ProcessVideoData size:2461 dts:184.309 pts:184.309 dur:41.700ms, clock:9.074 level:100
2024-11-22 04:20:20.220 T:4053 debug : CVideoPlayer::ProcessVideoData size:2275 dts:184.351 pts:184.351 dur:41.700ms, clock:9.076 level:100
2024-11-22 04:20:20.224 T:4053 debug : CVideoPlayer::ProcessVideoData size:2776 dts:184.393 pts:184.393 dur:41.700ms, clock:9.079 level:100
2024-11-22 04:20:20.226 T:4053 debug : CVideoPlayer::ProcessVideoData size:2267 dts:184.434 pts:184.434 dur:41.700ms, clock:9.081 level:100
2024-11-22 04:20:20.228 T:4053 debug : CVideoPlayer::ProcessVideoData size:2135 dts:184.476 pts:184.476 dur:41.700ms, clock:9.083 level:100
