2024-11-22 04:20:10.444 T:4057 debug : CVideoPlayerVideo::CalcDropRequirement - hurry: 0
2024-11-22 04:20:10.444 T:4057 debug : CAMLCodec::AddData: dl:173952 fl:5920896 sz:2306(4096) lv:2.9% dts:1.251 pts:1.251
2024-11-22 04:20:10.446 T:4053 debug : CVideoPlayer::ProcessVideoData size:2136 dts:1.293 pts:1.293 dur:41.700ms, clock:0.002 level:0
2024-11-22 04:20:10.447 T:4057 debug : CVideoPlayerVideo::CalcDropRequirement - hurry: 0
2024-11-22 04:20:10.447 T:4057 debug : CAMLCodec::AddData: dl:173952 fl:5920896 sz:2136(4096) lv:2.9% dts:1.293 pts:1.293
2024-11-22 04:20:10.448 T:4053 debug : CVideoPlayer::ProcessVideoData size:2625 dts:1.335 pts:1.335 dur:41.700ms, clock:0.002 level:0
2024-11-22 04:20:10.448 T:4057 debug : CVideoPlayerVideo::CalcDropRequirement - hurry: 0
2024-11-22 04:20:10.448 T:4057 debug : CAMLCodec::AddData: dl:178048 fl:5916800 sz:2625(4096) lv:2.9% dts:1.335 pts:1.335
2024-11-22 04:20:10.449 T:4053 debug : CVideoPlayer::ProcessVideoData size:2136 dts:1.376 pts:1.376 dur:41.700ms, clock:0.002 level:0
2024-11-22 04:20:10.450 T:4057 debug : CVideoPlayerVideo::CalcDropRequirement - hurry: 0
2024-11-22 04:20:10.450 T:4057 debug : CAMLCodec::AddData: dl:182144 fl:5912704 sz:2136(4096) lv:3.0% dts:1.376 pts:1.376
2024-11-22 04:20:10.453 T:4053 debug : CVideoPlayer::ProcessVideoData size:2633 dts:1.418 pts:1.418 dur:41.700ms, clock:0.002 level:0
2024-11-22 04:20:10.453 T:4057 debug : CVideoPlayerVideo::CalcDropRequirement - hurry: 0
2024-11-22 04:20:10.453 T:4057 debug : CAMLCodec::AddData: dl:182144 fl:5912704 sz:2633(4096) lv:3.0% dts:1.418 pts:1.418
2024-11-22 04:20:10.455 T:4053 debug : CVideoPlayer::ProcessVideoData size:2318 dts:1.460 pts:1.460 dur:41.700ms, clock:0.002 level:0
2024-11-22 04:20:10.455 T:4057 debug : CVideoPlayerVideo::CalcDropRequirement - hurry: 0
2024-11-22 04:20:10.455 T:4057 debug : CAMLCodec::AddData: dl:186240 fl:5908608 sz:2318(4096) lv:3.1% dts:1.460 pts:1.460
2024-11-22 04:20:10.456 T:4053 debug : CVideoPlayer::ProcessVideoData size:2262 dts:1.501 pts:1.501 dur:41.700ms, clock:0.002 level:0
2024-11-22 04:20:10.456 T:4057 debug : CVideoPlayerVideo::CalcDropRequirement - hurry: 0
2024-11-22 04:20:10.457 T:4057 debug : CAMLCodec::AddData: dl:190336 fl:5904512 sz:2262(4096) lv:3.1% dts:1.501 pts:1.501
2024-11-22 04:20:10.457 T:3859 info : CActiveAESink::OpenSink - initialize sink
2024-11-22 04:20:10.461 T:4053 debug : CVideoPlayer::ProcessVideoData size:2695 dts:1.543 pts:1.543 dur:41.700ms, clock:0.002 level:0
2024-11-22 04:20:10.461 T:4057 debug : CVideoPlayerVideo::CalcDropRequirement - hurry: 0
2024-11-22 04:20:10.461 T:4057 debug : CAMLCodec::AddData: dl:190336 fl:5904512 sz:2695(4096) lv:3.1% dts:1.543 pts:1.543
2024-11-22 04:20:10.463 T:4053 debug : CVideoPlayer::ProcessVideoData size:2433 dts:1.585 pts:1.585 dur:41.700ms, clock:0.002 level:0
2024-11-22 04:20:10.463 T:4057 debug : CVideoPlayerVideo::CalcDropRequirement - hurry: 0
2024-11-22 04:20:10.463 T:4057 debug : CAMLCodec::AddData: dl:194432 fl:5900416 sz:2433(4096) lv:3.2% dts:1.585 pts:1.585
2024-11-22 04:20:10.466 T:4053 debug : CVideoPlayer::ProcessVideoData size:2416 dts:1.627 pts:1.627 dur:41.700ms, clock:0.002 level:0
2024-11-22 04:20:10.466 T:4057 debug : CVideoPlayerVideo::CalcDropRequirement - hurry: 0
2024-11-22 04:20:10.467 T:4057 debug : CAMLCodec::AddData: dl:198528 fl:5896320 sz:2416(4096) lv:3.3% dts:1.627 pts:1.627
2024-11-22 04:20:10.470 T:4053 debug : CVideoPlayer::ProcessVideoData size:3026 dts:1.668 pts:1.668 dur:41.700ms, clock:0.002 level:0
2024-11-22 04:20:10.470 T:4057 debug : CVideoPlayerVideo::CalcDropRequirement - hurry: 0
2024-11-22 04:20:10.470 T:4057 debug : CAMLCodec::AddData: dl:198528 fl:5896320 sz:3026(4096) lv:3.3% dts:1.668 pts:1.668
2024-11-22 04:20:10.472 T:4053 debug : CVideoPlayer::ProcessVideoData size:2716 dts:1.710 pts:1.710 dur:41.700ms, clock:0.002 level:0
2024-11-22 04:20:10.472 T:4057 debug : CVideoPlayerVideo::CalcDropRequirement - hurry: 0
2024-11-22 04:20:10.472 T:4057 debug : CAMLCodec::AddData: dl:202624 fl:5892224 sz:2716(4096) lv:3.3% dts:1.710 pts:1.710
2024-11-22 04:20:10.474 T:4053 debug : CVideoPlayer::ProcessVideoData size:2518 dts:1.752 pts:1.752 dur:41.700ms, clock:0.002 level:0
2024-11-22 04:20:10.474 T:4057 debug : CVideoPlayerVideo::CalcDropRequirement - hurry: 0
2024-11-22 04:20:10.474 T:4057 debug : CAMLCodec::AddData: dl:202624 fl:5892224 sz:2518(4096) lv:3.3% dts:1.752 pts:1.752
2024-11-22 04:20:10.476 T:4053 debug : CVideoPlayer::ProcessVideoData size:2670 dts:1.793 pts:1.793 dur:41.700ms, clock:0.002 level:0
2024-11-22 04:20:10.476 T:4057 debug : CVideoPlayerVideo::CalcDropRequirement - hurry: 0
2024-11-22 04:20:10.476 T:4057 debug : CAMLCodec::AddData: dl:206720 fl:5888128 sz:2670(4096) lv:3.4% dts:1.793 pts:1.793
2024-11-22 04:20:10.479 T:4053 debug : CVideoPlayer::ProcessVideoData size:3207 dts:1.835 pts:1.835 dur:41.700ms, clock:0.002 level:0
2024-11-22 04:20:10.479 T:4057 debug : CVideoPlayerVideo::CalcDropRequirement - hurry: 0
2024-11-22 04:20:10.479 T:4057 debug : CAMLCodec::AddData: dl:210816 fl:5884032 sz:3207(4096) lv:3.5% dts:1.835 pts:1.835
2024-11-22 04:20:10.481 T:4053 debug : CVideoPlayer::ProcessVideoData size:1285 dts:1.877 pts:1.877 dur:41.700ms, clock:0.002 level:0
2024-11-22 04:20:10.481 T:4057 debug : CVideoPlayerVideo::CalcDropRequirement - hurry: 0
2024-11-22 04:20:10.481 T:4057 debug : CAMLCodec::AddData: dl:210816 fl:5884032 sz:1285(4096) lv:3.5% dts:1.877 pts:1.877
2024-11-22 04:20:10.482 T:4053 debug : CVideoPlayer::ProcessVideoData size:1933 dts:1.919 pts:1.919 dur:41.700ms, clock:0.002 level:0
2024-11-22 04:20:10.482 T:4057 debug : CVideoPlayerVideo::CalcDropRequirement - hurry: 0
2024-11-22 04:20:10.482 T:4057 debug : CAMLCodec::AddData: dl:214912 fl:5879936 sz:1933(4096) lv:3.5% dts:1.919 pts:1.919
2024-11-22 04:20:10.486 T:4053 debug : CVideoPlayer::ProcessVideoData size:3380 dts:1.960 pts:1.960 dur:41.700ms, clock:0.002 level:0
2024-11-22 04:20:10.486 T:4057 debug : CVideoPlayerVideo::CalcDropRequirement - hurry: 0
2024-11-22 04:20:10.486 T:4057 debug : CAMLCodec::AddData: dl:219008 fl:5875840 sz:3380(4096) lv:3.6% dts:1.960 pts:1.960
2024-11-22 04:20:10.488 T:4053 debug : CVideoPlayer::ProcessVideoData size:59251 dts:2.002 pts:2.002 dur:41.700ms, clock:0.002 level:0
2024-11-22 04:20:10.489 T:4057 debug : CVideoPlayerVideo::CalcDropRequirement - hurry: 0
2024-11-22 04:20:10.490 T:4053 debug : CVideoPlayer::ProcessVideoData size:3607 dts:2.044 pts:2.044 dur:41.700ms, clock:0.002 level:0
2024-11-22 04:20:10.491 T:4057 debug : CAMLCodec::AddData: dl:274240 fl:5820608 sz:59251(59328) lv:4.5% dts:2.002 pts:2.002
2024-11-22 04:20:10.491 T:4057 debug : CVideoPlayerVideo::CalcDropRequirement - hurry: 0
2024-11-22 04:20:10.491 T:4057 debug : CAMLCodec::AddData: dl:278336 fl:5816512 sz:3607(4096) lv:4.6% dts:2.044 pts:2.044
2024-11-22 04:20:10.493 T:4053 debug : CVideoPlayer::ProcessVideoData size:2539 dts:2.085 pts:2.085 dur:41.700ms, clock:0.002 level:0
2024-11-22 04:20:10.493 T:4057 debug : CVideoPlayerVideo::CalcDropRequirement - hurry: 0
2024-11-22 04:20:10.493 T:4057 debug : CAMLCodec::AddData: dl:278336 fl:5816512 sz:2539(4096) lv:4.6% dts:2.085 pts:2.085
2024-11-22 04:20:10.495 T:4053 debug : CVideoPlayer::ProcessVideoData size:2445 dts:2.127 pts:2.127 dur:41.700ms, clock:0.002 level:0
2024-11-22 04:20:10.495 T:4057 debug : CVideoPlayerVideo::CalcDropRequirement - hurry: 0
2024-11-22 04:20:10.495 T:4057 debug : CAMLCodec::AddData: dl:282432 fl:5812416 sz:2445(4096) lv:4.6% dts:2.127 pts:2.127
2024-11-22 04:20:10.497 T:4053 debug : CVideoPlayer::ProcessVideoData size:2529 dts:2.169 pts:2.169 dur:41.700ms, clock:0.002 level:0
2024-11-22 04:20:10.497 T:4057 debug : CVideoPlayerVideo::CalcDropRequirement - hurry: 0
2024-11-22 04:20:10.497 T:4057 debug : CAMLCodec::AddData: dl:286528 fl:5808320 sz:2529(4096) lv:4.7% dts:2.169 pts:2.169
2024-11-22 04:20:10.499 T:4053 debug : CVideoPlayer::ProcessVideoData size:2747 dts:2.211 pts:2.211 dur:41.700ms, clock:0.002 level:0
2024-11-22 04:20:10.499 T:4057 debug : CVideoPlayerVideo::CalcDropRequirement - hurry: 0
2024-11-22 04:20:10.499 T:4057 debug : CAMLCodec::AddData: dl:290624 fl:5804224 sz:2747(4096) lv:4.8% dts:2.211 pts:2.211
2024-11-22 04:20:10.502 T:4053 debug : CVideoPlayer::ProcessVideoData size:2256 dts:2.252 pts:2.252 dur:41.700ms, clock:0.002 level:0
2024-11-22 04:20:10.502 T:4057 debug : CVideoPlayerVideo::CalcDropRequirement - hurry: 0
2024-11-22 04:20:10.503 T:4057 debug : CAMLCodec::AddData: dl:290624 fl:5804224 sz:2256(4096) lv:4.8% dts:2.252 pts:2.252
2024-11-22 04:20:10.504 T:4053 debug : CVideoPlayer::ProcessVideoData size:2112 dts:2.294 pts:2.294 dur:41.700ms, clock:0.002 level:0
2024-11-22 04:20:10.504 T:4057 debug : CVideoPlayerVideo::CalcDropRequirement - hurry: 0
2024-11-22 04:20:10.504 T:4057 debug : CAMLCodec::AddData: dl:294720 fl:5800128 sz:2112(4096) lv:4.8% dts:2.294 pts:2.294
2024-11-22 04:20:10.506 T:4053 debug : CVideoPlayer::ProcessVideoData size:2636 dts:2.336 pts:2.336 dur:41.700ms, clock:0.002 level:0
2024-11-22 04:20:10.506 T:4057 debug : CVideoPlayerVideo::CalcDropRequirement - hurry: 0
2024-11-22 04:20:10.506 T:4057 debug : CAMLCodec::AddData: dl:298816 fl:5796032 sz:2636(4096) lv:4.9% dts:2.336 pts:2.336
2024-11-22 04:20:10.511 T:4053 debug : CVideoPlayer::ProcessVideoData size:2104 dts:2.377 pts:2.377 dur:41.700ms, clock:0.002 level:0
2024-11-22 04:20:10.511 T:4057 debug : CVideoPlayerVideo::CalcDropRequirement - hurry: 0
2024-11-22 04:20:10.511 T:4057 debug : CAMLCodec::AddData: dl:298816 fl:5796032 sz:2104(4096) lv:4.9% dts:2.377 pts:2.377
2024-11-22 04:20:10.512 T:4053 debug : CVideoPlayer::ProcessVideoData size:2739 dts:2.419 pts:2.419 dur:41.700ms, clock:0.002 level:0
2024-11-22 04:20:10.513 T:4057 debug : CVideoPlayerVideo::CalcDropRequirement - hurry: 0
2024-11-22 04:20:10.513 T:4057 debug : CAMLCodec::AddData: dl:302912 fl:5791936 sz:2739(4096) lv:5.0% dts:2.419 pts:2.419
2024-11-22 04:20:10.515 T:4053 debug : CVideoPlayer::ProcessVideoData size:2314 dts:2.461 pts:2.461 dur:41.700ms, clock:0.002 level:0
2024-11-22 04:20:10.515 T:4057 debug : CVideoPlayerVideo::CalcDropRequirement - hurry: 0
2024-11-22 04:20:10.515 T:4057 debug : CAMLCodec::AddData: dl:302912 fl:5791936 sz:2314(4096) lv:5.0% dts:2.461 pts:2.461
2024-11-22 04:20:10.517 T:4053 debug : CVideoPlayer::ProcessVideoData size:2084 dts:2.503 pts:2.503 dur:41.700ms, clock:0.002 level:0
2024-11-22 04:20:10.517 T:4057 debug : CVideoPlayerVideo::CalcDropRequirement - hurry: 0
2024-11-22 04:20:10.517 T:4057 debug : CAMLCodec::AddData: dl:307008 fl:5787840 sz:2084(4096) lv:5.0% dts:2.503 pts:2.503
2024-11-22 04:20:10.518 T:4057 debug : CAMLCodec::DequeueBuffer: pts:0.000 idx:0
2024-11-22 04:20:10.518 T:4057 debug : CAMLCodec::GetPicture: index: 0, pts: 0.000, dur:41.708ms ar:1.78 elf:114ms
2024-11-22 04:20:10.518 T:4057 debug : CRenderManager::Configure - change configuration. 3840x2160. display: 3840x2160. framerate: 23.98 hdrType: sdr.
2024-11-22 04:20:10.519 T:4053 debug : CVideoPlayer::ProcessVideoData size:2674 dts:2.544 pts:2.544 dur:41.700ms, clock:0.002 level:0
2024-11-22 04:20:10.521 T:4053 debug : CVideoPlayer::ProcessVideoData size:2444 dts:2.586 pts:2.586 dur:41.700ms, clock:0.002 level:0
2024-11-22 04:20:10.524 T:4053 debug : CVideoPlayer::ProcessVideoData size:2517 dts:2.628 pts:2.628 dur:41.700ms, clock:0.002 level:1
2024-11-22 04:20:10.526 T:4053 debug : CVideoPlayer::ProcessVideoData size:3031 dts:2.669 pts:2.669 dur:41.700ms, clock:0.002 level:2
2024-11-22 04:20:10.528 T:4053 debug : CVideoPlayer::ProcessVideoData size:2637 dts:2.711 pts:2.711 dur:41.700ms, clock:0.002 level:2
2024-11-22 04:20:10.529 T:4053 debug : CVideoPlayer::ProcessVideoData size:2497 dts:2.753 pts:2.753 dur:41.700ms, clock:0.002 level:3
2024-11-22 04:20:10.532 T:4053 debug : CVideoPlayer::ProcessVideoData size:2684 dts:2.794 pts:2.794 dur:41.700ms, clock:0.002 level:3
2024-11-22 04:20:10.534 T:4053 debug : CVideoPlayer::ProcessVideoData size:2755 dts:2.836 pts:2.836 dur:41.700ms, clock:0.002 level:4
2024-11-22 04:20:10.536 T:4053 debug : CVideoPlayer::ProcessVideoData size:1241 dts:2.878 pts:2.878 dur:41.700ms, clock:0.002 level:4
2024-11-22 04:20:10.539 T:4053 debug : CVideoPlayer::ProcessVideoData size:1945 dts:2.920 pts:2.920 dur:41.700ms, clock:0.002 level:5
2024-11-22 04:20:10.543 T:4053 debug : CVideoPlayer::ProcessVideoData size:3296 dts:2.961 pts:2.961 dur:41.700ms, clock:0.002 level:5
2024-11-22 04:20:10.547 T:4053 debug : CVideoPlayer::ProcessVideoData size:59518 dts:3.003 pts:3.003 dur:41.700ms, clock:0.002 level:6
2024-11-22 04:20:10.548 T:3827 debug : DeleteRenderer - deleting renderer
2024-11-22 04:20:10.549 T:3827 debug : LinuxRendererGLES: Cleaning up GLES resources
2024-11-22 04:20:10.550 T:4053 debug : CVideoPlayer::ProcessVideoData size:3387 dts:3.045 pts:3.045 dur:41.700ms, clock:0.002 level:6
2024-11-22 04:20:10.552 T:4053 debug : CVideoPlayer::ProcessVideoData size:2702 dts:3.086 pts:3.086 dur:41.700ms, clock:0.002 level:7
2024-11-22 04:20:10.552 T:3827 info : Constructing CRendererAML
2024-11-22 04:20:10.552 T:3827 debug : CRendererAML::Configure no DV support, enabled, DV system is disabled, HDR is not used
2024-11-22 04:20:10.552 T:3827 debug : CRenderManager::Configure - 16
2024-11-22 04:20:10.553 T:4057 debug : CVideoPlayerVideo::OutputPicture - ttd:-1ms pts:0.000 Clock:0.002 Level:0
2024-11-22 04:20:10.553 T:4039 debug : OnAVChange: CApplication::OnAVChange
2024-11-22 04:20:10.553 T:3827 debug : PrepareNextRender: frameOnScreen: 0.002 renderPts: 0.189 nextFramePts: 0.000 -> diff: 0.189 render: 1 forceNext: 1
2024-11-22 04:20:10.553 T:4053 debug : CVideoPlayer::HandleMessages - player started 2
2024-11-22 04:20:10.554 T:4053 debug : CVideoPlayer::ProcessVideoData size:2539 dts:3.128 pts:3.128 dur:41.700ms, clock:0.002 level:7
2024-11-22 04:20:10.554 T:4057 debug : CAMLCodec::DequeueBuffer: pts:0.042 idx:1
2024-11-22 04:20:10.554 T:4057 debug : CAMLCodec::GetPicture: index: 1, pts: 0.042, dur:41.699ms ar:1.78 elf:36ms
2024-11-22 04:20:10.554 T:4057 debug : CVideoPlayerVideo::OutputPicture - ttd:40ms pts:0.042 Clock:0.002 Level:0
2024-11-22 04:20:10.555 T:4057 debug : CAMLCodec::DequeueBuffer: pts:0.083 idx:2
2024-11-22 04:20:10.556 T:4057 debug : CAMLCodec::GetPicture: index: 2, pts: 0.083, dur:41.712ms ar:1.78 elf:1ms
2024-11-22 04:20:10.556 T:4057 debug : CVideoPlayerVideo::OutputPicture - ttd:81ms pts:0.083 Clock:0.002 Level:1
2024-11-22 04:20:10.556 T:4053 debug : CVideoPlayer::ProcessVideoData size:2567 dts:3.170 pts:3.170 dur:41.700ms, clock:0.002 level:8
2024-11-22 04:20:10.556 T:3827 debug : CAMLCodec::ReleaseFrame idx:0, drop:0
2024-11-22 04:20:10.557 T:3827 info : CAMLCodec::Enable_vadj1 - vadj1 brightness/contrast control got enabled
2024-11-22 04:20:10.557 T:3827 debug : CAMLCodec::SetVideoRect:display(0,0,1920,1080)
2024-11-22 04:20:10.557 T:3827 debug : CAMLCodec::SetVideoRect:gui(0,0,1920,1080)
2024-11-22 04:20:10.557 T:3827 debug : CAMLCodec::SetVideoRect:m_dst_rect(0,0,1920,1080)
2024-11-22 04:20:10.557 T:3827 debug : CAMLCodec::SetVideoRect:dst_rect(0,0,1920,1080)
2024-11-22 04:20:10.557 T:3827 debug : CAMLCodec::SetVideoRect:m_guiStereoMode(0)
2024-11-22 04:20:10.557 T:3827 debug : CAMLCodec::SetVideoRect:m_guiStereoView(0)
2024-11-22 04:20:10.557 T:4057 debug : CAMLCodec::DequeueBuffer: pts:0.125 idx:3
2024-11-22 04:20:10.557 T:3827 debug : CAMLCodec::PollFrame elapsed:0.010ms
2024-11-22 04:20:10.557 T:4057 debug : CAMLCodec::GetPicture: index: 3, pts: 0.125, dur:41.711ms ar:1.78 elf:1ms
2024-11-22 04:20:10.557 T:4057 debug : CVideoPlayerVideo::OutputPicture - ttd:123ms pts:0.125 Clock:0.002 Level:2
2024-11-22 04:20:10.559 T:4057 debug : CAMLCodec::DequeueBuffer: pts:0.167 idx:4
2024-11-22 04:20:10.559 T:4057 debug : CAMLCodec::GetPicture: index: 4, pts: 0.167, dur:41.711ms ar:1.78 elf:1ms
2024-11-22 04:20:10.559 T:4057 debug : CVideoPlayerVideo::OutputPicture - ttd:165ms pts:0.167 Clock:0.002 Level:3
2024-11-22 04:20:10.559 T:4053 debug : CVideoPlayer::ProcessVideoData size:2784 dts:3.212 pts:3.212 dur:41.700ms, clock:0.002 level:8
2024-11-22 04:20:10.560 T:4057 debug : CAMLCodec::DequeueBuffer: pts:0.209 idx:5
2024-11-22 04:20:10.560 T:4057 debug : CAMLCodec::GetPicture: index: 5, pts: 0.209, dur:41.700ms ar:1.78 elf:1ms
2024-11-22 04:20:10.560 T:4057 debug : CVideoPlayerVideo::OutputPicture - ttd:206ms pts:0.209 Clock:0.002 Level:4
2024-11-22 04:20:10.561 T:4053 debug : CVideoPlayer::ProcessVideoData size:2286 dts:3.253 pts:3.253 dur:41.700ms, clock:0.002 level:9
2024-11-22 04:20:10.562 T:4057 debug : CAMLCodec::DequeueBuffer: pts:0.250 idx:6
2024-11-22 04:20:10.562 T:4057 debug : CAMLCodec::GetPicture: index: 6, pts: 0.250, dur:41.711ms ar:1.78 elf:1ms
2024-11-22 04:20:10.562 T:4057 debug : CVideoPlayerVideo::OutputPicture - ttd:248ms pts:0.250 Clock:0.002 Level:5
2024-11-22 04:20:10.562 T:4053 debug : CVideoPlayer::ProcessVideoData size:2132 dts:3.295 pts:3.295 dur:41.700ms, clock:0.002 level:9
2024-11-22 04:20:10.564 T:4057 debug : CAMLCodec::DequeueBuffer: pts:0.292 idx:7
2024-11-22 04:20:10.564 T:4057 debug : CAMLCodec::GetPicture: index: 7, pts: 0.292, dur:41.711ms ar:1.78 elf:1ms
2024-11-22 04:20:10.564 T:4057 debug : CVideoPlayerVideo::OutputPicture - ttd:290ms pts:0.292 Clock:0.002 Level:6
2024-11-22 04:20:10.565 T:4057 debug : CAMLCodec::DequeueBuffer: pts:0.334 idx:8
2024-11-22 04:20:10.565 T:4057 debug : CAMLCodec::GetPicture: index: 8, pts: 0.334, dur:41.711ms ar:1.78 elf:1ms
2024-11-22 04:20:10.565 T:4057 debug : CVideoPlayerVideo::OutputPicture - ttd:332ms pts:0.334 Clock:0.002 Level:7
2024-11-22 04:20:10.566 T:4053 debug : CVideoPlayer::ProcessVideoData size:2610 dts:3.337 pts:3.337 dur:41.700ms, clock:0.002 level:10
2024-11-22 04:20:10.567 T:4057 debug : CAMLCodec::DequeueBuffer: pts:0.375 idx:9
2024-11-22 04:20:10.567 T:4057 debug : CAMLCodec::GetPicture: index: 9, pts: 0.375, dur:41.700ms ar:1.78 elf:1ms
2024-11-22 04:20:10.567 T:4057 debug : CVideoPlayerVideo::OutputPicture - ttd:373ms pts:0.375 Clock:0.002 Level:8
2024-11-22 04:20:10.567 T:4053 debug : CVideoPlayer::ProcessVideoData size:2140 dts:3.378 pts:3.378 dur:41.700ms, clock:0.002 level:10
2024-11-22 04:20:10.568 T:4057 debug : CAMLCodec::DequeueBuffer: pts:0.417 idx:10
2024-11-22 04:20:10.568 T:4057 debug : CAMLCodec::GetPicture: index: 10, pts: 0.417, dur:41.711ms ar:1.78 elf:1ms
2024-11-22 04:20:10.568 T:4057 debug : CVideoPlayerVideo::OutputPicture - ttd:415ms pts:0.417 Clock:0.002 Level:9
2024-11-22 04:20:10.569 T:4053 debug : CVideoPlayer::ProcessVideoData size:2769 dts:3.420 pts:3.420 dur:41.700ms, clock:0.002 level:11
2024-11-22 04:20:10.570 T:4057 debug : CAMLCodec::DequeueBuffer: pts:0.459 idx:11
2024-11-22 04:20:10.570 T:4057 debug : CAMLCodec::GetPicture: index: 11, pts: 0.459, dur:41.711ms ar:1.78 elf:1ms
2024-11-22 04:20:10.570 T:4057 debug : CVideoPlayerVideo::OutputPicture - ttd:457ms pts:0.459 Clock:0.002 Level:10
2024-11-22 04:20:10.571 T:4057 debug : CAMLCodec::DequeueBuffer: pts:0.500 idx:12
2024-11-22 04:20:10.571 T:4057 debug : CAMLCodec::GetPicture: index: 12, pts: 0.500, dur:41.711ms ar:1.78 elf:1ms
2024-11-22 04:20:10.571 T:4057 debug : CVideoPlayerVideo::OutputPicture - ttd:498ms pts:0.500 Clock:0.002 Level:11
2024-11-22 04:20:10.572 T:4053 debug : CVideoPlayer::ProcessVideoData size:2318 dts:3.462 pts:3.462 dur:41.700ms, clock:0.002 level:11
2024-11-22 04:20:10.573 T:4057 debug : CAMLCodec::DequeueBuffer: pts:0.542 idx:13
2024-11-22 04:20:10.573 T:4057 debug : CAMLCodec::GetPicture: index: 13, pts: 0.542, dur:41.700ms ar:1.78 elf:1ms
2024-11-22 04:20:10.573 T:4057 debug : CVideoPlayerVideo::OutputPicture - ttd:540ms pts:0.542 Clock:0.002 Level:12
2024-11-22 04:20:10.573 T:4053 debug : CVideoPlayer::ProcessVideoData size:2247 dts:3.504 pts:3.504 dur:41.700ms, clock:0.002 level:12
2024-11-22 04:20:10.575 T:4057 debug : CAMLCodec::DequeueBuffer: pts:0.584 idx:14
2024-11-22 04:20:10.575 T:4057 debug : CAMLCodec::GetPicture: index: 14, pts: 0.584, dur:41.712ms ar:1.78 elf:1ms
2024-11-22 04:20:10.575 T:4057 debug : CVideoPlayerVideo::OutputPicture - ttd:582ms pts:0.584 Clock:0.002 Level:13
2024-11-22 04:20:10.575 T:4053 debug : CVideoPlayer::ProcessVideoData size:2401 dts:3.545 pts:3.545 dur:41.700ms, clock:0.002 level:12
2024-11-22 04:20:10.577 T:4057 debug : CAMLCodec::DequeueBuffer: pts:0.626 idx:15
2024-11-22 04:20:10.577 T:4057 debug : CAMLCodec::GetPicture: index: 15, pts: 0.626, dur:41.711ms ar:1.78 elf:1ms
2024-11-22 04:20:10.577 T:4057 debug : CVideoPlayerVideo::OutputPicture - ttd:624ms pts:0.626 Clock:0.002 Level:14
2024-11-22 04:20:10.578 T:4053 debug : CVideoPlayer::ProcessVideoData size:2464 dts:3.587 pts:3.587 dur:41.700ms, clock:0.002 level:13
2024-11-22 04:20:10.580 T:4053 debug : CVideoPlayer::ProcessVideoData size:2445 dts:3.629 pts:3.629 dur:41.700ms, clock:0.002 level:14
2024-11-22 04:20:10.582 T:4053 debug : CVideoPlayer::ProcessVideoData size:3032 dts:3.670 pts:3.670 dur:41.700ms, clock:0.002 level:14
2024-11-22 04:20:10.584 T:4053 debug : CVideoPlayer::ProcessVideoData size:2720 dts:3.712 pts:3.712 dur:41.700ms, clock:0.002 level:15
2024-11-22 04:20:10.587 T:4053 debug : CVideoPlayer::ProcessVideoData size:2507 dts:3.754 pts:3.754 dur:41.700ms, clock:0.002 level:15
2024-11-22 04:20:10.589 T:4053 debug : CVideoPlayer::ProcessVideoData size:2666 dts:3.795 pts:3.795 dur:41.700ms, clock:0.002 level:16
2024-11-22 04:20:10.592 T:4053 debug : CVideoPlayer::ProcessVideoData size:3232 dts:3.837 pts:3.837 dur:41.700ms, clock:0.002 level:16
2024-11-22 04:20:10.595 T:3827 debug : CAMLCodec::PollFrame elapsed:0.013ms
2024-11-22 04:20:10.595 T:4053 debug : CVideoPlayer::ProcessVideoData size:1287 dts:3.879 pts:3.879 dur:41.700ms, clock:0.002 level:17
2024-11-22 04:20:10.597 T:4053 debug : CVideoPlayer::ProcessVideoData size:1933 dts:3.921 pts:3.921 dur:41.700ms, clock:0.002 level:17
2024-11-22 04:20:10.600 T:4053 debug : CVideoPlayer::ProcessVideoData size:3099 dts:3.962 pts:3.962 dur:41.700ms, clock:0.002 level:18
2024-11-22 04:20:10.604 T:4053 debug : CVideoPlayer::ProcessVideoData size:59179 dts:4.004 pts:4.004 dur:41.700ms, clock:0.002 level:18
2024-11-22 04:20:10.606 T:4053 debug : CVideoPlayer::ProcessVideoData size:3601 dts:4.046 pts:4.046 dur:41.700ms, clock:0.002 level:19
2024-11-22 04:20:10.608 T:4053 debug : CVideoPlayer::ProcessVideoData size:2718 dts:4.087 pts:4.087 dur:41.700ms, clock:0.002 level:19
2024-11-22 04:20:10.610 T:4053 debug : CVideoPlayer::ProcessVideoData size:2461 dts:4.129 pts:4.129 dur:41.700ms, clock:0.002 level:20
2024-11-22 04:20:10.613 T:4053 debug : CVideoPlayer::ProcessVideoData size:2272 dts:4.171 pts:4.171 dur:41.700ms, clock:0.002 level:20
2024-11-22 04:20:10.614 T:4053 debug : CVideoPlayer::ProcessVideoData size:2768 dts:4.213 pts:4.213 dur:41.700ms, clock:0.002 level:21
2024-11-22 04:20:10.616 T:4053 debug : CVideoPlayer::ProcessVideoData size:2273 dts:4.254 pts:4.254 dur:41.700ms, clock:0.002 level:21
2024-11-22 04:20:10.619 T:4053 debug : CVideoPlayer::ProcessVideoData size:2133 dts:4.296 pts:4.296 dur:41.700ms, clock:0.002 level:22
2024-11-22 04:20:10.621 T:4053 debug : CVideoPlayer::ProcessVideoData size:2642 dts:4.338 pts:4.338 dur:41.700ms, clock:0.002 level:22
2024-11-22 04:20:10.623 T:4053 debug : CVideoPlayer::ProcessVideoData size:2109 dts:4.379 pts:4.379 dur:41.700ms, clock:0.002 level:23
2024-11-22 04:20:10.624 T:3827 debug : CAMLCodec::PollFrame elapsed:16.841ms
2024-11-22 04:20:10.626 T:4053 debug : CVideoPlayer::ProcessVideoData size:2708 dts:4.421 pts:4.421 dur:41.700ms, clock:0.002 level:23
2024-11-22 04:20:10.629 T:4053 debug : CVideoPlayer::ProcessVideoData size:2314 dts:4.463 pts:4.463 dur:41.700ms, clock:0.002 level:24
2024-11-22 04:20:10.631 T:4053 debug : CVideoPlayer::ProcessVideoData size:2261 dts:4.505 pts:4.505 dur:41.700ms, clock:0.002 level:24
2024-11-22 04:20:10.633 T:4053 debug : CVideoPlayer::ProcessVideoData size:2656 dts:4.546 pts:4.546 dur:41.700ms, clock:0.002 level:25
2024-11-22 04:20:10.636 T:4053 debug : CVideoPlayer::ProcessVideoData size:2243 dts:4.588 pts:4.588 dur:41.700ms, clock:0.002 level:26
2024-11-22 04:20:10.637 T:4053 debug : CVideoPlayer::ProcessVideoData size:2505 dts:4.630 pts:4.630 dur:41.700ms, clock:0.002 level:26
2024-11-22 04:20:10.639 T:4053 debug : CVideoPlayer::ProcessVideoData size:3012 dts:4.671 pts:4.671 dur:41.700ms, clock:0.002 level:27
2024-11-22 04:20:10.643 T:4053 debug : CVideoPlayer::ProcessVideoData size:2675 dts:4.713 pts:4.713 dur:41.700ms, clock:0.002 level:27
2024-11-22 04:20:10.644 T:4053 debug : CVideoPlayer::ProcessVideoData size:2493 dts:4.755 pts:4.755 dur:41.700ms, clock:0.002 level:28
2024-11-22 04:20:10.646 T:4053 debug : CVideoPlayer::ProcessVideoData size:2693 dts:4.796 pts:4.796 dur:41.700ms, clock:0.002 level:28
2024-11-22 04:20:10.649 T:4053 debug : CVideoPlayer::ProcessVideoData size:3134 dts:4.838 pts:4.838 dur:41.700ms, clock:0.002 level:29
2024-11-22 04:20:10.650 T:4053 debug : CVideoPlayer::ProcessVideoData size:1241 dts:4.880 pts:4.880 dur:41.700ms, clock:0.002 level:29
2024-11-22 04:20:10.652 T:4053 debug : CVideoPlayer::ProcessVideoData size:1942 dts:4.922 pts:4.922 dur:41.700ms, clock:0.002 level:30
2024-11-22 04:20:10.656 T:4053 debug : CVideoPlayer::ProcessVideoData size:3292 dts:4.963 pts:4.963 dur:41.700ms, clock:0.002 level:30
2024-11-22 04:20:10.658 T:3859 debug : CActiveAESink::OpenSink - trying to open device ALSA:hdmi:CARD=AMLAUGESOUND,DEV=0
2024-11-22 04:20:10.658 T:3859 info : CAESinkALSA::Initialize - Configure simple control for "AUGESOUND"
2024-11-22 04:20:10.658 T:3859 info : CAESinkALSA - Use card "hw:0" and set codec format "TrueHD"
2024-11-22 04:20:10.658 T:4053 debug : CVideoPlayer::ProcessVideoData size:59515 dts:5.005 pts:5.005 dur:41.700ms, clock:0.002 level:31
2024-11-22 04:20:10.659 T:3859 info : CAESinkALSA - Set Spdif to HDMITX to "Spdif_b"
2024-11-22 04:20:10.659 T:3859 info : CAESinkALSA - Set codec for "Audio spdif_b format"
2024-11-22 04:20:10.659 T:3859 info : CAESinkALSA - Set codec for "Audio spdif format"
2024-11-22 04:20:10.660 T:3859 info : CAESinkALSA::Initialize - Attempting to open device "hdmi:CARD=AMLAUGESOUND,DEV=0"
2024-11-22 04:20:10.660 T:4053 debug : CVideoPlayer::ProcessVideoData size:3387 dts:5.047 pts:5.047 dur:41.700ms, clock:0.002 level:31
2024-11-22 04:20:10.662 T:4053 debug : CVideoPlayer::ProcessVideoData size:2712 dts:5.088 pts:5.088 dur:41.700ms, clock:0.002 level:32
2024-11-22 04:20:10.665 T:4053 debug : CVideoPlayer::ProcessVideoData size:2548 dts:5.130 pts:5.130 dur:41.700ms, clock:0.002 level:32
2024-11-22 04:20:10.665 T:3827 debug : CAMLCodec::PollFrame elapsed:31.302ms
2024-11-22 04:20:10.667 T:3859 info : CAESinkALSA::Initialize - Opened device "hdmi:CARD=AMLAUGESOUND,DEV=0,AES0=0x06,AES1=0x82,AES2=0x00,AES3=0x09"
2024-11-22 04:20:10.667 T:3859 debug : CAESinkALSA::InitializeHW - Request: periodSize 4096, bufferSize 16384
2024-11-22 04:20:10.667 T:4053 debug : CVideoPlayer::ProcessVideoData size:2538 dts:5.172 pts:5.172 dur:41.700ms, clock:0.002 level:33
2024-11-22 04:20:10.668 T:3859 debug : CAESinkALSA::InitializeHW - Got: periodSize 4096, bufferSize 16384
2024-11-22 04:20:10.668 T:3859 debug : CAESinkALSA::InitializeHW - Setting timeout to 86 ms
2024-11-22 04:20:10.668 T:3859 debug : CAESinkALSA::GetChannelLayout - Input Channel Count: 8 Output Channel Count: 8
2024-11-22 04:20:10.668 T:3859 debug : CAESinkALSA::GetChannelLayout - Requested Layout: RAW, RAW, RAW, RAW, RAW, RAW, RAW, RAW
2024-11-22 04:20:10.668 T:3859 debug : CAESinkALSA::GetChannelLayout - Got Layout: RAW, RAW, RAW, RAW, RAW, RAW, RAW, RAW (ALSA: none)
2024-11-22 04:20:10.669 T:3859 debug : CActiveAESink::OpenSink - ALSA Initialized:
2024-11-22 04:20:10.669 T:3859 debug : Output Device : AML-AUGESOUND
2024-11-22 04:20:10.669 T:3859 debug : Sample Rate : 192000
2024-11-22 04:20:10.669 T:3859 debug : Sample Format : AE_FMT_S16NE
2024-11-22 04:20:10.669 T:3859 debug : Channel Count : 8
2024-11-22 04:20:10.669 T:3859 debug : Channel Layout: RAW, RAW, RAW, RAW, RAW, RAW, RAW, RAW
2024-11-22 04:20:10.669 T:3859 debug : Frames : 4096
2024-11-22 04:20:10.669 T:3859 debug : Frame Size : 16
2024-11-22 04:20:10.671 T:4053 debug : CVideoPlayer::ProcessVideoData size:2557 dts:5.214 pts:5.214 dur:41.700ms, clock:0.002 level:33
2024-11-22 04:20:10.677 T:4053 debug : CVideoPlayer::ProcessVideoData size:2302 dts:5.255 pts:5.255 dur:41.700ms, clock:0.002 level:34
2024-11-22 04:20:10.680 T:4053 debug : CVideoPlayer::ProcessVideoData size:2163 dts:5.297 pts:5.297 dur:41.700ms, clock:0.002 level:34
2024-11-22 04:20:10.682 T:4053 debug : CVideoPlayer::ProcessVideoData size:2613 dts:5.339 pts:5.339 dur:41.700ms, clock:0.002 level:35
2024-11-22 04:20:10.683 T:3858 debug : CActiveAE::ClearDiscardedBuffers - buffer pool deleted
2024-11-22 04:20:10.685 T:4053 info : Skipped 1 duplicate messages..
2024-11-22 04:20:10.685 T:4053 debug : CVideoPlayer::ProcessVideoData size:2134 dts:5.380 pts:5.380 dur:41.700ms, clock:0.002 level:35
2024-11-22 04:20:10.687 T:4053 debug : CVideoPlayer::ProcessVideoData size:2760 dts:5.422 pts:5.422 dur:41.700ms, clock:0.002 level:36
2024-11-22 04:20:10.689 T:4053 debug : CVideoPlayer::ProcessVideoData size:2318 dts:5.464 pts:5.464 dur:41.700ms, clock:0.002 level:36
2024-11-22 04:20:10.691 T:4053 debug : CVideoPlayer::ProcessVideoData size:2251 dts:5.505 pts:5.505 dur:41.700ms, clock:0.002 level:37
2024-11-22 04:20:10.695 T:4053 debug : CVideoPlayer::ProcessVideoData size:2696 dts:5.547 pts:5.547 dur:41.700ms, clock:0.002 level:38
2024-11-22 04:20:10.695 T:4053 debug : CVideoPlayer::HandleMessages - player started 1
2024-11-22 04:20:10.695 T:4039 debug : OnAVChange: CApplication::OnAVChange
2024-11-22 04:20:10.695 T:4053 debug : VideoPlayer::Sync - Audio - pts: 0.265, cache: 0.378, totalcache: 0.685, packets:5914 level:59
2024-11-22 04:20:10.695 T:4053 debug : VideoPlayer::Sync - Video - pts: 0.000, cache: 0.050, totalcache: 0.100, packets:134 level:38
2024-11-22 04:20:10.695 T:4053 debug : CVideoPlayer::SetCaching - caching state 0 clock:-0.113 start pts:0.000
2024-11-22 04:20:10.695 T:4057 debug : CVideoPlayerVideo - CDVDMsg::GENERAL_RESYNC(-113386.575514)
2024-11-22 04:20:10.695 T:4058 debug : CDVDAudio::Resume - resume audio stream
2024-11-22 04:20:10.695 T:4057 debug : CVideoPlayerVideo - OUTPUT_AGAIN - vfmt, interlace should be checked.
2024-11-22 04:20:10.695 T:4057 debug : SetCodecControl 4000000->0
2024-11-22 04:20:10.695 T:3858 debug : ActiveAE - start sync of audio stream
2024-11-22 04:20:10.695 T:4057 debug : CAMLCodec::AddData: dl:286528 fl:5808320 sz:2674(4096) lv:4.7% dts:2.544 pts:2.544
2024-11-22 04:20:10.696 T:4057 debug : CVideoPlayerVideo - CDVDMsg::DEMUXER_PACKET - checking interlace vfmt: null
2024-11-22 04:20:10.696 T:4057 debug : CAMLCodec::AddData: dl:290624 fl:5804224 sz:2444(4096) lv:4.8% dts:2.586 pts:2.586
2024-11-22 04:20:10.696 T:4057 debug : CAMLCodec::AddData: dl:294720 fl:5800128 sz:2517(4096) lv:4.8% dts:2.628 pts:2.628
2024-11-22 04:20:10.696 T:4057 debug : CAMLCodec::AddData: dl:298816 fl:5796032 sz:3031(4096) lv:4.9% dts:2.669 pts:2.669
2024-11-22 04:20:10.696 T:4057 debug : CAMLCodec::AddData: dl:302912 fl:5791936 sz:2637(4096) lv:5.0% dts:2.711 pts:2.711
2024-11-22 04:20:10.696 T:4057 debug : CAMLCodec::AddData: dl:307008 fl:5787840 sz:2497(4096) lv:5.0% dts:2.753 pts:2.753
2024-11-22 04:20:10.696 T:4057 debug : CVideoPlayerVideo - CDVDMsg::DEMUXER_PACKET - checking interlace vfmt: null
2024-11-22 04:20:10.696 T:4057 debug : CAMLCodec::AddData: dl:311104 fl:5783744 sz:2684(4096) lv:5.1% dts:2.794 pts:2.794
2024-11-22 04:20:10.696 T:4057 debug : CAMLCodec::AddData: dl:315200 fl:5779648 sz:2755(4096) lv:5.2% dts:2.836 pts:2.836
2024-11-22 04:20:10.696 T:4057 debug : CAMLCodec::AddData: dl:319296 fl:5775552 sz:1241(4096) lv:5.2% dts:2.878 pts:2.878
2024-11-22 04:20:10.696 T:4057 debug : CAMLCodec::AddData: dl:323392 fl:5771456 sz:1945(4096) lv:5.3% dts:2.920 pts:2.920
2024-11-22 04:20:10.696 T:4057 debug : CAMLCodec::AddData: dl:327488 fl:5767360 sz:3296(4096) lv:5.4% dts:2.961 pts:2.961
2024-11-22 04:20:10.696 T:4057 debug : CVideoPlayerVideo - CDVDMsg::DEMUXER_PACKET - checking interlace vfmt: null
2024-11-22 04:20:10.695 T:4053 debug : CDVDClock::SetSpeedAdjust - adjusted:0.000000
2024-11-22 04:20:10.697 T:4039 debug : OnAVStarted: CApplication::OnAVStarted
2024-11-22 04:20:10.699 T:4053 debug : CVideoPlayer::ProcessVideoData size:2448 dts:5.589 pts:5.589 dur:41.700ms, clock:-0.110 level:32
2024-11-22 04:20:10.699 T:4057 debug : CAMLCodec::AddData: dl:387072 fl:5707776 sz:59518(59584) lv:6.4% dts:3.003 pts:3.003
2024-11-22 04:20:10.699 T:4057 debug : CAMLCodec::AddData: dl:391168 fl:5703680 sz:3387(4096) lv:6.4% dts:3.045 pts:3.045
2024-11-22 04:20:10.699 T:4057 debug : CAMLCodec::AddData: dl:395264 fl:5699584 sz:2702(4096) lv:6.5% dts:3.086 pts:3.086
2024-11-22 04:20:10.699 T:4057 debug : CAMLCodec::AddData: dl:399360 fl:5695488 sz:2539(4096) lv:6.6% dts:3.128 pts:3.128
2024-11-22 04:20:10.699 T:4057 debug : CAMLCodec::AddData: dl:403456 fl:5691392 sz:2567(4096) lv:6.6% dts:3.170 pts:3.170
2024-11-22 04:20:10.699 T:4057 debug : CVideoPlayerVideo - CDVDMsg::DEMUXER_PACKET - checking interlace vfmt: null
2024-11-22 04:20:10.699 T:4057 debug : CAMLCodec::AddData: dl:407552 fl:5687296 sz:2784(4096) lv:6.7% dts:3.212 pts:3.212
2024-11-22 04:20:10.699 T:4057 debug : CAMLCodec::AddData: dl:411648 fl:5683200 sz:2286(4096) lv:6.8% dts:3.253 pts:3.253
2024-11-22 04:20:10.700 T:4057 debug : CAMLCodec::AddData: dl:415744 fl:5679104 sz:2132(4096) lv:6.8% dts:3.295 pts:3.295
2024-11-22 04:20:10.700 T:4057 debug : CAMLCodec::AddData: dl:419840 fl:5675008 sz:2610(4096) lv:6.9% dts:3.337 pts:3.337
2024-11-22 04:20:10.700 T:4057 debug : CAMLCodec::AddData: dl:423936 fl:5670912 sz:2140(4096) lv:7.0% dts:3.378 pts:3.378
2024-11-22 04:20:10.700 T:4057 debug : CAMLCodec::AddData: dl:428032 fl:5666816 sz:2769(4096) lv:7.0% dts:3.420 pts:3.420
2024-11-22 04:20:10.700 T:4057 debug : CAMLCodec::AddData: dl:432128 fl:5662720 sz:2318(4096) lv:7.1% dts:3.462 pts:3.462
2024-11-22 04:20:10.700 T:4057 debug : CAMLCodec::AddData: dl:436224 fl:5658624 sz:2247(4096) lv:7.2% dts:3.504 pts:3.504
2024-11-22 04:20:10.700 T:4057 debug : CAMLCodec::AddData: dl:440320 fl:5654528 sz:2401(4096) lv:7.2% dts:3.545 pts:3.545
2024-11-22 04:20:10.700 T:4057 debug : CAMLCodec::AddData: dl:444416 fl:5650432 sz:2464(4096) lv:7.3% dts:3.587 pts:3.587
2024-11-22 04:20:10.700 T:4057 debug : CAMLCodec::AddData: dl:448512 fl:5646336 sz:2445(4096) lv:7.4% dts:3.629 pts:3.629
2024-11-22 04:20:10.700 T:4057 debug : CAMLCodec::AddData: dl:452608 fl:5642240 sz:3032(4096) lv:7.4% dts:3.670 pts:3.670
2024-11-22 04:20:10.700 T:4057 debug : CAMLCodec::AddData: dl:456704 fl:5638144 sz:2720(4096) lv:7.5% dts:3.712 pts:3.712
2024-11-22 04:20:10.700 T:4057 debug : CAMLCodec::AddData: dl:460800 fl:5634048 sz:2507(4096) lv:7.6% dts:3.754 pts:3.754
2024-11-22 04:20:10.700 T:4057 debug : CAMLCodec::AddData: dl:464896 fl:5629952 sz:2666(4096) lv:7.6% dts:3.795 pts:3.795
2024-11-22 04:20:10.700 T:4057 debug : CAMLCodec::AddData: dl:468992 fl:5625856 sz:3232(4096) lv:7.7% dts:3.837 pts:3.837
2024-11-22 04:20:10.700 T:4057 debug : CAMLCodec::AddData: dl:473088 fl:5621760 sz:1287(4096) lv:7.8% dts:3.879 pts:3.879
2024-11-22 04:20:10.700 T:4057 debug : CAMLCodec::AddData: dl:477184 fl:5617664 sz:1933(4096) lv:7.8% dts:3.921 pts:3.921
2024-11-22 04:20:10.700 T:4057 debug : CAMLCodec::AddData: dl:481280 fl:5613568 sz:3099(4096) lv:7.9% dts:3.962 pts:3.962
2024-11-22 04:20:10.701 T:4053 debug : CVideoPlayer::ProcessVideoData size:2181 dts:5.631 pts:5.631 dur:41.700ms, clock:-0.108 level:20
2024-11-22 04:20:10.703 T:4057 debug : CAMLCodec::AddData: dl:540544 fl:5554304 sz:59179(59264) lv:8.9% dts:4.004 pts:4.004
2024-11-22 04:20:10.703 T:4057 debug : CAMLCodec::AddData: dl:544640 fl:5550208 sz:3601(4096) lv:8.9% dts:4.046 pts:4.046
2024-11-22 04:20:10.703 T:4057 debug : CAMLCodec::AddData: dl:548736 fl:5546112 sz:2718(4096) lv:9.0% dts:4.087 pts:4.087
2024-11-22 04:20:10.703 T:4057 debug : CAMLCodec::AddData: dl:552832 fl:5542016 sz:2461(4096) lv:9.1% dts:4.129 pts:4.129
2024-11-22 04:20:10.703 T:4057 debug : CAMLCodec::AddData: dl:556928 fl:5537920 sz:2272(4096) lv:9.1% dts:4.171 pts:4.171
2024-11-22 04:20:10.703 T:4057 debug : CAMLCodec::AddData: dl:561024 fl:5533824 sz:2768(4096) lv:9.2% dts:4.213 pts:4.213
2024-11-22 04:20:10.703 T:4057 debug : CAMLCodec::AddData: dl:565120 fl:5529728 sz:2273(4096) lv:9.3% dts:4.254 pts:4.254
2024-11-22 04:20:10.703 T:4057 debug : CAMLCodec::AddData: dl:569216 fl:5525632 sz:2133(4096) lv:9.3% dts:4.296 pts:4.296
2024-11-22 04:20:10.703 T:4057 debug : CAMLCodec::AddData: dl:573312 fl:5521536 sz:2642(4096) lv:9.4% dts:4.338 pts:4.338
2024-11-22 04:20:10.703 T:4057 debug : CAMLCodec::AddData: dl:577408 fl:5517440 sz:2109(4096) lv:9.5% dts:4.379 pts:4.379
2024-11-22 04:20:10.703 T:4057 debug : CAMLCodec::AddData: dl:581504 fl:5513344 sz:2708(4096) lv:9.5% dts:4.421 pts:4.421
2024-11-22 04:20:10.703 T:4057 debug : CAMLCodec::AddData: dl:585600 fl:5509248 sz:2314(4096) lv:9.6% dts:4.463 pts:4.463
2024-11-22 04:20:10.703 T:4057 debug : CAMLCodec::AddData: dl:589696 fl:5505152 sz:2261(4096) lv:9.7% dts:4.505 pts:4.505
2024-11-22 04:20:10.704 T:4057 debug : CAMLCodec::AddData: dl:593792 fl:5501056 sz:2656(4096) lv:9.7% dts:4.546 pts:4.546
2024-11-22 04:20:10.704 T:4057 debug : CAMLCodec::AddData: dl:597888 fl:5496960 sz:2243(4096) lv:9.8% dts:4.588 pts:4.588
2024-11-22 04:20:10.704 T:4057 debug : CAMLCodec::AddData: dl:601984 fl:5492864 sz:2505(4096) lv:9.9% dts:4.630 pts:4.630
2024-11-22 04:20:10.704 T:4057 debug : CAMLCodec::AddData: dl:606080 fl:5488768 sz:3012(4096) lv:9.9% dts:4.671 pts:4.671
2024-11-22 04:20:10.704 T:4057 debug : CAMLCodec::AddData: dl:610176 fl:5484672 sz:2675(4096) lv:10.0% dts:4.713 pts:4.713
2024-11-22 04:20:10.704 T:4053 debug : CVideoPlayer::ProcessVideoData size:2997 dts:5.672 pts:5.672 dur:41.700ms, clock:-0.104 level:11
2024-11-22 04:20:10.706 T:4053 debug : CVideoPlayer::ProcessVideoData size:2731 dts:5.714 pts:5.714 dur:41.700ms, clock:-0.103 level:12
2024-11-22 04:20:10.707 T:3827 debug : CAMLCodec::PollFrame elapsed:28.099ms
2024-11-22 04:20:10.707 T:4053 debug : CVideoPlayer::ProcessVideoData size:2507 dts:5.756 pts:5.756 dur:41.700ms, clock:-0.101 level:12
2024-11-22 04:20:10.710 T:4053 debug : CVideoPlayer::ProcessVideoData size:2665 dts:5.797 pts:5.797 dur:41.700ms, clock:-0.099 level:13
2024-11-22 04:20:10.710 T:3827 debug : Activating window ID: 12005
2024-11-22 04:20:10.711 T:3827 debug : ------ Window Deinit (MyVideoNav.xml) ------
2024-11-22 04:20:10.712 T:3827 debug : FreeVisualisation() done
2024-11-22 04:20:10.712 T:4053 debug : CVideoPlayer::ProcessVideoData size:3210 dts:5.839 pts:5.839 dur:41.700ms, clock:-0.096 level:14
2024-11-22 04:20:10.713 T:3827 debug : ------ Window Init (VideoFullScreen.xml) ------
2024-11-22 04:20:10.714 T:3827 info : Loading skin file: VideoFullScreen.xml, load type: KEEP_IN_MEMORY
2024-11-22 04:20:10.714 T:4053 debug : CVideoPlayer::ProcessVideoData size:1286 dts:5.881 pts:5.881 dur:41.700ms, clock:-0.094 level:14
2024-11-22 04:20:10.717 T:4053 debug : CVideoPlayer::ProcessVideoData size:1933 dts:5.923 pts:5.923 dur:41.700ms, clock:-0.091 level:15
2024-11-22 04:20:10.719 T:3827 info : [WHITELIST] Searching the whitelist for: width: 3840, height: 2160, fps: 23.976, 3D: false:(0x4), stereo mode: 0
2024-11-22 04:20:10.719 T:3827 debug : [WHITELIST] Searching for an exact resolution with an exact refresh rate
2024-11-22 04:20:10.720 T:3827 debug : [WHITELIST] Matched an exact resolution with an exact refresh rate 3840x2160 @ 23.98 - Full Screen, 0x4 (37)
2024-11-22 04:20:10.720 T:3827 info : Display resolution ADJUST : 3840x2160 @ 23.98 - Full Screen (37) (weight: 0.000)
2024-11-22 04:20:10.720 T:4053 debug : CVideoPlayer::ProcessVideoData size:3367 dts:5.964 pts:5.964 dur:41.700ms, clock:-0.088 level:15
2024-11-22 04:20:10.721 T:3827 debug : CWinSystemAmlogicGLESContext::CreateNewWindow: m_bWindowCreated: true, frac rate 1(1), hdrType: sdr(sdr), force mode switch: false
2024-11-22 04:20:10.721 T:3827 debug : CWinSystemAmlogicGLESContext::CreateNewWindow: cur: iWidth: 1920, iHeight: 1080, iScreenWidth: 1920, iScreenHeight: 1080, fRefreshRate: 23.98, dwFlags: 04
2024-11-22 04:20:10.721 T:3827 debug : CWinSystemAmlogicGLESContext::CreateNewWindow: res: iWidth: 1920, iHeight: 1080, iScreenWidth: 3840, iScreenHeight: 2160, fRefreshRate: 23.98, dwFlags: 04
2024-11-22 04:20:10.723 T:4053 debug : CVideoPlayer::ProcessVideoData size:59444 dts:6.006 pts:6.006 dur:41.700ms, clock:-0.085 level:16
2024-11-22 04:20:10.725 T:4053 debug : CVideoPlayer::ProcessVideoData size:3602 dts:6.048 pts:6.048 dur:41.700ms, clock:-0.084 level:16
2024-11-22 04:20:10.728 T:4053 debug : CVideoPlayer::ProcessVideoData size:2719 dts:6.089 pts:6.089 dur:41.700ms, clock:-0.081 level:17
2024-11-22 04:20:10.729 T:4053 debug : CVideoPlayer::ProcessVideoData size:2454 dts:6.131 pts:6.131 dur:41.700ms, clock:-0.079 level:17
2024-11-22 04:20:10.732 T:4053 debug : CVideoPlayer::ProcessVideoData size:2541 dts:6.173 pts:6.173 dur:41.700ms, clock:-0.077 level:18
2024-11-22 04:20:10.734 T:4053 debug : CVideoPlayer::ProcessVideoData size:2756 dts:6.215 pts:6.215 dur:41.700ms, clock:-0.074 level:18
2024-11-22 04:20:10.736 T:4053 debug : CVideoPlayer::ProcessVideoData size:2042 dts:6.256 pts:6.256 dur:41.700ms, clock:-0.073 level:19
2024-11-22 04:20:10.737 T:4053 debug : CVideoPlayer::ProcessVideoData size:2128 dts:6.298 pts:6.298 dur:41.700ms, clock:-0.071 level:19
2024-11-22 04:20:10.740 T:4053 debug : CVideoPlayer::ProcessVideoData size:2641 dts:6.340 pts:6.340 dur:41.700ms, clock:-0.069 level:20
2024-11-22 04:20:10.742 T:4053 debug : CVideoPlayer::ProcessVideoData size:2088 dts:6.381 pts:6.381 dur:41.700ms, clock:-0.067 level:20
2024-11-22 04:20:10.743 T:4053 debug : CVideoPlayer::ProcessVideoData size:2725 dts:6.423 pts:6.423 dur:41.700ms, clock:-0.065 level:21
2024-11-22 04:20:10.745 T:4053 debug : CVideoPlayer::ProcessVideoData size:2314 dts:6.465 pts:6.465 dur:41.700ms, clock:-0.064 level:21
2024-11-22 04:20:10.748 T:4053 debug : CVideoPlayer::ProcessVideoData size:2244 dts:6.506 pts:6.506 dur:41.700ms, clock:-0.061 level:22
2024-11-22 04:20:10.749 T:4053 debug : CVideoPlayer::ProcessVideoData size:2663 dts:6.548 pts:6.548 dur:41.700ms, clock:-0.059 level:22
2024-11-22 04:20:10.751 T:4053 debug : CVideoPlayer::ProcessVideoData size:2452 dts:6.590 pts:6.590 dur:41.700ms, clock:-0.058 level:23
2024-11-22 04:20:10.754 T:4053 debug : CVideoPlayer::ProcessVideoData size:2506 dts:6.632 pts:6.632 dur:41.700ms, clock:-0.055 level:23
2024-11-22 04:20:10.755 T:4053 debug : CVideoPlayer::ProcessVideoData size:3030 dts:6.673 pts:6.673 dur:41.700ms, clock:-0.053 level:24
2024-11-22 04:20:10.757 T:4053 debug : CVideoPlayer::ProcessVideoData size:2656 dts:6.715 pts:6.715 dur:41.700ms, clock:-0.052 level:24
2024-11-22 04:20:10.759 T:4053 debug : CVideoPlayer::ProcessVideoData size:2487 dts:6.757 pts:6.757 dur:41.700ms, clock:-0.049 level:25
2024-11-22 04:20:10.761 T:4053 debug : CVideoPlayer::ProcessVideoData size:2694 dts:6.798 pts:6.798 dur:41.700ms, clock:-0.048 level:26
2024-11-22 04:20:10.763 T:4053 debug : CVideoPlayer::ProcessVideoData size:2989 dts:6.840 pts:6.840 dur:41.700ms, clock:-0.046 level:26
2024-11-22 04:20:10.764 T:4053 debug : CVideoPlayer::ProcessVideoData size:1248 dts:6.882 pts:6.882 dur:41.700ms, clock:-0.044 level:27
2024-11-22 04:20:10.767 T:4053 debug : CVideoPlayer::ProcessVideoData size:1943 dts:6.924 pts:6.924 dur:41.700ms, clock:-0.042 level:27
2024-11-22 04:20:10.769 T:4053 debug : CVideoPlayer::ProcessVideoData size:3281 dts:6.965 pts:6.965 dur:41.700ms, clock:-0.039 level:28
2024-11-22 04:20:10.772 T:4053 debug : CVideoPlayer::ProcessVideoData size:59220 dts:7.007 pts:7.007 dur:41.700ms, clock:-0.037 level:28
2024-11-22 04:20:10.774 T:4053 debug : CVideoPlayer::ProcessVideoData size:3387 dts:7.049 pts:7.049 dur:41.700ms, clock:-0.034 level:29
2024-11-22 04:20:10.776 T:4053 debug : CVideoPlayer::ProcessVideoData size:2702 dts:7.090 pts:7.090 dur:41.700ms, clock:-0.033 level:29
2024-11-22 04:20:10.778 T:4053 debug : CVideoPlayer::ProcessVideoData size:2539 dts:7.132 pts:7.132 dur:41.700ms, clock:-0.031 level:30
2024-11-22 04:20:10.780 T:4053 debug : CVideoPlayer::ProcessVideoData size:2568 dts:7.174 pts:7.174 dur:41.700ms, clock:-0.028 level:30
2024-11-22 04:20:10.782 T:4053 debug : CVideoPlayer::ProcessVideoData size:2771 dts:7.216 pts:7.216 dur:41.700ms, clock:-0.027 level:31
2024-11-22 04:20:10.783 T:4053 debug : CVideoPlayer::ProcessVideoData size:2317 dts:7.257 pts:7.257 dur:41.700ms, clock:-0.025 level:31
2024-11-22 04:20:10.786 T:4053 debug : CVideoPlayer::ProcessVideoData size:2030 dts:7.299 pts:7.299 dur:41.700ms, clock:-0.022 level:32
2024-11-22 04:20:10.788 T:4053 debug : CVideoPlayer::ProcessVideoData size:2650 dts:7.341 pts:7.341 dur:41.700ms, clock:-0.021 level:32
2024-11-22 04:20:10.789 T:4053 debug : CVideoPlayer::ProcessVideoData size:2148 dts:7.382 pts:7.382 dur:41.700ms, clock:-0.019 level:33
2024-11-22 04:20:10.791 T:4053 debug : CVideoPlayer::ProcessVideoData size:2792 dts:7.424 pts:7.424 dur:41.700ms, clock:-0.018 level:33
2024-11-22 04:20:10.794 T:4053 debug : CVideoPlayer::ProcessVideoData size:2318 dts:7.466 pts:7.466 dur:41.700ms, clock:-0.015 level:34
2024-11-22 04:20:10.795 T:4053 debug : CVideoPlayer::ProcessVideoData size:2267 dts:7.508 pts:7.508 dur:41.700ms, clock:-0.013 level:34
2024-11-22 04:20:10.797 T:4053 debug : CVideoPlayer::ProcessVideoData size:2691 dts:7.549 pts:7.549 dur:41.700ms, clock:-0.011 level:35
2024-11-22 04:20:10.800 T:4053 debug : CVideoPlayer::ProcessVideoData size:2449 dts:7.591 pts:7.591 dur:41.700ms, clock:-0.009 level:35
2024-11-22 04:20:10.801 T:4053 debug : CVideoPlayer::ProcessVideoData size:2425 dts:7.633 pts:7.633 dur:41.700ms, clock:-0.007 level:36
2024-11-22 04:20:10.803 T:4053 debug : CVideoPlayer::ProcessVideoData size:3031 dts:7.674 pts:7.674 dur:41.700ms, clock:-0.006 level:36
2024-11-22 04:20:10.806 T:4053 debug : CVideoPlayer::ProcessVideoData size:2631 dts:7.716 pts:7.716 dur:41.700ms, clock:-0.003 level:37
2024-11-22 04:20:10.807 T:4053 debug : CVideoPlayer::ProcessVideoData size:2519 dts:7.758 pts:7.758 dur:41.700ms, clock:-0.001 level:38
2024-11-22 04:20:10.809 T:4053 debug : CVideoPlayer::ProcessVideoData size:2646 dts:7.799 pts:7.799 dur:41.700ms, clock:0.000 level:38
2024-11-22 04:20:10.810 T:4053 debug : CVideoPlayer::ProcessVideoData size:3114 dts:7.841 pts:7.841 dur:41.700ms, clock:0.002 level:39
2024-11-22 04:20:10.813 T:4053 debug : CVideoPlayer::ProcessVideoData size:1287 dts:7.883 pts:7.883 dur:41.700ms, clock:0.004 level:39
2024-11-22 04:20:10.815 T:4053 debug : CVideoPlayer::ProcessVideoData size:1933 dts:7.925 pts:7.925 dur:41.700ms, clock:0.006 level:40
2024-11-22 04:20:10.818 T:4053 debug : CVideoPlayer::ProcessVideoData size:3370 dts:7.966 pts:7.966 dur:41.700ms, clock:0.009 level:40
2024-11-22 04:20:10.820 T:4053 debug : CVideoPlayer::ProcessVideoData size:59448 dts:8.008 pts:8.008 dur:41.700ms, clock:0.012 level:41
2024-11-22 04:20:10.822 T:4053 debug : CVideoPlayer::ProcessVideoData size:3597 dts:8.050 pts:8.050 dur:41.700ms, clock:0.014 level:41
2024-11-22 04:20:10.823 T:3827 info : VideoPlayer: OnLostDisplay received
2024-11-22 04:20:10.824 T:3827 debug : aml_set_display_resolution: try to set mode: 2160p24hz
2024-11-22 04:20:10.824 T:4057 debug : CVideoPlayerVideo - CDVDMsg::GENERAL_PAUSE: true
2024-11-22 04:20:11.243 T:3858 debug : CActiveAE - display reset event
2024-11-22 04:20:11.243 T:3827 info : VideoPlayer: OnResetDisplay received
2024-11-22 04:20:11.244 T:3859 info : CActiveAESink::OpenSink - initialize sink
2024-11-22 04:20:11.244 T:3859 debug : CActiveAESink::OpenSink - trying to open device ALSA:hdmi:CARD=AMLAUGESOUND,DEV=0
2024-11-22 04:20:11.244 T:3859 info : CAESinkALSA::Initialize - Configure simple control for "AUGESOUND"
2024-11-22 04:20:11.244 T:3827 info : GLES: Maximum texture width: 8192
2024-11-22 04:20:11.244 T:3859 info : CAESinkALSA - Use card "hw:0" and set codec format "TrueHD"
2024-11-22 04:20:11.244 T:4057 debug : CVideoPlayerVideo - CDVDMsg::GENERAL_PAUSE: false
2024-11-22 04:20:11.244 T:4057 debug : CAMLCodec::AddData: dl:614272 fl:5480576 sz:2493(4096) lv:10.1% dts:4.755 pts:4.755
2024-11-22 04:20:11.245 T:3827 debug : PrepareNextRender: frameOnScreen: 0.017 renderPts: 0.204 nextFramePts: 0.042 -> diff: 0.163 render: 1 forceNext: 0
2024-11-22 04:20:11.245 T:3827 debug : CAMLCodec::ReleaseFrame idx:1, drop:1
2024-11-22 04:20:11.245 T:3859 info : CAESinkALSA - Set Spdif to HDMITX to "Spdif_b"
2024-11-22 04:20:11.245 T:3859 info : CAESinkALSA - Set codec for "Audio spdif_b format"
2024-11-22 04:20:11.245 T:3859 info : CAESinkALSA - Set codec for "Audio spdif format"
2024-11-22 04:20:11.246 T:4057 debug : CAMLCodec::DequeueBuffer: pts:0.667 idx:16
2024-11-22 04:20:11.246 T:4057 debug : CAMLCodec::GetPicture: index: 16, pts: 0.667, dur:41.711ms ar:1.78 elf:668ms
2024-11-22 04:20:11.246 T:3859 info : CAESinkALSA::Initialize - Attempting to open device "hdmi:CARD=AMLAUGESOUND,DEV=0"
2024-11-22 04:20:11.246 T:4057 debug : CVideoPlayerVideo::OutputPicture - ttd:649ms pts:0.667 Clock:0.017 Level:13
2024-11-22 04:20:11.252 T:3859 info : CAESinkALSA::Initialize - Opened device "hdmi:CARD=AMLAUGESOUND,DEV=0,AES0=0x06,AES1=0x82,AES2=0x00,AES3=0x09"
2024-11-22 04:20:11.252 T:3859 debug : CAESinkALSA::InitializeHW - Request: periodSize 4096, bufferSize 16384
2024-11-22 04:20:11.252 T:3827 debug : CAMLCodec::ReleaseFrame idx:2, drop:0
2024-11-22 04:20:11.252 T:3859 debug : CAESinkALSA::InitializeHW - Got: periodSize 4096, bufferSize 16384
2024-11-22 04:20:11.252 T:3859 debug : CAESinkALSA::InitializeHW - Setting timeout to 86 ms
2024-11-22 04:20:11.252 T:3827 debug : CAMLCodec::SetVideoRect:display(0,0,3840,2160)
