2024-11-22 04:20:11.252 T:3827 debug : CAMLCodec::SetVideoRect:gui(0,0,1920,1080)
2024-11-22 04:20:11.252 T:3827 debug : CAMLCodec::SetVideoRect:m_dst_rect(0,0,1920,1080)
2024-11-22 04:20:11.252 T:3827 debug : CAMLCodec::SetVideoRect:dst_rect(0,0,3840,2160)
2024-11-22 04:20:11.252 T:3827 debug : CAMLCodec::SetVideoRect:m_guiStereoMode(0)
2024-11-22 04:20:11.252 T:3827 debug : CAMLCodec::SetVideoRect:m_guiStereoView(0)
2024-11-22 04:20:11.252 T:3859 debug : CAESinkALSA::GetChannelLayout - Input Channel Count: 8 Output Channel Count: 8
2024-11-22 04:20:11.253 T:3859 debug : CAESinkALSA::GetChannelLayout - Requested Layout: RAW, RAW, RAW, RAW, RAW, RAW, RAW, RAW
2024-11-22 04:20:11.253 T:3859 debug : CAESinkALSA::GetChannelLayout - Got Layout: RAW, RAW, RAW, RAW, RAW, RAW, RAW, RAW (ALSA: none)
2024-11-22 04:20:11.253 T:3827 debug : CAMLCodec::PollFrame elapsed:0.011ms
2024-11-22 04:20:11.253 T:4057 debug : CAMLCodec::DequeueBuffer: pts:0.709 idx:17
2024-11-22 04:20:11.253 T:4057 debug : CAMLCodec::GetPicture: index: 17, pts: 0.709, dur:41.700ms ar:1.78 elf:7ms
2024-11-22 04:20:11.253 T:4057 debug : CVideoPlayerVideo::OutputPicture - ttd:684ms pts:0.709 Clock:0.025 Level:14
2024-11-22 04:20:11.253 T:3859 debug : CActiveAESink::OpenSink - ALSA Initialized:
2024-11-22 04:20:11.253 T:3859 debug : Output Device : AML-AUGESOUND
2024-11-22 04:20:11.253 T:3859 debug : Sample Rate : 192000
2024-11-22 04:20:11.254 T:3859 debug : Sample Format : AE_FMT_S16NE
2024-11-22 04:20:11.254 T:3859 debug : Channel Count : 8
2024-11-22 04:20:11.254 T:3859 debug : Channel Layout: RAW, RAW, RAW, RAW, RAW, RAW, RAW, RAW
2024-11-22 04:20:11.254 T:3859 debug : Frames : 4096
2024-11-22 04:20:11.254 T:3859 debug : Frame Size : 16
2024-11-22 04:20:11.255 T:3827 debug : ------ Window Deinit (DialogBusy.xml) ------
2024-11-22 04:20:11.259 T:3827 debug : PrepareNextRender: frameOnScreen: 0.030 renderPts: 0.218 nextFramePts: 0.125 -> diff: 0.093 render: 1 forceNext: 0
2024-11-22 04:20:11.260 T:3858 debug : CActiveAE::ClearDiscardedBuffers - buffer pool deleted
2024-11-22 04:20:11.262 T:3827 info : Skipped 2 duplicate messages..
2024-11-22 04:20:11.262 T:3827 debug : CAMLCodec::ReleaseFrame idx:3, drop:0
2024-11-22 04:20:11.262 T:4058 debug : CVideoPlayerAudio - CDVDMsg::GENERAL_PAUSE: true
2024-11-22 04:20:11.262 T:4058 debug : CVideoPlayerAudio - CDVDMsg::GENERAL_PAUSE: false
2024-11-22 04:20:11.263 T:4057 debug : CAMLCodec::DequeueBuffer: pts:0.751 idx:18
2024-11-22 04:20:11.263 T:4057 debug : CAMLCodec::GetPicture: index: 18, pts: 0.751, dur:41.711ms ar:1.78 elf:9ms
2024-11-22 04:20:11.263 T:4057 debug : CVideoPlayerVideo::OutputPicture - ttd:716ms pts:0.751 Clock:0.034 Level:14
2024-11-22 04:20:11.263 T:4058 info : CVideoPlayerAudio: display reset occurred, checking for passthrough
2024-11-22 04:20:11.263 T:4058 debug : CDVDAudioCodecPassthrough::Open - passthrough output device is IEC
2024-11-22 04:20:11.267 T:3858 debug : ActiveAE::SyncStream - average error of 8.305346, start adjusting
2024-11-22 04:20:11.267 T:3858 debug : ActiveAE::SyncStream - average error 0.305346 below threshold of 30.000000
2024-11-22 04:20:11.276 T:4039 debug : OnAVChange: CApplication::OnAVChange
2024-11-22 04:20:11.276 T:4053 debug : CVideoPlayer::ProcessVideoData size:2711 dts:8.091 pts:8.091 dur:41.700ms, clock:0.048 level:41
2024-11-22 04:20:11.279 T:4053 debug : CVideoPlayer::ProcessVideoData size:2455 dts:8.133 pts:8.133 dur:41.700ms, clock:0.051 level:42
2024-11-22 04:20:11.281 T:4053 debug : CVideoPlayer::ProcessVideoData size:2518 dts:8.175 pts:8.175 dur:41.700ms, clock:0.053 level:42
2024-11-22 04:20:11.283 T:4053 debug : CVideoPlayer::ProcessVideoData size:2754 dts:8.217 pts:8.217 dur:41.700ms, clock:0.054 level:43
2024-11-22 04:20:11.285 T:3827 debug : CAMLCodec::PollFrame elapsed:23.242ms
2024-11-22 04:20:11.286 T:4053 debug : CVideoPlayer::ProcessVideoData size:2299 dts:8.258 pts:8.258 dur:41.700ms, clock:0.057 level:43
2024-11-22 04:20:11.288 T:4053 debug : CVideoPlayer::ProcessVideoData size:2120 dts:8.300 pts:8.300 dur:41.700ms, clock:0.060 level:44
2024-11-22 04:20:11.289 T:3827 debug : PrepareNextRender: frameOnScreen: 0.061 renderPts: 0.249 nextFramePts: 0.167 -> diff: 0.082 render: 1 forceNext: 0
2024-11-22 04:20:11.291 T:4053 debug : CVideoPlayer::ProcessVideoData size:2550 dts:8.342 pts:8.342 dur:41.700ms, clock:0.062 level:44
2024-11-22 04:20:11.293 T:4053 debug : CVideoPlayer::ProcessVideoData size:2103 dts:8.383 pts:8.383 dur:41.700ms, clock:0.065 level:45
2024-11-22 04:20:11.293 T:3827 debug : CAMLCodec::ReleaseFrame idx:4, drop:0
2024-11-22 04:20:11.295 T:4057 debug : CAMLCodec::DequeueBuffer: pts:0.792 idx:19
2024-11-22 04:20:11.295 T:4057 debug : CAMLCodec::GetPicture: index: 19, pts: 0.792, dur:41.711ms ar:1.78 elf:31ms
2024-11-22 04:20:11.295 T:4057 debug : CVideoPlayerVideo::OutputPicture - ttd:725ms pts:0.792 Clock:0.067 Level:14
2024-11-22 04:20:11.296 T:4053 debug : CVideoPlayer::ProcessVideoData size:2739 dts:8.425 pts:8.425 dur:41.700ms, clock:0.068 level:45
2024-11-22 04:20:11.299 T:4053 debug : CVideoPlayer::ProcessVideoData size:2314 dts:8.467 pts:8.467 dur:41.700ms, clock:0.070 level:46
2024-11-22 04:20:11.300 T:4057 debug : CAMLCodec::AddData: dl:610176 fl:5484672 sz:2693(4096) lv:10.0% dts:4.796 pts:4.796
2024-11-22 04:20:11.301 T:4053 debug : CVideoPlayer::ProcessVideoData size:2267 dts:8.509 pts:8.509 dur:41.700ms, clock:0.072 level:46
2024-11-22 04:20:11.303 T:4053 debug : CVideoPlayer::ProcessVideoData size:2665 dts:8.550 pts:8.550 dur:41.700ms, clock:0.075 level:46
2024-11-22 04:20:11.305 T:4053 debug : CVideoPlayer::ProcessVideoData size:2458 dts:8.592 pts:8.592 dur:41.700ms, clock:0.077 level:47
2024-11-22 04:20:11.307 T:4053 debug : CVideoPlayer::ProcessVideoData size:2517 dts:8.634 pts:8.634 dur:41.700ms, clock:0.078 level:47
2024-11-22 04:20:11.310 T:4053 debug : CVideoPlayer::ProcessVideoData size:3030 dts:8.675 pts:8.675 dur:41.700ms, clock:0.081 level:48
2024-11-22 04:20:11.311 T:4053 debug : CVideoPlayer::ProcessVideoData size:2657 dts:8.717 pts:8.717 dur:41.700ms, clock:0.083 level:48
2024-11-22 04:20:11.313 T:4053 debug : CVideoPlayer::ProcessVideoData size:2494 dts:8.759 pts:8.759 dur:41.700ms, clock:0.085 level:49
2024-11-22 04:20:11.314 T:4053 debug : CVideoPlayer::ProcessVideoData size:2680 dts:8.800 pts:8.800 dur:41.700ms, clock:0.086 level:50
2024-11-22 04:20:11.317 T:4053 debug : CVideoPlayer::ProcessVideoData size:2970 dts:8.842 pts:8.842 dur:41.700ms, clock:0.089 level:50
2024-11-22 04:20:11.319 T:4053 debug : CVideoPlayer::ProcessVideoData size:1241 dts:8.884 pts:8.884 dur:41.700ms, clock:0.091 level:51
2024-11-22 04:20:11.321 T:4053 debug : CVideoPlayer::ProcessVideoData size:1950 dts:8.926 pts:8.926 dur:41.700ms, clock:0.093 level:51
2024-11-22 04:20:11.324 T:4053 debug : CVideoPlayer::ProcessVideoData size:3291 dts:8.967 pts:8.967 dur:41.700ms, clock:0.096 level:52
2024-11-22 04:20:11.327 T:3827 debug : CAMLCodec::PollFrame elapsed:33.225ms
2024-11-22 04:20:11.327 T:4053 debug : CVideoPlayer::ProcessVideoData size:59576 dts:9.009 pts:9.009 dur:41.700ms, clock:0.098 level:52
2024-11-22 04:20:11.329 T:4053 debug : CVideoPlayer::ProcessVideoData size:3387 dts:9.051 pts:9.051 dur:41.700ms, clock:0.101 level:53
2024-11-22 04:20:11.330 T:3827 debug : PrepareNextRender: frameOnScreen: 0.101 renderPts: 0.289 nextFramePts: 0.209 -> diff: 0.080 render: 1 forceNext: 0
2024-11-22 04:20:11.331 T:3827 debug : CAMLCodec::ReleaseFrame idx:5, drop:0
2024-11-22 04:20:11.332 T:4053 debug : CVideoPlayer::ProcessVideoData size:2707 dts:9.092 pts:9.092 dur:41.700ms, clock:0.104 level:53
2024-11-22 04:20:11.333 T:4057 debug : CAMLCodec::DequeueBuffer: pts:0.834 idx:20
2024-11-22 04:20:11.333 T:4057 debug : CAMLCodec::GetPicture: index: 20, pts: 0.834, dur:41.711ms ar:1.78 elf:38ms
2024-11-22 04:20:11.333 T:4057 debug : CVideoPlayerVideo::OutputPicture - ttd:729ms pts:0.834 Clock:0.105 Level:14
2024-11-22 04:20:11.333 T:4053 debug : CVideoPlayer::ProcessVideoData size:2535 dts:9.134 pts:9.134 dur:41.700ms, clock:0.105 level:54
2024-11-22 04:20:11.335 T:4057 debug : CAMLCodec::AddData: dl:610176 fl:5484672 sz:3134(4096) lv:10.0% dts:4.838 pts:4.838
2024-11-22 04:20:11.335 T:4053 debug : CVideoPlayer::ProcessVideoData size:2545 dts:9.176 pts:9.176 dur:41.700ms, clock:0.107 level:54
2024-11-22 04:20:11.337 T:4053 debug : CVideoPlayer::ProcessVideoData size:2779 dts:9.218 pts:9.218 dur:41.700ms, clock:0.108 level:54
2024-11-22 04:20:11.339 T:4053 debug : CVideoPlayer::ProcessVideoData size:2272 dts:9.259 pts:9.259 dur:41.700ms, clock:0.111 level:55
2024-11-22 04:20:11.341 T:4053 debug : CVideoPlayer::ProcessVideoData size:2149 dts:9.301 pts:9.301 dur:41.700ms, clock:0.112 level:55
2024-11-22 04:20:11.342 T:4053 debug : CVideoPlayer::ProcessVideoData size:2612 dts:9.343 pts:9.343 dur:41.700ms, clock:0.114 level:56
2024-11-22 04:20:11.345 T:4053 debug : CVideoPlayer::ProcessVideoData size:2105 dts:9.384 pts:9.384 dur:41.700ms, clock:0.117 level:56
2024-11-22 04:20:11.347 T:4053 debug : CVideoPlayer::ProcessVideoData size:2778 dts:9.426 pts:9.426 dur:41.700ms, clock:0.119 level:57
2024-11-22 04:20:11.348 T:4053 debug : CVideoPlayer::ProcessVideoData size:2322 dts:9.468 pts:9.468 dur:41.700ms, clock:0.120 level:57
2024-11-22 04:20:11.351 T:4053 debug : CVideoPlayer::ProcessVideoData size:2262 dts:9.510 pts:9.510 dur:41.700ms, clock:0.123 level:58
2024-11-22 04:20:11.352 T:4053 debug : CVideoPlayer::ProcessVideoData size:2682 dts:9.551 pts:9.551 dur:41.700ms, clock:0.124 level:58
2024-11-22 04:20:11.354 T:4053 debug : CVideoPlayer::ProcessVideoData size:2437 dts:9.593 pts:9.593 dur:41.700ms, clock:0.125 level:59
2024-11-22 04:20:11.356 T:4053 debug : CVideoPlayer::ProcessVideoData size:2429 dts:9.635 pts:9.635 dur:41.700ms, clock:0.128 level:59
2024-11-22 04:20:11.358 T:4053 debug : CVideoPlayer::ProcessVideoData size:3027 dts:9.676 pts:9.676 dur:41.700ms, clock:0.130 level:60
2024-11-22 04:20:11.360 T:4053 debug : CVideoPlayer::ProcessVideoData size:2742 dts:9.718 pts:9.718 dur:41.700ms, clock:0.131 level:60
2024-11-22 04:20:11.361 T:4053 debug : CVideoPlayer::ProcessVideoData size:2511 dts:9.760 pts:9.760 dur:41.700ms, clock:0.133 level:61
2024-11-22 04:20:11.364 T:4053 debug : CVideoPlayer::ProcessVideoData size:2484 dts:9.801 pts:9.801 dur:41.700ms, clock:0.136 level:61
2024-11-22 04:20:11.366 T:4053 debug : CVideoPlayer::ProcessVideoData size:3031 dts:9.843 pts:9.843 dur:41.700ms, clock:0.138 level:62
2024-11-22 04:20:11.367 T:4053 debug : CVideoPlayer::ProcessVideoData size:1295 dts:9.885 pts:9.885 dur:41.700ms, clock:0.139 level:63
2024-11-22 04:20:11.368 T:3827 debug : CAMLCodec::PollFrame elapsed:36.546ms
2024-11-22 04:20:11.371 T:3827 debug : PrepareNextRender: frameOnScreen: 0.143 renderPts: 0.330 nextFramePts: 0.250 -> diff: 0.080 render: 1 forceNext: 0
2024-11-22 04:20:11.371 T:4053 debug : CVideoPlayer::ProcessVideoData size:1933 dts:9.927 pts:9.927 dur:41.700ms, clock:0.143 level:63
2024-11-22 04:20:11.373 T:3827 debug : CAMLCodec::ReleaseFrame idx:6, drop:0
2024-11-22 04:20:11.374 T:4057 debug : CAMLCodec::DequeueBuffer: pts:0.876 idx:21
2024-11-22 04:20:11.374 T:4053 debug : CVideoPlayer::ProcessVideoData size:3376 dts:9.968 pts:9.968 dur:41.700ms, clock:0.146 level:64
2024-11-22 04:20:11.374 T:4057 debug : CAMLCodec::GetPicture: index: 21, pts: 0.876, dur:41.700ms ar:1.78 elf:40ms
2024-11-22 04:20:11.374 T:4057 debug : CVideoPlayerVideo::OutputPicture - ttd:729ms pts:0.876 Clock:0.146 Level:14
2024-11-22 04:20:11.376 T:4057 debug : CAMLCodec::AddData: dl:610176 fl:5484672 sz:1241(4096) lv:10.0% dts:4.880 pts:4.880
2024-11-22 04:20:11.376 T:4053 debug : CVideoPlayer::ProcessVideoData size:59009 dts:10.010 pts:10.010 dur:41.700ms, clock:0.148 level:64
2024-11-22 04:20:11.379 T:4053 debug : CVideoPlayer::ProcessVideoData size:3602 dts:10.052 pts:10.052 dur:41.700ms, clock:0.151 level:64
2024-11-22 04:20:11.381 T:4053 debug : CVideoPlayer::ProcessVideoData size:2699 dts:10.093 pts:10.093 dur:41.700ms, clock:0.152 level:65
2024-11-22 04:20:11.382 T:4053 debug : CVideoPlayer::ProcessVideoData size:2451 dts:10.135 pts:10.135 dur:41.700ms, clock:0.154 level:65
2024-11-22 04:20:11.384 T:4053 debug : CVideoPlayer::ProcessVideoData size:2520 dts:10.177 pts:10.177 dur:41.700ms, clock:0.156 level:66
2024-11-22 04:20:11.387 T:4053 debug : CVideoPlayer::ProcessVideoData size:2755 dts:10.219 pts:10.219 dur:41.700ms, clock:0.158 level:66
2024-11-22 04:20:11.388 T:4053 debug : CVideoPlayer::ProcessVideoData size:2304 dts:10.260 pts:10.260 dur:41.700ms, clock:0.160 level:67
2024-11-22 04:20:11.390 T:4053 debug : CVideoPlayer::ProcessVideoData size:2134 dts:10.302 pts:10.302 dur:41.700ms, clock:0.161 level:67
2024-11-22 04:20:11.392 T:4053 debug : CVideoPlayer::ProcessVideoData size:2635 dts:10.344 pts:10.344 dur:41.700ms, clock:0.164 level:68
2024-11-22 04:20:11.394 T:4053 debug : CVideoPlayer::ProcessVideoData size:2096 dts:10.385 pts:10.385 dur:41.700ms, clock:0.166 level:68
2024-11-22 04:20:11.395 T:4053 debug : CVideoPlayer::ProcessVideoData size:2715 dts:10.427 pts:10.427 dur:41.700ms, clock:0.167 level:69
2024-11-22 04:20:11.398 T:4053 debug : CVideoPlayer::ProcessVideoData size:2317 dts:10.469 pts:10.469 dur:41.700ms, clock:0.170 level:69
2024-11-22 04:20:11.399 T:4053 debug : CVideoPlayer::ProcessVideoData size:2258 dts:10.510 pts:10.510 dur:41.700ms, clock:0.171 level:70
2024-11-22 04:20:11.401 T:4053 debug : CVideoPlayer::ProcessVideoData size:2662 dts:10.552 pts:10.552 dur:41.700ms, clock:0.173 level:70
2024-11-22 04:20:11.403 T:4053 debug : CVideoPlayer::ProcessVideoData size:2464 dts:10.594 pts:10.594 dur:41.700ms, clock:0.175 level:71
2024-11-22 04:20:11.405 T:4053 debug : CVideoPlayer::ProcessVideoData size:2519 dts:10.636 pts:10.636 dur:41.700ms, clock:0.177 level:71
2024-11-22 04:20:11.407 T:4053 debug : CVideoPlayer::ProcessVideoData size:3026 dts:10.677 pts:10.677 dur:41.700ms, clock:0.179 level:72
2024-11-22 04:20:11.409 T:4053 debug : CVideoPlayer::ProcessVideoData size:2662 dts:10.719 pts:10.719 dur:41.700ms, clock:0.180 level:72
2024-11-22 04:20:11.410 T:3827 debug : CAMLCodec::PollFrame elapsed:36.900ms
2024-11-22 04:20:11.412 T:4053 debug : CVideoPlayer::ProcessVideoData size:2484 dts:10.761 pts:10.761 dur:41.700ms, clock:0.184 level:73
2024-11-22 04:20:11.412 T:3827 debug : PrepareNextRender: frameOnScreen: 0.184 renderPts: 0.372 nextFramePts: 0.292 -> diff: 0.080 render: 1 forceNext: 0
2024-11-22 04:20:11.415 T:3827 debug : CAMLCodec::ReleaseFrame idx:7, drop:0
2024-11-22 04:20:11.415 T:4057 debug : CAMLCodec::DequeueBuffer: pts:0.918 idx:22
2024-11-22 04:20:11.415 T:4053 debug : CVideoPlayer::ProcessVideoData size:2696 dts:10.802 pts:10.802 dur:41.700ms, clock:0.187 level:73
2024-11-22 04:20:11.415 T:4057 debug : CAMLCodec::GetPicture: index: 22, pts: 0.918, dur:41.711ms ar:1.78 elf:40ms
2024-11-22 04:20:11.415 T:4057 debug : CVideoPlayerVideo::OutputPicture - ttd:730ms pts:0.918 Clock:0.187 Level:14
2024-11-22 04:20:11.416 T:4053 debug : CVideoPlayer::ProcessVideoData size:3080 dts:10.844 pts:10.844 dur:41.700ms, clock:0.188 level:74
2024-11-22 04:20:11.419 T:4057 debug : CAMLCodec::AddData: dl:610176 fl:5484672 sz:1942(4096) lv:10.0% dts:4.922 pts:4.922
2024-11-22 04:20:11.419 T:4053 debug : CVideoPlayer::ProcessVideoData size:1241 dts:10.886 pts:10.886 dur:41.700ms, clock:0.191 level:74
2024-11-22 04:20:11.420 T:4053 debug : CVideoPlayer::ProcessVideoData size:1942 dts:10.928 pts:10.928 dur:41.700ms, clock:0.192 level:75
2024-11-22 04:20:11.423 T:4053 debug : CVideoPlayer::ProcessVideoData size:3288 dts:10.969 pts:10.969 dur:41.700ms, clock:0.194 level:75
2024-11-22 04:20:11.426 T:4053 debug : CVideoPlayer::ProcessVideoData size:58843 dts:11.011 pts:11.011 dur:41.700ms, clock:0.198 level:76
2024-11-22 04:20:11.428 T:4053 debug : CVideoPlayer::ProcessVideoData size:3255 dts:11.053 pts:11.053 dur:41.700ms, clock:0.200 level:76
2024-11-22 04:20:11.429 T:4053 debug : CVideoPlayer::ProcessVideoData size:2707 dts:11.094 pts:11.094 dur:41.700ms, clock:0.201 level:77
2024-11-22 04:20:11.431 T:4053 debug : CVideoPlayer::ProcessVideoData size:2542 dts:11.136 pts:11.136 dur:41.700ms, clock:0.203 level:77
2024-11-22 04:20:11.434 T:4053 debug : CVideoPlayer::ProcessVideoData size:2532 dts:11.178 pts:11.178 dur:41.700ms, clock:0.205 level:78
2024-11-22 04:20:11.435 T:4053 debug : CVideoPlayer::ProcessVideoData size:2784 dts:11.220 pts:11.220 dur:41.700ms, clock:0.207 level:78
2024-11-22 04:20:11.437 T:4053 debug : CVideoPlayer::ProcessVideoData size:2295 dts:11.261 pts:11.261 dur:41.700ms, clock:0.208 level:79
2024-11-22 04:20:11.440 T:4053 debug : CVideoPlayer::ProcessVideoData size:2155 dts:11.303 pts:11.303 dur:41.700ms, clock:0.211 level:79
2024-11-22 04:20:11.441 T:4053 debug : CVideoPlayer::ProcessVideoData size:2609 dts:11.345 pts:11.345 dur:41.700ms, clock:0.213 level:80
2024-11-22 04:20:11.443 T:4053 debug : CVideoPlayer::ProcessVideoData size:2123 dts:11.386 pts:11.386 dur:41.700ms, clock:0.214 level:80
2024-11-22 04:20:11.445 T:4053 debug : CVideoPlayer::ProcessVideoData size:2605 dts:11.428 pts:11.428 dur:41.700ms, clock:0.217 level:81
2024-11-22 04:20:11.447 T:4053 debug : CVideoPlayer::ProcessVideoData size:2328 dts:11.470 pts:11.470 dur:41.700ms, clock:0.219 level:81
2024-11-22 04:20:11.448 T:4053 debug : CVideoPlayer::ProcessVideoData size:2268 dts:11.512 pts:11.512 dur:41.700ms, clock:0.220 level:82
2024-11-22 04:20:11.450 T:4053 debug : CVideoPlayer::ProcessVideoData size:2673 dts:11.553 pts:11.553 dur:41.700ms, clock:0.222 level:82
2024-11-22 04:20:11.452 T:3827 debug : CAMLCodec::PollFrame elapsed:36.774ms
2024-11-22 04:20:11.454 T:4053 debug : CVideoPlayer::ProcessVideoData size:2441 dts:11.595 pts:11.595 dur:41.700ms, clock:0.225 level:83
2024-11-22 04:20:11.455 T:3827 debug : PrepareNextRender: frameOnScreen: 0.227 renderPts: 0.415 nextFramePts: 0.334 -> diff: 0.081 render: 1 forceNext: 0
2024-11-22 04:20:11.456 T:4053 debug : CVideoPlayer::ProcessVideoData size:2421 dts:11.637 pts:11.637 dur:41.700ms, clock:0.227 level:83
2024-11-22 04:20:11.457 T:3827 debug : CAMLCodec::ReleaseFrame idx:8, drop:0
2024-11-22 04:20:11.457 T:4053 debug : CVideoPlayer::ProcessVideoData size:3026 dts:11.678 pts:11.678 dur:41.700ms, clock:0.229 level:84
2024-11-22 04:20:11.459 T:4057 debug : CAMLCodec::DequeueBuffer: pts:0.959 idx:23
2024-11-22 04:20:11.459 T:4057 debug : CAMLCodec::GetPicture: index: 23, pts: 0.959, dur:41.711ms ar:1.78 elf:43ms
2024-11-22 04:20:11.459 T:4057 debug : CVideoPlayerVideo::OutputPicture - ttd:728ms pts:0.959 Clock:0.230 Level:14
2024-11-22 04:20:11.460 T:4053 debug : CVideoPlayer::ProcessVideoData size:2724 dts:11.720 pts:11.720 dur:41.700ms, clock:0.232 level:84
2024-11-22 04:20:11.462 T:4057 debug : CAMLCodec::AddData: dl:555008 fl:5539840 sz:3292(4096) lv:9.1% dts:4.963 pts:4.963
2024-11-22 04:20:11.462 T:4053 debug : CVideoPlayer::ProcessVideoData size:2508 dts:11.762 pts:11.762 dur:41.700ms, clock:0.234 level:84
2024-11-22 04:20:11.463 T:4053 debug : CVideoPlayer::ProcessVideoData size:2660 dts:11.803 pts:11.803 dur:41.700ms, clock:0.235 level:84
2024-11-22 04:20:11.464 T:4057 debug : CAMLCodec::AddData: dl:614592 fl:5480256 sz:59515(59584) lv:10.1% dts:5.005 pts:5.005
2024-11-22 04:20:11.466 T:4053 debug : CVideoPlayer::ProcessVideoData size:3221 dts:11.845 pts:11.845 dur:41.700ms, clock:0.238 level:85
2024-11-22 04:20:11.467 T:4053 debug : CVideoPlayer::ProcessVideoData size:1288 dts:11.887 pts:11.887 dur:41.700ms, clock:0.239 level:85
2024-11-22 04:20:11.469 T:4053 debug : CVideoPlayer::ProcessVideoData size:1933 dts:11.929 pts:11.929 dur:41.700ms, clock:0.241 level:86
2024-11-22 04:20:11.472 T:4053 debug : CVideoPlayer::ProcessVideoData size:3379 dts:11.970 pts:11.970 dur:41.700ms, clock:0.244 level:87
2024-11-22 04:20:11.475 T:4053 debug : CVideoPlayer::ProcessVideoData size:58964 dts:12.012 pts:12.012 dur:41.700ms, clock:0.246 level:87
2024-11-22 04:20:11.476 T:4053 debug : CVideoPlayer::ProcessVideoData size:3593 dts:12.054 pts:12.054 dur:41.700ms, clock:0.248 level:88
2024-11-22 04:20:11.478 T:4053 debug : CVideoPlayer::ProcessVideoData size:2554 dts:12.095 pts:12.095 dur:41.700ms, clock:0.250 level:88
2024-11-22 04:20:11.481 T:4053 debug : CVideoPlayer::ProcessVideoData size:2442 dts:12.137 pts:12.137 dur:41.700ms, clock:0.252 level:89
2024-11-22 04:20:11.482 T:4053 debug : CVideoPlayer::ProcessVideoData size:2498 dts:12.179 pts:12.179 dur:41.700ms, clock:0.254 level:89
2024-11-22 04:20:11.484 T:4053 debug : CVideoPlayer::ProcessVideoData size:2749 dts:12.221 pts:12.221 dur:41.700ms, clock:0.255 level:90
2024-11-22 04:20:11.487 T:4053 debug : CVideoPlayer::ProcessVideoData size:2292 dts:12.262 pts:12.262 dur:41.700ms, clock:0.258 level:90
2024-11-22 04:20:11.488 T:4053 debug : CVideoPlayer::ProcessVideoData size:2117 dts:12.304 pts:12.304 dur:41.700ms, clock:0.260 level:91
2024-11-22 04:20:11.489 T:4053 debug : CVideoPlayer::ProcessVideoData size:2628 dts:12.346 pts:12.346 dur:41.700ms, clock:0.261 level:91
2024-11-22 04:20:11.492 T:4053 debug : CVideoPlayer::ProcessVideoData size:2112 dts:12.387 pts:12.387 dur:41.700ms, clock:0.264 level:92
2024-11-22 04:20:11.493 T:3827 debug : CAMLCodec::PollFrame elapsed:36.089ms
2024-11-22 04:20:11.495 T:4053 debug : CVideoPlayer::ProcessVideoData size:2643 dts:12.429 pts:12.429 dur:41.700ms, clock:0.267 level:92
2024-11-22 04:20:11.496 T:3827 debug : PrepareNextRender: frameOnScreen: 0.268 renderPts: 0.455 nextFramePts: 0.375 -> diff: 0.080 render: 1 forceNext: 0
2024-11-22 04:20:11.497 T:4053 debug : CVideoPlayer::ProcessVideoData size:2318 dts:12.471 pts:12.471 dur:41.700ms, clock:0.269 level:93
2024-11-22 04:20:11.498 T:3827 debug : CAMLCodec::ReleaseFrame idx:9, drop:0
2024-11-22 04:20:11.498 T:4057 debug : CAMLCodec::DequeueBuffer: pts:1.001 idx:24
2024-11-22 04:20:11.498 T:4057 debug : CAMLCodec::GetPicture: index: 24, pts: 1.001, dur:41.711ms ar:1.78 elf:39ms
2024-11-22 04:20:11.499 T:4057 debug : CVideoPlayerVideo::OutputPicture - ttd:730ms pts:1.001 Clock:0.270 Level:14
2024-11-22 04:20:11.499 T:4053 debug : CVideoPlayer::ProcessVideoData size:1947 dts:12.513 pts:12.513 dur:41.700ms, clock:0.271 level:93
2024-11-22 04:20:11.501 T:4053 debug : CVideoPlayer::ProcessVideoData size:2659 dts:12.554 pts:12.554 dur:41.700ms, clock:0.273 level:94
2024-11-22 04:20:11.503 T:4053 debug : CVideoPlayer::ProcessVideoData size:2455 dts:12.596 pts:12.596 dur:41.700ms, clock:0.275 level:94
2024-11-22 04:20:11.505 T:4053 debug : CVideoPlayer::ProcessVideoData size:2515 dts:12.638 pts:12.638 dur:41.700ms, clock:0.276 level:95
2024-11-22 04:20:11.507 T:4053 debug : CVideoPlayer::ProcessVideoData size:3039 dts:12.679 pts:12.679 dur:41.700ms, clock:0.279 level:95
2024-11-22 04:20:11.509 T:4053 debug : CVideoPlayer::ProcessVideoData size:2675 dts:12.721 pts:12.721 dur:41.700ms, clock:0.281 level:96
2024-11-22 04:20:11.510 T:4053 debug : CVideoPlayer::ProcessVideoData size:2483 dts:12.763 pts:12.763 dur:41.700ms, clock:0.282 level:96
2024-11-22 04:20:11.514 T:4053 debug : CVideoPlayer::ProcessVideoData size:2692 dts:12.804 pts:12.804 dur:41.700ms, clock:0.285 level:97
2024-11-22 04:20:11.515 T:4053 debug : CVideoPlayer::ProcessVideoData size:2669 dts:12.846 pts:12.846 dur:41.700ms, clock:0.287 level:97
2024-11-22 04:20:11.517 T:4053 debug : CVideoPlayer::ProcessVideoData size:1240 dts:12.888 pts:12.888 dur:41.700ms, clock:0.288 level:98
2024-11-22 04:20:11.519 T:4053 debug : CVideoPlayer::ProcessVideoData size:1951 dts:12.930 pts:12.930 dur:41.700ms, clock:0.290 level:99
2024-11-22 04:20:11.522 T:4053 debug : CVideoPlayer::ProcessVideoData size:3288 dts:12.971 pts:12.971 dur:41.700ms, clock:0.293 level:99
2024-11-22 04:20:11.524 T:4053 debug : CVideoPlayer::ProcessVideoData size:59247 dts:13.013 pts:13.013 dur:41.700ms, clock:0.296 level:100
2024-11-22 04:20:11.526 T:4053 debug : CVideoPlayer::ProcessVideoData size:3387 dts:13.055 pts:13.055 dur:41.700ms, clock:0.297 level:100
2024-11-22 04:20:11.528 T:4053 debug : CVideoPlayer::ProcessVideoData size:2702 dts:13.096 pts:13.096 dur:41.700ms, clock:0.300 level:100
2024-11-22 04:20:11.530 T:4053 debug : CVideoPlayer::ProcessVideoData size:2539 dts:13.138 pts:13.138 dur:41.700ms, clock:0.301 level:100
2024-11-22 04:20:11.531 T:4053 debug : CVideoPlayer::ProcessVideoData size:2567 dts:13.180 pts:13.180 dur:41.700ms, clock:0.303 level:100
2024-11-22 04:20:11.535 T:4053 debug : CVideoPlayer::ProcessVideoData size:2784 dts:13.222 pts:13.222 dur:41.700ms, clock:0.306 level:100
2024-11-22 04:20:11.535 T:3827 debug : CAMLCodec::PollFrame elapsed:36.607ms
2024-11-22 04:20:11.536 T:4053 debug : CVideoPlayer::ProcessVideoData size:2286 dts:13.263 pts:13.263 dur:41.700ms, clock:0.308 level:100
2024-11-22 04:20:11.538 T:3827 debug : PrepareNextRender: frameOnScreen: 0.309 renderPts: 0.497 nextFramePts: 0.417 -> diff: 0.080 render: 1 forceNext: 0
2024-11-22 04:20:11.538 T:4053 debug : CVideoPlayer::ProcessVideoData size:2130 dts:13.305 pts:13.305 dur:41.700ms, clock:0.310 level:100
2024-11-22 04:20:11.540 T:3827 debug : CAMLCodec::ReleaseFrame idx:10, drop:0
2024-11-22 04:20:11.540 T:4057 debug : CAMLCodec::DequeueBuffer: pts:1.043 idx:25
2024-11-22 04:20:11.540 T:4057 debug : CAMLCodec::GetPicture: index: 25, pts: 1.043, dur:41.700ms ar:1.78 elf:41ms
2024-11-22 04:20:11.541 T:4057 debug : CVideoPlayerVideo::OutputPicture - ttd:730ms pts:1.043 Clock:0.312 Level:14
2024-11-22 04:20:11.541 T:4053 debug : CVideoPlayer::ProcessVideoData size:2610 dts:13.347 pts:13.347 dur:41.700ms, clock:0.312 level:100
2024-11-22 04:20:11.542 T:4053 debug : CVideoPlayer::ProcessVideoData size:2139 dts:13.388 pts:13.388 dur:41.700ms, clock:0.314 level:100
2024-11-22 04:20:11.544 T:4057 debug : CAMLCodec::AddData: dl:610496 fl:5484352 sz:3387(4096) lv:10.0% dts:5.047 pts:5.047
2024-11-22 04:20:11.544 T:4053 debug : CVideoPlayer::ProcessVideoData size:2642 dts:13.430 pts:13.430 dur:41.700ms, clock:0.316 level:100
2024-11-22 04:20:11.546 T:4053 debug : CVideoPlayer::ProcessVideoData size:2325 dts:13.472 pts:13.472 dur:41.700ms, clock:0.317 level:100
2024-11-22 04:20:11.548 T:4053 debug : CVideoPlayer::ProcessVideoData size:2254 dts:13.514 pts:13.514 dur:41.700ms, clock:0.320 level:100
2024-11-22 04:20:11.550 T:4053 debug : CVideoPlayer::ProcessVideoData size:2678 dts:13.555 pts:13.555 dur:41.700ms, clock:0.322 level:100
2024-11-22 04:20:11.551 T:4053 debug : CVideoPlayer::ProcessVideoData size:2444 dts:13.597 pts:13.597 dur:41.700ms, clock:0.323 level:100
2024-11-22 04:20:11.555 T:4053 debug : CVideoPlayer::ProcessVideoData size:2428 dts:13.639 pts:13.639 dur:41.700ms, clock:0.326 level:100
2024-11-22 04:20:11.556 T:4053 debug : CVideoPlayer::ProcessVideoData size:3025 dts:13.680 pts:13.680 dur:41.700ms, clock:0.328 level:100
2024-11-22 04:20:11.557 T:4053 debug : CVideoPlayer::ProcessVideoData size:2734 dts:13.722 pts:13.722 dur:41.700ms, clock:0.329 level:100
2024-11-22 04:20:11.560 T:4053 debug : CVideoPlayer::ProcessVideoData size:2509 dts:13.764 pts:13.764 dur:41.700ms, clock:0.332 level:100
2024-11-22 04:20:11.562 T:4053 debug : CVideoPlayer::ProcessVideoData size:2659 dts:13.805 pts:13.805 dur:41.700ms, clock:0.333 level:100
2024-11-22 04:20:11.563 T:4053 debug : CVideoPlayer::ProcessVideoData size:3233 dts:13.847 pts:13.847 dur:41.700ms, clock:0.335 level:100
2024-11-22 04:20:11.565 T:4053 debug : CVideoPlayer::ProcessVideoData size:1285 dts:13.889 pts:13.889 dur:41.700ms, clock:0.336 level:100
2024-11-22 04:20:11.567 T:4053 debug : CVideoPlayer::ProcessVideoData size:1933 dts:13.931 pts:13.931 dur:41.700ms, clock:0.339 level:100
2024-11-22 04:20:11.570 T:4053 debug : CVideoPlayer::ProcessVideoData size:3092 dts:13.972 pts:13.972 dur:41.700ms, clock:0.341 level:100
2024-11-22 04:20:11.572 T:4053 debug : CVideoPlayer::ProcessVideoData size:58880 dts:14.014 pts:14.014 dur:41.700ms, clock:0.344 level:100
2024-11-22 04:20:11.575 T:4053 debug : CVideoPlayer::ProcessVideoData size:3593 dts:14.056 pts:14.056 dur:41.700ms, clock:0.346 level:100
2024-11-22 04:20:11.576 T:4053 debug : CVideoPlayer::ProcessVideoData size:2712 dts:14.097 pts:14.097 dur:41.700ms, clock:0.348 level:100
2024-11-22 04:20:11.577 T:3827 debug : CAMLCodec::PollFrame elapsed:36.741ms
2024-11-22 04:20:11.578 T:4053 debug : CVideoPlayer::ProcessVideoData size:2442 dts:14.139 pts:14.139 dur:41.700ms, clock:0.350 level:100
2024-11-22 04:20:11.580 T:3827 debug : PrepareNextRender: frameOnScreen: 0.351 renderPts: 0.539 nextFramePts: 0.459 -> diff: 0.080 render: 1 forceNext: 0
2024-11-22 04:20:11.582 T:3827 debug : CAMLCodec::ReleaseFrame idx:11, drop:0
2024-11-22 04:20:11.582 T:4053 debug : CVideoPlayer::ProcessVideoData size:2288 dts:14.181 pts:14.181 dur:41.700ms, clock:0.353 level:100
2024-11-22 04:20:11.583 T:4057 debug : CAMLCodec::DequeueBuffer: pts:1.084 idx:26
2024-11-22 04:20:11.583 T:4057 debug : CAMLCodec::GetPicture: index: 26, pts: 1.084, dur:41.712ms ar:1.78 elf:42ms
2024-11-22 04:20:11.583 T:4057 debug : CVideoPlayerVideo::OutputPicture - ttd:729ms pts:1.084 Clock:0.355 Level:14
2024-11-22 04:20:11.583 T:4053 debug : CVideoPlayer::ProcessVideoData size:2746 dts:14.223 pts:14.223 dur:41.700ms, clock:0.355 level:100
2024-11-22 04:20:11.585 T:4057 debug : CAMLCodec::AddData: dl:610496 fl:5484352 sz:2712(4096) lv:10.0% dts:5.088 pts:5.088
2024-11-22 04:20:11.585 T:4053 debug : CVideoPlayer::ProcessVideoData size:2269 dts:14.264 pts:14.264 dur:41.700ms, clock:0.357 level:100
2024-11-22 04:20:11.587 T:4053 debug : CVideoPlayer::ProcessVideoData size:2120 dts:14.306 pts:14.306 dur:41.700ms, clock:0.359 level:100
2024-11-22 04:20:11.589 T:4053 debug : CVideoPlayer::ProcessVideoData size:2641 dts:14.348 pts:14.348 dur:41.700ms, clock:0.361 level:100
2024-11-22 04:20:11.591 T:4053 debug : CVideoPlayer::ProcessVideoData size:2106 dts:14.389 pts:14.389 dur:41.700ms, clock:0.363 level:100
2024-11-22 04:20:11.592 T:4053 debug : CVideoPlayer::ProcessVideoData size:2623 dts:14.431 pts:14.431 dur:41.700ms, clock:0.364 level:100
2024-11-22 04:20:11.595 T:4053 debug : CVideoPlayer::ProcessVideoData size:2324 dts:14.473 pts:14.473 dur:41.700ms, clock:0.367 level:100
2024-11-22 04:20:11.597 T:4053 debug : CVideoPlayer::ProcessVideoData size:2269 dts:14.515 pts:14.515 dur:41.700ms, clock:0.368 level:100
2024-11-22 04:20:11.598 T:4053 debug : CVideoPlayer::ProcessVideoData size:2660 dts:14.556 pts:14.556 dur:41.700ms, clock:0.370 level:100
2024-11-22 04:20:11.601 T:4053 debug : CVideoPlayer::ProcessVideoData size:2231 dts:14.598 pts:14.598 dur:41.700ms, clock:0.373 level:100
2024-11-22 04:20:11.603 T:4053 debug : CVideoPlayer::ProcessVideoData size:2511 dts:14.640 pts:14.640 dur:41.700ms, clock:0.374 level:100
2024-11-22 04:20:11.604 T:4053 debug : CVideoPlayer::ProcessVideoData size:3016 dts:14.681 pts:14.681 dur:41.700ms, clock:0.376 level:100
2024-11-22 04:20:11.607 T:4053 debug : CVideoPlayer::ProcessVideoData size:2663 dts:14.723 pts:14.723 dur:41.700ms, clock:0.378 level:100
2024-11-22 04:20:11.608 T:4053 debug : CVideoPlayer::ProcessVideoData size:2487 dts:14.765 pts:14.765 dur:41.700ms, clock:0.380 level:100
2024-11-22 04:20:11.610 T:4053 debug : CVideoPlayer::ProcessVideoData size:2686 dts:14.806 pts:14.806 dur:41.700ms, clock:0.382 level:100
2024-11-22 04:20:11.611 T:4053 debug : CVideoPlayer::ProcessVideoData size:3176 dts:14.848 pts:14.848 dur:41.700ms, clock:0.383 level:100
2024-11-22 04:20:11.614 T:4053 debug : CVideoPlayer::ProcessVideoData size:1241 dts:14.890 pts:14.890 dur:41.700ms, clock:0.386 level:100
2024-11-22 04:20:11.616 T:4053 debug : CVideoPlayer::ProcessVideoData size:1942 dts:14.932 pts:14.932 dur:41.700ms, clock:0.387 level:100
2024-11-22 04:20:11.618 T:4053 debug : CVideoPlayer::ProcessVideoData size:3288 dts:14.973 pts:14.973 dur:41.700ms, clock:0.390 level:100
2024-11-22 04:20:11.618 T:3827 debug : CAMLCodec::PollFrame elapsed:36.486ms
2024-11-22 04:20:11.621 T:3827 debug : PrepareNextRender: frameOnScreen: 0.393 renderPts: 0.581 nextFramePts: 0.500 -> diff: 0.080 render: 1 forceNext: 0
2024-11-22 04:20:11.622 T:4053 debug : CVideoPlayer::ProcessVideoData size:59232 dts:15.015 pts:15.015 dur:41.700ms, clock:0.393 level:100
2024-11-22 04:20:11.623 T:3827 debug : CAMLCodec::ReleaseFrame idx:12, drop:0
2024-11-22 04:20:11.624 T:4053 debug : CVideoPlayer::ProcessVideoData size:3387 dts:15.057 pts:15.057 dur:41.700ms, clock:0.395 level:100
2024-11-22 04:20:11.625 T:4057 debug : CAMLCodec::DequeueBuffer: pts:1.126 idx:27
2024-11-22 04:20:11.625 T:4057 debug : CAMLCodec::GetPicture: index: 27, pts: 1.126, dur:41.711ms ar:1.78 elf:41ms
2024-11-22 04:20:11.625 T:4057 debug : CVideoPlayerVideo::OutputPicture - ttd:729ms pts:1.126 Clock:0.397 Level:14
2024-11-22 04:20:11.625 T:4053 debug : CVideoPlayer::ProcessVideoData size:2702 dts:15.098 pts:15.098 dur:41.700ms, clock:0.397 level:100
2024-11-22 04:20:11.627 T:4057 debug : CAMLCodec::AddData: dl:610496 fl:5484352 sz:2548(4096) lv:10.0% dts:5.130 pts:5.130
2024-11-22 04:20:11.628 T:4053 debug : CVideoPlayer::ProcessVideoData size:2539 dts:15.140 pts:15.140 dur:41.700ms, clock:0.400 level:100
2024-11-22 04:20:11.629 T:4053 debug : CVideoPlayer::ProcessVideoData size:2567 dts:15.182 pts:15.182 dur:41.700ms, clock:0.401 level:100
2024-11-22 04:20:11.631 T:4053 debug : CVideoPlayer::ProcessVideoData size:2537 dts:15.224 pts:15.224 dur:41.700ms, clock:0.403 level:100
2024-11-22 04:20:11.632 T:4053 debug : CVideoPlayer::ProcessVideoData size:2291 dts:15.265 pts:15.265 dur:41.700ms, clock:0.404 level:100
2024-11-22 04:20:11.635 T:4053 debug : CVideoPlayer::ProcessVideoData size:2142 dts:15.307 pts:15.307 dur:41.700ms, clock:0.407 level:100
2024-11-22 04:20:11.637 T:4053 debug : CVideoPlayer::ProcessVideoData size:2608 dts:15.349 pts:15.349 dur:41.700ms, clock:0.409 level:100
2024-11-22 04:20:11.638 T:4053 debug : CVideoPlayer::ProcessVideoData size:2132 dts:15.390 pts:15.390 dur:41.700ms, clock:0.410 level:100
2024-11-22 04:20:11.641 T:4053 debug : CVideoPlayer::ProcessVideoData size:2702 dts:15.432 pts:15.432 dur:41.700ms, clock:0.413 level:100
2024-11-22 04:20:11.643 T:4053 debug : CVideoPlayer::ProcessVideoData size:2326 dts:15.474 pts:15.474 dur:41.700ms, clock:0.414 level:100
2024-11-22 04:20:11.644 T:4053 debug : CVideoPlayer::ProcessVideoData size:2266 dts:15.516 pts:15.516 dur:41.700ms, clock:0.416 level:100
2024-11-22 04:20:11.647 T:4053 debug : CVideoPlayer::ProcessVideoData size:2678 dts:15.557 pts:15.557 dur:41.700ms, clock:0.419 level:100
2024-11-22 04:20:11.649 T:4053 debug : CVideoPlayer::ProcessVideoData size:2448 dts:15.599 pts:15.599 dur:41.700ms, clock:0.420 level:100
2024-11-22 04:20:11.650 T:4053 debug : CVideoPlayer::ProcessVideoData size:2170 dts:15.641 pts:15.641 dur:41.700ms, clock:0.422 level:100
2024-11-22 04:20:11.652 T:4053 debug : CVideoPlayer::ProcessVideoData size:3004 dts:15.682 pts:15.682 dur:41.700ms, clock:0.424 level:100
2024-11-22 04:20:11.654 T:4053 debug : CVideoPlayer::ProcessVideoData size:2728 dts:15.724 pts:15.724 dur:41.700ms, clock:0.426 level:100
2024-11-22 04:20:11.656 T:4053 debug : CVideoPlayer::ProcessVideoData size:2512 dts:15.766 pts:15.766 dur:41.700ms, clock:0.428 level:100
2024-11-22 04:20:11.657 T:4053 debug : CVideoPlayer::ProcessVideoData size:2651 dts:15.807 pts:15.807 dur:41.700ms, clock:0.429 level:100
2024-11-22 04:20:11.660 T:4053 debug : CVideoPlayer::ProcessVideoData size:3234 dts:15.849 pts:15.849 dur:41.700ms, clock:0.432 level:100
2024-11-22 04:20:11.660 T:3827 debug : CAMLCodec::PollFrame elapsed:36.785ms
2024-11-22 04:20:11.662 T:4053 debug : CVideoPlayer::ProcessVideoData size:1285 dts:15.891 pts:15.891 dur:41.700ms, clock:0.434 level:100
2024-11-22 04:20:11.663 T:3827 debug : PrepareNextRender: frameOnScreen: 0.435 renderPts: 0.623 nextFramePts: 0.542 -> diff: 0.081 render: 1 forceNext: 0
2024-11-22 04:20:11.664 T:4053 debug : CVideoPlayer::ProcessVideoData size:1933 dts:15.933 pts:15.933 dur:41.700ms, clock:0.435 level:100
2024-11-22 04:20:11.666 T:3827 debug : CAMLCodec::ReleaseFrame idx:13, drop:0
2024-11-22 04:20:11.666 T:4057 debug : CAMLCodec::DequeueBuffer: pts:1.168 idx:28
2024-11-22 04:20:11.667 T:4057 debug : CAMLCodec::GetPicture: index: 28, pts: 1.168, dur:41.711ms ar:1.78 elf:41ms
2024-11-22 04:20:11.667 T:4057 debug : CVideoPlayerVideo::OutputPicture - ttd:729ms pts:1.168 Clock:0.438 Level:14
2024-11-22 04:20:11.668 T:4053 debug : CVideoPlayer::ProcessVideoData size:3353 dts:15.974 pts:15.974 dur:41.700ms, clock:0.439 level:100
2024-11-22 04:20:11.669 T:4057 debug : CAMLCodec::AddData: dl:610496 fl:5484352 sz:2538(4096) lv:10.0% dts:5.172 pts:5.172
2024-11-22 04:20:11.670 T:4053 debug : CVideoPlayer::ProcessVideoData size:59154 dts:16.016 pts:16.016 dur:41.700ms, clock:0.441 level:100
2024-11-22 04:20:11.671 T:4053 debug : CVideoPlayer::ProcessVideoData size:3593 dts:16.058 pts:16.058 dur:41.700ms, clock:0.443 level:100
2024-11-22 04:20:11.674 T:4053 debug : CVideoPlayer::ProcessVideoData size:2702 dts:16.099 pts:16.099 dur:41.700ms, clock:0.446 level:100
2024-11-22 04:20:11.676 T:4053 debug : CVideoPlayer::ProcessVideoData size:2452 dts:16.141 pts:16.141 dur:41.700ms, clock:0.447 level:100
2024-11-22 04:20:11.677 T:4053 debug : CVideoPlayer::ProcessVideoData size:2535 dts:16.183 pts:16.183 dur:41.700ms, clock:0.449 level:100
2024-11-22 04:20:11.679 T:4053 debug : CVideoPlayer::ProcessVideoData size:2722 dts:16.225 pts:16.225 dur:41.700ms, clock:0.450 level:100
2024-11-22 04:20:11.682 T:4053 debug : CVideoPlayer::ProcessVideoData size:2006 dts:16.266 pts:16.266 dur:41.700ms, clock:0.453 level:100
2024-11-22 04:20:11.683 T:4053 debug : CVideoPlayer::ProcessVideoData size:2113 dts:16.308 pts:16.308 dur:41.700ms, clock:0.455 level:100
2024-11-22 04:20:11.685 T:4053 debug : CVideoPlayer::ProcessVideoData size:2636 dts:16.350 pts:16.350 dur:41.700ms, clock:0.457 level:100
2024-11-22 04:20:11.687 T:4053 debug : CVideoPlayer::ProcessVideoData size:2103 dts:16.391 pts:16.391 dur:41.700ms, clock:0.459 level:100
2024-11-22 04:20:11.689 T:4053 debug : CVideoPlayer::ProcessVideoData size:2626 dts:16.433 pts:16.433 dur:41.700ms, clock:0.461 level:100
2024-11-22 04:20:11.691 T:4053 debug : CVideoPlayer::ProcessVideoData size:2323 dts:16.475 pts:16.475 dur:41.700ms, clock:0.462 level:100
2024-11-22 04:20:11.693 T:4053 debug : CVideoPlayer::ProcessVideoData size:2261 dts:16.517 pts:16.517 dur:41.700ms, clock:0.465 level:100
2024-11-22 04:20:11.695 T:4053 debug : CVideoPlayer::ProcessVideoData size:2648 dts:16.558 pts:16.558 dur:41.700ms, clock:0.467 level:100
2024-11-22 04:20:11.696 T:4053 debug : CVideoPlayer::ProcessVideoData size:2450 dts:16.600 pts:16.600 dur:41.700ms, clock:0.468 level:100
2024-11-22 04:20:11.698 T:4053 debug : CVideoPlayer::ProcessVideoData size:2504 dts:16.642 pts:16.642 dur:41.700ms, clock:0.470 level:100
2024-11-22 04:20:11.701 T:4053 debug : CVideoPlayer::ProcessVideoData size:3029 dts:16.683 pts:16.683 dur:41.700ms, clock:0.472 level:100
2024-11-22 04:20:11.702 T:3827 debug : CAMLCodec::PollFrame elapsed:36.128ms
2024-11-22 04:20:11.703 T:4053 debug : CVideoPlayer::ProcessVideoData size:2655 dts:16.725 pts:16.725 dur:41.700ms, clock:0.475 level:100
2024-11-22 04:20:11.705 T:3827 debug : PrepareNextRender: frameOnScreen: 0.476 renderPts: 0.664 nextFramePts: 0.584 -> diff: 0.080 render: 1 forceNext: 0
2024-11-22 04:20:11.705 T:4053 debug : CVideoPlayer::ProcessVideoData size:2486 dts:16.767 pts:16.767 dur:41.700ms, clock:0.477 level:100
2024-11-22 04:20:11.707 T:3827 debug : CAMLCodec::ReleaseFrame idx:14, drop:0
2024-11-22 04:20:11.707 T:4057 debug : CAMLCodec::DequeueBuffer: pts:1.210 idx:29
2024-11-22 04:20:11.707 T:4057 debug : CAMLCodec::GetPicture: index: 29, pts: 1.210, dur:41.700ms ar:1.78 elf:40ms
2024-11-22 04:20:11.707 T:4057 debug : CVideoPlayerVideo::OutputPicture - ttd:730ms pts:1.210 Clock:0.479 Level:14
2024-11-22 04:20:11.708 T:4053 debug : CVideoPlayer::ProcessVideoData size:2693 dts:16.808 pts:16.808 dur:41.700ms, clock:0.480 level:100
2024-11-22 04:20:11.709 T:4053 debug : CVideoPlayer::ProcessVideoData size:2975 dts:16.850 pts:16.850 dur:41.700ms, clock:0.481 level:100
2024-11-22 04:20:11.710 T:4057 debug : CAMLCodec::AddData: dl:610496 fl:5484352 sz:2557(4096) lv:10.0% dts:5.214 pts:5.214
2024-11-22 04:20:11.711 T:4053 debug : CVideoPlayer::ProcessVideoData size:1248 dts:16.892 pts:16.892 dur:41.700ms, clock:0.482 level:100
2024-11-22 04:20:11.714 T:4053 debug : CVideoPlayer::ProcessVideoData size:1943 dts:16.934 pts:16.934 dur:41.700ms, clock:0.485 level:100
2024-11-22 04:20:11.716 T:4053 debug : CVideoPlayer::ProcessVideoData size:3290 dts:16.975 pts:16.975 dur:41.700ms, clock:0.487 level:100
2024-11-22 04:20:11.718 T:4053 debug : CVideoPlayer::ProcessVideoData size:58930 dts:17.017 pts:17.017 dur:41.700ms, clock:0.490 level:100
2024-11-22 04:20:11.720 T:4053 debug : CVideoPlayer::ProcessVideoData size:3387 dts:17.059 pts:17.059 dur:41.700ms, clock:0.492 level:100
2024-11-22 04:20:11.722 T:4053 debug : CVideoPlayer::ProcessVideoData size:2702 dts:17.100 pts:17.100 dur:41.700ms, clock:0.494 level:100
2024-11-22 04:20:11.723 T:4053 debug : CVideoPlayer::ProcessVideoData size:2539 dts:17.142 pts:17.142 dur:41.700ms, clock:0.495 level:100
2024-11-22 04:20:11.725 T:4053 debug : CVideoPlayer::ProcessVideoData size:2559 dts:17.184 pts:17.184 dur:41.700ms, clock:0.497 level:100
2024-11-22 04:20:11.728 T:4053 debug : CVideoPlayer::ProcessVideoData size:2766 dts:17.226 pts:17.226 dur:41.700ms, clock:0.500 level:100
2024-11-22 04:20:11.730 T:4053 debug : CVideoPlayer::ProcessVideoData size:2310 dts:17.267 pts:17.267 dur:41.700ms, clock:0.501 level:100
2024-11-22 04:20:11.731 T:4053 debug : CVideoPlayer::ProcessVideoData size:1902 dts:17.309 pts:17.309 dur:41.700ms, clock:0.503 level:100
2024-11-22 04:20:11.734 T:4053 debug : CVideoPlayer::ProcessVideoData size:2656 dts:17.351 pts:17.351 dur:41.700ms, clock:0.505 level:100
2024-11-22 04:20:11.735 T:4053 debug : CVideoPlayer::ProcessVideoData size:2122 dts:17.392 pts:17.392 dur:41.700ms, clock:0.507 level:100
2024-11-22 04:20:11.737 T:4053 debug : CVideoPlayer::ProcessVideoData size:2601 dts:17.434 pts:17.434 dur:41.700ms, clock:0.509 level:100
2024-11-22 04:20:11.740 T:4053 debug : CVideoPlayer::ProcessVideoData size:2323 dts:17.476 pts:17.476 dur:41.700ms, clock:0.511 level:100
2024-11-22 04:20:11.741 T:4053 debug : CVideoPlayer::ProcessVideoData size:2288 dts:17.518 pts:17.518 dur:41.700ms, clock:0.513 level:100
2024-11-22 04:20:11.743 T:4053 debug : CVideoPlayer::ProcessVideoData size:2683 dts:17.559 pts:17.559 dur:41.700ms, clock:0.514 level:100
2024-11-22 04:20:11.744 T:3827 debug : CAMLCodec::PollFrame elapsed:36.610ms
2024-11-22 04:20:11.745 T:4053 debug : CVideoPlayer::ProcessVideoData size:2416 dts:17.601 pts:17.601 dur:41.700ms, clock:0.517 level:100
2024-11-22 04:20:11.746 T:3827 debug : PrepareNextRender: frameOnScreen: 0.518 renderPts: 0.706 nextFramePts: 0.626 -> diff: 0.080 render: 1 forceNext: 0
2024-11-22 04:20:11.749 T:3827 debug : CAMLCodec::ReleaseFrame idx:15, drop:0
2024-11-22 04:20:11.749 T:4053 debug : CVideoPlayer::ProcessVideoData size:2430 dts:17.643 pts:17.643 dur:41.700ms, clock:0.521 level:100
2024-11-22 04:20:11.750 T:4057 debug : CAMLCodec::DequeueBuffer: pts:1.251 idx:30
2024-11-22 04:20:11.750 T:4057 debug : CAMLCodec::GetPicture: index: 30, pts: 1.251, dur:41.711ms ar:1.78 elf:42ms
2024-11-22 04:20:11.750 T:4057 debug : CVideoPlayerVideo::OutputPicture - ttd:729ms pts:1.251 Clock:0.522 Level:14
2024-11-22 04:20:11.750 T:4053 debug : CVideoPlayer::ProcessVideoData size:3030 dts:17.684 pts:17.684 dur:41.700ms, clock:0.522 level:100
2024-11-22 04:20:11.752 T:4053 debug : CVideoPlayer::ProcessVideoData size:2635 dts:17.726 pts:17.726 dur:41.700ms, clock:0.524 level:100
2024-11-22 04:20:11.753 T:4057 debug : CAMLCodec::AddData: dl:610496 fl:5484352 sz:2302(4096) lv:10.0% dts:5.255 pts:5.255
2024-11-22 04:20:11.755 T:4053 debug : CVideoPlayer::ProcessVideoData size:2534 dts:17.768 pts:17.768 dur:41.700ms, clock:0.526 level:100
2024-11-22 04:20:11.756 T:4053 debug : CVideoPlayer::ProcessVideoData size:2664 dts:17.809 pts:17.809 dur:41.700ms, clock:0.528 level:100
2024-11-22 04:20:11.758 T:4053 debug : CVideoPlayer::ProcessVideoData size:3212 dts:17.851 pts:17.851 dur:41.700ms, clock:0.530 level:100
2024-11-22 04:20:11.761 T:4053 debug : CVideoPlayer::ProcessVideoData size:1285 dts:17.893 pts:17.893 dur:41.700ms, clock:0.532 level:100
2024-11-22 04:20:11.762 T:4053 debug : CVideoPlayer::ProcessVideoData size:1933 dts:17.935 pts:17.935 dur:41.700ms, clock:0.534 level:100
2024-11-22 04:20:11.764 T:4053 debug : CVideoPlayer::ProcessVideoData size:3379 dts:17.976 pts:17.976 dur:41.700ms, clock:0.536 level:100
2024-11-22 04:20:11.767 T:4053 debug : CVideoPlayer::ProcessVideoData size:59174 dts:18.018 pts:18.018 dur:41.700ms, clock:0.539 level:100
2024-11-22 04:20:11.770 T:4053 debug : CVideoPlayer::ProcessVideoData size:3593 dts:18.060 pts:18.060 dur:41.700ms, clock:0.541 level:100
2024-11-22 04:20:11.771 T:4053 debug : CVideoPlayer::ProcessVideoData size:2703 dts:18.101 pts:18.101 dur:41.700ms, clock:0.543 level:100
2024-11-22 04:20:11.773 T:4053 debug : CVideoPlayer::ProcessVideoData size:2446 dts:18.143 pts:18.143 dur:41.700ms, clock:0.544 level:100
2024-11-22 04:20:11.776 T:4053 debug : CVideoPlayer::ProcessVideoData size:2545 dts:18.185 pts:18.185 dur:41.700ms, clock:0.547 level:100
2024-11-22 04:20:11.777 T:4053 debug : CVideoPlayer::ProcessVideoData size:2753 dts:18.227 pts:18.227 dur:41.700ms, clock:0.549 level:100
2024-11-22 04:20:11.779 T:4053 debug : CVideoPlayer::ProcessVideoData size:2265 dts:18.268 pts:18.268 dur:41.700ms, clock:0.551 level:100
2024-11-22 04:20:11.781 T:4053 debug : CVideoPlayer::ProcessVideoData size:2125 dts:18.310 pts:18.310 dur:41.700ms, clock:0.553 level:100
2024-11-22 04:20:11.783 T:4053 debug : CVideoPlayer::ProcessVideoData size:2502 dts:18.352 pts:18.352 dur:41.700ms, clock:0.555 level:100
2024-11-22 04:20:11.785 T:4053 debug : CVideoPlayer::ProcessVideoData size:2145 dts:18.393 pts:18.393 dur:41.700ms, clock:0.556 level:100
2024-11-22 04:20:11.785 T:3827 debug : CAMLCodec::PollFrame elapsed:36.452ms
2024-11-22 04:20:11.788 T:4053 debug : CVideoPlayer::ProcessVideoData size:2716 dts:18.435 pts:18.435 dur:41.700ms, clock:0.560 level:100
2024-11-22 04:20:11.789 T:3827 debug : PrepareNextRender: frameOnScreen: 0.561 renderPts: 0.748 nextFramePts: 0.667 -> diff: 0.081 render: 1 forceNext: 0
2024-11-22 04:20:11.790 T:4053 debug : CVideoPlayer::ProcessVideoData size:2321 dts:18.477 pts:18.477 dur:41.700ms, clock:0.562 level:100
2024-11-22 04:20:11.791 T:3827 debug : CAMLCodec::ReleaseFrame idx:16, drop:0
2024-11-22 04:20:11.792 T:4057 debug : CAMLCodec::DequeueBuffer: pts:1.293 idx:31
2024-11-22 04:20:11.792 T:4057 debug : CAMLCodec::GetPicture: index: 31, pts: 1.293, dur:41.711ms ar:1.78 elf:41ms
2024-11-22 04:20:11.792 T:4057 debug : CVideoPlayerVideo::OutputPicture - ttd:729ms pts:1.293 Clock:0.564 Level:14
2024-11-22 04:20:11.792 T:4053 debug : CVideoPlayer::ProcessVideoData size:2278 dts:18.519 pts:18.519 dur:41.700ms, clock:0.564 level:100
2024-11-22 04:20:11.793 T:4057 debug : CAMLCodec::AddData: dl:610496 fl:5484352 sz:2163(4096) lv:10.0% dts:5.297 pts:5.297
2024-11-22 04:20:11.794 T:4053 debug : CVideoPlayer::ProcessVideoData size:2649 dts:18.560 pts:18.560 dur:41.700ms, clock:0.565 level:100
2024-11-22 04:20:11.797 T:4053 debug : CVideoPlayer::ProcessVideoData size:2459 dts:18.602 pts:18.602 dur:41.700ms, clock:0.568 level:100
2024-11-22 04:20:11.798 T:4053 debug : CVideoPlayer::ProcessVideoData size:2530 dts:18.644 pts:18.644 dur:41.700ms, clock:0.570 level:100
2024-11-22 04:20:11.800 T:4053 debug : CVideoPlayer::ProcessVideoData size:3026 dts:18.685 pts:18.685 dur:41.700ms, clock:0.571 level:100
2024-11-22 04:20:11.802 T:4053 debug : CVideoPlayer::ProcessVideoData size:2644 dts:18.727 pts:18.727 dur:41.700ms, clock:0.574 level:100
2024-11-22 04:20:11.804 T:4053 debug : CVideoPlayer::ProcessVideoData size:2326 dts:18.769 pts:18.769 dur:41.700ms, clock:0.575 level:100
2024-11-22 04:20:11.806 T:4053 debug : CVideoPlayer::ProcessVideoData size:2667 dts:18.810 pts:18.810 dur:41.700ms, clock:0.577 level:100
2024-11-22 04:20:11.808 T:4053 debug : CVideoPlayer::ProcessVideoData size:3049 dts:18.852 pts:18.852 dur:41.700ms, clock:0.580 level:100
2024-11-22 04:20:11.810 T:4053 debug : CVideoPlayer::ProcessVideoData size:1241 dts:18.894 pts:18.894 dur:41.700ms, clock:0.582 level:100
2024-11-22 04:20:11.811 T:4053 debug : CVideoPlayer::ProcessVideoData size:1942 dts:18.936 pts:18.936 dur:41.700ms, clock:0.583 level:100
2024-11-22 04:20:11.815 T:4053 debug : CVideoPlayer::ProcessVideoData size:3291 dts:18.977 pts:18.977 dur:41.700ms, clock:0.587 level:100
2024-11-22 04:20:11.817 T:4053 debug : CVideoPlayer::ProcessVideoData size:59284 dts:19.019 pts:19.019 dur:41.700ms, clock:0.589 level:100
2024-11-22 04:20:11.819 T:4053 debug : CVideoPlayer::ProcessVideoData size:3387 dts:19.061 pts:19.061 dur:41.700ms, clock:0.590 level:100
2024-11-22 04:20:11.820 T:4053 debug : CVideoPlayer::ProcessVideoData size:2707 dts:19.102 pts:19.102 dur:41.700ms, clock:0.592 level:100
2024-11-22 04:20:11.823 T:4053 debug : CVideoPlayer::ProcessVideoData size:2535 dts:19.144 pts:19.144 dur:41.700ms, clock:0.595 level:100
2024-11-22 04:20:11.824 T:4053 debug : CVideoPlayer::ProcessVideoData size:2545 dts:19.186 pts:19.186 dur:41.700ms, clock:0.596 level:100
2024-11-22 04:20:11.826 T:4053 debug : CVideoPlayer::ProcessVideoData size:2795 dts:19.228 pts:19.228 dur:41.700ms, clock:0.598 level:100
2024-11-22 04:20:11.827 T:3827 debug : CAMLCodec::PollFrame elapsed:35.669ms
2024-11-22 04:20:11.830 T:3827 debug : PrepareNextRender: frameOnScreen: 0.601 renderPts: 0.789 nextFramePts: 0.709 -> diff: 0.080 render: 1 forceNext: 0
